2025-04-22 09:37:18.992 69791 INFO tempest.lib.common.rest_client [req-1466fc50-dcf0-4b3c-97e3-3a35e2576bd5 req-1466fc50-dcf0-4b3c-97e3-3a35e2576bd5 ] Request (DeleteServersAdminTestJSON:tearDownClass): 200 GET http://10.180.1.21:9696/networking/v2.0/security-groups?tenant_id=a472fde29bd7497c83080704394f150b&name=default 0.371s
2025-04-22 09:37:19.036 69847 INFO tempest.lib.common.rest_client [req-57532645-6554-4418-b0a8-cec6e16e224a req-57532645-6554-4418-b0a8-cec6e16e224a ] Request (ServersTestBootFromVolume:setUpClass): 200 GET http://10.180.1.21/compute/v2.1/servers/8bea34ef-0caf-4cdb-a689-dd747d9b52ea 0.432s
2025-04-22 09:37:19.061 69853 INFO tempest.lib.common.rest_client [req-44cb597e-44f8-4c66-bbd3-4352b4cfc410 req-44cb597e-44f8-4c66-bbd3-4352b4cfc410 ] Request (ServerDiagnosticsV248Test:tearDownClass): 200 GET http://10.180.1.21/compute/v2.1/servers/b87cac84-ea70-428b-872e-4f6145e36b39 0.393s
2025-04-22 09:37:19.120 69791 INFO tempest.lib.common.rest_client [req-ce2d10ab-68e6-4681-92a6-f23d89d5ee52 req-ce2d10ab-68e6-4681-92a6-f23d89d5ee52 ] Request (DeleteServersAdminTestJSON:tearDownClass): 204 DELETE http://10.180.1.21:9696/networking/v2.0/security-groups/0a5d2bff-cfec-4b34-8524-b550c02eca38 0.127s
2025-04-22 09:37:19.135 69819 INFO tempest.lib.common.rest_client [req-9d7f776f-a473-4c61-aeb3-1361d18a77e6 req-9d7f776f-a473-4c61-aeb3-1361d18a77e6 ] Request (ServersAdminTestJSON:test_create_server_with_scheduling_hint): 200 GET http://10.180.1.21/compute/v2.1/servers/d1e5e08d-b41a-4655-997d-91fbd3581f00 0.417s
2025-04-22 09:37:19.195 69831 INFO tempest.lib.common.rest_client [req-1cf7067d-42e0-4038-bf77-c0e4af86372c req-1cf7067d-42e0-4038-bf77-c0e4af86372c ] Request (ServerDiskConfigTestJSON:test_rebuild_server_with_manual_disk_config): 200 GET http://10.180.1.21/compute/v2.1/servers/ed12921f-9be8-474d-958e-79dd16b8116e 0.496s
2025-04-22 09:37:19.206 69833 INFO tempest.lib.common.rest_client [req-2150690b-9179-4706-b20f-87565134526f req-2150690b-9179-4706-b20f-87565134526f ] Request (ServerActionsTestJSON:setUpClass): 200 GET http://10.180.1.21/compute/v2.1/servers/baf27027-678d-4167-bb9b-df410aeb0e82 0.452s
2025-04-22 09:37:19.220 69791 INFO tempest.lib.common.rest_client [req-63357eda-fa5b-47ec-bc3c-80e37b822af5 req-63357eda-fa5b-47ec-bc3c-80e37b822af5 ] Request (DeleteServersAdminTestJSON:tearDownClass): 204 DELETE http://10.180.1.21/identity/v3/projects/a472fde29bd7497c83080704394f150b 0.099s
2025-04-22 09:37:19.220 69791 INFO tempest.lib.common.dynamic_creds [-] Deleting project and security group for project: a4238057618546babe78b7b37966652e
2025-04-22 09:37:19.247 69791 INFO tempest.lib.common.rest_client [req-0500df33-ced0-42c0-8827-762d24e8a9d9 req-0500df33-ced0-42c0-8827-762d24e8a9d9 ] Request (DeleteServersAdminTestJSON:tearDownClass): 200 GET http://10.180.1.21:9696/networking/v2.0/security-groups?tenant_id=a4238057618546babe78b7b37966652e&name=default 0.027s
2025-04-22 09:37:19.260 69835 INFO tempest.lib.common.rest_client [req-9a96294d-bf07-47c6-9ce1-4c0348540df3 req-9a96294d-bf07-47c6-9ce1-4c0348540df3 ] Request (ListServersNegativeTestJSON:setUpClass): 200 GET http://10.180.1.21/compute/v2.1/servers/daef2117-0d9f-4c9e-99e7-1e8a65aa1f22 0.466s
2025-04-22 09:37:19.265 69813 INFO tempest.lib.common.rest_client [req-1f1dec0f-3f24-4078-845b-6e2cc5b76e6d req-1f1dec0f-3f24-4078-845b-6e2cc5b76e6d ] Request (SecurityGroupsTestJSON:test_server_security_groups): 200 GET http://10.180.1.21/compute/v2.1/servers/df73dd41-7455-4482-abb2-b61b26fcf403 0.458s
2025-04-22 09:37:19.306 69811 INFO tempest.lib.common.rest_client [req-7dc4f015-a709-4838-a214-70fe5c276e6f req-7dc4f015-a709-4838-a214-70fe5c276e6f ] Request (ImagesTestJSON:test_create_image_from_stopped_server): 200 GET http://10.180.1.21/compute/v2.1/images/63f82912-4988-46a0-a481-1ebf5f9703db 0.469s
2025-04-22 09:37:19.348 69843 INFO tempest.lib.common.rest_client [req-99ecc2da-737f-4364-82a5-4bcea355ecdf req-99ecc2da-737f-4364-82a5-4bcea355ecdf ] Request (DeleteServersTestJSON:test_delete_active_server): 200 GET http://10.180.1.21/compute/v2.1/servers/fa2ca135-3cd2-411e-b1fc-35b93a97e75d 0.428s
2025-04-22 09:37:19.364 69791 INFO tempest.lib.common.rest_client [req-f6b275bb-757e-444a-8efd-38c41cf2239c req-f6b275bb-757e-444a-8efd-38c41cf2239c ] Request (DeleteServersAdminTestJSON:tearDownClass): 204 DELETE http://10.180.1.21:9696/networking/v2.0/security-groups/605bf232-0fab-4540-a959-d8fb92606eb3 0.116s
2025-04-22 09:37:19.387 69805 INFO tempest.lib.common.rest_client [req-add4008d-fdff-4996-9aaa-58cbe46af61b req-add4008d-fdff-4996-9aaa-58cbe46af61b ] Request (ImagesOneServerNegativeTestJSON:_run_cleanups): 200 GET http://10.180.1.21/compute/v2.1/servers/a75d7a92-4ac7-4fa0-90f0-f0a0993e881e 0.439s
2025-04-22 09:37:19.441 69827 INFO tempest.lib.common.rest_client [req-6cc44482-c1fd-45cb-88c5-1d303b374485 req-6cc44482-c1fd-45cb-88c5-1d303b374485 ] Request (FloatingIPsAssociationNegativeTestJSON:tearDownClass): 200 GET http://10.180.1.21/compute/v2.1/servers/8f65d893-d2e2-452f-8870-f72ec036f16a 0.449s
2025-04-22 09:37:19.470 69817 INFO tempest.lib.common.rest_client [req-4e8ff419-4379-4971-b683-a21e96bfeda8 req-4e8ff419-4379-4971-b683-a21e96bfeda8 ] Request (AttachInterfacesUnderV243Test:test_add_remove_fixed_ip): 200 GET http://10.180.1.21/compute/v2.1/servers/00ba5cd8-3516-4059-bcda-c2d01e165e07 0.428s
2025-04-22 09:37:19.493 69791 INFO tempest.lib.common.rest_client [req-791b9b48-2fd9-4d4b-b7c8-4f2ff994e1ac req-791b9b48-2fd9-4d4b-b7c8-4f2ff994e1ac ] Request (DeleteServersAdminTestJSON:tearDownClass): 204 DELETE http://10.180.1.21/identity/v3/projects/a4238057618546babe78b7b37966652e 0.128s
2025-04-22 09:37:19.517 69797 INFO tempest.lib.common.rest_client [req-6896c735-7fa7-4a9a-ab46-64d84db77479 req-6896c735-7fa7-4a9a-ab46-64d84db77479 ] Request (ListImageFiltersTestJSON:setUpClass): 200 GET http://10.180.1.21/compute/v2.1/servers/b71882d4-537d-4a90-b43d-f8ac4ca0d90c 0.301s
2025-04-22 09:37:19.539 69829 INFO tempest.lib.common.rest_client [req-adbce924-2505-4b97-b35d-43b5c15a8ffa req-adbce924-2505-4b97-b35d-43b5c15a8ffa ] Request (ServersTestMultiNic:test_verify_duplicate_network_nics): 200 GET http://10.180.1.21/compute/v2.1/servers/2dd98ffd-b0e6-4447-9c82-57713dc37abd 0.206s
2025-04-22 09:37:19.582 69791 INFO tempest.lib.common.rest_client [req-4b416b07-b947-4cf2-9935-5add721cc0f0 req-4b416b07-b947-4cf2-9935-5add721cc0f0 ] Request (HypervisorAdminUnderV252Test:setUpClass): 201 POST http://10.180.1.21/identity/v3/auth/tokens 0.088s
2025-04-22 09:37:19.598 69803 INFO tempest.lib.common.rest_client [req-b82ee914-2510-431c-94cf-16cb23bc1b2d req-b82ee914-2510-431c-94cf-16cb23bc1b2d ] Request (FloatingIPsAssociationTestJSON:setUpClass): 200 GET http://10.180.1.21/compute/v2.1/servers/b41845c6-46bd-4b3b-ab26-d7d2dad08f84 0.188s
2025-04-22 09:37:19.625 69849 INFO tempest.lib.common.rest_client [req-a4555900-b15e-4502-a477-e4815d09e1be req-a4555900-b15e-4502-a477-e4815d09e1be ] Request (MultipleCreateTestJSON:_run_cleanups): 200 GET http://10.180.1.21/compute/v2.1/servers/c078753c-48a6-490b-8d7d-b0832eced25e 0.113s
2025-04-22 09:37:19.631 69791 INFO tempest.lib.common.rest_client [req-35b7018f-ea34-4fab-b23b-b6d160a96e85 req-35b7018f-ea34-4fab-b23b-b6d160a96e85 ] Request (HypervisorAdminUnderV252Test:setUpClass): 201 POST http://10.180.1.21/identity/v3/auth/tokens 0.041s
2025-04-22 09:37:19.658 69791 INFO tempest.lib.common.rest_client [req-3b12f2cc-46c6-4b1a-a9b3-826bcae8a95d req-3b12f2cc-46c6-4b1a-a9b3-826bcae8a95d ] Request (HypervisorAdminUnderV252Test:setUpClass): 200 GET http://10.180.1.21/identity/v3/domains?name=Default 0.027s
2025-04-22 09:37:19.691 69791 INFO tempest.lib.common.rest_client [req-faed259c-24ab-405b-9ff4-fdf9cb6d3ed9 req-faed259c-24ab-405b-9ff4-fdf9cb6d3ed9 ] Request (HypervisorAdminUnderV252Test:setUpClass): 201 POST http://10.180.1.21/identity/v3/projects 0.032s
2025-04-22 09:37:19.719 69851 INFO tempest.lib.common.rest_client [req-40aafbd7-3e2e-4e36-85c0-34046b999a01 req-40aafbd7-3e2e-4e36-85c0-34046b999a01 ] Request (VolumesAssistedSnapshotsTest:tearDownClass): 200 GET http://10.180.1.21/compute/v2.1/servers/9cfd8425-c1aa-4dbc-afa4-3a5aa10428de 0.106s
2025-04-22 09:37:19.768 69791 INFO tempest.lib.common.rest_client [req-6a74952a-7597-46b4-a5c5-38028cc13da5 req-6a74952a-7597-46b4-a5c5-38028cc13da5 ] Request (HypervisorAdminUnderV252Test:setUpClass): 201 POST http://10.180.1.21/identity/v3/users 0.076s
2025-04-22 09:37:19.775 69793 INFO tempest.lib.common.rest_client [req-aef67b44-5afb-4363-93cd-42667b469414 req-aef67b44-5afb-4363-93cd-42667b469414 ] Request (ImagesOneServerTestJSON:test_create_delete_image): 200 GET http://10.180.1.21/compute/v2.1/images/f52d9638-ce86-4665-bd57-e2ffd4d5d09f 0.118s
2025-04-22 09:37:19.802 69791 INFO tempest.lib.common.rest_client [req-6fe49085-5960-41f2-bed3-d08b98350990 req-6fe49085-5960-41f2-bed3-d08b98350990 ] Request (HypervisorAdminUnderV252Test:setUpClass): 200 GET http://10.180.1.21/identity/v3/roles 0.034s
2025-04-22 09:37:19.804 69799 INFO tempest.lib.common.rest_client [req-813ae0cc-3a61-4b7d-a7cb-86f2fd353aa2 req-813ae0cc-3a61-4b7d-a7cb-86f2fd353aa2 ] Request (InstanceActionsNegativeTestJSON:setUpClass): 200 GET http://10.180.1.21/compute/v2.1/servers/6f530b86-2ed1-41db-929c-8a5dd61d931a 0.209s
2025-04-22 09:37:19.827 69837 INFO tempest.lib.common.rest_client [req-ec4ecb8f-5f8a-4748-befd-9db690479b96 req-ec4ecb8f-5f8a-4748-befd-9db690479b96 ] Request (ServersAdminNegativeTestJSON:tearDownClass): 404 GET http://10.180.1.21/compute/v2.1/servers/c3db35f4-f43d-464c-9556-18a90866ee6a 0.038s
2025-04-22 09:37:19.834 69791 INFO tempest.lib.common.rest_client [req-f6a3dcb1-903c-49b4-ba8b-6091905638be req-f6a3dcb1-903c-49b4-ba8b-6091905638be ] Request (HypervisorAdminUnderV252Test:setUpClass): 204 PUT http://10.180.1.21/identity/v3/projects/69a80b32a4374dc4b3f5139ee81b485c/users/e2a96492d26f419d9f320cbc651e6dc9/roles/eae3a6f181ff45c0aca302fff38d4c8d 0.030s
2025-04-22 09:37:19.834 69791 INFO tempest.lib.common.dynamic_creds [-] Dynamic test user e2a96492d26f419d9f320cbc651e6dc9 is created with scope project and roles: ['member']
2025-04-22 09:37:19.834 69791 INFO tempest.lib.common.dynamic_creds [-] Acquired dynamic creds: credentials: Credentials: {'domain_id': 'default', 'domain_name': 'Default', 'username': 'tempest-HypervisorAdminUnderV252Test-1028608067-project-member', 'project_domain_id': 'default', 'project_domain_name': 'Default', 'project_id': '69a80b32a4374dc4b3f5139ee81b485c', 'project_name': 'tempest-HypervisorAdminUnderV252Test-1028608067', 'tenant_id': '69a80b32a4374dc4b3f5139ee81b485c', 'tenant_name': 'tempest-HypervisorAdminUnderV252Test-1028608067', 'user_domain_id': 'default', 'user_domain_name': 'Default', 'user_id': 'e2a96492d26f419d9f320cbc651e6dc9', 'system': None}, Network: None, Subnet: None, Router: None
2025-04-22 09:37:19.834 69791 INFO tempest.lib.common.dynamic_creds [-] Created isolated network resources for: credentials: Credentials: {'domain_id': 'default', 'domain_name': 'Default', 'username': 'tempest-HypervisorAdminUnderV252Test-1028608067-project-member', 'project_domain_id': 'default', 'project_domain_name': 'Default', 'project_id': '69a80b32a4374dc4b3f5139ee81b485c', 'project_name': 'tempest-HypervisorAdminUnderV252Test-1028608067', 'tenant_id': '69a80b32a4374dc4b3f5139ee81b485c', 'tenant_name': 'tempest-HypervisorAdminUnderV252Test-1028608067', 'user_domain_id': 'default', 'user_domain_name': 'Default', 'user_id': 'e2a96492d26f419d9f320cbc651e6dc9', 'system': None}, Network: None, Subnet: None, Router: None
2025-04-22 09:37:19.874 69809 INFO tempest.lib.common.rest_client [req-519b6aa8-f98a-4ef5-bf64-acabdc66a51b req-519b6aa8-f98a-4ef5-bf64-acabdc66a51b ] Request (ServersAdmin275Test:tearDownClass): 200 GET http://10.180.1.21/compute/v2.1/servers/3149cd80-503c-42e4-ac91-54aababe84e3 0.171s
2025-04-22 09:37:19.935 69791 INFO tempest.lib.common.rest_client [req-84f1ce16-5a16-44d0-8293-6ab6b6bd70b1 req-84f1ce16-5a16-44d0-8293-6ab6b6bd70b1 ] Request (HypervisorAdminUnderV252Test:setUpClass): 201 POST http://10.180.1.21/identity/v3/auth/tokens 0.096s
2025-04-22 09:37:19.947 69837 INFO tempest.lib.common.rest_client [req-15e26f90-c824-4012-83e0-4cb19ebff559 req-15e26f90-c824-4012-83e0-4cb19ebff559 ] Request (ServersAdminNegativeTestJSON:tearDownClass): 204 DELETE http://10.180.1.21/compute/v2.1/servers/4465f156-09cc-4eba-90e4-be76f3010363 0.119s
2025-04-22 09:37:19.977 69821 INFO tempest.lib.common.rest_client [req-93a07ad2-c803-4509-8332-1773d3c12da3 req-93a07ad2-c803-4509-8332-1773d3c12da3 ] Request (AttachInterfacesV270Test:tearDownClass): 200 GET http://10.180.1.21/compute/v2.1/servers/e48e2cc1-7d60-457f-8f1c-649f0dda8cdb 0.089s
2025-04-22 09:37:20.030 69791 INFO tempest.lib.common.rest_client [req-25374b40-d906-4125-934f-41c2be62ecf4 req-25374b40-d906-4125-934f-41c2be62ecf4 ] Request (HypervisorAdminUnderV252Test:setUpClass): 201 POST http://10.180.1.21/identity/v3/projects 0.094s
2025-04-22 09:37:20.061 69823 INFO paramiko.transport [-] Connected (version 2.0, client dropbear_2020.81)
2025-04-22 09:37:20.066 69807 INFO tempest.lib.common.rest_client [req-cdd4fad7-f075-4f46-9004-3b2610aa704d req-cdd4fad7-f075-4f46-9004-3b2610aa704d ] Request (MigrationsAdminTest:test_list_migrations_in_flavor_resize_situation): 200 GET http://10.180.1.21/compute/v2.1/servers/4b3b53d1-82bf-40e7-9988-af7b51e9883a 0.095s
2025-04-22 09:37:20.114 69791 INFO tempest.lib.common.rest_client [req-6fae59c7-fe28-4ba5-a044-f082249d42bb req-6fae59c7-fe28-4ba5-a044-f082249d42bb ] Request (HypervisorAdminUnderV252Test:setUpClass): 201 POST http://10.180.1.21/identity/v3/users 0.083s
2025-04-22 09:37:20.130 69823 INFO paramiko.transport [-] Authentication (publickey) successful!
2025-04-22 09:37:20.131 69823 INFO tempest.lib.common.ssh [-] ssh connection to cirros@10.180.180.243 successfully created
2025-04-22 09:37:20.140 69801 INFO tempest.lib.common.rest_client [req-141efa04-302b-41f5-a2bc-f3724e3162d3 req-141efa04-302b-41f5-a2bc-f3724e3162d3 ] Request (ServersTestManualDisk:tearDownClass): 200 GET http://10.180.1.21/compute/v2.1/servers/b255f4d7-b177-4d6c-8a28-dcb5a179c1c0 0.155s
2025-04-22 09:37:20.148 69791 INFO tempest.lib.common.rest_client [req-681fb308-d47d-4004-9b41-b80e8d51e5f4 req-681fb308-d47d-4004-9b41-b80e8d51e5f4 ] Request (HypervisorAdminUnderV252Test:setUpClass): 200 GET http://10.180.1.21/identity/v3/roles 0.033s
2025-04-22 09:37:20.182 69791 INFO tempest.lib.common.rest_client [req-caf217ed-5b9e-41f0-b56b-30bd43b0f3a0 req-caf217ed-5b9e-41f0-b56b-30bd43b0f3a0 ] Request (HypervisorAdminUnderV252Test:setUpClass): 204 PUT http://10.180.1.21/identity/v3/projects/faa23c28f41f490cbe88aeef5575d5a1/users/52b5e1b39b4649498e4935c72fd96ac2/roles/d4590339a43d4584ad30877f18e75ac0 0.034s
2025-04-22 09:37:20.213 69837 INFO tempest.lib.common.rest_client [req-17009851-9e52-4ad2-9cfa-4a74646acccc req-17009851-9e52-4ad2-9cfa-4a74646acccc ] Request (ServersAdminNegativeTestJSON:tearDownClass): 200 GET http://10.180.1.21/compute/v2.1/servers/4465f156-09cc-4eba-90e4-be76f3010363 0.266s
2025-04-22 09:37:20.220 69847 INFO tempest.lib.common.rest_client [req-6d73d13b-1f37-461a-814c-5613fb441784 req-6d73d13b-1f37-461a-814c-5613fb441784 ] Request (ServersTestBootFromVolume:setUpClass): 200 GET http://10.180.1.21/compute/v2.1/servers/8bea34ef-0caf-4cdb-a689-dd747d9b52ea 0.170s
2025-04-22 09:37:20.247 69791 INFO tempest.lib.common.rest_client [req-e9c51420-1980-471d-9d18-ac9fd292f5c8 req-e9c51420-1980-471d-9d18-ac9fd292f5c8 ] Request (HypervisorAdminUnderV252Test:setUpClass): 200 GET http://10.180.1.21/identity/v3/roles 0.064s
2025-04-22 09:37:20.270 69791 INFO tempest.lib.common.rest_client [req-b2d077b9-8007-4e1d-bcc9-c54b516baf8a req-b2d077b9-8007-4e1d-bcc9-c54b516baf8a ] Request (HypervisorAdminUnderV252Test:setUpClass): 204 PUT http://10.180.1.21/identity/v3/projects/faa23c28f41f490cbe88aeef5575d5a1/users/52b5e1b39b4649498e4935c72fd96ac2/roles/d4590339a43d4584ad30877f18e75ac0 0.022s
2025-04-22 09:37:20.271 69791 INFO tempest.lib.common.dynamic_creds [-] Dynamic test user 52b5e1b39b4649498e4935c72fd96ac2 is created with scope project and roles: ['admin']
2025-04-22 09:37:20.271 69791 INFO tempest.lib.common.dynamic_creds [-] Acquired dynamic creds: credentials: Credentials: {'domain_id': 'default', 'domain_name': 'Default', 'username': 'tempest-HypervisorAdminUnderV252Test-2108491057-project-admin', 'project_domain_id': 'default', 'project_domain_name': 'Default', 'project_id': 'faa23c28f41f490cbe88aeef5575d5a1', 'project_name': 'tempest-HypervisorAdminUnderV252Test-2108491057', 'tenant_id': 'faa23c28f41f490cbe88aeef5575d5a1', 'tenant_name': 'tempest-HypervisorAdminUnderV252Test-2108491057', 'user_domain_id': 'default', 'user_domain_name': 'Default', 'user_id': '52b5e1b39b4649498e4935c72fd96ac2', 'system': None}, Network: None, Subnet: None, Router: None
2025-04-22 09:37:20.271 69791 INFO tempest.lib.common.dynamic_creds [-] Created isolated network resources for: credentials: Credentials: {'domain_id': 'default', 'domain_name': 'Default', 'username': 'tempest-HypervisorAdminUnderV252Test-2108491057-project-admin', 'project_domain_id': 'default', 'project_domain_name': 'Default', 'project_id': 'faa23c28f41f490cbe88aeef5575d5a1', 'project_name': 'tempest-HypervisorAdminUnderV252Test-2108491057', 'tenant_id': 'faa23c28f41f490cbe88aeef5575d5a1', 'tenant_name': 'tempest-HypervisorAdminUnderV252Test-2108491057', 'user_domain_id': 'default', 'user_domain_name': 'Default', 'user_id': '52b5e1b39b4649498e4935c72fd96ac2', 'system': None}, Network: None, Subnet: None, Router: None
2025-04-22 09:37:20.299 69823 INFO tempest.lib.common.rest_client [req-59bb992b-74a6-4c1e-9518-5655e0d8b4ad req-59bb992b-74a6-4c1e-9518-5655e0d8b4ad ] Request (VolumesAdminNegativeTest:test_update_attached_volume_with_nonexistent_volume_in_body): 202 POST http://10.180.1.21/volume/v3/volumes 0.168s
2025-04-22 09:37:20.300 69819 INFO tempest.lib.common.rest_client [req-16af90b2-8da1-42d7-acb1-f0eec3a5c6c4 req-16af90b2-8da1-42d7-acb1-f0eec3a5c6c4 ] Request (ServersAdminTestJSON:test_create_server_with_scheduling_hint): 200 GET http://10.180.1.21/compute/v2.1/servers/d1e5e08d-b41a-4655-997d-91fbd3581f00 0.154s
2025-04-22 09:37:20.316 69853 INFO tempest.lib.common.rest_client [req-ce6e1772-a592-4651-bfa8-e60570f699f0 req-ce6e1772-a592-4651-bfa8-e60570f699f0 ] Request (ServerDiagnosticsV248Test:tearDownClass): 200 GET http://10.180.1.21/compute/v2.1/servers/b87cac84-ea70-428b-872e-4f6145e36b39 0.241s
2025-04-22 09:37:20.342 69823 INFO tempest.lib.common.rest_client [req-64943c25-4a14-486e-bef8-c5fe6b6ae2cd req-64943c25-4a14-486e-bef8-c5fe6b6ae2cd ] Request (VolumesAdminNegativeTest:test_update_attached_volume_with_nonexistent_volume_in_body): 200 GET http://10.180.1.21/volume/v3/volumes/9dabd7ab-c858-4db7-b661-6e72ec39b32a 0.033s
2025-04-22 09:37:20.362 69791 INFO tempest.lib.common.rest_client [req-8c3aa051-7910-4e87-9eb3-c1c997f8c8b2 req-8c3aa051-7910-4e87-9eb3-c1c997f8c8b2 ] Request (HypervisorAdminUnderV252Test:setUpClass): 201 POST http://10.180.1.21/identity/v3/auth/tokens 0.088s
2025-04-22 09:37:20.374 69833 INFO tempest.lib.common.rest_client [req-bb9381dd-a270-443e-879a-c16eb968a70e req-bb9381dd-a270-443e-879a-c16eb968a70e ] Request (ServerActionsTestJSON:setUpClass): 200 GET http://10.180.1.21/compute/v2.1/servers/baf27027-678d-4167-bb9b-df410aeb0e82 0.160s
2025-04-22 09:37:20.410 69831 INFO tempest.lib.common.rest_client [req-1f0e6b60-aaec-41af-894d-f8030ecea48d req-1f0e6b60-aaec-41af-894d-f8030ecea48d ] Request (ServerDiskConfigTestJSON:test_rebuild_server_with_manual_disk_config): 200 GET http://10.180.1.21/compute/v2.1/servers/ed12921f-9be8-474d-958e-79dd16b8116e 0.206s
2025-04-22 09:37:20.429 69835 INFO tempest.lib.common.rest_client [req-85e8aaeb-27d7-40e0-aacc-108f0b5cf30b req-85e8aaeb-27d7-40e0-aacc-108f0b5cf30b ] Request (ListServersNegativeTestJSON:setUpClass): 200 GET http://10.180.1.21/compute/v2.1/servers/daef2117-0d9f-4c9e-99e7-1e8a65aa1f22 0.160s
2025-04-22 09:37:20.465 69813 INFO tempest.lib.common.rest_client [req-05fe7cfd-7544-4627-b06d-cce74c4ec243 req-05fe7cfd-7544-4627-b06d-cce74c4ec243 ] Request (SecurityGroupsTestJSON:test_server_security_groups): 200 GET http://10.180.1.21/compute/v2.1/servers/df73dd41-7455-4482-abb2-b61b26fcf403 0.187s
2025-04-22 09:37:20.481 69811 INFO tempest.lib.common.rest_client [req-b3bff3e8-c043-48ca-8cd9-1831399df1d1 req-b3bff3e8-c043-48ca-8cd9-1831399df1d1 ] Request (ImagesTestJSON:test_create_image_from_stopped_server): 200 GET http://10.180.1.21/compute/v2.1/images/63f82912-4988-46a0-a481-1ebf5f9703db 0.169s
2025-04-22 09:37:20.529 69843 INFO tempest.lib.common.rest_client [req-55e06d82-7338-4eb2-8993-2f8897ae05dd req-55e06d82-7338-4eb2-8993-2f8897ae05dd ] Request (DeleteServersTestJSON:test_delete_active_server): 200 GET http://10.180.1.21/compute/v2.1/servers/fa2ca135-3cd2-411e-b1fc-35b93a97e75d 0.169s
2025-04-22 09:37:20.573 69791 INFO tempest.lib.common.rest_client [req-2cb37777-666c-4130-b138-0cc4e65715a2 req-2cb37777-666c-4130-b138-0cc4e65715a2 ] Request (HypervisorAdminUnderV252Test:test_get_hypervisor_show_servers): 200 GET http://10.180.1.21/compute/v2.1/os-hypervisors 0.209s
2025-04-22 09:37:20.580 69805 INFO tempest.lib.common.rest_client [req-c845fce8-16c1-4e94-86ff-97444ea26f82 req-c845fce8-16c1-4e94-86ff-97444ea26f82 ] Request (ImagesOneServerNegativeTestJSON:_run_cleanups): 200 GET http://10.180.1.21/compute/v2.1/servers/a75d7a92-4ac7-4fa0-90f0-f0a0993e881e 0.184s
2025-04-22 09:37:20.640 69817 INFO tempest.lib.common.rest_client [req-a3165389-28d7-4c1f-a718-6a9c4805c8b0 req-a3165389-28d7-4c1f-a718-6a9c4805c8b0 ] Request (AttachInterfacesUnderV243Test:test_add_remove_fixed_ip): 200 GET http://10.180.1.21/compute/v2.1/servers/00ba5cd8-3516-4059-bcda-c2d01e165e07 0.161s
2025-04-22 09:37:20.647 69827 INFO tempest.lib.common.rest_client [req-3c686406-6f04-41a8-bd45-6986e349dfa1 req-3c686406-6f04-41a8-bd45-6986e349dfa1 ] Request (FloatingIPsAssociationNegativeTestJSON:tearDownClass): 200 GET http://10.180.1.21/compute/v2.1/servers/8f65d893-d2e2-452f-8870-f72ec036f16a 0.190s
2025-04-22 09:37:20.691 69797 INFO tempest.lib.common.rest_client [req-a6c46031-e94a-4e58-a210-37471487a88e req-a6c46031-e94a-4e58-a210-37471487a88e ] Request (ListImageFiltersTestJSON:setUpClass): 200 GET http://10.180.1.21/compute/v2.1/servers/b71882d4-537d-4a90-b43d-f8ac4ca0d90c 0.164s
2025-04-22 09:37:20.699 69829 INFO tempest.lib.common.rest_client [req-1d2e3608-ed87-404a-aa75-c19c1626e8f3 req-1d2e3608-ed87-404a-aa75-c19c1626e8f3 ] Request (ServersTestMultiNic:test_verify_duplicate_network_nics): 200 GET http://10.180.1.21/compute/v2.1/servers/2dd98ffd-b0e6-4447-9c82-57713dc37abd 0.147s
2025-04-22 09:37:20.745 69791 INFO tempest.lib.common.rest_client [req-bd73a3d1-a6a6-486f-9531-4c7c773ef42e req-bd73a3d1-a6a6-486f-9531-4c7c773ef42e ] Request (HypervisorAdminUnderV252Test:test_get_hypervisor_show_servers): 200 GET http://10.180.1.21/compute/v2.1/os-hypervisors/domain-c8.fc996f14-c53b-4953-92e3-bdfa48f5cc28/servers 0.171s
2025-04-22 09:37:20.750 69803 INFO tempest.lib.common.rest_client [req-8a53fbc1-7cab-43dd-9a39-3cb6a5f1e5dd req-8a53fbc1-7cab-43dd-9a39-3cb6a5f1e5dd ] Request (FloatingIPsAssociationTestJSON:setUpClass): 200 GET http://10.180.1.21/compute/v2.1/servers/b41845c6-46bd-4b3b-ab26-d7d2dad08f84 0.143s
2025-04-22 09:37:20.799 69849 INFO tempest.lib.common.rest_client [req-e866d27b-30f2-4a90-a920-314cdb90b9a4 req-e866d27b-30f2-4a90-a920-314cdb90b9a4 ] Request (MultipleCreateTestJSON:_run_cleanups): 200 GET http://10.180.1.21/compute/v2.1/servers/c078753c-48a6-490b-8d7d-b0832eced25e 0.165s
2025-04-22 09:37:20.814 69851 INFO tempest.lib.common.rest_client [req-18ebe2bb-58f3-4ad0-8b15-05251e68a9eb req-18ebe2bb-58f3-4ad0-8b15-05251e68a9eb ] Request (VolumesAssistedSnapshotsTest:tearDownClass): 200 GET http://10.180.1.21/compute/v2.1/servers/9cfd8425-c1aa-4dbc-afa4-3a5aa10428de 0.079s
2025-04-22 09:37:20.817 69791 INFO tempest.lib.common.rest_client [req-e05ef895-9380-4976-87eb-81cf05537131 req-e05ef895-9380-4976-87eb-81cf05537131 ] Request (HypervisorAdminUnderV252Test:test_search_hypervisor): 200 GET http://10.180.1.21/compute/v2.1/os-hypervisors 0.068s
2025-04-22 09:37:20.842 69793 INFO tempest.lib.common.rest_client [req-be9bd404-e2fd-4006-9f2d-18c8b39568b4 req-be9bd404-e2fd-4006-9f2d-18c8b39568b4 ] Request (ImagesOneServerTestJSON:test_create_delete_image): 200 GET http://10.180.1.21/compute/v2.1/images/f52d9638-ce86-4665-bd57-e2ffd4d5d09f 0.060s
2025-04-22 09:37:20.861 69791 INFO tempest.lib.common.rest_client [req-57a84bdf-1794-489e-bae5-34463325dae8 req-57a84bdf-1794-489e-bae5-34463325dae8 ] Request (HypervisorAdminUnderV252Test:test_search_hypervisor): 200 GET http://10.180.1.21/compute/v2.1/os-hypervisors/domain-c8.fc996f14-c53b-4953-92e3-bdfa48f5cc28/search 0.041s
2025-04-22 09:37:20.914 69799 INFO tempest.lib.common.rest_client [req-0d253c03-b603-4a38-b1d2-6e315cfff7b2 req-0d253c03-b603-4a38-b1d2-6e315cfff7b2 ] Request (InstanceActionsNegativeTestJSON:setUpClass): 200 GET http://10.180.1.21/compute/v2.1/servers/6f530b86-2ed1-41db-929c-8a5dd61d931a 0.102s
2025-04-22 09:37:20.953 69809 INFO tempest.lib.common.rest_client [req-79c0973f-bee3-4b37-b636-595c505254f1 req-79c0973f-bee3-4b37-b636-595c505254f1 ] Request (ServersAdmin275Test:tearDownClass): 200 GET http://10.180.1.21/compute/v2.1/servers/3149cd80-503c-42e4-ac91-54aababe84e3 0.063s
2025-04-22 09:37:20.963 69791 INFO tempest.lib.common.rest_client [req-ea34d0d0-af42-4635-a246-f8d6a975f460 req-ea34d0d0-af42-4635-a246-f8d6a975f460 ] Request (HypervisorAdminUnderV252Test:tearDownClass): 204 DELETE http://10.180.1.21/identity/v3/users/e2a96492d26f419d9f320cbc651e6dc9 0.099s
2025-04-22 09:37:21.047 69791 INFO tempest.lib.common.rest_client [req-6ad199b8-a519-4bd9-8b46-12adeff8dceb req-6ad199b8-a519-4bd9-8b46-12adeff8dceb ] Request (HypervisorAdminUnderV252Test:tearDownClass): 204 DELETE http://10.180.1.21/identity/v3/users/52b5e1b39b4649498e4935c72fd96ac2 0.083s
2025-04-22 09:37:21.047 69791 INFO tempest.lib.common.dynamic_creds [-] Deleting project and security group for project: 69a80b32a4374dc4b3f5139ee81b485c
2025-04-22 09:37:21.053 69821 INFO tempest.lib.common.rest_client [req-cac926a9-0955-46f0-aec5-5f7a5c8495e0 req-cac926a9-0955-46f0-aec5-5f7a5c8495e0 ] Request (AttachInterfacesV270Test:tearDownClass): 200 GET http://10.180.1.21/compute/v2.1/servers/e48e2cc1-7d60-457f-8f1c-649f0dda8cdb 0.064s
2025-04-22 09:37:21.062 69821 INFO tempest.common.waiters [-] State transition "ACTIVE/deleting" ==> "DELETED/None" after 4 second wait
2025-04-22 09:37:21.116 69791 INFO tempest.lib.common.rest_client [req-3952a4a3-f7da-41c2-941d-da3220b806e0 req-3952a4a3-f7da-41c2-941d-da3220b806e0 ] Request (HypervisorAdminUnderV252Test:tearDownClass): 201 POST http://10.180.1.21/identity/v3/auth/tokens 0.068s
2025-04-22 09:37:21.299 69791 INFO tempest.lib.common.rest_client [req-2abaaf4a-18fa-4cb7-a0df-2b4e9b8ae596 req-2abaaf4a-18fa-4cb7-a0df-2b4e9b8ae596 ] Request (HypervisorAdminUnderV252Test:tearDownClass): 200 GET http://10.180.1.21:9696/networking/v2.0/security-groups?tenant_id=69a80b32a4374dc4b3f5139ee81b485c&name=default 0.183s
2025-04-22 09:37:21.375 69807 INFO tempest.lib.common.rest_client [req-27a7101a-eb5e-49bf-bd64-8c91af712451 req-27a7101a-eb5e-49bf-bd64-8c91af712451 ] Request (MigrationsAdminTest:test_list_migrations_in_flavor_resize_situation): 200 GET http://10.180.1.21/compute/v2.1/servers/4b3b53d1-82bf-40e7-9988-af7b51e9883a 0.301s
2025-04-22 09:37:21.389 69801 INFO tempest.lib.common.rest_client [req-a9e62b48-6e80-44f0-8ecd-4dd69c948e8e req-a9e62b48-6e80-44f0-8ecd-4dd69c948e8e ] Request (ServersTestManualDisk:tearDownClass): 200 GET http://10.180.1.21/compute/v2.1/servers/b255f4d7-b177-4d6c-8a28-dcb5a179c1c0 0.236s
2025-04-22 09:37:21.394 69823 INFO tempest.lib.common.rest_client [req-ead7787b-484f-449c-bd21-eb179f88a54a req-ead7787b-484f-449c-bd21-eb179f88a54a ] Request (VolumesAdminNegativeTest:test_update_attached_volume_with_nonexistent_volume_in_body): 200 GET http://10.180.1.21/volume/v3/volumes/9dabd7ab-c858-4db7-b661-6e72ec39b32a 0.041s
2025-04-22 09:37:21.402 69823 INFO tempest.common.waiters [-] volume 9dabd7ab-c858-4db7-b661-6e72ec39b32a reached available after waiting for 1.402652 seconds
2025-04-22 09:37:21.412 69791 INFO tempest.lib.common.rest_client [req-095517be-9c0d-4290-ab3c-5103c9eccc4d req-095517be-9c0d-4290-ab3c-5103c9eccc4d ] Request (HypervisorAdminUnderV252Test:tearDownClass): 204 DELETE http://10.180.1.21:9696/networking/v2.0/security-groups/568bf0a4-2f44-45a3-b3ae-c37e81f83a1e 0.112s
2025-04-22 09:37:21.448 69847 INFO tempest.lib.common.rest_client [req-ce5c39a3-da47-420f-8315-ea4ecd00252b req-ce5c39a3-da47-420f-8315-ea4ecd00252b ] Request (ServersTestBootFromVolume:setUpClass): 200 GET http://10.180.1.21/compute/v2.1/servers/8bea34ef-0caf-4cdb-a689-dd747d9b52ea 0.216s
2025-04-22 09:37:21.488 69791 INFO tempest.lib.common.rest_client [req-6459765f-2574-480e-8352-f166b9071abf req-6459765f-2574-480e-8352-f166b9071abf ] Request (HypervisorAdminUnderV252Test:tearDownClass): 204 DELETE http://10.180.1.21/identity/v3/projects/69a80b32a4374dc4b3f5139ee81b485c 0.075s
2025-04-22 09:37:21.488 69791 INFO tempest.lib.common.dynamic_creds [-] Deleting project and security group for project: faa23c28f41f490cbe88aeef5575d5a1
2025-04-22 09:37:21.496 69837 INFO tempest.lib.common.rest_client [req-a791c08f-eecb-4158-92f1-bba30d23ab9b req-a791c08f-eecb-4158-92f1-bba30d23ab9b ] Request (ServersAdminNegativeTestJSON:tearDownClass): 200 GET http://10.180.1.21/compute/v2.1/servers/4465f156-09cc-4eba-90e4-be76f3010363 0.263s
2025-04-22 09:37:21.503 69819 INFO tempest.lib.common.rest_client [req-e25fa5cc-28d4-4e26-a9dc-0882f4af0fdf req-e25fa5cc-28d4-4e26-a9dc-0882f4af0fdf ] Request (ServersAdminTestJSON:test_create_server_with_scheduling_hint): 200 GET http://10.180.1.21/compute/v2.1/servers/d1e5e08d-b41a-4655-997d-91fbd3581f00 0.195s
2025-04-22 09:37:21.556 69833 INFO tempest.lib.common.rest_client [req-6386f818-4361-48a1-a73d-6cf17028c52a req-6386f818-4361-48a1-a73d-6cf17028c52a ] Request (ServerActionsTestJSON:setUpClass): 200 GET http://10.180.1.21/compute/v2.1/servers/baf27027-678d-4167-bb9b-df410aeb0e82 0.173s
2025-04-22 09:37:21.568 69853 INFO tempest.lib.common.rest_client [req-5a0f88ca-9dd2-42ce-bdbd-83b25e3ba7c3 req-5a0f88ca-9dd2-42ce-bdbd-83b25e3ba7c3 ] Request (ServerDiagnosticsV248Test:tearDownClass): 200 GET http://10.180.1.21/compute/v2.1/servers/b87cac84-ea70-428b-872e-4f6145e36b39 0.238s
2025-04-22 09:37:21.586 69791 INFO tempest.lib.common.rest_client [req-e993bb28-4dbf-4684-93e4-b49fde1a5c6b req-e993bb28-4dbf-4684-93e4-b49fde1a5c6b ] Request (HypervisorAdminUnderV252Test:tearDownClass): 200 GET http://10.180.1.21:9696/networking/v2.0/security-groups?tenant_id=faa23c28f41f490cbe88aeef5575d5a1&name=default 0.097s
2025-04-22 09:37:21.660 69791 INFO tempest.lib.common.rest_client [req-7e2bfd2e-c3f7-4dc2-abd9-bb3d234c15ac req-7e2bfd2e-c3f7-4dc2-abd9-bb3d234c15ac ] Request (HypervisorAdminUnderV252Test:tearDownClass): 204 DELETE http://10.180.1.21:9696/networking/v2.0/security-groups/639ef78a-0d77-4749-a4a3-140b2f9dfc4f 0.074s
2025-04-22 09:37:21.707 69831 INFO tempest.lib.common.rest_client [req-d10b0297-a832-4cdf-aced-57166d7e27ef req-d10b0297-a832-4cdf-aced-57166d7e27ef ] Request (ServerDiskConfigTestJSON:test_rebuild_server_with_manual_disk_config): 200 GET http://10.180.1.21/compute/v2.1/servers/ed12921f-9be8-474d-958e-79dd16b8116e 0.287s
2025-04-22 09:37:21.750 69791 INFO tempest.lib.common.rest_client [req-abfb199c-33f7-487d-b2a1-d31769632e23 req-abfb199c-33f7-487d-b2a1-d31769632e23 ] Request (HypervisorAdminUnderV252Test:tearDownClass): 204 DELETE http://10.180.1.21/identity/v3/projects/faa23c28f41f490cbe88aeef5575d5a1 0.089s
2025-04-22 09:37:21.757 69835 INFO tempest.lib.common.rest_client [req-e8696b30-e61a-4d42-a0f0-45549e61a2e0 req-e8696b30-e61a-4d42-a0f0-45549e61a2e0 ] Request (ListServersNegativeTestJSON:setUpClass): 200 GET http://10.180.1.21/compute/v2.1/servers/daef2117-0d9f-4c9e-99e7-1e8a65aa1f22 0.319s
2025-04-22 09:37:21.809 69813 INFO tempest.lib.common.rest_client [req-b336c530-abce-4a88-93c0-10c065f0427d req-b336c530-abce-4a88-93c0-10c065f0427d ] Request (SecurityGroupsTestJSON:test_server_security_groups): 200 GET http://10.180.1.21/compute/v2.1/servers/df73dd41-7455-4482-abb2-b61b26fcf403 0.334s
2025-04-22 09:37:21.818 69791 INFO tempest.lib.common.rest_client [req-d9f942ca-b780-4e17-9a07-18aec500850c req-d9f942ca-b780-4e17-9a07-18aec500850c ] Request (InstanceActionsV221TestJSON:setUpClass): 201 POST http://10.180.1.21/identity/v3/auth/tokens 0.067s
2025-04-22 09:37:21.843 69811 INFO tempest.lib.common.rest_client [req-a16f7d60-91ba-45e1-ab1e-2e44ed59b594 req-a16f7d60-91ba-45e1-ab1e-2e44ed59b594 ] Request (ImagesTestJSON:test_create_image_from_stopped_server): 200 GET http://10.180.1.21/compute/v2.1/images/63f82912-4988-46a0-a481-1ebf5f9703db 0.353s
2025-04-22 09:37:21.851 69791 INFO tempest.lib.common.rest_client [req-df65439c-ab60-476c-87fe-570201a390db req-df65439c-ab60-476c-87fe-570201a390db ] Request (InstanceActionsV221TestJSON:setUpClass): 201 POST http://10.180.1.21/identity/v3/auth/tokens 0.030s
2025-04-22 09:37:21.874 69791 INFO tempest.lib.common.rest_client [req-efdc3387-9286-4da2-9f3c-419faeb11a16 req-efdc3387-9286-4da2-9f3c-419faeb11a16 ] Request (InstanceActionsV221TestJSON:setUpClass): 200 GET http://10.180.1.21/identity/v3/domains?name=Default 0.022s
2025-04-22 09:37:21.900 69843 INFO tempest.lib.common.rest_client [req-77c1955c-1e67-4a94-8270-a9022e675080 req-77c1955c-1e67-4a94-8270-a9022e675080 ] Request (DeleteServersTestJSON:test_delete_active_server): 200 GET http://10.180.1.21/compute/v2.1/servers/fa2ca135-3cd2-411e-b1fc-35b93a97e75d 0.361s
2025-04-22 09:37:21.907 69791 INFO tempest.lib.common.rest_client [req-afbb32fa-b130-421a-9bb8-1c41b96bd9d5 req-afbb32fa-b130-421a-9bb8-1c41b96bd9d5 ] Request (InstanceActionsV221TestJSON:setUpClass): 201 POST http://10.180.1.21/identity/v3/projects 0.033s
2025-04-22 09:37:21.954 69805 INFO tempest.lib.common.rest_client [req-96e16837-e4fc-4ba8-a431-17bf3b9d3ad3 req-96e16837-e4fc-4ba8-a431-17bf3b9d3ad3 ] Request (ImagesOneServerNegativeTestJSON:_run_cleanups): 200 GET http://10.180.1.21/compute/v2.1/servers/a75d7a92-4ac7-4fa0-90f0-f0a0993e881e 0.363s
2025-04-22 09:37:21.975 69791 INFO tempest.lib.common.rest_client [req-66cd762a-7316-4e83-826b-16d12b88f296 req-66cd762a-7316-4e83-826b-16d12b88f296 ] Request (InstanceActionsV221TestJSON:setUpClass): 201 POST http://10.180.1.21/identity/v3/users 0.067s
2025-04-22 09:37:21.983 69841 WARNING tempest.lib.common.ssh [-] Failed to establish authenticated ssh connection to cirros@10.180.180.151 ([Errno None] Unable to connect to port 22 on 10.180.180.151). Number attempts: 1. Retry after 2 seconds.: paramiko.ssh_exception.NoValidConnectionsError: [Errno None] Unable to connect to port 22 on 10.180.180.151
2025-04-22 09:37:22.005 69791 INFO tempest.lib.common.rest_client [req-149a4e35-7460-46cb-9b79-4c4e99c6348c req-149a4e35-7460-46cb-9b79-4c4e99c6348c ] Request (InstanceActionsV221TestJSON:setUpClass): 200 GET http://10.180.1.21/identity/v3/roles 0.029s
2025-04-22 09:37:22.011 69817 INFO tempest.lib.common.rest_client [req-d170247c-5d73-4deb-bcd5-af9038f9a3f8 req-d170247c-5d73-4deb-bcd5-af9038f9a3f8 ] Request (AttachInterfacesUnderV243Test:test_add_remove_fixed_ip): 200 GET http://10.180.1.21/compute/v2.1/servers/00ba5cd8-3516-4059-bcda-c2d01e165e07 0.364s
2025-04-22 09:37:22.039 69791 INFO tempest.lib.common.rest_client [req-18d660a2-e902-4946-9285-62cec6da48ed req-18d660a2-e902-4946-9285-62cec6da48ed ] Request (InstanceActionsV221TestJSON:setUpClass): 204 PUT http://10.180.1.21/identity/v3/projects/385b952569624908badf6708cae97a51/users/26c5fd8183bd4d4999f7e2305faee3b8/roles/eae3a6f181ff45c0aca302fff38d4c8d 0.034s
2025-04-22 09:37:22.039 69791 INFO tempest.lib.common.dynamic_creds [-] Dynamic test user 26c5fd8183bd4d4999f7e2305faee3b8 is created with scope project and roles: ['member']
2025-04-22 09:37:22.040 69791 INFO tempest.lib.common.dynamic_creds [-] Acquired dynamic creds: credentials: Credentials: {'domain_id': 'default', 'domain_name': 'Default', 'username': 'tempest-InstanceActionsV221TestJSON-1686320254-project-member', 'project_domain_id': 'default', 'project_domain_name': 'Default', 'project_id': '385b952569624908badf6708cae97a51', 'project_name': 'tempest-InstanceActionsV221TestJSON-1686320254', 'tenant_id': '385b952569624908badf6708cae97a51', 'tenant_name': 'tempest-InstanceActionsV221TestJSON-1686320254', 'user_domain_id': 'default', 'user_domain_name': 'Default', 'user_id': '26c5fd8183bd4d4999f7e2305faee3b8', 'system': None}, Network: None, Subnet: None, Router: None
2025-04-22 09:37:22.073 69827 INFO tempest.lib.common.rest_client [req-9e48b08d-638a-44a5-aee4-d87f16b656f2 req-9e48b08d-638a-44a5-aee4-d87f16b656f2 ] Request (FloatingIPsAssociationNegativeTestJSON:tearDownClass): 200 GET http://10.180.1.21/compute/v2.1/servers/8f65d893-d2e2-452f-8870-f72ec036f16a 0.415s
2025-04-22 09:37:22.115 69791 INFO tempest.lib.common.rest_client [req-452372c0-0d14-4950-8d50-d2f801e87b26 req-452372c0-0d14-4950-8d50-d2f801e87b26 ] Request (InstanceActionsV221TestJSON:setUpClass): 201 POST http://10.180.1.21/identity/v3/auth/tokens 0.075s
2025-04-22 09:37:22.153 69797 INFO tempest.lib.common.rest_client [req-69e019c3-48e0-45aa-ba1c-ed00ef358ae6 req-69e019c3-48e0-45aa-ba1c-ed00ef358ae6 ] Request (ListImageFiltersTestJSON:setUpClass): 200 GET http://10.180.1.21/compute/v2.1/servers/b71882d4-537d-4a90-b43d-f8ac4ca0d90c 0.454s
2025-04-22 09:37:22.247 69829 INFO tempest.lib.common.rest_client [req-18a0bf9b-a8fb-49c7-a700-cb0a1173f975 req-18a0bf9b-a8fb-49c7-a700-cb0a1173f975 ] Request (ServersTestMultiNic:test_verify_duplicate_network_nics): 200 GET http://10.180.1.21/compute/v2.1/servers/2dd98ffd-b0e6-4447-9c82-57713dc37abd 0.540s
2025-04-22 09:37:22.314 69803 INFO tempest.lib.common.rest_client [req-6936529c-819e-4f9d-b907-97825be06add req-6936529c-819e-4f9d-b907-97825be06add ] Request (FloatingIPsAssociationTestJSON:setUpClass): 200 GET http://10.180.1.21/compute/v2.1/servers/b41845c6-46bd-4b3b-ab26-d7d2dad08f84 0.557s
2025-04-22 09:37:22.337 69849 INFO tempest.lib.common.rest_client [req-86cff765-fbfb-4183-8023-e86704325a53 req-86cff765-fbfb-4183-8023-e86704325a53 ] Request (MultipleCreateTestJSON:_run_cleanups): 404 GET http://10.180.1.21/compute/v2.1/servers/c078753c-48a6-490b-8d7d-b0832eced25e 0.529s
2025-04-22 09:37:22.406 69851 INFO tempest.lib.common.rest_client [req-f1b09858-55eb-4510-ada5-30d1dd8d7dbd req-f1b09858-55eb-4510-ada5-30d1dd8d7dbd ] Request (VolumesAssistedSnapshotsTest:tearDownClass): 200 GET http://10.180.1.21/compute/v2.1/servers/9cfd8425-c1aa-4dbc-afa4-3a5aa10428de 0.581s
2025-04-22 09:37:22.452 69793 INFO tempest.lib.common.rest_client [req-1e666a45-4640-42fe-bfd9-68af9ce63ca8 req-1e666a45-4640-42fe-bfd9-68af9ce63ca8 ] Request (ImagesOneServerTestJSON:test_create_delete_image): 200 GET http://10.180.1.21/compute/v2.1/images/f52d9638-ce86-4665-bd57-e2ffd4d5d09f 0.606s
2025-04-22 09:37:22.573 69791 INFO tempest.lib.common.rest_client [req-997a3e59-9f0d-46c8-99ea-c0ac57e1c85a req-997a3e59-9f0d-46c8-99ea-c0ac57e1c85a ] Request (InstanceActionsV221TestJSON:setUpClass): 201 POST http://10.180.1.21:9696/networking/v2.0/networks 0.457s
2025-04-22 09:37:22.609 69799 INFO tempest.lib.common.rest_client [req-6821400f-9bb5-4974-872e-bf2aff3b88b1 req-6821400f-9bb5-4974-872e-bf2aff3b88b1 ] Request (InstanceActionsNegativeTestJSON:setUpClass): 200 GET http://10.180.1.21/compute/v2.1/servers/6f530b86-2ed1-41db-929c-8a5dd61d931a 0.685s
2025-04-22 09:37:22.616 69799 INFO tempest.common.waiters [-] State transition "BUILD/spawning" ==> "ACTIVE/None" after 53 second wait
2025-04-22 09:37:22.668 69809 INFO tempest.lib.common.rest_client [req-151e7ee7-211f-4236-96b1-cb8956fe0fac req-151e7ee7-211f-4236-96b1-cb8956fe0fac ] Request (ServersAdmin275Test:tearDownClass): 200 GET http://10.180.1.21/compute/v2.1/servers/3149cd80-503c-42e4-ac91-54aababe84e3 0.703s
2025-04-22 09:37:22.731 69791 INFO tempest.lib.common.rest_client [req-0aa78397-1fce-44c3-baad-e3be4c58c91b req-0aa78397-1fce-44c3-baad-e3be4c58c91b ] Request (InstanceActionsV221TestJSON:setUpClass): 201 POST http://10.180.1.21:9696/networking/v2.0/subnets 0.157s
2025-04-22 09:37:22.750 69821 INFO tempest.lib.common.rest_client [req-025c0aaa-d489-4af0-8cc9-72512ff5a8a2 req-025c0aaa-d489-4af0-8cc9-72512ff5a8a2 ] Request (AttachInterfacesV270Test:tearDownClass): 200 GET http://10.180.1.21/compute/v2.1/servers/e48e2cc1-7d60-457f-8f1c-649f0dda8cdb 0.687s
2025-04-22 09:37:22.804 69849 INFO tempest.lib.common.rest_client [req-17b26c38-5cc0-48ff-b507-da4e814570e0 req-17b26c38-5cc0-48ff-b507-da4e814570e0 ] Request (MultipleCreateTestJSON:_run_cleanups): 200 GET http://10.180.1.21/compute/v2.1/servers/3eda17da-111c-412d-9af4-d3a40b7d8faa 0.467s
2025-04-22 09:37:22.852 69807 INFO tempest.lib.common.rest_client [req-929a868e-ac1c-4ac8-9e8d-ff30e19ba3d0 req-929a868e-ac1c-4ac8-9e8d-ff30e19ba3d0 ] Request (MigrationsAdminTest:test_list_migrations_in_flavor_resize_situation): 200 GET http://10.180.1.21/compute/v2.1/servers/4b3b53d1-82bf-40e7-9988-af7b51e9883a 0.466s
2025-04-22 09:37:22.877 69795 WARNING tempest.lib.common.ssh [-] Failed to establish authenticated ssh connection to cirros@10.180.180.147 ([Errno None] Unable to connect to port 22 on 10.180.180.147). Number attempts: 9. Retry after 10 seconds.: paramiko.ssh_exception.NoValidConnectionsError: [Errno None] Unable to connect to port 22 on 10.180.180.147
2025-04-22 09:37:22.905 69801 INFO tempest.lib.common.rest_client [req-5554cdfd-eb37-4b94-a3b8-00f67d887436 req-5554cdfd-eb37-4b94-a3b8-00f67d887436 ] Request (ServersTestManualDisk:tearDownClass): 200 GET http://10.180.1.21/compute/v2.1/servers/b255f4d7-b177-4d6c-8a28-dcb5a179c1c0 0.506s
2025-04-22 09:37:22.913 69801 INFO tempest.common.waiters [-] State transition "ACTIVE/deleting" ==> "DELETED/None" after 5 second wait
2025-04-22 09:37:22.955 69847 INFO tempest.lib.common.rest_client [req-ea8b1cb4-1b42-43fc-916f-33f8111c0cbd req-ea8b1cb4-1b42-43fc-916f-33f8111c0cbd ] Request (ServersTestBootFromVolume:setUpClass): 200 GET http://10.180.1.21/compute/v2.1/servers/8bea34ef-0caf-4cdb-a689-dd747d9b52ea 0.497s
2025-04-22 09:37:23.003 69837 INFO tempest.lib.common.rest_client [req-082a54e5-2c58-40d4-9ea2-40b2d238efd1 req-082a54e5-2c58-40d4-9ea2-40b2d238efd1 ] Request (ServersAdminNegativeTestJSON:tearDownClass): 200 GET http://10.180.1.21/compute/v2.1/servers/4465f156-09cc-4eba-90e4-be76f3010363 0.499s
2025-04-22 09:37:23.056 69819 INFO tempest.lib.common.rest_client [req-62aa1ef0-b6a5-49a0-8cd7-affc4a909ccc req-62aa1ef0-b6a5-49a0-8cd7-affc4a909ccc ] Request (ServersAdminTestJSON:test_create_server_with_scheduling_hint): 200 GET http://10.180.1.21/compute/v2.1/servers/d1e5e08d-b41a-4655-997d-91fbd3581f00 0.545s
2025-04-22 09:37:23.112 69833 INFO tempest.lib.common.rest_client [req-2caa65df-409d-4a20-8d3b-01c2f10ec871 req-2caa65df-409d-4a20-8d3b-01c2f10ec871 ] Request (ServerActionsTestJSON:setUpClass): 200 GET http://10.180.1.21/compute/v2.1/servers/baf27027-678d-4167-bb9b-df410aeb0e82 0.545s
2025-04-22 09:37:23.201 69853 INFO tempest.lib.common.rest_client [req-5856a4a3-7609-4b3e-8eff-10a96901c421 req-5856a4a3-7609-4b3e-8eff-10a96901c421 ] Request (ServerDiagnosticsV248Test:tearDownClass): 200 GET http://10.180.1.21/compute/v2.1/servers/b87cac84-ea70-428b-872e-4f6145e36b39 0.622s
2025-04-22 09:37:23.223 69823 INFO tempest.lib.common.rest_client [req-f455379b-d6d7-4674-8c28-a23b535658c4 req-f455379b-d6d7-4674-8c28-a23b535658c4 ] Request (VolumesAdminNegativeTest:test_update_attached_volume_with_nonexistent_volume_in_body): 200 POST http://10.180.1.21/compute/v2.1/servers/93607154-f135-4925-9c3a-a97051535b00/os-volume_attachments 1.821s
2025-04-22 09:37:23.228 69799 INFO tempest.lib.common.rest_client [req-f451213d-ede3-4923-94aa-3532e93a1040 req-f451213d-ede3-4923-94aa-3532e93a1040 ] Request (InstanceActionsNegativeTestJSON:test_get_instance_action_invalid_request): 404 GET http://10.180.1.21/compute/v2.1/servers/6f530b86-2ed1-41db-929c-8a5dd61d931a/os-instance-actions/999 0.611s
2025-04-22 09:37:23.252 69823 INFO tempest.lib.common.rest_client [req-3fc5b0c3-b7b7-462e-87f2-bf164d736264 req-3fc5b0c3-b7b7-462e-87f2-bf164d736264 ] Request (VolumesAdminNegativeTest:test_update_attached_volume_with_nonexistent_volume_in_body): 200 GET http://10.180.1.21/volume/v3/volumes/9dabd7ab-c858-4db7-b661-6e72ec39b32a 0.027s
2025-04-22 09:37:23.291 69835 INFO tempest.lib.common.rest_client [req-c36d3347-91e3-43a4-ae93-86f0a0883eae req-c36d3347-91e3-43a4-ae93-86f0a0883eae ] Request (ListServersNegativeTestJSON:setUpClass): 200 GET http://10.180.1.21/compute/v2.1/servers/daef2117-0d9f-4c9e-99e7-1e8a65aa1f22 0.521s
2025-04-22 09:37:23.334 69831 INFO tempest.lib.common.rest_client [req-4737dc86-84cf-4e84-9d7f-af9a61b35c53 req-4737dc86-84cf-4e84-9d7f-af9a61b35c53 ] Request (ServerDiskConfigTestJSON:test_rebuild_server_with_manual_disk_config): 200 GET http://10.180.1.21/compute/v2.1/servers/ed12921f-9be8-474d-958e-79dd16b8116e 0.619s
2025-04-22 09:37:23.353 69813 INFO tempest.lib.common.rest_client [req-4a071fde-3a98-42b6-b93a-ccc5af7b03a7 req-4a071fde-3a98-42b6-b93a-ccc5af7b03a7 ] Request (SecurityGroupsTestJSON:test_server_security_groups): 200 GET http://10.180.1.21/compute/v2.1/servers/df73dd41-7455-4482-abb2-b61b26fcf403 0.532s
2025-04-22 09:37:23.372 69791 INFO tempest.lib.common.rest_client [req-7b6375c3-f201-4256-92c3-31c1d6d7b543 req-7b6375c3-f201-4256-92c3-31c1d6d7b543 ] Request (InstanceActionsV221TestJSON:setUpClass): 201 POST http://10.180.1.21:9696/networking/v2.0/routers 0.640s
2025-04-22 09:37:23.375 69811 INFO tempest.lib.common.rest_client [req-e0a9e036-f951-4f4c-9544-69916723c901 req-e0a9e036-f951-4f4c-9544-69916723c901 ] Request (ImagesTestJSON:test_create_image_from_stopped_server): 200 GET http://10.180.1.21/compute/v2.1/images/63f82912-4988-46a0-a481-1ebf5f9703db 0.527s
2025-04-22 09:37:23.436 69805 INFO tempest.lib.common.rest_client [req-91a27e3c-d46b-4840-8e2e-08aac7546b16 req-91a27e3c-d46b-4840-8e2e-08aac7546b16 ] Request (ImagesOneServerNegativeTestJSON:_run_cleanups): 200 GET http://10.180.1.21/compute/v2.1/servers/a75d7a92-4ac7-4fa0-90f0-f0a0993e881e 0.472s
2025-04-22 09:37:23.438 69843 INFO tempest.lib.common.rest_client [req-a6a43998-60ba-4b94-b368-e41aa5fa168a req-a6a43998-60ba-4b94-b368-e41aa5fa168a ] Request (DeleteServersTestJSON:test_delete_active_server): 200 GET http://10.180.1.21/compute/v2.1/servers/fa2ca135-3cd2-411e-b1fc-35b93a97e75d 0.530s
2025-04-22 09:37:23.488 69817 INFO tempest.lib.common.rest_client [req-ebe2190f-b523-4a3a-b004-20bca4d755ae req-ebe2190f-b523-4a3a-b004-20bca4d755ae ] Request (AttachInterfacesUnderV243Test:test_add_remove_fixed_ip): 200 GET http://10.180.1.21/compute/v2.1/servers/00ba5cd8-3516-4059-bcda-c2d01e165e07 0.469s
2025-04-22 09:37:23.502 69827 INFO tempest.lib.common.rest_client [req-c0a9eb72-aaeb-4c50-bd0f-5f42c6647272 req-c0a9eb72-aaeb-4c50-bd0f-5f42c6647272 ] Request (FloatingIPsAssociationNegativeTestJSON:tearDownClass): 200 GET http://10.180.1.21/compute/v2.1/servers/8f65d893-d2e2-452f-8870-f72ec036f16a 0.420s
2025-04-22 09:37:23.512 69799 INFO tempest.lib.common.rest_client [req-1a594ee5-cac0-4bd2-aa7c-c88c8b49dfad req-1a594ee5-cac0-4bd2-aa7c-c88c8b49dfad ] Request (InstanceActionsNegativeTestJSON:test_list_instance_actions_non_existent_server): 404 GET http://10.180.1.21/compute/v2.1/servers/f5ec2a2b-fc5c-4d07-acc8-e0b63c37a246/os-instance-actions 0.282s
2025-04-22 09:37:23.540 69797 INFO tempest.lib.common.rest_client [req-c4b6a641-2bda-4819-b363-14639edbdaa3 req-c4b6a641-2bda-4819-b363-14639edbdaa3 ] Request (ListImageFiltersTestJSON:setUpClass): 200 GET http://10.180.1.21/compute/v2.1/servers/b71882d4-537d-4a90-b43d-f8ac4ca0d90c 0.379s
2025-04-22 09:37:23.564 69829 INFO tempest.lib.common.rest_client [req-b8046707-59ff-4b15-9da0-b0fb05ce6565 req-b8046707-59ff-4b15-9da0-b0fb05ce6565 ] Request (ServersTestMultiNic:test_verify_duplicate_network_nics): 200 GET http://10.180.1.21/compute/v2.1/servers/2dd98ffd-b0e6-4447-9c82-57713dc37abd 0.303s
2025-04-22 09:37:23.591 69803 INFO tempest.lib.common.rest_client [req-ab164384-8179-4577-a22e-e18c688bca0b req-ab164384-8179-4577-a22e-e18c688bca0b ] Request (FloatingIPsAssociationTestJSON:setUpClass): 200 GET http://10.180.1.21/compute/v2.1/servers/b41845c6-46bd-4b3b-ab26-d7d2dad08f84 0.269s
2025-04-22 09:37:23.628 69793 INFO tempest.lib.common.rest_client [req-42792be2-7f14-447b-9730-98b3ec8db1fe req-42792be2-7f14-447b-9730-98b3ec8db1fe ] Request (ImagesOneServerTestJSON:test_create_delete_image): 200 GET http://10.180.1.21/compute/v2.1/images/f52d9638-ce86-4665-bd57-e2ffd4d5d09f 0.170s
2025-04-22 09:37:23.634 69851 INFO tempest.lib.common.rest_client [req-e5a388b9-83f1-4976-8c37-42a39330d8d2 req-e5a388b9-83f1-4976-8c37-42a39330d8d2 ] Request (VolumesAssistedSnapshotsTest:tearDownClass): 200 GET http://10.180.1.21/compute/v2.1/servers/9cfd8425-c1aa-4dbc-afa4-3a5aa10428de 0.218s
2025-04-22 09:37:23.714 69799 INFO tempest.lib.common.rest_client [req-ffe663e3-a8a6-4b75-a1b4-f8add7e47fbd req-ffe663e3-a8a6-4b75-a1b4-f8add7e47fbd ] Request (InstanceActionsNegativeTestJSON:tearDownClass): 204 DELETE http://10.180.1.21/compute/v2.1/servers/6f530b86-2ed1-41db-929c-8a5dd61d931a 0.201s
2025-04-22 09:37:23.750 69809 INFO tempest.lib.common.rest_client [req-5eb5a6e2-321c-4377-ac66-f9ef82e79b6f req-5eb5a6e2-321c-4377-ac66-f9ef82e79b6f ] Request (ServersAdmin275Test:tearDownClass): 200 GET http://10.180.1.21/compute/v2.1/servers/3149cd80-503c-42e4-ac91-54aababe84e3 0.070s
