2025-04-22 09:35:26.528 69851 INFO tempest.lib.common.rest_client [req-6fa2d7b2-db01-46f2-94bf-1aacf305a109 req-6fa2d7b2-db01-46f2-94bf-1aacf305a109 ] Request (VolumesAssistedSnapshotsTest:setUpClass): 204 PUT http://10.180.1.21/identity/v3/projects/a97f0ee1d82f4b6aba92fb59a8f9d946/users/c24dd0f5d05c492a8abdb6d4f8019901/roles/d4590339a43d4584ad30877f18e75ac0 0.159s
2025-04-22 09:35:26.528 69851 INFO tempest.lib.common.dynamic_creds [-] Dynamic test user c24dd0f5d05c492a8abdb6d4f8019901 is created with scope project and roles: ['service', 'admin']
2025-04-22 09:35:26.528 69851 INFO tempest.lib.common.dynamic_creds [-] Acquired dynamic creds: credentials: Credentials: {'domain_id': 'default', 'domain_name': 'Default', 'username': 'tempest-VolumesAssistedSnapshotsTest-523894828-project', 'project_domain_id': 'default', 'project_domain_name': 'Default', 'project_id': 'a97f0ee1d82f4b6aba92fb59a8f9d946', 'project_name': 'tempest-VolumesAssistedSnapshotsTest-523894828', 'tenant_id': 'a97f0ee1d82f4b6aba92fb59a8f9d946', 'tenant_name': 'tempest-VolumesAssistedSnapshotsTest-523894828', 'user_domain_id': 'default', 'user_domain_name': 'Default', 'user_id': 'c24dd0f5d05c492a8abdb6d4f8019901', 'system': None}, Network: None, Subnet: None, Router: None
2025-04-22 09:35:26.571 69801 INFO tempest.lib.common.rest_client [req-bc75689b-88dc-48f8-8eff-09c07c3e4332 req-bc75689b-88dc-48f8-8eff-09c07c3e4332 ] Request (FloatingIPsNegativeTestJSON:tearDownClass): 204 DELETE http://10.180.1.21:9696/networking/v2.0/networks/fadb4371-0ee7-4867-9058-149fcd482709 0.407s
2025-04-22 09:35:26.600 69827 INFO tempest.lib.common.rest_client [req-38c8c164-8282-4d7f-9ca4-0dc5750a9774 req-38c8c164-8282-4d7f-9ca4-0dc5750a9774 ] Request (HypervisorAdminV228Test:tearDownClass): 204 DELETE http://10.180.1.21:9696/networking/v2.0/security-groups/60c5ca30-8e62-4964-a6fd-5f3cc10bbf55 0.105s
2025-04-22 09:35:26.601 69815 INFO tempest.lib.common.rest_client [req-be0a40d3-12d7-4567-9f2c-ea60d33201f0 req-be0a40d3-12d7-4567-9f2c-ea60d33201f0 ] Request (ServersV294TestFqdnHostnames:setUpClass): 201 POST http://10.180.1.21:9696/networking/v2.0/security-group-rules 0.172s
2025-04-22 09:35:26.612 69813 INFO tempest.lib.common.rest_client [req-dcfeb187-bd36-4372-a860-7eef353192e9 req-dcfeb187-bd36-4372-a860-7eef353192e9 ] Request (HypervisorAdminV253TestBase:tearDownClass): 204 DELETE http://10.180.1.21/identity/v3/users/7df4d8e6c9be4f86b7f979a185cab444 0.215s
2025-04-22 09:35:26.622 69843 INFO tempest.lib.common.rest_client [req-8e79fe96-d1c2-45b9-8774-4c199b64488f req-8e79fe96-d1c2-45b9-8774-4c199b64488f ] Request (InstanceUsageAuditLogTestJSON:tearDownClass): 204 DELETE http://10.180.1.21/identity/v3/users/40a814086b224f519f8d447e7615f481 0.219s
2025-04-22 09:35:26.622 69843 INFO tempest.lib.common.dynamic_creds [-] Deleting project and security group for project: d7114ea4f48f4334bb6db8997f29c680
2025-04-22 09:35:26.627 69845 INFO tempest.lib.common.rest_client [req-30fc35d9-c7fd-487c-8418-85758b2dacab req-30fc35d9-c7fd-487c-8418-85758b2dacab ] Request (ImagesMetadataTestJSON:setUp): 200 PUT http://10.180.1.21/compute/v2.1/images/ae7ca99a-c541-463c-8449-f80f87b4dcbd/metadata 1.892s
2025-04-22 09:35:26.655 69839 INFO tempest.lib.common.rest_client [req-90cfd274-382c-4ede-9b51-64640f5da88f req-90cfd274-382c-4ede-9b51-64640f5da88f ] Request (FlavorsV261TestJSON:test_crud_flavor): 200 PUT http://10.180.1.21/compute/v2.1/flavors/200301281 1.064s
2025-04-22 09:35:26.680 69807 INFO tempest.lib.common.rest_client [req-432f6bf7-40b3-42df-b8d5-a40d24fcccb0 req-432f6bf7-40b3-42df-b8d5-a40d24fcccb0 ] Request (FlavorsAdminTestJSON:_run_cleanups): 200 GET http://10.180.1.21/compute/v2.1/flavors/detail 1.058s
2025-04-22 09:35:26.708 69793 INFO tempest.lib.common.rest_client [req-1762f535-e03c-4dd5-bfc9-5b351059de9f req-1762f535-e03c-4dd5-bfc9-5b351059de9f ] Request (AZAdminV2TestJSON:tearDownClass): 200 GET http://10.180.1.21:9696/networking/v2.0/security-groups?tenant_id=eb996d21440542b7bd8848a1a1a8abd1&name=default 0.185s
2025-04-22 09:35:26.712 69827 INFO tempest.lib.common.rest_client [req-46dc449f-223c-4cef-a310-30b98e0902e4 req-46dc449f-223c-4cef-a310-30b98e0902e4 ] Request (HypervisorAdminV228Test:tearDownClass): 204 DELETE http://10.180.1.21/identity/v3/projects/7e74f349e598457591033373a4807060 0.111s
2025-04-22 09:35:26.712 69827 INFO tempest.lib.common.dynamic_creds [-] Deleting project and security group for project: cf9a8d9ca606485fb92763903ecdf3e6
2025-04-22 09:35:26.726 69801 INFO tempest.lib.common.rest_client [req-669f56d3-bc53-4d55-8f8f-3436f836e3c0 req-669f56d3-bc53-4d55-8f8f-3436f836e3c0 ] Request (FloatingIPsNegativeTestJSON:tearDownClass): 204 DELETE http://10.180.1.21/identity/v3/users/81dbce861b0c4e988fb388a0dff6a5f2 0.155s
2025-04-22 09:35:26.726 69801 INFO tempest.lib.common.dynamic_creds [-] Deleting project and security group for project: 87d1902692f74dd2899e6c97a91b27c6
2025-04-22 09:35:26.797 69801 INFO tempest.lib.common.rest_client [req-9bb25399-b9e1-482b-b8ff-114c04802a3a req-9bb25399-b9e1-482b-b8ff-114c04802a3a ] Request (FloatingIPsNegativeTestJSON:tearDownClass): 200 GET http://10.180.1.21:9696/networking/v2.0/security-groups?tenant_id=87d1902692f74dd2899e6c97a91b27c6&name=default 0.071s
2025-04-22 09:35:26.875 69813 INFO tempest.lib.common.rest_client [req-a1391649-acf7-4f37-9901-da518426c2d6 req-a1391649-acf7-4f37-9901-da518426c2d6 ] Request (HypervisorAdminV253TestBase:tearDownClass): 204 DELETE http://10.180.1.21/identity/v3/users/b072079d64d3440887b18b79c3856ebe 0.262s
2025-04-22 09:35:26.875 69813 INFO tempest.lib.common.dynamic_creds [-] Deleting project and security group for project: 92f2f81b340e4bbd8c6cf9de90a4ac12
2025-04-22 09:35:26.897 69821 INFO tempest.lib.common.rest_client [req-ae50cac7-3afe-459b-a3db-0c45eefb48ae req-ae50cac7-3afe-459b-a3db-0c45eefb48ae ] Request (QuotasAdminNegativeTest:_run_cleanups): 200 PUT http://10.180.1.21/compute/v2.1/os-quota-sets/79092b93aa954386bdaeb7774731e17c 1.370s
2025-04-22 09:35:26.927 69793 INFO tempest.lib.common.rest_client [req-522e0592-d9d6-4321-b359-473f42cd91e1 req-522e0592-d9d6-4321-b359-473f42cd91e1 ] Request (AZAdminV2TestJSON:tearDownClass): 204 DELETE http://10.180.1.21:9696/networking/v2.0/security-groups/1e767af1-9828-42c5-a7da-110cbce7557e 0.218s
2025-04-22 09:35:26.941 69851 INFO tempest.lib.common.rest_client [req-4621df5d-d08b-442e-bd7b-bb3820216071 req-4621df5d-d08b-442e-bd7b-bb3820216071 ] Request (VolumesAssistedSnapshotsTest:setUpClass): 201 POST http://10.180.1.21:9696/networking/v2.0/networks 0.411s
2025-04-22 09:35:26.960 69843 INFO tempest.lib.common.rest_client [req-15ab8174-eb41-4ac8-ac22-8634b81d6354 req-15ab8174-eb41-4ac8-ac22-8634b81d6354 ] Request (InstanceUsageAuditLogTestJSON:tearDownClass): 201 POST http://10.180.1.21/identity/v3/auth/tokens 0.337s
2025-04-22 09:35:26.962 69827 INFO tempest.lib.common.rest_client [req-d96b7779-2925-4367-82fd-6710ed278d41 req-d96b7779-2925-4367-82fd-6710ed278d41 ] Request (HypervisorAdminV228Test:tearDownClass): 200 GET http://10.180.1.21:9696/networking/v2.0/security-groups?tenant_id=cf9a8d9ca606485fb92763903ecdf3e6&name=default 0.249s
2025-04-22 09:35:26.982 69801 INFO tempest.lib.common.rest_client [req-5f10ec0e-48f5-4efd-a8e5-9202773d8d34 req-5f10ec0e-48f5-4efd-a8e5-9202773d8d34 ] Request (FloatingIPsNegativeTestJSON:tearDownClass): 204 DELETE http://10.180.1.21:9696/networking/v2.0/security-groups/fb8d839c-a87c-4c96-90c3-af1818989df3 0.185s
2025-04-22 09:35:27.015 69813 INFO tempest.lib.common.rest_client [req-1d2fe323-3e6b-4ec7-a3b1-5b2a8f3d9dc6 req-1d2fe323-3e6b-4ec7-a3b1-5b2a8f3d9dc6 ] Request (HypervisorAdminV253TestBase:tearDownClass): 201 POST http://10.180.1.21/identity/v3/auth/tokens 0.140s
2025-04-22 09:35:27.044 69799 INFO tempest.lib.common.rest_client [req-b7c82302-8cfb-44fa-94ce-d9e7aa71f858 req-b7c82302-8cfb-44fa-94ce-d9e7aa71f858 ] Request (NetworksTest:test_list_all_networks): 200 GET http://10.180.1.21/compute/v2.1/os-networks 1.356s
2025-04-22 09:35:27.076 69795 INFO tempest.lib.common.rest_client [req-1003787f-0ff9-4dbb-ab80-77fbac110f01 req-1003787f-0ff9-4dbb-ab80-77fbac110f01 ] Request (ServersWithSpecificFlavorTestJSON:test_verify_created_server_ephemeral_disk): 200 POST http://10.180.1.21/compute/v2.1/flavors 1.396s
2025-04-22 09:35:27.079 69809 INFO tempest.lib.common.rest_client [req-2a58f161-9433-459c-a8ce-3a74197aeb75 req-2a58f161-9433-459c-a8ce-3a74197aeb75 ] Request (FlavorsAccessNegativeTestJSON:test_remove_flavor_access_not_found): 200 POST http://10.180.1.21/compute/v2.1/flavors 1.336s
2025-04-22 09:35:27.105 69825 INFO tempest.lib.common.rest_client [req-1b5b2877-2bcc-4824-8a21-c96274eb90e3 req-1b5b2877-2bcc-4824-8a21-c96274eb90e3 ] Request (ServicesAdminTestJSON:test_get_service_by_service_binary_name): 200 GET http://10.180.1.21/compute/v2.1/os-services?binary=nova-compute 1.342s
2025-04-22 09:35:27.112 69833 INFO tempest.lib.common.rest_client [req-3cfd7215-8ea8-4946-a09e-4a2e2c15f6bb req-3cfd7215-8ea8-4946-a09e-4a2e2c15f6bb ] Request (FlavorMetadataValidation:_run_cleanups): 202 DELETE http://10.180.1.21/compute/v2.1/flavors/524521702 1.254s
2025-04-22 09:35:27.117 69853 INFO tempest.lib.common.rest_client [req-623eaac2-a20b-4ec6-95a6-8fb4787a0b81 req-623eaac2-a20b-4ec6-95a6-8fb4787a0b81 ] Request (HypervisorAdminNegativeTestJSON:test_get_hypervisor_stats_with_non_admin_user): 403 GET http://10.180.1.21/compute/v2.1/os-hypervisors/statistics 1.253s
2025-04-22 09:35:27.144 69827 INFO tempest.lib.common.rest_client [req-db23a091-a107-44b7-963c-5350a7c7b684 req-db23a091-a107-44b7-963c-5350a7c7b684 ] Request (HypervisorAdminV228Test:tearDownClass): 204 DELETE http://10.180.1.21:9696/networking/v2.0/security-groups/9c7b561c-24bf-4082-ac01-1c83e6ac2729 0.182s
2025-04-22 09:35:27.162 69793 INFO tempest.lib.common.rest_client [req-823c1149-8240-40d5-ad6f-26e67ec18a50 req-823c1149-8240-40d5-ad6f-26e67ec18a50 ] Request (AZAdminV2TestJSON:tearDownClass): 204 DELETE http://10.180.1.21/identity/v3/projects/eb996d21440542b7bd8848a1a1a8abd1 0.234s
2025-04-22 09:35:27.174 69815 INFO tempest.lib.common.rest_client [req-3d2d614b-b8a0-4fe3-b3df-a78ebdbeba30 req-3d2d614b-b8a0-4fe3-b3df-a78ebdbeba30 ] Request (ServersV294TestFqdnHostnames:setUpClass): 201 POST http://10.180.1.21:9696/networking/v2.0/floatingips 0.572s
2025-04-22 09:35:27.195 69817 INFO tempest.lib.common.rest_client [req-563b6dc7-7164-4ca0-8853-ebf5f4bb3ae4 req-563b6dc7-7164-4ca0-8853-ebf5f4bb3ae4 ] Request (ImagesNegativeTestJSON:test_create_image_from_deleted_server): 200 GET http://10.180.1.21/compute/v2.1/servers/ec7a6b3c-2a2f-4edd-8b79-ba55551d6159 1.216s
2025-04-22 09:35:27.199 69805 INFO tempest.lib.common.rest_client [req-0478fdec-28ca-4626-bc23-405b5d90dbfc req-0478fdec-28ca-4626-bc23-405b5d90dbfc ] Request (ImagesOneServerNegativeTestJSON:setUpClass): 200 GET http://10.180.1.21/compute/v2.1/servers/91d5b0db-63a5-4290-af9b-264a5ce4cd95 1.288s
2025-04-22 09:35:27.206 69817 INFO tempest.common.waiters [-] State transition "BUILD/scheduling" ==> "BUILD/None" after 3 second wait
2025-04-22 09:35:27.207 69805 INFO tempest.common.waiters [-] State transition "BUILD/None" ==> "BUILD/networking" after 3 second wait
2025-04-22 09:35:27.228 69851 INFO tempest.lib.common.rest_client [req-104e0a5d-deff-4bd5-8998-4a7d04d09f6f req-104e0a5d-deff-4bd5-8998-4a7d04d09f6f ] Request (VolumesAssistedSnapshotsTest:setUpClass): 201 POST http://10.180.1.21:9696/networking/v2.0/subnets 0.285s
2025-04-22 09:35:27.289 69801 INFO tempest.lib.common.rest_client [req-238521df-f614-46df-84c4-df5efda98a41 req-238521df-f614-46df-84c4-df5efda98a41 ] Request (FloatingIPsNegativeTestJSON:tearDownClass): 204 DELETE http://10.180.1.21/identity/v3/projects/87d1902692f74dd2899e6c97a91b27c6 0.306s
2025-04-22 09:35:27.359 69799 INFO tempest.lib.common.rest_client [req-fe70674d-e496-4221-a41c-a529ca81adfc req-fe70674d-e496-4221-a41c-a529ca81adfc ] Request (NetworksTest:tearDownClass): 204 DELETE http://10.180.1.21/identity/v3/users/1480406d3a3e462597d982597bcbd316 0.312s
2025-04-22 09:35:27.379 69827 INFO tempest.lib.common.rest_client [req-7e46567d-f4c5-4677-99ca-a218aba97523 req-7e46567d-f4c5-4677-99ca-a218aba97523 ] Request (HypervisorAdminV228Test:tearDownClass): 204 DELETE http://10.180.1.21/identity/v3/projects/cf9a8d9ca606485fb92763903ecdf3e6 0.234s
2025-04-22 09:35:27.400 69843 INFO tempest.lib.common.rest_client [req-3bccfad6-f193-48cd-bf77-b1ba2f9acaaa req-3bccfad6-f193-48cd-bf77-b1ba2f9acaaa ] Request (InstanceUsageAuditLogTestJSON:tearDownClass): 200 GET http://10.180.1.21:9696/networking/v2.0/security-groups?tenant_id=d7114ea4f48f4334bb6db8997f29c680&name=default 0.440s
2025-04-22 09:35:27.415 69793 INFO tempest.lib.common.rest_client [req-3d9ba82f-a732-48c0-8c37-7eea3915bca4 req-3d9ba82f-a732-48c0-8c37-7eea3915bca4 ] Request (FloatingIPDetailsTestJSON:setUpClass): 201 POST http://10.180.1.21/identity/v3/auth/tokens 0.251s
2025-04-22 09:35:27.416 69813 INFO tempest.lib.common.rest_client [req-0e101d95-c3ed-43b5-8da1-fe2e544a6de4 req-0e101d95-c3ed-43b5-8da1-fe2e544a6de4 ] Request (HypervisorAdminV253TestBase:tearDownClass): 200 GET http://10.180.1.21:9696/networking/v2.0/security-groups?tenant_id=92f2f81b340e4bbd8c6cf9de90a4ac12&name=default 0.399s
2025-04-22 09:35:27.430 69815 INFO tempest.lib.common.rest_client [req-5dff05a9-354a-459f-895d-88795c043a7c req-5dff05a9-354a-459f-895d-88795c043a7c ] Request (ServersV294TestFqdnHostnames:setUpClass): 201 POST http://10.180.1.21/identity/v3/auth/tokens 0.253s
2025-04-22 09:35:27.431 69815 INFO tempest.lib.common.fixed_network [-] (ServersV294TestFqdnHostnames:setUpClass) Found network {'id': '57d3fe81-db66-46d5-ba0f-eec2a4cfd7cb', 'name': 'tempest-ServersV294TestFqdnHostnames-1825674224-network', 'tenant_id': 'd1d7ffc7ecd34b918b1998fdc97c3425', 'admin_state_up': True, 'mtu': 8950, 'status': 'ACTIVE', 'subnets': [], 'shared': False, 'project_id': 'd1d7ffc7ecd34b918b1998fdc97c3425', 'port_security_enabled': True, 'router:external': False, 'provider:network_type': 'vlan', 'provider:physical_network': 'default', 'provider:segmentation_id': 733, 'availability_zone_hints': [], 'availability_zones': [], 'ipv4_address_scope': None, 'ipv6_address_scope': None, 'description': '', 'tags': [], 'created_at': '2025-04-22T09:35:22Z', 'updated_at': '2025-04-22T09:35:22Z', 'revision_number': 1} available for tenant
2025-04-22 09:35:27.515 69841 INFO tempest.lib.common.rest_client [req-5995332a-47ec-4708-a50d-387400511a44 req-5995332a-47ec-4708-a50d-387400511a44 ] Request (TenantUsagesNegativeTestJSON:test_get_usage_tenant_with_empty_tenant_id): 404 GET http://10.180.1.21/compute/v2.1/os-simple-tenant-usage/?start=2025-04-21T09%3A35%3A25.987893&end=2025-04-23T09%3A35%3A25.987893 1.527s
2025-04-22 09:35:27.517 69841 WARNING tempest.lib.common.rest_client [-] Deprecated: "tenant_id" property is deprecated for removal, use "project_id" instead
2025-04-22 09:35:27.520 69813 INFO tempest.lib.common.rest_client [req-03fa4df9-02e8-46d5-929a-bf12f7c7d4d5 req-03fa4df9-02e8-46d5-929a-bf12f7c7d4d5 ] Request (HypervisorAdminV253TestBase:tearDownClass): 204 DELETE http://10.180.1.21:9696/networking/v2.0/security-groups/f393273a-f2da-476c-a7f8-ca271a771464 0.104s
2025-04-22 09:35:27.526 69843 INFO tempest.lib.common.rest_client [req-1c8a9fb4-f91c-4776-abe8-2b2bad293e57 req-1c8a9fb4-f91c-4776-abe8-2b2bad293e57 ] Request (InstanceUsageAuditLogTestJSON:tearDownClass): 204 DELETE http://10.180.1.21:9696/networking/v2.0/security-groups/1ae8148d-c0a7-47ae-9c5b-21099abc61d6 0.125s
2025-04-22 09:35:27.542 69801 INFO tempest.lib.common.rest_client [req-527c50c7-ef9d-4ca1-a388-57a1a0bb6ce4 req-527c50c7-ef9d-4ca1-a388-57a1a0bb6ce4 ] Request (ServersTestManualDisk:setUpClass): 201 POST http://10.180.1.21/identity/v3/auth/tokens 0.251s
2025-04-22 09:35:27.549 69811 INFO tempest.lib.common.rest_client [req-4c1d69c6-1d1e-40ec-9d0f-b18e57607cc9 req-4c1d69c6-1d1e-40ec-9d0f-b18e57607cc9 ] Request (FlavorsExtraSpecsTestJSON:test_flavor_non_admin_get_all_keys): 200 GET http://10.180.1.21/compute/v2.1/flavors/352382395/os-extra_specs 1.327s
2025-04-22 09:35:27.584 69799 INFO tempest.lib.common.rest_client [req-696f319b-ea9c-4420-a1e7-8b637a70d81b req-696f319b-ea9c-4420-a1e7-8b637a70d81b ] Request (NetworksTest:tearDownClass): 204 DELETE http://10.180.1.21/identity/v3/users/6abdc30e341247f29c4aaa1c0d2b3cd9 0.224s
2025-04-22 09:35:27.585 69799 INFO tempest.lib.common.dynamic_creds [-] Deleting project and security group for project: b67d18ae76b44fdca1e418bbdbe7b93d
2025-04-22 09:35:27.599 69827 INFO tempest.lib.common.rest_client [req-18d29e0a-e1fe-49fb-a0f6-5d16bbe67080 req-18d29e0a-e1fe-49fb-a0f6-5d16bbe67080 ] Request (QuotasAdminTestJSON:setUpClass): 201 POST http://10.180.1.21/identity/v3/auth/tokens 0.218s
2025-04-22 09:35:27.636 69793 INFO tempest.lib.common.rest_client [req-951a5bf5-ff31-4964-a386-b78c1d0263b1 req-951a5bf5-ff31-4964-a386-b78c1d0263b1 ] Request (FloatingIPDetailsTestJSON:setUpClass): 201 POST http://10.180.1.21/identity/v3/auth/tokens 0.219s
2025-04-22 09:35:27.687 69813 INFO tempest.lib.common.rest_client [req-d85f11ae-0c7b-4671-9590-f0774a11a60a req-d85f11ae-0c7b-4671-9590-f0774a11a60a ] Request (HypervisorAdminV253TestBase:tearDownClass): 204 DELETE http://10.180.1.21/identity/v3/projects/92f2f81b340e4bbd8c6cf9de90a4ac12 0.166s
2025-04-22 09:35:27.687 69813 INFO tempest.lib.common.dynamic_creds [-] Deleting project and security group for project: 0fcfca08500643759ab52a7bd225ef25
2025-04-22 09:35:27.706 69835 INFO tempest.lib.common.rest_client [req-1e56f2f1-2450-4127-93b5-8b649256f5c4 req-1e56f2f1-2450-4127-93b5-8b649256f5c4 ] Request (FlavorsAccessTestJSON:test_flavor_access_add_remove): 200 GET http://10.180.1.21/compute/v2.1/flavors/detail 1.479s
2025-04-22 09:35:27.727 69803 INFO tempest.lib.common.rest_client [req-3247d88e-41a7-418d-aa37-f8f60d39d2e8 req-3247d88e-41a7-418d-aa37-f8f60d39d2e8 ] Request (HypervisorAdminTestJSON:test_get_hypervisor_show_details): 200 GET http://10.180.1.21/compute/v2.1/os-hypervisors/1 1.389s
2025-04-22 09:35:27.756 69801 INFO tempest.lib.common.rest_client [req-82ba70e8-c835-4791-b007-e2a621faeac9 req-82ba70e8-c835-4791-b007-e2a621faeac9 ] Request (ServersTestManualDisk:setUpClass): 201 POST http://10.180.1.21/identity/v3/auth/tokens 0.212s
2025-04-22 09:35:27.759 69849 INFO tempest.lib.common.rest_client [req-02f1aef8-287d-4863-9858-ed50650737f4 req-02f1aef8-287d-4863-9858-ed50650737f4 ] Request (FlavorsV255TestJSON:test_crud_flavor): 200 PUT http://10.180.1.21/compute/v2.1/flavors/604567587 1.420s
2025-04-22 09:35:27.772 69843 INFO tempest.lib.common.rest_client [req-676525b8-15eb-47af-9df1-aab95d0c0861 req-676525b8-15eb-47af-9df1-aab95d0c0861 ] Request (InstanceUsageAuditLogTestJSON:tearDownClass): 204 DELETE http://10.180.1.21/identity/v3/projects/d7114ea4f48f4334bb6db8997f29c680 0.246s
2025-04-22 09:35:27.773 69843 INFO tempest.lib.common.dynamic_creds [-] Deleting project and security group for project: ac7d20143adf4010a2d75b1b288c5b9a
2025-04-22 09:35:27.776 69819 INFO tempest.lib.common.rest_client [req-5121e366-e892-4b9d-82ea-f2b2361664c9 req-5121e366-e892-4b9d-82ea-f2b2361664c9 ] Request (FlavorsExtraSpecsNegativeTestJSON:test_flavor_non_admin_update_specific_key): 200 POST http://10.180.1.21/compute/v2.1/flavors/1290406046/os-extra_specs 1.429s
2025-04-22 09:35:27.794 69831 INFO tempest.lib.common.rest_client [req-885851cf-b0c5-492f-b74a-5941be5423a7 req-885851cf-b0c5-492f-b74a-5941be5423a7 ] Request (HypervisorAdminNegativeUnderV252Test:test_show_servers_with_non_admin_user): 200 GET http://10.180.1.21/compute/v2.1/os-hypervisors 1.426s
2025-04-22 09:35:27.795 69813 INFO tempest.lib.common.rest_client [req-847197da-ac36-4de6-b157-835fd2ffa0bd req-847197da-ac36-4de6-b157-835fd2ffa0bd ] Request (HypervisorAdminV253TestBase:tearDownClass): 200 GET http://10.180.1.21:9696/networking/v2.0/security-groups?tenant_id=0fcfca08500643759ab52a7bd225ef25&name=default 0.108s
2025-04-22 09:35:27.813 69799 INFO tempest.lib.common.rest_client [req-c2c06edd-226e-48b3-9d9c-750e2d755a32 req-c2c06edd-226e-48b3-9d9c-750e2d755a32 ] Request (NetworksTest:tearDownClass): 201 POST http://10.180.1.21/identity/v3/auth/tokens 0.228s
2025-04-22 09:35:27.827 69827 INFO tempest.lib.common.rest_client [req-9073aa57-2f5b-4b81-9a59-2ad41592be78 req-9073aa57-2f5b-4b81-9a59-2ad41592be78 ] Request (QuotasAdminTestJSON:setUpClass): 201 POST http://10.180.1.21/identity/v3/auth/tokens 0.223s
2025-04-22 09:35:27.855 69793 INFO tempest.lib.common.rest_client [req-4710b37b-c7ce-4369-8b55-accdd25ce966 req-4710b37b-c7ce-4369-8b55-accdd25ce966 ] Request (FloatingIPDetailsTestJSON:setUpClass): 200 GET http://10.180.1.21/identity/v3/domains?name=Default 0.218s
2025-04-22 09:35:27.876 69801 INFO tempest.lib.common.rest_client [req-62d49b85-400d-4bd4-a8e1-6806721b676f req-62d49b85-400d-4bd4-a8e1-6806721b676f ] Request (ServersTestManualDisk:setUpClass): 200 GET http://10.180.1.21/identity/v3/domains?name=Default 0.120s
2025-04-22 09:35:27.881 69843 INFO tempest.lib.common.rest_client [req-8cca71cf-8b57-4905-bfa9-1e858c29b5f4 req-8cca71cf-8b57-4905-bfa9-1e858c29b5f4 ] Request (InstanceUsageAuditLogTestJSON:tearDownClass): 200 GET http://10.180.1.21:9696/networking/v2.0/security-groups?tenant_id=ac7d20143adf4010a2d75b1b288c5b9a&name=default 0.108s
2025-04-22 09:35:27.897 69827 INFO tempest.lib.common.rest_client [req-00fd9ca2-ff38-454d-915a-0d0634707c94 req-00fd9ca2-ff38-454d-915a-0d0634707c94 ] Request (QuotasAdminTestJSON:setUpClass): 200 GET http://10.180.1.21/identity/v3/domains?name=Default 0.069s
2025-04-22 09:35:27.932 69793 INFO tempest.lib.common.rest_client [req-5d93126a-cf28-48bb-bbc2-ba933a38426f req-5d93126a-cf28-48bb-bbc2-ba933a38426f ] Request (FloatingIPDetailsTestJSON:setUpClass): 201 POST http://10.180.1.21/identity/v3/projects 0.076s
2025-04-22 09:35:27.955 69791 INFO tempest.lib.common.rest_client [req-bb2a98f2-a1de-4ab0-b659-9eb54e85bac0 req-bb2a98f2-a1de-4ab0-b659-9eb54e85bac0 ] Request (DeleteServersAdminTestJSON:test_admin_delete_servers_of_others): 200 GET http://10.180.1.21/compute/v2.1/servers/dc2614b1-95b8-4887-8ca6-efe92921c926 1.555s
2025-04-22 09:35:27.975 69851 INFO tempest.lib.common.rest_client [req-34a7dc73-0c27-49f9-b918-2d3561b74bbb req-34a7dc73-0c27-49f9-b918-2d3561b74bbb ] Request (VolumesAssistedSnapshotsTest:setUpClass): 201 POST http://10.180.1.21:9696/networking/v2.0/routers 0.747s
2025-04-22 09:35:27.991 69827 INFO tempest.lib.common.rest_client [req-448a7923-5bca-4148-9a9a-50c28f3fd1c2 req-448a7923-5bca-4148-9a9a-50c28f3fd1c2 ] Request (QuotasAdminTestJSON:setUpClass): 201 POST http://10.180.1.21/identity/v3/projects 0.093s
2025-04-22 09:35:28.009 69843 INFO tempest.lib.common.rest_client [req-b771a895-7df4-4823-9b74-1df68362cbf4 req-b771a895-7df4-4823-9b74-1df68362cbf4 ] Request (InstanceUsageAuditLogTestJSON:tearDownClass): 204 DELETE http://10.180.1.21:9696/networking/v2.0/security-groups/fd1c3c13-483b-402b-8e1d-842fdd743d40 0.127s
2025-04-22 09:35:28.021 69801 INFO tempest.lib.common.rest_client [req-1453d532-c2cd-4731-986e-f0ce64cf4a09 req-1453d532-c2cd-4731-986e-f0ce64cf4a09 ] Request (ServersTestManualDisk:setUpClass): 201 POST http://10.180.1.21/identity/v3/projects 0.144s
2025-04-22 09:35:28.023 69823 INFO tempest.lib.common.rest_client [req-995b082e-482c-4c7f-b2ba-44fbfeb58920 req-995b082e-482c-4c7f-b2ba-44fbfeb58920 ] Request (QuotaClassesAdmin257Test:_run_cleanups): 200 PUT http://10.180.1.21/compute/v2.1/os-quota-class-sets/default 1.505s
2025-04-22 09:35:28.083 69813 INFO tempest.lib.common.rest_client [req-ee28f380-c98a-41dd-b3a2-ec48d60fc268 req-ee28f380-c98a-41dd-b3a2-ec48d60fc268 ] Request (HypervisorAdminV253TestBase:tearDownClass): 204 DELETE http://10.180.1.21:9696/networking/v2.0/security-groups/6761a18d-6d2d-4eab-81b0-6e756e6798b0 0.288s
2025-04-22 09:35:28.090 69799 INFO tempest.lib.common.rest_client [req-b78f8b87-0a34-4105-8cd5-a16f87009722 req-b78f8b87-0a34-4105-8cd5-a16f87009722 ] Request (NetworksTest:tearDownClass): 200 GET http://10.180.1.21:9696/networking/v2.0/security-groups?tenant_id=b67d18ae76b44fdca1e418bbdbe7b93d&name=default 0.277s
2025-04-22 09:35:28.109 69793 INFO tempest.lib.common.rest_client [req-2630f0b9-792f-4068-a03a-9aa8d8babd2f req-2630f0b9-792f-4068-a03a-9aa8d8babd2f ] Request (FloatingIPDetailsTestJSON:setUpClass): 201 POST http://10.180.1.21/identity/v3/users 0.176s
2025-04-22 09:35:28.137 69827 INFO tempest.lib.common.rest_client [req-b229f071-9367-458f-bc6c-7503ebf1f147 req-b229f071-9367-458f-bc6c-7503ebf1f147 ] Request (QuotasAdminTestJSON:setUpClass): 201 POST http://10.180.1.21/identity/v3/users 0.146s
2025-04-22 09:35:28.186 69801 INFO tempest.lib.common.rest_client [req-cc109073-e1ec-46a8-a548-442434ef558b req-cc109073-e1ec-46a8-a548-442434ef558b ] Request (ServersTestManualDisk:setUpClass): 201 POST http://10.180.1.21/identity/v3/users 0.164s
2025-04-22 09:35:28.208 69843 INFO tempest.lib.common.rest_client [req-6d80148d-da30-40b9-a6af-070c88174a08 req-6d80148d-da30-40b9-a6af-070c88174a08 ] Request (InstanceUsageAuditLogTestJSON:tearDownClass): 204 DELETE http://10.180.1.21/identity/v3/projects/ac7d20143adf4010a2d75b1b288c5b9a 0.199s
2025-04-22 09:35:28.246 69829 INFO tempest.lib.common.rest_client [req-b4c39103-4c03-4598-afed-50479e030140 req-b4c39103-4c03-4598-afed-50479e030140 ] Request (AggregatesAdminNegativeTestJSON:test_aggregate_add_existent_host): 200 POST http://10.180.1.21/compute/v2.1/os-aggregates/1/action 1.980s
2025-04-22 09:35:28.287 69799 INFO tempest.lib.common.rest_client [req-ea9d2215-f7a5-415e-9f3f-422e8c02af43 req-ea9d2215-f7a5-415e-9f3f-422e8c02af43 ] Request (NetworksTest:tearDownClass): 204 DELETE http://10.180.1.21:9696/networking/v2.0/security-groups/275ab67b-641a-4c1a-a16c-bca6bc8454a9 0.193s
2025-04-22 09:35:28.288 69839 INFO tempest.lib.common.rest_client [req-afbe72a7-7abc-4621-bcdd-a341a35a8472 req-afbe72a7-7abc-4621-bcdd-a341a35a8472 ] Request (FlavorsV261TestJSON:test_crud_flavor): 200 GET http://10.180.1.21/compute/v2.1/flavors/detail 1.630s
2025-04-22 09:35:28.307 69807 INFO tempest.lib.common.rest_client [req-892e682d-a6a3-4cd6-bd73-6f4b2ce3d73b req-892e682d-a6a3-4cd6-bd73-6f4b2ce3d73b ] Request (FlavorsAdminTestJSON:test_create_flavor_verify_entry_in_list_details): 200 POST http://10.180.1.21/compute/v2.1/flavors 1.615s
2025-04-22 09:35:28.325 69813 INFO tempest.lib.common.rest_client [req-c98d3481-a120-4000-ba5e-a129377fdbf1 req-c98d3481-a120-4000-ba5e-a129377fdbf1 ] Request (HypervisorAdminV253TestBase:tearDownClass): 204 DELETE http://10.180.1.21/identity/v3/projects/0fcfca08500643759ab52a7bd225ef25 0.241s
2025-04-22 09:35:28.345 69845 INFO tempest.lib.common.rest_client [req-972a722f-34bc-45fd-9c03-c7f1bb9fe0b0 req-972a722f-34bc-45fd-9c03-c7f1bb9fe0b0 ] Request (ImagesMetadataTestJSON:test_delete_image_metadata_item): 204 DELETE http://10.180.1.21/compute/v2.1/images/ae7ca99a-c541-463c-8449-f80f87b4dcbd/metadata/os_version 1.716s
2025-04-22 09:35:28.347 69823 INFO tempest.lib.common.rest_client [req-b68162ca-6af1-40c3-bc34-1ae94d30c6f8 req-b68162ca-6af1-40c3-bc34-1ae94d30c6f8 ] Request (QuotaClassesAdmin257Test:tearDownClass): 204 DELETE http://10.180.1.21/identity/v3/users/500dd62523234f34a25f6d6d7d76faad 0.318s
2025-04-22 09:35:28.356 69795 INFO tempest.lib.common.rest_client [req-7517e6d4-2312-4b92-beb3-174e80a0b309 req-7517e6d4-2312-4b92-beb3-174e80a0b309 ] Request (ServersWithSpecificFlavorTestJSON:test_verify_created_server_ephemeral_disk): 200 GET http://10.180.1.21/compute/v2.1/flavors/42/os-extra_specs 1.277s
2025-04-22 09:35:28.405 69827 INFO tempest.lib.common.rest_client [req-85dc1d6c-cb70-44c6-9a8a-804c9f06db18 req-85dc1d6c-cb70-44c6-9a8a-804c9f06db18 ] Request (QuotasAdminTestJSON:setUpClass): 200 GET http://10.180.1.21/identity/v3/roles 0.268s
2025-04-22 09:35:28.410 69793 INFO tempest.lib.common.rest_client [req-ad626c2e-309a-4d33-95d2-3408d64bbc5b req-ad626c2e-309a-4d33-95d2-3408d64bbc5b ] Request (FloatingIPDetailsTestJSON:setUpClass): 200 GET http://10.180.1.21/identity/v3/roles 0.298s
2025-04-22 09:35:28.438 69843 INFO tempest.lib.common.rest_client [req-370e4d48-fce6-4f5c-9254-e23b1e3665fb req-370e4d48-fce6-4f5c-9254-e23b1e3665fb ] Request (ListImagesTestJSON:setUpClass): 201 POST http://10.180.1.21/identity/v3/auth/tokens 0.228s
2025-04-22 09:35:28.441 69801 INFO tempest.lib.common.rest_client [req-00e72159-08cc-42cf-bef6-acd43c80add3 req-00e72159-08cc-42cf-bef6-acd43c80add3 ] Request (ServersTestManualDisk:setUpClass): 200 GET http://10.180.1.21/identity/v3/roles 0.255s
2025-04-22 09:35:28.495 69799 INFO tempest.lib.common.rest_client [req-897abf31-c07a-4082-b38e-a75ac59fe337 req-897abf31-c07a-4082-b38e-a75ac59fe337 ] Request (NetworksTest:tearDownClass): 204 DELETE http://10.180.1.21/identity/v3/projects/b67d18ae76b44fdca1e418bbdbe7b93d 0.207s
2025-04-22 09:35:28.495 69799 INFO tempest.lib.common.dynamic_creds [-] Deleting project and security group for project: e8e178ca2f614326ab4491755a21bbe2
2025-04-22 09:35:28.516 69813 INFO tempest.lib.common.rest_client [req-36097631-2110-4409-9cbf-919d957062a1 req-36097631-2110-4409-9cbf-919d957062a1 ] Request (FloatingIPDetailsNegativeTestJSON:setUpClass): 201 POST http://10.180.1.21/identity/v3/auth/tokens 0.189s
2025-04-22 09:35:28.564 69827 INFO tempest.lib.common.rest_client [req-945b8875-32c5-4ba2-9591-d39a2aec8040 req-945b8875-32c5-4ba2-9591-d39a2aec8040 ] Request (QuotasAdminTestJSON:setUpClass): 204 PUT http://10.180.1.21/identity/v3/projects/8ce74721c12648c9aab80ae4a83f9e6c/users/46c6ceacd2ac4b41ade4a70e3a259a9a/roles/eae3a6f181ff45c0aca302fff38d4c8d 0.158s
2025-04-22 09:35:28.564 69827 INFO tempest.lib.common.dynamic_creds [-] Dynamic test user 46c6ceacd2ac4b41ade4a70e3a259a9a is created with scope project and roles: ['member']
2025-04-22 09:35:28.564 69827 INFO tempest.lib.common.dynamic_creds [-] Acquired dynamic creds: credentials: Credentials: {'domain_id': 'default', 'domain_name': 'Default', 'username': 'tempest-QuotasAdminTestJSON-52938642-project-member', 'project_domain_id': 'default', 'project_domain_name': 'Default', 'project_id': '8ce74721c12648c9aab80ae4a83f9e6c', 'project_name': 'tempest-QuotasAdminTestJSON-52938642', 'tenant_id': '8ce74721c12648c9aab80ae4a83f9e6c', 'tenant_name': 'tempest-QuotasAdminTestJSON-52938642', 'user_domain_id': 'default', 'user_domain_name': 'Default', 'user_id': '46c6ceacd2ac4b41ade4a70e3a259a9a', 'system': None}, Network: None, Subnet: None, Router: None
2025-04-22 09:35:28.564 69827 INFO tempest.lib.common.dynamic_creds [-] Created isolated network resources for: credentials: Credentials: {'domain_id': 'default', 'domain_name': 'Default', 'username': 'tempest-QuotasAdminTestJSON-52938642-project-member', 'project_domain_id': 'default', 'project_domain_name': 'Default', 'project_id': '8ce74721c12648c9aab80ae4a83f9e6c', 'project_name': 'tempest-QuotasAdminTestJSON-52938642', 'tenant_id': '8ce74721c12648c9aab80ae4a83f9e6c', 'tenant_name': 'tempest-QuotasAdminTestJSON-52938642', 'user_domain_id': 'default', 'user_domain_name': 'Default', 'user_id': '46c6ceacd2ac4b41ade4a70e3a259a9a', 'system': None}, Network: None, Subnet: None, Router: None
2025-04-22 09:35:28.583 69823 INFO tempest.lib.common.rest_client [req-3d6d3e61-97d3-4e07-bf41-d3e682751e99 req-3d6d3e61-97d3-4e07-bf41-d3e682751e99 ] Request (QuotaClassesAdmin257Test:tearDownClass): 204 DELETE http://10.180.1.21/identity/v3/users/d25a529fcc5645bda6672e1f95122c7b 0.236s
2025-04-22 09:35:28.583 69823 INFO tempest.lib.common.dynamic_creds [-] Deleting project and security group for project: 9d87af96b46749a7bc3f80e6e0217dd5
2025-04-22 09:35:28.659 69843 INFO tempest.lib.common.rest_client [req-66e6e90f-3346-4dc4-843b-5387862dd5e0 req-66e6e90f-3346-4dc4-843b-5387862dd5e0 ] Request (ListImagesTestJSON:setUpClass): 201 POST http://10.180.1.21/identity/v3/auth/tokens 0.218s
2025-04-22 09:35:28.663 69793 INFO tempest.lib.common.rest_client [req-7f740900-d8b4-4892-84d6-64a2221b0c53 req-7f740900-d8b4-4892-84d6-64a2221b0c53 ] Request (FloatingIPDetailsTestJSON:setUpClass): 204 PUT http://10.180.1.21/identity/v3/projects/3904615f78714781a9192a3ea626b809/users/ab802e3b5ea34d47a60e017ce3c0ad0f/roles/eae3a6f181ff45c0aca302fff38d4c8d 0.252s
2025-04-22 09:35:28.663 69793 INFO tempest.lib.common.dynamic_creds [-] Dynamic test user ab802e3b5ea34d47a60e017ce3c0ad0f is created with scope project and roles: ['member']
2025-04-22 09:35:28.664 69793 INFO tempest.lib.common.dynamic_creds [-] Acquired dynamic creds: credentials: Credentials: {'domain_id': 'default', 'domain_name': 'Default', 'username': 'tempest-FloatingIPDetailsTestJSON-196578375-project-member', 'project_domain_id': 'default', 'project_domain_name': 'Default', 'project_id': '3904615f78714781a9192a3ea626b809', 'project_name': 'tempest-FloatingIPDetailsTestJSON-196578375', 'tenant_id': '3904615f78714781a9192a3ea626b809', 'tenant_name': 'tempest-FloatingIPDetailsTestJSON-196578375', 'user_domain_id': 'default', 'user_domain_name': 'Default', 'user_id': 'ab802e3b5ea34d47a60e017ce3c0ad0f', 'system': None}, Network: None, Subnet: None, Router: None
2025-04-22 09:35:28.694 69799 INFO tempest.lib.common.rest_client [req-e80fd517-ef1b-488a-a19e-a05202304b54 req-e80fd517-ef1b-488a-a19e-a05202304b54 ] Request (NetworksTest:tearDownClass): 200 GET http://10.180.1.21:9696/networking/v2.0/security-groups?tenant_id=e8e178ca2f614326ab4491755a21bbe2&name=default 0.199s
2025-04-22 09:35:28.727 69801 INFO tempest.lib.common.rest_client [req-37a7a434-5f2e-4a7e-aee7-90faa20e1d56 req-37a7a434-5f2e-4a7e-aee7-90faa20e1d56 ] Request (ServersTestManualDisk:setUpClass): 204 PUT http://10.180.1.21/identity/v3/projects/2b8dc36bed3a4bf5ae76fbc0c3c252a9/users/156a0d2281654a8c85c6580ea18091a5/roles/eae3a6f181ff45c0aca302fff38d4c8d 0.284s
2025-04-22 09:35:28.727 69801 INFO tempest.lib.common.dynamic_creds [-] Dynamic test user 156a0d2281654a8c85c6580ea18091a5 is created with scope project and roles: ['member']
2025-04-22 09:35:28.727 69801 INFO tempest.lib.common.dynamic_creds [-] Acquired dynamic creds: credentials: Credentials: {'domain_id': 'default', 'domain_name': 'Default', 'username': 'tempest-ServersTestManualDisk-1552660528-project-member', 'project_domain_id': 'default', 'project_domain_name': 'Default', 'project_id': '2b8dc36bed3a4bf5ae76fbc0c3c252a9', 'project_name': 'tempest-ServersTestManualDisk-1552660528', 'tenant_id': '2b8dc36bed3a4bf5ae76fbc0c3c252a9', 'tenant_name': 'tempest-ServersTestManualDisk-1552660528', 'user_domain_id': 'default', 'user_domain_name': 'Default', 'user_id': '156a0d2281654a8c85c6580ea18091a5', 'system': None}, Network: None, Subnet: None, Router: None
2025-04-22 09:35:28.776 69813 INFO tempest.lib.common.rest_client [req-c022b77d-f357-465f-98ba-2d9eb2fee8e7 req-c022b77d-f357-465f-98ba-2d9eb2fee8e7 ] Request (FloatingIPDetailsNegativeTestJSON:setUpClass): 201 POST http://10.180.1.21/identity/v3/auth/tokens 0.258s
2025-04-22 09:35:28.802 69821 INFO tempest.lib.common.rest_client [req-cfccba63-3c6f-4811-8cf0-325c12ff2ce4 req-cfccba63-3c6f-4811-8cf0-325c12ff2ce4 ] Request (QuotasAdminNegativeTest:test_create_server_when_instances_quota_is_full): 200 GET http://10.180.1.21/compute/v2.1/os-quota-sets/79092b93aa954386bdaeb7774731e17c 1.900s
2025-04-22 09:35:28.828 69799 INFO tempest.lib.common.rest_client [req-7e4ecead-5880-4bfa-b375-4feaf9165e8d req-7e4ecead-5880-4bfa-b375-4feaf9165e8d ] Request (NetworksTest:tearDownClass): 204 DELETE http://10.180.1.21:9696/networking/v2.0/security-groups/f13ea904-e491-4396-919c-9a4da0a7c7a0 0.133s
2025-04-22 09:35:28.828 69825 INFO tempest.lib.common.rest_client [req-86d87d6c-6b78-4d46-8b39-ad25a02e3b0e req-86d87d6c-6b78-4d46-8b39-ad25a02e3b0e ] Request (ServicesAdminTestJSON:test_list_services): 200 GET http://10.180.1.21/compute/v2.1/os-services 1.720s
2025-04-22 09:35:28.857 69833 INFO tempest.lib.common.rest_client [req-e096590a-f91a-480f-a26f-ccf900f90823 req-e096590a-f91a-480f-a26f-ccf900f90823 ] Request (FlavorMetadataValidation:_run_cleanups): 200 GET http://10.180.1.21/compute/v2.1/flavors/detail 1.744s
2025-04-22 09:35:28.866 69827 INFO tempest.lib.common.rest_client [req-fc5ae9f8-3b24-4f95-a80c-ea77729f9c0f req-fc5ae9f8-3b24-4f95-a80c-ea77729f9c0f ] Request (QuotasAdminTestJSON:setUpClass): 201 POST http://10.180.1.21/identity/v3/auth/tokens 0.296s
2025-04-22 09:35:28.881 69809 INFO tempest.lib.common.rest_client [req-8516633b-c791-41a8-9c9b-136a1b407d7e req-8516633b-c791-41a8-9c9b-136a1b407d7e ] Request (FlavorsAccessNegativeTestJSON:test_remove_flavor_access_not_found): 404 POST http://10.180.1.21/compute/v2.1/flavors/163351819/action 1.798s
2025-04-22 09:35:28.891 69823 INFO tempest.lib.common.rest_client [req-ce27bf57-a228-4c2c-b4fa-84f69f8d51d5 req-ce27bf57-a228-4c2c-b4fa-84f69f8d51d5 ] Request (QuotaClassesAdmin257Test:tearDownClass): 201 POST http://10.180.1.21/identity/v3/auth/tokens 0.307s
2025-04-22 09:35:28.892 69843 INFO tempest.lib.common.rest_client [req-ea06df92-7cbf-49ba-b674-5695653ad929 req-ea06df92-7cbf-49ba-b674-5695653ad929 ] Request (ListImagesTestJSON:setUpClass): 200 GET http://10.180.1.21/identity/v3/domains?name=Default 0.232s
2025-04-22 09:35:28.914 69793 INFO tempest.lib.common.rest_client [req-357d4c6c-9ec7-4936-acab-3314dcba0d2a req-357d4c6c-9ec7-4936-acab-3314dcba0d2a ] Request (FloatingIPDetailsTestJSON:setUpClass): 201 POST http://10.180.1.21/identity/v3/auth/tokens 0.250s
2025-04-22 09:35:28.915 69851 INFO tempest.lib.common.rest_client [req-0cb9b98d-3ba3-4d4f-a326-41a5628e4af5 req-0cb9b98d-3ba3-4d4f-a326-41a5628e4af5 ] Request (VolumesAssistedSnapshotsTest:setUpClass): 200 PUT http://10.180.1.21:9696/networking/v2.0/routers/d6ffffe6-6dc7-416e-8f52-167c8ef1596e/add_router_interface 0.938s
2025-04-22 09:35:28.915 69851 INFO tempest.lib.common.dynamic_creds [-] Created isolated network resources for: credentials: Credentials: {'domain_id': 'default', 'domain_name': 'Default', 'username': 'tempest-VolumesAssistedSnapshotsTest-523894828-project', 'project_domain_id': 'default', 'project_domain_name': 'Default', 'project_id': 'a97f0ee1d82f4b6aba92fb59a8f9d946', 'project_name': 'tempest-VolumesAssistedSnapshotsTest-523894828', 'tenant_id': 'a97f0ee1d82f4b6aba92fb59a8f9d946', 'tenant_name': 'tempest-VolumesAssistedSnapshotsTest-523894828', 'user_domain_id': 'default', 'user_domain_name': 'Default', 'user_id': 'c24dd0f5d05c492a8abdb6d4f8019901', 'system': None}, Network: {'id': 'e3998d69-ff3c-4f51-9905-2f782511302c', 'name': 'tempest-VolumesAssistedSnapshotsTest-1616464772-network', 'tenant_id': 'a97f0ee1d82f4b6aba92fb59a8f9d946', 'admin_state_up': True, 'mtu': 8950, 'status': 'ACTIVE', 'subnets': [], 'shared': False, 'project_id': 'a97f0ee1d82f4b6aba92fb59a8f9d946', 'port_security_enabled': True, 'router:external': False, 'provider:network_type': 'vlan', 'provider:physical_network': 'default', 'provider:segmentation_id': 585, 'availability_zone_hints': [], 'availability_zones': [], 'ipv4_address_scope': None, 'ipv6_address_scope': None, 'description': '', 'tags': [], 'created_at': '2025-04-22T09:35:26Z', 'updated_at': '2025-04-22T09:35:26Z', 'revision_number': 1}, Subnet: {'id': '849b8988-795d-4b7b-b19a-5fc17e04669e', 'name': 'tempest-VolumesAssistedSnapshotsTest-1616464772-subnet', 'tenant_id': 'a97f0ee1d82f4b6aba92fb59a8f9d946', 'network_id': 'e3998d69-ff3c-4f51-9905-2f782511302c', 'ip_version': 4, 'subnetpool_id': None, 'enable_dhcp': True, 'ipv6_ra_mode': None, 'ipv6_address_mode': None, 'gateway_ip': '192.168.128.1', 'cidr': '192.168.128.0/28', 'allocation_pools': [{'start': '192.168.128.2', 'end': '192.168.128.14'}], 'host_routes': [], 'dns_nameservers': [], 'description': '', 'router:external': False, 'service_types': [], 'tags': [], 'created_at': '2025-04-22T09:35:27Z', 'updated_at': '2025-04-22T09:35:27Z', 'revision_number': 0, 'project_id': 'a97f0ee1d82f4b6aba92fb59a8f9d946'}, Router: {'id': 'd6ffffe6-6dc7-416e-8f52-167c8ef1596e', 'name': 'tempest-VolumesAssistedSnapshotsTest-1616464772-router', 'tenant_id': 'a97f0ee1d82f4b6aba92fb59a8f9d946', 'admin_state_up': True, 'status': 'ACTIVE', 'external_gateway_info': {'network_id': 'b6060e81-d43d-4fba-b5a6-47ae7f6a5fc5', 'external_fixed_ips': [{'subnet_id': 'a6ecc944-9248-4ee0-8ab2-d8ab882b294a', 'ip_address': '10.180.180.206'}], 'enable_snat': True}, 'description': '', 'availability_zones': [], 'distributed': False, 'ha': False, 'availability_zone_hints': [], 'routes': [], 'flavor_id': None, 'tags': [], 'created_at': '2025-04-22T09:35:27Z', 'updated_at': '2025-04-22T09:35:27Z', 'revision_number': 2, 'project_id': 'a97f0ee1d82f4b6aba92fb59a8f9d946'}
2025-04-22 09:35:28.937 69797 INFO tempest.lib.common.rest_client [req-4755dea7-b030-43ca-a9da-a45135430829 req-4755dea7-b030-43ca-a9da-a45135430829 ] Request (ServerDiagnosticsTest:test_get_server_diagnostics): 200 GET http://10.180.1.21/compute/v2.1/servers/e1ecc905-22da-434a-8ddf-a66f88ab47fb 1.729s
2025-04-22 09:35:28.937 69813 INFO tempest.lib.common.rest_client [req-9f643bc8-1741-46a4-981b-e1c9486e2450 req-9f643bc8-1741-46a4-981b-e1c9486e2450 ] Request (FloatingIPDetailsNegativeTestJSON:setUpClass): 200 GET http://10.180.1.21/identity/v3/domains?name=Default 0.160s
2025-04-22 09:35:28.940 69801 INFO tempest.lib.common.rest_client [req-f4b0b4b7-4be7-45c2-9af7-5424a4d2a9a5 req-f4b0b4b7-4be7-45c2-9af7-5424a4d2a9a5 ] Request (ServersTestManualDisk:setUpClass): 201 POST http://10.180.1.21/identity/v3/auth/tokens 0.213s
2025-04-22 09:35:28.983 69837 INFO tempest.lib.common.rest_client [req-fa250af8-36ad-422f-9973-2355b7ffd5c5 req-fa250af8-36ad-422f-9973-2355b7ffd5c5 ] Request (ServersAdminNegativeTestJSON:setUpClass): 200 GET http://10.180.1.21/compute/v2.1/servers/4465f156-09cc-4eba-90e4-be76f3010363 1.658s
2025-04-22 09:35:28.990 69799 INFO tempest.lib.common.rest_client [req-f631c531-6a95-4827-80a5-ce0bb7193a35 req-f631c531-6a95-4827-80a5-ce0bb7193a35 ] Request (NetworksTest:tearDownClass): 204 DELETE http://10.180.1.21/identity/v3/projects/e8e178ca2f614326ab4491755a21bbe2 0.161s
2025-04-22 09:35:28.995 69825 INFO tempest.lib.common.rest_client [req-7853756d-c63b-4f22-adeb-8b0df5ae2321 req-7853756d-c63b-4f22-adeb-8b0df5ae2321 ] Request (ServicesAdminTestJSON:tearDownClass): 204 DELETE http://10.180.1.21/identity/v3/users/dda21def96654573b79927b0223f75e0 0.162s
2025-04-22 09:35:29.060 69827 INFO tempest.lib.common.rest_client [req-f6e3b9c8-f7f5-487c-93a2-e8346cb63c28 req-f6e3b9c8-f7f5-487c-93a2-e8346cb63c28 ] Request (QuotasAdminTestJSON:setUpClass): 201 POST http://10.180.1.21/identity/v3/projects 0.193s
2025-04-22 09:35:29.136 69853 INFO tempest.lib.common.rest_client [req-6a9fa72f-0351-4dec-a402-e096dc09fc01 req-6a9fa72f-0351-4dec-a402-e096dc09fc01 ] Request (HypervisorAdminNegativeTestJSON:test_get_hypervisor_uptime_with_non_admin_user): 200 GET http://10.180.1.21/compute/v2.1/os-hypervisors 2.017s
2025-04-22 09:35:29.142 69843 INFO tempest.lib.common.rest_client [req-dbe7f754-421b-4a88-a2e2-214036f355d0 req-dbe7f754-421b-4a88-a2e2-214036f355d0 ] Request (ListImagesTestJSON:setUpClass): 201 POST http://10.180.1.21/identity/v3/projects 0.249s
2025-04-22 09:35:29.158 69833 INFO tempest.lib.common.rest_client [req-63e40f99-8052-4010-8afa-67e2697d1be8 req-63e40f99-8052-4010-8afa-67e2697d1be8 ] Request (FlavorMetadataValidation:tearDownClass): 204 DELETE http://10.180.1.21/identity/v3/users/cdcc93fe1f204947b5304ed1f5b8e70d 0.286s
2025-04-22 09:35:29.191 69847 INFO tempest.lib.common.rest_client [req-6168e7de-0d69-4a0f-91fd-3e4f8911ea6f req-6168e7de-0d69-4a0f-91fd-3e4f8911ea6f ] Request (ServerDiagnosticsNegativeTest:test_get_server_diagnostics_by_non_admin): 200 GET http://10.180.1.21/compute/v2.1/servers/48bc79bc-df56-4523-808f-a71b391062b9 1.676s
2025-04-22 09:35:29.198 69841 INFO tempest.lib.common.rest_client [req-1c2e715b-6ea8-4ef8-91e9-d9d24c302170 req-1c2e715b-6ea8-4ef8-91e9-d9d24c302170 ] Request (TenantUsagesNegativeTestJSON:test_get_usage_tenant_with_invalid_date): 400 GET http://10.180.1.21/compute/v2.1/os-simple-tenant-usage/2f39f220709b451383a976f6e8cf9609?start=2025-04-23T09%3A35%3A25.987893&end=2025-04-21T09%3A35%3A25.987893 1.681s
2025-04-22 09:35:29.199 69847 INFO tempest.common.waiters [-] State transition "BUILD/scheduling" ==> "BUILD/None" after 3 second wait
2025-04-22 09:35:29.230 69851 INFO tempest.lib.common.rest_client [req-b72d4b23-4f74-4b3a-8865-1b89ec309f24 req-b72d4b23-4f74-4b3a-8865-1b89ec309f24 ] Request (VolumesAssistedSnapshotsTest:setUpClass): 201 POST http://10.180.1.21/identity/v3/auth/tokens 0.313s
2025-04-22 09:35:29.232 69811 INFO tempest.lib.common.rest_client [req-b24f8db0-57b6-4311-a64e-8372898cc02b req-b24f8db0-57b6-4311-a64e-8372898cc02b ] Request (FlavorsExtraSpecsTestJSON:test_flavor_non_admin_get_specific_key): 200 POST http://10.180.1.21/compute/v2.1/flavors/352382395/os-extra_specs 1.677s
2025-04-22 09:35:29.319 69813 INFO tempest.lib.common.rest_client [req-fdd73a7c-31eb-473e-adf7-b3b216fc1c02 req-fdd73a7c-31eb-473e-adf7-b3b216fc1c02 ] Request (FloatingIPDetailsNegativeTestJSON:setUpClass): 201 POST http://10.180.1.21/identity/v3/projects 0.381s
2025-04-22 09:35:29.348 69815 INFO tempest.lib.common.rest_client [req-6a5de0e2-1d8f-453a-a7a1-3453714093f7 req-6a5de0e2-1d8f-453a-a7a1-3453714093f7 ] Request (ServersV294TestFqdnHostnames:setUpClass): 202 POST http://10.180.1.21/compute/v2.1/servers 1.916s
2025-04-22 09:35:29.371 69803 INFO tempest.lib.common.rest_client [req-147f79dd-f0cf-488c-9eb2-bef6bb117d29 req-147f79dd-f0cf-488c-9eb2-bef6bb117d29 ] Request (HypervisorAdminTestJSON:test_get_hypervisor_stats): 200 GET http://10.180.1.21/compute/v2.1/os-hypervisors/statistics 1.639s
2025-04-22 09:35:29.404 69849 INFO tempest.lib.common.rest_client [req-4f8a161d-4d2b-4e47-8036-3ea22c90e47e req-4f8a161d-4d2b-4e47-8036-3ea22c90e47e ] Request (FlavorsV255TestJSON:test_crud_flavor): 200 GET http://10.180.1.21/compute/v2.1/flavors/detail 1.640s
2025-04-22 09:35:29.407 69819 INFO tempest.lib.common.rest_client [req-9b94cd42-0df3-4cdc-9744-4edd3edd6c94 req-9b94cd42-0df3-4cdc-9744-4edd3edd6c94 ] Request (FlavorsExtraSpecsNegativeTestJSON:test_flavor_non_admin_update_specific_key): 403 PUT http://10.180.1.21/compute/v2.1/flavors/1290406046/os-extra_specs/hw:numa_nodes 1.630s
2025-04-22 09:35:29.416 69831 INFO tempest.lib.common.rest_client [req-75ba990e-b79d-4d12-970c-74bd3c07ffe5 req-75ba990e-b79d-4d12-970c-74bd3c07ffe5 ] Request (HypervisorAdminNegativeUnderV252Test:test_show_servers_with_non_admin_user): 403 GET http://10.180.1.21/compute/v2.1/os-hypervisors/1/servers 1.620s
2025-04-22 09:35:29.416 69799 INFO tempest.lib.common.rest_client [req-1ff8fea5-8c5a-4b79-967e-8e55f2f55f9c req-1ff8fea5-8c5a-4b79-967e-8e55f2f55f9c ] Request (QuotasAdminTestV236:setUpClass): 201 POST http://10.180.1.21/identity/v3/auth/tokens 0.424s
2025-04-22 09:35:29.434 69823 INFO tempest.lib.common.rest_client [req-bec4190e-d8b2-4aa1-af44-99e3397d8f43 req-bec4190e-d8b2-4aa1-af44-99e3397d8f43 ] Request (QuotaClassesAdmin257Test:tearDownClass): 200 GET http://10.180.1.21:9696/networking/v2.0/security-groups?tenant_id=9d87af96b46749a7bc3f80e6e0217dd5&name=default 0.542s
2025-04-22 09:35:29.451 69827 INFO tempest.lib.common.rest_client [req-8bd1312f-b19d-459f-bae6-cdf655f2b638 req-8bd1312f-b19d-459f-bae6-cdf655f2b638 ] Request (QuotasAdminTestJSON:setUpClass): 201 POST http://10.180.1.21/identity/v3/users 0.390s
2025-04-22 09:35:29.478 69825 INFO tempest.lib.common.rest_client [req-a11952da-8bff-49a9-a633-f0aed0b8c3ba req-a11952da-8bff-49a9-a633-f0aed0b8c3ba ] Request (ServicesAdminTestJSON:tearDownClass): 204 DELETE http://10.180.1.21/identity/v3/users/ec2eee700597439ba9d78c1996d2e21a 0.482s
2025-04-22 09:35:29.478 69825 INFO tempest.lib.common.dynamic_creds [-] Deleting project and security group for project: 15773b631ddb4eb7b16bf00cca160283
2025-04-22 09:35:29.508 69817 INFO tempest.lib.common.rest_client [req-7d2cc3aa-851a-43ec-a4f4-fc88875ff50a req-7d2cc3aa-851a-43ec-a4f4-fc88875ff50a ] Request (ImagesNegativeTestJSON:test_create_image_from_deleted_server): 200 GET http://10.180.1.21/compute/v2.1/servers/ec7a6b3c-2a2f-4edd-8b79-ba55551d6159 1.298s
2025-04-22 09:35:29.518 69843 INFO tempest.lib.common.rest_client [req-41a6570a-a51c-471c-8f6b-e7108aaae097 req-41a6570a-a51c-471c-8f6b-e7108aaae097 ] Request (ListImagesTestJSON:setUpClass): 201 POST http://10.180.1.21/identity/v3/users 0.375s
2025-04-22 09:35:29.572 69833 INFO tempest.lib.common.rest_client [req-eac31d08-45d2-4357-bb44-e2916523f3c8 req-eac31d08-45d2-4357-bb44-e2916523f3c8 ] Request (FlavorMetadataValidation:tearDownClass): 204 DELETE http://10.180.1.21/identity/v3/users/cc1bedb6f1e84f71b0027409d35d1508 0.413s
2025-04-22 09:35:29.573 69833 INFO tempest.lib.common.dynamic_creds [-] Deleting project and security group for project: 65cae4dea8dd41f6ac86f4cd4ed07f5f
2025-04-22 09:35:29.579 69823 INFO tempest.lib.common.rest_client [req-8ee1c7e2-97db-4a58-8670-b26f8f2ce249 req-8ee1c7e2-97db-4a58-8670-b26f8f2ce249 ] Request (QuotaClassesAdmin257Test:tearDownClass): 204 DELETE http://10.180.1.21:9696/networking/v2.0/security-groups/f0c39210-6be2-4247-beeb-ea589c898cc3 0.145s
2025-04-22 09:35:29.629 69813 INFO tempest.lib.common.rest_client [req-b722572a-a118-4dbd-b852-a26d77077e8f req-b722572a-a118-4dbd-b852-a26d77077e8f ] Request (FloatingIPDetailsNegativeTestJSON:setUpClass): 201 POST http://10.180.1.21/identity/v3/users 0.309s
2025-04-22 09:35:29.654 69799 INFO tempest.lib.common.rest_client [req-4807c4d3-d0e8-4371-9270-1d65528a9ccf req-4807c4d3-d0e8-4371-9270-1d65528a9ccf ] Request (QuotasAdminTestV236:setUpClass): 201 POST http://10.180.1.21/identity/v3/auth/tokens 0.236s
2025-04-22 09:35:29.664 69805 INFO tempest.lib.common.rest_client [req-14574a37-0bb3-4f59-8c42-66c5f542dec4 req-14574a37-0bb3-4f59-8c42-66c5f542dec4 ] Request (ImagesOneServerNegativeTestJSON:setUpClass): 200 GET http://10.180.1.21/compute/v2.1/servers/91d5b0db-63a5-4290-af9b-264a5ce4cd95 1.455s
