2025-04-22 09:35:29.677 69805 INFO tempest.common.waiters [-] State transition "BUILD/networking" ==> "BUILD/spawning" after 5 second wait
2025-04-22 09:35:29.677 69827 INFO tempest.lib.common.rest_client [req-06488d4f-613e-4634-962b-8416d993cfcf req-06488d4f-613e-4634-962b-8416d993cfcf ] Request (QuotasAdminTestJSON:setUpClass): 200 GET http://10.180.1.21/identity/v3/roles 0.225s
2025-04-22 09:35:29.704 69803 INFO tempest.lib.common.rest_client [req-b7398cbe-7dc8-458a-8873-2194711ec219 req-b7398cbe-7dc8-458a-8873-2194711ec219 ] Request (HypervisorAdminTestJSON:tearDownClass): 204 DELETE http://10.180.1.21/identity/v3/users/7a7512f6fe6f4d62832f66c9d70cdd6e 0.329s
2025-04-22 09:35:29.706 69793 INFO tempest.lib.common.rest_client [req-0a4df69f-fe14-4332-98ae-30d338087ef8 req-0a4df69f-fe14-4332-98ae-30d338087ef8 ] Request (FloatingIPDetailsTestJSON:setUpClass): 201 POST http://10.180.1.21:9696/networking/v2.0/networks 0.791s
2025-04-22 09:35:29.753 69829 INFO tempest.lib.common.rest_client [req-916d2022-a7d1-49ef-9c55-9da3f898ec3f req-916d2022-a7d1-49ef-9c55-9da3f898ec3f ] Request (AggregatesAdminNegativeTestJSON:test_aggregate_add_existent_host): 409 POST http://10.180.1.21/compute/v2.1/os-aggregates/1/action 1.504s
2025-04-22 09:35:29.756 69825 INFO tempest.lib.common.rest_client [req-ed2d248f-e06c-4c91-8f5f-0a3ebac656c7 req-ed2d248f-e06c-4c91-8f5f-0a3ebac656c7 ] Request (ServicesAdminTestJSON:tearDownClass): 201 POST http://10.180.1.21/identity/v3/auth/tokens 0.278s
2025-04-22 09:35:29.779 69839 INFO tempest.lib.common.rest_client [req-02da0798-4d60-4c0e-81ef-69956bc97b7b req-02da0798-4d60-4c0e-81ef-69956bc97b7b ] Request (FlavorsV261TestJSON:test_crud_flavor): 200 GET http://10.180.1.21/compute/v2.1/flavors 1.478s
2025-04-22 09:35:29.788 69843 INFO tempest.lib.common.rest_client [req-6f689c97-1d47-4f3e-929a-d7e98369f961 req-6f689c97-1d47-4f3e-929a-d7e98369f961 ] Request (ListImagesTestJSON:setUpClass): 200 GET http://10.180.1.21/identity/v3/roles 0.270s
2025-04-22 09:35:29.810 69807 INFO tempest.lib.common.rest_client [req-34cebb90-c36d-49f7-b5b6-375c342c5953 req-34cebb90-c36d-49f7-b5b6-375c342c5953 ] Request (FlavorsAdminTestJSON:test_create_flavor_verify_entry_in_list_details): 200 GET http://10.180.1.21/compute/v2.1/flavors/detail 1.500s
2025-04-22 09:35:29.826 69833 INFO tempest.lib.common.rest_client [req-d6482862-af90-4459-b7a0-fcee1d5b1904 req-d6482862-af90-4459-b7a0-fcee1d5b1904 ] Request (FlavorMetadataValidation:tearDownClass): 201 POST http://10.180.1.21/identity/v3/auth/tokens 0.254s
2025-04-22 09:35:29.848 69845 INFO tempest.lib.common.rest_client [req-f1133ddc-2952-474a-83d2-c2b8d13d3c59 req-f1133ddc-2952-474a-83d2-c2b8d13d3c59 ] Request (ImagesMetadataTestJSON:test_delete_image_metadata_item): 200 GET http://10.180.1.21/compute/v2.1/images/ae7ca99a-c541-463c-8449-f80f87b4dcbd/metadata 1.503s
2025-04-22 09:35:29.893 69795 INFO tempest.lib.common.rest_client [req-dae9a624-3ce9-440d-a393-8e445cd4bb2f req-dae9a624-3ce9-440d-a393-8e445cd4bb2f ] Request (ServersWithSpecificFlavorTestJSON:test_verify_created_server_ephemeral_disk): 200 POST http://10.180.1.21/compute/v2.1/flavors/1397452327/os-extra_specs 1.535s
2025-04-22 09:35:29.896 69801 INFO tempest.lib.common.rest_client [req-2a381561-1297-4b5c-85f8-d6c0c243d13f req-2a381561-1297-4b5c-85f8-d6c0c243d13f ] Request (ServersTestManualDisk:setUpClass): 201 POST http://10.180.1.21:9696/networking/v2.0/networks 0.955s
2025-04-22 09:35:29.912 69823 INFO tempest.lib.common.rest_client [req-a1ed1f49-2be7-4d4f-b9c7-9c8416b329da req-a1ed1f49-2be7-4d4f-b9c7-9c8416b329da ] Request (QuotaClassesAdmin257Test:tearDownClass): 204 DELETE http://10.180.1.21/identity/v3/projects/9d87af96b46749a7bc3f80e6e0217dd5 0.332s
2025-04-22 09:35:29.912 69851 INFO tempest.lib.common.rest_client [req-32e7a089-58d1-4096-9461-9ae3d23da289 req-32e7a089-58d1-4096-9461-9ae3d23da289 ] Request (VolumesAssistedSnapshotsTest:test_volume_assisted_snapshot_create_delete): 202 POST http://10.180.1.21/volume/v3/volumes 0.679s
2025-04-22 09:35:29.912 69823 INFO tempest.lib.common.dynamic_creds [-] Deleting project and security group for project: 40749e02d39d4b3daf227679dcf01407
2025-04-22 09:35:29.930 69835 INFO tempest.lib.common.rest_client [req-a40a1e03-4a2c-46f8-af13-0041d1e81e89 req-a40a1e03-4a2c-46f8-af13-0041d1e81e89 ] Request (FlavorsAccessTestJSON:test_flavor_access_add_remove): 200 POST http://10.180.1.21/compute/v2.1/flavors/26486682/action 2.215s
2025-04-22 09:35:29.937 69793 INFO tempest.lib.common.rest_client [req-50f2dc40-09dc-47a5-b3ac-a831e6640c2a req-50f2dc40-09dc-47a5-b3ac-a831e6640c2a ] Request (FloatingIPDetailsTestJSON:setUpClass): 201 POST http://10.180.1.21:9696/networking/v2.0/subnets 0.231s
2025-04-22 09:35:29.954 69809 INFO tempest.lib.common.rest_client [req-2f2ab715-d2e1-44ab-9c6c-935f0f4fc86b req-2f2ab715-d2e1-44ab-9c6c-935f0f4fc86b ] Request (FlavorsAccessNegativeTestJSON:_run_cleanups): 202 DELETE http://10.180.1.21/compute/v2.1/flavors/163351819 1.072s
2025-04-22 09:35:29.985 69813 INFO tempest.lib.common.rest_client [req-7645db96-beda-4e22-b2e0-9102ec0b5939 req-7645db96-beda-4e22-b2e0-9102ec0b5939 ] Request (FloatingIPDetailsNegativeTestJSON:setUpClass): 200 GET http://10.180.1.21/identity/v3/roles 0.356s
2025-04-22 09:35:29.993 69851 INFO tempest.lib.common.rest_client [req-a4f25411-a9c8-46f1-9e50-3930d1487738 req-a4f25411-a9c8-46f1-9e50-3930d1487738 ] Request (VolumesAssistedSnapshotsTest:test_volume_assisted_snapshot_create_delete): 200 GET http://10.180.1.21/volume/v3/volumes/abac38e1-aef6-4f0f-88d9-c61aede17432 0.073s
2025-04-22 09:35:29.992 69799 INFO tempest.lib.common.rest_client [req-fcdf12dd-dd6c-4954-bc94-af5f549cfcb1 req-fcdf12dd-dd6c-4954-bc94-af5f549cfcb1 ] Request (QuotasAdminTestV236:setUpClass): 200 GET http://10.180.1.21/identity/v3/domains?name=Default 0.337s
2025-04-22 09:35:30.047 69827 INFO tempest.lib.common.rest_client [req-04f25684-3d7d-4ee1-b175-663f3d62320d req-04f25684-3d7d-4ee1-b175-663f3d62320d ] Request (QuotasAdminTestJSON:setUpClass): 204 PUT http://10.180.1.21/identity/v3/projects/accda3bda61a4b74b7610a03af530a20/users/60011c4c588b4085927573bead313b38/roles/d4590339a43d4584ad30877f18e75ac0 0.369s
2025-04-22 09:35:30.050 69791 INFO tempest.lib.common.rest_client [req-bda1696b-5389-46e2-b50c-251c868390a3 req-bda1696b-5389-46e2-b50c-251c868390a3 ] Request (DeleteServersAdminTestJSON:test_admin_delete_servers_of_others): 200 GET http://10.180.1.21/compute/v2.1/servers/dc2614b1-95b8-4887-8ca6-efe92921c926 1.087s
2025-04-22 09:35:30.054 69853 INFO tempest.lib.common.rest_client [req-79afd9d6-0a25-4cab-a667-f955abaa9a22 req-79afd9d6-0a25-4cab-a667-f955abaa9a22 ] Request (HypervisorAdminNegativeTestJSON:test_get_hypervisor_uptime_with_non_admin_user): 403 GET http://10.180.1.21/compute/v2.1/os-hypervisors/1/uptime 0.916s
2025-04-22 09:35:30.060 69791 INFO tempest.common.waiters [-] State transition "BUILD/None" ==> "BUILD/networking" after 5 second wait
2025-04-22 09:35:30.128 69803 INFO tempest.lib.common.rest_client [req-38e2fcff-2886-4596-b1b2-a81bc8013b36 req-38e2fcff-2886-4596-b1b2-a81bc8013b36 ] Request (HypervisorAdminTestJSON:tearDownClass): 204 DELETE http://10.180.1.21/identity/v3/users/69881182877847cdb4fc7c1cd95cb5c5 0.423s
2025-04-22 09:35:30.128 69803 INFO tempest.lib.common.dynamic_creds [-] Deleting project and security group for project: 5c9d5c1463a3459a97b031077da4a896
2025-04-22 09:35:30.143 69823 INFO tempest.lib.common.rest_client [req-8ff685e2-6716-4976-a855-2c9906c90e42 req-8ff685e2-6716-4976-a855-2c9906c90e42 ] Request (QuotaClassesAdmin257Test:tearDownClass): 200 GET http://10.180.1.21:9696/networking/v2.0/security-groups?tenant_id=40749e02d39d4b3daf227679dcf01407&name=default 0.230s
2025-04-22 09:35:30.200 69843 INFO tempest.lib.common.rest_client [req-6336e867-8b5b-48e2-8710-21ddcc457f14 req-6336e867-8b5b-48e2-8710-21ddcc457f14 ] Request (ListImagesTestJSON:setUpClass): 204 PUT http://10.180.1.21/identity/v3/projects/7bf10c7c77814b45b47a2c726d03ef40/users/b5aa126ec5964b44a173434c252e7efa/roles/eae3a6f181ff45c0aca302fff38d4c8d 0.411s
2025-04-22 09:35:30.200 69843 INFO tempest.lib.common.dynamic_creds [-] Dynamic test user b5aa126ec5964b44a173434c252e7efa is created with scope project and roles: ['member']
2025-04-22 09:35:30.201 69843 INFO tempest.lib.common.dynamic_creds [-] Acquired dynamic creds: credentials: Credentials: {'domain_id': 'default', 'domain_name': 'Default', 'username': 'tempest-ListImagesTestJSON-1407861211-project-member', 'project_domain_id': 'default', 'project_domain_name': 'Default', 'project_id': '7bf10c7c77814b45b47a2c726d03ef40', 'project_name': 'tempest-ListImagesTestJSON-1407861211', 'tenant_id': '7bf10c7c77814b45b47a2c726d03ef40', 'tenant_name': 'tempest-ListImagesTestJSON-1407861211', 'user_domain_id': 'default', 'user_domain_name': 'Default', 'user_id': 'b5aa126ec5964b44a173434c252e7efa', 'system': None}, Network: None, Subnet: None, Router: None
2025-04-22 09:35:30.201 69843 INFO tempest.lib.common.dynamic_creds [-] Created isolated network resources for: credentials: Credentials: {'domain_id': 'default', 'domain_name': 'Default', 'username': 'tempest-ListImagesTestJSON-1407861211-project-member', 'project_domain_id': 'default', 'project_domain_name': 'Default', 'project_id': '7bf10c7c77814b45b47a2c726d03ef40', 'project_name': 'tempest-ListImagesTestJSON-1407861211', 'tenant_id': '7bf10c7c77814b45b47a2c726d03ef40', 'tenant_name': 'tempest-ListImagesTestJSON-1407861211', 'user_domain_id': 'default', 'user_domain_name': 'Default', 'user_id': 'b5aa126ec5964b44a173434c252e7efa', 'system': None}, Network: None, Subnet: None, Router: None
2025-04-22 09:35:30.273 69801 INFO tempest.lib.common.rest_client [req-465bdb66-d6a1-4ccc-9b13-f7cffd0245c3 req-465bdb66-d6a1-4ccc-9b13-f7cffd0245c3 ] Request (ServersTestManualDisk:setUpClass): 201 POST http://10.180.1.21:9696/networking/v2.0/subnets 0.377s
2025-04-22 09:35:30.289 69813 INFO tempest.lib.common.rest_client [req-f7b26efd-f7a3-440c-8740-d2c92a0f5cf6 req-f7b26efd-f7a3-440c-8740-d2c92a0f5cf6 ] Request (FloatingIPDetailsNegativeTestJSON:setUpClass): 204 PUT http://10.180.1.21/identity/v3/projects/81457c636bf74529885c99ebdf4de93d/users/236442350c6649a48ab4b2f1091dc453/roles/eae3a6f181ff45c0aca302fff38d4c8d 0.303s
2025-04-22 09:35:30.290 69813 INFO tempest.lib.common.dynamic_creds [-] Dynamic test user 236442350c6649a48ab4b2f1091dc453 is created with scope project and roles: ['member']
2025-04-22 09:35:30.290 69799 INFO tempest.lib.common.rest_client [req-e66f533a-7054-4eb9-8894-6e065d181fcb req-e66f533a-7054-4eb9-8894-6e065d181fcb ] Request (QuotasAdminTestV236:setUpClass): 201 POST http://10.180.1.21/identity/v3/projects 0.296s
2025-04-22 09:35:30.290 69813 INFO tempest.lib.common.dynamic_creds [-] Acquired dynamic creds: credentials: Credentials: {'domain_id': 'default', 'domain_name': 'Default', 'username': 'tempest-FloatingIPDetailsNegativeTestJSON-568772277-project-member', 'project_domain_id': 'default', 'project_domain_name': 'Default', 'project_id': '81457c636bf74529885c99ebdf4de93d', 'project_name': 'tempest-FloatingIPDetailsNegativeTestJSON-568772277', 'tenant_id': '81457c636bf74529885c99ebdf4de93d', 'tenant_name': 'tempest-FloatingIPDetailsNegativeTestJSON-568772277', 'user_domain_id': 'default', 'user_domain_name': 'Default', 'user_id': '236442350c6649a48ab4b2f1091dc453', 'system': None}, Network: None, Subnet: None, Router: None
2025-04-22 09:35:30.333 69823 INFO tempest.lib.common.rest_client [req-98fd77cc-6356-4f64-b903-da29a9e415cb req-98fd77cc-6356-4f64-b903-da29a9e415cb ] Request (QuotaClassesAdmin257Test:tearDownClass): 204 DELETE http://10.180.1.21:9696/networking/v2.0/security-groups/faac2f14-99b4-47fe-a3d6-f266fd7d2fd7 0.190s
2025-04-22 09:35:30.385 69827 INFO tempest.lib.common.rest_client [req-736b37f0-4525-49a2-af34-ec409527a431 req-736b37f0-4525-49a2-af34-ec409527a431 ] Request (QuotasAdminTestJSON:setUpClass): 200 GET http://10.180.1.21/identity/v3/roles 0.337s
2025-04-22 09:35:30.386 69841 INFO tempest.lib.common.rest_client [req-7c5ad083-5103-48b8-a4c4-2cdbb142bb3f req-7c5ad083-5103-48b8-a4c4-2cdbb142bb3f ] Request (TenantUsagesNegativeTestJSON:test_list_usage_all_tenants_with_non_admin_user): 403 GET http://10.180.1.21/compute/v2.1/os-simple-tenant-usage?start=2025-04-21T09%3A35%3A25.987893&end=2025-04-23T09%3A35%3A25.987893&detailed=1 1.185s
2025-04-22 09:35:30.398 69803 INFO tempest.lib.common.rest_client [req-45f21bd6-b3dc-4a7e-b9f9-c320f7596ae2 req-45f21bd6-b3dc-4a7e-b9f9-c320f7596ae2 ] Request (HypervisorAdminTestJSON:tearDownClass): 201 POST http://10.180.1.21/identity/v3/auth/tokens 0.269s
2025-04-22 09:35:30.418 69811 INFO tempest.lib.common.rest_client [req-531af688-ab26-4fb2-88fd-2b99d2f9125e req-531af688-ab26-4fb2-88fd-2b99d2f9125e ] Request (FlavorsExtraSpecsTestJSON:test_flavor_non_admin_get_specific_key): 200 GET http://10.180.1.21/compute/v2.1/flavors/352382395/os-extra_specs/hw:numa_nodes 1.183s
2025-04-22 09:35:30.429 69825 INFO tempest.lib.common.rest_client [req-40eacf74-753e-4db6-8449-4210c3d7ddc0 req-40eacf74-753e-4db6-8449-4210c3d7ddc0 ] Request (ServicesAdminTestJSON:tearDownClass): 200 GET http://10.180.1.21:9696/networking/v2.0/security-groups?tenant_id=15773b631ddb4eb7b16bf00cca160283&name=default 0.673s
2025-04-22 09:35:30.474 69843 INFO tempest.lib.common.rest_client [req-e4a278c2-dc33-48f6-a9fa-b0c75eb71ced req-e4a278c2-dc33-48f6-a9fa-b0c75eb71ced ] Request (ListImagesTestJSON:setUpClass): 201 POST http://10.180.1.21/identity/v3/auth/tokens 0.266s
2025-04-22 09:35:30.487 69799 INFO tempest.lib.common.rest_client [req-175669aa-a937-437a-98ec-e6ac6ea63649 req-175669aa-a937-437a-98ec-e6ac6ea63649 ] Request (QuotasAdminTestV236:setUpClass): 201 POST http://10.180.1.21/identity/v3/users 0.196s
2025-04-22 09:35:30.500 69813 INFO tempest.lib.common.rest_client [req-76ae36a9-5b96-46e4-a9ed-c92a57b87ba3 req-76ae36a9-5b96-46e4-a9ed-c92a57b87ba3 ] Request (FloatingIPDetailsNegativeTestJSON:setUpClass): 201 POST http://10.180.1.21/identity/v3/auth/tokens 0.209s
2025-04-22 09:35:30.506 69821 INFO tempest.lib.common.rest_client [req-b9f2a56b-8536-41e9-8a9c-076467f5e3ff req-b9f2a56b-8536-41e9-8a9c-076467f5e3ff ] Request (QuotasAdminNegativeTest:test_create_server_when_instances_quota_is_full): 200 PUT http://10.180.1.21/compute/v2.1/os-quota-sets/79092b93aa954386bdaeb7774731e17c 1.701s
2025-04-22 09:35:30.516 69827 INFO tempest.lib.common.rest_client [req-477e24dd-43fa-40f6-8643-f988599761e0 req-477e24dd-43fa-40f6-8643-f988599761e0 ] Request (QuotasAdminTestJSON:setUpClass): 204 PUT http://10.180.1.21/identity/v3/projects/accda3bda61a4b74b7610a03af530a20/users/60011c4c588b4085927573bead313b38/roles/d4590339a43d4584ad30877f18e75ac0 0.130s
2025-04-22 09:35:30.516 69827 INFO tempest.lib.common.dynamic_creds [-] Dynamic test user 60011c4c588b4085927573bead313b38 is created with scope project and roles: ['admin']
2025-04-22 09:35:30.516 69827 INFO tempest.lib.common.dynamic_creds [-] Acquired dynamic creds: credentials: Credentials: {'domain_id': 'default', 'domain_name': 'Default', 'username': 'tempest-QuotasAdminTestJSON-643507618-project-admin', 'project_domain_id': 'default', 'project_domain_name': 'Default', 'project_id': 'accda3bda61a4b74b7610a03af530a20', 'project_name': 'tempest-QuotasAdminTestJSON-643507618', 'tenant_id': 'accda3bda61a4b74b7610a03af530a20', 'tenant_name': 'tempest-QuotasAdminTestJSON-643507618', 'user_domain_id': 'default', 'user_domain_name': 'Default', 'user_id': '60011c4c588b4085927573bead313b38', 'system': None}, Network: None, Subnet: None, Router: None
2025-04-22 09:35:30.516 69819 INFO tempest.lib.common.rest_client [req-a32161e5-13f9-4411-9fcb-36975cc5ca70 req-a32161e5-13f9-4411-9fcb-36975cc5ca70 ] Request (FlavorsExtraSpecsNegativeTestJSON:test_flavor_unset_nonexistent_key): 404 DELETE http://10.180.1.21/compute/v2.1/flavors/1290406046/os-extra_specs/hw:cpu_thread_policy 1.106s
2025-04-22 09:35:30.516 69827 INFO tempest.lib.common.dynamic_creds [-] Created isolated network resources for: credentials: Credentials: {'domain_id': 'default', 'domain_name': 'Default', 'username': 'tempest-QuotasAdminTestJSON-643507618-project-admin', 'project_domain_id': 'default', 'project_domain_name': 'Default', 'project_id': 'accda3bda61a4b74b7610a03af530a20', 'project_name': 'tempest-QuotasAdminTestJSON-643507618', 'tenant_id': 'accda3bda61a4b74b7610a03af530a20', 'tenant_name': 'tempest-QuotasAdminTestJSON-643507618', 'user_domain_id': 'default', 'user_domain_name': 'Default', 'user_id': '60011c4c588b4085927573bead313b38', 'system': None}, Network: None, Subnet: None, Router: None
2025-04-22 09:35:30.520 69833 INFO tempest.lib.common.rest_client [req-b9241dbd-a79d-4bf5-b697-911cb8495e2e req-b9241dbd-a79d-4bf5-b697-911cb8495e2e ] Request (FlavorMetadataValidation:tearDownClass): 200 GET http://10.180.1.21:9696/networking/v2.0/security-groups?tenant_id=65cae4dea8dd41f6ac86f4cd4ed07f5f&name=default 0.693s
2025-04-22 09:35:30.539 69815 INFO tempest.lib.common.rest_client [req-92440904-6550-4338-a77e-e1f861b584c2 req-92440904-6550-4338-a77e-e1f861b584c2 ] Request (ServersV294TestFqdnHostnames:setUpClass): 200 GET http://10.180.1.21/compute/v2.1/servers/7be48799-ea4a-4e7f-95c2-637460596cfc 1.190s
2025-04-22 09:35:30.545 69849 INFO tempest.lib.common.rest_client [req-6fed02f7-72aa-42be-8312-b911bbc74a8a req-6fed02f7-72aa-42be-8312-b911bbc74a8a ] Request (FlavorsV255TestJSON:test_crud_flavor): 200 GET http://10.180.1.21/compute/v2.1/flavors 1.130s
2025-04-22 09:35:30.551 69831 INFO tempest.lib.common.rest_client [req-a1caec62-faf7-4a69-89cb-70125db866f8 req-a1caec62-faf7-4a69-89cb-70125db866f8 ] Request (HypervisorAdminNegativeUnderV252Test:test_show_servers_with_nonexistent_hypervisor): 404 GET http://10.180.1.21/compute/v2.1/os-hypervisors/a58aeed4-0fe8-48c0-92ec-534bc6c1f498/servers 1.133s
2025-04-22 09:35:30.576 69839 INFO tempest.lib.common.rest_client [req-68c5616e-0f99-4fab-add1-49c5151a537a req-68c5616e-0f99-4fab-add1-49c5151a537a ] Request (FlavorsV261TestJSON:_run_cleanups): 202 DELETE http://10.180.1.21/compute/v2.1/flavors/200301281 0.787s
2025-04-22 09:35:30.584 69825 INFO tempest.lib.common.rest_client [req-b07e4136-239f-4de1-a290-31260db0e05d req-b07e4136-239f-4de1-a290-31260db0e05d ] Request (ServicesAdminTestJSON:tearDownClass): 204 DELETE http://10.180.1.21:9696/networking/v2.0/security-groups/e8460539-eca9-41ca-9bb9-f8e71af25fc8 0.154s
2025-04-22 09:35:30.591 69807 INFO tempest.lib.common.rest_client [req-f2e93c07-2f28-4852-87c4-1495d60bb524 req-f2e93c07-2f28-4852-87c4-1495d60bb524 ] Request (FlavorsAdminTestJSON:_run_cleanups): 202 DELETE http://10.180.1.21/compute/v2.1/flavors/545811208 0.774s
2025-04-22 09:35:30.592 69823 INFO tempest.lib.common.rest_client [req-8bc7c610-a442-4ca5-83c5-191eceb122fe req-8bc7c610-a442-4ca5-83c5-191eceb122fe ] Request (QuotaClassesAdmin257Test:tearDownClass): 204 DELETE http://10.180.1.21/identity/v3/projects/40749e02d39d4b3daf227679dcf01407 0.258s
2025-04-22 09:35:30.656 69841 INFO tempest.lib.common.rest_client [req-7bf039b9-6d7c-482a-ae8a-de5d53036d11 req-7bf039b9-6d7c-482a-ae8a-de5d53036d11 ] Request (TenantUsagesNegativeTestJSON:tearDownClass): 204 DELETE http://10.180.1.21/identity/v3/users/f781ba5fc4694a9a8d254d631fef424e 0.269s
2025-04-22 09:35:30.705 69833 INFO tempest.lib.common.rest_client [req-792719dd-1884-4204-91c4-3e7ccf1d9034 req-792719dd-1884-4204-91c4-3e7ccf1d9034 ] Request (FlavorMetadataValidation:tearDownClass): 204 DELETE http://10.180.1.21:9696/networking/v2.0/security-groups/63c93fb8-3c0a-4b4e-bd66-8832caf66b92 0.184s
2025-04-22 09:35:30.706 69799 INFO tempest.lib.common.rest_client [req-390fd61f-cebc-4c33-bb21-9066e6097943 req-390fd61f-cebc-4c33-bb21-9066e6097943 ] Request (QuotasAdminTestV236:setUpClass): 200 GET http://10.180.1.21/identity/v3/roles 0.218s
2025-04-22 09:35:30.763 69821 INFO tempest.lib.common.rest_client [req-1482831c-9ee4-4752-b9b5-bdead2f9e673 req-1482831c-9ee4-4752-b9b5-bdead2f9e673 ] Request (QuotasAdminNegativeTest:test_create_server_when_instances_quota_is_full): 201 POST http://10.180.1.21/identity/v3/auth/tokens 0.251s
2025-04-22 09:35:30.764 69821 INFO tempest.lib.common.fixed_network [-] (QuotasAdminNegativeTest:test_create_server_when_instances_quota_is_full) Found network None available for tenant
2025-04-22 09:35:30.801 69845 INFO tempest.lib.common.rest_client [req-241872a0-bc71-4ca7-9ab1-60ce8ee5e59d req-241872a0-bc71-4ca7-9ab1-60ce8ee5e59d ] Request (ImagesMetadataTestJSON:setUp): 200 PUT http://10.180.1.21/compute/v2.1/images/ae7ca99a-c541-463c-8449-f80f87b4dcbd/metadata 0.946s
2025-04-22 09:35:30.816 69795 INFO tempest.lib.common.rest_client [req-0acca5c1-0cc8-4dd0-95e3-c2a97bd9310a req-0acca5c1-0cc8-4dd0-95e3-c2a97bd9310a ] Request (ServersWithSpecificFlavorTestJSON:test_verify_created_server_ephemeral_disk): 200 POST http://10.180.1.21/compute/v2.1/flavors 0.922s
2025-04-22 09:35:30.830 69831 INFO tempest.lib.common.rest_client [req-7bc041e1-1662-43dd-a1cf-84b286f9e857 req-7bc041e1-1662-43dd-a1cf-84b286f9e857 ] Request (HypervisorAdminNegativeUnderV252Test:tearDownClass): 204 DELETE http://10.180.1.21/identity/v3/users/ff1da56ee2444a5781c591f033701c69 0.276s
2025-04-22 09:35:30.842 69827 INFO tempest.lib.common.rest_client [req-a297120f-f1ff-4a6f-a7de-1ee5b7ef10d8 req-a297120f-f1ff-4a6f-a7de-1ee5b7ef10d8 ] Request (QuotasAdminTestJSON:setUpClass): 201 POST http://10.180.1.21/identity/v3/auth/tokens 0.321s
2025-04-22 09:35:30.843 69827 WARNING tempest.lib.common.rest_client [-] Deprecated: "tenant_id" property is deprecated for removal, use "project_id" instead
2025-04-22 09:35:30.849 69835 INFO tempest.lib.common.rest_client [req-245cf191-54fd-44f6-8659-b703b102b279 req-245cf191-54fd-44f6-8659-b703b102b279 ] Request (FlavorsAccessTestJSON:test_flavor_access_add_remove): 200 GET http://10.180.1.21/compute/v2.1/flavors/detail 0.918s
2025-04-22 09:35:30.876 69803 INFO tempest.lib.common.rest_client [req-386d071b-64c6-448e-abb1-d6b8a596a907 req-386d071b-64c6-448e-abb1-d6b8a596a907 ] Request (HypervisorAdminTestJSON:tearDownClass): 200 GET http://10.180.1.21:9696/networking/v2.0/security-groups?tenant_id=5c9d5c1463a3459a97b031077da4a896&name=default 0.478s
2025-04-22 09:35:30.896 69823 INFO tempest.lib.common.rest_client [req-f2650cf3-4501-408a-bb44-393b4bc737e7 req-f2650cf3-4501-408a-bb44-393b4bc737e7 ] Request (VolumesAdminNegativeTest:setUpClass): 201 POST http://10.180.1.21/identity/v3/auth/tokens 0.300s
2025-04-22 09:35:30.912 69797 INFO tempest.lib.common.rest_client [req-5e688547-5926-4223-9bc2-01fbe0ab6c2c req-5e688547-5926-4223-9bc2-01fbe0ab6c2c ] Request (ServerDiagnosticsTest:test_get_server_diagnostics): 200 GET http://10.180.1.21/compute/v2.1/servers/e1ecc905-22da-434a-8ddf-a66f88ab47fb 0.967s
2025-04-22 09:35:30.920 69825 INFO tempest.lib.common.rest_client [req-9c9b8d15-1ac7-4176-8bd9-4730d59425af req-9c9b8d15-1ac7-4176-8bd9-4730d59425af ] Request (ServicesAdminTestJSON:tearDownClass): 204 DELETE http://10.180.1.21/identity/v3/projects/15773b631ddb4eb7b16bf00cca160283 0.335s
2025-04-22 09:35:30.920 69825 INFO tempest.lib.common.dynamic_creds [-] Deleting project and security group for project: bc1c4e8a2a514d7db2d1259ffade3e39
2025-04-22 09:35:30.942 69809 INFO tempest.lib.common.rest_client [req-02843196-5023-494a-b4f2-b6eca0b183b9 req-02843196-5023-494a-b4f2-b6eca0b183b9 ] Request (FlavorsAccessNegativeTestJSON:_run_cleanups): 200 GET http://10.180.1.21/compute/v2.1/flavors/detail 0.987s
2025-04-22 09:35:31.015 69833 INFO tempest.lib.common.rest_client [req-14a3199e-2076-4468-b8ce-986dae35b133 req-14a3199e-2076-4468-b8ce-986dae35b133 ] Request (FlavorMetadataValidation:tearDownClass): 204 DELETE http://10.180.1.21/identity/v3/projects/65cae4dea8dd41f6ac86f4cd4ed07f5f 0.308s
2025-04-22 09:35:31.016 69833 INFO tempest.lib.common.dynamic_creds [-] Deleting project and security group for project: 621d54620f8c4038bd75b59b7542b977
2025-04-22 09:35:31.023 69841 INFO tempest.lib.common.rest_client [req-33e70d8c-93c7-4474-aa04-1272b8fa520d req-33e70d8c-93c7-4474-aa04-1272b8fa520d ] Request (TenantUsagesNegativeTestJSON:tearDownClass): 204 DELETE http://10.180.1.21/identity/v3/users/1df24a498eaa49afa44e1838faaa9d65 0.366s
2025-04-22 09:35:31.023 69841 INFO tempest.lib.common.dynamic_creds [-] Deleting project and security group for project: 2f39f220709b451383a976f6e8cf9609
2025-04-22 09:35:31.042 69851 INFO tempest.lib.common.rest_client [req-3af65ed4-352c-4d81-8b30-46bc24412149 req-3af65ed4-352c-4d81-8b30-46bc24412149 ] Request (VolumesAssistedSnapshotsTest:test_volume_assisted_snapshot_create_delete): 200 GET http://10.180.1.21/volume/v3/volumes/abac38e1-aef6-4f0f-88d9-c61aede17432 0.041s
2025-04-22 09:35:31.048 69851 INFO tempest.common.waiters [-] volume abac38e1-aef6-4f0f-88d9-c61aede17432 reached available after waiting for 1.048865 seconds
2025-04-22 09:35:31.091 69799 INFO tempest.lib.common.rest_client [req-89ffd3f2-5823-48d8-8dc9-1b881ed1bf1b req-89ffd3f2-5823-48d8-8dc9-1b881ed1bf1b ] Request (QuotasAdminTestV236:setUpClass): 204 PUT http://10.180.1.21/identity/v3/projects/de623e6bef284195ac5e538d09de1cf4/users/82cb988c408c4765bca25cc07d574502/roles/eae3a6f181ff45c0aca302fff38d4c8d 0.384s
2025-04-22 09:35:31.091 69799 INFO tempest.lib.common.dynamic_creds [-] Dynamic test user 82cb988c408c4765bca25cc07d574502 is created with scope project and roles: ['member']
2025-04-22 09:35:31.092 69799 INFO tempest.lib.common.dynamic_creds [-] Acquired dynamic creds: credentials: Credentials: {'domain_id': 'default', 'domain_name': 'Default', 'username': 'tempest-QuotasAdminTestV236-569284687-project-member', 'project_domain_id': 'default', 'project_domain_name': 'Default', 'project_id': 'de623e6bef284195ac5e538d09de1cf4', 'project_name': 'tempest-QuotasAdminTestV236-569284687', 'tenant_id': 'de623e6bef284195ac5e538d09de1cf4', 'tenant_name': 'tempest-QuotasAdminTestV236-569284687', 'user_domain_id': 'default', 'user_domain_name': 'Default', 'user_id': '82cb988c408c4765bca25cc07d574502', 'system': None}, Network: None, Subnet: None, Router: None
2025-04-22 09:35:31.092 69799 INFO tempest.lib.common.dynamic_creds [-] Created isolated network resources for: credentials: Credentials: {'domain_id': 'default', 'domain_name': 'Default', 'username': 'tempest-QuotasAdminTestV236-569284687-project-member', 'project_domain_id': 'default', 'project_domain_name': 'Default', 'project_id': 'de623e6bef284195ac5e538d09de1cf4', 'project_name': 'tempest-QuotasAdminTestV236-569284687', 'tenant_id': 'de623e6bef284195ac5e538d09de1cf4', 'tenant_name': 'tempest-QuotasAdminTestV236-569284687', 'user_domain_id': 'default', 'user_domain_name': 'Default', 'user_id': '82cb988c408c4765bca25cc07d574502', 'system': None}, Network: None, Subnet: None, Router: None
2025-04-22 09:35:31.118 69837 INFO tempest.lib.common.rest_client [req-f670c477-6293-4741-90b8-0ba075bc43e9 req-f670c477-6293-4741-90b8-0ba075bc43e9 ] Request (ServersAdminNegativeTestJSON:setUpClass): 200 GET http://10.180.1.21/compute/v2.1/servers/4465f156-09cc-4eba-90e4-be76f3010363 1.127s
2025-04-22 09:35:31.125 69853 INFO tempest.lib.common.rest_client [req-c5287607-180b-4f8d-b876-bb71833ce818 req-c5287607-180b-4f8d-b876-bb71833ce818 ] Request (HypervisorAdminNegativeTestJSON:test_get_nonexistent_hypervisor_uptime): 404 GET http://10.180.1.21/compute/v2.1/os-hypervisors/95ded596-953f-4860-956b-7633f797c7b8/uptime 1.069s
2025-04-22 09:35:31.166 69831 INFO tempest.lib.common.rest_client [req-03c9ac1a-78dc-42a7-8a54-4ec3765dae41 req-03c9ac1a-78dc-42a7-8a54-4ec3765dae41 ] Request (HypervisorAdminNegativeUnderV252Test:tearDownClass): 204 DELETE http://10.180.1.21/identity/v3/users/c34d1d2d989d45979d33e64046bd04ab 0.335s
2025-04-22 09:35:31.166 69831 INFO tempest.lib.common.dynamic_creds [-] Deleting project and security group for project: f0a79f48be19451680d4e8e3d1f20278
2025-04-22 09:35:31.194 69827 INFO tempest.lib.common.rest_client [req-4fb943df-9538-4a25-8f5c-9364d684e438 req-4fb943df-9538-4a25-8f5c-9364d684e438 ] Request (QuotasAdminTestJSON:test_delete_quota): 200 GET http://10.180.1.21/identity/v3/domains?name=Default 0.350s
2025-04-22 09:35:31.224 69847 INFO tempest.lib.common.rest_client [req-8e564b3e-379b-447c-8729-1c0e6e74fa91 req-8e564b3e-379b-447c-8729-1c0e6e74fa91 ] Request (ServerDiagnosticsNegativeTest:test_get_server_diagnostics_by_non_admin): 200 GET http://10.180.1.21/compute/v2.1/servers/48bc79bc-df56-4523-808f-a71b391062b9 1.024s
2025-04-22 09:35:31.227 69823 INFO tempest.lib.common.rest_client [req-94856767-08be-4e32-b36a-28fb7bcb9460 req-94856767-08be-4e32-b36a-28fb7bcb9460 ] Request (VolumesAdminNegativeTest:setUpClass): 201 POST http://10.180.1.21/identity/v3/auth/tokens 0.329s
2025-04-22 09:35:31.252 69811 INFO tempest.lib.common.rest_client [req-1e04ab89-d15a-410d-aa6f-7f0b37d319b3 req-1e04ab89-d15a-410d-aa6f-7f0b37d319b3 ] Request (FlavorsExtraSpecsTestJSON:test_flavor_set_get_update_show_unset_keys): 200 POST http://10.180.1.21/compute/v2.1/flavors/352382395/os-extra_specs 0.832s
2025-04-22 09:35:31.266 69803 INFO tempest.lib.common.rest_client [req-14335c9a-7d45-4dcc-8bd2-c569b354b657 req-14335c9a-7d45-4dcc-8bd2-c569b354b657 ] Request (HypervisorAdminTestJSON:tearDownClass): 204 DELETE http://10.180.1.21:9696/networking/v2.0/security-groups/80193b79-e985-4ab7-af8b-8151830ecc7b 0.390s
2025-04-22 09:35:31.284 69825 INFO tempest.lib.common.rest_client [req-327cb1e1-6916-422b-8ac6-0e0944877dfd req-327cb1e1-6916-422b-8ac6-0e0944877dfd ] Request (ServicesAdminTestJSON:tearDownClass): 200 GET http://10.180.1.21:9696/networking/v2.0/security-groups?tenant_id=bc1c4e8a2a514d7db2d1259ffade3e39&name=default 0.363s
2025-04-22 09:35:31.300 69809 INFO tempest.lib.common.rest_client [req-c2906eeb-6d97-4592-b359-8f7fef07767e req-c2906eeb-6d97-4592-b359-8f7fef07767e ] Request (FlavorsAccessNegativeTestJSON:tearDownClass): 204 DELETE http://10.180.1.21/identity/v3/users/47a9573484bc457a87421767f0c1a278 0.351s
2025-04-22 09:35:31.310 69841 INFO tempest.lib.common.rest_client [req-d9b95175-86d5-4ef6-8a23-ecef9e098da3 req-d9b95175-86d5-4ef6-8a23-ecef9e098da3 ] Request (TenantUsagesNegativeTestJSON:tearDownClass): 201 POST http://10.180.1.21/identity/v3/auth/tokens 0.287s
2025-04-22 09:35:31.359 69831 INFO tempest.lib.common.rest_client [req-5090ede0-8053-42bf-8b74-27769b05ce06 req-5090ede0-8053-42bf-8b74-27769b05ce06 ] Request (HypervisorAdminNegativeUnderV252Test:tearDownClass): 201 POST http://10.180.1.21/identity/v3/auth/tokens 0.193s
2025-04-22 09:35:31.368 69799 INFO tempest.lib.common.rest_client [req-976e5cdc-e320-4f68-9177-fba21929aa49 req-976e5cdc-e320-4f68-9177-fba21929aa49 ] Request (QuotasAdminTestV236:setUpClass): 201 POST http://10.180.1.21/identity/v3/auth/tokens 0.272s
2025-04-22 09:35:31.371 69793 INFO tempest.lib.common.rest_client [req-968ad331-7a04-435e-b997-1ec9259baa14 req-968ad331-7a04-435e-b997-1ec9259baa14 ] Request (FloatingIPDetailsTestJSON:setUpClass): 201 POST http://10.180.1.21:9696/networking/v2.0/routers 1.433s
2025-04-22 09:35:31.391 69823 INFO tempest.lib.common.rest_client [req-93bc9a33-8933-449c-93bf-1a9c7d6acc4e req-93bc9a33-8933-449c-93bf-1a9c7d6acc4e ] Request (VolumesAdminNegativeTest:setUpClass): 200 GET http://10.180.1.21/identity/v3/domains?name=Default 0.163s
2025-04-22 09:35:31.416 69825 INFO tempest.lib.common.rest_client [req-dc042615-edcb-4c91-9dec-e0b296523ee6 req-dc042615-edcb-4c91-9dec-e0b296523ee6 ] Request (ServicesAdminTestJSON:tearDownClass): 204 DELETE http://10.180.1.21:9696/networking/v2.0/security-groups/f05297f3-5fbc-4c77-89b6-61820d7c2b48 0.127s
2025-04-22 09:35:31.423 69827 INFO tempest.lib.common.rest_client [req-e860128e-e4b3-4efd-b20b-000b3a04dd40 req-e860128e-e4b3-4efd-b20b-000b3a04dd40 ] Request (QuotasAdminTestJSON:test_delete_quota): 201 POST http://10.180.1.21/identity/v3/projects 0.227s
2025-04-22 09:35:31.478 69813 INFO tempest.lib.common.rest_client [req-b5b55383-6093-41f8-9fa5-7d6d2ee0e386 req-b5b55383-6093-41f8-9fa5-7d6d2ee0e386 ] Request (FloatingIPDetailsNegativeTestJSON:setUpClass): 201 POST http://10.180.1.21:9696/networking/v2.0/networks 0.978s
2025-04-22 09:35:31.529 69833 INFO tempest.lib.common.rest_client [req-87db5e5d-3d19-4d6b-bc0e-f14806532345 req-87db5e5d-3d19-4d6b-bc0e-f14806532345 ] Request (FlavorMetadataValidation:tearDownClass): 200 GET http://10.180.1.21:9696/networking/v2.0/security-groups?tenant_id=621d54620f8c4038bd75b59b7542b977&name=default 0.513s
2025-04-22 09:35:31.565 69829 INFO tempest.lib.common.rest_client [req-6ea929fd-f6e2-481f-9431-5054c9619776 req-6ea929fd-f6e2-481f-9431-5054c9619776 ] Request (AggregatesAdminNegativeTestJSON:_run_cleanups): 200 POST http://10.180.1.21/compute/v2.1/os-aggregates/1/action 1.811s
2025-04-22 09:35:31.600 69803 INFO tempest.lib.common.rest_client [req-8e6bc661-c739-4370-a010-b15bd93945bc req-8e6bc661-c739-4370-a010-b15bd93945bc ] Request (HypervisorAdminTestJSON:tearDownClass): 204 DELETE http://10.180.1.21/identity/v3/projects/5c9d5c1463a3459a97b031077da4a896 0.333s
2025-04-22 09:35:31.600 69803 INFO tempest.lib.common.dynamic_creds [-] Deleting project and security group for project: 102a71e81aa14cdb99ba9b93f1ad95ea
2025-04-22 09:35:31.613 69809 INFO tempest.lib.common.rest_client [req-a83331d4-39ca-4e00-97cf-caf277ea1f13 req-a83331d4-39ca-4e00-97cf-caf277ea1f13 ] Request (FlavorsAccessNegativeTestJSON:tearDownClass): 204 DELETE http://10.180.1.21/identity/v3/users/d1f20c3777ae4feab180cea785a4d364 0.312s
2025-04-22 09:35:31.681 69817 INFO tempest.lib.common.rest_client [req-62a82edf-67b3-4407-91bd-6b6f975f3c53 req-62a82edf-67b3-4407-91bd-6b6f975f3c53 ] Request (ImagesNegativeTestJSON:test_create_image_from_deleted_server): 200 GET http://10.180.1.21/compute/v2.1/servers/ec7a6b3c-2a2f-4edd-8b79-ba55551d6159 1.165s
2025-04-22 09:35:31.684 69819 INFO tempest.lib.common.rest_client [req-55245606-2877-4e90-83d1-8174151e5413 req-55245606-2877-4e90-83d1-8174151e5413 ] Request (FlavorsExtraSpecsNegativeTestJSON:test_flavor_update_mismatch_key): 400 PUT http://10.180.1.21/compute/v2.1/flavors/1290406046/os-extra_specs/hw:numa_nodes 1.166s
2025-04-22 09:35:31.688 69817 INFO tempest.common.waiters [-] State transition "BUILD/None" ==> "BUILD/networking" after 7 second wait
2025-04-22 09:35:31.688 69843 INFO tempest.lib.common.rest_client [req-8d33983b-8a4e-4b27-bb40-aaafb63cea9f req-8d33983b-8a4e-4b27-bb40-aaafb63cea9f ] Request (ListImagesTestJSON:test_get_image): 200 GET http://10.180.1.21/compute/v2.1/images/afa9d32c-9f39-44fb-bf3b-50d35842a59f 1.212s
2025-04-22 09:35:31.704 69849 INFO tempest.lib.common.rest_client [req-8413e32d-8b4e-48d8-aff0-fdd1752fc46f req-8413e32d-8b4e-48d8-aff0-fdd1752fc46f ] Request (FlavorsV255TestJSON:_run_cleanups): 202 DELETE http://10.180.1.21/compute/v2.1/flavors/604567587 1.151s
2025-04-22 09:35:31.720 69839 INFO tempest.lib.common.rest_client [req-7a4ae8ae-777e-42a9-9ccd-9935477428c7 req-7a4ae8ae-777e-42a9-9ccd-9935477428c7 ] Request (FlavorsV261TestJSON:_run_cleanups): 200 GET http://10.180.1.21/compute/v2.1/flavors/detail 1.142s
2025-04-22 09:35:31.722 69799 INFO tempest.lib.common.rest_client [req-d57d1c08-09c5-431d-a6e6-636b59923ecc req-d57d1c08-09c5-431d-a6e6-636b59923ecc ] Request (QuotasAdminTestV236:setUpClass): 201 POST http://10.180.1.21/identity/v3/projects 0.353s
2025-04-22 09:35:31.732 69807 INFO tempest.lib.common.rest_client [req-97d3a892-6160-4753-b3eb-824a133c4de6 req-97d3a892-6160-4753-b3eb-824a133c4de6 ] Request (FlavorsAdminTestJSON:_run_cleanups): 200 GET http://10.180.1.21/compute/v2.1/flavors/detail 1.140s
2025-04-22 09:35:31.781 69823 INFO tempest.lib.common.rest_client [req-281cd482-d6b4-45de-9cf1-6ea2874087dd req-281cd482-d6b4-45de-9cf1-6ea2874087dd ] Request (VolumesAdminNegativeTest:setUpClass): 201 POST http://10.180.1.21/identity/v3/projects 0.389s
2025-04-22 09:35:31.789 69833 INFO tempest.lib.common.rest_client [req-c3e2c45a-8ee1-429d-969f-dda579151a6a req-c3e2c45a-8ee1-429d-969f-dda579151a6a ] Request (FlavorMetadataValidation:tearDownClass): 204 DELETE http://10.180.1.21:9696/networking/v2.0/security-groups/a40364ee-52ae-411e-8cde-ca426936b50e 0.259s
2025-04-22 09:35:31.833 69825 INFO tempest.lib.common.rest_client [req-c973cafd-c037-4745-9b05-9a9194ea4065 req-c973cafd-c037-4745-9b05-9a9194ea4065 ] Request (ServicesAdminTestJSON:tearDownClass): 204 DELETE http://10.180.1.21/identity/v3/projects/bc1c4e8a2a514d7db2d1259ffade3e39 0.416s
2025-04-22 09:35:31.849 69801 INFO tempest.lib.common.rest_client [req-ff32eeb9-ddb8-43a4-a57a-2d7aecde3fac req-ff32eeb9-ddb8-43a4-a57a-2d7aecde3fac ] Request (ServersTestManualDisk:setUpClass): 201 POST http://10.180.1.21:9696/networking/v2.0/routers 1.575s
2025-04-22 09:35:31.883 69827 INFO tempest.lib.common.rest_client [req-be516da9-fa09-4e76-b6fc-a7d58c6883c4 req-be516da9-fa09-4e76-b6fc-a7d58c6883c4 ] Request (QuotasAdminTestJSON:test_delete_quota): 200 GET http://10.180.1.21/identity/v3/domains?name=Default 0.460s
2025-04-22 09:35:31.915 69799 INFO tempest.lib.common.rest_client [req-2651949c-0702-4972-aef2-20b8be80b4d9 req-2651949c-0702-4972-aef2-20b8be80b4d9 ] Request (QuotasAdminTestV236:setUpClass): 201 POST http://10.180.1.21/identity/v3/users 0.192s
2025-04-22 09:35:31.924 69809 INFO tempest.lib.common.rest_client [req-90d9bd40-5669-498a-8693-ac71a37e9a22 req-90d9bd40-5669-498a-8693-ac71a37e9a22 ] Request (FlavorsAccessNegativeTestJSON:tearDownClass): 204 DELETE http://10.180.1.21/identity/v3/users/c0f388185c114d73bf08d3857e165de3 0.310s
2025-04-22 09:35:31.924 69809 INFO tempest.lib.common.dynamic_creds [-] Deleting project and security group for project: a9cc08854b8245f3903db1aa7540d12a
2025-04-22 09:35:31.985 69823 INFO tempest.lib.common.rest_client [req-44f2334a-de3e-4b09-ba53-484412f6b4c6 req-44f2334a-de3e-4b09-ba53-484412f6b4c6 ] Request (VolumesAdminNegativeTest:setUpClass): 201 POST http://10.180.1.21/identity/v3/users 0.203s
2025-04-22 09:35:32.030 69839 INFO tempest.lib.common.rest_client [req-2fb8dccf-82a7-4b3b-b014-02cb0304ada9 req-2fb8dccf-82a7-4b3b-b014-02cb0304ada9 ] Request (FlavorsV261TestJSON:tearDownClass): 204 DELETE http://10.180.1.21/identity/v3/users/142fad28317e48f287055926cc5e48ae 0.294s
2025-04-22 09:35:32.055 69805 INFO tempest.lib.common.rest_client [req-4971375d-6d42-437a-a781-8d90fee3f490 req-4971375d-6d42-437a-a781-8d90fee3f490 ] Request (ImagesOneServerNegativeTestJSON:setUpClass): 200 GET http://10.180.1.21/compute/v2.1/servers/91d5b0db-63a5-4290-af9b-264a5ce4cd95 1.377s
2025-04-22 09:35:32.093 69845 INFO tempest.lib.common.rest_client [req-768b680f-cd28-4d56-a2da-9a81925dd1b9 req-768b680f-cd28-4d56-a2da-9a81925dd1b9 ] Request (ImagesMetadataTestJSON:test_get_image_metadata_item): 200 GET http://10.180.1.21/compute/v2.1/images/ae7ca99a-c541-463c-8449-f80f87b4dcbd/metadata/os_distro 1.291s
2025-04-22 09:35:32.107 69833 INFO tempest.lib.common.rest_client [req-a9d199e0-a504-4741-95ff-98c1a6a61708 req-a9d199e0-a504-4741-95ff-98c1a6a61708 ] Request (FlavorMetadataValidation:tearDownClass): 204 DELETE http://10.180.1.21/identity/v3/projects/621d54620f8c4038bd75b59b7542b977 0.318s
2025-04-22 09:35:32.116 69795 INFO tempest.lib.common.rest_client [req-d8ca0538-6174-4a58-97bb-9cd74d0d2dda req-d8ca0538-6174-4a58-97bb-9cd74d0d2dda ] Request (ServersWithSpecificFlavorTestJSON:test_verify_created_server_ephemeral_disk): 200 GET http://10.180.1.21/compute/v2.1/flavors/42/os-extra_specs 1.298s
2025-04-22 09:35:32.135 69825 INFO tempest.lib.common.rest_client [req-61217e1c-2690-468e-9cbd-de501130dc53 req-61217e1c-2690-468e-9cbd-de501130dc53 ] Request (FlavorsV2NegativeTest:setUpClass): 201 POST http://10.180.1.21/identity/v3/auth/tokens 0.301s
2025-04-22 09:35:32.136 69803 INFO tempest.lib.common.rest_client [req-84404b3f-fe7b-4b56-893d-7585bc1ba19c req-84404b3f-fe7b-4b56-893d-7585bc1ba19c ] Request (HypervisorAdminTestJSON:tearDownClass): 200 GET http://10.180.1.21:9696/networking/v2.0/security-groups?tenant_id=102a71e81aa14cdb99ba9b93f1ad95ea&name=default 0.536s
2025-04-22 09:35:32.140 69831 INFO tempest.lib.common.rest_client [req-a6d7c8f1-6ef1-4083-b810-ed999024b8d2 req-a6d7c8f1-6ef1-4083-b810-ed999024b8d2 ] Request (HypervisorAdminNegativeUnderV252Test:tearDownClass): 200 GET http://10.180.1.21:9696/networking/v2.0/security-groups?tenant_id=f0a79f48be19451680d4e8e3d1f20278&name=default 0.780s
2025-04-22 09:35:32.146 69835 INFO tempest.lib.common.rest_client [req-78944f6a-f055-4538-bda9-3642fa7da912 req-78944f6a-f055-4538-bda9-3642fa7da912 ] Request (FlavorsAccessTestJSON:_run_cleanups): 202 DELETE http://10.180.1.21/compute/v2.1/flavors/26486682 1.285s
2025-04-22 09:35:32.200 69799 INFO tempest.lib.common.rest_client [req-1814962f-0608-4262-894f-26be7f10c935 req-1814962f-0608-4262-894f-26be7f10c935 ] Request (QuotasAdminTestV236:setUpClass): 200 GET http://10.180.1.21/identity/v3/roles 0.284s
2025-04-22 09:35:32.208 69809 INFO tempest.lib.common.rest_client [req-fa3c5879-b157-4401-b7de-e495c048776c req-fa3c5879-b157-4401-b7de-e495c048776c ] Request (FlavorsAccessNegativeTestJSON:tearDownClass): 201 POST http://10.180.1.21/identity/v3/auth/tokens 0.283s
2025-04-22 09:35:32.222 69813 INFO tempest.lib.common.rest_client [req-09f89e0d-22e4-42f0-bf89-c4df7e628bb8 req-09f89e0d-22e4-42f0-bf89-c4df7e628bb8 ] Request (FloatingIPDetailsNegativeTestJSON:setUpClass): 201 POST http://10.180.1.21:9696/networking/v2.0/subnets 0.743s
2025-04-22 09:35:32.228 69841 INFO tempest.lib.common.rest_client [req-b6990154-c95d-4904-b594-92f23387794a req-b6990154-c95d-4904-b594-92f23387794a ] Request (TenantUsagesNegativeTestJSON:tearDownClass): 200 GET http://10.180.1.21:9696/networking/v2.0/security-groups?tenant_id=2f39f220709b451383a976f6e8cf9609&name=default 0.917s
2025-04-22 09:35:32.228 69823 INFO tempest.lib.common.rest_client [req-587608a9-4a57-4600-a375-8e31a1ffad1d req-587608a9-4a57-4600-a375-8e31a1ffad1d ] Request (VolumesAdminNegativeTest:setUpClass): 200 GET http://10.180.1.21/identity/v3/roles 0.242s
2025-04-22 09:35:32.244 69821 INFO tempest.lib.common.rest_client [req-5b037bd4-5316-469a-94b0-2828319de31e req-5b037bd4-5316-469a-94b0-2828319de31e ] Request (QuotasAdminNegativeTest:test_create_server_when_instances_quota_is_full): 403 POST http://10.180.1.21/compute/v2.1/servers 1.479s
2025-04-22 09:35:32.272 69839 INFO tempest.lib.common.rest_client [req-ddf854aa-73e5-4698-9c3a-a4e8743e78c5 req-ddf854aa-73e5-4698-9c3a-a4e8743e78c5 ] Request (FlavorsV261TestJSON:tearDownClass): 204 DELETE http://10.180.1.21/identity/v3/users/5f0290c06d684cdcafa30f95e2ed6a21 0.242s
2025-04-22 09:35:32.272 69839 INFO tempest.lib.common.dynamic_creds [-] Deleting project and security group for project: 08c764c43d2e452e86329626c0508b3d
2025-04-22 09:35:32.289 69833 INFO tempest.lib.common.rest_client [req-ed8c993d-39b3-490e-b75a-8045cba91229 req-ed8c993d-39b3-490e-b75a-8045cba91229 ] Request (AbsoluteLimitsNegativeTestJSON:setUpClass): 201 POST http://10.180.1.21/identity/v3/auth/tokens 0.179s
2025-04-22 09:35:32.324 69825 INFO tempest.lib.common.rest_client [req-324bb54f-5b27-474c-88a9-5e65733ee574 req-324bb54f-5b27-474c-88a9-5e65733ee574 ] Request (FlavorsV2NegativeTest:setUpClass): 201 POST http://10.180.1.21/identity/v3/auth/tokens 0.186s
2025-04-22 09:35:32.350 69799 INFO tempest.lib.common.rest_client [req-9e5bfbb8-638f-44fb-829f-c31d47574194 req-9e5bfbb8-638f-44fb-829f-c31d47574194 ] Request (QuotasAdminTestV236:setUpClass): 204 PUT http://10.180.1.21/identity/v3/projects/7e608ca0506e4a5c8a71a8bc749f9ae9/users/cad9b279f9024332888532b1ba6e40d2/roles/d4590339a43d4584ad30877f18e75ac0 0.149s
2025-04-22 09:35:32.380 69803 INFO tempest.lib.common.rest_client [req-5440c502-97ab-46bd-b152-7e764fd18390 req-5440c502-97ab-46bd-b152-7e764fd18390 ] Request (HypervisorAdminTestJSON:tearDownClass): 204 DELETE http://10.180.1.21:9696/networking/v2.0/security-groups/9d2c400d-a973-4634-98c2-1c671b12a32a 0.243s
2025-04-22 09:35:32.399 69831 INFO tempest.lib.common.rest_client [req-dc0370fc-4a3a-46fc-a37a-1c8b587d5449 req-dc0370fc-4a3a-46fc-a37a-1c8b587d5449 ] Request (HypervisorAdminNegativeUnderV252Test:tearDownClass): 204 DELETE http://10.180.1.21:9696/networking/v2.0/security-groups/d47a64c4-ec0c-443a-b8be-879f1186ae45 0.259s
2025-04-22 09:35:32.430 69851 INFO tempest.lib.common.rest_client [req-7ff5643d-41c2-4dc1-8a4c-4b03df371498 req-7ff5643d-41c2-4dc1-8a4c-4b03df371498 ] Request (VolumesAssistedSnapshotsTest:test_volume_assisted_snapshot_create_delete): 200 POST http://10.180.1.21/compute/v2.1/os-keypairs 1.380s
2025-04-22 09:35:32.451 69839 INFO tempest.lib.common.rest_client [req-8b1b4f04-7dbc-40f6-9a16-deb7747ef4ac req-8b1b4f04-7dbc-40f6-9a16-deb7747ef4ac ] Request (FlavorsV261TestJSON:tearDownClass): 201 POST http://10.180.1.21/identity/v3/auth/tokens 0.178s
2025-04-22 09:35:32.454 69853 INFO tempest.lib.common.rest_client [req-20ca8753-6e2f-4e81-ad75-677f6b1a4c23 req-20ca8753-6e2f-4e81-ad75-677f6b1a4c23 ] Request (HypervisorAdminNegativeTestJSON:test_show_hypervisor_with_non_admin_user): 200 GET http://10.180.1.21/compute/v2.1/os-hypervisors 1.328s
2025-04-22 09:35:32.469 69811 INFO tempest.lib.common.rest_client [req-f87187c9-e517-45b3-85a9-decea6c0c92f req-f87187c9-e517-45b3-85a9-decea6c0c92f ] Request (FlavorsExtraSpecsTestJSON:test_flavor_set_get_update_show_unset_keys): 200 GET http://10.180.1.21/compute/v2.1/flavors/352382395/os-extra_specs 1.216s
2025-04-22 09:35:32.482 69833 INFO tempest.lib.common.rest_client [req-87424a85-03be-4388-a3ef-436fcec30238 req-87424a85-03be-4388-a3ef-436fcec30238 ] Request (AbsoluteLimitsNegativeTestJSON:setUpClass): 201 POST http://10.180.1.21/identity/v3/auth/tokens 0.191s
2025-04-22 09:35:32.484 69823 INFO tempest.lib.common.rest_client [req-a4067be8-6909-40c7-b2f5-fa2393ceacea req-a4067be8-6909-40c7-b2f5-fa2393ceacea ] Request (VolumesAdminNegativeTest:setUpClass): 204 PUT http://10.180.1.21/identity/v3/projects/b14737c5edf94580b711ca21258a8811/users/34ec94b3705a455a8bd13f54927167ea/roles/eae3a6f181ff45c0aca302fff38d4c8d 0.255s
2025-04-22 09:35:32.484 69823 INFO tempest.lib.common.dynamic_creds [-] Dynamic test user 34ec94b3705a455a8bd13f54927167ea is created with scope project and roles: ['member']
2025-04-22 09:35:32.484 69823 INFO tempest.lib.common.dynamic_creds [-] Acquired dynamic creds: credentials: Credentials: {'domain_id': 'default', 'domain_name': 'Default', 'username': 'tempest-VolumesAdminNegativeTest-1855579597-project-member', 'project_domain_id': 'default', 'project_domain_name': 'Default', 'project_id': 'b14737c5edf94580b711ca21258a8811', 'project_name': 'tempest-VolumesAdminNegativeTest-1855579597', 'tenant_id': 'b14737c5edf94580b711ca21258a8811', 'tenant_name': 'tempest-VolumesAdminNegativeTest-1855579597', 'user_domain_id': 'default', 'user_domain_name': 'Default', 'user_id': '34ec94b3705a455a8bd13f54927167ea', 'system': None}, Network: None, Subnet: None, Router: None
2025-04-22 09:35:32.508 69841 INFO tempest.lib.common.rest_client [req-fc7333e6-db0f-49b2-b20d-fa65d284f191 req-fc7333e6-db0f-49b2-b20d-fa65d284f191 ] Request (TenantUsagesNegativeTestJSON:tearDownClass): 204 DELETE http://10.180.1.21:9696/networking/v2.0/security-groups/e9f53cd1-61a8-46e7-acda-d15747aaba2f 0.279s
2025-04-22 09:35:32.547 69825 INFO tempest.lib.common.rest_client [req-e85fc3f7-0d3d-40c7-8ea8-1bea793eec72 req-e85fc3f7-0d3d-40c7-8ea8-1bea793eec72 ] Request (FlavorsV2NegativeTest:setUpClass): 200 GET http://10.180.1.21/identity/v3/domains?name=Default 0.223s
2025-04-22 09:35:32.549 69799 INFO tempest.lib.common.rest_client [req-725b2ec5-93b4-47bf-a375-69ce95092ea9 req-725b2ec5-93b4-47bf-a375-69ce95092ea9 ] Request (QuotasAdminTestV236:setUpClass): 200 GET http://10.180.1.21/identity/v3/roles 0.198s
2025-04-22 09:35:32.602 69815 INFO tempest.lib.common.rest_client [req-06131471-5826-4ab7-81b2-33b7bf369ea7 req-06131471-5826-4ab7-81b2-33b7bf369ea7 ] Request (ServersV294TestFqdnHostnames:setUpClass): 200 GET http://10.180.1.21/compute/v2.1/servers/7be48799-ea4a-4e7f-95c2-637460596cfc 1.041s
2025-04-22 09:35:32.606 69803 INFO tempest.lib.common.rest_client [req-048a3ee3-b68d-44e6-9302-3299fef50770 req-048a3ee3-b68d-44e6-9302-3299fef50770 ] Request (HypervisorAdminTestJSON:tearDownClass): 204 DELETE http://10.180.1.21/identity/v3/projects/102a71e81aa14cdb99ba9b93f1ad95ea 0.222s
2025-04-22 09:35:32.606 69831 INFO tempest.lib.common.rest_client [req-57c29445-2c0c-4c5e-9afe-6479a6b44471 req-57c29445-2c0c-4c5e-9afe-6479a6b44471 ] Request (HypervisorAdminNegativeUnderV252Test:tearDownClass): 204 DELETE http://10.180.1.21/identity/v3/projects/f0a79f48be19451680d4e8e3d1f20278 0.206s
2025-04-22 09:35:32.606 69831 INFO tempest.lib.common.dynamic_creds [-] Deleting project and security group for project: 015cd2e2e5d54e01badc90b7d85af6d8
2025-04-22 09:35:32.618 69815 INFO tempest.common.waiters [-] State transition "BUILD/scheduling" ==> "BUILD/None" after 2 second wait
2025-04-22 09:35:32.628 69829 INFO tempest.lib.common.rest_client [req-ab1ef7dd-cf59-412e-b538-0f68d0ab561d req-ab1ef7dd-cf59-412e-b538-0f68d0ab561d ] Request (AggregatesAdminNegativeTestJSON:_run_cleanups): 200 DELETE http://10.180.1.21/compute/v2.1/os-aggregates/1 1.059s
2025-04-22 09:35:32.633 69791 INFO tempest.lib.common.rest_client [req-53975202-b7b2-4b68-b80c-029d5c79eaec req-53975202-b7b2-4b68-b80c-029d5c79eaec ] Request (DeleteServersAdminTestJSON:test_admin_delete_servers_of_others): 200 GET http://10.180.1.21/compute/v2.1/servers/dc2614b1-95b8-4887-8ca6-efe92921c926 1.571s
2025-04-22 09:35:32.639 69819 INFO tempest.lib.common.rest_client [req-5f3063d5-7903-4c50-8d00-97dc0eab8bb5 req-5f3063d5-7903-4c50-8d00-97dc0eab8bb5 ] Request (FlavorsExtraSpecsNegativeTestJSON:test_flavor_update_more_key): 400 PUT http://10.180.1.21/compute/v2.1/flavors/1290406046/os-extra_specs/hw:numa_nodes 0.953s
2025-04-22 09:35:32.646 69791 INFO tempest.common.waiters [-] State transition "BUILD/networking" ==> "BUILD/spawning" after 7 second wait
