2025-04-22 09:36:44.174 69791 INFO tempest.lib.common.rest_client [req-8622ffb8-829c-40a0-b340-44e09fab1dba req-8622ffb8-829c-40a0-b340-44e09fab1dba ] Request (DeleteServersAdminTestJSON:test_delete_server_while_in_error_state): 204 DELETE http://10.180.1.21/compute/v2.1/servers/77a5665d-b00f-42c2-a1e8-319dfd232b06 0.712s
2025-04-22 09:36:44.174 69835 INFO tempest.lib.common.rest_client [req-40dcc7af-20b8-429c-99f4-c6f261879c83 req-40dcc7af-20b8-429c-99f4-c6f261879c83 ] Request (ListServersNegativeTestJSON:setUpClass): 201 POST http://10.180.1.21/identity/v3/auth/tokens 0.096s
2025-04-22 09:36:44.205 69835 INFO tempest.lib.common.rest_client [req-84474601-16f4-4b99-9bd3-4a9270233a63 req-84474601-16f4-4b99-9bd3-4a9270233a63 ] Request (ListServersNegativeTestJSON:setUpClass): 201 POST http://10.180.1.21/identity/v3/auth/tokens 0.028s
2025-04-22 09:36:44.206 69835 INFO tempest.lib.common.fixed_network [-] (ListServersNegativeTestJSON:setUpClass) Found network {'id': 'eb5b4354-900c-49ff-b7a0-136b394c6750', 'name': 'tempest-ListServersNegativeTestJSON-1780636412-network', 'tenant_id': 'ed51355b6daf4d4689f27ee4b8208618', 'admin_state_up': True, 'mtu': 8950, 'status': 'ACTIVE', 'subnets': [], 'shared': False, 'project_id': 'ed51355b6daf4d4689f27ee4b8208618', 'port_security_enabled': True, 'router:external': False, 'provider:network_type': 'vlan', 'provider:physical_network': 'default', 'provider:segmentation_id': 242, 'availability_zone_hints': [], 'availability_zones': [], 'ipv4_address_scope': None, 'ipv6_address_scope': None, 'description': '', 'tags': [], 'created_at': '2025-04-22T09:36:41Z', 'updated_at': '2025-04-22T09:36:41Z', 'revision_number': 1} available for tenant
2025-04-22 09:36:44.219 69847 INFO tempest.lib.common.rest_client [req-6a46ae2e-dc97-4648-ac1a-bdfb33d9a4eb req-6a46ae2e-dc97-4648-ac1a-bdfb33d9a4eb ] Request (ServersTestBootFromVolume:setUpClass): 200 GET http://10.180.1.21/volume/v3/volumes/f89046dd-6d18-4fc2-bdc5-f7976aa2861d 0.032s
2025-04-22 09:36:44.326 69849 INFO tempest.lib.common.rest_client [req-2ab747fa-ce9a-41f5-a63a-75b6fa898a20 req-2ab747fa-ce9a-41f5-a63a-75b6fa898a20 ] Request (MultipleCreateTestJSON:test_multiple_create): 200 GET http://10.180.1.21/compute/v2.1/servers/3eda17da-111c-412d-9af4-d3a40b7d8faa 0.703s
2025-04-22 09:36:44.334 69849 INFO tempest.common.waiters [-] State transition "BUILD/spawning" ==> "ACTIVE/None" after 35 second wait
2025-04-22 09:36:44.444 69813 INFO tempest.lib.common.rest_client [req-ef83e4b9-2310-4522-916f-1a221f7130ad req-ef83e4b9-2310-4522-916f-1a221f7130ad ] Request (SecurityGroupsTestJSON:test_security_groups_create_list_delete): 200 POST http://10.180.1.21/compute/v2.1/os-security-groups 0.798s
2025-04-22 09:36:44.504 69805 INFO tempest.lib.common.rest_client [req-542dbbbb-b190-4b03-b633-e264b803a680 req-542dbbbb-b190-4b03-b633-e264b803a680 ] Request (ImagesOneServerNegativeTestJSON:_run_cleanups): 200 GET http://10.180.1.21/compute/v2.1/servers/91d5b0db-63a5-4290-af9b-264a5ce4cd95 0.813s
2025-04-22 09:36:44.563 69809 INFO tempest.lib.common.rest_client [req-c8563704-a571-4fe1-95ec-e3cea17b6363 req-c8563704-a571-4fe1-95ec-e3cea17b6363 ] Request (ServersAdmin275Test:test_rebuild_update_server_275): 200 GET http://10.180.1.21/compute/v2.1/servers/3149cd80-503c-42e4-ac91-54aababe84e3 0.810s
2025-04-22 09:36:44.574 69809 INFO tempest.common.waiters [-] State transition "BUILD/None" ==> "BUILD/block_device_mapping" after 29 second wait
2025-04-22 09:36:44.613 69837 INFO tempest.lib.common.rest_client [req-f70c040b-69ec-4c4a-9415-30d4f69bb15c req-f70c040b-69ec-4c4a-9415-30d4f69bb15c ] Request (ServersAdminNegativeTestJSON:test_resize_server_using_overlimit_vcpus): 200 GET http://10.180.1.21/compute/v2.1/os-quota-sets/600beee10e4b450d89447fde07ccbf65 0.820s
2025-04-22 09:36:44.666 69803 INFO tempest.lib.common.rest_client [req-83a00864-9af1-4cb2-8843-cedf42a2b20a req-83a00864-9af1-4cb2-8843-cedf42a2b20a ] Request (FloatingIPsAssociationTestJSON:setUpClass): 200 GET http://10.180.1.21/compute/v2.1/servers/b41845c6-46bd-4b3b-ab26-d7d2dad08f84 0.848s
2025-04-22 09:36:44.717 69793 INFO tempest.lib.common.rest_client [req-430aa03b-5d08-4b18-8bef-a535b6b4bf46 req-430aa03b-5d08-4b18-8bef-a535b6b4bf46 ] Request (ImagesOneServerTestJSON:setUpClass): 200 GET http://10.180.1.21/compute/v2.1/servers/4c2e12bf-3f16-47de-a604-44b62a6c7137 0.838s
2025-04-22 09:36:44.784 69839 INFO tempest.lib.common.rest_client [req-9992f620-2451-4695-9c9b-091248e68d43 req-9992f620-2451-4695-9c9b-091248e68d43 ] Request (ServersNegativeTestMultiTenantJSON:tearDownClass): 200 GET http://10.180.1.21/compute/v2.1/servers/a22a4d65-56eb-4313-bd0e-81148981f5b8 0.898s
2025-04-22 09:36:44.844 69833 INFO tempest.lib.common.rest_client [req-a16c44ba-11a6-463c-8a35-96a9d775baf4 req-a16c44ba-11a6-463c-8a35-96a9d775baf4 ] Request (ServerActionsTestJSON:setUpClass): 200 POST http://10.180.1.21/compute/v2.1/os-keypairs 0.903s
2025-04-22 09:36:44.926 69845 INFO tempest.lib.common.rest_client [req-dde0d7bb-d66e-4832-b6cb-1d32d7f63069 req-dde0d7bb-d66e-4832-b6cb-1d32d7f63069 ] Request (ServerAddressesNegativeTestJSON:tearDownClass): 200 GET http://10.180.1.21/compute/v2.1/servers/3c253a57-1c93-4e8d-aaa1-1331c0547d85 0.983s
2025-04-22 09:36:44.959 69833 INFO tempest.lib.common.rest_client [req-af0beff6-e836-43cb-9969-158a206b46f8 req-af0beff6-e836-43cb-9969-158a206b46f8 ] Request (ServerActionsTestJSON:setUpClass): 201 POST http://10.180.1.21:9696/networking/v2.0/security-groups 0.113s
2025-04-22 09:36:44.981 69851 INFO tempest.lib.common.rest_client [req-b8c74128-be11-4766-8cc4-d8a262a357fc req-b8c74128-be11-4766-8cc4-d8a262a357fc ] Request (VolumesAssistedSnapshotsTest:test_volume_assisted_snapshot_create_delete): 200 POST http://10.180.1.21/compute/v2.1/servers/9cfd8425-c1aa-4dbc-afa4-3a5aa10428de/os-volume_attachments 2.071s
2025-04-22 09:36:45.019 69851 INFO tempest.lib.common.rest_client [req-0998ee89-ade6-40c1-8f18-807f1cd2f61d req-0998ee89-ade6-40c1-8f18-807f1cd2f61d ] Request (VolumesAssistedSnapshotsTest:test_volume_assisted_snapshot_create_delete): 200 GET http://10.180.1.21/volume/v3/volumes/abac38e1-aef6-4f0f-88d9-c61aede17432 0.035s
2025-04-22 09:36:45.030 69831 INFO tempest.lib.common.rest_client [req-72709118-c517-4e95-ae8d-e57e67d30c1b req-72709118-c517-4e95-ae8d-e57e67d30c1b ] Request (ServerDiskConfigTestJSON:test_rebuild_server_with_manual_disk_config): 200 GET http://10.180.1.21/compute/v2.1/servers/ed12921f-9be8-474d-958e-79dd16b8116e 1.023s
2025-04-22 09:36:45.046 69807 INFO tempest.lib.common.rest_client [req-c3f01481-fd53-497d-8c59-d04b81fc4fdb req-c3f01481-fd53-497d-8c59-d04b81fc4fdb ] Request (MigrationsAdminTest:test_list_migrations_in_flavor_resize_situation): 200 GET http://10.180.1.21/compute/v2.1/servers/4b3b53d1-82bf-40e7-9988-af7b51e9883a 0.976s
2025-04-22 09:36:45.087 69853 INFO tempest.lib.common.rest_client [req-49ca6553-af37-4af0-97e9-119e92326ec9 req-49ca6553-af37-4af0-97e9-119e92326ec9 ] Request (ServerDiagnosticsV248Test:test_get_server_diagnostics): 200 GET http://10.180.1.21/compute/v2.1/servers/b87cac84-ea70-428b-872e-4f6145e36b39 0.933s
2025-04-22 09:36:45.116 69833 INFO tempest.lib.common.rest_client [req-96f20bdf-a8ea-451b-aeb8-a87ae1b4e357 req-96f20bdf-a8ea-451b-aeb8-a87ae1b4e357 ] Request (ServerActionsTestJSON:setUpClass): 201 POST http://10.180.1.21:9696/networking/v2.0/security-group-rules 0.156s
2025-04-22 09:36:45.148 69843 INFO tempest.lib.common.rest_client [req-72c3701b-6677-4066-9440-b8a7b617aaf5 req-72c3701b-6677-4066-9440-b8a7b617aaf5 ] Request (DeleteServersTestJSON:test_delete_active_server): 200 GET http://10.180.1.21/compute/v2.1/servers/fa2ca135-3cd2-411e-b1fc-35b93a97e75d 0.964s
2025-04-22 09:36:45.173 69791 INFO tempest.lib.common.rest_client [req-b38dae71-eaf9-423e-8156-b80bd2fdcb9a req-b38dae71-eaf9-423e-8156-b80bd2fdcb9a ] Request (DeleteServersAdminTestJSON:test_delete_server_while_in_error_state): 200 GET http://10.180.1.21/compute/v2.1/servers/77a5665d-b00f-42c2-a1e8-319dfd232b06 0.999s
2025-04-22 09:36:45.239 69811 INFO tempest.lib.common.rest_client [req-238d88ae-10f5-4aa6-a30c-cd3155a9f2e3 req-238d88ae-10f5-4aa6-a30c-cd3155a9f2e3 ] Request (ImagesTestJSON:test_create_image_from_stopped_server): 200 GET http://10.180.1.21/compute/v2.1/servers/9e2d4d61-71ed-447a-b28e-c29c5bd8d763 0.989s
2025-04-22 09:36:45.268 69833 INFO tempest.lib.common.rest_client [req-e51c1581-3f0b-4790-b16d-a7747a02cb8e req-e51c1581-3f0b-4790-b16d-a7747a02cb8e ] Request (ServerActionsTestJSON:setUpClass): 201 POST http://10.180.1.21:9696/networking/v2.0/security-group-rules 0.152s
2025-04-22 09:36:45.276 69847 INFO tempest.lib.common.rest_client [req-7519a448-3c5d-410f-9425-3d60cba552b1 req-7519a448-3c5d-410f-9425-3d60cba552b1 ] Request (ServersTestBootFromVolume:setUpClass): 200 GET http://10.180.1.21/volume/v3/volumes/f89046dd-6d18-4fc2-bdc5-f7976aa2861d 0.047s
2025-04-22 09:36:45.327 69821 INFO tempest.lib.common.rest_client [req-d4c0d433-c750-491a-b096-4f92db285f2a req-d4c0d433-c750-491a-b096-4f92db285f2a ] Request (AttachInterfacesV270Test:test_create_get_list_interfaces): 200 GET http://10.180.1.21/compute/v2.1/servers/e48e2cc1-7d60-457f-8f1c-649f0dda8cdb 1.073s
2025-04-22 09:36:45.412 69819 INFO tempest.lib.common.rest_client [req-05ae356c-487a-4039-8343-f8c496898dd0 req-05ae356c-487a-4039-8343-f8c496898dd0 ] Request (ServersAdminTestJSON:test_create_server_with_scheduling_hint): 200 GET http://10.180.1.21/compute/v2.1/servers/d1e5e08d-b41a-4655-997d-91fbd3581f00 1.102s
2025-04-22 09:36:45.584 69849 INFO tempest.lib.common.rest_client [req-426563a8-4237-4d27-8875-df35670df9bb req-426563a8-4237-4d27-8875-df35670df9bb ] Request (MultipleCreateTestJSON:test_multiple_create): 200 GET http://10.180.1.21/compute/v2.1/servers/c078753c-48a6-490b-8d7d-b0832eced25e 1.250s
2025-04-22 09:36:45.668 69833 INFO tempest.lib.common.rest_client [req-64c10c51-cec8-4988-82a2-19a9d3637fb2 req-64c10c51-cec8-4988-82a2-19a9d3637fb2 ] Request (ServerActionsTestJSON:setUpClass): 201 POST http://10.180.1.21:9696/networking/v2.0/floatingips 0.399s
2025-04-22 09:36:45.712 69813 INFO tempest.lib.common.rest_client [req-2b6461b6-6bb3-442b-b209-17ea27c10c86 req-2b6461b6-6bb3-442b-b209-17ea27c10c86 ] Request (SecurityGroupsTestJSON:test_security_groups_create_list_delete): 200 GET http://10.180.1.21/compute/v2.1/os-security-groups 1.265s
2025-04-22 09:36:45.712 69833 INFO tempest.lib.common.rest_client [req-a703c828-dea4-4bd6-8741-b69feff20290 req-a703c828-dea4-4bd6-8741-b69feff20290 ] Request (ServerActionsTestJSON:setUpClass): 201 POST http://10.180.1.21/identity/v3/auth/tokens 0.041s
2025-04-22 09:36:45.713 69833 INFO tempest.lib.common.fixed_network [-] (ServerActionsTestJSON:setUpClass) Found network {'id': 'f097b098-a5a6-46e3-938a-185d8b67a86f', 'name': 'tempest-ServerActionsTestJSON-602979701-network', 'tenant_id': 'de2b24bdabce45a7884bdce4ed781c79', 'admin_state_up': True, 'mtu': 8950, 'status': 'ACTIVE', 'subnets': [], 'shared': False, 'project_id': 'de2b24bdabce45a7884bdce4ed781c79', 'port_security_enabled': True, 'router:external': False, 'provider:network_type': 'vlan', 'provider:physical_network': 'default', 'provider:segmentation_id': 728, 'availability_zone_hints': [], 'availability_zones': [], 'ipv4_address_scope': None, 'ipv6_address_scope': None, 'description': '', 'tags': [], 'created_at': '2025-04-22T09:36:39Z', 'updated_at': '2025-04-22T09:36:39Z', 'revision_number': 1} available for tenant
2025-04-22 09:36:45.766 69841 INFO tempest.lib.common.rest_client [req-f49c15aa-9d11-4e44-a025-d3ca9d35bc24 req-f49c15aa-9d11-4e44-a025-d3ca9d35bc24 ] Request (ServersTestJSON:setUpClass): 200 GET http://10.180.1.21/compute/v2.1/servers/8fbabf86-be9e-47ec-8c4c-adea4c68abe8 1.239s
2025-04-22 09:36:45.787 69837 INFO tempest.lib.common.rest_client [req-7ee74f3c-17a2-49db-b76f-76f00ffe7b5c req-7ee74f3c-17a2-49db-b76f-76f00ffe7b5c ] Request (ServersAdminNegativeTestJSON:test_resize_server_using_overlimit_vcpus): 200 POST http://10.180.1.21/compute/v2.1/flavors 1.172s
2025-04-22 09:36:45.837 69835 INFO tempest.lib.common.rest_client [req-f07fc508-20dd-410f-9608-ffd78f28ebac req-f07fc508-20dd-410f-9608-ffd78f28ebac ] Request (ListServersNegativeTestJSON:setUpClass): 202 POST http://10.180.1.21/compute/v2.1/servers 1.630s
2025-04-22 09:36:45.902 69817 INFO tempest.lib.common.rest_client [req-de13056b-659e-4996-9d78-3d89b7ab5df6 req-de13056b-659e-4996-9d78-3d89b7ab5df6 ] Request (AttachInterfacesUnderV243Test:test_add_remove_fixed_ip): 200 GET http://10.180.1.21/compute/v2.1/servers/00ba5cd8-3516-4059-bcda-c2d01e165e07 1.031s
2025-04-22 09:36:45.919 69827 INFO tempest.lib.common.rest_client [req-4f1152e3-31b3-4915-909c-b5cd776ecc94 req-4f1152e3-31b3-4915-909c-b5cd776ecc94 ] Request (FloatingIPsAssociationNegativeTestJSON:setUpClass): 200 GET http://10.180.1.21/compute/v2.1/servers/8f65d893-d2e2-452f-8870-f72ec036f16a 1.148s
2025-04-22 09:36:45.957 69799 INFO tempest.lib.common.rest_client [req-2f95637c-1904-46be-954c-e69707ef53cb req-2f95637c-1904-46be-954c-e69707ef53cb ] Request (InstanceActionsNegativeTestJSON:setUpClass): 200 GET http://10.180.1.21/compute/v2.1/servers/6f530b86-2ed1-41db-929c-8a5dd61d931a 1.012s
2025-04-22 09:36:45.966 69799 INFO tempest.common.waiters [-] State transition "BUILD/scheduling" ==> "BUILD/None" after 16 second wait
2025-04-22 09:36:45.979 69829 INFO tempest.lib.common.rest_client [req-0650a18a-b164-434d-9d50-7bda96a5a73d req-0650a18a-b164-434d-9d50-7bda96a5a73d ] Request (ServersTestMultiNic:test_verify_duplicate_network_nics): 200 GET http://10.180.1.21/compute/v2.1/servers/2dd98ffd-b0e6-4447-9c82-57713dc37abd 0.978s
2025-04-22 09:36:46.005 69797 INFO tempest.lib.common.rest_client [req-5403c314-0cf8-4673-9c46-53d5ef1ca738 req-5403c314-0cf8-4673-9c46-53d5ef1ca738 ] Request (ListImageFiltersTestJSON:setUpClass): 200 GET http://10.180.1.21/compute/v2.1/servers/b71882d4-537d-4a90-b43d-f8ac4ca0d90c 0.945s
2025-04-22 09:36:46.048 69805 INFO tempest.lib.common.rest_client [req-a690ce0a-f2ad-4a7c-8886-8a342d4e94bb req-a690ce0a-f2ad-4a7c-8886-8a342d4e94bb ] Request (ImagesOneServerNegativeTestJSON:_run_cleanups): 200 GET http://10.180.1.21/compute/v2.1/servers/91d5b0db-63a5-4290-af9b-264a5ce4cd95 0.535s
2025-04-22 09:36:46.063 69851 INFO tempest.lib.common.rest_client [req-3eda2372-a4ee-4bb9-8922-699f8c83bae7 req-3eda2372-a4ee-4bb9-8922-699f8c83bae7 ] Request (VolumesAssistedSnapshotsTest:test_volume_assisted_snapshot_create_delete): 200 GET http://10.180.1.21/volume/v3/volumes/abac38e1-aef6-4f0f-88d9-c61aede17432 0.036s
2025-04-22 09:36:46.065 69809 INFO tempest.lib.common.rest_client [req-ce4d6f1f-7266-42f0-8f2a-14c046caefa8 req-ce4d6f1f-7266-42f0-8f2a-14c046caefa8 ] Request (ServersAdmin275Test:test_rebuild_update_server_275): 200 GET http://10.180.1.21/compute/v2.1/servers/3149cd80-503c-42e4-ac91-54aababe84e3 0.490s
2025-04-22 09:36:46.074 69809 INFO tempest.common.waiters [-] State transition "BUILD/block_device_mapping" ==> "BUILD/spawning" after 31 second wait
2025-04-22 09:36:46.108 69803 INFO tempest.lib.common.rest_client [req-b03ae864-d290-43e7-9ed9-b9baf79f20e1 req-b03ae864-d290-43e7-9ed9-b9baf79f20e1 ] Request (FloatingIPsAssociationTestJSON:setUpClass): 200 GET http://10.180.1.21/compute/v2.1/servers/b41845c6-46bd-4b3b-ab26-d7d2dad08f84 0.434s
2025-04-22 09:36:46.284 69813 INFO tempest.lib.common.rest_client [req-9f6a3889-9ae5-4452-a74e-2872354a0421 req-9f6a3889-9ae5-4452-a74e-2872354a0421 ] Request (SecurityGroupsTestJSON:test_security_groups_create_list_delete): 202 DELETE http://10.180.1.21/compute/v2.1/os-security-groups/80799d0d-4e61-435c-8783-810209789126 0.569s
2025-04-22 09:36:46.316 69847 INFO tempest.lib.common.rest_client [req-d87fc813-d994-4064-9229-2aeb1cffd4dd req-d87fc813-d994-4064-9229-2aeb1cffd4dd ] Request (ServersTestBootFromVolume:setUpClass): 200 GET http://10.180.1.21/volume/v3/volumes/f89046dd-6d18-4fc2-bdc5-f7976aa2861d 0.032s
2025-04-22 09:36:46.351 69793 INFO tempest.lib.common.rest_client [req-2b191e6f-76da-4200-9884-38bd45af65e1 req-2b191e6f-76da-4200-9884-38bd45af65e1 ] Request (ImagesOneServerTestJSON:setUpClass): 200 GET http://10.180.1.21/compute/v2.1/servers/4c2e12bf-3f16-47de-a604-44b62a6c7137 0.626s
2025-04-22 09:36:46.490 69837 INFO tempest.lib.common.rest_client [req-602e1573-41d1-4a08-9720-431c07ea12f7 req-602e1573-41d1-4a08-9720-431c07ea12f7 ] Request (ServersAdminNegativeTestJSON:test_resize_server_using_overlimit_vcpus): 403 POST http://10.180.1.21/compute/v2.1/servers/4465f156-09cc-4eba-90e4-be76f3010363/action 0.700s
2025-04-22 09:36:46.544 69833 INFO tempest.lib.common.rest_client [req-ec187beb-9e9f-4080-9fde-915beefc3c50 req-ec187beb-9e9f-4080-9fde-915beefc3c50 ] Request (ServerActionsTestJSON:setUpClass): 202 POST http://10.180.1.21/compute/v2.1/servers 0.831s
2025-04-22 09:36:46.552 69839 INFO tempest.lib.common.rest_client [req-38cec5cb-1890-4dbc-8481-8053e798de7a req-38cec5cb-1890-4dbc-8481-8053e798de7a ] Request (ServersNegativeTestMultiTenantJSON:tearDownClass): 200 GET http://10.180.1.21/compute/v2.1/servers/a22a4d65-56eb-4313-bd0e-81148981f5b8 0.759s
2025-04-22 09:36:46.620 69845 INFO tempest.lib.common.rest_client [req-487496f0-2ec4-4b62-939e-db9bf98724ab req-487496f0-2ec4-4b62-939e-db9bf98724ab ] Request (ServerAddressesNegativeTestJSON:tearDownClass): 200 GET http://10.180.1.21/compute/v2.1/servers/3c253a57-1c93-4e8d-aaa1-1331c0547d85 0.681s
2025-04-22 09:36:46.665 69835 INFO tempest.lib.common.rest_client [req-4019dd0f-9899-49d5-ad6c-9d499c23845e req-4019dd0f-9899-49d5-ad6c-9d499c23845e ] Request (ListServersNegativeTestJSON:setUpClass): 200 GET http://10.180.1.21/compute/v2.1/servers 0.826s
2025-04-22 09:36:46.672 69831 INFO tempest.lib.common.rest_client [req-7965333c-db2d-4daf-90eb-2152d3574af1 req-7965333c-db2d-4daf-90eb-2152d3574af1 ] Request (ServerDiskConfigTestJSON:test_rebuild_server_with_manual_disk_config): 200 GET http://10.180.1.21/compute/v2.1/servers/ed12921f-9be8-474d-958e-79dd16b8116e 0.630s
2025-04-22 09:36:46.719 69807 INFO tempest.lib.common.rest_client [req-01398abd-fbcd-417a-b3d8-370923915ae6 req-01398abd-fbcd-417a-b3d8-370923915ae6 ] Request (MigrationsAdminTest:test_list_migrations_in_flavor_resize_situation): 200 GET http://10.180.1.21/compute/v2.1/servers/4b3b53d1-82bf-40e7-9988-af7b51e9883a 0.663s
2025-04-22 09:36:46.737 69853 INFO tempest.lib.common.rest_client [req-d03831c3-cb45-465a-8de1-1e444eb17767 req-d03831c3-cb45-465a-8de1-1e444eb17767 ] Request (ServerDiagnosticsV248Test:test_get_server_diagnostics): 200 GET http://10.180.1.21/compute/v2.1/servers/b87cac84-ea70-428b-872e-4f6145e36b39 0.627s
2025-04-22 09:36:46.750 69853 INFO tempest.common.waiters [-] State transition "BUILD/None" ==> "BUILD/networking" after 31 second wait
2025-04-22 09:36:46.772 69843 INFO tempest.lib.common.rest_client [req-e6da89a1-674d-4a1c-a43c-81de1fdd2466 req-e6da89a1-674d-4a1c-a43c-81de1fdd2466 ] Request (DeleteServersTestJSON:test_delete_active_server): 200 GET http://10.180.1.21/compute/v2.1/servers/fa2ca135-3cd2-411e-b1fc-35b93a97e75d 0.615s
2025-04-22 09:36:46.798 69791 INFO tempest.lib.common.rest_client [req-139247a7-7929-4e3c-a8db-588751c423be req-139247a7-7929-4e3c-a8db-588751c423be ] Request (DeleteServersAdminTestJSON:test_delete_server_while_in_error_state): 200 GET http://10.180.1.21/compute/v2.1/servers/77a5665d-b00f-42c2-a1e8-319dfd232b06 0.614s
2025-04-22 09:36:46.827 69813 INFO tempest.lib.common.rest_client [req-bc03faf9-f1a6-4d70-b5f9-a258911185d4 req-bc03faf9-f1a6-4d70-b5f9-a258911185d4 ] Request (SecurityGroupsTestJSON:test_security_groups_create_list_delete): 404 GET http://10.180.1.21/compute/v2.1/os-security-groups/80799d0d-4e61-435c-8783-810209789126 0.542s
2025-04-22 09:36:46.830 69811 INFO tempest.lib.common.rest_client [req-f9fe332c-2352-4e4b-a565-1916f2df36e7 req-f9fe332c-2352-4e4b-a565-1916f2df36e7 ] Request (ImagesTestJSON:test_create_image_from_stopped_server): 200 GET http://10.180.1.21/compute/v2.1/servers/9e2d4d61-71ed-447a-b28e-c29c5bd8d763 0.571s
2025-04-22 09:36:46.883 69821 INFO tempest.lib.common.rest_client [req-595af8f7-cbf6-4e7b-91a4-7443a567f51f req-595af8f7-cbf6-4e7b-91a4-7443a567f51f ] Request (AttachInterfacesV270Test:test_create_get_list_interfaces): 200 GET http://10.180.1.21/compute/v2.1/servers/e48e2cc1-7d60-457f-8f1c-649f0dda8cdb 0.534s
2025-04-22 09:36:46.888 69819 INFO tempest.lib.common.rest_client [req-9ac68d79-46a8-4c0e-a2e7-a84322e3435c req-9ac68d79-46a8-4c0e-a2e7-a84322e3435c ] Request (ServersAdminTestJSON:test_create_server_with_scheduling_hint): 200 GET http://10.180.1.21/compute/v2.1/servers/d1e5e08d-b41a-4655-997d-91fbd3581f00 0.462s
2025-04-22 09:36:46.899 69837 INFO tempest.lib.common.rest_client [req-eb99f778-399d-48ee-86d9-380efc5bf32f req-eb99f778-399d-48ee-86d9-380efc5bf32f ] Request (ServersAdminNegativeTestJSON:_run_cleanups): 202 DELETE http://10.180.1.21/compute/v2.1/flavors/752015767 0.408s
2025-04-22 09:36:46.927 69833 INFO tempest.lib.common.rest_client [req-6b6c027f-bc08-49c5-b45e-349e62356dad req-6b6c027f-bc08-49c5-b45e-349e62356dad ] Request (ServerActionsTestJSON:setUpClass): 200 GET http://10.180.1.21/compute/v2.1/servers/baf27027-678d-4167-bb9b-df410aeb0e82 0.377s
2025-04-22 09:36:46.985 69835 INFO tempest.lib.common.rest_client [req-555cb458-07c5-4418-8eee-e2b7af138058 req-555cb458-07c5-4418-8eee-e2b7af138058 ] Request (ListServersNegativeTestJSON:setUpClass): 200 GET http://10.180.1.21/compute/v2.1/servers/daef2117-0d9f-4c9e-99e7-1e8a65aa1f22 0.318s
2025-04-22 09:36:46.999 69849 INFO tempest.lib.common.rest_client [req-5a53bddd-0b4e-4c9e-9215-12ee3332b4ea req-5a53bddd-0b4e-4c9e-9215-12ee3332b4ea ] Request (MultipleCreateTestJSON:test_multiple_create): 200 GET http://10.180.1.21/compute/v2.1/servers/c078753c-48a6-490b-8d7d-b0832eced25e 0.405s
2025-04-22 09:36:47.006 69849 INFO tempest.common.waiters [-] State transition "BUILD/spawning" ==> "ACTIVE/None" after 2 second wait
2025-04-22 09:36:47.038 69841 INFO tempest.lib.common.rest_client [req-dbb6a952-c7a5-45a3-8163-f2524fdeca29 req-dbb6a952-c7a5-45a3-8163-f2524fdeca29 ] Request (ServersTestJSON:setUpClass): 200 GET http://10.180.1.21/compute/v2.1/servers/8fbabf86-be9e-47ec-8c4c-adea4c68abe8 0.263s
2025-04-22 09:36:47.060 69837 INFO tempest.lib.common.rest_client [req-bd17b4fb-922f-459d-a46c-d4883b026ffd req-bd17b4fb-922f-459d-a46c-d4883b026ffd ] Request (ServersAdminNegativeTestJSON:_run_cleanups): 200 GET http://10.180.1.21/compute/v2.1/flavors/detail 0.160s
2025-04-22 09:36:47.116 69817 INFO tempest.lib.common.rest_client [req-661be762-bc74-4947-b858-eb0dc6d130b1 req-661be762-bc74-4947-b858-eb0dc6d130b1 ] Request (AttachInterfacesUnderV243Test:test_add_remove_fixed_ip): 200 GET http://10.180.1.21/compute/v2.1/servers/00ba5cd8-3516-4059-bcda-c2d01e165e07 0.204s
2025-04-22 09:36:47.129 69851 INFO tempest.lib.common.rest_client [req-4dad1623-d797-4c08-aac2-1a53d721a2ae req-4dad1623-d797-4c08-aac2-1a53d721a2ae ] Request (VolumesAssistedSnapshotsTest:test_volume_assisted_snapshot_create_delete): 200 GET http://10.180.1.21/volume/v3/volumes/abac38e1-aef6-4f0f-88d9-c61aede17432 0.049s
2025-04-22 09:36:47.138 69813 INFO tempest.lib.common.rest_client [req-43779585-b14e-4197-a905-086197a0cc5d req-43779585-b14e-4197-a905-086197a0cc5d ] Request (SecurityGroupsTestJSON:test_security_groups_create_list_delete): 202 DELETE http://10.180.1.21/compute/v2.1/os-security-groups/55a02fed-9fd2-4d29-ba3c-56d64e3980c1 0.310s
2025-04-22 09:36:47.247 69799 INFO tempest.lib.common.rest_client [req-75bb11f9-f649-49bb-8e36-5948feef4111 req-75bb11f9-f649-49bb-8e36-5948feef4111 ] Request (InstanceActionsNegativeTestJSON:setUpClass): 200 GET http://10.180.1.21/compute/v2.1/servers/6f530b86-2ed1-41db-929c-8a5dd61d931a 0.280s
2025-04-22 09:36:47.277 69827 INFO tempest.lib.common.rest_client [req-01a63a69-3e0a-4f01-9510-8f7e6c5d1ebb req-01a63a69-3e0a-4f01-9510-8f7e6c5d1ebb ] Request (FloatingIPsAssociationNegativeTestJSON:setUpClass): 200 GET http://10.180.1.21/compute/v2.1/servers/8f65d893-d2e2-452f-8870-f72ec036f16a 0.346s
2025-04-22 09:36:47.311 69829 INFO tempest.lib.common.rest_client [req-5e02df82-60a9-483d-9aa1-0438eff3e782 req-5e02df82-60a9-483d-9aa1-0438eff3e782 ] Request (ServersTestMultiNic:test_verify_duplicate_network_nics): 200 GET http://10.180.1.21/compute/v2.1/servers/2dd98ffd-b0e6-4447-9c82-57713dc37abd 0.323s
2025-04-22 09:36:47.344 69849 INFO tempest.lib.common.rest_client [req-38b902b3-3c48-497c-8104-af8731b3bb84 req-38b902b3-3c48-497c-8104-af8731b3bb84 ] Request (MultipleCreateTestJSON:_run_cleanups): 204 DELETE http://10.180.1.21/compute/v2.1/servers/c078753c-48a6-490b-8d7d-b0832eced25e 0.337s
2025-04-22 09:36:47.353 69847 INFO tempest.lib.common.rest_client [req-47432bbc-195b-4150-a696-a21246aaeda4 req-47432bbc-195b-4150-a696-a21246aaeda4 ] Request (ServersTestBootFromVolume:setUpClass): 200 GET http://10.180.1.21/volume/v3/volumes/f89046dd-6d18-4fc2-bdc5-f7976aa2861d 0.030s
2025-04-22 09:36:47.357 69797 INFO tempest.lib.common.rest_client [req-713b6a42-23bc-497f-b9c3-313705fb6cf2 req-713b6a42-23bc-497f-b9c3-313705fb6cf2 ] Request (ListImageFiltersTestJSON:setUpClass): 200 GET http://10.180.1.21/compute/v2.1/servers/b71882d4-537d-4a90-b43d-f8ac4ca0d90c 0.342s
2025-04-22 09:36:47.380 69837 INFO tempest.lib.common.rest_client [req-c051dfcd-8de4-42bf-b6e1-c8d85553baca req-c051dfcd-8de4-42bf-b6e1-c8d85553baca ] Request (ServersAdminNegativeTestJSON:test_restore_server_invalid_state): 409 POST http://10.180.1.21/compute/v2.1/servers/4465f156-09cc-4eba-90e4-be76f3010363/action 0.314s
2025-04-22 09:36:47.409 69805 INFO tempest.lib.common.rest_client [req-a9a79a5c-9c75-47d9-a6fb-1d6e91043a9c req-a9a79a5c-9c75-47d9-a6fb-1d6e91043a9c ] Request (ImagesOneServerNegativeTestJSON:_run_cleanups): 200 GET http://10.180.1.21/compute/v2.1/servers/91d5b0db-63a5-4290-af9b-264a5ce4cd95 0.350s
2025-04-22 09:36:47.429 69809 INFO tempest.lib.common.rest_client [req-57d9af5f-b60a-4b31-af96-dddebddd2d70 req-57d9af5f-b60a-4b31-af96-dddebddd2d70 ] Request (ServersAdmin275Test:test_rebuild_update_server_275): 200 GET http://10.180.1.21/compute/v2.1/servers/3149cd80-503c-42e4-ac91-54aababe84e3 0.354s
2025-04-22 09:36:47.453 69813 INFO tempest.lib.common.rest_client [req-7db4808c-0cbf-4f7b-9c9e-e960c90facdd req-7db4808c-0cbf-4f7b-9c9e-e960c90facdd ] Request (SecurityGroupsTestJSON:test_security_groups_create_list_delete): 404 GET http://10.180.1.21/compute/v2.1/os-security-groups/55a02fed-9fd2-4d29-ba3c-56d64e3980c1 0.315s
2025-04-22 09:36:47.454 69803 INFO tempest.lib.common.rest_client [req-6b23468a-54df-4013-986c-bc4c65e8b507 req-6b23468a-54df-4013-986c-bc4c65e8b507 ] Request (FloatingIPsAssociationTestJSON:setUpClass): 200 GET http://10.180.1.21/compute/v2.1/servers/b41845c6-46bd-4b3b-ab26-d7d2dad08f84 0.336s
2025-04-22 09:36:47.500 69793 INFO tempest.lib.common.rest_client [req-08b7b2b6-6783-4bb0-bea9-1dce20b5948a req-08b7b2b6-6783-4bb0-bea9-1dce20b5948a ] Request (ImagesOneServerTestJSON:setUpClass): 200 GET http://10.180.1.21/compute/v2.1/servers/4c2e12bf-3f16-47de-a604-44b62a6c7137 0.141s
2025-04-22 09:36:47.523 69849 INFO tempest.lib.common.rest_client [req-e4cebd7b-0c3e-4364-89a9-6ab070a03820 req-e4cebd7b-0c3e-4364-89a9-6ab070a03820 ] Request (MultipleCreateTestJSON:_run_cleanups): 204 DELETE http://10.180.1.21/compute/v2.1/servers/3eda17da-111c-412d-9af4-d3a40b7d8faa 0.179s
2025-04-22 09:36:47.560 69837 INFO tempest.lib.common.rest_client [req-22a58558-79c8-40d5-ae58-86b2beb5462a req-22a58558-79c8-40d5-ae58-86b2beb5462a ] Request (ServersAdminNegativeTestJSON:tearDownClass): 204 DELETE http://10.180.1.21/compute/v2.1/servers/c3db35f4-f43d-464c-9556-18a90866ee6a 0.179s
2025-04-22 09:36:47.629 69813 INFO tempest.lib.common.rest_client [req-dd8e0844-dd6e-4d0e-9502-c28957cff8ac req-dd8e0844-dd6e-4d0e-9502-c28957cff8ac ] Request (SecurityGroupsTestJSON:test_security_groups_create_list_delete): 202 DELETE http://10.180.1.21/compute/v2.1/os-security-groups/9cc51db0-dd56-4c2b-9734-b9b6f05302b2 0.176s
2025-04-22 09:36:47.664 69849 INFO tempest.lib.common.rest_client [req-c9e2a7fd-eba8-411c-9613-3eeb39a1dd8b req-c9e2a7fd-eba8-411c-9613-3eeb39a1dd8b ] Request (MultipleCreateTestJSON:_run_cleanups): 200 GET http://10.180.1.21/compute/v2.1/servers/c078753c-48a6-490b-8d7d-b0832eced25e 0.140s
2025-04-22 09:36:47.727 69839 INFO tempest.lib.common.rest_client [req-aaca9860-b8b0-4fce-9701-f9d07803d3f3 req-aaca9860-b8b0-4fce-9701-f9d07803d3f3 ] Request (ServersNegativeTestMultiTenantJSON:tearDownClass): 200 GET http://10.180.1.21/compute/v2.1/servers/a22a4d65-56eb-4313-bd0e-81148981f5b8 0.163s
2025-04-22 09:36:47.746 69837 INFO tempest.lib.common.rest_client [req-f72ee796-b0a5-4905-bc92-838e243ee015 req-f72ee796-b0a5-4905-bc92-838e243ee015 ] Request (ServersAdminNegativeTestJSON:tearDownClass): 200 GET http://10.180.1.21/compute/v2.1/servers/c3db35f4-f43d-464c-9556-18a90866ee6a 0.186s
2025-04-22 09:36:47.767 69813 INFO tempest.lib.common.rest_client [req-29803a0b-6153-416d-ad73-45dc8f9a533c req-29803a0b-6153-416d-ad73-45dc8f9a533c ] Request (SecurityGroupsTestJSON:test_security_groups_create_list_delete): 404 GET http://10.180.1.21/compute/v2.1/os-security-groups/9cc51db0-dd56-4c2b-9734-b9b6f05302b2 0.137s
2025-04-22 09:36:47.786 69845 INFO tempest.lib.common.rest_client [req-75e1b2b7-9b8f-4f59-843a-5bd0f68ec442 req-75e1b2b7-9b8f-4f59-843a-5bd0f68ec442 ] Request (ServerAddressesNegativeTestJSON:tearDownClass): 200 GET http://10.180.1.21/compute/v2.1/servers/3c253a57-1c93-4e8d-aaa1-1331c0547d85 0.156s
2025-04-22 09:36:48.056 69831 INFO tempest.lib.common.rest_client [req-0ace6c36-2513-41d2-9f02-f7b285ee547d req-0ace6c36-2513-41d2-9f02-f7b285ee547d ] Request (ServerDiskConfigTestJSON:test_rebuild_server_with_manual_disk_config): 200 GET http://10.180.1.21/compute/v2.1/servers/ed12921f-9be8-474d-958e-79dd16b8116e 0.373s
2025-04-22 09:36:48.068 69807 INFO tempest.lib.common.rest_client [req-e98d2ed6-fb9d-40aa-8b0d-8ceb8d440912 req-e98d2ed6-fb9d-40aa-8b0d-8ceb8d440912 ] Request (MigrationsAdminTest:test_list_migrations_in_flavor_resize_situation): 200 GET http://10.180.1.21/compute/v2.1/servers/4b3b53d1-82bf-40e7-9988-af7b51e9883a 0.337s
2025-04-22 09:36:48.071 69831 INFO tempest.common.waiters [-] State transition "BUILD/scheduling" ==> "BUILD/None" after 14 second wait
2025-04-22 09:36:48.127 69795 WARNING tempest.lib.common.ssh [-] Failed to establish authenticated ssh connection to cirros@10.180.180.147 ([Errno None] Unable to connect to port 22 on 10.180.180.147). Number attempts: 6. Retry after 7 seconds.: paramiko.ssh_exception.NoValidConnectionsError: [Errno None] Unable to connect to port 22 on 10.180.180.147
2025-04-22 09:36:48.154 69853 INFO tempest.lib.common.rest_client [req-edb0acb9-9a73-4e9b-a8ee-a1952e22b629 req-edb0acb9-9a73-4e9b-a8ee-a1952e22b629 ] Request (ServerDiagnosticsV248Test:test_get_server_diagnostics): 200 GET http://10.180.1.21/compute/v2.1/servers/b87cac84-ea70-428b-872e-4f6145e36b39 0.402s
2025-04-22 09:36:48.171 69853 INFO tempest.common.waiters [-] State transition "BUILD/networking" ==> "BUILD/spawning" after 33 second wait
2025-04-22 09:36:48.186 69851 INFO tempest.lib.common.rest_client [req-f73a0cef-d9e4-49b4-9018-e208934f633a req-f73a0cef-d9e4-49b4-9018-e208934f633a ] Request (VolumesAssistedSnapshotsTest:test_volume_assisted_snapshot_create_delete): 200 GET http://10.180.1.21/volume/v3/volumes/abac38e1-aef6-4f0f-88d9-c61aede17432 0.046s
2025-04-22 09:36:48.237 69843 INFO tempest.lib.common.rest_client [req-2794c4b2-1f02-4b4d-b765-9a5701cde063 req-2794c4b2-1f02-4b4d-b765-9a5701cde063 ] Request (DeleteServersTestJSON:test_delete_active_server): 200 GET http://10.180.1.21/compute/v2.1/servers/fa2ca135-3cd2-411e-b1fc-35b93a97e75d 0.455s
2025-04-22 09:36:48.280 69813 INFO tempest.lib.common.rest_client [req-258c5c1f-5043-421b-9e09-2898edce0f5b req-258c5c1f-5043-421b-9e09-2898edce0f5b ] Request (SecurityGroupsTestJSON:test_security_groups_create_list_delete): 200 GET http://10.180.1.21/compute/v2.1/os-security-groups 0.513s
2025-04-22 09:36:48.311 69791 INFO tempest.lib.common.rest_client [req-0f560997-df1e-4388-95d7-7067560c1c0d req-0f560997-df1e-4388-95d7-7067560c1c0d ] Request (DeleteServersAdminTestJSON:test_delete_server_while_in_error_state): 200 GET http://10.180.1.21/compute/v2.1/servers/77a5665d-b00f-42c2-a1e8-319dfd232b06 0.503s
2025-04-22 09:36:48.318 69801 WARNING tempest.lib.common.ssh [-] Failed to establish authenticated ssh connection to cirros@10.180.180.146 ([Errno None] Unable to connect to port 22 on 10.180.180.146). Number attempts: 6. Retry after 7 seconds.: paramiko.ssh_exception.NoValidConnectionsError: [Errno None] Unable to connect to port 22 on 10.180.180.146
2025-04-22 09:36:48.321 69791 INFO tempest.common.waiters [-] State transition "ERROR/deleting" ==> "DELETED/None" after 3 second wait
2025-04-22 09:36:48.345 69811 INFO tempest.lib.common.rest_client [req-8e18f0de-da92-4b2c-a41d-7b58df9ae47f req-8e18f0de-da92-4b2c-a41d-7b58df9ae47f ] Request (ImagesTestJSON:test_create_image_from_stopped_server): 200 GET http://10.180.1.21/compute/v2.1/servers/9e2d4d61-71ed-447a-b28e-c29c5bd8d763 0.507s
2025-04-22 09:36:48.377 69821 INFO tempest.lib.common.rest_client [req-118cd73b-9af3-45fb-a723-b723364e67a0 req-118cd73b-9af3-45fb-a723-b723364e67a0 ] Request (AttachInterfacesV270Test:test_create_get_list_interfaces): 200 GET http://10.180.1.21/compute/v2.1/servers/e48e2cc1-7d60-457f-8f1c-649f0dda8cdb 0.483s
2025-04-22 09:36:48.398 69819 INFO tempest.lib.common.rest_client [req-14e00b41-489d-4f09-9ebe-fae19c91ad80 req-14e00b41-489d-4f09-9ebe-fae19c91ad80 ] Request (ServersAdminTestJSON:test_create_server_with_scheduling_hint): 200 GET http://10.180.1.21/compute/v2.1/servers/d1e5e08d-b41a-4655-997d-91fbd3581f00 0.502s
2025-04-22 09:36:48.404 69847 INFO tempest.lib.common.rest_client [req-5d67fade-80e9-4492-a064-eeb4511464ff req-5d67fade-80e9-4492-a064-eeb4511464ff ] Request (ServersTestBootFromVolume:setUpClass): 200 GET http://10.180.1.21/volume/v3/volumes/f89046dd-6d18-4fc2-bdc5-f7976aa2861d 0.041s
2025-04-22 09:36:48.437 69833 INFO tempest.lib.common.rest_client [req-b8e06aed-aab1-4ced-a835-f220d0ad8bc2 req-b8e06aed-aab1-4ced-a835-f220d0ad8bc2 ] Request (ServerActionsTestJSON:setUpClass): 200 GET http://10.180.1.21/compute/v2.1/servers/baf27027-678d-4167-bb9b-df410aeb0e82 0.501s
2025-04-22 09:36:48.453 69835 INFO tempest.lib.common.rest_client [req-c452a1ff-6fa8-4c03-815f-3ef07d8f8881 req-c452a1ff-6fa8-4c03-815f-3ef07d8f8881 ] Request (ListServersNegativeTestJSON:setUpClass): 200 GET http://10.180.1.21/compute/v2.1/servers/daef2117-0d9f-4c9e-99e7-1e8a65aa1f22 0.459s
2025-04-22 09:36:48.509 69841 INFO tempest.lib.common.rest_client [req-7b365b74-1e55-43ac-9257-f2d97d159a2c req-7b365b74-1e55-43ac-9257-f2d97d159a2c ] Request (ServersTestJSON:setUpClass): 200 GET http://10.180.1.21/compute/v2.1/servers/8fbabf86-be9e-47ec-8c4c-adea4c68abe8 0.459s
2025-04-22 09:36:48.519 69817 INFO tempest.lib.common.rest_client [req-250c2127-0480-4362-b80e-29c1404431bb req-250c2127-0480-4362-b80e-29c1404431bb ] Request (AttachInterfacesUnderV243Test:test_add_remove_fixed_ip): 200 GET http://10.180.1.21/compute/v2.1/servers/00ba5cd8-3516-4059-bcda-c2d01e165e07 0.394s
2025-04-22 09:36:48.639 69827 INFO tempest.lib.common.rest_client [req-3351566e-1aa5-4ad8-b462-8feb8ac60ecd req-3351566e-1aa5-4ad8-b462-8feb8ac60ecd ] Request (FloatingIPsAssociationNegativeTestJSON:setUpClass): 200 GET http://10.180.1.21/compute/v2.1/servers/8f65d893-d2e2-452f-8870-f72ec036f16a 0.352s
2025-04-22 09:36:48.765 69813 INFO tempest.lib.common.rest_client [req-fe78546b-ee2d-46d2-9a72-4b9d96720087 req-fe78546b-ee2d-46d2-9a72-4b9d96720087 ] Request (SecurityGroupsTestJSON:test_server_security_groups): 200 POST http://10.180.1.21/compute/v2.1/os-security-groups 0.476s
2025-04-22 09:36:48.814 69799 INFO tempest.lib.common.rest_client [req-4b8a5671-4f5c-4e41-928e-f0f2baed64d4 req-4b8a5671-4f5c-4e41-928e-f0f2baed64d4 ] Request (InstanceActionsNegativeTestJSON:setUpClass): 200 GET http://10.180.1.21/compute/v2.1/servers/6f530b86-2ed1-41db-929c-8a5dd61d931a 0.558s
2025-04-22 09:36:48.823 69829 INFO tempest.lib.common.rest_client [req-a01ddf5d-2d94-410a-98bf-44405276e32d req-a01ddf5d-2d94-410a-98bf-44405276e32d ] Request (ServersTestMultiNic:test_verify_duplicate_network_nics): 200 GET http://10.180.1.21/compute/v2.1/servers/2dd98ffd-b0e6-4447-9c82-57713dc37abd 0.505s
2025-04-22 09:36:48.842 69805 INFO tempest.lib.common.rest_client [req-3a5d22b6-024d-460a-ad5c-9372face457e req-3a5d22b6-024d-460a-ad5c-9372face457e ] Request (ImagesOneServerNegativeTestJSON:_run_cleanups): 404 GET http://10.180.1.21/compute/v2.1/servers/91d5b0db-63a5-4290-af9b-264a5ce4cd95 0.426s
2025-04-22 09:36:48.860 69797 INFO tempest.lib.common.rest_client [req-eb8d4fd5-9699-4baf-9898-bedc39a352f9 req-eb8d4fd5-9699-4baf-9898-bedc39a352f9 ] Request (ListImageFiltersTestJSON:setUpClass): 200 GET http://10.180.1.21/compute/v2.1/servers/b71882d4-537d-4a90-b43d-f8ac4ca0d90c 0.492s
2025-04-22 09:36:48.898 69809 INFO tempest.lib.common.rest_client [req-c32fd352-5575-42a1-9f50-2aeea103df10 req-c32fd352-5575-42a1-9f50-2aeea103df10 ] Request (ServersAdmin275Test:test_rebuild_update_server_275): 200 GET http://10.180.1.21/compute/v2.1/servers/3149cd80-503c-42e4-ac91-54aababe84e3 0.455s
2025-04-22 09:36:48.906 69803 INFO tempest.lib.common.rest_client [req-7cbe3a83-dfdc-4290-a553-89f2e897631c req-7cbe3a83-dfdc-4290-a553-89f2e897631c ] Request (FloatingIPsAssociationTestJSON:setUpClass): 200 GET http://10.180.1.21/compute/v2.1/servers/b41845c6-46bd-4b3b-ab26-d7d2dad08f84 0.444s
2025-04-22 09:36:48.957 69823 WARNING tempest.lib.common.ssh [-] Failed to establish authenticated ssh connection to cirros@10.180.180.243 ([Errno None] Unable to connect to port 22 on 10.180.180.243). Number attempts: 4. Retry after 5 seconds.: paramiko.ssh_exception.NoValidConnectionsError: [Errno None] Unable to connect to port 22 on 10.180.180.243
2025-04-22 09:36:48.959 69793 INFO tempest.lib.common.rest_client [req-112021a4-9b9e-4ade-8b0f-ad4ef477a134 req-112021a4-9b9e-4ade-8b0f-ad4ef477a134 ] Request (ImagesOneServerTestJSON:setUpClass): 200 GET http://10.180.1.21/compute/v2.1/servers/4c2e12bf-3f16-47de-a604-44b62a6c7137 0.449s
2025-04-22 09:36:49.008 69849 INFO tempest.lib.common.rest_client [req-bdce9f0f-a99f-49e9-b184-51733455ed0d req-bdce9f0f-a99f-49e9-b184-51733455ed0d ] Request (MultipleCreateTestJSON:_run_cleanups): 200 GET http://10.180.1.21/compute/v2.1/servers/c078753c-48a6-490b-8d7d-b0832eced25e 0.333s
2025-04-22 09:36:49.021 69839 INFO tempest.lib.common.rest_client [req-40102e30-d6d3-4fe5-9a62-dec8f6a8287c req-40102e30-d6d3-4fe5-9a62-dec8f6a8287c ] Request (ServersNegativeTestMultiTenantJSON:tearDownClass): 200 GET http://10.180.1.21/compute/v2.1/servers/a22a4d65-56eb-4313-bd0e-81148981f5b8 0.284s
2025-04-22 09:36:49.177 69813 INFO tempest.lib.common.rest_client [req-8f17761b-1f10-4aea-b8ba-5384c82afe30 req-8f17761b-1f10-4aea-b8ba-5384c82afe30 ] Request (SecurityGroupsTestJSON:test_server_security_groups): 200 POST http://10.180.1.21/compute/v2.1/os-security-groups 0.408s
2025-04-22 09:36:49.182 69815 INFO paramiko.transport [-] Connected (version 2.0, client dropbear_2020.81)
2025-04-22 09:36:49.203 69837 INFO tempest.lib.common.rest_client [req-92354f5e-e68a-41ad-a221-d5e91ae50636 req-92354f5e-e68a-41ad-a221-d5e91ae50636 ] Request (ServersAdminNegativeTestJSON:tearDownClass): 200 GET http://10.180.1.21/compute/v2.1/servers/c3db35f4-f43d-464c-9556-18a90866ee6a 0.448s
2025-04-22 09:36:49.245 69815 INFO paramiko.transport [-] Authentication (publickey) successful!
2025-04-22 09:36:49.246 69851 INFO tempest.lib.common.rest_client [req-4228cdfb-1249-4e51-a774-49e959b971d5 req-4228cdfb-1249-4e51-a774-49e959b971d5 ] Request (VolumesAssistedSnapshotsTest:test_volume_assisted_snapshot_create_delete): 200 GET http://10.180.1.21/volume/v3/volumes/abac38e1-aef6-4f0f-88d9-c61aede17432 0.051s
2025-04-22 09:36:49.246 69815 INFO tempest.lib.common.ssh [-] ssh connection to cirros@10.180.180.208 successfully created
2025-04-22 09:36:49.255 69815 INFO tempest.lib.common.ssh [-] Creating ssh connection to '10.180.180.208:22' as 'cirros' with public key authentication
2025-04-22 09:36:49.258 69815 INFO paramiko.transport [-] Connected (version 2.0, client dropbear_2020.81)
2025-04-22 09:36:49.261 69805 INFO tempest.lib.common.rest_client [req-46b0c200-028f-48d6-ab70-01180e265b73 req-46b0c200-028f-48d6-ab70-01180e265b73 ] Request (ImagesOneServerNegativeTestJSON:_run_cleanups): 200 POST http://10.180.1.21/compute/v2.1/os-keypairs 0.418s
2025-04-22 09:36:49.274 69845 INFO tempest.lib.common.rest_client [req-e226e505-36e8-4fab-b4e4-b40c34618321 req-e226e505-36e8-4fab-b4e4-b40c34618321 ] Request (ServerAddressesNegativeTestJSON:tearDownClass): 200 GET http://10.180.1.21/compute/v2.1/servers/3c253a57-1c93-4e8d-aaa1-1331c0547d85 0.480s
2025-04-22 09:36:49.281 69813 INFO tempest.lib.common.rest_client [req-2e775cc2-5405-49a6-a7e7-cd055d95b56a req-2e775cc2-5405-49a6-a7e7-cd055d95b56a ] Request (SecurityGroupsTestJSON:test_server_security_groups): 201 POST http://10.180.1.21/identity/v3/auth/tokens 0.098s
2025-04-22 09:36:49.281 69813 INFO tempest.lib.common.fixed_network [-] (SecurityGroupsTestJSON:test_server_security_groups) Found network {'id': '1ccefa75-7f28-427a-a2dc-65225b56bc7d', 'name': 'tempest-SecurityGroupsTestJSON-673445520-network', 'tenant_id': '47bcbe5bc3a14fbf9ea9617ea7d50342', 'admin_state_up': True, 'mtu': 8950, 'status': 'ACTIVE', 'subnets': [], 'shared': False, 'project_id': '47bcbe5bc3a14fbf9ea9617ea7d50342', 'port_security_enabled': True, 'router:external': False, 'provider:network_type': 'vlan', 'provider:physical_network': 'default', 'provider:segmentation_id': 99, 'availability_zone_hints': [], 'availability_zones': [], 'ipv4_address_scope': None, 'ipv6_address_scope': None, 'description': '', 'tags': [], 'created_at': '2025-04-22T09:35:49Z', 'updated_at': '2025-04-22T09:35:49Z', 'revision_number': 1} available for tenant
2025-04-22 09:36:49.315 69815 INFO paramiko.transport [-] Authentication (publickey) successful!
2025-04-22 09:36:49.315 69815 INFO tempest.lib.common.ssh [-] ssh connection to cirros@10.180.180.208 successfully created
2025-04-22 09:36:49.316 69831 INFO tempest.lib.common.rest_client [req-78293ecc-fed1-42a4-9e52-bad76d42b688 req-78293ecc-fed1-42a4-9e52-bad76d42b688 ] Request (ServerDiskConfigTestJSON:test_rebuild_server_with_manual_disk_config): 200 GET http://10.180.1.21/compute/v2.1/servers/ed12921f-9be8-474d-958e-79dd16b8116e 0.244s
2025-04-22 09:36:49.338 69807 INFO tempest.lib.common.rest_client [req-a4315856-f3af-42e4-a46e-5efdfed6fb7f req-a4315856-f3af-42e4-a46e-5efdfed6fb7f ] Request (MigrationsAdminTest:test_list_migrations_in_flavor_resize_situation): 200 GET http://10.180.1.21/compute/v2.1/servers/4b3b53d1-82bf-40e7-9988-af7b51e9883a 0.257s
2025-04-22 09:36:49.384 69853 INFO tempest.lib.common.rest_client [req-cd143ff4-1702-4fad-b4be-ccef06d34c6a req-cd143ff4-1702-4fad-b4be-ccef06d34c6a ] Request (ServerDiagnosticsV248Test:test_get_server_diagnostics): 200 GET http://10.180.1.21/compute/v2.1/servers/b87cac84-ea70-428b-872e-4f6145e36b39 0.212s
2025-04-22 09:36:49.389 69805 INFO tempest.lib.common.rest_client [req-b4368db9-109f-46f4-acd1-d9c4a8a3e8ea req-b4368db9-109f-46f4-acd1-d9c4a8a3e8ea ] Request (ImagesOneServerNegativeTestJSON:_run_cleanups): 201 POST http://10.180.1.21:9696/networking/v2.0/security-groups 0.126s
2025-04-22 09:36:49.401 69843 INFO tempest.lib.common.rest_client [req-c16ce0c0-d936-40a2-bf3d-d93bfd0ed677 req-c16ce0c0-d936-40a2-bf3d-d93bfd0ed677 ] Request (DeleteServersTestJSON:test_delete_active_server): 200 GET http://10.180.1.21/compute/v2.1/servers/fa2ca135-3cd2-411e-b1fc-35b93a97e75d 0.147s
2025-04-22 09:36:49.452 69847 INFO tempest.lib.common.rest_client [req-a7da8331-3fc4-402c-8147-499459df5fe1 req-a7da8331-3fc4-402c-8147-499459df5fe1 ] Request (ServersTestBootFromVolume:setUpClass): 200 GET http://10.180.1.21/volume/v3/volumes/f89046dd-6d18-4fc2-bdc5-f7976aa2861d 0.038s
2025-04-22 09:36:49.462 69791 INFO tempest.lib.common.rest_client [req-a25f1bc5-831d-4cda-8ecb-aec94e955a5b req-a25f1bc5-831d-4cda-8ecb-aec94e955a5b ] Request (DeleteServersAdminTestJSON:test_delete_server_while_in_error_state): 200 GET http://10.180.1.21/compute/v2.1/servers/77a5665d-b00f-42c2-a1e8-319dfd232b06 0.140s
2025-04-22 09:36:49.499 69805 INFO tempest.lib.common.rest_client [req-c3d065e9-08c8-4387-afbf-7cfd05ee70d2 req-c3d065e9-08c8-4387-afbf-7cfd05ee70d2 ] Request (ImagesOneServerNegativeTestJSON:_run_cleanups): 201 POST http://10.180.1.21:9696/networking/v2.0/security-group-rules 0.109s
2025-04-22 09:36:49.519 69811 INFO tempest.lib.common.rest_client [req-49a35cc2-d457-44fb-9f0e-0e27b82b3304 req-49a35cc2-d457-44fb-9f0e-0e27b82b3304 ] Request (ImagesTestJSON:test_create_image_from_stopped_server): 200 GET http://10.180.1.21/compute/v2.1/servers/9e2d4d61-71ed-447a-b28e-c29c5bd8d763 0.155s
2025-04-22 09:36:49.574 69805 INFO tempest.lib.common.rest_client [req-bee31b11-aefe-4433-a2f7-87650474b2e2 req-bee31b11-aefe-4433-a2f7-87650474b2e2 ] Request (ImagesOneServerNegativeTestJSON:_run_cleanups): 201 POST http://10.180.1.21:9696/networking/v2.0/security-group-rules 0.075s
2025-04-22 09:36:49.587 69821 INFO tempest.lib.common.rest_client [req-f38632c6-f44f-4f1b-ac3a-98fe735db075 req-f38632c6-f44f-4f1b-ac3a-98fe735db075 ] Request (AttachInterfacesV270Test:test_create_get_list_interfaces): 200 GET http://10.180.1.21/compute/v2.1/servers/e48e2cc1-7d60-457f-8f1c-649f0dda8cdb 0.197s
2025-04-22 09:36:49.653 69819 INFO tempest.lib.common.rest_client [req-8e8bc273-40d3-4a5e-9bd5-07f8a05c779d req-8e8bc273-40d3-4a5e-9bd5-07f8a05c779d ] Request (ServersAdminTestJSON:test_create_server_with_scheduling_hint): 200 GET http://10.180.1.21/compute/v2.1/servers/d1e5e08d-b41a-4655-997d-91fbd3581f00 0.244s
2025-04-22 09:36:49.707 69833 INFO tempest.lib.common.rest_client [req-48b0a5fd-48cf-455d-93ed-e0eeae343948 req-48b0a5fd-48cf-455d-93ed-e0eeae343948 ] Request (ServerActionsTestJSON:setUpClass): 200 GET http://10.180.1.21/compute/v2.1/servers/baf27027-678d-4167-bb9b-df410aeb0e82 0.258s
2025-04-22 09:36:49.765 69835 INFO tempest.lib.common.rest_client [req-8d272cd7-4ceb-4707-a56b-3e89c99f6138 req-8d272cd7-4ceb-4707-a56b-3e89c99f6138 ] Request (ListServersNegativeTestJSON:setUpClass): 200 GET http://10.180.1.21/compute/v2.1/servers/daef2117-0d9f-4c9e-99e7-1e8a65aa1f22 0.304s
2025-04-22 09:36:49.816 69813 INFO tempest.lib.common.rest_client [req-c5d1b98f-eec8-485a-980d-bdd75304d733 req-c5d1b98f-eec8-485a-980d-bdd75304d733 ] Request (SecurityGroupsTestJSON:test_server_security_groups): 202 POST http://10.180.1.21/compute/v2.1/servers 0.534s
2025-04-22 09:36:49.824 69841 INFO tempest.lib.common.rest_client [req-36be6b2e-30d3-453f-bdca-9a9d8ff14758 req-36be6b2e-30d3-453f-bdca-9a9d8ff14758 ] Request (ServersTestJSON:setUpClass): 200 GET http://10.180.1.21/compute/v2.1/servers/8fbabf86-be9e-47ec-8c4c-adea4c68abe8 0.303s
2025-04-22 09:36:49.881 69817 INFO tempest.lib.common.rest_client [req-3d068b1f-27d8-4736-ae60-ba795ac1423c req-3d068b1f-27d8-4736-ae60-ba795ac1423c ] Request (AttachInterfacesUnderV243Test:test_add_remove_fixed_ip): 200 GET http://10.180.1.21/compute/v2.1/servers/00ba5cd8-3516-4059-bcda-c2d01e165e07 0.353s
2025-04-22 09:36:49.930 69813 INFO tempest.lib.common.rest_client [req-fc494716-65ae-43de-882f-fc4cb96f6c61 req-fc494716-65ae-43de-882f-fc4cb96f6c61 ] Request (SecurityGroupsTestJSON:test_server_security_groups): 200 GET http://10.180.1.21/compute/v2.1/servers/df73dd41-7455-4482-abb2-b61b26fcf403 0.112s
2025-04-22 09:36:49.959 69805 INFO tempest.lib.common.rest_client [req-db4e2ded-4470-4d38-b511-02e211cf04a2 req-db4e2ded-4470-4d38-b511-02e211cf04a2 ] Request (ImagesOneServerNegativeTestJSON:_run_cleanups): 201 POST http://10.180.1.21:9696/networking/v2.0/floatingips 0.384s
2025-04-22 09:36:49.976 69827 INFO tempest.lib.common.rest_client [req-3bc38440-ca30-46c9-8c14-c0f91956322a req-3bc38440-ca30-46c9-8c14-c0f91956322a ] Request (FloatingIPsAssociationNegativeTestJSON:setUpClass): 200 GET http://10.180.1.21/compute/v2.1/servers/8f65d893-d2e2-452f-8870-f72ec036f16a 0.329s
2025-04-22 09:36:49.999 69799 INFO tempest.lib.common.rest_client [req-81cbecb0-12b9-405d-9c65-9ac007b34cf6 req-81cbecb0-12b9-405d-9c65-9ac007b34cf6 ] Request (InstanceActionsNegativeTestJSON:setUpClass): 200 GET http://10.180.1.21/compute/v2.1/servers/6f530b86-2ed1-41db-929c-8a5dd61d931a 0.174s
2025-04-22 09:36:50.043 69805 INFO tempest.lib.common.rest_client [req-56d0c538-7fa4-43c1-8370-f6ca8d2b01c0 req-56d0c538-7fa4-43c1-8370-f6ca8d2b01c0 ] Request (ImagesOneServerNegativeTestJSON:_run_cleanups): 201 POST http://10.180.1.21/identity/v3/auth/tokens 0.080s
2025-04-22 09:36:50.043 69805 INFO tempest.lib.common.fixed_network [-] (ImagesOneServerNegativeTestJSON:_run_cleanups) Found network {'id': '36231912-6ad2-4f94-b3f0-3e1c47b777fe', 'name': 'tempest-ImagesOneServerNegativeTestJSON-440948387-network', 'tenant_id': 'e760df406d80477a9a7c4d345093d3db', 'admin_state_up': True, 'mtu': 8950, 'status': 'ACTIVE', 'subnets': [], 'shared': False, 'project_id': 'e760df406d80477a9a7c4d345093d3db', 'port_security_enabled': True, 'router:external': False, 'provider:network_type': 'vlan', 'provider:physical_network': 'default', 'provider:segmentation_id': 19, 'availability_zone_hints': [], 'availability_zones': [], 'ipv4_address_scope': None, 'ipv6_address_scope': None, 'description': '', 'tags': [], 'created_at': '2025-04-22T09:35:15Z', 'updated_at': '2025-04-22T09:35:15Z', 'revision_number': 1} available for tenant
2025-04-22 09:36:50.049 69829 INFO tempest.lib.common.rest_client [req-6ee3bf8e-a9f6-4f32-ba75-51f4290376ee req-6ee3bf8e-a9f6-4f32-ba75-51f4290376ee ] Request (ServersTestMultiNic:test_verify_duplicate_network_nics): 200 GET http://10.180.1.21/compute/v2.1/servers/2dd98ffd-b0e6-4447-9c82-57713dc37abd 0.219s
