2025-01-14 17:09:21.307 69459 INFO tempest.lib.common.rest_client [req-d9a0d8cf-1a04-4a9a-bdf4-56619bd1daf7 req-d9a0d8cf-1a04-4a9a-bdf4-56619bd1daf7 ] Request (InstanceActionsV221TestJSON:test_get_list_deleted_instance_actions): 200 GET http://10.180.1.21/compute/v2.1/servers/80fd055f-cf2a-41bd-8d94-1bdd3bd440e0 1.022s
2025-01-14 17:09:21.347 69501 INFO tempest.lib.common.rest_client [req-622edd64-7d58-487e-bd0e-2dbaf7d32c7f req-622edd64-7d58-487e-bd0e-2dbaf7d32c7f ] Request (ListServerFiltersTestJSON:test_list_servers_filtered_by_ip_regex): 200 GET http://10.180.1.21/compute/v2.1/servers/e926cfb4-f56f-425a-8f00-69069f75f649 1.085s
2025-01-14 17:09:21.455 69494 INFO tempest.lib.common.rest_client [req-6a16dc00-e7f4-4510-aecf-8df77b69c933 req-6a16dc00-e7f4-4510-aecf-8df77b69c933 ] Request (ImagesTestJSON:test_create_image_from_suspended_server): 200 GET http://10.180.1.21/compute/v2.1/servers/dad60003-ef3c-4f6e-87ef-90900722de87 0.992s
2025-01-14 17:09:21.464 69479 INFO tempest.lib.common.rest_client [req-87cd5e66-c5c7-40a2-9dc3-debe25d5b9a7 req-87cd5e66-c5c7-40a2-9dc3-debe25d5b9a7 ] Request (ImagesOneServerTestJSON:tearDownClass): 204 DELETE http://10.180.1.21/compute/v2.1/images/bf6e96d1-ffde-4447-96b8-9eabfc092ef2 0.909s
2025-01-14 17:09:21.511 69513 INFO tempest.lib.common.rest_client [req-fc6e14f2-385b-4602-af7b-59c48bc30e2d req-fc6e14f2-385b-4602-af7b-59c48bc30e2d ] Request (ListImageFiltersTestJSON:test_list_images_limit_results): 200 GET http://10.180.1.21/compute/v2.1/images?limit=1 0.906s
2025-01-14 17:09:21.514 69508 INFO tempest.lib.common.rest_client [req-628b5a67-ac64-4f1a-b78f-61e553bc9296 req-628b5a67-ac64-4f1a-b78f-61e553bc9296 ] Request (ImagesOneServerNegativeTestJSON:_run_cleanups): 200 GET http://10.180.1.21/compute/v2.1/servers/394309ab-d10e-4578-bb8c-82372267ba4d 0.909s
2025-01-14 17:09:21.592 69455 INFO tempest.lib.common.rest_client [req-6480f0da-e8e3-4b29-8850-da1c026c6d87 req-6480f0da-e8e3-4b29-8850-da1c026c6d87 ] Request (ServerDiagnosticsV248Test:tearDownClass): 200 GET http://10.180.1.21/compute/v2.1/servers/9b8491be-ee59-4584-90e8-f905cdfe0ad7 0.866s
2025-01-14 17:09:21.630 69467 WARNING tempest.lib.common.ssh [-] Failed to establish authenticated ssh connection to cirros@10.180.180.140 ([Errno None] Unable to connect to port 22 on 10.180.180.140). Number attempts: 1. Retry after 2 seconds.: paramiko.ssh_exception.NoValidConnectionsError: [Errno None] Unable to connect to port 22 on 10.180.180.140
2025-01-14 17:09:21.742 69485 INFO tempest.lib.common.rest_client [req-4b5e7eb9-5d38-48d7-9b3c-b80280a45150 req-4b5e7eb9-5d38-48d7-9b3c-b80280a45150 ] Request (ServersTestJSON:setUpClass): 200 GET http://10.180.1.21/compute/v2.1/servers/2b6b22da-7808-4eaa-9d5e-ea74f3d57b79 0.946s
2025-01-14 17:09:21.744 69505 INFO tempest.lib.common.rest_client [req-6ba85f3e-a8c1-4e1c-b5e7-e59607621002 req-6ba85f3e-a8c1-4e1c-b5e7-e59607621002 ] Request (ServerActionsTestJSON:setUpClass): 200 GET http://10.180.1.21/compute/v2.1/servers/ee29e2c3-464e-4ec9-a7d9-057519c836f7 0.921s
2025-01-14 17:09:21.759 69471 INFO tempest.lib.common.rest_client [req-61d17e60-4c2b-451f-b25e-2f5865acd6a1 req-61d17e60-4c2b-451f-b25e-2f5865acd6a1 ] Request (MigrationsAdminTest:test_resize_server_revert_deleted_flavor): 200 GET http://10.180.1.21/compute/v2.1/flavors/42/os-extra_specs 0.909s
2025-01-14 17:09:21.810 69515 INFO tempest.lib.common.rest_client [req-9c16eab9-1d2e-41f3-bef1-d174ab9025b7 req-9c16eab9-1d2e-41f3-bef1-d174ab9025b7 ] Request (SecurityGroupsTestJSON:test_server_security_groups): 200 GET http://10.180.1.21/compute/v2.1/servers/dc1b5d0d-5bdb-40f6-9308-bfa4a966adf2 0.684s
2025-01-14 17:09:21.822 69463 INFO tempest.lib.common.rest_client [req-99924d58-e8c8-4f94-9ede-3ef2c4ca6f61 req-99924d58-e8c8-4f94-9ede-3ef2c4ca6f61 ] Request (ServerGroupTestJSON:setUpClass): 200 PUT http://10.180.1.21:9696/networking/v2.0/routers/1f8a18fe-dfa8-4c65-b9ba-d9b98f6f6695/add_router_interface 1.549s
2025-01-14 17:09:21.822 69463 INFO tempest.lib.common.dynamic_creds [-] Created isolated network resources for: credentials: Credentials: {'domain_id': 'default', 'domain_name': 'Default', 'username': 'tempest-ServerGroupTestJSON-1520214946-project-member', 'project_domain_id': 'default', 'project_domain_name': 'Default', 'project_id': '0b25743c8f184984a4f07807f339dea5', 'project_name': 'tempest-ServerGroupTestJSON-1520214946', 'tenant_id': '0b25743c8f184984a4f07807f339dea5', 'tenant_name': 'tempest-ServerGroupTestJSON-1520214946', 'user_domain_id': 'default', 'user_domain_name': 'Default', 'user_id': 'fac150936bf34f83939eea414d776aa8', 'system': None}, Network: {'id': '3829e4cb-e788-495c-ac6e-b17e272b1c06', 'name': 'tempest-ServerGroupTestJSON-1380674927-network', 'tenant_id': '0b25743c8f184984a4f07807f339dea5', 'admin_state_up': True, 'mtu': 8950, 'status': 'ACTIVE', 'subnets': [], 'shared': False, 'project_id': '0b25743c8f184984a4f07807f339dea5', 'port_security_enabled': True, 'router:external': False, 'provider:network_type': 'vlan', 'provider:physical_network': 'default', 'provider:segmentation_id': 863, 'availability_zone_hints': [], 'availability_zones': [], 'ipv4_address_scope': None, 'ipv6_address_scope': None, 'description': '', 'tags': [], 'created_at': '2025-01-14T17:09:18Z', 'updated_at': '2025-01-14T17:09:18Z', 'revision_number': 1}, Subnet: {'id': 'b230dbff-c995-4410-8c75-c8a82869c081', 'name': 'tempest-ServerGroupTestJSON-1380674927-subnet', 'tenant_id': '0b25743c8f184984a4f07807f339dea5', 'network_id': '3829e4cb-e788-495c-ac6e-b17e272b1c06', 'ip_version': 4, 'subnetpool_id': None, 'enable_dhcp': True, 'ipv6_ra_mode': None, 'ipv6_address_mode': None, 'gateway_ip': '192.168.128.1', 'cidr': '192.168.128.0/28', 'allocation_pools': [{'start': '192.168.128.2', 'end': '192.168.128.14'}], 'host_routes': [], 'dns_nameservers': [], 'description': '', 'router:external': False, 'service_types': [], 'tags': [], 'created_at': '2025-01-14T17:09:18Z', 'updated_at': '2025-01-14T17:09:18Z', 'revision_number': 0, 'project_id': '0b25743c8f184984a4f07807f339dea5'}, Router: {'id': '1f8a18fe-dfa8-4c65-b9ba-d9b98f6f6695', 'name': 'tempest-ServerGroupTestJSON-1380674927-router', 'tenant_id': '0b25743c8f184984a4f07807f339dea5', 'admin_state_up': True, 'status': 'ACTIVE', 'external_gateway_info': {'network_id': 'd7018069-ae24-4ddc-9a93-f8b44adf1c1e', 'external_fixed_ips': [{'subnet_id': '8f91b495-4a53-445f-baec-a38b1175cb64', 'ip_address': '10.180.180.156'}], 'enable_snat': True}, 'description': '', 'availability_zones': [], 'distributed': False, 'ha': False, 'availability_zone_hints': [], 'routes': [], 'flavor_id': None, 'tags': [], 'created_at': '2025-01-14T17:09:19Z', 'updated_at': '2025-01-14T17:09:19Z', 'revision_number': 2, 'project_id': '0b25743c8f184984a4f07807f339dea5'}
2025-01-14 17:09:21.837 69503 INFO tempest.lib.common.rest_client [req-402a30d4-e385-4825-ad70-7e6e628aaa57 req-402a30d4-e385-4825-ad70-7e6e628aaa57 ] Request (ServersAdminNegativeTestJSON:test_migrate_server_invalid_state): 409 POST http://10.180.1.21/compute/v2.1/servers/2dc14df8-6821-432c-8ce3-3c211b6de2b0/action 0.685s
2025-01-14 17:09:21.857 69479 INFO tempest.lib.common.rest_client [req-b3f49095-0273-44b0-a1ef-14a2024f8d5e req-b3f49095-0273-44b0-a1ef-14a2024f8d5e ] Request (ImagesOneServerTestJSON:tearDownClass): 404 DELETE http://10.180.1.21/compute/v2.1/images/eb41fd81-f8f4-463e-a11a-a99d76616660 0.392s
2025-01-14 17:09:21.919 69513 INFO tempest.lib.common.rest_client [req-826b28f2-8d4a-4001-b4b5-4a9982252b8e req-826b28f2-8d4a-4001-b4b5-4a9982252b8e ] Request (ListImageFiltersTestJSON:test_list_images_with_detail_filter_by_changes_since): 200 GET http://10.180.1.21/compute/v2.1/images/detail?changes-since=2025-01-14T17%3A07%3A03Z 0.405s
2025-01-14 17:09:21.931 69463 INFO tempest.lib.common.rest_client [req-4a52b37c-7fb5-4443-a9e1-3cb2ba3e05f5 req-4a52b37c-7fb5-4443-a9e1-3cb2ba3e05f5 ] Request (ServerGroupTestJSON:setUpClass): 201 POST http://10.180.1.21/identity/v3/auth/tokens 0.105s
2025-01-14 17:09:22.064 69497 INFO tempest.lib.common.rest_client [req-f96e9454-bbb7-42c8-8737-36ab11c3d9d3 req-f96e9454-bbb7-42c8-8737-36ab11c3d9d3 ] Request (ServerRescueTestJSON:setUpClass): 200 PUT http://10.180.1.21:9696/networking/v2.0/routers/fabd8de9-e1ce-423c-b906-229242aa4bf4/add_router_interface 1.250s
2025-01-14 17:09:22.064 69497 INFO tempest.lib.common.dynamic_creds [-] Created isolated network resources for: credentials: Credentials: {'domain_id': 'default', 'domain_name': 'Default', 'username': 'tempest-ServerRescueTestJSON-1659315487-project-member', 'project_domain_id': 'default', 'project_domain_name': 'Default', 'project_id': '9c10b75b2acb4324ba190477e19080c4', 'project_name': 'tempest-ServerRescueTestJSON-1659315487', 'tenant_id': '9c10b75b2acb4324ba190477e19080c4', 'tenant_name': 'tempest-ServerRescueTestJSON-1659315487', 'user_domain_id': 'default', 'user_domain_name': 'Default', 'user_id': '6292e495d820461b8e7f2b8edffe526c', 'system': None}, Network: {'id': '066833f8-e62b-4848-a3c5-a804b9ace150', 'name': 'tempest-ServerRescueTestJSON-168388196-network', 'tenant_id': '9c10b75b2acb4324ba190477e19080c4', 'admin_state_up': True, 'mtu': 8950, 'status': 'ACTIVE', 'subnets': [], 'shared': False, 'project_id': '9c10b75b2acb4324ba190477e19080c4', 'port_security_enabled': True, 'router:external': False, 'provider:network_type': 'vlan', 'provider:physical_network': 'default', 'provider:segmentation_id': 236, 'availability_zone_hints': [], 'availability_zones': [], 'ipv4_address_scope': None, 'ipv6_address_scope': None, 'description': '', 'tags': [], 'created_at': '2025-01-14T17:09:19Z', 'updated_at': '2025-01-14T17:09:19Z', 'revision_number': 1}, Subnet: {'id': 'c60f3e99-de2d-408f-892b-9ec97949f858', 'name': 'tempest-ServerRescueTestJSON-168388196-subnet', 'tenant_id': '9c10b75b2acb4324ba190477e19080c4', 'network_id': '066833f8-e62b-4848-a3c5-a804b9ace150', 'ip_version': 4, 'subnetpool_id': None, 'enable_dhcp': False, 'ipv6_ra_mode': None, 'ipv6_address_mode': None, 'gateway_ip': '192.168.128.1', 'cidr': '192.168.128.0/28', 'allocation_pools': [{'start': '192.168.128.2', 'end': '192.168.128.14'}], 'host_routes': [], 'dns_nameservers': [], 'description': '', 'router:external': False, 'service_types': [], 'tags': [], 'created_at': '2025-01-14T17:09:19Z', 'updated_at': '2025-01-14T17:09:19Z', 'revision_number': 0, 'project_id': '9c10b75b2acb4324ba190477e19080c4'}, Router: {'id': 'fabd8de9-e1ce-423c-b906-229242aa4bf4', 'name': 'tempest-ServerRescueTestJSON-168388196-router', 'tenant_id': '9c10b75b2acb4324ba190477e19080c4', 'admin_state_up': True, 'status': 'ACTIVE', 'external_gateway_info': {'network_id': 'd7018069-ae24-4ddc-9a93-f8b44adf1c1e', 'external_fixed_ips': [{'subnet_id': '8f91b495-4a53-445f-baec-a38b1175cb64', 'ip_address': '10.180.180.197'}], 'enable_snat': True}, 'description': '', 'availability_zones': [], 'distributed': False, 'ha': False, 'availability_zone_hints': [], 'routes': [], 'flavor_id': None, 'tags': [], 'created_at': '2025-01-14T17:09:19Z', 'updated_at': '2025-01-14T17:09:20Z', 'revision_number': 2, 'project_id': '9c10b75b2acb4324ba190477e19080c4'}
2025-01-14 17:09:22.072 69487 WARNING tempest.lib.common.ssh [-] Failed to establish authenticated ssh connection to cirros@10.180.180.200 ([Errno None] Unable to connect to port 22 on 10.180.180.200). Number attempts: 7. Retry after 8 seconds.: paramiko.ssh_exception.NoValidConnectionsError: [Errno None] Unable to connect to port 22 on 10.180.180.200
2025-01-14 17:09:22.087 69501 INFO tempest.lib.common.rest_client [req-13a44777-a30e-4d80-a8ac-7283e8d88d11 req-13a44777-a30e-4d80-a8ac-7283e8d88d11 ] Request (ListServerFiltersTestJSON:test_list_servers_filtered_by_ip_regex): 200 GET http://10.180.1.21/compute/v2.1/servers/detail 0.730s
2025-01-14 17:09:22.092 69483 INFO tempest.lib.common.rest_client [req-ec1a84cd-ad31-4550-902a-e440dc5e5c14 req-ec1a84cd-ad31-4550-902a-e440dc5e5c14 ] Request (AttachInterfacesV270Test:test_create_get_list_interfaces): 200 GET http://10.180.1.21/compute/v2.1/servers/ead14cf0-3a27-45ca-9d18-8dbbd7e24ba4 0.527s
2025-01-14 17:09:22.103 69483 INFO tempest.common.waiters [-] State transition "BUILD/spawning" ==> "ACTIVE/None" after 77 second wait
2025-01-14 17:09:22.128 69471 INFO tempest.lib.common.rest_client [req-c0262e9f-35b1-44a8-b08d-4df21701e82f req-c0262e9f-35b1-44a8-b08d-4df21701e82f ] Request (MigrationsAdminTest:test_resize_server_revert_deleted_flavor): 200 POST http://10.180.1.21/compute/v2.1/flavors/5e88a544-0863-45f8-9a61-4aa749394418/os-extra_specs 0.368s
2025-01-14 17:09:22.162 69497 INFO tempest.lib.common.rest_client [req-d96285ec-2e81-4659-808d-fa823afbf518 req-d96285ec-2e81-4659-808d-fa823afbf518 ] Request (ServerRescueTestJSON:setUpClass): 201 POST http://10.180.1.21/identity/v3/auth/tokens 0.095s
2025-01-14 17:09:22.178 69491 INFO tempest.lib.common.rest_client [req-df9a4314-c5b3-4225-a3b5-8b37d780d625 req-df9a4314-c5b3-4225-a3b5-8b37d780d625 ] Request (ServersAdminTestJSON:test_inject_network_info): 200 GET http://10.180.1.21/compute/v2.1/servers/99989a73-ad99-4f46-bbfc-84bb704562d3 0.524s
2025-01-14 17:09:22.200 69497 INFO tempest.lib.common.rest_client [req-32f97202-ca5e-4141-9889-1ee1810a1f05 req-32f97202-ca5e-4141-9889-1ee1810a1f05 ] Request (ServerRescueTestJSON:setUpClass): 201 POST http://10.180.1.21/identity/v3/auth/tokens 0.033s
2025-01-14 17:09:22.201 69497 INFO tempest.lib.common.fixed_network [-] (ServerRescueTestJSON:setUpClass) Found network {'id': '066833f8-e62b-4848-a3c5-a804b9ace150', 'name': 'tempest-ServerRescueTestJSON-168388196-network', 'tenant_id': '9c10b75b2acb4324ba190477e19080c4', 'admin_state_up': True, 'mtu': 8950, 'status': 'ACTIVE', 'subnets': [], 'shared': False, 'project_id': '9c10b75b2acb4324ba190477e19080c4', 'port_security_enabled': True, 'router:external': False, 'provider:network_type': 'vlan', 'provider:physical_network': 'default', 'provider:segmentation_id': 236, 'availability_zone_hints': [], 'availability_zones': [], 'ipv4_address_scope': None, 'ipv6_address_scope': None, 'description': '', 'tags': [], 'created_at': '2025-01-14T17:09:19Z', 'updated_at': '2025-01-14T17:09:19Z', 'revision_number': 1} available for tenant
2025-01-14 17:09:22.201 69471 INFO tempest.lib.common.rest_client [req-d3377328-ab08-4cd1-9731-c7e5fe86adb8 req-d3377328-ab08-4cd1-9731-c7e5fe86adb8 ] Request (MigrationsAdminTest:test_resize_server_revert_deleted_flavor): 201 POST http://10.180.1.21/identity/v3/auth/tokens 0.069s
2025-01-14 17:09:22.202 69471 INFO tempest.lib.common.fixed_network [-] (MigrationsAdminTest:test_resize_server_revert_deleted_flavor) Found network None available for tenant
2025-01-14 17:09:22.217 69495 INFO tempest.lib.common.rest_client [req-00d122d7-f9c7-4f7a-81ed-064f2997e899 req-00d122d7-f9c7-4f7a-81ed-064f2997e899 ] Request (ServersTestFqdnHostnames:test_create_server_with_fqdn_name): 200 GET http://10.180.1.21/compute/v2.1/servers/526080de-0e4d-4a04-a9e2-1868167d5abb 0.455s
2025-01-14 17:09:22.226 69503 INFO tempest.lib.common.rest_client [req-a3468f5d-40ee-4014-8edc-34a888a31987 req-a3468f5d-40ee-4014-8edc-34a888a31987 ] Request (ServersAdminNegativeTestJSON:test_reset_state_server_invalid_state): 400 POST http://10.180.1.21/compute/v2.1/servers/9edbed1b-6fc3-4fbb-9c16-f426ecfa286f/action 0.387s
2025-01-14 17:09:22.262 69477 INFO tempest.lib.common.rest_client [req-2b41bb61-35dd-4455-a2c2-cd7efeaa02c4 req-2b41bb61-35dd-4455-a2c2-cd7efeaa02c4 ] Request (ServersV294TestFqdnHostnames:setUpClass): 200 GET http://10.180.1.21/compute/v2.1/servers/f3b6e9ea-be4b-43c5-9503-4531eddcbe81 0.424s
2025-01-14 17:09:22.287 69473 INFO tempest.lib.common.rest_client [req-07faf167-1b5a-421b-8ab1-c097b022fe7f req-07faf167-1b5a-421b-8ab1-c097b022fe7f ] Request (ServersTestMultiNic:test_verify_duplicate_network_nics): 200 GET http://10.180.1.21/compute/v2.1/servers/f62137c6-8851-4d59-9f15-2ee39cda52f6 0.433s
2025-01-14 17:09:22.307 69499 WARNING tempest.lib.common.ssh [-] Failed to establish authenticated ssh connection to cirros@10.180.180.224 ([Errno None] Unable to connect to port 22 on 10.180.180.224). Number attempts: 9. Retry after 10 seconds.: paramiko.ssh_exception.NoValidConnectionsError: [Errno None] Unable to connect to port 22 on 10.180.180.224
2025-01-14 17:09:22.331 69513 INFO tempest.lib.common.rest_client [req-11ad8d2e-f1d4-4277-bcf2-4bba98d0e515 req-11ad8d2e-f1d4-4277-bcf2-4bba98d0e515 ] Request (ListImageFiltersTestJSON:test_list_images_with_detail_filter_by_name): 200 GET http://10.180.1.21/compute/v2.1/images/detail?name=tempest-ListImageFiltersTestJSON-image-982429850 0.406s
2025-01-14 17:09:22.339 69479 INFO tempest.lib.common.rest_client [req-31761238-7ba9-4f05-8809-b60d60182c3e req-31761238-7ba9-4f05-8809-b60d60182c3e ] Request (ImagesOneServerTestJSON:tearDownClass): 204 DELETE http://10.180.1.21/compute/v2.1/servers/36bd68d5-0f27-4c82-9b66-9467a57fbae3 0.481s
2025-01-14 17:09:22.361 69465 INFO tempest.lib.common.rest_client [req-2c3d4b02-ae6f-4308-a1bf-2423e063fc0b req-2c3d4b02-ae6f-4308-a1bf-2423e063fc0b ] Request (DeleteServersAdminTestJSON:test_delete_server_while_in_error_state): 404 GET http://10.180.1.21/compute/v2.1/servers/2f544489-1ad2-40ea-9427-d6f34dcfe39a 0.428s
2025-01-14 17:09:22.410 69511 INFO tempest.lib.common.rest_client [req-1d01fdb9-c886-4328-8a5d-d3c6a731378e req-1d01fdb9-c886-4328-8a5d-d3c6a731378e ] Request (InstanceActionsNegativeTestJSON:setUpClass): 200 GET http://10.180.1.21/compute/v2.1/servers/929c57e8-88c8-4cda-8a89-afcfda128c51 0.475s
2025-01-14 17:09:22.459 69469 INFO tempest.lib.common.rest_client [req-5474fb0d-1725-4aa7-bd54-5c81880e6bb4 req-5474fb0d-1725-4aa7-bd54-5c81880e6bb4 ] Request (ListServersNegativeTestJSON:setUpClass): 200 GET http://10.180.1.21/compute/v2.1/servers/cf49a61a-1a7c-48a8-b0c6-87fd348bd192 0.461s
2025-01-14 17:09:22.480 69463 INFO tempest.lib.common.rest_client [req-ef5ae377-c239-43db-8ba5-8ffaafef1527 req-ef5ae377-c239-43db-8ba5-8ffaafef1527 ] Request (ServerGroupTestJSON:setUp): 200 POST http://10.180.1.21/compute/v2.1/os-server-groups 0.547s
2025-01-14 17:09:22.588 69501 INFO tempest.lib.common.rest_client [req-5e0e84b9-498e-4b1d-b3d8-192091449dab req-5e0e84b9-498e-4b1d-b3d8-192091449dab ] Request (ListServerFiltersTestJSON:test_list_servers_filtered_by_ip_regex): 200 GET http://10.180.1.21/compute/v2.1/servers?ip=192.168.128. 0.487s
2025-01-14 17:09:22.768 69461 WARNING tempest.lib.common.ssh [-] Failed to establish authenticated ssh connection to cirros@10.180.180.204 ([Errno None] Unable to connect to port 22 on 10.180.180.204). Number attempts: 10. Retry after 11 seconds.: paramiko.ssh_exception.NoValidConnectionsError: [Errno None] Unable to connect to port 22 on 10.180.180.204
2025-01-14 17:09:23.084 69497 INFO tempest.lib.common.rest_client [req-2676175d-6e23-44a0-9adb-acac7c6b5f35 req-2676175d-6e23-44a0-9adb-acac7c6b5f35 ] Request (ServerRescueTestJSON:setUpClass): 202 POST http://10.180.1.21/compute/v2.1/servers 0.882s
2025-01-14 17:09:23.346 69471 INFO tempest.lib.common.rest_client [req-5dc90e24-108b-45b4-8c86-9b71cc41ae97 req-5dc90e24-108b-45b4-8c86-9b71cc41ae97 ] Request (MigrationsAdminTest:test_resize_server_revert_deleted_flavor): 202 POST http://10.180.1.21/compute/v2.1/servers 1.143s
2025-01-14 17:09:23.352 69503 INFO tempest.lib.common.rest_client [req-d306060d-07d0-4d85-b796-74ebb084b217 req-d306060d-07d0-4d85-b796-74ebb084b217 ] Request (ServersAdminNegativeTestJSON:test_reset_state_server_invalid_type): 400 POST http://10.180.1.21/compute/v2.1/servers/9edbed1b-6fc3-4fbb-9c16-f426ecfa286f/action 1.125s
2025-01-14 17:09:23.452 69517 INFO tempest.lib.common.rest_client [req-e4f06e01-84da-412b-908d-46b34f8fd5b7 req-e4f06e01-84da-412b-908d-46b34f8fd5b7 ] Request (FloatingIPsAssociationTestJSON:setUpClass): 200 GET http://10.180.1.21/compute/v2.1/servers/0237b15e-2ac9-419f-b74e-6eea2558e817 1.213s
2025-01-14 17:09:23.458 69517 INFO tempest.common.waiters [-] State transition "BUILD/block_device_mapping" ==> "BUILD/spawning" after 66 second wait
2025-01-14 17:09:23.507 69459 INFO tempest.lib.common.rest_client [req-d8be9144-82fc-4f09-818d-8a851fb7f531 req-d8be9144-82fc-4f09-818d-8a851fb7f531 ] Request (InstanceActionsV221TestJSON:test_get_list_deleted_instance_actions): 200 GET http://10.180.1.21/compute/v2.1/servers/80fd055f-cf2a-41bd-8d94-1bdd3bd440e0 1.188s
2025-01-14 17:09:23.551 69513 INFO tempest.lib.common.rest_client [req-57ed715d-06e6-4b94-961c-c56ce437cc3d req-57ed715d-06e6-4b94-961c-c56ce437cc3d ] Request (ListImageFiltersTestJSON:test_list_images_with_detail_filter_by_server_ref): 200 GET http://10.180.1.21/compute/v2.1/images/detail?server=http%3A%2F%2F10.180.1.21%2Fcompute%2Fv2.1%2Fservers%2F8cd4e26b-954b-435e-880a-5765ca34f736 1.214s
2025-01-14 17:09:23.685 69479 INFO tempest.lib.common.rest_client [req-8ce9df6c-df5d-4ab8-b454-a5412afb968e req-8ce9df6c-df5d-4ab8-b454-a5412afb968e ] Request (ImagesOneServerTestJSON:tearDownClass): 200 GET http://10.180.1.21/compute/v2.1/servers/36bd68d5-0f27-4c82-9b66-9467a57fbae3 1.345s
2025-01-14 17:09:23.707 69465 INFO tempest.lib.common.rest_client [req-a6ecc056-881f-4f9a-af31-bb0a9d213425 req-a6ecc056-881f-4f9a-af31-bb0a9d213425 ] Request (DeleteServersAdminTestJSON:tearDownClass): 404 DELETE http://10.180.1.21/compute/v2.1/servers/2f544489-1ad2-40ea-9427-d6f34dcfe39a 1.345s
2025-01-14 17:09:23.827 69494 INFO tempest.lib.common.rest_client [req-0287ac8f-4ab4-4c30-b247-7be7f2f0905a req-0287ac8f-4ab4-4c30-b247-7be7f2f0905a ] Request (ImagesTestJSON:test_create_image_from_suspended_server): 200 GET http://10.180.1.21/compute/v2.1/servers/dad60003-ef3c-4f6e-87ef-90900722de87 1.364s
2025-01-14 17:09:23.894 69463 INFO tempest.lib.common.rest_client [req-20f8d301-173c-41b2-91b9-c77bf53f1275 req-20f8d301-173c-41b2-91b9-c77bf53f1275 ] Request (ServerGroupTestJSON:test_create_delete_multiple_server_groups_with_same_name_policy): 200 POST http://10.180.1.21/compute/v2.1/os-server-groups 1.412s
2025-01-14 17:09:23.944 69508 INFO tempest.lib.common.rest_client [req-42d13b5a-f784-4731-9c91-b03abe727189 req-42d13b5a-f784-4731-9c91-b03abe727189 ] Request (ImagesOneServerNegativeTestJSON:_run_cleanups): 200 GET http://10.180.1.21/compute/v2.1/servers/394309ab-d10e-4578-bb8c-82372267ba4d 1.421s
2025-01-14 17:09:23.992 69501 INFO tempest.lib.common.rest_client [req-0c6d9aeb-d1d4-4686-a7f2-430024f5d64c req-0c6d9aeb-d1d4-4686-a7f2-430024f5d64c ] Request (ListServerFiltersTestJSON:test_list_servers_filtered_by_name_regex): 200 GET http://10.180.1.21/compute/v2.1/servers?name=%5E.%2A%5C-instance%5C-%5B0-9%5D%2B%24 1.400s
2025-01-14 17:09:24.051 69455 INFO tempest.lib.common.rest_client [req-787855d7-58e8-40a2-bb98-b3213883cf30 req-787855d7-58e8-40a2-bb98-b3213883cf30 ] Request (ServerDiagnosticsV248Test:tearDownClass): 200 GET http://10.180.1.21/compute/v2.1/servers/9b8491be-ee59-4584-90e8-f905cdfe0ad7 1.449s
2025-01-14 17:09:24.135 69467 WARNING tempest.lib.common.ssh [-] Failed to establish authenticated ssh connection to cirros@10.180.180.140 ([Errno None] Unable to connect to port 22 on 10.180.180.140). Number attempts: 2. Retry after 3 seconds.: paramiko.ssh_exception.NoValidConnectionsError: [Errno None] Unable to connect to port 22 on 10.180.180.140
2025-01-14 17:09:24.232 69485 INFO tempest.lib.common.rest_client [req-bf41209a-d1bc-40f4-afb4-5fb553897f0c req-bf41209a-d1bc-40f4-afb4-5fb553897f0c ] Request (ServersTestJSON:setUpClass): 200 GET http://10.180.1.21/compute/v2.1/servers/2b6b22da-7808-4eaa-9d5e-ea74f3d57b79 1.481s
2025-01-14 17:09:24.241 69485 INFO tempest.common.waiters [-] State transition "BUILD/spawning" ==> "ACTIVE/None" after 79 second wait
2025-01-14 17:09:24.353 69505 INFO tempest.lib.common.rest_client [req-d061196b-0b35-4113-a752-1065fe1bcd2f req-d061196b-0b35-4113-a752-1065fe1bcd2f ] Request (ServerActionsTestJSON:setUpClass): 200 GET http://10.180.1.21/compute/v2.1/servers/ee29e2c3-464e-4ec9-a7d9-057519c836f7 1.601s
2025-01-14 17:09:24.364 69505 INFO tempest.common.waiters [-] State transition "BUILD/spawning" ==> "ACTIVE/None" after 75 second wait
2025-01-14 17:09:24.404 69515 INFO tempest.lib.common.rest_client [req-f81e8777-d22d-42f1-b111-645355143560 req-f81e8777-d22d-42f1-b111-645355143560 ] Request (SecurityGroupsTestJSON:test_server_security_groups): 200 GET http://10.180.1.21/compute/v2.1/servers/dc1b5d0d-5bdb-40f6-9308-bfa4a966adf2 1.584s
2025-01-14 17:09:24.411 69515 INFO tempest.common.waiters [-] State transition "BUILD/scheduling" ==> "BUILD/None" after 44 second wait
2025-01-14 17:09:24.461 69497 INFO tempest.lib.common.rest_client [req-02225a16-e562-41cc-a91e-52505d600fc4 req-02225a16-e562-41cc-a91e-52505d600fc4 ] Request (ServerRescueTestJSON:setUpClass): 200 GET http://10.180.1.21/compute/v2.1/servers/55f46a77-cd49-47ba-ba4f-369ce8c69d50 1.375s
2025-01-14 17:09:24.515 69491 INFO tempest.lib.common.rest_client [req-92ea9057-9df9-4d9b-a011-d9d50bae88d9 req-92ea9057-9df9-4d9b-a011-d9d50bae88d9 ] Request (ServersAdminTestJSON:test_inject_network_info): 200 GET http://10.180.1.21/compute/v2.1/servers/99989a73-ad99-4f46-bbfc-84bb704562d3 1.328s
2025-01-14 17:09:24.566 69495 INFO tempest.lib.common.rest_client [req-8521dfed-fde0-4d9f-bff0-87b04a35b7fa req-8521dfed-fde0-4d9f-bff0-87b04a35b7fa ] Request (ServersTestFqdnHostnames:test_create_server_with_fqdn_name): 200 GET http://10.180.1.21/compute/v2.1/servers/526080de-0e4d-4a04-a9e2-1868167d5abb 1.340s
2025-01-14 17:09:24.618 69477 INFO tempest.lib.common.rest_client [req-d3cf37d9-03da-43df-8bae-a58c90363811 req-d3cf37d9-03da-43df-8bae-a58c90363811 ] Request (ServersV294TestFqdnHostnames:setUpClass): 200 GET http://10.180.1.21/compute/v2.1/servers/f3b6e9ea-be4b-43c5-9503-4531eddcbe81 1.338s
2025-01-14 17:09:24.671 69473 INFO tempest.lib.common.rest_client [req-99d7052d-fe6f-4d67-97a8-55d6043f791f req-99d7052d-fe6f-4d67-97a8-55d6043f791f ] Request (ServersTestMultiNic:test_verify_duplicate_network_nics): 200 GET http://10.180.1.21/compute/v2.1/servers/f62137c6-8851-4d59-9f15-2ee39cda52f6 1.371s
2025-01-14 17:09:24.682 69473 INFO tempest.common.waiters [-] State transition "BUILD/None" ==> "BUILD/networking" after 62 second wait
2025-01-14 17:09:24.723 69471 INFO tempest.lib.common.rest_client [req-5d0d6a10-44ee-4a0e-b5d3-ca695f6d4f95 req-5d0d6a10-44ee-4a0e-b5d3-ca695f6d4f95 ] Request (MigrationsAdminTest:test_resize_server_revert_deleted_flavor): 200 GET http://10.180.1.21/compute/v2.1/servers/689df898-ef9c-4a0b-8196-f2e917101949 1.375s
2025-01-14 17:09:24.732 69503 INFO tempest.lib.common.rest_client [req-aed5c6d0-1f0d-4851-8559-f3ede74d3b6b req-aed5c6d0-1f0d-4851-8559-f3ede74d3b6b ] Request (ServersAdminNegativeTestJSON:test_reset_state_server_nonexistent_server): 404 POST http://10.180.1.21/compute/v2.1/servers/999/action 1.378s
2025-01-14 17:09:24.780 69511 INFO tempest.lib.common.rest_client [req-2f44171f-41ff-4fe6-b8ef-71e8c0546f2c req-2f44171f-41ff-4fe6-b8ef-71e8c0546f2c ] Request (InstanceActionsNegativeTestJSON:setUpClass): 200 GET http://10.180.1.21/compute/v2.1/servers/929c57e8-88c8-4cda-8a89-afcfda128c51 1.361s
2025-01-14 17:09:24.826 69469 INFO tempest.lib.common.rest_client [req-b2e5fa30-488a-4144-959b-a6d7dc643280 req-b2e5fa30-488a-4144-959b-a6d7dc643280 ] Request (ListServersNegativeTestJSON:setUpClass): 200 GET http://10.180.1.21/compute/v2.1/servers/cf49a61a-1a7c-48a8-b0c6-87fd348bd192 1.356s
2025-01-14 17:09:24.886 69513 INFO tempest.lib.common.rest_client [req-6f790b83-d779-4ce7-9cbd-d3a73a52e901 req-6f790b83-d779-4ce7-9cbd-d3a73a52e901 ] Request (ListImageFiltersTestJSON:test_list_images_with_detail_filter_by_server_ref): 200 GET http://10.180.1.21/compute/v2.1/images/detail?server=http%3A%2F%2F10.180.1.21%2Fcompute%2Fservers%2F8cd4e26b-954b-435e-880a-5765ca34f736 1.331s
2025-01-14 17:09:24.905 69465 INFO tempest.lib.common.rest_client [req-1290d845-83fd-4616-a7a3-815a8bfd48d1 req-1290d845-83fd-4616-a7a3-815a8bfd48d1 ] Request (DeleteServersAdminTestJSON:tearDownClass): 404 GET http://10.180.1.21/compute/v2.1/servers/2f544489-1ad2-40ea-9427-d6f34dcfe39a 1.197s
2025-01-14 17:09:24.953 69463 INFO tempest.lib.common.rest_client [req-472a627e-d6f7-4d07-835a-e161df5362f0 req-472a627e-d6f7-4d07-835a-e161df5362f0 ] Request (ServerGroupTestJSON:test_create_delete_multiple_server_groups_with_same_name_policy): 200 POST http://10.180.1.21/compute/v2.1/os-server-groups 1.057s
2025-01-14 17:09:25.007 69501 INFO tempest.lib.common.rest_client [req-b96a90ae-dbbc-41c8-ae96-329a3db26181 req-b96a90ae-dbbc-41c8-ae96-329a3db26181 ] Request (ListServerFiltersTestJSON:test_list_servers_filtered_by_name_regex): 200 GET http://10.180.1.21/compute/v2.1/servers?name=%5E.%2A%5C-instance%5C-.%2A%24 1.012s
2025-01-14 17:09:25.111 69485 INFO tempest.lib.common.rest_client [req-b308aea2-4871-4f05-88a5-e345bc219c01 req-b308aea2-4871-4f05-88a5-e345bc219c01 ] Request (ServersTestJSON:setUpClass): 200 GET http://10.180.1.21/compute/v2.1/servers/2b6b22da-7808-4eaa-9d5e-ea74f3d57b79/os-interface 0.870s
2025-01-14 17:09:25.502 69505 INFO tempest.lib.common.rest_client [req-d84d3004-fecb-48a3-89d4-b49588943853 req-d84d3004-fecb-48a3-89d4-b49588943853 ] Request (ServerActionsTestJSON:setUpClass): 200 GET http://10.180.1.21/compute/v2.1/servers/ee29e2c3-464e-4ec9-a7d9-057519c836f7/os-interface 1.138s
2025-01-14 17:09:25.526 69483 INFO tempest.lib.common.rest_client [req-0ff8001d-fb90-4fea-87c3-6e268bd8305c req-0ff8001d-fb90-4fea-87c3-6e268bd8305c ] Request (AttachInterfacesV270Test:test_create_get_list_interfaces): 400 POST http://10.180.1.21/compute/v2.1/servers/ead14cf0-3a27-45ca-9d18-8dbbd7e24ba4/os-interface 3.422s
2025-01-14 17:09:25.616 69459 INFO tempest.lib.common.rest_client [req-af72a58a-60ff-4e65-a181-0f504e83ae5b req-af72a58a-60ff-4e65-a181-0f504e83ae5b ] Request (InstanceActionsV221TestJSON:test_get_list_deleted_instance_actions): 200 GET http://10.180.1.21/compute/v2.1/servers/80fd055f-cf2a-41bd-8d94-1bdd3bd440e0 1.100s
2025-01-14 17:09:25.717 69517 INFO tempest.lib.common.rest_client [req-29a97e59-6a23-4239-9cec-f7f1648c7964 req-29a97e59-6a23-4239-9cec-f7f1648c7964 ] Request (FloatingIPsAssociationTestJSON:setUpClass): 200 GET http://10.180.1.21/compute/v2.1/servers/0237b15e-2ac9-419f-b74e-6eea2558e817 1.257s
2025-01-14 17:09:25.810 69479 INFO tempest.lib.common.rest_client [req-3115cc6d-feb7-468d-b3c9-ed404208c3d1 req-3115cc6d-feb7-468d-b3c9-ed404208c3d1 ] Request (ImagesOneServerTestJSON:tearDownClass): 200 GET http://10.180.1.21/compute/v2.1/servers/36bd68d5-0f27-4c82-9b66-9467a57fbae3 1.117s
2025-01-14 17:09:25.815 69503 INFO tempest.lib.common.rest_client [req-14aa6863-a682-4842-8b50-29844f216c37 req-14aa6863-a682-4842-8b50-29844f216c37 ] Request (ServersAdminNegativeTestJSON:test_resize_server_using_overlimit_ram): 200 GET http://10.180.1.21/compute/v2.1/os-quota-sets/da92a8005e4c4f02ad348f0607d3346c 1.081s
2025-01-14 17:09:25.886 69513 INFO tempest.lib.common.rest_client [req-c606dd94-d17d-4a33-acb0-d408318f85eb req-c606dd94-d17d-4a33-acb0-d408318f85eb ] Request (ListImageFiltersTestJSON:test_list_images_with_detail_filter_by_status): 200 GET http://10.180.1.21/compute/v2.1/images/detail?status=ACTIVE 0.995s
2025-01-14 17:09:25.908 69465 INFO tempest.lib.common.rest_client [req-1737781a-2520-4845-b2f1-1d770e37aea7 req-1737781a-2520-4845-b2f1-1d770e37aea7 ] Request (DeleteServersAdminTestJSON:tearDownClass): 404 DELETE http://10.180.1.21/compute/v2.1/servers/4d9f0050-4fe7-470c-96c3-63c7362026f2 1.003s
2025-01-14 17:09:25.969 69508 INFO tempest.lib.common.rest_client [req-7633988c-409f-433e-9312-df428afff697 req-7633988c-409f-433e-9312-df428afff697 ] Request (ImagesOneServerNegativeTestJSON:_run_cleanups): 200 GET http://10.180.1.21/compute/v2.1/servers/394309ab-d10e-4578-bb8c-82372267ba4d 1.017s
2025-01-14 17:09:25.998 69494 INFO tempest.lib.common.rest_client [req-7f4e0e47-1240-4b3b-a0fc-7fb8766290b7 req-7f4e0e47-1240-4b3b-a0fc-7fb8766290b7 ] Request (ImagesTestJSON:test_create_image_from_suspended_server): 200 GET http://10.180.1.21/compute/v2.1/servers/dad60003-ef3c-4f6e-87ef-90900722de87 1.161s
2025-01-14 17:09:26.005 69463 INFO tempest.lib.common.rest_client [req-b688e9bb-4753-4578-8333-40c764bf7020 req-b688e9bb-4753-4578-8333-40c764bf7020 ] Request (ServerGroupTestJSON:test_create_delete_multiple_server_groups_with_same_name_policy): 204 DELETE http://10.180.1.21/compute/v2.1/os-server-groups/1e29a2aa-30ba-4532-a926-750c94ba229d 1.050s
2025-01-14 17:09:26.085 69455 INFO tempest.lib.common.rest_client [req-787c9547-8b21-4a85-b33a-29b36338a868 req-787c9547-8b21-4a85-b33a-29b36338a868 ] Request (ServerDiagnosticsV248Test:tearDownClass): 200 GET http://10.180.1.21/compute/v2.1/servers/9b8491be-ee59-4584-90e8-f905cdfe0ad7 1.022s
2025-01-14 17:09:26.096 69455 INFO tempest.common.waiters [-] State transition "ACTIVE/deleting" ==> "DELETED/None" after 5 second wait
2025-01-14 17:09:26.101 69501 INFO tempest.lib.common.rest_client [req-341a799c-4a9b-4c6e-bcc6-3b69e9aefc54 req-341a799c-4a9b-4c6e-bcc6-3b69e9aefc54 ] Request (ListServerFiltersTestJSON:test_list_servers_filtered_by_name_regex): 200 GET http://10.180.1.21/compute/v2.1/servers?name=1870521719 1.089s
2025-01-14 17:09:26.141 69515 INFO tempest.lib.common.rest_client [req-14c00c3d-58dc-4bbe-86c5-0796db124bc1 req-14c00c3d-58dc-4bbe-86c5-0796db124bc1 ] Request (SecurityGroupsTestJSON:test_server_security_groups): 200 GET http://10.180.1.21/compute/v2.1/servers/dc1b5d0d-5bdb-40f6-9308-bfa4a966adf2 0.729s
2025-01-14 17:09:26.153 69497 INFO tempest.lib.common.rest_client [req-da08d676-a28c-41e1-bd51-3b6142498078 req-da08d676-a28c-41e1-bd51-3b6142498078 ] Request (ServerRescueTestJSON:setUpClass): 200 GET http://10.180.1.21/compute/v2.1/servers/55f46a77-cd49-47ba-ba4f-369ce8c69d50 0.684s
2025-01-14 17:09:26.199 69491 INFO tempest.lib.common.rest_client [req-95a59226-3942-41f7-9160-23deb99fbd1c req-95a59226-3942-41f7-9160-23deb99fbd1c ] Request (ServersAdminTestJSON:test_inject_network_info): 200 GET http://10.180.1.21/compute/v2.1/servers/99989a73-ad99-4f46-bbfc-84bb704562d3 0.671s
2025-01-14 17:09:26.225 69483 INFO tempest.lib.common.rest_client [req-af015bae-b388-49e4-b6d3-b8b650a66d19 req-af015bae-b388-49e4-b6d3-b8b650a66d19 ] Request (AttachInterfacesV270Test:tearDownClass): 204 DELETE http://10.180.1.21/compute/v2.1/servers/ead14cf0-3a27-45ca-9d18-8dbbd7e24ba4 0.697s
2025-01-14 17:09:26.253 69495 INFO tempest.lib.common.rest_client [req-a4af15ce-e70f-46a4-9dad-e625b21d6386 req-a4af15ce-e70f-46a4-9dad-e625b21d6386 ] Request (ServersTestFqdnHostnames:test_create_server_with_fqdn_name): 200 GET http://10.180.1.21/compute/v2.1/servers/526080de-0e4d-4a04-a9e2-1868167d5abb 0.677s
2025-01-14 17:09:26.258 69485 INFO tempest.lib.common.rest_client [req-4702ded3-d0b5-4161-a5de-cf98b1fbe7d3 req-4702ded3-d0b5-4161-a5de-cf98b1fbe7d3 ] Request (ServersTestJSON:setUpClass): 200 PUT http://10.180.1.21:9696/networking/v2.0/floatingips/f41f5130-a580-4cfa-831c-a2b759da8ff2 1.144s
2025-01-14 17:09:26.278 69477 INFO tempest.lib.common.rest_client [req-5eb55e09-2f75-4b95-920e-d52445bc1315 req-5eb55e09-2f75-4b95-920e-d52445bc1315 ] Request (ServersV294TestFqdnHostnames:setUpClass): 200 GET http://10.180.1.21/compute/v2.1/servers/f3b6e9ea-be4b-43c5-9503-4531eddcbe81 0.647s
2025-01-14 17:09:26.335 69505 INFO tempest.lib.common.rest_client [req-6ad7dfcd-82db-4110-b273-0b678ede2002 req-6ad7dfcd-82db-4110-b273-0b678ede2002 ] Request (ServerActionsTestJSON:setUpClass): 200 PUT http://10.180.1.21:9696/networking/v2.0/floatingips/1d5144f9-1747-40f8-99bd-6aabe8c7f09f 0.829s
2025-01-14 17:09:26.335 69471 INFO tempest.lib.common.rest_client [req-bfa59a06-20b2-4160-b1f6-8b21463b6d98 req-bfa59a06-20b2-4160-b1f6-8b21463b6d98 ] Request (MigrationsAdminTest:test_resize_server_revert_deleted_flavor): 200 GET http://10.180.1.21/compute/v2.1/servers/689df898-ef9c-4a0b-8196-f2e917101949 0.604s
2025-01-14 17:09:26.336 69505 INFO tempest.lib.common.ssh [-] Creating ssh connection to '10.180.180.228:22' as 'cirros' with public key authentication
2025-01-14 17:09:26.394 69511 INFO tempest.lib.common.rest_client [req-d5d65f1f-e925-410a-ac0f-1de6e809f2a1 req-d5d65f1f-e925-410a-ac0f-1de6e809f2a1 ] Request (InstanceActionsNegativeTestJSON:setUpClass): 200 GET http://10.180.1.21/compute/v2.1/servers/929c57e8-88c8-4cda-8a89-afcfda128c51 0.606s
2025-01-14 17:09:26.414 69503 INFO tempest.lib.common.rest_client [req-94ac2658-340d-403b-8342-5cce8fe3ae32 req-94ac2658-340d-403b-8342-5cce8fe3ae32 ] Request (ServersAdminNegativeTestJSON:test_resize_server_using_overlimit_ram): 200 POST http://10.180.1.21/compute/v2.1/flavors 0.597s
2025-01-14 17:09:26.473 69469 INFO tempest.lib.common.rest_client [req-e31c7c3c-7884-4758-b82b-6c186a0c8d4b req-e31c7c3c-7884-4758-b82b-6c186a0c8d4b ] Request (ListServersNegativeTestJSON:setUpClass): 200 GET http://10.180.1.21/compute/v2.1/servers/cf49a61a-1a7c-48a8-b0c6-87fd348bd192 0.635s
2025-01-14 17:09:26.515 69473 INFO tempest.lib.common.rest_client [req-ba74d870-959b-4a11-9668-5a580297f94a req-ba74d870-959b-4a11-9668-5a580297f94a ] Request (ServersTestMultiNic:test_verify_duplicate_network_nics): 200 GET http://10.180.1.21/compute/v2.1/servers/f62137c6-8851-4d59-9f15-2ee39cda52f6 0.831s
2025-01-14 17:09:26.522 69473 INFO tempest.common.waiters [-] State transition "BUILD/networking" ==> "BUILD/spawning" after 64 second wait
2025-01-14 17:09:26.526 69513 INFO tempest.lib.common.rest_client [req-09eccf9f-a772-46f4-9f80-bf65009be3f0 req-09eccf9f-a772-46f4-9f80-bf65009be3f0 ] Request (ListImageFiltersTestJSON:test_list_images_with_detail_filter_by_type): 200 GET http://10.180.1.21/compute/v2.1/images/detail?type=snapshot 0.629s
2025-01-14 17:09:26.540 69463 INFO tempest.lib.common.rest_client [req-d1afdf7b-9ff6-40ff-bbd8-04837be43ed2 req-d1afdf7b-9ff6-40ff-bbd8-04837be43ed2 ] Request (ServerGroupTestJSON:test_create_delete_multiple_server_groups_with_same_name_policy): 200 GET http://10.180.1.21/compute/v2.1/os-server-groups 0.534s
2025-01-14 17:09:26.542 69465 INFO tempest.lib.common.rest_client [req-97891ebd-517b-4ebe-b867-e23762e6f22d req-97891ebd-517b-4ebe-b867-e23762e6f22d ] Request (DeleteServersAdminTestJSON:tearDownClass): 404 GET http://10.180.1.21/compute/v2.1/servers/4d9f0050-4fe7-470c-96c3-63c7362026f2 0.633s
2025-01-14 17:09:26.552 69509 WARNING tempest.lib.common.ssh [-] Failed to establish authenticated ssh connection to cirros@10.180.180.158 ([Errno None] Unable to connect to port 22 on 10.180.180.158). Number attempts: 8. Retry after 9 seconds.: paramiko.ssh_exception.NoValidConnectionsError: [Errno None] Unable to connect to port 22 on 10.180.180.158
2025-01-14 17:09:26.596 69501 INFO tempest.lib.common.rest_client [req-eeb7c353-5ccd-4e3c-8841-dbdedde9bcc1 req-eeb7c353-5ccd-4e3c-8841-dbdedde9bcc1 ] Request (ListServerFiltersTestJSON:test_list_servers_filtered_by_name_wildcard): 200 GET http://10.180.1.21/compute/v2.1/servers?name=-instance 0.489s
2025-01-14 17:09:26.675 69465 INFO tempest.lib.common.rest_client [req-fe0b83aa-7886-4d21-aa09-b540fa0e1a36 req-fe0b83aa-7886-4d21-aa09-b540fa0e1a36 ] Request (DeleteServersAdminTestJSON:tearDownClass): 204 DELETE http://10.180.1.21/identity/v3/users/18a603ea99e444f798116d065207ba03 0.132s
2025-01-14 17:09:26.782 69483 INFO tempest.lib.common.rest_client [req-5a1ab6bf-385d-49a9-aefc-f42dbe999d3f req-5a1ab6bf-385d-49a9-aefc-f42dbe999d3f ] Request (AttachInterfacesV270Test:tearDownClass): 200 GET http://10.180.1.21/compute/v2.1/servers/ead14cf0-3a27-45ca-9d18-8dbbd7e24ba4 0.556s
2025-01-14 17:09:26.802 69465 INFO tempest.lib.common.rest_client [req-86b3c5e0-6002-4fb4-bf01-7175d49c7ec2 req-86b3c5e0-6002-4fb4-bf01-7175d49c7ec2 ] Request (DeleteServersAdminTestJSON:tearDownClass): 204 DELETE http://10.180.1.21/identity/v3/users/3e3d938a3c7d4464b5ce201dbb999eac 0.126s
2025-01-14 17:09:26.802 69465 INFO tempest.lib.common.dynamic_creds [-] Deleting project and security group for project: df48c7ea2d7b467781689121c2f13647
2025-01-14 17:09:26.825 69485 INFO tempest.lib.common.rest_client [req-c5b1fcc4-3b1a-4a60-882d-a8489dda3420 req-c5b1fcc4-3b1a-4a60-882d-a8489dda3420 ] Request (ServersTestJSON:setUpClass): 200 GET http://10.180.1.21/compute/v2.1/servers/2b6b22da-7808-4eaa-9d5e-ea74f3d57b79 0.566s
2025-01-14 17:09:26.836 69485 INFO tempest.lib.common.ssh [-] Creating ssh connection to '10.180.180.174:22' as 'cirros' with public key authentication
2025-01-14 17:09:26.871 69513 INFO tempest.lib.common.rest_client [req-6d843a72-9320-44a5-bf13-ea7f144d145d req-6d843a72-9320-44a5-bf13-ea7f144d145d ] Request (ListImageFiltersTestJSON:test_list_images_with_detail_filter_by_type): 200 GET http://10.180.1.21/compute/v2.1/images/a69c6f87-3b9f-45c1-927a-78c60f5617a0 0.338s
2025-01-14 17:09:26.887 69465 INFO tempest.lib.common.rest_client [req-623f59fc-346d-48e8-924a-59e61881c54a req-623f59fc-346d-48e8-924a-59e61881c54a ] Request (DeleteServersAdminTestJSON:tearDownClass): 201 POST http://10.180.1.21/identity/v3/auth/tokens 0.085s
2025-01-14 17:09:26.904 69463 INFO tempest.lib.common.rest_client [req-85c45d48-6485-4610-8e66-4567c330d235 req-85c45d48-6485-4610-8e66-4567c330d235 ] Request (ServerGroupTestJSON:test_create_delete_multiple_server_groups_with_same_name_policy): 204 DELETE http://10.180.1.21/compute/v2.1/os-server-groups/8a8339be-4ac0-4e0b-bb83-8c78c02cf0b2 0.361s
2025-01-14 17:09:26.933 69503 INFO tempest.lib.common.rest_client [req-0fcce3bf-3172-4678-a066-c21d98d09655 req-0fcce3bf-3172-4678-a066-c21d98d09655 ] Request (ServersAdminNegativeTestJSON:test_resize_server_using_overlimit_ram): 403 POST http://10.180.1.21/compute/v2.1/servers/9edbed1b-6fc3-4fbb-9c16-f426ecfa286f/action 0.516s
2025-01-14 17:09:26.959 69501 INFO tempest.lib.common.rest_client [req-d9f79b79-4ede-49d2-95ba-b751caa51fc3 req-d9f79b79-4ede-49d2-95ba-b751caa51fc3 ] Request (ListServerFiltersTestJSON:test_list_servers_filtered_by_name_wildcard): 200 GET http://10.180.1.21/compute/v2.1/servers?name=t-ListServerFiltersTestJSON-instance-187052171 0.360s
2025-01-14 17:09:26.988 69459 INFO tempest.lib.common.rest_client [req-bd118306-889e-401d-bafa-8d9ea815c1c1 req-bd118306-889e-401d-bafa-8d9ea815c1c1 ] Request (InstanceActionsV221TestJSON:test_get_list_deleted_instance_actions): 200 GET http://10.180.1.21/compute/v2.1/servers/80fd055f-cf2a-41bd-8d94-1bdd3bd440e0 0.363s
2025-01-14 17:09:27.003 69465 INFO tempest.lib.common.rest_client [req-e240b93c-1bfb-40ec-a6d7-b8e85e9def26 req-e240b93c-1bfb-40ec-a6d7-b8e85e9def26 ] Request (DeleteServersAdminTestJSON:tearDownClass): 200 GET http://10.180.1.21:9696/networking/v2.0/security-groups?tenant_id=df48c7ea2d7b467781689121c2f13647&name=default 0.115s
2025-01-14 17:09:27.055 69479 INFO tempest.lib.common.rest_client [req-c05483b9-9e01-4c52-8a6e-410f58a2f1ef req-c05483b9-9e01-4c52-8a6e-410f58a2f1ef ] Request (ImagesOneServerTestJSON:tearDownClass): 200 GET http://10.180.1.21/compute/v2.1/servers/36bd68d5-0f27-4c82-9b66-9467a57fbae3 0.232s
2025-01-14 17:09:27.062 69479 INFO tempest.common.waiters [-] State transition "ACTIVE/deleting" ==> "DELETED/None" after 4 second wait
2025-01-14 17:09:27.135 69513 INFO tempest.lib.common.rest_client [req-4af7e3e9-c53d-494e-aa20-c3baceb7b6e1 req-4af7e3e9-c53d-494e-aa20-c3baceb7b6e1 ] Request (ListImageFiltersTestJSON:test_list_images_with_detail_limit_results): 200 GET http://10.180.1.21/compute/v2.1/images/detail?limit=1 0.255s
2025-01-14 17:09:27.149 69463 INFO tempest.lib.common.rest_client [req-4ebc478b-d3b0-43e9-987c-60d6cee784fe req-4ebc478b-d3b0-43e9-987c-60d6cee784fe ] Request (ServerGroupTestJSON:test_create_delete_multiple_server_groups_with_same_name_policy): 200 GET http://10.180.1.21/compute/v2.1/os-server-groups 0.244s
2025-01-14 17:09:27.149 69465 INFO tempest.lib.common.rest_client [req-1c374f57-cf02-4ae4-88a3-a9bf3ecf6128 req-1c374f57-cf02-4ae4-88a3-a9bf3ecf6128 ] Request (DeleteServersAdminTestJSON:tearDownClass): 204 DELETE http://10.180.1.21:9696/networking/v2.0/security-groups/870f30eb-0e32-4183-a090-71aae7db8d47 0.145s
2025-01-14 17:09:27.153 69517 INFO tempest.lib.common.rest_client [req-013f0587-81f3-44d0-b5cb-dc64c64e6119 req-013f0587-81f3-44d0-b5cb-dc64c64e6119 ] Request (FloatingIPsAssociationTestJSON:setUpClass): 200 GET http://10.180.1.21/compute/v2.1/servers/0237b15e-2ac9-419f-b74e-6eea2558e817 0.428s
2025-01-14 17:09:27.166 69503 INFO tempest.lib.common.rest_client [req-bc043121-9b6d-4e0a-aa95-8629bc69c47b req-bc043121-9b6d-4e0a-aa95-8629bc69c47b ] Request (ServersAdminNegativeTestJSON:_run_cleanups): 202 DELETE http://10.180.1.21/compute/v2.1/flavors/993931544 0.232s
2025-01-14 17:09:27.217 69508 INFO tempest.lib.common.rest_client [req-5d136d0e-a4c3-4ac7-9be7-714db60d95b8 req-5d136d0e-a4c3-4ac7-9be7-714db60d95b8 ] Request (ImagesOneServerNegativeTestJSON:_run_cleanups): 200 GET http://10.180.1.21/compute/v2.1/servers/394309ab-d10e-4578-bb8c-82372267ba4d 0.240s
2025-01-14 17:09:27.234 69501 INFO tempest.lib.common.rest_client [req-837c52b9-cd3f-4d5f-b85c-05e328dc9f9f req-837c52b9-cd3f-4d5f-b85c-05e328dc9f9f ] Request (ListServerFiltersTestJSON:tearDownClass): 204 DELETE http://10.180.1.21/compute/v2.1/servers/e926cfb4-f56f-425a-8f00-69069f75f649 0.272s
2025-01-14 17:09:27.240 69465 INFO tempest.lib.common.rest_client [req-dbc1cf0f-e2fd-4dbf-b03a-c02ec55fa409 req-dbc1cf0f-e2fd-4dbf-b03a-c02ec55fa409 ] Request (DeleteServersAdminTestJSON:tearDownClass): 204 DELETE http://10.180.1.21/identity/v3/projects/df48c7ea2d7b467781689121c2f13647 0.090s
2025-01-14 17:09:27.240 69465 INFO tempest.lib.common.dynamic_creds [-] Deleting project and security group for project: 625f5761953d483aa34d99274c741745
2025-01-14 17:09:27.302 69455 INFO tempest.lib.common.rest_client [req-8f0d20c0-6b4a-4e94-b60a-30b5e91323d0 req-8f0d20c0-6b4a-4e94-b60a-30b5e91323d0 ] Request (ServerDiagnosticsV248Test:tearDownClass): 200 GET http://10.180.1.21/compute/v2.1/servers/9b8491be-ee59-4584-90e8-f905cdfe0ad7 0.205s
2025-01-14 17:09:27.359 69494 INFO tempest.lib.common.rest_client [req-8a105815-5d04-41a8-b0cb-6e476e29c018 req-8a105815-5d04-41a8-b0cb-6e476e29c018 ] Request (ImagesTestJSON:test_create_image_from_suspended_server): 200 GET http://10.180.1.21/compute/v2.1/servers/dad60003-ef3c-4f6e-87ef-90900722de87 0.351s
2025-01-14 17:09:27.405 69465 INFO tempest.lib.common.rest_client [req-1bd4fd34-a112-4ef2-85f0-96e1aa7c9f54 req-1bd4fd34-a112-4ef2-85f0-96e1aa7c9f54 ] Request (DeleteServersAdminTestJSON:tearDownClass): 200 GET http://10.180.1.21:9696/networking/v2.0/security-groups?tenant_id=625f5761953d483aa34d99274c741745&name=default 0.164s
2025-01-14 17:09:27.410 69513 INFO tempest.lib.common.rest_client [req-debde982-f89a-47a7-afe1-e75d18b284c3 req-debde982-f89a-47a7-afe1-e75d18b284c3 ] Request (ListImageFiltersTestJSON:tearDownClass): 204 DELETE http://10.180.1.21/compute/v2.1/images/0e850685-05fa-405c-b994-55e7b700fcfd 0.271s
2025-01-14 17:09:27.411 69515 INFO tempest.lib.common.rest_client [req-127b7f47-207c-4363-bcd4-786ec45788e8 req-127b7f47-207c-4363-bcd4-786ec45788e8 ] Request (SecurityGroupsTestJSON:test_server_security_groups): 200 GET http://10.180.1.21/compute/v2.1/servers/dc1b5d0d-5bdb-40f6-9308-bfa4a966adf2 0.256s
2025-01-14 17:09:27.441 69503 INFO tempest.lib.common.rest_client [req-dae5cce7-09fc-4c17-9226-050239f5838b req-dae5cce7-09fc-4c17-9226-050239f5838b ] Request (ServersAdminNegativeTestJSON:_run_cleanups): 200 GET http://10.180.1.21/compute/v2.1/flavors/detail 0.275s
2025-01-14 17:09:27.481 69463 INFO tempest.lib.common.rest_client [req-613096b6-a8a4-4503-9c80-9893b3816c23 req-613096b6-a8a4-4503-9c80-9893b3816c23 ] Request (ServerGroupTestJSON:test_create_delete_server_group_with_affinity_policy): 200 POST http://10.180.1.21/compute/v2.1/os-server-groups 0.330s
2025-01-14 17:09:27.496 69497 INFO tempest.lib.common.rest_client [req-0943f684-5d8b-4211-9228-5ecc388e6332 req-0943f684-5d8b-4211-9228-5ecc388e6332 ] Request (ServerRescueTestJSON:setUpClass): 200 GET http://10.180.1.21/compute/v2.1/servers/55f46a77-cd49-47ba-ba4f-369ce8c69d50 0.329s
2025-01-14 17:09:27.501 69465 INFO tempest.lib.common.rest_client [req-d89318d8-9a7a-4792-b74e-902554e031ad req-d89318d8-9a7a-4792-b74e-902554e031ad ] Request (DeleteServersAdminTestJSON:tearDownClass): 204 DELETE http://10.180.1.21:9696/networking/v2.0/security-groups/33a764e8-1784-40a2-995f-5fd50b1f2f69 0.095s
2025-01-14 17:09:27.530 69491 INFO tempest.lib.common.rest_client [req-4ce827f5-c3c4-4597-b561-ed2b293aa31d req-4ce827f5-c3c4-4597-b561-ed2b293aa31d ] Request (ServersAdminTestJSON:test_inject_network_info): 200 GET http://10.180.1.21/compute/v2.1/servers/99989a73-ad99-4f46-bbfc-84bb704562d3 0.323s
2025-01-14 17:09:27.584 69495 INFO tempest.lib.common.rest_client [req-5d6b6e7e-500d-4230-a556-e954f459504c req-5d6b6e7e-500d-4230-a556-e954f459504c ] Request (ServersTestFqdnHostnames:test_create_server_with_fqdn_name): 200 GET http://10.180.1.21/compute/v2.1/servers/526080de-0e4d-4a04-a9e2-1868167d5abb 0.319s
2025-01-14 17:09:27.636 69465 INFO tempest.lib.common.rest_client [req-5a177915-4c69-4a9b-9777-70d15db5b6aa req-5a177915-4c69-4a9b-9777-70d15db5b6aa ] Request (DeleteServersAdminTestJSON:tearDownClass): 204 DELETE http://10.180.1.21/identity/v3/projects/625f5761953d483aa34d99274c741745 0.135s
2025-01-14 17:09:27.640 69467 WARNING tempest.lib.common.ssh [-] Failed to establish authenticated ssh connection to cirros@10.180.180.140 ([Errno None] Unable to connect to port 22 on 10.180.180.140). Number attempts: 3. Retry after 4 seconds.: paramiko.ssh_exception.NoValidConnectionsError: [Errno None] Unable to connect to port 22 on 10.180.180.140
2025-01-14 17:09:27.660 69477 INFO tempest.lib.common.rest_client [req-d45c3886-ff95-4130-807b-42f566ff8efb req-d45c3886-ff95-4130-807b-42f566ff8efb ] Request (ServersV294TestFqdnHostnames:setUpClass): 200 GET http://10.180.1.21/compute/v2.1/servers/f3b6e9ea-be4b-43c5-9503-4531eddcbe81 0.372s
