2025-01-14 17:08:35.928 69485 INFO tempest.lib.common.rest_client [req-7c1f16af-b4bc-468d-a6f6-fcde0814f267 req-7c1f16af-b4bc-468d-a6f6-fcde0814f267 ] Request (ServersTestJSON:setUpClass): 200 GET http://10.180.1.21/compute/v2.1/servers/2b6b22da-7808-4eaa-9d5e-ea74f3d57b79 0.639s
2025-01-14 17:08:35.946 69508 INFO tempest.lib.common.rest_client [req-51c6240c-5dde-473e-88e8-9a287a490e20 req-51c6240c-5dde-473e-88e8-9a287a490e20 ] Request (ImagesOneServerNegativeTestJSON:_run_cleanups): 200 POST http://10.180.1.21/compute/v2.1/os-keypairs 0.657s
2025-01-14 17:08:35.964 69475 INFO tempest.lib.common.rest_client [req-9ac73ef4-62fa-4d58-beea-2f8d31447656 req-9ac73ef4-62fa-4d58-beea-2f8d31447656 ] Request (FloatingIPsTestJSON:tearDownClass): 204 DELETE http://10.180.1.21/identity/v3/projects/7f324093513e48c39a138b709141bf9d 0.120s
2025-01-14 17:08:35.979 69494 INFO tempest.lib.common.rest_client [req-f22ced9e-823d-4b58-bc1d-ac1e0cc57768 req-f22ced9e-823d-4b58-bc1d-ac1e0cc57768 ] Request (ImagesTestJSON:test_create_image_from_suspended_server): 200 GET http://10.180.1.21/compute/v2.1/servers/dad60003-ef3c-4f6e-87ef-90900722de87 0.605s
2025-01-14 17:08:36.049 69508 INFO tempest.lib.common.rest_client [req-ed46ca17-07c9-454b-af93-0a35f760422e req-ed46ca17-07c9-454b-af93-0a35f760422e ] Request (ImagesOneServerNegativeTestJSON:_run_cleanups): 201 POST http://10.180.1.21:9696/networking/v2.0/security-groups 0.101s
2025-01-14 17:08:36.057 69487 WARNING tempest.lib.common.ssh [-] Failed to establish authenticated ssh connection to cirros@10.180.180.200 ([Errno None] Unable to connect to port 22 on 10.180.180.200). Number attempts: 1. Retry after 2 seconds.: paramiko.ssh_exception.NoValidConnectionsError: [Errno None] Unable to connect to port 22 on 10.180.180.200
2025-01-14 17:08:36.143 69508 INFO tempest.lib.common.rest_client [req-b3de598a-9b52-4d21-bf8b-73d256497942 req-b3de598a-9b52-4d21-bf8b-73d256497942 ] Request (ImagesOneServerNegativeTestJSON:_run_cleanups): 201 POST http://10.180.1.21:9696/networking/v2.0/security-group-rules 0.093s
2025-01-14 17:08:36.239 69508 INFO tempest.lib.common.rest_client [req-cdd31f4b-bb0a-43c2-bc07-e2af9f700f78 req-cdd31f4b-bb0a-43c2-bc07-e2af9f700f78 ] Request (ImagesOneServerNegativeTestJSON:_run_cleanups): 201 POST http://10.180.1.21:9696/networking/v2.0/security-group-rules 0.095s
2025-01-14 17:08:36.306 69455 INFO tempest.lib.common.rest_client [req-f35ee111-8b6e-40be-90b3-91971da1bdec req-f35ee111-8b6e-40be-90b3-91971da1bdec ] Request (ServerDiagnosticsV248Test:test_get_server_diagnostics): 200 GET http://10.180.1.21/compute/v2.1/servers/9b8491be-ee59-4584-90e8-f905cdfe0ad7 0.819s
2025-01-14 17:08:36.448 69463 INFO tempest.lib.common.rest_client [req-8a3f98f1-c224-40bc-9d0e-de8f510b8716 req-8a3f98f1-c224-40bc-9d0e-de8f510b8716 ] Request (InstanceActionsTestJSON:tearDownClass): 200 GET http://10.180.1.21/compute/v2.1/servers/104eaa03-2212-451d-bc4e-e84be2b126ca 1.027s
2025-01-14 17:08:36.489 69489 INFO tempest.lib.common.rest_client [req-bc6104cc-09d8-459c-86a5-aa3fc75af4c1 req-bc6104cc-09d8-459c-86a5-aa3fc75af4c1 ] Request (ImagesMetadataTestJSON:test_update_image_metadata): 200 GET http://10.180.1.21/compute/v2.1/images/eaeac62b-2464-49d0-a854-03b808543d40/metadata 0.879s
2025-01-14 17:08:36.553 69489 INFO tempest.lib.common.rest_client [req-39f233e6-f965-4751-a9e5-a52d75b30e18 req-39f233e6-f965-4751-a9e5-a52d75b30e18 ] Request (ImagesMetadataTestJSON:tearDownClass): 204 DELETE http://10.180.1.21/image/v2/images/eaeac62b-2464-49d0-a854-03b808543d40 0.062s
2025-01-14 17:08:36.597 69477 INFO tempest.lib.common.rest_client [req-a8238b15-17b1-43a3-a8f1-588d94b3ac40 req-a8238b15-17b1-43a3-a8f1-588d94b3ac40 ] Request (ServersV294TestFqdnHostnames:setUpClass): 200 GET http://10.180.1.21/compute/v2.1/servers/f3b6e9ea-be4b-43c5-9503-4531eddcbe81 0.946s
2025-01-14 17:08:36.690 69515 INFO tempest.lib.common.rest_client [req-7c24a6b0-ceea-49c5-ae4f-d2d0b7c8b09e req-7c24a6b0-ceea-49c5-ae4f-d2d0b7c8b09e ] Request (SecurityGroupsTestJSON:test_server_security_groups): 200 POST http://10.180.1.21/compute/v2.1/os-security-groups 1.143s
2025-01-14 17:08:36.701 69483 INFO tempest.lib.common.rest_client [req-92f53e20-3f29-4662-85c1-ef841a4486a7 req-92f53e20-3f29-4662-85c1-ef841a4486a7 ] Request (AttachInterfacesV270Test:test_create_get_list_interfaces): 200 GET http://10.180.1.21/compute/v2.1/servers/ead14cf0-3a27-45ca-9d18-8dbbd7e24ba4 0.990s
2025-01-14 17:08:36.717 69483 INFO tempest.common.waiters [-] State transition "BUILD/scheduling" ==> "BUILD/None" after 31 second wait
2025-01-14 17:08:36.718 69489 INFO tempest.lib.common.rest_client [req-c9005528-68b0-4c43-84f8-05cfae596446 req-c9005528-68b0-4c43-84f8-05cfae596446 ] Request (ImagesMetadataTestJSON:tearDownClass): 204 DELETE http://10.180.1.21/identity/v3/users/c91f5d9109e24b59ab2aeebb1a04109e 0.164s
2025-01-14 17:08:36.718 69489 INFO tempest.lib.common.dynamic_creds [-] Deleting project and security group for project: 59eaa610f9ad4ac0b373a788c8943fbe
2025-01-14 17:08:36.780 69508 INFO tempest.lib.common.rest_client [req-450ce31b-04f7-4221-a17a-dc49ba88f5ca req-450ce31b-04f7-4221-a17a-dc49ba88f5ca ] Request (ImagesOneServerNegativeTestJSON:_run_cleanups): 201 POST http://10.180.1.21:9696/networking/v2.0/floatingips 0.540s
2025-01-14 17:08:36.799 69489 INFO tempest.lib.common.rest_client [req-0b0d28e3-b456-488f-a768-c9342e1585b8 req-0b0d28e3-b456-488f-a768-c9342e1585b8 ] Request (ImagesMetadataTestJSON:tearDownClass): 201 POST http://10.180.1.21/identity/v3/auth/tokens 0.080s
2025-01-14 17:08:36.858 69508 INFO tempest.lib.common.rest_client [req-ecbb88b8-9697-4796-994b-8e4926151966 req-ecbb88b8-9697-4796-994b-8e4926151966 ] Request (ImagesOneServerNegativeTestJSON:_run_cleanups): 201 POST http://10.180.1.21/identity/v3/auth/tokens 0.075s
2025-01-14 17:08:36.859 69508 INFO tempest.lib.common.fixed_network [-] (ImagesOneServerNegativeTestJSON:_run_cleanups) Found network {'id': '764dc435-fc64-48c6-ba7f-b6bf111b21dc', 'name': 'tempest-ImagesOneServerNegativeTestJSON-1851394257-network', 'tenant_id': 'b9622986e63843bba40fb1f5bd9b7a61', 'admin_state_up': True, 'mtu': 8950, 'status': 'ACTIVE', 'subnets': [], 'shared': False, 'project_id': 'b9622986e63843bba40fb1f5bd9b7a61', 'port_security_enabled': True, 'router:external': False, 'provider:network_type': 'vlan', 'provider:physical_network': 'default', 'provider:segmentation_id': 161, 'availability_zone_hints': [], 'availability_zones': [], 'ipv4_address_scope': None, 'ipv6_address_scope': None, 'description': '', 'tags': [], 'created_at': '2025-01-14T17:07:02Z', 'updated_at': '2025-01-14T17:07:02Z', 'revision_number': 1} available for tenant
2025-01-14 17:08:37.016 69489 INFO tempest.lib.common.rest_client [req-13e0d591-77aa-44e0-93e4-e74f59b432bb req-13e0d591-77aa-44e0-93e4-e74f59b432bb ] Request (ImagesMetadataTestJSON:tearDownClass): 200 GET http://10.180.1.21:9696/networking/v2.0/security-groups?tenant_id=59eaa610f9ad4ac0b373a788c8943fbe&name=default 0.217s
2025-01-14 17:08:37.079 69471 INFO tempest.lib.common.rest_client [req-3f1a0359-287e-42c1-bb25-ac410675cbb9 req-3f1a0359-287e-42c1-bb25-ac410675cbb9 ] Request (MigrationsAdminTest:test_list_migrations_in_flavor_resize_situation): 200 GET http://10.180.1.21/compute/v2.1/servers/ace1ae39-d6de-4b36-93f5-e1b8f810a16a 1.350s
2025-01-14 17:08:37.140 69497 INFO tempest.lib.common.rest_client [req-aed35ff9-c615-46dc-83e6-3156c5969ef8 req-aed35ff9-c615-46dc-83e6-3156c5969ef8 ] Request (ServerMetadataNegativeTestJSON:tearDownClass): 200 GET http://10.180.1.21/compute/v2.1/servers/2a5458eb-c394-484c-8374-73eee310dc89 1.339s
2025-01-14 17:08:37.142 69489 INFO tempest.lib.common.rest_client [req-8862660f-d04f-4ab9-987f-d618201234da req-8862660f-d04f-4ab9-987f-d618201234da ] Request (ImagesMetadataTestJSON:tearDownClass): 204 DELETE http://10.180.1.21:9696/networking/v2.0/security-groups/0a8a6ba7-84e5-4c28-8ac4-39996ccd2210 0.125s
2025-01-14 17:08:37.218 69489 INFO tempest.lib.common.rest_client [req-6f6061a9-f1bf-4f27-aca5-4a1f746da767 req-6f6061a9-f1bf-4f27-aca5-4a1f746da767 ] Request (ImagesMetadataTestJSON:tearDownClass): 204 DELETE http://10.180.1.21/identity/v3/projects/59eaa610f9ad4ac0b373a788c8943fbe 0.075s
2025-01-14 17:08:37.226 69473 INFO tempest.lib.common.rest_client [req-8d1b7125-a1a5-4353-b82e-dbb10a02b1aa req-8d1b7125-a1a5-4353-b82e-dbb10a02b1aa ] Request (ServersTestMultiNic:test_verify_duplicate_network_nics): 200 GET http://10.180.1.21/compute/v2.1/servers/f62137c6-8851-4d59-9f15-2ee39cda52f6 1.269s
2025-01-14 17:08:37.279 69489 INFO tempest.lib.common.rest_client [req-8e833376-fb6a-4aa4-b5f3-c5178b39c3f9 req-8e833376-fb6a-4aa4-b5f3-c5178b39c3f9 ] Request (KeyPairsNegativeTestJSON:setUpClass): 201 POST http://10.180.1.21/identity/v3/auth/tokens 0.059s
2025-01-14 17:08:37.291 69465 INFO tempest.lib.common.rest_client [req-ef4bd9ab-78f7-4bd8-8c14-0dd5c72bccc6 req-ef4bd9ab-78f7-4bd8-8c14-0dd5c72bccc6 ] Request (DeleteServersAdminTestJSON:test_delete_server_while_in_error_state): 200 GET http://10.180.1.21/compute/v2.1/servers/2f544489-1ad2-40ea-9427-d6f34dcfe39a 1.403s
2025-01-14 17:08:37.302 69503 INFO tempest.lib.common.rest_client [req-adae28db-3a16-432e-abf1-c741bb8abd82 req-adae28db-3a16-432e-abf1-c741bb8abd82 ] Request (ServersAdminNegativeTestJSON:test_migrate_server_invalid_state): 200 GET http://10.180.1.21/compute/v2.1/servers/2dc14df8-6821-432c-8ce3-3c211b6de2b0 1.288s
2025-01-14 17:08:37.314 69489 INFO tempest.lib.common.rest_client [req-1f22a0b7-9da1-4b23-a005-95b2a458619f req-1f22a0b7-9da1-4b23-a005-95b2a458619f ] Request (KeyPairsNegativeTestJSON:setUpClass): 201 POST http://10.180.1.21/identity/v3/auth/tokens 0.033s
2025-01-14 17:08:37.345 69489 INFO tempest.lib.common.rest_client [req-30a98b33-952d-45f4-84e8-5fc0f18a98e9 req-30a98b33-952d-45f4-84e8-5fc0f18a98e9 ] Request (KeyPairsNegativeTestJSON:setUpClass): 200 GET http://10.180.1.21/identity/v3/domains?name=Default 0.030s
2025-01-14 17:08:37.398 69489 INFO tempest.lib.common.rest_client [req-f041d497-1933-483c-92c5-022fde66db81 req-f041d497-1933-483c-92c5-022fde66db81 ] Request (KeyPairsNegativeTestJSON:setUpClass): 201 POST http://10.180.1.21/identity/v3/projects 0.052s
2025-01-14 17:08:37.402 69511 INFO tempest.lib.common.rest_client [req-7a354ef4-e454-488f-b93d-74d84ac80d7e req-7a354ef4-e454-488f-b93d-74d84ac80d7e ] Request (InstanceActionsNegativeTestJSON:setUpClass): 200 GET http://10.180.1.21/compute/v2.1/servers/929c57e8-88c8-4cda-8a89-afcfda128c51 1.029s
2025-01-14 17:08:37.485 69489 INFO tempest.lib.common.rest_client [req-8a26cb7b-c7b4-44e6-996e-fdb9b44cc86e req-8a26cb7b-c7b4-44e6-996e-fdb9b44cc86e ] Request (KeyPairsNegativeTestJSON:setUpClass): 201 POST http://10.180.1.21/identity/v3/users 0.086s
2025-01-14 17:08:37.502 69513 INFO tempest.lib.common.rest_client [req-6b819b58-ee02-4c72-9018-5ae45ca2eb61 req-6b819b58-ee02-4c72-9018-5ae45ca2eb61 ] Request (ListImageFiltersTestJSON:setUpClass): 200 GET http://10.180.1.21/compute/v2.1/servers/8b68d0fc-6687-4ac5-9ae0-b9e26a4f7226 1.457s
2025-01-14 17:08:37.509 69489 INFO tempest.lib.common.rest_client [req-107bb7c3-4d67-4631-8717-2d22989d1bb7 req-107bb7c3-4d67-4631-8717-2d22989d1bb7 ] Request (KeyPairsNegativeTestJSON:setUpClass): 200 GET http://10.180.1.21/identity/v3/roles 0.024s
2025-01-14 17:08:37.513 69513 INFO tempest.common.waiters [-] State transition "ACTIVE/image_uploading" ==> "ACTIVE/None" after 2 second wait
2025-01-14 17:08:37.545 69489 INFO tempest.lib.common.rest_client [req-4d98bd4e-5a91-459b-b9dd-85bba9d6516a req-4d98bd4e-5a91-459b-b9dd-85bba9d6516a ] Request (KeyPairsNegativeTestJSON:setUpClass): 204 PUT http://10.180.1.21/identity/v3/projects/2bab3b21f87b4e4a88114e8463d20df2/users/9893a2a5954b4e5f8943c5321b566661/roles/cd577c8e8a9d49cca7a6e4a04ced439a 0.035s
2025-01-14 17:08:37.545 69489 INFO tempest.lib.common.dynamic_creds [-] Dynamic test user 9893a2a5954b4e5f8943c5321b566661 is created with scope project and roles: ['member']
2025-01-14 17:08:37.545 69489 INFO tempest.lib.common.dynamic_creds [-] Acquired dynamic creds: credentials: Credentials: {'domain_id': 'default', 'domain_name': 'Default', 'username': 'tempest-KeyPairsNegativeTestJSON-1015308413-project-member', 'project_domain_id': 'default', 'project_domain_name': 'Default', 'project_id': '2bab3b21f87b4e4a88114e8463d20df2', 'project_name': 'tempest-KeyPairsNegativeTestJSON-1015308413', 'tenant_id': '2bab3b21f87b4e4a88114e8463d20df2', 'tenant_name': 'tempest-KeyPairsNegativeTestJSON-1015308413', 'user_domain_id': 'default', 'user_domain_name': 'Default', 'user_id': '9893a2a5954b4e5f8943c5321b566661', 'system': None}, Network: None, Subnet: None, Router: None
2025-01-14 17:08:37.545 69489 INFO tempest.lib.common.dynamic_creds [-] Created isolated network resources for: credentials: Credentials: {'domain_id': 'default', 'domain_name': 'Default', 'username': 'tempest-KeyPairsNegativeTestJSON-1015308413-project-member', 'project_domain_id': 'default', 'project_domain_name': 'Default', 'project_id': '2bab3b21f87b4e4a88114e8463d20df2', 'project_name': 'tempest-KeyPairsNegativeTestJSON-1015308413', 'tenant_id': '2bab3b21f87b4e4a88114e8463d20df2', 'tenant_name': 'tempest-KeyPairsNegativeTestJSON-1015308413', 'user_domain_id': 'default', 'user_domain_name': 'Default', 'user_id': '9893a2a5954b4e5f8943c5321b566661', 'system': None}, Network: None, Subnet: None, Router: None
2025-01-14 17:08:37.562 69479 INFO tempest.lib.common.rest_client [req-6ea69f5e-1150-437d-b52f-c860843b3ce7 req-6ea69f5e-1150-437d-b52f-c860843b3ce7 ] Request (ImagesOneServerTestJSON:setUpClass): 200 GET http://10.180.1.21/compute/v2.1/servers/36bd68d5-0f27-4c82-9b66-9467a57fbae3 1.162s
2025-01-14 17:08:37.570 69479 INFO tempest.common.waiters [-] State transition "BUILD/spawning" ==> "ACTIVE/None" after 49 second wait
2025-01-14 17:08:37.575 69501 INFO tempest.lib.common.rest_client [req-622b0a42-3c7d-4049-ad5c-62a2476dffde req-622b0a42-3c7d-4049-ad5c-62a2476dffde ] Request (ListServerFiltersTestJSON:setUpClass): 200 GET http://10.180.1.21/compute/v2.1/servers/e926cfb4-f56f-425a-8f00-69069f75f649 1.121s
2025-01-14 17:08:37.622 69459 INFO tempest.lib.common.rest_client [req-1afe5107-f70d-4979-9e1b-2d4301f2d53c req-1afe5107-f70d-4979-9e1b-2d4301f2d53c ] Request (InstanceActionsV221TestJSON:test_get_list_deleted_instance_actions): 200 GET http://10.180.1.21/compute/v2.1/servers/80fd055f-cf2a-41bd-8d94-1bdd3bd440e0 1.014s
2025-01-14 17:08:37.638 69489 INFO tempest.lib.common.rest_client [req-2eae57c2-7c33-4c49-ae22-31ff208e4df1 req-2eae57c2-7c33-4c49-ae22-31ff208e4df1 ] Request (KeyPairsNegativeTestJSON:setUpClass): 201 POST http://10.180.1.21/identity/v3/auth/tokens 0.087s
2025-01-14 17:08:37.642 69491 INFO tempest.lib.common.rest_client [req-52d2251f-52af-4305-b229-b8f80cb65db1 req-52d2251f-52af-4305-b229-b8f80cb65db1 ] Request (ServersAdminTestJSON:test_create_server_with_scheduling_hint): 200 GET http://10.180.1.21/compute/v2.1/servers/2568d389-f910-4543-94d0-4f0b4d6db495 0.966s
2025-01-14 17:08:37.701 69517 INFO tempest.lib.common.rest_client [req-3551f208-5d06-4084-a6bd-f40db5917edf req-3551f208-5d06-4084-a6bd-f40db5917edf ] Request (FloatingIPsAssociationTestJSON:setUpClass): 200 GET http://10.180.1.21/compute/v2.1/servers/0237b15e-2ac9-419f-b74e-6eea2558e817 1.021s
2025-01-14 17:08:37.762 69505 INFO tempest.lib.common.rest_client [req-8b4978c1-d6a3-4ceb-836a-a91db3811711 req-8b4978c1-d6a3-4ceb-836a-a91db3811711 ] Request (ServerActionsTestJSON:setUpClass): 200 GET http://10.180.1.21/compute/v2.1/servers/ee29e2c3-464e-4ec9-a7d9-057519c836f7 1.029s
2025-01-14 17:08:37.826 69467 INFO tempest.lib.common.rest_client [req-5a5e052d-1aac-4c9a-83c0-747a692c099b req-5a5e052d-1aac-4c9a-83c0-747a692c099b ] Request (ServersTestBootFromVolume:setUpClass): 200 GET http://10.180.1.21/compute/v2.1/servers/a46fad37-b982-49d7-a999-755e36c1ed44 1.033s
2025-01-14 17:08:37.866 69515 INFO tempest.lib.common.rest_client [req-aaf4a999-af3b-451c-ae50-87877994cea0 req-aaf4a999-af3b-451c-ae50-87877994cea0 ] Request (SecurityGroupsTestJSON:test_server_security_groups): 200 POST http://10.180.1.21/compute/v2.1/os-security-groups 1.170s
2025-01-14 17:08:37.892 69495 INFO tempest.lib.common.rest_client [req-65025ddd-b3f6-4481-b8db-786e8c1361c4 req-65025ddd-b3f6-4481-b8db-786e8c1361c4 ] Request (ServersAdmin275Test:tearDownClass): 404 GET http://10.180.1.21/compute/v2.1/servers/24dffd64-79b1-4d94-b5af-b7822d04b8f5 1.001s
2025-01-14 17:08:37.949 69515 INFO tempest.lib.common.rest_client [req-9c4cd695-0525-4cf4-8f32-89b34e4bc0f4 req-9c4cd695-0525-4cf4-8f32-89b34e4bc0f4 ] Request (SecurityGroupsTestJSON:test_server_security_groups): 201 POST http://10.180.1.21/identity/v3/auth/tokens 0.078s
2025-01-14 17:08:37.949 69515 INFO tempest.lib.common.fixed_network [-] (SecurityGroupsTestJSON:test_server_security_groups) Found network {'id': '6ee4126a-68bc-491a-b982-9b0d05618a5d', 'name': 'tempest-SecurityGroupsTestJSON-520634957-network', 'tenant_id': 'fc914ffb3cb14b05819d26b141f2c725', 'admin_state_up': True, 'mtu': 8950, 'status': 'ACTIVE', 'subnets': [], 'shared': False, 'project_id': 'fc914ffb3cb14b05819d26b141f2c725', 'port_security_enabled': True, 'router:external': False, 'provider:network_type': 'vlan', 'provider:physical_network': 'default', 'provider:segmentation_id': 321, 'availability_zone_hints': [], 'availability_zones': [], 'ipv4_address_scope': None, 'ipv6_address_scope': None, 'description': '', 'tags': [], 'created_at': '2025-01-14T17:07:18Z', 'updated_at': '2025-01-14T17:07:18Z', 'revision_number': 1} available for tenant
2025-01-14 17:08:37.983 69485 INFO tempest.lib.common.rest_client [req-cebac8f9-2b01-412e-8430-0fea1621b3c4 req-cebac8f9-2b01-412e-8430-0fea1621b3c4 ] Request (ServersTestJSON:setUpClass): 200 GET http://10.180.1.21/compute/v2.1/servers/2b6b22da-7808-4eaa-9d5e-ea74f3d57b79 1.043s
2025-01-14 17:08:38.033 69495 INFO tempest.lib.common.rest_client [req-27fd87f3-9f68-4a87-b989-7a5fa7c029be req-27fd87f3-9f68-4a87-b989-7a5fa7c029be ] Request (ServersAdmin275Test:tearDownClass): 204 DELETE http://10.180.1.21/identity/v3/users/214d3042eb0b4bcfbd1209d82bf7fdbf 0.141s
2025-01-14 17:08:38.068 69494 INFO tempest.lib.common.rest_client [req-3221d8ef-0722-4f65-89e3-22101b290625 req-3221d8ef-0722-4f65-89e3-22101b290625 ] Request (ImagesTestJSON:test_create_image_from_suspended_server): 200 GET http://10.180.1.21/compute/v2.1/servers/dad60003-ef3c-4f6e-87ef-90900722de87 1.081s
2025-01-14 17:08:38.132 69495 INFO tempest.lib.common.rest_client [req-25660a5f-573d-4bdd-b7f9-454cedc2e4ed req-25660a5f-573d-4bdd-b7f9-454cedc2e4ed ] Request (ServersAdmin275Test:tearDownClass): 204 DELETE http://10.180.1.21/identity/v3/users/7444fe91e81449f3a1825930d7a714cf 0.098s
2025-01-14 17:08:38.133 69495 INFO tempest.lib.common.dynamic_creds [-] Deleting project and security group for project: fa01e3b6f44845ddb6348d5f4fe95490
2025-01-14 17:08:38.191 69455 INFO tempest.lib.common.rest_client [req-ffc7a347-0cc7-4e1e-8088-a5469981295a req-ffc7a347-0cc7-4e1e-8088-a5469981295a ] Request (ServerDiagnosticsV248Test:test_get_server_diagnostics): 200 GET http://10.180.1.21/compute/v2.1/servers/9b8491be-ee59-4584-90e8-f905cdfe0ad7 0.870s
2025-01-14 17:08:38.212 69495 INFO tempest.lib.common.rest_client [req-5cd71e34-0ca2-48ed-a48f-3452eed0a878 req-5cd71e34-0ca2-48ed-a48f-3452eed0a878 ] Request (ServersAdmin275Test:tearDownClass): 201 POST http://10.180.1.21/identity/v3/auth/tokens 0.078s
2025-01-14 17:08:38.246 69469 INFO tempest.lib.common.rest_client [req-0301e22d-4ad7-4bc3-92c0-6ac1165ce864 req-0301e22d-4ad7-4bc3-92c0-6ac1165ce864 ] Request (SecurityGroupRulesTestJSON:tearDownClass): 200 PUT http://10.180.1.21:9696/networking/v2.0/routers/bf0ee7b6-847d-4570-9b84-5653780a5e40/remove_router_interface 2.339s
2025-01-14 17:08:38.293 69463 INFO tempest.lib.common.rest_client [req-a9c5c9df-0fa1-4f08-ab6d-569ee914a0bc req-a9c5c9df-0fa1-4f08-ab6d-569ee914a0bc ] Request (InstanceActionsTestJSON:tearDownClass): 200 GET http://10.180.1.21/compute/v2.1/servers/104eaa03-2212-451d-bc4e-e84be2b126ca 0.836s
2025-01-14 17:08:38.311 69463 INFO tempest.common.waiters [-] State transition "ACTIVE/deleting" ==> "DELETED/None" after 4 second wait
2025-01-14 17:08:38.369 69495 INFO tempest.lib.common.rest_client [req-0d63c750-9a66-4a45-ad32-9c5029790956 req-0d63c750-9a66-4a45-ad32-9c5029790956 ] Request (ServersAdmin275Test:tearDownClass): 200 GET http://10.180.1.21:9696/networking/v2.0/security-groups?tenant_id=fa01e3b6f44845ddb6348d5f4fe95490&name=default 0.157s
2025-01-14 17:08:38.489 69457 WARNING tempest.lib.common.ssh [-] Failed to establish authenticated ssh connection to cirros@10.180.180.172 ([Errno None] Unable to connect to port 22 on 10.180.180.172). Number attempts: 7. Retry after 8 seconds.: paramiko.ssh_exception.NoValidConnectionsError: [Errno None] Unable to connect to port 22 on 10.180.180.172
2025-01-14 17:08:38.517 69495 INFO tempest.lib.common.rest_client [req-7b46b172-b450-44aa-a7ba-b446a4a365ec req-7b46b172-b450-44aa-a7ba-b446a4a365ec ] Request (ServersAdmin275Test:tearDownClass): 204 DELETE http://10.180.1.21:9696/networking/v2.0/security-groups/a982f70a-38c2-4dfe-b448-bb346cb5f251 0.148s
2025-01-14 17:08:38.589 69495 INFO tempest.lib.common.rest_client [req-b8242cc7-a3b9-4b07-9d34-4a9cdf61c0d3 req-b8242cc7-a3b9-4b07-9d34-4a9cdf61c0d3 ] Request (ServersAdmin275Test:tearDownClass): 204 DELETE http://10.180.1.21/identity/v3/projects/fa01e3b6f44845ddb6348d5f4fe95490 0.071s
2025-01-14 17:08:38.590 69495 INFO tempest.lib.common.dynamic_creds [-] Deleting project and security group for project: 80cb71528a514709bca8a75dcd51c038
2025-01-14 17:08:38.616 69509 WARNING tempest.lib.common.ssh [-] Failed to establish authenticated ssh connection to cirros@10.180.180.158 ([Errno None] Unable to connect to port 22 on 10.180.180.158). Number attempts: 3. Retry after 4 seconds.: paramiko.ssh_exception.NoValidConnectionsError: [Errno None] Unable to connect to port 22 on 10.180.180.158
2025-01-14 17:08:38.693 69495 INFO tempest.lib.common.rest_client [req-a9e74821-91ba-4d33-a079-a02d3c1b23ee req-a9e74821-91ba-4d33-a079-a02d3c1b23ee ] Request (ServersAdmin275Test:tearDownClass): 200 GET http://10.180.1.21:9696/networking/v2.0/security-groups?tenant_id=80cb71528a514709bca8a75dcd51c038&name=default 0.103s
2025-01-14 17:08:38.772 69495 INFO tempest.lib.common.rest_client [req-5711f397-587a-423f-aaa3-047e71d9b849 req-5711f397-587a-423f-aaa3-047e71d9b849 ] Request (ServersAdmin275Test:tearDownClass): 204 DELETE http://10.180.1.21:9696/networking/v2.0/security-groups/e12eb758-1017-4e18-b9f0-49ac6066ef65 0.078s
2025-01-14 17:08:38.780 69513 INFO tempest.lib.common.rest_client [req-0f815e7c-1c16-41b0-b022-e76261f582a0 req-0f815e7c-1c16-41b0-b022-e76261f582a0 ] Request (ListImageFiltersTestJSON:setUpClass): 202 POST http://10.180.1.21/compute/v2.1/servers/8cd4e26b-954b-435e-880a-5765ca34f736/action 1.266s
2025-01-14 17:08:38.840 69508 INFO tempest.lib.common.rest_client [req-61e478f7-a048-4150-8ec8-d978216ab7c3 req-61e478f7-a048-4150-8ec8-d978216ab7c3 ] Request (ImagesOneServerNegativeTestJSON:_run_cleanups): 202 POST http://10.180.1.21/compute/v2.1/servers 1.980s
2025-01-14 17:08:38.912 69495 INFO tempest.lib.common.rest_client [req-9aa6b08a-9deb-4bc7-ae78-d62dd226463c req-9aa6b08a-9deb-4bc7-ae78-d62dd226463c ] Request (ServersAdmin275Test:tearDownClass): 204 DELETE http://10.180.1.21/identity/v3/projects/80cb71528a514709bca8a75dcd51c038 0.140s
2025-01-14 17:08:38.916 69477 INFO tempest.lib.common.rest_client [req-b732ff04-9caa-490b-bfb6-fdf75237a488 req-b732ff04-9caa-490b-bfb6-fdf75237a488 ] Request (ServersV294TestFqdnHostnames:setUpClass): 200 GET http://10.180.1.21/compute/v2.1/servers/f3b6e9ea-be4b-43c5-9503-4531eddcbe81 1.302s
2025-01-14 17:08:38.979 69495 INFO tempest.lib.common.rest_client [req-637bf1b9-14ed-4569-b6e3-bea32ed5353f req-637bf1b9-14ed-4569-b6e3-bea32ed5353f ] Request (ImagesDeleteNegativeTestJSON:setUpClass): 201 POST http://10.180.1.21/identity/v3/auth/tokens 0.064s
2025-01-14 17:08:39.053 69489 INFO tempest.lib.common.rest_client [req-69f1f808-b16f-4593-8bf6-c638c2b02662 req-69f1f808-b16f-4593-8bf6-c638c2b02662 ] Request (KeyPairsNegativeTestJSON:test_create_keypair_invalid_name): 400 POST http://10.180.1.21/compute/v2.1/os-keypairs 1.412s
2025-01-14 17:08:39.065 69495 INFO tempest.lib.common.rest_client [req-7d6824dc-4674-412f-9397-9feec9841762 req-7d6824dc-4674-412f-9397-9feec9841762 ] Request (ImagesDeleteNegativeTestJSON:setUpClass): 201 POST http://10.180.1.21/identity/v3/auth/tokens 0.084s
2025-01-14 17:08:39.090 69495 INFO tempest.lib.common.rest_client [req-7a01bb9e-9a8f-4260-9771-08980620d49f req-7a01bb9e-9a8f-4260-9771-08980620d49f ] Request (ImagesDeleteNegativeTestJSON:setUpClass): 200 GET http://10.180.1.21/identity/v3/domains?name=Default 0.024s
2025-01-14 17:08:39.114 69495 INFO tempest.lib.common.rest_client [req-046b882c-11ca-4d7a-8298-2507a36cdad6 req-046b882c-11ca-4d7a-8298-2507a36cdad6 ] Request (ImagesDeleteNegativeTestJSON:setUpClass): 201 POST http://10.180.1.21/identity/v3/projects 0.024s
2025-01-14 17:08:39.114 69483 INFO tempest.lib.common.rest_client [req-1a63f172-0046-43ad-8987-d61d8b28fafb req-1a63f172-0046-43ad-8987-d61d8b28fafb ] Request (AttachInterfacesV270Test:test_create_get_list_interfaces): 200 GET http://10.180.1.21/compute/v2.1/servers/ead14cf0-3a27-45ca-9d18-8dbbd7e24ba4 1.397s
2025-01-14 17:08:39.128 69487 WARNING tempest.lib.common.ssh [-] Failed to establish authenticated ssh connection to cirros@10.180.180.200 ([Errno None] Unable to connect to port 22 on 10.180.180.200). Number attempts: 2. Retry after 3 seconds.: paramiko.ssh_exception.NoValidConnectionsError: [Errno None] Unable to connect to port 22 on 10.180.180.200
2025-01-14 17:08:39.166 69495 INFO tempest.lib.common.rest_client [req-b24b76d8-c72d-4f58-a188-f0377d78734f req-b24b76d8-c72d-4f58-a188-f0377d78734f ] Request (ImagesDeleteNegativeTestJSON:setUpClass): 201 POST http://10.180.1.21/identity/v3/users 0.051s
2025-01-14 17:08:39.192 69495 INFO tempest.lib.common.rest_client [req-c70d5030-5cb6-4688-9726-79fd80cac9f5 req-c70d5030-5cb6-4688-9726-79fd80cac9f5 ] Request (ImagesDeleteNegativeTestJSON:setUpClass): 200 GET http://10.180.1.21/identity/v3/roles 0.026s
2025-01-14 17:08:39.219 69495 INFO tempest.lib.common.rest_client [req-814f5a9a-19f4-4925-9992-6ae3e48a0881 req-814f5a9a-19f4-4925-9992-6ae3e48a0881 ] Request (ImagesDeleteNegativeTestJSON:setUpClass): 204 PUT http://10.180.1.21/identity/v3/projects/fad408752a154dbb93847d7c054c6770/users/c0017706afe8469894a39a3a931139ff/roles/cd577c8e8a9d49cca7a6e4a04ced439a 0.026s
2025-01-14 17:08:39.219 69495 INFO tempest.lib.common.dynamic_creds [-] Dynamic test user c0017706afe8469894a39a3a931139ff is created with scope project and roles: ['member']
2025-01-14 17:08:39.219 69495 INFO tempest.lib.common.dynamic_creds [-] Acquired dynamic creds: credentials: Credentials: {'domain_id': 'default', 'domain_name': 'Default', 'username': 'tempest-ImagesDeleteNegativeTestJSON-1200202389-project-member', 'project_domain_id': 'default', 'project_domain_name': 'Default', 'project_id': 'fad408752a154dbb93847d7c054c6770', 'project_name': 'tempest-ImagesDeleteNegativeTestJSON-1200202389', 'tenant_id': 'fad408752a154dbb93847d7c054c6770', 'tenant_name': 'tempest-ImagesDeleteNegativeTestJSON-1200202389', 'user_domain_id': 'default', 'user_domain_name': 'Default', 'user_id': 'c0017706afe8469894a39a3a931139ff', 'system': None}, Network: None, Subnet: None, Router: None
2025-01-14 17:08:39.219 69495 INFO tempest.lib.common.dynamic_creds [-] Created isolated network resources for: credentials: Credentials: {'domain_id': 'default', 'domain_name': 'Default', 'username': 'tempest-ImagesDeleteNegativeTestJSON-1200202389-project-member', 'project_domain_id': 'default', 'project_domain_name': 'Default', 'project_id': 'fad408752a154dbb93847d7c054c6770', 'project_name': 'tempest-ImagesDeleteNegativeTestJSON-1200202389', 'tenant_id': 'fad408752a154dbb93847d7c054c6770', 'tenant_name': 'tempest-ImagesDeleteNegativeTestJSON-1200202389', 'user_domain_id': 'default', 'user_domain_name': 'Default', 'user_id': 'c0017706afe8469894a39a3a931139ff', 'system': None}, Network: None, Subnet: None, Router: None
2025-01-14 17:08:39.238 69469 INFO tempest.lib.common.rest_client [req-5563b0b0-40ae-4e8c-b5f1-b31f92565050 req-5563b0b0-40ae-4e8c-b5f1-b31f92565050 ] Request (SecurityGroupRulesTestJSON:tearDownClass): 204 DELETE http://10.180.1.21:9696/networking/v2.0/routers/bf0ee7b6-847d-4570-9b84-5653780a5e40 0.992s
2025-01-14 17:08:39.252 69479 INFO tempest.lib.common.rest_client [req-a079e40f-f1bf-4cc1-a726-4c14c8a88cf8 req-a079e40f-f1bf-4cc1-a726-4c14c8a88cf8 ] Request (ImagesOneServerTestJSON:test_create_delete_image): 202 POST http://10.180.1.21/compute/v2.1/servers/36bd68d5-0f27-4c82-9b66-9467a57fbae3/action 1.680s
2025-01-14 17:08:39.312 69495 INFO tempest.lib.common.rest_client [req-c8381465-8e1b-4227-9d1e-3408c4d945b0 req-c8381465-8e1b-4227-9d1e-3408c4d945b0 ] Request (ImagesDeleteNegativeTestJSON:setUpClass): 201 POST http://10.180.1.21/identity/v3/auth/tokens 0.087s
2025-01-14 17:08:39.378 69469 INFO tempest.lib.common.rest_client [req-42bb1d1a-93ce-4204-9a3c-c140f1bfb09a req-42bb1d1a-93ce-4204-9a3c-c140f1bfb09a ] Request (SecurityGroupRulesTestJSON:tearDownClass): 204 DELETE http://10.180.1.21:9696/networking/v2.0/subnets/df5c82c4-234c-435a-91e6-665314d7ba69 0.140s
2025-01-14 17:08:39.463 69471 INFO tempest.lib.common.rest_client [req-d2f62967-cdd6-42a4-9ebe-ba053e4c396c req-d2f62967-cdd6-42a4-9ebe-ba053e4c396c ] Request (MigrationsAdminTest:test_list_migrations_in_flavor_resize_situation): 200 GET http://10.180.1.21/compute/v2.1/servers/ace1ae39-d6de-4b36-93f5-e1b8f810a16a 1.374s
2025-01-14 17:08:39.538 69515 INFO tempest.lib.common.rest_client [req-b05a043b-a207-4340-9516-62b6ed7a5397 req-b05a043b-a207-4340-9516-62b6ed7a5397 ] Request (SecurityGroupsTestJSON:test_server_security_groups): 202 POST http://10.180.1.21/compute/v2.1/servers 1.588s
2025-01-14 17:08:39.593 69473 INFO tempest.lib.common.rest_client [req-8028e2df-a44e-4e2e-b3d4-9e9322c8480c req-8028e2df-a44e-4e2e-b3d4-9e9322c8480c ] Request (ServersTestMultiNic:test_verify_duplicate_network_nics): 200 GET http://10.180.1.21/compute/v2.1/servers/f62137c6-8851-4d59-9f15-2ee39cda52f6 1.359s
2025-01-14 17:08:39.638 69469 INFO tempest.lib.common.rest_client [req-d3dd631b-8a6f-4810-914d-cfbfd0ef215c req-d3dd631b-8a6f-4810-914d-cfbfd0ef215c ] Request (SecurityGroupRulesTestJSON:tearDownClass): 204 DELETE http://10.180.1.21:9696/networking/v2.0/networks/de75026e-0538-45e1-a39b-a6ca0c5f4a3c 0.259s
2025-01-14 17:08:39.723 69497 INFO tempest.lib.common.rest_client [req-93bca5b2-774e-4b23-8148-e8ba1bd0554b req-93bca5b2-774e-4b23-8148-e8ba1bd0554b ] Request (ServerMetadataNegativeTestJSON:tearDownClass): 200 GET http://10.180.1.21/compute/v2.1/servers/2a5458eb-c394-484c-8374-73eee310dc89 1.568s
2025-01-14 17:08:39.737 69465 INFO tempest.lib.common.rest_client [req-4de48bd9-805b-48c1-8db1-9b0019dd272a req-4de48bd9-805b-48c1-8db1-9b0019dd272a ] Request (DeleteServersAdminTestJSON:test_delete_server_while_in_error_state): 200 GET http://10.180.1.21/compute/v2.1/servers/2f544489-1ad2-40ea-9427-d6f34dcfe39a 1.432s
2025-01-14 17:08:39.801 69503 INFO tempest.lib.common.rest_client [req-f2e13bd4-2c75-4a18-96a0-ecd35e126375 req-f2e13bd4-2c75-4a18-96a0-ecd35e126375 ] Request (ServersAdminNegativeTestJSON:test_migrate_server_invalid_state): 200 GET http://10.180.1.21/compute/v2.1/servers/2dc14df8-6821-432c-8ce3-3c211b6de2b0 1.486s
2025-01-14 17:08:39.802 69511 INFO tempest.lib.common.rest_client [req-69b38200-10d1-41f2-802a-eb244793a1bc req-69b38200-10d1-41f2-802a-eb244793a1bc ] Request (InstanceActionsNegativeTestJSON:setUpClass): 200 GET http://10.180.1.21/compute/v2.1/servers/929c57e8-88c8-4cda-8a89-afcfda128c51 1.386s
2025-01-14 17:08:39.836 69469 INFO tempest.lib.common.rest_client [req-dfddb020-47bd-4679-aef1-3d5df9945dfa req-dfddb020-47bd-4679-aef1-3d5df9945dfa ] Request (SecurityGroupRulesTestJSON:tearDownClass): 204 DELETE http://10.180.1.21/identity/v3/users/731d67d3d3d649cfbaa7d37561c69fcc 0.197s
2025-01-14 17:08:39.836 69469 INFO tempest.lib.common.dynamic_creds [-] Deleting project and security group for project: de1a5a64948a47af802f9090b08a3bb0
2025-01-14 17:08:39.864 69501 INFO tempest.lib.common.rest_client [req-eb862322-9b38-4b81-a545-f5948b35ce84 req-eb862322-9b38-4b81-a545-f5948b35ce84 ] Request (ListServerFiltersTestJSON:setUpClass): 200 GET http://10.180.1.21/compute/v2.1/servers/e926cfb4-f56f-425a-8f00-69069f75f649 1.281s
2025-01-14 17:08:39.873 69459 INFO tempest.lib.common.rest_client [req-47948aeb-3dfb-480f-9d6b-db1820715001 req-47948aeb-3dfb-480f-9d6b-db1820715001 ] Request (InstanceActionsV221TestJSON:test_get_list_deleted_instance_actions): 200 GET http://10.180.1.21/compute/v2.1/servers/80fd055f-cf2a-41bd-8d94-1bdd3bd440e0 1.231s
2025-01-14 17:08:39.874 69469 INFO tempest.lib.common.rest_client [req-5967cdc1-f760-4bea-98f3-1daaee45a650 req-5967cdc1-f760-4bea-98f3-1daaee45a650 ] Request (SecurityGroupRulesTestJSON:tearDownClass): 200 GET http://10.180.1.21:9696/networking/v2.0/security-groups?tenant_id=de1a5a64948a47af802f9090b08a3bb0&name=default 0.034s
2025-01-14 17:08:39.875 69501 INFO tempest.common.waiters [-] State transition "BUILD/None" ==> "BUILD/networking" after 47 second wait
2025-01-14 17:08:39.943 69517 INFO tempest.lib.common.rest_client [req-742926ef-d69f-4e9c-9263-c75fad97cc68 req-742926ef-d69f-4e9c-9263-c75fad97cc68 ] Request (FloatingIPsAssociationTestJSON:setUpClass): 200 GET http://10.180.1.21/compute/v2.1/servers/0237b15e-2ac9-419f-b74e-6eea2558e817 1.233s
2025-01-14 17:08:39.945 69491 INFO tempest.lib.common.rest_client [req-6ab5736a-894b-4ea0-a647-e42bed5faaa1 req-6ab5736a-894b-4ea0-a647-e42bed5faaa1 ] Request (ServersAdminTestJSON:test_create_server_with_scheduling_hint): 200 GET http://10.180.1.21/compute/v2.1/servers/2568d389-f910-4543-94d0-4f0b4d6db495 1.294s
2025-01-14 17:08:39.977 69469 INFO tempest.lib.common.rest_client [req-5e297522-e760-470b-8f29-c5dbafba26b0 req-5e297522-e760-470b-8f29-c5dbafba26b0 ] Request (SecurityGroupRulesTestJSON:tearDownClass): 204 DELETE http://10.180.1.21:9696/networking/v2.0/security-groups/515ad698-b068-42b2-9c33-75c789455c75 0.103s
2025-01-14 17:08:40.013 69513 INFO tempest.lib.common.rest_client [req-784d4bea-6a59-4eac-9696-d4e3b3789b9e req-784d4bea-6a59-4eac-9696-d4e3b3789b9e ] Request (ListImageFiltersTestJSON:setUpClass): 200 GET http://10.180.1.21/compute/v2.1/images/6b81b377-7c0f-4a6c-bb85-ffca28681562 1.232s
2025-01-14 17:08:40.020 69505 INFO tempest.lib.common.rest_client [req-c7355c00-2374-4df8-912f-ba9645b3f528 req-c7355c00-2374-4df8-912f-ba9645b3f528 ] Request (ServerActionsTestJSON:setUpClass): 200 GET http://10.180.1.21/compute/v2.1/servers/ee29e2c3-464e-4ec9-a7d9-057519c836f7 1.246s
2025-01-14 17:08:40.027 69505 INFO tempest.common.waiters [-] State transition "BUILD/scheduling" ==> "BUILD/None" after 31 second wait
2025-01-14 17:08:40.079 69467 INFO tempest.lib.common.rest_client [req-c0641bc7-baed-4e24-9a23-5aeb4db62767 req-c0641bc7-baed-4e24-9a23-5aeb4db62767 ] Request (ServersTestBootFromVolume:setUpClass): 200 GET http://10.180.1.21/compute/v2.1/servers/a46fad37-b982-49d7-a999-755e36c1ed44 1.240s
2025-01-14 17:08:40.092 69508 INFO tempest.lib.common.rest_client [req-e638e629-fc35-4d9c-8f04-ed4abef03f9f req-e638e629-fc35-4d9c-8f04-ed4abef03f9f ] Request (ImagesOneServerNegativeTestJSON:_run_cleanups): 200 GET http://10.180.1.21/compute/v2.1/servers/394309ab-d10e-4578-bb8c-82372267ba4d 1.248s
2025-01-14 17:08:40.116 69469 INFO tempest.lib.common.rest_client [req-a21326d2-9031-498f-ba0a-29258879943c req-a21326d2-9031-498f-ba0a-29258879943c ] Request (SecurityGroupRulesTestJSON:tearDownClass): 204 DELETE http://10.180.1.21/identity/v3/projects/de1a5a64948a47af802f9090b08a3bb0 0.138s
2025-01-14 17:08:40.124 69489 INFO tempest.lib.common.rest_client [req-70da1a9c-2aae-457c-9ab7-f2abb80c2de9 req-70da1a9c-2aae-457c-9ab7-f2abb80c2de9 ] Request (KeyPairsNegativeTestJSON:test_create_keypair_when_public_key_bits_exceeds_maximum): 400 POST http://10.180.1.21/compute/v2.1/os-keypairs 1.068s
2025-01-14 17:08:40.143 69485 INFO tempest.lib.common.rest_client [req-48d142b0-a7e7-4637-a3c9-62ace4f07504 req-48d142b0-a7e7-4637-a3c9-62ace4f07504 ] Request (ServersTestJSON:setUpClass): 200 GET http://10.180.1.21/compute/v2.1/servers/2b6b22da-7808-4eaa-9d5e-ea74f3d57b79 1.149s
2025-01-14 17:08:40.174 69494 INFO tempest.lib.common.rest_client [req-1ff6bbe3-abb5-475b-a330-bae41c1b8246 req-1ff6bbe3-abb5-475b-a330-bae41c1b8246 ] Request (ImagesTestJSON:test_create_image_from_suspended_server): 200 GET http://10.180.1.21/compute/v2.1/servers/dad60003-ef3c-4f6e-87ef-90900722de87 1.095s
2025-01-14 17:08:40.183 69469 INFO tempest.lib.common.rest_client [req-d90bd2da-17db-45a6-899f-46d45926d066 req-d90bd2da-17db-45a6-899f-46d45926d066 ] Request (ListServersNegativeTestJSON:setUpClass): 201 POST http://10.180.1.21/identity/v3/auth/tokens 0.066s
2025-01-14 17:08:40.203 69455 INFO tempest.lib.common.rest_client [req-e3962d1a-043e-4818-afd1-6ff58040a4db req-e3962d1a-043e-4818-afd1-6ff58040a4db ] Request (ServerDiagnosticsV248Test:test_get_server_diagnostics): 200 GET http://10.180.1.21/compute/v2.1/servers/9b8491be-ee59-4584-90e8-f905cdfe0ad7 0.994s
2025-01-14 17:08:40.213 69479 INFO tempest.lib.common.rest_client [req-bf52287b-d3b9-4e8c-aa23-aa103536dd4f req-bf52287b-d3b9-4e8c-aa23-aa103536dd4f ] Request (ImagesOneServerTestJSON:test_create_delete_image): 200 GET http://10.180.1.21/compute/v2.1/images/eb41fd81-f8f4-463e-a11a-a99d76616660 0.959s
2025-01-14 17:08:40.232 69469 INFO tempest.lib.common.rest_client [req-ffcfff80-f774-4407-90ea-17128035a739 req-ffcfff80-f774-4407-90ea-17128035a739 ] Request (ListServersNegativeTestJSON:setUpClass): 201 POST http://10.180.1.21/identity/v3/auth/tokens 0.047s
2025-01-14 17:08:40.260 69469 INFO tempest.lib.common.rest_client [req-202931d7-2a26-42bb-92db-15572e0b6cd4 req-202931d7-2a26-42bb-92db-15572e0b6cd4 ] Request (ListServersNegativeTestJSON:setUpClass): 200 GET http://10.180.1.21/identity/v3/domains?name=Default 0.027s
2025-01-14 17:08:40.282 69463 INFO tempest.lib.common.rest_client [req-df8eb95d-7a85-4d47-9956-9825f29540af req-df8eb95d-7a85-4d47-9956-9825f29540af ] Request (InstanceActionsTestJSON:tearDownClass): 200 GET http://10.180.1.21/compute/v2.1/servers/104eaa03-2212-451d-bc4e-e84be2b126ca 0.970s
2025-01-14 17:08:40.301 69469 INFO tempest.lib.common.rest_client [req-105327d5-74d1-4454-9d9e-903345326ae2 req-105327d5-74d1-4454-9d9e-903345326ae2 ] Request (ListServersNegativeTestJSON:setUpClass): 201 POST http://10.180.1.21/identity/v3/projects 0.039s
2025-01-14 17:08:40.316 69495 INFO tempest.lib.common.rest_client [req-506ad867-5e63-4a98-85f5-5e2d7f335c79 req-506ad867-5e63-4a98-85f5-5e2d7f335c79 ] Request (ImagesDeleteNegativeTestJSON:test_delete_image_blank_id): 404 DELETE http://10.180.1.21/compute/v2.1/images/ 1.002s
2025-01-14 17:08:40.337 69515 INFO tempest.lib.common.rest_client [req-ee57fcbd-cd53-47c7-9616-aec3504ab76e req-ee57fcbd-cd53-47c7-9616-aec3504ab76e ] Request (SecurityGroupsTestJSON:test_server_security_groups): 200 GET http://10.180.1.21/compute/v2.1/servers/dc1b5d0d-5bdb-40f6-9308-bfa4a966adf2 0.797s
2025-01-14 17:08:40.367 69469 INFO tempest.lib.common.rest_client [req-23e985b1-fe82-4fac-8385-cf2ac27f9972 req-23e985b1-fe82-4fac-8385-cf2ac27f9972 ] Request (ListServersNegativeTestJSON:setUpClass): 201 POST http://10.180.1.21/identity/v3/users 0.065s
2025-01-14 17:08:40.396 69469 INFO tempest.lib.common.rest_client [req-ed2d5d73-191a-4004-bbbe-103244671048 req-ed2d5d73-191a-4004-bbbe-103244671048 ] Request (ListServersNegativeTestJSON:setUpClass): 200 GET http://10.180.1.21/identity/v3/roles 0.029s
2025-01-14 17:08:40.411 69483 INFO tempest.lib.common.rest_client [req-bad1fc78-17f5-4648-a80e-8ba0fe2fb4ee req-bad1fc78-17f5-4648-a80e-8ba0fe2fb4ee ] Request (AttachInterfacesV270Test:test_create_get_list_interfaces): 200 GET http://10.180.1.21/compute/v2.1/servers/ead14cf0-3a27-45ca-9d18-8dbbd7e24ba4 0.287s
2025-01-14 17:08:40.417 69477 INFO tempest.lib.common.rest_client [req-af650f48-cca7-4ad8-8881-9ee733a1f47c req-af650f48-cca7-4ad8-8881-9ee733a1f47c ] Request (ServersV294TestFqdnHostnames:setUpClass): 200 GET http://10.180.1.21/compute/v2.1/servers/f3b6e9ea-be4b-43c5-9503-4531eddcbe81 0.490s
2025-01-14 17:08:40.438 69495 INFO tempest.lib.common.rest_client [req-60fe064e-f1f1-4b19-965e-818a54f86aa9 req-60fe064e-f1f1-4b19-965e-818a54f86aa9 ] Request (ImagesDeleteNegativeTestJSON:test_delete_image_negative_image_id): 404 DELETE http://10.180.1.21/compute/v2.1/images/-1 0.120s
2025-01-14 17:08:40.441 69469 INFO tempest.lib.common.rest_client [req-6af4f27f-4b64-44ca-83e0-186e7f6f3ae1 req-6af4f27f-4b64-44ca-83e0-186e7f6f3ae1 ] Request (ListServersNegativeTestJSON:setUpClass): 204 PUT http://10.180.1.21/identity/v3/projects/c2bb07ce438441e89dea6314515d2bcc/users/526af7ad9f29427da73056b60fc08262/roles/cd577c8e8a9d49cca7a6e4a04ced439a 0.044s
2025-01-14 17:08:40.442 69469 INFO tempest.lib.common.dynamic_creds [-] Dynamic test user 526af7ad9f29427da73056b60fc08262 is created with scope project and roles: ['member']
2025-01-14 17:08:40.442 69469 INFO tempest.lib.common.dynamic_creds [-] Acquired dynamic creds: credentials: Credentials: {'domain_id': 'default', 'domain_name': 'Default', 'username': 'tempest-ListServersNegativeTestJSON-1083643416-project-member', 'project_domain_id': 'default', 'project_domain_name': 'Default', 'project_id': 'c2bb07ce438441e89dea6314515d2bcc', 'project_name': 'tempest-ListServersNegativeTestJSON-1083643416', 'tenant_id': 'c2bb07ce438441e89dea6314515d2bcc', 'tenant_name': 'tempest-ListServersNegativeTestJSON-1083643416', 'user_domain_id': 'default', 'user_domain_name': 'Default', 'user_id': '526af7ad9f29427da73056b60fc08262', 'system': None}, Network: None, Subnet: None, Router: None
2025-01-14 17:08:40.451 69489 INFO tempest.lib.common.rest_client [req-38bd77dd-85f3-454e-901a-0d496f3e60fc req-38bd77dd-85f3-454e-901a-0d496f3e60fc ] Request (KeyPairsNegativeTestJSON:test_create_keypair_with_duplicate_name): 200 POST http://10.180.1.21/compute/v2.1/os-keypairs 0.324s
2025-01-14 17:08:40.466 69495 INFO tempest.lib.common.rest_client [req-efe7f009-599f-402c-ac15-95733722deba req-efe7f009-599f-402c-ac15-95733722deba ] Request (ImagesDeleteNegativeTestJSON:test_delete_image_non_hex_string_id): 404 DELETE http://10.180.1.21/compute/v2.1/images/b879b151-f14e-406c-9b9c-65550c5f9faj 0.027s
2025-01-14 17:08:40.486 69489 INFO tempest.lib.common.rest_client [req-2021ee1c-de74-4455-bccb-8b0d0d8db552 req-2021ee1c-de74-4455-bccb-8b0d0d8db552 ] Request (KeyPairsNegativeTestJSON:test_create_keypair_with_duplicate_name): 409 POST http://10.180.1.21/compute/v2.1/os-keypairs 0.032s
2025-01-14 17:08:40.491 69495 INFO tempest.lib.common.rest_client [req-d7667b72-d4e7-4c9a-bc18-c60d78db90d5 req-d7667b72-d4e7-4c9a-bc18-c60d78db90d5 ] Request (ImagesDeleteNegativeTestJSON:test_delete_image_with_id_over_character_limit): 404 DELETE http://10.180.1.21/compute/v2.1/images/e9bf2764-fe44-4a2d-b832-23386cfd4b0d1 0.023s
2025-01-14 17:08:40.515 69489 INFO tempest.lib.common.rest_client [req-a214a44e-88b0-481e-a375-a0e672802c9d req-a214a44e-88b0-481e-a375-a0e672802c9d ] Request (KeyPairsNegativeTestJSON:test_create_keypair_with_duplicate_name): 202 DELETE http://10.180.1.21/compute/v2.1/os-keypairs/tempest-keypair-1825991680 0.029s
2025-01-14 17:08:40.533 69495 INFO tempest.lib.common.rest_client [req-ffe52da8-ac75-438a-8068-c23f2422b7f9 req-ffe52da8-ac75-438a-8068-c23f2422b7f9 ] Request (ImagesDeleteNegativeTestJSON:test_delete_image_with_invalid_image_id): 404 DELETE http://10.180.1.21/compute/v2.1/images/tempest-invalid-749878755 0.040s
2025-01-14 17:08:40.534 69469 INFO tempest.lib.common.rest_client [req-c381b257-1984-4ffa-94d3-3a3c16955901 req-c381b257-1984-4ffa-94d3-3a3c16955901 ] Request (ListServersNegativeTestJSON:setUpClass): 201 POST http://10.180.1.21/identity/v3/auth/tokens 0.092s
2025-01-14 17:08:40.541 69489 INFO tempest.lib.common.rest_client [req-9ec1718e-bbfe-4754-9488-6c625b2bf87e req-9ec1718e-bbfe-4754-9488-6c625b2bf87e ] Request (KeyPairsNegativeTestJSON:test_create_keypair_with_empty_name_string): 400 POST http://10.180.1.21/compute/v2.1/os-keypairs 0.022s
2025-01-14 17:08:40.559 69495 INFO tempest.lib.common.rest_client [req-25560ed9-1bb0-4cf2-bc62-2a57796101e3 req-25560ed9-1bb0-4cf2-bc62-2a57796101e3 ] Request (ImagesDeleteNegativeTestJSON:test_delete_non_existent_image): 404 DELETE http://10.180.1.21/compute/v2.1/images/6974b154-c552-4f3d-aa1c-727242f79a46 0.025s
2025-01-14 17:08:40.601 69461 WARNING tempest.lib.common.ssh [-] Failed to establish authenticated ssh connection to cirros@10.180.180.204 ([Errno None] Unable to connect to port 22 on 10.180.180.204). Number attempts: 6. Retry after 7 seconds.: paramiko.ssh_exception.NoValidConnectionsError: [Errno None] Unable to connect to port 22 on 10.180.180.204
2025-01-14 17:08:40.607 69489 INFO tempest.lib.common.rest_client [req-40fddc5c-9345-41ae-91a3-6b0cc3e4cc59 req-40fddc5c-9345-41ae-91a3-6b0cc3e4cc59 ] Request (KeyPairsNegativeTestJSON:test_create_keypair_with_empty_public_key): 400 POST http://10.180.1.21/compute/v2.1/os-keypairs 0.065s
2025-01-14 17:08:40.637 69471 INFO tempest.lib.common.rest_client [req-f9236636-0378-4593-9b22-f1ad67eb714b req-f9236636-0378-4593-9b22-f1ad67eb714b ] Request (MigrationsAdminTest:test_list_migrations_in_flavor_resize_situation): 200 GET http://10.180.1.21/compute/v2.1/servers/ace1ae39-d6de-4b36-93f5-e1b8f810a16a 0.163s
2025-01-14 17:08:40.644 69489 INFO tempest.lib.common.rest_client [req-499be034-a504-491c-9978-bce54b8eea22 req-499be034-a504-491c-9978-bce54b8eea22 ] Request (KeyPairsNegativeTestJSON:test_create_keypair_with_long_keynames): 400 POST http://10.180.1.21/compute/v2.1/os-keypairs 0.035s
2025-01-14 17:08:40.660 69495 INFO tempest.lib.common.rest_client [req-849e4186-0284-410b-b3cb-d06affcf74b5 req-849e4186-0284-410b-b3cb-d06affcf74b5 ] Request (ImagesDeleteNegativeTestJSON:tearDownClass): 204 DELETE http://10.180.1.21/identity/v3/users/c0017706afe8469894a39a3a931139ff 0.100s
2025-01-14 17:08:40.660 69495 INFO tempest.lib.common.dynamic_creds [-] Deleting project and security group for project: fad408752a154dbb93847d7c054c6770
2025-01-14 17:08:40.674 69473 INFO tempest.lib.common.rest_client [req-8eb1b90b-7b3b-4ae8-98d2-df9f4a8249e5 req-8eb1b90b-7b3b-4ae8-98d2-df9f4a8249e5 ] Request (ServersTestMultiNic:test_verify_duplicate_network_nics): 200 GET http://10.180.1.21/compute/v2.1/servers/f62137c6-8851-4d59-9f15-2ee39cda52f6 0.065s
2025-01-14 17:08:40.683 69489 INFO tempest.lib.common.rest_client [req-960bbc8a-56c7-423c-af35-112bcaa8f44b req-960bbc8a-56c7-423c-af35-112bcaa8f44b ] Request (KeyPairsNegativeTestJSON:test_keypair_create_with_invalid_pub_key): 400 POST http://10.180.1.21/compute/v2.1/os-keypairs 0.037s
2025-01-14 17:08:40.700 69489 INFO tempest.lib.common.rest_client [req-e01ed40e-7a9a-4da5-84f8-9c94f385e805 req-e01ed40e-7a9a-4da5-84f8-9c94f385e805 ] Request (KeyPairsNegativeTestJSON:test_keypair_delete_nonexistent_key): 404 DELETE http://10.180.1.21/compute/v2.1/os-keypairs/tempest-keypair-non-existent-74178422 0.015s
2025-01-14 17:08:40.733 69495 INFO tempest.lib.common.rest_client [req-30933d4d-a580-4ab2-84ba-dcbbf1572471 req-30933d4d-a580-4ab2-84ba-dcbbf1572471 ] Request (ImagesDeleteNegativeTestJSON:tearDownClass): 201 POST http://10.180.1.21/identity/v3/auth/tokens 0.072s
2025-01-14 17:08:40.831 69489 INFO tempest.lib.common.rest_client [req-7516ce94-1963-4a8b-bfba-eb3701fc56ed req-7516ce94-1963-4a8b-bfba-eb3701fc56ed ] Request (KeyPairsNegativeTestJSON:tearDownClass): 204 DELETE http://10.180.1.21/identity/v3/users/9893a2a5954b4e5f8943c5321b566661 0.125s
2025-01-14 17:08:40.831 69489 INFO tempest.lib.common.dynamic_creds [-] Deleting project and security group for project: 2bab3b21f87b4e4a88114e8463d20df2
2025-01-14 17:08:40.853 69497 INFO tempest.lib.common.rest_client [req-7ef55044-be28-4480-874a-5ec37f69b477 req-7ef55044-be28-4480-874a-5ec37f69b477 ] Request (ServerMetadataNegativeTestJSON:tearDownClass): 200 GET http://10.180.1.21/compute/v2.1/servers/2a5458eb-c394-484c-8374-73eee310dc89 0.120s
2025-01-14 17:08:40.864 69497 INFO tempest.common.waiters [-] State transition "ACTIVE/deleting" ==> "DELETED/None" after 3 second wait
2025-01-14 17:08:40.875 69469 INFO tempest.lib.common.rest_client [req-622f738a-cfd4-42db-808e-ae89e3036692 req-622f738a-cfd4-42db-808e-ae89e3036692 ] Request (ListServersNegativeTestJSON:setUpClass): 201 POST http://10.180.1.21:9696/networking/v2.0/networks 0.340s
2025-01-14 17:08:40.913 69489 INFO tempest.lib.common.rest_client [req-7cb96617-b009-4740-98b7-7ce52f309464 req-7cb96617-b009-4740-98b7-7ce52f309464 ] Request (KeyPairsNegativeTestJSON:tearDownClass): 201 POST http://10.180.1.21/identity/v3/auth/tokens 0.080s
2025-01-14 17:08:40.948 69503 INFO tempest.lib.common.rest_client [req-e703bd73-4f63-401d-be77-eab1961e14ba req-e703bd73-4f63-401d-be77-eab1961e14ba ] Request (ServersAdminNegativeTestJSON:test_migrate_server_invalid_state): 200 GET http://10.180.1.21/compute/v2.1/servers/2dc14df8-6821-432c-8ce3-3c211b6de2b0 0.137s
2025-01-14 17:08:40.981 69465 INFO tempest.lib.common.rest_client [req-113841c6-caba-471c-a68f-f2c5ee03ad39 req-113841c6-caba-471c-a68f-f2c5ee03ad39 ] Request (DeleteServersAdminTestJSON:test_delete_server_while_in_error_state): 200 GET http://10.180.1.21/compute/v2.1/servers/2f544489-1ad2-40ea-9427-d6f34dcfe39a 0.236s
2025-01-14 17:08:41.008 69511 INFO tempest.lib.common.rest_client [req-18ffc3ba-44e8-40de-a35a-6d13f8208e0a req-18ffc3ba-44e8-40de-a35a-6d13f8208e0a ] Request (InstanceActionsNegativeTestJSON:setUpClass): 200 GET http://10.180.1.21/compute/v2.1/servers/929c57e8-88c8-4cda-8a89-afcfda128c51 0.198s
