2025-01-14 17:10:29.391 69467 INFO tempest.lib.common.rest_client [req-d9b8a4d4-638c-4db5-87c7-7bc16f2c245e req-d9b8a4d4-638c-4db5-87c7-7bc16f2c245e ] Request (ServersTestBootFromVolume:tearDownClass): 200 GET http://10.180.1.21:9696/networking/v2.0/security-groups?tenant_id=230e57a1e901453988a944cc2e57f501&name=default 0.042s
2025-01-14 17:10:29.414 69499 INFO tempest.lib.common.rest_client [req-3d5bcee7-bd7a-489b-b655-f64883be6e11 req-3d5bcee7-bd7a-489b-b655-f64883be6e11 ] Request (ServersWithSpecificFlavorTestJSON:test_verify_created_server_ephemeral_disk): 200 GET http://10.180.1.21/compute/v2.1/servers/4b3e0653-b7d8-4458-ac35-a81527b7ceb8 0.467s
2025-01-14 17:10:29.470 69487 INFO tempest.lib.common.rest_client [req-4b637ee2-a0ae-49e9-8798-a18a6032ca93 req-4b637ee2-a0ae-49e9-8798-a18a6032ca93 ] Request (VolumesAdminNegativeTest:_run_cleanups): 200 GET http://10.180.1.21/compute/v2.1/servers/c33de456-d210-4ba8-b039-3bf1678f9cb8/os-volume_attachments 0.503s
2025-01-14 17:10:29.530 69467 INFO tempest.lib.common.rest_client [req-db062cd0-1746-4248-877d-26929ca92d8b req-db062cd0-1746-4248-877d-26929ca92d8b ] Request (ServersTestBootFromVolume:tearDownClass): 204 DELETE http://10.180.1.21:9696/networking/v2.0/security-groups/d3904098-b9ce-464d-994c-a28f490763c7 0.139s
2025-01-14 17:10:29.563 69501 INFO tempest.lib.common.rest_client [req-7199ad40-baa8-4b28-9749-7449ac1704a6 req-7199ad40-baa8-4b28-9749-7449ac1704a6 ] Request (ListServerFiltersTestJSON:tearDownClass): 200 GET http://10.180.1.21/compute/v2.1/servers/e52bb7a4-0d9e-42b1-93a5-5005a3c99229 0.551s
2025-01-14 17:10:29.609 69497 INFO tempest.lib.common.rest_client [req-8b55f987-9f40-4c89-ac58-8ab61dcdd592 req-8b55f987-9f40-4c89-ac58-8ab61dcdd592 ] Request (ServerRescueTestJSON:setUpClass): 200 GET http://10.180.1.21/compute/v2.1/servers/55f46a77-cd49-47ba-ba4f-369ce8c69d50 0.644s
2025-01-14 17:10:29.618 69497 INFO tempest.common.waiters [-] State transition "ACTIVE/rescuing" ==> "RESCUE/None" after 10 second wait
2025-01-14 17:10:29.653 69465 INFO tempest.lib.common.rest_client [req-766a51b7-3b74-4395-bb84-e58b95a8ae7f req-766a51b7-3b74-4395-bb84-e58b95a8ae7f ] Request (ServerDiskConfigTestJSON:test_rebuild_server_with_auto_disk_config): 200 GET http://10.180.1.21/compute/v2.1/servers/85d67c6c-ff9a-4c24-8f89-845a0e2829bf 0.629s
2025-01-14 17:10:29.662 69465 INFO tempest.common.waiters [-] State transition "BUILD/None" ==> "BUILD/networking" after 51 second wait
2025-01-14 17:10:29.681 69497 INFO tempest.lib.common.rest_client [req-cbd04bb2-6a3e-42bd-8cc3-fb58432d0d82 req-cbd04bb2-6a3e-42bd-8cc3-fb58432d0d82 ] Request (ServerRescueTestJSON:test_rescue_unrescue_instance): 201 POST http://10.180.1.21/identity/v3/auth/tokens 0.059s
2025-01-14 17:10:29.682 69469 INFO tempest.lib.common.rest_client [req-64245201-e79e-44de-a180-8770cdd8544c req-64245201-e79e-44de-a180-8770cdd8544c ] Request (ListServersNegativeTestJSON:setUpClass): 200 GET http://10.180.1.21/compute/v2.1/servers/5452d952-0785-4526-a865-4951b0f9004f 0.606s
2025-01-14 17:10:29.682 69497 INFO tempest.lib.common.fixed_network [-] (ServerRescueTestJSON:test_rescue_unrescue_instance) Found network {'id': '066833f8-e62b-4848-a3c5-a804b9ace150', 'name': 'tempest-ServerRescueTestJSON-168388196-network', 'tenant_id': '9c10b75b2acb4324ba190477e19080c4', 'admin_state_up': True, 'mtu': 8950, 'status': 'ACTIVE', 'subnets': [], 'shared': False, 'project_id': '9c10b75b2acb4324ba190477e19080c4', 'port_security_enabled': True, 'router:external': False, 'provider:network_type': 'vlan', 'provider:physical_network': 'default', 'provider:segmentation_id': 236, 'availability_zone_hints': [], 'availability_zones': [], 'ipv4_address_scope': None, 'ipv6_address_scope': None, 'description': '', 'tags': [], 'created_at': '2025-01-14T17:09:19Z', 'updated_at': '2025-01-14T17:09:19Z', 'revision_number': 1} available for tenant
2025-01-14 17:10:29.732 69515 INFO tempest.lib.common.rest_client [req-e78575f1-8942-4d99-ae9a-8d78f9d5c6c9 req-e78575f1-8942-4d99-ae9a-8d78f9d5c6c9 ] Request (SecurityGroupsTestJSON:test_server_security_groups): 200 GET http://10.180.1.21/compute/v2.1/servers/dc1b5d0d-5bdb-40f6-9308-bfa4a966adf2 0.648s
2025-01-14 17:10:29.768 69479 INFO tempest.lib.common.rest_client [req-a3924331-e3b1-4c11-878c-44a951c222b8 req-a3924331-e3b1-4c11-878c-44a951c222b8 ] Request (ServerShowV257Test:test_rebuild_server): 200 GET http://10.180.1.21/compute/v2.1/servers/014f86cc-5258-4b91-a43c-f29d7acf3e68 0.633s
2025-01-14 17:10:29.777 69467 INFO tempest.lib.common.rest_client [req-d89632ab-faca-4c21-9a80-df057a68f58a req-d89632ab-faca-4c21-9a80-df057a68f58a ] Request (ServersTestBootFromVolume:tearDownClass): 204 DELETE http://10.180.1.21/identity/v3/projects/230e57a1e901453988a944cc2e57f501 0.246s
2025-01-14 17:10:29.804 69473 INFO tempest.lib.common.rest_client [req-42de1fd4-48a5-4154-89a9-7fd8b0fc1598 req-42de1fd4-48a5-4154-89a9-7fd8b0fc1598 ] Request (ServersTestMultiNic:test_verify_multiple_nics_order): 200 GET http://10.180.1.21/compute/v2.1/servers/f48bbead-21ee-4778-af3c-bab52debb935 0.659s
2025-01-14 17:10:29.818 69494 INFO tempest.lib.common.rest_client [req-e89a3d82-9014-4b53-9298-31e8f6589649 req-e89a3d82-9014-4b53-9298-31e8f6589649 ] Request (ImagesTestJSON:test_create_server_from_snapshot): 200 GET http://10.180.1.21/compute/v2.1/servers/4de3c119-cf83-4c3f-bee5-2000540c5f80 0.615s
2025-01-14 17:10:29.889 69467 INFO tempest.lib.common.rest_client [req-79e443fc-d218-47e6-bf6f-95a62e956c92 req-79e443fc-d218-47e6-bf6f-95a62e956c92 ] Request (ServerActionsV293TestJSON:setUpClass): 201 POST http://10.180.1.21/identity/v3/auth/tokens 0.111s
2025-01-14 17:10:29.919 69461 INFO tempest.lib.common.rest_client [req-54b5c1bc-bf71-4d91-8f2c-24f2e8487697 req-54b5c1bc-bf71-4d91-8f2c-24f2e8487697 ] Request (VolumesAssistedSnapshotsTest:tearDownClass): 200 GET http://10.180.1.21/compute/v2.1/servers/36746589-7243-480f-8aa8-07b7ed19cdec 0.663s
2025-01-14 17:10:29.920 69513 INFO tempest.lib.common.rest_client [req-2e002526-86cd-4f7d-a609-b53c94f7c4bc req-2e002526-86cd-4f7d-a609-b53c94f7c4bc ] Request (ListImageFiltersTestJSON:tearDownClass): 200 GET http://10.180.1.21/compute/v2.1/servers/8b68d0fc-6687-4ac5-9ae0-b9e26a4f7226 0.703s
2025-01-14 17:10:29.926 69467 INFO tempest.lib.common.rest_client [req-c5ab6427-fef7-490c-add6-87a467a25cdb req-c5ab6427-fef7-490c-add6-87a467a25cdb ] Request (ServerActionsV293TestJSON:setUpClass): 201 POST http://10.180.1.21/identity/v3/auth/tokens 0.032s
2025-01-14 17:10:29.958 69467 INFO tempest.lib.common.rest_client [req-0cb89538-b55e-4ee0-af10-1ed971c873d0 req-0cb89538-b55e-4ee0-af10-1ed971c873d0 ] Request (ServerActionsV293TestJSON:setUpClass): 200 GET http://10.180.1.21/identity/v3/domains?name=Default 0.031s
2025-01-14 17:10:30.001 69508 INFO tempest.lib.common.rest_client [req-4613ae79-1e81-4ca7-b552-aae125c1fb0c req-4613ae79-1e81-4ca7-b552-aae125c1fb0c ] Request (ImagesOneServerNegativeTestJSON:_run_cleanups): 200 GET http://10.180.1.21/compute/v2.1/servers/394309ab-d10e-4578-bb8c-82372267ba4d 0.717s
2025-01-14 17:10:30.004 69463 INFO tempest.lib.common.rest_client [req-d45ab661-8a57-433b-94ec-bb0600c97c4b req-d45ab661-8a57-433b-94ec-bb0600c97c4b ] Request (ServerGroupTestJSON:_run_cleanups): 200 GET http://10.180.1.21/compute/v2.1/servers/6e56de4c-9de5-4a5b-9af4-0005925b1e4f 0.699s
2025-01-14 17:10:30.016 69463 INFO tempest.common.waiters [-] State transition "ACTIVE/deleting" ==> "DELETED/None" after 6 second wait
2025-01-14 17:10:30.022 69467 INFO tempest.lib.common.rest_client [req-3707a89f-92a6-4625-9b2f-7177b3ec1c86 req-3707a89f-92a6-4625-9b2f-7177b3ec1c86 ] Request (ServerActionsV293TestJSON:setUpClass): 201 POST http://10.180.1.21/identity/v3/projects 0.063s
2025-01-14 17:10:30.073 69483 INFO tempest.lib.common.rest_client [req-c54ba2a9-d94d-4935-bd7a-06cd2af3ebe4 req-c54ba2a9-d94d-4935-bd7a-06cd2af3ebe4 ] Request (ServerAddressesNegativeTestJSON:setUpClass): 200 GET http://10.180.1.21/compute/v2.1/servers/5526389c-8814-4aa4-bc67-aba298e39703 0.706s
2025-01-14 17:10:30.136 69467 INFO tempest.lib.common.rest_client [req-fca4aa93-7668-47f5-b572-526e29e997c9 req-fca4aa93-7668-47f5-b572-526e29e997c9 ] Request (ServerActionsV293TestJSON:setUpClass): 201 POST http://10.180.1.21/identity/v3/users 0.114s
2025-01-14 17:10:30.145 69509 INFO tempest.lib.common.rest_client [req-9688007c-2976-43b0-9a51-9060ce3d4c58 req-9688007c-2976-43b0-9a51-9060ce3d4c58 ] Request (ServerActionsTestOtherA:test_rebuild_server_in_stop_state): 200 GET http://10.180.1.21/compute/v2.1/servers/afb11726-923b-4b23-b667-56492003de5b 0.726s
2025-01-14 17:10:30.177 69467 INFO tempest.lib.common.rest_client [req-1b2a7dda-e8a2-4812-b70f-3e5b033617da req-1b2a7dda-e8a2-4812-b70f-3e5b033617da ] Request (ServerActionsV293TestJSON:setUpClass): 200 GET http://10.180.1.21/identity/v3/roles 0.040s
2025-01-14 17:10:30.224 69467 INFO tempest.lib.common.rest_client [req-ce2e7e82-d502-4e72-97f9-9a0d5e14a7d7 req-ce2e7e82-d502-4e72-97f9-9a0d5e14a7d7 ] Request (ServerActionsV293TestJSON:setUpClass): 204 PUT http://10.180.1.21/identity/v3/projects/b2f8fc42c2b04bf393c29dc227c8dae5/users/d606f259e57342898df2704175a280f4/roles/cd577c8e8a9d49cca7a6e4a04ced439a 0.046s
2025-01-14 17:10:30.224 69467 INFO tempest.lib.common.dynamic_creds [-] Dynamic test user d606f259e57342898df2704175a280f4 is created with scope project and roles: ['member']
2025-01-14 17:10:30.224 69467 INFO tempest.lib.common.dynamic_creds [-] Acquired dynamic creds: credentials: Credentials: {'domain_id': 'default', 'domain_name': 'Default', 'username': 'tempest-ServerActionsV293TestJSON-1632277376-project-member', 'project_domain_id': 'default', 'project_domain_name': 'Default', 'project_id': 'b2f8fc42c2b04bf393c29dc227c8dae5', 'project_name': 'tempest-ServerActionsV293TestJSON-1632277376', 'tenant_id': 'b2f8fc42c2b04bf393c29dc227c8dae5', 'tenant_name': 'tempest-ServerActionsV293TestJSON-1632277376', 'user_domain_id': 'default', 'user_domain_name': 'Default', 'user_id': 'd606f259e57342898df2704175a280f4', 'system': None}, Network: None, Subnet: None, Router: None
2025-01-14 17:10:30.251 69517 INFO tempest.lib.common.rest_client [req-bbae0a7b-176f-4246-8990-53d0b74640f4 req-bbae0a7b-176f-4246-8990-53d0b74640f4 ] Request (FloatingIPsAssociationTestJSON:test_associate_already_associated_floating_ip): 200 GET http://10.180.1.21/compute/v2.1/servers/e7a6b4c9-4a95-4664-906c-e02f4191abe6 0.840s
2025-01-14 17:10:30.253 69503 INFO tempest.lib.common.rest_client [req-97690222-779a-4cf0-bf45-0a375ddee9fc req-97690222-779a-4cf0-bf45-0a375ddee9fc ] Request (ServersAdminNegativeTestJSON:tearDownClass): 200 GET http://10.180.1.21/compute/v2.1/servers/9edbed1b-6fc3-4fbb-9c16-f426ecfa286f 0.784s
2025-01-14 17:10:30.338 69467 INFO tempest.lib.common.rest_client [req-ebfbefcb-0d2c-4f64-a450-193d2acda87a req-ebfbefcb-0d2c-4f64-a450-193d2acda87a ] Request (ServerActionsV293TestJSON:setUpClass): 201 POST http://10.180.1.21/identity/v3/auth/tokens 0.113s
2025-01-14 17:10:30.386 69485 INFO tempest.lib.common.rest_client [req-f247a252-f2b5-4b88-a918-c2dc2fb9e8ed req-f247a252-f2b5-4b88-a918-c2dc2fb9e8ed ] Request (ServersTestJSON:tearDownClass): 200 GET http://10.180.1.21/compute/v2.1/servers/2b6b22da-7808-4eaa-9d5e-ea74f3d57b79 0.643s
2025-01-14 17:10:30.421 69457 INFO paramiko.transport [-] Connected (version 2.0, client dropbear_2020.81)
2025-01-14 17:10:30.464 69455 INFO tempest.lib.common.rest_client [req-06f6341e-d8a0-4659-8476-5d262f61c2be req-06f6341e-d8a0-4659-8476-5d262f61c2be ] Request (FloatingIPsAssociationNegativeTestJSON:setUpClass): 200 GET http://10.180.1.21/compute/v2.1/servers/017849f8-77d3-4c49-86ec-e54fad04b5f4 0.705s
2025-01-14 17:10:30.489 69505 WARNING tempest.lib.common.ssh [-] Failed to establish authenticated ssh connection to cirros@10.180.180.228 ([Errno None] Unable to connect to port 22 on 10.180.180.228). Number attempts: 1. Retry after 2 seconds.: paramiko.ssh_exception.NoValidConnectionsError: [Errno None] Unable to connect to port 22 on 10.180.180.228
2025-01-14 17:10:30.529 69457 INFO paramiko.transport [-] Authentication (publickey) successful!
2025-01-14 17:10:30.530 69457 INFO tempest.lib.common.ssh [-] ssh connection to cirros@10.180.180.172 successfully created
2025-01-14 17:10:30.531 69459 INFO tempest.lib.common.rest_client [req-48b78eda-c7f4-4c1b-afb0-006036d7f7a5 req-48b78eda-c7f4-4c1b-afb0-006036d7f7a5 ] Request (ServerTagsTestJSON:setUpClass): 200 GET http://10.180.1.21/compute/v2.1/servers/46daf026-16bc-4525-9f8c-198beb021083 0.718s
2025-01-14 17:10:30.681 69471 INFO tempest.lib.common.rest_client [req-b6cd8635-6968-44ca-ac75-47cae9f23ed8 req-b6cd8635-6968-44ca-ac75-47cae9f23ed8 ] Request (MigrationsAdminTest:test_resize_server_revert_deleted_flavor): 200 GET http://10.180.1.21/compute/v2.1/servers/689df898-ef9c-4a0b-8196-f2e917101949 0.400s
2025-01-14 17:10:30.788 69467 INFO tempest.lib.common.rest_client [req-0c8f4aeb-866e-43ce-bbf5-a3fe0d1340ea req-0c8f4aeb-866e-43ce-bbf5-a3fe0d1340ea ] Request (ServerActionsV293TestJSON:setUpClass): 201 POST http://10.180.1.21:9696/networking/v2.0/networks 0.450s
2025-01-14 17:10:30.837 69497 INFO tempest.lib.common.rest_client [req-9d86740c-8995-4a23-a1c3-82100d77c03b req-9d86740c-8995-4a23-a1c3-82100d77c03b ] Request (ServerRescueTestJSON:test_rescue_unrescue_instance): 202 POST http://10.180.1.21/compute/v2.1/servers 1.154s
2025-01-14 17:10:30.838 69491 INFO tempest.lib.common.rest_client [req-aa37abf1-6184-4290-bc7d-7788155bf60a req-aa37abf1-6184-4290-bc7d-7788155bf60a ] Request (ServersAdminTestJSON:test_rebuild_server_in_error_state): 200 GET http://10.180.1.21/compute/v2.1/servers/05c3d463-05fa-44a6-835c-756d94f65be4 0.556s
2025-01-14 17:10:30.886 69487 INFO tempest.lib.common.rest_client [req-83534f14-a806-441c-8384-976bd3c7129b req-83534f14-a806-441c-8384-976bd3c7129b ] Request (VolumesAdminNegativeTest:_run_cleanups): 200 GET http://10.180.1.21/compute/v2.1/servers/c33de456-d210-4ba8-b039-3bf1678f9cb8/os-volume_attachments 0.414s
2025-01-14 17:10:30.910 69499 INFO tempest.lib.common.rest_client [req-b8f452cd-c01b-44dd-ab96-8084c1565e9c req-b8f452cd-c01b-44dd-ab96-8084c1565e9c ] Request (ServersWithSpecificFlavorTestJSON:test_verify_created_server_ephemeral_disk): 200 GET http://10.180.1.21/compute/v2.1/servers/4b3e0653-b7d8-4458-ac35-a81527b7ceb8 0.487s
2025-01-14 17:10:31.011 69501 INFO tempest.lib.common.rest_client [req-792210fa-3d97-4ce9-8623-bc62af42aa5f req-792210fa-3d97-4ce9-8623-bc62af42aa5f ] Request (ListServerFiltersTestJSON:tearDownClass): 200 GET http://10.180.1.21/compute/v2.1/servers/e52bb7a4-0d9e-42b1-93a5-5005a3c99229 0.439s
2025-01-14 17:10:31.205 69465 INFO tempest.lib.common.rest_client [req-e63e1525-e8ae-4970-8703-d09af08b6c54 req-e63e1525-e8ae-4970-8703-d09af08b6c54 ] Request (ServerDiskConfigTestJSON:test_rebuild_server_with_auto_disk_config): 200 GET http://10.180.1.21/compute/v2.1/servers/85d67c6c-ff9a-4c24-8f89-845a0e2829bf 0.542s
2025-01-14 17:10:31.209 69457 INFO tempest.lib.common.rest_client [req-36a3b985-2bfd-4b7f-8be6-494027527dda req-36a3b985-2bfd-4b7f-8be6-494027527dda ] Request (ServerActionsTestOtherB:setUp): 200 GET http://10.180.1.21/compute/v2.1/servers/96f0fab0-d17a-46cc-bff7-66de56c2acc3 0.678s
2025-01-14 17:10:31.213 69465 INFO tempest.common.waiters [-] State transition "BUILD/networking" ==> "BUILD/spawning" after 53 second wait
2025-01-14 17:10:31.312 69469 INFO tempest.lib.common.rest_client [req-533dc8cb-3ed6-4c20-90fe-ec2f749b68d2 req-533dc8cb-3ed6-4c20-90fe-ec2f749b68d2 ] Request (ListServersNegativeTestJSON:setUpClass): 200 GET http://10.180.1.21/compute/v2.1/servers/5452d952-0785-4526-a865-4951b0f9004f 0.621s
2025-01-14 17:10:31.313 69515 INFO tempest.lib.common.rest_client [req-5292aa0c-cece-42ac-bd0a-3d8057482244 req-5292aa0c-cece-42ac-bd0a-3d8057482244 ] Request (SecurityGroupsTestJSON:test_server_security_groups): 200 GET http://10.180.1.21/compute/v2.1/servers/dc1b5d0d-5bdb-40f6-9308-bfa4a966adf2 0.573s
2025-01-14 17:10:31.378 69473 INFO tempest.lib.common.rest_client [req-b3a89894-3b97-4f13-b3ef-132ce9e77c77 req-b3a89894-3b97-4f13-b3ef-132ce9e77c77 ] Request (ServersTestMultiNic:test_verify_multiple_nics_order): 200 GET http://10.180.1.21/compute/v2.1/servers/f48bbead-21ee-4778-af3c-bab52debb935 0.564s
2025-01-14 17:10:31.382 69479 INFO tempest.lib.common.rest_client [req-8e6cedb8-41c8-4f54-956d-b27a9a89301c req-8e6cedb8-41c8-4f54-956d-b27a9a89301c ] Request (ServerShowV257Test:test_rebuild_server): 200 GET http://10.180.1.21/compute/v2.1/servers/014f86cc-5258-4b91-a43c-f29d7acf3e68 0.605s
2025-01-14 17:10:31.426 69467 INFO tempest.lib.common.rest_client [req-4344c18c-f615-42a8-b48c-5c4d9ae8d6c5 req-4344c18c-f615-42a8-b48c-5c4d9ae8d6c5 ] Request (ServerActionsV293TestJSON:setUpClass): 201 POST http://10.180.1.21:9696/networking/v2.0/subnets 0.637s
2025-01-14 17:10:31.430 69497 INFO tempest.lib.common.rest_client [req-7416e553-0c77-4c90-b4b8-af8b2391e951 req-7416e553-0c77-4c90-b4b8-af8b2391e951 ] Request (ServerRescueTestJSON:test_rescue_unrescue_instance): 200 GET http://10.180.1.21/compute/v2.1/servers/88979fca-1516-412e-9253-255b02fa1a1f 0.588s
2025-01-14 17:10:31.444 69494 INFO tempest.lib.common.rest_client [req-3f22f524-1d4e-45f6-8183-4bd11845b375 req-3f22f524-1d4e-45f6-8183-4bd11845b375 ] Request (ImagesTestJSON:test_create_server_from_snapshot): 200 GET http://10.180.1.21/compute/v2.1/servers/4de3c119-cf83-4c3f-bee5-2000540c5f80 0.616s
2025-01-14 17:10:31.536 69461 INFO tempest.lib.common.rest_client [req-ff3a75e7-0ac0-4bc1-98d4-2525fbf3a0c5 req-ff3a75e7-0ac0-4bc1-98d4-2525fbf3a0c5 ] Request (VolumesAssistedSnapshotsTest:tearDownClass): 200 GET http://10.180.1.21/compute/v2.1/servers/36746589-7243-480f-8aa8-07b7ed19cdec 0.605s
2025-01-14 17:10:31.538 69513 INFO tempest.lib.common.rest_client [req-90f25638-ab66-4d77-9269-5e719cc39f1f req-90f25638-ab66-4d77-9269-5e719cc39f1f ] Request (ListImageFiltersTestJSON:tearDownClass): 200 GET http://10.180.1.21/compute/v2.1/servers/8b68d0fc-6687-4ac5-9ae0-b9e26a4f7226 0.608s
2025-01-14 17:10:31.604 69508 INFO tempest.lib.common.rest_client [req-d45192fa-a912-4b8d-9936-0f864c85991f req-d45192fa-a912-4b8d-9936-0f864c85991f ] Request (ImagesOneServerNegativeTestJSON:_run_cleanups): 200 GET http://10.180.1.21/compute/v2.1/servers/394309ab-d10e-4578-bb8c-82372267ba4d 0.590s
2025-01-14 17:10:31.606 69463 INFO tempest.lib.common.rest_client [req-8af8ff92-95f4-49f7-9b74-9b879f6ca02b req-8af8ff92-95f4-49f7-9b74-9b879f6ca02b ] Request (ServerGroupTestJSON:_run_cleanups): 200 GET http://10.180.1.21/compute/v2.1/servers/6e56de4c-9de5-4a5b-9af4-0005925b1e4f 0.589s
2025-01-14 17:10:31.655 69483 INFO tempest.lib.common.rest_client [req-205525f1-6daf-4097-848b-374a9c51bcf2 req-205525f1-6daf-4097-848b-374a9c51bcf2 ] Request (ServerAddressesNegativeTestJSON:setUpClass): 200 GET http://10.180.1.21/compute/v2.1/servers/5526389c-8814-4aa4-bc67-aba298e39703 0.572s
2025-01-14 17:10:31.675 69509 INFO tempest.lib.common.rest_client [req-076caaeb-ebc8-4267-8e1a-3f4036918002 req-076caaeb-ebc8-4267-8e1a-3f4036918002 ] Request (ServerActionsTestOtherA:test_rebuild_server_in_stop_state): 200 GET http://10.180.1.21/compute/v2.1/servers/afb11726-923b-4b23-b667-56492003de5b 0.514s
2025-01-14 17:10:31.808 69517 INFO tempest.lib.common.rest_client [req-4fed39e5-ffe2-4442-85e1-d983a1440acb req-4fed39e5-ffe2-4442-85e1-d983a1440acb ] Request (FloatingIPsAssociationTestJSON:test_associate_already_associated_floating_ip): 200 GET http://10.180.1.21/compute/v2.1/servers/e7a6b4c9-4a95-4664-906c-e02f4191abe6 0.549s
2025-01-14 17:10:31.889 69503 INFO tempest.lib.common.rest_client [req-90845157-2e35-47cf-98c2-2ae7e03a5f07 req-90845157-2e35-47cf-98c2-2ae7e03a5f07 ] Request (ServersAdminNegativeTestJSON:tearDownClass): 200 GET http://10.180.1.21/compute/v2.1/servers/9edbed1b-6fc3-4fbb-9c16-f426ecfa286f 0.625s
2025-01-14 17:10:31.986 69485 INFO tempest.lib.common.rest_client [req-d3af75f9-d964-401e-a1c8-f0f8db3f0c16 req-d3af75f9-d964-401e-a1c8-f0f8db3f0c16 ] Request (ServersTestJSON:tearDownClass): 200 GET http://10.180.1.21/compute/v2.1/servers/2b6b22da-7808-4eaa-9d5e-ea74f3d57b79 0.589s
2025-01-14 17:10:32.060 69455 INFO tempest.lib.common.rest_client [req-3126e684-cf3f-4cb5-a511-7a76d51d3f8b req-3126e684-cf3f-4cb5-a511-7a76d51d3f8b ] Request (FloatingIPsAssociationNegativeTestJSON:setUpClass): 200 GET http://10.180.1.21/compute/v2.1/servers/017849f8-77d3-4c49-86ec-e54fad04b5f4 0.584s
2025-01-14 17:10:32.130 69459 INFO tempest.lib.common.rest_client [req-c22c6ddc-a826-42aa-833d-704a59f7e957 req-c22c6ddc-a826-42aa-833d-704a59f7e957 ] Request (ServerTagsTestJSON:setUpClass): 200 GET http://10.180.1.21/compute/v2.1/servers/46daf026-16bc-4525-9f8c-198beb021083 0.586s
2025-01-14 17:10:32.282 69471 INFO tempest.lib.common.rest_client [req-37ac46f6-410a-42c0-a0a3-cc4c3248458b req-37ac46f6-410a-42c0-a0a3-cc4c3248458b ] Request (MigrationsAdminTest:test_resize_server_revert_deleted_flavor): 200 GET http://10.180.1.21/compute/v2.1/servers/689df898-ef9c-4a0b-8196-f2e917101949 0.593s
2025-01-14 17:10:32.400 69467 INFO tempest.lib.common.rest_client [req-3dadd3da-185b-4da6-85c1-2e62309aac82 req-3dadd3da-185b-4da6-85c1-2e62309aac82 ] Request (ServerActionsV293TestJSON:setUpClass): 201 POST http://10.180.1.21:9696/networking/v2.0/routers 0.973s
2025-01-14 17:10:32.427 69457 INFO tempest.lib.common.rest_client [req-e10b6b3c-06f7-4e22-b7c0-d2d49f5c1865 req-e10b6b3c-06f7-4e22-b7c0-d2d49f5c1865 ] Request (ServerActionsTestOtherB:test_create_backup): 202 POST http://10.180.1.21/compute/v2.1/servers/96f0fab0-d17a-46cc-bff7-66de56c2acc3/action 1.207s
2025-01-14 17:10:32.460 69457 INFO tempest.lib.common.rest_client [req-ab375b94-c372-4d05-a7a7-5305fcb73cf8 req-ab375b94-c372-4d05-a7a7-5305fcb73cf8 ] Request (ServerActionsTestOtherB:test_create_backup): 200 GET http://10.180.1.21/image/v2/images/90e165b5-d6ca-42e2-85c3-6b92fcdbbd8d 0.032s
2025-01-14 17:10:32.470 69487 INFO tempest.lib.common.rest_client [req-72560740-491f-412d-9e2f-9de510ba2482 req-72560740-491f-412d-9e2f-9de510ba2482 ] Request (VolumesAdminNegativeTest:_run_cleanups): 200 GET http://10.180.1.21/compute/v2.1/servers/c33de456-d210-4ba8-b039-3bf1678f9cb8/os-volume_attachments 0.582s
2025-01-14 17:10:32.472 69491 INFO tempest.lib.common.rest_client [req-20897a3c-d6d0-4e4b-9f2c-63dac8443449 req-20897a3c-d6d0-4e4b-9f2c-63dac8443449 ] Request (ServersAdminTestJSON:test_rebuild_server_in_error_state): 200 GET http://10.180.1.21/compute/v2.1/servers/05c3d463-05fa-44a6-835c-756d94f65be4 0.624s
2025-01-14 17:10:32.544 69499 INFO tempest.lib.common.rest_client [req-a899b865-5a04-482a-ad60-cc1bf1a25390 req-a899b865-5a04-482a-ad60-cc1bf1a25390 ] Request (ServersWithSpecificFlavorTestJSON:test_verify_created_server_ephemeral_disk): 200 GET http://10.180.1.21/compute/v2.1/servers/4b3e0653-b7d8-4458-ac35-a81527b7ceb8 0.625s
2025-01-14 17:10:32.550 69501 INFO tempest.lib.common.rest_client [req-ea867efd-a216-4a83-b646-54600d6b2a29 req-ea867efd-a216-4a83-b646-54600d6b2a29 ] Request (ListServerFiltersTestJSON:tearDownClass): 200 GET http://10.180.1.21/compute/v2.1/servers/e52bb7a4-0d9e-42b1-93a5-5005a3c99229 0.530s
2025-01-14 17:10:32.555 69499 INFO tempest.common.waiters [-] State transition "BUILD/None" ==> "BUILD/networking" after 46 second wait
2025-01-14 17:10:32.631 69515 INFO tempest.lib.common.rest_client [req-91da15db-01bc-4104-8e51-5bedc6bbe4b5 req-91da15db-01bc-4104-8e51-5bedc6bbe4b5 ] Request (SecurityGroupsTestJSON:test_server_security_groups): 200 GET http://10.180.1.21/compute/v2.1/servers/dc1b5d0d-5bdb-40f6-9308-bfa4a966adf2 0.310s
2025-01-14 17:10:32.703 69469 INFO tempest.lib.common.rest_client [req-008eb698-d164-4899-9743-2b67b8fe2e05 req-008eb698-d164-4899-9743-2b67b8fe2e05 ] Request (ListServersNegativeTestJSON:setUpClass): 200 GET http://10.180.1.21/compute/v2.1/servers/5452d952-0785-4526-a865-4951b0f9004f 0.382s
2025-01-14 17:10:32.724 69465 INFO tempest.lib.common.rest_client [req-b903ae29-91dd-4f34-9274-8c8cbf56c604 req-b903ae29-91dd-4f34-9274-8c8cbf56c604 ] Request (ServerDiskConfigTestJSON:test_rebuild_server_with_auto_disk_config): 200 GET http://10.180.1.21/compute/v2.1/servers/85d67c6c-ff9a-4c24-8f89-845a0e2829bf 0.509s
2025-01-14 17:10:32.762 69473 INFO tempest.lib.common.rest_client [req-8aa1eb18-4e9f-4cd3-b7e0-bea7a2dc3371 req-8aa1eb18-4e9f-4cd3-b7e0-bea7a2dc3371 ] Request (ServersTestMultiNic:test_verify_multiple_nics_order): 200 GET http://10.180.1.21/compute/v2.1/servers/f48bbead-21ee-4778-af3c-bab52debb935 0.376s
2025-01-14 17:10:32.807 69479 INFO tempest.lib.common.rest_client [req-60bca2d0-96e9-41f6-81d8-5f850dcb0a22 req-60bca2d0-96e9-41f6-81d8-5f850dcb0a22 ] Request (ServerShowV257Test:test_rebuild_server): 200 GET http://10.180.1.21/compute/v2.1/servers/014f86cc-5258-4b91-a43c-f29d7acf3e68 0.413s
2025-01-14 17:10:32.876 69494 INFO tempest.lib.common.rest_client [req-ccff6ea0-7358-49c9-acb6-2328697f7eb6 req-ccff6ea0-7358-49c9-acb6-2328697f7eb6 ] Request (ImagesTestJSON:test_create_server_from_snapshot): 200 GET http://10.180.1.21/compute/v2.1/servers/4de3c119-cf83-4c3f-bee5-2000540c5f80 0.424s
2025-01-14 17:10:32.880 69497 INFO tempest.lib.common.rest_client [req-eee1af4b-ed6a-438c-9f8a-135dd30009ae req-eee1af4b-ed6a-438c-9f8a-135dd30009ae ] Request (ServerRescueTestJSON:test_rescue_unrescue_instance): 200 GET http://10.180.1.21/compute/v2.1/servers/88979fca-1516-412e-9253-255b02fa1a1f 0.439s
2025-01-14 17:10:32.971 69461 INFO tempest.lib.common.rest_client [req-e4f644eb-97de-45b6-b8b9-d315d0350323 req-e4f644eb-97de-45b6-b8b9-d315d0350323 ] Request (VolumesAssistedSnapshotsTest:tearDownClass): 200 GET http://10.180.1.21/compute/v2.1/servers/36746589-7243-480f-8aa8-07b7ed19cdec 0.420s
2025-01-14 17:10:32.980 69513 INFO tempest.lib.common.rest_client [req-8e5956dd-91b4-44ef-a7fd-238fffb6aa46 req-8e5956dd-91b4-44ef-a7fd-238fffb6aa46 ] Request (ListImageFiltersTestJSON:tearDownClass): 200 GET http://10.180.1.21/compute/v2.1/servers/8b68d0fc-6687-4ac5-9ae0-b9e26a4f7226 0.434s
2025-01-14 17:10:32.993 69505 WARNING tempest.lib.common.ssh [-] Failed to establish authenticated ssh connection to cirros@10.180.180.228 ([Errno None] Unable to connect to port 22 on 10.180.180.228). Number attempts: 2. Retry after 3 seconds.: paramiko.ssh_exception.NoValidConnectionsError: [Errno None] Unable to connect to port 22 on 10.180.180.228
2025-01-14 17:10:33.051 69463 INFO tempest.lib.common.rest_client [req-bf6a8675-8e6f-4939-b1ee-1fbf414a80d6 req-bf6a8675-8e6f-4939-b1ee-1fbf414a80d6 ] Request (ServerGroupTestJSON:_run_cleanups): 200 GET http://10.180.1.21/compute/v2.1/servers/6e56de4c-9de5-4a5b-9af4-0005925b1e4f 0.435s
2025-01-14 17:10:33.064 69508 INFO tempest.lib.common.rest_client [req-69c4234a-397c-44e7-99f9-cb7779e7210e req-69c4234a-397c-44e7-99f9-cb7779e7210e ] Request (ImagesOneServerNegativeTestJSON:_run_cleanups): 200 GET http://10.180.1.21/compute/v2.1/servers/394309ab-d10e-4578-bb8c-82372267ba4d 0.436s
2025-01-14 17:10:33.122 69483 INFO tempest.lib.common.rest_client [req-f454a07a-426e-4752-ae40-dac6bc7167f8 req-f454a07a-426e-4752-ae40-dac6bc7167f8 ] Request (ServerAddressesNegativeTestJSON:setUpClass): 200 GET http://10.180.1.21/compute/v2.1/servers/5526389c-8814-4aa4-bc67-aba298e39703 0.458s
2025-01-14 17:10:33.139 69509 INFO tempest.lib.common.rest_client [req-a616152d-7840-4c13-9a02-1c6565082b3b req-a616152d-7840-4c13-9a02-1c6565082b3b ] Request (ServerActionsTestOtherA:test_rebuild_server_in_stop_state): 200 GET http://10.180.1.21/compute/v2.1/servers/afb11726-923b-4b23-b667-56492003de5b 0.455s
2025-01-14 17:10:33.231 69503 INFO tempest.lib.common.rest_client [req-a11a21b9-0708-4205-afdd-06dc3affe928 req-a11a21b9-0708-4205-afdd-06dc3affe928 ] Request (ServersAdminNegativeTestJSON:tearDownClass): 200 GET http://10.180.1.21/compute/v2.1/servers/9edbed1b-6fc3-4fbb-9c16-f426ecfa286f 0.333s
2025-01-14 17:10:33.335 69485 INFO tempest.lib.common.rest_client [req-9f43ff8f-f37f-4e88-a4ef-4fba6b746211 req-9f43ff8f-f37f-4e88-a4ef-4fba6b746211 ] Request (ServersTestJSON:tearDownClass): 200 GET http://10.180.1.21/compute/v2.1/servers/2b6b22da-7808-4eaa-9d5e-ea74f3d57b79 0.340s
2025-01-14 17:10:33.337 69517 INFO tempest.lib.common.rest_client [req-e51e0ee0-f08b-4f50-8353-f06554c60b0c req-e51e0ee0-f08b-4f50-8353-f06554c60b0c ] Request (FloatingIPsAssociationTestJSON:test_associate_already_associated_floating_ip): 200 GET http://10.180.1.21/compute/v2.1/servers/e7a6b4c9-4a95-4664-906c-e02f4191abe6 0.521s
2025-01-14 17:10:33.345 69517 INFO tempest.common.waiters [-] State transition "BUILD/spawning" ==> "ACTIVE/None" after 57 second wait
2025-01-14 17:10:33.426 69467 INFO tempest.lib.common.rest_client [req-c52ad3f1-275a-4fd2-9e27-e9de3ff96388 req-c52ad3f1-275a-4fd2-9e27-e9de3ff96388 ] Request (ServerActionsV293TestJSON:setUpClass): 200 PUT http://10.180.1.21:9696/networking/v2.0/routers/43632e04-a487-4993-882f-abc0595c0698/add_router_interface 1.025s
2025-01-14 17:10:33.426 69467 INFO tempest.lib.common.dynamic_creds [-] Created isolated network resources for: credentials: Credentials: {'domain_id': 'default', 'domain_name': 'Default', 'username': 'tempest-ServerActionsV293TestJSON-1632277376-project-member', 'project_domain_id': 'default', 'project_domain_name': 'Default', 'project_id': 'b2f8fc42c2b04bf393c29dc227c8dae5', 'project_name': 'tempest-ServerActionsV293TestJSON-1632277376', 'tenant_id': 'b2f8fc42c2b04bf393c29dc227c8dae5', 'tenant_name': 'tempest-ServerActionsV293TestJSON-1632277376', 'user_domain_id': 'default', 'user_domain_name': 'Default', 'user_id': 'd606f259e57342898df2704175a280f4', 'system': None}, Network: {'id': 'b592ec00-7644-47d3-a262-044af9144a8a', 'name': 'tempest-ServerActionsV293TestJSON-1903251168-network', 'tenant_id': 'b2f8fc42c2b04bf393c29dc227c8dae5', 'admin_state_up': True, 'mtu': 8950, 'status': 'ACTIVE', 'subnets': [], 'shared': False, 'project_id': 'b2f8fc42c2b04bf393c29dc227c8dae5', 'port_security_enabled': True, 'router:external': False, 'provider:network_type': 'vlan', 'provider:physical_network': 'default', 'provider:segmentation_id': 182, 'availability_zone_hints': [], 'availability_zones': [], 'ipv4_address_scope': None, 'ipv6_address_scope': None, 'description': '', 'tags': [], 'created_at': '2025-01-14T17:10:30Z', 'updated_at': '2025-01-14T17:10:30Z', 'revision_number': 1}, Subnet: {'id': 'c88cd265-0cac-4c9f-8d84-43b575f3ffcf', 'name': 'tempest-ServerActionsV293TestJSON-1903251168-subnet', 'tenant_id': 'b2f8fc42c2b04bf393c29dc227c8dae5', 'network_id': 'b592ec00-7644-47d3-a262-044af9144a8a', 'ip_version': 4, 'subnetpool_id': None, 'enable_dhcp': True, 'ipv6_ra_mode': None, 'ipv6_address_mode': None, 'gateway_ip': '192.168.128.1', 'cidr': '192.168.128.0/28', 'allocation_pools': [{'start': '192.168.128.2', 'end': '192.168.128.14'}], 'host_routes': [], 'dns_nameservers': [], 'description': '', 'router:external': False, 'service_types': [], 'tags': [], 'created_at': '2025-01-14T17:10:31Z', 'updated_at': '2025-01-14T17:10:31Z', 'revision_number': 0, 'project_id': 'b2f8fc42c2b04bf393c29dc227c8dae5'}, Router: {'id': '43632e04-a487-4993-882f-abc0595c0698', 'name': 'tempest-ServerActionsV293TestJSON-1903251168-router', 'tenant_id': 'b2f8fc42c2b04bf393c29dc227c8dae5', 'admin_state_up': True, 'status': 'ACTIVE', 'external_gateway_info': {'network_id': 'd7018069-ae24-4ddc-9a93-f8b44adf1c1e', 'external_fixed_ips': [{'subnet_id': '8f91b495-4a53-445f-baec-a38b1175cb64', 'ip_address': '10.180.180.155'}], 'enable_snat': True}, 'description': '', 'availability_zones': [], 'distributed': False, 'ha': False, 'availability_zone_hints': [], 'routes': [], 'flavor_id': None, 'tags': [], 'created_at': '2025-01-14T17:10:31Z', 'updated_at': '2025-01-14T17:10:32Z', 'revision_number': 2, 'project_id': 'b2f8fc42c2b04bf393c29dc227c8dae5'}
2025-01-14 17:10:33.437 69455 INFO tempest.lib.common.rest_client [req-b7964961-4d51-4d90-b278-24545f03bbe9 req-b7964961-4d51-4d90-b278-24545f03bbe9 ] Request (FloatingIPsAssociationNegativeTestJSON:setUpClass): 200 GET http://10.180.1.21/compute/v2.1/servers/017849f8-77d3-4c49-86ec-e54fad04b5f4 0.363s
2025-01-14 17:10:33.442 69459 INFO tempest.lib.common.rest_client [req-a2bb3cea-e736-4de2-8e10-82a63b16f68c req-a2bb3cea-e736-4de2-8e10-82a63b16f68c ] Request (ServerTagsTestJSON:setUpClass): 200 GET http://10.180.1.21/compute/v2.1/servers/46daf026-16bc-4525-9f8c-198beb021083 0.292s
2025-01-14 17:10:33.511 69457 INFO tempest.lib.common.rest_client [req-fc9dee36-1673-4c9b-99e1-10d0b41b47f5 req-fc9dee36-1673-4c9b-99e1-10d0b41b47f5 ] Request (ServerActionsTestOtherB:test_create_backup): 200 GET http://10.180.1.21/image/v2/images/90e165b5-d6ca-42e2-85c3-6b92fcdbbd8d 0.050s
2025-01-14 17:10:33.567 69467 INFO tempest.lib.common.rest_client [req-5e5a6e75-f462-4271-abd1-ab2f94aef753 req-5e5a6e75-f462-4271-abd1-ab2f94aef753 ] Request (ServerActionsV293TestJSON:setUpClass): 201 POST http://10.180.1.21/identity/v3/auth/tokens 0.137s
2025-01-14 17:10:33.671 69471 INFO tempest.lib.common.rest_client [req-e8e1f7df-e82e-4abb-b942-a1630ebc8b79 req-e8e1f7df-e82e-4abb-b942-a1630ebc8b79 ] Request (MigrationsAdminTest:test_resize_server_revert_deleted_flavor): 200 GET http://10.180.1.21/compute/v2.1/servers/689df898-ef9c-4a0b-8196-f2e917101949 0.380s
2025-01-14 17:10:33.720 69487 INFO tempest.lib.common.rest_client [req-10d75290-d9cb-40cc-a0ff-260904830a73 req-10d75290-d9cb-40cc-a0ff-260904830a73 ] Request (VolumesAdminNegativeTest:_run_cleanups): 200 GET http://10.180.1.21/compute/v2.1/servers/c33de456-d210-4ba8-b039-3bf1678f9cb8/os-volume_attachments 0.247s
2025-01-14 17:10:33.769 69487 INFO tempest.lib.common.rest_client [req-b0ae05da-3768-422c-b734-86bd9ef4583c req-b0ae05da-3768-422c-b734-86bd9ef4583c ] Request (VolumesAdminNegativeTest:_run_cleanups): 200 GET http://10.180.1.21/volume/v3/volumes/05094159-8f82-4d25-9e02-1d1c3f1b2a09 0.047s
2025-01-14 17:10:33.775 69487 INFO tempest.common.waiters [-] volume 05094159-8f82-4d25-9e02-1d1c3f1b2a09 reached available after waiting for 0.775373 seconds
2025-01-14 17:10:33.902 69487 INFO tempest.lib.common.rest_client [req-b0f8ada2-d23c-47d4-abe0-abcb5d5b7296 req-b0f8ada2-d23c-47d4-abe0-abcb5d5b7296 ] Request (VolumesAdminNegativeTest:test_update_attached_volume_with_nonexistent_volume_in_uri): 201 POST http://10.180.1.21/identity/v3/auth/tokens 0.123s
2025-01-14 17:10:33.902 69487 INFO tempest.lib.common.fixed_network [-] (VolumesAdminNegativeTest:test_update_attached_volume_with_nonexistent_volume_in_uri) Found network {'id': 'a4b8633a-80d8-4aff-9d8f-cecb4f3851fb', 'name': 'tempest-VolumesAdminNegativeTest-724784293-network', 'tenant_id': 'bb4de758f90f42f18be2c1ce2cf019f9', 'admin_state_up': True, 'mtu': 8950, 'status': 'ACTIVE', 'subnets': [], 'shared': False, 'project_id': 'bb4de758f90f42f18be2c1ce2cf019f9', 'port_security_enabled': True, 'router:external': False, 'provider:network_type': 'vlan', 'provider:physical_network': 'default', 'provider:segmentation_id': 401, 'availability_zone_hints': [], 'availability_zones': [], 'ipv4_address_scope': None, 'ipv6_address_scope': None, 'description': '', 'tags': [], 'created_at': '2025-01-14T17:07:25Z', 'updated_at': '2025-01-14T17:07:25Z', 'revision_number': 1} available for tenant
2025-01-14 17:10:33.968 69491 INFO tempest.lib.common.rest_client [req-1936558a-f614-4088-b426-b8b780794e2b req-1936558a-f614-4088-b426-b8b780794e2b ] Request (ServersAdminTestJSON:test_rebuild_server_in_error_state): 200 GET http://10.180.1.21/compute/v2.1/servers/05c3d463-05fa-44a6-835c-756d94f65be4 0.485s
2025-01-14 17:10:33.978 69491 INFO tempest.common.waiters [-] State transition "REBUILD/rebuild_spawning" ==> "ACTIVE/None" after 9 second wait
2025-01-14 17:10:34.466 69499 INFO tempest.lib.common.rest_client [req-83f03da2-9af0-49ec-b525-84134eb4e6c4 req-83f03da2-9af0-49ec-b525-84134eb4e6c4 ] Request (ServersWithSpecificFlavorTestJSON:test_verify_created_server_ephemeral_disk): 200 GET http://10.180.1.21/compute/v2.1/servers/4b3e0653-b7d8-4458-ac35-a81527b7ceb8 0.906s
2025-01-14 17:10:34.478 69499 INFO tempest.common.waiters [-] State transition "BUILD/networking" ==> "BUILD/spawning" after 48 second wait
2025-01-14 17:10:34.568 69457 INFO tempest.lib.common.rest_client [req-49f862e6-01ee-4008-85c0-01c50da9e7f1 req-49f862e6-01ee-4008-85c0-01c50da9e7f1 ] Request (ServerActionsTestOtherB:test_create_backup): 200 GET http://10.180.1.21/image/v2/images/90e165b5-d6ca-42e2-85c3-6b92fcdbbd8d 0.057s
2025-01-14 17:10:34.601 69501 INFO tempest.lib.common.rest_client [req-4f10de18-6e53-4272-aec3-9d590be2ae35 req-4f10de18-6e53-4272-aec3-9d590be2ae35 ] Request (ListServerFiltersTestJSON:tearDownClass): 200 GET http://10.180.1.21/compute/v2.1/servers/e52bb7a4-0d9e-42b1-93a5-5005a3c99229 1.040s
2025-01-14 17:10:34.866 69467 INFO tempest.lib.common.rest_client [req-743f0e4b-ac70-4328-b90b-92d04620dfa4 req-743f0e4b-ac70-4328-b90b-92d04620dfa4 ] Request (ServerActionsV293TestJSON:setUpClass): 201 POST http://10.180.1.21/compute/v2.1/os-keypairs 1.296s
2025-01-14 17:10:35.105 69515 INFO tempest.lib.common.rest_client [req-4248de71-5e81-4f27-998a-f25b4e7d7382 req-4248de71-5e81-4f27-998a-f25b4e7d7382 ] Request (SecurityGroupsTestJSON:test_server_security_groups): 200 GET http://10.180.1.21/compute/v2.1/servers/dc1b5d0d-5bdb-40f6-9308-bfa4a966adf2 1.460s
2025-01-14 17:10:35.170 69467 INFO tempest.lib.common.rest_client [req-e747209d-10e9-40e5-8162-6daa7d74df7e req-e747209d-10e9-40e5-8162-6daa7d74df7e ] Request (ServerActionsV293TestJSON:setUpClass): 201 POST http://10.180.1.21:9696/networking/v2.0/security-groups 0.302s
2025-01-14 17:10:35.180 69469 INFO tempest.lib.common.rest_client [req-2a3ab0f9-f7cd-4825-9219-91df63f5780a req-2a3ab0f9-f7cd-4825-9219-91df63f5780a ] Request (ListServersNegativeTestJSON:setUpClass): 200 GET http://10.180.1.21/compute/v2.1/servers/5452d952-0785-4526-a865-4951b0f9004f 1.459s
2025-01-14 17:10:35.217 69517 INFO tempest.lib.common.rest_client [req-8b4bf0db-41da-424b-9c9f-d08e58976cea req-8b4bf0db-41da-424b-9c9f-d08e58976cea ] Request (FloatingIPsAssociationTestJSON:test_associate_already_associated_floating_ip): 202 POST http://10.180.1.21/compute/v2.1/servers/0237b15e-2ac9-419f-b74e-6eea2558e817/action 1.871s
2025-01-14 17:10:35.273 69473 INFO tempest.lib.common.rest_client [req-ce59e710-74b2-4421-af03-3a159e388b74 req-ce59e710-74b2-4421-af03-3a159e388b74 ] Request (ServersTestMultiNic:test_verify_multiple_nics_order): 200 GET http://10.180.1.21/compute/v2.1/servers/f48bbead-21ee-4778-af3c-bab52debb935 1.498s
2025-01-14 17:10:35.283 69467 INFO tempest.lib.common.rest_client [req-75e3e11a-f65f-464a-b87f-5268634f0d96 req-75e3e11a-f65f-464a-b87f-5268634f0d96 ] Request (ServerActionsV293TestJSON:setUpClass): 201 POST http://10.180.1.21:9696/networking/v2.0/security-group-rules 0.113s
2025-01-14 17:10:35.310 69465 INFO tempest.lib.common.rest_client [req-a55a2bf3-2517-43f9-a204-8b158f796c50 req-a55a2bf3-2517-43f9-a204-8b158f796c50 ] Request (ServerDiskConfigTestJSON:test_rebuild_server_with_auto_disk_config): 200 GET http://10.180.1.21/compute/v2.1/servers/85d67c6c-ff9a-4c24-8f89-845a0e2829bf 1.574s
2025-01-14 17:10:35.329 69479 INFO tempest.lib.common.rest_client [req-b6847d28-c812-4d47-8d1d-e0819d8cd080 req-b6847d28-c812-4d47-8d1d-e0819d8cd080 ] Request (ServerShowV257Test:test_rebuild_server): 200 GET http://10.180.1.21/compute/v2.1/servers/014f86cc-5258-4b91-a43c-f29d7acf3e68 1.502s
2025-01-14 17:10:35.366 69494 INFO tempest.lib.common.rest_client [req-4bd04332-9776-4d24-8194-1ba203ac2e55 req-4bd04332-9776-4d24-8194-1ba203ac2e55 ] Request (ImagesTestJSON:test_create_server_from_snapshot): 200 GET http://10.180.1.21/compute/v2.1/servers/4de3c119-cf83-4c3f-bee5-2000540c5f80 1.481s
2025-01-14 17:10:35.378 69497 INFO tempest.lib.common.rest_client [req-d99fbb7a-26b0-46c6-b437-7b5b38372a94 req-d99fbb7a-26b0-46c6-b437-7b5b38372a94 ] Request (ServerRescueTestJSON:test_rescue_unrescue_instance): 200 GET http://10.180.1.21/compute/v2.1/servers/88979fca-1516-412e-9253-255b02fa1a1f 1.483s
2025-01-14 17:10:35.387 69497 INFO tempest.common.waiters [-] State transition "BUILD/scheduling" ==> "BUILD/None" after 4 second wait
2025-01-14 17:10:35.392 69467 INFO tempest.lib.common.rest_client [req-df313ccc-5ede-4f90-a7e6-eb5d6762b4c0 req-df313ccc-5ede-4f90-a7e6-eb5d6762b4c0 ] Request (ServerActionsV293TestJSON:setUpClass): 201 POST http://10.180.1.21:9696/networking/v2.0/security-group-rules 0.108s
2025-01-14 17:10:35.464 69461 INFO tempest.lib.common.rest_client [req-b0de9a75-b31b-4876-a7db-36ec562aa096 req-b0de9a75-b31b-4876-a7db-36ec562aa096 ] Request (VolumesAssistedSnapshotsTest:tearDownClass): 200 GET http://10.180.1.21/compute/v2.1/servers/36746589-7243-480f-8aa8-07b7ed19cdec 1.484s
2025-01-14 17:10:35.583 69457 INFO tempest.lib.common.rest_client [req-42cc6828-d2be-48f6-8504-aa387ee07710 req-42cc6828-d2be-48f6-8504-aa387ee07710 ] Request (ServerActionsTestOtherB:test_create_backup): 200 GET http://10.180.1.21/image/v2/images/90e165b5-d6ca-42e2-85c3-6b92fcdbbd8d 0.013s
2025-01-14 17:10:35.655 69491 INFO tempest.lib.common.rest_client [req-b8e79ae3-175b-47a5-9b2f-731ca97f063e req-b8e79ae3-175b-47a5-9b2f-731ca97f063e ] Request (ServersAdminTestJSON:test_rebuild_server_in_error_state): 200 GET http://10.180.1.21/compute/v2.1/servers/05c3d463-05fa-44a6-835c-756d94f65be4 1.677s
2025-01-14 17:10:35.677 69495 WARNING tempest.lib.common.ssh [-] Failed to establish authenticated ssh connection to cirros@10.180.180.192 ([Errno None] Unable to connect to port 22 on 10.180.180.192). Number attempts: 4. Retry after 5 seconds.: paramiko.ssh_exception.NoValidConnectionsError: [Errno None] Unable to connect to port 22 on 10.180.180.192
2025-01-14 17:10:35.733 69513 INFO tempest.lib.common.rest_client [req-f57527c7-f772-46ab-bae9-128433660af0 req-f57527c7-f772-46ab-bae9-128433660af0 ] Request (ListImageFiltersTestJSON:tearDownClass): 200 GET http://10.180.1.21/compute/v2.1/servers/8b68d0fc-6687-4ac5-9ae0-b9e26a4f7226 1.742s
2025-01-14 17:10:35.814 69463 INFO tempest.lib.common.rest_client [req-78644764-1250-42d6-9cdd-9caaea3e0dfe req-78644764-1250-42d6-9cdd-9caaea3e0dfe ] Request (ServerGroupTestJSON:_run_cleanups): 200 GET http://10.180.1.21/compute/v2.1/servers/6e56de4c-9de5-4a5b-9af4-0005925b1e4f 1.754s
2025-01-14 17:10:35.875 69508 INFO tempest.lib.common.rest_client [req-a207a801-9ea5-454d-b153-4d62931c168d req-a207a801-9ea5-454d-b153-4d62931c168d ] Request (ImagesOneServerNegativeTestJSON:_run_cleanups): 200 GET http://10.180.1.21/compute/v2.1/servers/394309ab-d10e-4578-bb8c-82372267ba4d 1.800s
2025-01-14 17:10:35.907 69487 INFO tempest.lib.common.rest_client [req-e6e06ff1-326a-4afc-a896-11d5bee0fd30 req-e6e06ff1-326a-4afc-a896-11d5bee0fd30 ] Request (VolumesAdminNegativeTest:test_update_attached_volume_with_nonexistent_volume_in_uri): 202 POST http://10.180.1.21/compute/v2.1/servers 2.004s
2025-01-14 17:10:35.940 69483 INFO tempest.lib.common.rest_client [req-722b2c65-3e04-4f37-976f-e72857f9c7bc req-722b2c65-3e04-4f37-976f-e72857f9c7bc ] Request (ServerAddressesNegativeTestJSON:setUpClass): 200 GET http://10.180.1.21/compute/v2.1/servers/5526389c-8814-4aa4-bc67-aba298e39703 1.807s
2025-01-14 17:10:35.955 69467 INFO tempest.lib.common.rest_client [req-9d795202-deac-40bc-a721-3ca8829e364b req-9d795202-deac-40bc-a721-3ca8829e364b ] Request (ServerActionsV293TestJSON:setUpClass): 201 POST http://10.180.1.21:9696/networking/v2.0/floatingips 0.562s
2025-01-14 17:10:35.969 69509 INFO tempest.lib.common.rest_client [req-17129a52-efed-4599-9ae3-4de0ddf5dab2 req-17129a52-efed-4599-9ae3-4de0ddf5dab2 ] Request (ServerActionsTestOtherA:test_rebuild_server_in_stop_state): 200 GET http://10.180.1.21/compute/v2.1/servers/afb11726-923b-4b23-b667-56492003de5b 1.821s
2025-01-14 17:10:36.033 69467 INFO tempest.lib.common.rest_client [req-320eebce-991f-4ef9-b162-218a5264b311 req-320eebce-991f-4ef9-b162-218a5264b311 ] Request (ServerActionsV293TestJSON:setUpClass): 201 POST http://10.180.1.21/identity/v3/auth/tokens 0.074s
2025-01-14 17:10:36.034 69467 INFO tempest.lib.common.fixed_network [-] (ServerActionsV293TestJSON:setUpClass) Found network {'id': 'b592ec00-7644-47d3-a262-044af9144a8a', 'name': 'tempest-ServerActionsV293TestJSON-1903251168-network', 'tenant_id': 'b2f8fc42c2b04bf393c29dc227c8dae5', 'admin_state_up': True, 'mtu': 8950, 'status': 'ACTIVE', 'subnets': [], 'shared': False, 'project_id': 'b2f8fc42c2b04bf393c29dc227c8dae5', 'port_security_enabled': True, 'router:external': False, 'provider:network_type': 'vlan', 'provider:physical_network': 'default', 'provider:segmentation_id': 182, 'availability_zone_hints': [], 'availability_zones': [], 'ipv4_address_scope': None, 'ipv6_address_scope': None, 'description': '', 'tags': [], 'created_at': '2025-01-14T17:10:30Z', 'updated_at': '2025-01-14T17:10:30Z', 'revision_number': 1} available for tenant
2025-01-14 17:10:36.051 69503 INFO tempest.lib.common.rest_client [req-ad095ff0-3dea-4203-b23f-86f6d44d6381 req-ad095ff0-3dea-4203-b23f-86f6d44d6381 ] Request (ServersAdminNegativeTestJSON:tearDownClass): 200 GET http://10.180.1.21/compute/v2.1/servers/9edbed1b-6fc3-4fbb-9c16-f426ecfa286f 1.809s
2025-01-14 17:10:36.072 69485 INFO tempest.lib.common.rest_client [req-37bf20a7-7b73-4d4d-9e5c-9f60a1a66566 req-37bf20a7-7b73-4d4d-9e5c-9f60a1a66566 ] Request (ServersTestJSON:tearDownClass): 200 GET http://10.180.1.21/compute/v2.1/servers/2b6b22da-7808-4eaa-9d5e-ea74f3d57b79 1.727s
2025-01-14 17:10:36.111 69455 INFO tempest.lib.common.rest_client [req-3d016add-aab3-420e-9986-6eedbd6337ff req-3d016add-aab3-420e-9986-6eedbd6337ff ] Request (FloatingIPsAssociationNegativeTestJSON:setUpClass): 200 GET http://10.180.1.21/compute/v2.1/servers/017849f8-77d3-4c49-86ec-e54fad04b5f4 1.659s
2025-01-14 17:10:36.126 69459 INFO tempest.lib.common.rest_client [req-9838256e-c5fd-4ed1-881d-3845650a88c2 req-9838256e-c5fd-4ed1-881d-3845650a88c2 ] Request (ServerTagsTestJSON:setUpClass): 200 GET http://10.180.1.21/compute/v2.1/servers/46daf026-16bc-4525-9f8c-198beb021083 1.669s
2025-01-14 17:10:36.412 69471 INFO tempest.lib.common.rest_client [req-3c444154-a27a-46c5-b7dc-80eb0b39f74f req-3c444154-a27a-46c5-b7dc-80eb0b39f74f ] Request (MigrationsAdminTest:test_resize_server_revert_deleted_flavor): 200 GET http://10.180.1.21/compute/v2.1/servers/689df898-ef9c-4a0b-8196-f2e917101949 1.733s
2025-01-14 17:10:36.498 69505 WARNING tempest.lib.common.ssh [-] Failed to establish authenticated ssh connection to cirros@10.180.180.228 ([Errno None] Unable to connect to port 22 on 10.180.180.228). Number attempts: 3. Retry after 4 seconds.: paramiko.ssh_exception.NoValidConnectionsError: [Errno None] Unable to connect to port 22 on 10.180.180.228
2025-01-14 17:10:36.636 69457 INFO tempest.lib.common.rest_client [req-b4c4eb8e-0e29-41ba-bb4c-a2a8bac846e6 req-b4c4eb8e-0e29-41ba-bb4c-a2a8bac846e6 ] Request (ServerActionsTestOtherB:test_create_backup): 200 GET http://10.180.1.21/image/v2/images/90e165b5-d6ca-42e2-85c3-6b92fcdbbd8d 0.051s
2025-01-14 17:10:36.674 69467 INFO tempest.lib.common.rest_client [req-8a19a708-6e0c-4266-a444-e0323cf536e4 req-8a19a708-6e0c-4266-a444-e0323cf536e4 ] Request (ServerActionsV293TestJSON:setUpClass): 202 POST http://10.180.1.21/volume/v3/volumes 0.640s
2025-01-14 17:10:36.713 69467 INFO tempest.lib.common.rest_client [req-dcdb5572-a293-4bc2-b6ae-6f0046ae3e99 req-dcdb5572-a293-4bc2-b6ae-6f0046ae3e99 ] Request (ServerActionsV293TestJSON:setUpClass): 200 GET http://10.180.1.21/volume/v3/volumes/8b5f01aa-d74d-4e70-89cf-598c7057b56b 0.031s
2025-01-14 17:10:36.731 69499 INFO tempest.lib.common.rest_client [req-b091cbe4-6bff-4d94-a34c-2e313e760f42 req-b091cbe4-6bff-4d94-a34c-2e313e760f42 ] Request (ServersWithSpecificFlavorTestJSON:test_verify_created_server_ephemeral_disk): 200 GET http://10.180.1.21/compute/v2.1/servers/4b3e0653-b7d8-4458-ac35-a81527b7ceb8 1.253s
2025-01-14 17:10:36.902 69501 INFO tempest.lib.common.rest_client [req-35330928-8d98-4fa3-8932-f93106283a7e req-35330928-8d98-4fa3-8932-f93106283a7e ] Request (ListServerFiltersTestJSON:tearDownClass): 200 GET http://10.180.1.21/compute/v2.1/servers/e52bb7a4-0d9e-42b1-93a5-5005a3c99229 1.290s
2025-01-14 17:10:37.096 69491 INFO tempest.lib.common.rest_client [req-451b8421-8fe5-4e19-9dff-1fd55794781c req-451b8421-8fe5-4e19-9dff-1fd55794781c ] Request (ServersAdminTestJSON:_run_cleanups): 202 POST http://10.180.1.21/compute/v2.1/servers/05c3d463-05fa-44a6-835c-756d94f65be4/action 1.433s
2025-01-14 17:10:37.159 69487 INFO tempest.lib.common.rest_client [req-bfdba3cc-4666-4e7f-ae31-eb199ae8de6e req-bfdba3cc-4666-4e7f-ae31-eb199ae8de6e ] Request (VolumesAdminNegativeTest:test_update_attached_volume_with_nonexistent_volume_in_uri): 200 GET http://10.180.1.21/compute/v2.1/servers/91415de4-4d8e-4e52-990d-304c82a7e899 1.250s
2025-01-14 17:10:37.276 69515 INFO tempest.lib.common.rest_client [req-c6fbe5e5-b68a-4bb5-afbd-a1db6eb56f16 req-c6fbe5e5-b68a-4bb5-afbd-a1db6eb56f16 ] Request (SecurityGroupsTestJSON:test_server_security_groups): 200 GET http://10.180.1.21/compute/v2.1/servers/dc1b5d0d-5bdb-40f6-9308-bfa4a966adf2 1.161s
2025-01-14 17:10:37.343 69469 INFO tempest.lib.common.rest_client [req-ccb88a39-c54a-4d7a-8199-6b328a289571 req-ccb88a39-c54a-4d7a-8199-6b328a289571 ] Request (ListServersNegativeTestJSON:setUpClass): 200 GET http://10.180.1.21/compute/v2.1/servers/5452d952-0785-4526-a865-4951b0f9004f 1.154s
2025-01-14 17:10:37.397 69473 INFO tempest.lib.common.rest_client [req-f3795772-3782-44d0-be0f-4cd1aaf1a16f req-f3795772-3782-44d0-be0f-4cd1aaf1a16f ] Request (ServersTestMultiNic:test_verify_multiple_nics_order): 200 GET http://10.180.1.21/compute/v2.1/servers/f48bbead-21ee-4778-af3c-bab52debb935 1.110s
2025-01-14 17:10:37.641 69465 INFO tempest.lib.common.rest_client [req-e358529d-8d1d-42da-87ef-d033e058f4b7 req-e358529d-8d1d-42da-87ef-d033e058f4b7 ] Request (ServerDiskConfigTestJSON:test_rebuild_server_with_auto_disk_config): 200 GET http://10.180.1.21/compute/v2.1/servers/85d67c6c-ff9a-4c24-8f89-845a0e2829bf 1.322s
