2025-01-14 17:07:11.720 69469 INFO tempest.lib.common.rest_client [req-0f8fc3fe-e4ce-4f07-8a7c-ccadbaeebbf4 req-0f8fc3fe-e4ce-4f07-8a7c-ccadbaeebbf4 ] Request (FlavorsAccessTestJSON:test_flavor_access_add_remove): 200 GET http://10.180.1.21/compute/v2.1/flavors/detail 1.784s
2025-01-14 17:07:11.741 69505 INFO tempest.lib.common.rest_client [req-e770168c-8361-47a3-a2a4-74f6720214ec req-e770168c-8361-47a3-a2a4-74f6720214ec ] Request (FlavorsAccessNegativeTestJSON:test_add_flavor_access_duplicate): 200 POST http://10.180.1.21/compute/v2.1/flavors/153279131/action 1.485s
2025-01-14 17:07:11.751 69463 INFO tempest.lib.common.rest_client [req-f860f1c8-115a-40e1-a12b-cabd5679f58e req-f860f1c8-115a-40e1-a12b-cabd5679f58e ] Request (FlavorsV261TestJSON:test_crud_flavor): 200 GET http://10.180.1.21/compute/v2.1/flavors/detail 1.468s
2025-01-14 17:07:11.772 69471 INFO tempest.lib.common.rest_client [req-4d06a525-e251-41c5-af4a-ee776e3e3b3c req-4d06a525-e251-41c5-af4a-ee776e3e3b3c ] Request (AZAdminV2TestJSON:tearDownClass): 200 GET http://10.180.1.21:9696/networking/v2.0/security-groups?tenant_id=9310abdc337e40578075e6fdafc2614e&name=default 0.265s
2025-01-14 17:07:11.823 69475 INFO tempest.lib.common.rest_client [req-51183e81-e7f1-4366-80ad-17884c8c1083 req-51183e81-e7f1-4366-80ad-17884c8c1083 ] Request (FlavorMetadataValidation:tearDownClass): 200 GET http://10.180.1.21:9696/networking/v2.0/security-groups?tenant_id=bf5877a1e5b74769a4988a0323bb1135&name=default 0.710s
2025-01-14 17:07:11.829 69494 INFO tempest.lib.common.rest_client [req-7a250515-4b33-414b-afca-1705deb93119 req-7a250515-4b33-414b-afca-1705deb93119 ] Request (ImagesTestJSON:test_create_image_from_stopped_server): 200 GET http://10.180.1.21/compute/v2.1/servers/2a99be1b-f5c2-4df9-ae96-3bb1f244e576 1.283s
2025-01-14 17:07:11.833 69459 INFO tempest.lib.common.rest_client [req-a0534783-8fa9-4d2d-b484-72e07b76385a req-a0534783-8fa9-4d2d-b484-72e07b76385a ] Request (TenantUsagesTestJSON:setUpClass): 200 GET http://10.180.1.21/compute/v2.1/servers/00d6b6fc-8690-41f2-ad17-6518d68ba9df 1.379s
2025-01-14 17:07:11.841 69459 INFO tempest.common.waiters [-] State transition "BUILD/None" ==> "BUILD/networking" after 2 second wait
2025-01-14 17:07:11.856 69515 INFO tempest.lib.common.rest_client [req-94b853cb-150a-48e6-8102-23df3ed0e6f6 req-94b853cb-150a-48e6-8102-23df3ed0e6f6 ] Request (ServicesAdminTestJSON:test_get_service_by_service_binary_name): 200 GET http://10.180.1.21/compute/v2.1/os-services?binary=nova-compute 1.207s
2025-01-14 17:07:11.894 69513 INFO tempest.lib.common.rest_client [req-02293cb9-cb01-46eb-99fb-c6c44c3b631c req-02293cb9-cb01-46eb-99fb-c6c44c3b631c ] Request (ListImageFiltersTestJSON:setUpClass): 200 GET http://10.180.1.21/compute/v2.1/images/46e1445c-1483-4214-ae4d-4714e5803fea 1.228s
2025-01-14 17:07:11.912 69501 INFO tempest.lib.common.rest_client [req-78ef47d7-b2c4-4c37-b701-73592521acd4 req-78ef47d7-b2c4-4c37-b701-73592521acd4 ] Request (FlavorsExtraSpecsTestJSON:test_flavor_non_admin_get_all_keys): 200 GET http://10.180.1.21/compute/v2.1/flavors/1532151950/os-extra_specs 1.291s
2025-01-14 17:07:12.008 69475 INFO tempest.lib.common.rest_client [req-cb72f485-44bd-44fc-919f-984a932b765b req-cb72f485-44bd-44fc-919f-984a932b765b ] Request (FlavorMetadataValidation:tearDownClass): 204 DELETE http://10.180.1.21:9696/networking/v2.0/security-groups/8b9ca681-e306-44db-a883-88719891a7e7 0.185s
2025-01-14 17:07:12.022 69471 INFO tempest.lib.common.rest_client [req-13443ef7-f41a-4943-8fcf-97829eecc19a req-13443ef7-f41a-4943-8fcf-97829eecc19a ] Request (AZAdminV2TestJSON:tearDownClass): 204 DELETE http://10.180.1.21:9696/networking/v2.0/security-groups/fa3d4096-07fa-456f-96dd-c2064e3efee4 0.249s
2025-01-14 17:07:12.032 69485 INFO tempest.lib.common.rest_client [req-fe95b827-be3b-442a-8cee-1f4b4e3a1f14 req-fe95b827-be3b-442a-8cee-1f4b4e3a1f14 ] Request (HypervisorAdminTestJSON:test_get_hypervisor_list): 200 GET http://10.180.1.21/compute/v2.1/os-hypervisors 1.284s
2025-01-14 17:07:12.043 69483 INFO tempest.lib.common.rest_client [req-cf0d8094-e2a0-4886-aa50-af79f4da697a req-cf0d8094-e2a0-4886-aa50-af79f4da697a ] Request (QuotaClassesAdminTestJSON:test_update_default_quotas): 200 GET http://10.180.1.21/compute/v2.1/os-quota-class-sets/default 1.168s
2025-01-14 17:07:12.048 69497 INFO tempest.lib.common.rest_client [req-90d6c797-d371-4c57-a02e-80bfa0cdfbac req-90d6c797-d371-4c57-a02e-80bfa0cdfbac ] Request (HypervisorAdminNegativeTestJSON:test_get_hypervisor_stats_with_non_admin_user): 403 GET http://10.180.1.21/compute/v2.1/os-hypervisors/statistics 1.171s
2025-01-14 17:07:12.059 69473 INFO tempest.lib.common.rest_client [req-64783319-dbb8-4734-ac7e-ae5abbc65b73 req-64783319-dbb8-4734-ac7e-ae5abbc65b73 ] Request (FlavorsExtraSpecsNegativeTestJSON:test_flavor_non_admin_set_keys): 403 POST http://10.180.1.21/compute/v2.1/flavors/1931706068/os-extra_specs 1.155s
2025-01-14 17:07:12.076 69509 INFO tempest.lib.common.rest_client [req-cea1f166-70c2-41ad-b4b0-c6fb8581d74f req-cea1f166-70c2-41ad-b4b0-c6fb8581d74f ] Request (HypervisorAdminV253TestBase:test_list_show_detail_hypervisors): 200 GET http://10.180.1.21/compute/v2.1/os-hypervisors/d4eb5599-1ee7-4533-a84b-536c6f825ecc 1.145s
2025-01-14 17:07:12.087 69475 INFO tempest.lib.common.rest_client [req-29d6ae49-0764-400e-8349-7d6b8e4ee1b0 req-29d6ae49-0764-400e-8349-7d6b8e4ee1b0 ] Request (FlavorMetadataValidation:tearDownClass): 204 DELETE http://10.180.1.21/identity/v3/projects/bf5877a1e5b74769a4988a0323bb1135 0.079s
2025-01-14 17:07:12.088 69475 INFO tempest.lib.common.dynamic_creds [-] Deleting project and security group for project: 05850ecc235f4c878a22945f25d9b40e
2025-01-14 17:07:12.107 69503 INFO tempest.lib.common.rest_client [req-2ac5a083-7f1d-4d19-a81e-edb1232aed62 req-2ac5a083-7f1d-4d19-a81e-edb1232aed62 ] Request (FlavorsV255TestJSON:test_crud_flavor): 200 PUT http://10.180.1.21/compute/v2.1/flavors/1934103180 1.035s
2025-01-14 17:07:12.182 69489 INFO tempest.lib.common.rest_client [req-1750ad7e-08c9-4176-8973-12609704d28d req-1750ad7e-08c9-4176-8973-12609704d28d ] Request (ServerExternalEventsTest:test_create_server_external_events): 200 GET http://10.180.1.21/compute/v2.1/servers/5772c3d4-987e-411d-8b1a-499c247ee735 0.906s
2025-01-14 17:07:12.196 69471 INFO tempest.lib.common.rest_client [req-c3050684-7851-44d9-bb67-51677b9eea6d req-c3050684-7851-44d9-bb67-51677b9eea6d ] Request (AZAdminV2TestJSON:tearDownClass): 204 DELETE http://10.180.1.21/identity/v3/projects/9310abdc337e40578075e6fdafc2614e 0.174s
2025-01-14 17:07:12.196 69471 INFO tempest.lib.common.dynamic_creds [-] Deleting project and security group for project: 0e5df705a5f345a0bed618e85996210f
2025-01-14 17:07:12.283 69495 INFO tempest.lib.common.rest_client [req-6a54880a-ae17-4245-9808-3d4b0a735697 req-6a54880a-ae17-4245-9808-3d4b0a735697 ] Request (ServersAdmin275Test:test_rebuild_update_server_275): 200 PUT http://10.180.1.21/compute/v2.1/servers/24dffd64-79b1-4d94-b5af-b7822d04b8f5 0.928s
2025-01-14 17:07:12.296 69475 INFO tempest.lib.common.rest_client [req-fadc274d-dedb-4f31-b03c-8b4cb58fac51 req-fadc274d-dedb-4f31-b03c-8b4cb58fac51 ] Request (FlavorMetadataValidation:tearDownClass): 200 GET http://10.180.1.21:9696/networking/v2.0/security-groups?tenant_id=05850ecc235f4c878a22945f25d9b40e&name=default 0.208s
2025-01-14 17:07:12.303 69467 INFO tempest.lib.common.rest_client [req-878d5f06-6c85-4788-900f-8ab5b343975f req-878d5f06-6c85-4788-900f-8ab5b343975f ] Request (KeyPairsV210TestJSON:test_admin_manage_keypairs_for_other_users): 200 GET http://10.180.1.21/compute/v2.1/os-keypairs?user_id=10437689612842f69bd02d75a305c123 0.892s
2025-01-14 17:07:12.316 69509 INFO tempest.lib.common.rest_client [req-57ec30e3-b42f-4d68-a48a-05bc55173adb req-57ec30e3-b42f-4d68-a48a-05bc55173adb ] Request (HypervisorAdminV253TestBase:tearDownClass): 204 DELETE http://10.180.1.21/identity/v3/users/dd8ba8d740434f7f8818879131bb3684 0.168s
2025-01-14 17:07:12.406 69481 INFO tempest.lib.common.rest_client [req-d2a2ac69-360c-4540-a75d-d948fe7e0da7 req-d2a2ac69-360c-4540-a75d-d948fe7e0da7 ] Request (AggregatesAdminNegativeTestJSON:test_aggregate_add_existent_host): 200 POST http://10.180.1.21/compute/v2.1/os-aggregates/1/action 1.708s
2025-01-14 17:07:12.419 69509 INFO tempest.lib.common.rest_client [req-b684f6cc-90fe-4635-93b2-253fa3ed36c2 req-b684f6cc-90fe-4635-93b2-253fa3ed36c2 ] Request (HypervisorAdminV253TestBase:tearDownClass): 204 DELETE http://10.180.1.21/identity/v3/users/1a30a07cdf984fa29581a7453ee1c290 0.102s
2025-01-14 17:07:12.419 69509 INFO tempest.lib.common.dynamic_creds [-] Deleting project and security group for project: 67c5ab4ba6d341128d90268c0d5ecaee
2025-01-14 17:07:12.421 69511 INFO tempest.lib.common.rest_client [req-f6283035-74d1-4067-9948-2480632c7731 req-f6283035-74d1-4067-9948-2480632c7731 ] Request (KeyPairsV2TestJSON:_run_cleanups): 202 DELETE http://10.180.1.21/compute/v2.1/os-keypairs/tempest-keypair-1527453162 0.914s
2025-01-14 17:07:12.451 69455 INFO tempest.lib.common.rest_client [req-74366a50-f53c-4114-a4f8-2c92fabdc4c8 req-74366a50-f53c-4114-a4f8-2c92fabdc4c8 ] Request (FlavorsAdminTestJSON:_run_cleanups): 200 GET http://10.180.1.21/compute/v2.1/flavors/detail 0.889s
2025-01-14 17:07:12.473 69487 INFO tempest.lib.common.rest_client [req-a0302f50-b27a-4d0f-9035-9398faab5d78 req-a0302f50-b27a-4d0f-9035-9398faab5d78 ] Request (HypervisorAdminUnderV252Test:test_search_hypervisor): 200 GET http://10.180.1.21/compute/v2.1/os-hypervisors/domain-c8.fc996f14-c53b-4953-92e3-bdfa48f5cc28/search 0.852s
2025-01-14 17:07:12.480 69509 INFO tempest.lib.common.rest_client [req-15fa6ef9-3794-4257-bdda-b6684fe7cd98 req-15fa6ef9-3794-4257-bdda-b6684fe7cd98 ] Request (HypervisorAdminV253TestBase:tearDownClass): 201 POST http://10.180.1.21/identity/v3/auth/tokens 0.061s
2025-01-14 17:07:12.521 69475 INFO tempest.lib.common.rest_client [req-42498c0e-4bf7-4654-86eb-a21806691f85 req-42498c0e-4bf7-4654-86eb-a21806691f85 ] Request (FlavorMetadataValidation:tearDownClass): 204 DELETE http://10.180.1.21:9696/networking/v2.0/security-groups/872e0ee5-443c-4377-bec5-5ff7aeb865f0 0.225s
2025-01-14 17:07:12.538 69513 INFO tempest.lib.common.rest_client [req-201a11a4-7a6f-4c29-88fe-804e8581c44f req-201a11a4-7a6f-4c29-88fe-804e8581c44f ] Request (ListImageFiltersTestJSON:setUpClass): 201 POST http://10.180.1.21/image/v2/images 0.638s
2025-01-14 17:07:12.555 69487 INFO tempest.lib.common.rest_client [req-ddc8896a-7be9-4999-ab91-32b904ea77a2 req-ddc8896a-7be9-4999-ab91-32b904ea77a2 ] Request (HypervisorAdminUnderV252Test:tearDownClass): 204 DELETE http://10.180.1.21/identity/v3/users/1e24c090b62b4fa59a06217ef10bfb05 0.079s
2025-01-14 17:07:12.665 69475 INFO tempest.lib.common.rest_client [req-e27eb7c5-419e-4a6d-a12f-d2159271c141 req-e27eb7c5-419e-4a6d-a12f-d2159271c141 ] Request (FlavorMetadataValidation:tearDownClass): 204 DELETE http://10.180.1.21/identity/v3/projects/05850ecc235f4c878a22945f25d9b40e 0.142s
2025-01-14 17:07:12.672 69465 INFO tempest.lib.common.rest_client [req-2edcb8a1-8a10-40c3-9177-4de9ca327088 req-2edcb8a1-8a10-40c3-9177-4de9ca327088 ] Request (DeleteServersAdminTestJSON:test_admin_delete_servers_of_others): 200 GET http://10.180.1.21/compute/v2.1/servers/4d9f0050-4fe7-470c-96c3-63c7362026f2 0.996s
2025-01-14 17:07:12.708 69487 INFO tempest.lib.common.rest_client [req-a7b98220-a957-4af5-a8a8-7df60be178d2 req-a7b98220-a957-4af5-a8a8-7df60be178d2 ] Request (HypervisorAdminUnderV252Test:tearDownClass): 204 DELETE http://10.180.1.21/identity/v3/users/4e097c90092c473bb7ce1f7053a0480e 0.151s
2025-01-14 17:07:12.708 69487 INFO tempest.lib.common.dynamic_creds [-] Deleting project and security group for project: 093c398c942f4d77b5333cb1e4c0e54f
2025-01-14 17:07:12.718 69471 INFO tempest.lib.common.rest_client [req-07746884-0a64-4724-a9dd-239c723c17a7 req-07746884-0a64-4724-a9dd-239c723c17a7 ] Request (AZAdminV2TestJSON:tearDownClass): 200 GET http://10.180.1.21:9696/networking/v2.0/security-groups?tenant_id=0e5df705a5f345a0bed618e85996210f&name=default 0.522s
2025-01-14 17:07:12.743 69475 INFO tempest.lib.common.rest_client [req-0d3c52ca-7a64-41cc-9359-3839d19322c7 req-0d3c52ca-7a64-41cc-9359-3839d19322c7 ] Request (HypervisorAdminNegativeUnderV252Test:setUpClass): 201 POST http://10.180.1.21/identity/v3/auth/tokens 0.076s
2025-01-14 17:07:12.762 69487 INFO tempest.lib.common.rest_client [req-e5281c23-b9c2-418f-8440-65e4a3c963b3 req-e5281c23-b9c2-418f-8440-65e4a3c963b3 ] Request (HypervisorAdminUnderV252Test:tearDownClass): 201 POST http://10.180.1.21/identity/v3/auth/tokens 0.053s
2025-01-14 17:07:12.786 69475 INFO tempest.lib.common.rest_client [req-59326458-f9bd-4dda-aec9-01a51681e8d5 req-59326458-f9bd-4dda-aec9-01a51681e8d5 ] Request (HypervisorAdminNegativeUnderV252Test:setUpClass): 201 POST http://10.180.1.21/identity/v3/auth/tokens 0.040s
2025-01-14 17:07:12.860 69475 INFO tempest.lib.common.rest_client [req-1e76c3f0-9733-4d3f-b912-43eb75d5705c req-1e76c3f0-9733-4d3f-b912-43eb75d5705c ] Request (HypervisorAdminNegativeUnderV252Test:setUpClass): 200 GET http://10.180.1.21/identity/v3/domains?name=Default 0.073s
2025-01-14 17:07:12.879 69469 INFO tempest.lib.common.rest_client [req-6ef9cab5-2494-4393-a441-29a061ca4865 req-6ef9cab5-2494-4393-a441-29a061ca4865 ] Request (FlavorsAccessTestJSON:test_flavor_access_add_remove): 200 POST http://10.180.1.21/compute/v2.1/flavors/849734314/action 1.151s
2025-01-14 17:07:12.896 69475 INFO tempest.lib.common.rest_client [req-0732c2f4-29f5-42ea-aaa3-823c6a5df3f6 req-0732c2f4-29f5-42ea-aaa3-823c6a5df3f6 ] Request (HypervisorAdminNegativeUnderV252Test:setUpClass): 201 POST http://10.180.1.21/identity/v3/projects 0.036s
2025-01-14 17:07:12.926 69509 INFO tempest.lib.common.rest_client [req-08bf15fe-193f-431c-b001-1ea7844a7d46 req-08bf15fe-193f-431c-b001-1ea7844a7d46 ] Request (HypervisorAdminV253TestBase:tearDownClass): 200 GET http://10.180.1.21:9696/networking/v2.0/security-groups?tenant_id=67c5ab4ba6d341128d90268c0d5ecaee&name=default 0.445s
2025-01-14 17:07:12.993 69475 INFO tempest.lib.common.rest_client [req-58f1ad4e-3b8b-4b19-b1d4-84044a52c9e4 req-58f1ad4e-3b8b-4b19-b1d4-84044a52c9e4 ] Request (HypervisorAdminNegativeUnderV252Test:setUpClass): 201 POST http://10.180.1.21/identity/v3/users 0.096s
2025-01-14 17:07:13.015 69505 INFO tempest.lib.common.rest_client [req-66ac50d6-d469-4b33-866f-1e99bbde19ce req-66ac50d6-d469-4b33-866f-1e99bbde19ce ] Request (FlavorsAccessNegativeTestJSON:test_add_flavor_access_duplicate): 409 POST http://10.180.1.21/compute/v2.1/flavors/153279131/action 1.272s
2025-01-14 17:07:13.024 69475 INFO tempest.lib.common.rest_client [req-89d1dffb-8169-4302-b479-d0c96bd43341 req-89d1dffb-8169-4302-b479-d0c96bd43341 ] Request (HypervisorAdminNegativeUnderV252Test:setUpClass): 200 GET http://10.180.1.21/identity/v3/roles 0.030s
2025-01-14 17:07:13.043 69463 INFO tempest.lib.common.rest_client [req-9fb3ce9a-bf98-48cf-8965-4f8df0fea0dc req-9fb3ce9a-bf98-48cf-8965-4f8df0fea0dc ] Request (FlavorsV261TestJSON:test_crud_flavor): 200 GET http://10.180.1.21/compute/v2.1/flavors 1.278s
2025-01-14 17:07:13.061 69515 INFO tempest.lib.common.rest_client [req-c6409e85-0a0b-4f7a-a3ca-0972d263b1d0 req-c6409e85-0a0b-4f7a-a3ca-0972d263b1d0 ] Request (ServicesAdminTestJSON:test_list_services): 200 GET http://10.180.1.21/compute/v2.1/os-services 1.202s
2025-01-14 17:07:13.062 69475 INFO tempest.lib.common.rest_client [req-3742e622-d17c-40b0-8853-2b80df2fc3b2 req-3742e622-d17c-40b0-8853-2b80df2fc3b2 ] Request (HypervisorAdminNegativeUnderV252Test:setUpClass): 204 PUT http://10.180.1.21/identity/v3/projects/4410febf068d46e099a628f19e9e8a96/users/e5a65a5c359c4add9cfadc8391d90cd7/roles/cd577c8e8a9d49cca7a6e4a04ced439a 0.038s
2025-01-14 17:07:13.062 69475 INFO tempest.lib.common.dynamic_creds [-] Dynamic test user e5a65a5c359c4add9cfadc8391d90cd7 is created with scope project and roles: ['member']
2025-01-14 17:07:13.063 69475 INFO tempest.lib.common.dynamic_creds [-] Acquired dynamic creds: credentials: Credentials: {'domain_id': 'default', 'domain_name': 'Default', 'username': 'tempest-HypervisorAdminNegativeUnderV252Test-1615663725-project-member', 'project_domain_id': 'default', 'project_domain_name': 'Default', 'project_id': '4410febf068d46e099a628f19e9e8a96', 'project_name': 'tempest-HypervisorAdminNegativeUnderV252Test-1615663725', 'tenant_id': '4410febf068d46e099a628f19e9e8a96', 'tenant_name': 'tempest-HypervisorAdminNegativeUnderV252Test-1615663725', 'user_domain_id': 'default', 'user_domain_name': 'Default', 'user_id': 'e5a65a5c359c4add9cfadc8391d90cd7', 'system': None}, Network: None, Subnet: None, Router: None
2025-01-14 17:07:13.063 69475 INFO tempest.lib.common.dynamic_creds [-] Created isolated network resources for: credentials: Credentials: {'domain_id': 'default', 'domain_name': 'Default', 'username': 'tempest-HypervisorAdminNegativeUnderV252Test-1615663725-project-member', 'project_domain_id': 'default', 'project_domain_name': 'Default', 'project_id': '4410febf068d46e099a628f19e9e8a96', 'project_name': 'tempest-HypervisorAdminNegativeUnderV252Test-1615663725', 'tenant_id': '4410febf068d46e099a628f19e9e8a96', 'tenant_name': 'tempest-HypervisorAdminNegativeUnderV252Test-1615663725', 'user_domain_id': 'default', 'user_domain_name': 'Default', 'user_id': 'e5a65a5c359c4add9cfadc8391d90cd7', 'system': None}, Network: None, Subnet: None, Router: None
2025-01-14 17:07:13.075 69491 INFO tempest.lib.common.rest_client [req-68907019-6087-4caf-adea-396815d99975 req-68907019-6087-4caf-adea-396815d99975 ] Request (ServersAdminTestJSON:setUpClass): 200 PUT http://10.180.1.21:9696/networking/v2.0/routers/461fe2dd-7574-46b9-bba2-9ce5d63beb3c/add_router_interface 2.934s
2025-01-14 17:07:13.075 69491 INFO tempest.lib.common.dynamic_creds [-] Created isolated network resources for: credentials: Credentials: {'domain_id': 'default', 'domain_name': 'Default', 'username': 'tempest-ServersAdminTestJSON-953754861-project-admin', 'project_domain_id': 'default', 'project_domain_name': 'Default', 'project_id': '39be990017bd4e3586ee32657f9b24e2', 'project_name': 'tempest-ServersAdminTestJSON-953754861', 'tenant_id': '39be990017bd4e3586ee32657f9b24e2', 'tenant_name': 'tempest-ServersAdminTestJSON-953754861', 'user_domain_id': 'default', 'user_domain_name': 'Default', 'user_id': 'cdab9daa47574d83bb2ff58317c49eb4', 'system': None}, Network: {'id': '7650699c-ec86-47c7-8af6-12f0ca7b2894', 'name': 'tempest-ServersAdminTestJSON-837695620-network', 'tenant_id': '39be990017bd4e3586ee32657f9b24e2', 'admin_state_up': True, 'mtu': 8950, 'status': 'ACTIVE', 'subnets': [], 'shared': False, 'project_id': '39be990017bd4e3586ee32657f9b24e2', 'port_security_enabled': True, 'router:external': False, 'provider:network_type': 'vlan', 'provider:physical_network': 'default', 'provider:segmentation_id': 564, 'availability_zone_hints': [], 'availability_zones': [], 'ipv4_address_scope': None, 'ipv6_address_scope': None, 'description': '', 'tags': [], 'created_at': '2025-01-14T17:07:08Z', 'updated_at': '2025-01-14T17:07:08Z', 'revision_number': 1}, Subnet: {'id': '7a3481c9-dc54-4993-848c-c0fb88d7abaf', 'name': 'tempest-ServersAdminTestJSON-837695620-subnet', 'tenant_id': '39be990017bd4e3586ee32657f9b24e2', 'network_id': '7650699c-ec86-47c7-8af6-12f0ca7b2894', 'ip_version': 4, 'subnetpool_id': None, 'enable_dhcp': True, 'ipv6_ra_mode': None, 'ipv6_address_mode': None, 'gateway_ip': '192.168.128.1', 'cidr': '192.168.128.0/28', 'allocation_pools': [{'start': '192.168.128.2', 'end': '192.168.128.14'}], 'host_routes': [], 'dns_nameservers': [], 'description': '', 'router:external': False, 'service_types': [], 'tags': [], 'created_at': '2025-01-14T17:07:08Z', 'updated_at': '2025-01-14T17:07:08Z', 'revision_number': 0, 'project_id': '39be990017bd4e3586ee32657f9b24e2'}, Router: {'id': '461fe2dd-7574-46b9-bba2-9ce5d63beb3c', 'name': 'tempest-ServersAdminTestJSON-837695620-router', 'tenant_id': '39be990017bd4e3586ee32657f9b24e2', 'admin_state_up': True, 'status': 'ACTIVE', 'external_gateway_info': {'network_id': 'd7018069-ae24-4ddc-9a93-f8b44adf1c1e', 'external_fixed_ips': [{'subnet_id': '8f91b495-4a53-445f-baec-a38b1175cb64', 'ip_address': '10.180.180.215'}], 'enable_snat': True}, 'description': '', 'availability_zones': [], 'distributed': False, 'ha': False, 'availability_zone_hints': [], 'routes': [], 'flavor_id': None, 'tags': [], 'created_at': '2025-01-14T17:07:08Z', 'updated_at': '2025-01-14T17:07:09Z', 'revision_number': 2, 'project_id': '39be990017bd4e3586ee32657f9b24e2'}
2025-01-14 17:07:13.083 69501 INFO tempest.lib.common.rest_client [req-2b9bf2de-f2ab-445b-880a-a66c844251e1 req-2b9bf2de-f2ab-445b-880a-a66c844251e1 ] Request (FlavorsExtraSpecsTestJSON:test_flavor_non_admin_get_specific_key): 200 POST http://10.180.1.21/compute/v2.1/flavors/1532151950/os-extra_specs 1.108s
2025-01-14 17:07:13.089 69471 INFO tempest.lib.common.rest_client [req-82426bf0-fc79-4ffe-940f-b3a2a416458c req-82426bf0-fc79-4ffe-940f-b3a2a416458c ] Request (AZAdminV2TestJSON:tearDownClass): 204 DELETE http://10.180.1.21:9696/networking/v2.0/security-groups/99ae0951-e6a1-45a4-b72a-56a1877c5d85 0.370s
2025-01-14 17:07:13.104 69485 INFO tempest.lib.common.rest_client [req-15dd3c74-457a-48a3-9d5a-ceb3853bb429 req-15dd3c74-457a-48a3-9d5a-ceb3853bb429 ] Request (HypervisorAdminTestJSON:test_get_hypervisor_list_details): 200 GET http://10.180.1.21/compute/v2.1/os-hypervisors/detail 1.069s
2025-01-14 17:07:13.146 69461 INFO tempest.lib.common.rest_client [req-6498f528-9e0b-4509-be34-7237e0a4ffaf req-6498f528-9e0b-4509-be34-7237e0a4ffaf ] Request (VolumesAssistedSnapshotsTest:setUpClass): 201 POST http://10.180.1.21:9696/networking/v2.0/routers 2.372s
2025-01-14 17:07:13.161 69475 INFO tempest.lib.common.rest_client [req-17fd0edc-2983-4954-8488-5b72c4cc39e9 req-17fd0edc-2983-4954-8488-5b72c4cc39e9 ] Request (HypervisorAdminNegativeUnderV252Test:setUpClass): 201 POST http://10.180.1.21/identity/v3/auth/tokens 0.095s
2025-01-14 17:07:13.166 69483 INFO tempest.lib.common.rest_client [req-ac1011ea-6f0b-48d8-a4bc-b26e250cb1cb req-ac1011ea-6f0b-48d8-a4bc-b26e250cb1cb ] Request (QuotaClassesAdminTestJSON:_run_cleanups): 200 PUT http://10.180.1.21/compute/v2.1/os-quota-class-sets/default 1.121s
2025-01-14 17:07:13.206 69515 INFO tempest.lib.common.rest_client [req-2654aaa4-d7e0-49ed-bd1e-b54d8975364c req-2654aaa4-d7e0-49ed-bd1e-b54d8975364c ] Request (ServicesAdminTestJSON:tearDownClass): 204 DELETE http://10.180.1.21/identity/v3/users/5b897543b68945ab9e66dace86e9d476 0.136s
2025-01-14 17:07:13.216 69509 INFO tempest.lib.common.rest_client [req-f6e5196e-6c6f-4b99-ba61-56cb21042d30 req-f6e5196e-6c6f-4b99-ba61-56cb21042d30 ] Request (HypervisorAdminV253TestBase:tearDownClass): 204 DELETE http://10.180.1.21:9696/networking/v2.0/security-groups/1dd27ef9-e409-4f21-9960-17e2dbe5be54 0.289s
2025-01-14 17:07:13.247 69491 INFO tempest.lib.common.rest_client [req-2edc1dbd-91cb-49e4-8852-a58bf65d032f req-2edc1dbd-91cb-49e4-8852-a58bf65d032f ] Request (ServersAdminTestJSON:setUpClass): 201 POST http://10.180.1.21/identity/v3/auth/tokens 0.169s
2025-01-14 17:07:13.271 69457 INFO tempest.lib.common.rest_client [req-cc7b199c-b846-4432-91aa-19d2be61ec7a req-cc7b199c-b846-4432-91aa-19d2be61ec7a ] Request (ServerActionsTestOtherB:setUpClass): 202 POST http://10.180.1.21/compute/v2.1/servers 1.802s
2025-01-14 17:07:13.305 69487 INFO tempest.lib.common.rest_client [req-cebb431b-7fb7-49c0-9f0d-2f4e51d6cc06 req-cebb431b-7fb7-49c0-9f0d-2f4e51d6cc06 ] Request (HypervisorAdminUnderV252Test:tearDownClass): 200 GET http://10.180.1.21:9696/networking/v2.0/security-groups?tenant_id=093c398c942f4d77b5333cb1e4c0e54f&name=default 0.542s
2025-01-14 17:07:13.307 69473 INFO tempest.lib.common.rest_client [req-71510b15-953f-46da-a237-8383f21447a8 req-71510b15-953f-46da-a237-8383f21447a8 ] Request (FlavorsExtraSpecsNegativeTestJSON:test_flavor_non_admin_unset_keys): 200 POST http://10.180.1.21/compute/v2.1/flavors/1931706068/os-extra_specs 1.247s
2025-01-14 17:07:13.351 69503 INFO tempest.lib.common.rest_client [req-67111609-616f-4dab-91ce-3a9ef97a331f req-67111609-616f-4dab-91ce-3a9ef97a331f ] Request (FlavorsV255TestJSON:test_crud_flavor): 200 GET http://10.180.1.21/compute/v2.1/flavors/detail 1.240s
2025-01-14 17:07:13.391 69471 INFO tempest.lib.common.rest_client [req-2e7d5f83-1913-478c-bb72-20d766edd345 req-2e7d5f83-1913-478c-bb72-20d766edd345 ] Request (AZAdminV2TestJSON:tearDownClass): 204 DELETE http://10.180.1.21/identity/v3/projects/0e5df705a5f345a0bed618e85996210f 0.301s
2025-01-14 17:07:13.456 69475 INFO tempest.lib.common.rest_client [req-2745cf5d-3161-43ab-a463-51fd48ab267d req-2745cf5d-3161-43ab-a463-51fd48ab267d ] Request (HypervisorAdminNegativeUnderV252Test:setUpClass): 201 POST http://10.180.1.21/identity/v3/projects 0.295s
2025-01-14 17:07:13.472 69495 INFO tempest.lib.common.rest_client [req-df47a251-f85b-4f38-8061-63b5d5732c65 req-df47a251-f85b-4f38-8061-63b5d5732c65 ] Request (ServersAdmin275Test:test_rebuild_update_server_275): 200 GET http://10.180.1.21/compute/v2.1/servers/24dffd64-79b1-4d94-b5af-b7822d04b8f5 1.174s
2025-01-14 17:07:13.493 69467 INFO tempest.lib.common.rest_client [req-799ad02c-eb62-4fb9-8472-ed388ee97560 req-799ad02c-eb62-4fb9-8472-ed388ee97560 ] Request (KeyPairsV210TestJSON:_run_cleanups): 204 DELETE http://10.180.1.21/compute/v2.1/os-keypairs/tempest-KeyPairsV210TestJSON-keypair-1927984917 1.186s
2025-01-14 17:07:13.493 69499 INFO tempest.lib.common.rest_client [req-13cee9d5-5bd4-4eee-9074-ec361639bf8e req-13cee9d5-5bd4-4eee-9074-ec361639bf8e ] Request (ServersWithSpecificFlavorTestJSON:setUpClass): 200 PUT http://10.180.1.21:9696/networking/v2.0/routers/746346e7-af56-43c0-9e1f-35a9616db85f/add_router_interface 1.944s
2025-01-14 17:07:13.493 69499 INFO tempest.lib.common.dynamic_creds [-] Created isolated network resources for: credentials: Credentials: {'domain_id': 'default', 'domain_name': 'Default', 'username': 'tempest-ServersWithSpecificFlavorTestJSON-410516011-project-admin', 'project_domain_id': 'default', 'project_domain_name': 'Default', 'project_id': '119ff2aa9dfe414e91789af410caef93', 'project_name': 'tempest-ServersWithSpecificFlavorTestJSON-410516011', 'tenant_id': '119ff2aa9dfe414e91789af410caef93', 'tenant_name': 'tempest-ServersWithSpecificFlavorTestJSON-410516011', 'user_domain_id': 'default', 'user_domain_name': 'Default', 'user_id': '84d26c3fa3cb43d59cdb43944c24116f', 'system': None}, Network: {'id': 'd5a5fb01-fa77-4031-9403-1cf5fdd366f7', 'name': 'tempest-ServersWithSpecificFlavorTestJSON-2035515147-network', 'tenant_id': '119ff2aa9dfe414e91789af410caef93', 'admin_state_up': True, 'mtu': 8950, 'status': 'ACTIVE', 'subnets': [], 'shared': False, 'project_id': '119ff2aa9dfe414e91789af410caef93', 'port_security_enabled': True, 'router:external': False, 'provider:network_type': 'vlan', 'provider:physical_network': 'default', 'provider:segmentation_id': 928, 'availability_zone_hints': [], 'availability_zones': [], 'ipv4_address_scope': None, 'ipv6_address_scope': None, 'description': '', 'tags': [], 'created_at': '2025-01-14T17:07:08Z', 'updated_at': '2025-01-14T17:07:08Z', 'revision_number': 1}, Subnet: {'id': 'f04c50ef-fc48-4e7e-9192-1ec873bd1414', 'name': 'tempest-ServersWithSpecificFlavorTestJSON-2035515147-subnet', 'tenant_id': '119ff2aa9dfe414e91789af410caef93', 'network_id': 'd5a5fb01-fa77-4031-9403-1cf5fdd366f7', 'ip_version': 4, 'subnetpool_id': None, 'enable_dhcp': True, 'ipv6_ra_mode': None, 'ipv6_address_mode': None, 'gateway_ip': '192.168.128.1', 'cidr': '192.168.128.0/28', 'allocation_pools': [{'start': '192.168.128.2', 'end': '192.168.128.14'}], 'host_routes': [], 'dns_nameservers': [], 'description': '', 'router:external': False, 'service_types': [], 'tags': [], 'created_at': '2025-01-14T17:07:09Z', 'updated_at': '2025-01-14T17:07:09Z', 'revision_number': 0, 'project_id': '119ff2aa9dfe414e91789af410caef93'}, Router: {'id': '746346e7-af56-43c0-9e1f-35a9616db85f', 'name': 'tempest-ServersWithSpecificFlavorTestJSON-2035515147-router', 'tenant_id': '119ff2aa9dfe414e91789af410caef93', 'admin_state_up': True, 'status': 'ACTIVE', 'external_gateway_info': {'network_id': 'd7018069-ae24-4ddc-9a93-f8b44adf1c1e', 'external_fixed_ips': [{'subnet_id': '8f91b495-4a53-445f-baec-a38b1175cb64', 'ip_address': '10.180.180.252'}], 'enable_snat': True}, 'description': '', 'availability_zones': [], 'distributed': False, 'ha': False, 'availability_zone_hints': [], 'routes': [], 'flavor_id': None, 'tags': [], 'created_at': '2025-01-14T17:07:09Z', 'updated_at': '2025-01-14T17:07:10Z', 'revision_number': 2, 'project_id': '119ff2aa9dfe414e91789af410caef93'}
2025-01-14 17:07:13.572 69479 INFO tempest.lib.common.rest_client [req-955d49d3-323e-49d5-b4e9-14cd261c5bed req-955d49d3-323e-49d5-b4e9-14cd261c5bed ] Request (QuotasAdminTestV236:test_get_updated_quotas): 200 GET http://10.180.1.21/identity/v3/domains?name=Default 0.386s
2025-01-14 17:07:13.591 69477 INFO tempest.lib.common.rest_client [req-459b6b09-4381-4a1d-ba21-6a7aa4fc3efd req-459b6b09-4381-4a1d-ba21-6a7aa4fc3efd ] Request (ServerDiagnosticsNegativeTest:test_get_server_diagnostics_by_non_admin): 200 GET http://10.180.1.21/compute/v2.1/servers/aea01b22-a721-4070-9c59-f8554a20423b 1.222s
2025-01-14 17:07:13.606 69477 INFO tempest.common.waiters [-] State transition "BUILD/None" ==> "BUILD/networking" after 2 second wait
2025-01-14 17:07:13.622 69497 INFO tempest.lib.common.rest_client [req-de2a99b1-8046-4b28-a8a2-61cf4eb7f30b req-de2a99b1-8046-4b28-a8a2-61cf4eb7f30b ] Request (HypervisorAdminNegativeTestJSON:test_get_hypervisor_uptime_with_non_admin_user): 200 GET http://10.180.1.21/compute/v2.1/os-hypervisors 1.572s
2025-01-14 17:07:13.643 69487 INFO tempest.lib.common.rest_client [req-42461d03-310b-448b-ac66-48993198c6a8 req-42461d03-310b-448b-ac66-48993198c6a8 ] Request (HypervisorAdminUnderV252Test:tearDownClass): 204 DELETE http://10.180.1.21:9696/networking/v2.0/security-groups/317ea7ec-4b22-499a-a6e9-d6a98b6833d3 0.338s
2025-01-14 17:07:13.676 69481 INFO tempest.lib.common.rest_client [req-177ae1ca-4fe1-4a7e-a297-22dd1ffd83b0 req-177ae1ca-4fe1-4a7e-a297-22dd1ffd83b0 ] Request (AggregatesAdminNegativeTestJSON:test_aggregate_add_existent_host): 409 POST http://10.180.1.21/compute/v2.1/os-aggregates/1/action 1.266s
2025-01-14 17:07:13.682 69511 INFO tempest.lib.common.rest_client [req-562ca642-d7fc-492b-b92f-e16599d83dfe req-562ca642-d7fc-492b-b92f-e16599d83dfe ] Request (KeyPairsV2TestJSON:test_keypairs_create_list_delete): 200 POST http://10.180.1.21/compute/v2.1/os-keypairs 1.259s
2025-01-14 17:07:13.698 69455 INFO tempest.lib.common.rest_client [req-d7f57e8b-2733-4c2a-83a1-6cadae274741 req-d7f57e8b-2733-4c2a-83a1-6cadae274741 ] Request (FlavorsAdminTestJSON:test_is_public_string_variations): 200 POST http://10.180.1.21/compute/v2.1/flavors 1.238s
2025-01-14 17:07:13.713 69515 INFO tempest.lib.common.rest_client [req-b9c07eaf-eb22-4ca1-821e-d5caebb66a1e req-b9c07eaf-eb22-4ca1-821e-d5caebb66a1e ] Request (ServicesAdminTestJSON:tearDownClass): 204 DELETE http://10.180.1.21/identity/v3/users/e6d96e29310c4a7ca0cb4f732ae27b37 0.506s
2025-01-14 17:07:13.713 69515 INFO tempest.lib.common.dynamic_creds [-] Deleting project and security group for project: 1d479436d1f64423b5cc172de0a21a7f
2025-01-14 17:07:13.736 69509 INFO tempest.lib.common.rest_client [req-1810532f-0895-4b72-a0ed-f202541def02 req-1810532f-0895-4b72-a0ed-f202541def02 ] Request (HypervisorAdminV253TestBase:tearDownClass): 204 DELETE http://10.180.1.21/identity/v3/projects/67c5ab4ba6d341128d90268c0d5ecaee 0.520s
2025-01-14 17:07:13.736 69509 INFO tempest.lib.common.dynamic_creds [-] Deleting project and security group for project: 510fafa52c4e4c59b2823daab130fffb
2025-01-14 17:07:13.764 69517 INFO tempest.lib.common.rest_client [req-2f9981ad-cd4f-468c-be0b-b3179856b723 req-2f9981ad-cd4f-468c-be0b-b3179856b723 ] Request (ServerDiagnosticsTest:test_get_server_diagnostics): 200 GET http://10.180.1.21/compute/v2.1/servers/ca21962c-e15c-46b5-98d4-92973869fdb1 1.157s
2025-01-14 17:07:13.769 69508 INFO tempest.lib.common.rest_client [req-5d43deaf-cf7d-4ac2-8a3f-59939460c6eb req-5d43deaf-cf7d-4ac2-8a3f-59939460c6eb ] Request (ImagesOneServerNegativeTestJSON:setUpClass): 200 GET http://10.180.1.21/compute/v2.1/servers/1d01e724-1c08-4dd9-8757-650aed9dac4d 1.246s
2025-01-14 17:07:13.823 69483 INFO tempest.lib.common.rest_client [req-bd24f90d-d1df-47df-893c-d031b2bdc75d req-bd24f90d-d1df-47df-893c-d031b2bdc75d ] Request (QuotaClassesAdminTestJSON:tearDownClass): 204 DELETE http://10.180.1.21/identity/v3/users/d813147811744f69aee1bced985e3e1b 0.592s
2025-01-14 17:07:13.846 69491 INFO tempest.lib.common.rest_client [req-6e1de92a-061e-4c90-b4f7-d8630dc07708 req-6e1de92a-061e-4c90-b4f7-d8630dc07708 ] Request (ServersAdminTestJSON:setUpClass): 201 POST http://10.180.1.21/identity/v3/auth/tokens 0.518s
2025-01-14 17:07:13.846 69491 INFO tempest.lib.common.fixed_network [-] (ServersAdminTestJSON:setUpClass) Found network {'id': '87e0888f-8e2d-41e6-9c96-906ae0eaea4c', 'name': 'tempest-ServersAdminTestJSON-579322839-network', 'tenant_id': '62d2d0f41b904398b951842d02cb3e1a', 'admin_state_up': True, 'mtu': 8950, 'status': 'ACTIVE', 'subnets': [], 'shared': False, 'project_id': '62d2d0f41b904398b951842d02cb3e1a', 'port_security_enabled': True, 'router:external': False, 'provider:network_type': 'vlan', 'provider:physical_network': 'default', 'provider:segmentation_id': 271, 'availability_zone_hints': [], 'availability_zones': [], 'ipv4_address_scope': None, 'ipv6_address_scope': None, 'description': '', 'tags': [], 'created_at': '2025-01-14T17:07:01Z', 'updated_at': '2025-01-14T17:07:01Z', 'revision_number': 1} available for tenant
2025-01-14 17:07:13.874 69494 INFO tempest.lib.common.rest_client [req-338fc4ef-b90a-4537-8b8c-8b7a71b2a1c3 req-338fc4ef-b90a-4537-8b8c-8b7a71b2a1c3 ] Request (ImagesTestJSON:test_create_image_from_stopped_server): 200 GET http://10.180.1.21/compute/v2.1/servers/2a99be1b-f5c2-4df9-ae96-3bb1f244e576 1.034s
2025-01-14 17:07:13.905 69469 INFO tempest.lib.common.rest_client [req-6d2081c8-5b6f-42a3-8bef-75e32302c17c req-6d2081c8-5b6f-42a3-8bef-75e32302c17c ] Request (FlavorsAccessTestJSON:test_flavor_access_add_remove): 200 GET http://10.180.1.21/compute/v2.1/flavors/detail 1.024s
2025-01-14 17:07:13.905 69471 INFO tempest.lib.common.rest_client [req-b1a87aab-6588-4d85-974d-8193d5f40e5a req-b1a87aab-6588-4d85-974d-8193d5f40e5a ] Request (MigrationsAdminTest:setUpClass): 201 POST http://10.180.1.21/identity/v3/auth/tokens 0.512s
2025-01-14 17:07:13.926 69509 INFO tempest.lib.common.rest_client [req-dc534466-bc1b-4e0e-9135-ec49ee68f0c8 req-dc534466-bc1b-4e0e-9135-ec49ee68f0c8 ] Request (HypervisorAdminV253TestBase:tearDownClass): 200 GET http://10.180.1.21:9696/networking/v2.0/security-groups?tenant_id=510fafa52c4e4c59b2823daab130fffb&name=default 0.189s
2025-01-14 17:07:13.971 69475 INFO tempest.lib.common.rest_client [req-dadc2e2d-5176-4afd-8775-262ecb750c3c req-dadc2e2d-5176-4afd-8775-262ecb750c3c ] Request (HypervisorAdminNegativeUnderV252Test:setUpClass): 201 POST http://10.180.1.21/identity/v3/users 0.513s
2025-01-14 17:07:13.997 69499 INFO tempest.lib.common.rest_client [req-8137b38f-e591-4851-87da-438c87bdca5e req-8137b38f-e591-4851-87da-438c87bdca5e ] Request (ServersWithSpecificFlavorTestJSON:setUpClass): 201 POST http://10.180.1.21/identity/v3/auth/tokens 0.500s
2025-01-14 17:07:14.042 69509 INFO tempest.lib.common.rest_client [req-40792136-8230-4866-8e46-8577388ef62d req-40792136-8230-4866-8e46-8577388ef62d ] Request (HypervisorAdminV253TestBase:tearDownClass): 204 DELETE http://10.180.1.21:9696/networking/v2.0/security-groups/ea0f07b0-9942-4c01-b55c-bdf44e6d8ce9 0.115s
2025-01-14 17:07:14.044 69459 INFO tempest.lib.common.rest_client [req-5bedb40e-5072-4b61-aea3-e6ad43305d69 req-5bedb40e-5072-4b61-aea3-e6ad43305d69 ] Request (TenantUsagesTestJSON:setUpClass): 200 GET http://10.180.1.21/compute/v2.1/servers/00d6b6fc-8690-41f2-ad17-6518d68ba9df 1.201s
2025-01-14 17:07:14.056 69459 INFO tempest.common.waiters [-] State transition "BUILD/networking" ==> "BUILD/spawning" after 5 second wait
2025-01-14 17:07:14.069 69463 INFO tempest.lib.common.rest_client [req-ca4d5d7f-8494-40a3-b8f4-0e2a0216c140 req-ca4d5d7f-8494-40a3-b8f4-0e2a0216c140 ] Request (FlavorsV261TestJSON:_run_cleanups): 202 DELETE http://10.180.1.21/compute/v2.1/flavors/2020342406 1.021s
2025-01-14 17:07:14.070 69479 INFO tempest.lib.common.rest_client [req-10ad6676-6874-4a09-9d58-ce22043d16dc req-10ad6676-6874-4a09-9d58-ce22043d16dc ] Request (QuotasAdminTestV236:test_get_updated_quotas): 201 POST http://10.180.1.21/identity/v3/projects 0.498s
2025-01-14 17:07:14.081 69501 INFO tempest.lib.common.rest_client [req-175083ce-e58d-4e36-8a7b-6cf8187fb467 req-175083ce-e58d-4e36-8a7b-6cf8187fb467 ] Request (FlavorsExtraSpecsTestJSON:test_flavor_non_admin_get_specific_key): 200 GET http://10.180.1.21/compute/v2.1/flavors/1532151950/os-extra_specs/hw:numa_nodes 0.997s
2025-01-14 17:07:14.099 69485 INFO tempest.lib.common.rest_client [req-a7164f26-d929-421d-a11b-e0b070940806 req-a7164f26-d929-421d-a11b-e0b070940806 ] Request (HypervisorAdminTestJSON:test_get_hypervisor_show_details): 200 GET http://10.180.1.21/compute/v2.1/os-hypervisors 0.989s
2025-01-14 17:07:14.112 69487 INFO tempest.lib.common.rest_client [req-4514ef50-dac4-4e26-aaa4-5795fbcb88cd req-4514ef50-dac4-4e26-aaa4-5795fbcb88cd ] Request (HypervisorAdminUnderV252Test:tearDownClass): 204 DELETE http://10.180.1.21/identity/v3/projects/093c398c942f4d77b5333cb1e4c0e54f 0.469s
2025-01-14 17:07:14.113 69487 INFO tempest.lib.common.dynamic_creds [-] Deleting project and security group for project: a9e06918c8f54eb1af82695bb660b62a
2025-01-14 17:07:14.130 69515 INFO tempest.lib.common.rest_client [req-dd5a6ec0-a976-490c-b2aa-113643790696 req-dd5a6ec0-a976-490c-b2aa-113643790696 ] Request (ServicesAdminTestJSON:tearDownClass): 201 POST http://10.180.1.21/identity/v3/auth/tokens 0.416s
2025-01-14 17:07:14.197 69489 INFO tempest.lib.common.rest_client [req-906c71c4-3f8a-4974-a896-71fd97ac6d0f req-906c71c4-3f8a-4974-a896-71fd97ac6d0f ] Request (ServerExternalEventsTest:test_create_server_external_events): 200 GET http://10.180.1.21/compute/v2.1/servers/5772c3d4-987e-411d-8b1a-499c247ee735 1.002s
2025-01-14 17:07:14.205 69483 INFO tempest.lib.common.rest_client [req-e14035d1-fa06-4fec-824e-eac1645959bd req-e14035d1-fa06-4fec-824e-eac1645959bd ] Request (QuotaClassesAdminTestJSON:tearDownClass): 204 DELETE http://10.180.1.21/identity/v3/users/1a466878e23746e4899fa92cbe440b3f 0.380s
2025-01-14 17:07:14.205 69483 INFO tempest.lib.common.dynamic_creds [-] Deleting project and security group for project: 3d2db26df31740cb99814f8be2a08d86
2025-01-14 17:07:14.208 69489 INFO tempest.common.waiters [-] State transition "BUILD/scheduling" ==> "BUILD/None" after 2 second wait
2025-01-14 17:07:14.251 69475 INFO tempest.lib.common.rest_client [req-387426f8-c842-4ef0-8ed6-df2f7b17a3e4 req-387426f8-c842-4ef0-8ed6-df2f7b17a3e4 ] Request (HypervisorAdminNegativeUnderV252Test:setUpClass): 200 GET http://10.180.1.21/identity/v3/roles 0.279s
2025-01-14 17:07:14.259 69471 INFO tempest.lib.common.rest_client [req-8b2ed786-5af1-4145-954e-6010f00cced0 req-8b2ed786-5af1-4145-954e-6010f00cced0 ] Request (MigrationsAdminTest:setUpClass): 201 POST http://10.180.1.21/identity/v3/auth/tokens 0.349s
2025-01-14 17:07:14.273 69457 INFO tempest.lib.common.rest_client [req-fb891185-3e04-4abc-a307-4f4fd5b99eaa req-fb891185-3e04-4abc-a307-4f4fd5b99eaa ] Request (ServerActionsTestOtherB:setUpClass): 200 GET http://10.180.1.21/compute/v2.1/servers/96f0fab0-d17a-46cc-bff7-66de56c2acc3 0.998s
2025-01-14 17:07:14.278 69473 INFO tempest.lib.common.rest_client [req-b6164fac-a3b4-4a29-b144-6a33fcded480 req-b6164fac-a3b4-4a29-b144-6a33fcded480 ] Request (FlavorsExtraSpecsNegativeTestJSON:test_flavor_non_admin_unset_keys): 403 DELETE http://10.180.1.21/compute/v2.1/flavors/1931706068/os-extra_specs/hw:numa_nodes 0.967s
2025-01-14 17:07:14.301 69503 INFO tempest.lib.common.rest_client [req-b547e3ee-3765-4043-b638-19af32800389 req-b547e3ee-3765-4043-b638-19af32800389 ] Request (FlavorsV255TestJSON:test_crud_flavor): 200 GET http://10.180.1.21/compute/v2.1/flavors 0.933s
2025-01-14 17:07:14.309 69509 INFO tempest.lib.common.rest_client [req-64070931-5940-4e41-8bc7-5b620ddddc15 req-64070931-5940-4e41-8bc7-5b620ddddc15 ] Request (HypervisorAdminV253TestBase:tearDownClass): 204 DELETE http://10.180.1.21/identity/v3/projects/510fafa52c4e4c59b2823daab130fffb 0.266s
2025-01-14 17:07:14.323 69467 INFO tempest.lib.common.rest_client [req-a800c28a-c9aa-4622-9e8d-e1015d2b816f req-a800c28a-c9aa-4622-9e8d-e1015d2b816f ] Request (KeyPairsV210TestJSON:_run_cleanups): 204 DELETE http://10.180.1.21/compute/v2.1/os-keypairs/tempest-keypair-1137862328?user_id=10437689612842f69bd02d75a305c123 0.829s
2025-01-14 17:07:14.336 69497 INFO tempest.lib.common.rest_client [req-6af72bd8-81ee-4308-ab1b-034e70afa75b req-6af72bd8-81ee-4308-ab1b-034e70afa75b ] Request (HypervisorAdminNegativeTestJSON:test_get_hypervisor_uptime_with_non_admin_user): 403 GET http://10.180.1.21/compute/v2.1/os-hypervisors/1/uptime 0.712s
2025-01-14 17:07:14.371 69479 INFO tempest.lib.common.rest_client [req-b305729c-30c2-412e-b0bb-e1de7a534de8 req-b305729c-30c2-412e-b0bb-e1de7a534de8 ] Request (QuotasAdminTestV236:test_get_updated_quotas): 200 GET http://10.180.1.21/identity/v3/domains?name=Default 0.300s
2025-01-14 17:07:14.459 69483 INFO tempest.lib.common.rest_client [req-c41a725a-d7fe-408e-850a-6848e7973822 req-c41a725a-d7fe-408e-850a-6848e7973822 ] Request (QuotaClassesAdminTestJSON:tearDownClass): 201 POST http://10.180.1.21/identity/v3/auth/tokens 0.253s
2025-01-14 17:07:14.473 69481 INFO tempest.lib.common.rest_client [req-abd51253-8726-4144-aead-f483be548807 req-abd51253-8726-4144-aead-f483be548807 ] Request (AggregatesAdminNegativeTestJSON:_run_cleanups): 200 POST http://10.180.1.21/compute/v2.1/os-aggregates/1/action 0.795s
2025-01-14 17:07:14.487 69475 INFO tempest.lib.common.rest_client [req-f7b6580b-8a2f-4ada-86ac-bd3b87831113 req-f7b6580b-8a2f-4ada-86ac-bd3b87831113 ] Request (HypervisorAdminNegativeUnderV252Test:setUpClass): 204 PUT http://10.180.1.21/identity/v3/projects/dd9f1ad5f6014fa2bdc64e93887ae98e/users/30e2267315d54397a48211de7a2e2e16/roles/d3a9535f98c047d1bb90067aba452d1e 0.236s
2025-01-14 17:07:14.512 69505 INFO tempest.lib.common.rest_client [req-d6bd0549-05bc-4fd2-9e83-a57d9476b3f3 req-d6bd0549-05bc-4fd2-9e83-a57d9476b3f3 ] Request (FlavorsAccessNegativeTestJSON:_run_cleanups): 200 POST http://10.180.1.21/compute/v2.1/flavors/153279131/action 1.495s
2025-01-14 17:07:14.532 69511 INFO tempest.lib.common.rest_client [req-9e4df1ea-48f9-45f3-8953-6dd68f84b4fc req-9e4df1ea-48f9-45f3-8953-6dd68f84b4fc ] Request (KeyPairsV2TestJSON:test_keypairs_create_list_delete): 200 POST http://10.180.1.21/compute/v2.1/os-keypairs 0.849s
2025-01-14 17:07:14.542 69487 INFO tempest.lib.common.rest_client [req-3342f1e8-712c-4201-b523-ca3d33d7dedc req-3342f1e8-712c-4201-b523-ca3d33d7dedc ] Request (HypervisorAdminUnderV252Test:tearDownClass): 200 GET http://10.180.1.21:9696/networking/v2.0/security-groups?tenant_id=a9e06918c8f54eb1af82695bb660b62a&name=default 0.429s
2025-01-14 17:07:14.555 69509 INFO tempest.lib.common.rest_client [req-edc03812-4699-47ca-83bd-7bf4d23190cf req-edc03812-4699-47ca-83bd-7bf4d23190cf ] Request (TenantUsagesNegativeTestJSON:setUpClass): 201 POST http://10.180.1.21/identity/v3/auth/tokens 0.244s
2025-01-14 17:07:14.560 69455 INFO tempest.lib.common.rest_client [req-652bd7d5-f2eb-421f-83d0-d3d0727bb9ee req-652bd7d5-f2eb-421f-83d0-d3d0727bb9ee ] Request (FlavorsAdminTestJSON:test_is_public_string_variations): 200 POST http://10.180.1.21/compute/v2.1/flavors 0.860s
2025-01-14 17:07:14.594 69471 INFO tempest.lib.common.rest_client [req-f17e28d6-6c7f-41d8-a669-c159590bd003 req-f17e28d6-6c7f-41d8-a669-c159590bd003 ] Request (MigrationsAdminTest:setUpClass): 200 GET http://10.180.1.21/identity/v3/domains?name=Default 0.335s
2025-01-14 17:07:14.666 69475 INFO tempest.lib.common.rest_client [req-317f9493-869f-45e7-804a-48240468484b req-317f9493-869f-45e7-804a-48240468484b ] Request (HypervisorAdminNegativeUnderV252Test:setUpClass): 200 GET http://10.180.1.21/identity/v3/roles 0.178s
2025-01-14 17:07:14.691 69509 INFO tempest.lib.common.rest_client [req-5d990703-e44e-41ba-9459-ec48ffdba2b1 req-5d990703-e44e-41ba-9459-ec48ffdba2b1 ] Request (TenantUsagesNegativeTestJSON:setUpClass): 201 POST http://10.180.1.21/identity/v3/auth/tokens 0.132s
2025-01-14 17:07:14.712 69515 INFO tempest.lib.common.rest_client [req-a49eb372-ac3b-4908-af7c-dec4f9da0151 req-a49eb372-ac3b-4908-af7c-dec4f9da0151 ] Request (ServicesAdminTestJSON:tearDownClass): 200 GET http://10.180.1.21:9696/networking/v2.0/security-groups?tenant_id=1d479436d1f64423b5cc172de0a21a7f&name=default 0.581s
2025-01-14 17:07:14.723 69471 INFO tempest.lib.common.rest_client [req-1d2c2f2b-0eac-41c1-81e6-2e97493106f8 req-1d2c2f2b-0eac-41c1-81e6-2e97493106f8 ] Request (MigrationsAdminTest:setUpClass): 201 POST http://10.180.1.21/identity/v3/projects 0.128s
2025-01-14 17:07:14.772 69487 INFO tempest.lib.common.rest_client [req-0e4333f3-14b7-4e0e-8811-f9dba43882b4 req-0e4333f3-14b7-4e0e-8811-f9dba43882b4 ] Request (HypervisorAdminUnderV252Test:tearDownClass): 204 DELETE http://10.180.1.21:9696/networking/v2.0/security-groups/9d3c8906-78fc-47a8-ade3-4ab9d3b7631a 0.230s
2025-01-14 17:07:14.804 69475 INFO tempest.lib.common.rest_client [req-fd1dfcd4-db5d-4468-b684-ad4fb57cc840 req-fd1dfcd4-db5d-4468-b684-ad4fb57cc840 ] Request (HypervisorAdminNegativeUnderV252Test:setUpClass): 204 PUT http://10.180.1.21/identity/v3/projects/dd9f1ad5f6014fa2bdc64e93887ae98e/users/30e2267315d54397a48211de7a2e2e16/roles/d3a9535f98c047d1bb90067aba452d1e 0.138s
2025-01-14 17:07:14.805 69475 INFO tempest.lib.common.dynamic_creds [-] Dynamic test user 30e2267315d54397a48211de7a2e2e16 is created with scope project and roles: ['admin']
2025-01-14 17:07:14.805 69475 INFO tempest.lib.common.dynamic_creds [-] Acquired dynamic creds: credentials: Credentials: {'domain_id': 'default', 'domain_name': 'Default', 'username': 'tempest-HypervisorAdminNegativeUnderV252Test-342244863-project-admin', 'project_domain_id': 'default', 'project_domain_name': 'Default', 'project_id': 'dd9f1ad5f6014fa2bdc64e93887ae98e', 'project_name': 'tempest-HypervisorAdminNegativeUnderV252Test-342244863', 'tenant_id': 'dd9f1ad5f6014fa2bdc64e93887ae98e', 'tenant_name': 'tempest-HypervisorAdminNegativeUnderV252Test-342244863', 'user_domain_id': 'default', 'user_domain_name': 'Default', 'user_id': '30e2267315d54397a48211de7a2e2e16', 'system': None}, Network: None, Subnet: None, Router: None
2025-01-14 17:07:14.805 69475 INFO tempest.lib.common.dynamic_creds [-] Created isolated network resources for: credentials: Credentials: {'domain_id': 'default', 'domain_name': 'Default', 'username': 'tempest-HypervisorAdminNegativeUnderV252Test-342244863-project-admin', 'project_domain_id': 'default', 'project_domain_name': 'Default', 'project_id': 'dd9f1ad5f6014fa2bdc64e93887ae98e', 'project_name': 'tempest-HypervisorAdminNegativeUnderV252Test-342244863', 'tenant_id': 'dd9f1ad5f6014fa2bdc64e93887ae98e', 'tenant_name': 'tempest-HypervisorAdminNegativeUnderV252Test-342244863', 'user_domain_id': 'default', 'user_domain_name': 'Default', 'user_id': '30e2267315d54397a48211de7a2e2e16', 'system': None}, Network: None, Subnet: None, Router: None
2025-01-14 17:07:14.840 69465 INFO tempest.lib.common.rest_client [req-a9614c9f-ec4d-43e0-8e9f-3132bf51b691 req-a9614c9f-ec4d-43e0-8e9f-3132bf51b691 ] Request (DeleteServersAdminTestJSON:test_admin_delete_servers_of_others): 200 GET http://10.180.1.21/compute/v2.1/servers/4d9f0050-4fe7-470c-96c3-63c7362026f2 1.154s
2025-01-14 17:07:14.867 69469 INFO tempest.lib.common.rest_client [req-df25167b-8bff-41a2-952b-c354684c8f5e req-df25167b-8bff-41a2-952b-c354684c8f5e ] Request (FlavorsAccessTestJSON:_run_cleanups): 202 DELETE http://10.180.1.21/compute/v2.1/flavors/849734314 0.957s
2025-01-14 17:07:14.868 69509 INFO tempest.lib.common.rest_client [req-aef5ca5a-321c-4071-91a9-99dc73ea13ad req-aef5ca5a-321c-4071-91a9-99dc73ea13ad ] Request (TenantUsagesNegativeTestJSON:setUpClass): 200 GET http://10.180.1.21/identity/v3/domains?name=Default 0.176s
2025-01-14 17:07:14.889 69471 INFO tempest.lib.common.rest_client [req-c38b16cc-abf5-4470-824a-0a348a6b7c77 req-c38b16cc-abf5-4470-824a-0a348a6b7c77 ] Request (MigrationsAdminTest:setUpClass): 201 POST http://10.180.1.21/identity/v3/users 0.165s
2025-01-14 17:07:14.927 69487 INFO tempest.lib.common.rest_client [req-d7d2c1b4-80d9-4b2b-8c8a-5db710271559 req-d7d2c1b4-80d9-4b2b-8c8a-5db710271559 ] Request (HypervisorAdminUnderV252Test:tearDownClass): 204 DELETE http://10.180.1.21/identity/v3/projects/a9e06918c8f54eb1af82695bb660b62a 0.154s
2025-01-14 17:07:14.927 69515 INFO tempest.lib.common.rest_client [req-ed64a607-39c4-4328-b95c-6ea011959852 req-ed64a607-39c4-4328-b95c-6ea011959852 ] Request (ServicesAdminTestJSON:tearDownClass): 204 DELETE http://10.180.1.21:9696/networking/v2.0/security-groups/dcdd5842-cffd-4899-bc60-508ce4b3ba6a 0.214s
2025-01-14 17:07:14.959 69475 INFO tempest.lib.common.rest_client [req-ddd86d23-1686-44c9-bcf3-e67c608113c3 req-ddd86d23-1686-44c9-bcf3-e67c608113c3 ] Request (HypervisorAdminNegativeUnderV252Test:setUpClass): 201 POST http://10.180.1.21/identity/v3/auth/tokens 0.150s
2025-01-14 17:07:14.979 69483 INFO tempest.lib.common.rest_client [req-7655f3ec-90aa-4487-97a1-5cec90100df4 req-7655f3ec-90aa-4487-97a1-5cec90100df4 ] Request (QuotaClassesAdminTestJSON:tearDownClass): 200 GET http://10.180.1.21:9696/networking/v2.0/security-groups?tenant_id=3d2db26df31740cb99814f8be2a08d86&name=default 0.519s
