2025-01-14 17:10:09.001 69517 INFO tempest.lib.common.rest_client [req-21333729-f9b2-4b21-843a-167f03acf5eb req-21333729-f9b2-4b21-843a-167f03acf5eb ] Request (FloatingIPsAssociationTestJSON:test_associate_already_associated_floating_ip): 200 GET http://10.180.1.21/compute/v2.1/servers/e7a6b4c9-4a95-4664-906c-e02f4191abe6 0.086s
2025-01-14 17:10:09.039 69494 INFO tempest.lib.common.rest_client [req-0bbc1aca-88fa-4530-b79d-b4339ccb2025 req-0bbc1aca-88fa-4530-b79d-b4339ccb2025 ] Request (ImagesTestJSON:test_create_server_from_snapshot): 200 GET http://10.180.1.21/compute/v2.1/servers/4de3c119-cf83-4c3f-bee5-2000540c5f80 0.071s
2025-01-14 17:10:09.102 69491 INFO tempest.lib.common.rest_client [req-f57fc39d-d647-4a1e-bc39-b311eaf4442a req-f57fc39d-d647-4a1e-bc39-b311eaf4442a ] Request (ServersAdminTestJSON:test_inject_network_info): 200 GET http://10.180.1.21/compute/v2.1/servers/99989a73-ad99-4f46-bbfc-84bb704562d3 0.108s
2025-01-14 17:10:09.178 69505 INFO tempest.lib.common.rest_client [req-9d96c0ff-d8c4-4973-ba19-2a6e11c4072d req-9d96c0ff-d8c4-4973-ba19-2a6e11c4072d ] Request (ServerActionsTestJSON:test_lock_unlock_server): 200 GET http://10.180.1.21/compute/v2.1/servers/ee29e2c3-464e-4ec9-a7d9-057519c836f7 0.091s
2025-01-14 17:10:09.243 69508 INFO tempest.lib.common.rest_client [req-ef65735b-90f7-41c9-9066-909907768f1f req-ef65735b-90f7-41c9-9066-909907768f1f ] Request (ImagesOneServerNegativeTestJSON:_run_cleanups): 200 GET http://10.180.1.21/compute/v2.1/servers/394309ab-d10e-4578-bb8c-82372267ba4d 0.057s
2025-01-14 17:10:09.259 69495 INFO tempest.lib.common.rest_client [req-9bb91ac2-5eb7-4f4e-91e4-5f69b9fde232 req-9bb91ac2-5eb7-4f4e-91e4-5f69b9fde232 ] Request (ServersTestFqdnHostnames:test_create_server_with_fqdn_name): 200 GET http://10.180.1.21/compute/v2.1/servers/526080de-0e4d-4a04-a9e2-1868167d5abb 0.106s
2025-01-14 17:10:09.302 69473 INFO tempest.lib.common.rest_client [req-84e6c4c6-95f3-4cde-b482-160e912f7637 req-84e6c4c6-95f3-4cde-b482-160e912f7637 ] Request (ServersTestMultiNic:_run_cleanups): 200 GET http://10.180.1.21/compute/v2.1/servers/f62137c6-8851-4d59-9f15-2ee39cda52f6 0.074s
2025-01-14 17:10:09.307 69471 INFO tempest.lib.common.rest_client [req-2102300c-b938-41a1-a8d4-f3671e9d1964 req-2102300c-b938-41a1-a8d4-f3671e9d1964 ] Request (MigrationsAdminTest:test_resize_server_revert_deleted_flavor): 200 GET http://10.180.1.21/compute/v2.1/servers/689df898-ef9c-4a0b-8196-f2e917101949 0.058s
2025-01-14 17:10:09.314 69471 INFO tempest.common.waiters [-] State transition "BUILD/None" ==> "BUILD/networking" after 45 second wait
2025-01-14 17:10:09.349 69483 INFO tempest.lib.common.rest_client [req-307e2feb-ec2c-4711-a3fd-525a9dcce40b req-307e2feb-ec2c-4711-a3fd-525a9dcce40b ] Request (ServerAddressesNegativeTestJSON:setUpClass): 200 GET http://10.180.1.21/compute/v2.1/servers/5526389c-8814-4aa4-bc67-aba298e39703 0.058s
2025-01-14 17:10:09.371 69485 INFO tempest.lib.common.rest_client [req-8a1d035c-0aee-4393-bbd8-4d159fd62076 req-8a1d035c-0aee-4393-bbd8-4d159fd62076 ] Request (ServersTestJSON:tearDownClass): 200 GET http://10.180.1.21/compute/v2.1/servers/2b6b22da-7808-4eaa-9d5e-ea74f3d57b79 0.056s
2025-01-14 17:10:09.463 69503 INFO tempest.lib.common.rest_client [req-92c488a2-5922-4460-809a-fc5709db07fa req-92c488a2-5922-4460-809a-fc5709db07fa ] Request (ServersAdminNegativeTestJSON:tearDownClass): 200 GET http://10.180.1.21/compute/v2.1/servers/9edbed1b-6fc3-4fbb-9c16-f426ecfa286f 0.068s
2025-01-14 17:10:09.537 69463 INFO tempest.lib.common.rest_client [req-53151916-01e8-4e4d-87fc-28f368d495d5 req-53151916-01e8-4e4d-87fc-28f368d495d5 ] Request (ServerGroupTestJSON:test_create_server_with_scheduler_hint_group): 200 GET http://10.180.1.21/compute/v2.1/servers/6e56de4c-9de5-4a5b-9af4-0005925b1e4f 0.086s
2025-01-14 17:10:09.629 69469 INFO tempest.lib.common.rest_client [req-ac43ce34-6e19-4471-9d8f-a52310cdf133 req-ac43ce34-6e19-4471-9d8f-a52310cdf133 ] Request (ListServersNegativeTestJSON:setUpClass): 200 GET http://10.180.1.21/compute/v2.1/servers/cf49a61a-1a7c-48a8-b0c6-87fd348bd192 0.138s
2025-01-14 17:10:09.630 69467 INFO tempest.lib.common.rest_client [req-77478a4d-059a-4a88-8a83-d72e5a58b27b req-77478a4d-059a-4a88-8a83-d72e5a58b27b ] Request (ServersTestBootFromVolume:tearDownClass): 200 GET http://10.180.1.21/compute/v2.1/servers/a46fad37-b982-49d7-a999-755e36c1ed44 0.108s
2025-01-14 17:10:09.682 69455 INFO tempest.lib.common.rest_client [req-6d2712ff-8692-4060-9176-056b7959f1cf req-6d2712ff-8692-4060-9176-056b7959f1cf ] Request (FloatingIPsAssociationNegativeTestJSON:setUpClass): 200 GET http://10.180.1.21/compute/v2.1/servers/017849f8-77d3-4c49-86ec-e54fad04b5f4 0.126s
2025-01-14 17:10:09.697 69501 INFO tempest.lib.common.rest_client [req-3a857fb0-c667-4f59-919f-56a780352cbc req-3a857fb0-c667-4f59-919f-56a780352cbc ] Request (ListServerFiltersTestJSON:tearDownClass): 200 GET http://10.180.1.21/compute/v2.1/servers/e52bb7a4-0d9e-42b1-93a5-5005a3c99229 0.098s
2025-01-14 17:10:09.756 69459 INFO tempest.lib.common.rest_client [req-d4aa7aac-16f9-445c-80f0-2cbaa693f9d8 req-d4aa7aac-16f9-445c-80f0-2cbaa693f9d8 ] Request (InstanceActionsV221TestJSON:test_get_list_deleted_instance_actions): 200 GET http://10.180.1.21/compute/v2.1/servers/80fd055f-cf2a-41bd-8d94-1bdd3bd440e0 0.118s
2025-01-14 17:10:09.765 69461 INFO tempest.lib.common.rest_client [req-3d6093ac-0df9-4ac3-82d9-3f0dfcdb1af6 req-3d6093ac-0df9-4ac3-82d9-3f0dfcdb1af6 ] Request (VolumesAssistedSnapshotsTest:tearDownClass): 200 GET http://10.180.1.21/compute/v2.1/servers/36746589-7243-480f-8aa8-07b7ed19cdec 0.101s
2025-01-14 17:10:09.816 69499 INFO tempest.lib.common.rest_client [req-1bafd4b0-0102-4533-b283-0a5482b55727 req-1bafd4b0-0102-4533-b283-0a5482b55727 ] Request (ServersWithSpecificFlavorTestJSON:test_verify_created_server_ephemeral_disk): 200 GET http://10.180.1.21/compute/v2.1/servers/4b3e0653-b7d8-4458-ac35-a81527b7ceb8 0.124s
2025-01-14 17:10:09.832 69465 INFO tempest.lib.common.rest_client [req-a66d3ce8-4f97-42cb-ac83-f2ca91fd22d5 req-a66d3ce8-4f97-42cb-ac83-f2ca91fd22d5 ] Request (ServerDiskConfigTestJSON:test_rebuild_server_with_auto_disk_config): 200 GET http://10.180.1.21/compute/v2.1/servers/85d67c6c-ff9a-4c24-8f89-845a0e2829bf 0.099s
2025-01-14 17:10:09.888 69515 INFO tempest.lib.common.rest_client [req-355921fa-663f-4793-aca1-47e89301d3c6 req-355921fa-663f-4793-aca1-47e89301d3c6 ] Request (SecurityGroupsTestJSON:test_server_security_groups): 200 GET http://10.180.1.21/compute/v2.1/servers/dc1b5d0d-5bdb-40f6-9308-bfa4a966adf2 0.121s
2025-01-14 17:10:09.904 69479 INFO tempest.lib.common.rest_client [req-e653ca28-0947-49c9-bf70-9370fb7064ab req-e653ca28-0947-49c9-bf70-9370fb7064ab ] Request (ServerShowV257Test:test_rebuild_server): 200 GET http://10.180.1.21/compute/v2.1/servers/014f86cc-5258-4b91-a43c-f29d7acf3e68 0.108s
2025-01-14 17:10:09.991 69513 INFO tempest.lib.common.rest_client [req-520e51fe-138f-4899-b5ba-7637fbd85294 req-520e51fe-138f-4899-b5ba-7637fbd85294 ] Request (ListImageFiltersTestJSON:tearDownClass): 200 GET http://10.180.1.21/compute/v2.1/servers/8b68d0fc-6687-4ac5-9ae0-b9e26a4f7226 0.056s
2025-01-14 17:10:10.074 69511 INFO tempest.lib.common.rest_client [req-6c6cd79b-8cca-4274-b8b2-4017260d7ac0 req-6c6cd79b-8cca-4274-b8b2-4017260d7ac0 ] Request (InstanceActionsNegativeTestJSON:tearDownClass): 200 GET http://10.180.1.21/compute/v2.1/servers/929c57e8-88c8-4cda-8a89-afcfda128c51 0.078s
2025-01-14 17:10:10.096 69497 INFO tempest.lib.common.rest_client [req-6d44ef20-f7e5-4c96-ab2d-21ee72e8b514 req-6d44ef20-f7e5-4c96-ab2d-21ee72e8b514 ] Request (ServerRescueTestJSON:setUpClass): 200 GET http://10.180.1.21/compute/v2.1/servers/55f46a77-cd49-47ba-ba4f-369ce8c69d50 0.141s
2025-01-14 17:10:10.125 69517 INFO tempest.lib.common.rest_client [req-69022ca5-217c-4c58-bc62-81a022635bed req-69022ca5-217c-4c58-bc62-81a022635bed ] Request (FloatingIPsAssociationTestJSON:test_associate_already_associated_floating_ip): 200 GET http://10.180.1.21/compute/v2.1/servers/e7a6b4c9-4a95-4664-906c-e02f4191abe6 0.114s
2025-01-14 17:10:10.157 69494 INFO tempest.lib.common.rest_client [req-315c81c2-b10d-4bef-9657-5edcc3818b26 req-315c81c2-b10d-4bef-9657-5edcc3818b26 ] Request (ImagesTestJSON:test_create_server_from_snapshot): 200 GET http://10.180.1.21/compute/v2.1/servers/4de3c119-cf83-4c3f-bee5-2000540c5f80 0.110s
2025-01-14 17:10:10.570 69491 INFO tempest.lib.common.rest_client [req-be159cb4-6e2f-4feb-92d6-addff820042d req-be159cb4-6e2f-4feb-92d6-addff820042d ] Request (ServersAdminTestJSON:test_inject_network_info): 200 GET http://10.180.1.21/compute/v2.1/servers/99989a73-ad99-4f46-bbfc-84bb704562d3 0.460s
2025-01-14 17:10:10.580 69505 INFO tempest.lib.common.rest_client [req-dfdc9386-6081-446c-b2fb-3c61544b56ed req-dfdc9386-6081-446c-b2fb-3c61544b56ed ] Request (ServerActionsTestJSON:test_lock_unlock_server): 200 GET http://10.180.1.21/compute/v2.1/servers/ee29e2c3-464e-4ec9-a7d9-057519c836f7 0.394s
2025-01-14 17:10:10.589 69505 INFO tempest.common.waiters [-] State transition "ACTIVE/powering-off" ==> "SHUTOFF/None" after 2 second wait
2025-01-14 17:10:10.611 69509 INFO paramiko.transport [-] Connected (version 2.0, client dropbear_2020.81)
2025-01-14 17:10:10.635 69508 INFO tempest.lib.common.rest_client [req-b62c4f2b-0021-4171-9132-fe6750de7740 req-b62c4f2b-0021-4171-9132-fe6750de7740 ] Request (ImagesOneServerNegativeTestJSON:_run_cleanups): 200 GET http://10.180.1.21/compute/v2.1/servers/394309ab-d10e-4578-bb8c-82372267ba4d 0.381s
2025-01-14 17:10:10.671 69509 INFO paramiko.transport [-] Authentication (publickey) successful!
2025-01-14 17:10:10.672 69509 INFO tempest.lib.common.ssh [-] ssh connection to cirros@10.180.180.158 successfully created
2025-01-14 17:10:10.689 69473 INFO tempest.lib.common.rest_client [req-f9843af6-3504-4aa0-9e95-9acab78b3c2c req-f9843af6-3504-4aa0-9e95-9acab78b3c2c ] Request (ServersTestMultiNic:_run_cleanups): 200 GET http://10.180.1.21/compute/v2.1/servers/f62137c6-8851-4d59-9f15-2ee39cda52f6 0.378s
2025-01-14 17:10:10.699 69495 INFO tempest.lib.common.rest_client [req-03bdcde0-4970-46eb-b1ad-f37478981124 req-03bdcde0-4970-46eb-b1ad-f37478981124 ] Request (ServersTestFqdnHostnames:test_create_server_with_fqdn_name): 200 GET http://10.180.1.21/compute/v2.1/servers/526080de-0e4d-4a04-a9e2-1868167d5abb 0.433s
2025-01-14 17:10:10.752 69483 INFO tempest.lib.common.rest_client [req-ab2c717e-d552-45f2-87c1-14416831a0e9 req-ab2c717e-d552-45f2-87c1-14416831a0e9 ] Request (ServerAddressesNegativeTestJSON:setUpClass): 200 GET http://10.180.1.21/compute/v2.1/servers/5526389c-8814-4aa4-bc67-aba298e39703 0.396s
2025-01-14 17:10:10.829 69485 INFO tempest.lib.common.rest_client [req-3d7b514e-75d8-4fd1-b12d-bd04591f1e9e req-3d7b514e-75d8-4fd1-b12d-bd04591f1e9e ] Request (ServersTestJSON:tearDownClass): 200 GET http://10.180.1.21/compute/v2.1/servers/2b6b22da-7808-4eaa-9d5e-ea74f3d57b79 0.451s
2025-01-14 17:10:10.861 69471 INFO tempest.lib.common.rest_client [req-c41f57e7-f0f9-4fd0-a763-ca7c73969482 req-c41f57e7-f0f9-4fd0-a763-ca7c73969482 ] Request (MigrationsAdminTest:test_resize_server_revert_deleted_flavor): 200 GET http://10.180.1.21/compute/v2.1/servers/689df898-ef9c-4a0b-8196-f2e917101949 0.540s
2025-01-14 17:10:10.868 69471 INFO tempest.common.waiters [-] State transition "BUILD/networking" ==> "BUILD/spawning" after 46 second wait
2025-01-14 17:10:10.885 69503 INFO tempest.lib.common.rest_client [req-3db99859-111c-417d-ac57-c0e22e2c07ef req-3db99859-111c-417d-ac57-c0e22e2c07ef ] Request (ServersAdminNegativeTestJSON:tearDownClass): 200 GET http://10.180.1.21/compute/v2.1/servers/9edbed1b-6fc3-4fbb-9c16-f426ecfa286f 0.408s
2025-01-14 17:10:10.912 69463 INFO tempest.lib.common.rest_client [req-c66ce32e-4a43-4b7b-9f45-3a93de26937c req-c66ce32e-4a43-4b7b-9f45-3a93de26937c ] Request (ServerGroupTestJSON:test_create_server_with_scheduler_hint_group): 200 GET http://10.180.1.21/compute/v2.1/servers/6e56de4c-9de5-4a5b-9af4-0005925b1e4f 0.367s
2025-01-14 17:10:10.949 69505 INFO tempest.lib.common.rest_client [req-8ab1727f-4aba-418d-9716-0672c176118c req-8ab1727f-4aba-418d-9716-0672c176118c ] Request (ServerActionsTestJSON:test_lock_unlock_server): 202 POST http://10.180.1.21/compute/v2.1/servers/ee29e2c3-464e-4ec9-a7d9-057519c836f7/action 0.359s
2025-01-14 17:10:11.019 69467 INFO tempest.lib.common.rest_client [req-4df02a6d-9371-428f-82b8-e8d810553f7a req-4df02a6d-9371-428f-82b8-e8d810553f7a ] Request (ServersTestBootFromVolume:tearDownClass): 200 GET http://10.180.1.21/compute/v2.1/servers/a46fad37-b982-49d7-a999-755e36c1ed44 0.382s
2025-01-14 17:10:11.043 69469 INFO tempest.lib.common.rest_client [req-dcf740c9-a33e-4fc7-b0fa-6ae422cbd509 req-dcf740c9-a33e-4fc7-b0fa-6ae422cbd509 ] Request (ListServersNegativeTestJSON:setUpClass): 200 GET http://10.180.1.21/compute/v2.1/servers/cf49a61a-1a7c-48a8-b0c6-87fd348bd192 0.406s
2025-01-14 17:10:11.051 69469 INFO tempest.common.waiters [-] State transition "BUILD/spawning" ==> "ACTIVE/None" after 87 second wait
2025-01-14 17:10:11.095 69455 INFO tempest.lib.common.rest_client [req-f577e450-1496-48bf-bb73-56568f111719 req-f577e450-1496-48bf-bb73-56568f111719 ] Request (FloatingIPsAssociationNegativeTestJSON:setUpClass): 200 GET http://10.180.1.21/compute/v2.1/servers/017849f8-77d3-4c49-86ec-e54fad04b5f4 0.402s
2025-01-14 17:10:11.162 69501 INFO tempest.lib.common.rest_client [req-d581e289-777f-4913-94e9-a5d5b01d0b77 req-d581e289-777f-4913-94e9-a5d5b01d0b77 ] Request (ListServerFiltersTestJSON:tearDownClass): 200 GET http://10.180.1.21/compute/v2.1/servers/e52bb7a4-0d9e-42b1-93a5-5005a3c99229 0.455s
2025-01-14 17:10:11.174 69509 INFO tempest.lib.common.rest_client [req-9806c9cb-ccb9-4133-b4a3-1300176a71e7 req-9806c9cb-ccb9-4133-b4a3-1300176a71e7 ] Request (ServerActionsTestOtherA:setUp): 200 GET http://10.180.1.21/compute/v2.1/servers/3f634a63-a93f-48b9-8272-3bbf62ae807f 0.501s
2025-01-14 17:10:11.216 69459 INFO tempest.lib.common.rest_client [req-09220827-df31-4acb-9bd4-eb265c089eac req-09220827-df31-4acb-9bd4-eb265c089eac ] Request (InstanceActionsV221TestJSON:test_get_list_deleted_instance_actions): 200 GET http://10.180.1.21/compute/v2.1/servers/80fd055f-cf2a-41bd-8d94-1bdd3bd440e0 0.449s
2025-01-14 17:10:11.230 69461 INFO tempest.lib.common.rest_client [req-5b34c36b-7c48-4d14-8ac6-899b18a7b3ab req-5b34c36b-7c48-4d14-8ac6-899b18a7b3ab ] Request (VolumesAssistedSnapshotsTest:tearDownClass): 200 GET http://10.180.1.21/compute/v2.1/servers/36746589-7243-480f-8aa8-07b7ed19cdec 0.450s
2025-01-14 17:10:11.248 69509 INFO tempest.lib.common.rest_client [req-8377a3db-222b-4031-af75-84f9f509763c req-8377a3db-222b-4031-af75-84f9f509763c ] Request (ServerActionsTestOtherA:test_rebuild_server_in_stop_state): 201 POST http://10.180.1.21/identity/v3/auth/tokens 0.064s
2025-01-14 17:10:11.248 69509 INFO tempest.lib.common.fixed_network [-] (ServerActionsTestOtherA:test_rebuild_server_in_stop_state) Found network {'id': 'ff88eafc-52be-4f8b-b9a5-e068833bfab7', 'name': 'tempest-ServerActionsTestOtherA-1647919858-network', 'tenant_id': '73c6d0f4d73b45b280497b25fdc750f7', 'admin_state_up': True, 'mtu': 8950, 'status': 'ACTIVE', 'subnets': [], 'shared': False, 'project_id': '73c6d0f4d73b45b280497b25fdc750f7', 'port_security_enabled': True, 'router:external': False, 'provider:network_type': 'vlan', 'provider:physical_network': 'default', 'provider:segmentation_id': 730, 'availability_zone_hints': [], 'availability_zones': [], 'ipv4_address_scope': None, 'ipv6_address_scope': None, 'description': '', 'tags': [], 'created_at': '2025-01-14T17:07:25Z', 'updated_at': '2025-01-14T17:07:26Z', 'revision_number': 1} available for tenant
2025-01-14 17:10:11.259 69499 INFO tempest.lib.common.rest_client [req-a91759ad-af10-4607-b4c6-635cc7bd9010 req-a91759ad-af10-4607-b4c6-635cc7bd9010 ] Request (ServersWithSpecificFlavorTestJSON:test_verify_created_server_ephemeral_disk): 200 GET http://10.180.1.21/compute/v2.1/servers/4b3e0653-b7d8-4458-ac35-a81527b7ceb8 0.434s
2025-01-14 17:10:11.276 69465 INFO tempest.lib.common.rest_client [req-dacc1836-4140-499c-a8bb-7c76dcaf0b5a req-dacc1836-4140-499c-a8bb-7c76dcaf0b5a ] Request (ServerDiskConfigTestJSON:test_rebuild_server_with_auto_disk_config): 200 GET http://10.180.1.21/compute/v2.1/servers/85d67c6c-ff9a-4c24-8f89-845a0e2829bf 0.435s
2025-01-14 17:10:11.329 69515 INFO tempest.lib.common.rest_client [req-1d572407-5917-4cc1-9b9f-954e3dd08520 req-1d572407-5917-4cc1-9b9f-954e3dd08520 ] Request (SecurityGroupsTestJSON:test_server_security_groups): 200 GET http://10.180.1.21/compute/v2.1/servers/dc1b5d0d-5bdb-40f6-9308-bfa4a966adf2 0.429s
2025-01-14 17:10:11.332 69479 INFO tempest.lib.common.rest_client [req-511d5d37-e0ad-4169-8e55-7748818a8cf1 req-511d5d37-e0ad-4169-8e55-7748818a8cf1 ] Request (ServerShowV257Test:test_rebuild_server): 200 GET http://10.180.1.21/compute/v2.1/servers/014f86cc-5258-4b91-a43c-f29d7acf3e68 0.417s
2025-01-14 17:10:11.340 69479 INFO tempest.common.waiters [-] State transition "BUILD/scheduling" ==> "BUILD/None" after 10 second wait
2025-01-14 17:10:11.394 69513 INFO tempest.lib.common.rest_client [req-057b2d29-012e-4fc7-ab25-c50a038ababa req-057b2d29-012e-4fc7-ab25-c50a038ababa ] Request (ListImageFiltersTestJSON:tearDownClass): 200 GET http://10.180.1.21/compute/v2.1/servers/8b68d0fc-6687-4ac5-9ae0-b9e26a4f7226 0.395s
2025-01-14 17:10:11.431 69505 INFO tempest.lib.common.rest_client [req-a0bb3eef-7874-4d7f-817b-9006576265c2 req-a0bb3eef-7874-4d7f-817b-9006576265c2 ] Request (ServerActionsTestJSON:test_lock_unlock_server): 200 GET http://10.180.1.21/compute/v2.1/servers/ee29e2c3-464e-4ec9-a7d9-057519c836f7 0.482s
2025-01-14 17:10:11.488 69511 INFO tempest.lib.common.rest_client [req-8b4a772e-f3ed-4362-918e-fac2475cb45c req-8b4a772e-f3ed-4362-918e-fac2475cb45c ] Request (InstanceActionsNegativeTestJSON:tearDownClass): 200 GET http://10.180.1.21/compute/v2.1/servers/929c57e8-88c8-4cda-8a89-afcfda128c51 0.402s
2025-01-14 17:10:11.500 69469 INFO tempest.lib.common.rest_client [req-d4754ce0-92d5-465f-a194-50998f30489a req-d4754ce0-92d5-465f-a194-50998f30489a ] Request (ListServersNegativeTestJSON:setUpClass): 200 GET http://10.180.1.21/compute/v2.1/servers/3fcdeccc-bfa0-4f52-aead-9e92c6d2b002 0.449s
2025-01-14 17:10:11.551 69517 INFO tempest.lib.common.rest_client [req-0949b3c1-a37e-494b-a788-9ac4cbf342e4 req-0949b3c1-a37e-494b-a788-9ac4cbf342e4 ] Request (FloatingIPsAssociationTestJSON:test_associate_already_associated_floating_ip): 200 GET http://10.180.1.21/compute/v2.1/servers/e7a6b4c9-4a95-4664-906c-e02f4191abe6 0.411s
2025-01-14 17:10:11.594 69497 INFO tempest.lib.common.rest_client [req-23a75ac3-ccac-40ae-ba6a-26881debaef7 req-23a75ac3-ccac-40ae-ba6a-26881debaef7 ] Request (ServerRescueTestJSON:setUpClass): 200 GET http://10.180.1.21/compute/v2.1/servers/55f46a77-cd49-47ba-ba4f-369ce8c69d50 0.483s
2025-01-14 17:10:11.601 69494 INFO tempest.lib.common.rest_client [req-bebcc4cb-adab-44a3-843e-679aa51e4b15 req-bebcc4cb-adab-44a3-843e-679aa51e4b15 ] Request (ImagesTestJSON:test_create_server_from_snapshot): 200 GET http://10.180.1.21/compute/v2.1/servers/4de3c119-cf83-4c3f-bee5-2000540c5f80 0.435s
2025-01-14 17:10:11.642 69477 WARNING tempest.lib.common.ssh [-] Failed to establish authenticated ssh connection to cirros@10.180.180.229 ([Errno None] Unable to connect to port 22 on 10.180.180.229). Number attempts: 5. Retry after 6 seconds.: paramiko.ssh_exception.NoValidConnectionsError: [Errno None] Unable to connect to port 22 on 10.180.180.229
2025-01-14 17:10:11.755 69469 INFO tempest.lib.common.rest_client [req-50af5769-5d22-4f32-9c92-b90d12e06f34 req-50af5769-5d22-4f32-9c92-b90d12e06f34 ] Request (ListServersNegativeTestJSON:setUpClass): 200 GET http://10.180.1.21/compute/v2.1/servers/5452d952-0785-4526-a865-4951b0f9004f 0.246s
2025-01-14 17:10:11.935 69491 INFO tempest.lib.common.rest_client [req-0d1d61e5-1c28-487c-8fae-5a17b8396371 req-0d1d61e5-1c28-487c-8fae-5a17b8396371 ] Request (ServersAdminTestJSON:test_inject_network_info): 200 GET http://10.180.1.21/compute/v2.1/servers/99989a73-ad99-4f46-bbfc-84bb704562d3 0.356s
2025-01-14 17:10:12.016 69508 INFO tempest.lib.common.rest_client [req-6927228c-caed-4f41-96b2-9237a5ddb72d req-6927228c-caed-4f41-96b2-9237a5ddb72d ] Request (ImagesOneServerNegativeTestJSON:_run_cleanups): 200 GET http://10.180.1.21/compute/v2.1/servers/394309ab-d10e-4578-bb8c-82372267ba4d 0.370s
2025-01-14 17:10:12.085 69473 INFO tempest.lib.common.rest_client [req-41bf30fc-cdf8-4f51-9e90-3bd59d73ae94 req-41bf30fc-cdf8-4f51-9e90-3bd59d73ae94 ] Request (ServersTestMultiNic:_run_cleanups): 200 GET http://10.180.1.21/compute/v2.1/servers/f62137c6-8851-4d59-9f15-2ee39cda52f6 0.388s
2025-01-14 17:10:12.100 69509 INFO tempest.lib.common.rest_client [req-a480f034-fada-4b10-97fa-8314c433d520 req-a480f034-fada-4b10-97fa-8314c433d520 ] Request (ServerActionsTestOtherA:test_rebuild_server_in_stop_state): 202 POST http://10.180.1.21/compute/v2.1/servers 0.851s
2025-01-14 17:10:12.179 69483 INFO tempest.lib.common.rest_client [req-4d088921-6ae4-498b-81a4-9d5b43d2f334 req-4d088921-6ae4-498b-81a4-9d5b43d2f334 ] Request (ServerAddressesNegativeTestJSON:setUpClass): 200 GET http://10.180.1.21/compute/v2.1/servers/5526389c-8814-4aa4-bc67-aba298e39703 0.418s
2025-01-14 17:10:12.248 69495 INFO tempest.lib.common.rest_client [req-2aea6d6c-674c-4933-893d-5a116667aeae req-2aea6d6c-674c-4933-893d-5a116667aeae ] Request (ServersTestFqdnHostnames:test_create_server_with_fqdn_name): 200 GET http://10.180.1.21/compute/v2.1/servers/526080de-0e4d-4a04-a9e2-1868167d5abb 0.542s
2025-01-14 17:10:12.277 69469 INFO tempest.lib.common.rest_client [req-3cbaaeb2-e681-4570-9221-17a50d8c6bb9 req-3cbaaeb2-e681-4570-9221-17a50d8c6bb9 ] Request (ListServersNegativeTestJSON:setUpClass): 204 DELETE http://10.180.1.21/compute/v2.1/servers/5452d952-0785-4526-a865-4951b0f9004f 0.509s
2025-01-14 17:10:12.312 69485 INFO tempest.lib.common.rest_client [req-a25f5d29-c154-4120-9f4a-31ea6239cc64 req-a25f5d29-c154-4120-9f4a-31ea6239cc64 ] Request (ServersTestJSON:tearDownClass): 200 GET http://10.180.1.21/compute/v2.1/servers/2b6b22da-7808-4eaa-9d5e-ea74f3d57b79 0.475s
2025-01-14 17:10:12.372 69503 INFO tempest.lib.common.rest_client [req-8e78c3fd-784e-42a7-8990-0c8e31424540 req-8e78c3fd-784e-42a7-8990-0c8e31424540 ] Request (ServersAdminNegativeTestJSON:tearDownClass): 200 GET http://10.180.1.21/compute/v2.1/servers/9edbed1b-6fc3-4fbb-9c16-f426ecfa286f 0.479s
2025-01-14 17:10:12.388 69471 INFO tempest.lib.common.rest_client [req-5f9d8e4a-a53d-418a-81f2-e69edb232be4 req-5f9d8e4a-a53d-418a-81f2-e69edb232be4 ] Request (MigrationsAdminTest:test_resize_server_revert_deleted_flavor): 200 GET http://10.180.1.21/compute/v2.1/servers/689df898-ef9c-4a0b-8196-f2e917101949 0.518s
2025-01-14 17:10:12.419 69463 INFO tempest.lib.common.rest_client [req-3d816046-b856-453e-afda-40c94dd6ddc8 req-3d816046-b856-453e-afda-40c94dd6ddc8 ] Request (ServerGroupTestJSON:test_create_server_with_scheduler_hint_group): 200 GET http://10.180.1.21/compute/v2.1/servers/6e56de4c-9de5-4a5b-9af4-0005925b1e4f 0.497s
2025-01-14 17:10:12.453 69509 INFO tempest.lib.common.rest_client [req-529e55e7-fdcb-429b-8553-0da125425083 req-529e55e7-fdcb-429b-8553-0da125425083 ] Request (ServerActionsTestOtherA:test_rebuild_server_in_stop_state): 200 GET http://10.180.1.21/compute/v2.1/servers/afb11726-923b-4b23-b667-56492003de5b 0.352s
2025-01-14 17:10:12.465 69467 INFO tempest.lib.common.rest_client [req-950f086a-fcaf-4b08-9a8a-3daa18170b17 req-950f086a-fcaf-4b08-9a8a-3daa18170b17 ] Request (ServersTestBootFromVolume:tearDownClass): 200 GET http://10.180.1.21/compute/v2.1/servers/a46fad37-b982-49d7-a999-755e36c1ed44 0.439s
2025-01-14 17:10:12.499 69455 INFO tempest.lib.common.rest_client [req-d9d67f8f-25dc-4464-b828-f47921fb8898 req-d9d67f8f-25dc-4464-b828-f47921fb8898 ] Request (FloatingIPsAssociationNegativeTestJSON:setUpClass): 200 GET http://10.180.1.21/compute/v2.1/servers/017849f8-77d3-4c49-86ec-e54fad04b5f4 0.392s
2025-01-14 17:10:12.516 69501 INFO tempest.lib.common.rest_client [req-0859c83f-00e3-4b9a-a6e9-7b3e77c9242c req-0859c83f-00e3-4b9a-a6e9-7b3e77c9242c ] Request (ListServerFiltersTestJSON:tearDownClass): 200 GET http://10.180.1.21/compute/v2.1/servers/e52bb7a4-0d9e-42b1-93a5-5005a3c99229 0.346s
2025-01-14 17:10:12.557 69459 INFO tempest.lib.common.rest_client [req-6634aa95-6244-4606-a2d7-4de75fdc885e req-6634aa95-6244-4606-a2d7-4de75fdc885e ] Request (InstanceActionsV221TestJSON:test_get_list_deleted_instance_actions): 200 GET http://10.180.1.21/compute/v2.1/servers/80fd055f-cf2a-41bd-8d94-1bdd3bd440e0 0.330s
2025-01-14 17:10:12.567 69461 INFO tempest.lib.common.rest_client [req-a631b690-3ef6-4303-a666-5721f4195485 req-a631b690-3ef6-4303-a666-5721f4195485 ] Request (VolumesAssistedSnapshotsTest:tearDownClass): 200 GET http://10.180.1.21/compute/v2.1/servers/36746589-7243-480f-8aa8-07b7ed19cdec 0.330s
2025-01-14 17:10:12.606 69499 INFO tempest.lib.common.rest_client [req-3bc18e40-724a-4101-bf81-945f81315325 req-3bc18e40-724a-4101-bf81-945f81315325 ] Request (ServersWithSpecificFlavorTestJSON:test_verify_created_server_ephemeral_disk): 200 GET http://10.180.1.21/compute/v2.1/servers/4b3e0653-b7d8-4458-ac35-a81527b7ceb8 0.336s
2025-01-14 17:10:12.662 69465 INFO tempest.lib.common.rest_client [req-968cc62a-946e-45ce-9af1-0d198607ea9f req-968cc62a-946e-45ce-9af1-0d198607ea9f ] Request (ServerDiskConfigTestJSON:test_rebuild_server_with_auto_disk_config): 200 GET http://10.180.1.21/compute/v2.1/servers/85d67c6c-ff9a-4c24-8f89-845a0e2829bf 0.377s
2025-01-14 17:10:12.678 69469 INFO tempest.lib.common.rest_client [req-f7a95a3a-b26c-4eac-9a4d-3cea0c31d059 req-f7a95a3a-b26c-4eac-9a4d-3cea0c31d059 ] Request (ListServersNegativeTestJSON:setUpClass): 200 GET http://10.180.1.21/compute/v2.1/servers/5452d952-0785-4526-a865-4951b0f9004f 0.401s
2025-01-14 17:10:12.724 69515 INFO tempest.lib.common.rest_client [req-e3b1ca68-7f2d-46b4-80db-1f761bc8381a req-e3b1ca68-7f2d-46b4-80db-1f761bc8381a ] Request (SecurityGroupsTestJSON:test_server_security_groups): 200 GET http://10.180.1.21/compute/v2.1/servers/dc1b5d0d-5bdb-40f6-9308-bfa4a966adf2 0.387s
2025-01-14 17:10:12.735 69479 INFO tempest.lib.common.rest_client [req-e94c8714-a64d-440a-abda-f96ba81e4eb1 req-e94c8714-a64d-440a-abda-f96ba81e4eb1 ] Request (ServerShowV257Test:test_rebuild_server): 200 GET http://10.180.1.21/compute/v2.1/servers/014f86cc-5258-4b91-a43c-f29d7acf3e68 0.394s
2025-01-14 17:10:12.789 69513 INFO tempest.lib.common.rest_client [req-29441101-cf1f-4f32-921d-2cb68c5659f0 req-29441101-cf1f-4f32-921d-2cb68c5659f0 ] Request (ListImageFiltersTestJSON:tearDownClass): 200 GET http://10.180.1.21/compute/v2.1/servers/8b68d0fc-6687-4ac5-9ae0-b9e26a4f7226 0.388s
2025-01-14 17:10:12.846 69511 INFO tempest.lib.common.rest_client [req-237508e5-2c28-421a-a870-ebdb923cb7a7 req-237508e5-2c28-421a-a870-ebdb923cb7a7 ] Request (InstanceActionsNegativeTestJSON:tearDownClass): 200 GET http://10.180.1.21/compute/v2.1/servers/929c57e8-88c8-4cda-8a89-afcfda128c51 0.347s
2025-01-14 17:10:12.871 69505 INFO tempest.lib.common.rest_client [req-a37f55a9-03de-46d3-8fd4-2f5ebef331b4 req-a37f55a9-03de-46d3-8fd4-2f5ebef331b4 ] Request (ServerActionsTestJSON:test_lock_unlock_server): 200 GET http://10.180.1.21/compute/v2.1/servers/ee29e2c3-464e-4ec9-a7d9-057519c836f7 0.431s
2025-01-14 17:10:12.899 69517 INFO tempest.lib.common.rest_client [req-71ae1a67-3ad7-4470-8e4b-828202553734 req-71ae1a67-3ad7-4470-8e4b-828202553734 ] Request (FloatingIPsAssociationTestJSON:test_associate_already_associated_floating_ip): 200 GET http://10.180.1.21/compute/v2.1/servers/e7a6b4c9-4a95-4664-906c-e02f4191abe6 0.338s
2025-01-14 17:10:12.961 69494 INFO tempest.lib.common.rest_client [req-821c2088-6e41-4937-8def-0656bd6c7ca7 req-821c2088-6e41-4937-8def-0656bd6c7ca7 ] Request (ImagesTestJSON:test_create_server_from_snapshot): 200 GET http://10.180.1.21/compute/v2.1/servers/4de3c119-cf83-4c3f-bee5-2000540c5f80 0.346s
2025-01-14 17:10:13.146 69491 INFO tempest.lib.common.rest_client [req-c3cd8e78-6205-4067-95be-ce18d41fc7f9 req-c3cd8e78-6205-4067-95be-ce18d41fc7f9 ] Request (ServersAdminTestJSON:test_inject_network_info): 200 GET http://10.180.1.21/compute/v2.1/servers/99989a73-ad99-4f46-bbfc-84bb704562d3 0.203s
2025-01-14 17:10:13.149 69497 INFO tempest.lib.common.rest_client [req-5c907ff0-f1ce-4416-bf43-62a3c981d771 req-5c907ff0-f1ce-4416-bf43-62a3c981d771 ] Request (ServerRescueTestJSON:setUpClass): 200 GET http://10.180.1.21/compute/v2.1/servers/55f46a77-cd49-47ba-ba4f-369ce8c69d50 0.546s
2025-01-14 17:10:13.226 69508 INFO tempest.lib.common.rest_client [req-ad6c868c-03d2-416d-ab1a-6c5f82e53b48 req-ad6c868c-03d2-416d-ab1a-6c5f82e53b48 ] Request (ImagesOneServerNegativeTestJSON:_run_cleanups): 200 GET http://10.180.1.21/compute/v2.1/servers/394309ab-d10e-4578-bb8c-82372267ba4d 0.201s
2025-01-14 17:10:13.246 69473 INFO tempest.lib.common.rest_client [req-e38ac4de-2820-44ee-a31c-582eff39c1f4 req-e38ac4de-2820-44ee-a31c-582eff39c1f4 ] Request (ServersTestMultiNic:_run_cleanups): 200 GET http://10.180.1.21/compute/v2.1/servers/f62137c6-8851-4d59-9f15-2ee39cda52f6 0.148s
2025-01-14 17:10:13.291 69483 INFO tempest.lib.common.rest_client [req-e2ab5a03-f160-44a1-986e-d39d303b0b1b req-e2ab5a03-f160-44a1-986e-d39d303b0b1b ] Request (ServerAddressesNegativeTestJSON:setUpClass): 200 GET http://10.180.1.21/compute/v2.1/servers/5526389c-8814-4aa4-bc67-aba298e39703 0.102s
2025-01-14 17:10:13.411 69485 INFO tempest.lib.common.rest_client [req-e99dfd72-db79-450c-bc64-d139d5775f08 req-e99dfd72-db79-450c-bc64-d139d5775f08 ] Request (ServersTestJSON:tearDownClass): 200 GET http://10.180.1.21/compute/v2.1/servers/2b6b22da-7808-4eaa-9d5e-ea74f3d57b79 0.090s
2025-01-14 17:10:13.498 69503 INFO tempest.lib.common.rest_client [req-69c7731d-11cf-460f-9b8e-c810c1ed5d38 req-69c7731d-11cf-460f-9b8e-c810c1ed5d38 ] Request (ServersAdminNegativeTestJSON:tearDownClass): 200 GET http://10.180.1.21/compute/v2.1/servers/9edbed1b-6fc3-4fbb-9c16-f426ecfa286f 0.118s
2025-01-14 17:10:13.543 69495 INFO tempest.lib.common.rest_client [req-e84c7be9-4a0f-4bdc-86ed-a40978ef6435 req-e84c7be9-4a0f-4bdc-86ed-a40978ef6435 ] Request (ServersTestFqdnHostnames:test_create_server_with_fqdn_name): 200 GET http://10.180.1.21/compute/v2.1/servers/526080de-0e4d-4a04-a9e2-1868167d5abb 0.286s
2025-01-14 17:10:13.556 69495 INFO tempest.common.waiters [-] State transition "BUILD/spawning" ==> "ACTIVE/None" after 87 second wait
2025-01-14 17:10:13.679 69471 INFO tempest.lib.common.rest_client [req-6678fff3-eb5a-429e-98b7-db16e75b6a8b req-6678fff3-eb5a-429e-98b7-db16e75b6a8b ] Request (MigrationsAdminTest:test_resize_server_revert_deleted_flavor): 200 GET http://10.180.1.21/compute/v2.1/servers/689df898-ef9c-4a0b-8196-f2e917101949 0.283s
2025-01-14 17:10:13.734 69463 INFO tempest.lib.common.rest_client [req-aabc077f-25db-4d0f-b7b9-09fe14646e7c req-aabc077f-25db-4d0f-b7b9-09fe14646e7c ] Request (ServerGroupTestJSON:test_create_server_with_scheduler_hint_group): 200 GET http://10.180.1.21/compute/v2.1/servers/6e56de4c-9de5-4a5b-9af4-0005925b1e4f 0.306s
2025-01-14 17:10:13.741 69463 INFO tempest.common.waiters [-] State transition "BUILD/None" ==> "BUILD/networking" after 42 second wait
2025-01-14 17:10:13.752 69509 INFO tempest.lib.common.rest_client [req-10d58278-4204-418f-9ebb-88912d0c0b7c req-10d58278-4204-418f-9ebb-88912d0c0b7c ] Request (ServerActionsTestOtherA:test_rebuild_server_in_stop_state): 200 GET http://10.180.1.21/compute/v2.1/servers/afb11726-923b-4b23-b667-56492003de5b 0.290s
2025-01-14 17:10:13.810 69467 INFO tempest.lib.common.rest_client [req-f977b9f8-6fc0-46ce-9bef-723ba53f93ce req-f977b9f8-6fc0-46ce-9bef-723ba53f93ce ] Request (ServersTestBootFromVolume:tearDownClass): 200 GET http://10.180.1.21/compute/v2.1/servers/a46fad37-b982-49d7-a999-755e36c1ed44 0.336s
2025-01-14 17:10:13.816 69455 INFO tempest.lib.common.rest_client [req-5cd14fc1-0b7e-42fc-a146-b308bc6b6eda req-5cd14fc1-0b7e-42fc-a146-b308bc6b6eda ] Request (FloatingIPsAssociationNegativeTestJSON:setUpClass): 200 GET http://10.180.1.21/compute/v2.1/servers/017849f8-77d3-4c49-86ec-e54fad04b5f4 0.308s
2025-01-14 17:10:13.873 69501 INFO tempest.lib.common.rest_client [req-d3d76676-d3af-4bc9-b304-934e74b35d9f req-d3d76676-d3af-4bc9-b304-934e74b35d9f ] Request (ListServerFiltersTestJSON:tearDownClass): 200 GET http://10.180.1.21/compute/v2.1/servers/e52bb7a4-0d9e-42b1-93a5-5005a3c99229 0.349s
2025-01-14 17:10:13.884 69495 INFO tempest.lib.common.rest_client [req-cecd6db9-50a1-4c6e-b01c-3aa849068115 req-cecd6db9-50a1-4c6e-b01c-3aa849068115 ] Request (ServersTestFqdnHostnames:test_create_server_with_fqdn_name): 200 GET http://10.180.1.21/compute/v2.1/servers/526080de-0e4d-4a04-a9e2-1868167d5abb/os-interface 0.326s
2025-01-14 17:10:13.937 69459 INFO tempest.lib.common.rest_client [req-d737a8fd-5443-46b3-852a-97cd40c20344 req-d737a8fd-5443-46b3-852a-97cd40c20344 ] Request (InstanceActionsV221TestJSON:test_get_list_deleted_instance_actions): 200 GET http://10.180.1.21/compute/v2.1/servers/80fd055f-cf2a-41bd-8d94-1bdd3bd440e0 0.370s
2025-01-14 17:10:13.951 69461 INFO tempest.lib.common.rest_client [req-742f3a29-4b8d-41ef-b92b-67a324389088 req-742f3a29-4b8d-41ef-b92b-67a324389088 ] Request (VolumesAssistedSnapshotsTest:tearDownClass): 200 GET http://10.180.1.21/compute/v2.1/servers/36746589-7243-480f-8aa8-07b7ed19cdec 0.377s
2025-01-14 17:10:13.991 69499 INFO tempest.lib.common.rest_client [req-601b900d-a9cc-4c78-95a7-c50b92faac3b req-601b900d-a9cc-4c78-95a7-c50b92faac3b ] Request (ServersWithSpecificFlavorTestJSON:test_verify_created_server_ephemeral_disk): 200 GET http://10.180.1.21/compute/v2.1/servers/4b3e0653-b7d8-4458-ac35-a81527b7ceb8 0.376s
2025-01-14 17:10:14.008 69465 INFO tempest.lib.common.rest_client [req-464a0d68-779f-45bf-9b31-498355a42793 req-464a0d68-779f-45bf-9b31-498355a42793 ] Request (ServerDiskConfigTestJSON:test_rebuild_server_with_auto_disk_config): 200 GET http://10.180.1.21/compute/v2.1/servers/85d67c6c-ff9a-4c24-8f89-845a0e2829bf 0.337s
2025-01-14 17:10:14.075 69515 INFO tempest.lib.common.rest_client [req-ab85d74d-887b-4ee8-b1de-79b5d348967c req-ab85d74d-887b-4ee8-b1de-79b5d348967c ] Request (SecurityGroupsTestJSON:test_server_security_groups): 200 GET http://10.180.1.21/compute/v2.1/servers/dc1b5d0d-5bdb-40f6-9308-bfa4a966adf2 0.342s
2025-01-14 17:10:14.111 69469 INFO tempest.lib.common.rest_client [req-0633a0f1-4b31-4ba0-a094-e0e63fb524bb req-0633a0f1-4b31-4ba0-a094-e0e63fb524bb ] Request (ListServersNegativeTestJSON:setUpClass): 200 GET http://10.180.1.21/compute/v2.1/servers/5452d952-0785-4526-a865-4951b0f9004f 0.420s
2025-01-14 17:10:14.133 69479 INFO tempest.lib.common.rest_client [req-53f44ed1-80d3-46f0-bb59-adff95b52d3e req-53f44ed1-80d3-46f0-bb59-adff95b52d3e ] Request (ServerShowV257Test:test_rebuild_server): 200 GET http://10.180.1.21/compute/v2.1/servers/014f86cc-5258-4b91-a43c-f29d7acf3e68 0.388s
2025-01-14 17:10:14.177 69513 INFO tempest.lib.common.rest_client [req-84c082e3-134b-4afa-b425-82e962f98177 req-84c082e3-134b-4afa-b425-82e962f98177 ] Request (ListImageFiltersTestJSON:tearDownClass): 200 GET http://10.180.1.21/compute/v2.1/servers/8b68d0fc-6687-4ac5-9ae0-b9e26a4f7226 0.380s
2025-01-14 17:10:14.192 69511 INFO tempest.lib.common.rest_client [req-811dcd17-76d0-40c5-b0be-4fad255bfa05 req-811dcd17-76d0-40c5-b0be-4fad255bfa05 ] Request (InstanceActionsNegativeTestJSON:tearDownClass): 200 GET http://10.180.1.21/compute/v2.1/servers/929c57e8-88c8-4cda-8a89-afcfda128c51 0.338s
2025-01-14 17:10:14.248 69517 INFO tempest.lib.common.rest_client [req-51cd8ea7-24e9-419f-a8ef-015d8c78c150 req-51cd8ea7-24e9-419f-a8ef-015d8c78c150 ] Request (FloatingIPsAssociationTestJSON:test_associate_already_associated_floating_ip): 200 GET http://10.180.1.21/compute/v2.1/servers/e7a6b4c9-4a95-4664-906c-e02f4191abe6 0.340s
2025-01-14 17:10:14.297 69494 INFO tempest.lib.common.rest_client [req-e6bff0e2-f49d-4fef-b0de-0669ebdff8cc req-e6bff0e2-f49d-4fef-b0de-0669ebdff8cc ] Request (ImagesTestJSON:test_create_server_from_snapshot): 200 GET http://10.180.1.21/compute/v2.1/servers/4de3c119-cf83-4c3f-bee5-2000540c5f80 0.325s
2025-01-14 17:10:14.301 69505 INFO tempest.lib.common.rest_client [req-4c1981e2-f7f3-4194-ac24-8e7e91c28a94 req-4c1981e2-f7f3-4194-ac24-8e7e91c28a94 ] Request (ServerActionsTestJSON:test_lock_unlock_server): 200 GET http://10.180.1.21/compute/v2.1/servers/ee29e2c3-464e-4ec9-a7d9-057519c836f7 0.420s
2025-01-14 17:10:14.368 69495 INFO tempest.lib.common.rest_client [req-11e782c2-6f02-455d-aafb-ec25147271a3 req-11e782c2-6f02-455d-aafb-ec25147271a3 ] Request (ServersTestFqdnHostnames:test_create_server_with_fqdn_name): 200 PUT http://10.180.1.21:9696/networking/v2.0/floatingips/b4958e15-767a-47ec-9b73-443f903122cf 0.481s
2025-01-14 17:10:14.369 69495 INFO tempest.lib.common.ssh [-] Creating ssh connection to '10.180.180.192:22' as 'cirros' with public key authentication
2025-01-14 17:10:14.439 69497 INFO tempest.lib.common.rest_client [req-9ca089bd-2983-4935-9570-03bc15a4728a req-9ca089bd-2983-4935-9570-03bc15a4728a ] Request (ServerRescueTestJSON:setUpClass): 200 GET http://10.180.1.21/compute/v2.1/servers/55f46a77-cd49-47ba-ba4f-369ce8c69d50 0.281s
2025-01-14 17:10:14.441 69491 INFO tempest.lib.common.rest_client [req-a613a6e2-602c-4709-aa51-75d6360e56bb req-a613a6e2-602c-4709-aa51-75d6360e56bb ] Request (ServersAdminTestJSON:test_inject_network_info): 200 GET http://10.180.1.21/compute/v2.1/servers/99989a73-ad99-4f46-bbfc-84bb704562d3 0.284s
2025-01-14 17:10:14.494 69508 INFO tempest.lib.common.rest_client [req-6d573d6f-7677-4240-8d9f-42ec2bfd154a req-6d573d6f-7677-4240-8d9f-42ec2bfd154a ] Request (ImagesOneServerNegativeTestJSON:_run_cleanups): 200 GET http://10.180.1.21/compute/v2.1/servers/394309ab-d10e-4578-bb8c-82372267ba4d 0.258s
2025-01-14 17:10:14.510 69473 INFO tempest.lib.common.rest_client [req-9c81a808-0cc9-4d52-93c7-77c1bc76d3c7 req-9c81a808-0cc9-4d52-93c7-77c1bc76d3c7 ] Request (ServersTestMultiNic:_run_cleanups): 200 GET http://10.180.1.21/compute/v2.1/servers/f62137c6-8851-4d59-9f15-2ee39cda52f6 0.255s
2025-01-14 17:10:14.571 69483 INFO tempest.lib.common.rest_client [req-9c7602d0-9ca2-4e2f-9bf4-7848e412e2bb req-9c7602d0-9ca2-4e2f-9bf4-7848e412e2bb ] Request (ServerAddressesNegativeTestJSON:setUpClass): 200 GET http://10.180.1.21/compute/v2.1/servers/5526389c-8814-4aa4-bc67-aba298e39703 0.268s
2025-01-14 17:10:14.614 69485 INFO tempest.lib.common.rest_client [req-a36485ac-0fb3-4835-8b74-b5b7b8cf3eab req-a36485ac-0fb3-4835-8b74-b5b7b8cf3eab ] Request (ServersTestJSON:tearDownClass): 200 GET http://10.180.1.21/compute/v2.1/servers/2b6b22da-7808-4eaa-9d5e-ea74f3d57b79 0.193s
2025-01-14 17:10:14.640 69503 INFO tempest.lib.common.rest_client [req-e1b864e2-3a15-4c47-9695-9c62d8bb97f0 req-e1b864e2-3a15-4c47-9695-9c62d8bb97f0 ] Request (ServersAdminNegativeTestJSON:tearDownClass): 200 GET http://10.180.1.21/compute/v2.1/servers/9edbed1b-6fc3-4fbb-9c16-f426ecfa286f 0.131s
2025-01-14 17:10:14.886 69471 INFO tempest.lib.common.rest_client [req-a73484d7-3758-447c-94b7-1d49c03c1eb0 req-a73484d7-3758-447c-94b7-1d49c03c1eb0 ] Request (MigrationsAdminTest:test_resize_server_revert_deleted_flavor): 200 GET http://10.180.1.21/compute/v2.1/servers/689df898-ef9c-4a0b-8196-f2e917101949 0.194s
2025-01-14 17:10:14.894 69463 INFO tempest.lib.common.rest_client [req-bdfaed9a-1784-46b8-b0fe-a69fbc3ad889 req-bdfaed9a-1784-46b8-b0fe-a69fbc3ad889 ] Request (ServerGroupTestJSON:test_create_server_with_scheduler_hint_group): 200 GET http://10.180.1.21/compute/v2.1/servers/6e56de4c-9de5-4a5b-9af4-0005925b1e4f 0.153s
2025-01-14 17:10:14.898 69457 WARNING tempest.lib.common.ssh [-] Failed to establish authenticated ssh connection to cirros@10.180.180.172 ([Errno None] Unable to connect to port 22 on 10.180.180.172). Number attempts: 14. Retry after 15 seconds.: paramiko.ssh_exception.NoValidConnectionsError: [Errno None] Unable to connect to port 22 on 10.180.180.172
2025-01-14 17:10:14.903 69463 INFO tempest.common.waiters [-] State transition "BUILD/networking" ==> "BUILD/spawning" after 43 second wait
2025-01-14 17:10:14.945 69509 INFO tempest.lib.common.rest_client [req-38329150-a877-4fbf-8963-52f4f939197e req-38329150-a877-4fbf-8963-52f4f939197e ] Request (ServerActionsTestOtherA:test_rebuild_server_in_stop_state): 200 GET http://10.180.1.21/compute/v2.1/servers/afb11726-923b-4b23-b667-56492003de5b 0.182s
2025-01-14 17:10:14.962 69467 INFO tempest.lib.common.rest_client [req-007c7c39-57e0-4afa-80df-51ebd2039667 req-007c7c39-57e0-4afa-80df-51ebd2039667 ] Request (ServersTestBootFromVolume:tearDownClass): 200 GET http://10.180.1.21/compute/v2.1/servers/a46fad37-b982-49d7-a999-755e36c1ed44 0.144s
2025-01-14 17:10:15.011 69455 INFO tempest.lib.common.rest_client [req-fb5ad996-1973-4b1f-b95d-5ac4b20200a9 req-fb5ad996-1973-4b1f-b95d-5ac4b20200a9 ] Request (FloatingIPsAssociationNegativeTestJSON:setUpClass): 200 GET http://10.180.1.21/compute/v2.1/servers/017849f8-77d3-4c49-86ec-e54fad04b5f4 0.187s
2025-01-14 17:10:15.022 69455 INFO tempest.common.waiters [-] State transition "BUILD/scheduling" ==> "BUILD/None" after 13 second wait
2025-01-14 17:10:15.023 69501 INFO tempest.lib.common.rest_client [req-e572990f-a218-4333-8b7e-163c5fbf241a req-e572990f-a218-4333-8b7e-163c5fbf241a ] Request (ListServerFiltersTestJSON:tearDownClass): 200 GET http://10.180.1.21/compute/v2.1/servers/e52bb7a4-0d9e-42b1-93a5-5005a3c99229 0.142s
2025-01-14 17:10:15.038 69459 INFO tempest.lib.common.rest_client [req-67bd08ac-82c3-4a25-b4ef-2dd26f2e4021 req-67bd08ac-82c3-4a25-b4ef-2dd26f2e4021 ] Request (InstanceActionsV221TestJSON:test_get_list_deleted_instance_actions): 404 GET http://10.180.1.21/compute/v2.1/servers/80fd055f-cf2a-41bd-8d94-1bdd3bd440e0 0.090s
2025-01-14 17:10:15.120 69499 INFO tempest.lib.common.rest_client [req-cd1bbbdf-be5c-44c8-a5ab-02b569ad66c2 req-cd1bbbdf-be5c-44c8-a5ab-02b569ad66c2 ] Request (ServersWithSpecificFlavorTestJSON:test_verify_created_server_ephemeral_disk): 200 GET http://10.180.1.21/compute/v2.1/servers/4b3e0653-b7d8-4458-ac35-a81527b7ceb8 0.122s
2025-01-14 17:10:15.130 69461 INFO tempest.lib.common.rest_client [req-162c2f21-9a37-44ed-b835-99032c6ea486 req-162c2f21-9a37-44ed-b835-99032c6ea486 ] Request (VolumesAssistedSnapshotsTest:tearDownClass): 200 GET http://10.180.1.21/compute/v2.1/servers/36746589-7243-480f-8aa8-07b7ed19cdec 0.168s
2025-01-14 17:10:15.181 69459 INFO tempest.lib.common.rest_client [req-208ebcce-8804-44be-a3d1-d2d8872b6c65 req-208ebcce-8804-44be-a3d1-d2d8872b6c65 ] Request (InstanceActionsV221TestJSON:test_get_list_deleted_instance_actions): 200 GET http://10.180.1.21/compute/v2.1/servers/80fd055f-cf2a-41bd-8d94-1bdd3bd440e0/os-instance-actions 0.142s
2025-01-14 17:10:15.184 69465 INFO tempest.lib.common.rest_client [req-5a790572-cb63-478b-92fd-c9ae42f7b793 req-5a790572-cb63-478b-92fd-c9ae42f7b793 ] Request (ServerDiskConfigTestJSON:test_rebuild_server_with_auto_disk_config): 200 GET http://10.180.1.21/compute/v2.1/servers/85d67c6c-ff9a-4c24-8f89-845a0e2829bf 0.167s
2025-01-14 17:10:15.256 69469 INFO tempest.lib.common.rest_client [req-7b7e59ba-33e8-4669-a1f4-d1c1ac77e2ba req-7b7e59ba-33e8-4669-a1f4-d1c1ac77e2ba ] Request (ListServersNegativeTestJSON:setUpClass): 200 GET http://10.180.1.21/compute/v2.1/servers/5452d952-0785-4526-a865-4951b0f9004f 0.136s
2025-01-14 17:10:15.272 69515 INFO tempest.lib.common.rest_client [req-95753f39-b016-45bb-a1aa-887ea23dbd81 req-95753f39-b016-45bb-a1aa-887ea23dbd81 ] Request (SecurityGroupsTestJSON:test_server_security_groups): 200 GET http://10.180.1.21/compute/v2.1/servers/dc1b5d0d-5bdb-40f6-9308-bfa4a966adf2 0.189s
2025-01-14 17:10:15.294 69459 INFO tempest.lib.common.rest_client [req-78c69776-6157-490e-bf91-2316fe1041df req-78c69776-6157-490e-bf91-2316fe1041df ] Request (InstanceActionsV221TestJSON:tearDownClass): 404 DELETE http://10.180.1.21/compute/v2.1/servers/80fd055f-cf2a-41bd-8d94-1bdd3bd440e0 0.110s
2025-01-14 17:10:15.339 69479 INFO tempest.lib.common.rest_client [req-ba14e447-7585-4d23-9d23-ade3305cf4cd req-ba14e447-7585-4d23-9d23-ade3305cf4cd ] Request (ServerShowV257Test:test_rebuild_server): 200 GET http://10.180.1.21/compute/v2.1/servers/014f86cc-5258-4b91-a43c-f29d7acf3e68 0.191s
2025-01-14 17:10:15.364 69513 INFO tempest.lib.common.rest_client [req-db78b5d1-d92c-4307-b3b2-11286e6b93c5 req-db78b5d1-d92c-4307-b3b2-11286e6b93c5 ] Request (ListImageFiltersTestJSON:tearDownClass): 200 GET http://10.180.1.21/compute/v2.1/servers/8b68d0fc-6687-4ac5-9ae0-b9e26a4f7226 0.176s
2025-01-14 17:10:15.413 69511 INFO tempest.lib.common.rest_client [req-c997e7ab-c0be-4683-a1b3-182e69047aff req-c997e7ab-c0be-4683-a1b3-182e69047aff ] Request (InstanceActionsNegativeTestJSON:tearDownClass): 200 GET http://10.180.1.21/compute/v2.1/servers/929c57e8-88c8-4cda-8a89-afcfda128c51 0.210s
2025-01-14 17:10:15.432 69459 INFO tempest.lib.common.rest_client [req-2c886dcc-2dd2-4a35-97b3-8bf629b110ca req-2c886dcc-2dd2-4a35-97b3-8bf629b110ca ] Request (InstanceActionsV221TestJSON:tearDownClass): 404 GET http://10.180.1.21/compute/v2.1/servers/80fd055f-cf2a-41bd-8d94-1bdd3bd440e0 0.137s
2025-01-14 17:10:15.436 69517 INFO tempest.lib.common.rest_client [req-edac435b-23ef-4b10-91c6-96819282f098 req-edac435b-23ef-4b10-91c6-96819282f098 ] Request (FloatingIPsAssociationTestJSON:test_associate_already_associated_floating_ip): 200 GET http://10.180.1.21/compute/v2.1/servers/e7a6b4c9-4a95-4664-906c-e02f4191abe6 0.176s
2025-01-14 17:10:15.519 69494 INFO tempest.lib.common.rest_client [req-f179920d-150d-4c54-8e6d-36fa146955e8 req-f179920d-150d-4c54-8e6d-36fa146955e8 ] Request (ImagesTestJSON:test_create_server_from_snapshot): 200 GET http://10.180.1.21/compute/v2.1/servers/4de3c119-cf83-4c3f-bee5-2000540c5f80 0.214s
2025-01-14 17:10:15.955 69497 INFO tempest.lib.common.rest_client [req-b93bdd6a-7ce4-4e17-9f3e-12bdcdb3644c req-b93bdd6a-7ce4-4e17-9f3e-12bdcdb3644c ] Request (ServerRescueTestJSON:setUpClass): 200 GET http://10.180.1.21/compute/v2.1/servers/55f46a77-cd49-47ba-ba4f-369ce8c69d50 0.507s
2025-01-14 17:10:15.978 69505 INFO tempest.lib.common.rest_client [req-bd25408f-5098-48ef-8cd8-af5b567c4bea req-bd25408f-5098-48ef-8cd8-af5b567c4bea ] Request (ServerActionsTestJSON:test_lock_unlock_server): 200 GET http://10.180.1.21/compute/v2.1/servers/ee29e2c3-464e-4ec9-a7d9-057519c836f7 0.666s
2025-01-14 17:10:16.069 69508 INFO tempest.lib.common.rest_client [req-33ff7cf8-c863-4c3f-9de9-5b8547fab05a req-33ff7cf8-c863-4c3f-9de9-5b8547fab05a ] Request (ImagesOneServerNegativeTestJSON:_run_cleanups): 200 GET http://10.180.1.21/compute/v2.1/servers/394309ab-d10e-4578-bb8c-82372267ba4d 0.559s
2025-01-14 17:10:16.135 69473 INFO tempest.lib.common.rest_client [req-e07d72cf-a167-48da-8ae0-b65a83d7b4ac req-e07d72cf-a167-48da-8ae0-b65a83d7b4ac ] Request (ServersTestMultiNic:_run_cleanups): 200 GET http://10.180.1.21/compute/v2.1/servers/f62137c6-8851-4d59-9f15-2ee39cda52f6 0.617s
2025-01-14 17:10:16.199 69491 INFO tempest.lib.common.rest_client [req-c5b882df-03ef-43f3-84ce-12c0e4dacdfd req-c5b882df-03ef-43f3-84ce-12c0e4dacdfd ] Request (ServersAdminTestJSON:test_inject_network_info): 200 GET http://10.180.1.21/compute/v2.1/servers/99989a73-ad99-4f46-bbfc-84bb704562d3 0.748s
2025-01-14 17:10:16.202 69483 INFO tempest.lib.common.rest_client [req-78e7a7e6-3218-41c4-a446-0a383c13fbda req-78e7a7e6-3218-41c4-a446-0a383c13fbda ] Request (ServerAddressesNegativeTestJSON:setUpClass): 200 GET http://10.180.1.21/compute/v2.1/servers/5526389c-8814-4aa4-bc67-aba298e39703 0.622s
2025-01-14 17:10:16.207 69491 INFO tempest.common.waiters [-] State transition "BUILD/spawning" ==> "ACTIVE/None" after 70 second wait
2025-01-14 17:10:16.209 69483 INFO tempest.common.waiters [-] State transition "BUILD/scheduling" ==> "BUILD/None" after 9 second wait
2025-01-14 17:10:16.284 69503 INFO tempest.lib.common.rest_client [req-f4e430e8-03f1-486d-b74e-eddd7853893c req-f4e430e8-03f1-486d-b74e-eddd7853893c ] Request (ServersAdminNegativeTestJSON:tearDownClass): 200 GET http://10.180.1.21/compute/v2.1/servers/9edbed1b-6fc3-4fbb-9c16-f426ecfa286f 0.636s
2025-01-14 17:10:16.285 69485 INFO tempest.lib.common.rest_client [req-e834e7cc-c5f1-4ec7-b1ac-be1040946459 req-e834e7cc-c5f1-4ec7-b1ac-be1040946459 ] Request (ServersTestJSON:tearDownClass): 200 GET http://10.180.1.21/compute/v2.1/servers/2b6b22da-7808-4eaa-9d5e-ea74f3d57b79 0.664s
2025-01-14 17:10:16.499 69463 INFO tempest.lib.common.rest_client [req-1193c3e4-ee1c-4431-b9db-75365a072a90 req-1193c3e4-ee1c-4431-b9db-75365a072a90 ] Request (ServerGroupTestJSON:test_create_server_with_scheduler_hint_group): 200 GET http://10.180.1.21/compute/v2.1/servers/6e56de4c-9de5-4a5b-9af4-0005925b1e4f 0.596s
2025-01-14 17:10:16.566 69509 INFO tempest.lib.common.rest_client [req-57d6a542-18ae-46e5-b490-89895e86360a req-57d6a542-18ae-46e5-b490-89895e86360a ] Request (ServerActionsTestOtherA:test_rebuild_server_in_stop_state): 200 GET http://10.180.1.21/compute/v2.1/servers/afb11726-923b-4b23-b667-56492003de5b 0.609s
2025-01-14 17:10:16.576 69471 INFO tempest.lib.common.rest_client [req-9cd7db2f-0487-457f-adcc-d42a4ce2a985 req-9cd7db2f-0487-457f-adcc-d42a4ce2a985 ] Request (MigrationsAdminTest:test_resize_server_revert_deleted_flavor): 200 GET http://10.180.1.21/compute/v2.1/servers/689df898-ef9c-4a0b-8196-f2e917101949 0.681s
2025-01-14 17:10:16.642 69455 INFO tempest.lib.common.rest_client [req-e449fd4d-2711-4811-b1bd-15c0687c1609 req-e449fd4d-2711-4811-b1bd-15c0687c1609 ] Request (FloatingIPsAssociationNegativeTestJSON:setUpClass): 200 GET http://10.180.1.21/compute/v2.1/servers/017849f8-77d3-4c49-86ec-e54fad04b5f4 0.619s
2025-01-14 17:10:16.643 69467 INFO tempest.lib.common.rest_client [req-c2bf3c2b-1226-4136-83ab-56ddcb9f210f req-c2bf3c2b-1226-4136-83ab-56ddcb9f210f ] Request (ServersTestBootFromVolume:tearDownClass): 200 GET http://10.180.1.21/compute/v2.1/servers/a46fad37-b982-49d7-a999-755e36c1ed44 0.670s
