2025-01-14 17:10:22.915 69467 INFO tempest.lib.common.rest_client [req-4183e3aa-1528-4c5d-b02f-c3c170efab4f req-4183e3aa-1528-4c5d-b02f-c3c170efab4f ] Request (ServersTestBootFromVolume:tearDownClass): 200 GET http://10.180.1.21/compute/v2.1/servers/a46fad37-b982-49d7-a999-755e36c1ed44 0.564s
2025-01-14 17:10:22.935 69511 INFO tempest.lib.common.rest_client [req-03469016-6045-420c-9d3b-ee8a97f05659 req-03469016-6045-420c-9d3b-ee8a97f05659 ] Request (InstanceActionsNegativeTestJSON:tearDownClass): 204 DELETE http://10.180.1.21/identity/v3/projects/fd2b66b66c1b4b6bbfc5d5dc989a991f 0.135s
2025-01-14 17:10:22.979 69499 INFO tempest.lib.common.rest_client [req-18880647-f0da-4245-ab1c-6689a7287ab7 req-18880647-f0da-4245-ab1c-6689a7287ab7 ] Request (ServersWithSpecificFlavorTestJSON:test_verify_created_server_ephemeral_disk): 200 GET http://10.180.1.21/compute/v2.1/servers/4b3e0653-b7d8-4458-ac35-a81527b7ceb8 0.554s
2025-01-14 17:10:23.083 69471 INFO tempest.lib.common.rest_client [req-0d79d151-cab2-4dde-8c1a-3c5a39e0afd4 req-0d79d151-cab2-4dde-8c1a-3c5a39e0afd4 ] Request (MigrationsAdminTest:test_resize_server_revert_deleted_flavor): 200 GET http://10.180.1.21/compute/v2.1/servers/689df898-ef9c-4a0b-8196-f2e917101949 0.648s
2025-01-14 17:10:23.091 69491 INFO tempest.lib.common.rest_client [req-4b8ef9c4-f579-49b8-ae7f-bf3d52d4b2c7 req-4b8ef9c4-f579-49b8-ae7f-bf3d52d4b2c7 ] Request (ServersAdminTestJSON:test_list_servers_filter_by_exist_host): 200 GET http://10.180.1.21/compute/v2.1/servers?host=cpu-1&all_tenants=1 0.556s
2025-01-14 17:10:23.095 69471 INFO tempest.common.waiters [-] State transition "BUILD/spawning" ==> "ACTIVE/None" after 59 second wait
2025-01-14 17:10:23.145 69501 INFO tempest.lib.common.rest_client [req-77375db6-d5e8-4764-b7b4-33a481e57ffc req-77375db6-d5e8-4764-b7b4-33a481e57ffc ] Request (ListServerFiltersTestJSON:tearDownClass): 200 GET http://10.180.1.21/compute/v2.1/servers/e52bb7a4-0d9e-42b1-93a5-5005a3c99229 0.607s
2025-01-14 17:10:23.149 69465 INFO tempest.lib.common.rest_client [req-e41dc248-8347-45a0-a501-4ee9732989b1 req-e41dc248-8347-45a0-a501-4ee9732989b1 ] Request (ServerDiskConfigTestJSON:test_rebuild_server_with_auto_disk_config): 200 GET http://10.180.1.21/compute/v2.1/servers/85d67c6c-ff9a-4c24-8f89-845a0e2829bf 0.547s
2025-01-14 17:10:23.210 69487 INFO tempest.lib.common.rest_client [req-f9122e4d-4a31-4064-9861-9159d9a4acd7 req-f9122e4d-4a31-4064-9861-9159d9a4acd7 ] Request (VolumesAdminNegativeTest:test_update_attached_volume_with_nonexistent_volume_in_body): 200 GET http://10.180.1.21/volume/v3/volumes/05094159-8f82-4d25-9e02-1d1c3f1b2a09 0.035s
2025-01-14 17:10:23.213 69469 INFO tempest.lib.common.rest_client [req-7509cc86-6948-4a1e-bce4-470e81aac7cc req-7509cc86-6948-4a1e-bce4-470e81aac7cc ] Request (ListServersNegativeTestJSON:setUpClass): 200 GET http://10.180.1.21/compute/v2.1/servers/5452d952-0785-4526-a865-4951b0f9004f 0.464s
2025-01-14 17:10:23.222 69461 INFO tempest.lib.common.rest_client [req-9d986cd2-3a28-4453-9e36-61ec946f0b28 req-9d986cd2-3a28-4453-9e36-61ec946f0b28 ] Request (VolumesAssistedSnapshotsTest:tearDownClass): 200 GET http://10.180.1.21/compute/v2.1/servers/36746589-7243-480f-8aa8-07b7ed19cdec 0.550s
2025-01-14 17:10:23.283 69515 INFO tempest.lib.common.rest_client [req-4a53ceff-097b-466b-b0b5-c14f47efea5a req-4a53ceff-097b-466b-b0b5-c14f47efea5a ] Request (SecurityGroupsTestJSON:test_server_security_groups): 200 GET http://10.180.1.21/compute/v2.1/servers/dc1b5d0d-5bdb-40f6-9308-bfa4a966adf2 0.365s
2025-01-14 17:10:23.285 69479 INFO tempest.lib.common.rest_client [req-964e4691-ee17-4c8e-8e2b-4a477b0a7b91 req-964e4691-ee17-4c8e-8e2b-4a477b0a7b91 ] Request (ServerShowV257Test:test_rebuild_server): 200 GET http://10.180.1.21/compute/v2.1/servers/014f86cc-5258-4b91-a43c-f29d7acf3e68 0.450s
2025-01-14 17:10:23.347 69513 INFO tempest.lib.common.rest_client [req-ec20a18f-e8b1-4256-95e7-7917683d2344 req-ec20a18f-e8b1-4256-95e7-7917683d2344 ] Request (ListImageFiltersTestJSON:tearDownClass): 200 GET http://10.180.1.21/compute/v2.1/servers/8b68d0fc-6687-4ac5-9ae0-b9e26a4f7226 0.341s
2025-01-14 17:10:23.395 69494 INFO tempest.lib.common.rest_client [req-7731dd92-1cda-4068-bd4c-0dde420afaf1 req-7731dd92-1cda-4068-bd4c-0dde420afaf1 ] Request (ImagesTestJSON:test_create_server_from_snapshot): 200 GET http://10.180.1.21/compute/v2.1/servers/4de3c119-cf83-4c3f-bee5-2000540c5f80 0.296s
2025-01-14 17:10:23.407 69471 INFO tempest.lib.common.rest_client [req-cd08f8c8-9e9d-4363-94b1-b61c6f5b3283 req-cd08f8c8-9e9d-4363-94b1-b61c6f5b3283 ] Request (MigrationsAdminTest:test_resize_server_revert_deleted_flavor): 200 GET http://10.180.1.21/compute/v2.1/servers/689df898-ef9c-4a0b-8196-f2e917101949 0.311s
2025-01-14 17:10:23.446 69491 INFO tempest.lib.common.rest_client [req-217bf0fd-2023-4f68-963f-f9ea9a7a52fa req-217bf0fd-2023-4f68-963f-f9ea9a7a52fa ] Request (ServersAdminTestJSON:test_list_servers_filter_by_exist_host): 200 GET http://10.180.1.21/compute/v2.1/servers?host=nonexistent_host&all_tenants=1 0.342s
2025-01-14 17:10:23.498 69508 INFO tempest.lib.common.rest_client [req-b8b9e093-ad0a-4bd2-867a-4225742ff7ec req-b8b9e093-ad0a-4bd2-867a-4225742ff7ec ] Request (ImagesOneServerNegativeTestJSON:_run_cleanups): 200 GET http://10.180.1.21/compute/v2.1/servers/394309ab-d10e-4578-bb8c-82372267ba4d 0.250s
2025-01-14 17:10:23.538 69517 INFO tempest.lib.common.rest_client [req-9adcc04e-43bc-49de-bc48-a508fa5b60e5 req-9adcc04e-43bc-49de-bc48-a508fa5b60e5 ] Request (FloatingIPsAssociationTestJSON:test_associate_already_associated_floating_ip): 200 GET http://10.180.1.21/compute/v2.1/servers/e7a6b4c9-4a95-4664-906c-e02f4191abe6 0.367s
2025-01-14 17:10:23.545 69517 INFO tempest.common.waiters [-] State transition "BUILD/networking" ==> "BUILD/spawning" after 47 second wait
2025-01-14 17:10:23.548 69473 INFO tempest.lib.common.rest_client [req-73b0250f-298a-492f-b8e9-826f559652ea req-73b0250f-298a-492f-b8e9-826f559652ea ] Request (ServersTestMultiNic:_run_cleanups): 200 GET http://10.180.1.21/compute/v2.1/servers/f62137c6-8851-4d59-9f15-2ee39cda52f6 0.204s
2025-01-14 17:10:23.564 69471 INFO tempest.lib.common.rest_client [req-369dfb52-294f-42cd-85b7-d277351fddf4 req-369dfb52-294f-42cd-85b7-d277351fddf4 ] Request (MigrationsAdminTest:test_resize_server_revert_deleted_flavor): 202 DELETE http://10.180.1.21/compute/v2.1/flavors/5e88a544-0863-45f8-9a61-4aa749394418 0.146s
2025-01-14 17:10:23.582 69483 INFO tempest.lib.common.rest_client [req-a027a874-b73f-4ad2-8793-912605450c95 req-a027a874-b73f-4ad2-8793-912605450c95 ] Request (ServerAddressesNegativeTestJSON:setUpClass): 200 GET http://10.180.1.21/compute/v2.1/servers/5526389c-8814-4aa4-bc67-aba298e39703 0.196s
2025-01-14 17:10:23.614 69491 INFO tempest.lib.common.rest_client [req-be474fda-06e0-4faa-b0e0-badcf55042d2 req-be474fda-06e0-4faa-b0e0-badcf55042d2 ] Request (ServersAdminTestJSON:test_rebuild_server_in_error_state): 202 POST http://10.180.1.21/compute/v2.1/servers/05c3d463-05fa-44a6-835c-756d94f65be4/action 0.165s
2025-01-14 17:10:23.638 69471 INFO tempest.lib.common.rest_client [req-89eb9e49-88d3-40aa-92b7-baf11b3614a3 req-89eb9e49-88d3-40aa-92b7-baf11b3614a3 ] Request (MigrationsAdminTest:test_resize_server_revert_deleted_flavor): 200 GET http://10.180.1.21/compute/v2.1/flavors/detail 0.073s
2025-01-14 17:10:23.641 69503 INFO tempest.lib.common.rest_client [req-cd6cba37-9434-4534-b21f-4f5bc1218953 req-cd6cba37-9434-4534-b21f-4f5bc1218953 ] Request (ServersAdminNegativeTestJSON:tearDownClass): 200 GET http://10.180.1.21/compute/v2.1/servers/9edbed1b-6fc3-4fbb-9c16-f426ecfa286f 0.159s
2025-01-14 17:10:23.691 69509 INFO tempest.lib.common.rest_client [req-1d8a6176-95b7-4b6b-b992-6269f54ae26b req-1d8a6176-95b7-4b6b-b992-6269f54ae26b ] Request (ServerActionsTestOtherA:test_rebuild_server_in_stop_state): 200 GET http://10.180.1.21/compute/v2.1/servers/afb11726-923b-4b23-b667-56492003de5b 0.082s
2025-01-14 17:10:23.701 69485 INFO tempest.lib.common.rest_client [req-6bdaa2d9-a653-4e54-9fed-f04b667a6269 req-6bdaa2d9-a653-4e54-9fed-f04b667a6269 ] Request (ServersTestJSON:tearDownClass): 200 GET http://10.180.1.21/compute/v2.1/servers/2b6b22da-7808-4eaa-9d5e-ea74f3d57b79 0.133s
2025-01-14 17:10:23.826 69471 INFO tempest.lib.common.rest_client [req-4671c410-4fc7-4516-b66f-7daf931f6432 req-4671c410-4fc7-4516-b66f-7daf931f6432 ] Request (MigrationsAdminTest:test_resize_server_revert_deleted_flavor): 202 POST http://10.180.1.21/compute/v2.1/servers/689df898-ef9c-4a0b-8196-f2e917101949/action 0.181s
2025-01-14 17:10:23.852 69491 INFO tempest.lib.common.rest_client [req-4496da42-17a6-4558-a4dd-2b775f91b7ee req-4496da42-17a6-4558-a4dd-2b775f91b7ee ] Request (ServersAdminTestJSON:test_rebuild_server_in_error_state): 202 POST http://10.180.1.21/compute/v2.1/servers/05c3d463-05fa-44a6-835c-756d94f65be4/action 0.238s
2025-01-14 17:10:23.881 69455 INFO tempest.lib.common.rest_client [req-9fb925f7-53e6-437b-8ef1-13638d525474 req-9fb925f7-53e6-437b-8ef1-13638d525474 ] Request (FloatingIPsAssociationNegativeTestJSON:setUpClass): 200 GET http://10.180.1.21/compute/v2.1/servers/017849f8-77d3-4c49-86ec-e54fad04b5f4 0.167s
2025-01-14 17:10:23.979 69463 INFO tempest.lib.common.rest_client [req-60340c16-9349-42e1-8c83-d6c8d3b1aee9 req-60340c16-9349-42e1-8c83-d6c8d3b1aee9 ] Request (ServerGroupTestJSON:test_create_server_with_scheduler_hint_group): 200 GET http://10.180.1.21/compute/v2.1/servers/6e56de4c-9de5-4a5b-9af4-0005925b1e4f 0.200s
2025-01-14 17:10:23.988 69463 INFO tempest.common.waiters [-] State transition "BUILD/spawning" ==> "ACTIVE/None" after 52 second wait
2025-01-14 17:10:23.992 69471 INFO tempest.lib.common.rest_client [req-86d9c82c-37dc-48df-a925-86ec45b814f7 req-86d9c82c-37dc-48df-a925-86ec45b814f7 ] Request (MigrationsAdminTest:test_resize_server_revert_deleted_flavor): 200 GET http://10.180.1.21/compute/v2.1/servers/689df898-ef9c-4a0b-8196-f2e917101949 0.165s
2025-01-14 17:10:24.026 69459 INFO tempest.lib.common.rest_client [req-426610b6-9d57-4304-8b0e-79e3b99c9a62 req-426610b6-9d57-4304-8b0e-79e3b99c9a62 ] Request (ServerTagsTestJSON:setUpClass): 200 GET http://10.180.1.21/compute/v2.1/servers/46daf026-16bc-4525-9f8c-198beb021083 0.178s
2025-01-14 17:10:24.198 69491 INFO tempest.lib.common.rest_client [req-f4a7ee88-66c1-448b-9a49-d7a54e844cb6 req-f4a7ee88-66c1-448b-9a49-d7a54e844cb6 ] Request (ServersAdminTestJSON:test_rebuild_server_in_error_state): 200 GET http://10.180.1.21/compute/v2.1/servers/05c3d463-05fa-44a6-835c-756d94f65be4 0.340s
2025-01-14 17:10:24.250 69497 INFO tempest.lib.common.rest_client [req-c72fd2a1-fdee-48ef-a1ec-df9d73011b3f req-c72fd2a1-fdee-48ef-a1ec-df9d73011b3f ] Request (ServerRescueTestJSON:setUpClass): 200 GET http://10.180.1.21/compute/v2.1/servers/55f46a77-cd49-47ba-ba4f-369ce8c69d50 0.343s
2025-01-14 17:10:24.265 69487 INFO tempest.lib.common.rest_client [req-fc91c323-5988-4988-aef5-a2e45b2e2c6d req-fc91c323-5988-4988-aef5-a2e45b2e2c6d ] Request (VolumesAdminNegativeTest:test_update_attached_volume_with_nonexistent_volume_in_body): 200 GET http://10.180.1.21/volume/v3/volumes/05094159-8f82-4d25-9e02-1d1c3f1b2a09 0.044s
2025-01-14 17:10:24.279 69467 INFO tempest.lib.common.rest_client [req-cc8fd5ad-79e7-4fe0-948a-d09dfb4d2172 req-cc8fd5ad-79e7-4fe0-948a-d09dfb4d2172 ] Request (ServersTestBootFromVolume:tearDownClass): 200 GET http://10.180.1.21/compute/v2.1/servers/a46fad37-b982-49d7-a999-755e36c1ed44 0.353s
2025-01-14 17:10:24.286 69463 INFO tempest.lib.common.rest_client [req-61d2914c-0a72-4bf3-9af0-e5fbff4b687d req-61d2914c-0a72-4bf3-9af0-e5fbff4b687d ] Request (ServerGroupTestJSON:test_create_server_with_scheduler_hint_group): 200 GET http://10.180.1.21/compute/v2.1/os-server-groups/883f11aa-81db-45e9-a222-c479b08c3668 0.297s
2025-01-14 17:10:24.339 69499 INFO tempest.lib.common.rest_client [req-66b2d2be-8150-4362-bdb5-84db00fb9574 req-66b2d2be-8150-4362-bdb5-84db00fb9574 ] Request (ServersWithSpecificFlavorTestJSON:test_verify_created_server_ephemeral_disk): 200 GET http://10.180.1.21/compute/v2.1/servers/4b3e0653-b7d8-4458-ac35-a81527b7ceb8 0.346s
2025-01-14 17:10:24.373 69501 INFO tempest.lib.common.rest_client [req-4afe5720-04d0-43a5-a8af-7226e6de1e31 req-4afe5720-04d0-43a5-a8af-7226e6de1e31 ] Request (ListServerFiltersTestJSON:tearDownClass): 200 GET http://10.180.1.21/compute/v2.1/servers/e52bb7a4-0d9e-42b1-93a5-5005a3c99229 0.219s
2025-01-14 17:10:24.419 69465 INFO tempest.lib.common.rest_client [req-46ec4a4c-ed3d-4363-b581-940f6231fdeb req-46ec4a4c-ed3d-4363-b581-940f6231fdeb ] Request (ServerDiskConfigTestJSON:test_rebuild_server_with_auto_disk_config): 200 GET http://10.180.1.21/compute/v2.1/servers/85d67c6c-ff9a-4c24-8f89-845a0e2829bf 0.258s
2025-01-14 17:10:24.454 69469 INFO tempest.lib.common.rest_client [req-9e7d2eeb-4279-4c66-bff0-b3b963c61d2f req-9e7d2eeb-4279-4c66-bff0-b3b963c61d2f ] Request (ListServersNegativeTestJSON:setUpClass): 200 GET http://10.180.1.21/compute/v2.1/servers/5452d952-0785-4526-a865-4951b0f9004f 0.232s
2025-01-14 17:10:24.478 69461 INFO tempest.lib.common.rest_client [req-5a889540-6a02-4b8e-9843-398ec5d710ba req-5a889540-6a02-4b8e-9843-398ec5d710ba ] Request (VolumesAssistedSnapshotsTest:tearDownClass): 200 GET http://10.180.1.21/compute/v2.1/servers/36746589-7243-480f-8aa8-07b7ed19cdec 0.248s
2025-01-14 17:10:24.540 69515 INFO tempest.lib.common.rest_client [req-eb620f2a-3497-41e6-8934-2d175fb7f180 req-eb620f2a-3497-41e6-8934-2d175fb7f180 ] Request (SecurityGroupsTestJSON:test_server_security_groups): 200 GET http://10.180.1.21/compute/v2.1/servers/dc1b5d0d-5bdb-40f6-9308-bfa4a966adf2 0.248s
2025-01-14 17:10:24.541 69463 INFO tempest.lib.common.rest_client [req-822ce868-f8b3-475d-ad90-0b963223644b req-822ce868-f8b3-475d-ad90-0b963223644b ] Request (ServerGroupTestJSON:_run_cleanups): 204 DELETE http://10.180.1.21/compute/v2.1/servers/6e56de4c-9de5-4a5b-9af4-0005925b1e4f 0.254s
2025-01-14 17:10:24.602 69479 INFO tempest.lib.common.rest_client [req-6842a5b9-4adb-4fd1-ad4d-1321e20e0750 req-6842a5b9-4adb-4fd1-ad4d-1321e20e0750 ] Request (ServerShowV257Test:test_rebuild_server): 200 GET http://10.180.1.21/compute/v2.1/servers/014f86cc-5258-4b91-a43c-f29d7acf3e68 0.302s
2025-01-14 17:10:24.633 69513 INFO tempest.lib.common.rest_client [req-73f528da-3e35-4269-bd52-d0fed41b844e req-73f528da-3e35-4269-bd52-d0fed41b844e ] Request (ListImageFiltersTestJSON:tearDownClass): 200 GET http://10.180.1.21/compute/v2.1/servers/8b68d0fc-6687-4ac5-9ae0-b9e26a4f7226 0.279s
2025-01-14 17:10:24.654 69494 INFO tempest.lib.common.rest_client [req-6d4f841b-acd1-4c76-b2af-39182eaaef85 req-6d4f841b-acd1-4c76-b2af-39182eaaef85 ] Request (ImagesTestJSON:test_create_server_from_snapshot): 200 GET http://10.180.1.21/compute/v2.1/servers/4de3c119-cf83-4c3f-bee5-2000540c5f80 0.246s
2025-01-14 17:10:24.699 69508 INFO tempest.lib.common.rest_client [req-19efb692-79e2-48ce-ba40-6301907278fb req-19efb692-79e2-48ce-ba40-6301907278fb ] Request (ImagesOneServerNegativeTestJSON:_run_cleanups): 200 GET http://10.180.1.21/compute/v2.1/servers/394309ab-d10e-4578-bb8c-82372267ba4d 0.193s
2025-01-14 17:10:24.841 69463 INFO tempest.lib.common.rest_client [req-9fb640e3-d3f0-4fd2-b1da-02c4b70124b1 req-9fb640e3-d3f0-4fd2-b1da-02c4b70124b1 ] Request (ServerGroupTestJSON:_run_cleanups): 200 GET http://10.180.1.21/compute/v2.1/servers/6e56de4c-9de5-4a5b-9af4-0005925b1e4f 0.299s
2025-01-14 17:10:24.845 69517 INFO tempest.lib.common.rest_client [req-ad8c2888-546e-4927-a2f5-5011a6379d4b req-ad8c2888-546e-4927-a2f5-5011a6379d4b ] Request (FloatingIPsAssociationTestJSON:test_associate_already_associated_floating_ip): 200 GET http://10.180.1.21/compute/v2.1/servers/e7a6b4c9-4a95-4664-906c-e02f4191abe6 0.299s
2025-01-14 17:10:24.860 69473 INFO tempest.lib.common.rest_client [req-99362d70-338d-4362-9bcc-5fdd98d48601 req-99362d70-338d-4362-9bcc-5fdd98d48601 ] Request (ServersTestMultiNic:_run_cleanups): 404 GET http://10.180.1.21/compute/v2.1/servers/f62137c6-8851-4d59-9f15-2ee39cda52f6 0.303s
2025-01-14 17:10:24.893 69483 INFO tempest.lib.common.rest_client [req-14001b5b-6302-4a75-bffc-e335606dbf45 req-14001b5b-6302-4a75-bffc-e335606dbf45 ] Request (ServerAddressesNegativeTestJSON:setUpClass): 200 GET http://10.180.1.21/compute/v2.1/servers/5526389c-8814-4aa4-bc67-aba298e39703 0.303s
2025-01-14 17:10:24.914 69503 INFO tempest.lib.common.rest_client [req-15e35726-160e-4773-a0bd-6ebe7b201992 req-15e35726-160e-4773-a0bd-6ebe7b201992 ] Request (ServersAdminNegativeTestJSON:tearDownClass): 200 GET http://10.180.1.21/compute/v2.1/servers/9edbed1b-6fc3-4fbb-9c16-f426ecfa286f 0.262s
2025-01-14 17:10:24.939 69509 INFO tempest.lib.common.rest_client [req-6bb5ad56-3d5b-40f6-9c57-0ab6addb8489 req-6bb5ad56-3d5b-40f6-9c57-0ab6addb8489 ] Request (ServerActionsTestOtherA:test_rebuild_server_in_stop_state): 200 GET http://10.180.1.21/compute/v2.1/servers/afb11726-923b-4b23-b667-56492003de5b 0.240s
2025-01-14 17:10:24.970 69485 INFO tempest.lib.common.rest_client [req-e2dbeb27-d5e0-40b3-b88b-f6eeb8253da5 req-e2dbeb27-d5e0-40b3-b88b-f6eeb8253da5 ] Request (ServersTestJSON:tearDownClass): 200 GET http://10.180.1.21/compute/v2.1/servers/2b6b22da-7808-4eaa-9d5e-ea74f3d57b79 0.254s
2025-01-14 17:10:24.982 69455 INFO tempest.lib.common.rest_client [req-eb05f9a9-9d48-44a6-99a4-1aade429cf22 req-eb05f9a9-9d48-44a6-99a4-1aade429cf22 ] Request (FloatingIPsAssociationNegativeTestJSON:setUpClass): 200 GET http://10.180.1.21/compute/v2.1/servers/017849f8-77d3-4c49-86ec-e54fad04b5f4 0.093s
2025-01-14 17:10:24.987 69473 INFO tempest.lib.common.rest_client [req-debb096e-ec24-4e61-83a5-da3f3633ea76 req-debb096e-ec24-4e61-83a5-da3f3633ea76 ] Request (ServersTestMultiNic:_run_cleanups): 204 DELETE http://10.180.1.21:9696/networking/v2.0/subnets/7fa5e41f-2c1a-4710-abe8-13cf1150e259 0.127s
2025-01-14 17:10:25.091 69471 INFO tempest.lib.common.rest_client [req-eceb752f-87f2-4eee-9197-238d2f3812b2 req-eceb752f-87f2-4eee-9197-238d2f3812b2 ] Request (MigrationsAdminTest:test_resize_server_revert_deleted_flavor): 200 GET http://10.180.1.21/compute/v2.1/servers/689df898-ef9c-4a0b-8196-f2e917101949 0.091s
2025-01-14 17:10:25.108 69459 INFO tempest.lib.common.rest_client [req-404b1cae-c90c-4e87-a084-4d6a1d1c4d7f req-404b1cae-c90c-4e87-a084-4d6a1d1c4d7f ] Request (ServerTagsTestJSON:setUpClass): 200 GET http://10.180.1.21/compute/v2.1/servers/46daf026-16bc-4525-9f8c-198beb021083 0.072s
2025-01-14 17:10:25.119 69459 INFO tempest.common.waiters [-] State transition "BUILD/scheduling" ==> "BUILD/None" after 3 second wait
2025-01-14 17:10:25.203 69473 INFO tempest.lib.common.rest_client [req-41292ee1-1008-4fa1-a5da-78228086c518 req-41292ee1-1008-4fa1-a5da-78228086c518 ] Request (ServersTestMultiNic:_run_cleanups): 204 DELETE http://10.180.1.21:9696/networking/v2.0/networks/aa8fe682-b646-4c74-af00-588c93f8be8f 0.215s
2025-01-14 17:10:25.304 69473 INFO tempest.lib.common.rest_client [req-7813fa28-eaf3-4db2-92b0-22a68fb6ec1e req-7813fa28-eaf3-4db2-92b0-22a68fb6ec1e ] Request (ServersTestMultiNic:_run_cleanups): 204 DELETE http://10.180.1.21:9696/networking/v2.0/subnets/7509be4c-df45-49f8-8279-2e26f67d5530 0.100s
2025-01-14 17:10:25.317 69491 INFO tempest.lib.common.rest_client [req-7da5ef28-75a6-4ba6-9fb2-202f757138b5 req-7da5ef28-75a6-4ba6-9fb2-202f757138b5 ] Request (ServersAdminTestJSON:test_rebuild_server_in_error_state): 200 GET http://10.180.1.21/compute/v2.1/servers/05c3d463-05fa-44a6-835c-756d94f65be4 0.107s
2025-01-14 17:10:25.319 69487 INFO tempest.lib.common.rest_client [req-f12c432c-5ade-46b7-a50b-d8d193c65301 req-f12c432c-5ade-46b7-a50b-d8d193c65301 ] Request (VolumesAdminNegativeTest:test_update_attached_volume_with_nonexistent_volume_in_body): 200 GET http://10.180.1.21/volume/v3/volumes/05094159-8f82-4d25-9e02-1d1c3f1b2a09 0.045s
2025-01-14 17:10:25.356 69497 INFO tempest.lib.common.rest_client [req-340950b8-cedd-4865-a2dd-bba2d14d7894 req-340950b8-cedd-4865-a2dd-bba2d14d7894 ] Request (ServerRescueTestJSON:setUpClass): 200 GET http://10.180.1.21/compute/v2.1/servers/55f46a77-cd49-47ba-ba4f-369ce8c69d50 0.094s
2025-01-14 17:10:25.379 69467 INFO tempest.lib.common.rest_client [req-8dc3171c-5cb2-4ed6-9892-7ad042902e64 req-8dc3171c-5cb2-4ed6-9892-7ad042902e64 ] Request (ServersTestBootFromVolume:tearDownClass): 200 GET http://10.180.1.21/compute/v2.1/servers/a46fad37-b982-49d7-a999-755e36c1ed44 0.089s
2025-01-14 17:10:25.413 69499 INFO tempest.lib.common.rest_client [req-7a3d3165-32bb-48d1-9aa9-35e9d356fd61 req-7a3d3165-32bb-48d1-9aa9-35e9d356fd61 ] Request (ServersWithSpecificFlavorTestJSON:test_verify_created_server_ephemeral_disk): 200 GET http://10.180.1.21/compute/v2.1/servers/4b3e0653-b7d8-4458-ac35-a81527b7ceb8 0.060s
2025-01-14 17:10:25.454 69501 INFO tempest.lib.common.rest_client [req-84e5d3fc-b1b9-489c-af52-b9e0b550378b req-84e5d3fc-b1b9-489c-af52-b9e0b550378b ] Request (ListServerFiltersTestJSON:tearDownClass): 200 GET http://10.180.1.21/compute/v2.1/servers/e52bb7a4-0d9e-42b1-93a5-5005a3c99229 0.067s
2025-01-14 17:10:25.486 69465 INFO tempest.lib.common.rest_client [req-778ea190-2b5b-428d-82c6-3d6cf9a31d40 req-778ea190-2b5b-428d-82c6-3d6cf9a31d40 ] Request (ServerDiskConfigTestJSON:test_rebuild_server_with_auto_disk_config): 200 GET http://10.180.1.21/compute/v2.1/servers/85d67c6c-ff9a-4c24-8f89-845a0e2829bf 0.057s
2025-01-14 17:10:25.519 69473 INFO tempest.lib.common.rest_client [req-7026735f-5ebf-4f54-bbde-5ce703b1fe8f req-7026735f-5ebf-4f54-bbde-5ce703b1fe8f ] Request (ServersTestMultiNic:_run_cleanups): 204 DELETE http://10.180.1.21:9696/networking/v2.0/networks/2574ba59-d9d1-47fb-93d0-fd729cfff8f5 0.215s
2025-01-14 17:10:25.527 69469 INFO tempest.lib.common.rest_client [req-e84e07e5-f37b-4b5a-affb-595bf9c177d6 req-e84e07e5-f37b-4b5a-affb-595bf9c177d6 ] Request (ListServersNegativeTestJSON:setUpClass): 200 GET http://10.180.1.21/compute/v2.1/servers/5452d952-0785-4526-a865-4951b0f9004f 0.063s
2025-01-14 17:10:25.635 69515 INFO tempest.lib.common.rest_client [req-75757eab-e8b1-4482-9b1c-99fe5da948da req-75757eab-e8b1-4482-9b1c-99fe5da948da ] Request (SecurityGroupsTestJSON:test_server_security_groups): 200 GET http://10.180.1.21/compute/v2.1/servers/dc1b5d0d-5bdb-40f6-9308-bfa4a966adf2 0.082s
2025-01-14 17:10:25.661 69477 INFO paramiko.transport [-] Connected (version 2.0, client dropbear_2020.81)
2025-01-14 17:10:25.712 69479 INFO tempest.lib.common.rest_client [req-78aae6a7-fcb5-406c-a03c-b1be57782ce4 req-78aae6a7-fcb5-406c-a03c-b1be57782ce4 ] Request (ServerShowV257Test:test_rebuild_server): 200 GET http://10.180.1.21/compute/v2.1/servers/014f86cc-5258-4b91-a43c-f29d7acf3e68 0.099s
2025-01-14 17:10:25.718 69473 INFO tempest.lib.common.rest_client [req-d8be5772-dcad-44f1-adec-48f26c1b64b7 req-d8be5772-dcad-44f1-adec-48f26c1b64b7 ] Request (ServersTestMultiNic:test_verify_multiple_nics_order): 201 POST http://10.180.1.21:9696/networking/v2.0/networks 0.197s
2025-01-14 17:10:25.728 69477 INFO paramiko.transport [-] Authentication (publickey) successful!
2025-01-14 17:10:25.729 69477 INFO tempest.lib.common.ssh [-] ssh connection to cirros@10.180.180.229 successfully created
2025-01-14 17:10:25.737 69477 INFO tempest.lib.common.ssh [-] Creating ssh connection to '10.180.180.229:22' as 'cirros' with public key authentication
2025-01-14 17:10:25.744 69477 INFO paramiko.transport [-] Connected (version 2.0, client dropbear_2020.81)
2025-01-14 17:10:25.794 69513 INFO tempest.lib.common.rest_client [req-916fff84-a187-463b-995c-118afb62f9e8 req-916fff84-a187-463b-995c-118afb62f9e8 ] Request (ListImageFiltersTestJSON:tearDownClass): 200 GET http://10.180.1.21/compute/v2.1/servers/8b68d0fc-6687-4ac5-9ae0-b9e26a4f7226 0.153s
2025-01-14 17:10:25.800 69477 INFO paramiko.transport [-] Authentication (publickey) successful!
2025-01-14 17:10:25.800 69477 INFO tempest.lib.common.ssh [-] ssh connection to cirros@10.180.180.229 successfully created
2025-01-14 17:10:25.859 69494 INFO tempest.lib.common.rest_client [req-b0a6d5d5-440f-4844-ba64-ae4fd9fbdd71 req-b0a6d5d5-440f-4844-ba64-ae4fd9fbdd71 ] Request (ImagesTestJSON:test_create_server_from_snapshot): 200 GET http://10.180.1.21/compute/v2.1/servers/4de3c119-cf83-4c3f-bee5-2000540c5f80 0.197s
2025-01-14 17:10:25.877 69461 INFO tempest.lib.common.rest_client [req-3b691a17-ac56-4650-8745-a010d51e8535 req-3b691a17-ac56-4650-8745-a010d51e8535 ] Request (VolumesAssistedSnapshotsTest:tearDownClass): 200 GET http://10.180.1.21/compute/v2.1/servers/36746589-7243-480f-8aa8-07b7ed19cdec 0.390s
2025-01-14 17:10:25.914 69508 INFO tempest.lib.common.rest_client [req-250e34d2-0f7d-4d78-8ebb-1e9930b9aba4 req-250e34d2-0f7d-4d78-8ebb-1e9930b9aba4 ] Request (ImagesOneServerNegativeTestJSON:_run_cleanups): 200 GET http://10.180.1.21/compute/v2.1/servers/394309ab-d10e-4578-bb8c-82372267ba4d 0.205s
2025-01-14 17:10:25.939 69473 INFO tempest.lib.common.rest_client [req-3510d3d0-705e-4bce-80ea-0772686d569d req-3510d3d0-705e-4bce-80ea-0772686d569d ] Request (ServersTestMultiNic:test_verify_multiple_nics_order): 201 POST http://10.180.1.21:9696/networking/v2.0/subnets 0.220s
2025-01-14 17:10:25.986 69463 INFO tempest.lib.common.rest_client [req-19831f7a-7ce7-47ca-8ae6-dadc0557d0be req-19831f7a-7ce7-47ca-8ae6-dadc0557d0be ] Request (ServerGroupTestJSON:_run_cleanups): 200 GET http://10.180.1.21/compute/v2.1/servers/6e56de4c-9de5-4a5b-9af4-0005925b1e4f 0.136s
2025-01-14 17:10:26.021 69517 INFO tempest.lib.common.rest_client [req-8627496a-b966-4781-8fb0-3e41c0a5760c req-8627496a-b966-4781-8fb0-3e41c0a5760c ] Request (FloatingIPsAssociationTestJSON:test_associate_already_associated_floating_ip): 200 GET http://10.180.1.21/compute/v2.1/servers/e7a6b4c9-4a95-4664-906c-e02f4191abe6 0.169s
2025-01-14 17:10:26.032 69483 INFO tempest.lib.common.rest_client [req-120d68b0-4503-4c80-a4bc-c76c7c3aac61 req-120d68b0-4503-4c80-a4bc-c76c7c3aac61 ] Request (ServerAddressesNegativeTestJSON:setUpClass): 200 GET http://10.180.1.21/compute/v2.1/servers/5526389c-8814-4aa4-bc67-aba298e39703 0.129s
2025-01-14 17:10:26.040 69473 INFO tempest.lib.common.rest_client [req-28a3ef24-2020-4cd7-a646-e6d11ae4cb5c req-28a3ef24-2020-4cd7-a646-e6d11ae4cb5c ] Request (ServersTestMultiNic:test_verify_multiple_nics_order): 201 POST http://10.180.1.21:9696/networking/v2.0/networks 0.100s
2025-01-14 17:10:26.083 69509 INFO tempest.lib.common.rest_client [req-e4578493-3b80-4f08-8d9e-4857c67b461a req-e4578493-3b80-4f08-8d9e-4857c67b461a ] Request (ServerActionsTestOtherA:test_rebuild_server_in_stop_state): 200 GET http://10.180.1.21/compute/v2.1/servers/afb11726-923b-4b23-b667-56492003de5b 0.136s
2025-01-14 17:10:26.097 69503 INFO tempest.lib.common.rest_client [req-6988da7f-00c4-48b8-982b-26866204d4b4 req-6988da7f-00c4-48b8-982b-26866204d4b4 ] Request (ServersAdminNegativeTestJSON:tearDownClass): 200 GET http://10.180.1.21/compute/v2.1/servers/9edbed1b-6fc3-4fbb-9c16-f426ecfa286f 0.174s
2025-01-14 17:10:26.143 69485 INFO tempest.lib.common.rest_client [req-bb51cb73-09e4-4881-824b-b2a6de892c08 req-bb51cb73-09e4-4881-824b-b2a6de892c08 ] Request (ServersTestJSON:tearDownClass): 200 GET http://10.180.1.21/compute/v2.1/servers/2b6b22da-7808-4eaa-9d5e-ea74f3d57b79 0.166s
2025-01-14 17:10:26.157 69455 INFO tempest.lib.common.rest_client [req-ae0f8525-d60b-43b8-841e-055e724da4cc req-ae0f8525-d60b-43b8-841e-055e724da4cc ] Request (FloatingIPsAssociationNegativeTestJSON:setUpClass): 200 GET http://10.180.1.21/compute/v2.1/servers/017849f8-77d3-4c49-86ec-e54fad04b5f4 0.168s
2025-01-14 17:10:26.209 69459 INFO tempest.lib.common.rest_client [req-080a5d69-c0a7-4442-b557-b047cc86d546 req-080a5d69-c0a7-4442-b557-b047cc86d546 ] Request (ServerTagsTestJSON:setUpClass): 200 GET http://10.180.1.21/compute/v2.1/servers/46daf026-16bc-4525-9f8c-198beb021083 0.089s
2025-01-14 17:10:26.235 69473 INFO tempest.lib.common.rest_client [req-230913f6-9dd6-476f-87e4-64aad6823485 req-230913f6-9dd6-476f-87e4-64aad6823485 ] Request (ServersTestMultiNic:test_verify_multiple_nics_order): 201 POST http://10.180.1.21:9696/networking/v2.0/subnets 0.195s
2025-01-14 17:10:26.249 69471 INFO tempest.lib.common.rest_client [req-70739bd3-4779-427b-ace0-b416a44a5324 req-70739bd3-4779-427b-ace0-b416a44a5324 ] Request (MigrationsAdminTest:test_resize_server_revert_deleted_flavor): 200 GET http://10.180.1.21/compute/v2.1/servers/689df898-ef9c-4a0b-8196-f2e917101949 0.150s
2025-01-14 17:10:26.294 69473 INFO tempest.lib.common.rest_client [req-067cfc15-b059-441d-8fde-071e37d5afde req-067cfc15-b059-441d-8fde-071e37d5afde ] Request (ServersTestMultiNic:test_verify_multiple_nics_order): 201 POST http://10.180.1.21/identity/v3/auth/tokens 0.056s
2025-01-14 17:10:26.295 69473 INFO tempest.lib.common.fixed_network [-] (ServersTestMultiNic:test_verify_multiple_nics_order) Found network {'id': 'f00dbcdb-ab52-4e05-ba58-68d15f2f3918', 'name': 'tempest-ServersTestMultiNic-1406919591-network', 'tenant_id': '4d159bb1e2a7400286a4e51831385ac0', 'admin_state_up': True, 'mtu': 8950, 'status': 'ACTIVE', 'subnets': [], 'shared': False, 'project_id': '4d159bb1e2a7400286a4e51831385ac0', 'port_security_enabled': True, 'router:external': False, 'provider:network_type': 'vlan', 'provider:physical_network': 'default', 'provider:segmentation_id': 74, 'availability_zone_hints': [], 'availability_zones': [], 'ipv4_address_scope': None, 'ipv6_address_scope': None, 'description': '', 'tags': [], 'created_at': '2025-01-14T17:08:10Z', 'updated_at': '2025-01-14T17:08:10Z', 'revision_number': 1} available for tenant
2025-01-14 17:10:26.360 69487 INFO tempest.lib.common.rest_client [req-d65a7141-c5fd-4bf3-bf38-b1dc4d5522f3 req-d65a7141-c5fd-4bf3-bf38-b1dc4d5522f3 ] Request (VolumesAdminNegativeTest:test_update_attached_volume_with_nonexistent_volume_in_body): 200 GET http://10.180.1.21/volume/v3/volumes/05094159-8f82-4d25-9e02-1d1c3f1b2a09 0.028s
2025-01-14 17:10:26.475 69491 INFO tempest.lib.common.rest_client [req-17077135-de0c-4afc-8581-aa6bd5a13a6f req-17077135-de0c-4afc-8581-aa6bd5a13a6f ] Request (ServersAdminTestJSON:test_rebuild_server_in_error_state): 200 GET http://10.180.1.21/compute/v2.1/servers/05c3d463-05fa-44a6-835c-756d94f65be4 0.149s
2025-01-14 17:10:26.611 69497 INFO tempest.lib.common.rest_client [req-5e168556-f677-4253-a5d9-74da15af91b4 req-5e168556-f677-4253-a5d9-74da15af91b4 ] Request (ServerRescueTestJSON:setUpClass): 200 GET http://10.180.1.21/compute/v2.1/servers/55f46a77-cd49-47ba-ba4f-369ce8c69d50 0.246s
2025-01-14 17:10:26.633 69467 INFO tempest.lib.common.rest_client [req-4c26f7ec-2f63-4d85-b964-b838027671d6 req-4c26f7ec-2f63-4d85-b964-b838027671d6 ] Request (ServersTestBootFromVolume:tearDownClass): 404 GET http://10.180.1.21/compute/v2.1/servers/a46fad37-b982-49d7-a999-755e36c1ed44 0.245s
2025-01-14 17:10:26.686 69499 INFO tempest.lib.common.rest_client [req-902520a2-ac50-45de-a399-3d23d4427396 req-902520a2-ac50-45de-a399-3d23d4427396 ] Request (ServersWithSpecificFlavorTestJSON:test_verify_created_server_ephemeral_disk): 200 GET http://10.180.1.21/compute/v2.1/servers/4b3e0653-b7d8-4458-ac35-a81527b7ceb8 0.266s
2025-01-14 17:10:26.741 69501 INFO tempest.lib.common.rest_client [req-b6032c16-3458-4587-877d-34417868683f req-b6032c16-3458-4587-877d-34417868683f ] Request (ListServerFiltersTestJSON:tearDownClass): 200 GET http://10.180.1.21/compute/v2.1/servers/e52bb7a4-0d9e-42b1-93a5-5005a3c99229 0.279s
2025-01-14 17:10:26.768 69473 INFO tempest.lib.common.rest_client [req-7c997d12-ee83-4433-8cf1-219af21bb3c9 req-7c997d12-ee83-4433-8cf1-219af21bb3c9 ] Request (ServersTestMultiNic:test_verify_multiple_nics_order): 202 POST http://10.180.1.21/compute/v2.1/servers 0.472s
2025-01-14 17:10:26.795 69465 INFO tempest.lib.common.rest_client [req-360d52b8-ea76-4190-87e5-404e4d1cf96d req-360d52b8-ea76-4190-87e5-404e4d1cf96d ] Request (ServerDiskConfigTestJSON:test_rebuild_server_with_auto_disk_config): 200 GET http://10.180.1.21/compute/v2.1/servers/85d67c6c-ff9a-4c24-8f89-845a0e2829bf 0.302s
2025-01-14 17:10:26.819 69469 INFO tempest.lib.common.rest_client [req-c19e85e0-b1a0-4d88-9317-096a6541b4b7 req-c19e85e0-b1a0-4d88-9317-096a6541b4b7 ] Request (ListServersNegativeTestJSON:setUpClass): 200 GET http://10.180.1.21/compute/v2.1/servers/5452d952-0785-4526-a865-4951b0f9004f 0.279s
2025-01-14 17:10:26.829 69467 INFO tempest.lib.common.rest_client [req-1f06b1c8-f303-469f-8ea4-5146da24de0c req-1f06b1c8-f303-469f-8ea4-5146da24de0c ] Request (ServersTestBootFromVolume:tearDownClass): 202 DELETE http://10.180.1.21/compute/v2.1/os-keypairs/tempest-keypair-1362823838 0.196s
2025-01-14 17:10:26.906 69515 INFO tempest.lib.common.rest_client [req-7085dae0-30ff-4504-b604-64c36f5ecae9 req-7085dae0-30ff-4504-b604-64c36f5ecae9 ] Request (SecurityGroupsTestJSON:test_server_security_groups): 200 GET http://10.180.1.21/compute/v2.1/servers/dc1b5d0d-5bdb-40f6-9308-bfa4a966adf2 0.262s
2025-01-14 17:10:26.912 69479 INFO tempest.lib.common.rest_client [req-8a79b1b6-a999-4e73-92e3-1a1f12471c1d req-8a79b1b6-a999-4e73-92e3-1a1f12471c1d ] Request (ServerShowV257Test:test_rebuild_server): 200 GET http://10.180.1.21/compute/v2.1/servers/014f86cc-5258-4b91-a43c-f29d7acf3e68 0.182s
2025-01-14 17:10:26.954 69473 INFO tempest.lib.common.rest_client [req-b5ed73da-36a5-4ecf-b526-5da057e13382 req-b5ed73da-36a5-4ecf-b526-5da057e13382 ] Request (ServersTestMultiNic:test_verify_multiple_nics_order): 200 GET http://10.180.1.21/compute/v2.1/servers/f48bbead-21ee-4778-af3c-bab52debb935 0.184s
2025-01-14 17:10:26.987 69513 INFO tempest.lib.common.rest_client [req-5a00e976-463f-4c84-b927-84a5a5b1bd31 req-5a00e976-463f-4c84-b927-84a5a5b1bd31 ] Request (ListImageFiltersTestJSON:tearDownClass): 200 GET http://10.180.1.21/compute/v2.1/servers/8b68d0fc-6687-4ac5-9ae0-b9e26a4f7226 0.184s
2025-01-14 17:10:26.996 69467 INFO tempest.lib.common.rest_client [req-9b402d96-bac8-4135-8844-fb7f9fe7d48a req-9b402d96-bac8-4135-8844-fb7f9fe7d48a ] Request (ServersTestBootFromVolume:tearDownClass): 204 DELETE http://10.180.1.21:9696/networking/v2.0/security-groups/866f71a6-c4fb-47e6-bd40-66f3212a304c 0.166s
2025-01-14 17:10:27.012 69467 INFO tempest.lib.common.rest_client [req-a6512786-7a35-44ce-ac7e-ef0af3b20094 req-a6512786-7a35-44ce-ac7e-ef0af3b20094 ] Request (ServersTestBootFromVolume:tearDownClass): 404 GET http://10.180.1.21:9696/networking/v2.0/security-groups/866f71a6-c4fb-47e6-bd40-66f3212a304c 0.015s
2025-01-14 17:10:27.017 69494 INFO tempest.lib.common.rest_client [req-af29c10b-6127-4411-8c98-405c196347d0 req-af29c10b-6127-4411-8c98-405c196347d0 ] Request (ImagesTestJSON:test_create_server_from_snapshot): 200 GET http://10.180.1.21/compute/v2.1/servers/4de3c119-cf83-4c3f-bee5-2000540c5f80 0.148s
2025-01-14 17:10:27.062 69461 INFO tempest.lib.common.rest_client [req-a567bd20-f5c9-4013-80a4-01de77b4daba req-a567bd20-f5c9-4013-80a4-01de77b4daba ] Request (VolumesAssistedSnapshotsTest:tearDownClass): 200 GET http://10.180.1.21/compute/v2.1/servers/36746589-7243-480f-8aa8-07b7ed19cdec 0.177s
2025-01-14 17:10:27.086 69508 INFO tempest.lib.common.rest_client [req-5e945df2-a092-46ab-8d90-4dd341b0ec35 req-5e945df2-a092-46ab-8d90-4dd341b0ec35 ] Request (ImagesOneServerNegativeTestJSON:_run_cleanups): 200 GET http://10.180.1.21/compute/v2.1/servers/394309ab-d10e-4578-bb8c-82372267ba4d 0.163s
2025-01-14 17:10:27.227 69463 INFO tempest.lib.common.rest_client [req-4b313455-d070-4e73-a1e0-424eb3c4affd req-4b313455-d070-4e73-a1e0-424eb3c4affd ] Request (ServerGroupTestJSON:_run_cleanups): 200 GET http://10.180.1.21/compute/v2.1/servers/6e56de4c-9de5-4a5b-9af4-0005925b1e4f 0.226s
2025-01-14 17:10:27.245 69517 INFO tempest.lib.common.rest_client [req-89424370-faab-4429-b795-bb2b6ada4c05 req-89424370-faab-4429-b795-bb2b6ada4c05 ] Request (FloatingIPsAssociationTestJSON:test_associate_already_associated_floating_ip): 200 GET http://10.180.1.21/compute/v2.1/servers/e7a6b4c9-4a95-4664-906c-e02f4191abe6 0.215s
2025-01-14 17:10:27.272 69483 INFO tempest.lib.common.rest_client [req-944316a9-2c86-4fd6-a563-97f1e2014f6d req-944316a9-2c86-4fd6-a563-97f1e2014f6d ] Request (ServerAddressesNegativeTestJSON:setUpClass): 200 GET http://10.180.1.21/compute/v2.1/servers/5526389c-8814-4aa4-bc67-aba298e39703 0.232s
2025-01-14 17:10:27.311 69509 INFO tempest.lib.common.rest_client [req-fc485893-936e-4e17-9cf3-36b0f620b375 req-fc485893-936e-4e17-9cf3-36b0f620b375 ] Request (ServerActionsTestOtherA:test_rebuild_server_in_stop_state): 200 GET http://10.180.1.21/compute/v2.1/servers/afb11726-923b-4b23-b667-56492003de5b 0.215s
2025-01-14 17:10:27.331 69503 INFO tempest.lib.common.rest_client [req-0a65d584-dce1-42c6-9a85-cfb00b98f6b6 req-0a65d584-dce1-42c6-9a85-cfb00b98f6b6 ] Request (ServersAdminNegativeTestJSON:tearDownClass): 200 GET http://10.180.1.21/compute/v2.1/servers/9edbed1b-6fc3-4fbb-9c16-f426ecfa286f 0.224s
2025-01-14 17:10:27.401 69487 INFO tempest.lib.common.rest_client [req-2ac7b8c9-3aed-48a6-834f-3aa30252d549 req-2ac7b8c9-3aed-48a6-834f-3aa30252d549 ] Request (VolumesAdminNegativeTest:test_update_attached_volume_with_nonexistent_volume_in_body): 200 GET http://10.180.1.21/volume/v3/volumes/05094159-8f82-4d25-9e02-1d1c3f1b2a09 0.032s
2025-01-14 17:10:27.441 69467 INFO tempest.lib.common.rest_client [req-1c8ace19-65fa-4459-849a-99bed82b194a req-1c8ace19-65fa-4459-849a-99bed82b194a ] Request (ServersTestBootFromVolume:tearDownClass): 204 DELETE http://10.180.1.21:9696/networking/v2.0/floatingips/b163fe5d-4365-4338-8c45-cfe61d025da5 0.427s
2025-01-14 17:10:27.639 69485 INFO tempest.lib.common.rest_client [req-a6df16ce-02e5-47fc-8dbb-218725e9479e req-a6df16ce-02e5-47fc-8dbb-218725e9479e ] Request (ServersTestJSON:tearDownClass): 200 GET http://10.180.1.21/compute/v2.1/servers/2b6b22da-7808-4eaa-9d5e-ea74f3d57b79 0.484s
2025-01-14 17:10:27.651 69455 INFO tempest.lib.common.rest_client [req-f7a3b129-e41d-4fc7-a98a-aac98625c717 req-f7a3b129-e41d-4fc7-a98a-aac98625c717 ] Request (FloatingIPsAssociationNegativeTestJSON:setUpClass): 200 GET http://10.180.1.21/compute/v2.1/servers/017849f8-77d3-4c49-86ec-e54fad04b5f4 0.484s
2025-01-14 17:10:27.720 69459 INFO tempest.lib.common.rest_client [req-602cc693-0194-40b6-87e2-7268a47534a6 req-602cc693-0194-40b6-87e2-7268a47534a6 ] Request (ServerTagsTestJSON:setUpClass): 200 GET http://10.180.1.21/compute/v2.1/servers/46daf026-16bc-4525-9f8c-198beb021083 0.499s
2025-01-14 17:10:27.839 69471 INFO tempest.lib.common.rest_client [req-66349898-3653-4dea-94c6-f1d3089e911e req-66349898-3653-4dea-94c6-f1d3089e911e ] Request (MigrationsAdminTest:test_resize_server_revert_deleted_flavor): 200 GET http://10.180.1.21/compute/v2.1/servers/689df898-ef9c-4a0b-8196-f2e917101949 0.582s
2025-01-14 17:10:27.880 69491 INFO tempest.lib.common.rest_client [req-ec7736fd-dc26-4da7-ae72-68ee79afc3ba req-ec7736fd-dc26-4da7-ae72-68ee79afc3ba ] Request (ServersAdminTestJSON:test_rebuild_server_in_error_state): 200 GET http://10.180.1.21/compute/v2.1/servers/05c3d463-05fa-44a6-835c-756d94f65be4 0.397s
2025-01-14 17:10:27.888 69491 INFO tempest.common.waiters [-] State transition "REBUILD/rebuilding" ==> "REBUILD/rebuild_spawning" after 3 second wait
2025-01-14 17:10:27.939 69499 INFO tempest.lib.common.rest_client [req-a76ce6c4-5bc2-4585-ada8-578a306d3591 req-a76ce6c4-5bc2-4585-ada8-578a306d3591 ] Request (ServersWithSpecificFlavorTestJSON:test_verify_created_server_ephemeral_disk): 200 GET http://10.180.1.21/compute/v2.1/servers/4b3e0653-b7d8-4458-ac35-a81527b7ceb8 0.244s
2025-01-14 17:10:27.957 69497 INFO tempest.lib.common.rest_client [req-cde16068-ec5f-4861-9810-674d9305ff4c req-cde16068-ec5f-4861-9810-674d9305ff4c ] Request (ServerRescueTestJSON:setUpClass): 200 GET http://10.180.1.21/compute/v2.1/servers/55f46a77-cd49-47ba-ba4f-369ce8c69d50 0.333s
2025-01-14 17:10:28.003 69501 INFO tempest.lib.common.rest_client [req-36f4475f-5f03-41cc-93f8-b5d007b04ced req-36f4475f-5f03-41cc-93f8-b5d007b04ced ] Request (ListServerFiltersTestJSON:tearDownClass): 200 GET http://10.180.1.21/compute/v2.1/servers/e52bb7a4-0d9e-42b1-93a5-5005a3c99229 0.253s
2025-01-14 17:10:28.014 69465 INFO tempest.lib.common.rest_client [req-61bf1f51-fe23-4b49-ad0c-3d624a264397 req-61bf1f51-fe23-4b49-ad0c-3d624a264397 ] Request (ServerDiskConfigTestJSON:test_rebuild_server_with_auto_disk_config): 200 GET http://10.180.1.21/compute/v2.1/servers/85d67c6c-ff9a-4c24-8f89-845a0e2829bf 0.210s
2025-01-14 17:10:28.064 69469 INFO tempest.lib.common.rest_client [req-9ca71d9d-c34c-4691-b2e9-c0b51d537756 req-9ca71d9d-c34c-4691-b2e9-c0b51d537756 ] Request (ListServersNegativeTestJSON:setUpClass): 200 GET http://10.180.1.21/compute/v2.1/servers/5452d952-0785-4526-a865-4951b0f9004f 0.235s
2025-01-14 17:10:28.077 69515 INFO tempest.lib.common.rest_client [req-d1aac659-cf3c-48c8-9935-a0b0c4cc181e req-d1aac659-cf3c-48c8-9935-a0b0c4cc181e ] Request (SecurityGroupsTestJSON:test_server_security_groups): 200 GET http://10.180.1.21/compute/v2.1/servers/dc1b5d0d-5bdb-40f6-9308-bfa4a966adf2 0.163s
2025-01-14 17:10:28.120 69495 WARNING tempest.lib.common.ssh [-] Failed to establish authenticated ssh connection to cirros@10.180.180.192 ([Errno None] Unable to connect to port 22 on 10.180.180.192). Number attempts: 3. Retry after 4 seconds.: paramiko.ssh_exception.NoValidConnectionsError: [Errno None] Unable to connect to port 22 on 10.180.180.192
2025-01-14 17:10:28.125 69479 INFO tempest.lib.common.rest_client [req-d6fd8fdf-b904-4d70-9ed5-5b2a06a1d601 req-d6fd8fdf-b904-4d70-9ed5-5b2a06a1d601 ] Request (ServerShowV257Test:test_rebuild_server): 200 GET http://10.180.1.21/compute/v2.1/servers/014f86cc-5258-4b91-a43c-f29d7acf3e68 0.203s
2025-01-14 17:10:28.131 69467 INFO tempest.lib.common.rest_client [req-97d24fc1-2db2-429c-83d9-14464b5ef520 req-97d24fc1-2db2-429c-83d9-14464b5ef520 ] Request (ServersTestBootFromVolume:tearDownClass): 200 PUT http://10.180.1.21:9696/networking/v2.0/routers/71ee646c-fd55-4024-bd71-08a1f348a9b8/remove_router_interface 0.690s
2025-01-14 17:10:28.135 69473 INFO tempest.lib.common.rest_client [req-c4816630-3f60-4e54-b2d3-78c423f50a47 req-c4816630-3f60-4e54-b2d3-78c423f50a47 ] Request (ServersTestMultiNic:test_verify_multiple_nics_order): 200 GET http://10.180.1.21/compute/v2.1/servers/f48bbead-21ee-4778-af3c-bab52debb935 0.173s
2025-01-14 17:10:28.145 69473 INFO tempest.common.waiters [-] State transition "BUILD/scheduling" ==> "BUILD/None" after 2 second wait
2025-01-14 17:10:28.195 69494 INFO tempest.lib.common.rest_client [req-ded23d72-ae6d-4125-bbff-e52538e9208c req-ded23d72-ae6d-4125-bbff-e52538e9208c ] Request (ImagesTestJSON:test_create_server_from_snapshot): 200 GET http://10.180.1.21/compute/v2.1/servers/4de3c119-cf83-4c3f-bee5-2000540c5f80 0.166s
2025-01-14 17:10:28.205 69513 INFO tempest.lib.common.rest_client [req-eb1c5b13-6cff-4a24-bf6d-f7763cd7e953 req-eb1c5b13-6cff-4a24-bf6d-f7763cd7e953 ] Request (ListImageFiltersTestJSON:tearDownClass): 200 GET http://10.180.1.21/compute/v2.1/servers/8b68d0fc-6687-4ac5-9ae0-b9e26a4f7226 0.208s
2025-01-14 17:10:28.246 69461 INFO tempest.lib.common.rest_client [req-573c4604-2d30-4fb0-b0f3-07ea9956306a req-573c4604-2d30-4fb0-b0f3-07ea9956306a ] Request (VolumesAssistedSnapshotsTest:tearDownClass): 200 GET http://10.180.1.21/compute/v2.1/servers/36746589-7243-480f-8aa8-07b7ed19cdec 0.171s
2025-01-14 17:10:28.273 69508 INFO tempest.lib.common.rest_client [req-16bd6533-3882-415f-af0a-686a8e508d37 req-16bd6533-3882-415f-af0a-686a8e508d37 ] Request (ImagesOneServerNegativeTestJSON:_run_cleanups): 200 GET http://10.180.1.21/compute/v2.1/servers/394309ab-d10e-4578-bb8c-82372267ba4d 0.172s
2025-01-14 17:10:28.296 69463 INFO tempest.lib.common.rest_client [req-312a7888-5a3e-4030-adc3-6c98ed9bc8af req-312a7888-5a3e-4030-adc3-6c98ed9bc8af ] Request (ServerGroupTestJSON:_run_cleanups): 200 GET http://10.180.1.21/compute/v2.1/servers/6e56de4c-9de5-4a5b-9af4-0005925b1e4f 0.056s
2025-01-14 17:10:28.348 69483 INFO tempest.lib.common.rest_client [req-1a1cd789-10f6-42a5-8a33-1e7cfac4e543 req-1a1cd789-10f6-42a5-8a33-1e7cfac4e543 ] Request (ServerAddressesNegativeTestJSON:setUpClass): 200 GET http://10.180.1.21/compute/v2.1/servers/5526389c-8814-4aa4-bc67-aba298e39703 0.065s
2025-01-14 17:10:28.401 69517 INFO tempest.lib.common.rest_client [req-3c032390-5687-402b-92c3-8f8b86e4fcc1 req-3c032390-5687-402b-92c3-8f8b86e4fcc1 ] Request (FloatingIPsAssociationTestJSON:test_associate_already_associated_floating_ip): 200 GET http://10.180.1.21/compute/v2.1/servers/e7a6b4c9-4a95-4664-906c-e02f4191abe6 0.148s
2025-01-14 17:10:28.408 69509 INFO tempest.lib.common.rest_client [req-654b0024-7253-4c87-b94a-40e99f58f00e req-654b0024-7253-4c87-b94a-40e99f58f00e ] Request (ServerActionsTestOtherA:test_rebuild_server_in_stop_state): 200 GET http://10.180.1.21/compute/v2.1/servers/afb11726-923b-4b23-b667-56492003de5b 0.088s
2025-01-14 17:10:28.442 69487 INFO tempest.lib.common.rest_client [req-1de9a7a7-dc9b-4c08-89dd-eb42c7a0702a req-1de9a7a7-dc9b-4c08-89dd-eb42c7a0702a ] Request (VolumesAdminNegativeTest:test_update_attached_volume_with_nonexistent_volume_in_body): 200 GET http://10.180.1.21/volume/v3/volumes/05094159-8f82-4d25-9e02-1d1c3f1b2a09 0.032s
2025-01-14 17:10:28.449 69487 INFO tempest.common.waiters [-] Attachment 06fbae4a-055f-4ea0-a64e-777099a63dbf created for volume 05094159-8f82-4d25-9e02-1d1c3f1b2a09 to server c33de456-d210-4ba8-b039-3bf1678f9cb8 after waiting for 7.449057 seconds
2025-01-14 17:10:28.457 69503 INFO tempest.lib.common.rest_client [req-57559108-81a8-4470-9f82-20746c3a42a1 req-57559108-81a8-4470-9f82-20746c3a42a1 ] Request (ServersAdminNegativeTestJSON:tearDownClass): 200 GET http://10.180.1.21/compute/v2.1/servers/9edbed1b-6fc3-4fbb-9c16-f426ecfa286f 0.114s
2025-01-14 17:10:28.477 69487 INFO tempest.lib.common.rest_client [req-fd5c7e82-ee26-4fca-9b3e-cd372641ed62 req-fd5c7e82-ee26-4fca-9b3e-cd372641ed62 ] Request (VolumesAdminNegativeTest:test_update_attached_volume_with_nonexistent_volume_in_body): 200 GET http://10.180.1.21/volume/v3/volumes/05094159-8f82-4d25-9e02-1d1c3f1b2a09 0.028s
2025-01-14 17:10:28.484 69487 INFO tempest.common.waiters [-] volume 05094159-8f82-4d25-9e02-1d1c3f1b2a09 reached in-use after waiting for 0.484024 seconds
2025-01-14 17:10:28.512 69467 INFO tempest.lib.common.rest_client [req-d9939385-b265-42d4-86f8-3296fcf68c30 req-d9939385-b265-42d4-86f8-3296fcf68c30 ] Request (ServersTestBootFromVolume:tearDownClass): 204 DELETE http://10.180.1.21:9696/networking/v2.0/routers/71ee646c-fd55-4024-bd71-08a1f348a9b8 0.380s
2025-01-14 17:10:28.631 69467 INFO tempest.lib.common.rest_client [req-7e0fbd34-aae3-4cc3-b88b-8e97b0e1edd5 req-7e0fbd34-aae3-4cc3-b88b-8e97b0e1edd5 ] Request (ServersTestBootFromVolume:tearDownClass): 204 DELETE http://10.180.1.21:9696/networking/v2.0/subnets/dea00036-cc59-4dbb-8bba-50cf535fd898 0.118s
2025-01-14 17:10:28.695 69487 INFO tempest.lib.common.rest_client [req-8225e734-eba1-42ab-b671-d581e0b81406 req-8225e734-eba1-42ab-b671-d581e0b81406 ] Request (VolumesAdminNegativeTest:test_update_attached_volume_with_nonexistent_volume_in_body): 400 PUT http://10.180.1.21/compute/v2.1/servers/c33de456-d210-4ba8-b039-3bf1678f9cb8/os-volume_attachments/05094159-8f82-4d25-9e02-1d1c3f1b2a09 0.211s
2025-01-14 17:10:28.722 69487 INFO tempest.lib.common.rest_client [req-60d24c8e-4cac-4e9b-8eb5-a56c58938aa7 req-60d24c8e-4cac-4e9b-8eb5-a56c58938aa7 ] Request (VolumesAdminNegativeTest:_run_cleanups): 200 GET http://10.180.1.21/volume/v3/volumes/05094159-8f82-4d25-9e02-1d1c3f1b2a09 0.026s
2025-01-14 17:10:28.734 69485 INFO tempest.lib.common.rest_client [req-9465c3d3-527e-436c-91c1-d5d7503e939a req-9465c3d3-527e-436c-91c1-d5d7503e939a ] Request (ServersTestJSON:tearDownClass): 200 GET http://10.180.1.21/compute/v2.1/servers/2b6b22da-7808-4eaa-9d5e-ea74f3d57b79 0.084s
2025-01-14 17:10:28.751 69455 INFO tempest.lib.common.rest_client [req-826f6aca-25a6-4d62-94c3-cdf96098cc3d req-826f6aca-25a6-4d62-94c3-cdf96098cc3d ] Request (FloatingIPsAssociationNegativeTestJSON:setUpClass): 200 GET http://10.180.1.21/compute/v2.1/servers/017849f8-77d3-4c49-86ec-e54fad04b5f4 0.092s
2025-01-14 17:10:28.804 69459 INFO tempest.lib.common.rest_client [req-8f488e8c-79e0-431b-be0b-32c4c2f05a53 req-8f488e8c-79e0-431b-be0b-32c4c2f05a53 ] Request (ServerTagsTestJSON:setUpClass): 200 GET http://10.180.1.21/compute/v2.1/servers/46daf026-16bc-4525-9f8c-198beb021083 0.075s
2025-01-14 17:10:28.966 69487 INFO tempest.lib.common.rest_client [req-11ef5dae-3b65-48c4-9a37-b3ede89d33b9 req-11ef5dae-3b65-48c4-9a37-b3ede89d33b9 ] Request (VolumesAdminNegativeTest:_run_cleanups): 202 DELETE http://10.180.1.21/compute/v2.1/servers/c33de456-d210-4ba8-b039-3bf1678f9cb8/os-volume_attachments/05094159-8f82-4d25-9e02-1d1c3f1b2a09 0.235s
2025-01-14 17:10:29.041 69467 INFO tempest.lib.common.rest_client [req-a7e10b8d-a916-48fe-b24c-c48e03ab682b req-a7e10b8d-a916-48fe-b24c-c48e03ab682b ] Request (ServersTestBootFromVolume:tearDownClass): 204 DELETE http://10.180.1.21:9696/networking/v2.0/networks/f3890c45-16bc-4c59-a52c-6ae0aab9dfd8 0.409s
2025-01-14 17:10:29.270 69471 INFO tempest.lib.common.rest_client [req-d9ec88df-677a-491e-b30e-81409acbe3fd req-d9ec88df-677a-491e-b30e-81409acbe3fd ] Request (MigrationsAdminTest:test_resize_server_revert_deleted_flavor): 200 GET http://10.180.1.21/compute/v2.1/servers/689df898-ef9c-4a0b-8196-f2e917101949 0.424s
2025-01-14 17:10:29.272 69491 INFO tempest.lib.common.rest_client [req-ff85af3c-f05f-4f0c-8265-ff5bc839443f req-ff85af3c-f05f-4f0c-8265-ff5bc839443f ] Request (ServersAdminTestJSON:test_rebuild_server_in_error_state): 200 GET http://10.180.1.21/compute/v2.1/servers/05c3d463-05fa-44a6-835c-756d94f65be4 0.383s
2025-01-14 17:10:29.348 69467 INFO tempest.lib.common.rest_client [req-e6496b40-4555-4823-80fc-fb1ff16fb1c8 req-e6496b40-4555-4823-80fc-fb1ff16fb1c8 ] Request (ServersTestBootFromVolume:tearDownClass): 204 DELETE http://10.180.1.21/identity/v3/users/5e3459fecc91493494edfb8f3228e54b 0.306s
2025-01-14 17:10:29.348 69467 INFO tempest.lib.common.dynamic_creds [-] Deleting project and security group for project: 230e57a1e901453988a944cc2e57f501
