2025-01-16 08:05:03.783 68541 INFO tempest.lib.common.rest_client [req-fb492a90-05e7-4e06-8e6c-becccb1ae5ac req-fb492a90-05e7-4e06-8e6c-becccb1ae5ac ] Request (ServerActionsV293TestJSON:setUpClass): 200 GET http://10.180.1.21/compute/v2.1/servers/ff21fe8f-e07a-4781-b692-9f585afab706 0.557s
2025-01-16 08:05:03.792 68501 INFO tempest.lib.common.rest_client [req-0d3f8f3e-3913-40b1-a9d2-e34c821ee40c req-0d3f8f3e-3913-40b1-a9d2-e34c821ee40c ] Request (ServersTestMultiNic:test_verify_duplicate_network_nics): 200 GET http://10.180.1.21/compute/v2.1/servers/5fd07b81-1348-4194-ab20-437cb5c61dfa 0.552s
2025-01-16 08:05:03.862 68521 INFO tempest.lib.common.rest_client [req-d7a9c5da-2b8c-4ca5-afce-a35c2a00e218 req-d7a9c5da-2b8c-4ca5-afce-a35c2a00e218 ] Request (AttachInterfacesUnderV243Test:test_add_remove_fixed_ip): 200 GET http://10.180.1.21/compute/v2.1/servers/84c5cb88-aad9-4b81-9dca-866ddcf0e8f5 0.587s
2025-01-16 08:05:03.928 68513 INFO tempest.lib.common.rest_client [req-0c375a18-7d01-4c7b-9017-60a368d2cf4e req-0c375a18-7d01-4c7b-9017-60a368d2cf4e ] Request (DeleteServersTestJSON:test_delete_server_while_in_attached_volume): 200 GET http://10.180.1.21/compute/v2.1/servers/fa966014-68a1-4418-828e-a0f28d90ddeb 0.618s
2025-01-16 08:05:03.991 68539 INFO tempest.lib.common.rest_client [req-b522a6d9-d614-4e61-9cf7-fe503b87cacd req-b522a6d9-d614-4e61-9cf7-fe503b87cacd ] Request (VolumesAdminNegativeTest:test_update_attached_volume_with_nonexistent_volume_in_body): 200 GET http://10.180.1.21/compute/v2.1/servers/bb952207-9905-4a12-a189-94d00a8d1066 0.625s
2025-01-16 08:05:04.047 68523 INFO tempest.lib.common.rest_client [req-24b73149-81a3-46c8-aa6a-d6d3e2b35245 req-24b73149-81a3-46c8-aa6a-d6d3e2b35245 ] Request (ServerActionsTestJSON:setUpClass): 200 GET http://10.180.1.21/compute/v2.1/servers/4bffe146-0b5f-4141-b83c-6974834803bd 0.659s
2025-01-16 08:05:04.105 68547 INFO tempest.lib.common.rest_client [req-362e1aa4-553a-4e94-bad6-7281445a1c03 req-362e1aa4-553a-4e94-bad6-7281445a1c03 ] Request (InstanceActionsNegativeTestJSON:setUpClass): 200 GET http://10.180.1.21/compute/v2.1/servers/9f269471-9c27-4479-9494-b67e41dd55e7 0.655s
2025-01-16 08:05:04.171 68533 INFO tempest.lib.common.rest_client [req-c5e09bf5-8e23-4c01-b498-bf37cf7ca938 req-c5e09bf5-8e23-4c01-b498-bf37cf7ca938 ] Request (ListServersNegativeTestJSON:setUpClass): 200 GET http://10.180.1.21/compute/v2.1/servers/55374085-f0cc-45b1-8f65-3559902cc838 0.654s
2025-01-16 08:05:04.255 68493 INFO tempest.lib.common.rest_client [req-3f74d7aa-1c49-4907-a951-afa0f10e7f78 req-3f74d7aa-1c49-4907-a951-afa0f10e7f78 ] Request (ServerTagsTestJSON:setUpClass): 202 POST http://10.180.1.21/compute/v2.1/servers 0.988s
2025-01-16 08:05:04.396 68509 INFO tempest.lib.common.rest_client [req-42e995a7-bf5b-49cb-a11f-31568fc8f0e8 req-42e995a7-bf5b-49cb-a11f-31568fc8f0e8 ] Request (FloatingIPsAssociationTestJSON:setUpClass): 200 GET http://10.180.1.21/compute/v2.1/servers/c5bfbc28-cf6c-4c9e-8745-a5e520a6131e 0.712s
2025-01-16 08:05:04.399 68489 INFO tempest.lib.common.rest_client [req-a8fc66d6-174c-4e0f-ab4f-d8cd5491de6f req-a8fc66d6-174c-4e0f-ab4f-d8cd5491de6f ] Request (InstanceActionsTestJSON:setUpClass): 200 PUT http://10.180.1.21:9696/networking/v2.0/routers/10a0d047-cccb-4f18-82b3-d7843644e06d/add_router_interface 1.357s
2025-01-16 08:05:04.399 68489 INFO tempest.lib.common.dynamic_creds [-] Created isolated network resources for: credentials: Credentials: {'domain_id': 'default', 'domain_name': 'Default', 'username': 'tempest-InstanceActionsTestJSON-2018432392-project-member', 'project_domain_id': 'default', 'project_domain_name': 'Default', 'project_id': 'efb9903aeed3471694626a43cdbcac37', 'project_name': 'tempest-InstanceActionsTestJSON-2018432392', 'tenant_id': 'efb9903aeed3471694626a43cdbcac37', 'tenant_name': 'tempest-InstanceActionsTestJSON-2018432392', 'user_domain_id': 'default', 'user_domain_name': 'Default', 'user_id': 'bd88df96fbc740cc8a741e89025742c7', 'system': None}, Network: {'id': '0851be17-0eba-4bd7-ab3d-4da612f081db', 'name': 'tempest-InstanceActionsTestJSON-817293090-network', 'tenant_id': 'efb9903aeed3471694626a43cdbcac37', 'admin_state_up': True, 'mtu': 8950, 'status': 'ACTIVE', 'subnets': [], 'shared': False, 'project_id': 'efb9903aeed3471694626a43cdbcac37', 'port_security_enabled': True, 'router:external': False, 'provider:network_type': 'vlan', 'provider:physical_network': 'default', 'provider:segmentation_id': 795, 'availability_zone_hints': [], 'availability_zones': [], 'ipv4_address_scope': None, 'ipv6_address_scope': None, 'description': '', 'tags': [], 'created_at': '2025-01-16T08:05:01Z', 'updated_at': '2025-01-16T08:05:01Z', 'revision_number': 1}, Subnet: {'id': '7580829d-3d24-42aa-9058-eed75b812bf5', 'name': 'tempest-InstanceActionsTestJSON-817293090-subnet', 'tenant_id': 'efb9903aeed3471694626a43cdbcac37', 'network_id': '0851be17-0eba-4bd7-ab3d-4da612f081db', 'ip_version': 4, 'subnetpool_id': None, 'enable_dhcp': True, 'ipv6_ra_mode': None, 'ipv6_address_mode': None, 'gateway_ip': '192.168.128.1', 'cidr': '192.168.128.0/28', 'allocation_pools': [{'start': '192.168.128.2', 'end': '192.168.128.14'}], 'host_routes': [], 'dns_nameservers': [], 'description': '', 'router:external': False, 'service_types': [], 'tags': [], 'created_at': '2025-01-16T08:05:01Z', 'updated_at': '2025-01-16T08:05:01Z', 'revision_number': 0, 'project_id': 'efb9903aeed3471694626a43cdbcac37'}, Router: {'id': '10a0d047-cccb-4f18-82b3-d7843644e06d', 'name': 'tempest-InstanceActionsTestJSON-817293090-router', 'tenant_id': 'efb9903aeed3471694626a43cdbcac37', 'admin_state_up': True, 'status': 'ACTIVE', 'external_gateway_info': {'network_id': '132749ba-fdf1-47d6-b9a8-5e375921d591', 'external_fixed_ips': [{'subnet_id': '8b59a08d-2884-4c76-9cc5-9376354618af', 'ip_address': '10.180.180.239'}], 'enable_snat': True}, 'description': '', 'availability_zones': [], 'distributed': False, 'ha': False, 'availability_zone_hints': [], 'routes': [], 'flavor_id': None, 'tags': [], 'created_at': '2025-01-16T08:05:01Z', 'updated_at': '2025-01-16T08:05:02Z', 'revision_number': 2, 'project_id': 'efb9903aeed3471694626a43cdbcac37'}
2025-01-16 08:05:04.427 68503 INFO tempest.lib.common.rest_client [req-a80899b0-d91a-4ffc-88e4-95c7b2b9d8b0 req-a80899b0-d91a-4ffc-88e4-95c7b2b9d8b0 ] Request (ImagesOneServerTestJSON:setUpClass): 204 DELETE http://10.180.1.21/compute/v2.1/servers/a23ca971-e08f-463f-bab3-46d5d7b91cda 0.821s
2025-01-16 08:05:04.463 68491 INFO tempest.lib.common.rest_client [req-23b244b4-b362-4210-97f9-dc957d9cc762 req-23b244b4-b362-4210-97f9-dc957d9cc762 ] Request (TenantUsagesTestJSON:setUpClass): 200 GET http://10.180.1.21/compute/v2.1/servers/4af55a8c-1f23-4e72-a945-aff479b9c450 0.730s
2025-01-16 08:05:04.492 68485 INFO tempest.lib.common.rest_client [req-031f59bc-c3e3-46dd-9df1-e23f3b9accd6 req-031f59bc-c3e3-46dd-9df1-e23f3b9accd6 ] Request (ServerMetadataNegativeTestJSON:setUpClass): 200 GET http://10.180.1.21/compute/v2.1/servers/c4c302a7-9571-452c-a208-2fe2ef99aa6d 0.685s
2025-01-16 08:05:04.507 68489 INFO tempest.lib.common.rest_client [req-12f7575a-c569-48c1-ad47-2eaa4453fa28 req-12f7575a-c569-48c1-ad47-2eaa4453fa28 ] Request (InstanceActionsTestJSON:setUpClass): 201 POST http://10.180.1.21/identity/v3/auth/tokens 0.103s
2025-01-16 08:05:04.512 68535 INFO tempest.lib.common.rest_client [req-c2974d0f-7815-4aa6-9384-495a15ee65e8 req-c2974d0f-7815-4aa6-9384-495a15ee65e8 ] Request (ListImageFiltersTestJSON:setUpClass): 200 GET http://10.180.1.21/compute/v2.1/servers/80c94d56-773a-499b-a207-a3f11a14c32b 0.645s
2025-01-16 08:05:04.544 68495 INFO tempest.lib.common.rest_client [req-2d6c713b-e342-4476-93e5-2ce00184f7e5 req-2d6c713b-e342-4476-93e5-2ce00184f7e5 ] Request (ServerDiskConfigTestJSON:test_rebuild_server_with_auto_disk_config): 200 GET http://10.180.1.21/compute/v2.1/servers/6dd6c113-8f6d-49a8-9323-ce390362a034 0.617s
2025-01-16 08:05:04.557 68489 INFO tempest.lib.common.rest_client [req-b0169bf8-9f33-4dac-b580-ba8717a22a1e req-b0169bf8-9f33-4dac-b580-ba8717a22a1e ] Request (InstanceActionsTestJSON:setUpClass): 201 POST http://10.180.1.21/identity/v3/auth/tokens 0.046s
2025-01-16 08:05:04.557 68489 INFO tempest.lib.common.fixed_network [-] (InstanceActionsTestJSON:setUpClass) Found network {'id': '0851be17-0eba-4bd7-ab3d-4da612f081db', 'name': 'tempest-InstanceActionsTestJSON-817293090-network', 'tenant_id': 'efb9903aeed3471694626a43cdbcac37', 'admin_state_up': True, 'mtu': 8950, 'status': 'ACTIVE', 'subnets': [], 'shared': False, 'project_id': 'efb9903aeed3471694626a43cdbcac37', 'port_security_enabled': True, 'router:external': False, 'provider:network_type': 'vlan', 'provider:physical_network': 'default', 'provider:segmentation_id': 795, 'availability_zone_hints': [], 'availability_zones': [], 'ipv4_address_scope': None, 'ipv6_address_scope': None, 'description': '', 'tags': [], 'created_at': '2025-01-16T08:05:01Z', 'updated_at': '2025-01-16T08:05:01Z', 'revision_number': 1} available for tenant
2025-01-16 08:05:04.571 68531 INFO tempest.lib.common.rest_client [req-b5deb6bf-df7a-4da9-9f78-1f9a21744b3a req-b5deb6bf-df7a-4da9-9f78-1f9a21744b3a ] Request (ListServerFiltersTestJSON:setUpClass): 200 GET http://10.180.1.21/compute/v2.1/servers/68d9ebdd-312b-4823-99b4-01b3ff895561 0.596s
2025-01-16 08:05:04.601 68505 INFO tempest.lib.common.rest_client [req-cf264517-fe33-462a-a545-1849653f2e1f req-cf264517-fe33-462a-a545-1849653f2e1f ] Request (MigrationsAdminTest:test_resize_server_revert_deleted_flavor): 200 GET http://10.180.1.21/compute/v2.1/servers/0a178974-018c-410a-a901-c9e984be8ebf 0.565s
2025-01-16 08:05:04.628 68517 INFO tempest.lib.common.rest_client [req-2e8cb059-372b-4e30-b87f-a8e9afbe9fd1 req-2e8cb059-372b-4e30-b87f-a8e9afbe9fd1 ] Request (ServerDiagnosticsV248Test:test_get_server_diagnostics): 200 GET http://10.180.1.21/compute/v2.1/servers/d4d8221d-778d-43c5-acfe-84aaa2424b5a 0.520s
2025-01-16 08:05:04.657 68499 INFO tempest.lib.common.rest_client [req-2c7417e8-f25f-4f2d-b296-e108c00abb49 req-2c7417e8-f25f-4f2d-b296-e108c00abb49 ] Request (ServerRescueNegativeTestJSON:setUpClass): 200 GET http://10.180.1.21/compute/v2.1/servers/d1aecebc-401e-45ff-805e-c038722f4cad 0.469s
2025-01-16 08:05:04.674 68493 INFO tempest.lib.common.rest_client [req-6bd7c0e4-2411-4190-8258-17072c6c3c65 req-6bd7c0e4-2411-4190-8258-17072c6c3c65 ] Request (ServerTagsTestJSON:setUpClass): 200 GET http://10.180.1.21/compute/v2.1/servers/421efe71-8164-46e8-9a64-6dc12c366025 0.417s
2025-01-16 08:05:04.710 68487 INFO tempest.lib.common.rest_client [req-19134045-7522-4302-af40-4ba1d921619e req-19134045-7522-4302-af40-4ba1d921619e ] Request (ServerPasswordTestJSON:setUpClass): 200 GET http://10.180.1.21/compute/v2.1/servers/36cf27ca-350f-480b-bba3-fb29db7f176f 0.380s
2025-01-16 08:05:04.725 68511 INFO tempest.lib.common.rest_client [req-6996d303-0317-434d-bf57-17cefcb27185 req-6996d303-0317-434d-bf57-17cefcb27185 ] Request (ServerDiagnosticsNegativeTest:test_get_server_diagnostics_by_non_admin): 200 GET http://10.180.1.21/compute/v2.1/servers/b95d2abb-6ac4-4f1c-8dad-ee39c0f27d98 0.324s
2025-01-16 08:05:04.730 68503 INFO tempest.lib.common.rest_client [req-82203efb-c5e8-415a-adcc-bbdbc134e828 req-82203efb-c5e8-415a-adcc-bbdbc134e828 ] Request (ImagesOneServerTestJSON:setUpClass): 404 GET http://10.180.1.21/compute/v2.1/servers/a23ca971-e08f-463f-bab3-46d5d7b91cda 0.302s
2025-01-16 08:05:04.730 68503 INFO tempest.test [-] raised in ImagesOneServerTestJSON.setUpClass. Invoking tearDownClass.
2025-01-16 08:05:04.780 68507 INFO tempest.lib.common.rest_client [req-e8a7eae1-48a6-421f-b299-224fafee76af req-e8a7eae1-48a6-421f-b299-224fafee76af ] Request (ServersTestJSON:test_create_server_specify_multibyte_character_name): 200 GET http://10.180.1.21/compute/v2.1/servers/d5839caf-2cfa-42ae-84f4-145f5ae614a0 0.310s
2025-01-16 08:05:04.828 68537 INFO tempest.lib.common.rest_client [req-981aa06d-19f5-4d06-b53c-0dbd3c063b3f req-981aa06d-19f5-4d06-b53c-0dbd3c063b3f ] Request (DeleteServersAdminTestJSON:test_delete_server_while_in_error_state): 200 GET http://10.180.1.21/compute/v2.1/servers/8c17919f-3941-4f1b-84fd-bf30d64dceb0 0.289s
2025-01-16 08:05:04.851 68525 INFO tempest.lib.common.rest_client [req-6319affe-f79b-434a-8c75-219cd336c8c0 req-6319affe-f79b-434a-8c75-219cd336c8c0 ] Request (FloatingIPsAssociationNegativeTestJSON:setUpClass): 200 GET http://10.180.1.21/compute/v2.1/servers/6ea23640-3ef0-4a2e-aa75-203c03edf386 0.346s
2025-01-16 08:05:04.913 68529 INFO tempest.lib.common.rest_client [req-054d314d-279d-422b-bc78-cdf8fd7d4d98 req-054d314d-279d-422b-bc78-cdf8fd7d4d98 ] Request (VolumesAssistedSnapshotsTest:test_volume_assisted_snapshot_create_delete): 200 GET http://10.180.1.21/compute/v2.1/servers/c15b6ab2-6657-48bb-b992-2d30a2ae54d3 0.334s
2025-01-16 08:05:04.969 68545 INFO tempest.lib.common.rest_client [req-dfa22839-aa7d-46a5-b1c7-d1eb87e90df7 req-dfa22839-aa7d-46a5-b1c7-d1eb87e90df7 ] Request (ServerActionsTestOtherA:setUpClass): 200 GET http://10.180.1.21/compute/v2.1/servers/a06e85bc-af77-404c-a50b-312dd60ae1c6 0.331s
2025-01-16 08:05:05.026 68519 INFO tempest.lib.common.rest_client [req-3dc91abc-b539-4d04-ad98-4860194e71c1 req-3dc91abc-b539-4d04-ad98-4860194e71c1 ] Request (ServerAddressesNegativeTestJSON:setUpClass): 200 GET http://10.180.1.21/compute/v2.1/servers/a7fe6c49-4623-49a6-826d-37a2bb790206 0.356s
2025-01-16 08:05:05.085 68497 INFO tempest.lib.common.rest_client [req-d0e3b227-e6ef-4887-8158-b6ef6370ad41 req-d0e3b227-e6ef-4887-8158-b6ef6370ad41 ] Request (ServersWithSpecificFlavorTestJSON:test_verify_created_server_ephemeral_disk): 200 GET http://10.180.1.21/compute/v2.1/servers/c1b0c88d-a23d-4b9d-91a8-adb25967c228 0.389s
2025-01-16 08:05:05.156 68515 INFO tempest.lib.common.rest_client [req-dbcb9e84-a369-4abc-977c-af4b84d6c8cb req-dbcb9e84-a369-4abc-977c-af4b84d6c8cb ] Request (ServerDiagnosticsTest:test_get_server_diagnostics): 200 GET http://10.180.1.21/compute/v2.1/servers/b488c40e-414f-4a6b-a0b1-c35ee573c57c 0.438s
2025-01-16 08:05:05.164 68515 INFO tempest.common.waiters [-] State transition "BUILD/spawning" ==> "ERROR/None" after 51 second wait
2025-01-16 08:05:05.189 68489 INFO tempest.lib.common.rest_client [req-f4f1707a-035e-401a-b4fc-0417d5a4294e req-f4f1707a-035e-401a-b4fc-0417d5a4294e ] Request (InstanceActionsTestJSON:setUpClass): 202 POST http://10.180.1.21/compute/v2.1/servers 0.632s
2025-01-16 08:05:05.214 68543 INFO tempest.lib.common.rest_client [req-1b46be88-9e0d-461d-8971-1b41a9b66eb9 req-1b46be88-9e0d-461d-8971-1b41a9b66eb9 ] Request (ServersAdmin275Test:test_rebuild_update_server_275): 200 GET http://10.180.1.21/compute/v2.1/servers/bfb2f00f-c783-4d47-ad28-3de6eff3f77a 0.449s
2025-01-16 08:05:05.228 68543 INFO tempest.common.waiters [-] State transition "BUILD/None" ==> "BUILD/block_device_mapping" after 42 second wait
2025-01-16 08:05:05.275 68501 INFO tempest.lib.common.rest_client [req-1fffa359-5216-4fa0-bfa1-538a8def4a1d req-1fffa359-5216-4fa0-bfa1-538a8def4a1d ] Request (ServersTestMultiNic:test_verify_duplicate_network_nics): 200 GET http://10.180.1.21/compute/v2.1/servers/5fd07b81-1348-4194-ab20-437cb5c61dfa 0.472s
2025-01-16 08:05:05.278 68541 INFO tempest.lib.common.rest_client [req-f1f572bb-98b8-4764-94e3-6dc24d764995 req-f1f572bb-98b8-4764-94e3-6dc24d764995 ] Request (ServerActionsV293TestJSON:setUpClass): 200 GET http://10.180.1.21/compute/v2.1/servers/ff21fe8f-e07a-4781-b692-9f585afab706 0.482s
2025-01-16 08:05:05.360 68521 INFO tempest.lib.common.rest_client [req-df4412c9-6d22-488b-b3d2-f4b84fb2701d req-df4412c9-6d22-488b-b3d2-f4b84fb2701d ] Request (AttachInterfacesUnderV243Test:test_add_remove_fixed_ip): 200 GET http://10.180.1.21/compute/v2.1/servers/84c5cb88-aad9-4b81-9dca-866ddcf0e8f5 0.485s
2025-01-16 08:05:05.363 68513 INFO tempest.lib.common.rest_client [req-3bc7162a-60bf-4f10-ad73-18480bba3b28 req-3bc7162a-60bf-4f10-ad73-18480bba3b28 ] Request (DeleteServersTestJSON:test_delete_server_while_in_attached_volume): 200 GET http://10.180.1.21/compute/v2.1/servers/fa966014-68a1-4418-828e-a0f28d90ddeb 0.426s
2025-01-16 08:05:05.438 68539 INFO tempest.lib.common.rest_client [req-8467da16-d987-41e3-8fae-7bc2cadaaf2a req-8467da16-d987-41e3-8fae-7bc2cadaaf2a ] Request (VolumesAdminNegativeTest:test_update_attached_volume_with_nonexistent_volume_in_body): 200 GET http://10.180.1.21/compute/v2.1/servers/bb952207-9905-4a12-a189-94d00a8d1066 0.440s
2025-01-16 08:05:05.447 68523 INFO tempest.lib.common.rest_client [req-6cd2265a-d7ec-461d-8ee8-478dfc8745d1 req-6cd2265a-d7ec-461d-8ee8-478dfc8745d1 ] Request (ServerActionsTestJSON:setUpClass): 200 GET http://10.180.1.21/compute/v2.1/servers/4bffe146-0b5f-4141-b83c-6974834803bd 0.390s
2025-01-16 08:05:05.498 68547 INFO tempest.lib.common.rest_client [req-1a8f3b38-598a-4741-91de-6fa6f2924803 req-1a8f3b38-598a-4741-91de-6fa6f2924803 ] Request (InstanceActionsNegativeTestJSON:setUpClass): 200 GET http://10.180.1.21/compute/v2.1/servers/9f269471-9c27-4479-9494-b67e41dd55e7 0.384s
2025-01-16 08:05:05.553 68533 INFO tempest.lib.common.rest_client [req-7b8afab6-9970-46d7-8d34-829018a542c7 req-7b8afab6-9970-46d7-8d34-829018a542c7 ] Request (ListServersNegativeTestJSON:setUpClass): 200 GET http://10.180.1.21/compute/v2.1/servers/55374085-f0cc-45b1-8f65-3559902cc838 0.373s
2025-01-16 08:05:05.593 68489 INFO tempest.lib.common.rest_client [req-ebba9beb-2ec2-45d7-91ce-50d87f128d2e req-ebba9beb-2ec2-45d7-91ce-50d87f128d2e ] Request (InstanceActionsTestJSON:setUpClass): 200 GET http://10.180.1.21/compute/v2.1/servers/b4217ee8-62a6-4902-8dae-bfdad8eca7be 0.402s
2025-01-16 08:05:05.632 68515 INFO tempest.lib.common.rest_client [req-d732ef01-97e7-44ba-a214-b1fa27fc0289 req-d732ef01-97e7-44ba-a214-b1fa27fc0289 ] Request (ServerDiagnosticsTest:test_get_server_diagnostics): 204 DELETE http://10.180.1.21/compute/v2.1/servers/b488c40e-414f-4a6b-a0b1-c35ee573c57c 0.467s
2025-01-16 08:05:05.673 68503 INFO tempest.lib.common.rest_client [req-966b4706-fb80-43d6-aec6-6f01e303a120 req-966b4706-fb80-43d6-aec6-6f01e303a120 ] Request (ImagesOneServerTestJSON:tearDownClass): 200 PUT http://10.180.1.21:9696/networking/v2.0/routers/65af7a21-b574-4153-9ffb-c482e7bea466/remove_router_interface 0.942s
2025-01-16 08:05:05.680 68491 INFO tempest.lib.common.rest_client [req-17a0764f-98cf-4456-a764-ead84fcb130e req-17a0764f-98cf-4456-a764-ead84fcb130e ] Request (TenantUsagesTestJSON:setUpClass): 200 GET http://10.180.1.21/compute/v2.1/servers/4af55a8c-1f23-4e72-a945-aff479b9c450 0.209s
2025-01-16 08:05:05.739 68485 INFO tempest.lib.common.rest_client [req-9f5f3b35-7e8f-4b1e-b736-fc3b09c2fd76 req-9f5f3b35-7e8f-4b1e-b736-fc3b09c2fd76 ] Request (ServerMetadataNegativeTestJSON:setUpClass): 200 GET http://10.180.1.21/compute/v2.1/servers/c4c302a7-9571-452c-a208-2fe2ef99aa6d 0.237s
2025-01-16 08:05:05.753 68509 INFO tempest.lib.common.rest_client [req-a94bc8a5-903e-4db0-9058-a5e8436ea919 req-a94bc8a5-903e-4db0-9058-a5e8436ea919 ] Request (FloatingIPsAssociationTestJSON:setUpClass): 200 GET http://10.180.1.21/compute/v2.1/servers/c5bfbc28-cf6c-4c9e-8745-a5e520a6131e 0.342s
2025-01-16 08:05:05.801 68535 INFO tempest.lib.common.rest_client [req-95af7ebc-20e3-4faf-9aeb-00d7e646cd70 req-95af7ebc-20e3-4faf-9aeb-00d7e646cd70 ] Request (ListImageFiltersTestJSON:setUpClass): 200 GET http://10.180.1.21/compute/v2.1/servers/80c94d56-773a-499b-a207-a3f11a14c32b 0.278s
2025-01-16 08:05:05.807 68495 INFO tempest.lib.common.rest_client [req-68253555-692b-4b61-9d44-3069e5d50e17 req-68253555-692b-4b61-9d44-3069e5d50e17 ] Request (ServerDiskConfigTestJSON:test_rebuild_server_with_auto_disk_config): 200 GET http://10.180.1.21/compute/v2.1/servers/6dd6c113-8f6d-49a8-9323-ce390362a034 0.248s
2025-01-16 08:05:05.861 68505 INFO tempest.lib.common.rest_client [req-5ad9029b-1c51-452a-b294-dd840b4aee22 req-5ad9029b-1c51-452a-b294-dd840b4aee22 ] Request (MigrationsAdminTest:test_resize_server_revert_deleted_flavor): 200 GET http://10.180.1.21/compute/v2.1/servers/0a178974-018c-410a-a901-c9e984be8ebf 0.252s
2025-01-16 08:05:05.867 68531 INFO tempest.lib.common.rest_client [req-83fdc8cd-d1ee-438b-96dc-2732964ccbbe req-83fdc8cd-d1ee-438b-96dc-2732964ccbbe ] Request (ListServerFiltersTestJSON:setUpClass): 200 GET http://10.180.1.21/compute/v2.1/servers/68d9ebdd-312b-4823-99b4-01b3ff895561 0.288s
2025-01-16 08:05:05.885 68515 INFO tempest.lib.common.rest_client [req-9dbcf81f-ceeb-487b-ae41-78cd443f64f8 req-9dbcf81f-ceeb-487b-ae41-78cd443f64f8 ] Request (ServerDiagnosticsTest:test_get_server_diagnostics): 404 GET http://10.180.1.21/compute/v2.1/servers/b488c40e-414f-4a6b-a0b1-c35ee573c57c 0.252s
2025-01-16 08:05:05.928 68517 INFO tempest.lib.common.rest_client [req-50af6933-2af5-465c-a12f-dc08f1e4c5fb req-50af6933-2af5-465c-a12f-dc08f1e4c5fb ] Request (ServerDiagnosticsV248Test:test_get_server_diagnostics): 200 GET http://10.180.1.21/compute/v2.1/servers/d4d8221d-778d-43c5-acfe-84aaa2424b5a 0.290s
2025-01-16 08:05:05.945 68499 INFO tempest.lib.common.rest_client [req-fcf8faaf-4df7-4f76-b5c5-597ef1f5bcbb req-fcf8faaf-4df7-4f76-b5c5-597ef1f5bcbb ] Request (ServerRescueNegativeTestJSON:setUpClass): 200 GET http://10.180.1.21/compute/v2.1/servers/d1aecebc-401e-45ff-805e-c038722f4cad 0.278s
2025-01-16 08:05:06.001 68487 INFO tempest.lib.common.rest_client [req-0d3a431c-6d54-49d8-8fb1-f31fb7fa6d92 req-0d3a431c-6d54-49d8-8fb1-f31fb7fa6d92 ] Request (ServerPasswordTestJSON:setUpClass): 200 GET http://10.180.1.21/compute/v2.1/servers/36cf27ca-350f-480b-bba3-fb29db7f176f 0.283s
2025-01-16 08:05:06.006 68493 INFO tempest.lib.common.rest_client [req-e301805f-9893-476c-a0cd-9efc7b2afcf9 req-e301805f-9893-476c-a0cd-9efc7b2afcf9 ] Request (ServerTagsTestJSON:setUpClass): 200 GET http://10.180.1.21/compute/v2.1/servers/421efe71-8164-46e8-9a64-6dc12c366025 0.317s
2025-01-16 08:05:06.063 68511 INFO tempest.lib.common.rest_client [req-e4950deb-31d2-4355-81de-0c3ab195b5a1 req-e4950deb-31d2-4355-81de-0c3ab195b5a1 ] Request (ServerDiagnosticsNegativeTest:test_get_server_diagnostics_by_non_admin): 200 GET http://10.180.1.21/compute/v2.1/servers/b95d2abb-6ac4-4f1c-8dad-ee39c0f27d98 0.327s
2025-01-16 08:05:06.064 68515 INFO tempest.lib.common.rest_client [req-27ca933b-0a47-4f77-927d-c73a877dc3dc req-27ca933b-0a47-4f77-927d-c73a877dc3dc ] Request (ServerDiagnosticsTest:tearDownClass): 204 DELETE http://10.180.1.21/identity/v3/users/0ca047d8ed8e45a7bcc52c618e8503fe 0.173s
2025-01-16 08:05:06.077 68507 INFO tempest.lib.common.rest_client [req-facd4864-547e-4f35-8a79-58440b024198 req-facd4864-547e-4f35-8a79-58440b024198 ] Request (ServersTestJSON:test_create_server_specify_multibyte_character_name): 200 GET http://10.180.1.21/compute/v2.1/servers/d5839caf-2cfa-42ae-84f4-145f5ae614a0 0.288s
2025-01-16 08:05:06.141 68537 INFO tempest.lib.common.rest_client [req-523279e4-8652-4a94-bffe-0b1b14043cf0 req-523279e4-8652-4a94-bffe-0b1b14043cf0 ] Request (DeleteServersAdminTestJSON:test_delete_server_while_in_error_state): 200 GET http://10.180.1.21/compute/v2.1/servers/8c17919f-3941-4f1b-84fd-bf30d64dceb0 0.305s
2025-01-16 08:05:06.192 68515 INFO tempest.lib.common.rest_client [req-719b8f78-c4f2-48e3-8b12-cd6f6823b06f req-719b8f78-c4f2-48e3-8b12-cd6f6823b06f ] Request (ServerDiagnosticsTest:tearDownClass): 204 DELETE http://10.180.1.21/identity/v3/users/379a4aada7784350a8f29b2253dd7e2a 0.128s
2025-01-16 08:05:06.192 68515 INFO tempest.lib.common.dynamic_creds [-] Deleting project and security group for project: 4c7f3f850325401e844096784ecbf3e2
2025-01-16 08:05:06.199 68529 INFO tempest.lib.common.rest_client [req-1580cb8e-419c-409a-bbe9-912a6958664b req-1580cb8e-419c-409a-bbe9-912a6958664b ] Request (VolumesAssistedSnapshotsTest:test_volume_assisted_snapshot_create_delete): 200 GET http://10.180.1.21/compute/v2.1/servers/c15b6ab2-6657-48bb-b992-2d30a2ae54d3 0.276s
2025-01-16 08:05:06.250 68503 INFO tempest.lib.common.rest_client [req-80ecef63-779d-48cc-baf2-9e395416f2be req-80ecef63-779d-48cc-baf2-9e395416f2be ] Request (ImagesOneServerTestJSON:tearDownClass): 204 DELETE http://10.180.1.21:9696/networking/v2.0/routers/65af7a21-b574-4153-9ffb-c482e7bea466 0.576s
2025-01-16 08:05:06.252 68525 INFO tempest.lib.common.rest_client [req-4406bba5-7fdd-40a6-a32f-e93f916153a3 req-4406bba5-7fdd-40a6-a32f-e93f916153a3 ] Request (FloatingIPsAssociationNegativeTestJSON:setUpClass): 200 GET http://10.180.1.21/compute/v2.1/servers/6ea23640-3ef0-4a2e-aa75-203c03edf386 0.393s
2025-01-16 08:05:06.257 68545 INFO tempest.lib.common.rest_client [req-64215fd9-8f70-4ac3-947f-41c7655d61d6 req-64215fd9-8f70-4ac3-947f-41c7655d61d6 ] Request (ServerActionsTestOtherA:setUpClass): 200 GET http://10.180.1.21/compute/v2.1/servers/a06e85bc-af77-404c-a50b-312dd60ae1c6 0.276s
2025-01-16 08:05:06.286 68515 INFO tempest.lib.common.rest_client [req-36b3d96e-922b-441a-b058-8ad935f23500 req-36b3d96e-922b-441a-b058-8ad935f23500 ] Request (ServerDiagnosticsTest:tearDownClass): 201 POST http://10.180.1.21/identity/v3/auth/tokens 0.093s
2025-01-16 08:05:06.319 68497 INFO tempest.lib.common.rest_client [req-7b1a5cf0-5bba-459d-b317-1af3c0699e5f req-7b1a5cf0-5bba-459d-b317-1af3c0699e5f ] Request (ServersWithSpecificFlavorTestJSON:test_verify_created_server_ephemeral_disk): 200 GET http://10.180.1.21/compute/v2.1/servers/c1b0c88d-a23d-4b9d-91a8-adb25967c228 0.222s
2025-01-16 08:05:06.321 68519 INFO tempest.lib.common.rest_client [req-7d4ddc80-786c-4fc7-9a34-d8b39345cc3f req-7d4ddc80-786c-4fc7-9a34-d8b39345cc3f ] Request (ServerAddressesNegativeTestJSON:setUpClass): 200 GET http://10.180.1.21/compute/v2.1/servers/a7fe6c49-4623-49a6-826d-37a2bb790206 0.284s
2025-01-16 08:05:06.387 68541 INFO tempest.lib.common.rest_client [req-547463f2-c87c-4d1f-8bfd-a8e1ac19428b req-547463f2-c87c-4d1f-8bfd-a8e1ac19428b ] Request (ServerActionsV293TestJSON:setUpClass): 200 GET http://10.180.1.21/compute/v2.1/servers/ff21fe8f-e07a-4781-b692-9f585afab706 0.088s
2025-01-16 08:05:06.408 68543 INFO tempest.lib.common.rest_client [req-e68bbd4e-733b-4cdb-8154-f7b69238f692 req-e68bbd4e-733b-4cdb-8154-f7b69238f692 ] Request (ServersAdmin275Test:test_rebuild_update_server_275): 200 GET http://10.180.1.21/compute/v2.1/servers/bfb2f00f-c783-4d47-ad28-3de6eff3f77a 0.177s
2025-01-16 08:05:06.424 68543 INFO tempest.common.waiters [-] State transition "BUILD/block_device_mapping" ==> "BUILD/spawning" after 43 second wait
2025-01-16 08:05:06.438 68503 INFO tempest.lib.common.rest_client [req-7f9ceb75-3e42-4a60-b038-d4e5e043b812 req-7f9ceb75-3e42-4a60-b038-d4e5e043b812 ] Request (ImagesOneServerTestJSON:tearDownClass): 204 DELETE http://10.180.1.21:9696/networking/v2.0/subnets/63848d32-cbd5-4ac8-b5c0-7943475c7d30 0.187s
2025-01-16 08:05:06.456 68515 INFO tempest.lib.common.rest_client [req-c6386ca7-02ad-4af4-a3f1-9fda51f0b3e1 req-c6386ca7-02ad-4af4-a3f1-9fda51f0b3e1 ] Request (ServerDiagnosticsTest:tearDownClass): 200 GET http://10.180.1.21:9696/networking/v2.0/security-groups?tenant_id=4c7f3f850325401e844096784ecbf3e2&name=default 0.169s
2025-01-16 08:05:06.469 68501 INFO tempest.lib.common.rest_client [req-a0cee05d-d101-4bae-8f67-a83dd141eae2 req-a0cee05d-d101-4bae-8f67-a83dd141eae2 ] Request (ServersTestMultiNic:test_verify_duplicate_network_nics): 200 GET http://10.180.1.21/compute/v2.1/servers/5fd07b81-1348-4194-ab20-437cb5c61dfa 0.167s
2025-01-16 08:05:06.485 68513 INFO tempest.lib.common.rest_client [req-c73c53f1-b659-4452-ae0e-0c024ffaa3ed req-c73c53f1-b659-4452-ae0e-0c024ffaa3ed ] Request (DeleteServersTestJSON:test_delete_server_while_in_attached_volume): 200 GET http://10.180.1.21/compute/v2.1/servers/fa966014-68a1-4418-828e-a0f28d90ddeb 0.114s
2025-01-16 08:05:06.527 68521 INFO tempest.lib.common.rest_client [req-ad9dddfb-c7ea-43f0-bd34-c70b689ed793 req-ad9dddfb-c7ea-43f0-bd34-c70b689ed793 ] Request (AttachInterfacesUnderV243Test:test_add_remove_fixed_ip): 200 GET http://10.180.1.21/compute/v2.1/servers/84c5cb88-aad9-4b81-9dca-866ddcf0e8f5 0.150s
2025-01-16 08:05:06.545 68539 INFO tempest.lib.common.rest_client [req-b134ed7c-62ff-49d1-9ae0-fee174c3b2b1 req-b134ed7c-62ff-49d1-9ae0-fee174c3b2b1 ] Request (VolumesAdminNegativeTest:test_update_attached_volume_with_nonexistent_volume_in_body): 200 GET http://10.180.1.21/compute/v2.1/servers/bb952207-9905-4a12-a189-94d00a8d1066 0.099s
2025-01-16 08:05:06.578 68523 INFO tempest.lib.common.rest_client [req-bebbefe8-4d74-40d1-b1e4-6e83fbc7a088 req-bebbefe8-4d74-40d1-b1e4-6e83fbc7a088 ] Request (ServerActionsTestJSON:setUpClass): 200 GET http://10.180.1.21/compute/v2.1/servers/4bffe146-0b5f-4141-b83c-6974834803bd 0.121s
2025-01-16 08:05:06.594 68515 INFO tempest.lib.common.rest_client [req-fadedcbb-ebe3-48cd-9336-9d0a92f62de8 req-fadedcbb-ebe3-48cd-9336-9d0a92f62de8 ] Request (ServerDiagnosticsTest:tearDownClass): 204 DELETE http://10.180.1.21:9696/networking/v2.0/security-groups/25eaf41f-373b-42f4-8189-9505525338e0 0.138s
2025-01-16 08:05:06.616 68547 INFO tempest.lib.common.rest_client [req-532687fc-1021-4fe0-ac9b-46a736668f63 req-532687fc-1021-4fe0-ac9b-46a736668f63 ] Request (InstanceActionsNegativeTestJSON:setUpClass): 200 GET http://10.180.1.21/compute/v2.1/servers/9f269471-9c27-4479-9494-b67e41dd55e7 0.109s
2025-01-16 08:05:06.635 68533 INFO tempest.lib.common.rest_client [req-b38e054b-1663-416e-b905-0a89038bbb67 req-b38e054b-1663-416e-b905-0a89038bbb67 ] Request (ListServersNegativeTestJSON:setUpClass): 200 GET http://10.180.1.21/compute/v2.1/servers/55374085-f0cc-45b1-8f65-3559902cc838 0.072s
2025-01-16 08:05:06.668 68515 INFO tempest.lib.common.rest_client [req-c04e6612-f0f7-44fc-b09a-460c7f4e4771 req-c04e6612-f0f7-44fc-b09a-460c7f4e4771 ] Request (ServerDiagnosticsTest:tearDownClass): 204 DELETE http://10.180.1.21/identity/v3/projects/4c7f3f850325401e844096784ecbf3e2 0.071s
2025-01-16 08:05:06.668 68515 INFO tempest.lib.common.dynamic_creds [-] Deleting project and security group for project: 445eb9a10604409f878371ee8a1f4893
2025-01-16 08:05:06.748 68491 INFO tempest.lib.common.rest_client [req-5eb45b93-8abd-4b67-9fc8-c61ad50ac045 req-5eb45b93-8abd-4b67-9fc8-c61ad50ac045 ] Request (TenantUsagesTestJSON:setUpClass): 200 GET http://10.180.1.21/compute/v2.1/servers/4af55a8c-1f23-4e72-a945-aff479b9c450 0.055s
2025-01-16 08:05:06.782 68515 INFO tempest.lib.common.rest_client [req-1bf557aa-f3a4-4d2c-84ef-fa29b3ab3950 req-1bf557aa-f3a4-4d2c-84ef-fa29b3ab3950 ] Request (ServerDiagnosticsTest:tearDownClass): 200 GET http://10.180.1.21:9696/networking/v2.0/security-groups?tenant_id=445eb9a10604409f878371ee8a1f4893&name=default 0.113s
2025-01-16 08:05:06.806 68485 INFO tempest.lib.common.rest_client [req-c7929e16-980d-48d6-af4e-dd3a942ee542 req-c7929e16-980d-48d6-af4e-dd3a942ee542 ] Request (ServerMetadataNegativeTestJSON:setUpClass): 200 GET http://10.180.1.21/compute/v2.1/servers/c4c302a7-9571-452c-a208-2fe2ef99aa6d 0.055s
2025-01-16 08:05:06.847 68489 INFO tempest.lib.common.rest_client [req-a2561f7a-5b6d-43c4-9568-9f5fbfc511fd req-a2561f7a-5b6d-43c4-9568-9f5fbfc511fd ] Request (InstanceActionsTestJSON:setUpClass): 200 GET http://10.180.1.21/compute/v2.1/servers/b4217ee8-62a6-4902-8dae-bfdad8eca7be 0.244s
2025-01-16 08:05:06.916 68535 INFO tempest.lib.common.rest_client [req-7ebe5125-2548-4b26-b4ef-7a8b028c6634 req-7ebe5125-2548-4b26-b4ef-7a8b028c6634 ] Request (ListImageFiltersTestJSON:setUpClass): 200 GET http://10.180.1.21/compute/v2.1/servers/80c94d56-773a-499b-a207-a3f11a14c32b 0.105s
2025-01-16 08:05:06.920 68515 INFO tempest.lib.common.rest_client [req-693b22ee-7183-405a-9801-e63445dc6aee req-693b22ee-7183-405a-9801-e63445dc6aee ] Request (ServerDiagnosticsTest:tearDownClass): 204 DELETE http://10.180.1.21:9696/networking/v2.0/security-groups/08de7b84-35ef-4ebd-a3cf-45c45bd916ba 0.138s
2025-01-16 08:05:06.941 68509 INFO tempest.lib.common.rest_client [req-5377a330-0ba7-46b9-b86c-1f3989a488c4 req-5377a330-0ba7-46b9-b86c-1f3989a488c4 ] Request (FloatingIPsAssociationTestJSON:setUpClass): 200 GET http://10.180.1.21/compute/v2.1/servers/c5bfbc28-cf6c-4c9e-8745-a5e520a6131e 0.178s
2025-01-16 08:05:06.952 68509 INFO tempest.common.waiters [-] State transition "BUILD/spawning" ==> "ACTIVE/None" after 47 second wait
2025-01-16 08:05:06.967 68503 INFO tempest.lib.common.rest_client [req-bdc0a533-fbd3-4670-8870-301eb888c6ed req-bdc0a533-fbd3-4670-8870-301eb888c6ed ] Request (ImagesOneServerTestJSON:tearDownClass): 204 DELETE http://10.180.1.21:9696/networking/v2.0/networks/024264e0-ddfa-41e6-9bc4-5ca649ad57c2 0.529s
2025-01-16 08:05:06.971 68495 INFO tempest.lib.common.rest_client [req-ec1ddd1d-1f50-49cf-8cb3-76e3f8be6dc0 req-ec1ddd1d-1f50-49cf-8cb3-76e3f8be6dc0 ] Request (ServerDiskConfigTestJSON:test_rebuild_server_with_auto_disk_config): 200 GET http://10.180.1.21/compute/v2.1/servers/6dd6c113-8f6d-49a8-9323-ce390362a034 0.155s
2025-01-16 08:05:07.005 68505 INFO tempest.lib.common.rest_client [req-3ae80ec8-338b-4ddf-b024-598f85bf7340 req-3ae80ec8-338b-4ddf-b024-598f85bf7340 ] Request (MigrationsAdminTest:test_resize_server_revert_deleted_flavor): 200 GET http://10.180.1.21/compute/v2.1/servers/0a178974-018c-410a-a901-c9e984be8ebf 0.136s
2025-01-16 08:05:07.021 68515 INFO tempest.lib.common.rest_client [req-678b72e7-51af-4b18-8962-37d12aca9a16 req-678b72e7-51af-4b18-8962-37d12aca9a16 ] Request (ServerDiagnosticsTest:tearDownClass): 204 DELETE http://10.180.1.21/identity/v3/projects/445eb9a10604409f878371ee8a1f4893 0.100s
2025-01-16 08:05:07.024 68531 INFO tempest.lib.common.rest_client [req-7a502815-108b-4304-bfb2-4ebfa00a4fbf req-7a502815-108b-4304-bfb2-4ebfa00a4fbf ] Request (ListServerFiltersTestJSON:setUpClass): 200 GET http://10.180.1.21/compute/v2.1/servers/68d9ebdd-312b-4823-99b4-01b3ff895561 0.146s
2025-01-16 08:05:07.046 68503 INFO tempest.lib.common.rest_client [req-51f7e1f3-7254-47ee-b451-c31d2607fc56 req-51f7e1f3-7254-47ee-b451-c31d2607fc56 ] Request (ImagesOneServerTestJSON:tearDownClass): 204 DELETE http://10.180.1.21/identity/v3/users/4d4ab7ce82e846c191804494565ffbc0 0.078s
2025-01-16 08:05:07.046 68503 INFO tempest.lib.common.dynamic_creds [-] Deleting project and security group for project: c07f079d18794611b811d40ff6e21c17
2025-01-16 08:05:07.053 68517 INFO tempest.lib.common.rest_client [req-e9b5f795-d635-42ed-8f5f-508ae5c8af1d req-e9b5f795-d635-42ed-8f5f-508ae5c8af1d ] Request (ServerDiagnosticsV248Test:test_get_server_diagnostics): 200 GET http://10.180.1.21/compute/v2.1/servers/d4d8221d-778d-43c5-acfe-84aaa2424b5a 0.114s
2025-01-16 08:05:07.072 68503 INFO tempest.lib.common.rest_client [req-4e3f11c3-e786-4e29-9775-9e4a3a837957 req-4e3f11c3-e786-4e29-9775-9e4a3a837957 ] Request (ImagesOneServerTestJSON:tearDownClass): 200 GET http://10.180.1.21:9696/networking/v2.0/security-groups?tenant_id=c07f079d18794611b811d40ff6e21c17&name=default 0.026s
2025-01-16 08:05:07.083 68515 INFO tempest.lib.common.rest_client [req-3a33afa0-88d2-417b-8321-b1325a6c6e24 req-3a33afa0-88d2-417b-8321-b1325a6c6e24 ] Request (SecurityGroupsTestJSON:setUpClass): 201 POST http://10.180.1.21/identity/v3/auth/tokens 0.061s
2025-01-16 08:05:07.112 68499 INFO tempest.lib.common.rest_client [req-581c0e45-47ee-4db9-abd9-54736042eacf req-581c0e45-47ee-4db9-abd9-54736042eacf ] Request (ServerRescueNegativeTestJSON:setUpClass): 200 GET http://10.180.1.21/compute/v2.1/servers/d1aecebc-401e-45ff-805e-c038722f4cad 0.155s
2025-01-16 08:05:07.158 68515 INFO tempest.lib.common.rest_client [req-461b7455-28ef-44a8-bc71-14c887749351 req-461b7455-28ef-44a8-bc71-14c887749351 ] Request (SecurityGroupsTestJSON:setUpClass): 201 POST http://10.180.1.21/identity/v3/auth/tokens 0.072s
2025-01-16 08:05:07.172 68487 INFO tempest.lib.common.rest_client [req-e71acd7c-8df8-47ad-9d3b-a28534702ec8 req-e71acd7c-8df8-47ad-9d3b-a28534702ec8 ] Request (ServerPasswordTestJSON:setUpClass): 200 GET http://10.180.1.21/compute/v2.1/servers/36cf27ca-350f-480b-bba3-fb29db7f176f 0.156s
2025-01-16 08:05:07.177 68503 INFO tempest.lib.common.rest_client [req-ec9fff9d-9fae-4e94-9136-010dcd67d09d req-ec9fff9d-9fae-4e94-9136-010dcd67d09d ] Request (ImagesOneServerTestJSON:tearDownClass): 204 DELETE http://10.180.1.21:9696/networking/v2.0/security-groups/048ff150-48e8-4861-a221-067c798e7e4b 0.104s
2025-01-16 08:05:07.181 68515 INFO tempest.lib.common.rest_client [req-55c3e623-b41e-4796-a646-69d0e8557421 req-55c3e623-b41e-4796-a646-69d0e8557421 ] Request (SecurityGroupsTestJSON:setUpClass): 200 GET http://10.180.1.21/identity/v3/domains?name=Default 0.022s
2025-01-16 08:05:07.212 68515 INFO tempest.lib.common.rest_client [req-243ffe06-c799-4b16-9b18-870d7e41a704 req-243ffe06-c799-4b16-9b18-870d7e41a704 ] Request (SecurityGroupsTestJSON:setUpClass): 201 POST http://10.180.1.21/identity/v3/projects 0.030s
2025-01-16 08:05:07.231 68493 INFO tempest.lib.common.rest_client [req-76c7584f-9ea7-4c14-817b-acf7fbaf4775 req-76c7584f-9ea7-4c14-817b-acf7fbaf4775 ] Request (ServerTagsTestJSON:setUpClass): 200 GET http://10.180.1.21/compute/v2.1/servers/421efe71-8164-46e8-9a64-6dc12c366025 0.216s
2025-01-16 08:05:07.256 68503 INFO tempest.lib.common.rest_client [req-ff06947c-ab7b-4a8a-a778-859ca7c983ae req-ff06947c-ab7b-4a8a-a778-859ca7c983ae ] Request (ImagesOneServerTestJSON:tearDownClass): 204 DELETE http://10.180.1.21/identity/v3/projects/c07f079d18794611b811d40ff6e21c17 0.078s
2025-01-16 08:05:07.297 68511 INFO tempest.lib.common.rest_client [req-1a92bbf4-8139-4253-aefd-44fba6ce655b req-1a92bbf4-8139-4253-aefd-44fba6ce655b ] Request (ServerDiagnosticsNegativeTest:test_get_server_diagnostics_by_non_admin): 200 GET http://10.180.1.21/compute/v2.1/servers/b95d2abb-6ac4-4f1c-8dad-ee39c0f27d98 0.223s
2025-01-16 08:05:07.302 68503 INFO tempest.lib.common.rest_client [req-30d74a6d-df9a-41de-aadc-76423d6a24a3 req-30d74a6d-df9a-41de-aadc-76423d6a24a3 ] Request (AttachInterfacesV270Test:setUpClass): 201 POST http://10.180.1.21/identity/v3/auth/tokens 0.037s
2025-01-16 08:05:07.317 68515 INFO tempest.lib.common.rest_client [req-9bcddfe0-9cf9-4b02-b9d3-b29b4ead0399 req-9bcddfe0-9cf9-4b02-b9d3-b29b4ead0399 ] Request (SecurityGroupsTestJSON:setUpClass): 201 POST http://10.180.1.21/identity/v3/users 0.104s
2025-01-16 08:05:07.343 68503 INFO tempest.lib.common.rest_client [req-3ab8cf30-0b08-4b1a-ae58-96aa5cd8415d req-3ab8cf30-0b08-4b1a-ae58-96aa5cd8415d ] Request (AttachInterfacesV270Test:setUpClass): 201 POST http://10.180.1.21/identity/v3/auth/tokens 0.033s
2025-01-16 08:05:07.344 68515 INFO tempest.lib.common.rest_client [req-7cc1c504-8bbd-4e2c-b511-e2ec368d05ac req-7cc1c504-8bbd-4e2c-b511-e2ec368d05ac ] Request (SecurityGroupsTestJSON:setUpClass): 200 GET http://10.180.1.21/identity/v3/roles 0.026s
2025-01-16 08:05:07.365 68507 INFO tempest.lib.common.rest_client [req-0122583c-0e44-44a5-a025-480d2074f70a req-0122583c-0e44-44a5-a025-480d2074f70a ] Request (ServersTestJSON:test_create_server_specify_multibyte_character_name): 200 GET http://10.180.1.21/compute/v2.1/servers/d5839caf-2cfa-42ae-84f4-145f5ae614a0 0.277s
2025-01-16 08:05:07.376 68503 INFO tempest.lib.common.rest_client [req-de36710a-b626-4203-810c-183055952910 req-de36710a-b626-4203-810c-183055952910 ] Request (AttachInterfacesV270Test:setUpClass): 200 GET http://10.180.1.21/identity/v3/domains?name=Default 0.032s
2025-01-16 08:05:07.379 68515 INFO tempest.lib.common.rest_client [req-6b0ac8e9-810d-44dd-aec5-8b262471b719 req-6b0ac8e9-810d-44dd-aec5-8b262471b719 ] Request (SecurityGroupsTestJSON:setUpClass): 204 PUT http://10.180.1.21/identity/v3/projects/4f2b8109afd14133806cc8a13df630fb/users/95a08ca4e29a4da2aca56edfeaadea74/roles/4546a95ccd6d4b35949e220ab777cc71 0.035s
2025-01-16 08:05:07.380 68515 INFO tempest.lib.common.dynamic_creds [-] Dynamic test user 95a08ca4e29a4da2aca56edfeaadea74 is created with scope project and roles: ['member']
2025-01-16 08:05:07.380 68515 INFO tempest.lib.common.dynamic_creds [-] Acquired dynamic creds: credentials: Credentials: {'domain_id': 'default', 'domain_name': 'Default', 'username': 'tempest-SecurityGroupsTestJSON-991992214-project-member', 'project_domain_id': 'default', 'project_domain_name': 'Default', 'project_id': '4f2b8109afd14133806cc8a13df630fb', 'project_name': 'tempest-SecurityGroupsTestJSON-991992214', 'tenant_id': '4f2b8109afd14133806cc8a13df630fb', 'tenant_name': 'tempest-SecurityGroupsTestJSON-991992214', 'user_domain_id': 'default', 'user_domain_name': 'Default', 'user_id': '95a08ca4e29a4da2aca56edfeaadea74', 'system': None}, Network: None, Subnet: None, Router: None
2025-01-16 08:05:07.423 68537 INFO tempest.lib.common.rest_client [req-40518877-be05-49c8-9308-91e4f6c160d6 req-40518877-be05-49c8-9308-91e4f6c160d6 ] Request (DeleteServersAdminTestJSON:test_delete_server_while_in_error_state): 200 GET http://10.180.1.21/compute/v2.1/servers/8c17919f-3941-4f1b-84fd-bf30d64dceb0 0.274s
2025-01-16 08:05:07.434 68515 INFO tempest.lib.common.rest_client [req-7e5ecd47-dd79-4be3-8685-6de56402f939 req-7e5ecd47-dd79-4be3-8685-6de56402f939 ] Request (SecurityGroupsTestJSON:setUpClass): 201 POST http://10.180.1.21/identity/v3/auth/tokens 0.054s
2025-01-16 08:05:07.445 68503 INFO tempest.lib.common.rest_client [req-a4127676-4265-4803-81ee-ff74006b8d3d req-a4127676-4265-4803-81ee-ff74006b8d3d ] Request (AttachInterfacesV270Test:setUpClass): 201 POST http://10.180.1.21/identity/v3/projects 0.068s
2025-01-16 08:05:07.473 68529 INFO tempest.lib.common.rest_client [req-7fd1786f-80dd-477a-b758-cbdd4a72c017 req-7fd1786f-80dd-477a-b758-cbdd4a72c017 ] Request (VolumesAssistedSnapshotsTest:test_volume_assisted_snapshot_create_delete): 200 GET http://10.180.1.21/compute/v2.1/servers/c15b6ab2-6657-48bb-b992-2d30a2ae54d3 0.263s
2025-01-16 08:05:07.503 68503 INFO tempest.lib.common.rest_client [req-ae36373a-99b0-4c7f-b688-45a2de9eb80b req-ae36373a-99b0-4c7f-b688-45a2de9eb80b ] Request (AttachInterfacesV270Test:setUpClass): 201 POST http://10.180.1.21/identity/v3/users 0.057s
2025-01-16 08:05:07.521 68503 INFO tempest.lib.common.rest_client [req-0e28bb60-ce25-47a7-9929-2b5efe222b27 req-0e28bb60-ce25-47a7-9929-2b5efe222b27 ] Request (AttachInterfacesV270Test:setUpClass): 200 GET http://10.180.1.21/identity/v3/roles 0.018s
2025-01-16 08:05:07.544 68503 INFO tempest.lib.common.rest_client [req-72353b71-16f6-4141-8d5c-142b4b0810cf req-72353b71-16f6-4141-8d5c-142b4b0810cf ] Request (AttachInterfacesV270Test:setUpClass): 204 PUT http://10.180.1.21/identity/v3/projects/ff3018a7755a4518a523d9b6b98fd18f/users/1708ec3fe9d646afbb37445cb1ecd835/roles/4546a95ccd6d4b35949e220ab777cc71 0.022s
2025-01-16 08:05:07.544 68503 INFO tempest.lib.common.dynamic_creds [-] Dynamic test user 1708ec3fe9d646afbb37445cb1ecd835 is created with scope project and roles: ['member']
2025-01-16 08:05:07.544 68503 INFO tempest.lib.common.dynamic_creds [-] Acquired dynamic creds: credentials: Credentials: {'domain_id': 'default', 'domain_name': 'Default', 'username': 'tempest-AttachInterfacesV270Test-39273977-project-member', 'project_domain_id': 'default', 'project_domain_name': 'Default', 'project_id': 'ff3018a7755a4518a523d9b6b98fd18f', 'project_name': 'tempest-AttachInterfacesV270Test-39273977', 'tenant_id': 'ff3018a7755a4518a523d9b6b98fd18f', 'tenant_name': 'tempest-AttachInterfacesV270Test-39273977', 'user_domain_id': 'default', 'user_domain_name': 'Default', 'user_id': '1708ec3fe9d646afbb37445cb1ecd835', 'system': None}, Network: None, Subnet: None, Router: None
2025-01-16 08:05:07.603 68525 INFO tempest.lib.common.rest_client [req-c1e8b91a-b7ef-43b2-bbb2-ba17c2b57b01 req-c1e8b91a-b7ef-43b2-bbb2-ba17c2b57b01 ] Request (FloatingIPsAssociationNegativeTestJSON:setUpClass): 200 GET http://10.180.1.21/compute/v2.1/servers/6ea23640-3ef0-4a2e-aa75-203c03edf386 0.340s
2025-01-16 08:05:07.605 68503 INFO tempest.lib.common.rest_client [req-0d3c6505-f762-4bb2-af10-b1119780ec58 req-0d3c6505-f762-4bb2-af10-b1119780ec58 ] Request (AttachInterfacesV270Test:setUpClass): 201 POST http://10.180.1.21/identity/v3/auth/tokens 0.060s
2025-01-16 08:05:07.611 68525 INFO tempest.common.waiters [-] State transition "BUILD/spawning" ==> "ACTIVE/None" after 47 second wait
2025-01-16 08:05:07.660 68545 INFO tempest.lib.common.rest_client [req-1c89a61f-4ffe-4a42-9414-0d54fc1aca79 req-1c89a61f-4ffe-4a42-9414-0d54fc1aca79 ] Request (ServerActionsTestOtherA:setUpClass): 200 GET http://10.180.1.21/compute/v2.1/servers/a06e85bc-af77-404c-a50b-312dd60ae1c6 0.391s
2025-01-16 08:05:07.715 68519 INFO tempest.lib.common.rest_client [req-de374722-aadd-40e1-b394-ca72625cbf4b req-de374722-aadd-40e1-b394-ca72625cbf4b ] Request (ServerAddressesNegativeTestJSON:setUpClass): 200 GET http://10.180.1.21/compute/v2.1/servers/a7fe6c49-4623-49a6-826d-37a2bb790206 0.384s
2025-01-16 08:05:07.849 68503 INFO tempest.lib.common.rest_client [req-96d44754-cd9a-46ec-9674-08d633dd43fd req-96d44754-cd9a-46ec-9674-08d633dd43fd ] Request (AttachInterfacesV270Test:setUpClass): 201 POST http://10.180.1.21:9696/networking/v2.0/networks 0.244s
2025-01-16 08:05:07.973 68515 INFO tempest.lib.common.rest_client [req-b13124dc-df8e-441a-8da2-5a2b10f77971 req-b13124dc-df8e-441a-8da2-5a2b10f77971 ] Request (SecurityGroupsTestJSON:setUpClass): 201 POST http://10.180.1.21:9696/networking/v2.0/networks 0.538s
2025-01-16 08:05:07.994 68509 INFO tempest.lib.common.rest_client [req-677bbc64-7b91-499c-b8f7-85d78dbd2c60 req-677bbc64-7b91-499c-b8f7-85d78dbd2c60 ] Request (FloatingIPsAssociationTestJSON:setUpClass): 200 POST http://10.180.1.21/compute/v2.1/os-floating-ips 1.041s
2025-01-16 08:05:08.008 68497 INFO tempest.lib.common.rest_client [req-5ccf52a7-238c-4b80-9b81-d4dadeff609a req-5ccf52a7-238c-4b80-9b81-d4dadeff609a ] Request (ServersWithSpecificFlavorTestJSON:test_verify_created_server_ephemeral_disk): 200 GET http://10.180.1.21/compute/v2.1/servers/c1b0c88d-a23d-4b9d-91a8-adb25967c228 0.675s
2025-01-16 08:05:08.018 68497 INFO tempest.common.waiters [-] State transition "BUILD/scheduling" ==> "BUILD/None" after 44 second wait
2025-01-16 08:05:08.076 68541 INFO tempest.lib.common.rest_client [req-863ac759-3997-4385-8ed7-e972ef56b971 req-863ac759-3997-4385-8ed7-e972ef56b971 ] Request (ServerActionsV293TestJSON:setUpClass): 200 GET http://10.180.1.21/compute/v2.1/servers/ff21fe8f-e07a-4781-b692-9f585afab706 0.670s
2025-01-16 08:05:08.080 68543 INFO tempest.lib.common.rest_client [req-fa30417f-fdbd-4cba-83eb-9a35f4022896 req-fa30417f-fdbd-4cba-83eb-9a35f4022896 ] Request (ServersAdmin275Test:test_rebuild_update_server_275): 200 GET http://10.180.1.21/compute/v2.1/servers/bfb2f00f-c783-4d47-ad28-3de6eff3f77a 0.654s
2025-01-16 08:05:08.080 68509 INFO tempest.lib.common.rest_client [req-52c5e9f1-1bad-4105-a9bd-ba27b872906c req-52c5e9f1-1bad-4105-a9bd-ba27b872906c ] Request (FloatingIPsAssociationTestJSON:test_associate_already_associated_floating_ip): 201 POST http://10.180.1.21/identity/v3/auth/tokens 0.077s
2025-01-16 08:05:08.081 68509 INFO tempest.lib.common.fixed_network [-] (FloatingIPsAssociationTestJSON:test_associate_already_associated_floating_ip) Found network {'id': 'a2a13cd0-3c34-45eb-9564-831cd179058b', 'name': 'tempest-FloatingIPsAssociationTestJSON-2132574208-network', 'tenant_id': 'aefc0011ab314d3882711ec6edfa7e78', 'admin_state_up': True, 'mtu': 8950, 'status': 'ACTIVE', 'subnets': [], 'shared': False, 'project_id': 'aefc0011ab314d3882711ec6edfa7e78', 'port_security_enabled': True, 'router:external': False, 'provider:network_type': 'vlan', 'provider:physical_network': 'default', 'provider:segmentation_id': 693, 'availability_zone_hints': [], 'availability_zones': [], 'ipv4_address_scope': None, 'ipv6_address_scope': None, 'description': '', 'tags': [], 'created_at': '2025-01-16T08:04:07Z', 'updated_at': '2025-01-16T08:04:07Z', 'revision_number': 1} available for tenant
2025-01-16 08:05:08.144 68513 INFO tempest.lib.common.rest_client [req-dfac4f8d-8bf8-4de7-b886-4b1d4ceb8f1a req-dfac4f8d-8bf8-4de7-b886-4b1d4ceb8f1a ] Request (DeleteServersTestJSON:test_delete_server_while_in_attached_volume): 200 GET http://10.180.1.21/compute/v2.1/servers/fa966014-68a1-4418-828e-a0f28d90ddeb 0.646s
2025-01-16 08:05:08.146 68501 INFO tempest.lib.common.rest_client [req-c577c265-fefd-464d-a36a-4d7f7776024e req-c577c265-fefd-464d-a36a-4d7f7776024e ] Request (ServersTestMultiNic:test_verify_duplicate_network_nics): 200 GET http://10.180.1.21/compute/v2.1/servers/5fd07b81-1348-4194-ab20-437cb5c61dfa 0.664s
2025-01-16 08:05:08.156 68503 INFO tempest.lib.common.rest_client [req-21512056-920a-4c97-aa26-68b44c31b0b8 req-21512056-920a-4c97-aa26-68b44c31b0b8 ] Request (AttachInterfacesV270Test:setUpClass): 201 POST http://10.180.1.21:9696/networking/v2.0/subnets 0.306s
2025-01-16 08:05:08.201 68521 INFO tempest.lib.common.rest_client [req-07d9b9ee-c649-419c-b592-b564eb4d32e5 req-07d9b9ee-c649-419c-b592-b564eb4d32e5 ] Request (AttachInterfacesUnderV243Test:test_add_remove_fixed_ip): 200 GET http://10.180.1.21/compute/v2.1/servers/84c5cb88-aad9-4b81-9dca-866ddcf0e8f5 0.664s
2025-01-16 08:05:08.255 68523 INFO tempest.lib.common.rest_client [req-ccf83888-a84b-4e56-bb78-02752667a1dc req-ccf83888-a84b-4e56-bb78-02752667a1dc ] Request (ServerActionsTestJSON:setUpClass): 200 GET http://10.180.1.21/compute/v2.1/servers/4bffe146-0b5f-4141-b83c-6974834803bd 0.669s
2025-01-16 08:05:08.298 68539 INFO tempest.lib.common.rest_client [req-37c22d71-ce45-424b-963d-8b67545b0d2f req-37c22d71-ce45-424b-963d-8b67545b0d2f ] Request (VolumesAdminNegativeTest:test_update_attached_volume_with_nonexistent_volume_in_body): 200 GET http://10.180.1.21/compute/v2.1/servers/bb952207-9905-4a12-a189-94d00a8d1066 0.746s
2025-01-16 08:05:08.305 68539 INFO tempest.common.waiters [-] State transition "BUILD/None" ==> "BUILD/spawning" after 46 second wait
2025-01-16 08:05:08.341 68515 INFO tempest.lib.common.rest_client [req-354d0e48-6583-4642-964d-d885cc488f69 req-354d0e48-6583-4642-964d-d885cc488f69 ] Request (SecurityGroupsTestJSON:setUpClass): 201 POST http://10.180.1.21:9696/networking/v2.0/subnets 0.367s
