2025-01-16 08:04:14.706 68515 INFO tempest.lib.common.rest_client [req-b98c8518-594d-4bde-adce-e8b4ed94b915 req-b98c8518-594d-4bde-adce-e8b4ed94b915 ] Request (ServerDiagnosticsTest:test_get_server_diagnostics): 200 GET http://10.180.1.21/compute/v2.1/servers/b488c40e-414f-4a6b-a0b1-c35ee573c57c 2.403s
2025-01-16 08:04:14.733 68531 INFO tempest.lib.common.rest_client [req-af05cd16-3b0b-444d-a27f-41320ce823f2 req-af05cd16-3b0b-444d-a27f-41320ce823f2 ] Request (SecurityGroupRulesNegativeTestJSON:test_create_security_group_rule_with_invalid_ip_protocol): 200 POST http://10.180.1.21/compute/v2.1/os-security-groups 2.912s
2025-01-16 08:04:15.002 68521 INFO tempest.lib.common.rest_client [req-4327e4bc-87d8-4716-97bc-263ce62f859a req-4327e4bc-87d8-4716-97bc-263ce62f859a ] Request (SecurityGroupsTestAdminJSON:_run_cleanups): 202 DELETE http://10.180.1.21/compute/v2.1/os-security-groups/727277e8-dd67-4fd4-9689-dc0fe4ae10dc 2.213s
2025-01-16 08:04:15.063 68505 INFO tempest.lib.common.rest_client [req-0f6a1b17-c083-4b95-9238-f006a5155aa9 req-0f6a1b17-c083-4b95-9238-f006a5155aa9 ] Request (MigrationsAdminTest:test_list_migrations_in_flavor_resize_situation): 200 GET http://10.180.1.21/compute/v2.1/servers/5e6ff9fc-688d-41af-ade4-48b8150c74d2 2.263s
2025-01-16 08:04:15.071 68547 INFO tempest.lib.common.rest_client [req-f58d9a94-c8ff-4874-b38a-d918a2d98eda req-f58d9a94-c8ff-4874-b38a-d918a2d98eda ] Request (FlavorsAccessNegativeTestJSON:test_flavor_access_list_with_public_flavor): 404 GET http://10.180.1.21/compute/v2.1/flavors/241657048/os-flavor-access 2.259s
2025-01-16 08:04:15.075 68523 INFO tempest.lib.common.rest_client [req-e12de005-24b5-4a62-bae2-26e86230d12d req-e12de005-24b5-4a62-bae2-26e86230d12d ] Request (SecurityGroupsNegativeTestJSON:setUpClass): 201 POST http://10.180.1.21:9696/networking/v2.0/routers 2.274s
2025-01-16 08:04:15.081 68485 INFO tempest.lib.common.rest_client [req-96cabf19-b620-4e9c-822d-7e1316fe99e4 req-96cabf19-b620-4e9c-822d-7e1316fe99e4 ] Request (FlavorsExtraSpecsNegativeTestJSON:test_flavor_unset_nonexistent_key): 404 DELETE http://10.180.1.21/compute/v2.1/flavors/1703081970/os-extra_specs/hw:cpu_thread_policy 2.265s
2025-01-16 08:04:15.277 68539 INFO tempest.lib.common.rest_client [req-4456af03-338e-48bc-af75-f31a291f4f0d req-4456af03-338e-48bc-af75-f31a291f4f0d ] Request (VolumesAdminNegativeTest:setUpClass): 200 PUT http://10.180.1.21:9696/networking/v2.0/routers/b8abae53-812c-47bb-9a06-e2eb6558f7d3/add_router_interface 2.673s
2025-01-16 08:04:15.277 68539 INFO tempest.lib.common.dynamic_creds [-] Created isolated network resources for: credentials: Credentials: {'domain_id': 'default', 'domain_name': 'Default', 'username': 'tempest-VolumesAdminNegativeTest-373028740-project-admin', 'project_domain_id': 'default', 'project_domain_name': 'Default', 'project_id': 'fec86215cd9c48dfaa2d647b154884c2', 'project_name': 'tempest-VolumesAdminNegativeTest-373028740', 'tenant_id': 'fec86215cd9c48dfaa2d647b154884c2', 'tenant_name': 'tempest-VolumesAdminNegativeTest-373028740', 'user_domain_id': 'default', 'user_domain_name': 'Default', 'user_id': '9132aa79422949cfb7ab1b5cb1a08496', 'system': None}, Network: {'id': '0a8403d2-183f-45fd-aa63-ae91fa548ad4', 'name': 'tempest-VolumesAdminNegativeTest-1170593475-network', 'tenant_id': 'fec86215cd9c48dfaa2d647b154884c2', 'admin_state_up': True, 'mtu': 8950, 'status': 'ACTIVE', 'subnets': [], 'shared': False, 'project_id': 'fec86215cd9c48dfaa2d647b154884c2', 'port_security_enabled': True, 'router:external': False, 'provider:network_type': 'vlan', 'provider:physical_network': 'default', 'provider:segmentation_id': 164, 'availability_zone_hints': [], 'availability_zones': [], 'ipv4_address_scope': None, 'ipv6_address_scope': None, 'description': '', 'tags': [], 'created_at': '2025-01-16T08:04:08Z', 'updated_at': '2025-01-16T08:04:08Z', 'revision_number': 1}, Subnet: {'id': '460060e1-0ead-4d60-a288-bf5de76c1172', 'name': 'tempest-VolumesAdminNegativeTest-1170593475-subnet', 'tenant_id': 'fec86215cd9c48dfaa2d647b154884c2', 'network_id': '0a8403d2-183f-45fd-aa63-ae91fa548ad4', 'ip_version': 4, 'subnetpool_id': None, 'enable_dhcp': True, 'ipv6_ra_mode': None, 'ipv6_address_mode': None, 'gateway_ip': '192.168.128.1', 'cidr': '192.168.128.0/28', 'allocation_pools': [{'start': '192.168.128.2', 'end': '192.168.128.14'}], 'host_routes': [], 'dns_nameservers': [], 'description': '', 'router:external': False, 'service_types': [], 'tags': [], 'created_at': '2025-01-16T08:04:08Z', 'updated_at': '2025-01-16T08:04:08Z', 'revision_number': 0, 'project_id': 'fec86215cd9c48dfaa2d647b154884c2'}, Router: {'id': 'b8abae53-812c-47bb-9a06-e2eb6558f7d3', 'name': 'tempest-VolumesAdminNegativeTest-1170593475-router', 'tenant_id': 'fec86215cd9c48dfaa2d647b154884c2', 'admin_state_up': True, 'status': 'ACTIVE', 'external_gateway_info': {'network_id': '132749ba-fdf1-47d6-b9a8-5e375921d591', 'external_fixed_ips': [{'subnet_id': '8b59a08d-2884-4c76-9cc5-9376354618af', 'ip_address': '10.180.180.151'}], 'enable_snat': True}, 'description': '', 'availability_zones': [], 'distributed': False, 'ha': False, 'availability_zone_hints': [], 'routes': [], 'flavor_id': None, 'tags': [], 'created_at': '2025-01-16T08:04:09Z', 'updated_at': '2025-01-16T08:04:11Z', 'revision_number': 2, 'project_id': 'fec86215cd9c48dfaa2d647b154884c2'}
2025-01-16 08:04:15.292 68533 INFO tempest.lib.common.rest_client [req-d21a3a9f-f937-451d-8cd3-0a9fd86debda req-d21a3a9f-f937-451d-8cd3-0a9fd86debda ] Request (ListServersNegativeTestJSON:setUpClass): 201 POST http://10.180.1.21:9696/networking/v2.0/networks 0.869s
2025-01-16 08:04:15.356 68539 INFO tempest.lib.common.rest_client [req-fde3f86c-ae8e-47c9-8658-ba3bd4c1d724 req-fde3f86c-ae8e-47c9-8658-ba3bd4c1d724 ] Request (VolumesAdminNegativeTest:setUpClass): 201 POST http://10.180.1.21/identity/v3/auth/tokens 0.076s
2025-01-16 08:04:15.584 68503 INFO tempest.lib.common.rest_client [req-9614d8ff-c5d5-4a36-9ae3-c3f42cbcd03d req-9614d8ff-c5d5-4a36-9ae3-c3f42cbcd03d ] Request (ImagesOneServerTestJSON:setUpClass): 202 POST http://10.180.1.21/compute/v2.1/servers 3.215s
2025-01-16 08:04:15.672 68527 INFO tempest.lib.common.rest_client [req-1fc24f00-deb4-4f2d-b579-e03c4c68aba2 req-1fc24f00-deb4-4f2d-b579-e03c4c68aba2 ] Request (ServerExternalEventsTest:test_create_server_external_events): 200 GET http://10.180.1.21/compute/v2.1/servers/411bc66f-d976-456c-83d5-3c2aa646644f 2.564s
2025-01-16 08:04:15.681 68527 INFO tempest.common.waiters [-] State transition "BUILD/None" ==> "BUILD/networking" after 6 second wait
2025-01-16 08:04:15.710 68529 INFO tempest.lib.common.rest_client [req-48267449-3d18-4245-8851-4164ba8719f0 req-48267449-3d18-4245-8851-4164ba8719f0 ] Request (VolumesAssistedSnapshotsTest:test_volume_assisted_snapshot_create_delete): 202 POST http://10.180.1.21/compute/v2.1/servers 2.842s
2025-01-16 08:04:15.739 68533 INFO tempest.lib.common.rest_client [req-07dafe36-cf93-4245-9a52-82ded7513ed3 req-07dafe36-cf93-4245-9a52-82ded7513ed3 ] Request (ListServersNegativeTestJSON:setUpClass): 201 POST http://10.180.1.21:9696/networking/v2.0/subnets 0.447s
2025-01-16 08:04:15.778 68525 INFO tempest.lib.common.rest_client [req-9d69b7e0-c0e2-403b-bf3b-9cb24cce6f0e req-9d69b7e0-c0e2-403b-bf3b-9cb24cce6f0e ] Request (FloatingIPsAssociationNegativeTestJSON:setUpClass): 200 PUT http://10.180.1.21:9696/networking/v2.0/routers/e6d33d9d-7eaf-4027-bc1b-9d491f8dbdd9/add_router_interface 2.464s
2025-01-16 08:04:15.778 68525 INFO tempest.lib.common.dynamic_creds [-] Created isolated network resources for: credentials: Credentials: {'domain_id': 'default', 'domain_name': 'Default', 'username': 'tempest-FloatingIPsAssociationNegativeTestJSON-289545378-project-member', 'project_domain_id': 'default', 'project_domain_name': 'Default', 'project_id': '89e68fea9e4b4b1db484022a694cf636', 'project_name': 'tempest-FloatingIPsAssociationNegativeTestJSON-289545378', 'tenant_id': '89e68fea9e4b4b1db484022a694cf636', 'tenant_name': 'tempest-FloatingIPsAssociationNegativeTestJSON-289545378', 'user_domain_id': 'default', 'user_domain_name': 'Default', 'user_id': '9eeaea45f90f418ebedf04ee7f944008', 'system': None}, Network: {'id': 'e91a404a-fb5d-4a73-be05-4cbbbb1ebe25', 'name': 'tempest-FloatingIPsAssociationNegativeTestJSON-981302482-network', 'tenant_id': '89e68fea9e4b4b1db484022a694cf636', 'admin_state_up': True, 'mtu': 8950, 'status': 'ACTIVE', 'subnets': [], 'shared': False, 'project_id': '89e68fea9e4b4b1db484022a694cf636', 'port_security_enabled': True, 'router:external': False, 'provider:network_type': 'vlan', 'provider:physical_network': 'default', 'provider:segmentation_id': 775, 'availability_zone_hints': [], 'availability_zones': [], 'ipv4_address_scope': None, 'ipv6_address_scope': None, 'description': '', 'tags': [], 'created_at': '2025-01-16T08:04:10Z', 'updated_at': '2025-01-16T08:04:10Z', 'revision_number': 1}, Subnet: {'id': 'a25f1f53-5a98-4a16-9533-e5f6e93e45ad', 'name': 'tempest-FloatingIPsAssociationNegativeTestJSON-981302482-subnet', 'tenant_id': '89e68fea9e4b4b1db484022a694cf636', 'network_id': 'e91a404a-fb5d-4a73-be05-4cbbbb1ebe25', 'ip_version': 4, 'subnetpool_id': None, 'enable_dhcp': True, 'ipv6_ra_mode': None, 'ipv6_address_mode': None, 'gateway_ip': '192.168.128.1', 'cidr': '192.168.128.0/28', 'allocation_pools': [{'start': '192.168.128.2', 'end': '192.168.128.14'}], 'host_routes': [], 'dns_nameservers': [], 'description': '', 'router:external': False, 'service_types': [], 'tags': [], 'created_at': '2025-01-16T08:04:11Z', 'updated_at': '2025-01-16T08:04:11Z', 'revision_number': 0, 'project_id': '89e68fea9e4b4b1db484022a694cf636'}, Router: {'id': 'e6d33d9d-7eaf-4027-bc1b-9d491f8dbdd9', 'name': 'tempest-FloatingIPsAssociationNegativeTestJSON-981302482-router', 'tenant_id': '89e68fea9e4b4b1db484022a694cf636', 'admin_state_up': True, 'status': 'ACTIVE', 'external_gateway_info': {'network_id': '132749ba-fdf1-47d6-b9a8-5e375921d591', 'external_fixed_ips': [{'subnet_id': '8b59a08d-2884-4c76-9cc5-9376354618af', 'ip_address': '10.180.180.149'}], 'enable_snat': True}, 'description': '', 'availability_zones': [], 'distributed': False, 'ha': False, 'availability_zone_hints': [], 'routes': [], 'flavor_id': None, 'tags': [], 'created_at': '2025-01-16T08:04:11Z', 'updated_at': '2025-01-16T08:04:12Z', 'revision_number': 2, 'project_id': '89e68fea9e4b4b1db484022a694cf636'}
2025-01-16 08:04:15.813 68537 INFO tempest.lib.common.rest_client [req-fb5e6637-9968-4fb4-85fe-f3c5e2240078 req-fb5e6637-9968-4fb4-85fe-f3c5e2240078 ] Request (DeleteServersAdminTestJSON:test_admin_delete_servers_of_others): 200 GET http://10.180.1.21/compute/v2.1/servers/8f01e811-9b69-435a-80f2-594e149724b8 1.892s
2025-01-16 08:04:15.822 68537 INFO tempest.common.waiters [-] State transition "BUILD/spawning" ==> "BUILD/scheduling" after 17 second wait
2025-01-16 08:04:15.848 68507 INFO tempest.lib.common.rest_client [req-176ffa05-6b70-4aa4-b4aa-daf8840ca744 req-176ffa05-6b70-4aa4-b4aa-daf8840ca744 ] Request (QuotasAdminTestV257:test_get_updated_quotas): 200 PUT http://10.180.1.21/compute/v2.1/os-quota-sets/aef45468b4d647a6bd48cccc1378774b?user_id=1aba4bb5057043f1bc720c42aa04885a 2.011s
2025-01-16 08:04:15.860 68535 INFO tempest.lib.common.rest_client [req-7650d6bc-3ca4-4e30-9362-72636b0b779a req-7650d6bc-3ca4-4e30-9362-72636b0b779a ] Request (ListImageFiltersTestJSON:setUpClass): 200 GET http://10.180.1.21/compute/v2.1/images/e75c5648-f41b-4376-97b9-d5e7c6b879c4 1.849s
2025-01-16 08:04:15.883 68525 INFO tempest.lib.common.rest_client [req-35e69825-3c82-486b-8e7f-4f2a3c72016b req-35e69825-3c82-486b-8e7f-4f2a3c72016b ] Request (FloatingIPsAssociationNegativeTestJSON:setUpClass): 201 POST http://10.180.1.21/identity/v3/auth/tokens 0.102s
2025-01-16 08:04:15.921 68525 INFO tempest.lib.common.rest_client [req-c6aeea06-6d21-41b0-89c5-008cde86172b req-c6aeea06-6d21-41b0-89c5-008cde86172b ] Request (FloatingIPsAssociationNegativeTestJSON:setUpClass): 201 POST http://10.180.1.21/identity/v3/auth/tokens 0.031s
2025-01-16 08:04:15.921 68525 INFO tempest.lib.common.fixed_network [-] (FloatingIPsAssociationNegativeTestJSON:setUpClass) Found network {'id': 'e91a404a-fb5d-4a73-be05-4cbbbb1ebe25', 'name': 'tempest-FloatingIPsAssociationNegativeTestJSON-981302482-network', 'tenant_id': '89e68fea9e4b4b1db484022a694cf636', 'admin_state_up': True, 'mtu': 8950, 'status': 'ACTIVE', 'subnets': [], 'shared': False, 'project_id': '89e68fea9e4b4b1db484022a694cf636', 'port_security_enabled': True, 'router:external': False, 'provider:network_type': 'vlan', 'provider:physical_network': 'default', 'provider:segmentation_id': 775, 'availability_zone_hints': [], 'availability_zones': [], 'ipv4_address_scope': None, 'ipv6_address_scope': None, 'description': '', 'tags': [], 'created_at': '2025-01-16T08:04:10Z', 'updated_at': '2025-01-16T08:04:10Z', 'revision_number': 1} available for tenant
2025-01-16 08:04:15.944 68487 INFO tempest.lib.common.rest_client [req-9254df3a-a8e2-4537-b802-a8926224b572 req-9254df3a-a8e2-4537-b802-a8926224b572 ] Request (QuotasAdminNegativeTest:test_create_server_when_memory_quota_is_full): 200 GET http://10.180.1.21/compute/v2.1/os-quota-sets/1094997a805647b6ac1ff41129849c7c 1.863s
2025-01-16 08:04:16.022 68513 INFO tempest.lib.common.rest_client [req-5e2ea75c-ee83-4c4c-b225-b392725d81de req-5e2ea75c-ee83-4c4c-b225-b392725d81de ] Request (DeleteServersTestJSON:test_delete_active_server): 200 GET http://10.180.1.21/compute/v2.1/servers/ca004526-9a21-4d6c-a033-f9964f1cb9c2 1.751s
2025-01-16 08:04:16.216 68519 INFO tempest.lib.common.rest_client [req-c0e219c8-6ade-4334-a1f4-7b452b8b1418 req-c0e219c8-6ade-4334-a1f4-7b452b8b1418 ] Request (SecurityGroupRulesTestJSON:test_security_group_rules_delete_when_peer_group_deleted): 200 POST http://10.180.1.21/compute/v2.1/os-security-groups 1.825s
2025-01-16 08:04:16.234 68511 INFO tempest.lib.common.rest_client [req-10537ee4-c2a1-449b-b788-f6ae50ed3ff4 req-10537ee4-c2a1-449b-b788-f6ae50ed3ff4 ] Request (FlavorsV261TestJSON:_run_cleanups): 202 DELETE http://10.180.1.21/compute/v2.1/flavors/582253849 1.818s
2025-01-16 08:04:16.247 68517 INFO tempest.lib.common.rest_client [req-57259bb8-7710-4629-a45e-3c81a011ce2c req-57259bb8-7710-4629-a45e-3c81a011ce2c ] Request (FlavorsAdminTestJSON:_run_cleanups): 202 DELETE http://10.180.1.21/compute/v2.1/flavors/1408332370 1.819s
2025-01-16 08:04:16.254 68541 INFO tempest.lib.common.rest_client [req-ddd9d0ba-5e22-49b0-a08b-696ba77ade20 req-ddd9d0ba-5e22-49b0-a08b-696ba77ade20 ] Request (KeyPairsNegativeTestJSON:test_create_keypair_with_empty_name_string): 400 POST http://10.180.1.21/compute/v2.1/os-keypairs 1.808s
2025-01-16 08:04:16.273 68491 INFO tempest.lib.common.rest_client [req-e0d4ad07-f4b7-4a20-a3be-8298fcb64c94 req-e0d4ad07-f4b7-4a20-a3be-8298fcb64c94 ] Request (HostsAdminTestJSON:test_show_host_detail): 200 GET http://10.180.1.21/compute/v2.1/os-hosts 1.805s
2025-01-16 08:04:16.290 68497 INFO tempest.lib.common.rest_client [req-0192978e-6948-4d3d-8379-718ef19ccbf5 req-0192978e-6948-4d3d-8379-718ef19ccbf5 ] Request (ServersWithSpecificFlavorTestJSON:test_verify_created_server_ephemeral_disk): 200 POST http://10.180.1.21/compute/v2.1/flavors/1434923242/os-extra_specs 1.804s
2025-01-16 08:04:16.295 68543 INFO tempest.lib.common.rest_client [req-4b6400da-dfcd-4668-8cff-9a8a433d96d1 req-4b6400da-dfcd-4668-8cff-9a8a433d96d1 ] Request (HypervisorAdminNegativeTestJSON:test_show_nonexistent_hypervisor): 404 GET http://10.180.1.21/compute/v2.1/os-hypervisors/a1a09110-f1c4-4c98-b29d-87132175fb07 1.801s
2025-01-16 08:04:16.320 68499 INFO tempest.lib.common.rest_client [req-58beaf70-2055-47c7-b804-9c33f8ac8526 req-58beaf70-2055-47c7-b804-9c33f8ac8526 ] Request (FlavorsExtraSpecsTestJSON:test_flavor_set_get_update_show_unset_keys): 200 DELETE http://10.180.1.21/compute/v2.1/flavors/890101660/os-extra_specs/hw:numa_nodes 1.812s
2025-01-16 08:04:16.379 68489 INFO tempest.lib.common.rest_client [req-17105cb7-a5d8-461c-83f8-958869c10bf7 req-17105cb7-a5d8-461c-83f8-958869c10bf7 ] Request (ServersAdminTestJSON:setUpClass): 200 GET http://10.180.1.21/compute/v2.1/servers/76fee949-7319-4999-a061-73c01f0b6351 1.818s
2025-01-16 08:04:16.384 68543 INFO tempest.lib.common.rest_client [req-8d755716-d405-49d9-99c7-f840f07fd06e req-8d755716-d405-49d9-99c7-f840f07fd06e ] Request (HypervisorAdminNegativeTestJSON:tearDownClass): 204 DELETE http://10.180.1.21/identity/v3/users/cb1b2baf2fb647b4956a800be883ea2e 0.088s
2025-01-16 08:04:16.395 68501 INFO tempest.lib.common.rest_client [req-70192cd7-2133-45b7-ac2a-46f14ae843ba req-70192cd7-2133-45b7-ac2a-46f14ae843ba ] Request (AggregatesAdminNegativeTestJSON:_run_cleanups): 200 DELETE http://10.180.1.21/compute/v2.1/os-aggregates/2 1.787s
2025-01-16 08:04:16.476 68543 INFO tempest.lib.common.rest_client [req-1900f62e-584d-4366-bd70-955133cd383b req-1900f62e-584d-4366-bd70-955133cd383b ] Request (HypervisorAdminNegativeTestJSON:tearDownClass): 204 DELETE http://10.180.1.21/identity/v3/users/34b960cd0bfb4fdb80b9cc069ead1e96 0.091s
2025-01-16 08:04:16.476 68543 INFO tempest.lib.common.dynamic_creds [-] Deleting project and security group for project: b5f5323d174941bebb9e2cd405b76caa
2025-01-16 08:04:16.531 68543 INFO tempest.lib.common.rest_client [req-de560c45-88c4-4996-8c2f-d1cb649bb962 req-de560c45-88c4-4996-8c2f-d1cb649bb962 ] Request (HypervisorAdminNegativeTestJSON:tearDownClass): 201 POST http://10.180.1.21/identity/v3/auth/tokens 0.055s
2025-01-16 08:04:16.778 68543 INFO tempest.lib.common.rest_client [req-bc85a414-bd7e-4701-9beb-89b6500daa22 req-bc85a414-bd7e-4701-9beb-89b6500daa22 ] Request (HypervisorAdminNegativeTestJSON:tearDownClass): 200 GET http://10.180.1.21:9696/networking/v2.0/security-groups?tenant_id=b5f5323d174941bebb9e2cd405b76caa&name=default 0.246s
2025-01-16 08:04:16.867 68543 INFO tempest.lib.common.rest_client [req-c6de3e13-e80f-4ed7-bd42-55a7d8bd4e55 req-c6de3e13-e80f-4ed7-bd42-55a7d8bd4e55 ] Request (HypervisorAdminNegativeTestJSON:tearDownClass): 204 DELETE http://10.180.1.21:9696/networking/v2.0/security-groups/356b0060-83f9-4b4e-b717-1d62b8c272e7 0.088s
2025-01-16 08:04:16.882 68509 INFO tempest.lib.common.rest_client [req-6e98108b-f1b7-4f77-bea6-c88ff7b5b212 req-6e98108b-f1b7-4f77-bea6-c88ff7b5b212 ] Request (FloatingIPsAssociationTestJSON:setUpClass): 202 POST http://10.180.1.21/compute/v2.1/servers 2.177s
2025-01-16 08:04:16.916 68531 INFO tempest.lib.common.rest_client [req-d0da426e-3eab-43ae-9f3b-a32e7c0985e4 req-d0da426e-3eab-43ae-9f3b-a32e7c0985e4 ] Request (SecurityGroupRulesNegativeTestJSON:test_create_security_group_rule_with_invalid_ip_protocol): 400 POST http://10.180.1.21/compute/v2.1/os-security-group-rules 2.179s
2025-01-16 08:04:16.936 68543 INFO tempest.lib.common.rest_client [req-35467c04-1541-4515-9401-a987c4619b57 req-35467c04-1541-4515-9401-a987c4619b57 ] Request (HypervisorAdminNegativeTestJSON:tearDownClass): 204 DELETE http://10.180.1.21/identity/v3/projects/b5f5323d174941bebb9e2cd405b76caa 0.067s
2025-01-16 08:04:16.936 68543 INFO tempest.lib.common.dynamic_creds [-] Deleting project and security group for project: a352bd79936a4028b6cb1a7848a57ca3
2025-01-16 08:04:16.977 68493 INFO tempest.lib.common.rest_client [req-28d8c1e6-82df-49c0-8946-dbc807dae4f6 req-28d8c1e6-82df-49c0-8946-dbc807dae4f6 ] Request (ImagesNegativeTestJSON:test_create_image_from_deleted_server): 200 GET http://10.180.1.21/compute/v2.1/servers/9beac522-ed31-4100-a9d1-ffa100f36dcc 2.131s
2025-01-16 08:04:17.058 68545 INFO tempest.lib.common.rest_client [req-c91bec0e-8a3e-4361-bb36-ae5d82936431 req-c91bec0e-8a3e-4361-bb36-ae5d82936431 ] Request (ImagesOneServerNegativeTestJSON:setUpClass): 200 GET http://10.180.1.21/compute/v2.1/servers/bb738eff-a62c-4c40-bd1c-b95793aba83b 2.138s
2025-01-16 08:04:17.074 68543 INFO tempest.lib.common.rest_client [req-6c0e748a-2e00-4768-b2b2-4caef78d4fa1 req-6c0e748a-2e00-4768-b2b2-4caef78d4fa1 ] Request (HypervisorAdminNegativeTestJSON:tearDownClass): 200 GET http://10.180.1.21:9696/networking/v2.0/security-groups?tenant_id=a352bd79936a4028b6cb1a7848a57ca3&name=default 0.138s
2025-01-16 08:04:17.171 68521 INFO tempest.lib.common.rest_client [req-62da413a-7eb9-4435-80bb-c56b6d1e56c9 req-62da413a-7eb9-4435-80bb-c56b6d1e56c9 ] Request (SecurityGroupsTestAdminJSON:_run_cleanups): 202 DELETE http://10.180.1.21/compute/v2.1/os-security-groups/3e080e79-e97c-4358-86db-9a5c81341b76 2.168s
2025-01-16 08:04:17.254 68547 INFO tempest.lib.common.rest_client [req-a2df8079-2839-4033-8ef0-3e23ebf8448a req-a2df8079-2839-4033-8ef0-3e23ebf8448a ] Request (FlavorsAccessNegativeTestJSON:_run_cleanups): 202 DELETE http://10.180.1.21/compute/v2.1/flavors/241657048 2.182s
2025-01-16 08:04:17.264 68485 INFO tempest.lib.common.rest_client [req-7b5d95fb-436d-402b-adab-1338c44151ed req-7b5d95fb-436d-402b-adab-1338c44151ed ] Request (FlavorsExtraSpecsNegativeTestJSON:test_flavor_update_mismatch_key): 400 PUT http://10.180.1.21/compute/v2.1/flavors/1703081970/os-extra_specs/hw:numa_nodes 2.182s
2025-01-16 08:04:17.434 68543 INFO tempest.lib.common.rest_client [req-c31acbd5-ead0-4c67-94b9-3ad145f681be req-c31acbd5-ead0-4c67-94b9-3ad145f681be ] Request (HypervisorAdminNegativeTestJSON:tearDownClass): 204 DELETE http://10.180.1.21:9696/networking/v2.0/security-groups/63e81feb-7c50-4a27-8ab7-77ce4fa8db9d 0.360s
2025-01-16 08:04:17.480 68539 INFO tempest.lib.common.rest_client [req-36c21fa3-4f6d-42ee-ab1c-8da00cfcd2c3 req-36c21fa3-4f6d-42ee-ab1c-8da00cfcd2c3 ] Request (VolumesAdminNegativeTest:test_update_attached_volume_with_nonexistent_volume_in_body): 200 POST http://10.180.1.21/compute/v2.1/os-keypairs 2.122s
2025-01-16 08:04:17.557 68503 INFO tempest.lib.common.rest_client [req-cbf1a60c-0a44-45b2-b24d-f7457536cf92 req-cbf1a60c-0a44-45b2-b24d-f7457536cf92 ] Request (ImagesOneServerTestJSON:setUpClass): 200 GET http://10.180.1.21/compute/v2.1/servers/a23ca971-e08f-463f-bab3-46d5d7b91cda 1.971s
2025-01-16 08:04:17.562 68543 INFO tempest.lib.common.rest_client [req-63771a52-0d10-4220-9b67-bfd23ea533b6 req-63771a52-0d10-4220-9b67-bfd23ea533b6 ] Request (HypervisorAdminNegativeTestJSON:tearDownClass): 204 DELETE http://10.180.1.21/identity/v3/projects/a352bd79936a4028b6cb1a7848a57ca3 0.128s
2025-01-16 08:04:17.612 68529 INFO tempest.lib.common.rest_client [req-9152e116-39cf-45b5-a578-141f74548cce req-9152e116-39cf-45b5-a578-141f74548cce ] Request (VolumesAssistedSnapshotsTest:test_volume_assisted_snapshot_create_delete): 200 GET http://10.180.1.21/compute/v2.1/servers/c15b6ab2-6657-48bb-b992-2d30a2ae54d3 1.900s
2025-01-16 08:04:17.626 68539 INFO tempest.lib.common.rest_client [req-76b20cbb-5a43-4120-9f7f-295b9b13a4fa req-76b20cbb-5a43-4120-9f7f-295b9b13a4fa ] Request (VolumesAdminNegativeTest:test_update_attached_volume_with_nonexistent_volume_in_body): 201 POST http://10.180.1.21:9696/networking/v2.0/security-groups 0.142s
2025-01-16 08:04:17.642 68543 INFO tempest.lib.common.rest_client [req-fc755980-80e3-417a-b4d5-be2a14e454d8 req-fc755980-80e3-417a-b4d5-be2a14e454d8 ] Request (ServersAdmin275Test:setUpClass): 201 POST http://10.180.1.21/identity/v3/auth/tokens 0.078s
2025-01-16 08:04:17.668 68515 INFO tempest.lib.common.rest_client [req-dde1e25f-dd46-41e5-8776-532a19d9f2ff req-dde1e25f-dd46-41e5-8776-532a19d9f2ff ] Request (ServerDiagnosticsTest:test_get_server_diagnostics): 200 GET http://10.180.1.21/compute/v2.1/servers/b488c40e-414f-4a6b-a0b1-c35ee573c57c 1.950s
2025-01-16 08:04:17.680 68543 INFO tempest.lib.common.rest_client [req-01a7c7ea-3236-4cbb-8aa2-59f4c3f1d383 req-01a7c7ea-3236-4cbb-8aa2-59f4c3f1d383 ] Request (ServersAdmin275Test:setUpClass): 201 POST http://10.180.1.21/identity/v3/auth/tokens 0.035s
2025-01-16 08:04:17.712 68543 INFO tempest.lib.common.rest_client [req-8de6dd75-9a8b-4e7c-856c-de6bcf6e89e8 req-8de6dd75-9a8b-4e7c-856c-de6bcf6e89e8 ] Request (ServersAdmin275Test:setUpClass): 200 GET http://10.180.1.21/identity/v3/domains?name=Default 0.031s
2025-01-16 08:04:17.750 68543 INFO tempest.lib.common.rest_client [req-94f65a11-20b7-4159-8da8-98756db11401 req-94f65a11-20b7-4159-8da8-98756db11401 ] Request (ServersAdmin275Test:setUpClass): 201 POST http://10.180.1.21/identity/v3/projects 0.037s
2025-01-16 08:04:17.789 68539 INFO tempest.lib.common.rest_client [req-e663e2a1-0d11-4889-ba6a-0c2f02902652 req-e663e2a1-0d11-4889-ba6a-0c2f02902652 ] Request (VolumesAdminNegativeTest:test_update_attached_volume_with_nonexistent_volume_in_body): 201 POST http://10.180.1.21:9696/networking/v2.0/security-group-rules 0.162s
2025-01-16 08:04:17.825 68543 INFO tempest.lib.common.rest_client [req-664cb39e-14f4-49a7-8ec6-a98725f45c70 req-664cb39e-14f4-49a7-8ec6-a98725f45c70 ] Request (ServersAdmin275Test:setUpClass): 201 POST http://10.180.1.21/identity/v3/users 0.074s
2025-01-16 08:04:17.825 68495 INFO tempest.lib.common.rest_client [req-599db257-9436-408f-bd1a-ed15fe5369d4 req-599db257-9436-408f-bd1a-ed15fe5369d4 ] Request (FloatingIPDetailsTestJSON:test_get_floating_ip_details): 200 POST http://10.180.1.21/compute/v2.1/os-floating-ips 3.581s
2025-01-16 08:04:17.860 68543 INFO tempest.lib.common.rest_client [req-70132936-4503-443e-ae8b-09daa49249bd req-70132936-4503-443e-ae8b-09daa49249bd ] Request (ServersAdmin275Test:setUpClass): 200 GET http://10.180.1.21/identity/v3/roles 0.034s
2025-01-16 08:04:17.863 68507 INFO tempest.lib.common.rest_client [req-94086e16-2d34-4463-84fb-38952825d088 req-94086e16-2d34-4463-84fb-38952825d088 ] Request (QuotasAdminTestV257:test_get_updated_quotas): 200 GET http://10.180.1.21/compute/v2.1/os-quota-sets/aef45468b4d647a6bd48cccc1378774b?user_id=1aba4bb5057043f1bc720c42aa04885a 2.012s
2025-01-16 08:04:17.875 68535 INFO tempest.lib.common.rest_client [req-d1bef23a-2786-412c-a4c5-11bc003ea6b9 req-d1bef23a-2786-412c-a4c5-11bc003ea6b9 ] Request (ListImageFiltersTestJSON:setUpClass): 200 GET http://10.180.1.21/compute/v2.1/images/e75c5648-f41b-4376-97b9-d5e7c6b879c4 2.010s
2025-01-16 08:04:17.894 68543 INFO tempest.lib.common.rest_client [req-f411a023-6650-4f33-ac6a-6fcf5cf3a1de req-f411a023-6650-4f33-ac6a-6fcf5cf3a1de ] Request (ServersAdmin275Test:setUpClass): 204 PUT http://10.180.1.21/identity/v3/projects/29a11b5070da43c2bdf72342cd970a1c/users/262b49279b2649b092ffb4e0ab691a61/roles/4546a95ccd6d4b35949e220ab777cc71 0.034s
2025-01-16 08:04:17.894 68543 INFO tempest.lib.common.dynamic_creds [-] Dynamic test user 262b49279b2649b092ffb4e0ab691a61 is created with scope project and roles: ['member']
2025-01-16 08:04:17.894 68543 INFO tempest.lib.common.dynamic_creds [-] Acquired dynamic creds: credentials: Credentials: {'domain_id': 'default', 'domain_name': 'Default', 'username': 'tempest-ServersAdmin275Test-2015111831-project-member', 'project_domain_id': 'default', 'project_domain_name': 'Default', 'project_id': '29a11b5070da43c2bdf72342cd970a1c', 'project_name': 'tempest-ServersAdmin275Test-2015111831', 'tenant_id': '29a11b5070da43c2bdf72342cd970a1c', 'tenant_name': 'tempest-ServersAdmin275Test-2015111831', 'user_domain_id': 'default', 'user_domain_name': 'Default', 'user_id': '262b49279b2649b092ffb4e0ab691a61', 'system': None}, Network: None, Subnet: None, Router: None
2025-01-16 08:04:17.895 68543 INFO tempest.lib.common.dynamic_creds [-] Created isolated network resources for: credentials: Credentials: {'domain_id': 'default', 'domain_name': 'Default', 'username': 'tempest-ServersAdmin275Test-2015111831-project-member', 'project_domain_id': 'default', 'project_domain_name': 'Default', 'project_id': '29a11b5070da43c2bdf72342cd970a1c', 'project_name': 'tempest-ServersAdmin275Test-2015111831', 'tenant_id': '29a11b5070da43c2bdf72342cd970a1c', 'tenant_name': 'tempest-ServersAdmin275Test-2015111831', 'user_domain_id': 'default', 'user_domain_name': 'Default', 'user_id': '262b49279b2649b092ffb4e0ab691a61', 'system': None}, Network: None, Subnet: None, Router: None
2025-01-16 08:04:17.914 68523 INFO tempest.lib.common.rest_client [req-66d7b4c7-12d5-4771-bee6-152e41b60395 req-66d7b4c7-12d5-4771-bee6-152e41b60395 ] Request (SecurityGroupsNegativeTestJSON:setUpClass): 200 PUT http://10.180.1.21:9696/networking/v2.0/routers/be19dec1-def2-4057-b016-e538f66e22d2/add_router_interface 2.839s
2025-01-16 08:04:17.915 68523 INFO tempest.lib.common.dynamic_creds [-] Created isolated network resources for: credentials: Credentials: {'domain_id': 'default', 'domain_name': 'Default', 'username': 'tempest-SecurityGroupsNegativeTestJSON-918303082-project-member', 'project_domain_id': 'default', 'project_domain_name': 'Default', 'project_id': 'eb912af3791a42178db837d138aa0b89', 'project_name': 'tempest-SecurityGroupsNegativeTestJSON-918303082', 'tenant_id': 'eb912af3791a42178db837d138aa0b89', 'tenant_name': 'tempest-SecurityGroupsNegativeTestJSON-918303082', 'user_domain_id': 'default', 'user_domain_name': 'Default', 'user_id': '2f34479c95d541d59d0f71dafce880da', 'system': None}, Network: {'id': 'c761b889-36d4-45e6-809e-433283f67d1f', 'name': 'tempest-SecurityGroupsNegativeTestJSON-915135202-network', 'tenant_id': 'eb912af3791a42178db837d138aa0b89', 'admin_state_up': True, 'mtu': 8950, 'status': 'ACTIVE', 'subnets': [], 'shared': False, 'project_id': 'eb912af3791a42178db837d138aa0b89', 'port_security_enabled': True, 'router:external': False, 'provider:network_type': 'vlan', 'provider:physical_network': 'default', 'provider:segmentation_id': 765, 'availability_zone_hints': [], 'availability_zones': [], 'ipv4_address_scope': None, 'ipv6_address_scope': None, 'description': '', 'tags': [], 'created_at': '2025-01-16T08:04:11Z', 'updated_at': '2025-01-16T08:04:11Z', 'revision_number': 1}, Subnet: {'id': 'c3e5982f-5d96-41e6-a407-d36c960d2925', 'name': 'tempest-SecurityGroupsNegativeTestJSON-915135202-subnet', 'tenant_id': 'eb912af3791a42178db837d138aa0b89', 'network_id': 'c761b889-36d4-45e6-809e-433283f67d1f', 'ip_version': 4, 'subnetpool_id': None, 'enable_dhcp': True, 'ipv6_ra_mode': None, 'ipv6_address_mode': None, 'gateway_ip': '192.168.128.1', 'cidr': '192.168.128.0/28', 'allocation_pools': [{'start': '192.168.128.2', 'end': '192.168.128.14'}], 'host_routes': [], 'dns_nameservers': [], 'description': '', 'router:external': False, 'service_types': [], 'tags': [], 'created_at': '2025-01-16T08:04:12Z', 'updated_at': '2025-01-16T08:04:12Z', 'revision_number': 0, 'project_id': 'eb912af3791a42178db837d138aa0b89'}, Router: {'id': 'be19dec1-def2-4057-b016-e538f66e22d2', 'name': 'tempest-SecurityGroupsNegativeTestJSON-915135202-router', 'tenant_id': 'eb912af3791a42178db837d138aa0b89', 'admin_state_up': True, 'status': 'ACTIVE', 'external_gateway_info': {'network_id': '132749ba-fdf1-47d6-b9a8-5e375921d591', 'external_fixed_ips': [{'subnet_id': '8b59a08d-2884-4c76-9cc5-9376354618af', 'ip_address': '10.180.180.145'}], 'enable_snat': True}, 'description': '', 'availability_zones': [], 'distributed': False, 'ha': False, 'availability_zone_hints': [], 'routes': [], 'flavor_id': None, 'tags': [], 'created_at': '2025-01-16T08:04:12Z', 'updated_at': '2025-01-16T08:04:14Z', 'revision_number': 2, 'project_id': 'eb912af3791a42178db837d138aa0b89'}
2025-01-16 08:04:17.952 68539 INFO tempest.lib.common.rest_client [req-83a467f5-3c26-4f11-972a-ad1ac6ae5d97 req-83a467f5-3c26-4f11-972a-ad1ac6ae5d97 ] Request (VolumesAdminNegativeTest:test_update_attached_volume_with_nonexistent_volume_in_body): 201 POST http://10.180.1.21:9696/networking/v2.0/security-group-rules 0.161s
2025-01-16 08:04:17.955 68507 INFO tempest.lib.common.rest_client [req-496cbaa8-e88a-4a39-bb52-a74a24b50529 req-496cbaa8-e88a-4a39-bb52-a74a24b50529 ] Request (QuotasAdminTestV257:_run_cleanups): 204 DELETE http://10.180.1.21/identity/v3/users/1aba4bb5057043f1bc720c42aa04885a 0.091s
2025-01-16 08:04:18.005 68535 INFO tempest.lib.common.rest_client [req-9c6ca3f0-d770-432f-84d9-9bbb0205adcf req-9c6ca3f0-d770-432f-84d9-9bbb0205adcf ] Request (ListImageFiltersTestJSON:setUpClass): 201 POST http://10.180.1.21/identity/v3/auth/tokens 0.122s
2025-01-16 08:04:18.005 68535 INFO tempest.lib.common.fixed_network [-] (ListImageFiltersTestJSON:setUpClass) Found network None available for tenant
2025-01-16 08:04:18.075 68543 INFO tempest.lib.common.rest_client [req-497b9a1e-3381-4a43-93c3-0361b23f797c req-497b9a1e-3381-4a43-93c3-0361b23f797c ] Request (ServersAdmin275Test:setUpClass): 201 POST http://10.180.1.21/identity/v3/auth/tokens 0.177s
2025-01-16 08:04:18.079 68523 INFO tempest.lib.common.rest_client [req-d007d4cb-3971-439c-91e1-10dcb78e197b req-d007d4cb-3971-439c-91e1-10dcb78e197b ] Request (SecurityGroupsNegativeTestJSON:setUpClass): 201 POST http://10.180.1.21/identity/v3/auth/tokens 0.161s
2025-01-16 08:04:18.095 68533 INFO tempest.lib.common.rest_client [req-579ec410-ab29-4481-933c-1b0e9d07536a req-579ec410-ab29-4481-933c-1b0e9d07536a ] Request (ListServersNegativeTestJSON:setUpClass): 201 POST http://10.180.1.21:9696/networking/v2.0/routers 2.355s
2025-01-16 08:04:18.202 68507 INFO tempest.lib.common.rest_client [req-9f00e924-82b5-4e40-b78e-9645d45cc32e req-9f00e924-82b5-4e40-b78e-9645d45cc32e ] Request (QuotasAdminTestV257:_run_cleanups): 204 DELETE http://10.180.1.21/identity/v3/projects/aef45468b4d647a6bd48cccc1378774b 0.246s
2025-01-16 08:04:18.272 68543 INFO tempest.lib.common.rest_client [req-79d8aff5-20f0-402a-ae03-5162f39d422f req-79d8aff5-20f0-402a-ae03-5162f39d422f ] Request (ServersAdmin275Test:setUpClass): 201 POST http://10.180.1.21/identity/v3/projects 0.196s
2025-01-16 08:04:18.273 68487 INFO tempest.lib.common.rest_client [req-77f38410-9caf-4538-86f4-cecd59f22490 req-77f38410-9caf-4538-86f4-cecd59f22490 ] Request (QuotasAdminNegativeTest:test_create_server_when_memory_quota_is_full): 200 PUT http://10.180.1.21/compute/v2.1/os-quota-sets/1094997a805647b6ac1ff41129849c7c 2.327s
2025-01-16 08:04:18.369 68543 INFO tempest.lib.common.rest_client [req-1a166af2-1fbc-4b8d-8a64-682fefbfed8a req-1a166af2-1fbc-4b8d-8a64-682fefbfed8a ] Request (ServersAdmin275Test:setUpClass): 201 POST http://10.180.1.21/identity/v3/users 0.097s
2025-01-16 08:04:18.376 68505 INFO tempest.lib.common.rest_client [req-a6d5a7e1-3979-437e-b6db-07c32502f459 req-a6d5a7e1-3979-437e-b6db-07c32502f459 ] Request (MigrationsAdminTest:test_list_migrations_in_flavor_resize_situation): 200 GET http://10.180.1.21/compute/v2.1/servers/5e6ff9fc-688d-41af-ade4-48b8150c74d2 2.305s
2025-01-16 08:04:18.442 68507 INFO tempest.lib.common.rest_client [req-c44b17cf-d413-4cfe-b249-93d681d897a5 req-c44b17cf-d413-4cfe-b249-93d681d897a5 ] Request (QuotasAdminTestV257:tearDownClass): 204 DELETE http://10.180.1.21/identity/v3/users/6d146c4afdf34ba99cbeeb0c40cac86f 0.237s
2025-01-16 08:04:18.450 68487 INFO tempest.lib.common.rest_client [req-7e05918b-ff9c-403f-be20-cce01b18736c req-7e05918b-ff9c-403f-be20-cce01b18736c ] Request (QuotasAdminNegativeTest:test_create_server_when_memory_quota_is_full): 201 POST http://10.180.1.21/identity/v3/auth/tokens 0.168s
2025-01-16 08:04:18.451 68487 INFO tempest.lib.common.fixed_network [-] (QuotasAdminNegativeTest:test_create_server_when_memory_quota_is_full) Found network None available for tenant
2025-01-16 08:04:18.499 68543 INFO tempest.lib.common.rest_client [req-12a4b387-6f7b-4b4b-ac4d-917d2a9b6c67 req-12a4b387-6f7b-4b4b-ac4d-917d2a9b6c67 ] Request (ServersAdmin275Test:setUpClass): 200 GET http://10.180.1.21/identity/v3/roles 0.129s
2025-01-16 08:04:18.525 68543 INFO tempest.lib.common.rest_client [req-24f7ee5f-571a-49be-9485-2098aef85982 req-24f7ee5f-571a-49be-9485-2098aef85982 ] Request (ServersAdmin275Test:setUpClass): 204 PUT http://10.180.1.21/identity/v3/projects/6ec194c35f1c4ef79d8a311d3a10b2f2/users/948cf881a91143c1b5c72bf5ff396dfc/roles/1924536bc2c0476a8b6b2833b9833261 0.025s
2025-01-16 08:04:18.537 68507 INFO tempest.lib.common.rest_client [req-911cdfae-b1f8-4d62-a94d-c85b2946fc5a req-911cdfae-b1f8-4d62-a94d-c85b2946fc5a ] Request (QuotasAdminTestV257:tearDownClass): 204 DELETE http://10.180.1.21/identity/v3/users/0c5255982daa4752912a79d0510b07ce 0.095s
2025-01-16 08:04:18.537 68507 INFO tempest.lib.common.dynamic_creds [-] Deleting project and security group for project: db2f34ea93cc4b93b5960223645d1c07
2025-01-16 08:04:18.606 68507 INFO tempest.lib.common.rest_client [req-66911ecb-f812-4cff-8ce0-6f9a03af1c62 req-66911ecb-f812-4cff-8ce0-6f9a03af1c62 ] Request (QuotasAdminTestV257:tearDownClass): 201 POST http://10.180.1.21/identity/v3/auth/tokens 0.069s
2025-01-16 08:04:18.611 68543 INFO tempest.lib.common.rest_client [req-9ba13fdd-461d-4524-9565-d5db3413ccf1 req-9ba13fdd-461d-4524-9565-d5db3413ccf1 ] Request (ServersAdmin275Test:setUpClass): 200 GET http://10.180.1.21/identity/v3/roles 0.086s
2025-01-16 08:04:18.630 68525 INFO tempest.lib.common.rest_client [req-1a933b8a-c89e-4e23-9a31-1184ec52a4eb req-1a933b8a-c89e-4e23-9a31-1184ec52a4eb ] Request (FloatingIPsAssociationNegativeTestJSON:setUpClass): 202 POST http://10.180.1.21/compute/v2.1/servers 2.708s
2025-01-16 08:04:18.636 68543 INFO tempest.lib.common.rest_client [req-50473ab7-cb25-442c-8b53-b2343e2d8da0 req-50473ab7-cb25-442c-8b53-b2343e2d8da0 ] Request (ServersAdmin275Test:setUpClass): 204 PUT http://10.180.1.21/identity/v3/projects/6ec194c35f1c4ef79d8a311d3a10b2f2/users/948cf881a91143c1b5c72bf5ff396dfc/roles/1924536bc2c0476a8b6b2833b9833261 0.024s
2025-01-16 08:04:18.636 68543 INFO tempest.lib.common.dynamic_creds [-] Dynamic test user 948cf881a91143c1b5c72bf5ff396dfc is created with scope project and roles: ['admin']
2025-01-16 08:04:18.637 68543 INFO tempest.lib.common.dynamic_creds [-] Acquired dynamic creds: credentials: Credentials: {'domain_id': 'default', 'domain_name': 'Default', 'username': 'tempest-ServersAdmin275Test-2075215272-project-admin', 'project_domain_id': 'default', 'project_domain_name': 'Default', 'project_id': '6ec194c35f1c4ef79d8a311d3a10b2f2', 'project_name': 'tempest-ServersAdmin275Test-2075215272', 'tenant_id': '6ec194c35f1c4ef79d8a311d3a10b2f2', 'tenant_name': 'tempest-ServersAdmin275Test-2075215272', 'user_domain_id': 'default', 'user_domain_name': 'Default', 'user_id': '948cf881a91143c1b5c72bf5ff396dfc', 'system': None}, Network: None, Subnet: None, Router: None
2025-01-16 08:04:18.637 68543 INFO tempest.lib.common.dynamic_creds [-] Created isolated network resources for: credentials: Credentials: {'domain_id': 'default', 'domain_name': 'Default', 'username': 'tempest-ServersAdmin275Test-2075215272-project-admin', 'project_domain_id': 'default', 'project_domain_name': 'Default', 'project_id': '6ec194c35f1c4ef79d8a311d3a10b2f2', 'project_name': 'tempest-ServersAdmin275Test-2075215272', 'tenant_id': '6ec194c35f1c4ef79d8a311d3a10b2f2', 'tenant_name': 'tempest-ServersAdmin275Test-2075215272', 'user_domain_id': 'default', 'user_domain_name': 'Default', 'user_id': '948cf881a91143c1b5c72bf5ff396dfc', 'system': None}, Network: None, Subnet: None, Router: None
2025-01-16 08:04:18.658 68511 INFO tempest.lib.common.rest_client [req-4e2ef2ef-843f-46b5-a532-c03e5639b308 req-4e2ef2ef-843f-46b5-a532-c03e5639b308 ] Request (FlavorsV261TestJSON:_run_cleanups): 200 GET http://10.180.1.21/compute/v2.1/flavors/detail 2.424s
2025-01-16 08:04:18.683 68517 INFO tempest.lib.common.rest_client [req-105ddcbf-ac6f-4ad2-8f73-d0b246b2cb5a req-105ddcbf-ac6f-4ad2-8f73-d0b246b2cb5a ] Request (FlavorsAdminTestJSON:_run_cleanups): 200 GET http://10.180.1.21/compute/v2.1/flavors/detail 2.435s
2025-01-16 08:04:18.719 68543 INFO tempest.lib.common.rest_client [req-30ea66c3-9fed-4e13-8b4d-89675cb8e4b9 req-30ea66c3-9fed-4e13-8b4d-89675cb8e4b9 ] Request (ServersAdmin275Test:setUpClass): 201 POST http://10.180.1.21/identity/v3/auth/tokens 0.077s
2025-01-16 08:04:18.727 68541 INFO tempest.lib.common.rest_client [req-bd50152e-9cf2-47a6-bd02-e324b6342580 req-bd50152e-9cf2-47a6-bd02-e324b6342580 ] Request (KeyPairsNegativeTestJSON:test_create_keypair_with_empty_public_key): 400 POST http://10.180.1.21/compute/v2.1/os-keypairs 2.471s
2025-01-16 08:04:18.765 68491 INFO tempest.lib.common.rest_client [req-908ed1ad-8aff-43cb-8c84-3457cf6e3fe3 req-908ed1ad-8aff-43cb-8c84-3457cf6e3fe3 ] Request (HostsAdminTestJSON:test_show_host_detail): 200 GET http://10.180.1.21/compute/v2.1/os-hosts/cpu-1 2.491s
2025-01-16 08:04:18.785 68539 INFO tempest.lib.common.rest_client [req-2d225b61-ea98-4f87-b296-a0aeaeb9950c req-2d225b61-ea98-4f87-b296-a0aeaeb9950c ] Request (VolumesAdminNegativeTest:test_update_attached_volume_with_nonexistent_volume_in_body): 201 POST http://10.180.1.21:9696/networking/v2.0/floatingips 0.833s
2025-01-16 08:04:18.792 68497 INFO tempest.lib.common.rest_client [req-43f92029-75b4-4352-9a99-3c2870b0f331 req-43f92029-75b4-4352-9a99-3c2870b0f331 ] Request (ValidationResourcesFixture:setUp): 200 POST http://10.180.1.21/compute/v2.1/os-keypairs 2.500s
2025-01-16 08:04:18.800 68543 INFO tempest.lib.common.rest_client [req-2d757cdf-bd9e-466d-8ece-cbfc3d151a33 req-2d757cdf-bd9e-466d-8ece-cbfc3d151a33 ] Request (ServersAdmin275Test:test_rebuild_update_server_275): 201 POST http://10.180.1.21/identity/v3/auth/tokens 0.075s
2025-01-16 08:04:18.801 68543 INFO tempest.lib.common.fixed_network [-] (ServersAdmin275Test:test_rebuild_update_server_275) Found network None available for tenant
2025-01-16 08:04:18.813 68499 INFO tempest.lib.common.rest_client [req-42f6ec51-3a9d-4866-8619-de5535a0f24b req-42f6ec51-3a9d-4866-8619-de5535a0f24b ] Request (FlavorsExtraSpecsTestJSON:test_flavor_set_get_update_show_unset_keys): 200 DELETE http://10.180.1.21/compute/v2.1/flavors/890101660/os-extra_specs/hw:cpu_policy 2.492s
2025-01-16 08:04:18.844 68501 INFO tempest.lib.common.rest_client [req-8af5041b-1a21-4d33-87b4-f5c3f44319a8 req-8af5041b-1a21-4d33-87b4-f5c3f44319a8 ] Request (AggregatesAdminNegativeTestJSON:test_aggregate_add_non_exist_host): 200 POST http://10.180.1.21/compute/v2.1/os-aggregates 2.447s
2025-01-16 08:04:18.860 68511 INFO tempest.lib.common.rest_client [req-78ea8e59-28ed-4088-a10a-85763b828898 req-78ea8e59-28ed-4088-a10a-85763b828898 ] Request (FlavorsV261TestJSON:tearDownClass): 204 DELETE http://10.180.1.21/identity/v3/users/db04ff0a0aa0413997f2246f4a20dcb7 0.189s
2025-01-16 08:04:18.877 68519 INFO tempest.lib.common.rest_client [req-a2c7aa45-397a-4b1c-a685-65de5efb0112 req-a2c7aa45-397a-4b1c-a685-65de5efb0112 ] Request (SecurityGroupRulesTestJSON:test_security_group_rules_delete_when_peer_group_deleted): 200 POST http://10.180.1.21/compute/v2.1/os-security-group-rules 2.657s
2025-01-16 08:04:18.930 68539 INFO tempest.lib.common.rest_client [req-bc63f89d-f1eb-44de-b357-1c08acbcb638 req-bc63f89d-f1eb-44de-b357-1c08acbcb638 ] Request (VolumesAdminNegativeTest:test_update_attached_volume_with_nonexistent_volume_in_body): 201 POST http://10.180.1.21/identity/v3/auth/tokens 0.141s
2025-01-16 08:04:18.930 68539 INFO tempest.lib.common.fixed_network [-] (VolumesAdminNegativeTest:test_update_attached_volume_with_nonexistent_volume_in_body) Found network {'id': '49a47a2a-0850-43ea-80e6-0a010e48ae56', 'name': 'tempest-VolumesAdminNegativeTest-1333185757-network', 'tenant_id': 'ae6b6ded12464419a6dc4f617fcd2e59', 'admin_state_up': True, 'mtu': 8950, 'status': 'ACTIVE', 'subnets': [], 'shared': False, 'project_id': 'ae6b6ded12464419a6dc4f617fcd2e59', 'port_security_enabled': True, 'router:external': False, 'provider:network_type': 'vlan', 'provider:physical_network': 'default', 'provider:segmentation_id': 177, 'availability_zone_hints': [], 'availability_zones': [], 'ipv4_address_scope': None, 'ipv6_address_scope': None, 'description': '', 'tags': [], 'created_at': '2025-01-16T08:04:01Z', 'updated_at': '2025-01-16T08:04:01Z', 'revision_number': 1} available for tenant
2025-01-16 08:04:18.936 68491 INFO tempest.lib.common.rest_client [req-aed52788-6563-4038-aed9-29fa48fa142e req-aed52788-6563-4038-aed9-29fa48fa142e ] Request (HostsAdminTestJSON:tearDownClass): 204 DELETE http://10.180.1.21/identity/v3/users/8b715847609540e98d2963e834e45983 0.168s
2025-01-16 08:04:18.965 68537 INFO tempest.lib.common.rest_client [req-2a6562e0-355c-42e2-b1ea-e985d2a69e5a req-2a6562e0-355c-42e2-b1ea-e985d2a69e5a ] Request (DeleteServersAdminTestJSON:test_admin_delete_servers_of_others): 200 GET http://10.180.1.21/compute/v2.1/servers/8f01e811-9b69-435a-80f2-594e149724b8 2.142s
2025-01-16 08:04:18.976 68537 INFO tempest.common.waiters [-] State transition "BUILD/scheduling" ==> "ERROR/None" after 20 second wait
2025-01-16 08:04:19.045 68509 INFO tempest.lib.common.rest_client [req-ce17bf1c-3f68-40b6-8930-530f20c78ede req-ce17bf1c-3f68-40b6-8930-530f20c78ede ] Request (FloatingIPsAssociationTestJSON:setUpClass): 200 GET http://10.180.1.21/compute/v2.1/servers/c5bfbc28-cf6c-4c9e-8745-a5e520a6131e 2.161s
2025-01-16 08:04:19.050 68491 INFO tempest.lib.common.rest_client [req-06c5ccc5-80d2-4b00-bbad-bcf0c3baf3f7 req-06c5ccc5-80d2-4b00-bbad-bcf0c3baf3f7 ] Request (HostsAdminTestJSON:tearDownClass): 204 DELETE http://10.180.1.21/identity/v3/users/974611e2e18f46968dcefa650051235a 0.113s
2025-01-16 08:04:19.050 68491 INFO tempest.lib.common.dynamic_creds [-] Deleting project and security group for project: 2fbf8de3ea9a430db7bc64e037634ac7
2025-01-16 08:04:19.057 68511 INFO tempest.lib.common.rest_client [req-7ec10cb0-3b88-49f2-a705-2395fd82d4bb req-7ec10cb0-3b88-49f2-a705-2395fd82d4bb ] Request (FlavorsV261TestJSON:tearDownClass): 204 DELETE http://10.180.1.21/identity/v3/users/9fd426f3c53343b2aaee8d88378aa4c1 0.197s
2025-01-16 08:04:19.058 68511 INFO tempest.lib.common.dynamic_creds [-] Deleting project and security group for project: 614b1d50a3d14df391835c31f8b28854
2025-01-16 08:04:19.111 68491 INFO tempest.lib.common.rest_client [req-713e290c-9f5e-45bf-8a86-c967a0b5ac29 req-713e290c-9f5e-45bf-8a86-c967a0b5ac29 ] Request (HostsAdminTestJSON:tearDownClass): 201 POST http://10.180.1.21/identity/v3/auth/tokens 0.061s
2025-01-16 08:04:19.120 68511 INFO tempest.lib.common.rest_client [req-af22041f-0521-4524-b12f-a7173f059b0d req-af22041f-0521-4524-b12f-a7173f059b0d ] Request (FlavorsV261TestJSON:tearDownClass): 201 POST http://10.180.1.21/identity/v3/auth/tokens 0.062s
2025-01-16 08:04:19.334 68507 INFO tempest.lib.common.rest_client [req-c886a908-bb74-4eb5-b2a8-ba95cabb270c req-c886a908-bb74-4eb5-b2a8-ba95cabb270c ] Request (QuotasAdminTestV257:tearDownClass): 200 GET http://10.180.1.21:9696/networking/v2.0/security-groups?tenant_id=db2f34ea93cc4b93b5960223645d1c07&name=default 0.728s
2025-01-16 08:04:19.341 68531 INFO tempest.lib.common.rest_client [req-122593f4-453c-4d94-9662-9999b4d3bfaa req-122593f4-453c-4d94-9662-9999b4d3bfaa ] Request (SecurityGroupRulesNegativeTestJSON:test_create_security_group_rule_with_invalid_port_range): 200 POST http://10.180.1.21/compute/v2.1/os-security-groups 2.423s
2025-01-16 08:04:19.419 68513 INFO tempest.lib.common.rest_client [req-a0a52dab-9572-45bb-88dd-fc42cfa018a1 req-a0a52dab-9572-45bb-88dd-fc42cfa018a1 ] Request (DeleteServersTestJSON:test_delete_active_server): 200 GET http://10.180.1.21/compute/v2.1/servers/ca004526-9a21-4d6c-a033-f9964f1cb9c2 2.386s
2025-01-16 08:04:19.439 68497 INFO tempest.lib.common.rest_client [req-017e99dd-ae53-4962-8af4-03e3abf4e307 req-017e99dd-ae53-4962-8af4-03e3abf4e307 ] Request (ValidationResourcesFixture:setUp): 201 POST http://10.180.1.21:9696/networking/v2.0/security-groups 0.643s
2025-01-16 08:04:19.443 68527 INFO tempest.lib.common.rest_client [req-908c6b18-40e4-4356-84c7-d7ce4a680769 req-908c6b18-40e4-4356-84c7-d7ce4a680769 ] Request (ServerExternalEventsTest:test_create_server_external_events): 200 GET http://10.180.1.21/compute/v2.1/servers/411bc66f-d976-456c-83d5-3c2aa646644f 2.761s
2025-01-16 08:04:19.450 68527 INFO tempest.common.waiters [-] State transition "BUILD/networking" ==> "BUILD/spawning" after 10 second wait
2025-01-16 08:04:19.463 68547 INFO tempest.lib.common.rest_client [req-a25c9fa9-95db-46ab-814a-3f7ed0a528d6 req-a25c9fa9-95db-46ab-814a-3f7ed0a528d6 ] Request (FlavorsAccessNegativeTestJSON:_run_cleanups): 200 GET http://10.180.1.21/compute/v2.1/flavors/detail 2.208s
2025-01-16 08:04:19.470 68485 INFO tempest.lib.common.rest_client [req-d0493902-dba0-49e5-b294-24c22aa1ac3c req-d0493902-dba0-49e5-b294-24c22aa1ac3c ] Request (FlavorsExtraSpecsNegativeTestJSON:test_flavor_update_more_key): 400 PUT http://10.180.1.21/compute/v2.1/flavors/1703081970/os-extra_specs/hw:numa_nodes 2.203s
2025-01-16 08:04:19.525 68511 INFO tempest.lib.common.rest_client [req-519268a7-4a79-4442-81d9-c462b9b33668 req-519268a7-4a79-4442-81d9-c462b9b33668 ] Request (FlavorsV261TestJSON:tearDownClass): 200 GET http://10.180.1.21:9696/networking/v2.0/security-groups?tenant_id=614b1d50a3d14df391835c31f8b28854&name=default 0.404s
2025-01-16 08:04:19.562 68491 INFO tempest.lib.common.rest_client [req-bbd1203b-ce58-4b9c-a14f-07c88264993f req-bbd1203b-ce58-4b9c-a14f-07c88264993f ] Request (HostsAdminTestJSON:tearDownClass): 200 GET http://10.180.1.21:9696/networking/v2.0/security-groups?tenant_id=2fbf8de3ea9a430db7bc64e037634ac7&name=default 0.451s
2025-01-16 08:04:19.565 68489 INFO tempest.lib.common.rest_client [req-01c2f1fe-f5b1-4eb4-b118-1d2a08250275 req-01c2f1fe-f5b1-4eb4-b118-1d2a08250275 ] Request (ServersAdminTestJSON:setUpClass): 200 GET http://10.180.1.21/compute/v2.1/servers/76fee949-7319-4999-a061-73c01f0b6351 2.174s
2025-01-16 08:04:19.606 68507 INFO tempest.lib.common.rest_client [req-5a23a52f-5e0c-4ada-b379-7fc8cbebb764 req-5a23a52f-5e0c-4ada-b379-7fc8cbebb764 ] Request (QuotasAdminTestV257:tearDownClass): 204 DELETE http://10.180.1.21:9696/networking/v2.0/security-groups/0b12a7df-debc-4306-9ab7-87f94af949d3 0.271s
2025-01-16 08:04:19.696 68521 INFO tempest.lib.common.rest_client [req-d5d2b5a8-7cd9-42ff-b8f0-9dbbaccf9ddc req-d5d2b5a8-7cd9-42ff-b8f0-9dbbaccf9ddc ] Request (SecurityGroupsTestAdminJSON:_run_cleanups): 202 DELETE http://10.180.1.21/compute/v2.1/os-security-groups/b35fe6af-7756-4770-89f6-765003bcdc1e 2.525s
