2025-01-16 08:05:08.359 68547 INFO tempest.lib.common.rest_client [req-60f79f4c-f1ac-4e3f-9122-1151b50c01a8 req-60f79f4c-f1ac-4e3f-9122-1151b50c01a8 ] Request (InstanceActionsNegativeTestJSON:setUpClass): 200 GET http://10.180.1.21/compute/v2.1/servers/9f269471-9c27-4479-9494-b67e41dd55e7 0.728s
2025-01-16 08:05:08.424 68533 INFO tempest.lib.common.rest_client [req-39301744-74af-40e4-9d16-d746fca50686 req-39301744-74af-40e4-9d16-d746fca50686 ] Request (ListServersNegativeTestJSON:setUpClass): 200 GET http://10.180.1.21/compute/v2.1/servers/55374085-f0cc-45b1-8f65-3559902cc838 0.780s
2025-01-16 08:05:08.477 68491 INFO tempest.lib.common.rest_client [req-2ee554a1-4154-4de5-b315-d13b7796bdb7 req-2ee554a1-4154-4de5-b315-d13b7796bdb7 ] Request (TenantUsagesTestJSON:setUpClass): 200 GET http://10.180.1.21/compute/v2.1/servers/4af55a8c-1f23-4e72-a945-aff479b9c450 0.719s
2025-01-16 08:05:08.536 68485 INFO tempest.lib.common.rest_client [req-3c9f79fe-c202-4dbc-ba6e-10b6037c2714 req-3c9f79fe-c202-4dbc-ba6e-10b6037c2714 ] Request (ServerMetadataNegativeTestJSON:setUpClass): 200 GET http://10.180.1.21/compute/v2.1/servers/c4c302a7-9571-452c-a208-2fe2ef99aa6d 0.721s
2025-01-16 08:05:08.586 68489 INFO tempest.lib.common.rest_client [req-8f21fa85-6b06-469b-b17d-7bf1ef0b355f req-8f21fa85-6b06-469b-b17d-7bf1ef0b355f ] Request (InstanceActionsTestJSON:setUpClass): 200 GET http://10.180.1.21/compute/v2.1/servers/b4217ee8-62a6-4902-8dae-bfdad8eca7be 0.727s
2025-01-16 08:05:08.647 68535 INFO tempest.lib.common.rest_client [req-aaa1eb18-eaaa-4c2e-befc-12ea78f327d6 req-aaa1eb18-eaaa-4c2e-befc-12ea78f327d6 ] Request (ListImageFiltersTestJSON:setUpClass): 200 GET http://10.180.1.21/compute/v2.1/servers/80c94d56-773a-499b-a207-a3f11a14c32b 0.720s
2025-01-16 08:05:08.710 68495 INFO tempest.lib.common.rest_client [req-873a0f26-07e3-4082-8219-07ffbacc5bc6 req-873a0f26-07e3-4082-8219-07ffbacc5bc6 ] Request (ServerDiskConfigTestJSON:test_rebuild_server_with_auto_disk_config): 200 GET http://10.180.1.21/compute/v2.1/servers/6dd6c113-8f6d-49a8-9323-ce390362a034 0.728s
2025-01-16 08:05:08.769 68505 INFO tempest.lib.common.rest_client [req-94185d68-a04b-4928-b47b-ad2973fd5ab7 req-94185d68-a04b-4928-b47b-ad2973fd5ab7 ] Request (MigrationsAdminTest:test_resize_server_revert_deleted_flavor): 200 GET http://10.180.1.21/compute/v2.1/servers/0a178974-018c-410a-a901-c9e984be8ebf 0.756s
2025-01-16 08:05:08.836 68531 INFO tempest.lib.common.rest_client [req-69350dbc-fa04-405f-9fd5-fc8aeba020b8 req-69350dbc-fa04-405f-9fd5-fc8aeba020b8 ] Request (ListServerFiltersTestJSON:setUpClass): 200 GET http://10.180.1.21/compute/v2.1/servers/68d9ebdd-312b-4823-99b4-01b3ff895561 0.804s
2025-01-16 08:05:08.898 68517 INFO tempest.lib.common.rest_client [req-86734ad8-fee2-43ab-bd68-30f9198ba03a req-86734ad8-fee2-43ab-bd68-30f9198ba03a ] Request (ServerDiagnosticsV248Test:test_get_server_diagnostics): 200 GET http://10.180.1.21/compute/v2.1/servers/d4d8221d-778d-43c5-acfe-84aaa2424b5a 0.835s
2025-01-16 08:05:09.273 68515 INFO tempest.lib.common.rest_client [req-05e68586-3e2d-40a4-9684-d85fa09ee996 req-05e68586-3e2d-40a4-9684-d85fa09ee996 ] Request (SecurityGroupsTestJSON:setUpClass): 201 POST http://10.180.1.21:9696/networking/v2.0/routers 0.931s
2025-01-16 08:05:09.318 68525 INFO tempest.lib.common.rest_client [req-9d2862a2-4a9a-439e-a323-cf1fe236676b req-9d2862a2-4a9a-439e-a323-cf1fe236676b ] Request (FloatingIPsAssociationNegativeTestJSON:test_associate_ip_to_server_with_floating_ip): 200 POST http://10.180.1.21/compute/v2.1/os-floating-ips 1.706s
2025-01-16 08:05:09.332 68509 INFO tempest.lib.common.rest_client [req-b599fbd2-a39e-4b64-952f-e15557468c32 req-b599fbd2-a39e-4b64-952f-e15557468c32 ] Request (FloatingIPsAssociationTestJSON:test_associate_already_associated_floating_ip): 202 POST http://10.180.1.21/compute/v2.1/servers 1.250s
2025-01-16 08:05:09.392 68503 INFO tempest.lib.common.rest_client [req-81e9697e-a6be-4549-b02f-9946eaeb3b76 req-81e9697e-a6be-4549-b02f-9946eaeb3b76 ] Request (AttachInterfacesV270Test:setUpClass): 201 POST http://10.180.1.21:9696/networking/v2.0/routers 1.235s
2025-01-16 08:05:09.393 68499 INFO tempest.lib.common.rest_client [req-b2b85dbc-92f2-4207-b55d-c29d39b6df8b req-b2b85dbc-92f2-4207-b55d-c29d39b6df8b ] Request (ServerRescueNegativeTestJSON:setUpClass): 200 GET http://10.180.1.21/compute/v2.1/servers/d1aecebc-401e-45ff-805e-c038722f4cad 1.272s
2025-01-16 08:05:09.423 68487 INFO tempest.lib.common.rest_client [req-7eb84052-813f-4be3-8943-9e48d16fcafe req-7eb84052-813f-4be3-8943-9e48d16fcafe ] Request (ServerPasswordTestJSON:setUpClass): 200 GET http://10.180.1.21/compute/v2.1/servers/36cf27ca-350f-480b-bba3-fb29db7f176f 1.239s
2025-01-16 08:05:09.470 68493 INFO tempest.lib.common.rest_client [req-bc4304e1-18a9-4afc-b4cc-de1e6fbdbbc5 req-bc4304e1-18a9-4afc-b4cc-de1e6fbdbbc5 ] Request (ServerTagsTestJSON:setUpClass): 200 GET http://10.180.1.21/compute/v2.1/servers/421efe71-8164-46e8-9a64-6dc12c366025 1.223s
2025-01-16 08:05:09.506 68511 INFO tempest.lib.common.rest_client [req-a0dbeb18-619c-44a7-887b-56c30a486e95 req-a0dbeb18-619c-44a7-887b-56c30a486e95 ] Request (ServerDiagnosticsNegativeTest:test_get_server_diagnostics_by_non_admin): 200 GET http://10.180.1.21/compute/v2.1/servers/b95d2abb-6ac4-4f1c-8dad-ee39c0f27d98 1.200s
2025-01-16 08:05:09.532 68507 INFO tempest.lib.common.rest_client [req-274da914-a845-40e8-be31-14d0370d8be2 req-274da914-a845-40e8-be31-14d0370d8be2 ] Request (ServersTestJSON:test_create_server_specify_multibyte_character_name): 200 GET http://10.180.1.21/compute/v2.1/servers/d5839caf-2cfa-42ae-84f4-145f5ae614a0 1.156s
2025-01-16 08:05:09.591 68537 INFO tempest.lib.common.rest_client [req-5057be7f-1f19-4caf-a8c8-fbb8a732a0c8 req-5057be7f-1f19-4caf-a8c8-fbb8a732a0c8 ] Request (DeleteServersAdminTestJSON:test_delete_server_while_in_error_state): 200 GET http://10.180.1.21/compute/v2.1/servers/8c17919f-3941-4f1b-84fd-bf30d64dceb0 1.160s
2025-01-16 08:05:09.591 68529 INFO tempest.lib.common.rest_client [req-0cad4933-6b99-48ae-8da1-32d51257a6ef req-0cad4933-6b99-48ae-8da1-32d51257a6ef ] Request (VolumesAssistedSnapshotsTest:test_volume_assisted_snapshot_create_delete): 200 GET http://10.180.1.21/compute/v2.1/servers/c15b6ab2-6657-48bb-b992-2d30a2ae54d3 1.109s
2025-01-16 08:05:09.653 68545 INFO tempest.lib.common.rest_client [req-3738c09c-a005-445c-9c27-3bc02f17a38b req-3738c09c-a005-445c-9c27-3bc02f17a38b ] Request (ServerActionsTestOtherA:setUpClass): 200 GET http://10.180.1.21/compute/v2.1/servers/a06e85bc-af77-404c-a50b-312dd60ae1c6 0.983s
2025-01-16 08:05:09.660 68519 INFO tempest.lib.common.rest_client [req-9ba91468-49ec-4b06-a623-5a1f22cd0cfc req-9ba91468-49ec-4b06-a623-5a1f22cd0cfc ] Request (ServerAddressesNegativeTestJSON:setUpClass): 200 GET http://10.180.1.21/compute/v2.1/servers/a7fe6c49-4623-49a6-826d-37a2bb790206 0.935s
2025-01-16 08:05:09.712 68497 INFO tempest.lib.common.rest_client [req-008d25a1-0ee2-4c40-8235-da5db377e076 req-008d25a1-0ee2-4c40-8235-da5db377e076 ] Request (ServersWithSpecificFlavorTestJSON:test_verify_created_server_ephemeral_disk): 200 GET http://10.180.1.21/compute/v2.1/servers/c1b0c88d-a23d-4b9d-91a8-adb25967c228 0.693s
2025-01-16 08:05:09.738 68543 INFO tempest.lib.common.rest_client [req-0ecf4179-a836-4eb2-8fe6-5144f621823e req-0ecf4179-a836-4eb2-8fe6-5144f621823e ] Request (ServersAdmin275Test:test_rebuild_update_server_275): 200 GET http://10.180.1.21/compute/v2.1/servers/bfb2f00f-c783-4d47-ad28-3de6eff3f77a 0.647s
2025-01-16 08:05:09.782 68541 INFO tempest.lib.common.rest_client [req-7fd587b0-3813-43de-9a2a-3c79adfc4452 req-7fd587b0-3813-43de-9a2a-3c79adfc4452 ] Request (ServerActionsV293TestJSON:setUpClass): 200 GET http://10.180.1.21/compute/v2.1/servers/ff21fe8f-e07a-4781-b692-9f585afab706 0.686s
2025-01-16 08:05:09.810 68513 INFO tempest.lib.common.rest_client [req-0113640b-7dbf-408f-a522-1ee3960d7d5f req-0113640b-7dbf-408f-a522-1ee3960d7d5f ] Request (DeleteServersTestJSON:test_delete_server_while_in_attached_volume): 200 GET http://10.180.1.21/compute/v2.1/servers/fa966014-68a1-4418-828e-a0f28d90ddeb 0.657s
2025-01-16 08:05:09.848 68501 INFO tempest.lib.common.rest_client [req-618b00a0-92fb-4070-b85c-fd0c92b7f94a req-618b00a0-92fb-4070-b85c-fd0c92b7f94a ] Request (ServersTestMultiNic:test_verify_duplicate_network_nics): 200 GET http://10.180.1.21/compute/v2.1/servers/5fd07b81-1348-4194-ab20-437cb5c61dfa 0.688s
2025-01-16 08:05:09.876 68521 INFO tempest.lib.common.rest_client [req-93497dc2-9f81-4613-8982-4f483919e726 req-93497dc2-9f81-4613-8982-4f483919e726 ] Request (AttachInterfacesUnderV243Test:test_add_remove_fixed_ip): 200 GET http://10.180.1.21/compute/v2.1/servers/84c5cb88-aad9-4b81-9dca-866ddcf0e8f5 0.666s
2025-01-16 08:05:09.915 68523 INFO tempest.lib.common.rest_client [req-06382963-217e-4005-8404-ba5ded73aeac req-06382963-217e-4005-8404-ba5ded73aeac ] Request (ServerActionsTestJSON:setUpClass): 200 GET http://10.180.1.21/compute/v2.1/servers/4bffe146-0b5f-4141-b83c-6974834803bd 0.644s
2025-01-16 08:05:10.059 68539 INFO tempest.lib.common.rest_client [req-f697657e-316b-4611-8229-d9a893d1cf7e req-f697657e-316b-4611-8229-d9a893d1cf7e ] Request (VolumesAdminNegativeTest:test_update_attached_volume_with_nonexistent_volume_in_body): 200 GET http://10.180.1.21/compute/v2.1/servers/bb952207-9905-4a12-a189-94d00a8d1066 0.753s
2025-01-16 08:05:10.125 68509 INFO tempest.lib.common.rest_client [req-bd64b6e1-0af6-4b31-a2b2-e82e41f58b64 req-bd64b6e1-0af6-4b31-a2b2-e82e41f58b64 ] Request (FloatingIPsAssociationTestJSON:test_associate_already_associated_floating_ip): 200 GET http://10.180.1.21/compute/v2.1/servers/29473c85-120a-4c82-b22b-cff8d37e98cd 0.791s
2025-01-16 08:05:10.182 68547 INFO tempest.lib.common.rest_client [req-88fec0d4-95ef-4cfc-b78a-6e811ecfe08e req-88fec0d4-95ef-4cfc-b78a-6e811ecfe08e ] Request (InstanceActionsNegativeTestJSON:setUpClass): 200 GET http://10.180.1.21/compute/v2.1/servers/9f269471-9c27-4479-9494-b67e41dd55e7 0.814s
2025-01-16 08:05:10.241 68533 INFO tempest.lib.common.rest_client [req-7f9c5528-a20e-4adb-a39a-ac484faa64e4 req-7f9c5528-a20e-4adb-a39a-ac484faa64e4 ] Request (ListServersNegativeTestJSON:setUpClass): 200 GET http://10.180.1.21/compute/v2.1/servers/55374085-f0cc-45b1-8f65-3559902cc838 0.808s
2025-01-16 08:05:10.485 68491 INFO tempest.lib.common.rest_client [req-24d672cb-bc2a-49a6-93b8-54d30663bb8e req-24d672cb-bc2a-49a6-93b8-54d30663bb8e ] Request (TenantUsagesTestJSON:setUpClass): 200 GET http://10.180.1.21/compute/v2.1/servers/4af55a8c-1f23-4e72-a945-aff479b9c450 0.998s
2025-01-16 08:05:10.504 68491 INFO tempest.common.waiters [-] State transition "BUILD/scheduling" ==> "BUILD/None" after 46 second wait
2025-01-16 08:05:10.562 68485 INFO tempest.lib.common.rest_client [req-625060a8-3406-47e7-9bdd-bfbe37122ddb req-625060a8-3406-47e7-9bdd-bfbe37122ddb ] Request (ServerMetadataNegativeTestJSON:setUpClass): 200 GET http://10.180.1.21/compute/v2.1/servers/c4c302a7-9571-452c-a208-2fe2ef99aa6d 1.018s
2025-01-16 08:05:10.615 68489 INFO tempest.lib.common.rest_client [req-1aee9767-5e35-4cb4-9138-55c93d04bbdb req-1aee9767-5e35-4cb4-9138-55c93d04bbdb ] Request (InstanceActionsTestJSON:setUpClass): 200 GET http://10.180.1.21/compute/v2.1/servers/b4217ee8-62a6-4902-8dae-bfdad8eca7be 1.015s
2025-01-16 08:05:10.669 68535 INFO tempest.lib.common.rest_client [req-9068ee44-eac2-41ac-8a83-fc84b887d05f req-9068ee44-eac2-41ac-8a83-fc84b887d05f ] Request (ListImageFiltersTestJSON:setUpClass): 200 GET http://10.180.1.21/compute/v2.1/servers/80c94d56-773a-499b-a207-a3f11a14c32b 1.013s
2025-01-16 08:05:10.744 68495 INFO tempest.lib.common.rest_client [req-f898eb06-a18f-4b81-9da2-cd1ebcb4d229 req-f898eb06-a18f-4b81-9da2-cd1ebcb4d229 ] Request (ServerDiskConfigTestJSON:test_rebuild_server_with_auto_disk_config): 200 GET http://10.180.1.21/compute/v2.1/servers/6dd6c113-8f6d-49a8-9323-ce390362a034 1.021s
2025-01-16 08:05:10.808 68505 INFO tempest.lib.common.rest_client [req-5b43c37a-5e18-4ae6-9fdd-790500350bf8 req-5b43c37a-5e18-4ae6-9fdd-790500350bf8 ] Request (MigrationsAdminTest:test_resize_server_revert_deleted_flavor): 200 GET http://10.180.1.21/compute/v2.1/servers/0a178974-018c-410a-a901-c9e984be8ebf 1.026s
2025-01-16 08:05:10.869 68531 INFO tempest.lib.common.rest_client [req-eee8e815-adbd-4b84-9040-f3ba2e5a50e0 req-eee8e815-adbd-4b84-9040-f3ba2e5a50e0 ] Request (ListServerFiltersTestJSON:setUpClass): 200 GET http://10.180.1.21/compute/v2.1/servers/68d9ebdd-312b-4823-99b4-01b3ff895561 1.014s
2025-01-16 08:05:10.906 68515 INFO tempest.lib.common.rest_client [req-032d8971-0daa-4093-984d-b2e6a2d387ca req-032d8971-0daa-4093-984d-b2e6a2d387ca ] Request (SecurityGroupsTestJSON:setUpClass): 200 PUT http://10.180.1.21:9696/networking/v2.0/routers/356b6e95-8f8f-45f2-9db3-ff07a8efa160/add_router_interface 1.633s
2025-01-16 08:05:10.907 68515 INFO tempest.lib.common.dynamic_creds [-] Created isolated network resources for: credentials: Credentials: {'domain_id': 'default', 'domain_name': 'Default', 'username': 'tempest-SecurityGroupsTestJSON-991992214-project-member', 'project_domain_id': 'default', 'project_domain_name': 'Default', 'project_id': '4f2b8109afd14133806cc8a13df630fb', 'project_name': 'tempest-SecurityGroupsTestJSON-991992214', 'tenant_id': '4f2b8109afd14133806cc8a13df630fb', 'tenant_name': 'tempest-SecurityGroupsTestJSON-991992214', 'user_domain_id': 'default', 'user_domain_name': 'Default', 'user_id': '95a08ca4e29a4da2aca56edfeaadea74', 'system': None}, Network: {'id': 'f64c65c7-cb08-4d4c-a12a-8dae946f0f79', 'name': 'tempest-SecurityGroupsTestJSON-520618919-network', 'tenant_id': '4f2b8109afd14133806cc8a13df630fb', 'admin_state_up': True, 'mtu': 8950, 'status': 'ACTIVE', 'subnets': [], 'shared': False, 'project_id': '4f2b8109afd14133806cc8a13df630fb', 'port_security_enabled': True, 'router:external': False, 'provider:network_type': 'vlan', 'provider:physical_network': 'default', 'provider:segmentation_id': 381, 'availability_zone_hints': [], 'availability_zones': [], 'ipv4_address_scope': None, 'ipv6_address_scope': None, 'description': '', 'tags': [], 'created_at': '2025-01-16T08:05:07Z', 'updated_at': '2025-01-16T08:05:07Z', 'revision_number': 1}, Subnet: {'id': 'ac99246a-b3e5-4cf0-af4a-f5310a8cf62e', 'name': 'tempest-SecurityGroupsTestJSON-520618919-subnet', 'tenant_id': '4f2b8109afd14133806cc8a13df630fb', 'network_id': 'f64c65c7-cb08-4d4c-a12a-8dae946f0f79', 'ip_version': 4, 'subnetpool_id': None, 'enable_dhcp': True, 'ipv6_ra_mode': None, 'ipv6_address_mode': None, 'gateway_ip': '192.168.128.1', 'cidr': '192.168.128.0/28', 'allocation_pools': [{'start': '192.168.128.2', 'end': '192.168.128.14'}], 'host_routes': [], 'dns_nameservers': [], 'description': '', 'router:external': False, 'service_types': [], 'tags': [], 'created_at': '2025-01-16T08:05:08Z', 'updated_at': '2025-01-16T08:05:08Z', 'revision_number': 0, 'project_id': '4f2b8109afd14133806cc8a13df630fb'}, Router: {'id': '356b6e95-8f8f-45f2-9db3-ff07a8efa160', 'name': 'tempest-SecurityGroupsTestJSON-520618919-router', 'tenant_id': '4f2b8109afd14133806cc8a13df630fb', 'admin_state_up': True, 'status': 'ACTIVE', 'external_gateway_info': {'network_id': '132749ba-fdf1-47d6-b9a8-5e375921d591', 'external_fixed_ips': [{'subnet_id': '8b59a08d-2884-4c76-9cc5-9376354618af', 'ip_address': '10.180.180.253'}], 'enable_snat': True}, 'description': '', 'availability_zones': [], 'distributed': False, 'ha': False, 'availability_zone_hints': [], 'routes': [], 'flavor_id': None, 'tags': [], 'created_at': '2025-01-16T08:05:08Z', 'updated_at': '2025-01-16T08:05:08Z', 'revision_number': 2, 'project_id': '4f2b8109afd14133806cc8a13df630fb'}
2025-01-16 08:05:10.922 68517 INFO tempest.lib.common.rest_client [req-71096ea9-4033-42c7-b3a6-b4b9ecef2d23 req-71096ea9-4033-42c7-b3a6-b4b9ecef2d23 ] Request (ServerDiagnosticsV248Test:test_get_server_diagnostics): 200 GET http://10.180.1.21/compute/v2.1/servers/d4d8221d-778d-43c5-acfe-84aaa2424b5a 1.014s
2025-01-16 08:05:10.973 68499 INFO tempest.lib.common.rest_client [req-60b20d67-0acc-49c0-8423-9ed3e9292732 req-60b20d67-0acc-49c0-8423-9ed3e9292732 ] Request (ServerRescueNegativeTestJSON:setUpClass): 200 GET http://10.180.1.21/compute/v2.1/servers/d1aecebc-401e-45ff-805e-c038722f4cad 0.570s
2025-01-16 08:05:11.009 68515 INFO tempest.lib.common.rest_client [req-56f3f101-724b-491a-ab37-53a9da1acbd1 req-56f3f101-724b-491a-ab37-53a9da1acbd1 ] Request (SecurityGroupsTestJSON:setUpClass): 201 POST http://10.180.1.21/identity/v3/auth/tokens 0.096s
2025-01-16 08:05:11.024 68487 INFO tempest.lib.common.rest_client [req-cc5b2ba7-ef35-47a3-b16d-fc3351b2d235 req-cc5b2ba7-ef35-47a3-b16d-fc3351b2d235 ] Request (ServerPasswordTestJSON:setUpClass): 200 GET http://10.180.1.21/compute/v2.1/servers/36cf27ca-350f-480b-bba3-fb29db7f176f 0.585s
2025-01-16 08:05:11.032 68503 INFO tempest.lib.common.rest_client [req-e42b038a-4389-4c7d-9940-5ec91b90e4b3 req-e42b038a-4389-4c7d-9940-5ec91b90e4b3 ] Request (AttachInterfacesV270Test:setUpClass): 200 PUT http://10.180.1.21:9696/networking/v2.0/routers/396b3a61-4459-4a9b-a378-a0c9597f6ee8/add_router_interface 1.639s
2025-01-16 08:05:11.033 68503 INFO tempest.lib.common.dynamic_creds [-] Created isolated network resources for: credentials: Credentials: {'domain_id': 'default', 'domain_name': 'Default', 'username': 'tempest-AttachInterfacesV270Test-39273977-project-member', 'project_domain_id': 'default', 'project_domain_name': 'Default', 'project_id': 'ff3018a7755a4518a523d9b6b98fd18f', 'project_name': 'tempest-AttachInterfacesV270Test-39273977', 'tenant_id': 'ff3018a7755a4518a523d9b6b98fd18f', 'tenant_name': 'tempest-AttachInterfacesV270Test-39273977', 'user_domain_id': 'default', 'user_domain_name': 'Default', 'user_id': '1708ec3fe9d646afbb37445cb1ecd835', 'system': None}, Network: {'id': 'dfd7f816-7b1f-4981-be47-0faa74031a67', 'name': 'tempest-AttachInterfacesV270Test-947371103-network', 'tenant_id': 'ff3018a7755a4518a523d9b6b98fd18f', 'admin_state_up': True, 'mtu': 8950, 'status': 'ACTIVE', 'subnets': [], 'shared': False, 'project_id': 'ff3018a7755a4518a523d9b6b98fd18f', 'port_security_enabled': True, 'router:external': False, 'provider:network_type': 'vlan', 'provider:physical_network': 'default', 'provider:segmentation_id': 251, 'availability_zone_hints': [], 'availability_zones': [], 'ipv4_address_scope': None, 'ipv6_address_scope': None, 'description': '', 'tags': [], 'created_at': '2025-01-16T08:05:07Z', 'updated_at': '2025-01-16T08:05:07Z', 'revision_number': 1}, Subnet: {'id': 'bc1a637a-2f48-4fe3-9b70-e3a460afd5a3', 'name': 'tempest-AttachInterfacesV270Test-947371103-subnet', 'tenant_id': 'ff3018a7755a4518a523d9b6b98fd18f', 'network_id': 'dfd7f816-7b1f-4981-be47-0faa74031a67', 'ip_version': 4, 'subnetpool_id': None, 'enable_dhcp': True, 'ipv6_ra_mode': None, 'ipv6_address_mode': None, 'gateway_ip': '192.168.128.1', 'cidr': '192.168.128.0/28', 'allocation_pools': [{'start': '192.168.128.2', 'end': '192.168.128.14'}], 'host_routes': [], 'dns_nameservers': [], 'description': '', 'router:external': False, 'service_types': [], 'tags': [], 'created_at': '2025-01-16T08:05:07Z', 'updated_at': '2025-01-16T08:05:07Z', 'revision_number': 0, 'project_id': 'ff3018a7755a4518a523d9b6b98fd18f'}, Router: {'id': '396b3a61-4459-4a9b-a378-a0c9597f6ee8', 'name': 'tempest-AttachInterfacesV270Test-947371103-router', 'tenant_id': 'ff3018a7755a4518a523d9b6b98fd18f', 'admin_state_up': True, 'status': 'ACTIVE', 'external_gateway_info': {'network_id': '132749ba-fdf1-47d6-b9a8-5e375921d591', 'external_fixed_ips': [{'subnet_id': '8b59a08d-2884-4c76-9cc5-9376354618af', 'ip_address': '10.180.180.130'}], 'enable_snat': True}, 'description': '', 'availability_zones': [], 'distributed': False, 'ha': False, 'availability_zone_hints': [], 'routes': [], 'flavor_id': None, 'tags': [], 'created_at': '2025-01-16T08:05:08Z', 'updated_at': '2025-01-16T08:05:08Z', 'revision_number': 2, 'project_id': 'ff3018a7755a4518a523d9b6b98fd18f'}
2025-01-16 08:05:11.091 68493 INFO tempest.lib.common.rest_client [req-26c876b3-6899-4482-b33d-07e3a05066b7 req-26c876b3-6899-4482-b33d-07e3a05066b7 ] Request (ServerTagsTestJSON:setUpClass): 200 GET http://10.180.1.21/compute/v2.1/servers/421efe71-8164-46e8-9a64-6dc12c366025 0.609s
2025-01-16 08:05:11.137 68503 INFO tempest.lib.common.rest_client [req-c09d762e-d97a-473b-9b33-5a2ae2d32c18 req-c09d762e-d97a-473b-9b33-5a2ae2d32c18 ] Request (AttachInterfacesV270Test:setUpClass): 201 POST http://10.180.1.21/identity/v3/auth/tokens 0.100s
2025-01-16 08:05:11.161 68511 INFO tempest.lib.common.rest_client [req-3c2ff521-bb03-46c4-999b-f038829b5bf5 req-3c2ff521-bb03-46c4-999b-f038829b5bf5 ] Request (ServerDiagnosticsNegativeTest:test_get_server_diagnostics_by_non_admin): 200 GET http://10.180.1.21/compute/v2.1/servers/b95d2abb-6ac4-4f1c-8dad-ee39c0f27d98 0.644s
2025-01-16 08:05:11.182 68503 INFO tempest.lib.common.rest_client [req-0e2d922b-a7c7-46cd-a3f6-01a6b17bb4a3 req-0e2d922b-a7c7-46cd-a3f6-01a6b17bb4a3 ] Request (AttachInterfacesV270Test:test_create_get_list_interfaces): 201 POST http://10.180.1.21/identity/v3/auth/tokens 0.039s
2025-01-16 08:05:11.183 68503 INFO tempest.lib.common.fixed_network [-] (AttachInterfacesV270Test:test_create_get_list_interfaces) Found network {'id': 'dfd7f816-7b1f-4981-be47-0faa74031a67', 'name': 'tempest-AttachInterfacesV270Test-947371103-network', 'tenant_id': 'ff3018a7755a4518a523d9b6b98fd18f', 'admin_state_up': True, 'mtu': 8950, 'status': 'ACTIVE', 'subnets': [], 'shared': False, 'project_id': 'ff3018a7755a4518a523d9b6b98fd18f', 'port_security_enabled': True, 'router:external': False, 'provider:network_type': 'vlan', 'provider:physical_network': 'default', 'provider:segmentation_id': 251, 'availability_zone_hints': [], 'availability_zones': [], 'ipv4_address_scope': None, 'ipv6_address_scope': None, 'description': '', 'tags': [], 'created_at': '2025-01-16T08:05:07Z', 'updated_at': '2025-01-16T08:05:07Z', 'revision_number': 1} available for tenant
2025-01-16 08:05:11.217 68507 INFO tempest.lib.common.rest_client [req-cb4cb741-c5c4-4851-8e3d-66f6ec37dd09 req-cb4cb741-c5c4-4851-8e3d-66f6ec37dd09 ] Request (ServersTestJSON:test_create_server_specify_multibyte_character_name): 200 GET http://10.180.1.21/compute/v2.1/servers/d5839caf-2cfa-42ae-84f4-145f5ae614a0 0.671s
2025-01-16 08:05:11.276 68529 INFO tempest.lib.common.rest_client [req-65ca6d0f-9edb-4297-ad94-56b953190305 req-65ca6d0f-9edb-4297-ad94-56b953190305 ] Request (VolumesAssistedSnapshotsTest:test_volume_assisted_snapshot_create_delete): 200 GET http://10.180.1.21/compute/v2.1/servers/c15b6ab2-6657-48bb-b992-2d30a2ae54d3 0.676s
2025-01-16 08:05:11.326 68537 INFO tempest.lib.common.rest_client [req-68b6351d-3b0b-4d3c-9daa-b134a7331084 req-68b6351d-3b0b-4d3c-9daa-b134a7331084 ] Request (DeleteServersAdminTestJSON:test_delete_server_while_in_error_state): 200 GET http://10.180.1.21/compute/v2.1/servers/8c17919f-3941-4f1b-84fd-bf30d64dceb0 0.726s
2025-01-16 08:05:11.386 68545 INFO tempest.lib.common.rest_client [req-bcdb6da0-1b2b-4b50-a485-d251c41f4de0 req-bcdb6da0-1b2b-4b50-a485-d251c41f4de0 ] Request (ServerActionsTestOtherA:setUpClass): 200 GET http://10.180.1.21/compute/v2.1/servers/a06e85bc-af77-404c-a50b-312dd60ae1c6 0.722s
2025-01-16 08:05:11.417 68525 INFO tempest.lib.common.rest_client [req-fc9bff21-c0c4-492f-8ce0-89b165b4a7a6 req-fc9bff21-c0c4-492f-8ce0-89b165b4a7a6 ] Request (FloatingIPsAssociationNegativeTestJSON:test_associate_ip_to_server_with_floating_ip): 202 POST http://10.180.1.21/compute/v2.1/servers/6ea23640-3ef0-4a2e-aa75-203c03edf386/action 2.096s
2025-01-16 08:05:11.434 68519 INFO tempest.lib.common.rest_client [req-edd5184f-b9bf-4b84-83d2-6a7e2b9e1912 req-edd5184f-b9bf-4b84-83d2-6a7e2b9e1912 ] Request (ServerAddressesNegativeTestJSON:setUpClass): 200 GET http://10.180.1.21/compute/v2.1/servers/a7fe6c49-4623-49a6-826d-37a2bb790206 0.761s
2025-01-16 08:05:11.473 68497 INFO tempest.lib.common.rest_client [req-32348e71-2920-46de-b71f-07a5821324e5 req-32348e71-2920-46de-b71f-07a5821324e5 ] Request (ServersWithSpecificFlavorTestJSON:test_verify_created_server_ephemeral_disk): 200 GET http://10.180.1.21/compute/v2.1/servers/c1b0c88d-a23d-4b9d-91a8-adb25967c228 0.743s
2025-01-16 08:05:11.494 68543 INFO tempest.lib.common.rest_client [req-4bcbd94f-a7f8-4029-bf53-b7fefa45a015 req-4bcbd94f-a7f8-4029-bf53-b7fefa45a015 ] Request (ServersAdmin275Test:test_rebuild_update_server_275): 200 GET http://10.180.1.21/compute/v2.1/servers/bfb2f00f-c783-4d47-ad28-3de6eff3f77a 0.742s
2025-01-16 08:05:11.504 68543 INFO tempest.common.waiters [-] State transition "BUILD/spawning" ==> "ACTIVE/None" after 48 second wait
2025-01-16 08:05:11.533 68541 INFO tempest.lib.common.rest_client [req-652229e3-22d3-4324-9c39-885bea6e0243 req-652229e3-22d3-4324-9c39-885bea6e0243 ] Request (ServerActionsV293TestJSON:setUpClass): 200 GET http://10.180.1.21/compute/v2.1/servers/ff21fe8f-e07a-4781-b692-9f585afab706 0.735s
2025-01-16 08:05:11.548 68513 INFO tempest.lib.common.rest_client [req-09172192-07ff-4d50-9bbf-e85a33fba043 req-09172192-07ff-4d50-9bbf-e85a33fba043 ] Request (DeleteServersTestJSON:test_delete_server_while_in_attached_volume): 200 GET http://10.180.1.21/compute/v2.1/servers/fa966014-68a1-4418-828e-a0f28d90ddeb 0.727s
2025-01-16 08:05:11.581 68501 INFO tempest.lib.common.rest_client [req-316321da-efd3-47c1-8bd3-c57d9c6afde0 req-316321da-efd3-47c1-8bd3-c57d9c6afde0 ] Request (ServersTestMultiNic:test_verify_duplicate_network_nics): 200 GET http://10.180.1.21/compute/v2.1/servers/5fd07b81-1348-4194-ab20-437cb5c61dfa 0.724s
2025-01-16 08:05:11.597 68521 INFO tempest.lib.common.rest_client [req-96fd0ebc-1c42-465d-b46c-95846a798188 req-96fd0ebc-1c42-465d-b46c-95846a798188 ] Request (AttachInterfacesUnderV243Test:test_add_remove_fixed_ip): 200 GET http://10.180.1.21/compute/v2.1/servers/84c5cb88-aad9-4b81-9dca-866ddcf0e8f5 0.713s
2025-01-16 08:05:11.640 68523 INFO tempest.lib.common.rest_client [req-d74ae0b3-95d0-4a1e-84d6-f5cf1562fa87 req-d74ae0b3-95d0-4a1e-84d6-f5cf1562fa87 ] Request (ServerActionsTestJSON:setUpClass): 200 GET http://10.180.1.21/compute/v2.1/servers/4bffe146-0b5f-4141-b83c-6974834803bd 0.710s
2025-01-16 08:05:11.774 68539 INFO tempest.lib.common.rest_client [req-9c1b036b-57aa-4715-a7f6-b1524ef8aa95 req-9c1b036b-57aa-4715-a7f6-b1524ef8aa95 ] Request (VolumesAdminNegativeTest:test_update_attached_volume_with_nonexistent_volume_in_body): 200 GET http://10.180.1.21/compute/v2.1/servers/bb952207-9905-4a12-a189-94d00a8d1066 0.705s
2025-01-16 08:05:11.809 68515 INFO tempest.lib.common.rest_client [req-bf90cef7-af04-47ea-9b99-fd9627124ed4 req-bf90cef7-af04-47ea-9b99-fd9627124ed4 ] Request (SecurityGroupsTestJSON:test_list_security_groups_by_server): 200 POST http://10.180.1.21/compute/v2.1/os-security-groups 0.798s
2025-01-16 08:05:11.852 68509 INFO tempest.lib.common.rest_client [req-f9d7600a-23d9-4ff1-8dfc-8551ca657bf7 req-f9d7600a-23d9-4ff1-8dfc-8551ca657bf7 ] Request (FloatingIPsAssociationTestJSON:test_associate_already_associated_floating_ip): 200 GET http://10.180.1.21/compute/v2.1/servers/29473c85-120a-4c82-b22b-cff8d37e98cd 0.715s
2025-01-16 08:05:11.906 68547 INFO tempest.lib.common.rest_client [req-14b2f566-1156-4aad-ae4f-355a5a9a7626 req-14b2f566-1156-4aad-ae4f-355a5a9a7626 ] Request (InstanceActionsNegativeTestJSON:setUpClass): 200 GET http://10.180.1.21/compute/v2.1/servers/9f269471-9c27-4479-9494-b67e41dd55e7 0.715s
2025-01-16 08:05:11.959 68533 INFO tempest.lib.common.rest_client [req-3f9fe2d2-f82f-4cc8-bd16-35d0e7f59459 req-3f9fe2d2-f82f-4cc8-bd16-35d0e7f59459 ] Request (ListServersNegativeTestJSON:setUpClass): 200 GET http://10.180.1.21/compute/v2.1/servers/55374085-f0cc-45b1-8f65-3559902cc838 0.704s
2025-01-16 08:05:12.219 68503 INFO tempest.lib.common.rest_client [req-5ef56cb0-128e-403b-be77-ee8c220ab158 req-5ef56cb0-128e-403b-be77-ee8c220ab158 ] Request (AttachInterfacesV270Test:test_create_get_list_interfaces): 202 POST http://10.180.1.21/compute/v2.1/servers 1.036s
2025-01-16 08:05:12.493 68543 INFO tempest.lib.common.rest_client [req-4258e334-9618-4f77-a8ba-bd769ab464d1 req-4258e334-9618-4f77-a8ba-bd769ab464d1 ] Request (ServersAdmin275Test:test_rebuild_update_server_275): 202 POST http://10.180.1.21/compute/v2.1/servers/bfb2f00f-c783-4d47-ad28-3de6eff3f77a/action 0.989s
2025-01-16 08:05:12.554 68491 INFO tempest.lib.common.rest_client [req-a5ff6b7f-33fc-45f8-b4d0-cf44987c3c1b req-a5ff6b7f-33fc-45f8-b4d0-cf44987c3c1b ] Request (TenantUsagesTestJSON:setUpClass): 200 GET http://10.180.1.21/compute/v2.1/servers/4af55a8c-1f23-4e72-a945-aff479b9c450 1.048s
2025-01-16 08:05:12.587 68525 INFO tempest.lib.common.rest_client [req-8636ced8-a9c5-464f-a3cb-1da3fd9a8b62 req-8636ced8-a9c5-464f-a3cb-1da3fd9a8b62 ] Request (FloatingIPsAssociationNegativeTestJSON:test_associate_ip_to_server_with_floating_ip): 200 POST http://10.180.1.21/compute/v2.1/os-floating-ips 1.169s
2025-01-16 08:05:12.615 68485 INFO tempest.lib.common.rest_client [req-e9b46b35-98f9-4244-9370-ec1e3a05063e req-e9b46b35-98f9-4244-9370-ec1e3a05063e ] Request (ServerMetadataNegativeTestJSON:setUpClass): 200 GET http://10.180.1.21/compute/v2.1/servers/c4c302a7-9571-452c-a208-2fe2ef99aa6d 1.044s
2025-01-16 08:05:12.635 68489 INFO tempest.lib.common.rest_client [req-4228ce70-c068-431c-bd52-136d45bbe3ae req-4228ce70-c068-431c-bd52-136d45bbe3ae ] Request (InstanceActionsTestJSON:setUpClass): 200 GET http://10.180.1.21/compute/v2.1/servers/b4217ee8-62a6-4902-8dae-bfdad8eca7be 1.008s
2025-01-16 08:05:12.683 68495 INFO tempest.lib.common.rest_client [req-80576db0-4675-4158-a41e-4f7ed065eb88 req-80576db0-4675-4158-a41e-4f7ed065eb88 ] Request (ServerDiskConfigTestJSON:test_rebuild_server_with_auto_disk_config): 200 GET http://10.180.1.21/compute/v2.1/servers/6dd6c113-8f6d-49a8-9323-ce390362a034 0.929s
2025-01-16 08:05:12.828 68515 INFO tempest.lib.common.rest_client [req-fda73aad-e9d2-4820-9eb3-98c9949100c3 req-fda73aad-e9d2-4820-9eb3-98c9949100c3 ] Request (SecurityGroupsTestJSON:test_list_security_groups_by_server): 200 POST http://10.180.1.21/compute/v2.1/os-security-groups 1.015s
2025-01-16 08:05:12.888 68515 INFO tempest.lib.common.rest_client [req-4c5c827d-3642-4ba6-9764-a68458e25839 req-4c5c827d-3642-4ba6-9764-a68458e25839 ] Request (SecurityGroupsTestJSON:test_list_security_groups_by_server): 201 POST http://10.180.1.21/identity/v3/auth/tokens 0.054s
2025-01-16 08:05:12.888 68515 INFO tempest.lib.common.fixed_network [-] (SecurityGroupsTestJSON:test_list_security_groups_by_server) Found network {'id': 'f64c65c7-cb08-4d4c-a12a-8dae946f0f79', 'name': 'tempest-SecurityGroupsTestJSON-520618919-network', 'tenant_id': '4f2b8109afd14133806cc8a13df630fb', 'admin_state_up': True, 'mtu': 8950, 'status': 'ACTIVE', 'subnets': [], 'shared': False, 'project_id': '4f2b8109afd14133806cc8a13df630fb', 'port_security_enabled': True, 'router:external': False, 'provider:network_type': 'vlan', 'provider:physical_network': 'default', 'provider:segmentation_id': 381, 'availability_zone_hints': [], 'availability_zones': [], 'ipv4_address_scope': None, 'ipv6_address_scope': None, 'description': '', 'tags': [], 'created_at': '2025-01-16T08:05:07Z', 'updated_at': '2025-01-16T08:05:07Z', 'revision_number': 1} available for tenant
2025-01-16 08:05:12.907 68535 INFO tempest.lib.common.rest_client [req-797e359f-bee9-458a-a540-276372275ef7 req-797e359f-bee9-458a-a540-276372275ef7 ] Request (ListImageFiltersTestJSON:setUpClass): 200 GET http://10.180.1.21/compute/v2.1/servers/80c94d56-773a-499b-a207-a3f11a14c32b 1.228s
2025-01-16 08:05:12.915 68535 INFO tempest.common.waiters [-] State transition "BUILD/None" ==> "BUILD/block_device_mapping" after 49 second wait
2025-01-16 08:05:12.921 68505 INFO tempest.lib.common.rest_client [req-f30677e2-6b28-4de2-88d3-ab8b641ac60a req-f30677e2-6b28-4de2-88d3-ab8b641ac60a ] Request (MigrationsAdminTest:test_resize_server_revert_deleted_flavor): 200 GET http://10.180.1.21/compute/v2.1/servers/0a178974-018c-410a-a901-c9e984be8ebf 1.104s
2025-01-16 08:05:12.975 68517 INFO tempest.lib.common.rest_client [req-5003f887-f770-4715-ad4b-3fd1996c6ff4 req-5003f887-f770-4715-ad4b-3fd1996c6ff4 ] Request (ServerDiagnosticsV248Test:test_get_server_diagnostics): 200 GET http://10.180.1.21/compute/v2.1/servers/d4d8221d-778d-43c5-acfe-84aaa2424b5a 1.044s
2025-01-16 08:05:13.034 68499 INFO tempest.lib.common.rest_client [req-c3c3257d-a601-4072-9c5d-b96992c5211e req-c3c3257d-a601-4072-9c5d-b96992c5211e ] Request (ServerRescueNegativeTestJSON:setUpClass): 200 GET http://10.180.1.21/compute/v2.1/servers/d1aecebc-401e-45ff-805e-c038722f4cad 1.053s
2025-01-16 08:05:13.095 68487 INFO tempest.lib.common.rest_client [req-6b9ad5b9-a800-4d31-9b76-a65693e4923f req-6b9ad5b9-a800-4d31-9b76-a65693e4923f ] Request (ServerPasswordTestJSON:setUpClass): 200 GET http://10.180.1.21/compute/v2.1/servers/36cf27ca-350f-480b-bba3-fb29db7f176f 1.060s
2025-01-16 08:05:13.157 68493 INFO tempest.lib.common.rest_client [req-ae0fc529-e495-4bb9-a644-da572d2574ab req-ae0fc529-e495-4bb9-a644-da572d2574ab ] Request (ServerTagsTestJSON:setUpClass): 200 GET http://10.180.1.21/compute/v2.1/servers/421efe71-8164-46e8-9a64-6dc12c366025 1.053s
2025-01-16 08:05:13.161 68531 INFO tempest.lib.common.rest_client [req-c2e9fc19-ea46-480d-921b-39b69aca885d req-c2e9fc19-ea46-480d-921b-39b69aca885d ] Request (ListServerFiltersTestJSON:setUpClass): 200 GET http://10.180.1.21/compute/v2.1/servers/68d9ebdd-312b-4823-99b4-01b3ff895561 1.284s
2025-01-16 08:05:13.214 68503 INFO tempest.lib.common.rest_client [req-e20989e9-8563-4a8c-9699-55055b77e4af req-e20989e9-8563-4a8c-9699-55055b77e4af ] Request (AttachInterfacesV270Test:test_create_get_list_interfaces): 200 GET http://10.180.1.21/compute/v2.1/servers/b6d3ef08-a9b2-49db-9404-aa68bc2139c1 0.993s
2025-01-16 08:05:13.218 68511 INFO tempest.lib.common.rest_client [req-1a7d3567-ccbc-4070-b2f9-398cb40bb2a3 req-1a7d3567-ccbc-4070-b2f9-398cb40bb2a3 ] Request (ServerDiagnosticsNegativeTest:test_get_server_diagnostics_by_non_admin): 200 GET http://10.180.1.21/compute/v2.1/servers/b95d2abb-6ac4-4f1c-8dad-ee39c0f27d98 1.046s
2025-01-16 08:05:13.267 68507 INFO tempest.lib.common.rest_client [req-b71c5fb3-3d3c-4b0e-9d78-e3aac046437e req-b71c5fb3-3d3c-4b0e-9d78-e3aac046437e ] Request (ServersTestJSON:test_create_server_specify_multibyte_character_name): 200 GET http://10.180.1.21/compute/v2.1/servers/d5839caf-2cfa-42ae-84f4-145f5ae614a0 1.035s
2025-01-16 08:05:13.278 68529 INFO tempest.lib.common.rest_client [req-1382a995-f698-45ab-8494-144d5869227d req-1382a995-f698-45ab-8494-144d5869227d ] Request (VolumesAssistedSnapshotsTest:test_volume_assisted_snapshot_create_delete): 200 GET http://10.180.1.21/compute/v2.1/servers/c15b6ab2-6657-48bb-b992-2d30a2ae54d3 0.994s
2025-01-16 08:05:13.286 68529 INFO tempest.common.waiters [-] State transition "BUILD/spawning" ==> "ERROR/None" after 56 second wait
2025-01-16 08:05:13.334 68545 INFO tempest.lib.common.rest_client [req-b3fbae61-7b83-4cd0-a674-3bc7b31b6aad req-b3fbae61-7b83-4cd0-a674-3bc7b31b6aad ] Request (ServerActionsTestOtherA:setUpClass): 200 GET http://10.180.1.21/compute/v2.1/servers/a06e85bc-af77-404c-a50b-312dd60ae1c6 0.939s
2025-01-16 08:05:13.340 68537 INFO tempest.lib.common.rest_client [req-8ceaf5d3-6441-4ee4-b234-bf17fad180e7 req-8ceaf5d3-6441-4ee4-b234-bf17fad180e7 ] Request (DeleteServersAdminTestJSON:test_delete_server_while_in_error_state): 200 GET http://10.180.1.21/compute/v2.1/servers/8c17919f-3941-4f1b-84fd-bf30d64dceb0 1.004s
2025-01-16 08:05:13.352 68537 INFO tempest.common.waiters [-] State transition "BUILD/scheduling" ==> "BUILD/None" after 48 second wait
2025-01-16 08:05:13.390 68497 INFO tempest.lib.common.rest_client [req-db1415a2-9b56-4e94-90ee-3c6247b1aa24 req-db1415a2-9b56-4e94-90ee-3c6247b1aa24 ] Request (ServersWithSpecificFlavorTestJSON:test_verify_created_server_ephemeral_disk): 200 GET http://10.180.1.21/compute/v2.1/servers/c1b0c88d-a23d-4b9d-91a8-adb25967c228 0.903s
2025-01-16 08:05:13.393 68519 INFO tempest.lib.common.rest_client [req-5da069e4-d831-41c3-b13a-8c907dd47881 req-5da069e4-d831-41c3-b13a-8c907dd47881 ] Request (ServerAddressesNegativeTestJSON:setUpClass): 200 GET http://10.180.1.21/compute/v2.1/servers/a7fe6c49-4623-49a6-826d-37a2bb790206 0.951s
2025-01-16 08:05:13.447 68543 INFO tempest.lib.common.rest_client [req-7d65d18a-e167-491e-ab3b-67b0ec486d18 req-7d65d18a-e167-491e-ab3b-67b0ec486d18 ] Request (ServersAdmin275Test:test_rebuild_update_server_275): 200 GET http://10.180.1.21/compute/v2.1/servers/bfb2f00f-c783-4d47-ad28-3de6eff3f77a 0.942s
2025-01-16 08:05:13.448 68541 INFO tempest.lib.common.rest_client [req-0da659d5-44a4-4f90-9bd5-96edd3fd7bbc req-0da659d5-44a4-4f90-9bd5-96edd3fd7bbc ] Request (ServerActionsV293TestJSON:setUpClass): 200 GET http://10.180.1.21/compute/v2.1/servers/ff21fe8f-e07a-4781-b692-9f585afab706 0.904s
2025-01-16 08:05:13.497 68513 INFO tempest.lib.common.rest_client [req-2c4fd412-0977-4baa-85d2-022bda962d49 req-2c4fd412-0977-4baa-85d2-022bda962d49 ] Request (DeleteServersTestJSON:test_delete_server_while_in_attached_volume): 200 GET http://10.180.1.21/compute/v2.1/servers/fa966014-68a1-4418-828e-a0f28d90ddeb 0.940s
2025-01-16 08:05:13.545 68501 INFO tempest.lib.common.rest_client [req-60d5086e-1804-42fc-8185-bba45a4d654e req-60d5086e-1804-42fc-8185-bba45a4d654e ] Request (ServersTestMultiNic:test_verify_duplicate_network_nics): 200 GET http://10.180.1.21/compute/v2.1/servers/5fd07b81-1348-4194-ab20-437cb5c61dfa 0.953s
2025-01-16 08:05:13.595 68521 INFO tempest.lib.common.rest_client [req-447ba9d8-4954-424d-abec-79206ddb7456 req-447ba9d8-4954-424d-abec-79206ddb7456 ] Request (AttachInterfacesUnderV243Test:test_add_remove_fixed_ip): 200 GET http://10.180.1.21/compute/v2.1/servers/84c5cb88-aad9-4b81-9dca-866ddcf0e8f5 0.991s
2025-01-16 08:05:13.602 68521 INFO tempest.common.waiters [-] State transition "BUILD/scheduling" ==> "BUILD/None" after 43 second wait
2025-01-16 08:05:13.647 68523 INFO tempest.lib.common.rest_client [req-5e2f50b4-e40c-43ac-911a-2f6f312f6509 req-5e2f50b4-e40c-43ac-911a-2f6f312f6509 ] Request (ServerActionsTestJSON:setUpClass): 200 GET http://10.180.1.21/compute/v2.1/servers/4bffe146-0b5f-4141-b83c-6974834803bd 0.999s
2025-01-16 08:05:13.721 68525 INFO tempest.lib.common.rest_client [req-0bbe87a2-2c6b-4507-9d44-4dd601abadb2 req-0bbe87a2-2c6b-4507-9d44-4dd601abadb2 ] Request (FloatingIPsAssociationNegativeTestJSON:test_associate_ip_to_server_with_floating_ip): 400 POST http://10.180.1.21/compute/v2.1/servers/6ea23640-3ef0-4a2e-aa75-203c03edf386/action 1.131s
2025-01-16 08:05:13.768 68509 INFO tempest.lib.common.rest_client [req-d6b9569d-a8ab-4e4b-8d87-8fcf18430c5f req-d6b9569d-a8ab-4e4b-8d87-8fcf18430c5f ] Request (FloatingIPsAssociationTestJSON:test_associate_already_associated_floating_ip): 200 GET http://10.180.1.21/compute/v2.1/servers/29473c85-120a-4c82-b22b-cff8d37e98cd 0.907s
2025-01-16 08:05:13.801 68539 INFO tempest.lib.common.rest_client [req-968afeeb-2a9a-4620-9c16-e144b97204d0 req-968afeeb-2a9a-4620-9c16-e144b97204d0 ] Request (VolumesAdminNegativeTest:test_update_attached_volume_with_nonexistent_volume_in_body): 200 GET http://10.180.1.21/compute/v2.1/servers/bb952207-9905-4a12-a189-94d00a8d1066 1.018s
2025-01-16 08:05:13.845 68547 INFO tempest.lib.common.rest_client [req-0c48993f-3803-41c8-bd8a-ea9e4baec7db req-0c48993f-3803-41c8-bd8a-ea9e4baec7db ] Request (InstanceActionsNegativeTestJSON:setUpClass): 200 GET http://10.180.1.21/compute/v2.1/servers/9f269471-9c27-4479-9494-b67e41dd55e7 0.932s
2025-01-16 08:05:13.890 68533 INFO tempest.lib.common.rest_client [req-1f380f1a-fbd8-4158-a275-9fbc05c4615c req-1f380f1a-fbd8-4158-a275-9fbc05c4615c ] Request (ListServersNegativeTestJSON:setUpClass): 200 GET http://10.180.1.21/compute/v2.1/servers/55374085-f0cc-45b1-8f65-3559902cc838 0.918s
2025-01-16 08:05:14.051 68529 INFO tempest.lib.common.rest_client [req-70e2164a-6e37-4884-85a9-c0e5a9acf7ee req-70e2164a-6e37-4884-85a9-c0e5a9acf7ee ] Request (VolumesAssistedSnapshotsTest:test_volume_assisted_snapshot_create_delete): 204 DELETE http://10.180.1.21/compute/v2.1/servers/c15b6ab2-6657-48bb-b992-2d30a2ae54d3 0.764s
2025-01-16 08:05:14.055 68515 INFO tempest.lib.common.rest_client [req-89c11430-7e9a-484d-ad16-142b37c98eb6 req-89c11430-7e9a-484d-ad16-142b37c98eb6 ] Request (SecurityGroupsTestJSON:test_list_security_groups_by_server): 202 POST http://10.180.1.21/compute/v2.1/servers 1.166s
2025-01-16 08:05:14.107 68485 INFO tempest.lib.common.rest_client [req-7ec71a5c-d87e-4169-8a29-d5f62adf11aa req-7ec71a5c-d87e-4169-8a29-d5f62adf11aa ] Request (ServerMetadataNegativeTestJSON:setUpClass): 200 GET http://10.180.1.21/compute/v2.1/servers/c4c302a7-9571-452c-a208-2fe2ef99aa6d 0.480s
2025-01-16 08:05:14.109 68491 INFO tempest.lib.common.rest_client [req-4f7107ec-a25f-4ca3-8389-789f521be16e req-4f7107ec-a25f-4ca3-8389-789f521be16e ] Request (TenantUsagesTestJSON:setUpClass): 200 GET http://10.180.1.21/compute/v2.1/servers/4af55a8c-1f23-4e72-a945-aff479b9c450 0.547s
2025-01-16 08:05:14.162 68489 INFO tempest.lib.common.rest_client [req-fb402b19-29f2-42dc-bed8-cb8052e5cf3d req-fb402b19-29f2-42dc-bed8-cb8052e5cf3d ] Request (InstanceActionsTestJSON:setUpClass): 200 GET http://10.180.1.21/compute/v2.1/servers/b4217ee8-62a6-4902-8dae-bfdad8eca7be 0.519s
2025-01-16 08:05:14.168 68495 INFO tempest.lib.common.rest_client [req-b1fc1a97-bac9-4678-892d-97e4d6070f93 req-b1fc1a97-bac9-4678-892d-97e4d6070f93 ] Request (ServerDiskConfigTestJSON:test_rebuild_server_with_auto_disk_config): 200 GET http://10.180.1.21/compute/v2.1/servers/6dd6c113-8f6d-49a8-9323-ce390362a034 0.470s
2025-01-16 08:05:14.345 68535 INFO tempest.lib.common.rest_client [req-e8c60f6f-f9c5-4e27-a361-dc1ac09ecae7 req-e8c60f6f-f9c5-4e27-a361-dc1ac09ecae7 ] Request (ListImageFiltersTestJSON:setUpClass): 200 GET http://10.180.1.21/compute/v2.1/servers/80c94d56-773a-499b-a207-a3f11a14c32b 0.429s
2025-01-16 08:05:14.355 68535 INFO tempest.common.waiters [-] State transition "BUILD/block_device_mapping" ==> "BUILD/spawning" after 51 second wait
2025-01-16 08:05:14.405 68505 INFO tempest.lib.common.rest_client [req-92fe3473-7863-4f16-8121-69be1127862e req-92fe3473-7863-4f16-8121-69be1127862e ] Request (MigrationsAdminTest:test_resize_server_revert_deleted_flavor): 200 GET http://10.180.1.21/compute/v2.1/servers/0a178974-018c-410a-a901-c9e984be8ebf 0.472s
2025-01-16 08:05:14.421 68505 INFO tempest.common.waiters [-] State transition "BUILD/scheduling" ==> "BUILD/None" after 41 second wait
2025-01-16 08:05:14.471 68517 INFO tempest.lib.common.rest_client [req-bdcb30ea-2e88-45e1-bff5-e31b9a8b82d0 req-bdcb30ea-2e88-45e1-bff5-e31b9a8b82d0 ] Request (ServerDiagnosticsV248Test:test_get_server_diagnostics): 200 GET http://10.180.1.21/compute/v2.1/servers/d4d8221d-778d-43c5-acfe-84aaa2424b5a 0.483s
2025-01-16 08:05:14.521 68525 INFO tempest.lib.common.rest_client [req-618dbc72-6c64-4df4-8f04-341a63696dfb req-618dbc72-6c64-4df4-8f04-341a63696dfb ] Request (FloatingIPsAssociationNegativeTestJSON:_run_cleanups): 202 DELETE http://10.180.1.21/compute/v2.1/os-floating-ips/95427ab9-168d-4ba8-87a4-007652fac83b 0.800s
2025-01-16 08:05:14.540 68499 INFO tempest.lib.common.rest_client [req-865bac19-7f76-4752-b45d-a14dbb38d63e req-865bac19-7f76-4752-b45d-a14dbb38d63e ] Request (ServerRescueNegativeTestJSON:setUpClass): 200 GET http://10.180.1.21/compute/v2.1/servers/d1aecebc-401e-45ff-805e-c038722f4cad 0.493s
2025-01-16 08:05:14.544 68529 INFO tempest.lib.common.rest_client [req-6cf232f6-de93-453c-a660-df5a368410f4 req-6cf232f6-de93-453c-a660-df5a368410f4 ] Request (VolumesAssistedSnapshotsTest:test_volume_assisted_snapshot_create_delete): 404 GET http://10.180.1.21/compute/v2.1/servers/c15b6ab2-6657-48bb-b992-2d30a2ae54d3 0.493s
2025-01-16 08:05:14.596 68515 INFO tempest.lib.common.rest_client [req-85c64886-0740-4313-ada8-5d22888309f6 req-85c64886-0740-4313-ada8-5d22888309f6 ] Request (SecurityGroupsTestJSON:test_list_security_groups_by_server): 200 GET http://10.180.1.21/compute/v2.1/servers/72f4eeb0-6ad4-4628-9d92-399e8a2c1a56 0.539s
2025-01-16 08:05:14.603 68529 INFO tempest.lib.common.rest_client [req-bbd0d9c3-0af9-4301-b22c-854cb9ad40ec req-bbd0d9c3-0af9-4301-b22c-854cb9ad40ec ] Request (VolumesAssistedSnapshotsTest:_run_cleanups): 202 DELETE http://10.180.1.21/volume/v3/volumes/992665ec-d3ee-486d-8c78-5f212808fca1 0.057s
2025-01-16 08:05:14.613 68487 INFO tempest.lib.common.rest_client [req-e586a5fe-6a71-40ed-ae81-d97699a0910a req-e586a5fe-6a71-40ed-ae81-d97699a0910a ] Request (ServerPasswordTestJSON:setUpClass): 200 GET http://10.180.1.21/compute/v2.1/servers/36cf27ca-350f-480b-bba3-fb29db7f176f 0.509s
2025-01-16 08:05:14.639 68529 INFO tempest.lib.common.rest_client [req-621e882b-d496-4599-a0ce-92fe48979586 req-621e882b-d496-4599-a0ce-92fe48979586 ] Request (VolumesAssistedSnapshotsTest:_run_cleanups): 200 GET http://10.180.1.21/volume/v3/volumes/992665ec-d3ee-486d-8c78-5f212808fca1 0.035s
2025-01-16 08:05:14.663 68531 INFO tempest.lib.common.rest_client [req-58c7e203-d1c2-417f-a770-99ceda44cb93 req-58c7e203-d1c2-417f-a770-99ceda44cb93 ] Request (ListServerFiltersTestJSON:setUpClass): 200 GET http://10.180.1.21/compute/v2.1/servers/68d9ebdd-312b-4823-99b4-01b3ff895561 0.490s
2025-01-16 08:05:14.683 68493 INFO tempest.lib.common.rest_client [req-8b143d75-50e9-4af7-bde1-b79ab5829009 req-8b143d75-50e9-4af7-bde1-b79ab5829009 ] Request (ServerTagsTestJSON:setUpClass): 200 GET http://10.180.1.21/compute/v2.1/servers/421efe71-8164-46e8-9a64-6dc12c366025 0.517s
2025-01-16 08:05:14.734 68503 INFO tempest.lib.common.rest_client [req-cb325ee1-fac1-40a5-9ca5-1dd479dd1f5d req-cb325ee1-fac1-40a5-9ca5-1dd479dd1f5d ] Request (AttachInterfacesV270Test:test_create_get_list_interfaces): 200 GET http://10.180.1.21/compute/v2.1/servers/b6d3ef08-a9b2-49db-9404-aa68bc2139c1 0.504s
2025-01-16 08:05:14.751 68511 INFO tempest.lib.common.rest_client [req-293c1cc1-e851-40c3-bd91-592d609179c7 req-293c1cc1-e851-40c3-bd91-592d609179c7 ] Request (ServerDiagnosticsNegativeTest:test_get_server_diagnostics_by_non_admin): 200 GET http://10.180.1.21/compute/v2.1/servers/b95d2abb-6ac4-4f1c-8dad-ee39c0f27d98 0.518s
2025-01-16 08:05:14.789 68507 INFO tempest.lib.common.rest_client [req-9dd353c7-d5f6-4c05-b01d-aaad7369f37c req-9dd353c7-d5f6-4c05-b01d-aaad7369f37c ] Request (ServersTestJSON:test_create_server_specify_multibyte_character_name): 200 GET http://10.180.1.21/compute/v2.1/servers/d5839caf-2cfa-42ae-84f4-145f5ae614a0 0.512s
2025-01-16 08:05:14.809 68545 INFO tempest.lib.common.rest_client [req-075acfaf-aaff-46ef-84f7-84653f6e6840 req-075acfaf-aaff-46ef-84f7-84653f6e6840 ] Request (ServerActionsTestOtherA:setUpClass): 200 GET http://10.180.1.21/compute/v2.1/servers/a06e85bc-af77-404c-a50b-312dd60ae1c6 0.465s
2025-01-16 08:05:14.841 68537 INFO tempest.lib.common.rest_client [req-2a382a31-4d91-49d9-ad17-0031f6f76b46 req-2a382a31-4d91-49d9-ad17-0031f6f76b46 ] Request (DeleteServersAdminTestJSON:test_delete_server_while_in_error_state): 200 GET http://10.180.1.21/compute/v2.1/servers/8c17919f-3941-4f1b-84fd-bf30d64dceb0 0.488s
2025-01-16 08:05:14.861 68497 INFO tempest.lib.common.rest_client [req-a1bd999d-004f-4b30-8f06-281a2fa43b9c req-a1bd999d-004f-4b30-8f06-281a2fa43b9c ] Request (ServersWithSpecificFlavorTestJSON:test_verify_created_server_ephemeral_disk): 200 GET http://10.180.1.21/compute/v2.1/servers/c1b0c88d-a23d-4b9d-91a8-adb25967c228 0.462s
2025-01-16 08:05:14.902 68519 INFO tempest.lib.common.rest_client [req-2304f57b-b82c-4409-b226-ae4bcfe96143 req-2304f57b-b82c-4409-b226-ae4bcfe96143 ] Request (ServerAddressesNegativeTestJSON:setUpClass): 200 GET http://10.180.1.21/compute/v2.1/servers/a7fe6c49-4623-49a6-826d-37a2bb790206 0.500s
2025-01-16 08:05:14.946 68543 INFO tempest.lib.common.rest_client [req-9da41302-6e89-4104-a39c-fa7434dff2a0 req-9da41302-6e89-4104-a39c-fa7434dff2a0 ] Request (ServersAdmin275Test:test_rebuild_update_server_275): 200 GET http://10.180.1.21/compute/v2.1/servers/bfb2f00f-c783-4d47-ad28-3de6eff3f77a 0.488s
2025-01-16 08:05:14.955 68543 INFO tempest.common.waiters [-] State transition "REBUILD/rebuilding" ==> "REBUILD/rebuild_block_device_mapping" after 1 second wait
2025-01-16 08:05:14.957 68541 INFO tempest.lib.common.rest_client [req-c40447a3-e32e-4842-be7a-2f5b13586d91 req-c40447a3-e32e-4842-be7a-2f5b13586d91 ] Request (ServerActionsV293TestJSON:setUpClass): 200 GET http://10.180.1.21/compute/v2.1/servers/ff21fe8f-e07a-4781-b692-9f585afab706 0.493s
2025-01-16 08:05:15.004 68513 INFO tempest.lib.common.rest_client [req-9814ef68-5f26-4d05-9a1a-44e3226f333b req-9814ef68-5f26-4d05-9a1a-44e3226f333b ] Request (DeleteServersTestJSON:test_delete_server_while_in_attached_volume): 200 GET http://10.180.1.21/compute/v2.1/servers/fa966014-68a1-4418-828e-a0f28d90ddeb 0.499s
2025-01-16 08:05:15.064 68501 INFO tempest.lib.common.rest_client [req-13792e77-80fd-4966-a493-abd1e8ba17b9 req-13792e77-80fd-4966-a493-abd1e8ba17b9 ] Request (ServersTestMultiNic:test_verify_duplicate_network_nics): 200 GET http://10.180.1.21/compute/v2.1/servers/5fd07b81-1348-4194-ab20-437cb5c61dfa 0.511s
2025-01-16 08:05:15.128 68521 INFO tempest.lib.common.rest_client [req-a7686767-9a06-4780-ba70-408c55fce76a req-a7686767-9a06-4780-ba70-408c55fce76a ] Request (AttachInterfacesUnderV243Test:test_add_remove_fixed_ip): 200 GET http://10.180.1.21/compute/v2.1/servers/84c5cb88-aad9-4b81-9dca-866ddcf0e8f5 0.525s
2025-01-16 08:05:15.175 68523 INFO tempest.lib.common.rest_client [req-eab6632b-8128-480d-9378-b06c0a62c0cc req-eab6632b-8128-480d-9378-b06c0a62c0cc ] Request (ServerActionsTestJSON:setUpClass): 200 GET http://10.180.1.21/compute/v2.1/servers/4bffe146-0b5f-4141-b83c-6974834803bd 0.516s
