2025-01-16 08:05:26.208 68529 INFO tempest.lib.common.rest_client [req-d42f2bb4-637a-408f-986a-f8fccbf7d2ed req-d42f2bb4-637a-408f-986a-f8fccbf7d2ed ] Request (ServersTestJSON:setUpClass): 204 PUT http://10.180.1.21/identity/v3/projects/e682a618661f4d75af0e21ee4fa9ddfe/users/1b1ba1a1f4024c619bff5040c7b511f1/roles/4546a95ccd6d4b35949e220ab777cc71 0.034s
2025-01-16 08:05:26.208 68529 INFO tempest.lib.common.dynamic_creds [-] Dynamic test user 1b1ba1a1f4024c619bff5040c7b511f1 is created with scope project and roles: ['member']
2025-01-16 08:05:26.209 68529 INFO tempest.lib.common.dynamic_creds [-] Acquired dynamic creds: credentials: Credentials: {'domain_id': 'default', 'domain_name': 'Default', 'username': 'tempest-ServersTestJSON-854212438-project-member', 'project_domain_id': 'default', 'project_domain_name': 'Default', 'project_id': 'e682a618661f4d75af0e21ee4fa9ddfe', 'project_name': 'tempest-ServersTestJSON-854212438', 'tenant_id': 'e682a618661f4d75af0e21ee4fa9ddfe', 'tenant_name': 'tempest-ServersTestJSON-854212438', 'user_domain_id': 'default', 'user_domain_name': 'Default', 'user_id': '1b1ba1a1f4024c619bff5040c7b511f1', 'system': None}, Network: None, Subnet: None, Router: None
2025-01-16 08:05:26.258 68503 INFO tempest.lib.common.rest_client [req-d78d125f-df6f-4d17-8991-e40c2eb8d080 req-d78d125f-df6f-4d17-8991-e40c2eb8d080 ] Request (AttachInterfacesV270Test:test_create_get_list_interfaces): 200 GET http://10.180.1.21/compute/v2.1/servers/b6d3ef08-a9b2-49db-9404-aa68bc2139c1 0.060s
2025-01-16 08:05:26.276 68529 INFO tempest.lib.common.rest_client [req-0cd15d51-36b5-4bdb-88da-6cfa23fb5423 req-0cd15d51-36b5-4bdb-88da-6cfa23fb5423 ] Request (ServersTestJSON:setUpClass): 201 POST http://10.180.1.21/identity/v3/auth/tokens 0.067s
2025-01-16 08:05:26.291 68533 INFO tempest.lib.common.rest_client [req-1510a8dd-0ace-4fdb-b687-1a8d1b94d14c req-1510a8dd-0ace-4fdb-b687-1a8d1b94d14c ] Request (ListServersNegativeTestJSON:setUpClass): 200 GET http://10.180.1.21/compute/v2.1/servers/55374085-f0cc-45b1-8f65-3559902cc838 0.122s
2025-01-16 08:05:26.316 68511 INFO tempest.lib.common.rest_client [req-57aeca83-976e-4105-97ac-95b400559e4f req-57aeca83-976e-4105-97ac-95b400559e4f ] Request (ServerDiagnosticsNegativeTest:test_get_server_diagnostics_by_non_admin): 200 GET http://10.180.1.21/compute/v2.1/servers/b95d2abb-6ac4-4f1c-8dad-ee39c0f27d98 0.061s
2025-01-16 08:05:26.351 68535 INFO tempest.lib.common.rest_client [req-0dda09a1-a53b-42ae-aeab-759bf2e2e490 req-0dda09a1-a53b-42ae-aeab-759bf2e2e490 ] Request (ListImageFiltersTestJSON:setUpClass): 200 GET http://10.180.1.21/compute/v2.1/images/f2e9b3e6-4fea-497c-bfea-b3eccbf8a259 0.034s
2025-01-16 08:05:26.377 68507 INFO tempest.lib.common.rest_client [req-e77abc11-d8fd-45f6-a3e1-ec1c55518edd req-e77abc11-d8fd-45f6-a3e1-ec1c55518edd ] Request (ServersTestJSON:test_create_server_specify_multibyte_character_name): 200 GET http://10.180.1.21/compute/v2.1/servers/d5839caf-2cfa-42ae-84f4-145f5ae614a0 0.055s
2025-01-16 08:05:26.443 68545 INFO tempest.lib.common.rest_client [req-d44ec168-5a38-436b-9b34-d194b790e62d req-d44ec168-5a38-436b-9b34-d194b790e62d ] Request (ServerActionsTestOtherA:setUpClass): 200 GET http://10.180.1.21/compute/v2.1/servers/a06e85bc-af77-404c-a50b-312dd60ae1c6 0.049s
2025-01-16 08:05:26.448 68537 INFO tempest.lib.common.rest_client [req-687f3e1a-0df7-4ffe-97cd-37e1134d8d37 req-687f3e1a-0df7-4ffe-97cd-37e1134d8d37 ] Request (DeleteServersAdminTestJSON:test_delete_server_while_in_error_state): 200 GET http://10.180.1.21/compute/v2.1/servers/8c17919f-3941-4f1b-84fd-bf30d64dceb0 0.054s
2025-01-16 08:05:26.517 68519 INFO tempest.lib.common.rest_client [req-3d84b993-7b04-44d8-bcc3-61f77368f2e2 req-3d84b993-7b04-44d8-bcc3-61f77368f2e2 ] Request (ServerAddressesNegativeTestJSON:setUpClass): 200 GET http://10.180.1.21/compute/v2.1/servers/a7fe6c49-4623-49a6-826d-37a2bb790206 0.058s
2025-01-16 08:05:26.550 68529 INFO tempest.lib.common.rest_client [req-8fac5292-a62b-4b0c-8921-1daf4b547f95 req-8fac5292-a62b-4b0c-8921-1daf4b547f95 ] Request (ServersTestJSON:setUpClass): 201 POST http://10.180.1.21:9696/networking/v2.0/networks 0.273s
2025-01-16 08:05:26.594 68541 INFO tempest.lib.common.rest_client [req-d3ff23f6-73c6-4f7c-be97-8d86b5dd2645 req-d3ff23f6-73c6-4f7c-be97-8d86b5dd2645 ] Request (ServerActionsV293TestJSON:setUpClass): 200 GET http://10.180.1.21/compute/v2.1/servers/ff21fe8f-e07a-4781-b692-9f585afab706 0.064s
2025-01-16 08:05:26.639 68513 INFO tempest.lib.common.rest_client [req-aaec735b-5360-4229-a6f5-8840912079dc req-aaec735b-5360-4229-a6f5-8840912079dc ] Request (DeleteServersTestJSON:test_delete_server_while_in_attached_volume): 200 GET http://10.180.1.21/compute/v2.1/servers/fa966014-68a1-4418-828e-a0f28d90ddeb 0.060s
2025-01-16 08:05:26.699 68509 INFO tempest.lib.common.rest_client [req-d4c5f9e2-cde9-429d-ab7d-408a1de1f2a8 req-d4c5f9e2-cde9-429d-ab7d-408a1de1f2a8 ] Request (FloatingIPsAssociationTestJSON:test_associate_already_associated_floating_ip): 200 GET http://10.180.1.21/compute/v2.1/servers/29473c85-120a-4c82-b22b-cff8d37e98cd 0.066s
2025-01-16 08:05:26.747 68497 INFO tempest.lib.common.rest_client [req-512ae5bb-6c45-4491-a5a6-870ceaa2a025 req-512ae5bb-6c45-4491-a5a6-870ceaa2a025 ] Request (ServersWithSpecificFlavorTestJSON:test_verify_created_server_ephemeral_disk): 200 GET http://10.180.1.21/compute/v2.1/servers/c1b0c88d-a23d-4b9d-91a8-adb25967c228 0.153s
2025-01-16 08:05:26.767 68501 INFO tempest.lib.common.rest_client [req-9b8ea3d4-0af7-4145-8a8b-5d194a7e9c73 req-9b8ea3d4-0af7-4145-8a8b-5d194a7e9c73 ] Request (ServersTestMultiNic:test_verify_duplicate_network_nics): 200 GET http://10.180.1.21/compute/v2.1/servers/5fd07b81-1348-4194-ab20-437cb5c61dfa 0.105s
2025-01-16 08:05:26.767 68497 INFO tempest.common.waiters [-] State transition "BUILD/block_device_mapping" ==> "BUILD/spawning" after 62 second wait
2025-01-16 08:05:26.821 68521 INFO tempest.lib.common.rest_client [req-718f9707-b822-4c2a-ad93-8c444966181d req-718f9707-b822-4c2a-ad93-8c444966181d ] Request (AttachInterfacesUnderV243Test:test_add_remove_fixed_ip): 200 GET http://10.180.1.21/compute/v2.1/servers/84c5cb88-aad9-4b81-9dca-866ddcf0e8f5 0.121s
2025-01-16 08:05:26.839 68525 INFO tempest.lib.common.rest_client [req-2f138996-ee44-4757-be3a-9537223ab51d req-2f138996-ee44-4757-be3a-9537223ab51d ] Request (FloatingIPsAssociationNegativeTestJSON:tearDownClass): 200 GET http://10.180.1.21/compute/v2.1/servers/6ea23640-3ef0-4a2e-aa75-203c03edf386 0.105s
2025-01-16 08:05:26.875 68523 INFO tempest.lib.common.rest_client [req-e55e441f-237b-407a-9fb0-de3334fb228f req-e55e441f-237b-407a-9fb0-de3334fb228f ] Request (ServerActionsTestJSON:setUpClass): 200 GET http://10.180.1.21/compute/v2.1/servers/4bffe146-0b5f-4141-b83c-6974834803bd 0.112s
2025-01-16 08:05:26.903 68529 INFO tempest.lib.common.rest_client [req-9bb2ee2b-19b3-40cf-a6f9-788dcd9c41d3 req-9bb2ee2b-19b3-40cf-a6f9-788dcd9c41d3 ] Request (ServersTestJSON:setUpClass): 201 POST http://10.180.1.21:9696/networking/v2.0/subnets 0.352s
2025-01-16 08:05:26.907 68547 INFO tempest.lib.common.rest_client [req-dc9d3fc7-9b53-4498-9533-51b88f0cddca req-dc9d3fc7-9b53-4498-9533-51b88f0cddca ] Request (InstanceActionsNegativeTestJSON:setUpClass): 200 GET http://10.180.1.21/compute/v2.1/servers/9f269471-9c27-4479-9494-b67e41dd55e7 0.125s
2025-01-16 08:05:26.940 68485 INFO tempest.lib.common.rest_client [req-87711b81-f031-4c33-b52b-68a2936f4cb1 req-87711b81-f031-4c33-b52b-68a2936f4cb1 ] Request (ServerMetadataNegativeTestJSON:setUpClass): 200 GET http://10.180.1.21/compute/v2.1/servers/c4c302a7-9571-452c-a208-2fe2ef99aa6d 0.117s
2025-01-16 08:05:26.971 68491 INFO tempest.lib.common.rest_client [req-277bac25-2a29-4852-8e53-01082c57874a req-277bac25-2a29-4852-8e53-01082c57874a ] Request (TenantUsagesTestJSON:setUpClass): 200 GET http://10.180.1.21/compute/v2.1/servers/4af55a8c-1f23-4e72-a945-aff479b9c450 0.133s
2025-01-16 08:05:26.997 68489 INFO tempest.lib.common.rest_client [req-d4efe17b-ad03-4602-bd96-61a200a707ed req-d4efe17b-ad03-4602-bd96-61a200a707ed ] Request (InstanceActionsTestJSON:setUpClass): 200 GET http://10.180.1.21/compute/v2.1/servers/b4217ee8-62a6-4902-8dae-bfdad8eca7be 0.113s
2025-01-16 08:05:27.032 68505 INFO tempest.lib.common.rest_client [req-06790e17-be65-488c-9b2c-eb23b14f175c req-06790e17-be65-488c-9b2c-eb23b14f175c ] Request (MigrationsAdminTest:test_resize_server_revert_deleted_flavor): 200 GET http://10.180.1.21/compute/v2.1/servers/0a178974-018c-410a-a901-c9e984be8ebf 0.142s
2025-01-16 08:05:27.071 68499 INFO tempest.lib.common.rest_client [req-bcff6348-9869-4a0a-982b-bc2107d42698 req-bcff6348-9869-4a0a-982b-bc2107d42698 ] Request (ServerRescueNegativeTestJSON:setUpClass): 200 GET http://10.180.1.21/compute/v2.1/servers/d1aecebc-401e-45ff-805e-c038722f4cad 0.135s
2025-01-16 08:05:27.128 68515 INFO tempest.lib.common.rest_client [req-0ed33a5a-8913-4996-8717-79b4b5d1f0a4 req-0ed33a5a-8913-4996-8717-79b4b5d1f0a4 ] Request (SecurityGroupsTestJSON:test_list_security_groups_by_server): 200 GET http://10.180.1.21/compute/v2.1/servers/72f4eeb0-6ad4-4628-9d92-399e8a2c1a56 0.139s
2025-01-16 08:05:27.183 68517 INFO tempest.lib.common.rest_client [req-a4eca0b9-a777-4e92-a54e-760c0cf26ed7 req-a4eca0b9-a777-4e92-a54e-760c0cf26ed7 ] Request (ServerDiagnosticsV248Test:test_get_server_diagnostics): 200 GET http://10.180.1.21/compute/v2.1/servers/d4d8221d-778d-43c5-acfe-84aaa2424b5a 0.186s
2025-01-16 08:05:27.238 68487 INFO tempest.lib.common.rest_client [req-b30e890c-ca33-451d-a8c8-ab15d32aeca9 req-b30e890c-ca33-451d-a8c8-ab15d32aeca9 ] Request (ServerPasswordTestJSON:setUpClass): 200 GET http://10.180.1.21/compute/v2.1/servers/36cf27ca-350f-480b-bba3-fb29db7f176f 0.194s
2025-01-16 08:05:27.271 68495 INFO tempest.lib.common.rest_client [req-fabbc5ea-213d-4640-96df-4b47f25e0c2e req-fabbc5ea-213d-4640-96df-4b47f25e0c2e ] Request (ServerDiskConfigTestJSON:test_rebuild_server_with_auto_disk_config): 200 GET http://10.180.1.21/compute/v2.1/servers/6dd6c113-8f6d-49a8-9323-ce390362a034 0.331s
2025-01-16 08:05:27.290 68531 INFO tempest.lib.common.rest_client [req-49ad8ca5-f0d3-4440-81c9-99ae4999e073 req-49ad8ca5-f0d3-4440-81c9-99ae4999e073 ] Request (ListServerFiltersTestJSON:setUpClass): 200 GET http://10.180.1.21/compute/v2.1/servers/68d9ebdd-312b-4823-99b4-01b3ff895561 0.241s
2025-01-16 08:05:27.337 68543 INFO tempest.lib.common.rest_client [req-7a45e019-73c3-4eb3-9581-32799c141a7f req-7a45e019-73c3-4eb3-9581-32799c141a7f ] Request (ServersAdmin275Test:_run_cleanups): 200 GET http://10.180.1.21/compute/v2.1/servers/bfb2f00f-c783-4d47-ad28-3de6eff3f77a 0.195s
2025-01-16 08:05:27.337 68493 INFO tempest.lib.common.rest_client [req-34fecc10-2ace-4f72-9db8-9cd5fcdbc3f0 req-34fecc10-2ace-4f72-9db8-9cd5fcdbc3f0 ] Request (ServerTagsTestJSON:setUpClass): 200 GET http://10.180.1.21/compute/v2.1/servers/421efe71-8164-46e8-9a64-6dc12c366025 0.145s
2025-01-16 08:05:27.389 68503 INFO tempest.lib.common.rest_client [req-a1570258-03da-4327-ba9a-8c13fb66f41b req-a1570258-03da-4327-ba9a-8c13fb66f41b ] Request (AttachInterfacesV270Test:test_create_get_list_interfaces): 200 GET http://10.180.1.21/compute/v2.1/servers/b6d3ef08-a9b2-49db-9404-aa68bc2139c1 0.121s
2025-01-16 08:05:27.431 68511 INFO tempest.lib.common.rest_client [req-4b2d6df0-46c3-49ea-b532-2fbb4af70309 req-4b2d6df0-46c3-49ea-b532-2fbb4af70309 ] Request (ServerDiagnosticsNegativeTest:test_get_server_diagnostics_by_non_admin): 200 GET http://10.180.1.21/compute/v2.1/servers/b95d2abb-6ac4-4f1c-8dad-ee39c0f27d98 0.107s
2025-01-16 08:05:27.467 68535 INFO tempest.lib.common.rest_client [req-813261f6-0034-4292-a60a-8b7f9f3c15ad req-813261f6-0034-4292-a60a-8b7f9f3c15ad ] Request (ListImageFiltersTestJSON:setUpClass): 200 GET http://10.180.1.21/compute/v2.1/images/f2e9b3e6-4fea-497c-bfea-b3eccbf8a259 0.111s
2025-01-16 08:05:27.475 68533 INFO tempest.lib.common.rest_client [req-cc3d4d40-5e30-4446-ab18-8277bf8abc03 req-cc3d4d40-5e30-4446-ab18-8277bf8abc03 ] Request (ListServersNegativeTestJSON:setUpClass): 200 GET http://10.180.1.21/compute/v2.1/servers/55374085-f0cc-45b1-8f65-3559902cc838 0.175s
2025-01-16 08:05:27.518 68507 INFO tempest.lib.common.rest_client [req-3f4c40d1-94a9-4a60-9cef-5801a4586855 req-3f4c40d1-94a9-4a60-9cef-5801a4586855 ] Request (ServersTestJSON:test_create_server_specify_multibyte_character_name): 200 GET http://10.180.1.21/compute/v2.1/servers/d5839caf-2cfa-42ae-84f4-145f5ae614a0 0.133s
2025-01-16 08:05:27.520 68545 INFO tempest.lib.common.rest_client [req-709b9cd5-995f-449c-b46f-c898972d9717 req-709b9cd5-995f-449c-b46f-c898972d9717 ] Request (ServerActionsTestOtherA:setUpClass): 200 GET http://10.180.1.21/compute/v2.1/servers/a06e85bc-af77-404c-a50b-312dd60ae1c6 0.068s
2025-01-16 08:05:27.568 68537 INFO tempest.lib.common.rest_client [req-7fd2729d-567b-432b-bd62-b2eee3306de7 req-7fd2729d-567b-432b-bd62-b2eee3306de7 ] Request (DeleteServersAdminTestJSON:test_delete_server_while_in_error_state): 200 GET http://10.180.1.21/compute/v2.1/servers/8c17919f-3941-4f1b-84fd-bf30d64dceb0 0.112s
2025-01-16 08:05:27.578 68519 INFO tempest.lib.common.rest_client [req-cf6ba436-262b-4e24-915d-ce1ba5050d00 req-cf6ba436-262b-4e24-915d-ce1ba5050d00 ] Request (ServerAddressesNegativeTestJSON:setUpClass): 200 GET http://10.180.1.21/compute/v2.1/servers/a7fe6c49-4623-49a6-826d-37a2bb790206 0.053s
2025-01-16 08:05:27.667 68541 INFO tempest.lib.common.rest_client [req-8489895f-cba4-4d23-94c4-e3d06b523712 req-8489895f-cba4-4d23-94c4-e3d06b523712 ] Request (ServerActionsV293TestJSON:setUpClass): 200 GET http://10.180.1.21/compute/v2.1/servers/ff21fe8f-e07a-4781-b692-9f585afab706 0.063s
2025-01-16 08:05:27.699 68513 INFO tempest.lib.common.rest_client [req-0f7b771c-f71c-47be-ae75-9871f171a229 req-0f7b771c-f71c-47be-ae75-9871f171a229 ] Request (DeleteServersTestJSON:test_delete_server_while_in_attached_volume): 200 GET http://10.180.1.21/compute/v2.1/servers/fa966014-68a1-4418-828e-a0f28d90ddeb 0.050s
2025-01-16 08:05:27.749 68529 INFO tempest.lib.common.rest_client [req-79ad2366-4186-43e2-9ec7-1fa1fda8ccf3 req-79ad2366-4186-43e2-9ec7-1fa1fda8ccf3 ] Request (ServersTestJSON:setUpClass): 201 POST http://10.180.1.21:9696/networking/v2.0/routers 0.846s
2025-01-16 08:05:27.770 68509 INFO tempest.lib.common.rest_client [req-47385968-ac5a-443f-9f22-b952fd03bef5 req-47385968-ac5a-443f-9f22-b952fd03bef5 ] Request (FloatingIPsAssociationTestJSON:test_associate_already_associated_floating_ip): 200 GET http://10.180.1.21/compute/v2.1/servers/29473c85-120a-4c82-b22b-cff8d37e98cd 0.063s
2025-01-16 08:05:27.837 68501 INFO tempest.lib.common.rest_client [req-3270efca-2da7-4244-9045-aa3f1736b853 req-3270efca-2da7-4244-9045-aa3f1736b853 ] Request (ServersTestMultiNic:test_verify_duplicate_network_nics): 200 GET http://10.180.1.21/compute/v2.1/servers/5fd07b81-1348-4194-ab20-437cb5c61dfa 0.060s
2025-01-16 08:05:27.891 68521 INFO tempest.lib.common.rest_client [req-c8509253-bc2e-4881-8775-bf15ce042123 req-c8509253-bc2e-4881-8775-bf15ce042123 ] Request (AttachInterfacesUnderV243Test:test_add_remove_fixed_ip): 200 GET http://10.180.1.21/compute/v2.1/servers/84c5cb88-aad9-4b81-9dca-866ddcf0e8f5 0.061s
2025-01-16 08:05:27.955 68525 INFO tempest.lib.common.rest_client [req-6047439b-b8e7-490b-9914-4aa31db4ea99 req-6047439b-b8e7-490b-9914-4aa31db4ea99 ] Request (FloatingIPsAssociationNegativeTestJSON:tearDownClass): 200 GET http://10.180.1.21/compute/v2.1/servers/6ea23640-3ef0-4a2e-aa75-203c03edf386 0.108s
2025-01-16 08:05:28.011 68523 INFO tempest.lib.common.rest_client [req-d5a841a8-f9a5-47db-9669-49bc9e51f910 req-d5a841a8-f9a5-47db-9669-49bc9e51f910 ] Request (ServerActionsTestJSON:setUpClass): 200 GET http://10.180.1.21/compute/v2.1/servers/4bffe146-0b5f-4141-b83c-6974834803bd 0.128s
2025-01-16 08:05:28.070 68547 INFO tempest.lib.common.rest_client [req-84a46ad9-6914-4fc5-90b3-ecc31280d8a8 req-84a46ad9-6914-4fc5-90b3-ecc31280d8a8 ] Request (InstanceActionsNegativeTestJSON:setUpClass): 200 GET http://10.180.1.21/compute/v2.1/servers/9f269471-9c27-4479-9494-b67e41dd55e7 0.155s
2025-01-16 08:05:28.092 68497 INFO tempest.lib.common.rest_client [req-c64c5bde-c5c6-4270-a63a-632e3b796653 req-c64c5bde-c5c6-4270-a63a-632e3b796653 ] Request (ServersWithSpecificFlavorTestJSON:test_verify_created_server_ephemeral_disk): 200 GET http://10.180.1.21/compute/v2.1/servers/c1b0c88d-a23d-4b9d-91a8-adb25967c228 0.323s
2025-01-16 08:05:28.124 68485 INFO tempest.lib.common.rest_client [req-4d5f6693-540a-4339-9655-83c06b3d5d3b req-4d5f6693-540a-4339-9655-83c06b3d5d3b ] Request (ServerMetadataNegativeTestJSON:setUpClass): 200 GET http://10.180.1.21/compute/v2.1/servers/c4c302a7-9571-452c-a208-2fe2ef99aa6d 0.174s
2025-01-16 08:05:28.181 68489 INFO tempest.lib.common.rest_client [req-6b06e4b3-3e9b-4886-9d77-cb6002c27ec1 req-6b06e4b3-3e9b-4886-9d77-cb6002c27ec1 ] Request (InstanceActionsTestJSON:setUpClass): 200 GET http://10.180.1.21/compute/v2.1/servers/b4217ee8-62a6-4902-8dae-bfdad8eca7be 0.170s
2025-01-16 08:05:28.242 68505 INFO tempest.lib.common.rest_client [req-3ed5d871-e72b-4439-8529-0116358dd618 req-3ed5d871-e72b-4439-8529-0116358dd618 ] Request (MigrationsAdminTest:test_resize_server_revert_deleted_flavor): 200 GET http://10.180.1.21/compute/v2.1/servers/0a178974-018c-410a-a901-c9e984be8ebf 0.198s
2025-01-16 08:05:28.287 68491 INFO tempest.lib.common.rest_client [req-4d8589af-2153-46a9-b11c-9f9853c2c9ae req-4d8589af-2153-46a9-b11c-9f9853c2c9ae ] Request (TenantUsagesTestJSON:setUpClass): 200 GET http://10.180.1.21/compute/v2.1/servers/4af55a8c-1f23-4e72-a945-aff479b9c450 0.306s
2025-01-16 08:05:28.297 68491 INFO tempest.common.waiters [-] State transition "BUILD/None" ==> "BUILD/block_device_mapping" after 64 second wait
2025-01-16 08:05:28.310 68499 INFO tempest.lib.common.rest_client [req-be29cf92-c4a1-4458-ab15-064b3767ad7d req-be29cf92-c4a1-4458-ab15-064b3767ad7d ] Request (ServerRescueNegativeTestJSON:setUpClass): 200 GET http://10.180.1.21/compute/v2.1/servers/d1aecebc-401e-45ff-805e-c038722f4cad 0.231s
2025-01-16 08:05:28.361 68515 INFO tempest.lib.common.rest_client [req-bf09fdfa-f014-45b5-8c9d-1c53169629aa req-bf09fdfa-f014-45b5-8c9d-1c53169629aa ] Request (SecurityGroupsTestJSON:test_list_security_groups_by_server): 200 GET http://10.180.1.21/compute/v2.1/servers/72f4eeb0-6ad4-4628-9d92-399e8a2c1a56 0.221s
2025-01-16 08:05:28.372 68517 INFO tempest.lib.common.rest_client [req-9b3a22ce-2b2a-47f6-997c-3fe996b42165 req-9b3a22ce-2b2a-47f6-997c-3fe996b42165 ] Request (ServerDiagnosticsV248Test:test_get_server_diagnostics): 200 GET http://10.180.1.21/compute/v2.1/servers/d4d8221d-778d-43c5-acfe-84aaa2424b5a 0.175s
2025-01-16 08:05:28.425 68487 INFO tempest.lib.common.rest_client [req-f8f47d48-a01d-49b4-8380-5034b26721a4 req-f8f47d48-a01d-49b4-8380-5034b26721a4 ] Request (ServerPasswordTestJSON:setUpClass): 200 GET http://10.180.1.21/compute/v2.1/servers/36cf27ca-350f-480b-bba3-fb29db7f176f 0.178s
2025-01-16 08:05:28.428 68495 INFO tempest.lib.common.rest_client [req-8daa47bb-d0d3-4413-9c6f-5e132c066be0 req-8daa47bb-d0d3-4413-9c6f-5e132c066be0 ] Request (ServerDiskConfigTestJSON:test_rebuild_server_with_auto_disk_config): 200 GET http://10.180.1.21/compute/v2.1/servers/6dd6c113-8f6d-49a8-9323-ce390362a034 0.147s
2025-01-16 08:05:28.476 68531 INFO tempest.lib.common.rest_client [req-0e53af04-0205-4c1f-88f9-0f80da8db135 req-0e53af04-0205-4c1f-88f9-0f80da8db135 ] Request (ListServerFiltersTestJSON:setUpClass): 200 GET http://10.180.1.21/compute/v2.1/servers/68d9ebdd-312b-4823-99b4-01b3ff895561 0.178s
2025-01-16 08:05:28.497 68493 INFO tempest.lib.common.rest_client [req-7a0efabc-85b2-4ab3-840e-9c8e6de32afb req-7a0efabc-85b2-4ab3-840e-9c8e6de32afb ] Request (ServerTagsTestJSON:setUpClass): 200 GET http://10.180.1.21/compute/v2.1/servers/421efe71-8164-46e8-9a64-6dc12c366025 0.149s
2025-01-16 08:05:28.540 68543 INFO tempest.lib.common.rest_client [req-5adbff8e-ba82-4da5-90f8-71ba5fd8db61 req-5adbff8e-ba82-4da5-90f8-71ba5fd8db61 ] Request (ServersAdmin275Test:_run_cleanups): 200 GET http://10.180.1.21/compute/v2.1/servers/bfb2f00f-c783-4d47-ad28-3de6eff3f77a 0.192s
2025-01-16 08:05:28.565 68503 INFO tempest.lib.common.rest_client [req-0f6d9dc2-8794-4c08-8001-b27e49b7ab06 req-0f6d9dc2-8794-4c08-8001-b27e49b7ab06 ] Request (AttachInterfacesV270Test:test_create_get_list_interfaces): 200 GET http://10.180.1.21/compute/v2.1/servers/b6d3ef08-a9b2-49db-9404-aa68bc2139c1 0.166s
2025-01-16 08:05:28.596 68511 INFO tempest.lib.common.rest_client [req-292c592b-a402-4bae-8884-933876d101ff req-292c592b-a402-4bae-8884-933876d101ff ] Request (ServerDiagnosticsNegativeTest:test_get_server_diagnostics_by_non_admin): 200 GET http://10.180.1.21/compute/v2.1/servers/b95d2abb-6ac4-4f1c-8dad-ee39c0f27d98 0.156s
2025-01-16 08:05:28.608 68535 INFO tempest.lib.common.rest_client [req-293bce7d-ab90-46fa-80fb-550fb5a71705 req-293bce7d-ab90-46fa-80fb-550fb5a71705 ] Request (ListImageFiltersTestJSON:setUpClass): 200 GET http://10.180.1.21/compute/v2.1/images/f2e9b3e6-4fea-497c-bfea-b3eccbf8a259 0.137s
2025-01-16 08:05:28.675 68507 INFO tempest.lib.common.rest_client [req-9591ac3f-16ad-4a75-b22a-93a51c7f9aba req-9591ac3f-16ad-4a75-b22a-93a51c7f9aba ] Request (ServersTestJSON:test_create_server_specify_multibyte_character_name): 200 GET http://10.180.1.21/compute/v2.1/servers/d5839caf-2cfa-42ae-84f4-145f5ae614a0 0.147s
2025-01-16 08:05:28.701 68533 INFO tempest.lib.common.rest_client [req-41155b1b-e0a5-4124-bd86-8db95d0f3c20 req-41155b1b-e0a5-4124-bd86-8db95d0f3c20 ] Request (ListServersNegativeTestJSON:setUpClass): 200 GET http://10.180.1.21/compute/v2.1/servers/55374085-f0cc-45b1-8f65-3559902cc838 0.218s
2025-01-16 08:05:28.708 68533 INFO tempest.common.waiters [-] State transition "BUILD/spawning" ==> "ACTIVE/None" after 63 second wait
2025-01-16 08:05:28.727 68545 INFO tempest.lib.common.rest_client [req-00725d3e-5229-4760-8f6f-3e1c28b296df req-00725d3e-5229-4760-8f6f-3e1c28b296df ] Request (ServerActionsTestOtherA:setUpClass): 200 GET http://10.180.1.21/compute/v2.1/servers/a06e85bc-af77-404c-a50b-312dd60ae1c6 0.198s
2025-01-16 08:05:28.757 68537 INFO tempest.lib.common.rest_client [req-285abdcb-5107-4a35-93ba-83a19ade48ac req-285abdcb-5107-4a35-93ba-83a19ade48ac ] Request (DeleteServersAdminTestJSON:test_delete_server_while_in_error_state): 200 GET http://10.180.1.21/compute/v2.1/servers/8c17919f-3941-4f1b-84fd-bf30d64dceb0 0.173s
2025-01-16 08:05:28.800 68519 INFO tempest.lib.common.rest_client [req-d507bc95-7040-4a54-8151-761387e35054 req-d507bc95-7040-4a54-8151-761387e35054 ] Request (ServerAddressesNegativeTestJSON:setUpClass): 200 GET http://10.180.1.21/compute/v2.1/servers/a7fe6c49-4623-49a6-826d-37a2bb790206 0.213s
2025-01-16 08:05:28.820 68541 INFO tempest.lib.common.rest_client [req-793bb7a8-0228-4eaf-bdbe-461f50839448 req-793bb7a8-0228-4eaf-bdbe-461f50839448 ] Request (ServerActionsV293TestJSON:setUpClass): 200 GET http://10.180.1.21/compute/v2.1/servers/ff21fe8f-e07a-4781-b692-9f585afab706 0.142s
2025-01-16 08:05:28.875 68513 INFO tempest.lib.common.rest_client [req-387f3997-34d9-4efa-a8a6-4b8bed149e91 req-387f3997-34d9-4efa-a8a6-4b8bed149e91 ] Request (DeleteServersTestJSON:test_delete_server_while_in_attached_volume): 200 GET http://10.180.1.21/compute/v2.1/servers/fa966014-68a1-4418-828e-a0f28d90ddeb 0.165s
2025-01-16 08:05:28.930 68509 INFO tempest.lib.common.rest_client [req-e9a33008-da5d-4b54-bf3b-0e1f40ad0ebe req-e9a33008-da5d-4b54-bf3b-0e1f40ad0ebe ] Request (FloatingIPsAssociationTestJSON:test_associate_already_associated_floating_ip): 200 GET http://10.180.1.21/compute/v2.1/servers/29473c85-120a-4c82-b22b-cff8d37e98cd 0.149s
2025-01-16 08:05:28.933 68533 INFO tempest.lib.common.rest_client [req-5fe29d0e-158a-4ca7-880f-771d721ac55a req-5fe29d0e-158a-4ca7-880f-771d721ac55a ] Request (ListServersNegativeTestJSON:setUpClass): 200 GET http://10.180.1.21/compute/v2.1/servers/a5ca1f63-615e-40c5-a6a1-9fa30f578fc6 0.223s
2025-01-16 08:05:28.992 68521 INFO tempest.lib.common.rest_client [req-996e9b41-d8c1-488c-a039-5abb57c42b73 req-996e9b41-d8c1-488c-a039-5abb57c42b73 ] Request (AttachInterfacesUnderV243Test:test_add_remove_fixed_ip): 200 GET http://10.180.1.21/compute/v2.1/servers/84c5cb88-aad9-4b81-9dca-866ddcf0e8f5 0.093s
2025-01-16 08:05:28.993 68501 INFO tempest.lib.common.rest_client [req-9e343067-e13d-4be8-84e1-21b9a38f5796 req-9e343067-e13d-4be8-84e1-21b9a38f5796 ] Request (ServersTestMultiNic:test_verify_duplicate_network_nics): 200 GET http://10.180.1.21/compute/v2.1/servers/5fd07b81-1348-4194-ab20-437cb5c61dfa 0.147s
2025-01-16 08:05:29.071 68525 INFO tempest.lib.common.rest_client [req-4f7a60de-74cc-4d01-bffd-79d9b13d86e0 req-4f7a60de-74cc-4d01-bffd-79d9b13d86e0 ] Request (FloatingIPsAssociationNegativeTestJSON:tearDownClass): 200 GET http://10.180.1.21/compute/v2.1/servers/6ea23640-3ef0-4a2e-aa75-203c03edf386 0.106s
2025-01-16 08:05:29.084 68523 INFO tempest.lib.common.rest_client [req-6e9d02b7-9c45-4e18-8a9e-b034f0505084 req-6e9d02b7-9c45-4e18-8a9e-b034f0505084 ] Request (ServerActionsTestJSON:setUpClass): 200 GET http://10.180.1.21/compute/v2.1/servers/4bffe146-0b5f-4141-b83c-6974834803bd 0.063s
2025-01-16 08:05:29.144 68547 INFO tempest.lib.common.rest_client [req-bb62909f-85b3-47db-b444-0053d09b3eea req-bb62909f-85b3-47db-b444-0053d09b3eea ] Request (InstanceActionsNegativeTestJSON:setUpClass): 200 GET http://10.180.1.21/compute/v2.1/servers/9f269471-9c27-4479-9494-b67e41dd55e7 0.065s
2025-01-16 08:05:29.183 68529 INFO tempest.lib.common.rest_client [req-6319d880-dfea-4447-bae7-09fe6adfbd1b req-6319d880-dfea-4447-bae7-09fe6adfbd1b ] Request (ServersTestJSON:setUpClass): 200 PUT http://10.180.1.21:9696/networking/v2.0/routers/6a579d75-a882-4b70-976a-9b50b0391aa7/add_router_interface 1.433s
2025-01-16 08:05:29.183 68529 INFO tempest.lib.common.dynamic_creds [-] Created isolated network resources for: credentials: Credentials: {'domain_id': 'default', 'domain_name': 'Default', 'username': 'tempest-ServersTestJSON-854212438-project-member', 'project_domain_id': 'default', 'project_domain_name': 'Default', 'project_id': 'e682a618661f4d75af0e21ee4fa9ddfe', 'project_name': 'tempest-ServersTestJSON-854212438', 'tenant_id': 'e682a618661f4d75af0e21ee4fa9ddfe', 'tenant_name': 'tempest-ServersTestJSON-854212438', 'user_domain_id': 'default', 'user_domain_name': 'Default', 'user_id': '1b1ba1a1f4024c619bff5040c7b511f1', 'system': None}, Network: {'id': 'a28683aa-4018-42bb-90b0-8f4820e0a3e2', 'name': 'tempest-ServersTestJSON-1568828468-network', 'tenant_id': 'e682a618661f4d75af0e21ee4fa9ddfe', 'admin_state_up': True, 'mtu': 8950, 'status': 'ACTIVE', 'subnets': [], 'shared': False, 'project_id': 'e682a618661f4d75af0e21ee4fa9ddfe', 'port_security_enabled': True, 'router:external': False, 'provider:network_type': 'vlan', 'provider:physical_network': 'default', 'provider:segmentation_id': 388, 'availability_zone_hints': [], 'availability_zones': [], 'ipv4_address_scope': None, 'ipv6_address_scope': None, 'description': '', 'tags': [], 'created_at': '2025-01-16T08:05:26Z', 'updated_at': '2025-01-16T08:05:26Z', 'revision_number': 1}, Subnet: {'id': 'dec21fcf-8451-4996-9763-baec9146399d', 'name': 'tempest-ServersTestJSON-1568828468-subnet', 'tenant_id': 'e682a618661f4d75af0e21ee4fa9ddfe', 'network_id': 'a28683aa-4018-42bb-90b0-8f4820e0a3e2', 'ip_version': 4, 'subnetpool_id': None, 'enable_dhcp': True, 'ipv6_ra_mode': None, 'ipv6_address_mode': None, 'gateway_ip': '192.168.128.1', 'cidr': '192.168.128.0/28', 'allocation_pools': [{'start': '192.168.128.2', 'end': '192.168.128.14'}], 'host_routes': [], 'dns_nameservers': [], 'description': '', 'router:external': False, 'service_types': [], 'tags': [], 'created_at': '2025-01-16T08:05:26Z', 'updated_at': '2025-01-16T08:05:26Z', 'revision_number': 0, 'project_id': 'e682a618661f4d75af0e21ee4fa9ddfe'}, Router: {'id': '6a579d75-a882-4b70-976a-9b50b0391aa7', 'name': 'tempest-ServersTestJSON-1568828468-router', 'tenant_id': 'e682a618661f4d75af0e21ee4fa9ddfe', 'admin_state_up': True, 'status': 'ACTIVE', 'external_gateway_info': {'network_id': '132749ba-fdf1-47d6-b9a8-5e375921d591', 'external_fixed_ips': [{'subnet_id': '8b59a08d-2884-4c76-9cc5-9376354618af', 'ip_address': '10.180.180.182'}], 'enable_snat': True}, 'description': '', 'availability_zones': [], 'distributed': False, 'ha': False, 'availability_zone_hints': [], 'routes': [], 'flavor_id': None, 'tags': [], 'created_at': '2025-01-16T08:05:26Z', 'updated_at': '2025-01-16T08:05:27Z', 'revision_number': 2, 'project_id': 'e682a618661f4d75af0e21ee4fa9ddfe'}
2025-01-16 08:05:29.203 68485 INFO tempest.lib.common.rest_client [req-34e18fa7-f5b4-4ab3-b76f-e035b6605705 req-34e18fa7-f5b4-4ab3-b76f-e035b6605705 ] Request (ServerMetadataNegativeTestJSON:setUpClass): 200 GET http://10.180.1.21/compute/v2.1/servers/c4c302a7-9571-452c-a208-2fe2ef99aa6d 0.069s
2025-01-16 08:05:29.240 68497 INFO tempest.lib.common.rest_client [req-e1577bc6-5711-4821-be3e-08fa89558df8 req-e1577bc6-5711-4821-be3e-08fa89558df8 ] Request (ServersWithSpecificFlavorTestJSON:test_verify_created_server_ephemeral_disk): 200 GET http://10.180.1.21/compute/v2.1/servers/c1b0c88d-a23d-4b9d-91a8-adb25967c228 0.140s
2025-01-16 08:05:29.270 68489 INFO tempest.lib.common.rest_client [req-360e558f-8103-4bcc-9c97-b9e6e411992f req-360e558f-8103-4bcc-9c97-b9e6e411992f ] Request (InstanceActionsTestJSON:setUpClass): 200 GET http://10.180.1.21/compute/v2.1/servers/b4217ee8-62a6-4902-8dae-bfdad8eca7be 0.078s
2025-01-16 08:05:29.308 68529 INFO tempest.lib.common.rest_client [req-62283021-adc0-4872-ac24-6a1aada2cc22 req-62283021-adc0-4872-ac24-6a1aada2cc22 ] Request (ServersTestJSON:setUpClass): 201 POST http://10.180.1.21/identity/v3/auth/tokens 0.119s
2025-01-16 08:05:29.325 68505 INFO tempest.lib.common.rest_client [req-3fd77cac-60bb-4ccf-86fa-be38f88bfe42 req-3fd77cac-60bb-4ccf-86fa-be38f88bfe42 ] Request (MigrationsAdminTest:test_resize_server_revert_deleted_flavor): 200 GET http://10.180.1.21/compute/v2.1/servers/0a178974-018c-410a-a901-c9e984be8ebf 0.070s
2025-01-16 08:05:29.435 68529 INFO tempest.lib.common.rest_client [req-17fde905-8c8b-4d98-81d7-adbd3dbfe9f7 req-17fde905-8c8b-4d98-81d7-adbd3dbfe9f7 ] Request (ServersTestJSON:setUpClass): 200 POST http://10.180.1.21/compute/v2.1/os-keypairs 0.125s
2025-01-16 08:05:29.491 68499 INFO tempest.lib.common.rest_client [req-a6d1ca54-731c-411e-81a0-3bbc6cbf76b4 req-a6d1ca54-731c-411e-81a0-3bbc6cbf76b4 ] Request (ServerRescueNegativeTestJSON:setUpClass): 200 GET http://10.180.1.21/compute/v2.1/servers/d1aecebc-401e-45ff-805e-c038722f4cad 0.167s
2025-01-16 08:05:29.550 68491 INFO tempest.lib.common.rest_client [req-ab8d0d77-c4f1-4b26-9617-576e33b5e52d req-ab8d0d77-c4f1-4b26-9617-576e33b5e52d ] Request (TenantUsagesTestJSON:setUpClass): 200 GET http://10.180.1.21/compute/v2.1/servers/4af55a8c-1f23-4e72-a945-aff479b9c450 0.250s
2025-01-16 08:05:29.554 68515 INFO tempest.lib.common.rest_client [req-9be2df78-27f4-43b2-ac47-49bd419508e0 req-9be2df78-27f4-43b2-ac47-49bd419508e0 ] Request (SecurityGroupsTestJSON:test_list_security_groups_by_server): 200 GET http://10.180.1.21/compute/v2.1/servers/72f4eeb0-6ad4-4628-9d92-399e8a2c1a56 0.181s
2025-01-16 08:05:29.558 68491 INFO tempest.common.waiters [-] State transition "BUILD/block_device_mapping" ==> "BUILD/spawning" after 65 second wait
2025-01-16 08:05:29.617 68495 INFO tempest.lib.common.rest_client [req-3bffcf2d-5917-495f-a662-3d04b1d119aa req-3bffcf2d-5917-495f-a662-3d04b1d119aa ] Request (ServerDiskConfigTestJSON:test_rebuild_server_with_auto_disk_config): 200 GET http://10.180.1.21/compute/v2.1/servers/6dd6c113-8f6d-49a8-9323-ce390362a034 0.179s
2025-01-16 08:05:29.634 68517 INFO tempest.lib.common.rest_client [req-606acb08-99cf-4186-86f9-e499421a1e67 req-606acb08-99cf-4186-86f9-e499421a1e67 ] Request (ServerDiagnosticsV248Test:test_get_server_diagnostics): 200 GET http://10.180.1.21/compute/v2.1/servers/d4d8221d-778d-43c5-acfe-84aaa2424b5a 0.244s
2025-01-16 08:05:29.690 68539 WARNING tempest.lib.common.ssh [-] Failed to establish authenticated ssh connection to cirros@10.180.180.232 ([Errno None] Unable to connect to port 22 on 10.180.180.232). Number attempts: 1. Retry after 2 seconds.: paramiko.ssh_exception.NoValidConnectionsError: [Errno None] Unable to connect to port 22 on 10.180.180.232
2025-01-16 08:05:29.696 68529 INFO tempest.lib.common.rest_client [req-b7e06153-2ca9-4876-9399-65feb205a0ff req-b7e06153-2ca9-4876-9399-65feb205a0ff ] Request (ServersTestJSON:setUpClass): 201 POST http://10.180.1.21:9696/networking/v2.0/security-groups 0.259s
2025-01-16 08:05:29.700 68487 INFO tempest.lib.common.rest_client [req-7b8dcd3c-afd2-4e8d-908e-10b81741c7ae req-7b8dcd3c-afd2-4e8d-908e-10b81741c7ae ] Request (ServerPasswordTestJSON:setUpClass): 200 GET http://10.180.1.21/compute/v2.1/servers/36cf27ca-350f-480b-bba3-fb29db7f176f 0.261s
2025-01-16 08:05:29.704 68531 INFO tempest.lib.common.rest_client [req-39041730-1d6d-4af8-b1d5-3e6dc54416d3 req-39041730-1d6d-4af8-b1d5-3e6dc54416d3 ] Request (ListServerFiltersTestJSON:setUpClass): 200 GET http://10.180.1.21/compute/v2.1/servers/68d9ebdd-312b-4823-99b4-01b3ff895561 0.221s
2025-01-16 08:05:29.769 68493 INFO tempest.lib.common.rest_client [req-b3304f9f-aee0-417d-bb3a-81e3a6e91ac1 req-b3304f9f-aee0-417d-bb3a-81e3a6e91ac1 ] Request (ServerTagsTestJSON:setUpClass): 200 GET http://10.180.1.21/compute/v2.1/servers/421efe71-8164-46e8-9a64-6dc12c366025 0.262s
2025-01-16 08:05:29.790 68543 INFO tempest.lib.common.rest_client [req-5b0c1cbc-f27b-43c8-b817-3cec3166b4ca req-5b0c1cbc-f27b-43c8-b817-3cec3166b4ca ] Request (ServersAdmin275Test:_run_cleanups): 200 GET http://10.180.1.21/compute/v2.1/servers/bfb2f00f-c783-4d47-ad28-3de6eff3f77a 0.230s
2025-01-16 08:05:29.846 68503 INFO tempest.lib.common.rest_client [req-a6fe6da8-8a7d-4160-b35d-5766ebbd4651 req-a6fe6da8-8a7d-4160-b35d-5766ebbd4651 ] Request (AttachInterfacesV270Test:test_create_get_list_interfaces): 200 GET http://10.180.1.21/compute/v2.1/servers/b6d3ef08-a9b2-49db-9404-aa68bc2139c1 0.266s
2025-01-16 08:05:29.847 68511 INFO tempest.lib.common.rest_client [req-78935b53-718e-4654-b08a-c7b2d1ef3a67 req-78935b53-718e-4654-b08a-c7b2d1ef3a67 ] Request (ServerDiagnosticsNegativeTest:test_get_server_diagnostics_by_non_admin): 200 GET http://10.180.1.21/compute/v2.1/servers/b95d2abb-6ac4-4f1c-8dad-ee39c0f27d98 0.240s
2025-01-16 08:05:29.855 68511 INFO tempest.common.waiters [-] State transition "BUILD/scheduling" ==> "BUILD/None" after 47 second wait
2025-01-16 08:05:29.882 68535 INFO tempest.lib.common.rest_client [req-c6c1e9d0-e871-4316-93e8-6a938f36e864 req-c6c1e9d0-e871-4316-93e8-6a938f36e864 ] Request (ListImageFiltersTestJSON:setUpClass): 200 GET http://10.180.1.21/compute/v2.1/images/f2e9b3e6-4fea-497c-bfea-b3eccbf8a259 0.270s
2025-01-16 08:05:29.898 68529 INFO tempest.lib.common.rest_client [req-86de2c88-3065-4748-8901-65e5495a3817 req-86de2c88-3065-4748-8901-65e5495a3817 ] Request (ServersTestJSON:setUpClass): 201 POST http://10.180.1.21:9696/networking/v2.0/security-group-rules 0.202s
2025-01-16 08:05:29.904 68507 INFO tempest.lib.common.rest_client [req-a06afaed-6bb0-470a-b06c-2cbf26811cf5 req-a06afaed-6bb0-470a-b06c-2cbf26811cf5 ] Request (ServersTestJSON:test_create_server_specify_multibyte_character_name): 200 GET http://10.180.1.21/compute/v2.1/servers/d5839caf-2cfa-42ae-84f4-145f5ae614a0 0.219s
2025-01-16 08:05:29.949 68537 INFO tempest.lib.common.rest_client [req-2066c027-fdc3-4cbc-80cb-3de0c4f0227e req-2066c027-fdc3-4cbc-80cb-3de0c4f0227e ] Request (DeleteServersAdminTestJSON:test_delete_server_while_in_error_state): 200 GET http://10.180.1.21/compute/v2.1/servers/8c17919f-3941-4f1b-84fd-bf30d64dceb0 0.183s
2025-01-16 08:05:29.953 68545 INFO tempest.lib.common.rest_client [req-48ca39e6-c3b4-401b-a420-9038d20a76c8 req-48ca39e6-c3b4-401b-a420-9038d20a76c8 ] Request (ServerActionsTestOtherA:setUpClass): 200 GET http://10.180.1.21/compute/v2.1/servers/a06e85bc-af77-404c-a50b-312dd60ae1c6 0.215s
2025-01-16 08:05:29.956 68537 INFO tempest.common.waiters [-] State transition "BUILD/None" ==> "BUILD/networking" after 64 second wait
2025-01-16 08:05:30.003 68519 INFO tempest.lib.common.rest_client [req-60bec05d-dd8e-4901-b15f-9930d9fc98ba req-60bec05d-dd8e-4901-b15f-9930d9fc98ba ] Request (ServerAddressesNegativeTestJSON:setUpClass): 200 GET http://10.180.1.21/compute/v2.1/servers/a7fe6c49-4623-49a6-826d-37a2bb790206 0.188s
2025-01-16 08:05:30.019 68541 INFO tempest.lib.common.rest_client [req-47e10615-662b-48b0-bb7b-350fb85bc429 req-47e10615-662b-48b0-bb7b-350fb85bc429 ] Request (ServerActionsV293TestJSON:setUpClass): 200 GET http://10.180.1.21/compute/v2.1/servers/ff21fe8f-e07a-4781-b692-9f585afab706 0.189s
2025-01-16 08:05:30.058 68513 INFO tempest.lib.common.rest_client [req-aaa88ef1-9c7e-431c-b77c-0734776d0796 req-aaa88ef1-9c7e-431c-b77c-0734776d0796 ] Request (DeleteServersTestJSON:test_delete_server_while_in_attached_volume): 200 GET http://10.180.1.21/compute/v2.1/servers/fa966014-68a1-4418-828e-a0f28d90ddeb 0.168s
2025-01-16 08:05:30.074 68509 INFO tempest.lib.common.rest_client [req-a5ec6921-a2c8-4297-84c7-923c08cc14a8 req-a5ec6921-a2c8-4297-84c7-923c08cc14a8 ] Request (FloatingIPsAssociationTestJSON:test_associate_already_associated_floating_ip): 200 GET http://10.180.1.21/compute/v2.1/servers/29473c85-120a-4c82-b22b-cff8d37e98cd 0.136s
2025-01-16 08:05:30.082 68529 INFO tempest.lib.common.rest_client [req-6084242a-a81f-45d3-8fbb-251c5be742aa req-6084242a-a81f-45d3-8fbb-251c5be742aa ] Request (ServersTestJSON:setUpClass): 201 POST http://10.180.1.21:9696/networking/v2.0/security-group-rules 0.184s
2025-01-16 08:05:30.127 68521 INFO tempest.lib.common.rest_client [req-afd7e242-8dbb-487a-b858-76581a7287b0 req-afd7e242-8dbb-487a-b858-76581a7287b0 ] Request (AttachInterfacesUnderV243Test:test_add_remove_fixed_ip): 200 GET http://10.180.1.21/compute/v2.1/servers/84c5cb88-aad9-4b81-9dca-866ddcf0e8f5 0.126s
2025-01-16 08:05:30.178 68501 INFO tempest.lib.common.rest_client [req-92704af9-cd54-430c-a3d4-2c5e3ae408ba req-92704af9-cd54-430c-a3d4-2c5e3ae408ba ] Request (ServersTestMultiNic:test_verify_duplicate_network_nics): 200 GET http://10.180.1.21/compute/v2.1/servers/5fd07b81-1348-4194-ab20-437cb5c61dfa 0.176s
2025-01-16 08:05:30.239 68525 INFO tempest.lib.common.rest_client [req-13afb50b-86a7-4212-ac6d-32eec9f3d5b6 req-13afb50b-86a7-4212-ac6d-32eec9f3d5b6 ] Request (FloatingIPsAssociationNegativeTestJSON:tearDownClass): 200 GET http://10.180.1.21/compute/v2.1/servers/6ea23640-3ef0-4a2e-aa75-203c03edf386 0.159s
2025-01-16 08:05:30.255 68533 INFO tempest.lib.common.rest_client [req-ebf9a5ff-e35e-4cc7-98b4-10f7585130cc req-ebf9a5ff-e35e-4cc7-98b4-10f7585130cc ] Request (ListServersNegativeTestJSON:setUpClass): 200 GET http://10.180.1.21/compute/v2.1/servers/a5ca1f63-615e-40c5-a6a1-9fa30f578fc6 0.311s
2025-01-16 08:05:30.268 68533 INFO tempest.common.waiters [-] State transition "BUILD/spawning" ==> "ACTIVE/None" after 2 second wait
2025-01-16 08:05:30.297 68523 INFO tempest.lib.common.rest_client [req-4999537b-fdb1-45a1-ba38-8aacc5d556c3 req-4999537b-fdb1-45a1-ba38-8aacc5d556c3 ] Request (ServerActionsTestJSON:setUpClass): 200 GET http://10.180.1.21/compute/v2.1/servers/4bffe146-0b5f-4141-b83c-6974834803bd 0.202s
2025-01-16 08:05:30.315 68547 INFO tempest.lib.common.rest_client [req-a53306a2-b64c-4694-8617-9ceccd2b0764 req-a53306a2-b64c-4694-8617-9ceccd2b0764 ] Request (InstanceActionsNegativeTestJSON:setUpClass): 200 GET http://10.180.1.21/compute/v2.1/servers/9f269471-9c27-4479-9494-b67e41dd55e7 0.157s
2025-01-16 08:05:30.390 68485 INFO tempest.lib.common.rest_client [req-33327647-ed52-45b7-88a5-7603a9c84fc5 req-33327647-ed52-45b7-88a5-7603a9c84fc5 ] Request (ServerMetadataNegativeTestJSON:setUpClass): 200 GET http://10.180.1.21/compute/v2.1/servers/c4c302a7-9571-452c-a208-2fe2ef99aa6d 0.170s
2025-01-16 08:05:30.472 68497 INFO tempest.lib.common.rest_client [req-6ec3447c-7818-4e91-a8bc-5511615e18ad req-6ec3447c-7818-4e91-a8bc-5511615e18ad ] Request (ServersWithSpecificFlavorTestJSON:test_verify_created_server_ephemeral_disk): 200 GET http://10.180.1.21/compute/v2.1/servers/c1b0c88d-a23d-4b9d-91a8-adb25967c228 0.222s
2025-01-16 08:05:30.531 68489 INFO tempest.lib.common.rest_client [req-d943aa9d-416d-4af4-bb44-d6614c3e4036 req-d943aa9d-416d-4af4-bb44-d6614c3e4036 ] Request (InstanceActionsTestJSON:setUpClass): 200 GET http://10.180.1.21/compute/v2.1/servers/b4217ee8-62a6-4902-8dae-bfdad8eca7be 0.253s
2025-01-16 08:05:30.577 68533 INFO tempest.lib.common.rest_client [req-41c8db99-d51e-4bac-b33e-fdf7c571e74c req-41c8db99-d51e-4bac-b33e-fdf7c571e74c ] Request (ListServersNegativeTestJSON:setUpClass): 200 GET http://10.180.1.21/compute/v2.1/servers/f3aecbb2-c186-41c8-9aaa-d5adda951718 0.308s
2025-01-16 08:05:30.594 68505 INFO tempest.lib.common.rest_client [req-0a355f04-15ad-40b8-bce0-110f1fc87622 req-0a355f04-15ad-40b8-bce0-110f1fc87622 ] Request (MigrationsAdminTest:test_resize_server_revert_deleted_flavor): 200 GET http://10.180.1.21/compute/v2.1/servers/0a178974-018c-410a-a901-c9e984be8ebf 0.259s
2025-01-16 08:05:30.636 68499 INFO tempest.lib.common.rest_client [req-05fa3381-6e69-42ee-931a-56b8fbbc8bc2 req-05fa3381-6e69-42ee-931a-56b8fbbc8bc2 ] Request (ServerRescueNegativeTestJSON:setUpClass): 200 GET http://10.180.1.21/compute/v2.1/servers/d1aecebc-401e-45ff-805e-c038722f4cad 0.138s
2025-01-16 08:05:30.716 68515 INFO tempest.lib.common.rest_client [req-7acc13db-9ca3-4c78-ac00-9a1178d1b84b req-7acc13db-9ca3-4c78-ac00-9a1178d1b84b ] Request (SecurityGroupsTestJSON:test_list_security_groups_by_server): 200 GET http://10.180.1.21/compute/v2.1/servers/72f4eeb0-6ad4-4628-9d92-399e8a2c1a56 0.154s
2025-01-16 08:05:30.720 68529 INFO tempest.lib.common.rest_client [req-e60d9f0a-79a2-459c-9dc7-b5c2f84f15f7 req-e60d9f0a-79a2-459c-9dc7-b5c2f84f15f7 ] Request (ServersTestJSON:setUpClass): 201 POST http://10.180.1.21:9696/networking/v2.0/floatingips 0.633s
2025-01-16 08:05:30.725 68491 INFO tempest.lib.common.rest_client [req-33d49f28-c9ca-4bf1-9cb7-c901eaacaca7 req-33d49f28-c9ca-4bf1-9cb7-c901eaacaca7 ] Request (TenantUsagesTestJSON:setUpClass): 200 GET http://10.180.1.21/compute/v2.1/servers/4af55a8c-1f23-4e72-a945-aff479b9c450 0.166s
2025-01-16 08:05:30.776 68529 INFO tempest.lib.common.rest_client [req-93de8e27-961a-4f38-a1e9-3d00a513a222 req-93de8e27-961a-4f38-a1e9-3d00a513a222 ] Request (ServersTestJSON:setUpClass): 201 POST http://10.180.1.21/identity/v3/auth/tokens 0.047s
2025-01-16 08:05:30.776 68529 INFO tempest.lib.common.fixed_network [-] (ServersTestJSON:setUpClass) Found network {'id': 'a28683aa-4018-42bb-90b0-8f4820e0a3e2', 'name': 'tempest-ServersTestJSON-1568828468-network', 'tenant_id': 'e682a618661f4d75af0e21ee4fa9ddfe', 'admin_state_up': True, 'mtu': 8950, 'status': 'ACTIVE', 'subnets': [], 'shared': False, 'project_id': 'e682a618661f4d75af0e21ee4fa9ddfe', 'port_security_enabled': True, 'router:external': False, 'provider:network_type': 'vlan', 'provider:physical_network': 'default', 'provider:segmentation_id': 388, 'availability_zone_hints': [], 'availability_zones': [], 'ipv4_address_scope': None, 'ipv6_address_scope': None, 'description': '', 'tags': [], 'created_at': '2025-01-16T08:05:26Z', 'updated_at': '2025-01-16T08:05:26Z', 'revision_number': 1} available for tenant
2025-01-16 08:05:30.781 68495 INFO tempest.lib.common.rest_client [req-eee1077f-ddc1-473d-9135-da056604ae64 req-eee1077f-ddc1-473d-9135-da056604ae64 ] Request (ServerDiskConfigTestJSON:test_rebuild_server_with_auto_disk_config): 200 GET http://10.180.1.21/compute/v2.1/servers/6dd6c113-8f6d-49a8-9323-ce390362a034 0.147s
2025-01-16 08:05:30.791 68517 INFO tempest.lib.common.rest_client [req-056a8da4-311b-4a25-9c0a-ab34fb9ce4c2 req-056a8da4-311b-4a25-9c0a-ab34fb9ce4c2 ] Request (ServerDiagnosticsV248Test:test_get_server_diagnostics): 200 GET http://10.180.1.21/compute/v2.1/servers/d4d8221d-778d-43c5-acfe-84aaa2424b5a 0.145s
2025-01-16 08:05:30.835 68531 INFO tempest.lib.common.rest_client [req-83c90f8f-9bfd-49ae-93b5-aaf21f4191e5 req-83c90f8f-9bfd-49ae-93b5-aaf21f4191e5 ] Request (ListServerFiltersTestJSON:setUpClass): 200 GET http://10.180.1.21/compute/v2.1/servers/68d9ebdd-312b-4823-99b4-01b3ff895561 0.119s
2025-01-16 08:05:30.856 68487 INFO tempest.lib.common.rest_client [req-2de2ef0d-83a9-47e6-9981-9cae9e5f336f req-2de2ef0d-83a9-47e6-9981-9cae9e5f336f ] Request (ServerPasswordTestJSON:setUpClass): 200 GET http://10.180.1.21/compute/v2.1/servers/36cf27ca-350f-480b-bba3-fb29db7f176f 0.147s
2025-01-16 08:05:30.924 68493 INFO tempest.lib.common.rest_client [req-19e11352-ace4-4e77-a7f9-6eaa669916c2 req-19e11352-ace4-4e77-a7f9-6eaa669916c2 ] Request (ServerTagsTestJSON:setUpClass): 200 GET http://10.180.1.21/compute/v2.1/servers/421efe71-8164-46e8-9a64-6dc12c366025 0.144s
2025-01-16 08:05:30.986 68543 INFO tempest.lib.common.rest_client [req-8d824fae-c2a0-4765-a928-7a2e27003052 req-8d824fae-c2a0-4765-a928-7a2e27003052 ] Request (ServersAdmin275Test:_run_cleanups): 200 GET http://10.180.1.21/compute/v2.1/servers/bfb2f00f-c783-4d47-ad28-3de6eff3f77a 0.177s
2025-01-16 08:05:31.039 68511 INFO tempest.lib.common.rest_client [req-0bf961ea-325e-48be-af13-4f3cd7109c5d req-0bf961ea-325e-48be-af13-4f3cd7109c5d ] Request (ServerDiagnosticsNegativeTest:test_get_server_diagnostics_by_non_admin): 200 GET http://10.180.1.21/compute/v2.1/servers/b95d2abb-6ac4-4f1c-8dad-ee39c0f27d98 0.183s
2025-01-16 08:05:31.091 68503 INFO tempest.lib.common.rest_client [req-93181ff1-e5c3-4fe6-84dc-a7b8b698f77a req-93181ff1-e5c3-4fe6-84dc-a7b8b698f77a ] Request (AttachInterfacesV270Test:test_create_get_list_interfaces): 200 GET http://10.180.1.21/compute/v2.1/servers/b6d3ef08-a9b2-49db-9404-aa68bc2139c1 0.235s
2025-01-16 08:05:31.132 68535 INFO tempest.lib.common.rest_client [req-b84546c0-1228-4307-ab84-e72c2b23c56d req-b84546c0-1228-4307-ab84-e72c2b23c56d ] Request (ListImageFiltersTestJSON:setUpClass): 200 GET http://10.180.1.21/compute/v2.1/images/f2e9b3e6-4fea-497c-bfea-b3eccbf8a259 0.244s
2025-01-16 08:05:31.179 68507 INFO tempest.lib.common.rest_client [req-dd94f5ba-4762-422c-a561-625c893ef1aa req-dd94f5ba-4762-422c-a561-625c893ef1aa ] Request (ServersTestJSON:test_create_server_specify_multibyte_character_name): 200 GET http://10.180.1.21/compute/v2.1/servers/d5839caf-2cfa-42ae-84f4-145f5ae614a0 0.263s
2025-01-16 08:05:31.293 68537 INFO tempest.lib.common.rest_client [req-c38e9d73-d41f-41f8-85bc-334eb3b18a70 req-c38e9d73-d41f-41f8-85bc-334eb3b18a70 ] Request (DeleteServersAdminTestJSON:test_delete_server_while_in_error_state): 200 GET http://10.180.1.21/compute/v2.1/servers/8c17919f-3941-4f1b-84fd-bf30d64dceb0 0.336s
2025-01-16 08:05:31.301 68537 INFO tempest.common.waiters [-] State transition "BUILD/networking" ==> "BUILD/block_device_mapping" after 66 second wait
2025-01-16 08:05:31.343 68529 INFO tempest.lib.common.rest_client [req-4b715c90-c9c3-4d7a-8909-dd1db62636a6 req-4b715c90-c9c3-4d7a-8909-dd1db62636a6 ] Request (ServersTestJSON:setUpClass): 202 POST http://10.180.1.21/compute/v2.1/servers 0.566s
2025-01-16 08:05:31.349 68545 INFO tempest.lib.common.rest_client [req-173b977c-8d4e-45c5-97a7-4a3896a31ba3 req-173b977c-8d4e-45c5-97a7-4a3896a31ba3 ] Request (ServerActionsTestOtherA:setUpClass): 200 GET http://10.180.1.21/compute/v2.1/servers/a06e85bc-af77-404c-a50b-312dd60ae1c6 0.386s
2025-01-16 08:05:31.395 68519 INFO tempest.lib.common.rest_client [req-856644d7-57ed-405c-bc18-0e4dcf6f6e22 req-856644d7-57ed-405c-bc18-0e4dcf6f6e22 ] Request (ServerAddressesNegativeTestJSON:setUpClass): 200 GET http://10.180.1.21/compute/v2.1/servers/a7fe6c49-4623-49a6-826d-37a2bb790206 0.383s
2025-01-16 08:05:31.416 68541 INFO tempest.lib.common.rest_client [req-5c0ee78e-973c-4957-9aea-c076fe777344 req-5c0ee78e-973c-4957-9aea-c076fe777344 ] Request (ServerActionsV293TestJSON:setUpClass): 200 GET http://10.180.1.21/compute/v2.1/servers/ff21fe8f-e07a-4781-b692-9f585afab706 0.385s
2025-01-16 08:05:31.449 68513 INFO tempest.lib.common.rest_client [req-f8de5630-ff75-414c-9aa5-faab36ab34fc req-f8de5630-ff75-414c-9aa5-faab36ab34fc ] Request (DeleteServersTestJSON:test_delete_server_while_in_attached_volume): 200 GET http://10.180.1.21/compute/v2.1/servers/fa966014-68a1-4418-828e-a0f28d90ddeb 0.378s
2025-01-16 08:05:31.474 68509 INFO tempest.lib.common.rest_client [req-6cd58172-f668-4633-9185-f771efd0cb0e req-6cd58172-f668-4633-9185-f771efd0cb0e ] Request (FloatingIPsAssociationTestJSON:test_associate_already_associated_floating_ip): 200 GET http://10.180.1.21/compute/v2.1/servers/29473c85-120a-4c82-b22b-cff8d37e98cd 0.385s
2025-01-16 08:05:31.530 68521 INFO tempest.lib.common.rest_client [req-e6a7ad4b-55f7-4e8e-8415-fe9bfca98c01 req-e6a7ad4b-55f7-4e8e-8415-fe9bfca98c01 ] Request (AttachInterfacesUnderV243Test:test_add_remove_fixed_ip): 200 GET http://10.180.1.21/compute/v2.1/servers/84c5cb88-aad9-4b81-9dca-866ddcf0e8f5 0.395s
2025-01-16 08:05:31.535 68501 INFO tempest.lib.common.rest_client [req-c5c9ee99-df0b-45f0-9650-f67cad584365 req-c5c9ee99-df0b-45f0-9650-f67cad584365 ] Request (ServersTestMultiNic:test_verify_duplicate_network_nics): 200 GET http://10.180.1.21/compute/v2.1/servers/5fd07b81-1348-4194-ab20-437cb5c61dfa 0.347s
2025-01-16 08:05:31.592 68523 INFO tempest.lib.common.rest_client [req-4429c03d-e3d6-413c-a9ed-515d515a9893 req-4429c03d-e3d6-413c-a9ed-515d515a9893 ] Request (ServerActionsTestJSON:setUpClass): 200 GET http://10.180.1.21/compute/v2.1/servers/4bffe146-0b5f-4141-b83c-6974834803bd 0.286s
2025-01-16 08:05:31.595 68525 INFO tempest.lib.common.rest_client [req-9bf4ce4d-2013-4acf-adce-5813d5ae11cf req-9bf4ce4d-2013-4acf-adce-5813d5ae11cf ] Request (FloatingIPsAssociationNegativeTestJSON:tearDownClass): 200 GET http://10.180.1.21/compute/v2.1/servers/6ea23640-3ef0-4a2e-aa75-203c03edf386 0.344s
