2025-01-16 08:04:34.194 68491 INFO tempest.lib.common.rest_client [req-18d28ac2-64c0-49d4-9f27-c40e06ae8543 req-18d28ac2-64c0-49d4-9f27-c40e06ae8543 ] Request (TenantUsagesTestJSON:setUpClass): 200 GET http://10.180.1.21/compute/v2.1/servers/4af55a8c-1f23-4e72-a945-aff479b9c450 0.642s
2025-01-16 08:04:34.254 68487 INFO tempest.lib.common.rest_client [req-30c40216-9245-4d9d-bb0e-f7a3a6db36c7 req-30c40216-9245-4d9d-bb0e-f7a3a6db36c7 ] Request (ServicesAdminNegativeV253TestJSON:test_list_services_with_non_admin_user): 403 GET http://10.180.1.21/compute/v2.1/os-services 0.767s
2025-01-16 08:04:34.299 68533 INFO tempest.lib.common.rest_client [req-8d730149-9e4e-475c-8b63-10aba60c3a61 req-8d730149-9e4e-475c-8b63-10aba60c3a61 ] Request (ListServersNegativeTestJSON:setUpClass): 200 GET http://10.180.1.21/compute/v2.1/servers/55374085-f0cc-45b1-8f65-3559902cc838 0.619s
2025-01-16 08:04:34.307 68547 INFO tempest.lib.common.rest_client [req-a306e6ad-3550-47e5-b1da-e8fcde387712 req-a306e6ad-3550-47e5-b1da-e8fcde387712 ] Request (FlavorsAccessNegativeTestJSON:tearDownClass): 204 DELETE http://10.180.1.21/identity/v3/users/5f8f09428040402bbe7b6c8ddb92d739 0.131s
2025-01-16 08:04:34.308 68547 INFO tempest.lib.common.dynamic_creds [-] Deleting project and security group for project: 0b2ab11a944e4e5cb14babac6649dcb8
2025-01-16 08:04:34.348 68525 INFO tempest.lib.common.rest_client [req-b680cf8f-0494-40c2-a013-e60ce2ee9bae req-b680cf8f-0494-40c2-a013-e60ce2ee9bae ] Request (FloatingIPsAssociationNegativeTestJSON:setUpClass): 200 GET http://10.180.1.21/compute/v2.1/servers/6ea23640-3ef0-4a2e-aa75-203c03edf386 0.559s
2025-01-16 08:04:34.381 68547 INFO tempest.lib.common.rest_client [req-982e964e-bf98-47e0-9dbb-12f1fe2d6b8d req-982e964e-bf98-47e0-9dbb-12f1fe2d6b8d ] Request (FlavorsAccessNegativeTestJSON:tearDownClass): 201 POST http://10.180.1.21/identity/v3/auth/tokens 0.073s
2025-01-16 08:04:34.394 68541 INFO tempest.lib.common.rest_client [req-c57d09cd-6e6d-4ee7-9240-be56aa70a9d0 req-c57d09cd-6e6d-4ee7-9240-be56aa70a9d0 ] Request (ServerActionsV293TestJSON:setUpClass): 202 POST http://10.180.1.21/volume/v3/volumes 0.737s
2025-01-16 08:04:34.396 68487 INFO tempest.lib.common.rest_client [req-1f910b28-6378-4114-acae-28ac37a36061 req-1f910b28-6378-4114-acae-28ac37a36061 ] Request (ServicesAdminNegativeV253TestJSON:tearDownClass): 204 DELETE http://10.180.1.21/identity/v3/users/6d47f32102a148be9c8911bc4cb40ca9 0.140s
2025-01-16 08:04:34.476 68541 INFO tempest.lib.common.rest_client [req-8aaa19ed-cfe1-4efc-a938-554778027be3 req-8aaa19ed-cfe1-4efc-a938-554778027be3 ] Request (ServerActionsV293TestJSON:setUpClass): 200 GET http://10.180.1.21/volume/v3/volumes/b7436b51-324a-4095-8853-2ef360ee5163 0.068s
2025-01-16 08:04:34.508 68535 INFO tempest.lib.common.rest_client [req-f3dc1780-6761-4dda-b43c-219065f2bcf9 req-f3dc1780-6761-4dda-b43c-219065f2bcf9 ] Request (ListImageFiltersTestJSON:setUpClass): 200 GET http://10.180.1.21/compute/v2.1/servers/80c94d56-773a-499b-a207-a3f11a14c32b 0.607s
2025-01-16 08:04:34.520 68485 INFO tempest.lib.common.rest_client [req-0c565016-63a3-4e55-92af-51b71d1badc0 req-0c565016-63a3-4e55-92af-51b71d1badc0 ] Request (FlavorsV2TestJSON:test_list_flavors_filter_by_min_disk): 200 GET http://10.180.1.21/compute/v2.1/flavors/42 0.519s
2025-01-16 08:04:34.525 68487 INFO tempest.lib.common.rest_client [req-47d7f643-6d51-42a3-b1b3-020251aa72ad req-47d7f643-6d51-42a3-b1b3-020251aa72ad ] Request (ServicesAdminNegativeV253TestJSON:tearDownClass): 204 DELETE http://10.180.1.21/identity/v3/users/afe3bdccdaad4b2da0d46b1f3a53157d 0.129s
2025-01-16 08:04:34.525 68487 INFO tempest.lib.common.dynamic_creds [-] Deleting project and security group for project: 99806632493149769aa512bb2ba2bfad
2025-01-16 08:04:34.551 68517 INFO tempest.lib.common.rest_client [req-a643c0ae-6353-4c16-823d-d5816c7f26f2 req-a643c0ae-6353-4c16-823d-d5816c7f26f2 ] Request (FlavorsAdminTestJSON:test_is_public_string_variations): 200 POST http://10.180.1.21/compute/v2.1/flavors 0.537s
2025-01-16 08:04:34.562 68501 INFO tempest.lib.common.rest_client [req-7d08b8f6-d1cf-4998-984f-f468a4201167 req-7d08b8f6-d1cf-4998-984f-f468a4201167 ] Request (AggregatesAdminNegativeTestJSON:test_aggregate_get_details_with_invalid_id): 404 GET http://10.180.1.21/compute/v2.1/os-aggregates/-1 0.528s
2025-01-16 08:04:34.566 68511 INFO tempest.lib.common.rest_client [req-0e0130d8-913a-4c7e-8b8e-445dd82e0060 req-0e0130d8-913a-4c7e-8b8e-445dd82e0060 ] Request (HostsAdminNegativeTestJSON:test_update_host_without_param): 400 PUT http://10.180.1.21/compute/v2.1/os-hosts/devstack 0.512s
2025-01-16 08:04:34.610 68487 INFO tempest.lib.common.rest_client [req-696055c0-8aa8-4c7b-afae-87d0cd9faefc req-696055c0-8aa8-4c7b-afae-87d0cd9faefc ] Request (ServicesAdminNegativeV253TestJSON:tearDownClass): 201 POST http://10.180.1.21/identity/v3/auth/tokens 0.084s
2025-01-16 08:04:34.646 68505 INFO tempest.lib.common.rest_client [req-710f96a2-0345-450a-b793-549d7d00e8dc req-710f96a2-0345-450a-b793-549d7d00e8dc ] Request (MigrationsAdminTest:test_resize_server_revert_deleted_flavor): 200 GET http://10.180.1.21/compute/v2.1/servers/0a178974-018c-410a-a901-c9e984be8ebf 0.524s
2025-01-16 08:04:34.731 68537 INFO tempest.lib.common.rest_client [req-1c954bf4-c527-47fd-9e6c-45c1d76bb3c8 req-1c954bf4-c527-47fd-9e6c-45c1d76bb3c8 ] Request (DeleteServersAdminTestJSON:test_delete_server_while_in_error_state): 200 GET http://10.180.1.21/compute/v2.1/servers/8c17919f-3941-4f1b-84fd-bf30d64dceb0 0.473s
2025-01-16 08:04:34.848 68531 INFO tempest.lib.common.rest_client [req-ff2a95d7-074b-47f9-9397-7cffc7762571 req-ff2a95d7-074b-47f9-9397-7cffc7762571 ] Request (SecurityGroupRulesNegativeTestJSON:tearDownClass): 204 DELETE http://10.180.1.21:9696/networking/v2.0/routers/3b809a01-9e0e-4bc0-b48c-5a3f540e68de 1.365s
2025-01-16 08:04:34.908 68519 INFO tempest.lib.common.rest_client [req-1f1a5b6a-b897-4e74-9d25-015e2623dc4b req-1f1a5b6a-b897-4e74-9d25-015e2623dc4b ] Request (SecurityGroupRulesTestJSON:tearDownClass): 202 DELETE http://10.180.1.21/compute/v2.1/os-security-groups/488236ed-3120-479e-8a34-820051b2b9f0 1.049s
2025-01-16 08:04:35.020 68503 INFO tempest.lib.common.rest_client [req-df65bfc7-d0c2-4694-afc2-2baef0901178 req-df65bfc7-d0c2-4694-afc2-2baef0901178 ] Request (ImagesOneServerTestJSON:setUpClass): 200 GET http://10.180.1.21/compute/v2.1/servers/a23ca971-e08f-463f-bab3-46d5d7b91cda 0.656s
2025-01-16 08:04:35.122 68543 INFO tempest.lib.common.rest_client [req-2194a7ab-6ca6-4a7d-a057-1bcab8dbac62 req-2194a7ab-6ca6-4a7d-a057-1bcab8dbac62 ] Request (ServersAdmin275Test:test_rebuild_update_server_275): 200 GET http://10.180.1.21/compute/v2.1/servers/bfb2f00f-c783-4d47-ad28-3de6eff3f77a 0.735s
2025-01-16 08:04:35.164 68487 INFO tempest.lib.common.rest_client [req-a2a6dcbd-9a34-4dde-9bb0-98305863d277 req-a2a6dcbd-9a34-4dde-9bb0-98305863d277 ] Request (ServicesAdminNegativeV253TestJSON:tearDownClass): 200 GET http://10.180.1.21:9696/networking/v2.0/security-groups?tenant_id=99806632493149769aa512bb2ba2bfad&name=default 0.553s
2025-01-16 08:04:35.191 68529 INFO tempest.lib.common.rest_client [req-fe920ae8-6a75-4af5-b41d-be3e5a1064ea req-fe920ae8-6a75-4af5-b41d-be3e5a1064ea ] Request (VolumesAssistedSnapshotsTest:test_volume_assisted_snapshot_create_delete): 200 GET http://10.180.1.21/compute/v2.1/servers/c15b6ab2-6657-48bb-b992-2d30a2ae54d3 0.907s
2025-01-16 08:04:35.219 68547 INFO tempest.lib.common.rest_client [req-ca2ffc86-15b3-4753-b0c1-6ca832338c1f req-ca2ffc86-15b3-4753-b0c1-6ca832338c1f ] Request (FlavorsAccessNegativeTestJSON:tearDownClass): 200 GET http://10.180.1.21:9696/networking/v2.0/security-groups?tenant_id=0b2ab11a944e4e5cb14babac6649dcb8&name=default 0.838s
2025-01-16 08:04:35.232 68513 INFO tempest.lib.common.rest_client [req-0b06a809-2956-4798-8fc3-7ae3c5f4d29d req-0b06a809-2956-4798-8fc3-7ae3c5f4d29d ] Request (DeleteServersTestJSON:test_delete_active_server): 200 GET http://10.180.1.21/compute/v2.1/servers/ca004526-9a21-4d6c-a033-f9964f1cb9c2 0.784s
2025-01-16 08:04:35.246 68513 INFO tempest.common.waiters [-] State transition "BUILD/spawning" ==> "BUILD/scheduling" after 30 second wait
2025-01-16 08:04:35.252 68485 INFO tempest.lib.common.rest_client [req-11d9a3f5-1c5a-4627-a2fb-75c5c3a28525 req-11d9a3f5-1c5a-4627-a2fb-75c5c3a28525 ] Request (FlavorsV2TestJSON:test_list_flavors_filter_by_min_disk): 200 GET http://10.180.1.21/compute/v2.1/flavors?minDisk=2 0.729s
2025-01-16 08:04:35.273 68517 INFO tempest.lib.common.rest_client [req-d65e8ded-472f-4d00-bf59-c857bf4e6ba1 req-d65e8ded-472f-4d00-bf59-c857bf4e6ba1 ] Request (FlavorsAdminTestJSON:test_is_public_string_variations): 200 POST http://10.180.1.21/compute/v2.1/flavors 0.719s
2025-01-16 08:04:35.282 68501 INFO tempest.lib.common.rest_client [req-f1e1b305-69f2-490b-a657-328a16e1c6d9 req-f1e1b305-69f2-490b-a657-328a16e1c6d9 ] Request (AggregatesAdminNegativeTestJSON:test_aggregate_list_as_user): 403 GET http://10.180.1.21/compute/v2.1/os-aggregates 0.718s
2025-01-16 08:04:35.331 68509 INFO tempest.lib.common.rest_client [req-c2cfac23-776b-4590-ac44-999a88d46df9 req-c2cfac23-776b-4590-ac44-999a88d46df9 ] Request (FloatingIPsAssociationTestJSON:setUpClass): 200 GET http://10.180.1.21/compute/v2.1/servers/c5bfbc28-cf6c-4c9e-8745-a5e520a6131e 0.859s
2025-01-16 08:04:35.345 68511 INFO tempest.lib.common.rest_client [req-7a578717-26ba-4f3a-9523-19d9e7bd5b28 req-7a578717-26ba-4f3a-9523-19d9e7bd5b28 ] Request (HostsAdminNegativeTestJSON:test_update_nonexistent_host): 404 PUT http://10.180.1.21/compute/v2.1/os-hosts/nonexistent_hostname 0.776s
2025-01-16 08:04:35.367 68527 INFO tempest.lib.common.rest_client [req-c97712fb-c747-48af-914d-6b6bb6c826c7 req-c97712fb-c747-48af-914d-6b6bb6c826c7 ] Request (ServerExternalEventsTest:test_create_server_external_events): 200 GET http://10.180.1.21/compute/v2.1/servers/411bc66f-d976-456c-83d5-3c2aa646644f 0.803s
2025-01-16 08:04:35.385 68531 INFO tempest.lib.common.rest_client [req-ee7931b7-4d8a-4010-ae9a-523df6f42866 req-ee7931b7-4d8a-4010-ae9a-523df6f42866 ] Request (SecurityGroupRulesNegativeTestJSON:tearDownClass): 204 DELETE http://10.180.1.21:9696/networking/v2.0/subnets/98ac2db7-cdec-40c0-97cc-c2c7d23a7a2d 0.536s
2025-01-16 08:04:35.435 68511 INFO tempest.lib.common.rest_client [req-18ca42ae-f519-466f-95ba-5f1e8a819d58 req-18ca42ae-f519-466f-95ba-5f1e8a819d58 ] Request (HostsAdminNegativeTestJSON:tearDownClass): 204 DELETE http://10.180.1.21/identity/v3/users/781129adaf424ce89fb5b8cac6c99e14 0.088s
2025-01-16 08:04:35.453 68515 INFO tempest.lib.common.rest_client [req-b235832b-bb34-42a9-a898-7d0841a8e053 req-b235832b-bb34-42a9-a898-7d0841a8e053 ] Request (ServerDiagnosticsTest:test_get_server_diagnostics): 200 GET http://10.180.1.21/compute/v2.1/servers/b488c40e-414f-4a6b-a0b1-c35ee573c57c 0.825s
2025-01-16 08:04:35.474 68489 INFO tempest.lib.common.rest_client [req-d8bfc3b0-bce5-4075-ad68-2122b89d71de req-d8bfc3b0-bce5-4075-ad68-2122b89d71de ] Request (ServersAdminTestJSON:setUpClass): 200 GET http://10.180.1.21/compute/v2.1/servers/76fee949-7319-4999-a061-73c01f0b6351 0.774s
2025-01-16 08:04:35.523 68541 INFO tempest.lib.common.rest_client [req-93263c5d-17ff-4d80-a9e5-f6fb30ca37c4 req-93263c5d-17ff-4d80-a9e5-f6fb30ca37c4 ] Request (ServerActionsV293TestJSON:setUpClass): 200 GET http://10.180.1.21/volume/v3/volumes/b7436b51-324a-4095-8853-2ef360ee5163 0.033s
2025-01-16 08:04:35.546 68497 INFO tempest.lib.common.rest_client [req-36984265-8df2-4c9e-af45-50c5c68e7c52 req-36984265-8df2-4c9e-af45-50c5c68e7c52 ] Request (ServersWithSpecificFlavorTestJSON:test_verify_created_server_ephemeral_disk): 200 GET http://10.180.1.21/compute/v2.1/servers/c1b0c88d-a23d-4b9d-91a8-adb25967c228 0.768s
2025-01-16 08:04:35.546 68511 INFO tempest.lib.common.rest_client [req-8c9da55a-5f8d-4670-b52b-7ddd62149548 req-8c9da55a-5f8d-4670-b52b-7ddd62149548 ] Request (HostsAdminNegativeTestJSON:tearDownClass): 204 DELETE http://10.180.1.21/identity/v3/users/2ccb6627ee1e4a97bf05381540540954 0.110s
2025-01-16 08:04:35.547 68511 INFO tempest.lib.common.dynamic_creds [-] Deleting project and security group for project: 92328bed9e8a490ab725616aa29cddd1
2025-01-16 08:04:35.567 68547 INFO tempest.lib.common.rest_client [req-bd26f4f5-0954-4409-998f-5fd6c661d9f5 req-bd26f4f5-0954-4409-998f-5fd6c661d9f5 ] Request (FlavorsAccessNegativeTestJSON:tearDownClass): 204 DELETE http://10.180.1.21:9696/networking/v2.0/security-groups/335bcc78-a7e3-4bea-bcdb-78adfea2acac 0.347s
2025-01-16 08:04:35.569 68495 INFO tempest.lib.common.rest_client [req-6095ba27-d4ba-4646-9e39-b97f8fd763ee req-6095ba27-d4ba-4646-9e39-b97f8fd763ee ] Request (ServerDiskConfigTestJSON:setUpClass): 201 POST http://10.180.1.21:9696/networking/v2.0/routers 2.889s
2025-01-16 08:04:35.577 68507 INFO tempest.lib.common.rest_client [req-8ba3baac-8a81-4536-8940-05f47afd1d50 req-8ba3baac-8a81-4536-8940-05f47afd1d50 ] Request (ServersTestJSON:setUpClass): 200 PUT http://10.180.1.21:9696/networking/v2.0/routers/1ad2247e-f705-4957-ba0a-96c6bf1c8664/add_router_interface 3.492s
2025-01-16 08:04:35.578 68507 INFO tempest.lib.common.dynamic_creds [-] Created isolated network resources for: credentials: Credentials: {'domain_id': 'default', 'domain_name': 'Default', 'username': 'tempest-ServersTestJSON-548341938-project-member', 'project_domain_id': 'default', 'project_domain_name': 'Default', 'project_id': '91b6e38d29a747f5a5ece7587dcd8c03', 'project_name': 'tempest-ServersTestJSON-548341938', 'tenant_id': '91b6e38d29a747f5a5ece7587dcd8c03', 'tenant_name': 'tempest-ServersTestJSON-548341938', 'user_domain_id': 'default', 'user_domain_name': 'Default', 'user_id': 'e81ade3d60eb4c06ae7ee64c9a6a090a', 'system': None}, Network: {'id': '1832bd4f-bdea-4025-8675-3b0e7946a2ea', 'name': 'tempest-ServersTestJSON-1043038580-network', 'tenant_id': '91b6e38d29a747f5a5ece7587dcd8c03', 'admin_state_up': True, 'mtu': 8950, 'status': 'ACTIVE', 'subnets': [], 'shared': False, 'project_id': '91b6e38d29a747f5a5ece7587dcd8c03', 'port_security_enabled': True, 'router:external': False, 'provider:network_type': 'vlan', 'provider:physical_network': 'default', 'provider:segmentation_id': 80, 'availability_zone_hints': [], 'availability_zones': [], 'ipv4_address_scope': None, 'ipv6_address_scope': None, 'description': '', 'tags': [], 'created_at': '2025-01-16T08:04:28Z', 'updated_at': '2025-01-16T08:04:28Z', 'revision_number': 1}, Subnet: {'id': '3b2841e2-1045-4fa4-b0e1-9bbe77cbf324', 'name': 'tempest-ServersTestJSON-1043038580-subnet', 'tenant_id': '91b6e38d29a747f5a5ece7587dcd8c03', 'network_id': '1832bd4f-bdea-4025-8675-3b0e7946a2ea', 'ip_version': 4, 'subnetpool_id': None, 'enable_dhcp': True, 'ipv6_ra_mode': None, 'ipv6_address_mode': None, 'gateway_ip': '192.168.128.1', 'cidr': '192.168.128.0/28', 'allocation_pools': [{'start': '192.168.128.2', 'end': '192.168.128.14'}], 'host_routes': [], 'dns_nameservers': [], 'description': '', 'router:external': False, 'service_types': [], 'tags': [], 'created_at': '2025-01-16T08:04:29Z', 'updated_at': '2025-01-16T08:04:29Z', 'revision_number': 0, 'project_id': '91b6e38d29a747f5a5ece7587dcd8c03'}, Router: {'id': '1ad2247e-f705-4957-ba0a-96c6bf1c8664', 'name': 'tempest-ServersTestJSON-1043038580-router', 'tenant_id': '91b6e38d29a747f5a5ece7587dcd8c03', 'admin_state_up': True, 'status': 'ACTIVE', 'external_gateway_info': {'network_id': '132749ba-fdf1-47d6-b9a8-5e375921d591', 'external_fixed_ips': [{'subnet_id': '8b59a08d-2884-4c76-9cc5-9376354618af', 'ip_address': '10.180.180.210'}], 'enable_snat': True}, 'description': '', 'availability_zones': [], 'distributed': False, 'ha': False, 'availability_zone_hints': [], 'routes': [], 'flavor_id': None, 'tags': [], 'created_at': '2025-01-16T08:04:29Z', 'updated_at': '2025-01-16T08:04:30Z', 'revision_number': 2, 'project_id': '91b6e38d29a747f5a5ece7587dcd8c03'}
2025-01-16 08:04:35.580 68539 INFO tempest.lib.common.rest_client [req-04afc4f6-7683-47ff-ab98-0187d6a363b1 req-04afc4f6-7683-47ff-ab98-0187d6a363b1 ] Request (VolumesAdminNegativeTest:test_update_attached_volume_with_nonexistent_volume_in_body): 200 GET http://10.180.1.21/compute/v2.1/servers/bb952207-9905-4a12-a189-94d00a8d1066 0.625s
2025-01-16 08:04:35.623 68511 INFO tempest.lib.common.rest_client [req-893dd6f2-0dd6-4076-a33f-ef63f29c7054 req-893dd6f2-0dd6-4076-a33f-ef63f29c7054 ] Request (HostsAdminNegativeTestJSON:tearDownClass): 201 POST http://10.180.1.21/identity/v3/auth/tokens 0.076s
2025-01-16 08:04:35.639 68487 INFO tempest.lib.common.rest_client [req-05da8faa-5473-4eec-b4a0-e6358a05d927 req-05da8faa-5473-4eec-b4a0-e6358a05d927 ] Request (ServicesAdminNegativeV253TestJSON:tearDownClass): 204 DELETE http://10.180.1.21:9696/networking/v2.0/security-groups/7fa8aeb0-5ee7-4694-b000-652912294709 0.474s
2025-01-16 08:04:35.653 68521 INFO tempest.lib.common.rest_client [req-b25c5d3b-d28a-4dff-9a84-5cc0d76a25bd req-b25c5d3b-d28a-4dff-9a84-5cc0d76a25bd ] Request (AttachInterfacesUnderV243Test:test_add_remove_fixed_ip): 200 GET http://10.180.1.21/compute/v2.1/servers/84c5cb88-aad9-4b81-9dca-866ddcf0e8f5 0.601s
2025-01-16 08:04:35.693 68507 INFO tempest.lib.common.rest_client [req-38c85c6d-af38-44a5-8e5b-8ea92c387f82 req-38c85c6d-af38-44a5-8e5b-8ea92c387f82 ] Request (ServersTestJSON:setUpClass): 201 POST http://10.180.1.21/identity/v3/auth/tokens 0.107s
2025-01-16 08:04:35.697 68547 INFO tempest.lib.common.rest_client [req-91565eb1-3c47-4663-bb35-b5db3d5d10f5 req-91565eb1-3c47-4663-bb35-b5db3d5d10f5 ] Request (FlavorsAccessNegativeTestJSON:tearDownClass): 204 DELETE http://10.180.1.21/identity/v3/projects/0b2ab11a944e4e5cb14babac6649dcb8 0.130s
2025-01-16 08:04:35.697 68547 INFO tempest.lib.common.dynamic_creds [-] Deleting project and security group for project: fa24cc695e4d40ee8d6c01d544ef5117
2025-01-16 08:04:35.712 68493 INFO tempest.lib.common.rest_client [req-a810deea-cc0f-4640-a6a0-fb1663c1abd9 req-a810deea-cc0f-4640-a6a0-fb1663c1abd9 ] Request (ImagesNegativeTestJSON:test_create_image_from_deleted_server): 200 GET http://10.180.1.21/compute/v2.1/servers/9beac522-ed31-4100-a9d1-ffa100f36dcc 0.586s
2025-01-16 08:04:35.726 68485 INFO tempest.lib.common.rest_client [req-911d114b-7b65-4b3c-91db-d7a13a2a7672 req-911d114b-7b65-4b3c-91db-d7a13a2a7672 ] Request (FlavorsV2TestJSON:test_list_flavors_filter_by_min_ram): 200 GET http://10.180.1.21/compute/v2.1/flavors/42 0.469s
2025-01-16 08:04:35.743 68517 INFO tempest.lib.common.rest_client [req-66fdf6e8-5fa5-4653-8f0a-4705a0e4b635 req-66fdf6e8-5fa5-4653-8f0a-4705a0e4b635 ] Request (FlavorsAdminTestJSON:test_is_public_string_variations): 200 GET http://10.180.1.21/compute/v2.1/flavors/detail?is_public=f 0.463s
2025-01-16 08:04:35.770 68501 INFO tempest.lib.common.rest_client [req-5bf97139-42c3-432c-af22-b30e1f3bbff1 req-5bf97139-42c3-432c-af22-b30e1f3bbff1 ] Request (AggregatesAdminNegativeTestJSON:test_aggregate_remove_host_as_user): 200 POST http://10.180.1.21/compute/v2.1/os-aggregates 0.486s
2025-01-16 08:04:35.821 68487 INFO tempest.lib.common.rest_client [req-befb1b33-4e7b-4176-b70e-886536859186 req-befb1b33-4e7b-4176-b70e-886536859186 ] Request (ServicesAdminNegativeV253TestJSON:tearDownClass): 204 DELETE http://10.180.1.21/identity/v3/projects/99806632493149769aa512bb2ba2bfad 0.182s
2025-01-16 08:04:35.821 68487 INFO tempest.lib.common.dynamic_creds [-] Deleting project and security group for project: 08fa7dccfddf4e4380b05a86c5b73487
2025-01-16 08:04:35.866 68533 INFO tempest.lib.common.rest_client [req-abb38edd-3cac-40b7-b1a4-42cb55d560bc req-abb38edd-3cac-40b7-b1a4-42cb55d560bc ] Request (ListServersNegativeTestJSON:setUpClass): 200 GET http://10.180.1.21/compute/v2.1/servers/55374085-f0cc-45b1-8f65-3559902cc838 0.552s
2025-01-16 08:04:35.892 68491 INFO tempest.lib.common.rest_client [req-9ef0ade6-2ddd-4ca1-b995-be5f74150da9 req-9ef0ade6-2ddd-4ca1-b995-be5f74150da9 ] Request (TenantUsagesTestJSON:setUpClass): 200 GET http://10.180.1.21/compute/v2.1/servers/4af55a8c-1f23-4e72-a945-aff479b9c450 0.685s
2025-01-16 08:04:35.925 68507 INFO tempest.lib.common.rest_client [req-49cbc929-0ce4-46ab-88f7-109f6c2a7e82 req-49cbc929-0ce4-46ab-88f7-109f6c2a7e82 ] Request (ServersTestJSON:setUpClass): 200 GET http://10.180.1.21/identity/v3/projects/91b6e38d29a747f5a5ece7587dcd8c03 0.232s
2025-01-16 08:04:35.926 68507 INFO tempest.lib.common.dynamic_creds [-] Using the existing project 91b6e38d29a747f5a5ece7587dcd8c03 for scope project and roles: ['reader']
2025-01-16 08:04:35.956 68507 INFO tempest.lib.common.rest_client [req-dc79e4bf-cb5a-4109-86b1-e885277ccb32 req-dc79e4bf-cb5a-4109-86b1-e885277ccb32 ] Request (ServersTestJSON:setUpClass): 201 POST http://10.180.1.21/identity/v3/users 0.030s
2025-01-16 08:04:35.992 68507 INFO tempest.lib.common.rest_client [req-9b98ad13-596f-4a34-8132-3df676b57a2c req-9b98ad13-596f-4a34-8132-3df676b57a2c ] Request (ServersTestJSON:setUpClass): 200 GET http://10.180.1.21/identity/v3/roles 0.035s
2025-01-16 08:04:36.011 68535 INFO tempest.lib.common.rest_client [req-d30d4aeb-3961-4fe4-8218-8bd69667797c req-d30d4aeb-3961-4fe4-8218-8bd69667797c ] Request (ListImageFiltersTestJSON:setUpClass): 200 GET http://10.180.1.21/compute/v2.1/servers/80c94d56-773a-499b-a207-a3f11a14c32b 0.491s
2025-01-16 08:04:36.036 68507 INFO tempest.lib.common.rest_client [req-2b86175d-39ee-4788-a2b3-e600e49f0556 req-2b86175d-39ee-4788-a2b3-e600e49f0556 ] Request (ServersTestJSON:setUpClass): 204 PUT http://10.180.1.21/identity/v3/projects/91b6e38d29a747f5a5ece7587dcd8c03/users/f955c2276d854f079d2c8e60ca4014b3/roles/e4730b8a0df14284bc4e081b5a65caac 0.043s
2025-01-16 08:04:36.036 68507 INFO tempest.lib.common.dynamic_creds [-] Dynamic test user f955c2276d854f079d2c8e60ca4014b3 is created with scope project and roles: ['reader']
2025-01-16 08:04:36.036 68507 INFO tempest.lib.common.dynamic_creds [-] Acquired dynamic creds: credentials: Credentials: {'domain_id': 'default', 'domain_name': 'Default', 'username': 'tempest-ServersTestJSON-548341938-project-reader', 'project_domain_id': 'default', 'project_domain_name': 'Default', 'project_id': '91b6e38d29a747f5a5ece7587dcd8c03', 'project_name': 'tempest-ServersTestJSON-548341938', 'tenant_id': '91b6e38d29a747f5a5ece7587dcd8c03', 'tenant_name': 'tempest-ServersTestJSON-548341938', 'user_domain_id': 'default', 'user_domain_name': 'Default', 'user_id': 'f955c2276d854f079d2c8e60ca4014b3', 'system': None}, Network: None, Subnet: None, Router: None
2025-01-16 08:04:36.036 68507 INFO tempest.lib.common.dynamic_creds [-] Network resources are not created for requested scope: project and credentials: Credentials: {'domain_id': 'default', 'domain_name': 'Default', 'username': 'tempest-ServersTestJSON-548341938-project-reader', 'project_domain_id': 'default', 'project_domain_name': 'Default', 'project_id': '91b6e38d29a747f5a5ece7587dcd8c03', 'project_name': 'tempest-ServersTestJSON-548341938', 'tenant_id': '91b6e38d29a747f5a5ece7587dcd8c03', 'tenant_name': 'tempest-ServersTestJSON-548341938', 'user_domain_id': 'default', 'user_domain_name': 'Default', 'user_id': 'f955c2276d854f079d2c8e60ca4014b3', 'system': None}, Network: None, Subnet: None, Router: None
2025-01-16 08:04:36.076 68547 INFO tempest.lib.common.rest_client [req-97be33e7-1f47-41fa-9c19-523a4eaf4293 req-97be33e7-1f47-41fa-9c19-523a4eaf4293 ] Request (FlavorsAccessNegativeTestJSON:tearDownClass): 200 GET http://10.180.1.21:9696/networking/v2.0/security-groups?tenant_id=fa24cc695e4d40ee8d6c01d544ef5117&name=default 0.378s
2025-01-16 08:04:36.096 68525 INFO tempest.lib.common.rest_client [req-4a274be9-1b35-4afc-a159-71f786398556 req-4a274be9-1b35-4afc-a159-71f786398556 ] Request (FloatingIPsAssociationNegativeTestJSON:setUpClass): 200 GET http://10.180.1.21/compute/v2.1/servers/6ea23640-3ef0-4a2e-aa75-203c03edf386 0.733s
2025-01-16 08:04:36.120 68485 INFO tempest.lib.common.rest_client [req-10ebc615-7081-4a42-af10-f1432a299239 req-10ebc615-7081-4a42-af10-f1432a299239 ] Request (FlavorsV2TestJSON:test_list_flavors_filter_by_min_ram): 200 GET http://10.180.1.21/compute/v2.1/flavors?minRam=193 0.392s
2025-01-16 08:04:36.135 68505 INFO tempest.lib.common.rest_client [req-0bcea8c2-c000-4f3b-8930-29a313e36095 req-0bcea8c2-c000-4f3b-8930-29a313e36095 ] Request (MigrationsAdminTest:test_resize_server_revert_deleted_flavor): 200 GET http://10.180.1.21/compute/v2.1/servers/0a178974-018c-410a-a901-c9e984be8ebf 0.475s
2025-01-16 08:04:36.135 68517 INFO tempest.lib.common.rest_client [req-062cc523-c516-40d2-b21b-a8d7081783e3 req-062cc523-c516-40d2-b21b-a8d7081783e3 ] Request (FlavorsAdminTestJSON:test_is_public_string_variations): 200 GET http://10.180.1.21/compute/v2.1/flavors/detail?is_public=false 0.387s
2025-01-16 08:04:36.139 68507 INFO tempest.lib.common.rest_client [req-dec01565-1397-4f89-b0ba-5970564b14c2 req-dec01565-1397-4f89-b0ba-5970564b14c2 ] Request (ServersTestJSON:setUpClass): 201 POST http://10.180.1.21/identity/v3/auth/tokens 0.100s
2025-01-16 08:04:36.235 68507 INFO tempest.lib.common.rest_client [req-c3bd056f-d0e9-490d-ad29-c1e217baf32b req-c3bd056f-d0e9-490d-ad29-c1e217baf32b ] Request (ServersTestJSON:test_create_server_specify_multibyte_character_name): 201 POST http://10.180.1.21/identity/v3/auth/tokens 0.090s
2025-01-16 08:04:36.236 68507 INFO tempest.lib.common.fixed_network [-] (ServersTestJSON:test_create_server_specify_multibyte_character_name) Found network {'id': '1832bd4f-bdea-4025-8675-3b0e7946a2ea', 'name': 'tempest-ServersTestJSON-1043038580-network', 'tenant_id': '91b6e38d29a747f5a5ece7587dcd8c03', 'admin_state_up': True, 'mtu': 8950, 'status': 'ACTIVE', 'subnets': [], 'shared': False, 'project_id': '91b6e38d29a747f5a5ece7587dcd8c03', 'port_security_enabled': True, 'router:external': False, 'provider:network_type': 'vlan', 'provider:physical_network': 'default', 'provider:segmentation_id': 80, 'availability_zone_hints': [], 'availability_zones': [], 'ipv4_address_scope': None, 'ipv6_address_scope': None, 'description': '', 'tags': [], 'created_at': '2025-01-16T08:04:28Z', 'updated_at': '2025-01-16T08:04:28Z', 'revision_number': 1} available for tenant
2025-01-16 08:04:36.242 68537 INFO tempest.lib.common.rest_client [req-872a0270-e0a6-47e5-b84d-69554a444f63 req-872a0270-e0a6-47e5-b84d-69554a444f63 ] Request (DeleteServersAdminTestJSON:test_delete_server_while_in_error_state): 200 GET http://10.180.1.21/compute/v2.1/servers/8c17919f-3941-4f1b-84fd-bf30d64dceb0 0.491s
2025-01-16 08:04:36.265 68501 INFO tempest.lib.common.rest_client [req-73e46fd0-5757-47b8-ac56-24606bcc4cd9 req-73e46fd0-5757-47b8-ac56-24606bcc4cd9 ] Request (AggregatesAdminNegativeTestJSON:test_aggregate_remove_host_as_user): 200 POST http://10.180.1.21/compute/v2.1/os-aggregates/7/action 0.492s
2025-01-16 08:04:36.285 68485 INFO tempest.lib.common.rest_client [req-f4c24fa5-a49b-4dec-9c0b-546ec92f1043 req-f4c24fa5-a49b-4dec-9c0b-546ec92f1043 ] Request (FlavorsV2TestJSON:test_list_flavors_limit_results): 200 GET http://10.180.1.21/compute/v2.1/flavors?limit=1 0.161s
2025-01-16 08:04:36.309 68517 INFO tempest.lib.common.rest_client [req-98086658-4c1b-4f1b-8be2-d457567250e4 req-98086658-4c1b-4f1b-8be2-d457567250e4 ] Request (FlavorsAdminTestJSON:test_is_public_string_variations): 200 GET http://10.180.1.21/compute/v2.1/flavors/detail?is_public=no 0.167s
2025-01-16 08:04:36.403 68503 INFO tempest.lib.common.rest_client [req-d76b563b-6470-438c-9c32-a436d1236e3c req-d76b563b-6470-438c-9c32-a436d1236e3c ] Request (ImagesOneServerTestJSON:setUpClass): 200 GET http://10.180.1.21/compute/v2.1/servers/a23ca971-e08f-463f-bab3-46d5d7b91cda 0.373s
2025-01-16 08:04:36.482 68529 INFO tempest.lib.common.rest_client [req-d81a2988-2fdb-4808-8196-8b718fceec21 req-d81a2988-2fdb-4808-8196-8b718fceec21 ] Request (VolumesAssistedSnapshotsTest:test_volume_assisted_snapshot_create_delete): 200 GET http://10.180.1.21/compute/v2.1/servers/c15b6ab2-6657-48bb-b992-2d30a2ae54d3 0.282s
2025-01-16 08:04:36.490 68547 INFO tempest.lib.common.rest_client [req-884e0e1d-9760-4a4c-9263-9a8bd43ba3d5 req-884e0e1d-9760-4a4c-9263-9a8bd43ba3d5 ] Request (FlavorsAccessNegativeTestJSON:tearDownClass): 204 DELETE http://10.180.1.21:9696/networking/v2.0/security-groups/4095b3b2-5e12-4d52-bb3a-6681fb323ff7 0.414s
2025-01-16 08:04:36.512 68487 INFO tempest.lib.common.rest_client [req-bd671cdf-eb78-45d4-95d1-1b3cb84010a8 req-bd671cdf-eb78-45d4-95d1-1b3cb84010a8 ] Request (ServicesAdminNegativeV253TestJSON:tearDownClass): 200 GET http://10.180.1.21:9696/networking/v2.0/security-groups?tenant_id=08fa7dccfddf4e4380b05a86c5b73487&name=default 0.691s
2025-01-16 08:04:36.570 68541 INFO tempest.lib.common.rest_client [req-bbec1c11-4226-4240-8f35-105d8bdb2ea5 req-bbec1c11-4226-4240-8f35-105d8bdb2ea5 ] Request (ServerActionsV293TestJSON:setUpClass): 200 GET http://10.180.1.21/volume/v3/volumes/b7436b51-324a-4095-8853-2ef360ee5163 0.036s
2025-01-16 08:04:36.601 68543 INFO tempest.lib.common.rest_client [req-8e65c909-cbd1-4cbf-a96e-adf19b7da5ca req-8e65c909-cbd1-4cbf-a96e-adf19b7da5ca ] Request (ServersAdmin275Test:test_rebuild_update_server_275): 200 GET http://10.180.1.21/compute/v2.1/servers/bfb2f00f-c783-4d47-ad28-3de6eff3f77a 0.463s
2025-01-16 08:04:36.607 68547 INFO tempest.lib.common.rest_client [req-3787fdd9-5c15-4408-b8c3-889508c8fe81 req-3787fdd9-5c15-4408-b8c3-889508c8fe81 ] Request (FlavorsAccessNegativeTestJSON:tearDownClass): 204 DELETE http://10.180.1.21/identity/v3/projects/fa24cc695e4d40ee8d6c01d544ef5117 0.116s
2025-01-16 08:04:36.607 68547 INFO tempest.lib.common.dynamic_creds [-] Deleting project and security group for project: 3a89c365f31c456c86e2374e60768e8a
2025-01-16 08:04:36.719 68513 INFO tempest.lib.common.rest_client [req-902edcef-bca6-4cea-abbd-131307fc841a req-902edcef-bca6-4cea-abbd-131307fc841a ] Request (DeleteServersTestJSON:test_delete_active_server): 200 GET http://10.180.1.21/compute/v2.1/servers/ca004526-9a21-4d6c-a033-f9964f1cb9c2 0.471s
2025-01-16 08:04:36.727 68501 INFO tempest.lib.common.rest_client [req-95497f14-7ac0-440c-b077-5420360de988 req-95497f14-7ac0-440c-b077-5420360de988 ] Request (AggregatesAdminNegativeTestJSON:test_aggregate_remove_host_as_user): 403 POST http://10.180.1.21/compute/v2.1/os-aggregates/7/action 0.460s
2025-01-16 08:04:36.728 68513 INFO tempest.common.waiters [-] State transition "BUILD/scheduling" ==> "ERROR/None" after 31 second wait
2025-01-16 08:04:36.743 68485 INFO tempest.lib.common.rest_client [req-1c0cb5eb-c66b-4bb6-9128-279816c05e15 req-1c0cb5eb-c66b-4bb6-9128-279816c05e15 ] Request (FlavorsV2TestJSON:test_list_flavors_using_marker): 200 GET http://10.180.1.21/compute/v2.1/flavors/42 0.453s
2025-01-16 08:04:36.746 68499 INFO tempest.lib.common.rest_client [req-3db2ec50-7b82-40ea-ad2c-111307149660 req-3db2ec50-7b82-40ea-ad2c-111307149660 ] Request (ServerRescueNegativeTestJSON:setUpClass): 201 POST http://10.180.1.21:9696/networking/v2.0/routers 3.050s
2025-01-16 08:04:36.751 68517 INFO tempest.lib.common.rest_client [req-378c1331-2a8b-41fa-9011-10a80f30123d req-378c1331-2a8b-41fa-9011-10a80f30123d ] Request (FlavorsAdminTestJSON:test_is_public_string_variations): 200 GET http://10.180.1.21/compute/v2.1/flavors/detail?is_public=0 0.437s
2025-01-16 08:04:36.753 68523 INFO tempest.lib.common.rest_client [req-adce2df7-f1e4-4347-8f6e-0d24b1046f40 req-adce2df7-f1e4-4347-8f6e-0d24b1046f40 ] Request (ServerActionsTestJSON:setUpClass): 201 POST http://10.180.1.21:9696/networking/v2.0/routers 3.042s
2025-01-16 08:04:36.773 68487 INFO tempest.lib.common.rest_client [req-82635ad5-9775-47b0-853a-0481a8a456dc req-82635ad5-9775-47b0-853a-0481a8a456dc ] Request (ServicesAdminNegativeV253TestJSON:tearDownClass): 204 DELETE http://10.180.1.21:9696/networking/v2.0/security-groups/ff755536-6e8c-4508-8139-0202aeffbf6c 0.260s
2025-01-16 08:04:36.868 68509 INFO tempest.lib.common.rest_client [req-803ee373-4f65-41ac-abfe-cc215f33b562 req-803ee373-4f65-41ac-abfe-cc215f33b562 ] Request (FloatingIPsAssociationTestJSON:setUpClass): 200 GET http://10.180.1.21/compute/v2.1/servers/c5bfbc28-cf6c-4c9e-8745-a5e520a6131e 0.524s
2025-01-16 08:04:36.892 68487 INFO tempest.lib.common.rest_client [req-a3dfc8d0-5c92-400b-944e-ba92da726f6f req-a3dfc8d0-5c92-400b-944e-ba92da726f6f ] Request (ServicesAdminNegativeV253TestJSON:tearDownClass): 204 DELETE http://10.180.1.21/identity/v3/projects/08fa7dccfddf4e4380b05a86c5b73487 0.119s
2025-01-16 08:04:36.944 68511 INFO tempest.lib.common.rest_client [req-7cccb0e0-e5e9-4309-b37d-ad737fae6cbd req-7cccb0e0-e5e9-4309-b37d-ad737fae6cbd ] Request (HostsAdminNegativeTestJSON:tearDownClass): 200 GET http://10.180.1.21:9696/networking/v2.0/security-groups?tenant_id=92328bed9e8a490ab725616aa29cddd1&name=default 1.320s
2025-01-16 08:04:36.958 68487 INFO tempest.lib.common.rest_client [req-7372d8c2-d6f2-41fc-aefe-66c155ffb3c1 req-7372d8c2-d6f2-41fc-aefe-66c155ffb3c1 ] Request (FloatingIPsNegativeTestJSON:setUpClass): 201 POST http://10.180.1.21/identity/v3/auth/tokens 0.064s
2025-01-16 08:04:36.985 68527 INFO tempest.lib.common.rest_client [req-02a7d092-079e-4ff7-a581-545f96828bdd req-02a7d092-079e-4ff7-a581-545f96828bdd ] Request (ServerExternalEventsTest:test_create_server_external_events): 200 GET http://10.180.1.21/compute/v2.1/servers/411bc66f-d976-456c-83d5-3c2aa646644f 0.608s
2025-01-16 08:04:37.011 68487 INFO tempest.lib.common.rest_client [req-16fd2db8-6709-472e-8b93-67e333bb41e6 req-16fd2db8-6709-472e-8b93-67e333bb41e6 ] Request (FloatingIPsNegativeTestJSON:setUpClass): 201 POST http://10.180.1.21/identity/v3/auth/tokens 0.050s
2025-01-16 08:04:37.051 68487 INFO tempest.lib.common.rest_client [req-6e920c10-59fd-4c7c-bf3a-277dc89554d0 req-6e920c10-59fd-4c7c-bf3a-277dc89554d0 ] Request (FloatingIPsNegativeTestJSON:setUpClass): 200 GET http://10.180.1.21/identity/v3/domains?name=Default 0.039s
2025-01-16 08:04:37.089 68487 INFO tempest.lib.common.rest_client [req-9dc4bc84-18dc-4b85-b9d1-018d6b0fcee7 req-9dc4bc84-18dc-4b85-b9d1-018d6b0fcee7 ] Request (FloatingIPsNegativeTestJSON:setUpClass): 201 POST http://10.180.1.21/identity/v3/projects 0.037s
2025-01-16 08:04:37.096 68515 INFO tempest.lib.common.rest_client [req-39b7a10c-786d-4309-813e-072b8e886457 req-39b7a10c-786d-4309-813e-072b8e886457 ] Request (ServerDiagnosticsTest:test_get_server_diagnostics): 200 GET http://10.180.1.21/compute/v2.1/servers/b488c40e-414f-4a6b-a0b1-c35ee573c57c 0.633s
2025-01-16 08:04:37.116 68531 INFO tempest.lib.common.rest_client [req-bbedc072-9524-4f02-966c-bae656f8e4e5 req-bbedc072-9524-4f02-966c-bae656f8e4e5 ] Request (SecurityGroupRulesNegativeTestJSON:tearDownClass): 204 DELETE http://10.180.1.21:9696/networking/v2.0/networks/9e2936fb-e74f-4456-9226-7f1dc965bb01 1.731s
2025-01-16 08:04:37.186 68487 INFO tempest.lib.common.rest_client [req-818cc3c7-6920-4ad4-83f2-548d9fa97a81 req-818cc3c7-6920-4ad4-83f2-548d9fa97a81 ] Request (FloatingIPsNegativeTestJSON:setUpClass): 201 POST http://10.180.1.21/identity/v3/users 0.095s
2025-01-16 08:04:37.198 68547 INFO tempest.lib.common.rest_client [req-7029da85-76c1-4523-ad40-8f9ab0062cb5 req-7029da85-76c1-4523-ad40-8f9ab0062cb5 ] Request (FlavorsAccessNegativeTestJSON:tearDownClass): 200 GET http://10.180.1.21:9696/networking/v2.0/security-groups?tenant_id=3a89c365f31c456c86e2374e60768e8a&name=default 0.591s
2025-01-16 08:04:37.211 68489 INFO tempest.lib.common.rest_client [req-def081e6-16ca-4c0f-b3d2-edbf776d310c req-def081e6-16ca-4c0f-b3d2-edbf776d310c ] Request (ServersAdminTestJSON:setUpClass): 200 GET http://10.180.1.21/compute/v2.1/servers/76fee949-7319-4999-a061-73c01f0b6351 0.728s
2025-01-16 08:04:37.225 68489 INFO tempest.common.waiters [-] State transition "BUILD/spawning" ==> "BUILD/scheduling" after 32 second wait
2025-01-16 08:04:37.236 68487 INFO tempest.lib.common.rest_client [req-817812c9-5842-4f78-b14d-cec921dfb523 req-817812c9-5842-4f78-b14d-cec921dfb523 ] Request (FloatingIPsNegativeTestJSON:setUpClass): 200 GET http://10.180.1.21/identity/v3/roles 0.046s
2025-01-16 08:04:37.303 68531 INFO tempest.lib.common.rest_client [req-2789156d-77be-4310-b231-8ab1554bd33e req-2789156d-77be-4310-b231-8ab1554bd33e ] Request (SecurityGroupRulesNegativeTestJSON:tearDownClass): 204 DELETE http://10.180.1.21/identity/v3/users/f65f7b19564f4a2394d7e2b8eedb992c 0.186s
2025-01-16 08:04:37.304 68531 INFO tempest.lib.common.dynamic_creds [-] Deleting project and security group for project: dfacb6494b4c430fb483fd60931f3a93
2025-01-16 08:04:37.333 68497 INFO tempest.lib.common.rest_client [req-bf2cd894-8334-4f86-8e13-cae62c1a2072 req-bf2cd894-8334-4f86-8e13-cae62c1a2072 ] Request (ServersWithSpecificFlavorTestJSON:test_verify_created_server_ephemeral_disk): 200 GET http://10.180.1.21/compute/v2.1/servers/c1b0c88d-a23d-4b9d-91a8-adb25967c228 0.777s
2025-01-16 08:04:37.340 68511 INFO tempest.lib.common.rest_client [req-cbe6e563-65ed-48a6-ad6c-f4b5098ac26d req-cbe6e563-65ed-48a6-ad6c-f4b5098ac26d ] Request (HostsAdminNegativeTestJSON:tearDownClass): 204 DELETE http://10.180.1.21:9696/networking/v2.0/security-groups/0ef00509-f102-4208-b445-b73dece9f09a 0.396s
2025-01-16 08:04:37.346 68487 INFO tempest.lib.common.rest_client [req-48a8ae12-534f-4ffd-8c65-36f8cd81a46e req-48a8ae12-534f-4ffd-8c65-36f8cd81a46e ] Request (FloatingIPsNegativeTestJSON:setUpClass): 204 PUT http://10.180.1.21/identity/v3/projects/5a7d57a1038f4bf1aed00799db26eebe/users/5a2c522ffc7c4bc49685e3d8d3aa21ce/roles/4546a95ccd6d4b35949e220ab777cc71 0.109s
2025-01-16 08:04:37.347 68487 INFO tempest.lib.common.dynamic_creds [-] Dynamic test user 5a2c522ffc7c4bc49685e3d8d3aa21ce is created with scope project and roles: ['member']
2025-01-16 08:04:37.347 68487 INFO tempest.lib.common.dynamic_creds [-] Acquired dynamic creds: credentials: Credentials: {'domain_id': 'default', 'domain_name': 'Default', 'username': 'tempest-FloatingIPsNegativeTestJSON-1149884508-project-member', 'project_domain_id': 'default', 'project_domain_name': 'Default', 'project_id': '5a7d57a1038f4bf1aed00799db26eebe', 'project_name': 'tempest-FloatingIPsNegativeTestJSON-1149884508', 'tenant_id': '5a7d57a1038f4bf1aed00799db26eebe', 'tenant_name': 'tempest-FloatingIPsNegativeTestJSON-1149884508', 'user_domain_id': 'default', 'user_domain_name': 'Default', 'user_id': '5a2c522ffc7c4bc49685e3d8d3aa21ce', 'system': None}, Network: None, Subnet: None, Router: None
2025-01-16 08:04:37.402 68507 INFO tempest.lib.common.rest_client [req-0f3e2291-2380-414b-abe9-0b9b65e844b5 req-0f3e2291-2380-414b-abe9-0b9b65e844b5 ] Request (ServersTestJSON:test_create_server_specify_multibyte_character_name): 202 POST http://10.180.1.21/compute/v2.1/servers 1.165s
2025-01-16 08:04:37.425 68531 INFO tempest.lib.common.rest_client [req-d8bf96f7-f6b2-4acd-b757-597d59a41b04 req-d8bf96f7-f6b2-4acd-b757-597d59a41b04 ] Request (SecurityGroupRulesNegativeTestJSON:tearDownClass): 200 GET http://10.180.1.21:9696/networking/v2.0/security-groups?tenant_id=dfacb6494b4c430fb483fd60931f3a93&name=default 0.121s
2025-01-16 08:04:37.462 68487 INFO tempest.lib.common.rest_client [req-7d14c311-acf5-4e77-a732-b4a0e208e54b req-7d14c311-acf5-4e77-a732-b4a0e208e54b ] Request (FloatingIPsNegativeTestJSON:setUpClass): 201 POST http://10.180.1.21/identity/v3/auth/tokens 0.115s
2025-01-16 08:04:37.508 68539 INFO tempest.lib.common.rest_client [req-c04baf0f-7d4b-4f10-9005-56c3114138c7 req-c04baf0f-7d4b-4f10-9005-56c3114138c7 ] Request (VolumesAdminNegativeTest:test_update_attached_volume_with_nonexistent_volume_in_body): 200 GET http://10.180.1.21/compute/v2.1/servers/bb952207-9905-4a12-a189-94d00a8d1066 0.914s
2025-01-16 08:04:37.547 68521 INFO tempest.lib.common.rest_client [req-d95b6119-e328-417e-abbc-0c24f588db5b req-d95b6119-e328-417e-abbc-0c24f588db5b ] Request (AttachInterfacesUnderV243Test:test_add_remove_fixed_ip): 200 GET http://10.180.1.21/compute/v2.1/servers/84c5cb88-aad9-4b81-9dca-866ddcf0e8f5 0.886s
2025-01-16 08:04:37.577 68511 INFO tempest.lib.common.rest_client [req-0733bdca-34ef-440a-bdaf-7f3e5a78057a req-0733bdca-34ef-440a-bdaf-7f3e5a78057a ] Request (HostsAdminNegativeTestJSON:tearDownClass): 204 DELETE http://10.180.1.21/identity/v3/projects/92328bed9e8a490ab725616aa29cddd1 0.236s
2025-01-16 08:04:37.577 68511 INFO tempest.lib.common.dynamic_creds [-] Deleting project and security group for project: 6f557f1c6c0645aeaa75d9fead2dfba4
2025-01-16 08:04:37.581 68545 INFO tempest.lib.common.rest_client [req-70e3c039-2fc0-469b-a361-a71459809974 req-70e3c039-2fc0-469b-a361-a71459809974 ] Request (ServerActionsTestOtherA:setUpClass): 201 POST http://10.180.1.21:9696/networking/v2.0/routers 3.629s
2025-01-16 08:04:37.605 68493 INFO tempest.lib.common.rest_client [req-c910d2ec-2aa6-4272-a3b4-0a055c69128b req-c910d2ec-2aa6-4272-a3b4-0a055c69128b ] Request (ImagesNegativeTestJSON:test_create_image_from_deleted_server): 200 GET http://10.180.1.21/compute/v2.1/servers/9beac522-ed31-4100-a9d1-ffa100f36dcc 0.882s
2025-01-16 08:04:37.656 68541 INFO tempest.lib.common.rest_client [req-2f001528-c5d0-4fd2-bb49-b50c71f9a5a3 req-2f001528-c5d0-4fd2-bb49-b50c71f9a5a3 ] Request (ServerActionsV293TestJSON:setUpClass): 200 GET http://10.180.1.21/volume/v3/volumes/b7436b51-324a-4095-8853-2ef360ee5163 0.072s
2025-01-16 08:04:37.705 68501 INFO tempest.lib.common.rest_client [req-7959eb84-8ee0-4b18-8751-61c362be0284 req-7959eb84-8ee0-4b18-8751-61c362be0284 ] Request (AggregatesAdminNegativeTestJSON:_run_cleanups): 200 POST http://10.180.1.21/compute/v2.1/os-aggregates/7/action 0.976s
2025-01-16 08:04:37.742 68485 INFO tempest.lib.common.rest_client [req-c2d08397-fa0c-46ca-8a85-588d9016eede req-c2d08397-fa0c-46ca-8a85-588d9016eede ] Request (FlavorsV2TestJSON:test_list_flavors_using_marker): 200 GET http://10.180.1.21/compute/v2.1/flavors?marker=42 0.997s
2025-01-16 08:04:37.759 68517 INFO tempest.lib.common.rest_client [req-cd12ab8c-2877-44eb-8468-5a0fc1108ba0 req-cd12ab8c-2877-44eb-8468-5a0fc1108ba0 ] Request (FlavorsAdminTestJSON:test_is_public_string_variations): 200 GET http://10.180.1.21/compute/v2.1/flavors/detail?is_public=t 1.003s
2025-01-16 08:04:37.767 68547 INFO tempest.lib.common.rest_client [req-29c31786-9a4a-41c5-b094-683c21a83984 req-29c31786-9a4a-41c5-b094-683c21a83984 ] Request (FlavorsAccessNegativeTestJSON:tearDownClass): 204 DELETE http://10.180.1.21:9696/networking/v2.0/security-groups/6020becf-20a4-40cf-9c72-f361f2f6d698 0.566s
2025-01-16 08:04:37.880 68547 INFO tempest.lib.common.rest_client [req-2ad2908c-76dd-47d2-b8ed-78312282650d req-2ad2908c-76dd-47d2-b8ed-78312282650d ] Request (FlavorsAccessNegativeTestJSON:tearDownClass): 204 DELETE http://10.180.1.21/identity/v3/projects/3a89c365f31c456c86e2374e60768e8a 0.112s
2025-01-16 08:04:37.903 68533 INFO tempest.lib.common.rest_client [req-1b3a0e8d-f65e-46fa-b698-ed1d75e0eb6b req-1b3a0e8d-f65e-46fa-b698-ed1d75e0eb6b ] Request (ListServersNegativeTestJSON:setUpClass): 200 GET http://10.180.1.21/compute/v2.1/servers/55374085-f0cc-45b1-8f65-3559902cc838 1.025s
2025-01-16 08:04:37.953 68513 INFO tempest.lib.common.rest_client [req-75036037-6882-41ab-8f10-81e4f236248f req-75036037-6882-41ab-8f10-81e4f236248f ] Request (DeleteServersTestJSON:test_delete_active_server): 204 DELETE http://10.180.1.21/compute/v2.1/servers/ca004526-9a21-4d6c-a033-f9964f1cb9c2 1.224s
2025-01-16 08:04:37.988 68547 INFO tempest.lib.common.rest_client [req-2addda0c-d454-4e06-a66f-a4f5d3ae19f2 req-2addda0c-d454-4e06-a66f-a4f5d3ae19f2 ] Request (FlavorsV2NegativeTest:setUpClass): 201 POST http://10.180.1.21/identity/v3/auth/tokens 0.105s
2025-01-16 08:04:38.024 68491 INFO tempest.lib.common.rest_client [req-124d758f-f942-45f7-9b04-95347d22311c req-124d758f-f942-45f7-9b04-95347d22311c ] Request (TenantUsagesTestJSON:setUpClass): 200 GET http://10.180.1.21/compute/v2.1/servers/4af55a8c-1f23-4e72-a945-aff479b9c450 1.121s
2025-01-16 08:04:38.033 68547 INFO tempest.lib.common.rest_client [req-3be2cc5c-814c-4407-9e78-9fa4b071c969 req-3be2cc5c-814c-4407-9e78-9fa4b071c969 ] Request (FlavorsV2NegativeTest:setUpClass): 201 POST http://10.180.1.21/identity/v3/auth/tokens 0.041s
2025-01-16 08:04:38.042 68535 INFO tempest.lib.common.rest_client [req-f71b8ab7-3b08-4084-ae38-4991ba101174 req-f71b8ab7-3b08-4084-ae38-4991ba101174 ] Request (ListImageFiltersTestJSON:setUpClass): 200 GET http://10.180.1.21/compute/v2.1/servers/80c94d56-773a-499b-a207-a3f11a14c32b 1.020s
2025-01-16 08:04:38.062 68547 INFO tempest.lib.common.rest_client [req-a84dc1cf-9d21-4c9d-aa81-88e835d8c53a req-a84dc1cf-9d21-4c9d-aa81-88e835d8c53a ] Request (FlavorsV2NegativeTest:setUpClass): 200 GET http://10.180.1.21/identity/v3/domains?name=Default 0.029s
2025-01-16 08:04:38.093 68547 INFO tempest.lib.common.rest_client [req-fa66c6ce-5e0f-4f9c-be8f-34716a0d5ce5 req-fa66c6ce-5e0f-4f9c-be8f-34716a0d5ce5 ] Request (FlavorsV2NegativeTest:setUpClass): 201 POST http://10.180.1.21/identity/v3/projects 0.031s
2025-01-16 08:04:38.109 68525 INFO tempest.lib.common.rest_client [req-ce42bb86-05e7-4cba-818d-d99e0587031e req-ce42bb86-05e7-4cba-818d-d99e0587031e ] Request (FloatingIPsAssociationNegativeTestJSON:setUpClass): 200 GET http://10.180.1.21/compute/v2.1/servers/6ea23640-3ef0-4a2e-aa75-203c03edf386 1.002s
2025-01-16 08:04:38.115 68511 INFO tempest.lib.common.rest_client [req-cc7f608b-b898-442c-b6b2-2a05e7e29706 req-cc7f608b-b898-442c-b6b2-2a05e7e29706 ] Request (HostsAdminNegativeTestJSON:tearDownClass): 200 GET http://10.180.1.21:9696/networking/v2.0/security-groups?tenant_id=6f557f1c6c0645aeaa75d9fead2dfba4&name=default 0.538s
2025-01-16 08:04:38.134 68505 INFO tempest.lib.common.rest_client [req-b9825a9f-2211-4537-8a1f-0e945d479bac req-b9825a9f-2211-4537-8a1f-0e945d479bac ] Request (MigrationsAdminTest:test_resize_server_revert_deleted_flavor): 200 GET http://10.180.1.21/compute/v2.1/servers/0a178974-018c-410a-a901-c9e984be8ebf 0.988s
2025-01-16 08:04:38.171 68547 INFO tempest.lib.common.rest_client [req-4fce51c1-888b-4a6d-8706-e84888181e32 req-4fce51c1-888b-4a6d-8706-e84888181e32 ] Request (FlavorsV2NegativeTest:setUpClass): 201 POST http://10.180.1.21/identity/v3/users 0.077s
2025-01-16 08:04:38.182 68531 INFO tempest.lib.common.rest_client [req-0bf839a3-ec4e-4fae-9718-38ed06331bd7 req-0bf839a3-ec4e-4fae-9718-38ed06331bd7 ] Request (SecurityGroupRulesNegativeTestJSON:tearDownClass): 204 DELETE http://10.180.1.21:9696/networking/v2.0/security-groups/db2f78e3-4ebb-458f-9cd6-4958bce87960 0.756s
2025-01-16 08:04:38.197 68547 INFO tempest.lib.common.rest_client [req-67ba503c-d258-488f-9667-20aa97858649 req-67ba503c-d258-488f-9667-20aa97858649 ] Request (FlavorsV2NegativeTest:setUpClass): 200 GET http://10.180.1.21/identity/v3/roles 0.026s
2025-01-16 08:04:38.202 68537 INFO tempest.lib.common.rest_client [req-866a4fe8-b09a-41d7-9511-eb6a80c94e16 req-866a4fe8-b09a-41d7-9511-eb6a80c94e16 ] Request (DeleteServersAdminTestJSON:test_delete_server_while_in_error_state): 200 GET http://10.180.1.21/compute/v2.1/servers/8c17919f-3941-4f1b-84fd-bf30d64dceb0 0.946s
2025-01-16 08:04:38.222 68507 INFO tempest.lib.common.rest_client [req-218d8990-91a7-4c2c-920f-957f6f005304 req-218d8990-91a7-4c2c-920f-957f6f005304 ] Request (ServersTestJSON:test_create_server_specify_multibyte_character_name): 200 GET http://10.180.1.21/compute/v2.1/servers/d5839caf-2cfa-42ae-84f4-145f5ae614a0 0.818s
2025-01-16 08:04:38.248 68547 INFO tempest.lib.common.rest_client [req-8562ed5d-fdb6-4535-a346-adcf5f1e1d0e req-8562ed5d-fdb6-4535-a346-adcf5f1e1d0e ] Request (FlavorsV2NegativeTest:setUpClass): 204 PUT http://10.180.1.21/identity/v3/projects/943a52c59d49465eb5f061dbd5645b93/users/66fecd2c1cdb44dbab39b28db57b12ce/roles/4546a95ccd6d4b35949e220ab777cc71 0.050s
2025-01-16 08:04:38.249 68547 INFO tempest.lib.common.dynamic_creds [-] Dynamic test user 66fecd2c1cdb44dbab39b28db57b12ce is created with scope project and roles: ['member']
2025-01-16 08:04:38.249 68547 INFO tempest.lib.common.dynamic_creds [-] Acquired dynamic creds: credentials: Credentials: {'domain_id': 'default', 'domain_name': 'Default', 'username': 'tempest-FlavorsV2NegativeTest-367971046-project-member', 'project_domain_id': 'default', 'project_domain_name': 'Default', 'project_id': '943a52c59d49465eb5f061dbd5645b93', 'project_name': 'tempest-FlavorsV2NegativeTest-367971046', 'tenant_id': '943a52c59d49465eb5f061dbd5645b93', 'tenant_name': 'tempest-FlavorsV2NegativeTest-367971046', 'user_domain_id': 'default', 'user_domain_name': 'Default', 'user_id': '66fecd2c1cdb44dbab39b28db57b12ce', 'system': None}, Network: None, Subnet: None, Router: None
2025-01-16 08:04:38.249 68547 INFO tempest.lib.common.dynamic_creds [-] Created isolated network resources for: credentials: Credentials: {'domain_id': 'default', 'domain_name': 'Default', 'username': 'tempest-FlavorsV2NegativeTest-367971046-project-member', 'project_domain_id': 'default', 'project_domain_name': 'Default', 'project_id': '943a52c59d49465eb5f061dbd5645b93', 'project_name': 'tempest-FlavorsV2NegativeTest-367971046', 'tenant_id': '943a52c59d49465eb5f061dbd5645b93', 'tenant_name': 'tempest-FlavorsV2NegativeTest-367971046', 'user_domain_id': 'default', 'user_domain_name': 'Default', 'user_id': '66fecd2c1cdb44dbab39b28db57b12ce', 'system': None}, Network: None, Subnet: None, Router: None
2025-01-16 08:04:38.275 68531 INFO tempest.lib.common.rest_client [req-71b2c5db-dc61-4b48-a04f-e3f574621be4 req-71b2c5db-dc61-4b48-a04f-e3f574621be4 ] Request (SecurityGroupRulesNegativeTestJSON:tearDownClass): 204 DELETE http://10.180.1.21/identity/v3/projects/dfacb6494b4c430fb483fd60931f3a93 0.093s
2025-01-16 08:04:38.326 68503 INFO tempest.lib.common.rest_client [req-38687597-f23e-4400-8c09-fd4c9670c0b1 req-38687597-f23e-4400-8c09-fd4c9670c0b1 ] Request (ImagesOneServerTestJSON:setUpClass): 200 GET http://10.180.1.21/compute/v2.1/servers/a23ca971-e08f-463f-bab3-46d5d7b91cda 0.911s
2025-01-16 08:04:38.354 68529 INFO tempest.lib.common.rest_client [req-670ea5d3-7792-4aba-ae8f-7259021fd6cc req-670ea5d3-7792-4aba-ae8f-7259021fd6cc ] Request (VolumesAssistedSnapshotsTest:test_volume_assisted_snapshot_create_delete): 200 GET http://10.180.1.21/compute/v2.1/servers/c15b6ab2-6657-48bb-b992-2d30a2ae54d3 0.864s
