2025-01-16 08:05:31.634 68529 INFO tempest.lib.common.rest_client [req-64a43131-ac53-40c0-bb87-11bc0a149e68 req-64a43131-ac53-40c0-bb87-11bc0a149e68 ] Request (ServersTestJSON:setUpClass): 200 GET http://10.180.1.21/compute/v2.1/servers/1504489e-14ed-496f-874e-03be8429bbe8 0.289s
2025-01-16 08:05:31.644 68547 INFO tempest.lib.common.rest_client [req-69d63006-764f-451f-ac36-8aedb26bd58a req-69d63006-764f-451f-ac36-8aedb26bd58a ] Request (InstanceActionsNegativeTestJSON:setUpClass): 200 GET http://10.180.1.21/compute/v2.1/servers/9f269471-9c27-4479-9494-b67e41dd55e7 0.320s
2025-01-16 08:05:31.691 68485 INFO tempest.lib.common.rest_client [req-536eb8a5-f8f8-4879-9b3c-01670d33bb42 req-536eb8a5-f8f8-4879-9b3c-01670d33bb42 ] Request (ServerMetadataNegativeTestJSON:setUpClass): 200 GET http://10.180.1.21/compute/v2.1/servers/c4c302a7-9571-452c-a208-2fe2ef99aa6d 0.287s
2025-01-16 08:05:31.748 68489 INFO tempest.lib.common.rest_client [req-9009c5e6-1dd6-4980-a563-7f18fc965668 req-9009c5e6-1dd6-4980-a563-7f18fc965668 ] Request (InstanceActionsTestJSON:setUpClass): 200 GET http://10.180.1.21/compute/v2.1/servers/b4217ee8-62a6-4902-8dae-bfdad8eca7be 0.208s
2025-01-16 08:05:31.797 68497 INFO tempest.lib.common.rest_client [req-50f960f3-e215-495b-af99-5a2617b38019 req-50f960f3-e215-495b-af99-5a2617b38019 ] Request (ServersWithSpecificFlavorTestJSON:test_verify_created_server_ephemeral_disk): 200 GET http://10.180.1.21/compute/v2.1/servers/c1b0c88d-a23d-4b9d-91a8-adb25967c228 0.317s
2025-01-16 08:05:31.854 68505 INFO tempest.lib.common.rest_client [req-1658a839-1d7d-43b4-99eb-cd355630b2f1 req-1658a839-1d7d-43b4-99eb-cd355630b2f1 ] Request (MigrationsAdminTest:test_resize_server_revert_deleted_flavor): 200 GET http://10.180.1.21/compute/v2.1/servers/0a178974-018c-410a-a901-c9e984be8ebf 0.249s
2025-01-16 08:05:31.862 68533 INFO tempest.lib.common.rest_client [req-75d85d48-7a1b-4efa-8cd0-c3cfa212a212 req-75d85d48-7a1b-4efa-8cd0-c3cfa212a212 ] Request (ListServersNegativeTestJSON:setUpClass): 200 GET http://10.180.1.21/compute/v2.1/servers/f3aecbb2-c186-41c8-9aaa-d5adda951718 0.273s
2025-01-16 08:05:31.907 68499 INFO tempest.lib.common.rest_client [req-4c2c412b-4685-4add-9104-56cc67018dd9 req-4c2c412b-4685-4add-9104-56cc67018dd9 ] Request (ServerRescueNegativeTestJSON:setUpClass): 200 GET http://10.180.1.21/compute/v2.1/servers/d1aecebc-401e-45ff-805e-c038722f4cad 0.258s
2025-01-16 08:05:31.922 68515 INFO tempest.lib.common.rest_client [req-681d57c1-7907-4f4a-8559-beb692911398 req-681d57c1-7907-4f4a-8559-beb692911398 ] Request (SecurityGroupsTestJSON:test_list_security_groups_by_server): 200 GET http://10.180.1.21/compute/v2.1/servers/72f4eeb0-6ad4-4628-9d92-399e8a2c1a56 0.188s
2025-01-16 08:05:31.974 68495 INFO tempest.lib.common.rest_client [req-d2aae05b-99f7-47bc-837e-93968c64106c req-d2aae05b-99f7-47bc-837e-93968c64106c ] Request (ServerDiskConfigTestJSON:test_rebuild_server_with_auto_disk_config): 200 GET http://10.180.1.21/compute/v2.1/servers/6dd6c113-8f6d-49a8-9323-ce390362a034 0.181s
2025-01-16 08:05:32.022 68491 INFO tempest.lib.common.rest_client [req-6c7571c2-384a-496b-a5e5-d71c0ca20705 req-6c7571c2-384a-496b-a5e5-d71c0ca20705 ] Request (TenantUsagesTestJSON:setUpClass): 200 GET http://10.180.1.21/compute/v2.1/servers/4af55a8c-1f23-4e72-a945-aff479b9c450 0.285s
2025-01-16 08:05:32.029 68517 INFO tempest.lib.common.rest_client [req-05075a93-fd02-4050-b618-a7c58a34c71c req-05075a93-fd02-4050-b618-a7c58a34c71c ] Request (ServerDiagnosticsV248Test:test_get_server_diagnostics): 200 GET http://10.180.1.21/compute/v2.1/servers/d4d8221d-778d-43c5-acfe-84aaa2424b5a 0.225s
2025-01-16 08:05:32.077 68487 INFO tempest.lib.common.rest_client [req-c3208f4c-945b-4087-9545-450f9ccc837b req-c3208f4c-945b-4087-9545-450f9ccc837b ] Request (ServerPasswordTestJSON:setUpClass): 200 GET http://10.180.1.21/compute/v2.1/servers/36cf27ca-350f-480b-bba3-fb29db7f176f 0.213s
2025-01-16 08:05:32.077 68531 INFO tempest.lib.common.rest_client [req-2e425257-e705-4eea-a47c-b12b36e241c9 req-2e425257-e705-4eea-a47c-b12b36e241c9 ] Request (ListServerFiltersTestJSON:setUpClass): 200 GET http://10.180.1.21/compute/v2.1/servers/68d9ebdd-312b-4823-99b4-01b3ff895561 0.235s
2025-01-16 08:05:32.130 68493 INFO tempest.lib.common.rest_client [req-254a8d61-5bb1-4d10-9d9c-c47586cdafdc req-254a8d61-5bb1-4d10-9d9c-c47586cdafdc ] Request (ServerTagsTestJSON:setUpClass): 200 GET http://10.180.1.21/compute/v2.1/servers/421efe71-8164-46e8-9a64-6dc12c366025 0.193s
2025-01-16 08:05:32.134 68543 INFO tempest.lib.common.rest_client [req-8c9a52f3-8b5c-4ffd-ab03-3cb184a41022 req-8c9a52f3-8b5c-4ffd-ab03-3cb184a41022 ] Request (ServersAdmin275Test:_run_cleanups): 200 GET http://10.180.1.21/compute/v2.1/servers/bfb2f00f-c783-4d47-ad28-3de6eff3f77a 0.137s
2025-01-16 08:05:32.195 68503 INFO tempest.lib.common.rest_client [req-bb01e259-0416-4772-b98d-c42ec95fa0b9 req-bb01e259-0416-4772-b98d-c42ec95fa0b9 ] Request (AttachInterfacesV270Test:test_create_get_list_interfaces): 200 GET http://10.180.1.21/compute/v2.1/servers/b6d3ef08-a9b2-49db-9404-aa68bc2139c1 0.092s
2025-01-16 08:05:32.195 68511 INFO tempest.lib.common.rest_client [req-1b8bb2d0-c435-431c-81e9-3489e1c4b31c req-1b8bb2d0-c435-431c-81e9-3489e1c4b31c ] Request (ServerDiagnosticsNegativeTest:test_get_server_diagnostics_by_non_admin): 200 GET http://10.180.1.21/compute/v2.1/servers/b95d2abb-6ac4-4f1c-8dad-ee39c0f27d98 0.148s
2025-01-16 08:05:32.231 68535 INFO tempest.lib.common.rest_client [req-ded2f7bb-33f0-40d4-be6c-68111b046877 req-ded2f7bb-33f0-40d4-be6c-68111b046877 ] Request (ListImageFiltersTestJSON:setUpClass): 200 GET http://10.180.1.21/compute/v2.1/images/f2e9b3e6-4fea-497c-bfea-b3eccbf8a259 0.095s
2025-01-16 08:05:32.260 68507 INFO tempest.lib.common.rest_client [req-345a434b-67d4-4377-ae35-fa830709036b req-345a434b-67d4-4377-ae35-fa830709036b ] Request (ServersTestJSON:test_create_server_specify_multibyte_character_name): 200 GET http://10.180.1.21/compute/v2.1/servers/d5839caf-2cfa-42ae-84f4-145f5ae614a0 0.071s
2025-01-16 08:05:32.430 68545 INFO tempest.lib.common.rest_client [req-c28bb3c3-9dba-4664-a5bc-cb06e3e3cf24 req-c28bb3c3-9dba-4664-a5bc-cb06e3e3cf24 ] Request (ServerActionsTestOtherA:setUpClass): 200 GET http://10.180.1.21/compute/v2.1/servers/a06e85bc-af77-404c-a50b-312dd60ae1c6 0.073s
2025-01-16 08:05:32.452 68537 INFO tempest.lib.common.rest_client [req-646078ca-92e6-4385-a1b7-8111d64d8ca0 req-646078ca-92e6-4385-a1b7-8111d64d8ca0 ] Request (DeleteServersAdminTestJSON:test_delete_server_while_in_error_state): 200 GET http://10.180.1.21/compute/v2.1/servers/8c17919f-3941-4f1b-84fd-bf30d64dceb0 0.150s
2025-01-16 08:05:32.460 68537 INFO tempest.common.waiters [-] State transition "BUILD/block_device_mapping" ==> "BUILD/spawning" after 67 second wait
2025-01-16 08:05:32.509 68519 INFO tempest.lib.common.rest_client [req-896cecff-d345-473c-b688-7ca957df6b01 req-896cecff-d345-473c-b688-7ca957df6b01 ] Request (ServerAddressesNegativeTestJSON:setUpClass): 200 GET http://10.180.1.21/compute/v2.1/servers/a7fe6c49-4623-49a6-826d-37a2bb790206 0.105s
2025-01-16 08:05:32.534 68541 INFO tempest.lib.common.rest_client [req-ddfad35a-2f88-4ce8-b7fb-36093b05a74e req-ddfad35a-2f88-4ce8-b7fb-36093b05a74e ] Request (ServerActionsV293TestJSON:setUpClass): 200 GET http://10.180.1.21/compute/v2.1/servers/ff21fe8f-e07a-4781-b692-9f585afab706 0.108s
2025-01-16 08:05:32.575 68513 INFO tempest.lib.common.rest_client [req-ef2f099c-6969-4142-b519-1916cc903e21 req-ef2f099c-6969-4142-b519-1916cc903e21 ] Request (DeleteServersTestJSON:test_delete_server_while_in_attached_volume): 200 GET http://10.180.1.21/compute/v2.1/servers/fa966014-68a1-4418-828e-a0f28d90ddeb 0.110s
2025-01-16 08:05:32.595 68509 INFO tempest.lib.common.rest_client [req-e39c781f-95e2-439f-a745-ad4b94938a91 req-e39c781f-95e2-439f-a745-ad4b94938a91 ] Request (FloatingIPsAssociationTestJSON:test_associate_already_associated_floating_ip): 200 GET http://10.180.1.21/compute/v2.1/servers/29473c85-120a-4c82-b22b-cff8d37e98cd 0.108s
2025-01-16 08:05:32.637 68521 INFO tempest.lib.common.rest_client [req-7e18587f-7c49-4d98-b7b2-0b2b7f5b65ce req-7e18587f-7c49-4d98-b7b2-0b2b7f5b65ce ] Request (AttachInterfacesUnderV243Test:test_add_remove_fixed_ip): 200 GET http://10.180.1.21/compute/v2.1/servers/84c5cb88-aad9-4b81-9dca-866ddcf0e8f5 0.097s
2025-01-16 08:05:32.646 68521 INFO tempest.common.waiters [-] State transition "BUILD/None" ==> "BUILD/networking" after 62 second wait
2025-01-16 08:05:32.652 68501 INFO tempest.lib.common.rest_client [req-350f4dee-8383-4c60-90fa-2530ce99cbfe req-350f4dee-8383-4c60-90fa-2530ce99cbfe ] Request (ServersTestMultiNic:test_verify_duplicate_network_nics): 200 GET http://10.180.1.21/compute/v2.1/servers/5fd07b81-1348-4194-ab20-437cb5c61dfa 0.108s
2025-01-16 08:05:32.690 68523 INFO tempest.lib.common.rest_client [req-f29c7c33-ab96-4458-bf3c-17db5657baf2 req-f29c7c33-ab96-4458-bf3c-17db5657baf2 ] Request (ServerActionsTestJSON:setUpClass): 200 GET http://10.180.1.21/compute/v2.1/servers/4bffe146-0b5f-4141-b83c-6974834803bd 0.090s
2025-01-16 08:05:32.712 68525 INFO tempest.lib.common.rest_client [req-05162218-387f-48aa-98ab-8dd8451dca2a req-05162218-387f-48aa-98ab-8dd8451dca2a ] Request (FloatingIPsAssociationNegativeTestJSON:tearDownClass): 200 GET http://10.180.1.21/compute/v2.1/servers/6ea23640-3ef0-4a2e-aa75-203c03edf386 0.110s
2025-01-16 08:05:32.746 68529 INFO tempest.lib.common.rest_client [req-e3a2a13b-41c7-4889-8369-1d49ce90d8a1 req-e3a2a13b-41c7-4889-8369-1d49ce90d8a1 ] Request (ServersTestJSON:setUpClass): 200 GET http://10.180.1.21/compute/v2.1/servers/1504489e-14ed-496f-874e-03be8429bbe8 0.103s
2025-01-16 08:05:32.758 68539 WARNING tempest.lib.common.ssh [-] Failed to establish authenticated ssh connection to cirros@10.180.180.232 ([Errno None] Unable to connect to port 22 on 10.180.180.232). Number attempts: 2. Retry after 3 seconds.: paramiko.ssh_exception.NoValidConnectionsError: [Errno None] Unable to connect to port 22 on 10.180.180.232
2025-01-16 08:05:32.768 68547 INFO tempest.lib.common.rest_client [req-47723433-9f41-4531-813b-d5c88745aec8 req-47723433-9f41-4531-813b-d5c88745aec8 ] Request (InstanceActionsNegativeTestJSON:setUpClass): 200 GET http://10.180.1.21/compute/v2.1/servers/9f269471-9c27-4479-9494-b67e41dd55e7 0.115s
2025-01-16 08:05:32.795 68485 INFO tempest.lib.common.rest_client [req-a4ce4635-0d8c-4b4f-ad6c-ed142522d399 req-a4ce4635-0d8c-4b4f-ad6c-ed142522d399 ] Request (ServerMetadataNegativeTestJSON:setUpClass): 200 GET http://10.180.1.21/compute/v2.1/servers/c4c302a7-9571-452c-a208-2fe2ef99aa6d 0.096s
2025-01-16 08:05:32.821 68489 INFO tempest.lib.common.rest_client [req-dd4a3ced-3029-4eb9-9022-5b462551be90 req-dd4a3ced-3029-4eb9-9022-5b462551be90 ] Request (InstanceActionsTestJSON:setUpClass): 200 GET http://10.180.1.21/compute/v2.1/servers/b4217ee8-62a6-4902-8dae-bfdad8eca7be 0.062s
2025-01-16 08:05:32.904 68497 INFO tempest.lib.common.rest_client [req-5f7c6ec1-b2f3-401c-bc57-dafa33cb282b req-5f7c6ec1-b2f3-401c-bc57-dafa33cb282b ] Request (ServersWithSpecificFlavorTestJSON:test_verify_created_server_ephemeral_disk): 200 GET http://10.180.1.21/compute/v2.1/servers/c1b0c88d-a23d-4b9d-91a8-adb25967c228 0.099s
2025-01-16 08:05:32.925 68505 INFO tempest.lib.common.rest_client [req-42f50aa6-b620-45fa-a272-202d5a7698e5 req-42f50aa6-b620-45fa-a272-202d5a7698e5 ] Request (MigrationsAdminTest:test_resize_server_revert_deleted_flavor): 200 GET http://10.180.1.21/compute/v2.1/servers/0a178974-018c-410a-a901-c9e984be8ebf 0.060s
2025-01-16 08:05:32.978 68499 INFO tempest.lib.common.rest_client [req-1545eadb-894b-46e3-9c42-cdca3f2e1571 req-1545eadb-894b-46e3-9c42-cdca3f2e1571 ] Request (ServerRescueNegativeTestJSON:setUpClass): 200 GET http://10.180.1.21/compute/v2.1/servers/d1aecebc-401e-45ff-805e-c038722f4cad 0.063s
2025-01-16 08:05:33.014 68533 INFO tempest.lib.common.rest_client [req-810a4186-d569-4e1d-8700-1b0c4b78c657 req-810a4186-d569-4e1d-8700-1b0c4b78c657 ] Request (ListServersNegativeTestJSON:setUpClass): 200 GET http://10.180.1.21/compute/v2.1/servers/f3aecbb2-c186-41c8-9aaa-d5adda951718 0.145s
2025-01-16 08:05:33.038 68515 INFO tempest.lib.common.rest_client [req-56857156-0128-4306-bd0e-81f1afcf8d7c req-56857156-0128-4306-bd0e-81f1afcf8d7c ] Request (SecurityGroupsTestJSON:test_list_security_groups_by_server): 200 GET http://10.180.1.21/compute/v2.1/servers/72f4eeb0-6ad4-4628-9d92-399e8a2c1a56 0.101s
2025-01-16 08:05:33.089 68495 INFO tempest.lib.common.rest_client [req-d8ae4708-22ae-4173-8431-e71a80ee39e1 req-d8ae4708-22ae-4173-8431-e71a80ee39e1 ] Request (ServerDiskConfigTestJSON:test_rebuild_server_with_auto_disk_config): 200 GET http://10.180.1.21/compute/v2.1/servers/6dd6c113-8f6d-49a8-9323-ce390362a034 0.107s
2025-01-16 08:05:33.146 68517 INFO tempest.lib.common.rest_client [req-e2be7e9d-4d31-44f3-abd6-945a5f268a69 req-e2be7e9d-4d31-44f3-abd6-945a5f268a69 ] Request (ServerDiagnosticsV248Test:test_get_server_diagnostics): 200 GET http://10.180.1.21/compute/v2.1/servers/d4d8221d-778d-43c5-acfe-84aaa2424b5a 0.103s
2025-01-16 08:05:33.148 68491 INFO tempest.lib.common.rest_client [req-e06f4dd9-52c2-42af-aad7-eb896a73b0a3 req-e06f4dd9-52c2-42af-aad7-eb896a73b0a3 ] Request (TenantUsagesTestJSON:setUpClass): 200 GET http://10.180.1.21/compute/v2.1/servers/4af55a8c-1f23-4e72-a945-aff479b9c450 0.112s
2025-01-16 08:05:33.195 68487 INFO tempest.lib.common.rest_client [req-1ca44f9d-d454-4c2c-a336-0f648d0f7b0d req-1ca44f9d-d454-4c2c-a336-0f648d0f7b0d ] Request (ServerPasswordTestJSON:setUpClass): 200 GET http://10.180.1.21/compute/v2.1/servers/36cf27ca-350f-480b-bba3-fb29db7f176f 0.110s
2025-01-16 08:05:33.201 68531 INFO tempest.lib.common.rest_client [req-a0d1910f-5c6e-4a48-b139-cf5846d69118 req-a0d1910f-5c6e-4a48-b139-cf5846d69118 ] Request (ListServerFiltersTestJSON:setUpClass): 200 GET http://10.180.1.21/compute/v2.1/servers/68d9ebdd-312b-4823-99b4-01b3ff895561 0.112s
2025-01-16 08:05:33.254 68493 INFO tempest.lib.common.rest_client [req-988c0062-1d32-4f78-8cc7-81525166151f req-988c0062-1d32-4f78-8cc7-81525166151f ] Request (ServerTagsTestJSON:setUpClass): 200 GET http://10.180.1.21/compute/v2.1/servers/421efe71-8164-46e8-9a64-6dc12c366025 0.111s
2025-01-16 08:05:33.266 68543 INFO tempest.lib.common.rest_client [req-51419622-0c4a-4e7b-a6d9-42ccef4e3231 req-51419622-0c4a-4e7b-a6d9-42ccef4e3231 ] Request (ServersAdmin275Test:_run_cleanups): 200 GET http://10.180.1.21/compute/v2.1/servers/bfb2f00f-c783-4d47-ad28-3de6eff3f77a 0.117s
2025-01-16 08:05:33.278 68543 INFO tempest.common.waiters [-] State transition "REBUILD/rebuild_spawning" ==> "ACTIVE/None" after 10 second wait
2025-01-16 08:05:33.317 68511 INFO tempest.lib.common.rest_client [req-9422227f-94b6-4248-9887-857cc9aa0fd3 req-9422227f-94b6-4248-9887-857cc9aa0fd3 ] Request (ServerDiagnosticsNegativeTest:test_get_server_diagnostics_by_non_admin): 200 GET http://10.180.1.21/compute/v2.1/servers/b95d2abb-6ac4-4f1c-8dad-ee39c0f27d98 0.112s
2025-01-16 08:05:33.323 68503 INFO tempest.lib.common.rest_client [req-9963c52b-0cd0-49a9-9431-4501666824df req-9963c52b-0cd0-49a9-9431-4501666824df ] Request (AttachInterfacesV270Test:test_create_get_list_interfaces): 200 GET http://10.180.1.21/compute/v2.1/servers/b6d3ef08-a9b2-49db-9404-aa68bc2139c1 0.112s
2025-01-16 08:05:33.348 68535 INFO tempest.lib.common.rest_client [req-8c616d33-1aa2-4eeb-881e-325da2ec331d req-8c616d33-1aa2-4eeb-881e-325da2ec331d ] Request (ListImageFiltersTestJSON:setUpClass): 200 GET http://10.180.1.21/compute/v2.1/images/f2e9b3e6-4fea-497c-bfea-b3eccbf8a259 0.112s
2025-01-16 08:05:33.376 68507 INFO tempest.lib.common.rest_client [req-2ba2969e-c4ba-47fa-9c72-23355a4afeca req-2ba2969e-c4ba-47fa-9c72-23355a4afeca ] Request (ServersTestJSON:test_create_server_specify_multibyte_character_name): 200 GET http://10.180.1.21/compute/v2.1/servers/d5839caf-2cfa-42ae-84f4-145f5ae614a0 0.106s
2025-01-16 08:05:33.421 68543 INFO tempest.lib.common.rest_client [req-e19fd9fc-ac3b-4364-b347-067b0c7ca6e6 req-e19fd9fc-ac3b-4364-b347-067b0c7ca6e6 ] Request (ServersAdmin275Test:tearDownClass): 204 DELETE http://10.180.1.21/compute/v2.1/servers/bfb2f00f-c783-4d47-ad28-3de6eff3f77a 0.141s
2025-01-16 08:05:33.493 68545 INFO tempest.lib.common.rest_client [req-5105b318-8b57-49ca-8edd-162d61c8f120 req-5105b318-8b57-49ca-8edd-162d61c8f120 ] Request (ServerActionsTestOtherA:setUpClass): 200 GET http://10.180.1.21/compute/v2.1/servers/a06e85bc-af77-404c-a50b-312dd60ae1c6 0.054s
2025-01-16 08:05:33.495 68543 INFO tempest.lib.common.rest_client [req-a2fe0e7e-0e72-4f85-b358-7aa170930157 req-a2fe0e7e-0e72-4f85-b358-7aa170930157 ] Request (ServersAdmin275Test:tearDownClass): 200 GET http://10.180.1.21/compute/v2.1/servers/bfb2f00f-c783-4d47-ad28-3de6eff3f77a 0.073s
2025-01-16 08:05:33.585 68519 INFO tempest.lib.common.rest_client [req-2910002a-908a-4603-a820-be6879ed9abf req-2910002a-908a-4603-a820-be6879ed9abf ] Request (ServerAddressesNegativeTestJSON:setUpClass): 200 GET http://10.180.1.21/compute/v2.1/servers/a7fe6c49-4623-49a6-826d-37a2bb790206 0.067s
2025-01-16 08:05:33.652 68537 INFO tempest.lib.common.rest_client [req-59110d7b-4de9-4f76-82d1-b5c193a845e6 req-59110d7b-4de9-4f76-82d1-b5c193a845e6 ] Request (DeleteServersAdminTestJSON:test_delete_server_while_in_error_state): 200 GET http://10.180.1.21/compute/v2.1/servers/8c17919f-3941-4f1b-84fd-bf30d64dceb0 0.191s
2025-01-16 08:05:33.658 68541 INFO tempest.lib.common.rest_client [req-e37c9380-8f91-4d94-820b-d0903abff612 req-e37c9380-8f91-4d94-820b-d0903abff612 ] Request (ServerActionsV293TestJSON:setUpClass): 200 GET http://10.180.1.21/compute/v2.1/servers/ff21fe8f-e07a-4781-b692-9f585afab706 0.114s
2025-01-16 08:05:33.709 68513 INFO tempest.lib.common.rest_client [req-cfe213f3-63f5-4615-abcc-272ef562c686 req-cfe213f3-63f5-4615-abcc-272ef562c686 ] Request (DeleteServersTestJSON:test_delete_server_while_in_attached_volume): 200 GET http://10.180.1.21/compute/v2.1/servers/fa966014-68a1-4418-828e-a0f28d90ddeb 0.125s
2025-01-16 08:05:33.740 68509 INFO tempest.lib.common.rest_client [req-70b6e332-06db-4e13-93b0-a6c17a235bd2 req-70b6e332-06db-4e13-93b0-a6c17a235bd2 ] Request (FloatingIPsAssociationTestJSON:test_associate_already_associated_floating_ip): 200 GET http://10.180.1.21/compute/v2.1/servers/29473c85-120a-4c82-b22b-cff8d37e98cd 0.136s
2025-01-16 08:05:33.789 68501 INFO tempest.lib.common.rest_client [req-39735d97-da3d-4507-98c2-12128acfcd5b req-39735d97-da3d-4507-98c2-12128acfcd5b ] Request (ServersTestMultiNic:test_verify_duplicate_network_nics): 200 GET http://10.180.1.21/compute/v2.1/servers/5fd07b81-1348-4194-ab20-437cb5c61dfa 0.128s
2025-01-16 08:05:33.857 68523 INFO tempest.lib.common.rest_client [req-5414c3ed-0378-4d3f-b325-9c0775dd7c10 req-5414c3ed-0378-4d3f-b325-9c0775dd7c10 ] Request (ServerActionsTestJSON:setUpClass): 200 GET http://10.180.1.21/compute/v2.1/servers/4bffe146-0b5f-4141-b83c-6974834803bd 0.159s
2025-01-16 08:05:33.872 68521 INFO tempest.lib.common.rest_client [req-6db6c139-a491-4398-b009-a3d4546d61f4 req-6db6c139-a491-4398-b009-a3d4546d61f4 ] Request (AttachInterfacesUnderV243Test:test_add_remove_fixed_ip): 200 GET http://10.180.1.21/compute/v2.1/servers/84c5cb88-aad9-4b81-9dca-866ddcf0e8f5 0.225s
2025-01-16 08:05:33.881 68521 INFO tempest.common.waiters [-] State transition "BUILD/networking" ==> "BUILD/block_device_mapping" after 63 second wait
2025-01-16 08:05:33.924 68525 INFO tempest.lib.common.rest_client [req-4f48711b-7759-4f0a-94d7-613a8e7c564e req-4f48711b-7759-4f0a-94d7-613a8e7c564e ] Request (FloatingIPsAssociationNegativeTestJSON:tearDownClass): 200 GET http://10.180.1.21/compute/v2.1/servers/6ea23640-3ef0-4a2e-aa75-203c03edf386 0.199s
2025-01-16 08:05:33.925 68529 INFO tempest.lib.common.rest_client [req-3e1d0fae-d3bb-428f-a7f8-3b90b3798a85 req-3e1d0fae-d3bb-428f-a7f8-3b90b3798a85 ] Request (ServersTestJSON:setUpClass): 200 GET http://10.180.1.21/compute/v2.1/servers/1504489e-14ed-496f-874e-03be8429bbe8 0.170s
2025-01-16 08:05:33.975 68485 INFO tempest.lib.common.rest_client [req-28185633-6f1a-41dd-bce9-9ede9b0a12b7 req-28185633-6f1a-41dd-bce9-9ede9b0a12b7 ] Request (ServerMetadataNegativeTestJSON:setUpClass): 200 GET http://10.180.1.21/compute/v2.1/servers/c4c302a7-9571-452c-a208-2fe2ef99aa6d 0.170s
2025-01-16 08:05:33.980 68547 INFO tempest.lib.common.rest_client [req-8df8973b-67fe-4e72-8c7b-b3dac995fc0c req-8df8973b-67fe-4e72-8c7b-b3dac995fc0c ] Request (InstanceActionsNegativeTestJSON:setUpClass): 200 GET http://10.180.1.21/compute/v2.1/servers/9f269471-9c27-4479-9494-b67e41dd55e7 0.204s
2025-01-16 08:05:34.028 68489 INFO tempest.lib.common.rest_client [req-2384c662-800f-489a-bb9e-a154ab9cd297 req-2384c662-800f-489a-bb9e-a154ab9cd297 ] Request (InstanceActionsTestJSON:setUpClass): 200 GET http://10.180.1.21/compute/v2.1/servers/b4217ee8-62a6-4902-8dae-bfdad8eca7be 0.199s
2025-01-16 08:05:34.078 68505 INFO tempest.lib.common.rest_client [req-2ecc5e09-e25a-4903-8d85-ffe8fc3974d8 req-2ecc5e09-e25a-4903-8d85-ffe8fc3974d8 ] Request (MigrationsAdminTest:test_resize_server_revert_deleted_flavor): 200 GET http://10.180.1.21/compute/v2.1/servers/0a178974-018c-410a-a901-c9e984be8ebf 0.144s
2025-01-16 08:05:34.084 68497 INFO tempest.lib.common.rest_client [req-b8673ec8-ac6d-4635-9d86-847a829ea152 req-b8673ec8-ac6d-4635-9d86-847a829ea152 ] Request (ServersWithSpecificFlavorTestJSON:test_verify_created_server_ephemeral_disk): 200 GET http://10.180.1.21/compute/v2.1/servers/c1b0c88d-a23d-4b9d-91a8-adb25967c228 0.171s
2025-01-16 08:05:34.128 68499 INFO tempest.lib.common.rest_client [req-b3d500ec-4a16-4f49-9e5e-61353ae453f2 req-b3d500ec-4a16-4f49-9e5e-61353ae453f2 ] Request (ServerRescueNegativeTestJSON:setUpClass): 200 GET http://10.180.1.21/compute/v2.1/servers/d1aecebc-401e-45ff-805e-c038722f4cad 0.138s
2025-01-16 08:05:34.182 68515 INFO tempest.lib.common.rest_client [req-e2f8ac26-77cc-4e56-a978-837c379b0ecc req-e2f8ac26-77cc-4e56-a978-837c379b0ecc ] Request (SecurityGroupsTestJSON:test_list_security_groups_by_server): 200 GET http://10.180.1.21/compute/v2.1/servers/72f4eeb0-6ad4-4628-9d92-399e8a2c1a56 0.128s
2025-01-16 08:05:34.187 68533 INFO tempest.lib.common.rest_client [req-098f55f2-e148-4011-9bdd-c2fe7d0c5cde req-098f55f2-e148-4011-9bdd-c2fe7d0c5cde ] Request (ListServersNegativeTestJSON:setUpClass): 200 GET http://10.180.1.21/compute/v2.1/servers/f3aecbb2-c186-41c8-9aaa-d5adda951718 0.162s
2025-01-16 08:05:34.195 68533 INFO tempest.common.waiters [-] State transition "BUILD/spawning" ==> "ACTIVE/None" after 4 second wait
2025-01-16 08:05:34.235 68495 INFO tempest.lib.common.rest_client [req-a3331786-ba75-426d-bf4a-2319ed6109e4 req-a3331786-ba75-426d-bf4a-2319ed6109e4 ] Request (ServerDiskConfigTestJSON:test_rebuild_server_with_auto_disk_config): 200 GET http://10.180.1.21/compute/v2.1/servers/6dd6c113-8f6d-49a8-9323-ce390362a034 0.138s
2025-01-16 08:05:34.241 68517 INFO tempest.lib.common.rest_client [req-223a0336-3257-4c5a-826a-bd339c93b284 req-223a0336-3257-4c5a-826a-bd339c93b284 ] Request (ServerDiagnosticsV248Test:test_get_server_diagnostics): 200 GET http://10.180.1.21/compute/v2.1/servers/d4d8221d-778d-43c5-acfe-84aaa2424b5a 0.082s
2025-01-16 08:05:34.314 68533 INFO tempest.lib.common.rest_client [req-888735af-b026-4231-aa3e-0a2826d87c31 req-888735af-b026-4231-aa3e-0a2826d87c31 ] Request (ListServersNegativeTestJSON:setUpClass): 204 DELETE http://10.180.1.21/compute/v2.1/servers/55374085-f0cc-45b1-8f65-3559902cc838 0.119s
2025-01-16 08:05:34.353 68491 INFO tempest.lib.common.rest_client [req-bf232ebe-5dec-4bcf-a3c8-ff03093b53d5 req-bf232ebe-5dec-4bcf-a3c8-ff03093b53d5 ] Request (TenantUsagesTestJSON:setUpClass): 200 GET http://10.180.1.21/compute/v2.1/servers/4af55a8c-1f23-4e72-a945-aff479b9c450 0.194s
2025-01-16 08:05:34.365 68487 INFO tempest.lib.common.rest_client [req-84b84c9d-3565-4f6c-9cf4-7d3e3b6b7d0a req-84b84c9d-3565-4f6c-9cf4-7d3e3b6b7d0a ] Request (ServerPasswordTestJSON:setUpClass): 200 GET http://10.180.1.21/compute/v2.1/servers/36cf27ca-350f-480b-bba3-fb29db7f176f 0.162s
2025-01-16 08:05:34.416 68531 INFO tempest.lib.common.rest_client [req-4f1836b1-120f-4a7a-86aa-b3834e4287b7 req-4f1836b1-120f-4a7a-86aa-b3834e4287b7 ] Request (ListServerFiltersTestJSON:setUpClass): 200 GET http://10.180.1.21/compute/v2.1/servers/68d9ebdd-312b-4823-99b4-01b3ff895561 0.206s
2025-01-16 08:05:34.422 68493 INFO tempest.lib.common.rest_client [req-5e61fb52-e770-43b8-923c-3379e510f6f1 req-5e61fb52-e770-43b8-923c-3379e510f6f1 ] Request (ServerTagsTestJSON:setUpClass): 200 GET http://10.180.1.21/compute/v2.1/servers/421efe71-8164-46e8-9a64-6dc12c366025 0.159s
2025-01-16 08:05:34.478 68511 INFO tempest.lib.common.rest_client [req-bc309324-225d-431a-a94b-16655900661f req-bc309324-225d-431a-a94b-16655900661f ] Request (ServerDiagnosticsNegativeTest:test_get_server_diagnostics_by_non_admin): 200 GET http://10.180.1.21/compute/v2.1/servers/b95d2abb-6ac4-4f1c-8dad-ee39c0f27d98 0.152s
2025-01-16 08:05:34.538 68503 INFO tempest.lib.common.rest_client [req-ee6fab37-eded-4c3c-9a65-dc4590f60d21 req-ee6fab37-eded-4c3c-9a65-dc4590f60d21 ] Request (AttachInterfacesV270Test:test_create_get_list_interfaces): 200 GET http://10.180.1.21/compute/v2.1/servers/b6d3ef08-a9b2-49db-9404-aa68bc2139c1 0.205s
2025-01-16 08:05:34.544 68533 INFO tempest.lib.common.rest_client [req-70bc665a-3983-4ab7-a737-f4d9a82fc843 req-70bc665a-3983-4ab7-a737-f4d9a82fc843 ] Request (ListServersNegativeTestJSON:setUpClass): 200 GET http://10.180.1.21/compute/v2.1/servers/55374085-f0cc-45b1-8f65-3559902cc838 0.229s
2025-01-16 08:05:34.588 68535 INFO tempest.lib.common.rest_client [req-2478d8b6-95c0-439f-9547-e608397d77b8 req-2478d8b6-95c0-439f-9547-e608397d77b8 ] Request (ListImageFiltersTestJSON:setUpClass): 200 GET http://10.180.1.21/compute/v2.1/images/f2e9b3e6-4fea-497c-bfea-b3eccbf8a259 0.235s
2025-01-16 08:05:34.627 68507 INFO tempest.lib.common.rest_client [req-909d4270-5bd1-4be6-8ae1-f0d55629fe80 req-909d4270-5bd1-4be6-8ae1-f0d55629fe80 ] Request (ServersTestJSON:test_create_server_specify_multibyte_character_name): 200 GET http://10.180.1.21/compute/v2.1/servers/d5839caf-2cfa-42ae-84f4-145f5ae614a0 0.242s
2025-01-16 08:05:34.643 68545 INFO tempest.lib.common.rest_client [req-edf7860f-704a-4ae0-a34c-707d4e9cc818 req-edf7860f-704a-4ae0-a34c-707d4e9cc818 ] Request (ServerActionsTestOtherA:setUpClass): 200 GET http://10.180.1.21/compute/v2.1/servers/a06e85bc-af77-404c-a50b-312dd60ae1c6 0.138s
2025-01-16 08:05:34.690 68543 INFO tempest.lib.common.rest_client [req-198c3a71-2bc0-41f3-b7c3-c08049250775 req-198c3a71-2bc0-41f3-b7c3-c08049250775 ] Request (ServersAdmin275Test:tearDownClass): 200 GET http://10.180.1.21/compute/v2.1/servers/bfb2f00f-c783-4d47-ad28-3de6eff3f77a 0.183s
2025-01-16 08:05:34.699 68519 INFO tempest.lib.common.rest_client [req-248ee48b-294f-4ddd-91e9-4593586a15e0 req-248ee48b-294f-4ddd-91e9-4593586a15e0 ] Request (ServerAddressesNegativeTestJSON:setUpClass): 200 GET http://10.180.1.21/compute/v2.1/servers/a7fe6c49-4623-49a6-826d-37a2bb790206 0.100s
2025-01-16 08:05:34.758 68541 INFO tempest.lib.common.rest_client [req-5e01f7c8-2551-4eda-8141-212a6dbfd109 req-5e01f7c8-2551-4eda-8141-212a6dbfd109 ] Request (ServerActionsV293TestJSON:setUpClass): 200 GET http://10.180.1.21/compute/v2.1/servers/ff21fe8f-e07a-4781-b692-9f585afab706 0.088s
2025-01-16 08:05:34.808 68513 INFO tempest.lib.common.rest_client [req-3a6654bd-d4e3-467b-8c7c-41787c8dd242 req-3a6654bd-d4e3-467b-8c7c-41787c8dd242 ] Request (DeleteServersTestJSON:test_delete_server_while_in_attached_volume): 200 GET http://10.180.1.21/compute/v2.1/servers/fa966014-68a1-4418-828e-a0f28d90ddeb 0.089s
2025-01-16 08:05:34.831 68537 INFO tempest.lib.common.rest_client [req-b2ea7311-a9a1-4246-ab3a-7d5b620e57c7 req-b2ea7311-a9a1-4246-ab3a-7d5b620e57c7 ] Request (DeleteServersAdminTestJSON:test_delete_server_while_in_error_state): 200 GET http://10.180.1.21/compute/v2.1/servers/8c17919f-3941-4f1b-84fd-bf30d64dceb0 0.164s
2025-01-16 08:05:34.868 68509 INFO tempest.lib.common.rest_client [req-527c1b02-07ed-4810-a7fe-f3426cbd9d1f req-527c1b02-07ed-4810-a7fe-f3426cbd9d1f ] Request (FloatingIPsAssociationTestJSON:test_associate_already_associated_floating_ip): 200 GET http://10.180.1.21/compute/v2.1/servers/29473c85-120a-4c82-b22b-cff8d37e98cd 0.119s
2025-01-16 08:05:34.885 68501 INFO tempest.lib.common.rest_client [req-18700f02-2c69-4a0b-9619-87214685e3d7 req-18700f02-2c69-4a0b-9619-87214685e3d7 ] Request (ServersTestMultiNic:test_verify_duplicate_network_nics): 200 GET http://10.180.1.21/compute/v2.1/servers/5fd07b81-1348-4194-ab20-437cb5c61dfa 0.085s
2025-01-16 08:05:34.925 68523 INFO tempest.lib.common.rest_client [req-f89e2e7a-7284-4314-96a8-e512242d31b2 req-f89e2e7a-7284-4314-96a8-e512242d31b2 ] Request (ServerActionsTestJSON:setUpClass): 200 GET http://10.180.1.21/compute/v2.1/servers/4bffe146-0b5f-4141-b83c-6974834803bd 0.058s
2025-01-16 08:05:34.984 68521 INFO tempest.lib.common.rest_client [req-e9fbd0a9-4db4-47e5-aaa0-eb0532e751a2 req-e9fbd0a9-4db4-47e5-aaa0-eb0532e751a2 ] Request (AttachInterfacesUnderV243Test:test_add_remove_fixed_ip): 200 GET http://10.180.1.21/compute/v2.1/servers/84c5cb88-aad9-4b81-9dca-866ddcf0e8f5 0.102s
2025-01-16 08:05:34.989 68525 INFO tempest.lib.common.rest_client [req-3231c735-b395-4971-82ae-e7d311a9c82a req-3231c735-b395-4971-82ae-e7d311a9c82a ] Request (FloatingIPsAssociationNegativeTestJSON:tearDownClass): 200 GET http://10.180.1.21/compute/v2.1/servers/6ea23640-3ef0-4a2e-aa75-203c03edf386 0.057s
2025-01-16 08:05:34.992 68521 INFO tempest.common.waiters [-] State transition "BUILD/block_device_mapping" ==> "BUILD/spawning" after 64 second wait
2025-01-16 08:05:35.035 68529 INFO tempest.lib.common.rest_client [req-85b03af4-f9e2-4c33-bb1c-d4a01b0cf977 req-85b03af4-f9e2-4c33-bb1c-d4a01b0cf977 ] Request (ServersTestJSON:setUpClass): 200 GET http://10.180.1.21/compute/v2.1/servers/1504489e-14ed-496f-874e-03be8429bbe8 0.100s
2025-01-16 08:05:35.042 68485 INFO tempest.lib.common.rest_client [req-46a2dad3-58ba-4eb0-b0dd-0b522a583776 req-46a2dad3-58ba-4eb0-b0dd-0b522a583776 ] Request (ServerMetadataNegativeTestJSON:setUpClass): 200 GET http://10.180.1.21/compute/v2.1/servers/c4c302a7-9571-452c-a208-2fe2ef99aa6d 0.058s
2025-01-16 08:05:35.093 68547 INFO tempest.lib.common.rest_client [req-b3fe8413-9938-434d-83b9-c89233256217 req-b3fe8413-9938-434d-83b9-c89233256217 ] Request (InstanceActionsNegativeTestJSON:setUpClass): 200 GET http://10.180.1.21/compute/v2.1/servers/9f269471-9c27-4479-9494-b67e41dd55e7 0.104s
2025-01-16 08:05:35.093 68489 INFO tempest.lib.common.rest_client [req-0934b9f3-eadd-4b8c-984c-8283546dea49 req-0934b9f3-eadd-4b8c-984c-8283546dea49 ] Request (InstanceActionsTestJSON:setUpClass): 200 GET http://10.180.1.21/compute/v2.1/servers/b4217ee8-62a6-4902-8dae-bfdad8eca7be 0.056s
2025-01-16 08:05:35.144 68505 INFO tempest.lib.common.rest_client [req-8892d104-2bf2-4dc6-a501-01b9b78ecea5 req-8892d104-2bf2-4dc6-a501-01b9b78ecea5 ] Request (MigrationsAdminTest:test_resize_server_revert_deleted_flavor): 200 GET http://10.180.1.21/compute/v2.1/servers/0a178974-018c-410a-a901-c9e984be8ebf 0.057s
2025-01-16 08:05:35.198 68499 INFO tempest.lib.common.rest_client [req-f6a52c32-aa8f-41c7-9052-5a643e5f01ab req-f6a52c32-aa8f-41c7-9052-5a643e5f01ab ] Request (ServerRescueNegativeTestJSON:setUpClass): 200 GET http://10.180.1.21/compute/v2.1/servers/d1aecebc-401e-45ff-805e-c038722f4cad 0.062s
2025-01-16 08:05:35.256 68515 INFO tempest.lib.common.rest_client [req-368d8686-d4c3-486b-abb3-50a61d40d211 req-368d8686-d4c3-486b-abb3-50a61d40d211 ] Request (SecurityGroupsTestJSON:test_list_security_groups_by_server): 200 GET http://10.180.1.21/compute/v2.1/servers/72f4eeb0-6ad4-4628-9d92-399e8a2c1a56 0.066s
2025-01-16 08:05:35.319 68497 INFO tempest.lib.common.rest_client [req-0ba4d539-b6b8-4c86-8f8a-ca959bcea79f req-0ba4d539-b6b8-4c86-8f8a-ca959bcea79f ] Request (ServersWithSpecificFlavorTestJSON:test_verify_created_server_ephemeral_disk): 200 GET http://10.180.1.21/compute/v2.1/servers/c1b0c88d-a23d-4b9d-91a8-adb25967c228 0.223s
2025-01-16 08:05:35.327 68495 INFO tempest.lib.common.rest_client [req-947030d9-868f-4fdd-bada-c6440253a3c0 req-947030d9-868f-4fdd-bada-c6440253a3c0 ] Request (ServerDiskConfigTestJSON:test_rebuild_server_with_auto_disk_config): 200 GET http://10.180.1.21/compute/v2.1/servers/6dd6c113-8f6d-49a8-9323-ce390362a034 0.084s
2025-01-16 08:05:35.334 68495 INFO tempest.common.waiters [-] State transition "BUILD/scheduling" ==> "BUILD/None" after 51 second wait
2025-01-16 08:05:35.385 68517 INFO tempest.lib.common.rest_client [req-a4daddbb-f7a4-4ba0-9c62-e9ed6ffdf7e9 req-a4daddbb-f7a4-4ba0-9c62-e9ed6ffdf7e9 ] Request (ServerDiagnosticsV248Test:test_get_server_diagnostics): 200 GET http://10.180.1.21/compute/v2.1/servers/d4d8221d-778d-43c5-acfe-84aaa2424b5a 0.132s
2025-01-16 08:05:35.443 68487 INFO tempest.lib.common.rest_client [req-aa8b572c-9016-4733-877b-05d89ec02523 req-aa8b572c-9016-4733-877b-05d89ec02523 ] Request (ServerPasswordTestJSON:setUpClass): 200 GET http://10.180.1.21/compute/v2.1/servers/36cf27ca-350f-480b-bba3-fb29db7f176f 0.067s
2025-01-16 08:05:35.496 68531 INFO tempest.lib.common.rest_client [req-0eee1030-b690-4f1e-a7ce-e6b974bebcb1 req-0eee1030-b690-4f1e-a7ce-e6b974bebcb1 ] Request (ListServerFiltersTestJSON:setUpClass): 200 GET http://10.180.1.21/compute/v2.1/servers/68d9ebdd-312b-4823-99b4-01b3ff895561 0.071s
2025-01-16 08:05:35.524 68491 INFO tempest.lib.common.rest_client [req-4274bee0-6de1-49e0-8c9c-84e606eb709a req-4274bee0-6de1-49e0-8c9c-84e606eb709a ] Request (TenantUsagesTestJSON:setUpClass): 200 GET http://10.180.1.21/compute/v2.1/servers/4af55a8c-1f23-4e72-a945-aff479b9c450 0.158s
2025-01-16 08:05:35.557 68493 INFO tempest.lib.common.rest_client [req-a661f6e4-92ef-4a26-bfcf-d101d8abe041 req-a661f6e4-92ef-4a26-bfcf-d101d8abe041 ] Request (ServerTagsTestJSON:setUpClass): 200 GET http://10.180.1.21/compute/v2.1/servers/421efe71-8164-46e8-9a64-6dc12c366025 0.121s
2025-01-16 08:05:35.578 68511 INFO tempest.lib.common.rest_client [req-92613b1d-8f22-4c00-81d3-6cfe33e4ef95 req-92613b1d-8f22-4c00-81d3-6cfe33e4ef95 ] Request (ServerDiagnosticsNegativeTest:test_get_server_diagnostics_by_non_admin): 200 GET http://10.180.1.21/compute/v2.1/servers/b95d2abb-6ac4-4f1c-8dad-ee39c0f27d98 0.092s
2025-01-16 08:05:35.639 68503 INFO tempest.lib.common.rest_client [req-a1796aa0-ef8e-400b-bd4a-2f92cf8ab2e9 req-a1796aa0-ef8e-400b-bd4a-2f92cf8ab2e9 ] Request (AttachInterfacesV270Test:test_create_get_list_interfaces): 200 GET http://10.180.1.21/compute/v2.1/servers/b6d3ef08-a9b2-49db-9404-aa68bc2139c1 0.086s
2025-01-16 08:05:35.672 68535 INFO tempest.lib.common.rest_client [req-524d432b-b8b8-41f5-b9b7-0cae06dad429 req-524d432b-b8b8-41f5-b9b7-0cae06dad429 ] Request (ListImageFiltersTestJSON:setUpClass): 200 GET http://10.180.1.21/compute/v2.1/images/f2e9b3e6-4fea-497c-bfea-b3eccbf8a259 0.076s
2025-01-16 08:05:35.693 68533 INFO tempest.lib.common.rest_client [req-60422734-0073-4c5b-a4ea-af6aa2c0b28a req-60422734-0073-4c5b-a4ea-af6aa2c0b28a ] Request (ListServersNegativeTestJSON:setUpClass): 200 GET http://10.180.1.21/compute/v2.1/servers/55374085-f0cc-45b1-8f65-3559902cc838 0.141s
2025-01-16 08:05:35.727 68507 INFO tempest.lib.common.rest_client [req-875b7f86-e54d-4c50-85c2-8fe131ecebf8 req-875b7f86-e54d-4c50-85c2-8fe131ecebf8 ] Request (ServersTestJSON:test_create_server_specify_multibyte_character_name): 200 GET http://10.180.1.21/compute/v2.1/servers/d5839caf-2cfa-42ae-84f4-145f5ae614a0 0.091s
2025-01-16 08:05:35.746 68545 INFO tempest.lib.common.rest_client [req-1643d8cf-453b-444a-a42d-5d453a4036c3 req-1643d8cf-453b-444a-a42d-5d453a4036c3 ] Request (ServerActionsTestOtherA:setUpClass): 200 GET http://10.180.1.21/compute/v2.1/servers/a06e85bc-af77-404c-a50b-312dd60ae1c6 0.095s
2025-01-16 08:05:35.789 68543 INFO tempest.lib.common.rest_client [req-d86e54d9-abf2-483b-87ec-ca516f6c782f req-d86e54d9-abf2-483b-87ec-ca516f6c782f ] Request (ServersAdmin275Test:tearDownClass): 200 GET http://10.180.1.21/compute/v2.1/servers/bfb2f00f-c783-4d47-ad28-3de6eff3f77a 0.088s
2025-01-16 08:05:35.802 68519 INFO tempest.lib.common.rest_client [req-1503ada0-ca85-4282-b2e6-329707fd79ee req-1503ada0-ca85-4282-b2e6-329707fd79ee ] Request (ServerAddressesNegativeTestJSON:setUpClass): 200 GET http://10.180.1.21/compute/v2.1/servers/a7fe6c49-4623-49a6-826d-37a2bb790206 0.095s
2025-01-16 08:05:35.846 68541 INFO tempest.lib.common.rest_client [req-a9285509-0f40-4ca8-948c-7d83946e920a req-a9285509-0f40-4ca8-948c-7d83946e920a ] Request (ServerActionsV293TestJSON:setUpClass): 200 GET http://10.180.1.21/compute/v2.1/servers/ff21fe8f-e07a-4781-b692-9f585afab706 0.077s
2025-01-16 08:05:35.877 68513 INFO tempest.lib.common.rest_client [req-02d4353b-dbac-46f1-b15b-66acd50c4e4d req-02d4353b-dbac-46f1-b15b-66acd50c4e4d ] Request (DeleteServersTestJSON:test_delete_server_while_in_attached_volume): 200 GET http://10.180.1.21/compute/v2.1/servers/fa966014-68a1-4418-828e-a0f28d90ddeb 0.061s
2025-01-16 08:05:35.942 68509 INFO tempest.lib.common.rest_client [req-e7341bd0-7bf5-40c3-8242-1378b06c58ef req-e7341bd0-7bf5-40c3-8242-1378b06c58ef ] Request (FloatingIPsAssociationTestJSON:test_associate_already_associated_floating_ip): 200 GET http://10.180.1.21/compute/v2.1/servers/29473c85-120a-4c82-b22b-cff8d37e98cd 0.063s
2025-01-16 08:05:35.957 68537 INFO tempest.lib.common.rest_client [req-b2bd84f0-fa18-46bb-8c7e-caf62e5ec49f req-b2bd84f0-fa18-46bb-8c7e-caf62e5ec49f ] Request (DeleteServersAdminTestJSON:test_delete_server_while_in_error_state): 200 GET http://10.180.1.21/compute/v2.1/servers/8c17919f-3941-4f1b-84fd-bf30d64dceb0 0.113s
2025-01-16 08:05:35.998 68501 INFO tempest.lib.common.rest_client [req-bfe5432c-2bba-46f7-a120-67f926925938 req-bfe5432c-2bba-46f7-a120-67f926925938 ] Request (ServersTestMultiNic:test_verify_duplicate_network_nics): 200 GET http://10.180.1.21/compute/v2.1/servers/5fd07b81-1348-4194-ab20-437cb5c61dfa 0.105s
2025-01-16 08:05:36.030 68523 INFO tempest.lib.common.rest_client [req-cab3943e-97ef-423a-a121-886436836fd1 req-cab3943e-97ef-423a-a121-886436836fd1 ] Request (ServerActionsTestJSON:setUpClass): 200 GET http://10.180.1.21/compute/v2.1/servers/4bffe146-0b5f-4141-b83c-6974834803bd 0.097s
2025-01-16 08:05:36.111 68525 INFO tempest.lib.common.rest_client [req-148b8ca3-c6b8-4530-a3da-9c0719e97adb req-148b8ca3-c6b8-4530-a3da-9c0719e97adb ] Request (FloatingIPsAssociationNegativeTestJSON:tearDownClass): 200 GET http://10.180.1.21/compute/v2.1/servers/6ea23640-3ef0-4a2e-aa75-203c03edf386 0.112s
2025-01-16 08:05:36.150 68521 INFO tempest.lib.common.rest_client [req-38b2c344-d58f-4c54-9ba1-1bd9f8a2a04b req-38b2c344-d58f-4c54-9ba1-1bd9f8a2a04b ] Request (AttachInterfacesUnderV243Test:test_add_remove_fixed_ip): 200 GET http://10.180.1.21/compute/v2.1/servers/84c5cb88-aad9-4b81-9dca-866ddcf0e8f5 0.156s
2025-01-16 08:05:36.172 68529 INFO tempest.lib.common.rest_client [req-486387ed-42dd-4095-9cba-ea52283d54c9 req-486387ed-42dd-4095-9cba-ea52283d54c9 ] Request (ServersTestJSON:setUpClass): 200 GET http://10.180.1.21/compute/v2.1/servers/1504489e-14ed-496f-874e-03be8429bbe8 0.123s
2025-01-16 08:05:36.209 68485 INFO tempest.lib.common.rest_client [req-5b61be35-3987-4d22-a2ec-e35ae234d5fd req-5b61be35-3987-4d22-a2ec-e35ae234d5fd ] Request (ServerMetadataNegativeTestJSON:setUpClass): 200 GET http://10.180.1.21/compute/v2.1/servers/c4c302a7-9571-452c-a208-2fe2ef99aa6d 0.155s
2025-01-16 08:05:36.225 68489 INFO tempest.lib.common.rest_client [req-a2c82424-8270-485a-87fc-913a055e644a req-a2c82424-8270-485a-87fc-913a055e644a ] Request (InstanceActionsTestJSON:setUpClass): 200 GET http://10.180.1.21/compute/v2.1/servers/b4217ee8-62a6-4902-8dae-bfdad8eca7be 0.123s
2025-01-16 08:05:36.267 68547 INFO tempest.lib.common.rest_client [req-a996ec25-24b3-4aad-abbc-5781d81d9613 req-a996ec25-24b3-4aad-abbc-5781d81d9613 ] Request (InstanceActionsNegativeTestJSON:setUpClass): 200 GET http://10.180.1.21/compute/v2.1/servers/9f269471-9c27-4479-9494-b67e41dd55e7 0.165s
2025-01-16 08:05:36.337 68499 INFO tempest.lib.common.rest_client [req-b4765ab6-fbd8-493b-8d47-76d08629cfd0 req-b4765ab6-fbd8-493b-8d47-76d08629cfd0 ] Request (ServerRescueNegativeTestJSON:setUpClass): 200 GET http://10.180.1.21/compute/v2.1/servers/d1aecebc-401e-45ff-805e-c038722f4cad 0.128s
2025-01-16 08:05:36.374 68505 INFO tempest.lib.common.rest_client [req-ba6d7813-981e-4d83-99c7-d58d6260f95a req-ba6d7813-981e-4d83-99c7-d58d6260f95a ] Request (MigrationsAdminTest:test_resize_server_revert_deleted_flavor): 200 GET http://10.180.1.21/compute/v2.1/servers/0a178974-018c-410a-a901-c9e984be8ebf 0.220s
2025-01-16 08:05:36.381 68505 INFO tempest.common.waiters [-] State transition "BUILD/None" ==> "BUILD/networking" after 63 second wait
2025-01-16 08:05:36.403 68515 INFO tempest.lib.common.rest_client [req-4910acd3-ebd0-4847-a6b3-ddee7c09a3c8 req-4910acd3-ebd0-4847-a6b3-ddee7c09a3c8 ] Request (SecurityGroupsTestJSON:test_list_security_groups_by_server): 200 GET http://10.180.1.21/compute/v2.1/servers/72f4eeb0-6ad4-4628-9d92-399e8a2c1a56 0.134s
2025-01-16 08:05:36.466 68495 INFO tempest.lib.common.rest_client [req-58abc612-57f7-4971-804d-1145ce425403 req-58abc612-57f7-4971-804d-1145ce425403 ] Request (ServerDiskConfigTestJSON:test_rebuild_server_with_auto_disk_config): 200 GET http://10.180.1.21/compute/v2.1/servers/6dd6c113-8f6d-49a8-9323-ce390362a034 0.127s
2025-01-16 08:05:36.521 68497 INFO tempest.lib.common.rest_client [req-b05a61eb-9340-459e-b468-9fd84552fb4b req-b05a61eb-9340-459e-b468-9fd84552fb4b ] Request (ServersWithSpecificFlavorTestJSON:test_verify_created_server_ephemeral_disk): 200 GET http://10.180.1.21/compute/v2.1/servers/c1b0c88d-a23d-4b9d-91a8-adb25967c228 0.190s
2025-01-16 08:05:36.522 68517 INFO tempest.lib.common.rest_client [req-61eca110-73af-4a1e-a3cb-630eb23fcba9 req-61eca110-73af-4a1e-a3cb-630eb23fcba9 ] Request (ServerDiagnosticsV248Test:test_get_server_diagnostics): 200 GET http://10.180.1.21/compute/v2.1/servers/d4d8221d-778d-43c5-acfe-84aaa2424b5a 0.126s
2025-01-16 08:05:36.528 68497 INFO tempest.common.waiters [-] State transition "BUILD/spawning" ==> "ACTIVE/None" after 72 second wait
2025-01-16 08:05:36.573 68487 INFO tempest.lib.common.rest_client [req-7b09f894-08e1-40ce-8797-6336908fa7f1 req-7b09f894-08e1-40ce-8797-6336908fa7f1 ] Request (ServerPasswordTestJSON:setUpClass): 200 GET http://10.180.1.21/compute/v2.1/servers/36cf27ca-350f-480b-bba3-fb29db7f176f 0.121s
2025-01-16 08:05:36.661 68497 INFO tempest.lib.common.rest_client [req-31f6c48b-a5b4-4a2d-b377-c33e7378889c req-31f6c48b-a5b4-4a2d-b377-c33e7378889c ] Request (ServersWithSpecificFlavorTestJSON:test_verify_created_server_ephemeral_disk): 200 GET http://10.180.1.21/compute/v2.1/servers/c1b0c88d-a23d-4b9d-91a8-adb25967c228/os-interface 0.133s
2025-01-16 08:05:36.793 68531 INFO tempest.lib.common.rest_client [req-01f30295-4c8c-4b04-a7df-54f8ccf3e40f req-01f30295-4c8c-4b04-a7df-54f8ccf3e40f ] Request (ListServerFiltersTestJSON:setUpClass): 200 GET http://10.180.1.21/compute/v2.1/servers/68d9ebdd-312b-4823-99b4-01b3ff895561 0.288s
2025-01-16 08:05:36.807 68491 INFO tempest.lib.common.rest_client [req-51f6565c-da45-43be-82d5-41c308ffdb35 req-51f6565c-da45-43be-82d5-41c308ffdb35 ] Request (TenantUsagesTestJSON:setUpClass): 200 GET http://10.180.1.21/compute/v2.1/servers/4af55a8c-1f23-4e72-a945-aff479b9c450 0.269s
2025-01-16 08:05:36.864 68493 INFO tempest.lib.common.rest_client [req-ded261a4-61a3-4b21-a87b-daaa247bd9b2 req-ded261a4-61a3-4b21-a87b-daaa247bd9b2 ] Request (ServerTagsTestJSON:setUpClass): 200 GET http://10.180.1.21/compute/v2.1/servers/421efe71-8164-46e8-9a64-6dc12c366025 0.296s
2025-01-16 08:05:36.905 68511 INFO tempest.lib.common.rest_client [req-17742eb7-7b50-4430-ba6d-fbc7da8c3d53 req-17742eb7-7b50-4430-ba6d-fbc7da8c3d53 ] Request (ServerDiagnosticsNegativeTest:test_get_server_diagnostics_by_non_admin): 200 GET http://10.180.1.21/compute/v2.1/servers/b95d2abb-6ac4-4f1c-8dad-ee39c0f27d98 0.316s
2025-01-16 08:05:36.924 68503 INFO tempest.lib.common.rest_client [req-1615dba6-ac5a-49fe-b29a-0d7fdb330b2b req-1615dba6-ac5a-49fe-b29a-0d7fdb330b2b ] Request (AttachInterfacesV270Test:test_create_get_list_interfaces): 200 GET http://10.180.1.21/compute/v2.1/servers/b6d3ef08-a9b2-49db-9404-aa68bc2139c1 0.273s
2025-01-16 08:05:36.949 68535 INFO tempest.lib.common.rest_client [req-34d23811-f170-48cd-89d0-262041e3189b req-34d23811-f170-48cd-89d0-262041e3189b ] Request (ListImageFiltersTestJSON:setUpClass): 200 GET http://10.180.1.21/compute/v2.1/images/f2e9b3e6-4fea-497c-bfea-b3eccbf8a259 0.273s
2025-01-16 08:05:36.976 68533 INFO tempest.lib.common.rest_client [req-414ae43c-4788-4d30-b107-c8b28bded2e0 req-414ae43c-4788-4d30-b107-c8b28bded2e0 ] Request (ListServersNegativeTestJSON:setUpClass): 200 GET http://10.180.1.21/compute/v2.1/servers/55374085-f0cc-45b1-8f65-3559902cc838 0.275s
2025-01-16 08:05:37.006 68507 INFO tempest.lib.common.rest_client [req-6bbde8aa-1bae-44c3-aab3-2e97133a5d79 req-6bbde8aa-1bae-44c3-aab3-2e97133a5d79 ] Request (ServersTestJSON:test_create_server_specify_multibyte_character_name): 200 GET http://10.180.1.21/compute/v2.1/servers/d5839caf-2cfa-42ae-84f4-145f5ae614a0 0.270s
2025-01-16 08:05:37.075 68543 INFO tempest.lib.common.rest_client [req-7420c0d7-7052-4a3c-b800-804bce40f232 req-7420c0d7-7052-4a3c-b800-804bce40f232 ] Request (ServersAdmin275Test:tearDownClass): 200 GET http://10.180.1.21/compute/v2.1/servers/bfb2f00f-c783-4d47-ad28-3de6eff3f77a 0.273s
2025-01-16 08:05:37.129 68519 INFO tempest.lib.common.rest_client [req-cef9505c-44cf-4ab9-8825-cf0733b94885 req-cef9505c-44cf-4ab9-8825-cf0733b94885 ] Request (ServerAddressesNegativeTestJSON:setUpClass): 200 GET http://10.180.1.21/compute/v2.1/servers/a7fe6c49-4623-49a6-826d-37a2bb790206 0.316s
2025-01-16 08:05:37.190 68541 INFO tempest.lib.common.rest_client [req-27154bb0-7675-4845-a298-23284e513c18 req-27154bb0-7675-4845-a298-23284e513c18 ] Request (ServerActionsV293TestJSON:setUpClass): 200 GET http://10.180.1.21/compute/v2.1/servers/ff21fe8f-e07a-4781-b692-9f585afab706 0.334s
2025-01-16 08:05:37.237 68545 INFO tempest.lib.common.rest_client [req-c2de8cbc-2f59-453b-afa6-744e1ddae2b0 req-c2de8cbc-2f59-453b-afa6-744e1ddae2b0 ] Request (ServerActionsTestOtherA:setUpClass): 200 GET http://10.180.1.21/compute/v2.1/servers/a06e85bc-af77-404c-a50b-312dd60ae1c6 0.482s
2025-01-16 08:05:37.241 68513 INFO tempest.lib.common.rest_client [req-a353e0d8-ead5-4e77-9aa2-3f7cea911586 req-a353e0d8-ead5-4e77-9aa2-3f7cea911586 ] Request (DeleteServersTestJSON:test_delete_server_while_in_attached_volume): 200 GET http://10.180.1.21/compute/v2.1/servers/fa966014-68a1-4418-828e-a0f28d90ddeb 0.353s
2025-01-16 08:05:37.299 68509 INFO tempest.lib.common.rest_client [req-b01628a2-1350-4daf-84bf-5c169821ff56 req-b01628a2-1350-4daf-84bf-5c169821ff56 ] Request (FloatingIPsAssociationTestJSON:test_associate_already_associated_floating_ip): 200 GET http://10.180.1.21/compute/v2.1/servers/29473c85-120a-4c82-b22b-cff8d37e98cd 0.347s
2025-01-16 08:05:37.346 68537 INFO tempest.lib.common.rest_client [req-7bac4c3a-68a9-439b-966b-0f889823b3d6 req-7bac4c3a-68a9-439b-966b-0f889823b3d6 ] Request (DeleteServersAdminTestJSON:test_delete_server_while_in_error_state): 200 GET http://10.180.1.21/compute/v2.1/servers/8c17919f-3941-4f1b-84fd-bf30d64dceb0 0.379s
2025-01-16 08:05:37.371 68501 INFO tempest.lib.common.rest_client [req-9d837a7f-f33a-4550-b61f-31c03e853d0b req-9d837a7f-f33a-4550-b61f-31c03e853d0b ] Request (ServersTestMultiNic:test_verify_duplicate_network_nics): 200 GET http://10.180.1.21/compute/v2.1/servers/5fd07b81-1348-4194-ab20-437cb5c61dfa 0.358s
2025-01-16 08:05:37.397 68523 INFO tempest.lib.common.rest_client [req-e592d320-0b04-4e3c-9e8a-b7b9266e82ff req-e592d320-0b04-4e3c-9e8a-b7b9266e82ff ] Request (ServerActionsTestJSON:setUpClass): 200 GET http://10.180.1.21/compute/v2.1/servers/4bffe146-0b5f-4141-b83c-6974834803bd 0.357s
2025-01-16 08:05:37.438 68525 INFO tempest.lib.common.rest_client [req-1477bbd2-684f-4cec-8d2e-df5a362920e2 req-1477bbd2-684f-4cec-8d2e-df5a362920e2 ] Request (FloatingIPsAssociationNegativeTestJSON:tearDownClass): 200 GET http://10.180.1.21/compute/v2.1/servers/6ea23640-3ef0-4a2e-aa75-203c03edf386 0.316s
2025-01-16 08:05:37.474 68497 INFO tempest.lib.common.rest_client [req-696a3f30-a450-4b48-88ec-7a421a10ee87 req-696a3f30-a450-4b48-88ec-7a421a10ee87 ] Request (ServersWithSpecificFlavorTestJSON:test_verify_created_server_ephemeral_disk): 200 PUT http://10.180.1.21:9696/networking/v2.0/floatingips/9c96cd90-2c9f-49af-a6ca-7c5a9e2e99ed 0.810s
2025-01-16 08:05:37.499 68529 INFO tempest.lib.common.rest_client [req-ad9e2b51-eeb9-425e-811e-16f57efde1e9 req-ad9e2b51-eeb9-425e-811e-16f57efde1e9 ] Request (ServersTestJSON:setUpClass): 200 GET http://10.180.1.21/compute/v2.1/servers/1504489e-14ed-496f-874e-03be8429bbe8 0.319s
2025-01-16 08:05:37.551 68485 INFO tempest.lib.common.rest_client [req-38972522-e44b-4338-bfe6-12e18df1f292 req-38972522-e44b-4338-bfe6-12e18df1f292 ] Request (ServerMetadataNegativeTestJSON:setUpClass): 200 GET http://10.180.1.21/compute/v2.1/servers/c4c302a7-9571-452c-a208-2fe2ef99aa6d 0.332s
2025-01-16 08:05:37.607 68489 INFO tempest.lib.common.rest_client [req-bfdadaa3-a2b2-4bcf-8d31-e9379aedab8a req-bfdadaa3-a2b2-4bcf-8d31-e9379aedab8a ] Request (InstanceActionsTestJSON:setUpClass): 200 GET http://10.180.1.21/compute/v2.1/servers/b4217ee8-62a6-4902-8dae-bfdad8eca7be 0.368s
2025-01-16 08:05:37.664 68547 INFO tempest.lib.common.rest_client [req-41c43a1b-2c8d-4a6c-9e6b-3b3ce9d6ad58 req-41c43a1b-2c8d-4a6c-9e6b-3b3ce9d6ad58 ] Request (InstanceActionsNegativeTestJSON:setUpClass): 200 GET http://10.180.1.21/compute/v2.1/servers/9f269471-9c27-4479-9494-b67e41dd55e7 0.387s
