2025-04-19 22:48:01.641 69574 INFO tempest.lib.common.rest_client [req-19c21689-05ad-48ef-9633-1e5df81f1c3a req-19c21689-05ad-48ef-9633-1e5df81f1c3a ] Request (ServerActionsTestOtherB:setUpClass): 200 GET http://10.180.1.21/compute/v2.1/servers/5d5ac77b-9d87-4206-a210-616b240c4e91 0.062s
2025-04-19 22:48:01.643 69560 INFO tempest.lib.common.rest_client [req-c9f6f78b-f2d2-41ff-8214-301dbfac1ce4 req-c9f6f78b-f2d2-41ff-8214-301dbfac1ce4 ] Request (ServersAaction247Test:test_create_backup): 200 GET http://10.180.1.21/compute/v2.1/servers/15a216a3-85e7-40f3-bdd2-7d1ac563aeb0 0.059s
2025-04-19 22:48:01.648 69570 INFO tempest.lib.common.rest_client [req-ce047872-9ad8-418c-ae9e-c028e9fc30f0 req-ce047872-9ad8-418c-ae9e-c028e9fc30f0 ] Request (VolumesAssistedSnapshotsTest:_run_cleanups): 202 DELETE http://10.180.1.21/volume/v3/volumes/d81d7930-12f8-4b03-bad0-1884375477aa 0.039s
2025-04-19 22:48:01.665 69585 INFO tempest.lib.common.rest_client [req-53017831-a42c-44f8-b1c7-a007bdf63654 req-53017831-a42c-44f8-b1c7-a007bdf63654 ] Request (ServersTestJSON:tearDownClass): 204 DELETE http://10.180.1.21:9696/networking/v2.0/security-groups/b36cc984-3daf-4544-bdb5-0d70fbf12ba9 0.085s
2025-04-19 22:48:01.677 69570 INFO tempest.lib.common.rest_client [req-005b57e1-e3b4-4371-b66c-9b85b8bc63b8 req-005b57e1-e3b4-4371-b66c-9b85b8bc63b8 ] Request (VolumesAssistedSnapshotsTest:_run_cleanups): 200 GET http://10.180.1.21/volume/v3/volumes/d81d7930-12f8-4b03-bad0-1884375477aa 0.028s
2025-04-19 22:48:01.701 69585 INFO tempest.lib.common.rest_client [req-3e9bae0d-9e98-42e6-8231-72f3d093f608 req-3e9bae0d-9e98-42e6-8231-72f3d093f608 ] Request (ServersTestJSON:tearDownClass): 404 GET http://10.180.1.21:9696/networking/v2.0/security-groups/b36cc984-3daf-4544-bdb5-0d70fbf12ba9 0.035s
2025-04-19 22:48:01.704 69566 INFO tempest.lib.common.rest_client [req-39560ab6-65bb-420c-a4b3-528418eeda2f req-39560ab6-65bb-420c-a4b3-528418eeda2f ] Request (ServerRescueNegativeTestJSON:setUpClass): 200 GET http://10.180.1.21/compute/v2.1/servers/88f2ec1c-f6dc-4d20-96df-d3272d74dc7e 0.077s
2025-04-19 22:48:01.710 69556 INFO tempest.lib.common.rest_client [req-63afbbfc-c8ea-4747-94da-e63ff1d09597 req-63afbbfc-c8ea-4747-94da-e63ff1d09597 ] Request (DeleteServersTestJSON:test_delete_server_while_in_attached_volume): 200 GET http://10.180.1.21/compute/v2.1/servers/69098679-d76f-4276-a76f-cba54747246d 0.074s
2025-04-19 22:48:01.774 69610 INFO tempest.lib.common.rest_client [req-f1331b40-799a-4f8e-935f-d41626e1032d req-f1331b40-799a-4f8e-935f-d41626e1032d ] Request (ImagesOneServerTestJSON:setUpClass): 200 GET http://10.180.1.21/compute/v2.1/servers/082b9d94-88f6-4b1d-b7af-fb508bb61e82 0.095s
2025-04-19 22:48:01.830 69586 INFO tempest.lib.common.rest_client [req-13c215a8-ace6-48a8-b4d2-1abba01b7ac2 req-13c215a8-ace6-48a8-b4d2-1abba01b7ac2 ] Request (ImagesOneServerNegativeTestJSON:setUpClass): 200 GET http://10.180.1.21/compute/v2.1/servers/4843d66a-3d1f-40fc-9862-e9cdbc2f8d3f 0.098s
2025-04-19 22:48:01.888 69600 INFO tempest.lib.common.rest_client [req-8648ad90-781f-42de-a320-13a39dbb5357 req-8648ad90-781f-42de-a320-13a39dbb5357 ] Request (ServerActionsTestOtherA:setUpClass): 200 GET http://10.180.1.21/compute/v2.1/servers/0614d5ec-c144-48fe-9248-a498b34699a6 0.144s
2025-04-19 22:48:01.913 69578 INFO tempest.lib.common.rest_client [req-bedb4739-6efa-43c0-9100-f123e072dbb7 req-bedb4739-6efa-43c0-9100-f123e072dbb7 ] Request (ServerGroupTestJSON:test_create_server_with_scheduler_hint_group): 200 GET http://10.180.1.21/compute/v2.1/servers/a823bd62-20a8-4b40-8698-e164d21a7471 0.213s
2025-04-19 22:48:01.920 69578 INFO tempest.common.waiters [-] State transition "BUILD/networking" ==> "BUILD/block_device_mapping" after 76 second wait
2025-04-19 22:48:01.943 69606 INFO tempest.lib.common.rest_client [req-1ee087d2-16ad-4a73-98e8-ee3d40671ed2 req-1ee087d2-16ad-4a73-98e8-ee3d40671ed2 ] Request (SecurityGroupsTestJSON:test_list_security_groups_by_server): 200 GET http://10.180.1.21/compute/v2.1/servers/ffae9122-9be9-4ba6-84d3-52272208922d 0.157s
2025-04-19 22:48:01.963 69550 INFO tempest.lib.common.rest_client [req-68a92391-1918-4d05-8ac4-5c12e1488996 req-68a92391-1918-4d05-8ac4-5c12e1488996 ] Request (ListImageFiltersTestJSON:setUpClass): 200 GET http://10.180.1.21/compute/v2.1/servers/13e72229-59cc-4f51-bda1-f8c69cbef790 0.169s
2025-04-19 22:48:02.014 69568 INFO tempest.lib.common.rest_client [req-617d7cca-8115-4ae2-ab64-f4b72b85fc7f req-617d7cca-8115-4ae2-ab64-f4b72b85fc7f ] Request (FloatingIPsAssociationTestJSON:test_associate_already_associated_floating_ip): 200 GET http://10.180.1.21/compute/v2.1/servers/bebef016-51f9-4368-9862-b1fc990fbb98 0.168s
2025-04-19 22:48:02.032 69572 INFO tempest.lib.common.rest_client [req-e903a64e-5f0f-4b77-97f7-72a06e9d1180 req-e903a64e-5f0f-4b77-97f7-72a06e9d1180 ] Request (DeleteServersAdminTestJSON:test_delete_server_while_in_error_state): 200 GET http://10.180.1.21/compute/v2.1/servers/d8fe6fbd-05c2-4bf5-8615-bb505bd0c031 0.181s
2025-04-19 22:48:02.076 69585 INFO tempest.lib.common.rest_client [req-2a505bfb-f2de-44db-8d8a-942ccc75d3d0 req-2a505bfb-f2de-44db-8d8a-942ccc75d3d0 ] Request (ServersTestJSON:tearDownClass): 204 DELETE http://10.180.1.21:9696/networking/v2.0/floatingips/8ec38a6a-f94e-47a9-9bb7-4ed2d18c3e2c 0.375s
2025-04-19 22:48:02.079 69602 INFO tempest.lib.common.rest_client [req-e6d2ca71-fa75-411e-9b87-96124c338068 req-e6d2ca71-fa75-411e-9b87-96124c338068 ] Request (ImagesTestJSON:test_create_image_from_suspended_server): 200 GET http://10.180.1.21/compute/v2.1/servers/dcb2c786-0332-4cda-bbf0-6f84ec4fb7aa 0.176s
2025-04-19 22:48:02.102 69562 INFO tempest.lib.common.rest_client [req-01152ae4-1355-4bd8-a5cf-06d3f3e6fa55 req-01152ae4-1355-4bd8-a5cf-06d3f3e6fa55 ] Request (ServerDiagnosticsV248Test:tearDownClass): 200 GET http://10.180.1.21/compute/v2.1/servers/d148ca17-206a-48e4-a673-471bf48ab99e 0.116s
2025-04-19 22:48:02.132 69608 INFO tempest.lib.common.rest_client [req-ba402011-1015-44d0-8a05-f22508e87833 req-ba402011-1015-44d0-8a05-f22508e87833 ] Request (ServersAdminTestJSON:test_inject_network_info): 200 GET http://10.180.1.21/compute/v2.1/servers/eb123ea6-e162-4dfc-9eba-1a2a908c47ec 0.048s
2025-04-19 22:48:02.212 69596 INFO tempest.lib.common.rest_client [req-cd6b72a5-1217-4924-ad50-9a6d3891d494 req-cd6b72a5-1217-4924-ad50-9a6d3891d494 ] Request (MultipleCreateTestJSON:_run_cleanups): 200 GET http://10.180.1.21/compute/v2.1/servers/ec6d5e41-f146-4ad0-9e5e-5da93c55f430 0.072s
2025-04-19 22:48:02.285 69590 INFO tempest.lib.common.rest_client [req-f6c1e68d-0468-4c8f-a03c-c69ac0036136 req-f6c1e68d-0468-4c8f-a03c-c69ac0036136 ] Request (ImagesNegativeTestJSON:test_create_image_from_deleted_server): 200 GET http://10.180.1.21/compute/v2.1/servers/8214b619-33e9-463b-bc33-cb2957f8b348 0.139s
2025-04-19 22:48:02.289 69588 INFO tempest.lib.common.rest_client [req-fbbc284e-4bc4-4a57-82eb-00acb8fdeb94 req-fbbc284e-4bc4-4a57-82eb-00acb8fdeb94 ] Request (ServersListShow296Test:test_list_show_update_rebuild_server_296): 200 GET http://10.180.1.21/compute/v2.1/servers/22c24625-6973-44f4-8f39-7ae9c88bd8f1 0.075s
2025-04-19 22:48:02.472 69548 INFO tempest.lib.common.rest_client [req-1bbbcc9f-4320-483a-904e-d26ba281094d req-1bbbcc9f-4320-483a-904e-d26ba281094d ] Request (ServerDiskConfigTestJSON:test_resize_server_from_auto_to_manual): 200 GET http://10.180.1.21/compute/v2.1/servers/022614a7-ce73-4a6f-a7ea-2763b9da7788 0.057s
2025-04-19 22:48:02.480 69594 WARNING tempest.lib.common.ssh [-] Failed to establish authenticated ssh connection to cirros@10.180.180.250 ([Errno None] Unable to connect to port 22 on 10.180.180.250). Number attempts: 4. Retry after 5 seconds.: paramiko.ssh_exception.NoValidConnectionsError: [Errno None] Unable to connect to port 22 on 10.180.180.250
2025-04-19 22:48:02.554 69580 INFO tempest.lib.common.rest_client [req-cff974d6-0227-4f31-b527-818179a0710c req-cff974d6-0227-4f31-b527-818179a0710c ] Request (ServerExternalEventsTest:tearDownClass): 200 GET http://10.180.1.21/compute/v2.1/servers/3d524a5b-6e5e-4ae9-883f-8f99339b9ffd 0.075s
2025-04-19 22:48:02.558 69554 INFO tempest.lib.common.rest_client [req-81ecf2b7-bf8b-47bc-8579-5dc257b3805e req-81ecf2b7-bf8b-47bc-8579-5dc257b3805e ] Request (ServerActionsV293TestJSON:setUpClass): 200 GET http://10.180.1.21/compute/v2.1/servers/f1a7c151-4a73-420d-9fdb-199f9a136198 0.069s
2025-04-19 22:48:02.616 69598 INFO tempest.lib.common.rest_client [req-9a1406fa-753b-421f-8bef-0d10b6b706b8 req-9a1406fa-753b-421f-8bef-0d10b6b706b8 ] Request (ServerRescueTestJSON:setUpClass): 200 GET http://10.180.1.21/compute/v2.1/servers/aee843c9-5d66-4815-b640-7c85b299689b 0.060s
2025-04-19 22:48:02.631 69564 INFO tempest.lib.common.rest_client [req-8be26989-1d73-4ce8-a723-e92ad4c9e4d3 req-8be26989-1d73-4ce8-a723-e92ad4c9e4d3 ] Request (ServersAdminNegativeTestJSON:tearDownClass): 200 GET http://10.180.1.21/compute/v2.1/servers/168831bc-c8b0-415e-89d4-6a1b5ea03dc3 0.083s
2025-04-19 22:48:02.708 69574 INFO tempest.lib.common.rest_client [req-9a03d7e3-25db-47e0-b0e2-a2a873f4f72e req-9a03d7e3-25db-47e0-b0e2-a2a873f4f72e ] Request (ServerActionsTestOtherB:setUpClass): 200 GET http://10.180.1.21/compute/v2.1/servers/5d5ac77b-9d87-4206-a210-616b240c4e91 0.059s
2025-04-19 22:48:02.724 69570 INFO tempest.lib.common.rest_client [req-5d516acc-19ff-4538-8641-c986bb80ed26 req-5d516acc-19ff-4538-8641-c986bb80ed26 ] Request (VolumesAssistedSnapshotsTest:_run_cleanups): 200 GET http://10.180.1.21/volume/v3/volumes/d81d7930-12f8-4b03-bad0-1884375477aa 0.038s
2025-04-19 22:48:02.725 69560 INFO tempest.lib.common.rest_client [req-e3d39a95-0769-4752-88af-b1d8bd972ca4 req-e3d39a95-0769-4752-88af-b1d8bd972ca4 ] Request (ServersAaction247Test:test_create_backup): 200 GET http://10.180.1.21/compute/v2.1/servers/15a216a3-85e7-40f3-bdd2-7d1ac563aeb0 0.070s
2025-04-19 22:48:02.762 69566 INFO tempest.lib.common.rest_client [req-eadb5a12-bf1b-4f3e-9c21-f8687312177f req-eadb5a12-bf1b-4f3e-9c21-f8687312177f ] Request (ServerRescueNegativeTestJSON:setUpClass): 200 GET http://10.180.1.21/compute/v2.1/servers/88f2ec1c-f6dc-4d20-96df-d3272d74dc7e 0.050s
2025-04-19 22:48:02.776 69556 INFO tempest.lib.common.rest_client [req-edae3816-1128-4c60-85ef-d6b559e49822 req-edae3816-1128-4c60-85ef-d6b559e49822 ] Request (DeleteServersTestJSON:test_delete_server_while_in_attached_volume): 200 GET http://10.180.1.21/compute/v2.1/servers/69098679-d76f-4276-a76f-cba54747246d 0.059s
2025-04-19 22:48:02.836 69610 INFO tempest.lib.common.rest_client [req-aefcfb5c-2888-4f00-b808-7510182530d3 req-aefcfb5c-2888-4f00-b808-7510182530d3 ] Request (ImagesOneServerTestJSON:setUpClass): 200 GET http://10.180.1.21/compute/v2.1/servers/082b9d94-88f6-4b1d-b7af-fb508bb61e82 0.053s
2025-04-19 22:48:02.897 69586 INFO tempest.lib.common.rest_client [req-7a1e1683-ff38-4e87-865c-215c699d0fdc req-7a1e1683-ff38-4e87-865c-215c699d0fdc ] Request (ImagesOneServerNegativeTestJSON:setUpClass): 200 GET http://10.180.1.21/compute/v2.1/servers/4843d66a-3d1f-40fc-9862-e9cdbc2f8d3f 0.059s
2025-04-19 22:48:02.942 69585 INFO tempest.lib.common.rest_client [req-a429e427-424d-434b-bf1f-685a3011d78a req-a429e427-424d-434b-bf1f-685a3011d78a ] Request (ServersTestJSON:tearDownClass): 200 PUT http://10.180.1.21:9696/networking/v2.0/routers/b2df2a10-00de-45a2-b440-f2ca87bcad76/remove_router_interface 0.866s
2025-04-19 22:48:02.958 69600 INFO tempest.lib.common.rest_client [req-fc8b2693-91ba-459e-8528-427e5b0bfa74 req-fc8b2693-91ba-459e-8528-427e5b0bfa74 ] Request (ServerActionsTestOtherA:setUpClass): 200 GET http://10.180.1.21/compute/v2.1/servers/0614d5ec-c144-48fe-9248-a498b34699a6 0.059s
2025-04-19 22:48:03.035 69606 INFO tempest.lib.common.rest_client [req-a67a7a8a-297b-42f4-9f24-ab40af347751 req-a67a7a8a-297b-42f4-9f24-ab40af347751 ] Request (SecurityGroupsTestJSON:test_list_security_groups_by_server): 200 GET http://10.180.1.21/compute/v2.1/servers/ffae9122-9be9-4ba6-84d3-52272208922d 0.081s
2025-04-19 22:48:03.049 69578 INFO tempest.lib.common.rest_client [req-d84c289b-8637-4581-b72f-ba0285227c3e req-d84c289b-8637-4581-b72f-ba0285227c3e ] Request (ServerGroupTestJSON:test_create_server_with_scheduler_hint_group): 200 GET http://10.180.1.21/compute/v2.1/servers/a823bd62-20a8-4b40-8698-e164d21a7471 0.128s
2025-04-19 22:48:03.060 69578 INFO tempest.common.waiters [-] State transition "BUILD/block_device_mapping" ==> "BUILD/spawning" after 78 second wait
2025-04-19 22:48:03.087 69550 INFO tempest.lib.common.rest_client [req-df02001a-6f61-419c-ad05-02d99cb004ef req-df02001a-6f61-419c-ad05-02d99cb004ef ] Request (ListImageFiltersTestJSON:setUpClass): 200 GET http://10.180.1.21/compute/v2.1/servers/13e72229-59cc-4f51-bda1-f8c69cbef790 0.116s
2025-04-19 22:48:03.093 69604 WARNING tempest.lib.common.ssh [-] Failed to establish authenticated ssh connection to cirros@10.180.180.252 ([Errno None] Unable to connect to port 22 on 10.180.180.252). Number attempts: 8. Retry after 9 seconds.: paramiko.ssh_exception.NoValidConnectionsError: [Errno None] Unable to connect to port 22 on 10.180.180.252
2025-04-19 22:48:03.100 69568 INFO tempest.lib.common.rest_client [req-458aa275-29df-4d55-905d-246921f9428d req-458aa275-29df-4d55-905d-246921f9428d ] Request (FloatingIPsAssociationTestJSON:test_associate_already_associated_floating_ip): 200 GET http://10.180.1.21/compute/v2.1/servers/bebef016-51f9-4368-9862-b1fc990fbb98 0.073s
2025-04-19 22:48:03.157 69572 INFO tempest.lib.common.rest_client [req-bbdd46b7-a5ca-4107-adad-37971e146b3a req-bbdd46b7-a5ca-4107-adad-37971e146b3a ] Request (DeleteServersAdminTestJSON:test_delete_server_while_in_error_state): 200 GET http://10.180.1.21/compute/v2.1/servers/d8fe6fbd-05c2-4bf5-8615-bb505bd0c031 0.115s
2025-04-19 22:48:03.164 69602 INFO tempest.lib.common.rest_client [req-2ea8bb36-c14b-49d7-acbb-0953791d2ddd req-2ea8bb36-c14b-49d7-acbb-0953791d2ddd ] Request (ImagesTestJSON:test_create_image_from_suspended_server): 200 GET http://10.180.1.21/compute/v2.1/servers/dcb2c786-0332-4cda-bbf0-6f84ec4fb7aa 0.075s
2025-04-19 22:48:03.237 69608 INFO tempest.lib.common.rest_client [req-434e5ea7-3c13-4fd8-bc08-9a62e7a8474f req-434e5ea7-3c13-4fd8-bc08-9a62e7a8474f ] Request (ServersAdminTestJSON:test_inject_network_info): 200 GET http://10.180.1.21/compute/v2.1/servers/eb123ea6-e162-4dfc-9eba-1a2a908c47ec 0.096s
2025-04-19 22:48:03.241 69562 INFO tempest.lib.common.rest_client [req-dc5c1b47-1196-4487-b1d3-ee93e43701a3 req-dc5c1b47-1196-4487-b1d3-ee93e43701a3 ] Request (ServerDiagnosticsV248Test:tearDownClass): 200 GET http://10.180.1.21/compute/v2.1/servers/d148ca17-206a-48e4-a673-471bf48ab99e 0.128s
2025-04-19 22:48:03.304 69596 INFO tempest.lib.common.rest_client [req-20d55a34-838b-4c56-aa78-29025b0418d1 req-20d55a34-838b-4c56-aa78-29025b0418d1 ] Request (MultipleCreateTestJSON:_run_cleanups): 200 GET http://10.180.1.21/compute/v2.1/servers/ec6d5e41-f146-4ad0-9e5e-5da93c55f430 0.084s
2025-04-19 22:48:03.399 69585 INFO tempest.lib.common.rest_client [req-372a0f5b-0c3b-41b8-a85b-5da4bc72fa8d req-372a0f5b-0c3b-41b8-a85b-5da4bc72fa8d ] Request (ServersTestJSON:tearDownClass): 204 DELETE http://10.180.1.21:9696/networking/v2.0/routers/b2df2a10-00de-45a2-b440-f2ca87bcad76 0.456s
2025-04-19 22:48:03.402 69588 INFO tempest.lib.common.rest_client [req-949a7e84-4bfd-4bb8-9f00-577539048361 req-949a7e84-4bfd-4bb8-9f00-577539048361 ] Request (ServersListShow296Test:test_list_show_update_rebuild_server_296): 200 GET http://10.180.1.21/compute/v2.1/servers/22c24625-6973-44f4-8f39-7ae9c88bd8f1 0.103s
2025-04-19 22:48:03.514 69590 INFO tempest.lib.common.rest_client [req-96470453-b5e3-4fc8-a300-428ac21e77ef req-96470453-b5e3-4fc8-a300-428ac21e77ef ] Request (ImagesNegativeTestJSON:test_create_image_from_deleted_server): 200 GET http://10.180.1.21/compute/v2.1/servers/8214b619-33e9-463b-bc33-cb2957f8b348 0.221s
2025-04-19 22:48:03.541 69548 INFO tempest.lib.common.rest_client [req-8cb55fb4-13c4-4b4c-8d5e-72bf1cc6c747 req-8cb55fb4-13c4-4b4c-8d5e-72bf1cc6c747 ] Request (ServerDiskConfigTestJSON:test_resize_server_from_auto_to_manual): 200 GET http://10.180.1.21/compute/v2.1/servers/022614a7-ce73-4a6f-a7ea-2763b9da7788 0.061s
2025-04-19 22:48:03.585 69585 INFO tempest.lib.common.rest_client [req-bfd40356-574f-4754-999e-2464b11c7c4b req-bfd40356-574f-4754-999e-2464b11c7c4b ] Request (ServersTestJSON:tearDownClass): 204 DELETE http://10.180.1.21:9696/networking/v2.0/subnets/b1f88151-6707-4e33-ae11-4bed0f489026 0.186s
2025-04-19 22:48:03.641 69554 INFO tempest.lib.common.rest_client [req-f8ca37d8-b98d-4b21-8394-571b673641ff req-f8ca37d8-b98d-4b21-8394-571b673641ff ] Request (ServerActionsV293TestJSON:setUpClass): 200 GET http://10.180.1.21/compute/v2.1/servers/f1a7c151-4a73-420d-9fdb-199f9a136198 0.072s
2025-04-19 22:48:03.651 69580 INFO tempest.lib.common.rest_client [req-64c5a78a-d172-41f1-b3d0-a1df9dd62433 req-64c5a78a-d172-41f1-b3d0-a1df9dd62433 ] Request (ServerExternalEventsTest:tearDownClass): 200 GET http://10.180.1.21/compute/v2.1/servers/3d524a5b-6e5e-4ae9-883f-8f99339b9ffd 0.083s
2025-04-19 22:48:03.704 69598 INFO tempest.lib.common.rest_client [req-331309c1-d8a5-4292-983f-9ed0252aeb22 req-331309c1-d8a5-4292-983f-9ed0252aeb22 ] Request (ServerRescueTestJSON:setUpClass): 200 GET http://10.180.1.21/compute/v2.1/servers/aee843c9-5d66-4815-b640-7c85b299689b 0.080s
2025-04-19 22:48:03.725 69564 INFO tempest.lib.common.rest_client [req-d47b8091-9ab4-4c02-894d-1a4c79e98ac8 req-d47b8091-9ab4-4c02-894d-1a4c79e98ac8 ] Request (ServersAdminNegativeTestJSON:tearDownClass): 200 GET http://10.180.1.21/compute/v2.1/servers/168831bc-c8b0-415e-89d4-6a1b5ea03dc3 0.086s
2025-04-19 22:48:03.774 69574 INFO tempest.lib.common.rest_client [req-64afeb8c-41c9-4f06-bc63-927ae1d81f75 req-64afeb8c-41c9-4f06-bc63-927ae1d81f75 ] Request (ServerActionsTestOtherB:setUpClass): 200 GET http://10.180.1.21/compute/v2.1/servers/5d5ac77b-9d87-4206-a210-616b240c4e91 0.058s
2025-04-19 22:48:03.788 69570 INFO tempest.lib.common.rest_client [req-c2e37470-2212-4bcf-8707-3a33bde2ccdf req-c2e37470-2212-4bcf-8707-3a33bde2ccdf ] Request (VolumesAssistedSnapshotsTest:_run_cleanups): 200 GET http://10.180.1.21/volume/v3/volumes/d81d7930-12f8-4b03-bad0-1884375477aa 0.056s
2025-04-19 22:48:03.803 69560 INFO tempest.lib.common.rest_client [req-5f19b945-0c8b-41db-b64f-684acc671a0a req-5f19b945-0c8b-41db-b64f-684acc671a0a ] Request (ServersAaction247Test:test_create_backup): 200 GET http://10.180.1.21/compute/v2.1/servers/15a216a3-85e7-40f3-bdd2-7d1ac563aeb0 0.069s
2025-04-19 22:48:03.813 69560 INFO tempest.common.waiters [-] State transition "BUILD/spawning" ==> "ACTIVE/None" after 85 second wait
2025-04-19 22:48:03.828 69566 INFO tempest.lib.common.rest_client [req-83aa27b3-878e-4388-9055-83a7779492b4 req-83aa27b3-878e-4388-9055-83a7779492b4 ] Request (ServerRescueNegativeTestJSON:setUpClass): 200 GET http://10.180.1.21/compute/v2.1/servers/88f2ec1c-f6dc-4d20-96df-d3272d74dc7e 0.058s
2025-04-19 22:48:03.859 69556 INFO tempest.lib.common.rest_client [req-a331171d-9a7b-4b46-9ba5-8912f8bf1d11 req-a331171d-9a7b-4b46-9ba5-8912f8bf1d11 ] Request (DeleteServersTestJSON:test_delete_server_while_in_attached_volume): 200 GET http://10.180.1.21/compute/v2.1/servers/69098679-d76f-4276-a76f-cba54747246d 0.070s
2025-04-19 22:48:03.908 69552 WARNING tempest.lib.common.ssh [-] Failed to establish authenticated ssh connection to cirros@10.180.180.204 ([Errno None] Unable to connect to port 22 on 10.180.180.204). Number attempts: 5. Retry after 6 seconds.: paramiko.ssh_exception.NoValidConnectionsError: [Errno None] Unable to connect to port 22 on 10.180.180.204
2025-04-19 22:48:03.909 69610 INFO tempest.lib.common.rest_client [req-8d3833ad-a67e-42ef-8475-4e0e0c11be0a req-8d3833ad-a67e-42ef-8475-4e0e0c11be0a ] Request (ImagesOneServerTestJSON:setUpClass): 200 GET http://10.180.1.21/compute/v2.1/servers/082b9d94-88f6-4b1d-b7af-fb508bb61e82 0.064s
2025-04-19 22:48:03.965 69586 INFO tempest.lib.common.rest_client [req-5dd09b50-8bd3-4c78-a052-d160a4a686c6 req-5dd09b50-8bd3-4c78-a052-d160a4a686c6 ] Request (ImagesOneServerNegativeTestJSON:setUpClass): 200 GET http://10.180.1.21/compute/v2.1/servers/4843d66a-3d1f-40fc-9862-e9cdbc2f8d3f 0.057s
2025-04-19 22:48:04.001 69585 INFO tempest.lib.common.rest_client [req-88907745-c544-426c-a127-4daf8136409c req-88907745-c544-426c-a127-4daf8136409c ] Request (ServersTestJSON:tearDownClass): 204 DELETE http://10.180.1.21:9696/networking/v2.0/networks/81070b31-2f4f-4b58-8e67-22436a1df097 0.414s
2025-04-19 22:48:04.057 69600 INFO tempest.lib.common.rest_client [req-7fc46afd-d54e-49af-a96a-5f23edb80a28 req-7fc46afd-d54e-49af-a96a-5f23edb80a28 ] Request (ServerActionsTestOtherA:setUpClass): 200 GET http://10.180.1.21/compute/v2.1/servers/0614d5ec-c144-48fe-9248-a498b34699a6 0.091s
2025-04-19 22:48:04.111 69606 INFO tempest.lib.common.rest_client [req-5f9a96d6-d912-4cbf-bbf8-b2b271ec236a req-5f9a96d6-d912-4cbf-bbf8-b2b271ec236a ] Request (SecurityGroupsTestJSON:test_list_security_groups_by_server): 200 GET http://10.180.1.21/compute/v2.1/servers/ffae9122-9be9-4ba6-84d3-52272208922d 0.065s
2025-04-19 22:48:04.154 69585 INFO tempest.lib.common.rest_client [req-a8262b32-9e9b-4776-b6e8-94c70213684c req-a8262b32-9e9b-4776-b6e8-94c70213684c ] Request (ServersTestJSON:tearDownClass): 204 DELETE http://10.180.1.21/identity/v3/users/444a626d13ec45ab9fc4ef1696dd7333 0.152s
2025-04-19 22:48:04.154 69585 INFO tempest.lib.common.dynamic_creds [-] Deleting project and security group for project: fbdf28b80adb43d4b004cbc373a53ad4
2025-04-19 22:48:04.226 69585 INFO tempest.lib.common.rest_client [req-ef6faabd-c46d-43a4-96b0-f34289981df7 req-ef6faabd-c46d-43a4-96b0-f34289981df7 ] Request (ServersTestJSON:tearDownClass): 200 GET http://10.180.1.21:9696/networking/v2.0/security-groups?tenant_id=fbdf28b80adb43d4b004cbc373a53ad4&name=default 0.072s
2025-04-19 22:48:04.265 69578 INFO tempest.lib.common.rest_client [req-7bb68fd8-3257-4a02-b543-7e4bf3a9b1c7 req-7bb68fd8-3257-4a02-b543-7e4bf3a9b1c7 ] Request (ServerGroupTestJSON:test_create_server_with_scheduler_hint_group): 200 GET http://10.180.1.21/compute/v2.1/servers/a823bd62-20a8-4b40-8698-e164d21a7471 0.204s
2025-04-19 22:48:04.340 69550 INFO tempest.lib.common.rest_client [req-0806a2c0-b995-488f-8428-d9048fb272b9 req-0806a2c0-b995-488f-8428-d9048fb272b9 ] Request (ListImageFiltersTestJSON:setUpClass): 200 GET http://10.180.1.21/compute/v2.1/servers/13e72229-59cc-4f51-bda1-f8c69cbef790 0.240s
2025-04-19 22:48:04.408 69568 INFO tempest.lib.common.rest_client [req-0ed477f4-3eed-46c9-9907-1ab3ebb7455c req-0ed477f4-3eed-46c9-9907-1ab3ebb7455c ] Request (FloatingIPsAssociationTestJSON:test_associate_already_associated_floating_ip): 200 GET http://10.180.1.21/compute/v2.1/servers/bebef016-51f9-4368-9862-b1fc990fbb98 0.294s
2025-04-19 22:48:04.457 69585 INFO tempest.lib.common.rest_client [req-2daf2e1b-1a9e-4f48-a8f8-1034b0d0e399 req-2daf2e1b-1a9e-4f48-a8f8-1034b0d0e399 ] Request (ServersTestJSON:tearDownClass): 204 DELETE http://10.180.1.21:9696/networking/v2.0/security-groups/163b23f9-ad0b-41b1-9903-d31bfc854247 0.230s
2025-04-19 22:48:04.469 69572 INFO tempest.lib.common.rest_client [req-5c29289a-ece8-46b7-a720-87f7685afff1 req-5c29289a-ece8-46b7-a720-87f7685afff1 ] Request (DeleteServersAdminTestJSON:test_delete_server_while_in_error_state): 200 GET http://10.180.1.21/compute/v2.1/servers/d8fe6fbd-05c2-4bf5-8615-bb505bd0c031 0.304s
2025-04-19 22:48:04.526 69560 INFO tempest.lib.common.rest_client [req-63581ff0-6cb2-4c1b-a95f-e074aa9f46b4 req-63581ff0-6cb2-4c1b-a95f-e074aa9f46b4 ] Request (ServersAaction247Test:test_create_backup): 202 POST http://10.180.1.21/compute/v2.1/servers/15a216a3-85e7-40f3-bdd2-7d1ac563aeb0/action 0.713s
2025-04-19 22:48:04.550 69602 INFO tempest.lib.common.rest_client [req-6abb5e29-e3a0-4c5a-967f-e9bb6935f34b req-6abb5e29-e3a0-4c5a-967f-e9bb6935f34b ] Request (ImagesTestJSON:test_create_image_from_suspended_server): 200 GET http://10.180.1.21/compute/v2.1/servers/dcb2c786-0332-4cda-bbf0-6f84ec4fb7aa 0.372s
2025-04-19 22:48:04.571 69585 INFO tempest.lib.common.rest_client [req-b3f183e6-96fe-4625-820e-0ea8f83b5a32 req-b3f183e6-96fe-4625-820e-0ea8f83b5a32 ] Request (ServersTestJSON:tearDownClass): 204 DELETE http://10.180.1.21/identity/v3/projects/fbdf28b80adb43d4b004cbc373a53ad4 0.113s
2025-04-19 22:48:04.582 69608 INFO tempest.lib.common.rest_client [req-8038d5db-74d1-4699-88c1-11d52531b1b1 req-8038d5db-74d1-4699-88c1-11d52531b1b1 ] Request (ServersAdminTestJSON:test_inject_network_info): 200 GET http://10.180.1.21/compute/v2.1/servers/eb123ea6-e162-4dfc-9eba-1a2a908c47ec 0.334s
2025-04-19 22:48:04.603 69596 INFO tempest.lib.common.rest_client [req-17cca081-afe7-4483-8569-787aa3a6a80e req-17cca081-afe7-4483-8569-787aa3a6a80e ] Request (MultipleCreateTestJSON:_run_cleanups): 404 GET http://10.180.1.21/compute/v2.1/servers/ec6d5e41-f146-4ad0-9e5e-5da93c55f430 0.290s
2025-04-19 22:48:04.617 69562 INFO tempest.lib.common.rest_client [req-40e4f278-be3e-4275-aafa-79db28e73705 req-40e4f278-be3e-4275-aafa-79db28e73705 ] Request (ServerDiagnosticsV248Test:tearDownClass): 200 GET http://10.180.1.21/compute/v2.1/servers/d148ca17-206a-48e4-a673-471bf48ab99e 0.363s
2025-04-19 22:48:04.635 69585 INFO tempest.lib.common.rest_client [req-4f8fbb6b-7aa3-4932-8005-fb5e34257155 req-4f8fbb6b-7aa3-4932-8005-fb5e34257155 ] Request (ServerTagsTestJSON:setUpClass): 201 POST http://10.180.1.21/identity/v3/auth/tokens 0.063s
2025-04-19 22:48:04.663 69585 INFO tempest.lib.common.rest_client [req-97e4f284-1a2f-4279-9c49-cb96d1f04606 req-97e4f284-1a2f-4279-9c49-cb96d1f04606 ] Request (ServerTagsTestJSON:setUpClass): 201 POST http://10.180.1.21/identity/v3/auth/tokens 0.025s
2025-04-19 22:48:04.675 69588 INFO tempest.lib.common.rest_client [req-7ec59992-c8c0-4f47-b35b-058fc710fab1 req-7ec59992-c8c0-4f47-b35b-058fc710fab1 ] Request (ServersListShow296Test:test_list_show_update_rebuild_server_296): 200 GET http://10.180.1.21/compute/v2.1/servers/22c24625-6973-44f4-8f39-7ae9c88bd8f1 0.261s
2025-04-19 22:48:04.687 69585 INFO tempest.lib.common.rest_client [req-e27f9cb3-ee07-42d1-b1ff-e4c14139956d req-e27f9cb3-ee07-42d1-b1ff-e4c14139956d ] Request (ServerTagsTestJSON:setUpClass): 200 GET http://10.180.1.21/identity/v3/domains?name=Default 0.024s
2025-04-19 22:48:04.718 69585 INFO tempest.lib.common.rest_client [req-bbeb798e-c113-4455-ade0-8e380a6b5aea req-bbeb798e-c113-4455-ade0-8e380a6b5aea ] Request (ServerTagsTestJSON:setUpClass): 201 POST http://10.180.1.21/identity/v3/projects 0.030s
2025-04-19 22:48:04.736 69590 INFO tempest.lib.common.rest_client [req-f375cd88-fe03-444f-9ca6-40fcc337d76b req-f375cd88-fe03-444f-9ca6-40fcc337d76b ] Request (ImagesNegativeTestJSON:test_create_image_from_deleted_server): 200 GET http://10.180.1.21/compute/v2.1/servers/8214b619-33e9-463b-bc33-cb2957f8b348 0.212s
2025-04-19 22:48:04.759 69560 INFO tempest.lib.common.rest_client [req-0666b136-1940-4241-a02a-8881cc09a604 req-0666b136-1940-4241-a02a-8881cc09a604 ] Request (ServersAaction247Test:tearDownClass): 204 DELETE http://10.180.1.21/compute/v2.1/servers/15a216a3-85e7-40f3-bdd2-7d1ac563aeb0 0.230s
2025-04-19 22:48:04.787 69585 INFO tempest.lib.common.rest_client [req-4957d5de-dd11-45e8-bcc9-03085db5766f req-4957d5de-dd11-45e8-bcc9-03085db5766f ] Request (ServerTagsTestJSON:setUpClass): 201 POST http://10.180.1.21/identity/v3/users 0.068s
2025-04-19 22:48:04.794 69548 INFO tempest.lib.common.rest_client [req-b0e46bbc-6467-41c0-9a9c-9f431bf7e7ea req-b0e46bbc-6467-41c0-9a9c-9f431bf7e7ea ] Request (ServerDiskConfigTestJSON:test_resize_server_from_auto_to_manual): 200 GET http://10.180.1.21/compute/v2.1/servers/022614a7-ce73-4a6f-a7ea-2763b9da7788 0.245s
2025-04-19 22:48:04.817 69570 INFO tempest.lib.common.rest_client [req-5fc266e7-afb4-49b1-b0bb-601436024e5f req-5fc266e7-afb4-49b1-b0bb-601436024e5f ] Request (VolumesAssistedSnapshotsTest:_run_cleanups): 404 GET http://10.180.1.21/volume/v3/volumes/d81d7930-12f8-4b03-bad0-1884375477aa 0.019s
2025-04-19 22:48:04.824 69585 INFO tempest.lib.common.rest_client [req-649b0ed2-dadb-4ac8-ace2-0e4436ecdf69 req-649b0ed2-dadb-4ac8-ace2-0e4436ecdf69 ] Request (ServerTagsTestJSON:setUpClass): 200 GET http://10.180.1.21/identity/v3/roles 0.036s
2025-04-19 22:48:04.831 69596 INFO tempest.lib.common.rest_client [req-c3b4650b-1536-4eed-a29d-1d3b72ffd889 req-c3b4650b-1536-4eed-a29d-1d3b72ffd889 ] Request (MultipleCreateTestJSON:_run_cleanups): 200 GET http://10.180.1.21/compute/v2.1/servers/2ffb3fde-d42e-44ca-ade4-20377df62856 0.228s
2025-04-19 22:48:04.856 69585 INFO tempest.lib.common.rest_client [req-7605149b-c96b-40d8-a795-255b1a8538ff req-7605149b-c96b-40d8-a795-255b1a8538ff ] Request (ServerTagsTestJSON:setUpClass): 204 PUT http://10.180.1.21/identity/v3/projects/41bc45644f14407fabc447b4131054aa/users/ac75e03ca741492cb3b7e40c0220d80f/roles/e7b96962f18247829b7fed5d9e7be408 0.031s
2025-04-19 22:48:04.856 69585 INFO tempest.lib.common.dynamic_creds [-] Dynamic test user ac75e03ca741492cb3b7e40c0220d80f is created with scope project and roles: ['member']
2025-04-19 22:48:04.856 69585 INFO tempest.lib.common.dynamic_creds [-] Acquired dynamic creds: credentials: Credentials: {'domain_id': 'default', 'domain_name': 'Default', 'username': 'tempest-ServerTagsTestJSON-1335924937-project-member', 'project_domain_id': 'default', 'project_domain_name': 'Default', 'project_id': '41bc45644f14407fabc447b4131054aa', 'project_name': 'tempest-ServerTagsTestJSON-1335924937', 'tenant_id': '41bc45644f14407fabc447b4131054aa', 'tenant_name': 'tempest-ServerTagsTestJSON-1335924937', 'user_domain_id': 'default', 'user_domain_name': 'Default', 'user_id': 'ac75e03ca741492cb3b7e40c0220d80f', 'system': None}, Network: None, Subnet: None, Router: None
2025-04-19 22:48:04.858 69554 INFO tempest.lib.common.rest_client [req-61a2b95e-c742-4bc9-bde0-439685640f07 req-61a2b95e-c742-4bc9-bde0-439685640f07 ] Request (ServerActionsV293TestJSON:setUpClass): 200 GET http://10.180.1.21/compute/v2.1/servers/f1a7c151-4a73-420d-9fdb-199f9a136198 0.206s
2025-04-19 22:48:04.888 69580 INFO tempest.lib.common.rest_client [req-ec70d5e2-fef8-40ee-9498-00b3b06a1be5 req-ec70d5e2-fef8-40ee-9498-00b3b06a1be5 ] Request (ServerExternalEventsTest:tearDownClass): 200 GET http://10.180.1.21/compute/v2.1/servers/3d524a5b-6e5e-4ae9-883f-8f99339b9ffd 0.230s
2025-04-19 22:48:04.901 69598 INFO tempest.lib.common.rest_client [req-ef6337ff-48bb-4cb0-9b30-bc152521c696 req-ef6337ff-48bb-4cb0-9b30-bc152521c696 ] Request (ServerRescueTestJSON:setUpClass): 200 GET http://10.180.1.21/compute/v2.1/servers/aee843c9-5d66-4815-b640-7c85b299689b 0.187s
2025-04-19 22:48:04.912 69585 INFO tempest.lib.common.rest_client [req-96b56272-e232-4515-b327-989d1077cd0c req-96b56272-e232-4515-b327-989d1077cd0c ] Request (ServerTagsTestJSON:setUpClass): 201 POST http://10.180.1.21/identity/v3/auth/tokens 0.055s
2025-04-19 22:48:04.950 69564 INFO tempest.lib.common.rest_client [req-82610b53-2f3a-4d0e-8c0e-db1338ba9aa7 req-82610b53-2f3a-4d0e-8c0e-db1338ba9aa7 ] Request (ServersAdminNegativeTestJSON:tearDownClass): 200 GET http://10.180.1.21/compute/v2.1/servers/168831bc-c8b0-415e-89d4-6a1b5ea03dc3 0.216s
2025-04-19 22:48:04.959 69560 INFO tempest.lib.common.rest_client [req-717abc6e-5b34-47ed-9300-fc1b4150be4b req-717abc6e-5b34-47ed-9300-fc1b4150be4b ] Request (ServersAaction247Test:tearDownClass): 200 GET http://10.180.1.21/compute/v2.1/servers/15a216a3-85e7-40f3-bdd2-7d1ac563aeb0 0.200s
2025-04-19 22:48:04.997 69574 INFO tempest.lib.common.rest_client [req-613c75e9-1ed3-4226-b953-a3e80f4921cb req-613c75e9-1ed3-4226-b953-a3e80f4921cb ] Request (ServerActionsTestOtherB:setUpClass): 200 GET http://10.180.1.21/compute/v2.1/servers/5d5ac77b-9d87-4206-a210-616b240c4e91 0.214s
2025-04-19 22:48:05.024 69570 INFO tempest.lib.common.rest_client [req-2cac1e91-bdfb-4cca-80f0-54377884811e req-2cac1e91-bdfb-4cca-80f0-54377884811e ] Request (VolumesAssistedSnapshotsTest:tearDownClass): 204 DELETE http://10.180.1.21/compute/v2.1/servers/efe57460-22b1-4a19-875c-0d19098a8c4a 0.202s
2025-04-19 22:48:05.043 69566 INFO tempest.lib.common.rest_client [req-26d12cb2-4129-49f7-b31b-2af2b735c349 req-26d12cb2-4129-49f7-b31b-2af2b735c349 ] Request (ServerRescueNegativeTestJSON:setUpClass): 200 GET http://10.180.1.21/compute/v2.1/servers/88f2ec1c-f6dc-4d20-96df-d3272d74dc7e 0.207s
2025-04-19 22:48:05.072 69556 INFO tempest.lib.common.rest_client [req-37b96f9c-980d-4ed3-82c8-6bcbbc5f9c06 req-37b96f9c-980d-4ed3-82c8-6bcbbc5f9c06 ] Request (DeleteServersTestJSON:test_delete_server_while_in_attached_volume): 200 GET http://10.180.1.21/compute/v2.1/servers/69098679-d76f-4276-a76f-cba54747246d 0.204s
2025-04-19 22:48:05.090 69610 INFO tempest.lib.common.rest_client [req-85be0bff-9f7d-4b86-8725-cc6219e31719 req-85be0bff-9f7d-4b86-8725-cc6219e31719 ] Request (ImagesOneServerTestJSON:setUpClass): 200 GET http://10.180.1.21/compute/v2.1/servers/082b9d94-88f6-4b1d-b7af-fb508bb61e82 0.171s
2025-04-19 22:48:05.123 69586 INFO tempest.lib.common.rest_client [req-8f09fbb8-c456-498e-bb5b-ef7ecb9babf3 req-8f09fbb8-c456-498e-bb5b-ef7ecb9babf3 ] Request (ImagesOneServerNegativeTestJSON:setUpClass): 200 GET http://10.180.1.21/compute/v2.1/servers/4843d66a-3d1f-40fc-9862-e9cdbc2f8d3f 0.142s
2025-04-19 22:48:05.189 69600 INFO tempest.lib.common.rest_client [req-16a7a42d-e381-4810-aaa7-05c997e7d53c req-16a7a42d-e381-4810-aaa7-05c997e7d53c ] Request (ServerActionsTestOtherA:setUpClass): 200 GET http://10.180.1.21/compute/v2.1/servers/0614d5ec-c144-48fe-9248-a498b34699a6 0.122s
2025-04-19 22:48:05.189 69585 INFO tempest.lib.common.rest_client [req-89641d7d-c427-4e0f-a6a5-da97a8f015dc req-89641d7d-c427-4e0f-a6a5-da97a8f015dc ] Request (ServerTagsTestJSON:setUpClass): 201 POST http://10.180.1.21:9696/networking/v2.0/networks 0.277s
2025-04-19 22:48:05.245 69606 INFO tempest.lib.common.rest_client [req-d57166f0-c049-4fcc-93b2-ea1ccb27892b req-d57166f0-c049-4fcc-93b2-ea1ccb27892b ] Request (SecurityGroupsTestJSON:test_list_security_groups_by_server): 200 GET http://10.180.1.21/compute/v2.1/servers/ffae9122-9be9-4ba6-84d3-52272208922d 0.126s
2025-04-19 22:48:05.249 69570 INFO tempest.lib.common.rest_client [req-0a1e92f8-ca39-425d-a2a2-698c31c13a1b req-0a1e92f8-ca39-425d-a2a2-698c31c13a1b ] Request (VolumesAssistedSnapshotsTest:tearDownClass): 200 GET http://10.180.1.21/compute/v2.1/servers/efe57460-22b1-4a19-875c-0d19098a8c4a 0.224s
2025-04-19 22:48:05.378 69578 INFO tempest.lib.common.rest_client [req-0ecbc00a-7399-468e-827a-58869a2b5b7d req-0ecbc00a-7399-468e-827a-58869a2b5b7d ] Request (ServerGroupTestJSON:test_create_server_with_scheduler_hint_group): 200 GET http://10.180.1.21/compute/v2.1/servers/a823bd62-20a8-4b40-8698-e164d21a7471 0.102s
2025-04-19 22:48:05.410 69550 INFO tempest.lib.common.rest_client [req-eeb64d5e-24cc-4cdc-8d4e-667941d328be req-eeb64d5e-24cc-4cdc-8d4e-667941d328be ] Request (ListImageFiltersTestJSON:setUpClass): 200 GET http://10.180.1.21/compute/v2.1/servers/13e72229-59cc-4f51-bda1-f8c69cbef790 0.061s
2025-04-19 22:48:05.417 69585 INFO tempest.lib.common.rest_client [req-1b2cb4ca-cc99-4b97-8eec-609d2100c23d req-1b2cb4ca-cc99-4b97-8eec-609d2100c23d ] Request (ServerTagsTestJSON:setUpClass): 201 POST http://10.180.1.21:9696/networking/v2.0/subnets 0.226s
2025-04-19 22:48:05.473 69568 INFO tempest.lib.common.rest_client [req-553a4050-c610-4d10-b7f2-440e81aae161 req-553a4050-c610-4d10-b7f2-440e81aae161 ] Request (FloatingIPsAssociationTestJSON:test_associate_already_associated_floating_ip): 200 GET http://10.180.1.21/compute/v2.1/servers/bebef016-51f9-4368-9862-b1fc990fbb98 0.058s
2025-04-19 22:48:05.533 69572 INFO tempest.lib.common.rest_client [req-df2bc0ca-f7aa-4c7c-80dd-b062a288d771 req-df2bc0ca-f7aa-4c7c-80dd-b062a288d771 ] Request (DeleteServersAdminTestJSON:test_delete_server_while_in_error_state): 200 GET http://10.180.1.21/compute/v2.1/servers/d8fe6fbd-05c2-4bf5-8615-bb505bd0c031 0.056s
2025-04-19 22:48:05.615 69602 INFO tempest.lib.common.rest_client [req-c93d3ac4-d0f8-4607-b02d-cef510825004 req-c93d3ac4-d0f8-4607-b02d-cef510825004 ] Request (ImagesTestJSON:test_create_image_from_suspended_server): 200 GET http://10.180.1.21/compute/v2.1/servers/dcb2c786-0332-4cda-bbf0-6f84ec4fb7aa 0.057s
2025-04-19 22:48:05.646 69608 INFO tempest.lib.common.rest_client [req-a8799b86-4dfe-478b-8d1f-f05c2902e927 req-a8799b86-4dfe-478b-8d1f-f05c2902e927 ] Request (ServersAdminTestJSON:test_inject_network_info): 200 GET http://10.180.1.21/compute/v2.1/servers/eb123ea6-e162-4dfc-9eba-1a2a908c47ec 0.054s
2025-04-19 22:48:05.691 69562 INFO tempest.lib.common.rest_client [req-ff969d07-1358-403d-8d15-427c67ed17ef req-ff969d07-1358-403d-8d15-427c67ed17ef ] Request (ServerDiagnosticsV248Test:tearDownClass): 200 GET http://10.180.1.21/compute/v2.1/servers/d148ca17-206a-48e4-a673-471bf48ab99e 0.064s
2025-04-19 22:48:05.746 69588 INFO tempest.lib.common.rest_client [req-25273346-4c42-4bb6-af10-de484b7deca4 req-25273346-4c42-4bb6-af10-de484b7deca4 ] Request (ServersListShow296Test:test_list_show_update_rebuild_server_296): 200 GET http://10.180.1.21/compute/v2.1/servers/22c24625-6973-44f4-8f39-7ae9c88bd8f1 0.059s
2025-04-19 22:48:05.877 69548 INFO tempest.lib.common.rest_client [req-057da0db-d819-4213-b258-d040bff26afd req-057da0db-d819-4213-b258-d040bff26afd ] Request (ServerDiskConfigTestJSON:test_resize_server_from_auto_to_manual): 200 GET http://10.180.1.21/compute/v2.1/servers/022614a7-ce73-4a6f-a7ea-2763b9da7788 0.074s
2025-04-19 22:48:05.904 69596 INFO tempest.lib.common.rest_client [req-8c71c633-b2aa-42b0-a1d4-711669ecd201 req-8c71c633-b2aa-42b0-a1d4-711669ecd201 ] Request (MultipleCreateTestJSON:_run_cleanups): 404 GET http://10.180.1.21/compute/v2.1/servers/2ffb3fde-d42e-44ca-ade4-20377df62856 0.064s
2025-04-19 22:48:05.915 69590 INFO tempest.lib.common.rest_client [req-46db4cf9-1b61-4b55-8bdd-3280d57befa8 req-46db4cf9-1b61-4b55-8bdd-3280d57befa8 ] Request (ImagesNegativeTestJSON:test_create_image_from_deleted_server): 200 GET http://10.180.1.21/compute/v2.1/servers/8214b619-33e9-463b-bc33-cb2957f8b348 0.168s
2025-04-19 22:48:05.972 69596 INFO tempest.lib.common.rest_client [req-1c553821-75b9-48b5-a5fd-231b77e6ad85 req-1c553821-75b9-48b5-a5fd-231b77e6ad85 ] Request (MultipleCreateTestJSON:test_multiple_create_with_reservation_return): 201 POST http://10.180.1.21/identity/v3/auth/tokens 0.064s
2025-04-19 22:48:05.973 69596 INFO tempest.lib.common.fixed_network [-] (MultipleCreateTestJSON:test_multiple_create_with_reservation_return) Found network {'id': '373956fa-24aa-4704-ac83-d88ad125a61a', 'name': 'tempest-MultipleCreateTestJSON-58037465-network', 'tenant_id': 'c33ff45703e24d2bb5013cc927445c73', 'admin_state_up': True, 'mtu': 8950, 'status': 'ACTIVE', 'subnets': [], 'shared': False, 'project_id': 'c33ff45703e24d2bb5013cc927445c73', 'port_security_enabled': True, 'router:external': False, 'provider:network_type': 'vlan', 'provider:physical_network': 'default', 'provider:segmentation_id': 477, 'availability_zone_hints': [], 'availability_zones': [], 'ipv4_address_scope': None, 'ipv6_address_scope': None, 'description': '', 'tags': [], 'created_at': '2025-04-19T22:46:15Z', 'updated_at': '2025-04-19T22:46:15Z', 'revision_number': 1} available for tenant
2025-04-19 22:48:05.977 69580 INFO tempest.lib.common.rest_client [req-75559310-73c9-42cb-9f25-8fa75220b630 req-75559310-73c9-42cb-9f25-8fa75220b630 ] Request (ServerExternalEventsTest:tearDownClass): 200 GET http://10.180.1.21/compute/v2.1/servers/3d524a5b-6e5e-4ae9-883f-8f99339b9ffd 0.080s
2025-04-19 22:48:05.978 69554 INFO tempest.lib.common.rest_client [req-75227c33-2ca8-4e8f-864b-03a28bf54a3b req-75227c33-2ca8-4e8f-864b-03a28bf54a3b ] Request (ServerActionsV293TestJSON:setUpClass): 200 GET http://10.180.1.21/compute/v2.1/servers/f1a7c151-4a73-420d-9fdb-199f9a136198 0.110s
2025-04-19 22:48:06.043 69598 INFO tempest.lib.common.rest_client [req-910c480a-2faa-48f7-ba2e-276cbbaa8cdb req-910c480a-2faa-48f7-ba2e-276cbbaa8cdb ] Request (ServerRescueTestJSON:setUpClass): 200 GET http://10.180.1.21/compute/v2.1/servers/aee843c9-5d66-4815-b640-7c85b299689b 0.134s
2025-04-19 22:48:06.045 69564 INFO tempest.lib.common.rest_client [req-c6464061-49dd-45f9-8676-052d39945e60 req-c6464061-49dd-45f9-8676-052d39945e60 ] Request (ServersAdminNegativeTestJSON:tearDownClass): 200 GET http://10.180.1.21/compute/v2.1/servers/168831bc-c8b0-415e-89d4-6a1b5ea03dc3 0.084s
2025-04-19 22:48:06.107 69560 INFO tempest.lib.common.rest_client [req-281e108c-c837-470e-af44-5cafac71fee3 req-281e108c-c837-470e-af44-5cafac71fee3 ] Request (ServersAaction247Test:tearDownClass): 200 GET http://10.180.1.21/compute/v2.1/servers/15a216a3-85e7-40f3-bdd2-7d1ac563aeb0 0.138s
2025-04-19 22:48:06.176 69574 INFO tempest.lib.common.rest_client [req-020f9f9c-2964-417b-9578-33aa045a1728 req-020f9f9c-2964-417b-9578-33aa045a1728 ] Request (ServerActionsTestOtherB:setUpClass): 200 GET http://10.180.1.21/compute/v2.1/servers/5d5ac77b-9d87-4206-a210-616b240c4e91 0.170s
2025-04-19 22:48:06.240 69566 INFO tempest.lib.common.rest_client [req-81ef3d8b-dc75-4d56-963c-12120639f88c req-81ef3d8b-dc75-4d56-963c-12120639f88c ] Request (ServerRescueNegativeTestJSON:setUpClass): 200 GET http://10.180.1.21/compute/v2.1/servers/88f2ec1c-f6dc-4d20-96df-d3272d74dc7e 0.187s
2025-04-19 22:48:06.304 69556 INFO tempest.lib.common.rest_client [req-2acc2428-0b78-4595-b0d4-4075e8af5054 req-2acc2428-0b78-4595-b0d4-4075e8af5054 ] Request (DeleteServersTestJSON:test_delete_server_while_in_attached_volume): 200 GET http://10.180.1.21/compute/v2.1/servers/69098679-d76f-4276-a76f-cba54747246d 0.224s
2025-04-19 22:48:06.360 69610 INFO tempest.lib.common.rest_client [req-fe915e2f-0119-4f72-ab7d-30c6bae98b6c req-fe915e2f-0119-4f72-ab7d-30c6bae98b6c ] Request (ImagesOneServerTestJSON:setUpClass): 200 GET http://10.180.1.21/compute/v2.1/servers/082b9d94-88f6-4b1d-b7af-fb508bb61e82 0.261s
2025-04-19 22:48:06.406 69585 INFO tempest.lib.common.rest_client [req-1026582d-28d8-46fc-b994-91917da8adf6 req-1026582d-28d8-46fc-b994-91917da8adf6 ] Request (ServerTagsTestJSON:setUpClass): 201 POST http://10.180.1.21:9696/networking/v2.0/routers 0.989s
2025-04-19 22:48:06.413 69586 INFO tempest.lib.common.rest_client [req-b6b06af7-bfae-4aef-b30d-e436bbad4aa8 req-b6b06af7-bfae-4aef-b30d-e436bbad4aa8 ] Request (ImagesOneServerNegativeTestJSON:setUpClass): 200 GET http://10.180.1.21/compute/v2.1/servers/4843d66a-3d1f-40fc-9862-e9cdbc2f8d3f 0.280s
2025-04-19 22:48:06.464 69600 INFO tempest.lib.common.rest_client [req-aad46c4b-774c-4025-a2e1-0b5a5857806d req-aad46c4b-774c-4025-a2e1-0b5a5857806d ] Request (ServerActionsTestOtherA:setUpClass): 200 GET http://10.180.1.21/compute/v2.1/servers/0614d5ec-c144-48fe-9248-a498b34699a6 0.262s
2025-04-19 22:48:06.511 69606 INFO tempest.lib.common.rest_client [req-67033a22-7f63-4cce-8b15-94589127eedf req-67033a22-7f63-4cce-8b15-94589127eedf ] Request (SecurityGroupsTestJSON:test_list_security_groups_by_server): 200 GET http://10.180.1.21/compute/v2.1/servers/ffae9122-9be9-4ba6-84d3-52272208922d 0.253s
2025-04-19 22:48:06.547 69596 INFO tempest.lib.common.rest_client [req-5ad2bed7-4f84-4b09-aa9e-81e8a01e46a3 req-5ad2bed7-4f84-4b09-aa9e-81e8a01e46a3 ] Request (MultipleCreateTestJSON:test_multiple_create_with_reservation_return): 202 POST http://10.180.1.21/compute/v2.1/servers 0.574s
2025-04-19 22:48:06.565 69592 WARNING tempest.lib.common.ssh [-] Failed to establish authenticated ssh connection to cirros@10.180.180.135 ([Errno None] Unable to connect to port 22 on 10.180.180.135). Number attempts: 6. Retry after 7 seconds.: paramiko.ssh_exception.NoValidConnectionsError: [Errno None] Unable to connect to port 22 on 10.180.180.135
2025-04-19 22:48:06.631 69570 INFO tempest.lib.common.rest_client [req-969fc8e1-d487-40af-9c7e-663c1ec6d31d req-969fc8e1-d487-40af-9c7e-663c1ec6d31d ] Request (VolumesAssistedSnapshotsTest:tearDownClass): 200 GET http://10.180.1.21/compute/v2.1/servers/efe57460-22b1-4a19-875c-0d19098a8c4a 0.366s
2025-04-19 22:48:06.681 69578 INFO tempest.lib.common.rest_client [req-2edf1b25-3e77-4ce3-882d-0b2c737109fa req-2edf1b25-3e77-4ce3-882d-0b2c737109fa ] Request (ServerGroupTestJSON:test_create_server_with_scheduler_hint_group): 200 GET http://10.180.1.21/compute/v2.1/servers/a823bd62-20a8-4b40-8698-e164d21a7471 0.295s
2025-04-19 22:48:06.699 69550 INFO tempest.lib.common.rest_client [req-73d87e6b-7b21-48a6-b714-7f3fd4bb389f req-73d87e6b-7b21-48a6-b714-7f3fd4bb389f ] Request (ListImageFiltersTestJSON:setUpClass): 200 GET http://10.180.1.21/compute/v2.1/servers/13e72229-59cc-4f51-bda1-f8c69cbef790 0.281s
2025-04-19 22:48:06.737 69568 INFO tempest.lib.common.rest_client [req-03faabcf-affa-4c65-9ee8-835e96fb00d0 req-03faabcf-affa-4c65-9ee8-835e96fb00d0 ] Request (FloatingIPsAssociationTestJSON:test_associate_already_associated_floating_ip): 200 GET http://10.180.1.21/compute/v2.1/servers/bebef016-51f9-4368-9862-b1fc990fbb98 0.256s
2025-04-19 22:48:06.752 69572 INFO tempest.lib.common.rest_client [req-c9ea85c9-2acd-4a93-ac99-97a8ef3ffbf8 req-c9ea85c9-2acd-4a93-ac99-97a8ef3ffbf8 ] Request (DeleteServersAdminTestJSON:test_delete_server_while_in_error_state): 200 GET http://10.180.1.21/compute/v2.1/servers/d8fe6fbd-05c2-4bf5-8615-bb505bd0c031 0.211s
2025-04-19 22:48:06.785 69596 INFO tempest.lib.common.rest_client [req-2da64f7a-37d0-470e-b6e1-8a0400cd7079 req-2da64f7a-37d0-470e-b6e1-8a0400cd7079 ] Request (MultipleCreateTestJSON:test_multiple_create_with_reservation_return): 200 GET http://10.180.1.21/compute/v2.1/servers 0.237s
2025-04-19 22:48:06.816 69602 INFO tempest.lib.common.rest_client [req-b403f1d9-2c0d-4179-87cc-a307cbb1974f req-b403f1d9-2c0d-4179-87cc-a307cbb1974f ] Request (ImagesTestJSON:test_create_image_from_suspended_server): 200 GET http://10.180.1.21/compute/v2.1/servers/dcb2c786-0332-4cda-bbf0-6f84ec4fb7aa 0.192s
2025-04-19 22:48:06.863 69608 INFO tempest.lib.common.rest_client [req-6f951eec-e53c-48b4-8aba-737fab1257c9 req-6f951eec-e53c-48b4-8aba-737fab1257c9 ] Request (ServersAdminTestJSON:test_inject_network_info): 200 GET http://10.180.1.21/compute/v2.1/servers/eb123ea6-e162-4dfc-9eba-1a2a908c47ec 0.207s
2025-04-19 22:48:06.890 69562 INFO tempest.lib.common.rest_client [req-7c2d8681-c977-4bfb-b61a-8cb130b0c521 req-7c2d8681-c977-4bfb-b61a-8cb130b0c521 ] Request (ServerDiagnosticsV248Test:tearDownClass): 200 GET http://10.180.1.21/compute/v2.1/servers/d148ca17-206a-48e4-a673-471bf48ab99e 0.190s
2025-04-19 22:48:06.935 69588 INFO tempest.lib.common.rest_client [req-a8a141e7-9632-4651-b22b-83e5d4fb9a8d req-a8a141e7-9632-4651-b22b-83e5d4fb9a8d ] Request (ServersListShow296Test:test_list_show_update_rebuild_server_296): 200 GET http://10.180.1.21/compute/v2.1/servers/22c24625-6973-44f4-8f39-7ae9c88bd8f1 0.178s
2025-04-19 22:48:06.938 69596 INFO tempest.lib.common.rest_client [req-db31e796-2e04-40ea-8266-57ba84c028ae req-db31e796-2e04-40ea-8266-57ba84c028ae ] Request (MultipleCreateTestJSON:test_multiple_create_with_reservation_return): 200 GET http://10.180.1.21/compute/v2.1/servers/ab246b37-d9a2-454a-932b-3b49cba0e0f9 0.150s
2025-04-19 22:48:06.999 69548 INFO tempest.lib.common.rest_client [req-d12fbf04-731c-42db-839c-bb5b81368c46 req-d12fbf04-731c-42db-839c-bb5b81368c46 ] Request (ServerDiskConfigTestJSON:test_resize_server_from_auto_to_manual): 200 GET http://10.180.1.21/compute/v2.1/servers/022614a7-ce73-4a6f-a7ea-2763b9da7788 0.107s
2025-04-19 22:48:07.065 69580 INFO tempest.lib.common.rest_client [req-8683c8ca-6b46-4ac6-89bf-69496b3f3998 req-8683c8ca-6b46-4ac6-89bf-69496b3f3998 ] Request (ServerExternalEventsTest:tearDownClass): 200 GET http://10.180.1.21/compute/v2.1/servers/3d524a5b-6e5e-4ae9-883f-8f99339b9ffd 0.079s
2025-04-19 22:48:07.079 69590 INFO tempest.lib.common.rest_client [req-e7f41a46-9b8b-4cb5-b70e-12eced71fb9f req-e7f41a46-9b8b-4cb5-b70e-12eced71fb9f ] Request (ImagesNegativeTestJSON:test_create_image_from_deleted_server): 200 GET http://10.180.1.21/compute/v2.1/servers/8214b619-33e9-463b-bc33-cb2957f8b348 0.154s
2025-04-19 22:48:07.091 69590 INFO tempest.common.waiters [-] State transition "BUILD/spawning" ==> "ACTIVE/None" after 85 second wait
2025-04-19 22:48:07.130 69554 INFO tempest.lib.common.rest_client [req-8d2d05df-aba4-43c4-8024-26b6e50b3354 req-8d2d05df-aba4-43c4-8024-26b6e50b3354 ] Request (ServerActionsV293TestJSON:setUpClass): 200 GET http://10.180.1.21/compute/v2.1/servers/f1a7c151-4a73-420d-9fdb-199f9a136198 0.141s
2025-04-19 22:48:07.139 69598 INFO tempest.lib.common.rest_client [req-dd47bdcd-8fd3-4cec-90d6-939f5bd35d58 req-dd47bdcd-8fd3-4cec-90d6-939f5bd35d58 ] Request (ServerRescueTestJSON:setUpClass): 200 GET http://10.180.1.21/compute/v2.1/servers/aee843c9-5d66-4815-b640-7c85b299689b 0.087s
2025-04-19 22:48:07.199 69564 INFO tempest.lib.common.rest_client [req-46ebc580-9b30-45b9-8891-5f44a16ec314 req-46ebc580-9b30-45b9-8891-5f44a16ec314 ] Request (ServersAdminNegativeTestJSON:tearDownClass): 200 GET http://10.180.1.21/compute/v2.1/servers/168831bc-c8b0-415e-89d4-6a1b5ea03dc3 0.145s
2025-04-19 22:48:07.254 69590 INFO tempest.lib.common.rest_client [req-2b5a6e17-5030-4dd0-8a24-b5dfe1411c12 req-2b5a6e17-5030-4dd0-8a24-b5dfe1411c12 ] Request (ImagesNegativeTestJSON:test_create_image_from_deleted_server): 204 DELETE http://10.180.1.21/compute/v2.1/servers/8214b619-33e9-463b-bc33-cb2957f8b348 0.162s
2025-04-19 22:48:07.256 69560 INFO tempest.lib.common.rest_client [req-b08d6736-2f74-47be-8fe1-8a3488fa15d0 req-b08d6736-2f74-47be-8fe1-8a3488fa15d0 ] Request (ServersAaction247Test:tearDownClass): 200 GET http://10.180.1.21/compute/v2.1/servers/15a216a3-85e7-40f3-bdd2-7d1ac563aeb0 0.136s
2025-04-19 22:48:07.325 69574 INFO tempest.lib.common.rest_client [req-eaea385a-2afd-404b-8b2b-f2c2d0825092 req-eaea385a-2afd-404b-8b2b-f2c2d0825092 ] Request (ServerActionsTestOtherB:setUpClass): 200 GET http://10.180.1.21/compute/v2.1/servers/5d5ac77b-9d87-4206-a210-616b240c4e91 0.139s
