2025-04-19 22:48:13.123 69580 INFO tempest.lib.common.rest_client [req-2af1477c-83d0-4669-87e2-1fefb348b227 req-2af1477c-83d0-4669-87e2-1fefb348b227 ] Request (FloatingIPDetailsNegativeTestJSON:setUpClass): 200 GET http://10.180.1.21/identity/v3/domains?name=Default 0.032s
2025-04-19 22:48:13.156 69580 INFO tempest.lib.common.rest_client [req-242e9c0c-de1f-48a4-9521-8f6a57372db2 req-242e9c0c-de1f-48a4-9521-8f6a57372db2 ] Request (FloatingIPDetailsNegativeTestJSON:setUpClass): 201 POST http://10.180.1.21/identity/v3/projects 0.032s
2025-04-19 22:48:13.170 69610 INFO tempest.lib.common.rest_client [req-7aec333a-1deb-4dae-a848-d641ce5c0016 req-7aec333a-1deb-4dae-a848-d641ce5c0016 ] Request (ImagesOneServerTestJSON:setUpClass): 200 GET http://10.180.1.21/compute/v2.1/servers/082b9d94-88f6-4b1d-b7af-fb508bb61e82 0.053s
2025-04-19 22:48:13.224 69580 INFO tempest.lib.common.rest_client [req-181e4e1c-f73c-4bd3-9fcc-1d73e9665bb4 req-181e4e1c-f73c-4bd3-9fcc-1d73e9665bb4 ] Request (FloatingIPDetailsNegativeTestJSON:setUpClass): 201 POST http://10.180.1.21/identity/v3/users 0.067s
2025-04-19 22:48:13.245 69580 INFO tempest.lib.common.rest_client [req-4bc8310b-b4de-4ab3-ba4a-93e50ea11a37 req-4bc8310b-b4de-4ab3-ba4a-93e50ea11a37 ] Request (FloatingIPDetailsNegativeTestJSON:setUpClass): 200 GET http://10.180.1.21/identity/v3/roles 0.020s
2025-04-19 22:48:13.279 69574 INFO tempest.lib.common.rest_client [req-5cba303e-389f-4968-8af9-f35e14e35523 req-5cba303e-389f-4968-8af9-f35e14e35523 ] Request (ServerActionsTestOtherB:setUpClass): 200 GET http://10.180.1.21/compute/v2.1/servers/5d5ac77b-9d87-4206-a210-616b240c4e91 0.128s
2025-04-19 22:48:13.279 69580 INFO tempest.lib.common.rest_client [req-022e165c-9818-420f-914c-4a9f54cbaf08 req-022e165c-9818-420f-914c-4a9f54cbaf08 ] Request (FloatingIPDetailsNegativeTestJSON:setUpClass): 204 PUT http://10.180.1.21/identity/v3/projects/c6c4f35df11541b188dc992be963336d/users/996e62c5d78441589dc887bdece2f2e7/roles/e7b96962f18247829b7fed5d9e7be408 0.034s
2025-04-19 22:48:13.280 69580 INFO tempest.lib.common.dynamic_creds [-] Dynamic test user 996e62c5d78441589dc887bdece2f2e7 is created with scope project and roles: ['member']
2025-04-19 22:48:13.280 69580 INFO tempest.lib.common.dynamic_creds [-] Acquired dynamic creds: credentials: Credentials: {'domain_id': 'default', 'domain_name': 'Default', 'username': 'tempest-FloatingIPDetailsNegativeTestJSON-211700396-project-member', 'project_domain_id': 'default', 'project_domain_name': 'Default', 'project_id': 'c6c4f35df11541b188dc992be963336d', 'project_name': 'tempest-FloatingIPDetailsNegativeTestJSON-211700396', 'tenant_id': 'c6c4f35df11541b188dc992be963336d', 'tenant_name': 'tempest-FloatingIPDetailsNegativeTestJSON-211700396', 'user_domain_id': 'default', 'user_domain_name': 'Default', 'user_id': '996e62c5d78441589dc887bdece2f2e7', 'system': None}, Network: None, Subnet: None, Router: None
2025-04-19 22:48:13.365 69580 INFO tempest.lib.common.rest_client [req-1452a9e7-6fab-4923-8b59-0a500e80e619 req-1452a9e7-6fab-4923-8b59-0a500e80e619 ] Request (FloatingIPDetailsNegativeTestJSON:setUpClass): 201 POST http://10.180.1.21/identity/v3/auth/tokens 0.085s
2025-04-19 22:48:13.422 69586 INFO tempest.lib.common.rest_client [req-5f79159f-16bd-4615-86ea-5c152c9941ae req-5f79159f-16bd-4615-86ea-5c152c9941ae ] Request (ImagesOneServerNegativeTestJSON:setUpClass): 200 GET http://10.180.1.21/compute/v2.1/servers/4843d66a-3d1f-40fc-9862-e9cdbc2f8d3f 0.071s
2025-04-19 22:48:13.437 69590 INFO tempest.lib.common.rest_client [req-af153767-7b1a-4c53-aadd-9082565eb2a0 req-af153767-7b1a-4c53-aadd-9082565eb2a0 ] Request (ImagesNegativeTestJSON:test_create_image_from_deleted_server): 200 GET http://10.180.1.21/compute/v2.1/servers/8214b619-33e9-463b-bc33-cb2957f8b348 0.079s
2025-04-19 22:48:13.476 69585 INFO tempest.lib.common.rest_client [req-ccd4ccf5-be1d-4018-aedf-bda5007e5206 req-ccd4ccf5-be1d-4018-aedf-bda5007e5206 ] Request (ServerTagsTestJSON:setUpClass): 200 GET http://10.180.1.21/compute/v2.1/servers/d9603c2e-f0e0-45a6-a31d-b58c052874d4 0.061s
2025-04-19 22:48:13.497 69600 INFO tempest.lib.common.rest_client [req-8def80b7-ca6b-4322-9a86-8aff08289482 req-8def80b7-ca6b-4322-9a86-8aff08289482 ] Request (ServerActionsTestOtherA:setUpClass): 200 GET http://10.180.1.21/compute/v2.1/servers/0614d5ec-c144-48fe-9248-a498b34699a6 0.078s
2025-04-19 22:48:13.525 69606 INFO tempest.lib.common.rest_client [req-0a4ec440-d1b5-4039-b5bb-ee0be81c2582 req-0a4ec440-d1b5-4039-b5bb-ee0be81c2582 ] Request (SecurityGroupsTestJSON:test_list_security_groups_by_server): 200 GET http://10.180.1.21/compute/v2.1/servers/ffae9122-9be9-4ba6-84d3-52272208922d 0.060s
2025-04-19 22:48:13.552 69570 INFO tempest.lib.common.rest_client [req-4ccf14f6-9491-4404-93ce-c0438ff6b972 req-4ccf14f6-9491-4404-93ce-c0438ff6b972 ] Request (VolumesAssistedSnapshotsTest:tearDownClass): 200 GET http://10.180.1.21/compute/v2.1/servers/efe57460-22b1-4a19-875c-0d19098a8c4a 0.067s
2025-04-19 22:48:13.569 69550 INFO tempest.lib.common.rest_client [req-97bdb583-8fc8-455f-a51d-8f3e4b637073 req-97bdb583-8fc8-455f-a51d-8f3e4b637073 ] Request (ListImageFiltersTestJSON:setUpClass): 200 GET http://10.180.1.21/compute/v2.1/servers/13e72229-59cc-4f51-bda1-f8c69cbef790 0.058s
2025-04-19 22:48:13.598 69580 INFO tempest.lib.common.rest_client [req-bfe926ec-a6ff-4d7c-a714-2a132707b91e req-bfe926ec-a6ff-4d7c-a714-2a132707b91e ] Request (FloatingIPDetailsNegativeTestJSON:setUpClass): 201 POST http://10.180.1.21:9696/networking/v2.0/networks 0.232s
2025-04-19 22:48:13.652 69572 INFO tempest.lib.common.rest_client [req-69f0fed4-6322-418e-86df-9bab67a8217b req-69f0fed4-6322-418e-86df-9bab67a8217b ] Request (DeleteServersAdminTestJSON:test_delete_server_while_in_error_state): 200 GET http://10.180.1.21/compute/v2.1/servers/d8fe6fbd-05c2-4bf5-8615-bb505bd0c031 0.055s
2025-04-19 22:48:13.696 69568 INFO tempest.lib.common.rest_client [req-50cd7b22-a410-44f7-b1a2-d7fcafd16bf9 req-50cd7b22-a410-44f7-b1a2-d7fcafd16bf9 ] Request (FloatingIPsAssociationTestJSON:test_associate_already_associated_floating_ip): 200 GET http://10.180.1.21/compute/v2.1/servers/bebef016-51f9-4368-9862-b1fc990fbb98 0.050s
2025-04-19 22:48:13.742 69580 INFO tempest.lib.common.rest_client [req-b2bf55dc-a6e3-437a-aae7-990fa55c1e3a req-b2bf55dc-a6e3-437a-aae7-990fa55c1e3a ] Request (FloatingIPDetailsNegativeTestJSON:setUpClass): 201 POST http://10.180.1.21:9696/networking/v2.0/subnets 0.144s
2025-04-19 22:48:13.759 69602 INFO tempest.lib.common.rest_client [req-ba0760bc-32c4-408b-ad99-6ba3dddbc39c req-ba0760bc-32c4-408b-ad99-6ba3dddbc39c ] Request (ImagesTestJSON:test_create_image_from_suspended_server): 200 GET http://10.180.1.21/compute/v2.1/servers/dcb2c786-0332-4cda-bbf0-6f84ec4fb7aa 0.058s
2025-04-19 22:48:13.761 69608 INFO tempest.lib.common.rest_client [req-6f3386a2-1ebe-4ebd-b98b-d50077a09ae2 req-6f3386a2-1ebe-4ebd-b98b-d50077a09ae2 ] Request (ServersAdminTestJSON:test_inject_network_info): 200 GET http://10.180.1.21/compute/v2.1/servers/eb123ea6-e162-4dfc-9eba-1a2a908c47ec 0.054s
2025-04-19 22:48:13.766 69602 INFO tempest.common.waiters [-] State transition "BUILD/scheduling" ==> "BUILD/None" after 66 second wait
2025-04-19 22:48:13.826 69596 INFO tempest.lib.common.rest_client [req-f31cd0c9-738e-496d-ae82-5ed1c5627651 req-f31cd0c9-738e-496d-ae82-5ed1c5627651 ] Request (MultipleCreateTestJSON:test_multiple_create_with_reservation_return): 200 GET http://10.180.1.21/compute/v2.1/servers/ab246b37-d9a2-454a-932b-3b49cba0e0f9 0.080s
2025-04-19 22:48:13.880 69562 INFO tempest.lib.common.rest_client [req-307b962a-fa93-4241-88d8-ae0b2f666080 req-307b962a-fa93-4241-88d8-ae0b2f666080 ] Request (ServerDiagnosticsV248Test:tearDownClass): 200 GET http://10.180.1.21/compute/v2.1/servers/d148ca17-206a-48e4-a673-471bf48ab99e 0.066s
2025-04-19 22:48:13.929 69548 INFO tempest.lib.common.rest_client [req-57df5ea0-fe40-4b8c-98bd-854244a01405 req-57df5ea0-fe40-4b8c-98bd-854244a01405 ] Request (ServerDiskConfigTestJSON:test_resize_server_from_auto_to_manual): 200 GET http://10.180.1.21/compute/v2.1/servers/022614a7-ce73-4a6f-a7ea-2763b9da7788 0.051s
2025-04-19 22:48:14.041 69588 INFO tempest.lib.common.rest_client [req-9faa9594-5faa-436f-a847-d62b7a25f4ba req-9faa9594-5faa-436f-a847-d62b7a25f4ba ] Request (ServersListShow296Test:test_list_show_update_rebuild_server_296): 200 GET http://10.180.1.21/compute/v2.1/servers/22c24625-6973-44f4-8f39-7ae9c88bd8f1 0.086s
2025-04-19 22:48:14.068 69578 INFO tempest.lib.common.rest_client [req-10e9a22d-09ea-4526-9699-aea2cefa3032 req-10e9a22d-09ea-4526-9699-aea2cefa3032 ] Request (ServerGroupTestJSON:_run_cleanups): 200 GET http://10.180.1.21/compute/v2.1/servers/a823bd62-20a8-4b40-8698-e164d21a7471 0.115s
2025-04-19 22:48:14.076 69592 INFO paramiko.transport [-] Connected (version 2.0, client dropbear_2020.81)
2025-04-19 22:48:14.092 69598 INFO tempest.lib.common.rest_client [req-d4c2494d-2aa1-43c9-83ed-ed79f4a8e472 req-d4c2494d-2aa1-43c9-83ed-ed79f4a8e472 ] Request (ServerRescueTestJSON:setUpClass): 200 GET http://10.180.1.21/compute/v2.1/servers/aee843c9-5d66-4815-b640-7c85b299689b 0.084s
2025-04-19 22:48:14.136 69554 INFO tempest.lib.common.rest_client [req-3556c491-9254-4a7b-9d15-41042f35bd2b req-3556c491-9254-4a7b-9d15-41042f35bd2b ] Request (ServerActionsV293TestJSON:setUpClass): 200 GET http://10.180.1.21/compute/v2.1/servers/f1a7c151-4a73-420d-9fdb-199f9a136198 0.127s
2025-04-19 22:48:14.146 69564 INFO tempest.lib.common.rest_client [req-92599357-c047-4e1b-a95c-7e9f8dea766d req-92599357-c047-4e1b-a95c-7e9f8dea766d ] Request (ServersAdminNegativeTestJSON:tearDownClass): 200 GET http://10.180.1.21/compute/v2.1/servers/168831bc-c8b0-415e-89d4-6a1b5ea03dc3 0.075s
2025-04-19 22:48:14.183 69592 INFO paramiko.transport [-] Authentication (publickey) successful!
2025-04-19 22:48:14.184 69592 INFO tempest.lib.common.ssh [-] ssh connection to cirros@10.180.180.135 successfully created
2025-04-19 22:48:14.204 69566 INFO tempest.lib.common.rest_client [req-f0811bba-b742-4278-bd44-af9190cbf661 req-f0811bba-b742-4278-bd44-af9190cbf661 ] Request (ServerRescueNegativeTestJSON:setUpClass): 200 GET http://10.180.1.21/compute/v2.1/servers/88f2ec1c-f6dc-4d20-96df-d3272d74dc7e 0.081s
2025-04-19 22:48:14.217 69560 INFO tempest.lib.common.rest_client [req-73efe814-92b8-4bce-b57e-90902d00e22e req-73efe814-92b8-4bce-b57e-90902d00e22e ] Request (ServersAaction247Test:tearDownClass): 200 GET http://10.180.1.21/compute/v2.1/servers/15a216a3-85e7-40f3-bdd2-7d1ac563aeb0 0.141s
2025-04-19 22:48:14.277 69556 INFO tempest.lib.common.rest_client [req-90cae253-d50e-478c-8d63-bef6d74757f2 req-90cae253-d50e-478c-8d63-bef6d74757f2 ] Request (DeleteServersTestJSON:test_delete_server_while_in_attached_volume): 200 GET http://10.180.1.21/compute/v2.1/servers/69098679-d76f-4276-a76f-cba54747246d 0.148s
2025-04-19 22:48:14.287 69610 INFO tempest.lib.common.rest_client [req-a7f1592c-bf71-48dc-a5aa-f262f06e11e4 req-a7f1592c-bf71-48dc-a5aa-f262f06e11e4 ] Request (ImagesOneServerTestJSON:setUpClass): 200 GET http://10.180.1.21/compute/v2.1/servers/082b9d94-88f6-4b1d-b7af-fb508bb61e82 0.108s
2025-04-19 22:48:14.417 69574 INFO tempest.lib.common.rest_client [req-5f1b413f-00fb-4eef-8f6a-89f047064fb1 req-5f1b413f-00fb-4eef-8f6a-89f047064fb1 ] Request (ServerActionsTestOtherB:setUpClass): 200 GET http://10.180.1.21/compute/v2.1/servers/5d5ac77b-9d87-4206-a210-616b240c4e91 0.127s
2025-04-19 22:48:14.425 69592 INFO tempest.lib.common.rest_client [req-0e0d5184-07a1-462f-bd48-25c39fe7ff9e req-0e0d5184-07a1-462f-bd48-25c39fe7ff9e ] Request (AttachInterfacesTestJSON:test_create_list_show_delete_interfaces_by_fixed_ip): 200 GET http://10.180.1.21/compute/v2.1/servers/e9d01ac4-c62e-4cbb-bed2-2fdfb51df71c/os-interface 0.241s
2025-04-19 22:48:14.493 69586 INFO tempest.lib.common.rest_client [req-d44a95e9-0379-4d7a-8207-32997c4ac43a req-d44a95e9-0379-4d7a-8207-32997c4ac43a ] Request (ImagesOneServerNegativeTestJSON:setUpClass): 200 GET http://10.180.1.21/compute/v2.1/servers/4843d66a-3d1f-40fc-9862-e9cdbc2f8d3f 0.061s
2025-04-19 22:48:14.497 69594 WARNING tempest.lib.common.ssh [-] Failed to establish authenticated ssh connection to cirros@10.180.180.250 ([Errno None] Unable to connect to port 22 on 10.180.180.250). Number attempts: 6. Retry after 7 seconds.: paramiko.ssh_exception.NoValidConnectionsError: [Errno None] Unable to connect to port 22 on 10.180.180.250
2025-04-19 22:48:14.503 69592 INFO tempest.lib.common.rest_client [req-a015a207-d8cd-4f29-80a9-3d3f818cb702 req-a015a207-d8cd-4f29-80a9-3d3f818cb702 ] Request (AttachInterfacesTestJSON:test_create_list_show_delete_interfaces_by_fixed_ip): 200 GET http://10.180.1.21/compute/v2.1/servers/e9d01ac4-c62e-4cbb-bed2-2fdfb51df71c/os-interface/4291446f-fafc-495e-805f-4c346d58f9c3 0.076s
2025-04-19 22:48:14.505 69586 INFO tempest.common.waiters [-] State transition "BUILD/None" ==> "BUILD/networking" after 84 second wait
2025-04-19 22:48:14.578 69590 INFO tempest.lib.common.rest_client [req-f4df80d2-d136-41ef-9b17-c43965eee18d req-f4df80d2-d136-41ef-9b17-c43965eee18d ] Request (ImagesNegativeTestJSON:test_create_image_from_deleted_server): 200 GET http://10.180.1.21/compute/v2.1/servers/8214b619-33e9-463b-bc33-cb2957f8b348 0.131s
2025-04-19 22:48:14.585 69585 INFO tempest.lib.common.rest_client [req-59952038-9d42-4a30-8dee-135d2d098582 req-59952038-9d42-4a30-8dee-135d2d098582 ] Request (ServerTagsTestJSON:setUpClass): 200 GET http://10.180.1.21/compute/v2.1/servers/d9603c2e-f0e0-45a6-a31d-b58c052874d4 0.096s
2025-04-19 22:48:14.587 69592 INFO tempest.lib.common.rest_client [req-2f1c1cb7-0872-4e91-bad5-05154df4b442 req-2f1c1cb7-0872-4e91-bad5-05154df4b442 ] Request (AttachInterfacesTestJSON:test_create_list_show_delete_interfaces_by_fixed_ip): 200 GET http://10.180.1.21:9696/networking/v2.0/ports?network_id=b5f8d613-1f81-4dd9-8a85-3ec46149a0ab 0.081s
2025-04-19 22:48:14.608 69592 INFO tempest.lib.common.rest_client [req-aa480c71-f3cb-4f16-a90d-cfa43606c627 req-aa480c71-f3cb-4f16-a90d-cfa43606c627 ] Request (AttachInterfacesTestJSON:test_create_list_show_delete_interfaces_by_fixed_ip): 200 GET http://10.180.1.21:9696/networking/v2.0/subnets/a71a2ad6-ef86-4f62-b823-9894fcbc59b2 0.021s
2025-04-19 22:48:14.640 69600 INFO tempest.lib.common.rest_client [req-44eb4b93-03d5-496a-9dc6-30cbacb839b6 req-44eb4b93-03d5-496a-9dc6-30cbacb839b6 ] Request (ServerActionsTestOtherA:setUpClass): 200 GET http://10.180.1.21/compute/v2.1/servers/0614d5ec-c144-48fe-9248-a498b34699a6 0.135s
2025-04-19 22:48:14.644 69606 INFO tempest.lib.common.rest_client [req-cd067d0b-93ee-4b53-ae8a-e8ee7ed35ab5 req-cd067d0b-93ee-4b53-ae8a-e8ee7ed35ab5 ] Request (SecurityGroupsTestJSON:test_list_security_groups_by_server): 200 GET http://10.180.1.21/compute/v2.1/servers/ffae9122-9be9-4ba6-84d3-52272208922d 0.110s
2025-04-19 22:48:14.700 69550 INFO tempest.lib.common.rest_client [req-3c8e4d9e-9a97-4653-95d6-2e8c140fae5c req-3c8e4d9e-9a97-4653-95d6-2e8c140fae5c ] Request (ListImageFiltersTestJSON:setUpClass): 200 GET http://10.180.1.21/compute/v2.1/servers/13e72229-59cc-4f51-bda1-f8c69cbef790 0.123s
2025-04-19 22:48:14.709 69570 INFO tempest.lib.common.rest_client [req-699de477-fd86-4a85-a658-9d1b76aebfb2 req-699de477-fd86-4a85-a658-9d1b76aebfb2 ] Request (VolumesAssistedSnapshotsTest:tearDownClass): 200 GET http://10.180.1.21/compute/v2.1/servers/efe57460-22b1-4a19-875c-0d19098a8c4a 0.149s
2025-04-19 22:48:14.770 69572 INFO tempest.lib.common.rest_client [req-456a6f42-4811-45e8-9e73-2986f4a8c510 req-456a6f42-4811-45e8-9e73-2986f4a8c510 ] Request (DeleteServersAdminTestJSON:test_delete_server_while_in_error_state): 200 GET http://10.180.1.21/compute/v2.1/servers/d8fe6fbd-05c2-4bf5-8615-bb505bd0c031 0.109s
2025-04-19 22:48:14.816 69568 INFO tempest.lib.common.rest_client [req-1c33855d-553a-4fd7-953f-4b407cc3310a req-1c33855d-553a-4fd7-953f-4b407cc3310a ] Request (FloatingIPsAssociationTestJSON:test_associate_already_associated_floating_ip): 200 GET http://10.180.1.21/compute/v2.1/servers/bebef016-51f9-4368-9862-b1fc990fbb98 0.113s
2025-04-19 22:48:14.851 69580 INFO tempest.lib.common.rest_client [req-da4c347e-d933-48bc-bedf-d4e43fb2a8bf req-da4c347e-d933-48bc-bedf-d4e43fb2a8bf ] Request (FloatingIPDetailsNegativeTestJSON:setUpClass): 201 POST http://10.180.1.21:9696/networking/v2.0/routers 1.108s
2025-04-19 22:48:14.869 69602 INFO tempest.lib.common.rest_client [req-be59b718-27d5-46ee-93ba-fb4c4da6c7d5 req-be59b718-27d5-46ee-93ba-fb4c4da6c7d5 ] Request (ImagesTestJSON:test_create_image_from_suspended_server): 200 GET http://10.180.1.21/compute/v2.1/servers/dcb2c786-0332-4cda-bbf0-6f84ec4fb7aa 0.102s
2025-04-19 22:48:14.916 69608 INFO tempest.lib.common.rest_client [req-1570d9ef-ff85-4026-b845-7d7dc8cf4597 req-1570d9ef-ff85-4026-b845-7d7dc8cf4597 ] Request (ServersAdminTestJSON:test_inject_network_info): 200 GET http://10.180.1.21/compute/v2.1/servers/eb123ea6-e162-4dfc-9eba-1a2a908c47ec 0.146s
2025-04-19 22:48:14.970 69596 INFO tempest.lib.common.rest_client [req-34d5f657-84d7-469d-9e08-24fc3ec94f2c req-34d5f657-84d7-469d-9e08-24fc3ec94f2c ] Request (MultipleCreateTestJSON:test_multiple_create_with_reservation_return): 200 GET http://10.180.1.21/compute/v2.1/servers/ab246b37-d9a2-454a-932b-3b49cba0e0f9 0.136s
2025-04-19 22:48:15.053 69562 INFO tempest.lib.common.rest_client [req-fddc34b8-4e58-4203-b0c7-e4ada057e0a5 req-fddc34b8-4e58-4203-b0c7-e4ada057e0a5 ] Request (ServerDiagnosticsV248Test:tearDownClass): 200 GET http://10.180.1.21/compute/v2.1/servers/d148ca17-206a-48e4-a673-471bf48ab99e 0.161s
2025-04-19 22:48:15.103 69548 INFO tempest.lib.common.rest_client [req-1e2c4080-b0c8-44cd-89e3-343ed53ea26c req-1e2c4080-b0c8-44cd-89e3-343ed53ea26c ] Request (ServerDiskConfigTestJSON:test_resize_server_from_auto_to_manual): 200 GET http://10.180.1.21/compute/v2.1/servers/022614a7-ce73-4a6f-a7ea-2763b9da7788 0.166s
2025-04-19 22:48:15.165 69588 INFO tempest.lib.common.rest_client [req-f4ffecf3-7fb8-4d36-b534-2b198963c691 req-f4ffecf3-7fb8-4d36-b534-2b198963c691 ] Request (ServersListShow296Test:test_list_show_update_rebuild_server_296): 200 GET http://10.180.1.21/compute/v2.1/servers/22c24625-6973-44f4-8f39-7ae9c88bd8f1 0.113s
2025-04-19 22:48:15.226 69578 INFO tempest.lib.common.rest_client [req-a09cffee-5068-4e7f-b14c-f722374ccd73 req-a09cffee-5068-4e7f-b14c-f722374ccd73 ] Request (ServerGroupTestJSON:_run_cleanups): 200 GET http://10.180.1.21/compute/v2.1/servers/a823bd62-20a8-4b40-8698-e164d21a7471 0.147s
2025-04-19 22:48:15.285 69598 INFO tempest.lib.common.rest_client [req-8aea47e8-c6d4-4a68-8c9f-fcf15daf5317 req-8aea47e8-c6d4-4a68-8c9f-fcf15daf5317 ] Request (ServerRescueTestJSON:setUpClass): 200 GET http://10.180.1.21/compute/v2.1/servers/aee843c9-5d66-4815-b640-7c85b299689b 0.181s
2025-04-19 22:48:15.336 69554 INFO tempest.lib.common.rest_client [req-0a84be81-eb1a-4f61-8095-4b9e981b6acb req-0a84be81-eb1a-4f61-8095-4b9e981b6acb ] Request (ServerActionsV293TestJSON:setUpClass): 200 GET http://10.180.1.21/compute/v2.1/servers/f1a7c151-4a73-420d-9fdb-199f9a136198 0.184s
2025-04-19 22:48:15.405 69564 INFO tempest.lib.common.rest_client [req-80a69b86-079a-4555-8bab-f3a5bebd040f req-80a69b86-079a-4555-8bab-f3a5bebd040f ] Request (ServersAdminNegativeTestJSON:tearDownClass): 200 GET http://10.180.1.21/compute/v2.1/servers/168831bc-c8b0-415e-89d4-6a1b5ea03dc3 0.247s
2025-04-19 22:48:15.463 69566 INFO tempest.lib.common.rest_client [req-30ea7595-6f9e-4d6c-8514-d1a3d30ef449 req-30ea7595-6f9e-4d6c-8514-d1a3d30ef449 ] Request (ServerRescueNegativeTestJSON:setUpClass): 200 GET http://10.180.1.21/compute/v2.1/servers/88f2ec1c-f6dc-4d20-96df-d3272d74dc7e 0.241s
2025-04-19 22:48:15.533 69560 INFO tempest.lib.common.rest_client [req-467ffb5c-d2a8-456e-b203-a065f83521e1 req-467ffb5c-d2a8-456e-b203-a065f83521e1 ] Request (ServersAaction247Test:tearDownClass): 200 GET http://10.180.1.21/compute/v2.1/servers/15a216a3-85e7-40f3-bdd2-7d1ac563aeb0 0.300s
2025-04-19 22:48:15.587 69556 INFO tempest.lib.common.rest_client [req-d7ea8168-91a6-4c2d-a7cb-19bd78f40069 req-d7ea8168-91a6-4c2d-a7cb-19bd78f40069 ] Request (DeleteServersTestJSON:test_delete_server_while_in_attached_volume): 200 GET http://10.180.1.21/compute/v2.1/servers/69098679-d76f-4276-a76f-cba54747246d 0.298s
2025-04-19 22:48:15.644 69610 INFO tempest.lib.common.rest_client [req-1edb5a91-f953-492e-86e7-8bee4cbcfa3f req-1edb5a91-f953-492e-86e7-8bee4cbcfa3f ] Request (ImagesOneServerTestJSON:setUpClass): 200 GET http://10.180.1.21/compute/v2.1/servers/082b9d94-88f6-4b1d-b7af-fb508bb61e82 0.345s
2025-04-19 22:48:15.701 69604 WARNING tempest.lib.common.ssh [-] Failed to establish authenticated ssh connection to cirros@10.180.180.252 ([Errno None] Unable to connect to port 22 on 10.180.180.252). Number attempts: 9. Retry after 10 seconds.: paramiko.ssh_exception.NoValidConnectionsError: [Errno None] Unable to connect to port 22 on 10.180.180.252
2025-04-19 22:48:15.719 69580 INFO tempest.lib.common.rest_client [req-8b5ee48b-9084-441d-bba2-4037d4722bd4 req-8b5ee48b-9084-441d-bba2-4037d4722bd4 ] Request (FloatingIPDetailsNegativeTestJSON:setUpClass): 200 PUT http://10.180.1.21:9696/networking/v2.0/routers/c23bf783-16e2-4f20-bec3-49edeba323a4/add_router_interface 0.865s
2025-04-19 22:48:15.719 69580 INFO tempest.lib.common.dynamic_creds [-] Created isolated network resources for: credentials: Credentials: {'domain_id': 'default', 'domain_name': 'Default', 'username': 'tempest-FloatingIPDetailsNegativeTestJSON-211700396-project-member', 'project_domain_id': 'default', 'project_domain_name': 'Default', 'project_id': 'c6c4f35df11541b188dc992be963336d', 'project_name': 'tempest-FloatingIPDetailsNegativeTestJSON-211700396', 'tenant_id': 'c6c4f35df11541b188dc992be963336d', 'tenant_name': 'tempest-FloatingIPDetailsNegativeTestJSON-211700396', 'user_domain_id': 'default', 'user_domain_name': 'Default', 'user_id': '996e62c5d78441589dc887bdece2f2e7', 'system': None}, Network: {'id': '0e952270-713c-4c6d-a195-1c12ccbec1f8', 'name': 'tempest-FloatingIPDetailsNegativeTestJSON-168655470-network', 'tenant_id': 'c6c4f35df11541b188dc992be963336d', 'admin_state_up': True, 'mtu': 8950, 'status': 'ACTIVE', 'subnets': [], 'shared': False, 'project_id': 'c6c4f35df11541b188dc992be963336d', 'port_security_enabled': True, 'router:external': False, 'provider:network_type': 'vlan', 'provider:physical_network': 'default', 'provider:segmentation_id': 25, 'availability_zone_hints': [], 'availability_zones': [], 'ipv4_address_scope': None, 'ipv6_address_scope': None, 'description': '', 'tags': [], 'created_at': '2025-04-19T22:48:13Z', 'updated_at': '2025-04-19T22:48:13Z', 'revision_number': 1}, Subnet: {'id': 'f0b6b56c-5c75-483f-b67c-9512124c0ecd', 'name': 'tempest-FloatingIPDetailsNegativeTestJSON-168655470-subnet', 'tenant_id': 'c6c4f35df11541b188dc992be963336d', 'network_id': '0e952270-713c-4c6d-a195-1c12ccbec1f8', 'ip_version': 4, 'subnetpool_id': None, 'enable_dhcp': True, 'ipv6_ra_mode': None, 'ipv6_address_mode': None, 'gateway_ip': '192.168.128.1', 'cidr': '192.168.128.0/28', 'allocation_pools': [{'start': '192.168.128.2', 'end': '192.168.128.14'}], 'host_routes': [], 'dns_nameservers': [], 'description': '', 'router:external': False, 'service_types': [], 'tags': [], 'created_at': '2025-04-19T22:48:13Z', 'updated_at': '2025-04-19T22:48:13Z', 'revision_number': 0, 'project_id': 'c6c4f35df11541b188dc992be963336d'}, Router: {'id': 'c23bf783-16e2-4f20-bec3-49edeba323a4', 'name': 'tempest-FloatingIPDetailsNegativeTestJSON-168655470-router', 'tenant_id': 'c6c4f35df11541b188dc992be963336d', 'admin_state_up': True, 'status': 'ACTIVE', 'external_gateway_info': {'network_id': 'a3113d27-0091-4307-8874-841641a3b0e0', 'external_fixed_ips': [{'subnet_id': 'c550bedc-3375-4b20-a897-1c1c2eae5950', 'ip_address': '10.180.180.159'}], 'enable_snat': True}, 'description': '', 'availability_zones': [], 'distributed': False, 'ha': False, 'availability_zone_hints': [], 'routes': [], 'flavor_id': None, 'tags': [], 'created_at': '2025-04-19T22:48:13Z', 'updated_at': '2025-04-19T22:48:14Z', 'revision_number': 2, 'project_id': 'c6c4f35df11541b188dc992be963336d'}
2025-04-19 22:48:15.773 69574 INFO tempest.lib.common.rest_client [req-3e2622a3-f316-4b4f-be0f-dc4b515281d1 req-3e2622a3-f316-4b4f-be0f-dc4b515281d1 ] Request (ServerActionsTestOtherB:setUpClass): 200 GET http://10.180.1.21/compute/v2.1/servers/5d5ac77b-9d87-4206-a210-616b240c4e91 0.343s
2025-04-19 22:48:15.801 69580 INFO tempest.lib.common.rest_client [req-5a6f0128-0408-486d-8d94-304393e27ce9 req-5a6f0128-0408-486d-8d94-304393e27ce9 ] Request (FloatingIPDetailsNegativeTestJSON:setUpClass): 201 POST http://10.180.1.21/identity/v3/auth/tokens 0.077s
2025-04-19 22:48:15.893 69586 INFO tempest.lib.common.rest_client [req-6f6e1d9b-5591-492a-9ac9-3835508ad597 req-6f6e1d9b-5591-492a-9ac9-3835508ad597 ] Request (ImagesOneServerNegativeTestJSON:setUpClass): 200 GET http://10.180.1.21/compute/v2.1/servers/4843d66a-3d1f-40fc-9862-e9cdbc2f8d3f 0.388s
2025-04-19 22:48:15.900 69586 INFO tempest.common.waiters [-] State transition "BUILD/networking" ==> "BUILD/spawning" after 85 second wait
2025-04-19 22:48:15.957 69590 INFO tempest.lib.common.rest_client [req-dc5304d3-b6c9-4b61-87ad-bb58d898cfa4 req-dc5304d3-b6c9-4b61-87ad-bb58d898cfa4 ] Request (ImagesNegativeTestJSON:test_create_image_from_deleted_server): 200 GET http://10.180.1.21/compute/v2.1/servers/8214b619-33e9-463b-bc33-cb2957f8b348 0.366s
2025-04-19 22:48:16.009 69585 INFO tempest.lib.common.rest_client [req-d6d00b80-fe48-4c30-815d-c36026d3fc59 req-d6d00b80-fe48-4c30-815d-c36026d3fc59 ] Request (ServerTagsTestJSON:setUpClass): 200 GET http://10.180.1.21/compute/v2.1/servers/d9603c2e-f0e0-45a6-a31d-b58c052874d4 0.414s
2025-04-19 22:48:16.052 69600 INFO tempest.lib.common.rest_client [req-65094d80-e3b2-4399-906c-b560bfbbbd8e req-65094d80-e3b2-4399-906c-b560bfbbbd8e ] Request (ServerActionsTestOtherA:setUpClass): 200 GET http://10.180.1.21/compute/v2.1/servers/0614d5ec-c144-48fe-9248-a498b34699a6 0.394s
2025-04-19 22:48:16.096 69606 INFO tempest.lib.common.rest_client [req-5922b5c2-70f4-4a34-a421-91122d1d612c req-5922b5c2-70f4-4a34-a421-91122d1d612c ] Request (SecurityGroupsTestJSON:test_list_security_groups_by_server): 200 GET http://10.180.1.21/compute/v2.1/servers/ffae9122-9be9-4ba6-84d3-52272208922d 0.439s
2025-04-19 22:48:16.140 69550 INFO tempest.lib.common.rest_client [req-a1866205-1185-4b1a-920b-6ac621b9eb5d req-a1866205-1185-4b1a-920b-6ac621b9eb5d ] Request (ListImageFiltersTestJSON:setUpClass): 200 GET http://10.180.1.21/compute/v2.1/servers/13e72229-59cc-4f51-bda1-f8c69cbef790 0.426s
2025-04-19 22:48:16.196 69570 INFO tempest.lib.common.rest_client [req-bcfedc09-d8ac-499f-9a5a-3663b4c7ef8e req-bcfedc09-d8ac-499f-9a5a-3663b4c7ef8e ] Request (VolumesAssistedSnapshotsTest:tearDownClass): 200 GET http://10.180.1.21/compute/v2.1/servers/efe57460-22b1-4a19-875c-0d19098a8c4a 0.474s
2025-04-19 22:48:16.261 69572 INFO tempest.lib.common.rest_client [req-53c12a0f-3be3-4020-8dd6-c5757925b7e4 req-53c12a0f-3be3-4020-8dd6-c5757925b7e4 ] Request (DeleteServersAdminTestJSON:test_delete_server_while_in_error_state): 200 GET http://10.180.1.21/compute/v2.1/servers/d8fe6fbd-05c2-4bf5-8615-bb505bd0c031 0.480s
2025-04-19 22:48:16.348 69580 INFO tempest.lib.common.rest_client [req-9d29e191-3112-4d7e-99e2-e0dd9333aea0 req-9d29e191-3112-4d7e-99e2-e0dd9333aea0 ] Request (FloatingIPDetailsNegativeTestJSON:test_get_nonexistent_floating_ip_details): 404 GET http://10.180.1.21/compute/v2.1/os-floating-ips/21aa9e7e-3a59-485a-9603-8472d9b1e878 0.545s
2025-04-19 22:48:16.414 69568 INFO tempest.lib.common.rest_client [req-6bc813da-19e8-4142-9fc9-10b43bc689ee req-6bc813da-19e8-4142-9fc9-10b43bc689ee ] Request (FloatingIPsAssociationTestJSON:test_associate_already_associated_floating_ip): 200 GET http://10.180.1.21/compute/v2.1/servers/bebef016-51f9-4368-9862-b1fc990fbb98 0.589s
2025-04-19 22:48:16.472 69602 INFO tempest.lib.common.rest_client [req-16c80dd6-2ce2-4314-bcd2-b4711232ef59 req-16c80dd6-2ce2-4314-bcd2-b4711232ef59 ] Request (ImagesTestJSON:test_create_image_from_suspended_server): 200 GET http://10.180.1.21/compute/v2.1/servers/dcb2c786-0332-4cda-bbf0-6f84ec4fb7aa 0.592s
2025-04-19 22:48:16.530 69608 INFO tempest.lib.common.rest_client [req-48aa8969-c4ec-4e39-9883-28031feb8bdb req-48aa8969-c4ec-4e39-9883-28031feb8bdb ] Request (ServersAdminTestJSON:test_inject_network_info): 200 GET http://10.180.1.21/compute/v2.1/servers/eb123ea6-e162-4dfc-9eba-1a2a908c47ec 0.602s
2025-04-19 22:48:16.613 69596 INFO tempest.lib.common.rest_client [req-3f8b08a4-a285-4545-9974-2ca18fafd6f4 req-3f8b08a4-a285-4545-9974-2ca18fafd6f4 ] Request (MultipleCreateTestJSON:test_multiple_create_with_reservation_return): 200 GET http://10.180.1.21/compute/v2.1/servers/ab246b37-d9a2-454a-932b-3b49cba0e0f9 0.634s
2025-04-19 22:48:16.686 69562 INFO tempest.lib.common.rest_client [req-00f929c1-2f81-4ff6-8f2c-0f7fef0f69c5 req-00f929c1-2f81-4ff6-8f2c-0f7fef0f69c5 ] Request (ServerDiagnosticsV248Test:tearDownClass): 200 GET http://10.180.1.21/compute/v2.1/servers/d148ca17-206a-48e4-a673-471bf48ab99e 0.623s
2025-04-19 22:48:16.751 69548 INFO tempest.lib.common.rest_client [req-77d93b1d-16c4-4e29-b15e-2aaaa2155344 req-77d93b1d-16c4-4e29-b15e-2aaaa2155344 ] Request (ServerDiskConfigTestJSON:test_resize_server_from_auto_to_manual): 200 GET http://10.180.1.21/compute/v2.1/servers/022614a7-ce73-4a6f-a7ea-2763b9da7788 0.638s
2025-04-19 22:48:16.821 69588 INFO tempest.lib.common.rest_client [req-b5524bfc-1669-4131-8e3a-421dabd9ce54 req-b5524bfc-1669-4131-8e3a-421dabd9ce54 ] Request (ServersListShow296Test:test_list_show_update_rebuild_server_296): 200 GET http://10.180.1.21/compute/v2.1/servers/22c24625-6973-44f4-8f39-7ae9c88bd8f1 0.639s
2025-04-19 22:48:16.913 69578 INFO tempest.lib.common.rest_client [req-dce7e56f-0f06-451e-80ab-33cb26e33b8c req-dce7e56f-0f06-451e-80ab-33cb26e33b8c ] Request (ServerGroupTestJSON:_run_cleanups): 200 GET http://10.180.1.21/compute/v2.1/servers/a823bd62-20a8-4b40-8698-e164d21a7471 0.674s
2025-04-19 22:48:16.924 69578 INFO tempest.common.waiters [-] State transition "ACTIVE/deleting" ==> "DELETED/None" after 5 second wait
2025-04-19 22:48:17.003 69598 INFO tempest.lib.common.rest_client [req-c1c9dcf8-f347-46df-a57c-969ccefec90a req-c1c9dcf8-f347-46df-a57c-969ccefec90a ] Request (ServerRescueTestJSON:setUpClass): 200 GET http://10.180.1.21/compute/v2.1/servers/aee843c9-5d66-4815-b640-7c85b299689b 0.707s
2025-04-19 22:48:17.065 69554 INFO tempest.lib.common.rest_client [req-2751b65a-776c-4e24-b709-f882322adf9e req-2751b65a-776c-4e24-b709-f882322adf9e ] Request (ServerActionsV293TestJSON:setUpClass): 200 GET http://10.180.1.21/compute/v2.1/servers/f1a7c151-4a73-420d-9fdb-199f9a136198 0.717s
2025-04-19 22:48:17.120 69564 INFO tempest.lib.common.rest_client [req-7f91a2be-dba1-45eb-9245-0b7dbc63bb8a req-7f91a2be-dba1-45eb-9245-0b7dbc63bb8a ] Request (ServersAdminNegativeTestJSON:tearDownClass): 200 GET http://10.180.1.21/compute/v2.1/servers/168831bc-c8b0-415e-89d4-6a1b5ea03dc3 0.708s
2025-04-19 22:48:17.133 69580 INFO tempest.lib.common.rest_client [req-f1be64c9-5d5b-4c3c-aae5-983a4a62e295 req-f1be64c9-5d5b-4c3c-aae5-983a4a62e295 ] Request (FloatingIPDetailsNegativeTestJSON:tearDownClass): 200 PUT http://10.180.1.21:9696/networking/v2.0/routers/c23bf783-16e2-4f20-bec3-49edeba323a4/remove_router_interface 0.781s
2025-04-19 22:48:17.175 69566 INFO tempest.lib.common.rest_client [req-4032c7ac-8e7e-4409-80b1-d2e3ba9b9074 req-4032c7ac-8e7e-4409-80b1-d2e3ba9b9074 ] Request (ServerRescueNegativeTestJSON:setUpClass): 200 GET http://10.180.1.21/compute/v2.1/servers/88f2ec1c-f6dc-4d20-96df-d3272d74dc7e 0.700s
2025-04-19 22:48:17.241 69560 INFO tempest.lib.common.rest_client [req-740c43eb-0286-4372-8031-3b3a1e679206 req-740c43eb-0286-4372-8031-3b3a1e679206 ] Request (ServersAaction247Test:tearDownClass): 200 GET http://10.180.1.21/compute/v2.1/servers/15a216a3-85e7-40f3-bdd2-7d1ac563aeb0 0.698s
2025-04-19 22:48:17.296 69556 INFO tempest.lib.common.rest_client [req-be410103-b506-42a5-af7b-00aca1eb0185 req-be410103-b506-42a5-af7b-00aca1eb0185 ] Request (DeleteServersTestJSON:test_delete_server_while_in_attached_volume): 200 GET http://10.180.1.21/compute/v2.1/servers/69098679-d76f-4276-a76f-cba54747246d 0.696s
2025-04-19 22:48:17.346 69610 INFO tempest.lib.common.rest_client [req-051139ef-32b2-4ef1-bfe8-84e930e27294 req-051139ef-32b2-4ef1-bfe8-84e930e27294 ] Request (ImagesOneServerTestJSON:setUpClass): 200 GET http://10.180.1.21/compute/v2.1/servers/082b9d94-88f6-4b1d-b7af-fb508bb61e82 0.691s
2025-04-19 22:48:17.503 69574 INFO tempest.lib.common.rest_client [req-fefa2f57-3753-4ef1-9a22-670fb2cf17ed req-fefa2f57-3753-4ef1-9a22-670fb2cf17ed ] Request (ServerActionsTestOtherB:setUpClass): 200 GET http://10.180.1.21/compute/v2.1/servers/5d5ac77b-9d87-4206-a210-616b240c4e91 0.719s
2025-04-19 22:48:17.550 69580 INFO tempest.lib.common.rest_client [req-068ec191-c97e-48aa-9231-aa5522b6234f req-068ec191-c97e-48aa-9231-aa5522b6234f ] Request (FloatingIPDetailsNegativeTestJSON:tearDownClass): 204 DELETE http://10.180.1.21:9696/networking/v2.0/routers/c23bf783-16e2-4f20-bec3-49edeba323a4 0.416s
2025-04-19 22:48:17.592 69586 INFO tempest.lib.common.rest_client [req-7179fe34-06c7-4c23-a0cd-278485446403 req-7179fe34-06c7-4c23-a0cd-278485446403 ] Request (ImagesOneServerNegativeTestJSON:setUpClass): 200 GET http://10.180.1.21/compute/v2.1/servers/4843d66a-3d1f-40fc-9862-e9cdbc2f8d3f 0.690s
2025-04-19 22:48:17.638 69580 INFO tempest.lib.common.rest_client [req-f9a0626e-6c93-42e6-a024-0de44ba2259b req-f9a0626e-6c93-42e6-a024-0de44ba2259b ] Request (FloatingIPDetailsNegativeTestJSON:tearDownClass): 204 DELETE http://10.180.1.21:9696/networking/v2.0/subnets/f0b6b56c-5c75-483f-b67c-9512124c0ecd 0.087s
2025-04-19 22:48:17.644 69590 INFO tempest.lib.common.rest_client [req-1d4f1aee-cae4-412b-9070-329cdcfbce91 req-1d4f1aee-cae4-412b-9070-329cdcfbce91 ] Request (ImagesNegativeTestJSON:test_create_image_from_deleted_server): 200 GET http://10.180.1.21/compute/v2.1/servers/8214b619-33e9-463b-bc33-cb2957f8b348 0.679s
2025-04-19 22:48:17.697 69585 INFO tempest.lib.common.rest_client [req-e53ca25a-cc3e-4729-a3cb-eac0c9004c5d req-e53ca25a-cc3e-4729-a3cb-eac0c9004c5d ] Request (ServerTagsTestJSON:setUpClass): 200 GET http://10.180.1.21/compute/v2.1/servers/d9603c2e-f0e0-45a6-a31d-b58c052874d4 0.679s
2025-04-19 22:48:17.750 69600 INFO tempest.lib.common.rest_client [req-74d4a61c-9594-4bd6-a63a-0e308e0757d0 req-74d4a61c-9594-4bd6-a63a-0e308e0757d0 ] Request (ServerActionsTestOtherA:setUpClass): 200 GET http://10.180.1.21/compute/v2.1/servers/0614d5ec-c144-48fe-9248-a498b34699a6 0.691s
2025-04-19 22:48:17.768 69580 INFO tempest.lib.common.rest_client [req-686e2f61-676e-49ce-a332-3d4da8e380bd req-686e2f61-676e-49ce-a332-3d4da8e380bd ] Request (FloatingIPDetailsNegativeTestJSON:tearDownClass): 204 DELETE http://10.180.1.21:9696/networking/v2.0/networks/0e952270-713c-4c6d-a195-1c12ccbec1f8 0.130s
2025-04-19 22:48:17.794 69606 INFO tempest.lib.common.rest_client [req-dd76482a-79c8-47f2-8042-02b659015d6d req-dd76482a-79c8-47f2-8042-02b659015d6d ] Request (SecurityGroupsTestJSON:test_list_security_groups_by_server): 200 GET http://10.180.1.21/compute/v2.1/servers/ffae9122-9be9-4ba6-84d3-52272208922d 0.690s
2025-04-19 22:48:17.834 69580 INFO tempest.lib.common.rest_client [req-cca89a76-ed66-40c6-9d78-03e4cc534a5c req-cca89a76-ed66-40c6-9d78-03e4cc534a5c ] Request (FloatingIPDetailsNegativeTestJSON:tearDownClass): 204 DELETE http://10.180.1.21/identity/v3/users/996e62c5d78441589dc887bdece2f2e7 0.066s
2025-04-19 22:48:17.835 69580 INFO tempest.lib.common.dynamic_creds [-] Deleting project and security group for project: c6c4f35df11541b188dc992be963336d
2025-04-19 22:48:17.839 69550 INFO tempest.lib.common.rest_client [req-be71cafe-2697-47fc-80e6-43c98dca81db req-be71cafe-2697-47fc-80e6-43c98dca81db ] Request (ListImageFiltersTestJSON:setUpClass): 200 GET http://10.180.1.21/compute/v2.1/servers/13e72229-59cc-4f51-bda1-f8c69cbef790 0.691s
2025-04-19 22:48:17.856 69580 INFO tempest.lib.common.rest_client [req-24ce5ad4-62c1-4691-a2cd-743f8f56d025 req-24ce5ad4-62c1-4691-a2cd-743f8f56d025 ] Request (FloatingIPDetailsNegativeTestJSON:tearDownClass): 200 GET http://10.180.1.21:9696/networking/v2.0/security-groups?tenant_id=c6c4f35df11541b188dc992be963336d&name=default 0.021s
2025-04-19 22:48:17.900 69570 INFO tempest.lib.common.rest_client [req-2627bcb2-641e-4ad7-a1ea-40e652fdfdde req-2627bcb2-641e-4ad7-a1ea-40e652fdfdde ] Request (VolumesAssistedSnapshotsTest:tearDownClass): 200 GET http://10.180.1.21/compute/v2.1/servers/efe57460-22b1-4a19-875c-0d19098a8c4a 0.696s
2025-04-19 22:48:17.926 69552 INFO paramiko.transport [-] Connected (version 2.0, client dropbear_2020.81)
2025-04-19 22:48:17.948 69572 INFO tempest.lib.common.rest_client [req-28e04026-4652-4774-8229-b594179514d5 req-28e04026-4652-4774-8229-b594179514d5 ] Request (DeleteServersAdminTestJSON:test_delete_server_while_in_error_state): 200 GET http://10.180.1.21/compute/v2.1/servers/d8fe6fbd-05c2-4bf5-8615-bb505bd0c031 0.680s
2025-04-19 22:48:17.951 69580 INFO tempest.lib.common.rest_client [req-45411d06-190f-479e-b420-4b832fb3858a req-45411d06-190f-479e-b420-4b832fb3858a ] Request (FloatingIPDetailsNegativeTestJSON:tearDownClass): 204 DELETE http://10.180.1.21:9696/networking/v2.0/security-groups/50a692ce-5c24-4d4a-a039-372ec658f7f4 0.094s
2025-04-19 22:48:17.993 69568 INFO tempest.lib.common.rest_client [req-dc39ba9d-9ce5-4d68-9f26-99e106d6b66a req-dc39ba9d-9ce5-4d68-9f26-99e106d6b66a ] Request (FloatingIPsAssociationTestJSON:test_associate_already_associated_floating_ip): 200 GET http://10.180.1.21/compute/v2.1/servers/bebef016-51f9-4368-9862-b1fc990fbb98 0.570s
2025-04-19 22:48:18.029 69552 INFO paramiko.transport [-] Authentication (publickey) successful!
2025-04-19 22:48:18.030 69552 INFO tempest.lib.common.ssh [-] ssh connection to cirros@10.180.180.204 successfully created
2025-04-19 22:48:18.046 69602 INFO tempest.lib.common.rest_client [req-98720daa-e05c-4631-b3ab-d03f02c70aca req-98720daa-e05c-4631-b3ab-d03f02c70aca ] Request (ImagesTestJSON:test_create_image_from_suspended_server): 200 GET http://10.180.1.21/compute/v2.1/servers/dcb2c786-0332-4cda-bbf0-6f84ec4fb7aa 0.566s
2025-04-19 22:48:18.053 69580 INFO tempest.lib.common.rest_client [req-7aa4e5e2-94f3-40f7-8b8e-49cf5df19fb8 req-7aa4e5e2-94f3-40f7-8b8e-49cf5df19fb8 ] Request (FloatingIPDetailsNegativeTestJSON:tearDownClass): 204 DELETE http://10.180.1.21/identity/v3/projects/c6c4f35df11541b188dc992be963336d 0.102s
2025-04-19 22:48:18.104 69608 INFO tempest.lib.common.rest_client [req-974e7b7f-506b-4e91-adbf-638947d65784 req-974e7b7f-506b-4e91-adbf-638947d65784 ] Request (ServersAdminTestJSON:test_inject_network_info): 200 GET http://10.180.1.21/compute/v2.1/servers/eb123ea6-e162-4dfc-9eba-1a2a908c47ec 0.565s
2025-04-19 22:48:18.121 69580 INFO tempest.lib.common.rest_client [req-6b2c9124-a993-4b2e-a07c-16d299afe479 req-6b2c9124-a993-4b2e-a07c-16d299afe479 ] Request (ServersTestFqdnHostnames:setUpClass): 201 POST http://10.180.1.21/identity/v3/auth/tokens 0.066s
2025-04-19 22:48:18.164 69580 INFO tempest.lib.common.rest_client [req-a5aed30a-0ec4-44c5-9ad1-2d70d081f092 req-a5aed30a-0ec4-44c5-9ad1-2d70d081f092 ] Request (ServersTestFqdnHostnames:setUpClass): 201 POST http://10.180.1.21/identity/v3/auth/tokens 0.040s
2025-04-19 22:48:18.170 69596 INFO tempest.lib.common.rest_client [req-7a285f77-ef4f-4f06-9f00-a49ba4d9db49 req-7a285f77-ef4f-4f06-9f00-a49ba4d9db49 ] Request (MultipleCreateTestJSON:test_multiple_create_with_reservation_return): 200 GET http://10.180.1.21/compute/v2.1/servers/ab246b37-d9a2-454a-932b-3b49cba0e0f9 0.550s
2025-04-19 22:48:18.206 69562 INFO tempest.lib.common.rest_client [req-be03c0b9-4cea-41d6-851a-de645dd41eb0 req-be03c0b9-4cea-41d6-851a-de645dd41eb0 ] Request (ServerDiagnosticsV248Test:tearDownClass): 404 GET http://10.180.1.21/compute/v2.1/servers/d148ca17-206a-48e4-a673-471bf48ab99e 0.509s
2025-04-19 22:48:18.210 69580 INFO tempest.lib.common.rest_client [req-db0d5e06-6e1b-452f-85a4-d0c5599eac85 req-db0d5e06-6e1b-452f-85a4-d0c5599eac85 ] Request (ServersTestFqdnHostnames:setUpClass): 200 GET http://10.180.1.21/identity/v3/domains?name=Default 0.046s
2025-04-19 22:48:18.252 69580 INFO tempest.lib.common.rest_client [req-bf7efd47-2f36-44c6-890b-25fe3fc6ce81 req-bf7efd47-2f36-44c6-890b-25fe3fc6ce81 ] Request (ServersTestFqdnHostnames:setUpClass): 201 POST http://10.180.1.21/identity/v3/projects 0.040s
2025-04-19 22:48:18.313 69548 INFO tempest.lib.common.rest_client [req-3ea82869-3e17-4852-9344-dde783be9994 req-3ea82869-3e17-4852-9344-dde783be9994 ] Request (ServerDiskConfigTestJSON:test_resize_server_from_auto_to_manual): 200 GET http://10.180.1.21/compute/v2.1/servers/022614a7-ce73-4a6f-a7ea-2763b9da7788 0.552s
2025-04-19 22:48:18.335 69562 INFO tempest.lib.common.rest_client [req-981f4fd5-cccd-45db-82ca-54b4482fc770 req-981f4fd5-cccd-45db-82ca-54b4482fc770 ] Request (ServerDiagnosticsV248Test:tearDownClass): 204 DELETE http://10.180.1.21/identity/v3/users/6b936edf8ab7403db2e8e062c9c908f8 0.128s
2025-04-19 22:48:18.371 69580 INFO tempest.lib.common.rest_client [req-ede430c4-e441-477e-8c72-2561e7478ff2 req-ede430c4-e441-477e-8c72-2561e7478ff2 ] Request (ServersTestFqdnHostnames:setUpClass): 201 POST http://10.180.1.21/identity/v3/users 0.119s
2025-04-19 22:48:18.380 69588 INFO tempest.lib.common.rest_client [req-fe2e711b-cac6-47cd-bc91-92210dce8588 req-fe2e711b-cac6-47cd-bc91-92210dce8588 ] Request (ServersListShow296Test:test_list_show_update_rebuild_server_296): 200 GET http://10.180.1.21/compute/v2.1/servers/22c24625-6973-44f4-8f39-7ae9c88bd8f1 0.548s
2025-04-19 22:48:18.403 69580 INFO tempest.lib.common.rest_client [req-8a688a8a-ca14-4d59-ad18-0f94c98d253a req-8a688a8a-ca14-4d59-ad18-0f94c98d253a ] Request (ServersTestFqdnHostnames:setUpClass): 200 GET http://10.180.1.21/identity/v3/roles 0.032s
2025-04-19 22:48:18.438 69580 INFO tempest.lib.common.rest_client [req-2ba6181f-504b-4edb-8e27-3fb5043cf136 req-2ba6181f-504b-4edb-8e27-3fb5043cf136 ] Request (ServersTestFqdnHostnames:setUpClass): 204 PUT http://10.180.1.21/identity/v3/projects/f05c4e4a791c4c079882b3318b5828b1/users/c146bc7518bd454b84f2cdd281911308/roles/e7b96962f18247829b7fed5d9e7be408 0.034s
2025-04-19 22:48:18.438 69580 INFO tempest.lib.common.dynamic_creds [-] Dynamic test user c146bc7518bd454b84f2cdd281911308 is created with scope project and roles: ['member']
2025-04-19 22:48:18.438 69580 INFO tempest.lib.common.dynamic_creds [-] Acquired dynamic creds: credentials: Credentials: {'domain_id': 'default', 'domain_name': 'Default', 'username': 'tempest-ServersTestFqdnHostnames-37187543-project-member', 'project_domain_id': 'default', 'project_domain_name': 'Default', 'project_id': 'f05c4e4a791c4c079882b3318b5828b1', 'project_name': 'tempest-ServersTestFqdnHostnames-37187543', 'tenant_id': 'f05c4e4a791c4c079882b3318b5828b1', 'tenant_name': 'tempest-ServersTestFqdnHostnames-37187543', 'user_domain_id': 'default', 'user_domain_name': 'Default', 'user_id': 'c146bc7518bd454b84f2cdd281911308', 'system': None}, Network: None, Subnet: None, Router: None
2025-04-19 22:48:18.440 69562 INFO tempest.lib.common.rest_client [req-6b484a53-f09a-438f-9dc3-768accbfaab0 req-6b484a53-f09a-438f-9dc3-768accbfaab0 ] Request (ServerDiagnosticsV248Test:tearDownClass): 204 DELETE http://10.180.1.21/identity/v3/users/0517ff646a3147d686c030e6972da6c6 0.105s
2025-04-19 22:48:18.441 69562 INFO tempest.lib.common.dynamic_creds [-] Deleting project and security group for project: 23b181c617084ed89f92e83abe5ba651
2025-04-19 22:48:18.463 69578 INFO tempest.lib.common.rest_client [req-e38fa997-7b0c-4b2a-8c38-cf4654503a7f req-e38fa997-7b0c-4b2a-8c38-cf4654503a7f ] Request (ServerGroupTestJSON:_run_cleanups): 200 GET http://10.180.1.21/compute/v2.1/servers/a823bd62-20a8-4b40-8698-e164d21a7471 0.537s
2025-04-19 22:48:18.496 69562 INFO tempest.lib.common.rest_client [req-1f4be0f6-ff18-4ab5-8be4-3025caf174f5 req-1f4be0f6-ff18-4ab5-8be4-3025caf174f5 ] Request (ServerDiagnosticsV248Test:tearDownClass): 201 POST http://10.180.1.21/identity/v3/auth/tokens 0.055s
2025-04-19 22:48:18.510 69598 INFO tempest.lib.common.rest_client [req-cd634ff7-e67d-4e73-a8e8-1f6fd968d1e4 req-cd634ff7-e67d-4e73-a8e8-1f6fd968d1e4 ] Request (ServerRescueTestJSON:setUpClass): 200 GET http://10.180.1.21/compute/v2.1/servers/aee843c9-5d66-4815-b640-7c85b299689b 0.491s
2025-04-19 22:48:18.516 69580 INFO tempest.lib.common.rest_client [req-3cf0a4a5-24b8-4425-93df-99504a56a845 req-3cf0a4a5-24b8-4425-93df-99504a56a845 ] Request (ServersTestFqdnHostnames:setUpClass): 201 POST http://10.180.1.21/identity/v3/auth/tokens 0.077s
2025-04-19 22:48:18.607 69552 INFO tempest.lib.common.rest_client [req-bb2dd3a4-3661-44bc-9dc9-8cd4206cf80c req-bb2dd3a4-3661-44bc-9dc9-8cd4206cf80c ] Request (AttachInterfacesUnderV243Test:test_add_remove_fixed_ip): 200 GET http://10.180.1.21/compute/v2.1/servers/f24d0958-af72-4bb1-b88d-5244a488ef2b/os-interface 0.576s
2025-04-19 22:48:18.664 69554 INFO tempest.lib.common.rest_client [req-1cf59892-bdb5-41fa-aa44-e75ec4fa6bdf req-1cf59892-bdb5-41fa-aa44-e75ec4fa6bdf ] Request (ServerActionsV293TestJSON:setUpClass): 200 GET http://10.180.1.21/compute/v2.1/servers/f1a7c151-4a73-420d-9fdb-199f9a136198 0.584s
2025-04-19 22:48:18.715 69564 INFO tempest.lib.common.rest_client [req-fbfb002b-de92-4e6b-9f2e-497d424dd111 req-fbfb002b-de92-4e6b-9f2e-497d424dd111 ] Request (ServersAdminNegativeTestJSON:tearDownClass): 200 GET http://10.180.1.21/compute/v2.1/servers/168831bc-c8b0-415e-89d4-6a1b5ea03dc3 0.583s
2025-04-19 22:48:18.750 69562 INFO tempest.lib.common.rest_client [req-44914b8f-a8e0-423b-b2e6-6f7166a7c5b4 req-44914b8f-a8e0-423b-b2e6-6f7166a7c5b4 ] Request (ServerDiagnosticsV248Test:tearDownClass): 200 GET http://10.180.1.21:9696/networking/v2.0/security-groups?tenant_id=23b181c617084ed89f92e83abe5ba651&name=default 0.254s
2025-04-19 22:48:18.769 69566 INFO tempest.lib.common.rest_client [req-088a0a08-8431-48dc-94da-29c004ab8a1b req-088a0a08-8431-48dc-94da-29c004ab8a1b ] Request (ServerRescueNegativeTestJSON:setUpClass): 200 GET http://10.180.1.21/compute/v2.1/servers/88f2ec1c-f6dc-4d20-96df-d3272d74dc7e 0.584s
2025-04-19 22:48:18.793 69580 INFO tempest.lib.common.rest_client [req-bed4fa75-0de7-40b2-ba1c-8e7ffab68ad2 req-bed4fa75-0de7-40b2-ba1c-8e7ffab68ad2 ] Request (ServersTestFqdnHostnames:setUpClass): 201 POST http://10.180.1.21:9696/networking/v2.0/networks 0.276s
2025-04-19 22:48:18.838 69562 INFO tempest.lib.common.rest_client [req-1444c1d3-26ec-495a-93cb-6224078412e4 req-1444c1d3-26ec-495a-93cb-6224078412e4 ] Request (ServerDiagnosticsV248Test:tearDownClass): 204 DELETE http://10.180.1.21:9696/networking/v2.0/security-groups/b959e259-bbf8-4ba2-8941-ad6ed545bee7 0.088s
2025-04-19 22:48:18.843 69560 INFO tempest.lib.common.rest_client [req-797e4bb3-1f31-4bfe-8f85-a935efe1e185 req-797e4bb3-1f31-4bfe-8f85-a935efe1e185 ] Request (ServersAaction247Test:tearDownClass): 200 GET http://10.180.1.21/compute/v2.1/servers/15a216a3-85e7-40f3-bdd2-7d1ac563aeb0 0.593s
2025-04-19 22:48:18.895 69556 INFO tempest.lib.common.rest_client [req-3e7b2ba9-120b-43b1-9fda-8466a4039ec5 req-3e7b2ba9-120b-43b1-9fda-8466a4039ec5 ] Request (DeleteServersTestJSON:test_delete_server_while_in_attached_volume): 200 GET http://10.180.1.21/compute/v2.1/servers/69098679-d76f-4276-a76f-cba54747246d 0.590s
2025-04-19 22:48:18.905 69562 INFO tempest.lib.common.rest_client [req-c57777ba-3093-4e0d-bdec-315fdd2a6608 req-c57777ba-3093-4e0d-bdec-315fdd2a6608 ] Request (ServerDiagnosticsV248Test:tearDownClass): 204 DELETE http://10.180.1.21/identity/v3/projects/23b181c617084ed89f92e83abe5ba651 0.067s
2025-04-19 22:48:18.906 69562 INFO tempest.lib.common.dynamic_creds [-] Deleting project and security group for project: d3e6e6b120a346a29c3af9761949ade0
2025-04-19 22:48:18.941 69610 INFO tempest.lib.common.rest_client [req-6148222f-1d9d-4716-baae-1d87b760a578 req-6148222f-1d9d-4716-baae-1d87b760a578 ] Request (ImagesOneServerTestJSON:setUpClass): 200 GET http://10.180.1.21/compute/v2.1/servers/082b9d94-88f6-4b1d-b7af-fb508bb61e82 0.587s
2025-04-19 22:48:18.967 69580 INFO tempest.lib.common.rest_client [req-eb2fcf85-618e-4542-8548-3b678317a107 req-eb2fcf85-618e-4542-8548-3b678317a107 ] Request (ServersTestFqdnHostnames:setUpClass): 201 POST http://10.180.1.21:9696/networking/v2.0/subnets 0.174s
2025-04-19 22:48:19.004 69562 INFO tempest.lib.common.rest_client [req-57903b6a-351a-4b56-9bee-ac48ddfeb536 req-57903b6a-351a-4b56-9bee-ac48ddfeb536 ] Request (ServerDiagnosticsV248Test:tearDownClass): 200 GET http://10.180.1.21:9696/networking/v2.0/security-groups?tenant_id=d3e6e6b120a346a29c3af9761949ade0&name=default 0.098s
2025-04-19 22:48:19.045 69574 INFO tempest.lib.common.rest_client [req-b24122ff-1f48-4a4a-b3a6-7ddde1b8a4d3 req-b24122ff-1f48-4a4a-b3a6-7ddde1b8a4d3 ] Request (ServerActionsTestOtherB:setUpClass): 200 GET http://10.180.1.21/compute/v2.1/servers/5d5ac77b-9d87-4206-a210-616b240c4e91 0.529s
2025-04-19 22:48:19.054 69574 INFO tempest.common.waiters [-] State transition "BUILD/spawning" ==> "ACTIVE/None" after 89 second wait
2025-04-19 22:48:19.096 69562 INFO tempest.lib.common.rest_client [req-ecdeea95-94a5-4765-8bd0-898be042db35 req-ecdeea95-94a5-4765-8bd0-898be042db35 ] Request (ServerDiagnosticsV248Test:tearDownClass): 204 DELETE http://10.180.1.21:9696/networking/v2.0/security-groups/f7976be1-41b0-4c7f-911b-008895f2f830 0.092s
2025-04-19 22:48:19.132 69586 INFO tempest.lib.common.rest_client [req-30fd1a36-d8f5-450c-8305-379763c780d4 req-30fd1a36-d8f5-450c-8305-379763c780d4 ] Request (ImagesOneServerNegativeTestJSON:setUpClass): 200 GET http://10.180.1.21/compute/v2.1/servers/4843d66a-3d1f-40fc-9862-e9cdbc2f8d3f 0.531s
