2025-04-19 22:48:32.332 69600 INFO tempest.lib.common.rest_client [req-1e9653b4-2090-489d-9a01-e1646bb4d76d req-1e9653b4-2090-489d-9a01-e1646bb4d76d ] Request (ServerActionsTestOtherA:setUpClass): 200 GET http://10.180.1.21/compute/v2.1/servers/0614d5ec-c144-48fe-9248-a498b34699a6 0.125s
2025-04-19 22:48:32.382 69606 INFO tempest.lib.common.rest_client [req-16a5295d-47c5-4b1b-a051-e716789721f4 req-16a5295d-47c5-4b1b-a051-e716789721f4 ] Request (SecurityGroupsTestJSON:test_list_security_groups_by_server): 200 GET http://10.180.1.21/compute/v2.1/servers/ffae9122-9be9-4ba6-84d3-52272208922d 0.120s
2025-04-19 22:48:32.390 69550 INFO tempest.lib.common.rest_client [req-bfb1f918-eaed-4575-96f0-f9517db42c7e req-bfb1f918-eaed-4575-96f0-f9517db42c7e ] Request (ListImageFiltersTestJSON:setUpClass): 200 GET http://10.180.1.21/compute/v2.1/servers/13e72229-59cc-4f51-bda1-f8c69cbef790 0.113s
2025-04-19 22:48:32.434 69580 INFO tempest.lib.common.rest_client [req-2f19bbfe-fc7a-4d8d-a741-2fd696701d46 req-2f19bbfe-fc7a-4d8d-a741-2fd696701d46 ] Request (ServersTestFqdnHostnames:test_create_server_with_fqdn_name): 200 GET http://10.180.1.21/compute/v2.1/servers/3858324e-af5f-44a8-8099-22bd4305a3c5 0.109s
2025-04-19 22:48:32.474 69572 INFO tempest.lib.common.rest_client [req-a8d5662d-d651-4cfb-9c09-bbcbc776d879 req-a8d5662d-d651-4cfb-9c09-bbcbc776d879 ] Request (DeleteServersAdminTestJSON:test_delete_server_while_in_error_state): 200 GET http://10.180.1.21/compute/v2.1/servers/d8fe6fbd-05c2-4bf5-8615-bb505bd0c031 0.098s
2025-04-19 22:48:32.501 69570 INFO tempest.lib.common.rest_client [req-0455baaf-ded7-4bfd-815e-6b7367a3e884 req-0455baaf-ded7-4bfd-815e-6b7367a3e884 ] Request (VolumesAssistedSnapshotsTest:tearDownClass): 200 GET http://10.180.1.21/compute/v2.1/servers/efe57460-22b1-4a19-875c-0d19098a8c4a 0.058s
2025-04-19 22:48:32.548 69562 INFO tempest.lib.common.rest_client [req-1e0d01bc-9914-43ad-badc-bbc1c2fdd83b req-1e0d01bc-9914-43ad-badc-bbc1c2fdd83b ] Request (InstanceActionsNegativeTestJSON:setUpClass): 200 GET http://10.180.1.21/compute/v2.1/servers/8a18b244-a347-4b96-ae6f-bb2aeec8f85d 0.050s
2025-04-19 22:48:32.603 69602 INFO tempest.lib.common.rest_client [req-4093bd38-1558-43cf-a51a-6059cda669dc req-4093bd38-1558-43cf-a51a-6059cda669dc ] Request (ImagesTestJSON:test_create_image_from_suspended_server): 200 GET http://10.180.1.21/compute/v2.1/servers/dcb2c786-0332-4cda-bbf0-6f84ec4fb7aa 0.052s
2025-04-19 22:48:32.648 69608 INFO tempest.lib.common.rest_client [req-ee5677ce-443e-4891-9c98-2c087061638c req-ee5677ce-443e-4891-9c98-2c087061638c ] Request (ServersAdminTestJSON:test_inject_network_info): 200 GET http://10.180.1.21/compute/v2.1/servers/eb123ea6-e162-4dfc-9eba-1a2a908c47ec 0.047s
2025-04-19 22:48:32.821 69596 INFO tempest.lib.common.rest_client [req-50734e06-af14-49f3-aa94-1f4c6b928603 req-50734e06-af14-49f3-aa94-1f4c6b928603 ] Request (MultipleCreateTestJSON:test_multiple_create_with_reservation_return): 200 GET http://10.180.1.21/compute/v2.1/servers/ab246b37-d9a2-454a-932b-3b49cba0e0f9 0.066s
2025-04-19 22:48:32.838 69568 INFO tempest.lib.common.rest_client [req-11c3d43c-8cd5-40d4-9a1b-b8a0e27ca31c req-11c3d43c-8cd5-40d4-9a1b-b8a0e27ca31c ] Request (FloatingIPsAssociationTestJSON:test_associate_already_associated_floating_ip): 200 GET http://10.180.1.21/compute/v2.1/servers/bebef016-51f9-4368-9862-b1fc990fbb98 0.137s
2025-04-19 22:48:32.883 69548 INFO tempest.lib.common.rest_client [req-cd3c9137-89e9-45ed-a768-8443cc5c5dfa req-cd3c9137-89e9-45ed-a768-8443cc5c5dfa ] Request (ServerDiskConfigTestJSON:test_resize_server_from_auto_to_manual): 200 GET http://10.180.1.21/compute/v2.1/servers/022614a7-ce73-4a6f-a7ea-2763b9da7788 0.104s
2025-04-19 22:48:32.932 69564 INFO tempest.lib.common.rest_client [req-bee09cfd-4698-4369-ada8-36e925262bb4 req-bee09cfd-4698-4369-ada8-36e925262bb4 ] Request (ServersAdminNegativeTestJSON:tearDownClass): 200 GET http://10.180.1.21/compute/v2.1/servers/ff42253c-7dcc-47b2-a6d5-bea0fc8e79ee 0.091s
2025-04-19 22:48:32.972 69610 INFO tempest.lib.common.rest_client [req-4b1023c0-55fa-467c-a183-fbe8ff21730d req-4b1023c0-55fa-467c-a183-fbe8ff21730d ] Request (ImagesOneServerTestJSON:test_create_delete_image): 200 GET http://10.180.1.21/compute/v2.1/images/7ef1f360-9ac4-418d-a227-eb0ba277a204 0.097s
2025-04-19 22:48:33.032 69586 INFO tempest.lib.common.rest_client [req-5356bfb5-5e4d-44cd-bb01-77c0ad184b07 req-5356bfb5-5e4d-44cd-bb01-77c0ad184b07 ] Request (ImagesOneServerNegativeTestJSON:tearDown): 200 GET http://10.180.1.21/compute/v2.1/servers/4843d66a-3d1f-40fc-9862-e9cdbc2f8d3f 0.183s
2025-04-19 22:48:33.036 69588 INFO tempest.lib.common.rest_client [req-0c3b168e-cfc6-4a4a-9ca0-f33d135f1bb3 req-0c3b168e-cfc6-4a4a-9ca0-f33d135f1bb3 ] Request (ServersListShow296Test:test_list_show_update_rebuild_server_296): 200 GET http://10.180.1.21/compute/v2.1/servers/22c24625-6973-44f4-8f39-7ae9c88bd8f1 0.126s
2025-04-19 22:48:33.111 69592 INFO tempest.lib.common.rest_client [req-e249e741-e5b0-475b-886f-d07b721ed3d8 req-e249e741-e5b0-475b-886f-d07b721ed3d8 ] Request (AttachInterfacesTestJSON:test_create_list_show_delete_interfaces_by_fixed_ip): 200 GET http://10.180.1.21/compute/v2.1/servers/e9d01ac4-c62e-4cbb-bed2-2fdfb51df71c/os-interface 0.173s
2025-04-19 22:48:33.126 69578 INFO tempest.lib.common.rest_client [req-c911415f-6eaa-49d2-922e-10a1e7a966d7 req-c911415f-6eaa-49d2-922e-10a1e7a966d7 ] Request (ServerGroupTestJSON:_run_cleanups): 200 GET http://10.180.1.21/compute/v2.1/servers/a823bd62-20a8-4b40-8698-e164d21a7471 0.166s
2025-04-19 22:48:33.183 69554 INFO tempest.lib.common.rest_client [req-21ccba47-c7c9-4d18-b4a1-6fbb6dda4db9 req-21ccba47-c7c9-4d18-b4a1-6fbb6dda4db9 ] Request (ServerActionsV293TestJSON:setUpClass): 200 GET http://10.180.1.21/compute/v2.1/servers/f1a7c151-4a73-420d-9fdb-199f9a136198 0.181s
2025-04-19 22:48:33.196 69598 INFO tempest.lib.common.rest_client [req-6787430a-c160-42b1-b7a9-5fa070c00a0b req-6787430a-c160-42b1-b7a9-5fa070c00a0b ] Request (ServerRescueTestJSON:setUpClass): 200 GET http://10.180.1.21/compute/v2.1/servers/aee843c9-5d66-4815-b640-7c85b299689b 0.179s
2025-04-19 22:48:33.335 69566 INFO tempest.lib.common.rest_client [req-68391bb9-e24d-4538-8116-833d57db1c49 req-68391bb9-e24d-4538-8116-833d57db1c49 ] Request (ServerRescueNegativeTestJSON:setUpClass): 200 GET http://10.180.1.21/compute/v2.1/servers/88f2ec1c-f6dc-4d20-96df-d3272d74dc7e 0.205s
2025-04-19 22:48:33.346 69552 INFO tempest.lib.common.rest_client [req-ec7ed601-d675-4b7b-9667-12764d3efa79 req-ec7ed601-d675-4b7b-9667-12764d3efa79 ] Request (AttachInterfacesUnderV243Test:_run_cleanups): 200 GET http://10.180.1.21/compute/v2.1/servers/f24d0958-af72-4bb1-b88d-5244a488ef2b 0.186s
2025-04-19 22:48:33.380 69594 INFO tempest.lib.common.rest_client [req-d5b88924-0a82-433c-8845-8384fc31fa7c req-d5b88924-0a82-433c-8845-8384fc31fa7c ] Request (VolumesAdminNegativeTest:test_update_attached_volume_with_nonexistent_volume_in_body): 200 GET http://10.180.1.21/volume/v3/volumes/f3da5209-d94a-42b9-b278-dc892865a088 0.045s
2025-04-19 22:48:33.389 69556 INFO tempest.lib.common.rest_client [req-d64d75ee-4ede-46e7-9019-68f6d08095fa req-d64d75ee-4ede-46e7-9019-68f6d08095fa ] Request (DeleteServersTestJSON:test_delete_server_while_in_attached_volume): 200 GET http://10.180.1.21/compute/v2.1/servers/69098679-d76f-4276-a76f-cba54747246d 0.204s
2025-04-19 22:48:33.390 69594 INFO tempest.common.waiters [-] Attachment 653aa891-0dc8-49bc-a770-02cd52f68670 created for volume f3da5209-d94a-42b9-b278-dc892865a088 to server 40485daf-2011-4d34-b9d0-c696988de711 after waiting for 7.390687 seconds
2025-04-19 22:48:33.403 69556 INFO tempest.common.waiters [-] State transition "BUILD/scheduling" ==> "BUILD/None" after 44 second wait
2025-04-19 22:48:33.413 69560 INFO tempest.lib.common.rest_client [req-90f0aa7d-f4d1-4a8f-ad78-2cf980471540 req-90f0aa7d-f4d1-4a8f-ad78-2cf980471540 ] Request (ServersAaction247Test:tearDownClass): 200 GET http://10.180.1.21/compute/v2.1/servers/15a216a3-85e7-40f3-bdd2-7d1ac563aeb0 0.162s
2025-04-19 22:48:33.423 69594 INFO tempest.lib.common.rest_client [req-fb322bcf-d9f8-4d4d-ac36-45979936b883 req-fb322bcf-d9f8-4d4d-ac36-45979936b883 ] Request (VolumesAdminNegativeTest:test_update_attached_volume_with_nonexistent_volume_in_body): 200 GET http://10.180.1.21/volume/v3/volumes/f3da5209-d94a-42b9-b278-dc892865a088 0.032s
2025-04-19 22:48:33.431 69594 INFO tempest.common.waiters [-] volume f3da5209-d94a-42b9-b278-dc892865a088 reached in-use after waiting for 0.431881 seconds
2025-04-19 22:48:33.462 69590 INFO tempest.lib.common.rest_client [req-953fb373-a46c-4594-bb6d-9a353d8c6b78 req-953fb373-a46c-4594-bb6d-9a353d8c6b78 ] Request (ImagesNegativeTestJSON:test_create_image_from_deleted_server): 200 GET http://10.180.1.21/compute/v2.1/servers/8214b619-33e9-463b-bc33-cb2957f8b348 0.194s
2025-04-19 22:48:33.472 69585 INFO tempest.lib.common.rest_client [req-200791b0-6cb4-4f80-911d-6c310e36b9db req-200791b0-6cb4-4f80-911d-6c310e36b9db ] Request (ServerTagsTestJSON:setUpClass): 200 GET http://10.180.1.21/compute/v2.1/servers/d9603c2e-f0e0-45a6-a31d-b58c052874d4 0.142s
2025-04-19 22:48:33.518 69600 INFO tempest.lib.common.rest_client [req-da50525a-1f84-4632-9f57-29868863b78e req-da50525a-1f84-4632-9f57-29868863b78e ] Request (ServerActionsTestOtherA:setUpClass): 200 GET http://10.180.1.21/compute/v2.1/servers/0614d5ec-c144-48fe-9248-a498b34699a6 0.177s
2025-04-19 22:48:33.540 69606 INFO tempest.lib.common.rest_client [req-3826f2c7-34b9-447b-a914-798d728b9e9b req-3826f2c7-34b9-447b-a914-798d728b9e9b ] Request (SecurityGroupsTestJSON:test_list_security_groups_by_server): 200 GET http://10.180.1.21/compute/v2.1/servers/ffae9122-9be9-4ba6-84d3-52272208922d 0.148s
2025-04-19 22:48:33.580 69550 INFO tempest.lib.common.rest_client [req-32833a6d-ac11-4862-99fd-481afb356116 req-32833a6d-ac11-4862-99fd-481afb356116 ] Request (ListImageFiltersTestJSON:setUpClass): 200 GET http://10.180.1.21/compute/v2.1/servers/13e72229-59cc-4f51-bda1-f8c69cbef790 0.178s
2025-04-19 22:48:33.628 69580 INFO tempest.lib.common.rest_client [req-2cf26982-fb70-482a-827c-9e8ac315174f req-2cf26982-fb70-482a-827c-9e8ac315174f ] Request (ServersTestFqdnHostnames:test_create_server_with_fqdn_name): 200 GET http://10.180.1.21/compute/v2.1/servers/3858324e-af5f-44a8-8099-22bd4305a3c5 0.186s
2025-04-19 22:48:33.678 69594 INFO tempest.lib.common.rest_client [req-e8c67ac6-03c3-4578-a98d-0588015be024 req-e8c67ac6-03c3-4578-a98d-0588015be024 ] Request (VolumesAdminNegativeTest:test_update_attached_volume_with_nonexistent_volume_in_body): 400 PUT http://10.180.1.21/compute/v2.1/servers/40485daf-2011-4d34-b9d0-c696988de711/os-volume_attachments/f3da5209-d94a-42b9-b278-dc892865a088 0.246s
2025-04-19 22:48:33.686 69572 INFO tempest.lib.common.rest_client [req-13d91245-1a19-4b78-895d-e7c79471c456 req-13d91245-1a19-4b78-895d-e7c79471c456 ] Request (DeleteServersAdminTestJSON:test_delete_server_while_in_error_state): 200 GET http://10.180.1.21/compute/v2.1/servers/d8fe6fbd-05c2-4bf5-8615-bb505bd0c031 0.204s
2025-04-19 22:48:33.703 69594 INFO tempest.lib.common.rest_client [req-d5447f72-d836-4990-883e-d5db192a766a req-d5447f72-d836-4990-883e-d5db192a766a ] Request (VolumesAdminNegativeTest:_run_cleanups): 200 GET http://10.180.1.21/volume/v3/volumes/f3da5209-d94a-42b9-b278-dc892865a088 0.024s
2025-04-19 22:48:33.742 69562 INFO tempest.lib.common.rest_client [req-9f6cb0ff-1a37-4b0b-9519-24d8024e3011 req-9f6cb0ff-1a37-4b0b-9519-24d8024e3011 ] Request (InstanceActionsNegativeTestJSON:setUpClass): 200 GET http://10.180.1.21/compute/v2.1/servers/8a18b244-a347-4b96-ae6f-bb2aeec8f85d 0.184s
2025-04-19 22:48:33.751 69570 INFO tempest.lib.common.rest_client [req-ba9fa82f-bca1-433c-a3ec-eef153bd2d2b req-ba9fa82f-bca1-433c-a3ec-eef153bd2d2b ] Request (VolumesAssistedSnapshotsTest:tearDownClass): 200 GET http://10.180.1.21/compute/v2.1/servers/efe57460-22b1-4a19-875c-0d19098a8c4a 0.243s
2025-04-19 22:48:33.795 69602 INFO tempest.lib.common.rest_client [req-1e6cbb90-cae1-4e81-a41d-4fdb90cc8cca req-1e6cbb90-cae1-4e81-a41d-4fdb90cc8cca ] Request (ImagesTestJSON:test_create_image_from_suspended_server): 200 GET http://10.180.1.21/compute/v2.1/servers/dcb2c786-0332-4cda-bbf0-6f84ec4fb7aa 0.183s
2025-04-19 22:48:33.808 69608 INFO tempest.lib.common.rest_client [req-5e5d9a37-b050-4c13-8b2b-3f2b15315238 req-5e5d9a37-b050-4c13-8b2b-3f2b15315238 ] Request (ServersAdminTestJSON:test_inject_network_info): 200 GET http://10.180.1.21/compute/v2.1/servers/eb123ea6-e162-4dfc-9eba-1a2a908c47ec 0.152s
2025-04-19 22:48:33.888 69596 INFO tempest.lib.common.rest_client [req-e3fee0b2-ee7f-4908-8211-64069a59ae01 req-e3fee0b2-ee7f-4908-8211-64069a59ae01 ] Request (MultipleCreateTestJSON:test_multiple_create_with_reservation_return): 200 GET http://10.180.1.21/compute/v2.1/servers/ab246b37-d9a2-454a-932b-3b49cba0e0f9 0.056s
2025-04-19 22:48:33.937 69594 INFO tempest.lib.common.rest_client [req-1ccfd7e0-25e0-4081-afa2-4a9179e41e27 req-1ccfd7e0-25e0-4081-afa2-4a9179e41e27 ] Request (VolumesAdminNegativeTest:_run_cleanups): 202 DELETE http://10.180.1.21/compute/v2.1/servers/40485daf-2011-4d34-b9d0-c696988de711/os-volume_attachments/f3da5209-d94a-42b9-b278-dc892865a088 0.227s
2025-04-19 22:48:33.987 69548 INFO tempest.lib.common.rest_client [req-d867d378-c697-43b2-a125-7ed69b49ef4f req-d867d378-c697-43b2-a125-7ed69b49ef4f ] Request (ServerDiskConfigTestJSON:test_resize_server_from_auto_to_manual): 200 GET http://10.180.1.21/compute/v2.1/servers/022614a7-ce73-4a6f-a7ea-2763b9da7788 0.096s
2025-04-19 22:48:34.005 69568 INFO tempest.lib.common.rest_client [req-3098f0a9-57e2-495e-9abf-70566ba4c54b req-3098f0a9-57e2-495e-9abf-70566ba4c54b ] Request (FloatingIPsAssociationTestJSON:test_associate_already_associated_floating_ip): 200 GET http://10.180.1.21/compute/v2.1/servers/bebef016-51f9-4368-9862-b1fc990fbb98 0.160s
2025-04-19 22:48:34.016 69568 INFO tempest.common.waiters [-] State transition "BUILD/spawning" ==> "ACTIVE/None" after 99 second wait
2025-04-19 22:48:34.027 69594 INFO tempest.lib.common.rest_client [req-a31a2769-2583-4d1f-98e8-abe3e35832a0 req-a31a2769-2583-4d1f-98e8-abe3e35832a0 ] Request (VolumesAdminNegativeTest:_run_cleanups): 200 GET http://10.180.1.21/compute/v2.1/servers/40485daf-2011-4d34-b9d0-c696988de711/os-volume_attachments 0.088s
2025-04-19 22:48:34.062 69610 INFO tempest.lib.common.rest_client [req-d3a82e2b-0dc3-491c-8e1e-58ea902fa8ac req-d3a82e2b-0dc3-491c-8e1e-58ea902fa8ac ] Request (ImagesOneServerTestJSON:test_create_delete_image): 200 GET http://10.180.1.21/compute/v2.1/images/7ef1f360-9ac4-418d-a227-eb0ba277a204 0.085s
2025-04-19 22:48:34.081 69564 INFO tempest.lib.common.rest_client [req-9658a296-1e2f-489d-a27f-95e864147a01 req-9658a296-1e2f-489d-a27f-95e864147a01 ] Request (ServersAdminNegativeTestJSON:tearDownClass): 200 GET http://10.180.1.21/compute/v2.1/servers/ff42253c-7dcc-47b2-a6d5-bea0fc8e79ee 0.137s
2025-04-19 22:48:34.245 69586 INFO tempest.lib.common.rest_client [req-240f0a57-dc83-4a16-a82b-1a1983dff723 req-240f0a57-dc83-4a16-a82b-1a1983dff723 ] Request (ImagesOneServerNegativeTestJSON:tearDown): 200 GET http://10.180.1.21/compute/v2.1/servers/4843d66a-3d1f-40fc-9862-e9cdbc2f8d3f 0.204s
2025-04-19 22:48:34.390 69588 INFO tempest.lib.common.rest_client [req-d10bb6c9-0d68-430a-b148-b8e1fd508dce req-d10bb6c9-0d68-430a-b148-b8e1fd508dce ] Request (ServersListShow296Test:test_list_show_update_rebuild_server_296): 200 GET http://10.180.1.21/compute/v2.1/servers/22c24625-6973-44f4-8f39-7ae9c88bd8f1 0.344s
2025-04-19 22:48:34.456 69592 INFO tempest.lib.common.rest_client [req-28525c9a-1208-489b-a26e-e3976af3dc35 req-28525c9a-1208-489b-a26e-e3976af3dc35 ] Request (AttachInterfacesTestJSON:test_create_list_show_delete_interfaces_by_fixed_ip): 200 GET http://10.180.1.21/compute/v2.1/servers/e9d01ac4-c62e-4cbb-bed2-2fdfb51df71c/os-interface 0.342s
2025-04-19 22:48:34.480 69592 INFO tempest.lib.common.rest_client [req-9bb63a74-33b9-406e-9644-f4387f73bf76 req-9bb63a74-33b9-406e-9644-f4387f73bf76 ] Request (AttachInterfacesTestJSON:_run_cleanups): 404 DELETE http://10.180.1.21:9696/networking/v2.0/ports/fc9e8471-7d07-41ef-b80f-2ee605594798 0.022s
2025-04-19 22:48:34.526 69578 INFO tempest.lib.common.rest_client [req-89e8cf3b-ff0d-461e-b5b9-f64bca5f6eca req-89e8cf3b-ff0d-461e-b5b9-f64bca5f6eca ] Request (ServerGroupTestJSON:_run_cleanups): 200 GET http://10.180.1.21/compute/v2.1/servers/a823bd62-20a8-4b40-8698-e164d21a7471 0.392s
2025-04-19 22:48:34.599 69554 INFO tempest.lib.common.rest_client [req-e371f32b-9caf-42e5-99ba-46c0d8302338 req-e371f32b-9caf-42e5-99ba-46c0d8302338 ] Request (ServerActionsV293TestJSON:setUpClass): 200 GET http://10.180.1.21/compute/v2.1/servers/f1a7c151-4a73-420d-9fdb-199f9a136198 0.398s
2025-04-19 22:48:34.669 69598 INFO tempest.lib.common.rest_client [req-56370b74-6d62-4097-965b-d26857c2361e req-56370b74-6d62-4097-965b-d26857c2361e ] Request (ServerRescueTestJSON:setUpClass): 200 GET http://10.180.1.21/compute/v2.1/servers/aee843c9-5d66-4815-b640-7c85b299689b 0.459s
2025-04-19 22:48:34.799 69566 INFO tempest.lib.common.rest_client [req-a24b75b4-7575-4619-bbb6-0b1adfc607d8 req-a24b75b4-7575-4619-bbb6-0b1adfc607d8 ] Request (ServerRescueNegativeTestJSON:setUpClass): 200 GET http://10.180.1.21/compute/v2.1/servers/88f2ec1c-f6dc-4d20-96df-d3272d74dc7e 0.455s
2025-04-19 22:48:34.861 69552 INFO tempest.lib.common.rest_client [req-f0d836f8-aa43-44db-a30d-fa6314d47191 req-f0d836f8-aa43-44db-a30d-fa6314d47191 ] Request (AttachInterfacesUnderV243Test:_run_cleanups): 200 GET http://10.180.1.21/compute/v2.1/servers/f24d0958-af72-4bb1-b88d-5244a488ef2b 0.506s
2025-04-19 22:48:34.868 69552 INFO tempest.common.waiters [-] State transition "ACTIVE/deleting" ==> "DELETED/None" after 5 second wait
2025-04-19 22:48:34.923 69556 INFO tempest.lib.common.rest_client [req-5489b33b-ea9e-42c9-b878-086d88891900 req-5489b33b-ea9e-42c9-b878-086d88891900 ] Request (DeleteServersTestJSON:test_delete_server_while_in_attached_volume): 200 GET http://10.180.1.21/compute/v2.1/servers/69098679-d76f-4276-a76f-cba54747246d 0.520s
2025-04-19 22:48:34.994 69560 INFO tempest.lib.common.rest_client [req-7ad46c90-e26b-4fec-9594-95dbdd00b78b req-7ad46c90-e26b-4fec-9594-95dbdd00b78b ] Request (ServersAaction247Test:tearDownClass): 200 GET http://10.180.1.21/compute/v2.1/servers/15a216a3-85e7-40f3-bdd2-7d1ac563aeb0 0.572s
2025-04-19 22:48:35.082 69590 INFO tempest.lib.common.rest_client [req-5eb28d0d-e8a4-4c43-896c-c0224f267fdd req-5eb28d0d-e8a4-4c43-896c-c0224f267fdd ] Request (ImagesNegativeTestJSON:test_create_image_from_deleted_server): 200 GET http://10.180.1.21/compute/v2.1/servers/8214b619-33e9-463b-bc33-cb2957f8b348 0.610s
2025-04-19 22:48:35.155 69592 INFO tempest.lib.common.rest_client [req-27839d9b-0296-4b78-88d5-28482ccfb531 req-27839d9b-0296-4b78-88d5-28482ccfb531 ] Request (AttachInterfacesTestJSON:_run_cleanups): 204 DELETE http://10.180.1.21/compute/v2.1/servers/e9d01ac4-c62e-4cbb-bed2-2fdfb51df71c 0.674s
2025-04-19 22:48:35.170 69568 INFO tempest.lib.common.rest_client [req-3b6e71cd-17ec-4e27-907d-4a49c3a2cb8f req-3b6e71cd-17ec-4e27-907d-4a49c3a2cb8f ] Request (FloatingIPsAssociationTestJSON:test_associate_already_associated_floating_ip): 202 POST http://10.180.1.21/compute/v2.1/servers/bc027f19-a069-407f-b861-66aa7c868033/action 1.153s
2025-04-19 22:48:35.222 69585 INFO tempest.lib.common.rest_client [req-8f81e570-aaae-4180-bd5b-d38200a55684 req-8f81e570-aaae-4180-bd5b-d38200a55684 ] Request (ServerTagsTestJSON:setUpClass): 200 GET http://10.180.1.21/compute/v2.1/servers/d9603c2e-f0e0-45a6-a31d-b58c052874d4 0.738s
2025-04-19 22:48:35.275 69606 INFO tempest.lib.common.rest_client [req-a2f1d461-d190-4e49-b6a5-284ed74293d0 req-a2f1d461-d190-4e49-b6a5-284ed74293d0 ] Request (SecurityGroupsTestJSON:test_list_security_groups_by_server): 200 GET http://10.180.1.21/compute/v2.1/servers/ffae9122-9be9-4ba6-84d3-52272208922d 0.726s
2025-04-19 22:48:35.338 69550 INFO tempest.lib.common.rest_client [req-b4fa1653-4008-4d50-bb68-fdfb60bd1270 req-b4fa1653-4008-4d50-bb68-fdfb60bd1270 ] Request (ListImageFiltersTestJSON:setUpClass): 200 GET http://10.180.1.21/compute/v2.1/servers/13e72229-59cc-4f51-bda1-f8c69cbef790 0.750s
2025-04-19 22:48:35.404 69580 INFO tempest.lib.common.rest_client [req-c6667a57-7547-4791-b3e5-1f61bbaec573 req-c6667a57-7547-4791-b3e5-1f61bbaec573 ] Request (ServersTestFqdnHostnames:test_create_server_with_fqdn_name): 200 GET http://10.180.1.21/compute/v2.1/servers/3858324e-af5f-44a8-8099-22bd4305a3c5 0.769s
2025-04-19 22:48:35.520 69600 INFO tempest.lib.common.rest_client [req-695c5aa4-4c1e-49b0-beac-28c7470e0650 req-695c5aa4-4c1e-49b0-beac-28c7470e0650 ] Request (ServerActionsTestOtherA:setUpClass): 200 GET http://10.180.1.21/compute/v2.1/servers/0614d5ec-c144-48fe-9248-a498b34699a6 0.992s
2025-04-19 22:48:35.532 69600 INFO tempest.common.waiters [-] State transition "BUILD/scheduling" ==> "BUILD/None" after 46 second wait
2025-04-19 22:48:35.585 69562 INFO tempest.lib.common.rest_client [req-f5095c64-858f-466f-a822-b258554484e9 req-f5095c64-858f-466f-a822-b258554484e9 ] Request (InstanceActionsNegativeTestJSON:setUpClass): 200 GET http://10.180.1.21/compute/v2.1/servers/8a18b244-a347-4b96-ae6f-bb2aeec8f85d 0.835s
2025-04-19 22:48:35.598 69572 INFO tempest.lib.common.rest_client [req-5b05f89e-3128-43fa-a2a8-360edf8eb069 req-5b05f89e-3128-43fa-a2a8-360edf8eb069 ] Request (DeleteServersAdminTestJSON:test_delete_server_while_in_error_state): 200 GET http://10.180.1.21/compute/v2.1/servers/d8fe6fbd-05c2-4bf5-8615-bb505bd0c031 0.902s
2025-04-19 22:48:35.608 69572 INFO tempest.common.waiters [-] State transition "BUILD/None" ==> "BUILD/block_device_mapping" after 95 second wait
2025-04-19 22:48:35.662 69570 INFO tempest.lib.common.rest_client [req-9fbb61b5-2668-448d-b515-1ae8d828a918 req-9fbb61b5-2668-448d-b515-1ae8d828a918 ] Request (VolumesAssistedSnapshotsTest:tearDownClass): 200 GET http://10.180.1.21/compute/v2.1/servers/efe57460-22b1-4a19-875c-0d19098a8c4a 0.897s
2025-04-19 22:48:35.675 69602 INFO tempest.lib.common.rest_client [req-ee728646-48ef-4505-b074-4def97bb14cf req-ee728646-48ef-4505-b074-4def97bb14cf ] Request (ImagesTestJSON:test_create_image_from_suspended_server): 200 GET http://10.180.1.21/compute/v2.1/servers/dcb2c786-0332-4cda-bbf0-6f84ec4fb7aa 0.866s
2025-04-19 22:48:35.724 69608 INFO tempest.lib.common.rest_client [req-7882ce04-1ff3-40bc-8cf9-396ea8231340 req-7882ce04-1ff3-40bc-8cf9-396ea8231340 ] Request (ServersAdminTestJSON:test_inject_network_info): 200 GET http://10.180.1.21/compute/v2.1/servers/eb123ea6-e162-4dfc-9eba-1a2a908c47ec 0.906s
2025-04-19 22:48:35.776 69596 INFO tempest.lib.common.rest_client [req-ac2abe2b-1ef7-4326-9037-30496bd9fc65 req-ac2abe2b-1ef7-4326-9037-30496bd9fc65 ] Request (MultipleCreateTestJSON:test_multiple_create_with_reservation_return): 200 GET http://10.180.1.21/compute/v2.1/servers/ab246b37-d9a2-454a-932b-3b49cba0e0f9 0.880s
2025-04-19 22:48:35.784 69548 INFO tempest.lib.common.rest_client [req-b840e46f-a42a-4a71-9efb-ac1c64a1dbab req-b840e46f-a42a-4a71-9efb-ac1c64a1dbab ] Request (ServerDiskConfigTestJSON:test_resize_server_from_auto_to_manual): 200 GET http://10.180.1.21/compute/v2.1/servers/022614a7-ce73-4a6f-a7ea-2763b9da7788 0.788s
2025-04-19 22:48:35.803 69594 INFO tempest.lib.common.rest_client [req-da11a082-afbf-45b1-af62-2280cb0df02f req-da11a082-afbf-45b1-af62-2280cb0df02f ] Request (VolumesAdminNegativeTest:_run_cleanups): 200 GET http://10.180.1.21/compute/v2.1/servers/40485daf-2011-4d34-b9d0-c696988de711/os-volume_attachments 0.772s
2025-04-19 22:48:35.831 69610 INFO tempest.lib.common.rest_client [req-a4972627-fcd9-494b-94df-d5a5be0c4715 req-a4972627-fcd9-494b-94df-d5a5be0c4715 ] Request (ImagesOneServerTestJSON:test_create_delete_image): 200 GET http://10.180.1.21/compute/v2.1/images/7ef1f360-9ac4-418d-a227-eb0ba277a204 0.765s
2025-04-19 22:48:35.861 69564 INFO tempest.lib.common.rest_client [req-cba10e7a-f727-4a16-8379-8380b07dd0ad req-cba10e7a-f727-4a16-8379-8380b07dd0ad ] Request (ServersAdminNegativeTestJSON:tearDownClass): 200 GET http://10.180.1.21/compute/v2.1/servers/ff42253c-7dcc-47b2-a6d5-bea0fc8e79ee 0.771s
2025-04-19 22:48:36.013 69592 INFO tempest.lib.common.rest_client [req-8dbcc3d0-e751-4473-829b-4f96cd02e086 req-8dbcc3d0-e751-4473-829b-4f96cd02e086 ] Request (AttachInterfacesTestJSON:_run_cleanups): 200 GET http://10.180.1.21/compute/v2.1/servers/e9d01ac4-c62e-4cbb-bed2-2fdfb51df71c 0.857s
2025-04-19 22:48:36.151 69586 INFO tempest.lib.common.rest_client [req-c25fdb4b-37f3-4a54-a782-f765d4699a57 req-c25fdb4b-37f3-4a54-a782-f765d4699a57 ] Request (ImagesOneServerNegativeTestJSON:tearDown): 200 GET http://10.180.1.21/compute/v2.1/servers/4843d66a-3d1f-40fc-9862-e9cdbc2f8d3f 0.894s
2025-04-19 22:48:36.158 69586 INFO tempest.common.waiters [-] State transition "ACTIVE/image_uploading" ==> "ACTIVE/None" after 7 second wait
2025-04-19 22:48:36.228 69588 INFO tempest.lib.common.rest_client [req-cd70714c-82d5-422c-b1a0-361599be1cd5 req-cd70714c-82d5-422c-b1a0-361599be1cd5 ] Request (ServersListShow296Test:test_list_show_update_rebuild_server_296): 200 GET http://10.180.1.21/compute/v2.1/servers/22c24625-6973-44f4-8f39-7ae9c88bd8f1 0.824s
2025-04-19 22:48:36.318 69578 INFO tempest.lib.common.rest_client [req-cde423e6-2d56-4ed1-8e0e-478c508a83f5 req-cde423e6-2d56-4ed1-8e0e-478c508a83f5 ] Request (ServerGroupTestJSON:_run_cleanups): 200 GET http://10.180.1.21/compute/v2.1/servers/a823bd62-20a8-4b40-8698-e164d21a7471 0.778s
2025-04-19 22:48:36.383 69554 INFO tempest.lib.common.rest_client [req-70bcb56f-4ffc-4b53-a1e6-12c5266fb510 req-70bcb56f-4ffc-4b53-a1e6-12c5266fb510 ] Request (ServerActionsV293TestJSON:setUpClass): 200 GET http://10.180.1.21/compute/v2.1/servers/f1a7c151-4a73-420d-9fdb-199f9a136198 0.772s
2025-04-19 22:48:36.434 69598 INFO tempest.lib.common.rest_client [req-85118b8b-ee4b-485f-b5f7-c9a1e3fc7251 req-85118b8b-ee4b-485f-b5f7-c9a1e3fc7251 ] Request (ServerRescueTestJSON:setUpClass): 200 GET http://10.180.1.21/compute/v2.1/servers/aee843c9-5d66-4815-b640-7c85b299689b 0.757s
2025-04-19 22:48:36.601 69566 INFO tempest.lib.common.rest_client [req-73713a67-0641-42e4-ad27-08f8eda7df05 req-73713a67-0641-42e4-ad27-08f8eda7df05 ] Request (ServerRescueNegativeTestJSON:setUpClass): 200 GET http://10.180.1.21/compute/v2.1/servers/88f2ec1c-f6dc-4d20-96df-d3272d74dc7e 0.793s
2025-04-19 22:48:36.897 69552 INFO tempest.lib.common.rest_client [req-c6e40634-90c7-406b-b5d6-a7f5203303f7 req-c6e40634-90c7-406b-b5d6-a7f5203303f7 ] Request (AttachInterfacesUnderV243Test:_run_cleanups): 200 GET http://10.180.1.21/compute/v2.1/servers/f24d0958-af72-4bb1-b88d-5244a488ef2b 1.027s
2025-04-19 22:48:36.955 69556 INFO tempest.lib.common.rest_client [req-5884c7bd-5fac-4a67-9a3f-164713fbe532 req-5884c7bd-5fac-4a67-9a3f-164713fbe532 ] Request (DeleteServersTestJSON:test_delete_server_while_in_attached_volume): 200 GET http://10.180.1.21/compute/v2.1/servers/69098679-d76f-4276-a76f-cba54747246d 1.016s
2025-04-19 22:48:37.017 69560 INFO tempest.lib.common.rest_client [req-7d3ca053-b44f-417a-ad1a-4fd891dc534f req-7d3ca053-b44f-417a-ad1a-4fd891dc534f ] Request (ServersAaction247Test:tearDownClass): 200 GET http://10.180.1.21/compute/v2.1/servers/15a216a3-85e7-40f3-bdd2-7d1ac563aeb0 1.012s
2025-04-19 22:48:37.077 69574 WARNING tempest.lib.common.ssh [-] Failed to establish authenticated ssh connection to cirros@10.180.180.208 ([Errno None] Unable to connect to port 22 on 10.180.180.208). Number attempts: 3. Retry after 4 seconds.: paramiko.ssh_exception.NoValidConnectionsError: [Errno None] Unable to connect to port 22 on 10.180.180.208
2025-04-19 22:48:37.077 69590 INFO tempest.lib.common.rest_client [req-50a7ff39-9977-4925-a72f-224e2d901cfb req-50a7ff39-9977-4925-a72f-224e2d901cfb ] Request (ImagesNegativeTestJSON:test_create_image_from_deleted_server): 200 GET http://10.180.1.21/compute/v2.1/servers/8214b619-33e9-463b-bc33-cb2957f8b348 0.986s
2025-04-19 22:48:37.150 69586 INFO tempest.lib.common.rest_client [req-669a3d3d-88bd-4212-ac20-2c9c82a4d12f req-669a3d3d-88bd-4212-ac20-2c9c82a4d12f ] Request (ImagesOneServerNegativeTestJSON:_run_cleanups): 204 DELETE http://10.180.1.21/compute/v2.1/servers/4843d66a-3d1f-40fc-9862-e9cdbc2f8d3f 0.991s
2025-04-19 22:48:37.209 69585 INFO tempest.lib.common.rest_client [req-fede7535-05a6-4a91-be9c-a700abe4b420 req-fede7535-05a6-4a91-be9c-a700abe4b420 ] Request (ServerTagsTestJSON:setUpClass): 200 GET http://10.180.1.21/compute/v2.1/servers/d9603c2e-f0e0-45a6-a31d-b58c052874d4 0.974s
2025-04-19 22:48:37.271 69606 INFO tempest.lib.common.rest_client [req-99c86f5e-a8e5-42a1-9c38-a06eb675dde7 req-99c86f5e-a8e5-42a1-9c38-a06eb675dde7 ] Request (SecurityGroupsTestJSON:test_list_security_groups_by_server): 200 GET http://10.180.1.21/compute/v2.1/servers/ffae9122-9be9-4ba6-84d3-52272208922d 0.988s
2025-04-19 22:48:37.323 69550 INFO tempest.lib.common.rest_client [req-a4307124-03a5-4ca4-a5d6-63bd6af9bc6b req-a4307124-03a5-4ca4-a5d6-63bd6af9bc6b ] Request (ListImageFiltersTestJSON:setUpClass): 200 GET http://10.180.1.21/compute/v2.1/servers/13e72229-59cc-4f51-bda1-f8c69cbef790 0.975s
2025-04-19 22:48:37.380 69580 INFO tempest.lib.common.rest_client [req-b859e02c-df9b-4562-97b1-4416f6750c88 req-b859e02c-df9b-4562-97b1-4416f6750c88 ] Request (ServersTestFqdnHostnames:test_create_server_with_fqdn_name): 200 GET http://10.180.1.21/compute/v2.1/servers/3858324e-af5f-44a8-8099-22bd4305a3c5 0.966s
2025-04-19 22:48:37.431 69600 INFO tempest.lib.common.rest_client [req-b9a19367-59a0-4fe8-9e1e-b60d67dc7143 req-b9a19367-59a0-4fe8-9e1e-b60d67dc7143 ] Request (ServerActionsTestOtherA:setUpClass): 200 GET http://10.180.1.21/compute/v2.1/servers/0614d5ec-c144-48fe-9248-a498b34699a6 0.899s
2025-04-19 22:48:37.476 69562 INFO tempest.lib.common.rest_client [req-be6ad70c-8d4c-44b0-8b04-cee4be1ca728 req-be6ad70c-8d4c-44b0-8b04-cee4be1ca728 ] Request (InstanceActionsNegativeTestJSON:setUpClass): 200 GET http://10.180.1.21/compute/v2.1/servers/8a18b244-a347-4b96-ae6f-bb2aeec8f85d 0.876s
2025-04-19 22:48:37.597 69572 INFO tempest.lib.common.rest_client [req-8ad3c74d-0835-4391-8d04-fc12b745e1c7 req-8ad3c74d-0835-4391-8d04-fc12b745e1c7 ] Request (DeleteServersAdminTestJSON:test_delete_server_while_in_error_state): 200 GET http://10.180.1.21/compute/v2.1/servers/d8fe6fbd-05c2-4bf5-8615-bb505bd0c031 0.988s
2025-04-19 22:48:37.606 69572 INFO tempest.common.waiters [-] State transition "BUILD/block_device_mapping" ==> "BUILD/spawning" after 97 second wait
2025-04-19 22:48:37.651 69570 INFO tempest.lib.common.rest_client [req-5c7aef38-419e-44f5-948f-c10ef1ce3dc6 req-5c7aef38-419e-44f5-948f-c10ef1ce3dc6 ] Request (VolumesAssistedSnapshotsTest:tearDownClass): 200 GET http://10.180.1.21/compute/v2.1/servers/efe57460-22b1-4a19-875c-0d19098a8c4a 0.982s
2025-04-19 22:48:37.698 69602 INFO tempest.lib.common.rest_client [req-43d4fea6-e071-46f7-be5e-a63e64014074 req-43d4fea6-e071-46f7-be5e-a63e64014074 ] Request (ImagesTestJSON:test_create_image_from_suspended_server): 200 GET http://10.180.1.21/compute/v2.1/servers/dcb2c786-0332-4cda-bbf0-6f84ec4fb7aa 1.013s
2025-04-19 22:48:37.745 69608 INFO tempest.lib.common.rest_client [req-2a246b4e-c82f-4716-b65c-66ade8b83f55 req-2a246b4e-c82f-4716-b65c-66ade8b83f55 ] Request (ServersAdminTestJSON:test_inject_network_info): 200 GET http://10.180.1.21/compute/v2.1/servers/eb123ea6-e162-4dfc-9eba-1a2a908c47ec 1.010s
2025-04-19 22:48:37.756 69568 INFO tempest.lib.common.rest_client [req-15ffb1d6-ee21-462d-9ea4-24752cdb8f19 req-15ffb1d6-ee21-462d-9ea4-24752cdb8f19 ] Request (FloatingIPsAssociationTestJSON:test_associate_already_associated_floating_ip): 202 POST http://10.180.1.21/compute/v2.1/servers/bebef016-51f9-4368-9862-b1fc990fbb98/action 2.586s
2025-04-19 22:48:37.796 69596 INFO tempest.lib.common.rest_client [req-d0e711f2-8292-4b0e-8a5f-79210c311dcf req-d0e711f2-8292-4b0e-8a5f-79210c311dcf ] Request (MultipleCreateTestJSON:test_multiple_create_with_reservation_return): 200 GET http://10.180.1.21/compute/v2.1/servers/ab246b37-d9a2-454a-932b-3b49cba0e0f9 1.007s
2025-04-19 22:48:37.806 69548 INFO tempest.lib.common.rest_client [req-b708d5e1-08c0-4477-afb7-d403427d1f1f req-b708d5e1-08c0-4477-afb7-d403427d1f1f ] Request (ServerDiskConfigTestJSON:test_resize_server_from_auto_to_manual): 200 GET http://10.180.1.21/compute/v2.1/servers/022614a7-ce73-4a6f-a7ea-2763b9da7788 1.013s
2025-04-19 22:48:37.822 69594 INFO tempest.lib.common.rest_client [req-a751f394-90ad-49f2-83f3-6dcdc1d3997d req-a751f394-90ad-49f2-83f3-6dcdc1d3997d ] Request (VolumesAdminNegativeTest:_run_cleanups): 200 GET http://10.180.1.21/compute/v2.1/servers/40485daf-2011-4d34-b9d0-c696988de711/os-volume_attachments 1.017s
2025-04-19 22:48:37.838 69610 INFO tempest.lib.common.rest_client [req-d6b3f98e-bedc-4414-9ce5-46616c8a0c03 req-d6b3f98e-bedc-4414-9ce5-46616c8a0c03 ] Request (ImagesOneServerTestJSON:test_create_delete_image): 200 GET http://10.180.1.21/compute/v2.1/images/7ef1f360-9ac4-418d-a227-eb0ba277a204 1.003s
2025-04-19 22:48:37.860 69594 INFO tempest.lib.common.rest_client [req-4c91e34d-dbf1-440e-bfe3-f693292563f1 req-4c91e34d-dbf1-440e-bfe3-f693292563f1 ] Request (VolumesAdminNegativeTest:_run_cleanups): 200 GET http://10.180.1.21/volume/v3/volumes/f3da5209-d94a-42b9-b278-dc892865a088 0.036s
2025-04-19 22:48:37.866 69594 INFO tempest.common.waiters [-] volume f3da5209-d94a-42b9-b278-dc892865a088 reached available after waiting for 0.866475 seconds
2025-04-19 22:48:37.885 69564 INFO tempest.lib.common.rest_client [req-47723689-c77c-465a-873e-76223a0e34eb req-47723689-c77c-465a-873e-76223a0e34eb ] Request (ServersAdminNegativeTestJSON:tearDownClass): 200 GET http://10.180.1.21/compute/v2.1/servers/ff42253c-7dcc-47b2-a6d5-bea0fc8e79ee 1.016s
2025-04-19 22:48:37.945 69592 INFO tempest.lib.common.rest_client [req-f6e5d3c4-2c78-47ca-9313-d1391830c056 req-f6e5d3c4-2c78-47ca-9313-d1391830c056 ] Request (AttachInterfacesTestJSON:_run_cleanups): 200 GET http://10.180.1.21/compute/v2.1/servers/e9d01ac4-c62e-4cbb-bed2-2fdfb51df71c 0.921s
2025-04-19 22:48:37.961 69594 INFO tempest.lib.common.rest_client [req-5b135f78-b95f-47a4-afee-d5808cec8526 req-5b135f78-b95f-47a4-afee-d5808cec8526 ] Request (VolumesAdminNegativeTest:test_update_attached_volume_with_nonexistent_volume_in_uri): 201 POST http://10.180.1.21/identity/v3/auth/tokens 0.090s
2025-04-19 22:48:37.961 69594 INFO tempest.lib.common.fixed_network [-] (VolumesAdminNegativeTest:test_update_attached_volume_with_nonexistent_volume_in_uri) Found network {'id': 'abdc95ac-e61e-4322-837b-6e9cf2dcb57c', 'name': 'tempest-VolumesAdminNegativeTest-1044912830-network', 'tenant_id': '443febbfd5ee43548ee87f52b9da7d9c', 'admin_state_up': True, 'mtu': 8950, 'status': 'ACTIVE', 'subnets': [], 'shared': False, 'project_id': '443febbfd5ee43548ee87f52b9da7d9c', 'port_security_enabled': True, 'router:external': False, 'provider:network_type': 'vlan', 'provider:physical_network': 'default', 'provider:segmentation_id': 789, 'availability_zone_hints': [], 'availability_zones': [], 'ipv4_address_scope': None, 'ipv6_address_scope': None, 'description': '', 'tags': [], 'created_at': '2025-04-19T22:46:16Z', 'updated_at': '2025-04-19T22:46:16Z', 'revision_number': 1} available for tenant
2025-04-19 22:48:38.018 69588 INFO tempest.lib.common.rest_client [req-607d4409-d46e-46e3-97b3-01eab292fafe req-607d4409-d46e-46e3-97b3-01eab292fafe ] Request (ServersListShow296Test:test_list_show_update_rebuild_server_296): 200 GET http://10.180.1.21/compute/v2.1/servers/22c24625-6973-44f4-8f39-7ae9c88bd8f1 0.775s
2025-04-19 22:48:38.031 69586 INFO tempest.lib.common.rest_client [req-cf335cfd-3280-40f3-a6bb-2d3b5c3c8184 req-cf335cfd-3280-40f3-a6bb-2d3b5c3c8184 ] Request (ImagesOneServerNegativeTestJSON:_run_cleanups): 200 GET http://10.180.1.21/compute/v2.1/servers/4843d66a-3d1f-40fc-9862-e9cdbc2f8d3f 0.881s
2025-04-19 22:48:38.085 69578 INFO tempest.lib.common.rest_client [req-bf853335-f73c-4e75-810b-e87b861024dc req-bf853335-f73c-4e75-810b-e87b861024dc ] Request (ServerGroupTestJSON:_run_cleanups): 200 GET http://10.180.1.21/compute/v2.1/servers/a823bd62-20a8-4b40-8698-e164d21a7471 0.757s
2025-04-19 22:48:38.101 69554 INFO tempest.lib.common.rest_client [req-3921a455-fc7a-4f5f-a14b-fd18d25906e6 req-3921a455-fc7a-4f5f-a14b-fd18d25906e6 ] Request (ServerActionsV293TestJSON:setUpClass): 200 GET http://10.180.1.21/compute/v2.1/servers/f1a7c151-4a73-420d-9fdb-199f9a136198 0.704s
2025-04-19 22:48:38.148 69598 INFO tempest.lib.common.rest_client [req-2f50202c-8f3c-4fe4-bdc1-0e1b9b11247f req-2f50202c-8f3c-4fe4-bdc1-0e1b9b11247f ] Request (ServerRescueTestJSON:setUpClass): 200 GET http://10.180.1.21/compute/v2.1/servers/aee843c9-5d66-4815-b640-7c85b299689b 0.705s
2025-04-19 22:48:38.217 69566 INFO tempest.lib.common.rest_client [req-5d1f9948-3949-4faf-8d95-ac512feeb61f req-5d1f9948-3949-4faf-8d95-ac512feeb61f ] Request (ServerRescueNegativeTestJSON:setUpClass): 200 GET http://10.180.1.21/compute/v2.1/servers/88f2ec1c-f6dc-4d20-96df-d3272d74dc7e 0.605s
2025-04-19 22:48:38.297 69552 INFO tempest.lib.common.rest_client [req-3086f6bc-8098-4475-b421-b1a6e246334a req-3086f6bc-8098-4475-b421-b1a6e246334a ] Request (AttachInterfacesUnderV243Test:_run_cleanups): 200 GET http://10.180.1.21/compute/v2.1/servers/f24d0958-af72-4bb1-b88d-5244a488ef2b 0.393s
2025-04-19 22:48:38.423 69568 INFO tempest.lib.common.rest_client [req-b963fa4a-ff3a-451a-a151-75928c76b2e3 req-b963fa4a-ff3a-451a-a151-75928c76b2e3 ] Request (FloatingIPsAssociationTestJSON:test_associate_already_associated_floating_ip): 409 POST http://10.180.1.21/compute/v2.1/servers/bc027f19-a069-407f-b861-66aa7c868033/action 0.666s
2025-04-19 22:48:38.488 69556 INFO tempest.lib.common.rest_client [req-b0acb26d-1520-4f01-b63e-73e909cf58d0 req-b0acb26d-1520-4f01-b63e-73e909cf58d0 ] Request (DeleteServersTestJSON:test_delete_server_while_in_attached_volume): 200 GET http://10.180.1.21/compute/v2.1/servers/69098679-d76f-4276-a76f-cba54747246d 0.524s
2025-04-19 22:48:38.552 69560 INFO tempest.lib.common.rest_client [req-6b08367b-7d3e-4016-a252-720f3e687444 req-6b08367b-7d3e-4016-a252-720f3e687444 ] Request (ServersAaction247Test:tearDownClass): 200 GET http://10.180.1.21/compute/v2.1/servers/15a216a3-85e7-40f3-bdd2-7d1ac563aeb0 0.523s
2025-04-19 22:48:38.607 69590 INFO tempest.lib.common.rest_client [req-5a6839ca-37c9-4cd7-9911-84fb00e35ac5 req-5a6839ca-37c9-4cd7-9911-84fb00e35ac5 ] Request (ImagesNegativeTestJSON:test_create_image_from_deleted_server): 200 GET http://10.180.1.21/compute/v2.1/servers/8214b619-33e9-463b-bc33-cb2957f8b348 0.514s
2025-04-19 22:48:38.679 69585 INFO tempest.lib.common.rest_client [req-011a4e61-ade7-4f2e-844a-2e6387cd76c6 req-011a4e61-ade7-4f2e-844a-2e6387cd76c6 ] Request (ServerTagsTestJSON:setUpClass): 200 GET http://10.180.1.21/compute/v2.1/servers/d9603c2e-f0e0-45a6-a31d-b58c052874d4 0.459s
2025-04-19 22:48:38.724 69594 INFO tempest.lib.common.rest_client [req-594108d2-7428-43f3-9b5a-2b97f232280d req-594108d2-7428-43f3-9b5a-2b97f232280d ] Request (VolumesAdminNegativeTest:test_update_attached_volume_with_nonexistent_volume_in_uri): 202 POST http://10.180.1.21/compute/v2.1/servers 0.763s
2025-04-19 22:48:38.745 69606 INFO tempest.lib.common.rest_client [req-b89b6ca8-15e3-470a-a5f9-e6b4181d3074 req-b89b6ca8-15e3-470a-a5f9-e6b4181d3074 ] Request (SecurityGroupsTestJSON:test_list_security_groups_by_server): 200 GET http://10.180.1.21/compute/v2.1/servers/ffae9122-9be9-4ba6-84d3-52272208922d 0.463s
2025-04-19 22:48:38.789 69550 INFO tempest.lib.common.rest_client [req-a98b7e22-9448-47a6-af75-1b160d381bba req-a98b7e22-9448-47a6-af75-1b160d381bba ] Request (ListImageFiltersTestJSON:setUpClass): 200 GET http://10.180.1.21/compute/v2.1/servers/13e72229-59cc-4f51-bda1-f8c69cbef790 0.447s
2025-04-19 22:48:38.798 69580 INFO tempest.lib.common.rest_client [req-b6ef2f83-9033-432b-bcfb-0deead23dd49 req-b6ef2f83-9033-432b-bcfb-0deead23dd49 ] Request (ServersTestFqdnHostnames:test_create_server_with_fqdn_name): 200 GET http://10.180.1.21/compute/v2.1/servers/3858324e-af5f-44a8-8099-22bd4305a3c5 0.410s
2025-04-19 22:48:38.873 69600 INFO tempest.lib.common.rest_client [req-18cb709f-60c8-43a0-9709-a62063854cea req-18cb709f-60c8-43a0-9709-a62063854cea ] Request (ServerActionsTestOtherA:setUpClass): 200 GET http://10.180.1.21/compute/v2.1/servers/0614d5ec-c144-48fe-9248-a498b34699a6 0.434s
2025-04-19 22:48:38.923 69562 INFO tempest.lib.common.rest_client [req-72c3343d-cd85-4418-97a2-8294efe6d226 req-72c3343d-cd85-4418-97a2-8294efe6d226 ] Request (InstanceActionsNegativeTestJSON:setUpClass): 200 GET http://10.180.1.21/compute/v2.1/servers/8a18b244-a347-4b96-ae6f-bb2aeec8f85d 0.433s
2025-04-19 22:48:39.063 69572 INFO tempest.lib.common.rest_client [req-845c71b7-0c20-4a33-b8dc-c07c228b9818 req-845c71b7-0c20-4a33-b8dc-c07c228b9818 ] Request (DeleteServersAdminTestJSON:test_delete_server_while_in_error_state): 200 GET http://10.180.1.21/compute/v2.1/servers/d8fe6fbd-05c2-4bf5-8615-bb505bd0c031 0.454s
2025-04-19 22:48:39.132 69570 INFO tempest.lib.common.rest_client [req-5bc6bb4e-caad-44d8-813b-fd2275d26cd7 req-5bc6bb4e-caad-44d8-813b-fd2275d26cd7 ] Request (VolumesAssistedSnapshotsTest:tearDownClass): 200 GET http://10.180.1.21/compute/v2.1/servers/efe57460-22b1-4a19-875c-0d19098a8c4a 0.471s
2025-04-19 22:48:39.189 69602 INFO tempest.lib.common.rest_client [req-7756a8f1-33e0-40a1-a646-a66bcc8a9d78 req-7756a8f1-33e0-40a1-a646-a66bcc8a9d78 ] Request (ImagesTestJSON:test_create_image_from_suspended_server): 200 GET http://10.180.1.21/compute/v2.1/servers/dcb2c786-0332-4cda-bbf0-6f84ec4fb7aa 0.482s
2025-04-19 22:48:39.229 69594 INFO tempest.lib.common.rest_client [req-b2dbce3d-177e-4f24-a975-43cf994198d7 req-b2dbce3d-177e-4f24-a975-43cf994198d7 ] Request (VolumesAdminNegativeTest:test_update_attached_volume_with_nonexistent_volume_in_uri): 200 GET http://10.180.1.21/compute/v2.1/servers/9e2ae17d-ccd9-46cf-9896-67977cfc5e4f 0.503s
2025-04-19 22:48:39.298 69608 INFO tempest.lib.common.rest_client [req-a6033e9c-1d60-4fad-b5c4-d9c8c59be0e8 req-a6033e9c-1d60-4fad-b5c4-d9c8c59be0e8 ] Request (ServersAdminTestJSON:test_inject_network_info): 200 GET http://10.180.1.21/compute/v2.1/servers/eb123ea6-e162-4dfc-9eba-1a2a908c47ec 0.546s
2025-04-19 22:48:39.360 69596 INFO tempest.lib.common.rest_client [req-7a4d45aa-959c-40f0-979c-08a1cfcc417f req-7a4d45aa-959c-40f0-979c-08a1cfcc417f ] Request (MultipleCreateTestJSON:test_multiple_create_with_reservation_return): 200 GET http://10.180.1.21/compute/v2.1/servers/ab246b37-d9a2-454a-932b-3b49cba0e0f9 0.554s
2025-04-19 22:48:39.432 69548 INFO tempest.lib.common.rest_client [req-a0866918-8e3d-4e3b-8bb2-1ea5c6cbcedf req-a0866918-8e3d-4e3b-8bb2-1ea5c6cbcedf ] Request (ServerDiskConfigTestJSON:test_resize_server_from_auto_to_manual): 200 GET http://10.180.1.21/compute/v2.1/servers/022614a7-ce73-4a6f-a7ea-2763b9da7788 0.619s
2025-04-19 22:48:39.492 69610 INFO tempest.lib.common.rest_client [req-6a1973ee-a46c-425c-ae4f-2c6802a4a074 req-6a1973ee-a46c-425c-ae4f-2c6802a4a074 ] Request (ImagesOneServerTestJSON:test_create_delete_image): 200 GET http://10.180.1.21/compute/v2.1/images/7ef1f360-9ac4-418d-a227-eb0ba277a204 0.647s
2025-04-19 22:48:39.569 69564 INFO tempest.lib.common.rest_client [req-d24357b4-41bf-45a3-a89c-a7ca6890f848 req-d24357b4-41bf-45a3-a89c-a7ca6890f848 ] Request (ServersAdminNegativeTestJSON:tearDownClass): 200 GET http://10.180.1.21/compute/v2.1/servers/ff42253c-7dcc-47b2-a6d5-bea0fc8e79ee 0.673s
2025-04-19 22:48:39.639 69592 INFO tempest.lib.common.rest_client [req-a8c8c46c-a895-4281-a15b-b8fe1ac7b883 req-a8c8c46c-a895-4281-a15b-b8fe1ac7b883 ] Request (AttachInterfacesTestJSON:_run_cleanups): 200 GET http://10.180.1.21/compute/v2.1/servers/e9d01ac4-c62e-4cbb-bed2-2fdfb51df71c 0.683s
2025-04-19 22:48:39.648 69592 INFO tempest.common.waiters [-] State transition "ACTIVE/deleting" ==> "DELETED/None" after 3 second wait
2025-04-19 22:48:39.711 69588 INFO tempest.lib.common.rest_client [req-82a88cf5-a74a-43dd-b1d6-7bd1b82d5a91 req-82a88cf5-a74a-43dd-b1d6-7bd1b82d5a91 ] Request (ServersListShow296Test:test_list_show_update_rebuild_server_296): 200 GET http://10.180.1.21/compute/v2.1/servers/22c24625-6973-44f4-8f39-7ae9c88bd8f1 0.679s
2025-04-19 22:48:39.782 69568 INFO tempest.lib.common.rest_client [req-a4257ec8-3cff-4a49-b8e3-839b4c701e5b req-a4257ec8-3cff-4a49-b8e3-839b4c701e5b ] Request (FloatingIPsAssociationTestJSON:_run_cleanups): 202 POST http://10.180.1.21/compute/v2.1/servers/bebef016-51f9-4368-9862-b1fc990fbb98/action 1.358s
2025-04-19 22:48:39.847 69578 INFO tempest.lib.common.rest_client [req-1fbb2046-07a8-4c0a-891f-3608f849c3ee req-1fbb2046-07a8-4c0a-891f-3608f849c3ee ] Request (ServerGroupTestJSON:_run_cleanups): 200 GET http://10.180.1.21/compute/v2.1/servers/a823bd62-20a8-4b40-8698-e164d21a7471 0.747s
2025-04-19 22:48:39.860 69586 INFO tempest.lib.common.rest_client [req-e8d41120-e441-45a4-8e8c-9b6a62c3e06c req-e8d41120-e441-45a4-8e8c-9b6a62c3e06c ] Request (ImagesOneServerNegativeTestJSON:_run_cleanups): 200 GET http://10.180.1.21/compute/v2.1/servers/4843d66a-3d1f-40fc-9862-e9cdbc2f8d3f 0.822s
2025-04-19 22:48:39.907 69554 INFO tempest.lib.common.rest_client [req-fa617ac1-81d7-4f9f-b7db-98192125e656 req-fa617ac1-81d7-4f9f-b7db-98192125e656 ] Request (ServerActionsV293TestJSON:setUpClass): 200 GET http://10.180.1.21/compute/v2.1/servers/f1a7c151-4a73-420d-9fdb-199f9a136198 0.788s
2025-04-19 22:48:39.917 69598 INFO tempest.lib.common.rest_client [req-0afd4625-e909-4be6-9698-bd92e6a33f74 req-0afd4625-e909-4be6-9698-bd92e6a33f74 ] Request (ServerRescueTestJSON:setUpClass): 200 GET http://10.180.1.21/compute/v2.1/servers/aee843c9-5d66-4815-b640-7c85b299689b 0.759s
2025-04-19 22:48:39.918 69554 INFO tempest.common.waiters [-] State transition "BUILD/scheduling" ==> "BUILD/None" after 46 second wait
2025-04-19 22:48:39.983 69552 INFO tempest.lib.common.rest_client [req-d3ead9d5-bbab-4c1e-8229-b49e249b40ab req-d3ead9d5-bbab-4c1e-8229-b49e249b40ab ] Request (AttachInterfacesUnderV243Test:_run_cleanups): 200 GET http://10.180.1.21/compute/v2.1/servers/f24d0958-af72-4bb1-b88d-5244a488ef2b 0.674s
2025-04-19 22:48:40.025 69566 INFO tempest.lib.common.rest_client [req-0ec46bc1-aea6-48e8-af90-aab5a7beb5a1 req-0ec46bc1-aea6-48e8-af90-aab5a7beb5a1 ] Request (ServerRescueNegativeTestJSON:setUpClass): 200 GET http://10.180.1.21/compute/v2.1/servers/88f2ec1c-f6dc-4d20-96df-d3272d74dc7e 0.792s
2025-04-19 22:48:40.046 69556 INFO tempest.lib.common.rest_client [req-af395312-47f8-4e98-af7e-661fa125177d req-af395312-47f8-4e98-af7e-661fa125177d ] Request (DeleteServersTestJSON:test_delete_server_while_in_attached_volume): 200 GET http://10.180.1.21/compute/v2.1/servers/69098679-d76f-4276-a76f-cba54747246d 0.546s
2025-04-19 22:48:40.094 69560 INFO tempest.lib.common.rest_client [req-b73a7ad3-a8ee-4c22-ad7b-fa452cdbe38e req-b73a7ad3-a8ee-4c22-ad7b-fa452cdbe38e ] Request (ServersAaction247Test:tearDownClass): 200 GET http://10.180.1.21/compute/v2.1/servers/15a216a3-85e7-40f3-bdd2-7d1ac563aeb0 0.531s
2025-04-19 22:48:40.108 69590 INFO tempest.lib.common.rest_client [req-f22fa37b-e090-4987-878d-548bb1ccb89f req-f22fa37b-e090-4987-878d-548bb1ccb89f ] Request (ImagesNegativeTestJSON:test_create_image_from_deleted_server): 200 GET http://10.180.1.21/compute/v2.1/servers/8214b619-33e9-463b-bc33-cb2957f8b348 0.493s
2025-04-19 22:48:40.164 69585 INFO tempest.lib.common.rest_client [req-55cc8380-11f2-4102-850d-afc1325570c0 req-55cc8380-11f2-4102-850d-afc1325570c0 ] Request (ServerTagsTestJSON:setUpClass): 200 GET http://10.180.1.21/compute/v2.1/servers/d9603c2e-f0e0-45a6-a31d-b58c052874d4 0.468s
2025-04-19 22:48:40.166 69606 INFO tempest.lib.common.rest_client [req-43a6e040-fda2-4d8f-aa76-d775facbcc3e req-43a6e040-fda2-4d8f-aa76-d775facbcc3e ] Request (SecurityGroupsTestJSON:test_list_security_groups_by_server): 200 GET http://10.180.1.21/compute/v2.1/servers/ffae9122-9be9-4ba6-84d3-52272208922d 0.409s
2025-04-19 22:48:40.240 69550 INFO tempest.lib.common.rest_client [req-5b04b245-7178-46d7-9f7a-71b2b693212d req-5b04b245-7178-46d7-9f7a-71b2b693212d ] Request (ListImageFiltersTestJSON:setUpClass): 200 GET http://10.180.1.21/compute/v2.1/servers/13e72229-59cc-4f51-bda1-f8c69cbef790 0.435s
2025-04-19 22:48:40.258 69568 INFO tempest.lib.common.rest_client [req-e0ffd6c7-d55f-4a7b-a539-5695a020e83d req-e0ffd6c7-d55f-4a7b-a539-5695a020e83d ] Request (FloatingIPsAssociationTestJSON:_run_cleanups): 204 DELETE http://10.180.1.21/compute/v2.1/servers/bebef016-51f9-4368-9862-b1fc990fbb98 0.475s
2025-04-19 22:48:40.298 69580 INFO tempest.lib.common.rest_client [req-85a14911-d50a-4c75-92d5-ab9c3fa095a2 req-85a14911-d50a-4c75-92d5-ab9c3fa095a2 ] Request (ServersTestFqdnHostnames:test_create_server_with_fqdn_name): 200 GET http://10.180.1.21/compute/v2.1/servers/3858324e-af5f-44a8-8099-22bd4305a3c5 0.489s
2025-04-19 22:48:40.313 69600 INFO tempest.lib.common.rest_client [req-08869445-56d0-441b-87e7-0bf41d3aa676 req-08869445-56d0-441b-87e7-0bf41d3aa676 ] Request (ServerActionsTestOtherA:setUpClass): 200 GET http://10.180.1.21/compute/v2.1/servers/0614d5ec-c144-48fe-9248-a498b34699a6 0.429s
2025-04-19 22:48:40.361 69562 INFO tempest.lib.common.rest_client [req-b853fdaa-70cf-46ce-bf64-06c3a75fa8a8 req-b853fdaa-70cf-46ce-bf64-06c3a75fa8a8 ] Request (InstanceActionsNegativeTestJSON:setUpClass): 200 GET http://10.180.1.21/compute/v2.1/servers/8a18b244-a347-4b96-ae6f-bb2aeec8f85d 0.431s
2025-04-19 22:48:40.435 69570 INFO tempest.lib.common.rest_client [req-a0d3f65e-312c-48d7-9e9e-1ae00f5cc75d req-a0d3f65e-312c-48d7-9e9e-1ae00f5cc75d ] Request (VolumesAssistedSnapshotsTest:tearDownClass): 200 GET http://10.180.1.21/compute/v2.1/servers/efe57460-22b1-4a19-875c-0d19098a8c4a 0.293s
