2025-04-19 22:47:44.582 69608 INFO tempest.lib.common.rest_client [req-fa62b4cf-4320-4657-9a6c-cca01cc4d521 req-fa62b4cf-4320-4657-9a6c-cca01cc4d521 ] Request (ServersAdminTestJSON:test_create_server_with_scheduling_hint): 200 GET http://10.180.1.21/compute/v2.1/servers/3fa7b89d-f0f1-4fbc-8bbe-ca08a8c2ee47 0.054s
2025-04-19 22:47:44.679 69585 INFO tempest.lib.common.rest_client [req-95a25cd3-8802-4608-a521-0255e039ae8e req-95a25cd3-8802-4608-a521-0255e039ae8e ] Request (ServersTestJSON:tearDownClass): 200 GET http://10.180.1.21/compute/v2.1/servers/d54ee836-e113-4618-bfa5-6d91c4c51edd 0.072s
2025-04-19 22:47:44.707 69594 INFO tempest.lib.common.rest_client [req-aa68beec-9ea3-4de8-938a-1e113e79ffe4 req-aa68beec-9ea3-4de8-938a-1e113e79ffe4 ] Request (VolumesAdminNegativeTest:test_update_attached_volume_with_nonexistent_volume_in_body): 200 GET http://10.180.1.21/compute/v2.1/servers/40485daf-2011-4d34-b9d0-c696988de711 0.135s
2025-04-19 22:47:44.715 69594 INFO tempest.common.waiters [-] State transition "BUILD/spawning" ==> "ACTIVE/None" after 72 second wait
2025-04-19 22:47:44.738 69564 INFO tempest.lib.common.rest_client [req-48f3be4c-245f-43f1-92f2-99fc704edfdc req-48f3be4c-245f-43f1-92f2-99fc704edfdc ] Request (ServersAdminNegativeTestJSON:tearDownClass): 200 GET http://10.180.1.21/compute/v2.1/servers/168831bc-c8b0-415e-89d4-6a1b5ea03dc3 0.064s
2025-04-19 22:47:44.796 69594 INFO tempest.lib.common.rest_client [req-8f2f0a7e-b592-4f2a-a301-2173d8bc6a42 req-8f2f0a7e-b592-4f2a-a301-2173d8bc6a42 ] Request (VolumesAdminNegativeTest:test_update_attached_volume_with_nonexistent_volume_in_body): 200 GET http://10.180.1.21/compute/v2.1/servers/40485daf-2011-4d34-b9d0-c696988de711/os-interface 0.080s
2025-04-19 22:47:44.864 69560 INFO tempest.lib.common.rest_client [req-53a0c623-7ad3-4a89-b1c8-82fee8ac4d55 req-53a0c623-7ad3-4a89-b1c8-82fee8ac4d55 ] Request (ServersAaction247Test:test_create_backup): 200 GET http://10.180.1.21/compute/v2.1/servers/15a216a3-85e7-40f3-bdd2-7d1ac563aeb0 0.116s
2025-04-19 22:47:44.877 69548 INFO tempest.lib.common.rest_client [req-fc2f71df-3687-4232-acda-e7a5c9cd0837 req-fc2f71df-3687-4232-acda-e7a5c9cd0837 ] Request (ServerDiskConfigTestJSON:test_rebuild_server_with_manual_disk_config): 200 GET http://10.180.1.21/compute/v2.1/servers/04510015-46c8-4629-9033-3ae5817e59df 0.135s
2025-04-19 22:47:44.948 69600 INFO tempest.lib.common.rest_client [req-5361a5c1-495f-4162-b4c0-02ada9868c57 req-5361a5c1-495f-4162-b4c0-02ada9868c57 ] Request (ServerActionsTestOtherA:setUpClass): 201 POST http://10.180.1.21:9696/networking/v2.0/networks 0.371s
2025-04-19 22:47:44.958 69574 INFO tempest.lib.common.rest_client [req-574bc9b3-7e75-4a64-9d09-b7768e5493fe req-574bc9b3-7e75-4a64-9d09-b7768e5493fe ] Request (ServerActionsTestOtherB:setUpClass): 200 GET http://10.180.1.21/compute/v2.1/servers/5d5ac77b-9d87-4206-a210-616b240c4e91 0.153s
2025-04-19 22:47:44.958 69566 INFO tempest.lib.common.rest_client [req-f11e4976-5d63-4db6-87e1-e435ed4dce14 req-f11e4976-5d63-4db6-87e1-e435ed4dce14 ] Request (ServerRescueNegativeTestJSON:setUpClass): 200 GET http://10.180.1.21/compute/v2.1/servers/88f2ec1c-f6dc-4d20-96df-d3272d74dc7e 0.158s
2025-04-19 22:47:45.019 69610 INFO tempest.lib.common.rest_client [req-3a9dd706-69e6-45b8-9581-4f73d265816c req-3a9dd706-69e6-45b8-9581-4f73d265816c ] Request (ImagesOneServerTestJSON:setUpClass): 200 GET http://10.180.1.21/compute/v2.1/servers/082b9d94-88f6-4b1d-b7af-fb508bb61e82 0.165s
2025-04-19 22:47:45.037 69598 INFO tempest.lib.common.rest_client [req-e244319d-f451-4375-b850-0a998d92c687 req-e244319d-f451-4375-b850-0a998d92c687 ] Request (TenantUsagesTestJSON:tearDownClass): 200 GET http://10.180.1.21/compute/v2.1/servers/aa73eeff-3d3b-4917-b43b-8125368a5521 0.169s
2025-04-19 22:47:45.079 69606 INFO tempest.lib.common.rest_client [req-a9cf2446-c184-4c66-bfbd-e12144d42a75 req-a9cf2446-c184-4c66-bfbd-e12144d42a75 ] Request (SecurityGroupsTestJSON:test_list_security_groups_by_server): 200 GET http://10.180.1.21/compute/v2.1/servers/ffae9122-9be9-4ba6-84d3-52272208922d 0.164s
2025-04-19 22:47:45.086 69570 INFO paramiko.transport [-] Connected (version 2.0, client dropbear_2020.81)
2025-04-19 22:47:45.099 69578 INFO tempest.lib.common.rest_client [req-92d6a228-9841-403c-82ba-72ed6c92d694 req-92d6a228-9841-403c-82ba-72ed6c92d694 ] Request (ServerGroupTestJSON:test_create_server_with_scheduler_hint_group): 200 GET http://10.180.1.21/compute/v2.1/servers/a823bd62-20a8-4b40-8698-e164d21a7471 0.175s
2025-04-19 22:47:45.136 69586 INFO tempest.lib.common.rest_client [req-68ed62cb-5147-4682-99d6-ec35fd07a2bb req-68ed62cb-5147-4682-99d6-ec35fd07a2bb ] Request (ImagesOneServerNegativeTestJSON:setUpClass): 200 GET http://10.180.1.21/compute/v2.1/servers/4843d66a-3d1f-40fc-9862-e9cdbc2f8d3f 0.171s
2025-04-19 22:47:45.160 69550 INFO tempest.lib.common.rest_client [req-975bf744-6c99-4a68-a9e3-6bd398cd19f5 req-975bf744-6c99-4a68-a9e3-6bd398cd19f5 ] Request (ListImageFiltersTestJSON:setUpClass): 200 GET http://10.180.1.21/compute/v2.1/servers/13e72229-59cc-4f51-bda1-f8c69cbef790 0.177s
2025-04-19 22:47:45.185 69568 INFO tempest.lib.common.rest_client [req-96699664-85e5-4f62-a882-7f2df83b0a08 req-96699664-85e5-4f62-a882-7f2df83b0a08 ] Request (FloatingIPsAssociationTestJSON:test_associate_already_associated_floating_ip): 200 GET http://10.180.1.21/compute/v2.1/servers/bebef016-51f9-4368-9862-b1fc990fbb98 0.161s
2025-04-19 22:47:45.194 69570 INFO paramiko.transport [-] Authentication (publickey) successful!
2025-04-19 22:47:45.194 69570 INFO tempest.lib.common.ssh [-] ssh connection to cirros@10.180.180.189 successfully created
2025-04-19 22:47:45.208 69600 INFO tempest.lib.common.rest_client [req-08546a73-6afd-4114-9c84-156e8c7233d0 req-08546a73-6afd-4114-9c84-156e8c7233d0 ] Request (ServerActionsTestOtherA:setUpClass): 201 POST http://10.180.1.21:9696/networking/v2.0/subnets 0.259s
2025-04-19 22:47:45.216 69572 INFO tempest.lib.common.rest_client [req-bb3b11c0-b5c2-4ee8-b54c-17e6c25a06c9 req-bb3b11c0-b5c2-4ee8-b54c-17e6c25a06c9 ] Request (DeleteServersAdminTestJSON:test_delete_server_while_in_error_state): 200 GET http://10.180.1.21/compute/v2.1/servers/d8fe6fbd-05c2-4bf5-8615-bb505bd0c031 0.176s
2025-04-19 22:47:45.253 69556 INFO tempest.lib.common.rest_client [req-d4543d9b-d3a5-40e2-bc0f-b88fe34f3858 req-d4543d9b-d3a5-40e2-bc0f-b88fe34f3858 ] Request (DeleteServersTestJSON:test_delete_active_server): 200 GET http://10.180.1.21/compute/v2.1/servers/13cb1171-4983-4b68-98d7-3d4f1a74fea0 0.175s
2025-04-19 22:47:45.255 69594 INFO tempest.lib.common.rest_client [req-3bcf7390-9a7e-4024-8b10-8a47164f483d req-3bcf7390-9a7e-4024-8b10-8a47164f483d ] Request (VolumesAdminNegativeTest:test_update_attached_volume_with_nonexistent_volume_in_body): 200 PUT http://10.180.1.21:9696/networking/v2.0/floatingips/52b055e4-65a0-4049-a526-45d051f921fe 0.456s
2025-04-19 22:47:45.256 69594 INFO tempest.lib.common.ssh [-] Creating ssh connection to '10.180.180.250:22' as 'cirros' with public key authentication
2025-04-19 22:47:45.286 69562 INFO tempest.lib.common.rest_client [req-2e0adb2d-65ca-4a3e-becb-8e4f48bb727c req-2e0adb2d-65ca-4a3e-becb-8e4f48bb727c ] Request (ServerDiagnosticsV248Test:tearDownClass): 200 GET http://10.180.1.21/compute/v2.1/servers/d148ca17-206a-48e4-a673-471bf48ab99e 0.158s
2025-04-19 22:47:45.376 69590 INFO tempest.lib.common.rest_client [req-3d410565-a31a-4022-bb32-85e1c7d4da5e req-3d410565-a31a-4022-bb32-85e1c7d4da5e ] Request (ImagesNegativeTestJSON:test_create_image_from_deleted_server): 200 GET http://10.180.1.21/compute/v2.1/servers/8214b619-33e9-463b-bc33-cb2957f8b348 0.073s
2025-04-19 22:47:45.381 69554 INFO tempest.lib.common.rest_client [req-c8f7cef3-79b8-47fc-b4f8-0427fe6dd986 req-c8f7cef3-79b8-47fc-b4f8-0427fe6dd986 ] Request (ServerActionsV293TestJSON:setUpClass): 200 GET http://10.180.1.21/volume/v3/volumes/72e47e45-380e-47f1-90b7-d90659f27cba 0.041s
2025-04-19 22:47:45.435 69602 INFO tempest.lib.common.rest_client [req-721d8662-2a0a-4f3c-8657-c2f2ca61313c req-721d8662-2a0a-4f3c-8657-c2f2ca61313c ] Request (ImagesTestJSON:test_create_image_from_suspended_server): 200 GET http://10.180.1.21/compute/v2.1/servers/dcb2c786-0332-4cda-bbf0-6f84ec4fb7aa 0.129s
2025-04-19 22:47:45.493 69592 WARNING tempest.lib.common.ssh [-] Failed to establish authenticated ssh connection to cirros@10.180.180.135 ([Errno None] Unable to connect to port 22 on 10.180.180.135). Number attempts: 2. Retry after 3 seconds.: paramiko.ssh_exception.NoValidConnectionsError: [Errno None] Unable to connect to port 22 on 10.180.180.135
2025-04-19 22:47:45.504 69588 INFO tempest.lib.common.rest_client [req-4d863fc5-2ee1-4af0-87e2-ffa1d059d964 req-4d863fc5-2ee1-4af0-87e2-ffa1d059d964 ] Request (ServersListShow296Test:test_list_show_update_rebuild_server_296): 200 GET http://10.180.1.21/compute/v2.1/servers/22c24625-6973-44f4-8f39-7ae9c88bd8f1 0.090s
2025-04-19 22:47:45.577 69596 INFO tempest.lib.common.rest_client [req-504ab380-f47f-4acc-a725-67de2ca51cb6 req-504ab380-f47f-4acc-a725-67de2ca51cb6 ] Request (MultipleCreateTestJSON:_run_cleanups): 200 GET http://10.180.1.21/compute/v2.1/servers/ec6d5e41-f146-4ad0-9e5e-5da93c55f430 0.118s
2025-04-19 22:47:45.653 69580 INFO tempest.lib.common.rest_client [req-4039b789-dfe8-47cf-9021-9d88ba80ccd9 req-4039b789-dfe8-47cf-9021-9d88ba80ccd9 ] Request (ServerExternalEventsTest:tearDownClass): 200 GET http://10.180.1.21/compute/v2.1/servers/3d524a5b-6e5e-4ae9-883f-8f99339b9ffd 0.138s
2025-04-19 22:47:45.818 69552 WARNING tempest.lib.common.ssh [-] Failed to establish authenticated ssh connection to cirros@10.180.180.204 ([Errno None] Unable to connect to port 22 on 10.180.180.204). Number attempts: 1. Retry after 2 seconds.: paramiko.ssh_exception.NoValidConnectionsError: [Errno None] Unable to connect to port 22 on 10.180.180.204
2025-04-19 22:47:45.822 69608 INFO tempest.lib.common.rest_client [req-4657f21f-bd49-42a6-b6a0-8c74f28421d1 req-4657f21f-bd49-42a6-b6a0-8c74f28421d1 ] Request (ServersAdminTestJSON:test_create_server_with_scheduling_hint): 200 GET http://10.180.1.21/compute/v2.1/servers/3fa7b89d-f0f1-4fbc-8bbe-ca08a8c2ee47 0.231s
2025-04-19 22:47:45.840 69608 INFO tempest.common.waiters [-] State transition "BUILD/None" ==> "BUILD/networking" after 67 second wait
2025-04-19 22:47:46.140 69585 INFO tempest.lib.common.rest_client [req-aca6e59e-355e-4efe-bf50-6bbfe48d8bfe req-aca6e59e-355e-4efe-bf50-6bbfe48d8bfe ] Request (ServersTestJSON:tearDownClass): 200 GET http://10.180.1.21/compute/v2.1/servers/d54ee836-e113-4618-bfa5-6d91c4c51edd 0.452s
2025-04-19 22:47:46.203 69564 INFO tempest.lib.common.rest_client [req-083f72df-6250-4b63-ad94-b61f82b692eb req-083f72df-6250-4b63-ad94-b61f82b692eb ] Request (ServersAdminNegativeTestJSON:tearDownClass): 200 GET http://10.180.1.21/compute/v2.1/servers/168831bc-c8b0-415e-89d4-6a1b5ea03dc3 0.456s
2025-04-19 22:47:46.236 69600 INFO tempest.lib.common.rest_client [req-51becc3f-c85c-4194-b66d-2ba1e05eaabb req-51becc3f-c85c-4194-b66d-2ba1e05eaabb ] Request (ServerActionsTestOtherA:setUpClass): 201 POST http://10.180.1.21:9696/networking/v2.0/routers 1.028s
2025-04-19 22:47:46.254 69560 INFO tempest.lib.common.rest_client [req-f5950498-f854-4b0c-9a5b-10963e0a6f61 req-f5950498-f854-4b0c-9a5b-10963e0a6f61 ] Request (ServersAaction247Test:test_create_backup): 200 GET http://10.180.1.21/compute/v2.1/servers/15a216a3-85e7-40f3-bdd2-7d1ac563aeb0 0.376s
2025-04-19 22:47:46.347 69548 INFO tempest.lib.common.rest_client [req-c19610c6-80ba-4835-b204-35589cb02d6a req-c19610c6-80ba-4835-b204-35589cb02d6a ] Request (ServerDiskConfigTestJSON:test_rebuild_server_with_manual_disk_config): 200 GET http://10.180.1.21/compute/v2.1/servers/04510015-46c8-4629-9033-3ae5817e59df 0.463s
2025-04-19 22:47:46.391 69574 INFO tempest.lib.common.rest_client [req-d3d3476b-6e33-4ec0-9e03-bb451065ed92 req-d3d3476b-6e33-4ec0-9e03-bb451065ed92 ] Request (ServerActionsTestOtherB:setUpClass): 200 GET http://10.180.1.21/compute/v2.1/servers/5d5ac77b-9d87-4206-a210-616b240c4e91 0.426s
2025-04-19 22:47:46.421 69554 INFO tempest.lib.common.rest_client [req-2e309819-cfbe-48e6-9d51-ee45a00c2839 req-2e309819-cfbe-48e6-9d51-ee45a00c2839 ] Request (ServerActionsV293TestJSON:setUpClass): 200 GET http://10.180.1.21/volume/v3/volumes/72e47e45-380e-47f1-90b7-d90659f27cba 0.027s
2025-04-19 22:47:46.438 69566 INFO tempest.lib.common.rest_client [req-07c7a6dc-9367-494b-934f-2acca839c04c req-07c7a6dc-9367-494b-934f-2acca839c04c ] Request (ServerRescueNegativeTestJSON:setUpClass): 200 GET http://10.180.1.21/compute/v2.1/servers/88f2ec1c-f6dc-4d20-96df-d3272d74dc7e 0.470s
2025-04-19 22:47:46.484 69610 INFO tempest.lib.common.rest_client [req-421be525-7068-49c5-9b2c-eb660eea0abb req-421be525-7068-49c5-9b2c-eb660eea0abb ] Request (ImagesOneServerTestJSON:setUpClass): 200 GET http://10.180.1.21/compute/v2.1/servers/082b9d94-88f6-4b1d-b7af-fb508bb61e82 0.454s
2025-04-19 22:47:46.539 69598 INFO tempest.lib.common.rest_client [req-610de88f-cf1e-4b71-a8fc-351fc7406053 req-610de88f-cf1e-4b71-a8fc-351fc7406053 ] Request (TenantUsagesTestJSON:tearDownClass): 200 GET http://10.180.1.21/compute/v2.1/servers/aa73eeff-3d3b-4917-b43b-8125368a5521 0.493s
2025-04-19 22:47:46.587 69606 INFO tempest.lib.common.rest_client [req-3190880e-7877-4f27-a790-f044fb438beb req-3190880e-7877-4f27-a790-f044fb438beb ] Request (SecurityGroupsTestJSON:test_list_security_groups_by_server): 200 GET http://10.180.1.21/compute/v2.1/servers/ffae9122-9be9-4ba6-84d3-52272208922d 0.492s
2025-04-19 22:47:46.638 69578 INFO tempest.lib.common.rest_client [req-79cf8e6d-b542-4d4b-8a44-d0ba0ebb1fea req-79cf8e6d-b542-4d4b-8a44-d0ba0ebb1fea ] Request (ServerGroupTestJSON:test_create_server_with_scheduler_hint_group): 200 GET http://10.180.1.21/compute/v2.1/servers/a823bd62-20a8-4b40-8698-e164d21a7471 0.530s
2025-04-19 22:47:46.692 69586 INFO tempest.lib.common.rest_client [req-02d8bb3f-b0a3-489d-87e4-809aa0a87fb7 req-02d8bb3f-b0a3-489d-87e4-809aa0a87fb7 ] Request (ImagesOneServerNegativeTestJSON:setUpClass): 200 GET http://10.180.1.21/compute/v2.1/servers/4843d66a-3d1f-40fc-9862-e9cdbc2f8d3f 0.549s
2025-04-19 22:47:46.740 69550 INFO tempest.lib.common.rest_client [req-af5745ce-ac2f-44e7-b7f4-31fdac604337 req-af5745ce-ac2f-44e7-b7f4-31fdac604337 ] Request (ListImageFiltersTestJSON:setUpClass): 200 GET http://10.180.1.21/compute/v2.1/servers/13e72229-59cc-4f51-bda1-f8c69cbef790 0.572s
2025-04-19 22:47:46.788 69568 INFO tempest.lib.common.rest_client [req-a6d18480-784d-4ac9-8a6e-e97240a1681c req-a6d18480-784d-4ac9-8a6e-e97240a1681c ] Request (FloatingIPsAssociationTestJSON:test_associate_already_associated_floating_ip): 200 GET http://10.180.1.21/compute/v2.1/servers/bebef016-51f9-4368-9862-b1fc990fbb98 0.596s
2025-04-19 22:47:46.838 69572 INFO tempest.lib.common.rest_client [req-60269550-8fff-48ce-96ab-cbb30aa8c9f7 req-60269550-8fff-48ce-96ab-cbb30aa8c9f7 ] Request (DeleteServersAdminTestJSON:test_delete_server_while_in_error_state): 200 GET http://10.180.1.21/compute/v2.1/servers/d8fe6fbd-05c2-4bf5-8615-bb505bd0c031 0.613s
2025-04-19 22:47:46.891 69556 INFO tempest.lib.common.rest_client [req-4f542cc3-c796-45be-815b-0cbd78cf19fd req-4f542cc3-c796-45be-815b-0cbd78cf19fd ] Request (DeleteServersTestJSON:test_delete_active_server): 200 GET http://10.180.1.21/compute/v2.1/servers/13cb1171-4983-4b68-98d7-3d4f1a74fea0 0.630s
2025-04-19 22:47:46.949 69570 INFO tempest.lib.common.rest_client [req-5099aad0-dfa1-4a5d-ac95-d5803432ee4d req-5099aad0-dfa1-4a5d-ac95-d5803432ee4d ] Request (VolumesAssistedSnapshotsTest:test_volume_assisted_snapshot_create_delete): 200 POST http://10.180.1.21/compute/v2.1/servers/efe57460-22b1-4a19-875c-0d19098a8c4a/os-volume_attachments 1.755s
2025-04-19 22:47:46.954 69562 INFO tempest.lib.common.rest_client [req-38ac47d5-b2a7-49d0-9a4b-25ae2c8cd1d1 req-38ac47d5-b2a7-49d0-9a4b-25ae2c8cd1d1 ] Request (ServerDiagnosticsV248Test:tearDownClass): 200 GET http://10.180.1.21/compute/v2.1/servers/d148ca17-206a-48e4-a673-471bf48ab99e 0.658s
2025-04-19 22:47:46.992 69570 INFO tempest.lib.common.rest_client [req-9018aaa0-c929-4352-8140-bf532e000ab5 req-9018aaa0-c929-4352-8140-bf532e000ab5 ] Request (VolumesAssistedSnapshotsTest:test_volume_assisted_snapshot_create_delete): 200 GET http://10.180.1.21/volume/v3/volumes/d81d7930-12f8-4b03-bad0-1884375477aa 0.041s
2025-04-19 22:47:47.014 69600 INFO tempest.lib.common.rest_client [req-af3c0073-40be-4f29-9490-02959fff78b4 req-af3c0073-40be-4f29-9490-02959fff78b4 ] Request (ServerActionsTestOtherA:setUpClass): 200 PUT http://10.180.1.21:9696/networking/v2.0/routers/83f0e4a8-8c76-476f-aa0b-00f39e509dd9/add_router_interface 0.778s
2025-04-19 22:47:47.015 69600 INFO tempest.lib.common.dynamic_creds [-] Created isolated network resources for: credentials: Credentials: {'domain_id': 'default', 'domain_name': 'Default', 'username': 'tempest-ServerActionsTestOtherA-805397603-project-member', 'project_domain_id': 'default', 'project_domain_name': 'Default', 'project_id': 'e85e55ac20424058a2e631db436f18a3', 'project_name': 'tempest-ServerActionsTestOtherA-805397603', 'tenant_id': 'e85e55ac20424058a2e631db436f18a3', 'tenant_name': 'tempest-ServerActionsTestOtherA-805397603', 'user_domain_id': 'default', 'user_domain_name': 'Default', 'user_id': '4278fe41677f4436a2bf01f27dfd6145', 'system': None}, Network: {'id': '801a2e96-0d0f-468b-b5e9-122f0f2263a4', 'name': 'tempest-ServerActionsTestOtherA-804816175-network', 'tenant_id': 'e85e55ac20424058a2e631db436f18a3', 'admin_state_up': True, 'mtu': 8950, 'status': 'ACTIVE', 'subnets': [], 'shared': False, 'project_id': 'e85e55ac20424058a2e631db436f18a3', 'port_security_enabled': True, 'router:external': False, 'provider:network_type': 'vlan', 'provider:physical_network': 'default', 'provider:segmentation_id': 590, 'availability_zone_hints': [], 'availability_zones': [], 'ipv4_address_scope': None, 'ipv6_address_scope': None, 'description': '', 'tags': [], 'created_at': '2025-04-19T22:47:44Z', 'updated_at': '2025-04-19T22:47:44Z', 'revision_number': 1}, Subnet: {'id': '94c30437-35cd-4a84-8ada-3e1e26528d15', 'name': 'tempest-ServerActionsTestOtherA-804816175-subnet', 'tenant_id': 'e85e55ac20424058a2e631db436f18a3', 'network_id': '801a2e96-0d0f-468b-b5e9-122f0f2263a4', 'ip_version': 4, 'subnetpool_id': None, 'enable_dhcp': True, 'ipv6_ra_mode': None, 'ipv6_address_mode': None, 'gateway_ip': '192.168.128.1', 'cidr': '192.168.128.0/28', 'allocation_pools': [{'start': '192.168.128.2', 'end': '192.168.128.14'}], 'host_routes': [], 'dns_nameservers': [], 'description': '', 'router:external': False, 'service_types': [], 'tags': [], 'created_at': '2025-04-19T22:47:45Z', 'updated_at': '2025-04-19T22:47:45Z', 'revision_number': 0, 'project_id': 'e85e55ac20424058a2e631db436f18a3'}, Router: {'id': '83f0e4a8-8c76-476f-aa0b-00f39e509dd9', 'name': 'tempest-ServerActionsTestOtherA-804816175-router', 'tenant_id': 'e85e55ac20424058a2e631db436f18a3', 'admin_state_up': True, 'status': 'ACTIVE', 'external_gateway_info': {'network_id': 'a3113d27-0091-4307-8874-841641a3b0e0', 'external_fixed_ips': [{'subnet_id': 'c550bedc-3375-4b20-a897-1c1c2eae5950', 'ip_address': '10.180.180.223'}], 'enable_snat': True}, 'description': '', 'availability_zones': [], 'distributed': False, 'ha': False, 'availability_zone_hints': [], 'routes': [], 'flavor_id': None, 'tags': [], 'created_at': '2025-04-19T22:47:45Z', 'updated_at': '2025-04-19T22:47:45Z', 'revision_number': 2, 'project_id': 'e85e55ac20424058a2e631db436f18a3'}
2025-04-19 22:47:47.025 69590 INFO tempest.lib.common.rest_client [req-d337d90a-3139-4743-ae66-92369573118c req-d337d90a-3139-4743-ae66-92369573118c ] Request (ImagesNegativeTestJSON:test_create_image_from_deleted_server): 200 GET http://10.180.1.21/compute/v2.1/servers/8214b619-33e9-463b-bc33-cb2957f8b348 0.639s
2025-04-19 22:47:47.026 69602 INFO tempest.lib.common.rest_client [req-8f20b514-64da-4460-ac3e-8a16bc82d49c req-8f20b514-64da-4460-ac3e-8a16bc82d49c ] Request (ImagesTestJSON:test_create_image_from_suspended_server): 200 GET http://10.180.1.21/compute/v2.1/servers/dcb2c786-0332-4cda-bbf0-6f84ec4fb7aa 0.582s
2025-04-19 22:47:47.091 69588 INFO tempest.lib.common.rest_client [req-8770af04-cdc7-49dc-b743-c9d823356914 req-8770af04-cdc7-49dc-b743-c9d823356914 ] Request (ServersListShow296Test:test_list_show_update_rebuild_server_296): 200 GET http://10.180.1.21/compute/v2.1/servers/22c24625-6973-44f4-8f39-7ae9c88bd8f1 0.576s
2025-04-19 22:47:47.105 69596 INFO tempest.lib.common.rest_client [req-c90d6910-43d2-41e1-b3a5-feadef30523d req-c90d6910-43d2-41e1-b3a5-feadef30523d ] Request (MultipleCreateTestJSON:_run_cleanups): 200 GET http://10.180.1.21/compute/v2.1/servers/ec6d5e41-f146-4ad0-9e5e-5da93c55f430 0.518s
2025-04-19 22:47:47.112 69600 INFO tempest.lib.common.rest_client [req-4ce4dda2-cf6a-4f89-bee7-3eed08e85fd9 req-4ce4dda2-cf6a-4f89-bee7-3eed08e85fd9 ] Request (ServerActionsTestOtherA:setUpClass): 201 POST http://10.180.1.21/identity/v3/auth/tokens 0.091s
2025-04-19 22:47:47.156 69580 INFO tempest.lib.common.rest_client [req-b131a56c-5b9b-45a8-9a92-bf9c679970bd req-b131a56c-5b9b-45a8-9a92-bf9c679970bd ] Request (ServerExternalEventsTest:tearDownClass): 200 GET http://10.180.1.21/compute/v2.1/servers/3d524a5b-6e5e-4ae9-883f-8f99339b9ffd 0.495s
2025-04-19 22:47:47.224 69608 INFO tempest.lib.common.rest_client [req-b6c4acd9-c16b-45dc-9258-9e29a73b468d req-b6c4acd9-c16b-45dc-9258-9e29a73b468d ] Request (ServersAdminTestJSON:test_create_server_with_scheduling_hint): 200 GET http://10.180.1.21/compute/v2.1/servers/3fa7b89d-f0f1-4fbc-8bbe-ca08a8c2ee47 0.382s
2025-04-19 22:47:47.231 69608 INFO tempest.common.waiters [-] State transition "BUILD/networking" ==> "BUILD/spawning" after 69 second wait
2025-04-19 22:47:47.255 69600 INFO tempest.lib.common.rest_client [req-908908f0-b66c-43c9-b71f-c768320216f1 req-908908f0-b66c-43c9-b71f-c768320216f1 ] Request (ServerActionsTestOtherA:setUpClass): 200 POST http://10.180.1.21/compute/v2.1/os-keypairs 0.139s
2025-04-19 22:47:47.329 69564 INFO tempest.lib.common.rest_client [req-fd64f37d-7694-4708-9b7e-1012a26676bc req-fd64f37d-7694-4708-9b7e-1012a26676bc ] Request (ServersAdminNegativeTestJSON:tearDownClass): 200 GET http://10.180.1.21/compute/v2.1/servers/168831bc-c8b0-415e-89d4-6a1b5ea03dc3 0.118s
2025-04-19 22:47:47.332 69585 INFO tempest.lib.common.rest_client [req-bf106c2d-eeea-46e2-85d5-087991f535ae req-bf106c2d-eeea-46e2-85d5-087991f535ae ] Request (ServersTestJSON:tearDownClass): 200 GET http://10.180.1.21/compute/v2.1/servers/d54ee836-e113-4618-bfa5-6d91c4c51edd 0.183s
2025-04-19 22:47:47.394 69560 INFO tempest.lib.common.rest_client [req-eef219c2-ecac-4eeb-ac7d-140e3f09b792 req-eef219c2-ecac-4eeb-ac7d-140e3f09b792 ] Request (ServersAaction247Test:test_create_backup): 200 GET http://10.180.1.21/compute/v2.1/servers/15a216a3-85e7-40f3-bdd2-7d1ac563aeb0 0.131s
2025-04-19 22:47:47.407 69600 INFO tempest.lib.common.rest_client [req-ea065058-8e7e-4582-b73f-502edc10bfa8 req-ea065058-8e7e-4582-b73f-502edc10bfa8 ] Request (ServerActionsTestOtherA:setUpClass): 201 POST http://10.180.1.21:9696/networking/v2.0/security-groups 0.151s
2025-04-19 22:47:47.457 69574 INFO tempest.lib.common.rest_client [req-735834c4-701d-4777-987e-d07adda23dc8 req-735834c4-701d-4777-987e-d07adda23dc8 ] Request (ServerActionsTestOtherB:setUpClass): 200 GET http://10.180.1.21/compute/v2.1/servers/5d5ac77b-9d87-4206-a210-616b240c4e91 0.058s
2025-04-19 22:47:47.474 69554 INFO tempest.lib.common.rest_client [req-786543bd-a733-416f-ac75-4ad9e24075a5 req-786543bd-a733-416f-ac75-4ad9e24075a5 ] Request (ServerActionsV293TestJSON:setUpClass): 200 GET http://10.180.1.21/volume/v3/volumes/72e47e45-380e-47f1-90b7-d90659f27cba 0.043s
2025-04-19 22:47:47.477 69548 INFO tempest.lib.common.rest_client [req-e6502be5-869d-4efe-bba4-7d5d272d3018 req-e6502be5-869d-4efe-bba4-7d5d272d3018 ] Request (ServerDiskConfigTestJSON:test_rebuild_server_with_manual_disk_config): 200 GET http://10.180.1.21/compute/v2.1/servers/04510015-46c8-4629-9033-3ae5817e59df 0.119s
2025-04-19 22:47:47.484 69548 INFO tempest.common.waiters [-] State transition "BUILD/spawning" ==> "ACTIVE/None" after 74 second wait
2025-04-19 22:47:47.508 69600 INFO tempest.lib.common.rest_client [req-e34f2c65-63f1-424e-a823-82b2321f7a6f req-e34f2c65-63f1-424e-a823-82b2321f7a6f ] Request (ServerActionsTestOtherA:setUpClass): 201 POST http://10.180.1.21:9696/networking/v2.0/security-group-rules 0.100s
2025-04-19 22:47:47.534 69566 INFO tempest.lib.common.rest_client [req-e233ff26-6d46-4f36-b1d5-0104d0aebc28 req-e233ff26-6d46-4f36-b1d5-0104d0aebc28 ] Request (ServerRescueNegativeTestJSON:setUpClass): 200 GET http://10.180.1.21/compute/v2.1/servers/88f2ec1c-f6dc-4d20-96df-d3272d74dc7e 0.077s
2025-04-19 22:47:47.599 69610 INFO tempest.lib.common.rest_client [req-98d9fa8c-388a-4f94-89fd-beb9d070316c req-98d9fa8c-388a-4f94-89fd-beb9d070316c ] Request (ImagesOneServerTestJSON:setUpClass): 200 GET http://10.180.1.21/compute/v2.1/servers/082b9d94-88f6-4b1d-b7af-fb508bb61e82 0.108s
2025-04-19 22:47:47.605 69600 INFO tempest.lib.common.rest_client [req-f17b11c1-14ff-4879-b001-0cd80464963e req-f17b11c1-14ff-4879-b001-0cd80464963e ] Request (ServerActionsTestOtherA:setUpClass): 201 POST http://10.180.1.21:9696/networking/v2.0/security-group-rules 0.097s
2025-04-19 22:47:47.608 69548 INFO tempest.lib.common.rest_client [req-e42e6a32-9799-43f8-b147-c028fc7d602a req-e42e6a32-9799-43f8-b147-c028fc7d602a ] Request (ServerDiskConfigTestJSON:test_rebuild_server_with_manual_disk_config): 200 GET http://10.180.1.21/compute/v2.1/servers/04510015-46c8-4629-9033-3ae5817e59df 0.124s
2025-04-19 22:47:47.666 69598 INFO tempest.lib.common.rest_client [req-f98a44ac-9146-4ea4-8c13-5599d1b4138e req-f98a44ac-9146-4ea4-8c13-5599d1b4138e ] Request (TenantUsagesTestJSON:tearDownClass): 200 GET http://10.180.1.21/compute/v2.1/servers/aa73eeff-3d3b-4917-b43b-8125368a5521 0.118s
2025-04-19 22:47:47.668 69606 INFO tempest.lib.common.rest_client [req-1744aa9d-1640-4a6b-81bf-fc6a4b17523b req-1744aa9d-1640-4a6b-81bf-fc6a4b17523b ] Request (SecurityGroupsTestJSON:test_list_security_groups_by_server): 200 GET http://10.180.1.21/compute/v2.1/servers/ffae9122-9be9-4ba6-84d3-52272208922d 0.072s
2025-04-19 22:47:47.719 69548 INFO tempest.lib.common.rest_client [req-b7df50b9-e6af-4fc0-9445-ed3d9c79826c req-b7df50b9-e6af-4fc0-9445-ed3d9c79826c ] Request (ServerDiskConfigTestJSON:test_rebuild_server_with_manual_disk_config): 200 PUT http://10.180.1.21/compute/v2.1/servers/04510015-46c8-4629-9033-3ae5817e59df 0.103s
2025-04-19 22:47:47.720 69578 INFO tempest.lib.common.rest_client [req-7ccf1d12-745c-4657-b5a4-51974228408a req-7ccf1d12-745c-4657-b5a4-51974228408a ] Request (ServerGroupTestJSON:test_create_server_with_scheduler_hint_group): 200 GET http://10.180.1.21/compute/v2.1/servers/a823bd62-20a8-4b40-8698-e164d21a7471 0.074s
2025-04-19 22:47:47.798 69586 INFO tempest.lib.common.rest_client [req-628879d2-4136-4f9d-b5df-9273d1ecbb03 req-628879d2-4136-4f9d-b5df-9273d1ecbb03 ] Request (ImagesOneServerNegativeTestJSON:setUpClass): 200 GET http://10.180.1.21/compute/v2.1/servers/4843d66a-3d1f-40fc-9862-e9cdbc2f8d3f 0.095s
2025-04-19 22:47:47.855 69550 INFO tempest.lib.common.rest_client [req-82ad7987-b215-4d3c-a68e-204f79943210 req-82ad7987-b215-4d3c-a68e-204f79943210 ] Request (ListImageFiltersTestJSON:setUpClass): 200 GET http://10.180.1.21/compute/v2.1/servers/13e72229-59cc-4f51-bda1-f8c69cbef790 0.104s
2025-04-19 22:47:47.857 69548 INFO tempest.lib.common.rest_client [req-01936023-1dfb-4927-9dcf-5e283bd2b184 req-01936023-1dfb-4927-9dcf-5e283bd2b184 ] Request (ServerDiskConfigTestJSON:test_rebuild_server_with_manual_disk_config): 200 GET http://10.180.1.21/compute/v2.1/servers/04510015-46c8-4629-9033-3ae5817e59df 0.125s
2025-04-19 22:47:47.922 69568 INFO tempest.lib.common.rest_client [req-b5ee6c25-9d6f-4e8e-9911-2c3452011340 req-b5ee6c25-9d6f-4e8e-9911-2c3452011340 ] Request (FloatingIPsAssociationTestJSON:test_associate_already_associated_floating_ip): 200 GET http://10.180.1.21/compute/v2.1/servers/bebef016-51f9-4368-9862-b1fc990fbb98 0.124s
2025-04-19 22:47:47.924 69572 INFO tempest.lib.common.rest_client [req-d41a2bc1-4a7e-4213-bd1e-3e1fb36c9e91 req-d41a2bc1-4a7e-4213-bd1e-3e1fb36c9e91 ] Request (DeleteServersAdminTestJSON:test_delete_server_while_in_error_state): 200 GET http://10.180.1.21/compute/v2.1/servers/d8fe6fbd-05c2-4bf5-8615-bb505bd0c031 0.075s
2025-04-19 22:47:47.946 69556 INFO tempest.lib.common.rest_client [req-0a6d5d9a-ea1b-4741-a746-93ec1693ca58 req-0a6d5d9a-ea1b-4741-a746-93ec1693ca58 ] Request (DeleteServersTestJSON:test_delete_active_server): 404 GET http://10.180.1.21/compute/v2.1/servers/13cb1171-4983-4b68-98d7-3d4f1a74fea0 0.047s
2025-04-19 22:47:48.039 69570 INFO tempest.lib.common.rest_client [req-757463da-8ce0-475e-a9eb-a030fd1ca200 req-757463da-8ce0-475e-a9eb-a030fd1ca200 ] Request (VolumesAssistedSnapshotsTest:test_volume_assisted_snapshot_create_delete): 200 GET http://10.180.1.21/volume/v3/volumes/d81d7930-12f8-4b03-bad0-1884375477aa 0.039s
2025-04-19 22:47:48.045 69548 INFO tempest.lib.common.rest_client [req-1c42c705-6618-43d3-aea3-df021c9dd785 req-1c42c705-6618-43d3-aea3-df021c9dd785 ] Request (ServerDiskConfigTestJSON:test_rebuild_server_with_manual_disk_config): 200 GET http://10.180.1.21/compute/v2.1/servers/04510015-46c8-4629-9033-3ae5817e59df 0.179s
2025-04-19 22:47:48.056 69556 INFO tempest.lib.common.rest_client [req-d396dbe8-d25e-4f45-9866-a8fb29d86df3 req-d396dbe8-d25e-4f45-9866-a8fb29d86df3 ] Request (DeleteServersTestJSON:test_delete_server_while_in_attached_volume): 201 POST http://10.180.1.21/identity/v3/auth/tokens 0.106s
2025-04-19 22:47:48.057 69556 INFO tempest.lib.common.fixed_network [-] (DeleteServersTestJSON:test_delete_server_while_in_attached_volume) Found network {'id': '42808b29-1731-4986-ad82-0c971d2766d5', 'name': 'tempest-DeleteServersTestJSON-1059784341-network', 'tenant_id': 'afeb460d630f46a68dc13ca12a7b2c65', 'admin_state_up': True, 'mtu': 8950, 'status': 'ACTIVE', 'subnets': [], 'shared': False, 'project_id': 'afeb460d630f46a68dc13ca12a7b2c65', 'port_security_enabled': True, 'router:external': False, 'provider:network_type': 'vlan', 'provider:physical_network': 'default', 'provider:segmentation_id': 70, 'availability_zone_hints': [], 'availability_zones': [], 'ipv4_address_scope': None, 'ipv6_address_scope': None, 'description': '', 'tags': [], 'created_at': '2025-04-19T22:46:05Z', 'updated_at': '2025-04-19T22:46:05Z', 'revision_number': 1} available for tenant
2025-04-19 22:47:48.070 69562 INFO tempest.lib.common.rest_client [req-71a409b2-8201-4682-b9cd-07f069119e14 req-71a409b2-8201-4682-b9cd-07f069119e14 ] Request (ServerDiagnosticsV248Test:tearDownClass): 200 GET http://10.180.1.21/compute/v2.1/servers/d148ca17-206a-48e4-a673-471bf48ab99e 0.103s
2025-04-19 22:47:48.115 69590 INFO tempest.lib.common.rest_client [req-bf5cf03b-db5f-42a4-8e1a-948f97247e2f req-bf5cf03b-db5f-42a4-8e1a-948f97247e2f ] Request (ImagesNegativeTestJSON:test_create_image_from_deleted_server): 200 GET http://10.180.1.21/compute/v2.1/servers/8214b619-33e9-463b-bc33-cb2957f8b348 0.083s
2025-04-19 22:47:48.126 69602 INFO tempest.lib.common.rest_client [req-3dfa9758-8eb1-435f-a7ae-18aba1d6404d req-3dfa9758-8eb1-435f-a7ae-18aba1d6404d ] Request (ImagesTestJSON:test_create_image_from_suspended_server): 200 GET http://10.180.1.21/compute/v2.1/servers/dcb2c786-0332-4cda-bbf0-6f84ec4fb7aa 0.090s
2025-04-19 22:47:48.128 69600 INFO tempest.lib.common.rest_client [req-dca3e348-8bd5-4c80-ada9-d4e2f47a657c req-dca3e348-8bd5-4c80-ada9-d4e2f47a657c ] Request (ServerActionsTestOtherA:setUpClass): 201 POST http://10.180.1.21:9696/networking/v2.0/floatingips 0.522s
2025-04-19 22:47:48.162 69600 INFO tempest.lib.common.rest_client [req-7817165d-9197-44dc-9789-2194276ba9da req-7817165d-9197-44dc-9789-2194276ba9da ] Request (ServerActionsTestOtherA:setUpClass): 201 POST http://10.180.1.21/identity/v3/auth/tokens 0.030s
2025-04-19 22:47:48.163 69600 INFO tempest.lib.common.fixed_network [-] (ServerActionsTestOtherA:setUpClass) Found network {'id': '801a2e96-0d0f-468b-b5e9-122f0f2263a4', 'name': 'tempest-ServerActionsTestOtherA-804816175-network', 'tenant_id': 'e85e55ac20424058a2e631db436f18a3', 'admin_state_up': True, 'mtu': 8950, 'status': 'ACTIVE', 'subnets': [], 'shared': False, 'project_id': 'e85e55ac20424058a2e631db436f18a3', 'port_security_enabled': True, 'router:external': False, 'provider:network_type': 'vlan', 'provider:physical_network': 'default', 'provider:segmentation_id': 590, 'availability_zone_hints': [], 'availability_zones': [], 'ipv4_address_scope': None, 'ipv6_address_scope': None, 'description': '', 'tags': [], 'created_at': '2025-04-19T22:47:44Z', 'updated_at': '2025-04-19T22:47:44Z', 'revision_number': 1} available for tenant
2025-04-19 22:47:48.314 69548 INFO tempest.lib.common.rest_client [req-48be4278-81a5-4251-bf82-95d4279477dd req-48be4278-81a5-4251-bf82-95d4279477dd ] Request (ServerDiskConfigTestJSON:test_rebuild_server_with_manual_disk_config): 202 POST http://10.180.1.21/compute/v2.1/servers/04510015-46c8-4629-9033-3ae5817e59df/action 0.260s
2025-04-19 22:47:48.377 69588 INFO tempest.lib.common.rest_client [req-233f5638-087f-422a-9182-9dab5f680365 req-233f5638-087f-422a-9182-9dab5f680365 ] Request (ServersListShow296Test:test_list_show_update_rebuild_server_296): 200 GET http://10.180.1.21/compute/v2.1/servers/22c24625-6973-44f4-8f39-7ae9c88bd8f1 0.272s
2025-04-19 22:47:48.440 69596 INFO tempest.lib.common.rest_client [req-f9106b9a-52d2-4c39-91ba-d13954038e84 req-f9106b9a-52d2-4c39-91ba-d13954038e84 ] Request (MultipleCreateTestJSON:_run_cleanups): 200 GET http://10.180.1.21/compute/v2.1/servers/ec6d5e41-f146-4ad0-9e5e-5da93c55f430 0.325s
2025-04-19 22:47:48.514 69554 INFO tempest.lib.common.rest_client [req-0396d127-853b-4e5c-8418-eb04753b495d req-0396d127-853b-4e5c-8418-eb04753b495d ] Request (ServerActionsV293TestJSON:setUpClass): 200 GET http://10.180.1.21/volume/v3/volumes/72e47e45-380e-47f1-90b7-d90659f27cba 0.032s
2025-04-19 22:47:48.541 69556 INFO tempest.lib.common.rest_client [req-47ac21bd-96de-438d-a1bb-7e2d5551436a req-47ac21bd-96de-438d-a1bb-7e2d5551436a ] Request (DeleteServersTestJSON:test_delete_server_while_in_attached_volume): 202 POST http://10.180.1.21/compute/v2.1/servers 0.483s
2025-04-19 22:47:48.628 69580 INFO tempest.lib.common.rest_client [req-0ca47daf-265d-4d38-bd70-d147644f99ea req-0ca47daf-265d-4d38-bd70-d147644f99ea ] Request (ServerExternalEventsTest:tearDownClass): 200 GET http://10.180.1.21/compute/v2.1/servers/3d524a5b-6e5e-4ae9-883f-8f99339b9ffd 0.462s
2025-04-19 22:47:48.754 69608 INFO tempest.lib.common.rest_client [req-399d9ae8-c6f6-403f-babd-c6b6515771ae req-399d9ae8-c6f6-403f-babd-c6b6515771ae ] Request (ServersAdminTestJSON:test_create_server_with_scheduling_hint): 200 GET http://10.180.1.21/compute/v2.1/servers/3fa7b89d-f0f1-4fbc-8bbe-ca08a8c2ee47 0.522s
2025-04-19 22:47:48.828 69600 INFO tempest.lib.common.rest_client [req-fcd8f8da-5206-4c00-a3c5-3c834fd8cc6b req-fcd8f8da-5206-4c00-a3c5-3c834fd8cc6b ] Request (ServerActionsTestOtherA:setUpClass): 202 POST http://10.180.1.21/compute/v2.1/servers 0.664s
2025-04-19 22:47:48.871 69548 INFO tempest.lib.common.rest_client [req-de7f767b-0da8-4511-8ac9-0a4468ca6097 req-de7f767b-0da8-4511-8ac9-0a4468ca6097 ] Request (ServerDiskConfigTestJSON:test_rebuild_server_with_manual_disk_config): 200 GET http://10.180.1.21/compute/v2.1/servers/04510015-46c8-4629-9033-3ae5817e59df 0.551s
2025-04-19 22:47:48.885 69552 WARNING tempest.lib.common.ssh [-] Failed to establish authenticated ssh connection to cirros@10.180.180.204 ([Errno None] Unable to connect to port 22 on 10.180.180.204). Number attempts: 2. Retry after 3 seconds.: paramiko.ssh_exception.NoValidConnectionsError: [Errno None] Unable to connect to port 22 on 10.180.180.204
2025-04-19 22:47:48.893 69564 INFO tempest.lib.common.rest_client [req-7d32bddb-65d7-485b-9be1-09ac15cb9520 req-7d32bddb-65d7-485b-9be1-09ac15cb9520 ] Request (ServersAdminNegativeTestJSON:tearDownClass): 200 GET http://10.180.1.21/compute/v2.1/servers/168831bc-c8b0-415e-89d4-6a1b5ea03dc3 0.554s
2025-04-19 22:47:48.942 69585 INFO tempest.lib.common.rest_client [req-0b78a7c5-2750-4d6f-9bad-47f6e02e8868 req-0b78a7c5-2750-4d6f-9bad-47f6e02e8868 ] Request (ServersTestJSON:tearDownClass): 200 GET http://10.180.1.21/compute/v2.1/servers/d54ee836-e113-4618-bfa5-6d91c4c51edd 0.595s
2025-04-19 22:47:48.951 69560 INFO tempest.lib.common.rest_client [req-9f2e0494-2d2e-4212-883d-88a34e22b4d8 req-9f2e0494-2d2e-4212-883d-88a34e22b4d8 ] Request (ServersAaction247Test:test_create_backup): 200 GET http://10.180.1.21/compute/v2.1/servers/15a216a3-85e7-40f3-bdd2-7d1ac563aeb0 0.548s
2025-04-19 22:47:48.989 69574 INFO tempest.lib.common.rest_client [req-412eb447-e32c-4c22-b9c3-f6e5388df064 req-412eb447-e32c-4c22-b9c3-f6e5388df064 ] Request (ServerActionsTestOtherB:setUpClass): 200 GET http://10.180.1.21/compute/v2.1/servers/5d5ac77b-9d87-4206-a210-616b240c4e91 0.520s
2025-04-19 22:47:49.004 69566 INFO tempest.lib.common.rest_client [req-a3ea7874-407f-4d99-b2aa-9645247d0704 req-a3ea7874-407f-4d99-b2aa-9645247d0704 ] Request (ServerRescueNegativeTestJSON:setUpClass): 200 GET http://10.180.1.21/compute/v2.1/servers/88f2ec1c-f6dc-4d20-96df-d3272d74dc7e 0.459s
2025-04-19 22:47:49.011 69566 INFO tempest.common.waiters [-] State transition "BUILD/scheduling" ==> "BUILD/None" after 51 second wait
2025-04-19 22:47:49.028 69556 INFO tempest.lib.common.rest_client [req-e30012b2-0439-4200-b9ec-670b67ca3f64 req-e30012b2-0439-4200-b9ec-670b67ca3f64 ] Request (DeleteServersTestJSON:test_delete_server_while_in_attached_volume): 200 GET http://10.180.1.21/compute/v2.1/servers/69098679-d76f-4276-a76f-cba54747246d 0.484s
2025-04-19 22:47:49.052 69610 INFO tempest.lib.common.rest_client [req-8536c04f-1784-4c95-97a1-598480651e76 req-8536c04f-1784-4c95-97a1-598480651e76 ] Request (ImagesOneServerTestJSON:setUpClass): 200 GET http://10.180.1.21/compute/v2.1/servers/082b9d94-88f6-4b1d-b7af-fb508bb61e82 0.444s
2025-04-19 22:47:49.096 69570 INFO tempest.lib.common.rest_client [req-3b752a1c-7a36-480f-b1e8-14175eabfec1 req-3b752a1c-7a36-480f-b1e8-14175eabfec1 ] Request (VolumesAssistedSnapshotsTest:test_volume_assisted_snapshot_create_delete): 200 GET http://10.180.1.21/volume/v3/volumes/d81d7930-12f8-4b03-bad0-1884375477aa 0.047s
2025-04-19 22:47:49.101 69598 INFO tempest.lib.common.rest_client [req-70063f65-9a99-4c0c-b411-9896d56d84fc req-70063f65-9a99-4c0c-b411-9896d56d84fc ] Request (TenantUsagesTestJSON:tearDownClass): 200 GET http://10.180.1.21/compute/v2.1/servers/aa73eeff-3d3b-4917-b43b-8125368a5521 0.426s
2025-04-19 22:47:49.113 69606 INFO tempest.lib.common.rest_client [req-e936d144-0ba9-46cd-9a98-19f182efe7c6 req-e936d144-0ba9-46cd-9a98-19f182efe7c6 ] Request (SecurityGroupsTestJSON:test_list_security_groups_by_server): 200 GET http://10.180.1.21/compute/v2.1/servers/ffae9122-9be9-4ba6-84d3-52272208922d 0.433s
2025-04-19 22:47:49.165 69578 INFO tempest.lib.common.rest_client [req-65057b89-a079-4565-a440-cedd22d429c3 req-65057b89-a079-4565-a440-cedd22d429c3 ] Request (ServerGroupTestJSON:test_create_server_with_scheduler_hint_group): 200 GET http://10.180.1.21/compute/v2.1/servers/a823bd62-20a8-4b40-8698-e164d21a7471 0.433s
2025-04-19 22:47:49.177 69586 INFO tempest.lib.common.rest_client [req-e7508b79-5ffc-4893-aeab-71b67d6c0213 req-e7508b79-5ffc-4893-aeab-71b67d6c0213 ] Request (ImagesOneServerNegativeTestJSON:setUpClass): 200 GET http://10.180.1.21/compute/v2.1/servers/4843d66a-3d1f-40fc-9862-e9cdbc2f8d3f 0.365s
2025-04-19 22:47:49.238 69600 INFO tempest.lib.common.rest_client [req-37ab4ca1-7076-484f-afb8-67418abe9986 req-37ab4ca1-7076-484f-afb8-67418abe9986 ] Request (ServerActionsTestOtherA:setUpClass): 200 GET http://10.180.1.21/compute/v2.1/servers/0614d5ec-c144-48fe-9248-a498b34699a6 0.408s
2025-04-19 22:47:49.268 69550 INFO tempest.lib.common.rest_client [req-619613f8-0ffe-4291-897f-455cab7a0c3b req-619613f8-0ffe-4291-897f-455cab7a0c3b ] Request (ListImageFiltersTestJSON:setUpClass): 200 GET http://10.180.1.21/compute/v2.1/servers/13e72229-59cc-4f51-bda1-f8c69cbef790 0.404s
2025-04-19 22:47:49.288 69572 INFO tempest.lib.common.rest_client [req-19783878-1e69-47ce-b89d-d7171f00a8b7 req-19783878-1e69-47ce-b89d-d7171f00a8b7 ] Request (DeleteServersAdminTestJSON:test_delete_server_while_in_error_state): 200 GET http://10.180.1.21/compute/v2.1/servers/d8fe6fbd-05c2-4bf5-8615-bb505bd0c031 0.355s
2025-04-19 22:47:49.324 69568 INFO tempest.lib.common.rest_client [req-b1e1ecce-340e-4fe4-9a62-cf50847ccd5b req-b1e1ecce-340e-4fe4-9a62-cf50847ccd5b ] Request (FloatingIPsAssociationTestJSON:test_associate_already_associated_floating_ip): 200 GET http://10.180.1.21/compute/v2.1/servers/bebef016-51f9-4368-9862-b1fc990fbb98 0.388s
2025-04-19 22:47:49.335 69594 WARNING tempest.lib.common.ssh [-] Failed to establish authenticated ssh connection to cirros@10.180.180.250 ([Errno None] Unable to connect to port 22 on 10.180.180.250). Number attempts: 1. Retry after 2 seconds.: paramiko.ssh_exception.NoValidConnectionsError: [Errno None] Unable to connect to port 22 on 10.180.180.250
2025-04-19 22:47:49.359 69562 INFO tempest.lib.common.rest_client [req-9dd1ce0c-4abf-4544-88be-e22d5a4492d8 req-9dd1ce0c-4abf-4544-88be-e22d5a4492d8 ] Request (ServerDiagnosticsV248Test:tearDownClass): 200 GET http://10.180.1.21/compute/v2.1/servers/d148ca17-206a-48e4-a673-471bf48ab99e 0.279s
2025-04-19 22:47:49.380 69590 INFO tempest.lib.common.rest_client [req-e97f2830-f100-4f3a-86a5-2c24337638b7 req-e97f2830-f100-4f3a-86a5-2c24337638b7 ] Request (ImagesNegativeTestJSON:test_create_image_from_deleted_server): 200 GET http://10.180.1.21/compute/v2.1/servers/8214b619-33e9-463b-bc33-cb2957f8b348 0.254s
2025-04-19 22:47:49.412 69602 INFO tempest.lib.common.rest_client [req-af97611e-8cac-4056-a468-e0b5ae8aaf45 req-af97611e-8cac-4056-a468-e0b5ae8aaf45 ] Request (ImagesTestJSON:test_create_image_from_suspended_server): 200 GET http://10.180.1.21/compute/v2.1/servers/dcb2c786-0332-4cda-bbf0-6f84ec4fb7aa 0.277s
2025-04-19 22:47:49.450 69588 INFO tempest.lib.common.rest_client [req-4dc25ceb-7539-47d9-88b7-6ffaf3701d21 req-4dc25ceb-7539-47d9-88b7-6ffaf3701d21 ] Request (ServersListShow296Test:test_list_show_update_rebuild_server_296): 200 GET http://10.180.1.21/compute/v2.1/servers/22c24625-6973-44f4-8f39-7ae9c88bd8f1 0.063s
2025-04-19 22:47:49.503 69596 INFO tempest.lib.common.rest_client [req-59e68b30-d415-4dd1-a023-6ee9b33c6601 req-59e68b30-d415-4dd1-a023-6ee9b33c6601 ] Request (MultipleCreateTestJSON:_run_cleanups): 200 GET http://10.180.1.21/compute/v2.1/servers/ec6d5e41-f146-4ad0-9e5e-5da93c55f430 0.055s
2025-04-19 22:47:49.555 69554 INFO tempest.lib.common.rest_client [req-89beccdc-f49c-482a-a7ed-b76f1b65fee6 req-89beccdc-f49c-482a-a7ed-b76f1b65fee6 ] Request (ServerActionsV293TestJSON:setUpClass): 200 GET http://10.180.1.21/volume/v3/volumes/72e47e45-380e-47f1-90b7-d90659f27cba 0.026s
2025-04-19 22:47:49.690 69580 INFO tempest.lib.common.rest_client [req-a0b12522-cf3b-41f6-80c9-72e7601f8cd9 req-a0b12522-cf3b-41f6-80c9-72e7601f8cd9 ] Request (ServerExternalEventsTest:tearDownClass): 200 GET http://10.180.1.21/compute/v2.1/servers/3d524a5b-6e5e-4ae9-883f-8f99339b9ffd 0.053s
2025-04-19 22:47:49.864 69608 INFO tempest.lib.common.rest_client [req-3d4cc76c-7cb8-46f1-b439-b1445dfcab42 req-3d4cc76c-7cb8-46f1-b439-b1445dfcab42 ] Request (ServersAdminTestJSON:test_create_server_with_scheduling_hint): 200 GET http://10.180.1.21/compute/v2.1/servers/3fa7b89d-f0f1-4fbc-8bbe-ca08a8c2ee47 0.102s
2025-04-19 22:47:49.972 69564 INFO tempest.lib.common.rest_client [req-9e83f002-c98f-400c-a1f2-0d8268113abd req-9e83f002-c98f-400c-a1f2-0d8268113abd ] Request (ServersAdminNegativeTestJSON:tearDownClass): 200 GET http://10.180.1.21/compute/v2.1/servers/168831bc-c8b0-415e-89d4-6a1b5ea03dc3 0.069s
2025-04-19 22:47:50.005 69548 INFO tempest.lib.common.rest_client [req-983ecfbc-2bdc-41f0-8fab-548b34139d7b req-983ecfbc-2bdc-41f0-8fab-548b34139d7b ] Request (ServerDiskConfigTestJSON:test_rebuild_server_with_manual_disk_config): 200 GET http://10.180.1.21/compute/v2.1/servers/04510015-46c8-4629-9033-3ae5817e59df 0.124s
2025-04-19 22:47:50.036 69585 INFO tempest.lib.common.rest_client [req-34bb840a-f288-44ae-8a0c-fa9bb049e60f req-34bb840a-f288-44ae-8a0c-fa9bb049e60f ] Request (ServersTestJSON:tearDownClass): 200 GET http://10.180.1.21/compute/v2.1/servers/d54ee836-e113-4618-bfa5-6d91c4c51edd 0.085s
2025-04-19 22:47:50.040 69592 WARNING tempest.lib.common.ssh [-] Failed to establish authenticated ssh connection to cirros@10.180.180.135 ([Errno None] Unable to connect to port 22 on 10.180.180.135). Number attempts: 3. Retry after 4 seconds.: paramiko.ssh_exception.NoValidConnectionsError: [Errno None] Unable to connect to port 22 on 10.180.180.135
2025-04-19 22:47:50.069 69560 INFO tempest.lib.common.rest_client [req-ba734072-fdb0-40a1-ae05-de04a9da71c6 req-ba734072-fdb0-40a1-ae05-de04a9da71c6 ] Request (ServersAaction247Test:test_create_backup): 200 GET http://10.180.1.21/compute/v2.1/servers/15a216a3-85e7-40f3-bdd2-7d1ac563aeb0 0.106s
2025-04-19 22:47:50.097 69574 INFO tempest.lib.common.rest_client [req-5646f70b-0cbd-44cc-b5c6-dc387b0538fe req-5646f70b-0cbd-44cc-b5c6-dc387b0538fe ] Request (ServerActionsTestOtherB:setUpClass): 200 GET http://10.180.1.21/compute/v2.1/servers/5d5ac77b-9d87-4206-a210-616b240c4e91 0.098s
2025-04-19 22:47:50.139 69566 INFO tempest.lib.common.rest_client [req-4ca512b4-260e-4d8d-8bb6-a095e3b6acb5 req-4ca512b4-260e-4d8d-8bb6-a095e3b6acb5 ] Request (ServerRescueNegativeTestJSON:setUpClass): 200 GET http://10.180.1.21/compute/v2.1/servers/88f2ec1c-f6dc-4d20-96df-d3272d74dc7e 0.128s
2025-04-19 22:47:50.146 69570 INFO tempest.lib.common.rest_client [req-12022921-d5c7-4e92-9d49-ffab36b38eaa req-12022921-d5c7-4e92-9d49-ffab36b38eaa ] Request (VolumesAssistedSnapshotsTest:test_volume_assisted_snapshot_create_delete): 200 GET http://10.180.1.21/volume/v3/volumes/d81d7930-12f8-4b03-bad0-1884375477aa 0.039s
2025-04-19 22:47:50.155 69556 INFO tempest.lib.common.rest_client [req-585b2948-46b3-48ca-9dde-71de63e96142 req-585b2948-46b3-48ca-9dde-71de63e96142 ] Request (DeleteServersTestJSON:test_delete_server_while_in_attached_volume): 200 GET http://10.180.1.21/compute/v2.1/servers/69098679-d76f-4276-a76f-cba54747246d 0.111s
2025-04-19 22:47:50.189 69598 INFO tempest.lib.common.rest_client [req-73300b0a-f142-436c-94bd-2c58905b7915 req-73300b0a-f142-436c-94bd-2c58905b7915 ] Request (TenantUsagesTestJSON:tearDownClass): 404 GET http://10.180.1.21/compute/v2.1/servers/aa73eeff-3d3b-4917-b43b-8125368a5521 0.075s
2025-04-19 22:47:50.207 69610 INFO tempest.lib.common.rest_client [req-f6c1b548-379a-4f11-bb4f-3c86c77f89bc req-f6c1b548-379a-4f11-bb4f-3c86c77f89bc ] Request (ImagesOneServerTestJSON:setUpClass): 200 GET http://10.180.1.21/compute/v2.1/servers/082b9d94-88f6-4b1d-b7af-fb508bb61e82 0.146s
2025-04-19 22:47:50.256 69606 INFO tempest.lib.common.rest_client [req-c89ba274-db48-438b-88f1-beacc4ed0ab3 req-c89ba274-db48-438b-88f1-beacc4ed0ab3 ] Request (SecurityGroupsTestJSON:test_list_security_groups_by_server): 200 GET http://10.180.1.21/compute/v2.1/servers/ffae9122-9be9-4ba6-84d3-52272208922d 0.131s
2025-04-19 22:47:50.261 69578 INFO tempest.lib.common.rest_client [req-bddfc787-2939-465a-ab85-f84c1c68cee7 req-bddfc787-2939-465a-ab85-f84c1c68cee7 ] Request (ServerGroupTestJSON:test_create_server_with_scheduler_hint_group): 200 GET http://10.180.1.21/compute/v2.1/servers/a823bd62-20a8-4b40-8698-e164d21a7471 0.086s
2025-04-19 22:47:50.284 69598 INFO tempest.lib.common.rest_client [req-f8a01f5a-9236-40e6-9ce6-74b740dd2979 req-f8a01f5a-9236-40e6-9ce6-74b740dd2979 ] Request (TenantUsagesTestJSON:tearDownClass): 204 DELETE http://10.180.1.21/identity/v3/users/c1ddb80c4bdf494f82e3fff4c167271a 0.095s
2025-04-19 22:47:50.318 69600 INFO tempest.lib.common.rest_client [req-55b9e10d-aa4e-44c2-a51b-1484e7be0e7b req-55b9e10d-aa4e-44c2-a51b-1484e7be0e7b ] Request (ServerActionsTestOtherA:setUpClass): 200 GET http://10.180.1.21/compute/v2.1/servers/0614d5ec-c144-48fe-9248-a498b34699a6 0.070s
2025-04-19 22:47:50.318 69586 INFO tempest.lib.common.rest_client [req-1511943a-4698-4bb6-af67-3a72ec3b9eb4 req-1511943a-4698-4bb6-af67-3a72ec3b9eb4 ] Request (ImagesOneServerNegativeTestJSON:setUpClass): 200 GET http://10.180.1.21/compute/v2.1/servers/4843d66a-3d1f-40fc-9862-e9cdbc2f8d3f 0.132s
2025-04-19 22:47:50.372 69550 INFO tempest.lib.common.rest_client [req-e4c80856-6032-462d-ba4c-4e481c218b34 req-e4c80856-6032-462d-ba4c-4e481c218b34 ] Request (ListImageFiltersTestJSON:setUpClass): 200 GET http://10.180.1.21/compute/v2.1/servers/13e72229-59cc-4f51-bda1-f8c69cbef790 0.097s
2025-04-19 22:47:50.374 69572 INFO tempest.lib.common.rest_client [req-e2c3bd51-7ba8-4f09-9dcb-7fe2aae7057f req-e2c3bd51-7ba8-4f09-9dcb-7fe2aae7057f ] Request (DeleteServersAdminTestJSON:test_delete_server_while_in_error_state): 200 GET http://10.180.1.21/compute/v2.1/servers/d8fe6fbd-05c2-4bf5-8615-bb505bd0c031 0.078s
2025-04-19 22:47:50.382 69598 INFO tempest.lib.common.rest_client [req-c038805f-3b06-4005-ad5d-1459e1b89923 req-c038805f-3b06-4005-ad5d-1459e1b89923 ] Request (TenantUsagesTestJSON:tearDownClass): 204 DELETE http://10.180.1.21/identity/v3/users/61c690f2235245a7a38d49436a2b14b1 0.097s
2025-04-19 22:47:50.382 69598 INFO tempest.lib.common.dynamic_creds [-] Deleting project and security group for project: 954f84c088b14f2bbcf8659af75ed13e
2025-04-19 22:47:50.418 69568 INFO tempest.lib.common.rest_client [req-55132522-cef5-4fa7-b557-f2ed248fd624 req-55132522-cef5-4fa7-b557-f2ed248fd624 ] Request (FloatingIPsAssociationTestJSON:test_associate_already_associated_floating_ip): 200 GET http://10.180.1.21/compute/v2.1/servers/bebef016-51f9-4368-9862-b1fc990fbb98 0.083s
