2025-04-19 22:46:00.987 69585 INFO tempest.lib.common.fixed_network [-] (ServersTestJSON:setUpClass) Found network {'id': '81070b31-2f4f-4b58-8e67-22436a1df097', 'name': 'tempest-ServersTestJSON-2045407432-network', 'tenant_id': 'fbdf28b80adb43d4b004cbc373a53ad4', 'admin_state_up': True, 'mtu': 8950, 'status': 'ACTIVE', 'subnets': [], 'shared': False, 'project_id': 'fbdf28b80adb43d4b004cbc373a53ad4', 'port_security_enabled': True, 'router:external': False, 'provider:network_type': 'vlan', 'provider:physical_network': 'default', 'provider:segmentation_id': 725, 'availability_zone_hints': [], 'availability_zones': [], 'ipv4_address_scope': None, 'ipv6_address_scope': None, 'description': '', 'tags': [], 'created_at': '2025-04-19T22:45:53Z', 'updated_at': '2025-04-19T22:45:53Z', 'revision_number': 1} available for tenant
2025-04-19 22:46:01.015 69578 INFO tempest.lib.common.rest_client [req-b2dbb04b-bd42-4953-9d9e-4b74182b7e93 req-b2dbb04b-bd42-4953-9d9e-4b74182b7e93 ] Request (HypervisorAdminTestJSON:tearDownClass): 201 POST http://10.180.1.21/identity/v3/auth/tokens 0.134s
2025-04-19 22:46:01.041 69582 INFO tempest.lib.common.rest_client [req-bebdf7fe-cdad-4768-b44c-4df0d77bfdce req-bebdf7fe-cdad-4768-b44c-4df0d77bfdce ] Request (FlavorsV261TestJSON:setUpClass): 201 POST http://10.180.1.21/identity/v3/users 0.099s
2025-04-19 22:46:01.089 69568 INFO tempest.lib.common.rest_client [req-e0bdf97f-f9f5-4415-b553-c4936853beb0 req-e0bdf97f-f9f5-4415-b553-c4936853beb0 ] Request (QuotasAdminTestV257:tearDownClass): 204 DELETE http://10.180.1.21/identity/v3/users/911ae85831b14df085ccfa75540a09a3 0.206s
2025-04-19 22:46:01.113 69586 INFO tempest.lib.common.rest_client [req-f83e22f9-d265-40be-914d-461b5dad6412 req-f83e22f9-d265-40be-914d-461b5dad6412 ] Request (FlavorsV255TestJSON:tearDownClass): 201 POST http://10.180.1.21/identity/v3/auth/tokens 0.144s
2025-04-19 22:46:01.189 69582 INFO tempest.lib.common.rest_client [req-82f7f358-0abd-42d0-84f0-683071f3f62f req-82f7f358-0abd-42d0-84f0-683071f3f62f ] Request (FlavorsV261TestJSON:setUpClass): 200 GET http://10.180.1.21/identity/v3/roles 0.148s
2025-04-19 22:46:01.248 69582 INFO tempest.lib.common.rest_client [req-724ba4b2-7dce-4492-aa1b-dd565b1d190a req-724ba4b2-7dce-4492-aa1b-dd565b1d190a ] Request (FlavorsV261TestJSON:setUpClass): 204 PUT http://10.180.1.21/identity/v3/projects/f48717bdad054348a4c78909d8def9b1/users/ab293d5b888b40ebb1eeb94025f6246a/roles/c0436872ab4940d18c7e0e01ce2502d8 0.058s
2025-04-19 22:46:01.275 69568 INFO tempest.lib.common.rest_client [req-53f30f12-59fc-4c5c-b2a7-636236ab839c req-53f30f12-59fc-4c5c-b2a7-636236ab839c ] Request (QuotasAdminTestV257:tearDownClass): 204 DELETE http://10.180.1.21/identity/v3/users/ca4f933a509e40838d17de292ff96208 0.186s
2025-04-19 22:46:01.277 69568 INFO tempest.lib.common.dynamic_creds [-] Deleting project and security group for project: 42be434ba43f43d997ea9845e8ac6001
2025-04-19 22:46:01.321 69608 INFO tempest.lib.common.rest_client [req-53fdf763-c08f-471f-b8f7-e1d75fc1c205 req-53fdf763-c08f-471f-b8f7-e1d75fc1c205 ] Request (ServersAdminTestJSON:setUpClass): 202 POST http://10.180.1.21/compute/v2.1/servers 2.078s
2025-04-19 22:46:01.341 69568 INFO tempest.lib.common.rest_client [req-ecb3b1df-9d60-49cd-8f72-33899f5df46f req-ecb3b1df-9d60-49cd-8f72-33899f5df46f ] Request (QuotasAdminTestV257:tearDownClass): 201 POST http://10.180.1.21/identity/v3/auth/tokens 0.064s
2025-04-19 22:46:01.353 69582 INFO tempest.lib.common.rest_client [req-86d18c67-0d1f-4d06-921e-6a7811b12404 req-86d18c67-0d1f-4d06-921e-6a7811b12404 ] Request (FlavorsV261TestJSON:setUpClass): 200 GET http://10.180.1.21/identity/v3/roles 0.103s
2025-04-19 22:46:01.399 69586 INFO tempest.lib.common.rest_client [req-11e98ab2-3cbd-4445-b80e-bb5579db2e93 req-11e98ab2-3cbd-4445-b80e-bb5579db2e93 ] Request (FlavorsV255TestJSON:tearDownClass): 200 GET http://10.180.1.21:9696/networking/v2.0/security-groups?tenant_id=29f52815bcc0418aa560a216477ae8d2&name=default 0.286s
2025-04-19 22:46:01.413 69608 INFO tempest.lib.common.rest_client [req-823e9698-e2ea-4869-ab6a-207689d72a62 req-823e9698-e2ea-4869-ab6a-207689d72a62 ] Request (ServersAdminTestJSON:setUpClass): 201 POST http://10.180.1.21/identity/v3/auth/tokens 0.086s
2025-04-19 22:46:01.413 69608 INFO tempest.lib.common.fixed_network [-] (ServersAdminTestJSON:setUpClass) Found network {'id': 'b8d56d01-daef-4d76-a58b-c20ff8dd8dfa', 'name': 'tempest-ServersAdminTestJSON-325569326-network', 'tenant_id': '7693765438004c20a82c61d8844af3af', 'admin_state_up': True, 'mtu': 8950, 'status': 'ACTIVE', 'subnets': [], 'shared': False, 'project_id': '7693765438004c20a82c61d8844af3af', 'port_security_enabled': True, 'router:external': False, 'provider:network_type': 'vlan', 'provider:physical_network': 'default', 'provider:segmentation_id': 232, 'availability_zone_hints': [], 'availability_zones': [], 'ipv4_address_scope': None, 'ipv6_address_scope': None, 'description': '', 'tags': [], 'created_at': '2025-04-19T22:45:48Z', 'updated_at': '2025-04-19T22:45:48Z', 'revision_number': 1} available for tenant
2025-04-19 22:46:01.451 69578 INFO tempest.lib.common.rest_client [req-c8cb066b-08df-48af-ac25-ba68aef00fdf req-c8cb066b-08df-48af-ac25-ba68aef00fdf ] Request (HypervisorAdminTestJSON:tearDownClass): 200 GET http://10.180.1.21:9696/networking/v2.0/security-groups?tenant_id=085339c2fc8643aba20828fab25beaef&name=default 0.435s
2025-04-19 22:46:01.457 69582 INFO tempest.lib.common.rest_client [req-c56140c3-b62a-4ded-8582-8610ecb2be2a req-c56140c3-b62a-4ded-8582-8610ecb2be2a ] Request (FlavorsV261TestJSON:setUpClass): 204 PUT http://10.180.1.21/identity/v3/projects/f48717bdad054348a4c78909d8def9b1/users/ab293d5b888b40ebb1eeb94025f6246a/roles/c0436872ab4940d18c7e0e01ce2502d8 0.103s
2025-04-19 22:46:01.457 69582 INFO tempest.lib.common.dynamic_creds [-] Dynamic test user ab293d5b888b40ebb1eeb94025f6246a is created with scope project and roles: ['admin']
2025-04-19 22:46:01.457 69582 INFO tempest.lib.common.dynamic_creds [-] Acquired dynamic creds: credentials: Credentials: {'domain_id': 'default', 'domain_name': 'Default', 'username': 'tempest-FlavorsV261TestJSON-150820806-project-admin', 'project_domain_id': 'default', 'project_domain_name': 'Default', 'project_id': 'f48717bdad054348a4c78909d8def9b1', 'project_name': 'tempest-FlavorsV261TestJSON-150820806', 'tenant_id': 'f48717bdad054348a4c78909d8def9b1', 'tenant_name': 'tempest-FlavorsV261TestJSON-150820806', 'user_domain_id': 'default', 'user_domain_name': 'Default', 'user_id': 'ab293d5b888b40ebb1eeb94025f6246a', 'system': None}, Network: None, Subnet: None, Router: None
2025-04-19 22:46:01.457 69582 INFO tempest.lib.common.dynamic_creds [-] Created isolated network resources for: credentials: Credentials: {'domain_id': 'default', 'domain_name': 'Default', 'username': 'tempest-FlavorsV261TestJSON-150820806-project-admin', 'project_domain_id': 'default', 'project_domain_name': 'Default', 'project_id': 'f48717bdad054348a4c78909d8def9b1', 'project_name': 'tempest-FlavorsV261TestJSON-150820806', 'tenant_id': 'f48717bdad054348a4c78909d8def9b1', 'tenant_name': 'tempest-FlavorsV261TestJSON-150820806', 'user_domain_id': 'default', 'user_domain_name': 'Default', 'user_id': 'ab293d5b888b40ebb1eeb94025f6246a', 'system': None}, Network: None, Subnet: None, Router: None
2025-04-19 22:46:01.459 69580 INFO tempest.lib.common.rest_client [req-511dbb23-2e01-4591-bdbe-ed302eca96dd req-511dbb23-2e01-4591-bdbe-ed302eca96dd ] Request (QuotasAdminNegativeTest:test_create_server_when_instances_quota_is_full): 200 GET http://10.180.1.21/compute/v2.1/os-quota-sets/926b0569d9fd4f59bf29fb0c8438fcba 1.539s
2025-04-19 22:46:01.488 69596 INFO tempest.lib.common.rest_client [req-4def50c0-e54c-4d5c-9dab-9acd6fd2d3a0 req-4def50c0-e54c-4d5c-9dab-9acd6fd2d3a0 ] Request (HypervisorAdminNegativeUnderV252Test:test_show_servers_with_nonexistent_hypervisor): 404 GET http://10.180.1.21/compute/v2.1/os-hypervisors/17958ad3-b662-4e62-9802-84133c23833a/servers 1.568s
2025-04-19 22:46:01.533 69556 INFO tempest.lib.common.rest_client [req-ae60e926-a364-4ea2-b785-ed754fbbf971 req-ae60e926-a364-4ea2-b785-ed754fbbf971 ] Request (FloatingIPsNegativeTestJSON:tearDownClass): 204 DELETE http://10.180.1.21:9696/networking/v2.0/routers/f095da3d-7c2d-4d99-b7f3-9d1ed1e89de9 1.006s
2025-04-19 22:46:01.565 69582 INFO tempest.lib.common.rest_client [req-2f39ae68-2d2f-4049-9330-e6c902487df7 req-2f39ae68-2d2f-4049-9330-e6c902487df7 ] Request (FlavorsV261TestJSON:setUpClass): 201 POST http://10.180.1.21/identity/v3/auth/tokens 0.101s
2025-04-19 22:46:01.597 69596 INFO tempest.lib.common.rest_client [req-a6324b26-622c-47f8-8fa3-a0c135258807 req-a6324b26-622c-47f8-8fa3-a0c135258807 ] Request (HypervisorAdminNegativeUnderV252Test:tearDownClass): 204 DELETE http://10.180.1.21/identity/v3/users/8bd5a9b0b8a542acb122ca2dee364876 0.107s
2025-04-19 22:46:01.607 69586 INFO tempest.lib.common.rest_client [req-20a4a5a3-0c71-41b3-969c-7aeaf1ba9105 req-20a4a5a3-0c71-41b3-969c-7aeaf1ba9105 ] Request (FlavorsV255TestJSON:tearDownClass): 204 DELETE http://10.180.1.21:9696/networking/v2.0/security-groups/b5bf09b9-02a4-4e24-801a-5e1ca57a19ed 0.207s
2025-04-19 22:46:01.687 69596 INFO tempest.lib.common.rest_client [req-fb7b6174-eab7-424a-b0ff-019d387c714c req-fb7b6174-eab7-424a-b0ff-019d387c714c ] Request (HypervisorAdminNegativeUnderV252Test:tearDownClass): 204 DELETE http://10.180.1.21/identity/v3/users/10a52dc17e7a47a6a4851915b0cdf066 0.089s
2025-04-19 22:46:01.687 69596 INFO tempest.lib.common.dynamic_creds [-] Deleting project and security group for project: 3a5f9cdcbfef4d5aaed1ee5f82184496
2025-04-19 22:46:01.692 69578 INFO tempest.lib.common.rest_client [req-ecd86667-7b85-4d9b-8285-2a87938b4c65 req-ecd86667-7b85-4d9b-8285-2a87938b4c65 ] Request (HypervisorAdminTestJSON:tearDownClass): 204 DELETE http://10.180.1.21:9696/networking/v2.0/security-groups/6ce670ca-c9b0-459d-a0b7-de26c3ec1831 0.241s
2025-04-19 22:46:01.699 69586 INFO tempest.lib.common.rest_client [req-aede2f02-0824-4388-8f3a-cc20813e638c req-aede2f02-0824-4388-8f3a-cc20813e638c ] Request (FlavorsV255TestJSON:tearDownClass): 204 DELETE http://10.180.1.21/identity/v3/projects/29f52815bcc0418aa560a216477ae8d2 0.091s
2025-04-19 22:46:01.699 69586 INFO tempest.lib.common.dynamic_creds [-] Deleting project and security group for project: eeeb4d8c3f6a4a78b28349bb7c61ef1f
2025-04-19 22:46:01.731 69548 INFO tempest.lib.common.rest_client [req-10df0c25-5427-40a6-a9d1-a57f6fed1201 req-10df0c25-5427-40a6-a9d1-a57f6fed1201 ] Request (ServerDiskConfigTestJSON:test_rebuild_server_with_auto_disk_config): 200 GET http://10.180.1.21/compute/v2.1/servers/3f31f28c-5a3c-437f-a7f5-23f3a88ffd2d 1.785s
2025-04-19 22:46:01.743 69596 INFO tempest.lib.common.rest_client [req-26b79097-91b9-4b8c-88d3-0150138fc488 req-26b79097-91b9-4b8c-88d3-0150138fc488 ] Request (HypervisorAdminNegativeUnderV252Test:tearDownClass): 201 POST http://10.180.1.21/identity/v3/auth/tokens 0.056s
2025-04-19 22:46:01.790 69578 INFO tempest.lib.common.rest_client [req-aa1961fb-9aa3-411f-8342-a5ed63c5099b req-aa1961fb-9aa3-411f-8342-a5ed63c5099b ] Request (HypervisorAdminTestJSON:tearDownClass): 204 DELETE http://10.180.1.21/identity/v3/projects/085339c2fc8643aba20828fab25beaef 0.098s
2025-04-19 22:46:01.790 69578 INFO tempest.lib.common.dynamic_creds [-] Deleting project and security group for project: 31fda90cbd774d6882100592736b3caa
2025-04-19 22:46:01.888 69604 INFO tempest.lib.common.rest_client [req-d4546ef3-ba5f-43c0-baf9-206ffaacc94b req-d4546ef3-ba5f-43c0-baf9-206ffaacc94b ] Request (ServersWithSpecificFlavorTestJSON:test_verify_created_server_ephemeral_disk): 200 POST http://10.180.1.21/compute/v2.1/flavors 1.922s
2025-04-19 22:46:01.984 69570 INFO tempest.lib.common.rest_client [req-7722efc2-49a2-4c01-864c-0d0138918197 req-7722efc2-49a2-4c01-864c-0d0138918197 ] Request (VolumesAssistedSnapshotsTest:test_volume_assisted_snapshot_create_delete): 200 POST http://10.180.1.21/compute/v2.1/os-keypairs 1.883s
2025-04-19 22:46:01.999 69568 INFO tempest.lib.common.rest_client [req-760078f3-d6f8-4ed9-b512-9842158f1008 req-760078f3-d6f8-4ed9-b512-9842158f1008 ] Request (QuotasAdminTestV257:tearDownClass): 200 GET http://10.180.1.21:9696/networking/v2.0/security-groups?tenant_id=42be434ba43f43d997ea9845e8ac6001&name=default 0.657s
2025-04-19 22:46:02.007 69578 INFO tempest.lib.common.rest_client [req-63720c12-7b09-4e4c-9054-5402f240ad54 req-63720c12-7b09-4e4c-9054-5402f240ad54 ] Request (HypervisorAdminTestJSON:tearDownClass): 200 GET http://10.180.1.21:9696/networking/v2.0/security-groups?tenant_id=31fda90cbd774d6882100592736b3caa&name=default 0.216s
2025-04-19 22:46:02.042 69556 INFO tempest.lib.common.rest_client [req-c5432667-384b-4e03-9cd9-b068322854a9 req-c5432667-384b-4e03-9cd9-b068322854a9 ] Request (FloatingIPsNegativeTestJSON:tearDownClass): 204 DELETE http://10.180.1.21:9696/networking/v2.0/subnets/7b9f6fdf-8760-4ff0-a4d0-ffa0c0d46b34 0.508s
2025-04-19 22:46:02.083 69554 INFO tempest.lib.common.rest_client [req-22bbb701-bd1f-441f-b387-ca363029bfc4 req-22bbb701-bd1f-441f-b387-ca363029bfc4 ] Request (ServersAdmin275Test:test_rebuild_update_server_275): 200 GET http://10.180.1.21/compute/v2.1/servers/07803005-1fcc-472d-b7bd-095276eed330 1.906s
2025-04-19 22:46:02.107 69574 INFO tempest.lib.common.rest_client [req-3113d89b-6eb7-4f10-b256-bb5186304f92 req-3113d89b-6eb7-4f10-b256-bb5186304f92 ] Request (FlavorsAccessNegativeTestJSON:_run_cleanups): 202 DELETE http://10.180.1.21/compute/v2.1/flavors/1660888152 1.905s
2025-04-19 22:46:02.164 69596 INFO tempest.lib.common.rest_client [req-6aeaefe5-2945-42e6-9bb5-e1bc2de3487e req-6aeaefe5-2945-42e6-9bb5-e1bc2de3487e ] Request (HypervisorAdminNegativeUnderV252Test:tearDownClass): 200 GET http://10.180.1.21:9696/networking/v2.0/security-groups?tenant_id=3a5f9cdcbfef4d5aaed1ee5f82184496&name=default 0.421s
2025-04-19 22:46:02.191 69586 INFO tempest.lib.common.rest_client [req-50ec1faf-5cad-4437-a3b3-e6ef30a8ad01 req-50ec1faf-5cad-4437-a3b3-e6ef30a8ad01 ] Request (FlavorsV255TestJSON:tearDownClass): 200 GET http://10.180.1.21:9696/networking/v2.0/security-groups?tenant_id=eeeb4d8c3f6a4a78b28349bb7c61ef1f&name=default 0.491s
2025-04-19 22:46:02.197 69572 INFO tempest.lib.common.rest_client [req-786ed690-2687-432a-a67d-a8f2398ac128 req-786ed690-2687-432a-a67d-a8f2398ac128 ] Request (DeleteServersAdminTestJSON:test_admin_delete_servers_of_others): 200 GET http://10.180.1.21/compute/v2.1/servers/40d61487-5f6c-4455-a67a-5c58fe99d0b7 1.878s
2025-04-19 22:46:02.224 69610 INFO tempest.lib.common.rest_client [req-83a24a96-b872-42dd-8e89-b656ccd8dd4f req-83a24a96-b872-42dd-8e89-b656ccd8dd4f ] Request (AggregatesAdminNegativeTestJSON:_run_cleanups): 200 DELETE http://10.180.1.21/compute/v2.1/os-aggregates/1 1.857s
2025-04-19 22:46:02.287 69568 INFO tempest.lib.common.rest_client [req-b0818562-22a8-4533-bb46-b4b3c3b772ce req-b0818562-22a8-4533-bb46-b4b3c3b772ce ] Request (QuotasAdminTestV257:tearDownClass): 204 DELETE http://10.180.1.21:9696/networking/v2.0/security-groups/f677d198-a73a-41ee-996f-545ac5fbeb7b 0.287s
2025-04-19 22:46:02.319 69564 INFO tempest.lib.common.rest_client [req-13507f21-ebe1-450f-85c4-3c921443b560 req-13507f21-ebe1-450f-85c4-3c921443b560 ] Request (ServersAdminNegativeTestJSON:setUpClass): 200 GET http://10.180.1.21/compute/v2.1/servers/ff42253c-7dcc-47b2-a6d5-bea0fc8e79ee 1.903s
2025-04-19 22:46:02.356 69570 INFO tempest.lib.common.rest_client [req-770babea-82d3-46bd-8fc1-b95d737f4661 req-770babea-82d3-46bd-8fc1-b95d737f4661 ] Request (VolumesAssistedSnapshotsTest:test_volume_assisted_snapshot_create_delete): 201 POST http://10.180.1.21:9696/networking/v2.0/security-groups 0.370s
2025-04-19 22:46:02.381 69568 INFO tempest.lib.common.rest_client [req-8cc84fdf-f6ae-4762-878f-3584af589b87 req-8cc84fdf-f6ae-4762-878f-3584af589b87 ] Request (QuotasAdminTestV257:tearDownClass): 204 DELETE http://10.180.1.21/identity/v3/projects/42be434ba43f43d997ea9845e8ac6001 0.094s
2025-04-19 22:46:02.381 69568 INFO tempest.lib.common.dynamic_creds [-] Deleting project and security group for project: 1b4fdb1c059c45d894a2554108846484
2025-04-19 22:46:02.391 69578 INFO tempest.lib.common.rest_client [req-f257ecca-6796-4b9c-a810-41d69520c87f req-f257ecca-6796-4b9c-a810-41d69520c87f ] Request (HypervisorAdminTestJSON:tearDownClass): 204 DELETE http://10.180.1.21:9696/networking/v2.0/security-groups/ece4b52d-d64b-4482-a072-1a8669bdca74 0.383s
2025-04-19 22:46:02.414 69602 INFO tempest.lib.common.rest_client [req-16b610ee-96fc-4675-b6cf-55c074e16c23 req-16b610ee-96fc-4675-b6cf-55c074e16c23 ] Request (ImagesTestJSON:setUpClass): 201 POST http://10.180.1.21:9696/networking/v2.0/routers 1.590s
2025-04-19 22:46:02.421 69596 INFO tempest.lib.common.rest_client [req-3980227d-2632-4c61-87d6-a48622760664 req-3980227d-2632-4c61-87d6-a48622760664 ] Request (HypervisorAdminNegativeUnderV252Test:tearDownClass): 204 DELETE http://10.180.1.21:9696/networking/v2.0/security-groups/4c46bd6f-6b38-4b1e-a73c-07c82eaf311a 0.256s
2025-04-19 22:46:02.542 69578 INFO tempest.lib.common.rest_client [req-53ecfddd-bc61-4d57-b645-cd8df2023066 req-53ecfddd-bc61-4d57-b645-cd8df2023066 ] Request (HypervisorAdminTestJSON:tearDownClass): 204 DELETE http://10.180.1.21/identity/v3/projects/31fda90cbd774d6882100592736b3caa 0.151s
2025-04-19 22:46:02.543 69578 INFO tempest.test [-] raised in SpiceDirectConsoleTestJSON.setUpClass. Invoking tearDownClass.
2025-04-19 22:46:02.589 69586 INFO tempest.lib.common.rest_client [req-e6900918-7402-4006-8166-ca4983db00a1 req-e6900918-7402-4006-8166-ca4983db00a1 ] Request (FlavorsV255TestJSON:tearDownClass): 204 DELETE http://10.180.1.21:9696/networking/v2.0/security-groups/9bb867b9-404e-4519-b4bd-8365f9d57f49 0.398s
2025-04-19 22:46:02.594 69596 INFO tempest.lib.common.rest_client [req-a80fce80-ee16-469a-bde7-3d26cc7c29e5 req-a80fce80-ee16-469a-bde7-3d26cc7c29e5 ] Request (HypervisorAdminNegativeUnderV252Test:tearDownClass): 204 DELETE http://10.180.1.21/identity/v3/projects/3a5f9cdcbfef4d5aaed1ee5f82184496 0.172s
2025-04-19 22:46:02.594 69596 INFO tempest.lib.common.dynamic_creds [-] Deleting project and security group for project: df17b21e7d1044f9a08283e71dd8b07a
2025-04-19 22:46:02.620 69578 INFO tempest.lib.common.rest_client [req-9c3c8988-0d9b-406f-a5c6-dfc878848a9f req-9c3c8988-0d9b-406f-a5c6-dfc878848a9f ] Request (FloatingIPsTestJSON:setUpClass): 201 POST http://10.180.1.21/identity/v3/auth/tokens 0.074s
2025-04-19 22:46:02.631 69600 INFO tempest.lib.common.rest_client [req-daaed467-d274-4ed8-871b-472a4874f59b req-daaed467-d274-4ed8-871b-472a4874f59b ] Request (ListServersNegativeTestJSON:setUpClass): 200 GET http://10.180.1.21/compute/v2.1/servers/512b5873-d78f-4299-bdee-8c725be60de7 2.207s
2025-04-19 22:46:02.645 69600 INFO tempest.common.waiters [-] State transition "BUILD/networking" ==> "BUILD/spawning" after 6 second wait
2025-04-19 22:46:02.650 69552 INFO tempest.lib.common.rest_client [req-4b66a8f3-846e-4b96-803a-edd94718636c req-4b66a8f3-846e-4b96-803a-edd94718636c ] Request (ServicesAdminNegativeV253TestJSON:test_get_service_by_invalid_service_and_valid_host): 200 GET http://10.180.1.21/compute/v2.1/os-services 2.179s
2025-04-19 22:46:02.665 69578 INFO tempest.lib.common.rest_client [req-974e79cc-d5b8-48a7-9ffe-f705dcbf4ecf req-974e79cc-d5b8-48a7-9ffe-f705dcbf4ecf ] Request (FloatingIPsTestJSON:setUpClass): 201 POST http://10.180.1.21/identity/v3/auth/tokens 0.042s
2025-04-19 22:46:02.670 69550 INFO tempest.lib.common.rest_client [req-1031751c-c570-4bc9-a948-5a2f729f504c req-1031751c-c570-4bc9-a948-5a2f729f504c ] Request (KeyPairsV210TestJSON:_run_cleanups): 204 DELETE http://10.180.1.21/compute/v2.1/os-keypairs/tempest-KeyPairsV210TestJSON-keypair-1133338116 2.184s
2025-04-19 22:46:02.678 69562 INFO tempest.lib.common.rest_client [req-ca3d1fb8-f7ab-4ed6-a897-93d13e1bf705 req-ca3d1fb8-f7ab-4ed6-a897-93d13e1bf705 ] Request (HostsAdminNegativeTestJSON:test_show_host_detail_with_non_admin_user): 403 GET http://10.180.1.21/compute/v2.1/os-hosts/devstack 2.181s
2025-04-19 22:46:02.690 69568 INFO tempest.lib.common.rest_client [req-f2c7025c-3037-4595-b526-a24f4c8566a4 req-f2c7025c-3037-4595-b526-a24f4c8566a4 ] Request (QuotasAdminTestV257:tearDownClass): 200 GET http://10.180.1.21:9696/networking/v2.0/security-groups?tenant_id=1b4fdb1c059c45d894a2554108846484&name=default 0.309s
2025-04-19 22:46:02.695 69578 INFO tempest.lib.common.rest_client [req-07eacea5-01d7-454f-988e-9923d7eb9c3a req-07eacea5-01d7-454f-988e-9923d7eb9c3a ] Request (FloatingIPsTestJSON:setUpClass): 200 GET http://10.180.1.21/identity/v3/domains?name=Default 0.029s
2025-04-19 22:46:02.703 69594 INFO tempest.lib.common.rest_client [req-2380e48d-1947-4e97-a902-30cefe607ba5 req-2380e48d-1947-4e97-a902-30cefe607ba5 ] Request (FlavorsExtraSpecsNegativeTestJSON:test_flavor_non_admin_update_specific_key): 200 POST http://10.180.1.21/compute/v2.1/flavors/794968176/os-extra_specs 2.196s
2025-04-19 22:46:02.712 69588 INFO tempest.lib.common.rest_client [req-af91d3ca-b9c5-406b-9db8-a325a922be8b req-af91d3ca-b9c5-406b-9db8-a325a922be8b ] Request (HypervisorAdminNegativeTestJSON:test_get_nonexistent_hypervisor_uptime): 404 GET http://10.180.1.21/compute/v2.1/os-hypervisors/c112d4ec-e880-46be-a125-e4c02543e642/uptime 2.201s
2025-04-19 22:46:02.724 69586 INFO tempest.lib.common.rest_client [req-8519c57d-a914-4f35-b3cd-d816fdb3c2d7 req-8519c57d-a914-4f35-b3cd-d816fdb3c2d7 ] Request (FlavorsV255TestJSON:tearDownClass): 204 DELETE http://10.180.1.21/identity/v3/projects/eeeb4d8c3f6a4a78b28349bb7c61ef1f 0.134s
2025-04-19 22:46:02.727 69576 INFO tempest.lib.common.rest_client [req-1863a08a-d235-4474-a7b9-83d2e88d2991 req-1863a08a-d235-4474-a7b9-83d2e88d2991 ] Request (FlavorsExtraSpecsTestJSON:test_flavor_set_get_update_show_unset_keys): 200 GET http://10.180.1.21/compute/v2.1/flavors/931279670/os-extra_specs 2.184s
2025-04-19 22:46:02.748 69592 INFO tempest.lib.common.rest_client [req-a9195584-165e-4f43-9cef-4bf7c7d329ed req-a9195584-165e-4f43-9cef-4bf7c7d329ed ] Request (KeyPairsV22TestJSON:_run_cleanups): 204 DELETE http://10.180.1.21/compute/v2.1/os-keypairs/tempest-keypair-1806098584 2.185s
2025-04-19 22:46:02.756 69586 INFO tempest.lib.common.rest_client [req-ed391449-f679-41d4-9c3d-9ef7d4a3e645 req-ed391449-f679-41d4-9c3d-9ef7d4a3e645 ] Request (HypervisorAdminV228Test:setUpClass): 201 POST http://10.180.1.21/identity/v3/auth/tokens 0.030s
2025-04-19 22:46:02.768 69566 INFO tempest.lib.common.rest_client [req-ba969b19-96e9-414a-9719-8710108f1372 req-ba969b19-96e9-414a-9719-8710108f1372 ] Request (FlavorsAdminTestJSON:_run_cleanups): 200 GET http://10.180.1.21/compute/v2.1/flavors/detail 2.181s
2025-04-19 22:46:02.768 69578 INFO tempest.lib.common.rest_client [req-a9d3ee50-78b1-4708-9edf-f40a611d8582 req-a9d3ee50-78b1-4708-9edf-f40a611d8582 ] Request (FloatingIPsTestJSON:setUpClass): 201 POST http://10.180.1.21/identity/v3/projects 0.072s
2025-04-19 22:46:02.817 69586 INFO tempest.lib.common.rest_client [req-87c5ef00-6117-436f-8056-e73ba544107b req-87c5ef00-6117-436f-8056-e73ba544107b ] Request (HypervisorAdminV228Test:setUpClass): 201 POST http://10.180.1.21/identity/v3/auth/tokens 0.059s
2025-04-19 22:46:02.847 69578 INFO tempest.lib.common.rest_client [req-af923b29-92f0-49da-a91a-124306765404 req-af923b29-92f0-49da-a91a-124306765404 ] Request (FloatingIPsTestJSON:setUpClass): 201 POST http://10.180.1.21/identity/v3/users 0.079s
2025-04-19 22:46:02.871 69586 INFO tempest.lib.common.rest_client [req-1ca1899b-5346-47f3-810d-f70f667d2f44 req-1ca1899b-5346-47f3-810d-f70f667d2f44 ] Request (HypervisorAdminV228Test:setUpClass): 200 GET http://10.180.1.21/identity/v3/domains?name=Default 0.053s
2025-04-19 22:46:02.889 69578 INFO tempest.lib.common.rest_client [req-967254c5-c0b8-40c7-920f-1263c6f03cf9 req-967254c5-c0b8-40c7-920f-1263c6f03cf9 ] Request (FloatingIPsTestJSON:setUpClass): 200 GET http://10.180.1.21/identity/v3/roles 0.041s
2025-04-19 22:46:02.896 69560 INFO tempest.lib.common.rest_client [req-3469b0af-836e-4166-be29-398b887ab261 req-3469b0af-836e-4166-be29-398b887ab261 ] Request (SecurityGroupsTestAdminJSON:test_list_security_groups_list_all_tenants_filter): 200 GET http://10.180.1.21/compute/v2.1/os-security-groups?all_tenants=true 3.218s
2025-04-19 22:46:02.922 69586 INFO tempest.lib.common.rest_client [req-f2d1db27-f1f1-4913-88b2-414f22a9769b req-f2d1db27-f1f1-4913-88b2-414f22a9769b ] Request (HypervisorAdminV228Test:setUpClass): 201 POST http://10.180.1.21/identity/v3/projects 0.050s
2025-04-19 22:46:02.967 69558 INFO tempest.lib.common.rest_client [req-653c2558-6ac0-4fbc-acf5-7b3d11ddf837 req-653c2558-6ac0-4fbc-acf5-7b3d11ddf837 ] Request (FloatingIPsAssociationNegativeTestJSON:setUpClass): 200 GET http://10.180.1.21/compute/v2.1/servers/32205595-0a91-461e-a658-c67e9298d269 2.200s
2025-04-19 22:46:02.988 69578 INFO tempest.lib.common.rest_client [req-98ba30e6-2e18-4a9e-81c5-fbba0c06635f req-98ba30e6-2e18-4a9e-81c5-fbba0c06635f ] Request (FloatingIPsTestJSON:setUpClass): 204 PUT http://10.180.1.21/identity/v3/projects/ba3faebbfa1e414aadfded908ad9859b/users/fea6e01875ba43c28f2cec6ac83ba8f0/roles/e7b96962f18247829b7fed5d9e7be408 0.099s
2025-04-19 22:46:02.989 69578 INFO tempest.lib.common.dynamic_creds [-] Dynamic test user fea6e01875ba43c28f2cec6ac83ba8f0 is created with scope project and roles: ['member']
2025-04-19 22:46:02.989 69578 INFO tempest.lib.common.dynamic_creds [-] Acquired dynamic creds: credentials: Credentials: {'domain_id': 'default', 'domain_name': 'Default', 'username': 'tempest-FloatingIPsTestJSON-1247238079-project-member', 'project_domain_id': 'default', 'project_domain_name': 'Default', 'project_id': 'ba3faebbfa1e414aadfded908ad9859b', 'project_name': 'tempest-FloatingIPsTestJSON-1247238079', 'tenant_id': 'ba3faebbfa1e414aadfded908ad9859b', 'tenant_name': 'tempest-FloatingIPsTestJSON-1247238079', 'user_domain_id': 'default', 'user_domain_name': 'Default', 'user_id': 'fea6e01875ba43c28f2cec6ac83ba8f0', 'system': None}, Network: None, Subnet: None, Router: None
2025-04-19 22:46:02.990 69586 INFO tempest.lib.common.rest_client [req-b89a3598-8f7d-49e2-a444-53d90ee94b9b req-b89a3598-8f7d-49e2-a444-53d90ee94b9b ] Request (HypervisorAdminV228Test:setUpClass): 201 POST http://10.180.1.21/identity/v3/users 0.067s
2025-04-19 22:46:03.006 69570 INFO tempest.lib.common.rest_client [req-cfbd6b17-bd0b-497a-b49f-7990340c3ceb req-cfbd6b17-bd0b-497a-b49f-7990340c3ceb ] Request (VolumesAssistedSnapshotsTest:test_volume_assisted_snapshot_create_delete): 201 POST http://10.180.1.21:9696/networking/v2.0/security-group-rules 0.649s
2025-04-19 22:46:03.050 69578 INFO tempest.lib.common.rest_client [req-12a05734-2a59-4fc1-8b55-6ee0da121920 req-12a05734-2a59-4fc1-8b55-6ee0da121920 ] Request (FloatingIPsTestJSON:setUpClass): 201 POST http://10.180.1.21/identity/v3/auth/tokens 0.061s
2025-04-19 22:46:03.070 69586 INFO tempest.lib.common.rest_client [req-a32026e3-39c4-4b23-990b-b6a9fdb82fca req-a32026e3-39c4-4b23-990b-b6a9fdb82fca ] Request (HypervisorAdminV228Test:setUpClass): 200 GET http://10.180.1.21/identity/v3/roles 0.080s
2025-04-19 22:46:03.116 69590 INFO tempest.lib.common.rest_client [req-5b50bf9a-92dc-4622-9428-62a8df4d5dff req-5b50bf9a-92dc-4622-9428-62a8df4d5dff ] Request (QuotaClassesAdmin257Test:test_update_default_quotas): 200 GET http://10.180.1.21/compute/v2.1/os-quota-class-sets/default 2.169s
2025-04-19 22:46:03.117 69586 INFO tempest.lib.common.rest_client [req-c76353b9-607a-40cb-9d2e-a4508bde4d5e req-c76353b9-607a-40cb-9d2e-a4508bde4d5e ] Request (HypervisorAdminV228Test:setUpClass): 204 PUT http://10.180.1.21/identity/v3/projects/7241792a224c40bc8e19f148656c3f62/users/9bd5118035494293925b22b67aac0b80/roles/e7b96962f18247829b7fed5d9e7be408 0.046s
2025-04-19 22:46:03.117 69586 INFO tempest.lib.common.dynamic_creds [-] Dynamic test user 9bd5118035494293925b22b67aac0b80 is created with scope project and roles: ['member']
2025-04-19 22:46:03.117 69586 INFO tempest.lib.common.dynamic_creds [-] Acquired dynamic creds: credentials: Credentials: {'domain_id': 'default', 'domain_name': 'Default', 'username': 'tempest-HypervisorAdminV228Test-2105440262-project-member', 'project_domain_id': 'default', 'project_domain_name': 'Default', 'project_id': '7241792a224c40bc8e19f148656c3f62', 'project_name': 'tempest-HypervisorAdminV228Test-2105440262', 'tenant_id': '7241792a224c40bc8e19f148656c3f62', 'tenant_name': 'tempest-HypervisorAdminV228Test-2105440262', 'user_domain_id': 'default', 'user_domain_name': 'Default', 'user_id': '9bd5118035494293925b22b67aac0b80', 'system': None}, Network: None, Subnet: None, Router: None
2025-04-19 22:46:03.117 69586 INFO tempest.lib.common.dynamic_creds [-] Created isolated network resources for: credentials: Credentials: {'domain_id': 'default', 'domain_name': 'Default', 'username': 'tempest-HypervisorAdminV228Test-2105440262-project-member', 'project_domain_id': 'default', 'project_domain_name': 'Default', 'project_id': '7241792a224c40bc8e19f148656c3f62', 'project_name': 'tempest-HypervisorAdminV228Test-2105440262', 'tenant_id': '7241792a224c40bc8e19f148656c3f62', 'tenant_name': 'tempest-HypervisorAdminV228Test-2105440262', 'user_domain_id': 'default', 'user_domain_name': 'Default', 'user_id': '9bd5118035494293925b22b67aac0b80', 'system': None}, Network: None, Subnet: None, Router: None
2025-04-19 22:46:03.209 69596 INFO tempest.lib.common.rest_client [req-9ce35c04-418c-44ec-953c-d3dc5032fe46 req-9ce35c04-418c-44ec-953c-d3dc5032fe46 ] Request (HypervisorAdminNegativeUnderV252Test:tearDownClass): 200 GET http://10.180.1.21:9696/networking/v2.0/security-groups?tenant_id=df17b21e7d1044f9a08283e71dd8b07a&name=default 0.615s
2025-04-19 22:46:03.215 69586 INFO tempest.lib.common.rest_client [req-ad5a507d-b6c0-4611-8d65-3e3ee59531a5 req-ad5a507d-b6c0-4611-8d65-3e3ee59531a5 ] Request (HypervisorAdminV228Test:setUpClass): 201 POST http://10.180.1.21/identity/v3/auth/tokens 0.093s
2025-04-19 22:46:03.258 69556 INFO tempest.lib.common.rest_client [req-15234ef6-aa6a-4abf-bb5c-ac405da9b91d req-15234ef6-aa6a-4abf-bb5c-ac405da9b91d ] Request (FloatingIPsNegativeTestJSON:tearDownClass): 204 DELETE http://10.180.1.21:9696/networking/v2.0/networks/9029725b-d8cb-47be-869f-f88939212304 1.215s
2025-04-19 22:46:03.266 69606 INFO tempest.lib.common.rest_client [req-a38ecca2-3e25-493e-9f1d-accd66b352c0 req-a38ecca2-3e25-493e-9f1d-accd66b352c0 ] Request (ServerDiagnosticsTest:test_get_server_diagnostics): 202 POST http://10.180.1.21/compute/v2.1/servers 2.582s
2025-04-19 22:46:03.279 69568 INFO tempest.lib.common.rest_client [req-47480d91-f085-4b06-bc14-2db1e11393d4 req-47480d91-f085-4b06-bc14-2db1e11393d4 ] Request (QuotasAdminTestV257:tearDownClass): 204 DELETE http://10.180.1.21:9696/networking/v2.0/security-groups/d2861b1d-bf27-4cd0-bb90-3a19d970bc6b 0.588s
2025-04-19 22:46:03.281 69586 INFO tempest.lib.common.rest_client [req-cedb94ea-92a7-4350-9aa9-6da609cbb264 req-cedb94ea-92a7-4350-9aa9-6da609cbb264 ] Request (HypervisorAdminV228Test:setUpClass): 201 POST http://10.180.1.21/identity/v3/projects 0.064s
2025-04-19 22:46:03.369 69570 INFO tempest.lib.common.rest_client [req-c1558343-a947-4517-b3f3-4ad13c6780c3 req-c1558343-a947-4517-b3f3-4ad13c6780c3 ] Request (VolumesAssistedSnapshotsTest:test_volume_assisted_snapshot_create_delete): 201 POST http://10.180.1.21:9696/networking/v2.0/security-group-rules 0.362s
2025-04-19 22:46:03.411 69556 INFO tempest.lib.common.rest_client [req-e2b62e27-4377-4775-adf3-0a1660d3a755 req-e2b62e27-4377-4775-adf3-0a1660d3a755 ] Request (FloatingIPsNegativeTestJSON:tearDownClass): 204 DELETE http://10.180.1.21/identity/v3/users/7111ea5bd60b46c2abc5177a26869bc9 0.153s
2025-04-19 22:46:03.412 69556 INFO tempest.lib.common.dynamic_creds [-] Deleting project and security group for project: 3c7bb5e13307426aa323fd69ac513ed8
2025-04-19 22:46:03.412 69568 INFO tempest.lib.common.rest_client [req-861b2a67-0e59-4f28-b9b2-a4d951b4ab3e req-861b2a67-0e59-4f28-b9b2-a4d951b4ab3e ] Request (QuotasAdminTestV257:tearDownClass): 204 DELETE http://10.180.1.21/identity/v3/projects/1b4fdb1c059c45d894a2554108846484 0.132s
2025-04-19 22:46:03.472 69568 INFO tempest.lib.common.rest_client [req-8605ed6c-f754-4896-9be0-870f2f364b95 req-8605ed6c-f754-4896-9be0-870f2f364b95 ] Request (FloatingIPsAssociationTestJSON:setUpClass): 201 POST http://10.180.1.21/identity/v3/auth/tokens 0.058s
2025-04-19 22:46:03.474 69586 INFO tempest.lib.common.rest_client [req-013592c3-57d5-463e-a216-b1e60eb22ca0 req-013592c3-57d5-463e-a216-b1e60eb22ca0 ] Request (HypervisorAdminV228Test:setUpClass): 201 POST http://10.180.1.21/identity/v3/users 0.193s
2025-04-19 22:46:03.504 69568 INFO tempest.lib.common.rest_client [req-976056c4-c571-4730-9d00-ad8f168f8c8a req-976056c4-c571-4730-9d00-ad8f168f8c8a ] Request (FloatingIPsAssociationTestJSON:setUpClass): 201 POST http://10.180.1.21/identity/v3/auth/tokens 0.028s
2025-04-19 22:46:03.504 69586 INFO tempest.lib.common.rest_client [req-f090a870-561f-4a74-94fe-adbc1607edb6 req-f090a870-561f-4a74-94fe-adbc1607edb6 ] Request (HypervisorAdminV228Test:setUpClass): 200 GET http://10.180.1.21/identity/v3/roles 0.029s
2025-04-19 22:46:03.531 69568 INFO tempest.lib.common.rest_client [req-d864eef2-9130-4221-b36b-d7e90a5c78fb req-d864eef2-9130-4221-b36b-d7e90a5c78fb ] Request (FloatingIPsAssociationTestJSON:setUpClass): 200 GET http://10.180.1.21/identity/v3/domains?name=Default 0.027s
2025-04-19 22:46:03.536 69586 INFO tempest.lib.common.rest_client [req-22324cd9-61bc-4ba7-a634-d44c8ef01e5b req-22324cd9-61bc-4ba7-a634-d44c8ef01e5b ] Request (HypervisorAdminV228Test:setUpClass): 204 PUT http://10.180.1.21/identity/v3/projects/d44042e8459a4886843f9050e9b73be0/users/5f6b71739f8e4bf88d230411bcdd4b5e/roles/c0436872ab4940d18c7e0e01ce2502d8 0.032s
2025-04-19 22:46:03.602 69586 INFO tempest.lib.common.rest_client [req-fd2d90e4-32f9-464a-9b62-a024a26cb9d1 req-fd2d90e4-32f9-464a-9b62-a024a26cb9d1 ] Request (HypervisorAdminV228Test:setUpClass): 200 GET http://10.180.1.21/identity/v3/roles 0.065s
2025-04-19 22:46:03.619 69568 INFO tempest.lib.common.rest_client [req-daa80ec2-2f70-44c1-996d-b095525f1ba5 req-daa80ec2-2f70-44c1-996d-b095525f1ba5 ] Request (FloatingIPsAssociationTestJSON:setUpClass): 201 POST http://10.180.1.21/identity/v3/projects 0.087s
2025-04-19 22:46:03.636 69586 INFO tempest.lib.common.rest_client [req-24ec8a18-3e74-4041-b508-1844ade03be5 req-24ec8a18-3e74-4041-b508-1844ade03be5 ] Request (HypervisorAdminV228Test:setUpClass): 204 PUT http://10.180.1.21/identity/v3/projects/d44042e8459a4886843f9050e9b73be0/users/5f6b71739f8e4bf88d230411bcdd4b5e/roles/c0436872ab4940d18c7e0e01ce2502d8 0.034s
2025-04-19 22:46:03.636 69586 INFO tempest.lib.common.dynamic_creds [-] Dynamic test user 5f6b71739f8e4bf88d230411bcdd4b5e is created with scope project and roles: ['admin']
2025-04-19 22:46:03.637 69586 INFO tempest.lib.common.dynamic_creds [-] Acquired dynamic creds: credentials: Credentials: {'domain_id': 'default', 'domain_name': 'Default', 'username': 'tempest-HypervisorAdminV228Test-1449717809-project-admin', 'project_domain_id': 'default', 'project_domain_name': 'Default', 'project_id': 'd44042e8459a4886843f9050e9b73be0', 'project_name': 'tempest-HypervisorAdminV228Test-1449717809', 'tenant_id': 'd44042e8459a4886843f9050e9b73be0', 'tenant_name': 'tempest-HypervisorAdminV228Test-1449717809', 'user_domain_id': 'default', 'user_domain_name': 'Default', 'user_id': '5f6b71739f8e4bf88d230411bcdd4b5e', 'system': None}, Network: None, Subnet: None, Router: None
2025-04-19 22:46:03.637 69586 INFO tempest.lib.common.dynamic_creds [-] Created isolated network resources for: credentials: Credentials: {'domain_id': 'default', 'domain_name': 'Default', 'username': 'tempest-HypervisorAdminV228Test-1449717809-project-admin', 'project_domain_id': 'default', 'project_domain_name': 'Default', 'project_id': 'd44042e8459a4886843f9050e9b73be0', 'project_name': 'tempest-HypervisorAdminV228Test-1449717809', 'tenant_id': 'd44042e8459a4886843f9050e9b73be0', 'tenant_name': 'tempest-HypervisorAdminV228Test-1449717809', 'user_domain_id': 'default', 'user_domain_name': 'Default', 'user_id': '5f6b71739f8e4bf88d230411bcdd4b5e', 'system': None}, Network: None, Subnet: None, Router: None
2025-04-19 22:46:03.663 69556 INFO tempest.lib.common.rest_client [req-fecb4124-916a-4b5c-91e2-a0a887fc1e42 req-fecb4124-916a-4b5c-91e2-a0a887fc1e42 ] Request (FloatingIPsNegativeTestJSON:tearDownClass): 200 GET http://10.180.1.21:9696/networking/v2.0/security-groups?tenant_id=3c7bb5e13307426aa323fd69ac513ed8&name=default 0.251s
2025-04-19 22:46:03.734 69586 INFO tempest.lib.common.rest_client [req-1f70600c-37fb-4125-92e4-58d5703d8306 req-1f70600c-37fb-4125-92e4-58d5703d8306 ] Request (HypervisorAdminV228Test:setUpClass): 201 POST http://10.180.1.21/identity/v3/auth/tokens 0.095s
2025-04-19 22:46:03.743 69568 INFO tempest.lib.common.rest_client [req-2fd4a3ea-1f1f-455a-b28b-d75f0eac09c3 req-2fd4a3ea-1f1f-455a-b28b-d75f0eac09c3 ] Request (FloatingIPsAssociationTestJSON:setUpClass): 201 POST http://10.180.1.21/identity/v3/users 0.124s
2025-04-19 22:46:03.749 69596 INFO tempest.lib.common.rest_client [req-0010aba3-f363-452a-a613-40d9b98e82b4 req-0010aba3-f363-452a-a613-40d9b98e82b4 ] Request (HypervisorAdminNegativeUnderV252Test:tearDownClass): 204 DELETE http://10.180.1.21:9696/networking/v2.0/security-groups/79532048-2e28-4821-9d69-f98b796f3db6 0.539s
2025-04-19 22:46:03.767 69568 INFO tempest.lib.common.rest_client [req-5ed7eed2-a9a0-4f2b-9c11-be74d3f4d610 req-5ed7eed2-a9a0-4f2b-9c11-be74d3f4d610 ] Request (FloatingIPsAssociationTestJSON:setUpClass): 200 GET http://10.180.1.21/identity/v3/roles 0.024s
2025-04-19 22:46:03.804 69568 INFO tempest.lib.common.rest_client [req-ab877673-a51a-41a2-902a-0b58fdc699d7 req-ab877673-a51a-41a2-902a-0b58fdc699d7 ] Request (FloatingIPsAssociationTestJSON:setUpClass): 204 PUT http://10.180.1.21/identity/v3/projects/f0972fc64504476a87b822ac7a36e8db/users/be0ccfc8a7974bf7988cca5d69593f31/roles/e7b96962f18247829b7fed5d9e7be408 0.035s
2025-04-19 22:46:03.804 69568 INFO tempest.lib.common.dynamic_creds [-] Dynamic test user be0ccfc8a7974bf7988cca5d69593f31 is created with scope project and roles: ['member']
2025-04-19 22:46:03.804 69568 INFO tempest.lib.common.dynamic_creds [-] Acquired dynamic creds: credentials: Credentials: {'domain_id': 'default', 'domain_name': 'Default', 'username': 'tempest-FloatingIPsAssociationTestJSON-828494427-project-member', 'project_domain_id': 'default', 'project_domain_name': 'Default', 'project_id': 'f0972fc64504476a87b822ac7a36e8db', 'project_name': 'tempest-FloatingIPsAssociationTestJSON-828494427', 'tenant_id': 'f0972fc64504476a87b822ac7a36e8db', 'tenant_name': 'tempest-FloatingIPsAssociationTestJSON-828494427', 'user_domain_id': 'default', 'user_domain_name': 'Default', 'user_id': 'be0ccfc8a7974bf7988cca5d69593f31', 'system': None}, Network: None, Subnet: None, Router: None
2025-04-19 22:46:03.859 69596 INFO tempest.lib.common.rest_client [req-1c4154ca-5d61-4805-989f-d25aa995a8bd req-1c4154ca-5d61-4805-989f-d25aa995a8bd ] Request (HypervisorAdminNegativeUnderV252Test:tearDownClass): 204 DELETE http://10.180.1.21/identity/v3/projects/df17b21e7d1044f9a08283e71dd8b07a 0.110s
2025-04-19 22:46:03.867 69556 INFO tempest.lib.common.rest_client [req-e96c0fc2-c8aa-4fdb-b681-1ae6ba27e995 req-e96c0fc2-c8aa-4fdb-b681-1ae6ba27e995 ] Request (FloatingIPsNegativeTestJSON:tearDownClass): 204 DELETE http://10.180.1.21:9696/networking/v2.0/security-groups/370e3bc3-ab99-402b-9fa2-d524c44b8c6b 0.203s
2025-04-19 22:46:03.887 69568 INFO tempest.lib.common.rest_client [req-81c2319d-def9-4584-accf-7e90ad7ce766 req-81c2319d-def9-4584-accf-7e90ad7ce766 ] Request (FloatingIPsAssociationTestJSON:setUpClass): 201 POST http://10.180.1.21/identity/v3/auth/tokens 0.082s
2025-04-19 22:46:03.914 69596 INFO tempest.lib.common.rest_client [req-447341c3-d9cf-4f6b-816c-a50211641c43 req-447341c3-d9cf-4f6b-816c-a50211641c43 ] Request (InstanceUsageAuditLogNegativeTestJSON:setUpClass): 201 POST http://10.180.1.21/identity/v3/auth/tokens 0.053s
2025-04-19 22:46:03.966 69556 INFO tempest.lib.common.rest_client [req-80034206-37d7-49c9-96ce-fa3eb855c40b req-80034206-37d7-49c9-96ce-fa3eb855c40b ] Request (FloatingIPsNegativeTestJSON:tearDownClass): 204 DELETE http://10.180.1.21/identity/v3/projects/3c7bb5e13307426aa323fd69ac513ed8 0.099s
2025-04-19 22:46:04.029 69578 INFO tempest.lib.common.rest_client [req-db4da58d-5fd5-4870-b730-19cfa62764bd req-db4da58d-5fd5-4870-b730-19cfa62764bd ] Request (FloatingIPsTestJSON:setUpClass): 201 POST http://10.180.1.21:9696/networking/v2.0/networks 0.978s
2025-04-19 22:46:04.031 69596 INFO tempest.lib.common.rest_client [req-1803e0c7-adb5-45e8-a37e-94895f52b55e req-1803e0c7-adb5-45e8-a37e-94895f52b55e ] Request (InstanceUsageAuditLogNegativeTestJSON:setUpClass): 201 POST http://10.180.1.21/identity/v3/auth/tokens 0.113s
2025-04-19 22:46:04.066 69556 INFO tempest.lib.common.rest_client [req-e33bd702-c40d-4630-b81b-6e8d3559c2bf req-e33bd702-c40d-4630-b81b-6e8d3559c2bf ] Request (DeleteServersTestJSON:setUpClass): 201 POST http://10.180.1.21/identity/v3/auth/tokens 0.098s
2025-04-19 22:46:04.087 69596 INFO tempest.lib.common.rest_client [req-e4ba1de6-57f4-4376-9490-26be3bf076e7 req-e4ba1de6-57f4-4376-9490-26be3bf076e7 ] Request (InstanceUsageAuditLogNegativeTestJSON:setUpClass): 200 GET http://10.180.1.21/identity/v3/domains?name=Default 0.055s
2025-04-19 22:46:04.105 69556 INFO tempest.lib.common.rest_client [req-4d591851-2c8b-4872-9265-6a379a4efc31 req-4d591851-2c8b-4872-9265-6a379a4efc31 ] Request (DeleteServersTestJSON:setUpClass): 201 POST http://10.180.1.21/identity/v3/auth/tokens 0.035s
2025-04-19 22:46:04.146 69556 INFO tempest.lib.common.rest_client [req-a84d6b21-1a8f-47c5-a8b8-acc4d2566c8c req-a84d6b21-1a8f-47c5-a8b8-acc4d2566c8c ] Request (DeleteServersTestJSON:setUpClass): 200 GET http://10.180.1.21/identity/v3/domains?name=Default 0.040s
2025-04-19 22:46:04.153 69596 INFO tempest.lib.common.rest_client [req-94c21a78-84d9-4b36-97ee-840cb0045e66 req-94c21a78-84d9-4b36-97ee-840cb0045e66 ] Request (InstanceUsageAuditLogNegativeTestJSON:setUpClass): 201 POST http://10.180.1.21/identity/v3/projects 0.066s
2025-04-19 22:46:04.182 69570 INFO tempest.lib.common.rest_client [req-32099f80-c181-4ce8-8416-f6d83c6816a8 req-32099f80-c181-4ce8-8416-f6d83c6816a8 ] Request (VolumesAssistedSnapshotsTest:test_volume_assisted_snapshot_create_delete): 201 POST http://10.180.1.21:9696/networking/v2.0/floatingips 0.813s
2025-04-19 22:46:04.193 69608 INFO tempest.lib.common.rest_client [req-a4bfc556-fdb0-4104-a0c5-63ec6f686dea req-a4bfc556-fdb0-4104-a0c5-63ec6f686dea ] Request (ServersAdminTestJSON:setUpClass): 202 POST http://10.180.1.21/compute/v2.1/servers 2.779s
2025-04-19 22:46:04.256 69585 INFO tempest.lib.common.rest_client [req-e3a2f579-f485-4d2e-9218-00863885b18a req-e3a2f579-f485-4d2e-9218-00863885b18a ] Request (ServersTestJSON:setUpClass): 202 POST http://10.180.1.21/compute/v2.1/servers 3.269s
2025-04-19 22:46:04.282 69596 INFO tempest.lib.common.rest_client [req-3532649d-2917-46ce-bdcf-4351f40d603d req-3532649d-2917-46ce-bdcf-4351f40d603d ] Request (InstanceUsageAuditLogNegativeTestJSON:setUpClass): 201 POST http://10.180.1.21/identity/v3/users 0.129s
2025-04-19 22:46:04.294 69556 INFO tempest.lib.common.rest_client [req-a167bc7d-ff05-4b77-8341-6986b30c656d req-a167bc7d-ff05-4b77-8341-6986b30c656d ] Request (DeleteServersTestJSON:setUpClass): 201 POST http://10.180.1.21/identity/v3/projects 0.147s
2025-04-19 22:46:04.367 69570 INFO tempest.lib.common.rest_client [req-ba88320c-bce5-419b-9e94-347d87908544 req-ba88320c-bce5-419b-9e94-347d87908544 ] Request (VolumesAssistedSnapshotsTest:test_volume_assisted_snapshot_create_delete): 201 POST http://10.180.1.21/identity/v3/auth/tokens 0.178s
2025-04-19 22:46:04.368 69570 INFO tempest.lib.common.fixed_network [-] (VolumesAssistedSnapshotsTest:test_volume_assisted_snapshot_create_delete) Found network {'id': '94058fad-f491-4c5b-a044-96c6aff6fa25', 'name': 'tempest-VolumesAssistedSnapshotsTest-66266165-network', 'tenant_id': 'aae391e4e8c442ff9c3464291c90627d', 'admin_state_up': True, 'mtu': 8950, 'status': 'ACTIVE', 'subnets': [], 'shared': False, 'project_id': 'aae391e4e8c442ff9c3464291c90627d', 'port_security_enabled': True, 'router:external': False, 'provider:network_type': 'vlan', 'provider:physical_network': 'default', 'provider:segmentation_id': 946, 'availability_zone_hints': [], 'availability_zones': [], 'ipv4_address_scope': None, 'ipv6_address_scope': None, 'description': '', 'tags': [], 'created_at': '2025-04-19T22:45:41Z', 'updated_at': '2025-04-19T22:45:41Z', 'revision_number': 1} available for tenant
2025-04-19 22:46:04.408 69602 INFO tempest.lib.common.rest_client [req-65ef6efb-7cae-4bd7-90e9-a0b0153f60d5 req-65ef6efb-7cae-4bd7-90e9-a0b0153f60d5 ] Request (ImagesTestJSON:setUpClass): 200 PUT http://10.180.1.21:9696/networking/v2.0/routers/f768bb8f-c32d-404f-a1b6-d427884c5a6d/add_router_interface 1.994s
2025-04-19 22:46:04.409 69602 INFO tempest.lib.common.dynamic_creds [-] Created isolated network resources for: credentials: Credentials: {'domain_id': 'default', 'domain_name': 'Default', 'username': 'tempest-ImagesTestJSON-239574999-project-member', 'project_domain_id': 'default', 'project_domain_name': 'Default', 'project_id': '1bfb7e6291bc47759721b974052bfef9', 'project_name': 'tempest-ImagesTestJSON-239574999', 'tenant_id': '1bfb7e6291bc47759721b974052bfef9', 'tenant_name': 'tempest-ImagesTestJSON-239574999', 'user_domain_id': 'default', 'user_domain_name': 'Default', 'user_id': 'bae6602dcf3d4ff5bf4e74c78e50abc6', 'system': None}, Network: {'id': '24704e38-d527-4260-beab-ba8b7426eaaa', 'name': 'tempest-ImagesTestJSON-126944487-network', 'tenant_id': '1bfb7e6291bc47759721b974052bfef9', 'admin_state_up': True, 'mtu': 8950, 'status': 'ACTIVE', 'subnets': [], 'shared': False, 'project_id': '1bfb7e6291bc47759721b974052bfef9', 'port_security_enabled': True, 'router:external': False, 'provider:network_type': 'vlan', 'provider:physical_network': 'default', 'provider:segmentation_id': 752, 'availability_zone_hints': [], 'availability_zones': [], 'ipv4_address_scope': None, 'ipv6_address_scope': None, 'description': '', 'tags': [], 'created_at': '2025-04-19T22:46:00Z', 'updated_at': '2025-04-19T22:46:00Z', 'revision_number': 1}, Subnet: {'id': '6705cbe7-a1fe-42cd-ae50-8dec01465ca4', 'name': 'tempest-ImagesTestJSON-126944487-subnet', 'tenant_id': '1bfb7e6291bc47759721b974052bfef9', 'network_id': '24704e38-d527-4260-beab-ba8b7426eaaa', 'ip_version': 4, 'subnetpool_id': None, 'enable_dhcp': True, 'ipv6_ra_mode': None, 'ipv6_address_mode': None, 'gateway_ip': '192.168.128.1', 'cidr': '192.168.128.0/28', 'allocation_pools': [{'start': '192.168.128.2', 'end': '192.168.128.14'}], 'host_routes': [], 'dns_nameservers': [], 'description': '', 'router:external': False, 'service_types': [], 'tags': [], 'created_at': '2025-04-19T22:46:00Z', 'updated_at': '2025-04-19T22:46:00Z', 'revision_number': 0, 'project_id': '1bfb7e6291bc47759721b974052bfef9'}, Router: {'id': 'f768bb8f-c32d-404f-a1b6-d427884c5a6d', 'name': 'tempest-ImagesTestJSON-126944487-router', 'tenant_id': '1bfb7e6291bc47759721b974052bfef9', 'admin_state_up': True, 'status': 'ACTIVE', 'external_gateway_info': {'network_id': 'a3113d27-0091-4307-8874-841641a3b0e0', 'external_fixed_ips': [{'subnet_id': 'c550bedc-3375-4b20-a897-1c1c2eae5950', 'ip_address': '10.180.180.145'}], 'enable_snat': True}, 'description': '', 'availability_zones': [], 'distributed': False, 'ha': False, 'availability_zone_hints': [], 'routes': [], 'flavor_id': None, 'tags': [], 'created_at': '2025-04-19T22:46:00Z', 'updated_at': '2025-04-19T22:46:01Z', 'revision_number': 2, 'project_id': '1bfb7e6291bc47759721b974052bfef9'}
2025-04-19 22:46:04.426 69596 INFO tempest.lib.common.rest_client [req-db3ac747-f5ed-41a0-ad43-d1bb52939de2 req-db3ac747-f5ed-41a0-ad43-d1bb52939de2 ] Request (InstanceUsageAuditLogNegativeTestJSON:setUpClass): 200 GET http://10.180.1.21/identity/v3/roles 0.143s
2025-04-19 22:46:04.456 69556 INFO tempest.lib.common.rest_client [req-36235dc8-c289-4620-b4a2-0cd0f6a200f5 req-36235dc8-c289-4620-b4a2-0cd0f6a200f5 ] Request (DeleteServersTestJSON:setUpClass): 201 POST http://10.180.1.21/identity/v3/users 0.162s
2025-04-19 22:46:04.461 69582 INFO tempest.lib.common.rest_client [req-1e7de30a-06e1-4454-ae45-97062d2834d4 req-1e7de30a-06e1-4454-ae45-97062d2834d4 ] Request (FlavorsV261TestJSON:test_crud_flavor): 200 POST http://10.180.1.21/compute/v2.1/flavors 2.895s
2025-04-19 22:46:04.479 69604 INFO tempest.lib.common.rest_client [req-a3ea7eca-b6f9-4435-bb43-c8fbdfcf0b82 req-a3ea7eca-b6f9-4435-bb43-c8fbdfcf0b82 ] Request (ServersWithSpecificFlavorTestJSON:test_verify_created_server_ephemeral_disk): 200 GET http://10.180.1.21/compute/v2.1/flavors/42/os-extra_specs 2.589s
2025-04-19 22:46:04.516 69574 INFO tempest.lib.common.rest_client [req-be76cfec-bd87-4694-9d58-fdcbc392220b req-be76cfec-bd87-4694-9d58-fdcbc392220b ] Request (FlavorsAccessNegativeTestJSON:_run_cleanups): 200 GET http://10.180.1.21/compute/v2.1/flavors/detail 2.408s
2025-04-19 22:46:04.544 69602 INFO tempest.lib.common.rest_client [req-800f21cf-ec76-47fd-a28c-00f833cbe266 req-800f21cf-ec76-47fd-a28c-00f833cbe266 ] Request (ImagesTestJSON:setUpClass): 201 POST http://10.180.1.21/identity/v3/auth/tokens 0.130s
2025-04-19 22:46:04.581 69610 INFO tempest.lib.common.rest_client [req-63047ffc-0f8a-451e-bf4c-d8a14027d083 req-63047ffc-0f8a-451e-bf4c-d8a14027d083 ] Request (AggregatesAdminNegativeTestJSON:test_aggregate_add_host_as_user): 200 POST http://10.180.1.21/compute/v2.1/os-aggregates 2.350s
