2025-04-19 22:48:19.187 69562 INFO tempest.lib.common.rest_client [req-5d584573-e37d-4c45-9454-4c437ab5b610 req-5d584573-e37d-4c45-9454-4c437ab5b610 ] Request (ServerDiagnosticsV248Test:tearDownClass): 204 DELETE http://10.180.1.21/identity/v3/projects/d3e6e6b120a346a29c3af9761949ade0 0.090s
2025-04-19 22:48:19.191 69552 INFO tempest.lib.common.rest_client [req-da1ef0b2-cae5-4611-bdab-c2e8c42e0410 req-da1ef0b2-cae5-4611-bdab-c2e8c42e0410 ] Request (AttachInterfacesUnderV243Test:test_add_remove_fixed_ip): 200 GET http://10.180.1.21/compute/v2.1/servers/f24d0958-af72-4bb1-b88d-5244a488ef2b/os-interface/c975cd8a-a8bb-4f65-8651-0a10e691cd10 0.580s
2025-04-19 22:48:19.256 69562 INFO tempest.lib.common.rest_client [req-58f0fa30-a5d2-461b-96b0-138d6d5c83f3 req-58f0fa30-a5d2-461b-96b0-138d6d5c83f3 ] Request (InstanceActionsNegativeTestJSON:setUpClass): 201 POST http://10.180.1.21/identity/v3/auth/tokens 0.067s
2025-04-19 22:48:19.266 69590 INFO tempest.lib.common.rest_client [req-0a20b727-9013-4dc0-8af7-3b8215cb18ff req-0a20b727-9013-4dc0-8af7-3b8215cb18ff ] Request (ImagesNegativeTestJSON:test_create_image_from_deleted_server): 200 GET http://10.180.1.21/compute/v2.1/servers/8214b619-33e9-463b-bc33-cb2957f8b348 0.614s
2025-04-19 22:48:19.286 69562 INFO tempest.lib.common.rest_client [req-38049c44-0668-48ce-8c50-b35b9721073d req-38049c44-0668-48ce-8c50-b35b9721073d ] Request (InstanceActionsNegativeTestJSON:setUpClass): 201 POST http://10.180.1.21/identity/v3/auth/tokens 0.028s
2025-04-19 22:48:19.311 69562 INFO tempest.lib.common.rest_client [req-1638bcfd-4587-4dd7-9f7a-5549d233eafc req-1638bcfd-4587-4dd7-9f7a-5549d233eafc ] Request (InstanceActionsNegativeTestJSON:setUpClass): 200 GET http://10.180.1.21/identity/v3/domains?name=Default 0.024s
2025-04-19 22:48:19.340 69562 INFO tempest.lib.common.rest_client [req-febecec0-a4f2-4e36-ab0f-991d662dfa7f req-febecec0-a4f2-4e36-ab0f-991d662dfa7f ] Request (InstanceActionsNegativeTestJSON:setUpClass): 201 POST http://10.180.1.21/identity/v3/projects 0.028s
2025-04-19 22:48:19.398 69562 INFO tempest.lib.common.rest_client [req-8d999f42-f4ea-48ec-b814-b8c47032144f req-8d999f42-f4ea-48ec-b814-b8c47032144f ] Request (InstanceActionsNegativeTestJSON:setUpClass): 201 POST http://10.180.1.21/identity/v3/users 0.057s
2025-04-19 22:48:19.419 69562 INFO tempest.lib.common.rest_client [req-2eeb7e2e-69b4-4ea9-b113-afba8f8b6d0f req-2eeb7e2e-69b4-4ea9-b113-afba8f8b6d0f ] Request (InstanceActionsNegativeTestJSON:setUpClass): 200 GET http://10.180.1.21/identity/v3/roles 0.021s
2025-04-19 22:48:19.444 69562 INFO tempest.lib.common.rest_client [req-a164e189-32c7-4d4c-911a-a8d0da5d3f3f req-a164e189-32c7-4d4c-911a-a8d0da5d3f3f ] Request (InstanceActionsNegativeTestJSON:setUpClass): 204 PUT http://10.180.1.21/identity/v3/projects/45d345ad9e33489095c22cbb3872e0b6/users/b37846a313214db08e44f1899192cbd3/roles/e7b96962f18247829b7fed5d9e7be408 0.024s
2025-04-19 22:48:19.445 69562 INFO tempest.lib.common.dynamic_creds [-] Dynamic test user b37846a313214db08e44f1899192cbd3 is created with scope project and roles: ['member']
2025-04-19 22:48:19.445 69562 INFO tempest.lib.common.dynamic_creds [-] Acquired dynamic creds: credentials: Credentials: {'domain_id': 'default', 'domain_name': 'Default', 'username': 'tempest-InstanceActionsNegativeTestJSON-855919845-project-member', 'project_domain_id': 'default', 'project_domain_name': 'Default', 'project_id': '45d345ad9e33489095c22cbb3872e0b6', 'project_name': 'tempest-InstanceActionsNegativeTestJSON-855919845', 'tenant_id': '45d345ad9e33489095c22cbb3872e0b6', 'tenant_name': 'tempest-InstanceActionsNegativeTestJSON-855919845', 'user_domain_id': 'default', 'user_domain_name': 'Default', 'user_id': 'b37846a313214db08e44f1899192cbd3', 'system': None}, Network: None, Subnet: None, Router: None
2025-04-19 22:48:19.507 69562 INFO tempest.lib.common.rest_client [req-0302d7ee-2a64-4d4c-b3ed-2d1937decf55 req-0302d7ee-2a64-4d4c-b3ed-2d1937decf55 ] Request (InstanceActionsNegativeTestJSON:setUpClass): 201 POST http://10.180.1.21/identity/v3/auth/tokens 0.062s
2025-04-19 22:48:19.541 69585 INFO tempest.lib.common.rest_client [req-0bccd4e6-0d5c-4525-bf54-a52af9b20e02 req-0bccd4e6-0d5c-4525-bf54-a52af9b20e02 ] Request (ServerTagsTestJSON:setUpClass): 200 GET http://10.180.1.21/compute/v2.1/servers/d9603c2e-f0e0-45a6-a31d-b58c052874d4 0.834s
2025-04-19 22:48:19.592 69600 INFO tempest.lib.common.rest_client [req-f7ff5a7c-62a1-4dbb-9f99-1ee501aa11dc req-f7ff5a7c-62a1-4dbb-9f99-1ee501aa11dc ] Request (ServerActionsTestOtherA:setUpClass): 200 GET http://10.180.1.21/compute/v2.1/servers/0614d5ec-c144-48fe-9248-a498b34699a6 0.834s
2025-04-19 22:48:19.636 69580 INFO tempest.lib.common.rest_client [req-97b12a01-e3b2-44f1-9b3c-c1b82f0af214 req-97b12a01-e3b2-44f1-9b3c-c1b82f0af214 ] Request (ServersTestFqdnHostnames:setUpClass): 201 POST http://10.180.1.21:9696/networking/v2.0/routers 0.668s
2025-04-19 22:48:19.642 69606 INFO tempest.lib.common.rest_client [req-000e262d-08fc-4671-8d78-abda40962aa8 req-000e262d-08fc-4671-8d78-abda40962aa8 ] Request (SecurityGroupsTestJSON:test_list_security_groups_by_server): 200 GET http://10.180.1.21/compute/v2.1/servers/ffae9122-9be9-4ba6-84d3-52272208922d 0.840s
2025-04-19 22:48:19.692 69550 INFO tempest.lib.common.rest_client [req-f21713be-ce45-4c6d-b07d-35546d8ed2ba req-f21713be-ce45-4c6d-b07d-35546d8ed2ba ] Request (ListImageFiltersTestJSON:setUpClass): 200 GET http://10.180.1.21/compute/v2.1/servers/13e72229-59cc-4f51-bda1-f8c69cbef790 0.845s
2025-04-19 22:48:19.749 69562 INFO tempest.lib.common.rest_client [req-9952ae95-9115-4302-be8f-e8f56954fe7b req-9952ae95-9115-4302-be8f-e8f56954fe7b ] Request (InstanceActionsNegativeTestJSON:setUpClass): 201 POST http://10.180.1.21:9696/networking/v2.0/networks 0.242s
2025-04-19 22:48:19.754 69570 INFO tempest.lib.common.rest_client [req-9927c400-34e9-4b2a-a453-881a08cbeed7 req-9927c400-34e9-4b2a-a453-881a08cbeed7 ] Request (VolumesAssistedSnapshotsTest:tearDownClass): 200 GET http://10.180.1.21/compute/v2.1/servers/efe57460-22b1-4a19-875c-0d19098a8c4a 0.845s
2025-04-19 22:48:19.810 69572 INFO tempest.lib.common.rest_client [req-68210114-36cb-4101-94c0-f68491e85433 req-68210114-36cb-4101-94c0-f68491e85433 ] Request (DeleteServersAdminTestJSON:test_delete_server_while_in_error_state): 200 GET http://10.180.1.21/compute/v2.1/servers/d8fe6fbd-05c2-4bf5-8615-bb505bd0c031 0.853s
2025-04-19 22:48:19.862 69568 INFO tempest.lib.common.rest_client [req-249ead46-2b86-4647-9cc2-a03ba062ff9a req-249ead46-2b86-4647-9cc2-a03ba062ff9a ] Request (FloatingIPsAssociationTestJSON:test_associate_already_associated_floating_ip): 200 GET http://10.180.1.21/compute/v2.1/servers/bebef016-51f9-4368-9862-b1fc990fbb98 0.862s
2025-04-19 22:48:19.912 69602 INFO tempest.lib.common.rest_client [req-f5e5f948-a846-4aba-9631-34435947c31d req-f5e5f948-a846-4aba-9631-34435947c31d ] Request (ImagesTestJSON:test_create_image_from_suspended_server): 200 GET http://10.180.1.21/compute/v2.1/servers/dcb2c786-0332-4cda-bbf0-6f84ec4fb7aa 0.858s
2025-04-19 22:48:19.983 69574 INFO tempest.lib.common.rest_client [req-b4e25224-9190-4d4f-b453-1eed735e73eb req-b4e25224-9190-4d4f-b453-1eed735e73eb ] Request (ServerActionsTestOtherB:setUpClass): 200 GET http://10.180.1.21/compute/v2.1/servers/5d5ac77b-9d87-4206-a210-616b240c4e91/os-interface 0.929s
2025-04-19 22:48:20.011 69562 INFO tempest.lib.common.rest_client [req-046ed95f-dc08-4dae-99dd-80581ce1b2fb req-046ed95f-dc08-4dae-99dd-80581ce1b2fb ] Request (InstanceActionsNegativeTestJSON:setUpClass): 201 POST http://10.180.1.21:9696/networking/v2.0/subnets 0.261s
2025-04-19 22:48:20.050 69608 INFO tempest.lib.common.rest_client [req-69541799-61ed-4c80-9ad6-0674f5d6663c req-69541799-61ed-4c80-9ad6-0674f5d6663c ] Request (ServersAdminTestJSON:test_inject_network_info): 200 GET http://10.180.1.21/compute/v2.1/servers/eb123ea6-e162-4dfc-9eba-1a2a908c47ec 0.940s
2025-04-19 22:48:20.110 69596 INFO tempest.lib.common.rest_client [req-b072283b-b35d-4912-9515-9ebef6c429c2 req-b072283b-b35d-4912-9515-9ebef6c429c2 ] Request (MultipleCreateTestJSON:test_multiple_create_with_reservation_return): 200 GET http://10.180.1.21/compute/v2.1/servers/ab246b37-d9a2-454a-932b-3b49cba0e0f9 0.930s
2025-04-19 22:48:20.133 69552 INFO tempest.lib.common.rest_client [req-b909386d-76e9-4b46-a067-988b65c27418 req-b909386d-76e9-4b46-a067-988b65c27418 ] Request (AttachInterfacesUnderV243Test:test_add_remove_fixed_ip): 200 GET http://10.180.1.21/compute/v2.1/servers/f24d0958-af72-4bb1-b88d-5244a488ef2b/ips 0.940s
2025-04-19 22:48:20.204 69548 INFO tempest.lib.common.rest_client [req-cee1a11f-e760-4c6e-a947-3b1e88994460 req-cee1a11f-e760-4c6e-a947-3b1e88994460 ] Request (ServerDiskConfigTestJSON:test_resize_server_from_auto_to_manual): 200 GET http://10.180.1.21/compute/v2.1/servers/022614a7-ce73-4a6f-a7ea-2763b9da7788 0.883s
2025-04-19 22:48:20.330 69588 INFO tempest.lib.common.rest_client [req-81d2dc42-55d7-4eef-b93f-22b508a3f638 req-81d2dc42-55d7-4eef-b93f-22b508a3f638 ] Request (ServersListShow296Test:test_list_show_update_rebuild_server_296): 200 GET http://10.180.1.21/compute/v2.1/servers/22c24625-6973-44f4-8f39-7ae9c88bd8f1 0.937s
2025-04-19 22:48:20.404 69578 INFO tempest.lib.common.rest_client [req-b43fe0ac-9226-4b6c-afff-a3378858b1c1 req-b43fe0ac-9226-4b6c-afff-a3378858b1c1 ] Request (ServerGroupTestJSON:_run_cleanups): 200 GET http://10.180.1.21/compute/v2.1/servers/a823bd62-20a8-4b40-8698-e164d21a7471 0.933s
2025-04-19 22:48:20.478 69598 INFO tempest.lib.common.rest_client [req-2873fc52-ca1c-409b-865c-2fdba62bb6a8 req-2873fc52-ca1c-409b-865c-2fdba62bb6a8 ] Request (ServerRescueTestJSON:setUpClass): 200 GET http://10.180.1.21/compute/v2.1/servers/aee843c9-5d66-4815-b640-7c85b299689b 0.957s
2025-04-19 22:48:20.549 69554 INFO tempest.lib.common.rest_client [req-941f8168-52f9-4435-8ea4-737d23e30c47 req-941f8168-52f9-4435-8ea4-737d23e30c47 ] Request (ServerActionsV293TestJSON:setUpClass): 200 GET http://10.180.1.21/compute/v2.1/servers/f1a7c151-4a73-420d-9fdb-199f9a136198 0.872s
2025-04-19 22:48:20.630 69564 INFO tempest.lib.common.rest_client [req-7724be57-ca90-4b6f-b122-f731d3282f47 req-7724be57-ca90-4b6f-b122-f731d3282f47 ] Request (ServersAdminNegativeTestJSON:tearDownClass): 200 GET http://10.180.1.21/compute/v2.1/servers/168831bc-c8b0-415e-89d4-6a1b5ea03dc3 0.906s
2025-04-19 22:48:20.709 69566 INFO tempest.lib.common.rest_client [req-eea49031-30f2-44ad-ad10-8b22cd8dc7e7 req-eea49031-30f2-44ad-ad10-8b22cd8dc7e7 ] Request (ServerRescueNegativeTestJSON:setUpClass): 200 GET http://10.180.1.21/compute/v2.1/servers/88f2ec1c-f6dc-4d20-96df-d3272d74dc7e 0.926s
2025-04-19 22:48:20.791 69560 INFO tempest.lib.common.rest_client [req-b22fbf5a-db8d-489e-9b03-3f132f6ecfd7 req-b22fbf5a-db8d-489e-9b03-3f132f6ecfd7 ] Request (ServersAaction247Test:tearDownClass): 200 GET http://10.180.1.21/compute/v2.1/servers/15a216a3-85e7-40f3-bdd2-7d1ac563aeb0 0.934s
2025-04-19 22:48:20.806 69574 INFO tempest.lib.common.rest_client [req-fb23a058-9996-4f89-b75b-a467ad72a7e5 req-fb23a058-9996-4f89-b75b-a467ad72a7e5 ] Request (ServerActionsTestOtherB:setUpClass): 200 PUT http://10.180.1.21:9696/networking/v2.0/floatingips/0da606c4-4a3d-4ccd-9643-b391f6111e11 0.820s
2025-04-19 22:48:20.807 69574 INFO tempest.lib.common.ssh [-] Creating ssh connection to '10.180.180.208:22' as 'cirros' with public key authentication
2025-04-19 22:48:20.838 69556 INFO tempest.lib.common.rest_client [req-fba12dbf-ea69-439c-8d03-b2eb7df828d5 req-fba12dbf-ea69-439c-8d03-b2eb7df828d5 ] Request (DeleteServersTestJSON:test_delete_server_while_in_attached_volume): 200 GET http://10.180.1.21/compute/v2.1/servers/69098679-d76f-4276-a76f-cba54747246d 0.935s
2025-04-19 22:48:21.003 69610 INFO tempest.lib.common.rest_client [req-78af92ea-b0e1-459f-a0c5-fe2ea1b11070 req-78af92ea-b0e1-459f-a0c5-fe2ea1b11070 ] Request (ImagesOneServerTestJSON:setUpClass): 200 GET http://10.180.1.21/compute/v2.1/servers/082b9d94-88f6-4b1d-b7af-fb508bb61e82 1.053s
2025-04-19 22:48:21.003 69580 INFO tempest.lib.common.rest_client [req-83688eb4-0265-4a75-904b-56eb2da3b050 req-83688eb4-0265-4a75-904b-56eb2da3b050 ] Request (ServersTestFqdnHostnames:setUpClass): 200 PUT http://10.180.1.21:9696/networking/v2.0/routers/32df7e94-ce53-46d5-a8fe-6169cc57a6ed/add_router_interface 1.366s
2025-04-19 22:48:21.003 69580 INFO tempest.lib.common.dynamic_creds [-] Created isolated network resources for: credentials: Credentials: {'domain_id': 'default', 'domain_name': 'Default', 'username': 'tempest-ServersTestFqdnHostnames-37187543-project-member', 'project_domain_id': 'default', 'project_domain_name': 'Default', 'project_id': 'f05c4e4a791c4c079882b3318b5828b1', 'project_name': 'tempest-ServersTestFqdnHostnames-37187543', 'tenant_id': 'f05c4e4a791c4c079882b3318b5828b1', 'tenant_name': 'tempest-ServersTestFqdnHostnames-37187543', 'user_domain_id': 'default', 'user_domain_name': 'Default', 'user_id': 'c146bc7518bd454b84f2cdd281911308', 'system': None}, Network: {'id': '3f8fb265-6c5d-4f46-b8a6-a007a1a015fc', 'name': 'tempest-ServersTestFqdnHostnames-909981985-network', 'tenant_id': 'f05c4e4a791c4c079882b3318b5828b1', 'admin_state_up': True, 'mtu': 8950, 'status': 'ACTIVE', 'subnets': [], 'shared': False, 'project_id': 'f05c4e4a791c4c079882b3318b5828b1', 'port_security_enabled': True, 'router:external': False, 'provider:network_type': 'vlan', 'provider:physical_network': 'default', 'provider:segmentation_id': 744, 'availability_zone_hints': [], 'availability_zones': [], 'ipv4_address_scope': None, 'ipv6_address_scope': None, 'description': '', 'tags': [], 'created_at': '2025-04-19T22:48:18Z', 'updated_at': '2025-04-19T22:48:18Z', 'revision_number': 1}, Subnet: {'id': 'de12427b-1851-4b39-877b-47daf9aee6ca', 'name': 'tempest-ServersTestFqdnHostnames-909981985-subnet', 'tenant_id': 'f05c4e4a791c4c079882b3318b5828b1', 'network_id': '3f8fb265-6c5d-4f46-b8a6-a007a1a015fc', 'ip_version': 4, 'subnetpool_id': None, 'enable_dhcp': True, 'ipv6_ra_mode': None, 'ipv6_address_mode': None, 'gateway_ip': '192.168.128.1', 'cidr': '192.168.128.0/28', 'allocation_pools': [{'start': '192.168.128.2', 'end': '192.168.128.14'}], 'host_routes': [], 'dns_nameservers': [], 'description': '', 'router:external': False, 'service_types': [], 'tags': [], 'created_at': '2025-04-19T22:48:18Z', 'updated_at': '2025-04-19T22:48:18Z', 'revision_number': 0, 'project_id': 'f05c4e4a791c4c079882b3318b5828b1'}, Router: {'id': '32df7e94-ce53-46d5-a8fe-6169cc57a6ed', 'name': 'tempest-ServersTestFqdnHostnames-909981985-router', 'tenant_id': 'f05c4e4a791c4c079882b3318b5828b1', 'admin_state_up': True, 'status': 'ACTIVE', 'external_gateway_info': {'network_id': 'a3113d27-0091-4307-8874-841641a3b0e0', 'external_fixed_ips': [{'subnet_id': 'c550bedc-3375-4b20-a897-1c1c2eae5950', 'ip_address': '10.180.180.239'}], 'enable_snat': True}, 'description': '', 'availability_zones': [], 'distributed': False, 'ha': False, 'availability_zone_hints': [], 'routes': [], 'flavor_id': None, 'tags': [], 'created_at': '2025-04-19T22:48:19Z', 'updated_at': '2025-04-19T22:48:19Z', 'revision_number': 2, 'project_id': 'f05c4e4a791c4c079882b3318b5828b1'}
2025-04-19 22:48:21.011 69610 INFO tempest.common.waiters [-] State transition "BUILD/None" ==> "BUILD/block_device_mapping" after 88 second wait
2025-04-19 22:48:21.043 69552 INFO tempest.lib.common.rest_client [req-a5502450-d290-4058-9410-6b9297624be1 req-a5502450-d290-4058-9410-6b9297624be1 ] Request (AttachInterfacesUnderV243Test:test_add_remove_fixed_ip): 202 POST http://10.180.1.21/compute/v2.1/servers/f24d0958-af72-4bb1-b88d-5244a488ef2b/action 0.908s
2025-04-19 22:48:21.084 69562 INFO tempest.lib.common.rest_client [req-9161a608-c858-4416-8662-f7b287b8c72b req-9161a608-c858-4416-8662-f7b287b8c72b ] Request (InstanceActionsNegativeTestJSON:setUpClass): 201 POST http://10.180.1.21:9696/networking/v2.0/routers 1.072s
2025-04-19 22:48:21.119 69580 INFO tempest.lib.common.rest_client [req-ce834ac3-00e3-46ad-9530-163117e8a83a req-ce834ac3-00e3-46ad-9530-163117e8a83a ] Request (ServersTestFqdnHostnames:setUpClass): 201 POST http://10.180.1.21/identity/v3/auth/tokens 0.111s
2025-04-19 22:48:21.194 69586 INFO tempest.lib.common.rest_client [req-f0a7e88f-5366-4c60-b03a-5b931d92f474 req-f0a7e88f-5366-4c60-b03a-5b931d92f474 ] Request (ImagesOneServerNegativeTestJSON:setUpClass): 200 GET http://10.180.1.21/compute/v2.1/servers/4843d66a-3d1f-40fc-9862-e9cdbc2f8d3f 1.054s
2025-04-19 22:48:21.290 69590 INFO tempest.lib.common.rest_client [req-ebe4bae3-4444-44bd-af08-66a2289598dd req-ebe4bae3-4444-44bd-af08-66a2289598dd ] Request (ImagesNegativeTestJSON:test_create_image_from_deleted_server): 200 GET http://10.180.1.21/compute/v2.1/servers/8214b619-33e9-463b-bc33-cb2957f8b348 1.016s
2025-04-19 22:48:21.354 69585 INFO tempest.lib.common.rest_client [req-7faa457e-3c35-45f4-bf7b-19e989de1806 req-7faa457e-3c35-45f4-bf7b-19e989de1806 ] Request (ServerTagsTestJSON:setUpClass): 200 GET http://10.180.1.21/compute/v2.1/servers/d9603c2e-f0e0-45a6-a31d-b58c052874d4 0.802s
2025-04-19 22:48:21.416 69600 INFO tempest.lib.common.rest_client [req-2904c55a-0e2e-4e3f-8165-3863e99f279a req-2904c55a-0e2e-4e3f-8165-3863e99f279a ] Request (ServerActionsTestOtherA:setUpClass): 200 GET http://10.180.1.21/compute/v2.1/servers/0614d5ec-c144-48fe-9248-a498b34699a6 0.809s
2025-04-19 22:48:21.482 69606 INFO tempest.lib.common.rest_client [req-76c69266-69ab-4fbc-8932-2ea5016c9080 req-76c69266-69ab-4fbc-8932-2ea5016c9080 ] Request (SecurityGroupsTestJSON:test_list_security_groups_by_server): 200 GET http://10.180.1.21/compute/v2.1/servers/ffae9122-9be9-4ba6-84d3-52272208922d 0.831s
2025-04-19 22:48:21.490 69606 INFO tempest.common.waiters [-] State transition "BUILD/scheduling" ==> "BUILD/None" after 59 second wait
2025-04-19 22:48:21.543 69550 INFO tempest.lib.common.rest_client [req-7142a852-3dab-49d8-b372-494a44fc68dd req-7142a852-3dab-49d8-b372-494a44fc68dd ] Request (ListImageFiltersTestJSON:setUpClass): 200 GET http://10.180.1.21/compute/v2.1/servers/13e72229-59cc-4f51-bda1-f8c69cbef790 0.841s
2025-04-19 22:48:21.614 69570 INFO tempest.lib.common.rest_client [req-6d1ded70-7fce-4e5c-8bcd-40436b168bee req-6d1ded70-7fce-4e5c-8bcd-40436b168bee ] Request (VolumesAssistedSnapshotsTest:tearDownClass): 200 GET http://10.180.1.21/compute/v2.1/servers/efe57460-22b1-4a19-875c-0d19098a8c4a 0.850s
2025-04-19 22:48:21.694 69572 INFO tempest.lib.common.rest_client [req-790463cd-a648-46a9-81b2-e7932432333c req-790463cd-a648-46a9-81b2-e7932432333c ] Request (DeleteServersAdminTestJSON:test_delete_server_while_in_error_state): 200 GET http://10.180.1.21/compute/v2.1/servers/d8fe6fbd-05c2-4bf5-8615-bb505bd0c031 0.874s
2025-04-19 22:48:21.751 69568 INFO tempest.lib.common.rest_client [req-b105ffd8-6bd6-404c-8101-fcd9e1c1f6a0 req-b105ffd8-6bd6-404c-8101-fcd9e1c1f6a0 ] Request (FloatingIPsAssociationTestJSON:test_associate_already_associated_floating_ip): 200 GET http://10.180.1.21/compute/v2.1/servers/bebef016-51f9-4368-9862-b1fc990fbb98 0.881s
2025-04-19 22:48:21.807 69602 INFO tempest.lib.common.rest_client [req-5b1e244b-cc6a-42b4-83e9-f0413ac400e7 req-5b1e244b-cc6a-42b4-83e9-f0413ac400e7 ] Request (ImagesTestJSON:test_create_image_from_suspended_server): 200 GET http://10.180.1.21/compute/v2.1/servers/dcb2c786-0332-4cda-bbf0-6f84ec4fb7aa 0.885s
2025-04-19 22:48:21.831 69552 INFO tempest.lib.common.rest_client [req-4ecdf754-c1e2-4994-83d8-51b26b6435b8 req-4ecdf754-c1e2-4994-83d8-51b26b6435b8 ] Request (AttachInterfacesUnderV243Test:test_add_remove_fixed_ip): 200 GET http://10.180.1.21/compute/v2.1/servers/f24d0958-af72-4bb1-b88d-5244a488ef2b/ips 0.787s
2025-04-19 22:48:21.879 69608 INFO tempest.lib.common.rest_client [req-3c723531-e661-4a08-9828-4e7350e4fd41 req-3c723531-e661-4a08-9828-4e7350e4fd41 ] Request (ServersAdminTestJSON:test_inject_network_info): 200 GET http://10.180.1.21/compute/v2.1/servers/eb123ea6-e162-4dfc-9eba-1a2a908c47ec 0.814s
2025-04-19 22:48:22.002 69580 INFO tempest.lib.common.rest_client [req-73d78b2c-2133-476a-95da-1fb326e16484 req-73d78b2c-2133-476a-95da-1fb326e16484 ] Request (ServersTestFqdnHostnames:test_create_server_with_fqdn_name): 200 POST http://10.180.1.21/compute/v2.1/os-keypairs 0.881s
2025-04-19 22:48:22.007 69594 INFO paramiko.transport [-] Connected (version 2.0, client dropbear_2020.81)
2025-04-19 22:48:22.059 69596 INFO tempest.lib.common.rest_client [req-c1f77914-d541-4ae0-8c65-06bd74c730c0 req-c1f77914-d541-4ae0-8c65-06bd74c730c0 ] Request (MultipleCreateTestJSON:test_multiple_create_with_reservation_return): 200 GET http://10.180.1.21/compute/v2.1/servers/ab246b37-d9a2-454a-932b-3b49cba0e0f9 0.935s
2025-04-19 22:48:22.108 69594 INFO paramiko.transport [-] Authentication (publickey) successful!
2025-04-19 22:48:22.109 69594 INFO tempest.lib.common.ssh [-] ssh connection to cirros@10.180.180.250 successfully created
2025-04-19 22:48:22.121 69548 INFO tempest.lib.common.rest_client [req-e530c7bd-9f7d-4277-a637-ad4199b448fc req-e530c7bd-9f7d-4277-a637-ad4199b448fc ] Request (ServerDiskConfigTestJSON:test_resize_server_from_auto_to_manual): 200 GET http://10.180.1.21/compute/v2.1/servers/022614a7-ce73-4a6f-a7ea-2763b9da7788 0.908s
2025-04-19 22:48:22.144 69580 INFO tempest.lib.common.rest_client [req-3fad4098-5c46-469d-a6ae-f8487ab45c84 req-3fad4098-5c46-469d-a6ae-f8487ab45c84 ] Request (ServersTestFqdnHostnames:test_create_server_with_fqdn_name): 201 POST http://10.180.1.21:9696/networking/v2.0/security-groups 0.140s
2025-04-19 22:48:22.178 69588 INFO tempest.lib.common.rest_client [req-a58f7dbe-0c0e-4bba-8483-d7318953996d req-a58f7dbe-0c0e-4bba-8483-d7318953996d ] Request (ServersListShow296Test:test_list_show_update_rebuild_server_296): 200 GET http://10.180.1.21/compute/v2.1/servers/22c24625-6973-44f4-8f39-7ae9c88bd8f1 0.834s
2025-04-19 22:48:22.257 69578 INFO tempest.lib.common.rest_client [req-c589810b-b56f-4c54-81fe-8a3f3546c3ea req-c589810b-b56f-4c54-81fe-8a3f3546c3ea ] Request (ServerGroupTestJSON:_run_cleanups): 200 GET http://10.180.1.21/compute/v2.1/servers/a823bd62-20a8-4b40-8698-e164d21a7471 0.845s
2025-04-19 22:48:22.306 69594 INFO tempest.lib.common.rest_client [req-6ec93d51-8d32-416f-b659-c7a05caf590c req-6ec93d51-8d32-416f-b659-c7a05caf590c ] Request (VolumesAdminNegativeTest:test_update_attached_volume_with_nonexistent_volume_in_body): 202 POST http://10.180.1.21/volume/v3/volumes 0.196s
2025-04-19 22:48:22.329 69598 INFO tempest.lib.common.rest_client [req-dde8ca74-9c0a-474c-ae47-f55cce200195 req-dde8ca74-9c0a-474c-ae47-f55cce200195 ] Request (ServerRescueTestJSON:setUpClass): 200 GET http://10.180.1.21/compute/v2.1/servers/aee843c9-5d66-4815-b640-7c85b299689b 0.838s
2025-04-19 22:48:22.352 69594 INFO tempest.lib.common.rest_client [req-0104644d-7a66-49c2-9aaf-ceb2810b417c req-0104644d-7a66-49c2-9aaf-ceb2810b417c ] Request (VolumesAdminNegativeTest:test_update_attached_volume_with_nonexistent_volume_in_body): 200 GET http://10.180.1.21/volume/v3/volumes/f3da5209-d94a-42b9-b278-dc892865a088 0.037s
2025-04-19 22:48:22.399 69554 INFO tempest.lib.common.rest_client [req-4592be3e-2391-48d1-9f21-8db4728d5e62 req-4592be3e-2391-48d1-9f21-8db4728d5e62 ] Request (ServerActionsV293TestJSON:setUpClass): 200 GET http://10.180.1.21/compute/v2.1/servers/f1a7c151-4a73-420d-9fdb-199f9a136198 0.837s
2025-04-19 22:48:22.470 69564 INFO tempest.lib.common.rest_client [req-ffe0d74a-344b-4767-bec5-97e0860cc43b req-ffe0d74a-344b-4767-bec5-97e0860cc43b ] Request (ServersAdminNegativeTestJSON:tearDownClass): 200 GET http://10.180.1.21/compute/v2.1/servers/168831bc-c8b0-415e-89d4-6a1b5ea03dc3 0.824s
2025-04-19 22:48:22.526 69566 INFO tempest.lib.common.rest_client [req-2c9fcee4-e489-4d9f-80f4-ebecc36e28bc req-2c9fcee4-e489-4d9f-80f4-ebecc36e28bc ] Request (ServerRescueNegativeTestJSON:setUpClass): 200 GET http://10.180.1.21/compute/v2.1/servers/88f2ec1c-f6dc-4d20-96df-d3272d74dc7e 0.805s
2025-04-19 22:48:22.551 69580 INFO tempest.lib.common.rest_client [req-08d80169-9a94-45af-9e3b-983477e50efc req-08d80169-9a94-45af-9e3b-983477e50efc ] Request (ServersTestFqdnHostnames:test_create_server_with_fqdn_name): 201 POST http://10.180.1.21:9696/networking/v2.0/security-group-rules 0.407s
2025-04-19 22:48:22.600 69560 INFO tempest.lib.common.rest_client [req-c16e82cb-008e-409f-9524-341c130a0ee3 req-c16e82cb-008e-409f-9524-341c130a0ee3 ] Request (ServersAaction247Test:tearDownClass): 200 GET http://10.180.1.21/compute/v2.1/servers/15a216a3-85e7-40f3-bdd2-7d1ac563aeb0 0.795s
2025-04-19 22:48:22.655 69556 INFO tempest.lib.common.rest_client [req-b0987338-2d09-443a-b681-8fb6f31caf16 req-b0987338-2d09-443a-b681-8fb6f31caf16 ] Request (DeleteServersTestJSON:test_delete_server_while_in_attached_volume): 200 GET http://10.180.1.21/compute/v2.1/servers/69098679-d76f-4276-a76f-cba54747246d 0.807s
2025-04-19 22:48:22.673 69580 INFO tempest.lib.common.rest_client [req-56664a31-65b2-4cff-9807-9492d7b5a484 req-56664a31-65b2-4cff-9807-9492d7b5a484 ] Request (ServersTestFqdnHostnames:test_create_server_with_fqdn_name): 201 POST http://10.180.1.21:9696/networking/v2.0/security-group-rules 0.121s
2025-04-19 22:48:22.763 69610 INFO tempest.lib.common.rest_client [req-096993e0-9d3e-4654-a63f-cd05f41e7b6d req-096993e0-9d3e-4654-a63f-cd05f41e7b6d ] Request (ImagesOneServerTestJSON:setUpClass): 200 GET http://10.180.1.21/compute/v2.1/servers/082b9d94-88f6-4b1d-b7af-fb508bb61e82 0.751s
2025-04-19 22:48:22.770 69610 INFO tempest.common.waiters [-] State transition "BUILD/block_device_mapping" ==> "BUILD/spawning" after 89 second wait
2025-04-19 22:48:22.891 69586 INFO tempest.lib.common.rest_client [req-211317c9-f824-4673-9f30-819fe7dc64f3 req-211317c9-f824-4673-9f30-819fe7dc64f3 ] Request (ImagesOneServerNegativeTestJSON:setUpClass): 200 GET http://10.180.1.21/compute/v2.1/servers/4843d66a-3d1f-40fc-9862-e9cdbc2f8d3f 0.684s
2025-04-19 22:48:22.961 69590 INFO tempest.lib.common.rest_client [req-44d00256-1fe0-4e98-905c-96b238e98b69 req-44d00256-1fe0-4e98-905c-96b238e98b69 ] Request (ImagesNegativeTestJSON:test_create_image_from_deleted_server): 200 GET http://10.180.1.21/compute/v2.1/servers/8214b619-33e9-463b-bc33-cb2957f8b348 0.656s
2025-04-19 22:48:23.025 69585 INFO tempest.lib.common.rest_client [req-cbec2a01-a08d-49ba-a17e-4d9afd2be9f7 req-cbec2a01-a08d-49ba-a17e-4d9afd2be9f7 ] Request (ServerTagsTestJSON:setUpClass): 200 GET http://10.180.1.21/compute/v2.1/servers/d9603c2e-f0e0-45a6-a31d-b58c052874d4 0.656s
2025-04-19 22:48:23.090 69600 INFO tempest.lib.common.rest_client [req-1c3ca4c7-5054-496e-be9e-9ab3475b6ae2 req-1c3ca4c7-5054-496e-be9e-9ab3475b6ae2 ] Request (ServerActionsTestOtherA:setUpClass): 200 GET http://10.180.1.21/compute/v2.1/servers/0614d5ec-c144-48fe-9248-a498b34699a6 0.660s
2025-04-19 22:48:23.145 69606 INFO tempest.lib.common.rest_client [req-6609730c-6bc0-4e9d-81f9-14567dbb9eb1 req-6609730c-6bc0-4e9d-81f9-14567dbb9eb1 ] Request (SecurityGroupsTestJSON:test_list_security_groups_by_server): 200 GET http://10.180.1.21/compute/v2.1/servers/ffae9122-9be9-4ba6-84d3-52272208922d 0.653s
2025-04-19 22:48:23.190 69580 INFO tempest.lib.common.rest_client [req-3f720489-cc76-4a77-937b-47a9ca9aec27 req-3f720489-cc76-4a77-937b-47a9ca9aec27 ] Request (ServersTestFqdnHostnames:test_create_server_with_fqdn_name): 201 POST http://10.180.1.21:9696/networking/v2.0/floatingips 0.516s
2025-04-19 22:48:23.196 69550 INFO tempest.lib.common.rest_client [req-658cfdc0-2501-4956-b2ec-9b3657828eba req-658cfdc0-2501-4956-b2ec-9b3657828eba ] Request (ListImageFiltersTestJSON:setUpClass): 200 GET http://10.180.1.21/compute/v2.1/servers/13e72229-59cc-4f51-bda1-f8c69cbef790 0.640s
2025-04-19 22:48:23.242 69562 INFO tempest.lib.common.rest_client [req-b9d545fd-9d69-490a-b1b2-f4d8d030177f req-b9d545fd-9d69-490a-b1b2-f4d8d030177f ] Request (InstanceActionsNegativeTestJSON:setUpClass): 200 PUT http://10.180.1.21:9696/networking/v2.0/routers/172891db-3e1d-4b49-aeeb-ea9b35de799d/add_router_interface 2.158s
2025-04-19 22:48:23.244 69562 INFO tempest.lib.common.dynamic_creds [-] Created isolated network resources for: credentials: Credentials: {'domain_id': 'default', 'domain_name': 'Default', 'username': 'tempest-InstanceActionsNegativeTestJSON-855919845-project-member', 'project_domain_id': 'default', 'project_domain_name': 'Default', 'project_id': '45d345ad9e33489095c22cbb3872e0b6', 'project_name': 'tempest-InstanceActionsNegativeTestJSON-855919845', 'tenant_id': '45d345ad9e33489095c22cbb3872e0b6', 'tenant_name': 'tempest-InstanceActionsNegativeTestJSON-855919845', 'user_domain_id': 'default', 'user_domain_name': 'Default', 'user_id': 'b37846a313214db08e44f1899192cbd3', 'system': None}, Network: {'id': '4cfb3603-f94e-4e8b-8036-362babf8bcf9', 'name': 'tempest-InstanceActionsNegativeTestJSON-1555742075-network', 'tenant_id': '45d345ad9e33489095c22cbb3872e0b6', 'admin_state_up': True, 'mtu': 8950, 'status': 'ACTIVE', 'subnets': [], 'shared': False, 'project_id': '45d345ad9e33489095c22cbb3872e0b6', 'port_security_enabled': True, 'router:external': False, 'provider:network_type': 'vlan', 'provider:physical_network': 'default', 'provider:segmentation_id': 87, 'availability_zone_hints': [], 'availability_zones': [], 'ipv4_address_scope': None, 'ipv6_address_scope': None, 'description': '', 'tags': [], 'created_at': '2025-04-19T22:48:19Z', 'updated_at': '2025-04-19T22:48:19Z', 'revision_number': 1}, Subnet: {'id': '955c11bf-9ff9-4b2b-b13a-543c32f73e4a', 'name': 'tempest-InstanceActionsNegativeTestJSON-1555742075-subnet', 'tenant_id': '45d345ad9e33489095c22cbb3872e0b6', 'network_id': '4cfb3603-f94e-4e8b-8036-362babf8bcf9', 'ip_version': 4, 'subnetpool_id': None, 'enable_dhcp': True, 'ipv6_ra_mode': None, 'ipv6_address_mode': None, 'gateway_ip': '192.168.128.1', 'cidr': '192.168.128.0/28', 'allocation_pools': [{'start': '192.168.128.2', 'end': '192.168.128.14'}], 'host_routes': [], 'dns_nameservers': [], 'description': '', 'router:external': False, 'service_types': [], 'tags': [], 'created_at': '2025-04-19T22:48:19Z', 'updated_at': '2025-04-19T22:48:19Z', 'revision_number': 0, 'project_id': '45d345ad9e33489095c22cbb3872e0b6'}, Router: {'id': '172891db-3e1d-4b49-aeeb-ea9b35de799d', 'name': 'tempest-InstanceActionsNegativeTestJSON-1555742075-router', 'tenant_id': '45d345ad9e33489095c22cbb3872e0b6', 'admin_state_up': True, 'status': 'ACTIVE', 'external_gateway_info': {'network_id': 'a3113d27-0091-4307-8874-841641a3b0e0', 'external_fixed_ips': [{'subnet_id': 'c550bedc-3375-4b20-a897-1c1c2eae5950', 'ip_address': '10.180.180.215'}], 'enable_snat': True}, 'description': '', 'availability_zones': [], 'distributed': False, 'ha': False, 'availability_zone_hints': [], 'routes': [], 'flavor_id': None, 'tags': [], 'created_at': '2025-04-19T22:48:20Z', 'updated_at': '2025-04-19T22:48:20Z', 'revision_number': 2, 'project_id': '45d345ad9e33489095c22cbb3872e0b6'}
2025-04-19 22:48:23.244 69580 INFO tempest.lib.common.rest_client [req-a25e8775-d1e5-45ab-ab7a-bf31d1078efa req-a25e8775-d1e5-45ab-ab7a-bf31d1078efa ] Request (ServersTestFqdnHostnames:test_create_server_with_fqdn_name): 201 POST http://10.180.1.21/identity/v3/auth/tokens 0.050s
2025-04-19 22:48:23.245 69580 INFO tempest.lib.common.fixed_network [-] (ServersTestFqdnHostnames:test_create_server_with_fqdn_name) Found network {'id': '3f8fb265-6c5d-4f46-b8a6-a007a1a015fc', 'name': 'tempest-ServersTestFqdnHostnames-909981985-network', 'tenant_id': 'f05c4e4a791c4c079882b3318b5828b1', 'admin_state_up': True, 'mtu': 8950, 'status': 'ACTIVE', 'subnets': [], 'shared': False, 'project_id': 'f05c4e4a791c4c079882b3318b5828b1', 'port_security_enabled': True, 'router:external': False, 'provider:network_type': 'vlan', 'provider:physical_network': 'default', 'provider:segmentation_id': 744, 'availability_zone_hints': [], 'availability_zones': [], 'ipv4_address_scope': None, 'ipv6_address_scope': None, 'description': '', 'tags': [], 'created_at': '2025-04-19T22:48:18Z', 'updated_at': '2025-04-19T22:48:18Z', 'revision_number': 1} available for tenant
2025-04-19 22:48:23.287 69570 INFO tempest.lib.common.rest_client [req-195ae104-6dfa-4c86-ab72-7dea874759f3 req-195ae104-6dfa-4c86-ab72-7dea874759f3 ] Request (VolumesAssistedSnapshotsTest:tearDownClass): 200 GET http://10.180.1.21/compute/v2.1/servers/efe57460-22b1-4a19-875c-0d19098a8c4a 0.664s
2025-04-19 22:48:23.349 69572 INFO tempest.lib.common.rest_client [req-2b0a3a77-0dfd-4c53-ac76-bb06424cc1d0 req-2b0a3a77-0dfd-4c53-ac76-bb06424cc1d0 ] Request (DeleteServersAdminTestJSON:test_delete_server_while_in_error_state): 200 GET http://10.180.1.21/compute/v2.1/servers/d8fe6fbd-05c2-4bf5-8615-bb505bd0c031 0.646s
2025-04-19 22:48:23.364 69562 INFO tempest.lib.common.rest_client [req-5f4d44b6-8baf-4bf9-a7b2-03e9e4a10a6e req-5f4d44b6-8baf-4bf9-a7b2-03e9e4a10a6e ] Request (InstanceActionsNegativeTestJSON:setUpClass): 201 POST http://10.180.1.21/identity/v3/auth/tokens 0.116s
2025-04-19 22:48:23.402 69594 INFO tempest.lib.common.rest_client [req-0e6373c6-5c00-44c6-8694-568f59c0f5f5 req-0e6373c6-5c00-44c6-8694-568f59c0f5f5 ] Request (VolumesAdminNegativeTest:test_update_attached_volume_with_nonexistent_volume_in_body): 200 GET http://10.180.1.21/volume/v3/volumes/f3da5209-d94a-42b9-b278-dc892865a088 0.043s
2025-04-19 22:48:23.409 69562 INFO tempest.lib.common.rest_client [req-1f594f54-b496-47cb-9dd9-0411b2267d68 req-1f594f54-b496-47cb-9dd9-0411b2267d68 ] Request (InstanceActionsNegativeTestJSON:setUpClass): 201 POST http://10.180.1.21/identity/v3/auth/tokens 0.041s
2025-04-19 22:48:23.410 69562 INFO tempest.lib.common.fixed_network [-] (InstanceActionsNegativeTestJSON:setUpClass) Found network {'id': '4cfb3603-f94e-4e8b-8036-362babf8bcf9', 'name': 'tempest-InstanceActionsNegativeTestJSON-1555742075-network', 'tenant_id': '45d345ad9e33489095c22cbb3872e0b6', 'admin_state_up': True, 'mtu': 8950, 'status': 'ACTIVE', 'subnets': [], 'shared': False, 'project_id': '45d345ad9e33489095c22cbb3872e0b6', 'port_security_enabled': True, 'router:external': False, 'provider:network_type': 'vlan', 'provider:physical_network': 'default', 'provider:segmentation_id': 87, 'availability_zone_hints': [], 'availability_zones': [], 'ipv4_address_scope': None, 'ipv6_address_scope': None, 'description': '', 'tags': [], 'created_at': '2025-04-19T22:48:19Z', 'updated_at': '2025-04-19T22:48:19Z', 'revision_number': 1} available for tenant
2025-04-19 22:48:23.414 69594 INFO tempest.common.waiters [-] volume f3da5209-d94a-42b9-b278-dc892865a088 reached available after waiting for 1.413994 seconds
2025-04-19 22:48:23.531 69568 INFO tempest.lib.common.rest_client [req-bf265a6d-cbd6-4670-9f19-c407070cc130 req-bf265a6d-cbd6-4670-9f19-c407070cc130 ] Request (FloatingIPsAssociationTestJSON:test_associate_already_associated_floating_ip): 200 GET http://10.180.1.21/compute/v2.1/servers/bebef016-51f9-4368-9862-b1fc990fbb98 0.771s
2025-04-19 22:48:23.542 69568 INFO tempest.common.waiters [-] State transition "BUILD/None" ==> "BUILD/networking" after 88 second wait
2025-04-19 22:48:23.586 69602 INFO tempest.lib.common.rest_client [req-7293205a-30af-4ec4-82eb-80c4d09f35a4 req-7293205a-30af-4ec4-82eb-80c4d09f35a4 ] Request (ImagesTestJSON:test_create_image_from_suspended_server): 200 GET http://10.180.1.21/compute/v2.1/servers/dcb2c786-0332-4cda-bbf0-6f84ec4fb7aa 0.766s
2025-04-19 22:48:23.624 69552 INFO tempest.lib.common.rest_client [req-8a970938-7617-4839-a0b8-e0d76ba8e9e3 req-8a970938-7617-4839-a0b8-e0d76ba8e9e3 ] Request (AttachInterfacesUnderV243Test:test_add_remove_fixed_ip): 200 GET http://10.180.1.21/compute/v2.1/servers/f24d0958-af72-4bb1-b88d-5244a488ef2b/ips 0.791s
2025-04-19 22:48:23.673 69608 INFO tempest.lib.common.rest_client [req-25730513-e86b-4713-b6d5-55159c460904 req-25730513-e86b-4713-b6d5-55159c460904 ] Request (ServersAdminTestJSON:test_inject_network_info): 200 GET http://10.180.1.21/compute/v2.1/servers/eb123ea6-e162-4dfc-9eba-1a2a908c47ec 0.787s
2025-04-19 22:48:23.724 69596 INFO tempest.lib.common.rest_client [req-ac40cc3a-e569-43d7-8c23-e9e77355b58b req-ac40cc3a-e569-43d7-8c23-e9e77355b58b ] Request (MultipleCreateTestJSON:test_multiple_create_with_reservation_return): 200 GET http://10.180.1.21/compute/v2.1/servers/ab246b37-d9a2-454a-932b-3b49cba0e0f9 0.657s
2025-04-19 22:48:23.788 69548 INFO tempest.lib.common.rest_client [req-601cbca2-17f8-4806-9c49-1952d2e0fca4 req-601cbca2-17f8-4806-9c49-1952d2e0fca4 ] Request (ServerDiskConfigTestJSON:test_resize_server_from_auto_to_manual): 200 GET http://10.180.1.21/compute/v2.1/servers/022614a7-ce73-4a6f-a7ea-2763b9da7788 0.658s
2025-04-19 22:48:23.857 69588 INFO tempest.lib.common.rest_client [req-d17b251e-86e0-459f-9e88-eafca3debe49 req-d17b251e-86e0-459f-9e88-eafca3debe49 ] Request (ServersListShow296Test:test_list_show_update_rebuild_server_296): 200 GET http://10.180.1.21/compute/v2.1/servers/22c24625-6973-44f4-8f39-7ae9c88bd8f1 0.664s
2025-04-19 22:48:23.868 69592 INFO tempest.lib.common.rest_client [req-5944b0fe-738e-47d5-afc4-032e38169394 req-5944b0fe-738e-47d5-afc4-032e38169394 ] Request (AttachInterfacesTestJSON:test_create_list_show_delete_interfaces_by_fixed_ip): 200 POST http://10.180.1.21/compute/v2.1/servers/e9d01ac4-c62e-4cbb-bed2-2fdfb51df71c/os-interface 9.258s
2025-04-19 22:48:23.958 69578 INFO tempest.lib.common.rest_client [req-68702f00-8193-433f-9558-be9c175f5904 req-68702f00-8193-433f-9558-be9c175f5904 ] Request (ServerGroupTestJSON:_run_cleanups): 200 GET http://10.180.1.21/compute/v2.1/servers/a823bd62-20a8-4b40-8698-e164d21a7471 0.688s
2025-04-19 22:48:24.017 69598 INFO tempest.lib.common.rest_client [req-4f8113dd-c9e7-41fe-afb1-0618fb5ebb89 req-4f8113dd-c9e7-41fe-afb1-0618fb5ebb89 ] Request (ServerRescueTestJSON:setUpClass): 200 GET http://10.180.1.21/compute/v2.1/servers/aee843c9-5d66-4815-b640-7c85b299689b 0.675s
2025-04-19 22:48:24.256 69580 INFO tempest.lib.common.rest_client [req-c674fa78-4a77-4492-a769-a5d52d429b16 req-c674fa78-4a77-4492-a769-a5d52d429b16 ] Request (ServersTestFqdnHostnames:test_create_server_with_fqdn_name): 202 POST http://10.180.1.21/compute/v2.1/servers 1.009s
2025-04-19 22:48:24.353 69554 INFO tempest.lib.common.rest_client [req-788bfa17-9485-43ad-a596-de5e9b6996ca req-788bfa17-9485-43ad-a596-de5e9b6996ca ] Request (ServerActionsV293TestJSON:setUpClass): 200 GET http://10.180.1.21/compute/v2.1/servers/f1a7c151-4a73-420d-9fdb-199f9a136198 0.940s
2025-04-19 22:48:24.401 69562 INFO tempest.lib.common.rest_client [req-c2f39462-9255-4331-b927-df1d53618c4e req-c2f39462-9255-4331-b927-df1d53618c4e ] Request (InstanceActionsNegativeTestJSON:setUpClass): 202 POST http://10.180.1.21/compute/v2.1/servers 0.991s
2025-04-19 22:48:24.481 69564 INFO tempest.lib.common.rest_client [req-a23f19ed-7152-43ff-922d-7d38e848cac2 req-a23f19ed-7152-43ff-922d-7d38e848cac2 ] Request (ServersAdminNegativeTestJSON:tearDownClass): 200 GET http://10.180.1.21/compute/v2.1/servers/168831bc-c8b0-415e-89d4-6a1b5ea03dc3 1.003s
2025-04-19 22:48:24.530 69566 INFO tempest.lib.common.rest_client [req-192b15a9-f0bd-4b6c-9190-c1ddd8d3eac3 req-192b15a9-f0bd-4b6c-9190-c1ddd8d3eac3 ] Request (ServerRescueNegativeTestJSON:setUpClass): 200 GET http://10.180.1.21/compute/v2.1/servers/88f2ec1c-f6dc-4d20-96df-d3272d74dc7e 0.995s
2025-04-19 22:48:24.588 69560 INFO tempest.lib.common.rest_client [req-10d593ee-540c-4924-bb3f-1e597b0eae68 req-10d593ee-540c-4924-bb3f-1e597b0eae68 ] Request (ServersAaction247Test:tearDownClass): 200 GET http://10.180.1.21/compute/v2.1/servers/15a216a3-85e7-40f3-bdd2-7d1ac563aeb0 0.971s
2025-04-19 22:48:24.631 69556 INFO tempest.lib.common.rest_client [req-5fbba4f7-a5ff-45e2-a405-3763605b44fd req-5fbba4f7-a5ff-45e2-a405-3763605b44fd ] Request (DeleteServersTestJSON:test_delete_server_while_in_attached_volume): 200 GET http://10.180.1.21/compute/v2.1/servers/69098679-d76f-4276-a76f-cba54747246d 0.962s
2025-04-19 22:48:24.718 69610 INFO tempest.lib.common.rest_client [req-3bf01b6f-0114-4fa8-bc58-4cdcad548df6 req-3bf01b6f-0114-4fa8-bc58-4cdcad548df6 ] Request (ImagesOneServerTestJSON:setUpClass): 200 GET http://10.180.1.21/compute/v2.1/servers/082b9d94-88f6-4b1d-b7af-fb508bb61e82 0.947s
2025-04-19 22:48:24.770 69592 INFO tempest.lib.common.rest_client [req-481117bc-0c8e-4f9e-bfd1-d2975b87619f req-481117bc-0c8e-4f9e-bfd1-d2975b87619f ] Request (AttachInterfacesTestJSON:test_create_list_show_delete_interfaces_by_fixed_ip): 200 GET http://10.180.1.21/compute/v2.1/servers/e9d01ac4-c62e-4cbb-bed2-2fdfb51df71c/os-interface/fc9e8471-7d07-41ef-b80f-2ee605594798 0.899s
2025-04-19 22:48:24.855 69586 INFO tempest.lib.common.rest_client [req-422eb2c6-8947-48e4-95ca-5994bb4e6c2c req-422eb2c6-8947-48e4-95ca-5994bb4e6c2c ] Request (ImagesOneServerNegativeTestJSON:setUpClass): 200 GET http://10.180.1.21/compute/v2.1/servers/4843d66a-3d1f-40fc-9862-e9cdbc2f8d3f 0.954s
2025-04-19 22:48:24.862 69586 INFO tempest.common.waiters [-] State transition "BUILD/spawning" ==> "ACTIVE/None" after 94 second wait
2025-04-19 22:48:24.913 69590 INFO tempest.lib.common.rest_client [req-9c178cc9-fd6e-4397-ad2d-d877ef1657bb req-9c178cc9-fd6e-4397-ad2d-d877ef1657bb ] Request (ImagesNegativeTestJSON:test_create_image_from_deleted_server): 200 GET http://10.180.1.21/compute/v2.1/servers/8214b619-33e9-463b-bc33-cb2957f8b348 0.943s
2025-04-19 22:48:24.920 69574 WARNING tempest.lib.common.ssh [-] Failed to establish authenticated ssh connection to cirros@10.180.180.208 ([Errno None] Unable to connect to port 22 on 10.180.180.208). Number attempts: 1. Retry after 2 seconds.: paramiko.ssh_exception.NoValidConnectionsError: [Errno None] Unable to connect to port 22 on 10.180.180.208
2025-04-19 22:48:24.965 69585 INFO tempest.lib.common.rest_client [req-3d73566a-a6f4-4918-9ddd-d421eccbf022 req-3d73566a-a6f4-4918-9ddd-d421eccbf022 ] Request (ServerTagsTestJSON:setUpClass): 200 GET http://10.180.1.21/compute/v2.1/servers/d9603c2e-f0e0-45a6-a31d-b58c052874d4 0.922s
2025-04-19 22:48:25.014 69600 INFO tempest.lib.common.rest_client [req-7ce820ea-6599-4572-b1d9-60d2aaac85f0 req-7ce820ea-6599-4572-b1d9-60d2aaac85f0 ] Request (ServerActionsTestOtherA:setUpClass): 200 GET http://10.180.1.21/compute/v2.1/servers/0614d5ec-c144-48fe-9248-a498b34699a6 0.914s
2025-04-19 22:48:25.062 69606 INFO tempest.lib.common.rest_client [req-fe9d24fe-a68e-4a34-b62d-63de4f10f277 req-fe9d24fe-a68e-4a34-b62d-63de4f10f277 ] Request (SecurityGroupsTestJSON:test_list_security_groups_by_server): 200 GET http://10.180.1.21/compute/v2.1/servers/ffae9122-9be9-4ba6-84d3-52272208922d 0.904s
2025-04-19 22:48:25.108 69550 INFO tempest.lib.common.rest_client [req-eeef1dfc-89e1-4e22-a5b3-519daff6582d req-eeef1dfc-89e1-4e22-a5b3-519daff6582d ] Request (ListImageFiltersTestJSON:setUpClass): 200 GET http://10.180.1.21/compute/v2.1/servers/13e72229-59cc-4f51-bda1-f8c69cbef790 0.898s
2025-04-19 22:48:25.154 69580 INFO tempest.lib.common.rest_client [req-16e75765-71a9-4e2a-b13c-fbd3dc850ed6 req-16e75765-71a9-4e2a-b13c-fbd3dc850ed6 ] Request (ServersTestFqdnHostnames:test_create_server_with_fqdn_name): 200 GET http://10.180.1.21/compute/v2.1/servers/3858324e-af5f-44a8-8099-22bd4305a3c5 0.896s
2025-04-19 22:48:25.228 69570 INFO tempest.lib.common.rest_client [req-c99bd374-3299-4444-98ec-9c5b62825367 req-c99bd374-3299-4444-98ec-9c5b62825367 ] Request (VolumesAssistedSnapshotsTest:tearDownClass): 200 GET http://10.180.1.21/compute/v2.1/servers/efe57460-22b1-4a19-875c-0d19098a8c4a 0.932s
2025-04-19 22:48:25.277 69572 INFO tempest.lib.common.rest_client [req-81ae29f7-4356-4205-a671-985f3c23579f req-81ae29f7-4356-4205-a671-985f3c23579f ] Request (DeleteServersAdminTestJSON:test_delete_server_while_in_error_state): 200 GET http://10.180.1.21/compute/v2.1/servers/d8fe6fbd-05c2-4bf5-8615-bb505bd0c031 0.919s
2025-04-19 22:48:25.327 69562 INFO tempest.lib.common.rest_client [req-712afa74-d386-44d1-9d5e-324f4cb35b86 req-712afa74-d386-44d1-9d5e-324f4cb35b86 ] Request (InstanceActionsNegativeTestJSON:setUpClass): 200 GET http://10.180.1.21/compute/v2.1/servers/8a18b244-a347-4b96-ae6f-bb2aeec8f85d 0.925s
2025-04-19 22:48:25.428 69568 INFO tempest.lib.common.rest_client [req-9f8ef927-ae69-4560-925c-eca82479ab20 req-9f8ef927-ae69-4560-925c-eca82479ab20 ] Request (FloatingIPsAssociationTestJSON:test_associate_already_associated_floating_ip): 200 GET http://10.180.1.21/compute/v2.1/servers/bebef016-51f9-4368-9862-b1fc990fbb98 0.885s
2025-04-19 22:48:25.435 69568 INFO tempest.common.waiters [-] State transition "BUILD/networking" ==> "BUILD/spawning" after 90 second wait
2025-04-19 22:48:25.475 69602 INFO tempest.lib.common.rest_client [req-074b8e81-77bb-4e17-ac66-5e2e2e05c254 req-074b8e81-77bb-4e17-ac66-5e2e2e05c254 ] Request (ImagesTestJSON:test_create_image_from_suspended_server): 200 GET http://10.180.1.21/compute/v2.1/servers/dcb2c786-0332-4cda-bbf0-6f84ec4fb7aa 0.875s
2025-04-19 22:48:25.497 69552 INFO tempest.lib.common.rest_client [req-f4b57891-3a2d-4550-b2dc-d6c7c4a85b03 req-f4b57891-3a2d-4550-b2dc-d6c7c4a85b03 ] Request (AttachInterfacesUnderV243Test:test_add_remove_fixed_ip): 200 GET http://10.180.1.21/compute/v2.1/servers/f24d0958-af72-4bb1-b88d-5244a488ef2b/ips 0.870s
2025-04-19 22:48:25.540 69608 INFO tempest.lib.common.rest_client [req-b34668a2-274e-4625-a807-c0dd9d689460 req-b34668a2-274e-4625-a807-c0dd9d689460 ] Request (ServersAdminTestJSON:test_inject_network_info): 200 GET http://10.180.1.21/compute/v2.1/servers/eb123ea6-e162-4dfc-9eba-1a2a908c47ec 0.856s
2025-04-19 22:48:25.586 69596 INFO tempest.lib.common.rest_client [req-ea7a3a4e-a423-4f0d-8068-e1bdeced431d req-ea7a3a4e-a423-4f0d-8068-e1bdeced431d ] Request (MultipleCreateTestJSON:test_multiple_create_with_reservation_return): 200 GET http://10.180.1.21/compute/v2.1/servers/ab246b37-d9a2-454a-932b-3b49cba0e0f9 0.852s
2025-04-19 22:48:25.644 69592 INFO tempest.lib.common.rest_client [req-6ffe8f3b-c013-4663-885d-dfb5307f99f9 req-6ffe8f3b-c013-4663-885d-dfb5307f99f9 ] Request (AttachInterfacesTestJSON:test_create_list_show_delete_interfaces_by_fixed_ip): 200 GET http://10.180.1.21/compute/v2.1/servers/e9d01ac4-c62e-4cbb-bed2-2fdfb51df71c/os-interface 0.872s
2025-04-19 22:48:25.688 69548 INFO tempest.lib.common.rest_client [req-8aaab6fb-7dc5-4be0-a351-3632be8bafa7 req-8aaab6fb-7dc5-4be0-a351-3632be8bafa7 ] Request (ServerDiskConfigTestJSON:test_resize_server_from_auto_to_manual): 200 GET http://10.180.1.21/compute/v2.1/servers/022614a7-ce73-4a6f-a7ea-2763b9da7788 0.886s
2025-04-19 22:48:25.772 69586 INFO tempest.lib.common.rest_client [req-fa63bd13-4c89-4ec9-9c42-ef8e70585103 req-fa63bd13-4c89-4ec9-9c42-ef8e70585103 ] Request (ImagesOneServerNegativeTestJSON:setUp): 200 GET http://10.180.1.21/compute/v2.1/servers/4843d66a-3d1f-40fc-9862-e9cdbc2f8d3f 0.908s
2025-04-19 22:48:25.828 69588 INFO tempest.lib.common.rest_client [req-1a776f81-d430-4495-8e47-31487a83c394 req-1a776f81-d430-4495-8e47-31487a83c394 ] Request (ServersListShow296Test:test_list_show_update_rebuild_server_296): 200 GET http://10.180.1.21/compute/v2.1/servers/22c24625-6973-44f4-8f39-7ae9c88bd8f1 0.957s
2025-04-19 22:48:25.837 69588 INFO tempest.common.waiters [-] State transition "BUILD/scheduling" ==> "BUILD/None" after 50 second wait
2025-04-19 22:48:25.883 69578 INFO tempest.lib.common.rest_client [req-f6e0c15c-f0b9-4886-a869-c4c820872669 req-f6e0c15c-f0b9-4886-a869-c4c820872669 ] Request (ServerGroupTestJSON:_run_cleanups): 200 GET http://10.180.1.21/compute/v2.1/servers/a823bd62-20a8-4b40-8698-e164d21a7471 0.914s
2025-04-19 22:48:26.019 69594 INFO tempest.lib.common.rest_client [req-59b7ab69-3157-4a0d-8a20-280d4c6acc4d req-59b7ab69-3157-4a0d-8a20-280d4c6acc4d ] Request (VolumesAdminNegativeTest:test_update_attached_volume_with_nonexistent_volume_in_body): 200 POST http://10.180.1.21/compute/v2.1/servers/40485daf-2011-4d34-b9d0-c696988de711/os-volume_attachments 2.605s
2025-04-19 22:48:26.046 69594 INFO tempest.lib.common.rest_client [req-73b66132-e068-4955-ad18-c2ea1a1c0eb8 req-73b66132-e068-4955-ad18-c2ea1a1c0eb8 ] Request (VolumesAdminNegativeTest:test_update_attached_volume_with_nonexistent_volume_in_body): 200 GET http://10.180.1.21/volume/v3/volumes/f3da5209-d94a-42b9-b278-dc892865a088 0.026s
2025-04-19 22:48:26.075 69554 INFO tempest.lib.common.rest_client [req-efcc9c5e-cf39-4a50-9642-804863a3f476 req-efcc9c5e-cf39-4a50-9642-804863a3f476 ] Request (ServerActionsV293TestJSON:setUpClass): 200 GET http://10.180.1.21/compute/v2.1/servers/f1a7c151-4a73-420d-9fdb-199f9a136198 0.706s
2025-04-19 22:48:26.119 69564 INFO tempest.lib.common.rest_client [req-ad30425c-3c92-4071-9dce-d33d5927c4b4 req-ad30425c-3c92-4071-9dce-d33d5927c4b4 ] Request (ServersAdminNegativeTestJSON:tearDownClass): 404 GET http://10.180.1.21/compute/v2.1/servers/168831bc-c8b0-415e-89d4-6a1b5ea03dc3 0.630s
2025-04-19 22:48:26.168 69598 INFO tempest.lib.common.rest_client [req-59a1f258-b6eb-4ff8-8035-920f624e098f req-59a1f258-b6eb-4ff8-8035-920f624e098f ] Request (ServerRescueTestJSON:setUpClass): 200 GET http://10.180.1.21/compute/v2.1/servers/aee843c9-5d66-4815-b640-7c85b299689b 1.142s
2025-04-19 22:48:26.226 69566 INFO tempest.lib.common.rest_client [req-ab00d661-478c-40fa-8d35-8bdcf75444dd req-ab00d661-478c-40fa-8d35-8bdcf75444dd ] Request (ServerRescueNegativeTestJSON:setUpClass): 200 GET http://10.180.1.21/compute/v2.1/servers/88f2ec1c-f6dc-4d20-96df-d3272d74dc7e 0.687s
2025-04-19 22:48:26.278 69552 INFO tempest.lib.common.rest_client [req-f0697801-f707-442a-b965-d2c1d75fbfbc req-f0697801-f707-442a-b965-d2c1d75fbfbc ] Request (AttachInterfacesUnderV243Test:test_add_remove_fixed_ip): 200 GET http://10.180.1.21/compute/v2.1/servers/f24d0958-af72-4bb1-b88d-5244a488ef2b 0.779s
2025-04-19 22:48:26.297 69560 INFO tempest.lib.common.rest_client [req-9a456fa2-ab0d-421d-9f89-bc42b2485fe5 req-9a456fa2-ab0d-421d-9f89-bc42b2485fe5 ] Request (ServersAaction247Test:tearDownClass): 200 GET http://10.180.1.21/compute/v2.1/servers/15a216a3-85e7-40f3-bdd2-7d1ac563aeb0 0.699s
