2025-12-09 21:44:50.075 65534 INFO tempest.lib.common.rest_client [req-95ca51e7-d877-4e01-a0cf-89cd324c50f1 req-95ca51e7-d877-4e01-a0cf-89cd324c50f1 ] Request (ServerGroupTestJSON:test_create_server_with_scheduler_hint_group): 200 GET http://10.180.1.21/compute/v2.1/servers/52062d6c-76e8-493b-8d49-31761e3bdb28 0.131s
2025-12-09 21:44:50.088 65524 INFO tempest.lib.common.rest_client [req-de489f99-50e0-4979-a630-461b1ceb45cb req-de489f99-50e0-4979-a630-461b1ceb45cb ] Request (DeleteServersTestJSON:test_delete_server_while_in_attached_volume): 200 GET http://10.180.1.21/compute/v2.1/servers/bb986fd1-8fc1-4d00-a5bb-b1896f64f86b 0.175s
2025-12-09 21:44:50.139 65556 INFO tempest.lib.common.rest_client [req-131ed7ba-4f6b-4ddd-af94-589dbc5ed569 req-131ed7ba-4f6b-4ddd-af94-589dbc5ed569 ] Request (ImagesOneServerNegativeTestJSON:_run_cleanups): 200 GET http://10.180.1.21/compute/v2.1/servers/7ba66cde-c34e-465c-b108-eb4ed10feeeb 0.174s
2025-12-09 21:44:50.154 65526 INFO tempest.lib.common.rest_client [req-e8207ef4-75c5-4424-bebe-45e01e306374 req-e8207ef4-75c5-4424-bebe-45e01e306374 ] Request (ServersNegativeTestJSON:test_create_with_invalid_image): 400 POST http://10.180.1.21/compute/v2.1/servers 0.089s
2025-12-09 21:44:50.247 65554 INFO tempest.lib.common.rest_client [req-b79c3288-007d-4c5e-8bf2-69a0a6532516 req-b79c3288-007d-4c5e-8bf2-69a0a6532516 ] Request (InstanceActionsV221TestJSON:test_get_list_deleted_instance_actions): 200 GET http://10.180.1.21/compute/v2.1/servers/18044d32-a753-482b-8c38-7d969f4eccd4 0.217s
2025-12-09 21:44:50.273 65572 INFO tempest.lib.common.rest_client [req-a8f8124d-7dec-47b4-a435-8417a2fcfbea req-a8f8124d-7dec-47b4-a435-8417a2fcfbea ] Request (ServersTestJSON:test_create_server_with_ipv6_addr_only): 200 GET http://10.180.1.21/compute/v2.1/servers/ce7a9ece-f407-4282-aeb3-7c7a716890d6 0.133s
2025-12-09 21:44:50.385 65526 INFO tempest.lib.common.rest_client [req-95ec3bb4-36ea-4c22-bffc-b6ae32feecd3 req-95ec3bb4-36ea-4c22-bffc-b6ae32feecd3 ] Request (ServersNegativeTestJSON:tearDown): 200 GET http://10.180.1.21/compute/v2.1/servers/7132894b-7404-488d-95c6-ffd1e1c8e868 0.230s
2025-12-09 21:44:50.486 65580 INFO tempest.lib.common.rest_client [req-2a852781-55a9-4055-9d6b-8275f8107103 req-2a852781-55a9-4055-9d6b-8275f8107103 ] Request (ServersAdminTestJSON:tearDownClass): 200 GET http://10.180.1.21/compute/v2.1/servers/d8be327f-821f-44e2-86d5-8afe85fc8135 0.146s
2025-12-09 21:44:50.494 65526 INFO tempest.lib.common.rest_client [req-83c384e8-5572-4ec2-812f-59ec8e6e94fa req-83c384e8-5572-4ec2-812f-59ec8e6e94fa ] Request (ServersNegativeTestJSON:setUp): 200 GET http://10.180.1.21/compute/v2.1/servers/7132894b-7404-488d-95c6-ffd1e1c8e868 0.101s
2025-12-09 21:44:50.534 65560 INFO tempest.lib.common.rest_client [req-1f9e5a7b-7598-44d1-887a-5297672c5a3b req-1f9e5a7b-7598-44d1-887a-5297672c5a3b ] Request (ImagesTestJSON:test_create_image_from_suspended_server): 200 GET http://10.180.1.21/compute/v2.1/images/1bfc308d-e9fb-4d19-a3ac-debe00fc471e 0.071s
2025-12-09 21:44:50.537 65526 INFO tempest.lib.common.rest_client [req-018fb9c3-c6ba-49aa-8871-826e089d59b7 req-018fb9c3-c6ba-49aa-8871-826e089d59b7 ] Request (ServersNegativeTestJSON:test_create_with_invalid_network_uuid): 201 POST http://10.180.1.21/identity/v3/auth/tokens 0.033s
2025-12-09 21:44:50.537 65526 INFO tempest.lib.common.fixed_network [-] (ServersNegativeTestJSON:test_create_with_invalid_network_uuid) Found network {'id': '395f0ee6-f8c5-4c0f-94ef-16e30a795887', 'name': 'tempest-ServersNegativeTestJSON-1570894960-network', 'tenant_id': '3287e017119846cbbdbae737197475a6', 'project_id': '3287e017119846cbbdbae737197475a6', 'admin_state_up': True, 'mtu': 8950, 'status': 'ACTIVE', 'subnets': [], 'shared': False, 'port_security_enabled': True, 'router:external': False, 'provider:network_type': 'vlan', 'provider:physical_network': 'default', 'provider:segmentation_id': 265, 'availability_zone_hints': [], 'availability_zones': [], 'ipv4_address_scope': None, 'ipv6_address_scope': None, 'description': '', 'tags': [], 'created_at': '2025-12-09T21:42:23Z', 'updated_at': '2025-12-09T21:42:23Z', 'revision_number': 1} available for tenant
2025-12-09 21:44:50.547 65526 INFO tempest.lib.common.rest_client [req-3110d8b2-4cf2-4fe2-8670-6cbd67f908bf req-3110d8b2-4cf2-4fe2-8670-6cbd67f908bf ] Request (ServersNegativeTestJSON:test_create_with_invalid_network_uuid): 400 POST http://10.180.1.21/compute/v2.1/servers 0.008s
2025-12-09 21:44:50.553 65566 INFO tempest.lib.common.rest_client [req-615c11e7-b74f-4ec7-a7d8-b8ea4dcb2095 req-615c11e7-b74f-4ec7-a7d8-b8ea4dcb2095 ] Request (ListImageFiltersTestJSON:tearDownClass): 200 GET http://10.180.1.21/compute/v2.1/servers/5d9a3ced-5b74-4a57-9b67-c70ba3d9e50b 0.146s
2025-12-09 21:44:50.652 65526 INFO tempest.lib.common.rest_client [req-5de9eb2e-6cdf-4c47-9755-78b95bbd10a7 req-5de9eb2e-6cdf-4c47-9755-78b95bbd10a7 ] Request (ServersNegativeTestJSON:tearDown): 200 GET http://10.180.1.21/compute/v2.1/servers/7132894b-7404-488d-95c6-ffd1e1c8e868 0.104s
2025-12-09 21:44:50.654 65574 INFO tempest.lib.common.rest_client [req-61bc5e50-9fef-4d42-a853-68992d19b357 req-61bc5e50-9fef-4d42-a853-68992d19b357 ] Request (ServersTestFqdnHostnames:tearDownClass): 200 GET http://10.180.1.21/compute/v2.1/servers/8236043b-483b-4b36-9351-0ae93c95bb34 0.069s
2025-12-09 21:44:50.748 65530 INFO tempest.lib.common.rest_client [req-39e03e44-4110-41fa-b6a0-77c6644e91e5 req-39e03e44-4110-41fa-b6a0-77c6644e91e5 ] Request (ServersAdminNegativeTestJSON:tearDownClass): 200 GET http://10.180.1.21/compute/v2.1/servers/267ab297-3488-46d2-9ec8-e4e1b26a3729 0.064s
2025-12-09 21:44:50.768 65526 INFO tempest.lib.common.rest_client [req-872c43e6-a9c5-45de-97fc-74a9ae1921e0 req-872c43e6-a9c5-45de-97fc-74a9ae1921e0 ] Request (ServersNegativeTestJSON:setUp): 200 GET http://10.180.1.21/compute/v2.1/servers/7132894b-7404-488d-95c6-ffd1e1c8e868 0.107s
2025-12-09 21:44:50.816 65526 INFO tempest.lib.common.rest_client [req-d1a4188f-7cc3-4835-832b-110a98e03a1c req-d1a4188f-7cc3-4835-832b-110a98e03a1c ] Request (ServersNegativeTestJSON:test_create_with_non_existent_keypair): 201 POST http://10.180.1.21/identity/v3/auth/tokens 0.036s
2025-12-09 21:44:50.816 65526 INFO tempest.lib.common.fixed_network [-] (ServersNegativeTestJSON:test_create_with_non_existent_keypair) Found network {'id': '395f0ee6-f8c5-4c0f-94ef-16e30a795887', 'name': 'tempest-ServersNegativeTestJSON-1570894960-network', 'tenant_id': '3287e017119846cbbdbae737197475a6', 'project_id': '3287e017119846cbbdbae737197475a6', 'admin_state_up': True, 'mtu': 8950, 'status': 'ACTIVE', 'subnets': [], 'shared': False, 'port_security_enabled': True, 'router:external': False, 'provider:network_type': 'vlan', 'provider:physical_network': 'default', 'provider:segmentation_id': 265, 'availability_zone_hints': [], 'availability_zones': [], 'ipv4_address_scope': None, 'ipv6_address_scope': None, 'description': '', 'tags': [], 'created_at': '2025-12-09T21:42:23Z', 'updated_at': '2025-12-09T21:42:23Z', 'revision_number': 1} available for tenant
2025-12-09 21:44:50.876 65540 INFO tempest.lib.common.rest_client [req-d75db8d9-365d-45a5-9bed-57990e5ec714 req-d75db8d9-365d-45a5-9bed-57990e5ec714 ] Request (ServerDiskConfigTestJSON:test_rebuild_server_with_auto_disk_config): 200 GET http://10.180.1.21/compute/v2.1/servers/9a491e51-a2ee-459e-8727-ba052d5df7e1 0.086s
2025-12-09 21:44:50.905 65550 INFO tempest.lib.common.rest_client [req-57c4f8a5-be0f-48cc-998b-9c124e4dcd22 req-57c4f8a5-be0f-48cc-998b-9c124e4dcd22 ] Request (MigrationsAdminTest:test_resize_server_revert_deleted_flavor): 200 GET http://10.180.1.21/compute/v2.1/servers/50280473-e947-4dfe-a9a6-59990bc21024 0.209s
2025-12-09 21:44:50.970 65562 INFO tempest.lib.common.rest_client [req-733424df-aa04-493f-a1bd-d52347097584 req-733424df-aa04-493f-a1bd-d52347097584 ] Request (FloatingIPsAssociationNegativeTestJSON:setUpClass): 200 GET http://10.180.1.21/compute/v2.1/servers/7d473544-0520-49bc-92f0-35ba9923ab2c 0.089s
2025-12-09 21:44:51.032 65526 INFO tempest.lib.common.rest_client [req-f9f0ef03-8d03-414a-96b7-fb6c4b27657c req-f9f0ef03-8d03-414a-96b7-fb6c4b27657c ] Request (ServersNegativeTestJSON:test_create_with_non_existent_keypair): 400 POST http://10.180.1.21/compute/v2.1/servers 0.215s
2025-12-09 21:44:51.099 65539 INFO tempest.lib.common.rest_client [req-430e80d7-2156-4145-bfa1-5fe3bd0bd8e6 req-430e80d7-2156-4145-bfa1-5fe3bd0bd8e6 ] Request (SecurityGroupsTestJSON:test_list_security_groups_by_server): 200 GET http://10.180.1.21/compute/v2.1/servers/50ea6fb3-7690-49ab-a3e4-18b87e44d5ed 0.168s
2025-12-09 21:44:51.114 65544 INFO tempest.lib.common.rest_client [req-a461365a-574f-4f3b-a1ea-ee06fdb1a18e req-a461365a-574f-4f3b-a1ea-ee06fdb1a18e ] Request (VolumesAdminNegativeTest:tearDownClass): 200 GET http://10.180.1.21/compute/v2.1/servers/f0a226ed-fe34-4b98-9cae-3d03ba3c3a9a 0.172s
2025-12-09 21:44:51.163 65584 INFO tempest.lib.common.rest_client [req-4d17a060-6d63-4b89-9936-0ffa4c4259e8 req-4d17a060-6d63-4b89-9936-0ffa4c4259e8 ] Request (ServersAaction247Test:test_create_backup): 200 GET http://10.180.1.21/compute/v2.1/servers/c9cbe3cd-9476-4d99-b832-811d9a157000 0.163s
2025-12-09 21:44:51.220 65534 INFO tempest.lib.common.rest_client [req-9b8b3f2f-6926-4613-a1f7-fb1c20083258 req-9b8b3f2f-6926-4613-a1f7-fb1c20083258 ] Request (ServerGroupTestJSON:test_create_server_with_scheduler_hint_group): 200 GET http://10.180.1.21/compute/v2.1/servers/52062d6c-76e8-493b-8d49-31761e3bdb28 0.136s
2025-12-09 21:44:51.241 65526 INFO tempest.lib.common.rest_client [req-0149a6bc-92e2-4d4a-8829-7e454caa7a54 req-0149a6bc-92e2-4d4a-8829-7e454caa7a54 ] Request (ServersNegativeTestJSON:tearDown): 200 GET http://10.180.1.21/compute/v2.1/servers/7132894b-7404-488d-95c6-ffd1e1c8e868 0.208s
2025-12-09 21:44:51.294 65556 INFO tempest.lib.common.rest_client [req-49df4809-ea13-455a-b080-a5b90745650a req-49df4809-ea13-455a-b080-a5b90745650a ] Request (ImagesOneServerNegativeTestJSON:_run_cleanups): 200 GET http://10.180.1.21/compute/v2.1/servers/7ba66cde-c34e-465c-b108-eb4ed10feeeb 0.142s
2025-12-09 21:44:51.351 65524 INFO tempest.lib.common.rest_client [req-bc5ae158-92cc-4838-b1a9-6a6feea753a5 req-bc5ae158-92cc-4838-b1a9-6a6feea753a5 ] Request (DeleteServersTestJSON:test_delete_server_while_in_attached_volume): 200 GET http://10.180.1.21/compute/v2.1/servers/bb986fd1-8fc1-4d00-a5bb-b1896f64f86b 0.254s
2025-12-09 21:44:51.409 65554 INFO tempest.lib.common.rest_client [req-b1c410ca-5185-44a3-a1ac-d3a3eba55e4b req-b1c410ca-5185-44a3-a1ac-d3a3eba55e4b ] Request (InstanceActionsV221TestJSON:test_get_list_deleted_instance_actions): 200 GET http://10.180.1.21/compute/v2.1/servers/18044d32-a753-482b-8c38-7d969f4eccd4 0.149s
2025-12-09 21:44:51.409 65526 INFO tempest.lib.common.rest_client [req-3b741115-7dbb-4867-be87-a59ffab6b2c1 req-3b741115-7dbb-4867-be87-a59ffab6b2c1 ] Request (ServersNegativeTestJSON:setUp): 200 GET http://10.180.1.21/compute/v2.1/servers/7132894b-7404-488d-95c6-ffd1e1c8e868 0.159s
2025-12-09 21:44:51.453 65526 INFO tempest.lib.common.rest_client [req-66fc2b0c-44db-471f-8e02-0b8c4eecfbe1 req-66fc2b0c-44db-471f-8e02-0b8c4eecfbe1 ] Request (ServersNegativeTestJSON:test_create_with_nonexistent_security_group): 201 POST http://10.180.1.21/identity/v3/auth/tokens 0.032s
2025-12-09 21:44:51.453 65526 INFO tempest.lib.common.fixed_network [-] (ServersNegativeTestJSON:test_create_with_nonexistent_security_group) Found network {'id': '395f0ee6-f8c5-4c0f-94ef-16e30a795887', 'name': 'tempest-ServersNegativeTestJSON-1570894960-network', 'tenant_id': '3287e017119846cbbdbae737197475a6', 'project_id': '3287e017119846cbbdbae737197475a6', 'admin_state_up': True, 'mtu': 8950, 'status': 'ACTIVE', 'subnets': [], 'shared': False, 'port_security_enabled': True, 'router:external': False, 'provider:network_type': 'vlan', 'provider:physical_network': 'default', 'provider:segmentation_id': 265, 'availability_zone_hints': [], 'availability_zones': [], 'ipv4_address_scope': None, 'ipv6_address_scope': None, 'description': '', 'tags': [], 'created_at': '2025-12-09T21:42:23Z', 'updated_at': '2025-12-09T21:42:23Z', 'revision_number': 1} available for tenant
2025-12-09 21:44:51.469 65572 INFO tempest.lib.common.rest_client [req-c5832322-b393-4c4b-916a-19de1ff1b7d8 req-c5832322-b393-4c4b-916a-19de1ff1b7d8 ] Request (ServersTestJSON:test_create_server_with_ipv6_addr_only): 200 GET http://10.180.1.21/compute/v2.1/servers/ce7a9ece-f407-4282-aeb3-7c7a716890d6 0.184s
2025-12-09 21:44:51.535 65526 INFO tempest.lib.common.rest_client [req-8659323b-ef20-44bc-9dc2-5638067621d8 req-8659323b-ef20-44bc-9dc2-5638067621d8 ] Request (ServersNegativeTestJSON:test_create_with_nonexistent_security_group): 400 POST http://10.180.1.21/compute/v2.1/servers 0.081s
2025-12-09 21:44:51.621 65580 INFO tempest.lib.common.rest_client [req-9b5a0e71-1f94-4706-b597-5a07c0f82a7c req-9b5a0e71-1f94-4706-b597-5a07c0f82a7c ] Request (ServersAdminTestJSON:tearDownClass): 200 GET http://10.180.1.21/compute/v2.1/servers/d8be327f-821f-44e2-86d5-8afe85fc8135 0.127s
2025-12-09 21:44:51.652 65526 INFO tempest.lib.common.rest_client [req-a6e9c928-920b-47c2-8153-f63d13349898 req-a6e9c928-920b-47c2-8153-f63d13349898 ] Request (ServersNegativeTestJSON:tearDown): 200 GET http://10.180.1.21/compute/v2.1/servers/7132894b-7404-488d-95c6-ffd1e1c8e868 0.116s
2025-12-09 21:44:51.667 65560 INFO tempest.lib.common.rest_client [req-921bbe09-34d5-45a4-9a82-dd8f928a04f4 req-921bbe09-34d5-45a4-9a82-dd8f928a04f4 ] Request (ImagesTestJSON:test_create_image_from_suspended_server): 200 GET http://10.180.1.21/compute/v2.1/images/1bfc308d-e9fb-4d19-a3ac-debe00fc471e 0.129s
2025-12-09 21:44:51.744 65566 INFO tempest.lib.common.rest_client [req-178043b7-38e5-4801-a2c7-8f9888fad406 req-178043b7-38e5-4801-a2c7-8f9888fad406 ] Request (ListImageFiltersTestJSON:tearDownClass): 200 GET http://10.180.1.21/compute/v2.1/servers/5d9a3ced-5b74-4a57-9b67-c70ba3d9e50b 0.183s
2025-12-09 21:44:51.814 65574 INFO tempest.lib.common.rest_client [req-ec6c01da-8c3a-40f2-b429-926b0039230f req-ec6c01da-8c3a-40f2-b429-926b0039230f ] Request (ServersTestFqdnHostnames:tearDownClass): 200 GET http://10.180.1.21/compute/v2.1/servers/8236043b-483b-4b36-9351-0ae93c95bb34 0.151s
2025-12-09 21:44:51.819 65526 INFO tempest.lib.common.rest_client [req-79704b8f-8117-4c35-857a-541eadcac679 req-79704b8f-8117-4c35-857a-541eadcac679 ] Request (ServersNegativeTestJSON:setUp): 200 GET http://10.180.1.21/compute/v2.1/servers/7132894b-7404-488d-95c6-ffd1e1c8e868 0.157s
2025-12-09 21:44:51.849 65560 INFO tempest.lib.common.rest_client [req-db836db1-3940-4022-883e-08396ef2bb1b req-db836db1-3940-4022-883e-08396ef2bb1b ] Request (ImagesTestJSON:test_create_image_from_suspended_server): 200 GET http://10.180.1.21/compute/v2.1/images/1bfc308d-e9fb-4d19-a3ac-debe00fc471e 0.178s
2025-12-09 21:44:51.861 65526 INFO tempest.lib.common.rest_client [req-1df69d76-4c57-4406-a88d-c64e0825b19f req-1df69d76-4c57-4406-a88d-c64e0825b19f ] Request (ServersNegativeTestJSON:test_delete_non_existent_server): 404 DELETE http://10.180.1.21/compute/v2.1/servers/c052d34f-96a8-46e3-88b4-07e3491c57fb 0.033s
2025-12-09 21:44:51.874 65560 INFO tempest.lib.common.rest_client [req-f2bc13e0-60fa-41d7-9047-def1fc0610e5 req-f2bc13e0-60fa-41d7-9047-def1fc0610e5 ] Request (ImagesTestJSON:test_create_image_from_suspended_server): 200 GET http://10.180.1.21/image/v2/images/1bfc308d-e9fb-4d19-a3ac-debe00fc471e/tasks 0.021s
2025-12-09 21:44:51.889 65530 INFO tempest.lib.common.rest_client [req-f2c50c33-2c1b-49b3-9d01-4b6d3223b5e4 req-f2c50c33-2c1b-49b3-9d01-4b6d3223b5e4 ] Request (ServersAdminNegativeTestJSON:tearDownClass): 200 GET http://10.180.1.21/compute/v2.1/servers/267ab297-3488-46d2-9ec8-e4e1b26a3729 0.132s
2025-12-09 21:44:51.978 65526 INFO tempest.lib.common.rest_client [req-bb5afc17-fa6e-4895-a4c2-7ea26de6bce8 req-bb5afc17-fa6e-4895-a4c2-7ea26de6bce8 ] Request (ServersNegativeTestJSON:tearDown): 200 GET http://10.180.1.21/compute/v2.1/servers/7132894b-7404-488d-95c6-ffd1e1c8e868 0.117s
2025-12-09 21:44:52.016 65560 INFO tempest.lib.common.rest_client [req-06f2eb82-7d30-4c67-aa90-cc4250a14257 req-06f2eb82-7d30-4c67-aa90-cc4250a14257 ] Request (ImagesTestJSON:_run_cleanups): 204 DELETE http://10.180.1.21/compute/v2.1/images/1bfc308d-e9fb-4d19-a3ac-debe00fc471e 0.141s
2025-12-09 21:44:52.043 65540 INFO tempest.lib.common.rest_client [req-6b36d053-d43c-4fcc-8fc1-ab8f4415bf94 req-6b36d053-d43c-4fcc-8fc1-ab8f4415bf94 ] Request (ServerDiskConfigTestJSON:test_rebuild_server_with_auto_disk_config): 200 GET http://10.180.1.21/compute/v2.1/servers/9a491e51-a2ee-459e-8727-ba052d5df7e1 0.155s
2025-12-09 21:44:52.096 65562 INFO tempest.lib.common.rest_client [req-d346d99b-a2c5-404a-82a4-8e02a9e1ef9c req-d346d99b-a2c5-404a-82a4-8e02a9e1ef9c ] Request (FloatingIPsAssociationNegativeTestJSON:setUpClass): 200 GET http://10.180.1.21/compute/v2.1/servers/7d473544-0520-49bc-92f0-35ba9923ab2c 0.117s
2025-12-09 21:44:52.161 65550 INFO tempest.lib.common.rest_client [req-673df046-70f3-4a45-aaaa-620dd1dbf0d5 req-673df046-70f3-4a45-aaaa-620dd1dbf0d5 ] Request (MigrationsAdminTest:test_resize_server_revert_deleted_flavor): 200 GET http://10.180.1.21/compute/v2.1/servers/50280473-e947-4dfe-a9a6-59990bc21024 0.248s
2025-12-09 21:44:52.258 65526 INFO tempest.lib.common.rest_client [req-bf910f96-2adc-4df5-b060-c3febae177db req-bf910f96-2adc-4df5-b060-c3febae177db ] Request (ServersNegativeTestJSON:setUp): 200 GET http://10.180.1.21/compute/v2.1/servers/7132894b-7404-488d-95c6-ffd1e1c8e868 0.272s
2025-12-09 21:44:52.287 65560 INFO tempest.lib.common.rest_client [req-56cabd51-a9c3-402b-9e10-ca75808122f8 req-56cabd51-a9c3-402b-9e10-ca75808122f8 ] Request (ImagesTestJSON:_run_cleanups): 204 DELETE http://10.180.1.21/compute/v2.1/servers/ca146207-1a00-4245-b679-08440cda063b 0.271s
2025-12-09 21:44:52.379 65544 INFO tempest.lib.common.rest_client [req-c2006011-26b3-48a5-9923-0a26f2183f5a req-c2006011-26b3-48a5-9923-0a26f2183f5a ] Request (VolumesAdminNegativeTest:tearDownClass): 200 GET http://10.180.1.21/compute/v2.1/servers/f0a226ed-fe34-4b98-9cae-3d03ba3c3a9a 0.256s
2025-12-09 21:44:52.390 65560 INFO tempest.lib.common.rest_client [req-049123ec-63e1-45fb-8260-5f853b21bacd req-049123ec-63e1-45fb-8260-5f853b21bacd ] Request (ImagesTestJSON:test_create_server_from_snapshot): 201 POST http://10.180.1.21/identity/v3/auth/tokens 0.099s
2025-12-09 21:44:52.391 65560 INFO tempest.lib.common.fixed_network [-] (ImagesTestJSON:test_create_server_from_snapshot) Found network {'id': '0c0d2bfe-271c-47a2-b33f-c09e376b05be', 'name': 'tempest-ImagesTestJSON-1681874391-network', 'tenant_id': '03182e35a1f743e78f10b185236cd44b', 'project_id': '03182e35a1f743e78f10b185236cd44b', 'admin_state_up': True, 'mtu': 8950, 'status': 'ACTIVE', 'subnets': [], 'shared': False, 'port_security_enabled': True, 'router:external': False, 'provider:network_type': 'vlan', 'provider:physical_network': 'default', 'provider:segmentation_id': 99, 'availability_zone_hints': [], 'availability_zones': [], 'ipv4_address_scope': None, 'ipv6_address_scope': None, 'description': '', 'tags': [], 'created_at': '2025-12-09T21:42:25Z', 'updated_at': '2025-12-09T21:42:25Z', 'revision_number': 1} available for tenant
2025-12-09 21:44:52.408 65539 INFO tempest.lib.common.rest_client [req-644e822c-8c8f-4991-b1f0-852934a0e91c req-644e822c-8c8f-4991-b1f0-852934a0e91c ] Request (SecurityGroupsTestJSON:test_list_security_groups_by_server): 200 GET http://10.180.1.21/compute/v2.1/servers/50ea6fb3-7690-49ab-a3e4-18b87e44d5ed 0.298s
2025-12-09 21:44:52.459 65584 INFO tempest.lib.common.rest_client [req-91b685ed-6d5d-43a8-a49d-e45e7704d0b4 req-91b685ed-6d5d-43a8-a49d-e45e7704d0b4 ] Request (ServersAaction247Test:test_create_backup): 200 GET http://10.180.1.21/compute/v2.1/servers/c9cbe3cd-9476-4d99-b832-811d9a157000 0.286s
2025-12-09 21:44:52.469 65526 INFO tempest.lib.common.rest_client [req-0d9a2394-cff1-44ce-9a71-864fb773d5ae req-0d9a2394-cff1-44ce-9a71-864fb773d5ae ] Request (ServersNegativeTestJSON:test_delete_server_pass_id_exceeding_length_limit): 404 DELETE http://10.180.1.21/compute/v2.1/servers/9223372036854775808 0.203s
2025-12-09 21:44:52.511 65534 INFO tempest.lib.common.rest_client [req-1a8c3452-ec9d-4e8e-815c-8c018b652db6 req-1a8c3452-ec9d-4e8e-815c-8c018b652db6 ] Request (ServerGroupTestJSON:test_create_server_with_scheduler_hint_group): 200 GET http://10.180.1.21/compute/v2.1/servers/52062d6c-76e8-493b-8d49-31761e3bdb28 0.280s
2025-12-09 21:44:52.560 65556 INFO tempest.lib.common.rest_client [req-0b6907fa-2bf2-4ab8-aa7f-55c57b7109a0 req-0b6907fa-2bf2-4ab8-aa7f-55c57b7109a0 ] Request (ImagesOneServerNegativeTestJSON:_run_cleanups): 200 GET http://10.180.1.21/compute/v2.1/servers/7ba66cde-c34e-465c-b108-eb4ed10feeeb 0.258s
2025-12-09 21:44:52.659 65524 INFO tempest.lib.common.rest_client [req-a4ad5437-c8f7-4a0e-be0c-3d72ffcfb083 req-a4ad5437-c8f7-4a0e-be0c-3d72ffcfb083 ] Request (DeleteServersTestJSON:test_delete_server_while_in_attached_volume): 200 GET http://10.180.1.21/compute/v2.1/servers/bb986fd1-8fc1-4d00-a5bb-b1896f64f86b 0.300s
2025-12-09 21:44:52.737 65554 INFO tempest.lib.common.rest_client [req-2b4b2f52-c34b-4374-a7b6-419a452d1506 req-2b4b2f52-c34b-4374-a7b6-419a452d1506 ] Request (InstanceActionsV221TestJSON:test_get_list_deleted_instance_actions): 200 GET http://10.180.1.21/compute/v2.1/servers/18044d32-a753-482b-8c38-7d969f4eccd4 0.317s
2025-12-09 21:44:52.893 65526 INFO tempest.lib.common.rest_client [req-b036f868-6627-4574-b611-1eab04626022 req-b036f868-6627-4574-b611-1eab04626022 ] Request (ServersNegativeTestJSON:tearDown): 200 GET http://10.180.1.21/compute/v2.1/servers/7132894b-7404-488d-95c6-ffd1e1c8e868 0.424s
2025-12-09 21:44:52.963 65572 INFO tempest.lib.common.rest_client [req-69ed72d1-03b7-40cb-b119-6b814264dd53 req-69ed72d1-03b7-40cb-b119-6b814264dd53 ] Request (ServersTestJSON:test_create_server_with_ipv6_addr_only): 200 GET http://10.180.1.21/compute/v2.1/servers/ce7a9ece-f407-4282-aeb3-7c7a716890d6 0.481s
2025-12-09 21:44:52.987 65564 WARNING tempest.lib.common.ssh [-] Failed to establish authenticated ssh connection to cirros@10.180.180.200 ([Errno None] Unable to connect to port 22 on 10.180.180.200). Number attempts: 7. Retry after 8 seconds.: paramiko.ssh_exception.NoValidConnectionsError: [Errno None] Unable to connect to port 22 on 10.180.180.200
2025-12-09 21:44:53.019 65560 INFO tempest.lib.common.rest_client [req-d233f162-3e9c-474e-975a-5f8f4da98c55 req-d233f162-3e9c-474e-975a-5f8f4da98c55 ] Request (ImagesTestJSON:test_create_server_from_snapshot): 202 POST http://10.180.1.21/compute/v2.1/servers 0.627s
2025-12-09 21:44:53.026 65580 INFO tempest.lib.common.rest_client [req-32d4e9be-d4d7-4f99-94f6-bb90848b9625 req-32d4e9be-d4d7-4f99-94f6-bb90848b9625 ] Request (ServersAdminTestJSON:tearDownClass): 200 GET http://10.180.1.21/compute/v2.1/servers/d8be327f-821f-44e2-86d5-8afe85fc8135 0.392s
2025-12-09 21:44:53.105 65566 INFO tempest.lib.common.rest_client [req-bef9509d-0ae9-4329-913b-c1ec4749804c req-bef9509d-0ae9-4329-913b-c1ec4749804c ] Request (ListImageFiltersTestJSON:tearDownClass): 200 GET http://10.180.1.21/compute/v2.1/servers/5d9a3ced-5b74-4a57-9b67-c70ba3d9e50b 0.351s
2025-12-09 21:44:53.117 65574 INFO tempest.lib.common.rest_client [req-ca77910e-3776-4d6f-94ee-1da3c3d5513a req-ca77910e-3776-4d6f-94ee-1da3c3d5513a ] Request (ServersTestFqdnHostnames:tearDownClass): 200 GET http://10.180.1.21/compute/v2.1/servers/8236043b-483b-4b36-9351-0ae93c95bb34 0.294s
2025-12-09 21:44:53.180 65530 INFO tempest.lib.common.rest_client [req-78210499-45bd-40bd-84a1-1a5d9b91d9e4 req-78210499-45bd-40bd-84a1-1a5d9b91d9e4 ] Request (ServersAdminNegativeTestJSON:tearDownClass): 200 GET http://10.180.1.21/compute/v2.1/servers/267ab297-3488-46d2-9ec8-e4e1b26a3729 0.280s
2025-12-09 21:44:53.231 65560 INFO tempest.lib.common.rest_client [req-490d549c-36d5-4679-9a2b-025dc9587e3e req-490d549c-36d5-4679-9a2b-025dc9587e3e ] Request (ImagesTestJSON:test_create_server_from_snapshot): 200 GET http://10.180.1.21/compute/v2.1/servers/a530eea4-fcad-40c9-be53-557b701eca09 0.211s
2025-12-09 21:44:53.247 65526 INFO tempest.lib.common.rest_client [req-74829a61-a762-4f37-8bbf-c16415678979 req-74829a61-a762-4f37-8bbf-c16415678979 ] Request (ServersNegativeTestJSON:setUp): 200 GET http://10.180.1.21/compute/v2.1/servers/7132894b-7404-488d-95c6-ffd1e1c8e868 0.340s
2025-12-09 21:44:53.299 65540 INFO tempest.lib.common.rest_client [req-2d400ba3-4979-43cd-9866-347a26258f64 req-2d400ba3-4979-43cd-9866-347a26258f64 ] Request (ServerDiskConfigTestJSON:test_rebuild_server_with_auto_disk_config): 200 GET http://10.180.1.21/compute/v2.1/servers/9a491e51-a2ee-459e-8727-ba052d5df7e1 0.242s
2025-12-09 21:44:53.302 65562 INFO tempest.lib.common.rest_client [req-31eed945-3046-49d8-9de2-d480e4b294ce req-31eed945-3046-49d8-9de2-d480e4b294ce ] Request (FloatingIPsAssociationNegativeTestJSON:setUpClass): 200 GET http://10.180.1.21/compute/v2.1/servers/7d473544-0520-49bc-92f0-35ba9923ab2c 0.198s
2025-12-09 21:44:53.306 65526 INFO tempest.lib.common.rest_client [req-51622d46-13e6-447e-afa7-77faa295d1fd req-51622d46-13e6-447e-afa7-77faa295d1fd ] Request (ServersNegativeTestJSON:test_delete_server_pass_negative_id): 404 DELETE http://10.180.1.21/compute/v2.1/servers/-1 0.050s
2025-12-09 21:44:53.422 65550 INFO tempest.lib.common.rest_client [req-a1763a2b-97fa-4480-9d88-a98ecaa25e0d req-a1763a2b-97fa-4480-9d88-a98ecaa25e0d ] Request (MigrationsAdminTest:test_resize_server_revert_deleted_flavor): 200 GET http://10.180.1.21/compute/v2.1/servers/50280473-e947-4dfe-a9a6-59990bc21024 0.252s
2025-12-09 21:44:53.424 65526 INFO tempest.lib.common.rest_client [req-3da7e3d5-6196-4077-ac76-7c9545bdf3d6 req-3da7e3d5-6196-4077-ac76-7c9545bdf3d6 ] Request (ServersNegativeTestJSON:tearDown): 200 GET http://10.180.1.21/compute/v2.1/servers/7132894b-7404-488d-95c6-ffd1e1c8e868 0.116s
2025-12-09 21:44:53.496 65544 INFO tempest.lib.common.rest_client [req-3741b7bd-be21-40ee-98be-46d8660865bd req-3741b7bd-be21-40ee-98be-46d8660865bd ] Request (VolumesAdminNegativeTest:tearDownClass): 200 GET http://10.180.1.21/compute/v2.1/servers/f0a226ed-fe34-4b98-9cae-3d03ba3c3a9a 0.108s
2025-12-09 21:44:53.531 65539 INFO tempest.lib.common.rest_client [req-fd5a1bf7-d31b-4839-b3f3-b09cfe8767e5 req-fd5a1bf7-d31b-4839-b3f3-b09cfe8767e5 ] Request (SecurityGroupsTestJSON:test_list_security_groups_by_server): 200 GET http://10.180.1.21/compute/v2.1/servers/50ea6fb3-7690-49ab-a3e4-18b87e44d5ed 0.114s
2025-12-09 21:44:53.588 65584 INFO tempest.lib.common.rest_client [req-09a1eb52-1c6d-4e9e-b2d7-2792a185c620 req-09a1eb52-1c6d-4e9e-b2d7-2792a185c620 ] Request (ServersAaction247Test:test_create_backup): 200 GET http://10.180.1.21/compute/v2.1/servers/c9cbe3cd-9476-4d99-b832-811d9a157000 0.118s
2025-12-09 21:44:53.600 65526 INFO tempest.lib.common.rest_client [req-50cfd83d-6173-422a-941e-b12ca10ee6d6 req-50cfd83d-6173-422a-941e-b12ca10ee6d6 ] Request (ServersNegativeTestJSON:setUp): 200 GET http://10.180.1.21/compute/v2.1/servers/7132894b-7404-488d-95c6-ffd1e1c8e868 0.167s
2025-12-09 21:44:53.640 65534 INFO tempest.lib.common.rest_client [req-119dba57-e053-4b4b-99b3-2c9b2844bcad req-119dba57-e053-4b4b-99b3-2c9b2844bcad ] Request (ServerGroupTestJSON:test_create_server_with_scheduler_hint_group): 200 GET http://10.180.1.21/compute/v2.1/servers/52062d6c-76e8-493b-8d49-31761e3bdb28 0.118s
2025-12-09 21:44:53.647 65556 INFO tempest.lib.common.rest_client [req-69841eac-ce50-488b-b833-3cfdb71cb826 req-69841eac-ce50-488b-b833-3cfdb71cb826 ] Request (ImagesOneServerNegativeTestJSON:_run_cleanups): 200 GET http://10.180.1.21/compute/v2.1/servers/7ba66cde-c34e-465c-b108-eb4ed10feeeb 0.078s
2025-12-09 21:44:53.648 65526 INFO tempest.lib.common.rest_client [req-4217cd12-6dd1-4d1c-b9ef-c7899f064228 req-4217cd12-6dd1-4d1c-b9ef-c7899f064228 ] Request (ServersNegativeTestJSON:test_force_delete_nonexistent_server_id): 404 POST http://10.180.1.21/compute/v2.1/servers/ed5031b0-7c0b-42d2-a9ad-730821144cd6/action 0.040s
2025-12-09 21:44:53.691 65528 WARNING tempest.lib.common.ssh [-] Failed to establish authenticated ssh connection to cirros@10.180.180.218 ([Errno None] Unable to connect to port 22 on 10.180.180.218). Number attempts: 8. Retry after 9 seconds.: paramiko.ssh_exception.NoValidConnectionsError: [Errno None] Unable to connect to port 22 on 10.180.180.218
2025-12-09 21:44:53.748 65526 INFO tempest.lib.common.rest_client [req-684ce579-1721-4a0b-a45b-2251e6315a2c req-684ce579-1721-4a0b-a45b-2251e6315a2c ] Request (ServersNegativeTestJSON:tearDown): 200 GET http://10.180.1.21/compute/v2.1/servers/7132894b-7404-488d-95c6-ffd1e1c8e868 0.100s
2025-12-09 21:44:53.767 65524 INFO tempest.lib.common.rest_client [req-d8ceb882-abde-4d67-9eb6-7fb5da374719 req-d8ceb882-abde-4d67-9eb6-7fb5da374719 ] Request (DeleteServersTestJSON:test_delete_server_while_in_attached_volume): 200 GET http://10.180.1.21/compute/v2.1/servers/bb986fd1-8fc1-4d00-a5bb-b1896f64f86b 0.098s
2025-12-09 21:44:53.807 65554 INFO tempest.lib.common.rest_client [req-6ba72eb5-bd6a-4fb9-a38d-a51a86141df0 req-6ba72eb5-bd6a-4fb9-a38d-a51a86141df0 ] Request (InstanceActionsV221TestJSON:test_get_list_deleted_instance_actions): 200 GET http://10.180.1.21/compute/v2.1/servers/18044d32-a753-482b-8c38-7d969f4eccd4 0.058s
2025-12-09 21:44:53.862 65526 INFO tempest.lib.common.rest_client [req-4eb65cb9-e4c0-4b31-8214-5c7125a82325 req-4eb65cb9-e4c0-4b31-8214-5c7125a82325 ] Request (ServersNegativeTestJSON:setUp): 200 GET http://10.180.1.21/compute/v2.1/servers/7132894b-7404-488d-95c6-ffd1e1c8e868 0.104s
2025-12-09 21:44:53.884 65526 INFO tempest.lib.common.rest_client [req-7440cef4-36a2-479a-b667-a3199d850029 req-7440cef4-36a2-479a-b667-a3199d850029 ] Request (ServersNegativeTestJSON:test_get_console_output_of_non_existent_server): 404 POST http://10.180.1.21/compute/v2.1/servers/94565200-1f2b-4736-8e5d-e884f7c83caf/action 0.015s
2025-12-09 21:44:53.995 65526 INFO tempest.lib.common.rest_client [req-48aa167d-de05-41dc-ba2b-45e3ed519a0e req-48aa167d-de05-41dc-ba2b-45e3ed519a0e ] Request (ServersNegativeTestJSON:tearDown): 200 GET http://10.180.1.21/compute/v2.1/servers/7132894b-7404-488d-95c6-ffd1e1c8e868 0.111s
2025-12-09 21:44:54.011 65570 WARNING tempest.lib.common.ssh [-] Failed to establish authenticated ssh connection to cirros@10.180.180.150 ([Errno None] Unable to connect to port 22 on 10.180.180.150). Number attempts: 1. Retry after 2 seconds.: paramiko.ssh_exception.NoValidConnectionsError: [Errno None] Unable to connect to port 22 on 10.180.180.150
2025-12-09 21:44:54.024 65572 INFO tempest.lib.common.rest_client [req-6ec0f622-ba45-43da-9364-6a4b33d4190e req-6ec0f622-ba45-43da-9364-6a4b33d4190e ] Request (ServersTestJSON:test_create_server_with_ipv6_addr_only): 200 GET http://10.180.1.21/compute/v2.1/servers/ce7a9ece-f407-4282-aeb3-7c7a716890d6 0.052s
2025-12-09 21:44:54.106 65526 INFO tempest.lib.common.rest_client [req-a39c0e51-0d62-44ce-8ecb-6c1993fdd311 req-a39c0e51-0d62-44ce-8ecb-6c1993fdd311 ] Request (ServersNegativeTestJSON:setUp): 200 GET http://10.180.1.21/compute/v2.1/servers/7132894b-7404-488d-95c6-ffd1e1c8e868 0.103s
2025-12-09 21:44:54.120 65580 INFO tempest.lib.common.rest_client [req-82dc01c7-eb67-4f17-8063-0c2c260b2ecb req-82dc01c7-eb67-4f17-8063-0c2c260b2ecb ] Request (ServersAdminTestJSON:tearDownClass): 200 GET http://10.180.1.21/compute/v2.1/servers/d8be327f-821f-44e2-86d5-8afe85fc8135 0.079s
2025-12-09 21:44:54.125 65526 INFO tempest.lib.common.rest_client [req-eeacc854-3fd7-4b9c-a466-6ee59024a332 req-eeacc854-3fd7-4b9c-a466-6ee59024a332 ] Request (ServersNegativeTestJSON:test_get_non_existent_server): 404 GET http://10.180.1.21/compute/v2.1/servers/d13ba680-3471-472d-a468-dbfc2a8f7036 0.011s
2025-12-09 21:44:54.127 65580 INFO tempest.common.waiters [-] State transition "ACTIVE/deleting" ==> "DELETED/None" after 5 second wait
2025-12-09 21:44:54.181 65566 INFO tempest.lib.common.rest_client [req-5adb83ff-49c3-4648-b383-c57c20cd8a15 req-5adb83ff-49c3-4648-b383-c57c20cd8a15 ] Request (ListImageFiltersTestJSON:tearDownClass): 200 GET http://10.180.1.21/compute/v2.1/servers/5d9a3ced-5b74-4a57-9b67-c70ba3d9e50b 0.063s
2025-12-09 21:44:54.284 65574 INFO tempest.lib.common.rest_client [req-fc6955f0-bd9b-4c8b-b158-a8dd8343550d req-fc6955f0-bd9b-4c8b-b158-a8dd8343550d ] Request (ServersTestFqdnHostnames:tearDownClass): 200 GET http://10.180.1.21/compute/v2.1/servers/8236043b-483b-4b36-9351-0ae93c95bb34 0.155s
2025-12-09 21:44:54.309 65526 INFO tempest.lib.common.rest_client [req-c91c048b-f027-40a6-93e0-944983114d5a req-c91c048b-f027-40a6-93e0-944983114d5a ] Request (ServersNegativeTestJSON:tearDown): 200 GET http://10.180.1.21/compute/v2.1/servers/7132894b-7404-488d-95c6-ffd1e1c8e868 0.183s
2025-12-09 21:44:54.353 65530 INFO tempest.lib.common.rest_client [req-221b3e7c-0a6a-4afc-afe1-cbbd10a2cfb9 req-221b3e7c-0a6a-4afc-afe1-cbbd10a2cfb9 ] Request (ServersAdminNegativeTestJSON:tearDownClass): 200 GET http://10.180.1.21/compute/v2.1/servers/267ab297-3488-46d2-9ec8-e4e1b26a3729 0.166s
2025-12-09 21:44:54.368 65560 INFO tempest.lib.common.rest_client [req-cdfba8bf-c9df-4aee-8c86-fdc0e0030caf req-cdfba8bf-c9df-4aee-8c86-fdc0e0030caf ] Request (ImagesTestJSON:test_create_server_from_snapshot): 200 GET http://10.180.1.21/compute/v2.1/servers/a530eea4-fcad-40c9-be53-557b701eca09 0.128s
2025-12-09 21:44:54.374 65560 INFO tempest.common.waiters [-] State transition "BUILD/scheduling" ==> "BUILD/None" after 1 second wait
2025-12-09 21:44:54.424 65540 INFO tempest.lib.common.rest_client [req-49b11ada-59f9-4625-912e-29573e0147f1 req-49b11ada-59f9-4625-912e-29573e0147f1 ] Request (ServerDiskConfigTestJSON:test_rebuild_server_with_auto_disk_config): 200 GET http://10.180.1.21/compute/v2.1/servers/9a491e51-a2ee-459e-8727-ba052d5df7e1 0.117s
2025-12-09 21:44:54.437 65562 INFO tempest.lib.common.rest_client [req-4e76c946-646b-4bdd-bda9-4292a3a4a45a req-4e76c946-646b-4bdd-bda9-4292a3a4a45a ] Request (FloatingIPsAssociationNegativeTestJSON:setUpClass): 200 GET http://10.180.1.21/compute/v2.1/servers/7d473544-0520-49bc-92f0-35ba9923ab2c 0.127s
2025-12-09 21:44:54.536 65526 INFO tempest.lib.common.rest_client [req-1fc46a6e-1229-41a3-9717-2c08a0e7f32a req-1fc46a6e-1229-41a3-9717-2c08a0e7f32a ] Request (ServersNegativeTestJSON:setUp): 200 GET http://10.180.1.21/compute/v2.1/servers/7132894b-7404-488d-95c6-ffd1e1c8e868 0.218s
2025-12-09 21:44:54.536 65550 INFO tempest.lib.common.rest_client [req-02b73d10-dc29-470c-9c3a-b2737877238c req-02b73d10-dc29-470c-9c3a-b2737877238c ] Request (MigrationsAdminTest:test_resize_server_revert_deleted_flavor): 200 GET http://10.180.1.21/compute/v2.1/servers/50280473-e947-4dfe-a9a6-59990bc21024 0.101s
2025-12-09 21:44:54.577 65526 INFO tempest.lib.common.rest_client [req-02faf9ea-4bf6-440d-8643-7fce77f4e68d req-02faf9ea-4bf6-440d-8643-7fce77f4e68d ] Request (ServersNegativeTestJSON:test_invalid_access_ip_v4_address): 201 POST http://10.180.1.21/identity/v3/auth/tokens 0.031s
2025-12-09 21:44:54.578 65526 INFO tempest.lib.common.fixed_network [-] (ServersNegativeTestJSON:test_invalid_access_ip_v4_address) Found network {'id': '395f0ee6-f8c5-4c0f-94ef-16e30a795887', 'name': 'tempest-ServersNegativeTestJSON-1570894960-network', 'tenant_id': '3287e017119846cbbdbae737197475a6', 'project_id': '3287e017119846cbbdbae737197475a6', 'admin_state_up': True, 'mtu': 8950, 'status': 'ACTIVE', 'subnets': [], 'shared': False, 'port_security_enabled': True, 'router:external': False, 'provider:network_type': 'vlan', 'provider:physical_network': 'default', 'provider:segmentation_id': 265, 'availability_zone_hints': [], 'availability_zones': [], 'ipv4_address_scope': None, 'ipv6_address_scope': None, 'description': '', 'tags': [], 'created_at': '2025-12-09T21:42:23Z', 'updated_at': '2025-12-09T21:42:23Z', 'revision_number': 1} available for tenant
2025-12-09 21:44:54.594 65544 INFO tempest.lib.common.rest_client [req-66642b22-a3d5-4bbe-9d62-c216528ac8e3 req-66642b22-a3d5-4bbe-9d62-c216528ac8e3 ] Request (VolumesAdminNegativeTest:tearDownClass): 200 GET http://10.180.1.21/compute/v2.1/servers/f0a226ed-fe34-4b98-9cae-3d03ba3c3a9a 0.085s
2025-12-09 21:44:54.599 65526 INFO tempest.lib.common.rest_client [req-859c4614-2ed8-4f34-8306-852027cbdd1b req-859c4614-2ed8-4f34-8306-852027cbdd1b ] Request (ServersNegativeTestJSON:test_invalid_access_ip_v4_address): 400 POST http://10.180.1.21/compute/v2.1/servers 0.021s
2025-12-09 21:44:54.632 65539 INFO tempest.lib.common.rest_client [req-f307b986-0f48-4de4-8c96-17147466e2f5 req-f307b986-0f48-4de4-8c96-17147466e2f5 ] Request (SecurityGroupsTestJSON:test_list_security_groups_by_server): 200 GET http://10.180.1.21/compute/v2.1/servers/50ea6fb3-7690-49ab-a3e4-18b87e44d5ed 0.093s
2025-12-09 21:44:54.640 65539 INFO tempest.common.waiters [-] State transition "BUILD/spawning" ==> "ACTIVE/None" after 49 second wait
2025-12-09 21:44:54.650 65584 INFO tempest.lib.common.rest_client [req-8735fbe9-3968-437b-a344-3edfe1f6395e req-8735fbe9-3968-437b-a344-3edfe1f6395e ] Request (ServersAaction247Test:test_create_backup): 200 GET http://10.180.1.21/compute/v2.1/servers/c9cbe3cd-9476-4d99-b832-811d9a157000 0.051s
2025-12-09 21:44:54.763 65526 INFO tempest.lib.common.rest_client [req-cadff836-0e35-4ada-8e9d-0eaf3d38b077 req-cadff836-0e35-4ada-8e9d-0eaf3d38b077 ] Request (ServersNegativeTestJSON:tearDown): 200 GET http://10.180.1.21/compute/v2.1/servers/7132894b-7404-488d-95c6-ffd1e1c8e868 0.163s
2025-12-09 21:44:54.826 65534 INFO tempest.lib.common.rest_client [req-ce3acf5e-c640-451a-94fe-742fced5badf req-ce3acf5e-c640-451a-94fe-742fced5badf ] Request (ServerGroupTestJSON:test_create_server_with_scheduler_hint_group): 200 GET http://10.180.1.21/compute/v2.1/servers/52062d6c-76e8-493b-8d49-31761e3bdb28 0.178s
2025-12-09 21:44:54.879 65556 INFO tempest.lib.common.rest_client [req-75a13d48-daf2-496d-8dfa-c5dc1c1b5dfe req-75a13d48-daf2-496d-8dfa-c5dc1c1b5dfe ] Request (ImagesOneServerNegativeTestJSON:_run_cleanups): 200 GET http://10.180.1.21/compute/v2.1/servers/7ba66cde-c34e-465c-b108-eb4ed10feeeb 0.223s
2025-12-09 21:44:54.978 65526 INFO tempest.lib.common.rest_client [req-778240c0-0b54-4123-ae77-69d458652fac req-778240c0-0b54-4123-ae77-69d458652fac ] Request (ServersNegativeTestJSON:setUp): 200 GET http://10.180.1.21/compute/v2.1/servers/7132894b-7404-488d-95c6-ffd1e1c8e868 0.204s
2025-12-09 21:44:55.027 65526 INFO tempest.lib.common.rest_client [req-66543272-a646-4f0b-9f9d-f848e5eb3ac4 req-66543272-a646-4f0b-9f9d-f848e5eb3ac4 ] Request (ServersNegativeTestJSON:test_invalid_ip_v6_address): 201 POST http://10.180.1.21/identity/v3/auth/tokens 0.037s
2025-12-09 21:44:55.027 65526 INFO tempest.lib.common.fixed_network [-] (ServersNegativeTestJSON:test_invalid_ip_v6_address) Found network {'id': '395f0ee6-f8c5-4c0f-94ef-16e30a795887', 'name': 'tempest-ServersNegativeTestJSON-1570894960-network', 'tenant_id': '3287e017119846cbbdbae737197475a6', 'project_id': '3287e017119846cbbdbae737197475a6', 'admin_state_up': True, 'mtu': 8950, 'status': 'ACTIVE', 'subnets': [], 'shared': False, 'port_security_enabled': True, 'router:external': False, 'provider:network_type': 'vlan', 'provider:physical_network': 'default', 'provider:segmentation_id': 265, 'availability_zone_hints': [], 'availability_zones': [], 'ipv4_address_scope': None, 'ipv6_address_scope': None, 'description': '', 'tags': [], 'created_at': '2025-12-09T21:42:23Z', 'updated_at': '2025-12-09T21:42:23Z', 'revision_number': 1} available for tenant
2025-12-09 21:44:55.036 65539 INFO tempest.lib.common.rest_client [req-bb92b558-1877-4aca-b025-8699699df345 req-bb92b558-1877-4aca-b025-8699699df345 ] Request (SecurityGroupsTestJSON:test_list_security_groups_by_server): 202 POST http://10.180.1.21/compute/v2.1/servers/50ea6fb3-7690-49ab-a3e4-18b87e44d5ed/action 0.395s
2025-12-09 21:44:55.100 65554 INFO tempest.lib.common.rest_client [req-e668a6bb-3ae8-4e67-beb2-5091b0978c6c req-e668a6bb-3ae8-4e67-beb2-5091b0978c6c ] Request (InstanceActionsV221TestJSON:test_get_list_deleted_instance_actions): 200 GET http://10.180.1.21/compute/v2.1/servers/18044d32-a753-482b-8c38-7d969f4eccd4 0.283s
2025-12-09 21:44:55.104 65526 INFO tempest.lib.common.rest_client [req-1fb29e95-70ae-40b7-8551-bb4df345ccc4 req-1fb29e95-70ae-40b7-8551-bb4df345ccc4 ] Request (ServersNegativeTestJSON:test_invalid_ip_v6_address): 400 POST http://10.180.1.21/compute/v2.1/servers 0.076s
2025-12-09 21:44:55.106 65524 INFO tempest.lib.common.rest_client [req-08d8f852-69c5-48f5-bc97-ccb4d9c853ae req-08d8f852-69c5-48f5-bc97-ccb4d9c853ae ] Request (DeleteServersTestJSON:test_delete_server_while_in_attached_volume): 200 GET http://10.180.1.21/compute/v2.1/servers/bb986fd1-8fc1-4d00-a5bb-b1896f64f86b 0.330s
2025-12-09 21:44:55.152 65572 INFO tempest.lib.common.rest_client [req-83189042-bb39-41e7-8054-23d2c987ba56 req-83189042-bb39-41e7-8054-23d2c987ba56 ] Request (ServersTestJSON:test_create_server_with_ipv6_addr_only): 200 GET http://10.180.1.21/compute/v2.1/servers/ce7a9ece-f407-4282-aeb3-7c7a716890d6 0.116s
2025-12-09 21:44:55.163 65532 WARNING tempest.lib.common.ssh [-] Failed to establish authenticated ssh connection to cirros@10.180.180.163 ([Errno None] Unable to connect to port 22 on 10.180.180.163). Number attempts: 3. Retry after 4 seconds.: paramiko.ssh_exception.NoValidConnectionsError: [Errno None] Unable to connect to port 22 on 10.180.180.163
2025-12-09 21:44:55.290 65526 INFO tempest.lib.common.rest_client [req-3f6cfc1c-efd7-4b31-b977-7a91077bda52 req-3f6cfc1c-efd7-4b31-b977-7a91077bda52 ] Request (ServersNegativeTestJSON:tearDown): 200 GET http://10.180.1.21/compute/v2.1/servers/7132894b-7404-488d-95c6-ffd1e1c8e868 0.185s
2025-12-09 21:44:55.349 65580 INFO tempest.lib.common.rest_client [req-cbdd53c6-a0b3-4dcd-9ff0-0ade18820353 req-cbdd53c6-a0b3-4dcd-9ff0-0ade18820353 ] Request (ServersAdminTestJSON:tearDownClass): 200 GET http://10.180.1.21/compute/v2.1/servers/d8be327f-821f-44e2-86d5-8afe85fc8135 0.220s
2025-12-09 21:44:55.404 65566 INFO tempest.lib.common.rest_client [req-59e4509c-8004-46bc-b46e-c9a4b9a93908 req-59e4509c-8004-46bc-b46e-c9a4b9a93908 ] Request (ListImageFiltersTestJSON:tearDownClass): 200 GET http://10.180.1.21/compute/v2.1/servers/5d9a3ced-5b74-4a57-9b67-c70ba3d9e50b 0.215s
2025-12-09 21:44:55.461 65574 INFO tempest.lib.common.rest_client [req-c488e3dd-ea1f-478c-b02f-c62e2665841e req-c488e3dd-ea1f-478c-b02f-c62e2665841e ] Request (ServersTestFqdnHostnames:tearDownClass): 200 GET http://10.180.1.21/compute/v2.1/servers/8236043b-483b-4b36-9351-0ae93c95bb34 0.169s
2025-12-09 21:44:55.516 65539 INFO tempest.lib.common.rest_client [req-fee0cb4e-42e7-429d-b020-24132bd16579 req-fee0cb4e-42e7-429d-b020-24132bd16579 ] Request (SecurityGroupsTestJSON:test_list_security_groups_by_server): 202 POST http://10.180.1.21/compute/v2.1/servers/50ea6fb3-7690-49ab-a3e4-18b87e44d5ed/action 0.479s
2025-12-09 21:44:55.571 65526 INFO tempest.lib.common.rest_client [req-49987408-5a58-42fc-9934-e57fbad1275b req-49987408-5a58-42fc-9934-e57fbad1275b ] Request (ServersNegativeTestJSON:setUp): 200 GET http://10.180.1.21/compute/v2.1/servers/7132894b-7404-488d-95c6-ffd1e1c8e868 0.273s
2025-12-09 21:44:55.586 65530 INFO tempest.lib.common.rest_client [req-8a6dc8b4-a224-471d-a7f0-d3092215ef53 req-8a6dc8b4-a224-471d-a7f0-d3092215ef53 ] Request (ServersAdminNegativeTestJSON:tearDownClass): 200 GET http://10.180.1.21/compute/v2.1/servers/267ab297-3488-46d2-9ec8-e4e1b26a3729 0.226s
2025-12-09 21:44:55.627 65560 INFO tempest.lib.common.rest_client [req-ff6293f9-f8f1-47d3-960d-c697f05dd542 req-ff6293f9-f8f1-47d3-960d-c697f05dd542 ] Request (ImagesTestJSON:test_create_server_from_snapshot): 200 GET http://10.180.1.21/compute/v2.1/servers/a530eea4-fcad-40c9-be53-557b701eca09 0.251s
2025-12-09 21:44:55.635 65540 INFO tempest.lib.common.rest_client [req-c1ea0f08-352d-4dc5-ac2e-51e47bf66315 req-c1ea0f08-352d-4dc5-ac2e-51e47bf66315 ] Request (ServerDiskConfigTestJSON:test_rebuild_server_with_auto_disk_config): 200 GET http://10.180.1.21/compute/v2.1/servers/9a491e51-a2ee-459e-8727-ba052d5df7e1 0.202s
2025-12-09 21:44:55.680 65562 INFO tempest.lib.common.rest_client [req-d1cd876f-e3e9-4643-8513-8d6132ce02cc req-d1cd876f-e3e9-4643-8513-8d6132ce02cc ] Request (FloatingIPsAssociationNegativeTestJSON:setUpClass): 200 GET http://10.180.1.21/compute/v2.1/servers/7d473544-0520-49bc-92f0-35ba9923ab2c 0.235s
2025-12-09 21:44:55.746 65539 INFO tempest.lib.common.rest_client [req-aa5c44e5-9745-4fd8-abe2-c084b06155fb req-aa5c44e5-9745-4fd8-abe2-c084b06155fb ] Request (SecurityGroupsTestJSON:test_list_security_groups_by_server): 200 GET http://10.180.1.21/compute/v2.1/servers/50ea6fb3-7690-49ab-a3e4-18b87e44d5ed/os-security-groups 0.229s
2025-12-09 21:44:55.767 65526 INFO tempest.lib.common.rest_client [req-ac8d0989-f24f-4c56-ae07-b9e176e029dc req-ac8d0989-f24f-4c56-ae07-b9e176e029dc ] Request (ServersNegativeTestJSON:test_reboot_deleted_server): 404 POST http://10.180.1.21/compute/v2.1/servers/ef33ceda-509b-485c-80f8-82f81f3f8213/action 0.188s
2025-12-09 21:44:55.776 65550 INFO tempest.lib.common.rest_client [req-4598a77a-5380-4072-9b88-b42be542889a req-4598a77a-5380-4072-9b88-b42be542889a ] Request (MigrationsAdminTest:test_resize_server_revert_deleted_flavor): 200 GET http://10.180.1.21/compute/v2.1/servers/50280473-e947-4dfe-a9a6-59990bc21024 0.232s
2025-12-09 21:44:55.829 65544 INFO tempest.lib.common.rest_client [req-f3b5dbaa-3c6f-4c76-a454-06a841fb89a9 req-f3b5dbaa-3c6f-4c76-a454-06a841fb89a9 ] Request (VolumesAdminNegativeTest:tearDownClass): 200 GET http://10.180.1.21/compute/v2.1/servers/f0a226ed-fe34-4b98-9cae-3d03ba3c3a9a 0.226s
2025-12-09 21:44:55.832 65584 INFO tempest.lib.common.rest_client [req-2506a253-93b3-4685-8f1f-623cfc55ed3e req-2506a253-93b3-4685-8f1f-623cfc55ed3e ] Request (ServersAaction247Test:test_create_backup): 200 GET http://10.180.1.21/compute/v2.1/servers/c9cbe3cd-9476-4d99-b832-811d9a157000 0.168s
2025-12-09 21:44:55.879 65546 WARNING tempest.lib.common.ssh [-] Failed to establish authenticated ssh connection to cirros@10.180.180.219 ([Errno None] Unable to connect to port 22 on 10.180.180.219). Number attempts: 6. Retry after 7 seconds.: paramiko.ssh_exception.NoValidConnectionsError: [Errno None] Unable to connect to port 22 on 10.180.180.219
2025-12-09 21:44:55.919 65526 INFO tempest.lib.common.rest_client [req-8ee3a6ba-4a1a-4d2c-9de5-73318d605be3 req-8ee3a6ba-4a1a-4d2c-9de5-73318d605be3 ] Request (ServersNegativeTestJSON:tearDown): 200 GET http://10.180.1.21/compute/v2.1/servers/7132894b-7404-488d-95c6-ffd1e1c8e868 0.151s
2025-12-09 21:44:55.935 65539 INFO tempest.lib.common.rest_client [req-fde9835b-fdae-4909-ae30-ca731182c603 req-fde9835b-fdae-4909-ae30-ca731182c603 ] Request (SecurityGroupsTestJSON:test_security_group_create_get_delete): 200 POST http://10.180.1.21/compute/v2.1/os-security-groups 0.184s
2025-12-09 21:44:55.968 65534 INFO tempest.lib.common.rest_client [req-370f5894-93fb-44d3-8c78-5f39e5b55750 req-370f5894-93fb-44d3-8c78-5f39e5b55750 ] Request (ServerGroupTestJSON:test_create_server_with_scheduler_hint_group): 200 GET http://10.180.1.21/compute/v2.1/servers/52062d6c-76e8-493b-8d49-31761e3bdb28 0.131s
2025-12-09 21:44:55.990 65556 INFO tempest.lib.common.rest_client [req-7f0d97a9-cbe3-415f-b897-72a5b487f8a4 req-7f0d97a9-cbe3-415f-b897-72a5b487f8a4 ] Request (ImagesOneServerNegativeTestJSON:_run_cleanups): 200 GET http://10.180.1.21/compute/v2.1/servers/7ba66cde-c34e-465c-b108-eb4ed10feeeb 0.102s
2025-12-09 21:44:56.008 65558 WARNING tempest.lib.common.ssh [-] Failed to establish authenticated ssh connection to cirros@10.180.180.202 ([Errno None] Unable to connect to port 22 on 10.180.180.202). Number attempts: 6. Retry after 7 seconds.: paramiko.ssh_exception.NoValidConnectionsError: [Errno None] Unable to connect to port 22 on 10.180.180.202
2025-12-09 21:44:56.022 65539 INFO tempest.lib.common.rest_client [req-1fc6b4fb-8fb5-42ea-a24b-0710a8b04708 req-1fc6b4fb-8fb5-42ea-a24b-0710a8b04708 ] Request (SecurityGroupsTestJSON:test_security_group_create_get_delete): 200 GET http://10.180.1.21/compute/v2.1/os-security-groups/8802ebcb-e37e-4bf0-b5c5-f8b7127c8a5e 0.084s
2025-12-09 21:44:56.064 65526 INFO tempest.lib.common.rest_client [req-cd472b59-ccee-43a3-b9ba-3388ffb2b25a req-cd472b59-ccee-43a3-b9ba-3388ffb2b25a ] Request (ServersNegativeTestJSON:setUp): 200 GET http://10.180.1.21/compute/v2.1/servers/7132894b-7404-488d-95c6-ffd1e1c8e868 0.137s
2025-12-09 21:44:56.082 65526 INFO tempest.lib.common.rest_client [req-d5e7e996-328c-4c68-942b-d60594adabcb req-d5e7e996-328c-4c68-942b-d60594adabcb ] Request (ServersNegativeTestJSON:test_reboot_non_existent_server): 404 POST http://10.180.1.21/compute/v2.1/servers/11d5faab-bccd-4931-8011-c2f5514faaab/action 0.011s
2025-12-09 21:44:56.140 65539 INFO tempest.lib.common.rest_client [req-d39aa879-8be9-4c42-b3e7-4f623c156e36 req-d39aa879-8be9-4c42-b3e7-4f623c156e36 ] Request (SecurityGroupsTestJSON:test_security_group_create_get_delete): 202 DELETE http://10.180.1.21/compute/v2.1/os-security-groups/8802ebcb-e37e-4bf0-b5c5-f8b7127c8a5e 0.114s
2025-12-09 21:44:56.181 65526 INFO tempest.lib.common.rest_client [req-ddbf4a86-92b3-4aa3-81d2-cd0978bc3a1b req-ddbf4a86-92b3-4aa3-81d2-cd0978bc3a1b ] Request (ServersNegativeTestJSON:tearDown): 200 GET http://10.180.1.21/compute/v2.1/servers/7132894b-7404-488d-95c6-ffd1e1c8e868 0.098s
2025-12-09 21:44:56.205 65554 INFO tempest.lib.common.rest_client [req-cf7985f8-0416-4616-a47c-eca2a2e3447b req-cf7985f8-0416-4616-a47c-eca2a2e3447b ] Request (InstanceActionsV221TestJSON:test_get_list_deleted_instance_actions): 200 GET http://10.180.1.21/compute/v2.1/servers/18044d32-a753-482b-8c38-7d969f4eccd4 0.096s
