2025-12-09 21:44:56.224 65539 INFO tempest.lib.common.rest_client [req-d176e054-8578-431c-a442-828768c10f3e req-d176e054-8578-431c-a442-828768c10f3e ] Request (SecurityGroupsTestJSON:test_security_group_create_get_delete): 404 GET http://10.180.1.21/compute/v2.1/os-security-groups/8802ebcb-e37e-4bf0-b5c5-f8b7127c8a5e 0.083s
2025-12-09 21:44:56.290 65572 INFO tempest.lib.common.rest_client [req-44289752-bd28-4951-9715-2e854c9e5e31 req-44289752-bd28-4951-9715-2e854c9e5e31 ] Request (ServersTestJSON:test_create_server_with_ipv6_addr_only): 200 GET http://10.180.1.21/compute/v2.1/servers/ce7a9ece-f407-4282-aeb3-7c7a716890d6 0.130s
2025-12-09 21:44:56.310 65524 INFO tempest.lib.common.rest_client [req-85515e99-ccd6-4c5a-9fe8-5013cea41a3b req-85515e99-ccd6-4c5a-9fe8-5013cea41a3b ] Request (DeleteServersTestJSON:test_delete_server_while_in_attached_volume): 200 GET http://10.180.1.21/compute/v2.1/servers/bb986fd1-8fc1-4d00-a5bb-b1896f64f86b 0.196s
2025-12-09 21:44:56.424 65539 INFO tempest.lib.common.rest_client [req-cfc6671b-34c6-4ca7-9c25-e9016f8411d5 req-cfc6671b-34c6-4ca7-9c25-e9016f8411d5 ] Request (SecurityGroupsTestJSON:test_security_groups_create_list_delete): 200 POST http://10.180.1.21/compute/v2.1/os-security-groups 0.199s
2025-12-09 21:44:56.450 65526 INFO tempest.lib.common.rest_client [req-10e9b259-5dd5-47cf-b8ea-e68fdcd755cb req-10e9b259-5dd5-47cf-b8ea-e68fdcd755cb ] Request (ServersNegativeTestJSON:setUp): 200 GET http://10.180.1.21/compute/v2.1/servers/7132894b-7404-488d-95c6-ffd1e1c8e868 0.260s
2025-12-09 21:44:56.494 65580 INFO tempest.lib.common.rest_client [req-3a549af5-b7ab-4e01-a107-d736d6f8e96f req-3a549af5-b7ab-4e01-a107-d736d6f8e96f ] Request (ServersAdminTestJSON:tearDownClass): 200 GET http://10.180.1.21/compute/v2.1/servers/d8be327f-821f-44e2-86d5-8afe85fc8135 0.136s
2025-12-09 21:44:56.532 65566 INFO tempest.lib.common.rest_client [req-5e34c7f6-c23a-4b05-be64-8d4882b5bdba req-5e34c7f6-c23a-4b05-be64-8d4882b5bdba ] Request (ListImageFiltersTestJSON:tearDownClass): 200 GET http://10.180.1.21/compute/v2.1/servers/5d9a3ced-5b74-4a57-9b67-c70ba3d9e50b 0.120s
2025-12-09 21:44:56.555 65526 INFO tempest.lib.common.rest_client [req-bd22259c-affa-4b7d-a271-dfe2ba77b2ec req-bd22259c-affa-4b7d-a271-dfe2ba77b2ec ] Request (ServersNegativeTestJSON:test_rebuild_deleted_server): 404 POST http://10.180.1.21/compute/v2.1/servers/ef33ceda-509b-485c-80f8-82f81f3f8213/action 0.097s
2025-12-09 21:44:56.597 65539 INFO tempest.lib.common.rest_client [req-e66d9862-ddd6-4624-80a8-4ad375856bc2 req-e66d9862-ddd6-4624-80a8-4ad375856bc2 ] Request (SecurityGroupsTestJSON:test_security_groups_create_list_delete): 200 POST http://10.180.1.21/compute/v2.1/os-security-groups 0.170s
2025-12-09 21:44:56.617 65574 INFO tempest.lib.common.rest_client [req-ae784747-0313-472f-95e2-9a09f2d5e756 req-ae784747-0313-472f-95e2-9a09f2d5e756 ] Request (ServersTestFqdnHostnames:tearDownClass): 200 GET http://10.180.1.21/compute/v2.1/servers/8236043b-483b-4b36-9351-0ae93c95bb34 0.147s
2025-12-09 21:44:56.707 65530 INFO tempest.lib.common.rest_client [req-fd82ef80-6952-466c-8181-ac45ba231e11 req-fd82ef80-6952-466c-8181-ac45ba231e11 ] Request (ServersAdminNegativeTestJSON:tearDownClass): 200 GET http://10.180.1.21/compute/v2.1/servers/267ab297-3488-46d2-9ec8-e4e1b26a3729 0.113s
2025-12-09 21:44:56.747 65526 INFO tempest.lib.common.rest_client [req-1d82974f-b212-4c60-8528-78d111af7368 req-1d82974f-b212-4c60-8528-78d111af7368 ] Request (ServersNegativeTestJSON:tearDown): 200 GET http://10.180.1.21/compute/v2.1/servers/7132894b-7404-488d-95c6-ffd1e1c8e868 0.191s
2025-12-09 21:44:56.867 65539 INFO tempest.lib.common.rest_client [req-9f3d7232-beed-4db7-86eb-16b8b3346d11 req-9f3d7232-beed-4db7-86eb-16b8b3346d11 ] Request (SecurityGroupsTestJSON:test_security_groups_create_list_delete): 200 POST http://10.180.1.21/compute/v2.1/os-security-groups 0.267s
2025-12-09 21:44:56.885 65560 INFO tempest.lib.common.rest_client [req-c2f1fa27-b7d0-44f9-9914-9660ab0113fa req-c2f1fa27-b7d0-44f9-9914-9660ab0113fa ] Request (ImagesTestJSON:test_create_server_from_snapshot): 200 GET http://10.180.1.21/compute/v2.1/servers/a530eea4-fcad-40c9-be53-557b701eca09 0.250s
2025-12-09 21:44:56.917 65540 INFO tempest.lib.common.rest_client [req-119ca4a9-c201-45e2-97c6-9b511ad1e4c6 req-119ca4a9-c201-45e2-97c6-9b511ad1e4c6 ] Request (ServerDiskConfigTestJSON:test_rebuild_server_with_auto_disk_config): 200 GET http://10.180.1.21/compute/v2.1/servers/9a491e51-a2ee-459e-8727-ba052d5df7e1 0.272s
2025-12-09 21:44:57.012 65562 INFO tempest.lib.common.rest_client [req-01bbe1bb-211e-426c-95af-b89cbe019da6 req-01bbe1bb-211e-426c-95af-b89cbe019da6 ] Request (FloatingIPsAssociationNegativeTestJSON:setUpClass): 200 GET http://10.180.1.21/compute/v2.1/servers/7d473544-0520-49bc-92f0-35ba9923ab2c 0.324s
2025-12-09 21:44:57.020 65562 INFO tempest.common.waiters [-] State transition "BUILD/None" ==> "BUILD/networking" after 41 second wait
2025-12-09 21:44:57.035 65526 INFO tempest.lib.common.rest_client [req-ec34bc5b-79fb-453a-a9f5-e0bfefdf88ee req-ec34bc5b-79fb-453a-a9f5-e0bfefdf88ee ] Request (ServersNegativeTestJSON:setUp): 200 GET http://10.180.1.21/compute/v2.1/servers/7132894b-7404-488d-95c6-ffd1e1c8e868 0.277s
2025-12-09 21:44:57.108 65544 INFO tempest.lib.common.rest_client [req-0f0b9961-a884-4c94-b745-71d1f00bc75c req-0f0b9961-a884-4c94-b745-71d1f00bc75c ] Request (VolumesAdminNegativeTest:tearDownClass): 200 GET http://10.180.1.21/compute/v2.1/servers/f0a226ed-fe34-4b98-9cae-3d03ba3c3a9a 0.269s
2025-12-09 21:44:57.132 65550 INFO tempest.lib.common.rest_client [req-d53e9438-5360-45ac-a109-52398fcf61bd req-d53e9438-5360-45ac-a109-52398fcf61bd ] Request (MigrationsAdminTest:test_resize_server_revert_deleted_flavor): 200 GET http://10.180.1.21/compute/v2.1/servers/50280473-e947-4dfe-a9a6-59990bc21024 0.348s
2025-12-09 21:44:57.193 65584 INFO tempest.lib.common.rest_client [req-51277dc3-bd61-4fd5-ae25-135ff912e355 req-51277dc3-bd61-4fd5-ae25-135ff912e355 ] Request (ServersAaction247Test:test_create_backup): 200 GET http://10.180.1.21/compute/v2.1/servers/c9cbe3cd-9476-4d99-b832-811d9a157000 0.351s
2025-12-09 21:44:57.249 65539 INFO tempest.lib.common.rest_client [req-a8de4bb2-5626-456a-a38d-20321a4285cc req-a8de4bb2-5626-456a-a38d-20321a4285cc ] Request (SecurityGroupsTestJSON:test_security_groups_create_list_delete): 200 GET http://10.180.1.21/compute/v2.1/os-security-groups 0.378s
2025-12-09 21:44:57.267 65534 INFO tempest.lib.common.rest_client [req-143c1ca0-003c-476f-b943-94ea76f3fa54 req-143c1ca0-003c-476f-b943-94ea76f3fa54 ] Request (ServerGroupTestJSON:test_create_server_with_scheduler_hint_group): 200 GET http://10.180.1.21/compute/v2.1/servers/52062d6c-76e8-493b-8d49-31761e3bdb28 0.289s
2025-12-09 21:44:57.275 65526 INFO tempest.lib.common.rest_client [req-2a97c7e0-08da-452a-9865-577d79836c82 req-2a97c7e0-08da-452a-9865-577d79836c82 ] Request (ServersNegativeTestJSON:test_rebuild_non_existent_server): 404 POST http://10.180.1.21/compute/v2.1/servers/4c3954ba-d015-4347-bb0f-6612051686f2/action 0.230s
2025-12-09 21:44:57.305 65556 INFO tempest.lib.common.rest_client [req-a262e0c3-c946-45ac-a2e0-b2853acccb9b req-a262e0c3-c946-45ac-a2e0-b2853acccb9b ] Request (ImagesOneServerNegativeTestJSON:_run_cleanups): 200 GET http://10.180.1.21/compute/v2.1/servers/7ba66cde-c34e-465c-b108-eb4ed10feeeb 0.307s
2025-12-09 21:44:57.352 65554 INFO tempest.lib.common.rest_client [req-313e7200-4761-4c94-ac9e-17da066f1a52 req-313e7200-4761-4c94-ac9e-17da066f1a52 ] Request (InstanceActionsV221TestJSON:test_get_list_deleted_instance_actions): 200 GET http://10.180.1.21/compute/v2.1/servers/18044d32-a753-482b-8c38-7d969f4eccd4 0.137s
2025-12-09 21:44:57.414 65539 INFO tempest.lib.common.rest_client [req-ec551f23-82ad-4cb6-a235-313adf5105d5 req-ec551f23-82ad-4cb6-a235-313adf5105d5 ] Request (SecurityGroupsTestJSON:test_security_groups_create_list_delete): 202 DELETE http://10.180.1.21/compute/v2.1/os-security-groups/3a054a99-9b21-47d5-80e3-521f0ffecc31 0.162s
2025-12-09 21:44:57.476 65572 INFO tempest.lib.common.rest_client [req-f30c228f-d199-407b-a3ef-35ee5e9c27b9 req-f30c228f-d199-407b-a3ef-35ee5e9c27b9 ] Request (ServersTestJSON:test_create_server_with_ipv6_addr_only): 200 GET http://10.180.1.21/compute/v2.1/servers/ce7a9ece-f407-4282-aeb3-7c7a716890d6 0.177s
2025-12-09 21:44:57.503 65526 INFO tempest.lib.common.rest_client [req-036603e9-796a-4b0c-8361-16d9ae19a9bb req-036603e9-796a-4b0c-8361-16d9ae19a9bb ] Request (ServersNegativeTestJSON:tearDown): 200 GET http://10.180.1.21/compute/v2.1/servers/7132894b-7404-488d-95c6-ffd1e1c8e868 0.227s
2025-12-09 21:44:57.572 65539 INFO tempest.lib.common.rest_client [req-a8500125-9993-4b40-9103-d802bba0d9ad req-a8500125-9993-4b40-9103-d802bba0d9ad ] Request (SecurityGroupsTestJSON:test_security_groups_create_list_delete): 404 GET http://10.180.1.21/compute/v2.1/os-security-groups/3a054a99-9b21-47d5-80e3-521f0ffecc31 0.157s
2025-12-09 21:44:57.643 65524 INFO tempest.lib.common.rest_client [req-78279a08-414b-408f-8bd9-8bab97b625d2 req-78279a08-414b-408f-8bd9-8bab97b625d2 ] Request (DeleteServersTestJSON:test_delete_server_while_in_attached_volume): 200 GET http://10.180.1.21/compute/v2.1/servers/bb986fd1-8fc1-4d00-a5bb-b1896f64f86b 0.325s
2025-12-09 21:44:57.650 65524 INFO tempest.common.waiters [-] State transition "BUILD/spawning" ==> "ACTIVE/None" after 52 second wait
2025-12-09 21:44:57.655 65580 INFO tempest.lib.common.rest_client [req-c542eee4-b55c-48e4-9b60-c80c3eb7bbdb req-c542eee4-b55c-48e4-9b60-c80c3eb7bbdb ] Request (ServersAdminTestJSON:tearDownClass): 200 GET http://10.180.1.21/compute/v2.1/servers/d8be327f-821f-44e2-86d5-8afe85fc8135 0.152s
2025-12-09 21:44:57.738 65566 INFO tempest.lib.common.rest_client [req-7f620e2b-540a-420e-93b1-3a4163aa82ea req-7f620e2b-540a-420e-93b1-3a4163aa82ea ] Request (ListImageFiltersTestJSON:tearDownClass): 200 GET http://10.180.1.21/compute/v2.1/servers/5d9a3ced-5b74-4a57-9b67-c70ba3d9e50b 0.197s
2025-12-09 21:44:57.787 65526 INFO tempest.lib.common.rest_client [req-57e2b19e-bdf6-40a0-8a43-7db249dc846b req-57e2b19e-bdf6-40a0-8a43-7db249dc846b ] Request (ServersNegativeTestJSON:setUp): 200 GET http://10.180.1.21/compute/v2.1/servers/7132894b-7404-488d-95c6-ffd1e1c8e868 0.276s
2025-12-09 21:44:57.800 65524 INFO tempest.lib.common.rest_client [req-44b1effd-732e-4bda-9376-568e171fbf8f req-44b1effd-732e-4bda-9376-568e171fbf8f ] Request (DeleteServersTestJSON:test_delete_server_while_in_attached_volume): 202 POST http://10.180.1.21/volume/v3/volumes 0.149s
2025-12-09 21:44:57.839 65524 INFO tempest.lib.common.rest_client [req-b5f63b26-8e9f-4aaf-a0c7-98791c617cda req-b5f63b26-8e9f-4aaf-a0c7-98791c617cda ] Request (DeleteServersTestJSON:test_delete_server_while_in_attached_volume): 200 GET http://10.180.1.21/volume/v3/volumes/ad921c0e-8616-47d3-9c2e-7a443a703dab 0.027s
2025-12-09 21:44:57.905 65539 INFO tempest.lib.common.rest_client [req-5d8ef1b6-8a04-4aeb-aea8-ec3fe8290093 req-5d8ef1b6-8a04-4aeb-aea8-ec3fe8290093 ] Request (SecurityGroupsTestJSON:test_security_groups_create_list_delete): 202 DELETE http://10.180.1.21/compute/v2.1/os-security-groups/3365ff39-e0ac-42bf-8651-44adde9d5ba1 0.333s
2025-12-09 21:44:57.925 65574 INFO tempest.lib.common.rest_client [req-0bdf3855-c901-4c8f-9a1f-b02c22ff4013 req-0bdf3855-c901-4c8f-9a1f-b02c22ff4013 ] Request (ServersTestFqdnHostnames:tearDownClass): 200 GET http://10.180.1.21/compute/v2.1/servers/8236043b-483b-4b36-9351-0ae93c95bb34 0.301s
2025-12-09 21:44:57.937 65526 INFO tempest.lib.common.rest_client [req-eef96be5-6604-45bf-ab56-803f63f56368 req-eef96be5-6604-45bf-ab56-803f63f56368 ] Request (ServersNegativeTestJSON:test_resize_nonexistent_server): 404 POST http://10.180.1.21/compute/v2.1/servers/160be97e-c6a0-4808-b1ec-994962d8f6ef/action 0.141s
2025-12-09 21:44:57.972 65530 INFO tempest.lib.common.rest_client [req-a0e0be32-c3db-471a-906c-64177942784e req-a0e0be32-c3db-471a-906c-64177942784e ] Request (ServersAdminNegativeTestJSON:tearDownClass): 200 GET http://10.180.1.21/compute/v2.1/servers/267ab297-3488-46d2-9ec8-e4e1b26a3729 0.257s
2025-12-09 21:44:57.984 65560 INFO tempest.lib.common.rest_client [req-401f1ae0-1d8f-4452-8277-3b4a25d0c825 req-401f1ae0-1d8f-4452-8277-3b4a25d0c825 ] Request (ImagesTestJSON:test_create_server_from_snapshot): 200 GET http://10.180.1.21/compute/v2.1/servers/a530eea4-fcad-40c9-be53-557b701eca09 0.091s
2025-12-09 21:44:57.988 65539 INFO tempest.lib.common.rest_client [req-6a38e459-a72c-4eaa-9ae2-039a4b06b9ae req-6a38e459-a72c-4eaa-9ae2-039a4b06b9ae ] Request (SecurityGroupsTestJSON:test_security_groups_create_list_delete): 404 GET http://10.180.1.21/compute/v2.1/os-security-groups/3365ff39-e0ac-42bf-8651-44adde9d5ba1 0.082s
2025-12-09 21:44:58.032 65540 INFO tempest.lib.common.rest_client [req-d1925201-4641-490f-a0a4-e3fbd28ca76f req-d1925201-4641-490f-a0a4-e3fbd28ca76f ] Request (ServerDiskConfigTestJSON:test_rebuild_server_with_auto_disk_config): 200 GET http://10.180.1.21/compute/v2.1/servers/9a491e51-a2ee-459e-8727-ba052d5df7e1 0.108s
2025-12-09 21:44:58.102 65526 INFO tempest.lib.common.rest_client [req-5ea63b22-07f1-4baf-bd04-ceab5d0a4e5b req-5ea63b22-07f1-4baf-bd04-ceab5d0a4e5b ] Request (ServersNegativeTestJSON:tearDown): 200 GET http://10.180.1.21/compute/v2.1/servers/7132894b-7404-488d-95c6-ffd1e1c8e868 0.165s
2025-12-09 21:44:58.164 65539 INFO tempest.lib.common.rest_client [req-e9ad76d9-54ac-4018-9437-363805c73aea req-e9ad76d9-54ac-4018-9437-363805c73aea ] Request (SecurityGroupsTestJSON:test_security_groups_create_list_delete): 202 DELETE http://10.180.1.21/compute/v2.1/os-security-groups/064a70b8-0137-45a4-9a77-af900948e416 0.176s
2025-12-09 21:44:58.241 65562 INFO tempest.lib.common.rest_client [req-d33404a5-054a-4e6e-a47c-760c99fd72c4 req-d33404a5-054a-4e6e-a47c-760c99fd72c4 ] Request (FloatingIPsAssociationNegativeTestJSON:setUpClass): 200 GET http://10.180.1.21/compute/v2.1/servers/7d473544-0520-49bc-92f0-35ba9923ab2c 0.220s
2025-12-09 21:44:58.250 65562 INFO tempest.common.waiters [-] State transition "BUILD/networking" ==> "BUILD/spawning" after 42 second wait
2025-12-09 21:44:58.307 65526 INFO tempest.lib.common.rest_client [req-d46411be-fab8-411c-a571-d5975cce3ae7 req-d46411be-fab8-411c-a571-d5975cce3ae7 ] Request (ServersNegativeTestJSON:setUp): 200 GET http://10.180.1.21/compute/v2.1/servers/7132894b-7404-488d-95c6-ffd1e1c8e868 0.196s
2025-12-09 21:44:58.321 65544 INFO tempest.lib.common.rest_client [req-3e770f8a-148f-4af9-b053-bb15b46e13ae req-3e770f8a-148f-4af9-b053-bb15b46e13ae ] Request (VolumesAdminNegativeTest:tearDownClass): 200 GET http://10.180.1.21/compute/v2.1/servers/f0a226ed-fe34-4b98-9cae-3d03ba3c3a9a 0.204s
2025-12-09 21:44:58.339 65539 INFO tempest.lib.common.rest_client [req-ebe4217a-12b5-48c4-ba86-9aa58b01fe09 req-ebe4217a-12b5-48c4-ba86-9aa58b01fe09 ] Request (SecurityGroupsTestJSON:test_security_groups_create_list_delete): 404 GET http://10.180.1.21/compute/v2.1/os-security-groups/064a70b8-0137-45a4-9a77-af900948e416 0.174s
2025-12-09 21:44:58.416 65584 INFO tempest.lib.common.rest_client [req-56e13fe1-e3b6-4d61-a9c1-df9a91f37ea5 req-56e13fe1-e3b6-4d61-a9c1-df9a91f37ea5 ] Request (ServersAaction247Test:test_create_backup): 200 GET http://10.180.1.21/compute/v2.1/servers/c9cbe3cd-9476-4d99-b832-811d9a157000 0.213s
2025-12-09 21:44:58.427 65578 WARNING tempest.lib.common.ssh [-] Failed to establish authenticated ssh connection to cirros@10.180.180.149 ([Errno None] Unable to connect to port 22 on 10.180.180.149). Number attempts: 6. Retry after 7 seconds.: paramiko.ssh_exception.NoValidConnectionsError: [Errno None] Unable to connect to port 22 on 10.180.180.149
2025-12-09 21:44:58.438 65550 INFO tempest.lib.common.rest_client [req-e3f8bb43-6311-4152-b404-0478b6bce47b req-e3f8bb43-6311-4152-b404-0478b6bce47b ] Request (MigrationsAdminTest:test_resize_server_revert_deleted_flavor): 200 GET http://10.180.1.21/compute/v2.1/servers/50280473-e947-4dfe-a9a6-59990bc21024 0.297s
2025-12-09 21:44:58.468 65534 INFO tempest.lib.common.rest_client [req-b0aa4c20-e60d-4bdd-941b-8b07e68804f3 req-b0aa4c20-e60d-4bdd-941b-8b07e68804f3 ] Request (ServerGroupTestJSON:test_create_server_with_scheduler_hint_group): 200 GET http://10.180.1.21/compute/v2.1/servers/52062d6c-76e8-493b-8d49-31761e3bdb28 0.193s
2025-12-09 21:44:58.485 65542 WARNING tempest.lib.common.ssh [-] Failed to establish authenticated ssh connection to cirros@10.180.180.212 ([Errno None] Unable to connect to port 22 on 10.180.180.212). Number attempts: 11. Retry after 12 seconds.: paramiko.ssh_exception.NoValidConnectionsError: [Errno None] Unable to connect to port 22 on 10.180.180.212
2025-12-09 21:44:58.488 65556 INFO tempest.lib.common.rest_client [req-197377f6-5ef5-4263-964e-b54741685a52 req-197377f6-5ef5-4263-964e-b54741685a52 ] Request (ImagesOneServerNegativeTestJSON:_run_cleanups): 200 GET http://10.180.1.21/compute/v2.1/servers/7ba66cde-c34e-465c-b108-eb4ed10feeeb 0.175s
2025-12-09 21:44:58.516 65526 INFO tempest.lib.common.rest_client [req-13da0d90-a437-4340-94d5-35169026e5f0 req-13da0d90-a437-4340-94d5-35169026e5f0 ] Request (ServersNegativeTestJSON:test_resize_server_with_non_existent_flavor): 400 POST http://10.180.1.21/compute/v2.1/servers/7132894b-7404-488d-95c6-ffd1e1c8e868/action 0.201s
2025-12-09 21:44:58.570 65554 INFO tempest.lib.common.rest_client [req-5bf4d8f5-2bb1-4303-bc12-b8e2185d536a req-5bf4d8f5-2bb1-4303-bc12-b8e2185d536a ] Request (InstanceActionsV221TestJSON:test_get_list_deleted_instance_actions): 200 GET http://10.180.1.21/compute/v2.1/servers/18044d32-a753-482b-8c38-7d969f4eccd4 0.209s
2025-12-09 21:44:58.584 65539 INFO tempest.lib.common.rest_client [req-31b2ef21-8160-4127-9e85-e77078dbd6ce req-31b2ef21-8160-4127-9e85-e77078dbd6ce ] Request (SecurityGroupsTestJSON:test_security_groups_create_list_delete): 200 GET http://10.180.1.21/compute/v2.1/os-security-groups 0.245s
2025-12-09 21:44:58.633 65572 INFO tempest.lib.common.rest_client [req-17b78c30-f383-45b0-b457-e2e12a8bc895 req-17b78c30-f383-45b0-b457-e2e12a8bc895 ] Request (ServersTestJSON:test_create_server_with_ipv6_addr_only): 200 GET http://10.180.1.21/compute/v2.1/servers/ce7a9ece-f407-4282-aeb3-7c7a716890d6 0.149s
2025-12-09 21:44:58.678 65526 INFO tempest.lib.common.rest_client [req-8d51e7e8-2f62-4600-ad0f-c19d536d2a0b req-8d51e7e8-2f62-4600-ad0f-c19d536d2a0b ] Request (ServersNegativeTestJSON:tearDown): 200 GET http://10.180.1.21/compute/v2.1/servers/7132894b-7404-488d-95c6-ffd1e1c8e868 0.162s
2025-12-09 21:44:58.732 65580 INFO tempest.lib.common.rest_client [req-a8745d3b-086d-4d2c-88cd-8256bf78eec3 req-a8745d3b-086d-4d2c-88cd-8256bf78eec3 ] Request (ServersAdminTestJSON:tearDownClass): 200 GET http://10.180.1.21/compute/v2.1/servers/d8be327f-821f-44e2-86d5-8afe85fc8135 0.068s
2025-12-09 21:44:58.748 65539 INFO tempest.lib.common.rest_client [req-a4d823fb-f932-43d2-b7a2-466e2733060f req-a4d823fb-f932-43d2-b7a2-466e2733060f ] Request (SecurityGroupsTestJSON:test_server_security_groups): 200 POST http://10.180.1.21/compute/v2.1/os-security-groups 0.160s
2025-12-09 21:44:58.807 65566 INFO tempest.lib.common.rest_client [req-b20fc8a4-c693-4223-ab7e-8e92d966fefc req-b20fc8a4-c693-4223-ab7e-8e92d966fefc ] Request (ListImageFiltersTestJSON:tearDownClass): 200 GET http://10.180.1.21/compute/v2.1/servers/5d9a3ced-5b74-4a57-9b67-c70ba3d9e50b 0.061s
2025-12-09 21:44:58.827 65526 INFO tempest.lib.common.rest_client [req-cd288c57-c896-4116-a7d4-05b542643763 req-cd288c57-c896-4116-a7d4-05b542643763 ] Request (ServersNegativeTestJSON:setUp): 200 GET http://10.180.1.21/compute/v2.1/servers/7132894b-7404-488d-95c6-ffd1e1c8e868 0.137s
2025-12-09 21:44:58.843 65526 INFO tempest.lib.common.rest_client [req-23d9fcb9-3bea-44d6-8a45-e37e0ba1fe4f req-23d9fcb9-3bea-44d6-8a45-e37e0ba1fe4f ] Request (ServersNegativeTestJSON:test_resize_server_with_null_flavor): 400 POST http://10.180.1.21/compute/v2.1/servers/7132894b-7404-488d-95c6-ffd1e1c8e868/action 0.007s
2025-12-09 21:44:58.879 65524 INFO tempest.lib.common.rest_client [req-a48609ba-2d28-433c-81e8-c14c1bfd07cb req-a48609ba-2d28-433c-81e8-c14c1bfd07cb ] Request (DeleteServersTestJSON:test_delete_server_while_in_attached_volume): 200 GET http://10.180.1.21/volume/v3/volumes/ad921c0e-8616-47d3-9c2e-7a443a703dab 0.032s
2025-12-09 21:44:58.887 65524 INFO tempest.common.waiters [-] volume ad921c0e-8616-47d3-9c2e-7a443a703dab reached available after waiting for 1.887319 seconds
2025-12-09 21:44:58.919 65539 INFO tempest.lib.common.rest_client [req-9ad41bfe-9eab-4b0a-91e6-c596b60e378e req-9ad41bfe-9eab-4b0a-91e6-c596b60e378e ] Request (SecurityGroupsTestJSON:test_server_security_groups): 200 POST http://10.180.1.21/compute/v2.1/os-security-groups 0.168s
2025-12-09 21:44:58.944 65526 INFO tempest.lib.common.rest_client [req-ceacb28e-f855-4f26-85be-74e6c7d48a3d req-ceacb28e-f855-4f26-85be-74e6c7d48a3d ] Request (ServersNegativeTestJSON:tearDown): 200 GET http://10.180.1.21/compute/v2.1/servers/7132894b-7404-488d-95c6-ffd1e1c8e868 0.101s
2025-12-09 21:44:58.997 65539 INFO tempest.lib.common.rest_client [req-5cc83e8c-f156-456f-ba2c-15d12e2d39d4 req-5cc83e8c-f156-456f-ba2c-15d12e2d39d4 ] Request (SecurityGroupsTestJSON:test_server_security_groups): 201 POST http://10.180.1.21/identity/v3/auth/tokens 0.071s
2025-12-09 21:44:58.997 65539 INFO tempest.lib.common.fixed_network [-] (SecurityGroupsTestJSON:test_server_security_groups) Found network {'id': 'bf4ede03-cc23-4600-8057-4475cfbeadfe', 'name': 'tempest-SecurityGroupsTestJSON-950361695-network', 'tenant_id': 'a8ee5216351c4745a45a998b4211ea27', 'project_id': 'a8ee5216351c4745a45a998b4211ea27', 'admin_state_up': True, 'mtu': 8950, 'status': 'ACTIVE', 'subnets': [], 'shared': False, 'port_security_enabled': True, 'router:external': False, 'provider:network_type': 'vlan', 'provider:physical_network': 'default', 'provider:segmentation_id': 503, 'availability_zone_hints': [], 'availability_zones': [], 'ipv4_address_scope': None, 'ipv6_address_scope': None, 'description': '', 'tags': [], 'created_at': '2025-12-09T21:43:54Z', 'updated_at': '2025-12-09T21:43:54Z', 'revision_number': 1} available for tenant
2025-12-09 21:44:59.009 65574 INFO tempest.lib.common.rest_client [req-98514d71-5103-4815-b32f-17041309703a req-98514d71-5103-4815-b32f-17041309703a ] Request (ServersTestFqdnHostnames:tearDownClass): 200 GET http://10.180.1.21/compute/v2.1/servers/8236043b-483b-4b36-9351-0ae93c95bb34 0.077s
2025-12-09 21:44:59.111 65526 INFO tempest.lib.common.rest_client [req-567675b6-1b63-4192-ab06-f328b19550ed req-567675b6-1b63-4192-ab06-f328b19550ed ] Request (ServersNegativeTestJSON:setUp): 200 GET http://10.180.1.21/compute/v2.1/servers/7132894b-7404-488d-95c6-ffd1e1c8e868 0.156s
2025-12-09 21:44:59.177 65530 INFO tempest.lib.common.rest_client [req-00d6d3be-8e85-432a-bd04-cc27ebc01e46 req-00d6d3be-8e85-432a-bd04-cc27ebc01e46 ] Request (ServersAdminNegativeTestJSON:tearDownClass): 200 GET http://10.180.1.21/compute/v2.1/servers/267ab297-3488-46d2-9ec8-e4e1b26a3729 0.196s
2025-12-09 21:44:59.241 65560 INFO tempest.lib.common.rest_client [req-4c4068f7-485e-421f-a8b2-40d68e8b45fa req-4c4068f7-485e-421f-a8b2-40d68e8b45fa ] Request (ImagesTestJSON:test_create_server_from_snapshot): 200 GET http://10.180.1.21/compute/v2.1/servers/a530eea4-fcad-40c9-be53-557b701eca09 0.248s
2025-12-09 21:44:59.558 65539 INFO tempest.lib.common.rest_client [req-abe7765d-df0f-4a80-aae3-5fc9d7b4b3d7 req-abe7765d-df0f-4a80-aae3-5fc9d7b4b3d7 ] Request (SecurityGroupsTestJSON:test_server_security_groups): 202 POST http://10.180.1.21/compute/v2.1/servers 0.560s
2025-12-09 21:44:59.579 65570 WARNING tempest.lib.common.ssh [-] Failed to establish authenticated ssh connection to cirros@10.180.180.150 ([Errno None] Unable to connect to port 22 on 10.180.180.150). Number attempts: 2. Retry after 3 seconds.: paramiko.ssh_exception.NoValidConnectionsError: [Errno None] Unable to connect to port 22 on 10.180.180.150
2025-12-09 21:44:59.659 65540 INFO tempest.lib.common.rest_client [req-56c866eb-6280-442b-aeff-2a9c11550f1b req-56c866eb-6280-442b-aeff-2a9c11550f1b ] Request (ServerDiskConfigTestJSON:test_rebuild_server_with_auto_disk_config): 200 GET http://10.180.1.21/compute/v2.1/servers/9a491e51-a2ee-459e-8727-ba052d5df7e1 0.619s
2025-12-09 21:44:59.671 65540 INFO tempest.common.waiters [-] State transition "BUILD/None" ==> "BUILD/networking" after 42 second wait
2025-12-09 21:44:59.673 65526 INFO tempest.lib.common.rest_client [req-e5922cbd-b38c-489c-9646-4d553fc50173 req-e5922cbd-b38c-489c-9646-4d553fc50173 ] Request (ServersNegativeTestJSON:test_restore_nonexistent_server_id): 404 POST http://10.180.1.21/compute/v2.1/servers/7fa6d0fb-2f04-4f06-9f56-9a5810d47a65/action 0.554s
2025-12-09 21:44:59.802 65562 INFO tempest.lib.common.rest_client [req-a5805b98-7fe8-4099-ac8d-db2c5372da97 req-a5805b98-7fe8-4099-ac8d-db2c5372da97 ] Request (FloatingIPsAssociationNegativeTestJSON:setUpClass): 200 GET http://10.180.1.21/compute/v2.1/servers/7d473544-0520-49bc-92f0-35ba9923ab2c 0.550s
2025-12-09 21:44:59.828 65544 INFO tempest.lib.common.rest_client [req-9ea89794-8da3-43f0-bdba-c394bc3ec82b req-9ea89794-8da3-43f0-bdba-c394bc3ec82b ] Request (VolumesAdminNegativeTest:tearDownClass): 404 GET http://10.180.1.21/compute/v2.1/servers/f0a226ed-fe34-4b98-9cae-3d03ba3c3a9a 0.499s
2025-12-09 21:45:00.563 65524 INFO tempest.lib.common.rest_client [req-4e90bb08-b399-4961-9c09-6b49a6e6a636 req-4e90bb08-b399-4961-9c09-6b49a6e6a636 ] Request (DeleteServersTestJSON:test_delete_server_while_in_attached_volume): 200 POST http://10.180.1.21/compute/v2.1/servers/bb986fd1-8fc1-4d00-a5bb-b1896f64f86b/os-volume_attachments 1.675s
2025-12-09 21:45:00.577 65544 INFO tempest.lib.common.rest_client [req-783d862a-550b-478b-9356-354320f22c48 req-783d862a-550b-478b-9356-354320f22c48 ] Request (VolumesAdminNegativeTest:tearDownClass): 200 PUT http://10.180.1.21/networking/v2.0/routers/de7f45be-a962-421e-a211-17615ffc66bb/remove_router_interface 0.749s
2025-12-09 21:45:00.605 65584 INFO tempest.lib.common.rest_client [req-c49db2ce-80f6-46ef-a6a8-1886ff9409b2 req-c49db2ce-80f6-46ef-a6a8-1886ff9409b2 ] Request (ServersAaction247Test:test_create_backup): 200 GET http://10.180.1.21/compute/v2.1/servers/c9cbe3cd-9476-4d99-b832-811d9a157000 1.179s
2025-12-09 21:45:00.610 65524 INFO tempest.lib.common.rest_client [req-36949bdb-ae76-4f7f-9e87-82683ca1dfec req-36949bdb-ae76-4f7f-9e87-82683ca1dfec ] Request (DeleteServersTestJSON:test_delete_server_while_in_attached_volume): 200 GET http://10.180.1.21/volume/v3/volumes/ad921c0e-8616-47d3-9c2e-7a443a703dab 0.046s
2025-12-09 21:45:00.969 65544 INFO tempest.lib.common.rest_client [req-9f9de0c6-fd45-41a7-b7c5-76893ac59509 req-9f9de0c6-fd45-41a7-b7c5-76893ac59509 ] Request (VolumesAdminNegativeTest:tearDownClass): 204 DELETE http://10.180.1.21/networking/v2.0/routers/de7f45be-a962-421e-a211-17615ffc66bb 0.391s
2025-12-09 21:45:01.080 65534 INFO tempest.lib.common.rest_client [req-75967b7b-4ae0-4893-969f-b4ac08125848 req-75967b7b-4ae0-4893-969f-b4ac08125848 ] Request (ServerGroupTestJSON:test_create_server_with_scheduler_hint_group): 200 GET http://10.180.1.21/compute/v2.1/servers/52062d6c-76e8-493b-8d49-31761e3bdb28 1.604s
2025-12-09 21:45:01.201 65550 INFO tempest.lib.common.rest_client [req-503afaa0-e7b7-4a1d-ae71-865d4690f5ab req-503afaa0-e7b7-4a1d-ae71-865d4690f5ab ] Request (MigrationsAdminTest:test_resize_server_revert_deleted_flavor): 200 GET http://10.180.1.21/compute/v2.1/servers/50280473-e947-4dfe-a9a6-59990bc21024 1.755s
2025-12-09 21:45:01.278 65544 INFO tempest.lib.common.rest_client [req-a6f786e4-fd64-464d-8cfe-85b36a2ab653 req-a6f786e4-fd64-464d-8cfe-85b36a2ab653 ] Request (VolumesAdminNegativeTest:tearDownClass): 204 DELETE http://10.180.1.21/networking/v2.0/subnets/2ef95cbf-bfe5-4198-9a92-3f508967b2f9 0.308s
2025-12-09 21:45:01.325 65556 INFO tempest.lib.common.rest_client [req-3957e620-c92b-4af7-affa-949de128683a req-3957e620-c92b-4af7-affa-949de128683a ] Request (ImagesOneServerNegativeTestJSON:_run_cleanups): 200 GET http://10.180.1.21/compute/v2.1/servers/7ba66cde-c34e-465c-b108-eb4ed10feeeb 1.828s
2025-12-09 21:45:01.383 65539 INFO tempest.lib.common.rest_client [req-0d42477a-0b19-4c6d-b436-06d56c64d07f req-0d42477a-0b19-4c6d-b436-06d56c64d07f ] Request (SecurityGroupsTestJSON:test_server_security_groups): 200 GET http://10.180.1.21/compute/v2.1/servers/69afcaf6-9381-4fa5-837e-49897d487e89 1.823s
2025-12-09 21:45:01.422 65554 INFO tempest.lib.common.rest_client [req-fd5cb903-1d1c-49da-97ab-b0b59494b629 req-fd5cb903-1d1c-49da-97ab-b0b59494b629 ] Request (InstanceActionsV221TestJSON:test_get_list_deleted_instance_actions): 200 GET http://10.180.1.21/compute/v2.1/servers/18044d32-a753-482b-8c38-7d969f4eccd4 1.841s
2025-12-09 21:45:01.487 65572 INFO tempest.lib.common.rest_client [req-377d9e9e-4e49-4f5e-a73b-e55d9c17961f req-377d9e9e-4e49-4f5e-a73b-e55d9c17961f ] Request (ServersTestJSON:test_create_server_with_ipv6_addr_only): 200 GET http://10.180.1.21/compute/v2.1/servers/ce7a9ece-f407-4282-aeb3-7c7a716890d6 1.843s
2025-12-09 21:45:01.598 65580 INFO tempest.lib.common.rest_client [req-92c11a01-1af7-4796-adbc-43d6fb9c5c44 req-92c11a01-1af7-4796-adbc-43d6fb9c5c44 ] Request (ServersAdminTestJSON:tearDownClass): 200 GET http://10.180.1.21/compute/v2.1/servers/d8be327f-821f-44e2-86d5-8afe85fc8135 1.858s
2025-12-09 21:45:01.626 65526 INFO tempest.lib.common.rest_client [req-831fc130-6981-4ac0-840f-1acb246f1b4f req-831fc130-6981-4ac0-840f-1acb246f1b4f ] Request (ServersNegativeTestJSON:tearDown): 200 GET http://10.180.1.21/compute/v2.1/servers/7132894b-7404-488d-95c6-ffd1e1c8e868 1.953s
2025-12-09 21:45:01.655 65574 INFO tempest.lib.common.rest_client [req-e9f39147-d70b-4b83-9b10-3d50bba29a6e req-e9f39147-d70b-4b83-9b10-3d50bba29a6e ] Request (ServersTestFqdnHostnames:tearDownClass): 404 GET http://10.180.1.21/compute/v2.1/servers/8236043b-483b-4b36-9351-0ae93c95bb34 1.636s
2025-12-09 21:45:01.659 65524 INFO tempest.lib.common.rest_client [req-0081fe18-d751-47f3-a420-4fdf9877e005 req-0081fe18-d751-47f3-a420-4fdf9877e005 ] Request (DeleteServersTestJSON:test_delete_server_while_in_attached_volume): 200 GET http://10.180.1.21/volume/v3/volumes/ad921c0e-8616-47d3-9c2e-7a443a703dab 0.039s
2025-12-09 21:45:01.673 65566 INFO tempest.lib.common.rest_client [req-5e63a655-9518-416e-8432-d2999666bea9 req-5e63a655-9518-416e-8432-d2999666bea9 ] Request (ListImageFiltersTestJSON:tearDownClass): 200 GET http://10.180.1.21/compute/v2.1/servers/5d9a3ced-5b74-4a57-9b67-c70ba3d9e50b 1.857s
2025-12-09 21:45:01.687 65544 INFO tempest.lib.common.rest_client [req-678dd4c3-33b4-406c-b4cb-3082a6db5286 req-678dd4c3-33b4-406c-b4cb-3082a6db5286 ] Request (VolumesAdminNegativeTest:tearDownClass): 204 DELETE http://10.180.1.21/networking/v2.0/networks/c8d237a3-0293-4a80-a431-555ea0e1f14c 0.409s
2025-12-09 21:45:01.691 65530 INFO tempest.lib.common.rest_client [req-b9be2d08-a231-4381-bc08-4b430421b44f req-b9be2d08-a231-4381-bc08-4b430421b44f ] Request (ServersAdminNegativeTestJSON:tearDownClass): 404 GET http://10.180.1.21/compute/v2.1/servers/267ab297-3488-46d2-9ec8-e4e1b26a3729 1.503s
2025-12-09 21:45:01.730 65560 INFO tempest.lib.common.rest_client [req-679a7b7d-b196-42a0-8b74-ef4cd4552445 req-679a7b7d-b196-42a0-8b74-ef4cd4552445 ] Request (ImagesTestJSON:test_create_server_from_snapshot): 200 GET http://10.180.1.21/compute/v2.1/servers/a530eea4-fcad-40c9-be53-557b701eca09 1.481s
2025-12-09 21:45:01.833 65540 INFO tempest.lib.common.rest_client [req-c75b65c0-5a88-4981-a57b-8e774a18dffa req-c75b65c0-5a88-4981-a57b-8e774a18dffa ] Request (ServerDiskConfigTestJSON:test_rebuild_server_with_auto_disk_config): 200 GET http://10.180.1.21/compute/v2.1/servers/9a491e51-a2ee-459e-8727-ba052d5df7e1 1.161s
2025-12-09 21:45:01.840 65540 INFO tempest.common.waiters [-] State transition "BUILD/networking" ==> "BUILD/spawning" after 44 second wait
2025-12-09 21:45:01.902 65562 INFO tempest.lib.common.rest_client [req-7749ea6f-c412-4796-8acc-fbcb48af8bae req-7749ea6f-c412-4796-8acc-fbcb48af8bae ] Request (FloatingIPsAssociationNegativeTestJSON:setUpClass): 200 GET http://10.180.1.21/compute/v2.1/servers/7d473544-0520-49bc-92f0-35ba9923ab2c 1.091s
2025-12-09 21:45:02.258 65584 INFO tempest.lib.common.rest_client [req-6848b618-90da-4d50-ab78-d5d59103107e req-6848b618-90da-4d50-ab78-d5d59103107e ] Request (ServersAaction247Test:test_create_backup): 200 GET http://10.180.1.21/compute/v2.1/servers/c9cbe3cd-9476-4d99-b832-811d9a157000 0.638s
2025-12-09 21:45:02.282 65574 INFO tempest.lib.common.rest_client [req-188d782a-2232-4180-ab05-cd641f3233a4 req-188d782a-2232-4180-ab05-cd641f3233a4 ] Request (ServersTestFqdnHostnames:tearDownClass): 202 DELETE http://10.180.1.21/compute/v2.1/os-keypairs/tempest-keypair-1031111160 0.626s
2025-12-09 21:45:02.388 65530 INFO tempest.lib.common.rest_client [req-8e853283-5542-4d0f-9896-de06d68b5db6 req-8e853283-5542-4d0f-9896-de06d68b5db6 ] Request (ServersAdminNegativeTestJSON:tearDownClass): 204 DELETE http://10.180.1.21/compute/v2.1/servers/935f8b5b-6862-406b-a86b-254fb2613261 0.697s
2025-12-09 21:45:02.474 65544 INFO tempest.lib.common.rest_client [req-e498c977-9233-4c55-a3d2-4548ec39debb req-e498c977-9233-4c55-a3d2-4548ec39debb ] Request (VolumesAdminNegativeTest:tearDownClass): 200 PUT http://10.180.1.21/networking/v2.0/routers/6e09af21-323c-4eb4-8948-b5d055bc4417/remove_router_interface 0.787s
2025-12-09 21:45:02.586 65574 INFO tempest.lib.common.rest_client [req-69c28343-d46b-461d-a77f-54b5c6ee9795 req-69c28343-d46b-461d-a77f-54b5c6ee9795 ] Request (ServersTestFqdnHostnames:tearDownClass): 204 DELETE http://10.180.1.21/networking/v2.0/security-groups/42d8d01f-0537-475c-a915-12d156922e75 0.304s
2025-12-09 21:45:02.621 65526 INFO tempest.lib.common.rest_client [req-2bdd6c7a-03ee-467e-be87-31ea676db468 req-2bdd6c7a-03ee-467e-be87-31ea676db468 ] Request (ServersNegativeTestJSON:setUp): 200 GET http://10.180.1.21/compute/v2.1/servers/7132894b-7404-488d-95c6-ffd1e1c8e868 0.983s
2025-12-09 21:45:02.657 65534 INFO tempest.lib.common.rest_client [req-e3fa8c21-68a2-4b1a-9889-f6e9dfc59012 req-e3fa8c21-68a2-4b1a-9889-f6e9dfc59012 ] Request (ServerGroupTestJSON:test_create_server_with_scheduler_hint_group): 200 GET http://10.180.1.21/compute/v2.1/servers/52062d6c-76e8-493b-8d49-31761e3bdb28 0.568s
2025-12-09 21:45:02.713 65524 INFO tempest.lib.common.rest_client [req-bb08ac79-b0ab-4622-a926-3981d7365d75 req-bb08ac79-b0ab-4622-a926-3981d7365d75 ] Request (DeleteServersTestJSON:test_delete_server_while_in_attached_volume): 200 GET http://10.180.1.21/volume/v3/volumes/ad921c0e-8616-47d3-9c2e-7a443a703dab 0.046s
2025-12-09 21:45:02.781 65532 WARNING tempest.lib.common.ssh [-] Failed to establish authenticated ssh connection to cirros@10.180.180.163 ([Errno None] Unable to connect to port 22 on 10.180.180.163). Number attempts: 4. Retry after 5 seconds.: paramiko.ssh_exception.NoValidConnectionsError: [Errno None] Unable to connect to port 22 on 10.180.180.163
2025-12-09 21:45:03.025 65544 INFO tempest.lib.common.rest_client [req-38701ebe-ba96-4d82-be3b-c3a9d02228bb req-38701ebe-ba96-4d82-be3b-c3a9d02228bb ] Request (VolumesAdminNegativeTest:tearDownClass): 204 DELETE http://10.180.1.21/networking/v2.0/routers/6e09af21-323c-4eb4-8948-b5d055bc4417 0.548s
2025-12-09 21:45:03.032 65574 INFO tempest.lib.common.rest_client [req-984abe44-4b24-4c70-b9fa-e954d8e442a3 req-984abe44-4b24-4c70-b9fa-e954d8e442a3 ] Request (ServersTestFqdnHostnames:tearDownClass): 404 GET http://10.180.1.21/networking/v2.0/security-groups/42d8d01f-0537-475c-a915-12d156922e75 0.446s
2025-12-09 21:45:03.199 65528 WARNING tempest.lib.common.ssh [-] Failed to establish authenticated ssh connection to cirros@10.180.180.218 ([Errno None] Unable to connect to port 22 on 10.180.180.218). Number attempts: 9. Retry after 10 seconds.: paramiko.ssh_exception.NoValidConnectionsError: [Errno None] Unable to connect to port 22 on 10.180.180.218
2025-12-09 21:45:03.299 65544 INFO tempest.lib.common.rest_client [req-410303d0-1d29-44db-9267-9847d58d175f req-410303d0-1d29-44db-9267-9847d58d175f ] Request (VolumesAdminNegativeTest:tearDownClass): 204 DELETE http://10.180.1.21/networking/v2.0/subnets/638d567b-a4f6-40f9-8c9b-7c83d795c7fd 0.273s
2025-12-09 21:45:03.388 65546 WARNING tempest.lib.common.ssh [-] Failed to establish authenticated ssh connection to cirros@10.180.180.219 ([Errno None] Unable to connect to port 22 on 10.180.180.219). Number attempts: 7. Retry after 8 seconds.: paramiko.ssh_exception.NoValidConnectionsError: [Errno None] Unable to connect to port 22 on 10.180.180.219
2025-12-09 21:45:03.517 65574 INFO tempest.lib.common.rest_client [req-931b50c7-77ee-4c3d-9959-4ee25099a2f7 req-931b50c7-77ee-4c3d-9959-4ee25099a2f7 ] Request (ServersTestFqdnHostnames:tearDownClass): 204 DELETE http://10.180.1.21/networking/v2.0/floatingips/4f2e185c-1ba2-4449-8b84-95b5b6edb8b3 0.484s
2025-12-09 21:45:03.519 65558 INFO paramiko.transport [-] Connected (version 2.0, client dropbear_2020.81)
2025-12-09 21:45:03.584 65550 INFO tempest.lib.common.rest_client [req-21816fec-a4c6-4ef7-8091-73e5da68c608 req-21816fec-a4c6-4ef7-8091-73e5da68c608 ] Request (MigrationsAdminTest:test_resize_server_revert_deleted_flavor): 200 GET http://10.180.1.21/compute/v2.1/servers/50280473-e947-4dfe-a9a6-59990bc21024 1.372s
2025-12-09 21:45:03.605 65556 INFO tempest.lib.common.rest_client [req-2a462b70-f9e0-4350-bb80-74f1f3fc55d7 req-2a462b70-f9e0-4350-bb80-74f1f3fc55d7 ] Request (ImagesOneServerNegativeTestJSON:_run_cleanups): 200 GET http://10.180.1.21/compute/v2.1/servers/7ba66cde-c34e-465c-b108-eb4ed10feeeb 1.270s
2025-12-09 21:45:03.611 65556 INFO tempest.common.waiters [-] State transition "BUILD/None" ==> "BUILD/block_device_mapping" after 43 second wait
2025-12-09 21:45:03.625 65558 INFO paramiko.transport [-] Authentication (publickey) successful!
2025-12-09 21:45:03.625 65558 INFO tempest.lib.common.ssh [-] ssh connection to cirros@10.180.180.202 successfully created
2025-12-09 21:45:03.763 65524 INFO tempest.lib.common.rest_client [req-72570f43-3cc4-4c96-b458-5bf930f323fb req-72570f43-3cc4-4c96-b458-5bf930f323fb ] Request (DeleteServersTestJSON:test_delete_server_while_in_attached_volume): 200 GET http://10.180.1.21/volume/v3/volumes/ad921c0e-8616-47d3-9c2e-7a443a703dab 0.039s
2025-12-09 21:45:03.854 65544 INFO tempest.lib.common.rest_client [req-6daf1fcd-99e1-47f3-945d-6d0915b21f9f req-6daf1fcd-99e1-47f3-945d-6d0915b21f9f ] Request (VolumesAdminNegativeTest:tearDownClass): 204 DELETE http://10.180.1.21/networking/v2.0/networks/eee346db-f167-4987-b00c-3ffcbbb6c0c9 0.555s
2025-12-09 21:45:04.156 65539 INFO tempest.lib.common.rest_client [req-dbf4ae0c-7962-410b-8c4d-0a491f7612bc req-dbf4ae0c-7962-410b-8c4d-0a491f7612bc ] Request (SecurityGroupsTestJSON:test_server_security_groups): 200 GET http://10.180.1.21/compute/v2.1/servers/69afcaf6-9381-4fa5-837e-49897d487e89 1.762s
2025-12-09 21:45:04.191 65554 INFO tempest.lib.common.rest_client [req-35a8779c-4e6c-4933-8fb3-9fcafaeb099d req-35a8779c-4e6c-4933-8fb3-9fcafaeb099d ] Request (InstanceActionsV221TestJSON:test_get_list_deleted_instance_actions): 404 GET http://10.180.1.21/compute/v2.1/servers/18044d32-a753-482b-8c38-7d969f4eccd4 1.750s
2025-12-09 21:45:04.571 65564 WARNING tempest.lib.common.ssh [-] Failed to establish authenticated ssh connection to cirros@10.180.180.200 ([Errno None] Unable to connect to port 22 on 10.180.180.200). Number attempts: 8. Retry after 9 seconds.: paramiko.ssh_exception.NoValidConnectionsError: [Errno None] Unable to connect to port 22 on 10.180.180.200
2025-12-09 21:45:04.677 65574 INFO tempest.lib.common.rest_client [req-4b63aaa4-0324-4e87-9792-dfe1b553fd54 req-4b63aaa4-0324-4e87-9792-dfe1b553fd54 ] Request (ServersTestFqdnHostnames:tearDownClass): 200 PUT http://10.180.1.21/networking/v2.0/routers/24f84053-ecb6-48e1-9a3d-1bc129933e3e/remove_router_interface 1.159s
2025-12-09 21:45:04.750 65530 INFO tempest.lib.common.rest_client [req-6ba47dc6-058a-4dee-ae5d-05e3cfe24d20 req-6ba47dc6-058a-4dee-ae5d-05e3cfe24d20 ] Request (ServersAdminNegativeTestJSON:tearDownClass): 200 GET http://10.180.1.21/compute/v2.1/servers/935f8b5b-6862-406b-a86b-254fb2613261 2.361s
2025-12-09 21:45:04.767 65572 INFO tempest.lib.common.rest_client [req-1905edd0-e238-4989-b9b9-e4a3a9c74e1e req-1905edd0-e238-4989-b9b9-e4a3a9c74e1e ] Request (ServersTestJSON:test_create_server_with_ipv6_addr_only): 200 GET http://10.180.1.21/compute/v2.1/servers/ce7a9ece-f407-4282-aeb3-7c7a716890d6 2.268s
2025-12-09 21:45:04.776 65526 INFO tempest.lib.common.rest_client [req-00cd61ed-366b-45c2-a5c0-41d2ceac6efc req-00cd61ed-366b-45c2-a5c0-41d2ceac6efc ] Request (ServersNegativeTestJSON:test_resume_non_existent_server): 404 POST http://10.180.1.21/compute/v2.1/servers/b2e64ced-31ce-4137-932f-c9c5bd843b4b/action 2.146s
2025-12-09 21:45:04.805 65566 INFO tempest.lib.common.rest_client [req-80199a02-0a96-4fcf-867c-41c2d3b2ed03 req-80199a02-0a96-4fcf-867c-41c2d3b2ed03 ] Request (ListImageFiltersTestJSON:tearDownClass): 404 GET http://10.180.1.21/compute/v2.1/servers/5d9a3ced-5b74-4a57-9b67-c70ba3d9e50b 2.121s
2025-12-09 21:45:04.816 65524 INFO tempest.lib.common.rest_client [req-2aa633f7-3b11-4ad3-a755-b5391ebe7980 req-2aa633f7-3b11-4ad3-a755-b5391ebe7980 ] Request (DeleteServersTestJSON:test_delete_server_while_in_attached_volume): 200 GET http://10.180.1.21/volume/v3/volumes/ad921c0e-8616-47d3-9c2e-7a443a703dab 0.043s
2025-12-09 21:45:04.903 65544 INFO tempest.lib.common.rest_client [req-b5b94c42-2e94-4dca-a21e-9fdbba37f767 req-b5b94c42-2e94-4dca-a21e-9fdbba37f767 ] Request (VolumesAdminNegativeTest:tearDownClass): 200 PUT http://10.180.1.21/networking/v2.0/routers/f06c871b-b38e-41fa-a536-6b420b365d86/remove_router_interface 1.048s
2025-12-09 21:45:04.923 65580 INFO tempest.lib.common.rest_client [req-04ab4197-8857-4145-9d27-92dcc4ec951d req-04ab4197-8857-4145-9d27-92dcc4ec951d ] Request (ServersAdminTestJSON:tearDownClass): 200 GET http://10.180.1.21/compute/v2.1/servers/d8be327f-821f-44e2-86d5-8afe85fc8135 2.318s
2025-12-09 21:45:04.942 65560 INFO tempest.lib.common.rest_client [req-2243e654-8087-4b0e-8027-09cf6e6e8503 req-2243e654-8087-4b0e-8027-09cf6e6e8503 ] Request (ImagesTestJSON:test_create_server_from_snapshot): 200 GET http://10.180.1.21/compute/v2.1/servers/a530eea4-fcad-40c9-be53-557b701eca09 2.204s
2025-12-09 21:45:05.169 65574 INFO tempest.lib.common.rest_client [req-9ac6f601-eec1-47f2-86bc-5e4b0fb880ba req-9ac6f601-eec1-47f2-86bc-5e4b0fb880ba ] Request (ServersTestFqdnHostnames:tearDownClass): 204 DELETE http://10.180.1.21/networking/v2.0/routers/24f84053-ecb6-48e1-9a3d-1bc129933e3e 0.492s
2025-12-09 21:45:05.356 65544 INFO tempest.lib.common.rest_client [req-1c4bde57-50fd-4500-9461-b6de4d9a3431 req-1c4bde57-50fd-4500-9461-b6de4d9a3431 ] Request (VolumesAdminNegativeTest:tearDownClass): 204 DELETE http://10.180.1.21/networking/v2.0/routers/f06c871b-b38e-41fa-a536-6b420b365d86 0.453s
2025-12-09 21:45:05.481 65540 INFO tempest.lib.common.rest_client [req-06c26965-14cd-4ce7-b63f-11ebb7480da0 req-06c26965-14cd-4ce7-b63f-11ebb7480da0 ] Request (ServerDiskConfigTestJSON:test_rebuild_server_with_auto_disk_config): 200 GET http://10.180.1.21/compute/v2.1/servers/9a491e51-a2ee-459e-8727-ba052d5df7e1 2.640s
2025-12-09 21:45:05.506 65562 INFO tempest.lib.common.rest_client [req-3e92b38e-4498-4053-aa49-d6f64e8ce4a8 req-3e92b38e-4498-4053-aa49-d6f64e8ce4a8 ] Request (FloatingIPsAssociationNegativeTestJSON:setUpClass): 200 GET http://10.180.1.21/compute/v2.1/servers/7d473544-0520-49bc-92f0-35ba9923ab2c 2.592s
2025-12-09 21:45:05.532 65574 INFO tempest.lib.common.rest_client [req-25dfe3cb-660f-4996-b864-2b35e2f9d255 req-25dfe3cb-660f-4996-b864-2b35e2f9d255 ] Request (ServersTestFqdnHostnames:tearDownClass): 204 DELETE http://10.180.1.21/networking/v2.0/subnets/fdbee42e-f117-4b74-b6aa-838d150fd565 0.362s
2025-12-09 21:45:05.669 65544 INFO tempest.lib.common.rest_client [req-ae28327a-707f-4ecd-8822-a1c269410e31 req-ae28327a-707f-4ecd-8822-a1c269410e31 ] Request (VolumesAdminNegativeTest:tearDownClass): 204 DELETE http://10.180.1.21/networking/v2.0/subnets/9062e7e0-9fac-483c-85ab-60ec48144d95 0.312s
2025-12-09 21:45:05.708 65584 INFO tempest.lib.common.rest_client [req-3aa6fc2c-b693-4323-8ead-ca2ce1705ee9 req-3aa6fc2c-b693-4323-8ead-ca2ce1705ee9 ] Request (ServersAaction247Test:test_create_backup): 200 GET http://10.180.1.21/compute/v2.1/servers/c9cbe3cd-9476-4d99-b832-811d9a157000 2.437s
2025-12-09 21:45:05.721 65584 INFO tempest.common.waiters [-] State transition "BUILD/None" ==> "BUILD/block_device_mapping" after 34 second wait
2025-12-09 21:45:05.861 65524 INFO tempest.lib.common.rest_client [req-628af950-9d3c-4d28-bcd2-c7e9ed06923c req-628af950-9d3c-4d28-bcd2-c7e9ed06923c ] Request (DeleteServersTestJSON:test_delete_server_while_in_attached_volume): 200 GET http://10.180.1.21/volume/v3/volumes/ad921c0e-8616-47d3-9c2e-7a443a703dab 0.036s
2025-12-09 21:45:06.171 65570 WARNING tempest.lib.common.ssh [-] Failed to establish authenticated ssh connection to cirros@10.180.180.150 ([Errno None] Unable to connect to port 22 on 10.180.180.150). Number attempts: 3. Retry after 4 seconds.: paramiko.ssh_exception.NoValidConnectionsError: [Errno None] Unable to connect to port 22 on 10.180.180.150
2025-12-09 21:45:06.184 65544 INFO tempest.lib.common.rest_client [req-294151e5-7215-41af-92d7-fd38039f40fb req-294151e5-7215-41af-92d7-fd38039f40fb ] Request (VolumesAdminNegativeTest:tearDownClass): 204 DELETE http://10.180.1.21/networking/v2.0/networks/07a930cb-917f-469e-90c1-44833594b386 0.514s
2025-12-09 21:45:06.226 65534 INFO tempest.lib.common.rest_client [req-5c5d31b0-eff4-409b-8e25-08847f36a22f req-5c5d31b0-eff4-409b-8e25-08847f36a22f ] Request (ServerGroupTestJSON:test_create_server_with_scheduler_hint_group): 200 GET http://10.180.1.21/compute/v2.1/servers/52062d6c-76e8-493b-8d49-31761e3bdb28 2.554s
2025-12-09 21:45:06.278 65558 INFO tempest.lib.common.rest_client [req-c4fa59a1-4bf1-4ff3-8c89-6165462c83c5 req-c4fa59a1-4bf1-4ff3-8c89-6165462c83c5 ] Request (ServerActionsTestJSON:tearDown): 200 GET http://10.180.1.21/compute/v2.1/servers/ee8ab850-84b6-4948-a4af-8fd37b8c0a4b 2.646s
2025-12-09 21:45:06.351 65544 INFO tempest.lib.common.rest_client [req-69e6159e-37ea-4bec-9322-58e40656d580 req-69e6159e-37ea-4bec-9322-58e40656d580 ] Request (VolumesAdminNegativeTest:tearDownClass): 204 DELETE http://10.180.1.21/identity/v3/users/79ed54f952fd4022a45e880d3db6e9c4 0.166s
2025-12-09 21:45:06.361 65554 INFO tempest.lib.common.rest_client [req-27a5d34e-1e52-46e2-bd1f-d2071397035f req-27a5d34e-1e52-46e2-bd1f-d2071397035f ] Request (InstanceActionsV221TestJSON:test_get_list_deleted_instance_actions): 200 GET http://10.180.1.21/compute/v2.1/servers/18044d32-a753-482b-8c38-7d969f4eccd4/os-instance-actions 2.169s
2025-12-09 21:45:06.444 65574 INFO tempest.lib.common.rest_client [req-3808ca89-03d2-45f0-a056-30755d570908 req-3808ca89-03d2-45f0-a056-30755d570908 ] Request (ServersTestFqdnHostnames:tearDownClass): 204 DELETE http://10.180.1.21/networking/v2.0/networks/440909fe-e014-4aef-8189-70cad506cebd 0.911s
2025-12-09 21:45:06.485 65544 INFO tempest.lib.common.rest_client [req-4338cd57-e400-4f5b-a817-6bbb6b299cb7 req-4338cd57-e400-4f5b-a817-6bbb6b299cb7 ] Request (VolumesAdminNegativeTest:tearDownClass): 204 DELETE http://10.180.1.21/identity/v3/users/1158b0d3cdc24c21bd08ddb2e9623ccc 0.133s
2025-12-09 21:45:06.495 65550 INFO tempest.lib.common.rest_client [req-f5f6d878-6ad6-4894-b7b8-7db22041babc req-f5f6d878-6ad6-4894-b7b8-7db22041babc ] Request (MigrationsAdminTest:test_resize_server_revert_deleted_flavor): 200 GET http://10.180.1.21/compute/v2.1/servers/50280473-e947-4dfe-a9a6-59990bc21024 1.902s
2025-12-09 21:45:06.511 65556 INFO tempest.lib.common.rest_client [req-f098d04a-ddd7-4cb7-82dc-d6482fb8744d req-f098d04a-ddd7-4cb7-82dc-d6482fb8744d ] Request (ImagesOneServerNegativeTestJSON:_run_cleanups): 200 GET http://10.180.1.21/compute/v2.1/servers/7ba66cde-c34e-465c-b108-eb4ed10feeeb 1.899s
2025-12-09 21:45:06.523 65556 INFO tempest.common.waiters [-] State transition "BUILD/block_device_mapping" ==> "BUILD/spawning" after 46 second wait
2025-12-09 21:45:06.555 65574 INFO tempest.lib.common.rest_client [req-2c44ee5e-689e-4bc2-ba3b-b69e7ab20580 req-2c44ee5e-689e-4bc2-ba3b-b69e7ab20580 ] Request (ServersTestFqdnHostnames:tearDownClass): 204 DELETE http://10.180.1.21/identity/v3/users/632746c41531494498317e86b393c5d6 0.111s
2025-12-09 21:45:06.556 65574 INFO tempest.lib.common.dynamic_creds [-] Deleting project and security group for project: 70fc61bb0e1f4e22aceafb08f8fd971f
2025-12-09 21:45:06.570 65544 INFO tempest.lib.common.rest_client [req-94ba1c25-884f-4bc5-a113-bbc1da3d5d29 req-94ba1c25-884f-4bc5-a113-bbc1da3d5d29 ] Request (VolumesAdminNegativeTest:tearDownClass): 204 DELETE http://10.180.1.21/identity/v3/users/bcf9ec7c703d4ee1ad8e965b6558d0b4 0.085s
2025-12-09 21:45:06.570 65544 INFO tempest.lib.common.dynamic_creds [-] Deleting project and security group for project: 5d1cb378db124ca497bfacc515acf389
2025-12-09 21:45:06.581 65574 INFO tempest.lib.common.rest_client [req-8850cfe7-5737-41a3-b7ee-fbee95a2fab7 req-8850cfe7-5737-41a3-b7ee-fbee95a2fab7 ] Request (ServersTestFqdnHostnames:tearDownClass): 200 GET http://10.180.1.21/networking/v2.0/security-groups?tenant_id=70fc61bb0e1f4e22aceafb08f8fd971f&name=default 0.025s
2025-12-09 21:45:06.589 65566 INFO tempest.lib.common.rest_client [req-76f0c43e-e646-4389-95db-4dd2cf707ff6 req-76f0c43e-e646-4389-95db-4dd2cf707ff6 ] Request (ListImageFiltersTestJSON:tearDownClass): 204 DELETE http://10.180.1.21/compute/v2.1/servers/4f7a92ed-dd72-496e-af83-ba74451d544a 1.784s
2025-12-09 21:45:06.611 65544 INFO tempest.lib.common.rest_client [req-cb488283-376d-41cc-acde-8b27b37efa60 req-cb488283-376d-41cc-acde-8b27b37efa60 ] Request (VolumesAdminNegativeTest:tearDownClass): 200 GET http://10.180.1.21/networking/v2.0/security-groups?tenant_id=5d1cb378db124ca497bfacc515acf389&name=default 0.040s
