2025-12-09 21:43:15.945 65544 INFO tempest.lib.common.dynamic_creds [-] Created isolated network resources for: credentials: Credentials: {'domain_id': 'default', 'domain_name': 'Default', 'username': 'tempest-VolumesAdminNegativeTest-1359754430-project-admin', 'project_domain_id': 'default', 'project_domain_name': 'Default', 'project_id': '5d1cb378db124ca497bfacc515acf389', 'project_name': 'tempest-VolumesAdminNegativeTest-1359754430', 'tenant_id': '5d1cb378db124ca497bfacc515acf389', 'tenant_name': 'tempest-VolumesAdminNegativeTest-1359754430', 'user_domain_id': 'default', 'user_domain_name': 'Default', 'user_id': '1158b0d3cdc24c21bd08ddb2e9623ccc', 'system': None}, Network: {'id': 'eee346db-f167-4987-b00c-3ffcbbb6c0c9', 'name': 'tempest-VolumesAdminNegativeTest-2001947741-network', 'tenant_id': '5d1cb378db124ca497bfacc515acf389', 'project_id': '5d1cb378db124ca497bfacc515acf389', 'admin_state_up': True, 'mtu': 8950, 'status': 'ACTIVE', 'subnets': [], 'shared': False, 'port_security_enabled': True, 'router:external': False, 'provider:network_type': 'vlan', 'provider:physical_network': 'default', 'provider:segmentation_id': 391, 'availability_zone_hints': [], 'availability_zones': [], 'ipv4_address_scope': None, 'ipv6_address_scope': None, 'description': '', 'tags': [], 'created_at': '2025-12-09T21:43:13Z', 'updated_at': '2025-12-09T21:43:13Z', 'revision_number': 1}, Subnet: {'id': '638d567b-a4f6-40f9-8c9b-7c83d795c7fd', 'name': 'tempest-VolumesAdminNegativeTest-2001947741-subnet', 'tenant_id': '5d1cb378db124ca497bfacc515acf389', 'network_id': 'eee346db-f167-4987-b00c-3ffcbbb6c0c9', 'ip_version': 4, 'subnetpool_id': None, 'enable_dhcp': True, 'ipv6_ra_mode': None, 'ipv6_address_mode': None, 'gateway_ip': '192.168.128.1', 'cidr': '192.168.128.0/28', 'allocation_pools': [{'start': '192.168.128.2', 'end': '192.168.128.14'}], 'host_routes': [], 'dns_nameservers': [], 'description': '', 'router:external': False, 'service_types': [], 'tags': [], 'created_at': '2025-12-09T21:43:13Z', 'updated_at': '2025-12-09T21:43:13Z', 'revision_number': 0, 'project_id': '5d1cb378db124ca497bfacc515acf389'}, Router: {'id': '6e09af21-323c-4eb4-8948-b5d055bc4417', 'name': 'tempest-VolumesAdminNegativeTest-2001947741-router', 'tenant_id': '5d1cb378db124ca497bfacc515acf389', 'admin_state_up': True, 'status': 'ACTIVE', 'external_gateway_info': {'network_id': '39e84125-ab82-409f-ba26-b5126e28996c', 'external_fixed_ips': [{'subnet_id': '08fd7daa-3aec-4c05-834c-bc02984aa818', 'ip_address': '10.180.180.250'}], 'enable_snat': True}, 'description': '', 'availability_zones': [], 'distributed': False, 'ha': False, 'availability_zone_hints': [], 'routes': [], 'flavor_id': None, 'tags': [], 'created_at': '2025-12-09T21:43:13Z', 'updated_at': '2025-12-09T21:43:14Z', 'revision_number': 2, 'project_id': '5d1cb378db124ca497bfacc515acf389'}
2025-12-09 21:43:16.065 65544 INFO tempest.lib.common.rest_client [req-52eff190-8d44-4160-a730-5e8bebcc2949 req-52eff190-8d44-4160-a730-5e8bebcc2949 ] Request (VolumesAdminNegativeTest:setUpClass): 201 POST http://10.180.1.21/identity/v3/auth/tokens 0.117s
2025-12-09 21:43:16.142 65566 INFO tempest.lib.common.rest_client [req-965f63c2-a178-4a56-9eb4-1187e6cf56d7 req-965f63c2-a178-4a56-9eb4-1187e6cf56d7 ] Request (ListImageFiltersTestJSON:setUpClass): 200 GET http://10.180.1.21/compute/v2.1/servers/4f7a92ed-dd72-496e-af83-ba74451d544a 3.335s
2025-12-09 21:43:16.187 65544 INFO tempest.lib.common.rest_client [req-b1bc2d40-d855-4412-8b0b-f39817101fc1 req-b1bc2d40-d855-4412-8b0b-f39817101fc1 ] Request (VolumesAdminNegativeTest:setUpClass): 201 POST http://10.180.1.21/identity/v3/projects 0.122s
2025-12-09 21:43:16.258 65572 INFO tempest.lib.common.rest_client [req-fbb3c82a-db41-4566-bd70-35cec9226417 req-fbb3c82a-db41-4566-bd70-35cec9226417 ] Request (ServersListShow2100Test:tearDownClass): 204 DELETE http://10.180.1.21/compute/v2.1/servers/894ac411-b41e-407c-a607-e64359842b6d 3.347s
2025-12-09 21:43:16.312 65544 INFO tempest.lib.common.rest_client [req-81f741c1-fd24-4b2e-bc7c-94c3e6a6a96e req-81f741c1-fd24-4b2e-bc7c-94c3e6a6a96e ] Request (VolumesAdminNegativeTest:setUpClass): 201 POST http://10.180.1.21/identity/v3/users 0.124s
2025-12-09 21:43:16.333 65544 INFO tempest.lib.common.rest_client [req-052ceeb7-1835-4a05-b0d6-0af7581a4320 req-052ceeb7-1835-4a05-b0d6-0af7581a4320 ] Request (VolumesAdminNegativeTest:setUpClass): 200 GET http://10.180.1.21/identity/v3/roles 0.021s
2025-12-09 21:43:16.371 65544 INFO tempest.lib.common.rest_client [req-17e44bee-5ad7-42a2-8472-9bc2d97cb489 req-17e44bee-5ad7-42a2-8472-9bc2d97cb489 ] Request (VolumesAdminNegativeTest:setUpClass): 204 PUT http://10.180.1.21/identity/v3/projects/d6b2cd6a28374d31830b9cb36e92c9bf/users/bcf9ec7c703d4ee1ad8e965b6558d0b4/roles/ba2f5f307197401e8a042f99b2752ca1 0.037s
2025-12-09 21:43:16.462 65544 INFO tempest.lib.common.rest_client [req-6a84facd-6a5f-4333-87b5-109bd942351a req-6a84facd-6a5f-4333-87b5-109bd942351a ] Request (VolumesAdminNegativeTest:setUpClass): 200 GET http://10.180.1.21/identity/v3/roles 0.091s
2025-12-09 21:43:16.485 65526 INFO tempest.lib.common.rest_client [req-65caeba8-f9c1-461f-87bb-a1c5123ecb8c req-65caeba8-f9c1-461f-87bb-a1c5123ecb8c ] Request (ServersNegativeTestJSON:setUpClass): 202 POST http://10.180.1.21/compute/v2.1/servers 4.137s
2025-12-09 21:43:16.499 65544 INFO tempest.lib.common.rest_client [req-bd4410b8-1e85-4098-bc2a-6065178d35af req-bd4410b8-1e85-4098-bc2a-6065178d35af ] Request (VolumesAdminNegativeTest:setUpClass): 204 PUT http://10.180.1.21/identity/v3/projects/d6b2cd6a28374d31830b9cb36e92c9bf/users/bcf9ec7c703d4ee1ad8e965b6558d0b4/roles/68504c42b1624a2f93aa7a10c2fda6e4 0.036s
2025-12-09 21:43:16.499 65544 INFO tempest.lib.common.dynamic_creds [-] Dynamic test user bcf9ec7c703d4ee1ad8e965b6558d0b4 is created with scope project and roles: ['service', 'admin']
2025-12-09 21:43:16.499 65544 INFO tempest.lib.common.dynamic_creds [-] Acquired dynamic creds: credentials: Credentials: {'domain_id': 'default', 'domain_name': 'Default', 'username': 'tempest-VolumesAdminNegativeTest-287275337-project', 'project_domain_id': 'default', 'project_domain_name': 'Default', 'project_id': 'd6b2cd6a28374d31830b9cb36e92c9bf', 'project_name': 'tempest-VolumesAdminNegativeTest-287275337', 'tenant_id': 'd6b2cd6a28374d31830b9cb36e92c9bf', 'tenant_name': 'tempest-VolumesAdminNegativeTest-287275337', 'user_domain_id': 'default', 'user_domain_name': 'Default', 'user_id': 'bcf9ec7c703d4ee1ad8e965b6558d0b4', 'system': None}, Network: None, Subnet: None, Router: None
2025-12-09 21:43:16.774 65583 INFO tempest.lib.common.rest_client [req-19bfb6fc-6d80-431d-a423-ee7cee5e72f4 req-19bfb6fc-6d80-431d-a423-ee7cee5e72f4 ] Request (ServerMetadataNegativeTestJSON:setUpClass): 200 GET http://10.180.1.21/compute/v2.1/servers/7ad2bf55-b1c5-4155-9829-284232435e3f 3.701s
2025-12-09 21:43:16.787 65550 INFO tempest.lib.common.rest_client [req-0c1ad5d1-c452-4637-9a79-81dc4409bbab req-0c1ad5d1-c452-4637-9a79-81dc4409bbab ] Request (MigrationsAdminTest:test_resize_server_revert_deleted_flavor): 200 GET http://10.180.1.21/compute/v2.1/servers/50280473-e947-4dfe-a9a6-59990bc21024 3.729s
2025-12-09 21:43:16.797 65550 INFO tempest.common.waiters [-] State transition "BUILD/None" ==> "BUILD/networking" after 20 second wait
2025-12-09 21:43:16.801 65544 INFO tempest.lib.common.rest_client [req-60086523-1bda-45ed-9540-3df683fb08ab req-60086523-1bda-45ed-9540-3df683fb08ab ] Request (VolumesAdminNegativeTest:setUpClass): 201 POST http://10.180.1.21/networking/v2.0/networks 0.301s
2025-12-09 21:43:16.853 65528 INFO tempest.lib.common.rest_client [req-70db4b7c-9929-4b27-989b-1cdc32c458c6 req-70db4b7c-9929-4b27-989b-1cdc32c458c6 ] Request (AttachInterfacesTestJSON:test_create_list_show_delete_interfaces_by_fixed_ip): 200 GET http://10.180.1.21/compute/v2.1/servers/e59fd61c-d928-4c71-9c9a-ca2d893a7c93 3.728s
2025-12-09 21:43:16.869 65534 INFO tempest.lib.common.rest_client [req-556cc32d-d287-4465-b0e1-24040fc3c775 req-556cc32d-d287-4465-b0e1-24040fc3c775 ] Request (InstanceActionsNegativeTestJSON:setUpClass): 200 GET http://10.180.1.21/compute/v2.1/servers/07a51af7-a468-4cca-b8c0-40e59052f0fb 3.672s
2025-12-09 21:43:16.971 65544 INFO tempest.lib.common.rest_client [req-6554c85c-53b4-4ce8-8a04-9a7f4e94e3e2 req-6554c85c-53b4-4ce8-8a04-9a7f4e94e3e2 ] Request (VolumesAdminNegativeTest:setUpClass): 201 POST http://10.180.1.21/networking/v2.0/subnets 0.170s
2025-12-09 21:43:17.001 65564 INFO tempest.lib.common.rest_client [req-e2a8f0a7-a781-4884-b59d-bbde882d72f2 req-e2a8f0a7-a781-4884-b59d-bbde882d72f2 ] Request (ServersWithSpecificFlavorTestJSON:test_verify_created_server_ephemeral_disk): 200 GET http://10.180.1.21/compute/v2.1/servers/2a086b86-e214-454b-99ad-a9a23a7793bb 3.704s
2025-12-09 21:43:17.008 65564 INFO tempest.common.waiters [-] State transition "BUILD/scheduling" ==> "BUILD/None" after 10 second wait
2025-12-09 21:43:17.316 65548 INFO tempest.lib.common.rest_client [req-6e2a8b63-33eb-4e2b-b3b9-ae676a5ea639 req-6e2a8b63-33eb-4e2b-b3b9-ae676a5ea639 ] Request (ImagesOneServerTestJSON:tearDownClass): 200 GET http://10.180.1.21/compute/v2.1/servers/5b3365a6-d640-40ed-87ae-849627787061 3.666s
2025-12-09 21:43:17.368 65560 INFO tempest.lib.common.rest_client [req-0597be8e-5ce9-4bbd-98a4-3b2e65c1e188 req-0597be8e-5ce9-4bbd-98a4-3b2e65c1e188 ] Request (ImagesTestJSON:test_create_image_from_stopped_server): 200 GET http://10.180.1.21/compute/v2.1/servers/2b4092c7-929b-4361-927a-fa3df80bd510 3.799s
2025-12-09 21:43:17.379 65560 INFO tempest.common.waiters [-] State transition "BUILD/spawning" ==> "ACTIVE/None" after 42 second wait
2025-12-09 21:43:17.691 65584 WARNING tempest.lib.common.ssh [-] Failed to establish authenticated ssh connection to cirros@10.180.180.176 ([Errno None] Unable to connect to port 22 on 10.180.180.176). Number attempts: 7. Retry after 8 seconds.: paramiko.ssh_exception.NoValidConnectionsError: [Errno None] Unable to connect to port 22 on 10.180.180.176
2025-12-09 21:43:17.918 65544 INFO tempest.lib.common.rest_client [req-7709bc5d-4f6f-46ed-92b8-948dc8a7b59f req-7709bc5d-4f6f-46ed-92b8-948dc8a7b59f ] Request (VolumesAdminNegativeTest:setUpClass): 201 POST http://10.180.1.21/networking/v2.0/routers 0.946s
2025-12-09 21:43:17.932 65552 INFO tempest.lib.common.rest_client [req-04774daf-bbec-41ba-a8ab-6ac3da7674f5 req-04774daf-bbec-41ba-a8ab-6ac3da7674f5 ] Request (SecurityGroupsNegativeTestJSON:test_security_group_get_nonexistent_group): 404 GET http://10.180.1.21/compute/v2.1/os-security-groups/e2305e7a-bf2e-45f3-8a99-f969102d04b1 4.207s
2025-12-09 21:43:18.038 65562 INFO tempest.lib.common.rest_client [req-e83f217a-2676-4aaa-b399-52c2f9c58991 req-e83f217a-2676-4aaa-b399-52c2f9c58991 ] Request (VolumesAssistedSnapshotsTest:tearDownClass): 204 DELETE http://10.180.1.21/compute/v2.1/servers/2f394a5d-6452-4bad-93dc-cc2e9dcae116 4.283s
2025-12-09 21:43:18.970 65530 INFO tempest.lib.common.rest_client [req-45c33fda-9ba4-45e3-868b-9edad0025caa req-45c33fda-9ba4-45e3-868b-9edad0025caa ] Request (ServersAdminNegativeTestJSON:setUpClass): 200 GET http://10.180.1.21/compute/v2.1/servers/935f8b5b-6862-406b-a86b-254fb2613261 5.243s
2025-12-09 21:43:19.006 65544 INFO tempest.lib.common.rest_client [req-53fc1c8c-a42c-45e8-b33d-c3be0bc56f14 req-53fc1c8c-a42c-45e8-b33d-c3be0bc56f14 ] Request (VolumesAdminNegativeTest:setUpClass): 200 PUT http://10.180.1.21/networking/v2.0/routers/f06c871b-b38e-41fa-a536-6b420b365d86/add_router_interface 1.087s
2025-12-09 21:43:19.007 65544 INFO tempest.lib.common.dynamic_creds [-] Created isolated network resources for: credentials: Credentials: {'domain_id': 'default', 'domain_name': 'Default', 'username': 'tempest-VolumesAdminNegativeTest-287275337-project', 'project_domain_id': 'default', 'project_domain_name': 'Default', 'project_id': 'd6b2cd6a28374d31830b9cb36e92c9bf', 'project_name': 'tempest-VolumesAdminNegativeTest-287275337', 'tenant_id': 'd6b2cd6a28374d31830b9cb36e92c9bf', 'tenant_name': 'tempest-VolumesAdminNegativeTest-287275337', 'user_domain_id': 'default', 'user_domain_name': 'Default', 'user_id': 'bcf9ec7c703d4ee1ad8e965b6558d0b4', 'system': None}, Network: {'id': '07a930cb-917f-469e-90c1-44833594b386', 'name': 'tempest-VolumesAdminNegativeTest-2088347310-network', 'tenant_id': 'd6b2cd6a28374d31830b9cb36e92c9bf', 'project_id': 'd6b2cd6a28374d31830b9cb36e92c9bf', 'admin_state_up': True, 'mtu': 8950, 'status': 'ACTIVE', 'subnets': [], 'shared': False, 'port_security_enabled': True, 'router:external': False, 'provider:network_type': 'vlan', 'provider:physical_network': 'default', 'provider:segmentation_id': 384, 'availability_zone_hints': [], 'availability_zones': [], 'ipv4_address_scope': None, 'ipv6_address_scope': None, 'description': '', 'tags': [], 'created_at': '2025-12-09T21:43:16Z', 'updated_at': '2025-12-09T21:43:16Z', 'revision_number': 1}, Subnet: {'id': '9062e7e0-9fac-483c-85ab-60ec48144d95', 'name': 'tempest-VolumesAdminNegativeTest-2088347310-subnet', 'tenant_id': 'd6b2cd6a28374d31830b9cb36e92c9bf', 'network_id': '07a930cb-917f-469e-90c1-44833594b386', 'ip_version': 4, 'subnetpool_id': None, 'enable_dhcp': True, 'ipv6_ra_mode': None, 'ipv6_address_mode': None, 'gateway_ip': '192.168.128.1', 'cidr': '192.168.128.0/28', 'allocation_pools': [{'start': '192.168.128.2', 'end': '192.168.128.14'}], 'host_routes': [], 'dns_nameservers': [], 'description': '', 'router:external': False, 'service_types': [], 'tags': [], 'created_at': '2025-12-09T21:43:16Z', 'updated_at': '2025-12-09T21:43:16Z', 'revision_number': 0, 'project_id': 'd6b2cd6a28374d31830b9cb36e92c9bf'}, Router: {'id': 'f06c871b-b38e-41fa-a536-6b420b365d86', 'name': 'tempest-VolumesAdminNegativeTest-2088347310-router', 'tenant_id': 'd6b2cd6a28374d31830b9cb36e92c9bf', 'admin_state_up': True, 'status': 'ACTIVE', 'external_gateway_info': {'network_id': '39e84125-ab82-409f-ba26-b5126e28996c', 'external_fixed_ips': [{'subnet_id': '08fd7daa-3aec-4c05-834c-bc02984aa818', 'ip_address': '10.180.180.144'}], 'enable_snat': True}, 'description': '', 'availability_zones': [], 'distributed': False, 'ha': False, 'availability_zone_hints': [], 'routes': [], 'flavor_id': None, 'tags': [], 'created_at': '2025-12-09T21:43:17Z', 'updated_at': '2025-12-09T21:43:17Z', 'revision_number': 2, 'project_id': 'd6b2cd6a28374d31830b9cb36e92c9bf'}
2025-12-09 21:43:19.074 65532 INFO tempest.lib.common.rest_client [req-08a98436-6ab2-467e-b80e-139781872ac6 req-08a98436-6ab2-467e-b80e-139781872ac6 ] Request (InstanceActionsTestJSON:tearDownClass): 200 GET http://10.180.1.21/compute/v2.1/servers/8fb72cc9-0fe0-4983-99e2-87968b62bd10 5.186s
2025-12-09 21:43:19.097 65554 INFO tempest.lib.common.rest_client [req-b7702e77-5b6e-47e4-8786-9711a87dc492 req-b7702e77-5b6e-47e4-8786-9711a87dc492 ] Request (KeyPairsNegativeTestJSON:test_create_keypair_with_duplicate_name): 202 DELETE http://10.180.1.21/compute/v2.1/os-keypairs/tempest-keypair-1432991920 5.149s
2025-12-09 21:43:19.132 65556 INFO tempest.lib.common.rest_client [req-bf8c4b26-129b-4594-8647-4834b7f2aeb4 req-bf8c4b26-129b-4594-8647-4834b7f2aeb4 ] Request (ImagesOneServerNegativeTestJSON:_run_cleanups): 200 GET http://10.180.1.21/compute/v2.1/servers/6ead33c1-5c9e-4aad-8afa-7fce070d3b0b 5.290s
2025-12-09 21:43:19.141 65556 INFO tempest.common.waiters [-] State transition "BUILD/None" ==> "BUILD/spawning" after 27 second wait
2025-12-09 21:43:19.166 65544 INFO tempest.lib.common.rest_client [req-a2077087-9da8-4e45-8c7d-e97f0c796f5c req-a2077087-9da8-4e45-8c7d-e97f0c796f5c ] Request (VolumesAdminNegativeTest:setUpClass): 201 POST http://10.180.1.21/identity/v3/auth/tokens 0.157s
2025-12-09 21:43:19.256 65580 INFO tempest.lib.common.rest_client [req-30ebab39-78a1-4804-a358-d3e6b18b00dd req-30ebab39-78a1-4804-a358-d3e6b18b00dd ] Request (ServersAdminTestJSON:test_list_servers_filter_by_error_status): 202 POST http://10.180.1.21/compute/v2.1/servers/559b084b-722f-4f33-9742-9aa062ff6ed3/action 5.181s
2025-12-09 21:43:19.266 65544 INFO tempest.lib.common.rest_client [req-e150f6ab-697d-4799-8bc2-0e34807d3aad req-e150f6ab-697d-4799-8bc2-0e34807d3aad ] Request (VolumesAdminNegativeTest:test_update_attached_volume_with_nonexistent_volume_in_uri): 201 POST http://10.180.1.21/identity/v3/auth/tokens 0.093s
2025-12-09 21:43:19.267 65544 INFO tempest.lib.common.fixed_network [-] (VolumesAdminNegativeTest:test_update_attached_volume_with_nonexistent_volume_in_uri) Found network {'id': 'c8d237a3-0293-4a80-a431-555ea0e1f14c', 'name': 'tempest-VolumesAdminNegativeTest-1974154119-network', 'tenant_id': '8c525dcc6b1f40dbb75300c520a353a1', 'project_id': '8c525dcc6b1f40dbb75300c520a353a1', 'admin_state_up': True, 'mtu': 8950, 'status': 'ACTIVE', 'subnets': [], 'shared': False, 'port_security_enabled': True, 'router:external': False, 'provider:network_type': 'vlan', 'provider:physical_network': 'default', 'provider:segmentation_id': 545, 'availability_zone_hints': [], 'availability_zones': [], 'ipv4_address_scope': None, 'ipv6_address_scope': None, 'description': '', 'tags': [], 'created_at': '2025-12-09T21:43:09Z', 'updated_at': '2025-12-09T21:43:09Z', 'revision_number': 1} available for tenant
2025-12-09 21:43:19.304 65536 INFO tempest.lib.common.rest_client [req-cab2887a-e15a-4c80-936d-b77296de1f58 req-cab2887a-e15a-4c80-936d-b77296de1f58 ] Request (VolumesTestJSON:test_volume_list_with_detail_param_offset_and_limit): 200 GET http://10.180.1.21/compute/v2.1/os-volumes/detail?offset=1&limit=1 5.173s
2025-12-09 21:43:19.332 65542 INFO tempest.lib.common.rest_client [req-98fbacd1-6176-4966-b542-c028d2fd1a32 req-98fbacd1-6176-4966-b542-c028d2fd1a32 ] Request (ServersTestBootFromVolume:setUpClass): 200 GET http://10.180.1.21/compute/v2.1/servers/934825d3-8f17-4ad0-8dd3-9a7fe3277ab5 5.231s
2025-12-09 21:43:19.339 65542 INFO tempest.common.waiters [-] State transition "BUILD/spawning" ==> "ACTIVE/None" after 40 second wait
2025-12-09 21:43:19.535 65558 INFO tempest.lib.common.rest_client [req-aeba6492-b147-446e-b846-afdec395efe8 req-aeba6492-b147-446e-b846-afdec395efe8 ] Request (ServerActionsTestJSON:test_lock_unlock_server): 200 GET http://10.180.1.21/compute/v2.1/servers/ee8ab850-84b6-4948-a4af-8fd37b8c0a4b 5.221s
2025-12-09 21:43:19.566 65524 INFO tempest.lib.common.rest_client [req-0db20751-60fa-462d-85b7-21feadcc1c4c req-0db20751-60fa-462d-85b7-21feadcc1c4c ] Request (DeleteServersTestJSON:test_delete_active_server): 200 GET http://10.180.1.21/compute/v2.1/servers/36123893-9a05-4cbc-bcc8-2e7d8e2b07d0 5.297s
2025-12-09 21:43:19.576 65524 INFO tempest.common.waiters [-] State transition "BUILD/spawning" ==> "ACTIVE/None" after 41 second wait
2025-12-09 21:43:19.597 65539 INFO tempest.lib.common.rest_client [req-32e4ce81-7b6b-40e0-8269-2b1e4422d289 req-32e4ce81-7b6b-40e0-8269-2b1e4422d289 ] Request (FlavorsAdminTestJSON:_run_cleanups): 200 GET http://10.180.1.21/compute/v2.1/flavors/detail 4.886s
2025-12-09 21:43:19.659 65578 INFO tempest.lib.common.rest_client [req-5f186b92-573e-4716-a586-c5d9dd6215b7 req-5f186b92-573e-4716-a586-c5d9dd6215b7 ] Request (ServerRescueNegativeTestJSON:test_rescued_vm_detach_volume): 200 POST http://10.180.1.21/compute/v2.1/os-keypairs 4.619s
2025-12-09 21:43:19.675 65574 INFO tempest.lib.common.rest_client [req-da33b079-cb05-44f2-b8e8-6040d35456d3 req-da33b079-cb05-44f2-b8e8-6040d35456d3 ] Request (ServersTestFqdnHostnames:test_create_server_with_fqdn_name): 200 GET http://10.180.1.21/compute/v2.1/servers/8236043b-483b-4b36-9351-0ae93c95bb34 4.785s
2025-12-09 21:43:19.688 65574 INFO tempest.common.waiters [-] State transition "BUILD/None" ==> "BUILD/networking" after 17 second wait
2025-12-09 21:43:19.791 65578 INFO tempest.lib.common.rest_client [req-f6343563-5fbe-40a3-af0d-3e3bc7bd895e req-f6343563-5fbe-40a3-af0d-3e3bc7bd895e ] Request (ServerRescueNegativeTestJSON:test_rescued_vm_detach_volume): 201 POST http://10.180.1.21/networking/v2.0/security-groups 0.130s
2025-12-09 21:43:19.818 65539 INFO tempest.lib.common.rest_client [req-51e0681e-f77a-40b5-ba1c-81513e8ecc3c req-51e0681e-f77a-40b5-ba1c-81513e8ecc3c ] Request (FlavorsAdminTestJSON:tearDownClass): 204 DELETE http://10.180.1.21/identity/v3/users/66bf982aacac4ff2931fe70067fb6a81 0.210s
2025-12-09 21:43:19.826 65546 INFO tempest.lib.common.rest_client [req-c7ec5bd3-f204-439a-ac3f-1a90c543e2ad req-c7ec5bd3-f204-439a-ac3f-1a90c543e2ad ] Request (FloatingIPsAssociationTestJSON:tearDownClass): 200 GET http://10.180.1.21/compute/v2.1/servers/1e6dfc70-e833-47ad-a769-e126f9f8ce56 4.125s
2025-12-09 21:43:19.952 65578 INFO tempest.lib.common.rest_client [req-685012c2-3e59-485b-9e80-551d404a9d17 req-685012c2-3e59-485b-9e80-551d404a9d17 ] Request (ServerRescueNegativeTestJSON:test_rescued_vm_detach_volume): 201 POST http://10.180.1.21/networking/v2.0/security-group-rules 0.159s
2025-12-09 21:43:19.959 65572 INFO tempest.lib.common.rest_client [req-75c9534d-f6d5-46e5-8f9e-e2936a1760a4 req-75c9534d-f6d5-46e5-8f9e-e2936a1760a4 ] Request (ServersListShow2100Test:tearDownClass): 200 GET http://10.180.1.21/compute/v2.1/servers/894ac411-b41e-407c-a607-e64359842b6d 3.700s
2025-12-09 21:43:20.018 65539 INFO tempest.lib.common.rest_client [req-038e06df-992c-40d7-b1db-111fc5c88842 req-038e06df-992c-40d7-b1db-111fc5c88842 ] Request (FlavorsAdminTestJSON:tearDownClass): 204 DELETE http://10.180.1.21/identity/v3/users/9236e37e06ba43b9921f57e8210985a6 0.199s
2025-12-09 21:43:20.019 65539 INFO tempest.lib.common.dynamic_creds [-] Deleting project and security group for project: 218f3e7b8d404adf9efa4d3e888790a0
2025-12-09 21:43:20.158 65539 INFO tempest.lib.common.rest_client [req-2347488d-ce85-4b3b-bf16-9dd4f06e0918 req-2347488d-ce85-4b3b-bf16-9dd4f06e0918 ] Request (FlavorsAdminTestJSON:tearDownClass): 201 POST http://10.180.1.21/identity/v3/auth/tokens 0.139s
2025-12-09 21:43:20.173 65578 INFO tempest.lib.common.rest_client [req-613b05a5-c0a8-4a3a-ad7c-d5c3400eaf6a req-613b05a5-c0a8-4a3a-ad7c-d5c3400eaf6a ] Request (ServerRescueNegativeTestJSON:test_rescued_vm_detach_volume): 201 POST http://10.180.1.21/networking/v2.0/security-group-rules 0.220s
2025-12-09 21:43:20.292 65526 INFO tempest.lib.common.rest_client [req-48aa15ee-4a41-477a-b181-e18a8f5db456 req-48aa15ee-4a41-477a-b181-e18a8f5db456 ] Request (ServersNegativeTestJSON:setUpClass): 200 GET http://10.180.1.21/compute/v2.1/servers/ef33ceda-509b-485c-80f8-82f81f3f8213 3.806s
2025-12-09 21:43:20.393 65560 INFO tempest.lib.common.rest_client [req-70e827fa-e0ca-4248-9332-689b3a18df98 req-70e827fa-e0ca-4248-9332-689b3a18df98 ] Request (ImagesTestJSON:test_create_image_from_stopped_server): 202 POST http://10.180.1.21/compute/v2.1/servers/2b4092c7-929b-4361-927a-fa3df80bd510/action 3.013s
2025-12-09 21:43:20.395 65566 INFO tempest.lib.common.rest_client [req-a58c840e-0a83-43b2-ade8-48a495c149d6 req-a58c840e-0a83-43b2-ade8-48a495c149d6 ] Request (ListImageFiltersTestJSON:setUpClass): 202 POST http://10.180.1.21/compute/v2.1/servers/4f7a92ed-dd72-496e-af83-ba74451d544a/action 4.239s
2025-12-09 21:43:20.507 65539 INFO tempest.lib.common.rest_client [req-244b84d7-6c40-4e2c-82b0-4be86a554968 req-244b84d7-6c40-4e2c-82b0-4be86a554968 ] Request (FlavorsAdminTestJSON:tearDownClass): 200 GET http://10.180.1.21/networking/v2.0/security-groups?tenant_id=218f3e7b8d404adf9efa4d3e888790a0&name=default 0.348s
2025-12-09 21:43:20.959 65578 INFO tempest.lib.common.rest_client [req-4def6202-2d23-4902-ac7c-68da611cc959 req-4def6202-2d23-4902-ac7c-68da611cc959 ] Request (ServerRescueNegativeTestJSON:test_rescued_vm_detach_volume): 201 POST http://10.180.1.21/networking/v2.0/floatingips 0.785s
2025-12-09 21:43:21.036 65570 WARNING tempest.lib.common.ssh [-] Failed to establish authenticated ssh connection to cirros@10.180.180.211 ([Errno None] Unable to connect to port 22 on 10.180.180.211). Number attempts: 3. Retry after 4 seconds.: paramiko.ssh_exception.NoValidConnectionsError: [Errno None] Unable to connect to port 22 on 10.180.180.211
2025-12-09 21:43:21.041 65578 INFO tempest.lib.common.rest_client [req-58676e83-96f3-4715-96dd-ba76e57d1139 req-58676e83-96f3-4715-96dd-ba76e57d1139 ] Request (ServerRescueNegativeTestJSON:test_rescued_vm_detach_volume): 201 POST http://10.180.1.21/identity/v3/auth/tokens 0.079s
2025-12-09 21:43:21.041 65578 INFO tempest.lib.common.fixed_network [-] (ServerRescueNegativeTestJSON:test_rescued_vm_detach_volume) Found network {'id': '7d8bf208-4818-44cb-86d8-fd2e502eb115', 'name': 'tempest-ServerRescueNegativeTestJSON-1399944516-network', 'tenant_id': 'af16b14e3eeb4ab49d0b448b48c0b4db', 'project_id': 'af16b14e3eeb4ab49d0b448b48c0b4db', 'admin_state_up': True, 'mtu': 8950, 'status': 'ACTIVE', 'subnets': [], 'shared': False, 'port_security_enabled': True, 'router:external': False, 'provider:network_type': 'vlan', 'provider:physical_network': 'default', 'provider:segmentation_id': 3, 'availability_zone_hints': [], 'availability_zones': [], 'ipv4_address_scope': None, 'ipv6_address_scope': None, 'description': '', 'tags': [], 'created_at': '2025-12-09T21:41:18Z', 'updated_at': '2025-12-09T21:41:18Z', 'revision_number': 1} available for tenant
2025-12-09 21:43:21.103 65583 INFO tempest.lib.common.rest_client [req-da0d4506-81e1-44c0-a5ab-4a6f3cbdf5ac req-da0d4506-81e1-44c0-a5ab-4a6f3cbdf5ac ] Request (ServerMetadataNegativeTestJSON:setUpClass): 200 GET http://10.180.1.21/compute/v2.1/servers/7ad2bf55-b1c5-4155-9829-284232435e3f 3.321s
2025-12-09 21:43:21.238 65539 INFO tempest.lib.common.rest_client [req-c1072fdb-2c9e-4409-b27e-31345c0575d2 req-c1072fdb-2c9e-4409-b27e-31345c0575d2 ] Request (FlavorsAdminTestJSON:tearDownClass): 204 DELETE http://10.180.1.21/networking/v2.0/security-groups/e7f13519-b22a-4139-995f-71d4758e9c04 0.731s
2025-12-09 21:43:21.323 65539 INFO tempest.lib.common.rest_client [req-83895d37-8e13-4128-b351-3107b2b5c01b req-83895d37-8e13-4128-b351-3107b2b5c01b ] Request (FlavorsAdminTestJSON:tearDownClass): 204 DELETE http://10.180.1.21/identity/v3/projects/218f3e7b8d404adf9efa4d3e888790a0 0.084s
2025-12-09 21:43:21.324 65539 INFO tempest.lib.common.dynamic_creds [-] Deleting project and security group for project: 960afa6f0d9247ee90ce63c7348451f2
2025-12-09 21:43:21.665 65540 INFO paramiko.transport [-] Connected (version 2.0, client dropbear_2020.81)
2025-12-09 21:43:21.778 65540 INFO paramiko.transport [-] Authentication (publickey) successful!
2025-12-09 21:43:21.779 65540 INFO tempest.lib.common.ssh [-] ssh connection to cirros@10.180.180.180 successfully created
2025-12-09 21:43:21.808 65528 INFO tempest.lib.common.rest_client [req-8f63685d-c336-422a-8d00-8372a0515863 req-8f63685d-c336-422a-8d00-8372a0515863 ] Request (AttachInterfacesTestJSON:test_create_list_show_delete_interfaces_by_fixed_ip): 200 GET http://10.180.1.21/compute/v2.1/servers/e59fd61c-d928-4c71-9c9a-ca2d893a7c93 3.940s
2025-12-09 21:43:21.820 65550 INFO tempest.lib.common.rest_client [req-154df064-c67c-4b03-9eba-bb0b4b1b05f4 req-154df064-c67c-4b03-9eba-bb0b4b1b05f4 ] Request (MigrationsAdminTest:test_resize_server_revert_deleted_flavor): 200 GET http://10.180.1.21/compute/v2.1/servers/50280473-e947-4dfe-a9a6-59990bc21024 4.022s
2025-12-09 21:43:21.833 65550 INFO tempest.common.waiters [-] State transition "BUILD/networking" ==> "BUILD/spawning" after 25 second wait
2025-12-09 21:43:21.885 65552 INFO tempest.lib.common.rest_client [req-2e24d76f-8aae-451e-9278-d82fadb90730 req-2e24d76f-8aae-451e-9278-d82fadb90730 ] Request (SecurityGroupsNegativeTestJSON:test_update_non_existent_security_group): 404 PUT http://10.180.1.21/compute/v2.1/os-security-groups/a852587f-4915-4613-9efa-7dd51145b355 3.950s
2025-12-09 21:43:21.915 65534 INFO tempest.lib.common.rest_client [req-f2f032cb-bcea-421d-b876-673ff869bd5c req-f2f032cb-bcea-421d-b876-673ff869bd5c ] Request (InstanceActionsNegativeTestJSON:setUpClass): 200 GET http://10.180.1.21/compute/v2.1/servers/07a51af7-a468-4cca-b8c0-40e59052f0fb 4.037s
2025-12-09 21:43:21.928 65539 INFO tempest.lib.common.rest_client [req-0a505e54-6a30-4ec9-a554-c705d7423292 req-0a505e54-6a30-4ec9-a554-c705d7423292 ] Request (FlavorsAdminTestJSON:tearDownClass): 200 GET http://10.180.1.21/networking/v2.0/security-groups?tenant_id=960afa6f0d9247ee90ce63c7348451f2&name=default 0.604s
2025-12-09 21:43:22.098 65539 INFO tempest.lib.common.rest_client [req-bda351f1-a784-4a05-af77-6989b6b75ccc req-bda351f1-a784-4a05-af77-6989b6b75ccc ] Request (FlavorsAdminTestJSON:tearDownClass): 204 DELETE http://10.180.1.21/networking/v2.0/security-groups/7657a19a-f935-46b8-b3d4-a16a2457e70a 0.170s
2025-12-09 21:43:22.144 65564 INFO tempest.lib.common.rest_client [req-1808ae4c-155f-4223-983b-8e7d37f77d86 req-1808ae4c-155f-4223-983b-8e7d37f77d86 ] Request (ServersWithSpecificFlavorTestJSON:test_verify_created_server_ephemeral_disk): 200 GET http://10.180.1.21/compute/v2.1/servers/2a086b86-e214-454b-99ad-a9a23a7793bb 4.135s
2025-12-09 21:43:22.298 65562 INFO tempest.lib.common.rest_client [req-96fedb2e-8727-42e9-bee2-a0676c7e5db9 req-96fedb2e-8727-42e9-bee2-a0676c7e5db9 ] Request (VolumesAssistedSnapshotsTest:tearDownClass): 200 GET http://10.180.1.21/compute/v2.1/servers/2f394a5d-6452-4bad-93dc-cc2e9dcae116 4.259s
2025-12-09 21:43:22.306 65554 INFO tempest.lib.common.rest_client [req-de333eee-2b72-4f79-bc88-1997f15c4a7f req-de333eee-2b72-4f79-bc88-1997f15c4a7f ] Request (KeyPairsNegativeTestJSON:test_create_keypair_with_empty_name_string): 400 POST http://10.180.1.21/compute/v2.1/os-keypairs 3.206s
2025-12-09 21:43:22.310 65539 INFO tempest.lib.common.rest_client [req-9e92cee4-ed5a-4003-ac28-12c59a488fb5 req-9e92cee4-ed5a-4003-ac28-12c59a488fb5 ] Request (FlavorsAdminTestJSON:tearDownClass): 204 DELETE http://10.180.1.21/identity/v3/projects/960afa6f0d9247ee90ce63c7348451f2 0.211s
2025-12-09 21:43:22.396 65548 INFO tempest.lib.common.rest_client [req-e498271c-4668-4674-832b-c66c01dfe52e req-e498271c-4668-4674-832b-c66c01dfe52e ] Request (ImagesOneServerTestJSON:tearDownClass): 200 GET http://10.180.1.21/compute/v2.1/servers/5b3365a6-d640-40ed-87ae-849627787061 4.067s
2025-12-09 21:43:22.423 65539 INFO tempest.lib.common.rest_client [req-e80ab0d5-471f-4728-a41c-a24d2d3260f4 req-e80ab0d5-471f-4728-a41c-a24d2d3260f4 ] Request (ImagesMetadataTestJSON:setUpClass): 201 POST http://10.180.1.21/identity/v3/auth/tokens 0.111s
2025-12-09 21:43:22.464 65539 INFO tempest.lib.common.rest_client [req-158bfc05-cfa3-4184-98f4-c36eacb6c01c req-158bfc05-cfa3-4184-98f4-c36eacb6c01c ] Request (ImagesMetadataTestJSON:setUpClass): 201 POST http://10.180.1.21/identity/v3/auth/tokens 0.037s
2025-12-09 21:43:22.495 65580 INFO tempest.lib.common.rest_client [req-eb4087c5-4860-42df-81c4-ab8e33e87095 req-eb4087c5-4860-42df-81c4-ab8e33e87095 ] Request (ServersAdminTestJSON:test_list_servers_filter_by_error_status): 200 GET http://10.180.1.21/compute/v2.1/servers/559b084b-722f-4f33-9742-9aa062ff6ed3 3.239s
2025-12-09 21:43:22.497 65539 INFO tempest.lib.common.rest_client [req-46ca8fd6-0c4f-4bc4-8045-fc01ae7d91db req-46ca8fd6-0c4f-4bc4-8045-fc01ae7d91db ] Request (ImagesMetadataTestJSON:setUpClass): 200 GET http://10.180.1.21/identity/v3/domains?name=Default 0.032s
2025-12-09 21:43:22.539 65539 INFO tempest.lib.common.rest_client [req-fcdae113-4e5b-41ad-bb52-4147acda8219 req-fcdae113-4e5b-41ad-bb52-4147acda8219 ] Request (ImagesMetadataTestJSON:setUpClass): 201 POST http://10.180.1.21/identity/v3/projects 0.042s
2025-12-09 21:43:22.567 65536 INFO tempest.lib.common.rest_client [req-4d8f6128-cace-46bd-b0bf-039e35251552 req-4d8f6128-cace-46bd-b0bf-039e35251552 ] Request (VolumesTestJSON:test_volume_list_with_details): 200 GET http://10.180.1.21/compute/v2.1/os-volumes/detail 3.258s
2025-12-09 21:43:22.626 65539 INFO tempest.lib.common.rest_client [req-2fc8e4cb-c58d-4dc3-9717-d5fc5a41ce47 req-2fc8e4cb-c58d-4dc3-9717-d5fc5a41ce47 ] Request (ImagesMetadataTestJSON:setUpClass): 201 POST http://10.180.1.21/identity/v3/users 0.087s
2025-12-09 21:43:22.637 65536 INFO tempest.lib.common.rest_client [req-cb1e722e-647b-402f-bc0e-1c5685aa0642 req-cb1e722e-647b-402f-bc0e-1c5685aa0642 ] Request (VolumesTestJSON:tearDownClass): 202 DELETE http://10.180.1.21/volume/v3/volumes/ba609bf1-db14-4d4b-9c48-06087bcd6a1a 0.061s
2025-12-09 21:43:22.663 65539 INFO tempest.lib.common.rest_client [req-97331a50-0cd2-411d-859e-0ffd85e1b74b req-97331a50-0cd2-411d-859e-0ffd85e1b74b ] Request (ImagesMetadataTestJSON:setUpClass): 200 GET http://10.180.1.21/identity/v3/roles 0.036s
2025-12-09 21:43:22.677 65536 INFO tempest.lib.common.rest_client [req-586cfc53-9c14-4331-baa8-0a16102505e3 req-586cfc53-9c14-4331-baa8-0a16102505e3 ] Request (VolumesTestJSON:tearDownClass): 200 GET http://10.180.1.21/volume/v3/volumes/ba609bf1-db14-4d4b-9c48-06087bcd6a1a 0.039s
2025-12-09 21:43:22.703 65539 INFO tempest.lib.common.rest_client [req-8866ad79-e17d-4319-ab72-3a3d81e41740 req-8866ad79-e17d-4319-ab72-3a3d81e41740 ] Request (ImagesMetadataTestJSON:setUpClass): 204 PUT http://10.180.1.21/identity/v3/projects/0ba0749c6b0e41de9f376301e0ac959d/users/0f224016dac74a0e86e28b270d6a6a4f/roles/4095776c0e2f41e79284c10c1292f26f 0.039s
2025-12-09 21:43:22.703 65539 INFO tempest.lib.common.dynamic_creds [-] Dynamic test user 0f224016dac74a0e86e28b270d6a6a4f is created with scope project and roles: ['member']
2025-12-09 21:43:22.703 65539 INFO tempest.lib.common.dynamic_creds [-] Acquired dynamic creds: credentials: Credentials: {'domain_id': 'default', 'domain_name': 'Default', 'username': 'tempest-ImagesMetadataTestJSON-523680986-project-member', 'project_domain_id': 'default', 'project_domain_name': 'Default', 'project_id': '0ba0749c6b0e41de9f376301e0ac959d', 'project_name': 'tempest-ImagesMetadataTestJSON-523680986', 'tenant_id': '0ba0749c6b0e41de9f376301e0ac959d', 'tenant_name': 'tempest-ImagesMetadataTestJSON-523680986', 'user_domain_id': 'default', 'user_domain_name': 'Default', 'user_id': '0f224016dac74a0e86e28b270d6a6a4f', 'system': None}, Network: None, Subnet: None, Router: None
2025-12-09 21:43:22.703 65539 INFO tempest.lib.common.dynamic_creds [-] Created isolated network resources for: credentials: Credentials: {'domain_id': 'default', 'domain_name': 'Default', 'username': 'tempest-ImagesMetadataTestJSON-523680986-project-member', 'project_domain_id': 'default', 'project_domain_name': 'Default', 'project_id': '0ba0749c6b0e41de9f376301e0ac959d', 'project_name': 'tempest-ImagesMetadataTestJSON-523680986', 'tenant_id': '0ba0749c6b0e41de9f376301e0ac959d', 'tenant_name': 'tempest-ImagesMetadataTestJSON-523680986', 'user_domain_id': 'default', 'user_domain_name': 'Default', 'user_id': '0f224016dac74a0e86e28b270d6a6a4f', 'system': None}, Network: None, Subnet: None, Router: None
2025-12-09 21:43:22.739 65542 INFO tempest.lib.common.rest_client [req-26b73d4c-e79a-4c73-9b73-fd5d0d14547c req-26b73d4c-e79a-4c73-9b73-fd5d0d14547c ] Request (ServersTestBootFromVolume:setUpClass): 200 GET http://10.180.1.21/compute/v2.1/servers/934825d3-8f17-4ad0-8dd3-9a7fe3277ab5/os-interface 3.399s
2025-12-09 21:43:22.781 65558 INFO tempest.lib.common.rest_client [req-f0a9a373-3e08-4c45-b142-65a0024384f4 req-f0a9a373-3e08-4c45-b142-65a0024384f4 ] Request (ServerActionsTestJSON:test_lock_unlock_server): 409 POST http://10.180.1.21/compute/v2.1/servers/ee8ab850-84b6-4948-a4af-8fd37b8c0a4b/action 3.234s
2025-12-09 21:43:22.856 65539 INFO tempest.lib.common.rest_client [req-02bc9046-17b1-4728-9343-73704e17600f req-02bc9046-17b1-4728-9343-73704e17600f ] Request (ImagesMetadataTestJSON:setUpClass): 201 POST http://10.180.1.21/identity/v3/auth/tokens 0.149s
2025-12-09 21:43:22.916 65524 INFO tempest.lib.common.rest_client [req-5acb1343-968c-4461-8c91-a66406a2a9c7 req-5acb1343-968c-4461-8c91-a66406a2a9c7 ] Request (DeleteServersTestJSON:test_delete_active_server): 204 DELETE http://10.180.1.21/compute/v2.1/servers/36123893-9a05-4cbc-bcc8-2e7d8e2b07d0 3.340s
2025-12-09 21:43:23.054 65552 INFO tempest.lib.common.rest_client [req-95ac2c8f-1276-4636-9978-8a67af70b2e2 req-95ac2c8f-1276-4636-9978-8a67af70b2e2 ] Request (SecurityGroupsNegativeTestJSON:tearDownClass): 200 PUT http://10.180.1.21/networking/v2.0/routers/d9e1a99c-673b-4854-a61b-ef53fca0d6ec/remove_router_interface 1.166s
2025-12-09 21:43:23.393 65539 INFO tempest.lib.common.rest_client [req-5deabd2a-c2af-4571-8a0b-1205abbaacf0 req-5deabd2a-c2af-4571-8a0b-1205abbaacf0 ] Request (ImagesMetadataTestJSON:setUpClass): 201 POST http://10.180.1.21/image/v2/images 0.537s
2025-12-09 21:43:23.395 65542 INFO tempest.lib.common.rest_client [req-551a767a-8e3b-4950-af14-ee2ebac8efc2 req-551a767a-8e3b-4950-af14-ee2ebac8efc2 ] Request (ServersTestBootFromVolume:setUpClass): 200 PUT http://10.180.1.21/networking/v2.0/floatingips/366561e3-84b5-40e5-8780-d49942ac0209 0.652s
2025-12-09 21:43:23.500 65530 INFO tempest.lib.common.rest_client [req-fe9b8534-e422-4b76-a26e-dad662cf3f75 req-fe9b8534-e422-4b76-a26e-dad662cf3f75 ] Request (ServersAdminNegativeTestJSON:setUpClass): 200 GET http://10.180.1.21/compute/v2.1/servers/935f8b5b-6862-406b-a86b-254fb2613261 3.518s
2025-12-09 21:43:23.512 65530 INFO tempest.common.waiters [-] State transition "BUILD/spawning" ==> "ACTIVE/None" after 37 second wait
2025-12-09 21:43:23.617 65532 INFO tempest.lib.common.rest_client [req-58774091-5e24-4dc9-83d3-c5d0c9e6aa32 req-58774091-5e24-4dc9-83d3-c5d0c9e6aa32 ] Request (InstanceActionsTestJSON:tearDownClass): 200 GET http://10.180.1.21/compute/v2.1/servers/8fb72cc9-0fe0-4983-99e2-87968b62bd10 3.528s
2025-12-09 21:43:23.643 65544 INFO tempest.lib.common.rest_client [req-07bf0fa6-c5f3-440a-8616-2af7f548a5e0 req-07bf0fa6-c5f3-440a-8616-2af7f548a5e0 ] Request (VolumesAdminNegativeTest:test_update_attached_volume_with_nonexistent_volume_in_uri): 202 POST http://10.180.1.21/compute/v2.1/servers 4.375s
2025-12-09 21:43:23.711 65536 INFO tempest.lib.common.rest_client [req-d614af7f-4606-466c-8186-627f8431343b req-d614af7f-4606-466c-8186-627f8431343b ] Request (VolumesTestJSON:tearDownClass): 404 GET http://10.180.1.21/volume/v3/volumes/ba609bf1-db14-4d4b-9c48-06087bcd6a1a 0.020s
2025-12-09 21:43:23.778 65536 INFO tempest.lib.common.rest_client [req-410393af-4c0e-4eb8-8ea9-1aa75d457f29 req-410393af-4c0e-4eb8-8ea9-1aa75d457f29 ] Request (VolumesTestJSON:tearDownClass): 202 DELETE http://10.180.1.21/volume/v3/volumes/9688671f-8f30-4c82-b715-c0c523cc72f3 0.065s
2025-12-09 21:43:23.805 65552 INFO tempest.lib.common.rest_client [req-644e7a71-dd46-41b5-8f66-5deec970f1c4 req-644e7a71-dd46-41b5-8f66-5deec970f1c4 ] Request (SecurityGroupsNegativeTestJSON:tearDownClass): 204 DELETE http://10.180.1.21/networking/v2.0/routers/d9e1a99c-673b-4854-a61b-ef53fca0d6ec 0.750s
2025-12-09 21:43:23.842 65536 INFO tempest.lib.common.rest_client [req-a76fba0d-cb62-4b04-8e81-8a02c715eb01 req-a76fba0d-cb62-4b04-8e81-8a02c715eb01 ] Request (VolumesTestJSON:tearDownClass): 200 GET http://10.180.1.21/volume/v3/volumes/9688671f-8f30-4c82-b715-c0c523cc72f3 0.062s
2025-12-09 21:43:23.885 65556 INFO tempest.lib.common.rest_client [req-d6b3080c-5fde-4162-86bc-8782fae3e015 req-d6b3080c-5fde-4162-86bc-8782fae3e015 ] Request (ImagesOneServerNegativeTestJSON:_run_cleanups): 200 GET http://10.180.1.21/compute/v2.1/servers/6ead33c1-5c9e-4aad-8afa-7fce070d3b0b 3.741s
2025-12-09 21:43:23.929 65560 INFO tempest.lib.common.rest_client [req-ef27f9da-e4bd-4efa-93ff-cfd439736a1f req-ef27f9da-e4bd-4efa-93ff-cfd439736a1f ] Request (ImagesTestJSON:test_create_image_from_stopped_server): 200 GET http://10.180.1.21/compute/v2.1/servers/2b4092c7-929b-4361-927a-fa3df80bd510 3.536s
2025-12-09 21:43:23.947 65566 INFO tempest.lib.common.rest_client [req-07b43f96-0bda-498a-99cf-b3bcb49b6cbf req-07b43f96-0bda-498a-99cf-b3bcb49b6cbf ] Request (ListImageFiltersTestJSON:setUpClass): 200 GET http://10.180.1.21/compute/v2.1/images/f2e3c2ed-f172-4080-8f27-0f87847ccd79 3.550s
2025-12-09 21:43:23.992 65552 INFO tempest.lib.common.rest_client [req-835407d8-75b0-4599-9dd4-80c6beff5400 req-835407d8-75b0-4599-9dd4-80c6beff5400 ] Request (SecurityGroupsNegativeTestJSON:tearDownClass): 204 DELETE http://10.180.1.21/networking/v2.0/subnets/0891b974-b663-40ea-81a6-59a7a02d5782 0.186s
2025-12-09 21:43:23.992 65546 INFO tempest.lib.common.rest_client [req-e9f40db9-46b8-4d2d-aae9-36c8b695e805 req-e9f40db9-46b8-4d2d-aae9-36c8b695e805 ] Request (FloatingIPsAssociationTestJSON:tearDownClass): 404 GET http://10.180.1.21/compute/v2.1/servers/1e6dfc70-e833-47ad-a769-e126f9f8ce56 3.158s
2025-12-09 21:43:24.301 65552 INFO tempest.lib.common.rest_client [req-655b026a-103c-48db-aee1-f5ac2f580ddf req-655b026a-103c-48db-aee1-f5ac2f580ddf ] Request (SecurityGroupsNegativeTestJSON:tearDownClass): 204 DELETE http://10.180.1.21/networking/v2.0/networks/ec4f4c7f-f3b9-487f-a922-a76ef57e1cc4 0.308s
2025-12-09 21:43:24.344 65574 INFO tempest.lib.common.rest_client [req-5b18053e-c911-4231-bcb7-88580328f04e req-5b18053e-c911-4231-bcb7-88580328f04e ] Request (ServersTestFqdnHostnames:test_create_server_with_fqdn_name): 200 GET http://10.180.1.21/compute/v2.1/servers/8236043b-483b-4b36-9351-0ae93c95bb34 3.653s
2025-12-09 21:43:24.357 65574 INFO tempest.common.waiters [-] State transition "BUILD/networking" ==> "BUILD/spawning" after 22 second wait
2025-12-09 21:43:24.374 65572 INFO tempest.lib.common.rest_client [req-4dce238f-0877-4b34-8a59-7322507e9d1e req-4dce238f-0877-4b34-8a59-7322507e9d1e ] Request (ServersListShow2100Test:tearDownClass): 200 GET http://10.180.1.21/compute/v2.1/servers/894ac411-b41e-407c-a607-e64359842b6d 3.389s
2025-12-09 21:43:24.386 65572 INFO tempest.common.waiters [-] State transition "ACTIVE/deleting" ==> "DELETED/None" after 5 second wait
2025-12-09 21:43:24.423 65539 INFO tempest.lib.common.rest_client [req-d3d89ce6-59ab-4d5e-8549-a0a0c6ad6a78 req-d3d89ce6-59ab-4d5e-8549-a0a0c6ad6a78 ] Request (ImagesMetadataTestJSON:setUpClass): 204 PUT http://10.180.1.21/image/v2/images/0ed31e79-8eb7-4486-8295-d6d7862adbb9/file 1.029s
2025-12-09 21:43:24.482 65526 INFO tempest.lib.common.rest_client [req-95175c04-5367-40bf-b6b1-473510092bdb req-95175c04-5367-40bf-b6b1-473510092bdb ] Request (ServersNegativeTestJSON:setUpClass): 200 GET http://10.180.1.21/compute/v2.1/servers/ef33ceda-509b-485c-80f8-82f81f3f8213 3.181s
2025-12-09 21:43:24.503 65552 INFO tempest.lib.common.rest_client [req-6dc0bbbb-8b90-490f-8140-4c7290763d76 req-6dc0bbbb-8b90-490f-8140-4c7290763d76 ] Request (SecurityGroupsNegativeTestJSON:tearDownClass): 204 DELETE http://10.180.1.21/identity/v3/users/96adaab70ec24749ba6f03bbab347687 0.201s
2025-12-09 21:43:24.503 65552 INFO tempest.lib.common.dynamic_creds [-] Deleting project and security group for project: 2e52872c3c574f9e97e08e531c5e5811
2025-12-09 21:43:24.547 65552 INFO tempest.lib.common.rest_client [req-7e3b31aa-5022-41b1-b43c-34ecfc20adb6 req-7e3b31aa-5022-41b1-b43c-34ecfc20adb6 ] Request (SecurityGroupsNegativeTestJSON:tearDownClass): 200 GET http://10.180.1.21/networking/v2.0/security-groups?tenant_id=2e52872c3c574f9e97e08e531c5e5811&name=default 0.043s
2025-12-09 21:43:24.680 65540 INFO tempest.lib.common.rest_client [req-da7e44df-39dc-4fec-b782-a9a7ecc1b5f6 req-da7e44df-39dc-4fec-b782-a9a7ecc1b5f6 ] Request (ServersTestManualDisk:test_list_servers): 200 GET http://10.180.1.21/compute/v2.1/servers 2.890s
2025-12-09 21:43:24.706 65552 INFO tempest.lib.common.rest_client [req-2f758960-3fd7-47e2-8ac5-815a765de5f0 req-2f758960-3fd7-47e2-8ac5-815a765de5f0 ] Request (SecurityGroupsNegativeTestJSON:tearDownClass): 204 DELETE http://10.180.1.21/networking/v2.0/security-groups/af0cfee4-a176-4a92-a911-c4301ec9751c 0.158s
2025-12-09 21:43:24.793 65583 INFO tempest.lib.common.rest_client [req-7de9b65a-05b4-4bab-952d-0837f69b7880 req-7de9b65a-05b4-4bab-952d-0837f69b7880 ] Request (ServerMetadataNegativeTestJSON:setUpClass): 200 GET http://10.180.1.21/compute/v2.1/servers/7ad2bf55-b1c5-4155-9829-284232435e3f 2.680s
2025-12-09 21:43:24.819 65552 INFO tempest.lib.common.rest_client [req-d3b08587-f4f5-4f7d-a601-3603f9fb1e1c req-d3b08587-f4f5-4f7d-a601-3603f9fb1e1c ] Request (SecurityGroupsNegativeTestJSON:tearDownClass): 204 DELETE http://10.180.1.21/identity/v3/projects/2e52872c3c574f9e97e08e531c5e5811 0.112s
2025-12-09 21:43:24.827 65554 INFO tempest.lib.common.rest_client [req-f69f926d-05f0-4242-999d-2c41575b92ab req-f69f926d-05f0-4242-999d-2c41575b92ab ] Request (KeyPairsNegativeTestJSON:test_create_keypair_with_empty_public_key): 400 POST http://10.180.1.21/compute/v2.1/os-keypairs 2.519s
2025-12-09 21:43:24.874 65536 INFO tempest.lib.common.rest_client [req-3d1b1b1e-14a9-44a3-bd22-46222a1bc7b0 req-3d1b1b1e-14a9-44a3-bd22-46222a1bc7b0 ] Request (VolumesTestJSON:tearDownClass): 404 GET http://10.180.1.21/volume/v3/volumes/9688671f-8f30-4c82-b715-c0c523cc72f3 0.016s
2025-12-09 21:43:24.902 65552 INFO tempest.lib.common.rest_client [req-0982b33a-b212-423b-95e8-720235e70c1e req-0982b33a-b212-423b-95e8-720235e70c1e ] Request (ExtensionsTest:setUpClass): 201 POST http://10.180.1.21/identity/v3/auth/tokens 0.082s
2025-12-09 21:43:24.935 65536 INFO tempest.lib.common.rest_client [req-72d8f4cd-1704-4dd4-9bd6-2ae116bc8c9d req-72d8f4cd-1704-4dd4-9bd6-2ae116bc8c9d ] Request (VolumesTestJSON:tearDownClass): 202 DELETE http://10.180.1.21/volume/v3/volumes/0717afcb-72de-420d-a583-023f681ae7a4 0.061s
2025-12-09 21:43:24.961 65552 INFO tempest.lib.common.rest_client [req-66f4fc08-3a5e-40d3-9956-fd52e1838378 req-66f4fc08-3a5e-40d3-9956-fd52e1838378 ] Request (ExtensionsTest:setUpClass): 201 POST http://10.180.1.21/identity/v3/auth/tokens 0.053s
2025-12-09 21:43:24.967 65580 INFO tempest.lib.common.rest_client [req-032f48ed-4c43-4ba7-b60f-f35a4815e799 req-032f48ed-4c43-4ba7-b60f-f35a4815e799 ] Request (ServersAdminTestJSON:test_list_servers_filter_by_exist_host): 200 GET http://10.180.1.21/compute/v2.1/servers/559b084b-722f-4f33-9742-9aa062ff6ed3 2.460s
2025-12-09 21:43:24.967 65536 INFO tempest.lib.common.rest_client [req-ff376a06-b8f8-4ed2-b52f-0a421b0ec956 req-ff376a06-b8f8-4ed2-b52f-0a421b0ec956 ] Request (VolumesTestJSON:tearDownClass): 200 GET http://10.180.1.21/volume/v3/volumes/0717afcb-72de-420d-a583-023f681ae7a4 0.032s
2025-12-09 21:43:24.996 65578 INFO tempest.lib.common.rest_client [req-f2bdebd9-c295-4196-9acb-9b4a50c10a58 req-f2bdebd9-c295-4196-9acb-9b4a50c10a58 ] Request (ServerRescueNegativeTestJSON:test_rescued_vm_detach_volume): 202 POST http://10.180.1.21/compute/v2.1/servers 3.954s
2025-12-09 21:43:25.000 65552 INFO tempest.lib.common.rest_client [req-d3206bf9-0422-4e82-8a63-58e8fced61fd req-d3206bf9-0422-4e82-8a63-58e8fced61fd ] Request (ExtensionsTest:setUpClass): 200 GET http://10.180.1.21/identity/v3/domains?name=Default 0.039s
2025-12-09 21:43:25.024 65546 INFO tempest.lib.common.rest_client [req-2649dc89-4ea8-4213-b1b0-b9a5fd449219 req-2649dc89-4ea8-4213-b1b0-b9a5fd449219 ] Request (FloatingIPsAssociationTestJSON:tearDownClass): 200 PUT http://10.180.1.21/networking/v2.0/routers/12183879-d593-4a4d-9ecb-21d70ef2a39e/remove_router_interface 1.031s
2025-12-09 21:43:25.047 65552 INFO tempest.lib.common.rest_client [req-dbae79d6-4609-4f2a-bf25-4752339a77fa req-dbae79d6-4609-4f2a-bf25-4752339a77fa ] Request (ExtensionsTest:setUpClass): 201 POST http://10.180.1.21/identity/v3/projects 0.047s
2025-12-09 21:43:25.068 65528 INFO tempest.lib.common.rest_client [req-3f0f64c0-13d8-45fc-a257-4ef4b3fed7be req-3f0f64c0-13d8-45fc-a257-4ef4b3fed7be ] Request (AttachInterfacesTestJSON:test_create_list_show_delete_interfaces_by_fixed_ip): 200 GET http://10.180.1.21/compute/v2.1/servers/e59fd61c-d928-4c71-9c9a-ca2d893a7c93 2.249s
2025-12-09 21:43:25.151 65558 INFO tempest.lib.common.rest_client [req-2ecae168-0154-44a8-9d57-49af9ade599f req-2ecae168-0154-44a8-9d57-49af9ade599f ] Request (ServerActionsTestJSON:test_lock_unlock_server): 202 POST http://10.180.1.21/compute/v2.1/servers/ee8ab850-84b6-4948-a4af-8fd37b8c0a4b/action 2.369s
2025-12-09 21:43:25.191 65552 INFO tempest.lib.common.rest_client [req-4fd1360a-1583-4594-a1b0-3230680cbb8b req-4fd1360a-1583-4594-a1b0-3230680cbb8b ] Request (ExtensionsTest:setUpClass): 201 POST http://10.180.1.21/identity/v3/users 0.143s
2025-12-09 21:43:25.244 65552 INFO tempest.lib.common.rest_client [req-c8ede8ee-7902-40e4-8c60-94dc01e8917d req-c8ede8ee-7902-40e4-8c60-94dc01e8917d ] Request (ExtensionsTest:setUpClass): 200 GET http://10.180.1.21/identity/v3/roles 0.052s
2025-12-09 21:43:25.298 65552 INFO tempest.lib.common.rest_client [req-ed965ec4-e064-46c9-9809-a187772bce82 req-ed965ec4-e064-46c9-9809-a187772bce82 ] Request (ExtensionsTest:setUpClass): 204 PUT http://10.180.1.21/identity/v3/projects/2aec0614f29145a8986e086282bfad63/users/4999498c94e443889c997e7db35beb5c/roles/4095776c0e2f41e79284c10c1292f26f 0.054s
2025-12-09 21:43:25.298 65552 INFO tempest.lib.common.dynamic_creds [-] Dynamic test user 4999498c94e443889c997e7db35beb5c is created with scope project and roles: ['member']
2025-12-09 21:43:25.299 65552 INFO tempest.lib.common.dynamic_creds [-] Acquired dynamic creds: credentials: Credentials: {'domain_id': 'default', 'domain_name': 'Default', 'username': 'tempest-ExtensionsTest-376889912-project-member', 'project_domain_id': 'default', 'project_domain_name': 'Default', 'project_id': '2aec0614f29145a8986e086282bfad63', 'project_name': 'tempest-ExtensionsTest-376889912', 'tenant_id': '2aec0614f29145a8986e086282bfad63', 'tenant_name': 'tempest-ExtensionsTest-376889912', 'user_domain_id': 'default', 'user_domain_name': 'Default', 'user_id': '4999498c94e443889c997e7db35beb5c', 'system': None}, Network: None, Subnet: None, Router: None
