2025-12-09 21:42:38.598 65544 INFO tempest.lib.common.rest_client [req-3a81ba41-b88d-4959-8403-7393d89b6739 req-3a81ba41-b88d-4959-8403-7393d89b6739 ] Request (ServerDiagnosticsNegativeTest:tearDownClass): 200 GET http://10.180.1.21/compute/v2.1/servers/3960ab75-1f26-43d6-b0a6-8ffd16f5263d 4.247s
2025-12-09 21:42:38.631 65562 INFO tempest.lib.common.rest_client [req-dd30398f-5020-497b-8b08-bfefd74b1f05 req-dd30398f-5020-497b-8b08-bfefd74b1f05 ] Request (VolumesAssistedSnapshotsTest:test_volume_assisted_snapshot_create_delete): 200 GET http://10.180.1.21/volume/v3/volumes/bfd01ff9-145b-4a6b-a8f2-a4b0c4736365 0.036s
2025-12-09 21:42:38.652 65530 INFO tempest.lib.common.rest_client [req-e0d8772d-6f36-4f6f-9b68-d913fccb70d7 req-e0d8772d-6f36-4f6f-9b68-d913fccb70d7 ] Request (ServersAdmin275Test:tearDownClass): 204 DELETE http://10.180.1.21/identity/v3/users/448ef5d8761843039fa84f0f8a4bf4dd 0.198s
2025-12-09 21:42:38.762 65556 INFO tempest.lib.common.rest_client [req-a6e4c94f-1239-410c-a0db-dc320a394507 req-a6e4c94f-1239-410c-a0db-dc320a394507 ] Request (ImagesOneServerNegativeTestJSON:_run_cleanups): 200 GET http://10.180.1.21/compute/v2.1/servers/d1dc1311-ebbb-4231-b90c-54cbef24fb89 4.215s
2025-12-09 21:42:38.790 65568 INFO tempest.lib.common.rest_client [req-b632ad75-5602-467d-a5fa-3bc69a4a356c req-b632ad75-5602-467d-a5fa-3bc69a4a356c ] Request (FlavorsV2TestJSON:test_list_flavors_filter_by_min_ram): 200 GET http://10.180.1.21/compute/v2.1/flavors?minRam=193 4.189s
2025-12-09 21:42:38.820 65530 INFO tempest.lib.common.rest_client [req-18ac728e-ae32-4641-aacc-666b6fff2164 req-18ac728e-ae32-4641-aacc-666b6fff2164 ] Request (ServersAdmin275Test:tearDownClass): 204 DELETE http://10.180.1.21/identity/v3/users/970ec194c5e647cbb0eab3bbc706caaa 0.167s
2025-12-09 21:42:38.820 65530 INFO tempest.lib.common.dynamic_creds [-] Deleting project and security group for project: 52d688fbe5cb46e6b0f6d25869632f52
2025-12-09 21:42:38.845 65578 INFO tempest.lib.common.rest_client [req-a447ccd8-aaac-4455-8d8f-87bf87bda495 req-a447ccd8-aaac-4455-8d8f-87bf87bda495 ] Request (ServerRescueNegativeTestJSON:setUpClass): 200 GET http://10.180.1.21/compute/v2.1/servers/4ff01fdb-b3a0-43e7-9e0c-c5bcdc8dddc7 4.429s
2025-12-09 21:42:38.858 65578 INFO tempest.common.waiters [-] State transition "ACTIVE/rescuing" ==> "RESCUE/None" after 9 second wait
2025-12-09 21:42:38.889 65526 INFO tempest.lib.common.rest_client [req-ffc964c8-2f39-4bdc-aac5-00e064772783 req-ffc964c8-2f39-4bdc-aac5-00e064772783 ] Request (ServersNegativeTestJSON:setUpClass): 200 GET http://10.180.1.21/compute/v2.1/servers/7132894b-7404-488d-95c6-ffd1e1c8e868 4.024s
2025-12-09 21:42:38.906 65530 INFO tempest.lib.common.rest_client [req-bfb389fb-feac-4df4-beb1-36c7dc94ba63 req-bfb389fb-feac-4df4-beb1-36c7dc94ba63 ] Request (ServersAdmin275Test:tearDownClass): 201 POST http://10.180.1.21/identity/v3/auth/tokens 0.085s
2025-12-09 21:42:38.908 65528 INFO tempest.lib.common.rest_client [req-07869f76-2de9-438e-9766-9d389e1ca20b req-07869f76-2de9-438e-9766-9d389e1ca20b ] Request (ImagesNegativeTestJSON:tearDownClass): 404 DELETE http://10.180.1.21/compute/v2.1/servers/d99862c6-2c19-47ec-82a2-e2e9dd0a53d2 3.755s
2025-12-09 21:42:38.953 65546 INFO tempest.lib.common.rest_client [req-60f66b4e-c62e-4007-b1d8-be51432afc58 req-60f66b4e-c62e-4007-b1d8-be51432afc58 ] Request (FloatingIPsAssociationTestJSON:tearDownClass): 204 DELETE http://10.180.1.21/compute/v2.1/servers/576083bc-b821-4d84-991a-4c8ebe524c6e 3.812s
2025-12-09 21:42:39.108 65530 INFO tempest.lib.common.rest_client [req-eefd2bf8-825f-403e-a5f3-d4f0811be9d5 req-eefd2bf8-825f-403e-a5f3-d4f0811be9d5 ] Request (ServersAdmin275Test:tearDownClass): 200 GET http://10.180.1.21/networking/v2.0/security-groups?tenant_id=52d688fbe5cb46e6b0f6d25869632f52&name=default 0.201s
2025-12-09 21:42:39.163 65566 INFO tempest.lib.common.rest_client [req-58394549-7323-469b-9140-b3c80426e561 req-58394549-7323-469b-9140-b3c80426e561 ] Request (ListImageFiltersTestJSON:setUpClass): 200 GET http://10.180.1.21/compute/v2.1/servers/5d9a3ced-5b74-4a57-9b67-c70ba3d9e50b 3.941s
2025-12-09 21:42:39.183 65572 INFO tempest.lib.common.rest_client [req-fefb7062-6abf-4298-b817-02ca204a70f1 req-fefb7062-6abf-4298-b817-02ca204a70f1 ] Request (ServersListShow2100Test:test_list_show_rebuild_update_server_2100): 200 GET http://10.180.1.21/compute/v2.1/servers/894ac411-b41e-407c-a607-e64359842b6d 3.461s
2025-12-09 21:42:39.214 65548 INFO tempest.lib.common.rest_client [req-3e80aded-2743-41e9-afe0-7dae1c0d7e03 req-3e80aded-2743-41e9-afe0-7dae1c0d7e03 ] Request (ImagesOneServerTestJSON:test_create_image_specify_multibyte_character_image_name): 200 GET http://10.180.1.21/compute/v2.1/images/7347a35e-81a7-4cf7-ae67-1db371561d43 3.443s
2025-12-09 21:42:39.291 65530 INFO tempest.lib.common.rest_client [req-c24e0b45-7a6a-4a7d-ab72-6b009e2c18fa req-c24e0b45-7a6a-4a7d-ab72-6b009e2c18fa ] Request (ServersAdmin275Test:tearDownClass): 204 DELETE http://10.180.1.21/networking/v2.0/security-groups/d6e69407-28cf-4cae-aae0-eb4c17ac4bb9 0.182s
2025-12-09 21:42:39.338 65574 INFO tempest.lib.common.rest_client [req-c988cacf-53a8-4cf2-a0da-c9334a297239 req-c988cacf-53a8-4cf2-a0da-c9334a297239 ] Request (SecurityGroupRulesNegativeTestJSON:tearDownClass): 200 PUT http://10.180.1.21/networking/v2.0/routers/a7ffdfab-7a48-4a5c-abab-e63bf05d57ed/remove_router_interface 0.956s
2025-12-09 21:42:39.369 65560 INFO tempest.lib.common.rest_client [req-b2caaf81-a669-48cd-9d37-536c06da0a0d req-b2caaf81-a669-48cd-9d37-536c06da0a0d ] Request (ImagesTestJSON:test_create_image_from_stopped_server): 200 GET http://10.180.1.21/compute/v2.1/servers/2b4092c7-929b-4361-927a-fa3df80bd510 3.346s
2025-12-09 21:42:39.380 65554 INFO tempest.lib.common.rest_client [req-6b547331-95de-46a0-b29c-a6dc59c31b3e req-6b547331-95de-46a0-b29c-a6dc59c31b3e ] Request (DeleteServersAdminTestJSON:test_delete_server_while_in_error_state): 200 GET http://10.180.1.21/compute/v2.1/servers/9a80c06f-b99d-47ca-b0cc-8be8d3bd3d13 3.522s
2025-12-09 21:42:39.393 65530 INFO tempest.lib.common.rest_client [req-fe6aef4d-47db-4c82-88e4-ed0f501fbc66 req-fe6aef4d-47db-4c82-88e4-ed0f501fbc66 ] Request (ServersAdmin275Test:tearDownClass): 204 DELETE http://10.180.1.21/identity/v3/projects/52d688fbe5cb46e6b0f6d25869632f52 0.102s
2025-12-09 21:42:39.394 65530 INFO tempest.lib.common.dynamic_creds [-] Deleting project and security group for project: e4c9005c7f2e40e79b665959035ce923
2025-12-09 21:42:39.436 65550 INFO tempest.lib.common.rest_client [req-1cdc27eb-53f7-45c8-8b6e-c6d84e50a6fb req-1cdc27eb-53f7-45c8-8b6e-c6d84e50a6fb ] Request (MigrationsAdminTest:test_list_migrations_in_flavor_resize_situation): 200 GET http://10.180.1.21/compute/v2.1/os-migrations 2.920s
2025-12-09 21:42:39.455 65536 INFO tempest.lib.common.rest_client [req-78acf671-7a0b-4aba-9fe2-5305247a03bd req-78acf671-7a0b-4aba-9fe2-5305247a03bd ] Request (HypervisorAdminUnderV252Test:test_search_hypervisor): 200 GET http://10.180.1.21/compute/v2.1/os-hypervisors/domain-c8.fc996f14-c53b-4953-92e3-bdfa48f5cc28/search 2.572s
2025-12-09 21:42:39.584 65530 INFO tempest.lib.common.rest_client [req-819ebd8e-e580-4a70-865d-27c44da0ac13 req-819ebd8e-e580-4a70-865d-27c44da0ac13 ] Request (ServersAdmin275Test:tearDownClass): 200 GET http://10.180.1.21/networking/v2.0/security-groups?tenant_id=e4c9005c7f2e40e79b665959035ce923&name=default 0.190s
2025-12-09 21:42:39.681 65583 INFO tempest.lib.common.rest_client [req-ef6095b2-f8e9-4b79-aba8-132275b7a2d0 req-ef6095b2-f8e9-4b79-aba8-132275b7a2d0 ] Request (SecurityGroupRulesTestJSON:tearDownClass): 202 DELETE http://10.180.1.21/compute/v2.1/os-security-groups/2eab78df-9c81-44c9-91e8-19cd327092e9 3.640s
2025-12-09 21:42:39.684 65562 INFO tempest.lib.common.rest_client [req-38fddc05-4387-4aa0-bea5-47b56e10c5ca req-38fddc05-4387-4aa0-bea5-47b56e10c5ca ] Request (VolumesAssistedSnapshotsTest:test_volume_assisted_snapshot_create_delete): 200 GET http://10.180.1.21/volume/v3/volumes/bfd01ff9-145b-4a6b-a8f2-a4b0c4736365 0.043s
2025-12-09 21:42:39.710 65536 INFO tempest.lib.common.rest_client [req-663a29e1-a6db-4a56-873b-5a6fa1c880c3 req-663a29e1-a6db-4a56-873b-5a6fa1c880c3 ] Request (HypervisorAdminUnderV252Test:tearDownClass): 204 DELETE http://10.180.1.21/identity/v3/users/283744dae211410da8a95674f5acecac 0.253s
2025-12-09 21:42:39.712 65542 INFO tempest.lib.common.rest_client [req-21eae3a9-7b53-4960-9ab0-8b905f1c9c10 req-21eae3a9-7b53-4960-9ab0-8b905f1c9c10 ] Request (ServersTestBootFromVolume:setUpClass): 200 GET http://10.180.1.21/compute/v2.1/servers/934825d3-8f17-4ad0-8dd3-9a7fe3277ab5 2.183s
2025-12-09 21:42:39.791 65530 INFO tempest.lib.common.rest_client [req-29906171-ccb3-4e34-a163-867bd9aad5d8 req-29906171-ccb3-4e34-a163-867bd9aad5d8 ] Request (ServersAdmin275Test:tearDownClass): 204 DELETE http://10.180.1.21/networking/v2.0/security-groups/737e7e38-2dd5-40e3-a91e-6374006ed580 0.205s
2025-12-09 21:42:39.870 65536 INFO tempest.lib.common.rest_client [req-33a8373c-566b-4fdc-845e-91b558beaddd req-33a8373c-566b-4fdc-845e-91b558beaddd ] Request (HypervisorAdminUnderV252Test:tearDownClass): 204 DELETE http://10.180.1.21/identity/v3/users/82fcc2a6ed354d1b8b514eaa165871cf 0.159s
2025-12-09 21:42:39.870 65536 INFO tempest.lib.common.dynamic_creds [-] Deleting project and security group for project: bfc87ddb85b44b48bca1f7376a12618a
2025-12-09 21:42:39.933 65530 INFO tempest.lib.common.rest_client [req-8011e52b-75d3-4198-9fe2-7a2185617821 req-8011e52b-75d3-4198-9fe2-7a2185617821 ] Request (ServersAdmin275Test:tearDownClass): 204 DELETE http://10.180.1.21/identity/v3/projects/e4c9005c7f2e40e79b665959035ce923 0.141s
2025-12-09 21:42:39.959 65574 INFO tempest.lib.common.rest_client [req-c8453794-c7e8-4dc7-aa9f-8894d19f6386 req-c8453794-c7e8-4dc7-aa9f-8894d19f6386 ] Request (SecurityGroupRulesNegativeTestJSON:tearDownClass): 204 DELETE http://10.180.1.21/networking/v2.0/routers/a7ffdfab-7a48-4a5c-abab-e63bf05d57ed 0.621s
2025-12-09 21:42:39.979 65536 INFO tempest.lib.common.rest_client [req-138bc109-b630-4af9-a3c5-bc6405f667fa req-138bc109-b630-4af9-a3c5-bc6405f667fa ] Request (HypervisorAdminUnderV252Test:tearDownClass): 201 POST http://10.180.1.21/identity/v3/auth/tokens 0.108s
2025-12-09 21:42:40.015 65580 INFO tempest.lib.common.rest_client [req-18d2dd83-049c-4993-8f41-ee6a18e31d01 req-18d2dd83-049c-4993-8f41-ee6a18e31d01 ] Request (ServersAdminTestJSON:test_inject_network_info): 200 GET http://10.180.1.21/compute/v2.1/servers/5e90a55a-dc8b-4e1b-89b3-ae7437416a76 2.145s
2025-12-09 21:42:40.028 65530 INFO tempest.lib.common.rest_client [req-e78667c9-560b-4e5c-9edc-9366d5efe9fb req-e78667c9-560b-4e5c-9edc-9366d5efe9fb ] Request (ServersAdminNegativeTestJSON:setUpClass): 201 POST http://10.180.1.21/identity/v3/auth/tokens 0.092s
2025-12-09 21:42:40.058 65539 INFO tempest.lib.common.rest_client [req-65329b2e-1af3-4c0e-9f6e-c1069acf7843 req-65329b2e-1af3-4c0e-9f6e-c1069acf7843 ] Request (FlavorsAdminTestJSON:test_is_public_string_variations): 200 GET http://10.180.1.21/compute/v2.1/flavors/detail?is_public=1 1.643s
2025-12-09 21:42:40.074 65530 INFO tempest.lib.common.rest_client [req-f22cc159-3de8-48eb-9a35-810bb8e2c3c4 req-f22cc159-3de8-48eb-9a35-810bb8e2c3c4 ] Request (ServersAdminNegativeTestJSON:setUpClass): 201 POST http://10.180.1.21/identity/v3/auth/tokens 0.045s
2025-12-09 21:42:40.077 65534 INFO tempest.lib.common.rest_client [req-ee510de1-509f-4c4e-b776-ffd4dc7681a4 req-ee510de1-509f-4c4e-b776-ffd4dc7681a4 ] Request (FlavorsExtraSpecsTestJSON:test_flavor_set_get_update_show_unset_keys): 200 GET http://10.180.1.21/compute/v2.1/flavors/1689689729/os-extra_specs 1.644s
2025-12-09 21:42:40.120 65530 INFO tempest.lib.common.rest_client [req-7d208b32-6308-4f52-abf6-5b25f5656d07 req-7d208b32-6308-4f52-abf6-5b25f5656d07 ] Request (ServersAdminNegativeTestJSON:setUpClass): 200 GET http://10.180.1.21/identity/v3/domains?name=Default 0.045s
2025-12-09 21:42:40.160 65530 INFO tempest.lib.common.rest_client [req-6b90c803-7151-4364-bb18-ad820b1137b0 req-6b90c803-7151-4364-bb18-ad820b1137b0 ] Request (ServersAdminNegativeTestJSON:setUpClass): 201 POST http://10.180.1.21/identity/v3/projects 0.039s
2025-12-09 21:42:40.228 65530 INFO tempest.lib.common.rest_client [req-ab620550-ed0d-42f8-a98a-00b531d80002 req-ab620550-ed0d-42f8-a98a-00b531d80002 ] Request (ServersAdminNegativeTestJSON:setUpClass): 201 POST http://10.180.1.21/identity/v3/users 0.068s
2025-12-09 21:42:40.241 65574 INFO tempest.lib.common.rest_client [req-f7a246c8-ade4-4054-8369-e53773f5d4cc req-f7a246c8-ade4-4054-8369-e53773f5d4cc ] Request (SecurityGroupRulesNegativeTestJSON:tearDownClass): 204 DELETE http://10.180.1.21/networking/v2.0/subnets/bb75785d-8e4d-411e-a4e0-f5c1cc4f1cd7 0.282s
2025-12-09 21:42:40.255 65530 INFO tempest.lib.common.rest_client [req-83e724ea-2420-40b3-87fa-a4c425c149c8 req-83e724ea-2420-40b3-87fa-a4c425c149c8 ] Request (ServersAdminNegativeTestJSON:setUpClass): 200 GET http://10.180.1.21/identity/v3/roles 0.026s
2025-12-09 21:42:40.290 65530 INFO tempest.lib.common.rest_client [req-5c00644f-2178-4c63-94ed-14c06cac2255 req-5c00644f-2178-4c63-94ed-14c06cac2255 ] Request (ServersAdminNegativeTestJSON:setUpClass): 204 PUT http://10.180.1.21/identity/v3/projects/903575fd865a433c8a7819f635748c55/users/1b2a91ef752743d59b495a401cc6e3c1/roles/4095776c0e2f41e79284c10c1292f26f 0.034s
2025-12-09 21:42:40.290 65530 INFO tempest.lib.common.dynamic_creds [-] Dynamic test user 1b2a91ef752743d59b495a401cc6e3c1 is created with scope project and roles: ['member']
2025-12-09 21:42:40.290 65530 INFO tempest.lib.common.dynamic_creds [-] Acquired dynamic creds: credentials: Credentials: {'domain_id': 'default', 'domain_name': 'Default', 'username': 'tempest-ServersAdminNegativeTestJSON-1297608031-project-member', 'project_domain_id': 'default', 'project_domain_name': 'Default', 'project_id': '903575fd865a433c8a7819f635748c55', 'project_name': 'tempest-ServersAdminNegativeTestJSON-1297608031', 'tenant_id': '903575fd865a433c8a7819f635748c55', 'tenant_name': 'tempest-ServersAdminNegativeTestJSON-1297608031', 'user_domain_id': 'default', 'user_domain_name': 'Default', 'user_id': '1b2a91ef752743d59b495a401cc6e3c1', 'system': None}, Network: None, Subnet: None, Router: None
2025-12-09 21:42:40.291 65530 INFO tempest.lib.common.dynamic_creds [-] Created isolated network resources for: credentials: Credentials: {'domain_id': 'default', 'domain_name': 'Default', 'username': 'tempest-ServersAdminNegativeTestJSON-1297608031-project-member', 'project_domain_id': 'default', 'project_domain_name': 'Default', 'project_id': '903575fd865a433c8a7819f635748c55', 'project_name': 'tempest-ServersAdminNegativeTestJSON-1297608031', 'tenant_id': '903575fd865a433c8a7819f635748c55', 'tenant_name': 'tempest-ServersAdminNegativeTestJSON-1297608031', 'user_domain_id': 'default', 'user_domain_name': 'Default', 'user_id': '1b2a91ef752743d59b495a401cc6e3c1', 'system': None}, Network: None, Subnet: None, Router: None
2025-12-09 21:42:40.291 65536 INFO tempest.lib.common.rest_client [req-55610bbc-deed-4349-844a-1cdb719b4e1c req-55610bbc-deed-4349-844a-1cdb719b4e1c ] Request (HypervisorAdminUnderV252Test:tearDownClass): 200 GET http://10.180.1.21/networking/v2.0/security-groups?tenant_id=bfc87ddb85b44b48bca1f7376a12618a&name=default 0.311s
2025-12-09 21:42:40.320 65570 INFO tempest.lib.common.rest_client [req-93113327-206c-4949-867a-b9bddecc742f req-93113327-206c-4949-867a-b9bddecc742f ] Request (AttachVolumeNegativeTest:test_attach_attached_volume_to_different_server): 200 GET http://10.180.1.21/compute/v2.1/servers/12d707a7-52d6-4e90-a237-073ebdbe2b12 1.715s
2025-12-09 21:42:40.341 65568 INFO tempest.lib.common.rest_client [req-a1e6cdbf-3e8c-44f1-b0ec-92ec2962c6cf req-a1e6cdbf-3e8c-44f1-b0ec-92ec2962c6cf ] Request (FlavorsV2TestJSON:test_list_flavors_limit_results): 200 GET http://10.180.1.21/compute/v2.1/flavors?limit=1 1.545s
2025-12-09 21:42:40.389 65530 INFO tempest.lib.common.rest_client [req-56c5f0f2-2328-4be5-bdbb-82b7721bdc9a req-56c5f0f2-2328-4be5-bdbb-82b7721bdc9a ] Request (ServersAdminNegativeTestJSON:setUpClass): 201 POST http://10.180.1.21/identity/v3/auth/tokens 0.095s
2025-12-09 21:42:40.452 65536 INFO tempest.lib.common.rest_client [req-5d59bda0-ccc9-4aed-876c-f8b2f72f8d57 req-5d59bda0-ccc9-4aed-876c-f8b2f72f8d57 ] Request (HypervisorAdminUnderV252Test:tearDownClass): 204 DELETE http://10.180.1.21/networking/v2.0/security-groups/4c4c522d-c315-49c9-9fbd-2ae418823d56 0.161s
2025-12-09 21:42:40.466 65530 INFO tempest.lib.common.rest_client [req-78580b23-0952-4307-8eda-a83367e5e960 req-78580b23-0952-4307-8eda-a83367e5e960 ] Request (ServersAdminNegativeTestJSON:setUpClass): 201 POST http://10.180.1.21/identity/v3/projects 0.077s
2025-12-09 21:42:40.539 65530 INFO tempest.lib.common.rest_client [req-38971a5f-fab7-4194-b8c9-72813074e26e req-38971a5f-fab7-4194-b8c9-72813074e26e ] Request (ServersAdminNegativeTestJSON:setUpClass): 201 POST http://10.180.1.21/identity/v3/users 0.071s
2025-12-09 21:42:40.561 65530 INFO tempest.lib.common.rest_client [req-d274bbe3-90cd-4449-84b2-a228706d0bb6 req-d274bbe3-90cd-4449-84b2-a228706d0bb6 ] Request (ServersAdminNegativeTestJSON:setUpClass): 200 GET http://10.180.1.21/identity/v3/roles 0.022s
2025-12-09 21:42:40.589 65536 INFO tempest.lib.common.rest_client [req-ef6591c8-5ca5-4bd0-9e67-0a2444432921 req-ef6591c8-5ca5-4bd0-9e67-0a2444432921 ] Request (HypervisorAdminUnderV252Test:tearDownClass): 204 DELETE http://10.180.1.21/identity/v3/projects/bfc87ddb85b44b48bca1f7376a12618a 0.137s
2025-12-09 21:42:40.590 65536 INFO tempest.lib.common.dynamic_creds [-] Deleting project and security group for project: 168e98acb21949938afac85d767b4052
2025-12-09 21:42:40.596 65574 INFO tempest.lib.common.rest_client [req-97da4740-f2d8-4769-874d-784d2cf11c50 req-97da4740-f2d8-4769-874d-784d2cf11c50 ] Request (SecurityGroupRulesNegativeTestJSON:tearDownClass): 204 DELETE http://10.180.1.21/networking/v2.0/networks/fab3c823-225d-4f31-a300-914e95756b59 0.354s
2025-12-09 21:42:40.633 65578 INFO tempest.lib.common.rest_client [req-9f504906-4272-46fb-87c8-b100a8d9deba req-9f504906-4272-46fb-87c8-b100a8d9deba ] Request (ServerRescueNegativeTestJSON:setUpClass): 200 GET http://10.180.1.21/compute/v2.1/servers/5c3fdaeb-008d-4ff7-a382-1863f403116a 1.775s
2025-12-09 21:42:40.649 65530 INFO tempest.lib.common.rest_client [req-7c0003b1-771a-4c37-b1e2-709da5753ff9 req-7c0003b1-771a-4c37-b1e2-709da5753ff9 ] Request (ServersAdminNegativeTestJSON:setUpClass): 204 PUT http://10.180.1.21/identity/v3/projects/bbdf05ff2e3b43909917ba0256e88770/users/9e25f6124d5f4c68bab874c76eb7100b/roles/68504c42b1624a2f93aa7a10c2fda6e4 0.087s
2025-12-09 21:42:40.657 65528 INFO tempest.lib.common.rest_client [req-3c684076-2044-4b00-bcd0-fc5397cf75f5 req-3c684076-2044-4b00-bcd0-fc5397cf75f5 ] Request (ImagesNegativeTestJSON:tearDownClass): 404 GET http://10.180.1.21/compute/v2.1/servers/d99862c6-2c19-47ec-82a2-e2e9dd0a53d2 1.748s
2025-12-09 21:42:40.723 65574 INFO tempest.lib.common.rest_client [req-224885f2-7c6d-46df-9ea1-3a583805e686 req-224885f2-7c6d-46df-9ea1-3a583805e686 ] Request (SecurityGroupRulesNegativeTestJSON:tearDownClass): 204 DELETE http://10.180.1.21/identity/v3/users/0fc591c6d76746c7be9be552a2dbdafa 0.126s
2025-12-09 21:42:40.723 65574 INFO tempest.lib.common.dynamic_creds [-] Deleting project and security group for project: f5bf5e217da445568ef2e1ea083707fc
2025-12-09 21:42:40.729 65562 INFO tempest.lib.common.rest_client [req-8311a2bc-413d-4759-a29a-a49a461adb92 req-8311a2bc-413d-4759-a29a-a49a461adb92 ] Request (VolumesAssistedSnapshotsTest:test_volume_assisted_snapshot_create_delete): 200 GET http://10.180.1.21/volume/v3/volumes/bfd01ff9-145b-4a6b-a8f2-a4b0c4736365 0.036s
2025-12-09 21:42:40.761 65530 INFO tempest.lib.common.rest_client [req-5d38bb80-99ef-48d0-8ed4-b92c99182b68 req-5d38bb80-99ef-48d0-8ed4-b92c99182b68 ] Request (ServersAdminNegativeTestJSON:setUpClass): 200 GET http://10.180.1.21/identity/v3/roles 0.111s
2025-12-09 21:42:40.764 65540 WARNING tempest.lib.common.ssh [-] Failed to establish authenticated ssh connection to cirros@10.180.180.180 ([Errno None] Unable to connect to port 22 on 10.180.180.180). Number attempts: 4. Retry after 5 seconds.: paramiko.ssh_exception.NoValidConnectionsError: [Errno None] Unable to connect to port 22 on 10.180.180.180
2025-12-09 21:42:40.769 65536 INFO tempest.lib.common.rest_client [req-b358789d-ffb3-4262-9e4e-63656f281657 req-b358789d-ffb3-4262-9e4e-63656f281657 ] Request (HypervisorAdminUnderV252Test:tearDownClass): 200 GET http://10.180.1.21/networking/v2.0/security-groups?tenant_id=168e98acb21949938afac85d767b4052&name=default 0.179s
2025-12-09 21:42:40.826 65552 INFO tempest.lib.common.rest_client [req-9733e6fd-dc32-4276-ad0e-e96316583447 req-9733e6fd-dc32-4276-ad0e-e96316583447 ] Request (FloatingIPDetailsTestJSON:_run_cleanups): 202 DELETE http://10.180.1.21/compute/v2.1/os-floating-ips/18fb40ff-263a-4090-bffd-261919d58fe1 2.675s
2025-12-09 21:42:40.827 65530 INFO tempest.lib.common.rest_client [req-ae651263-bd66-40d1-b9eb-3a9766cdfb0c req-ae651263-bd66-40d1-b9eb-3a9766cdfb0c ] Request (ServersAdminNegativeTestJSON:setUpClass): 204 PUT http://10.180.1.21/identity/v3/projects/bbdf05ff2e3b43909917ba0256e88770/users/9e25f6124d5f4c68bab874c76eb7100b/roles/68504c42b1624a2f93aa7a10c2fda6e4 0.065s
2025-12-09 21:42:40.827 65530 INFO tempest.lib.common.dynamic_creds [-] Dynamic test user 9e25f6124d5f4c68bab874c76eb7100b is created with scope project and roles: ['admin']
2025-12-09 21:42:40.827 65530 INFO tempest.lib.common.dynamic_creds [-] Acquired dynamic creds: credentials: Credentials: {'domain_id': 'default', 'domain_name': 'Default', 'username': 'tempest-ServersAdminNegativeTestJSON-1381299243-project-admin', 'project_domain_id': 'default', 'project_domain_name': 'Default', 'project_id': 'bbdf05ff2e3b43909917ba0256e88770', 'project_name': 'tempest-ServersAdminNegativeTestJSON-1381299243', 'tenant_id': 'bbdf05ff2e3b43909917ba0256e88770', 'tenant_name': 'tempest-ServersAdminNegativeTestJSON-1381299243', 'user_domain_id': 'default', 'user_domain_name': 'Default', 'user_id': '9e25f6124d5f4c68bab874c76eb7100b', 'system': None}, Network: None, Subnet: None, Router: None
2025-12-09 21:42:40.828 65530 INFO tempest.lib.common.dynamic_creds [-] Created isolated network resources for: credentials: Credentials: {'domain_id': 'default', 'domain_name': 'Default', 'username': 'tempest-ServersAdminNegativeTestJSON-1381299243-project-admin', 'project_domain_id': 'default', 'project_domain_name': 'Default', 'project_id': 'bbdf05ff2e3b43909917ba0256e88770', 'project_name': 'tempest-ServersAdminNegativeTestJSON-1381299243', 'tenant_id': 'bbdf05ff2e3b43909917ba0256e88770', 'tenant_name': 'tempest-ServersAdminNegativeTestJSON-1381299243', 'user_domain_id': 'default', 'user_domain_name': 'Default', 'user_id': '9e25f6124d5f4c68bab874c76eb7100b', 'system': None}, Network: None, Subnet: None, Router: None
2025-12-09 21:42:40.856 65546 INFO tempest.lib.common.rest_client [req-6254e1e2-167e-4b85-810a-705340cd2668 req-6254e1e2-167e-4b85-810a-705340cd2668 ] Request (FloatingIPsAssociationTestJSON:tearDownClass): 200 GET http://10.180.1.21/compute/v2.1/servers/576083bc-b821-4d84-991a-4c8ebe524c6e 1.902s
2025-12-09 21:42:40.875 65574 INFO tempest.lib.common.rest_client [req-801fed8f-f8fc-4f74-acb4-26af2b457594 req-801fed8f-f8fc-4f74-acb4-26af2b457594 ] Request (SecurityGroupRulesNegativeTestJSON:tearDownClass): 200 GET http://10.180.1.21/networking/v2.0/security-groups?tenant_id=f5bf5e217da445568ef2e1ea083707fc&name=default 0.151s
2025-12-09 21:42:40.883 65550 INFO tempest.lib.common.rest_client [req-dd73ce7c-84f1-43ff-9db9-338745eff264 req-dd73ce7c-84f1-43ff-9db9-338745eff264 ] Request (MigrationsAdminTest:test_resize_server_revert_deleted_flavor): 200 GET http://10.180.1.21/compute/v2.1/flavors/42 1.439s
2025-12-09 21:42:40.948 65530 INFO tempest.lib.common.rest_client [req-45bb457d-384f-41b2-a50b-1f4a2ac1bb0e req-45bb457d-384f-41b2-a50b-1f4a2ac1bb0e ] Request (ServersAdminNegativeTestJSON:setUpClass): 201 POST http://10.180.1.21/identity/v3/auth/tokens 0.118s
2025-12-09 21:42:40.949 65530 WARNING tempest.lib.common.rest_client [-] Deprecated: "tenant_id" property is deprecated for removal, use "project_id" instead
2025-12-09 21:42:40.962 65536 INFO tempest.lib.common.rest_client [req-7d9fa5ea-c761-4ad8-aa20-e78827e9371a req-7d9fa5ea-c761-4ad8-aa20-e78827e9371a ] Request (HypervisorAdminUnderV252Test:tearDownClass): 204 DELETE http://10.180.1.21/networking/v2.0/security-groups/094372b5-430a-40b8-99eb-5a2561db5fa2 0.192s
2025-12-09 21:42:41.023 65530 INFO tempest.lib.common.rest_client [req-3c086eae-eea8-4910-97fd-0de25c051bc7 req-3c086eae-eea8-4910-97fd-0de25c051bc7 ] Request (ServersAdminNegativeTestJSON:setUpClass): 201 POST http://10.180.1.21/identity/v3/auth/tokens 0.070s
2025-12-09 21:42:41.024 65530 INFO tempest.lib.common.fixed_network [-] (ServersAdminNegativeTestJSON:setUpClass) Found network None available for tenant
2025-12-09 21:42:41.087 65536 INFO tempest.lib.common.rest_client [req-cfcfda7d-be4a-438e-b530-cde11c6a770e req-cfcfda7d-be4a-438e-b530-cde11c6a770e ] Request (HypervisorAdminUnderV252Test:tearDownClass): 204 DELETE http://10.180.1.21/identity/v3/projects/168e98acb21949938afac85d767b4052 0.125s
2025-12-09 21:42:41.089 65536 INFO tempest.test [-] raised in TestMultiAttachVolumeSwap.setUpClass. Invoking tearDownClass.
2025-12-09 21:42:41.090 65536 INFO tempest.test [-] raised in UpdateMultiattachVolumeNegativeTest.setUpClass. Invoking tearDownClass.
2025-12-09 21:42:41.171 65536 INFO tempest.lib.common.rest_client [req-2d5d5ee1-6d72-4668-8495-ba8193409bee req-2d5d5ee1-6d72-4668-8495-ba8193409bee ] Request (VolumesTestJSON:setUpClass): 201 POST http://10.180.1.21/identity/v3/auth/tokens 0.077s
2025-12-09 21:42:41.179 65574 INFO tempest.lib.common.rest_client [req-2be0049c-e79d-47fe-9d79-b4cdddeb005d req-2be0049c-e79d-47fe-9d79-b4cdddeb005d ] Request (SecurityGroupRulesNegativeTestJSON:tearDownClass): 204 DELETE http://10.180.1.21/networking/v2.0/security-groups/9e3e175d-a610-49cf-897b-1c230dca59ed 0.304s
2025-12-09 21:42:41.202 65524 INFO tempest.lib.common.rest_client [req-776fd8a3-7b7c-4eaa-bf10-ca6bd8f52b22 req-776fd8a3-7b7c-4eaa-bf10-ca6bd8f52b22 ] Request (DeleteServersTestJSON:test_delete_active_server): 200 GET http://10.180.1.21/compute/v2.1/servers/36123893-9a05-4cbc-bcc8-2e7d8e2b07d0 1.688s
2025-12-09 21:42:41.206 65536 INFO tempest.lib.common.rest_client [req-bc11f550-43dd-4934-be51-cd6e97aa93a1 req-bc11f550-43dd-4934-be51-cd6e97aa93a1 ] Request (VolumesTestJSON:setUpClass): 201 POST http://10.180.1.21/identity/v3/auth/tokens 0.032s
2025-12-09 21:42:41.239 65532 INFO tempest.lib.common.rest_client [req-92197dce-4493-41ab-8e84-27ecc8a79de8 req-92197dce-4493-41ab-8e84-27ecc8a79de8 ] Request (InstanceActionsTestJSON:setUpClass): 200 GET http://10.180.1.21/compute/v2.1/servers/8fb72cc9-0fe0-4983-99e2-87968b62bd10 1.967s
2025-12-09 21:42:41.251 65536 INFO tempest.lib.common.rest_client [req-eaf58db6-a4de-459a-84cd-070da90f953a req-eaf58db6-a4de-459a-84cd-070da90f953a ] Request (VolumesTestJSON:setUpClass): 200 GET http://10.180.1.21/identity/v3/domains?name=Default 0.044s
2025-12-09 21:42:41.265 65574 INFO tempest.lib.common.rest_client [req-709195ff-bd40-4b8e-9983-9bf7d699ed17 req-709195ff-bd40-4b8e-9983-9bf7d699ed17 ] Request (SecurityGroupRulesNegativeTestJSON:tearDownClass): 204 DELETE http://10.180.1.21/identity/v3/projects/f5bf5e217da445568ef2e1ea083707fc 0.085s
2025-12-09 21:42:41.294 65544 INFO tempest.lib.common.rest_client [req-8f491a2f-3a66-4f7d-8f6e-f99cc80b3acc req-8f491a2f-3a66-4f7d-8f6e-f99cc80b3acc ] Request (ServerDiagnosticsNegativeTest:tearDownClass): 200 GET http://10.180.1.21/compute/v2.1/servers/3960ab75-1f26-43d6-b0a6-8ffd16f5263d 1.684s
2025-12-09 21:42:41.308 65574 INFO tempest.lib.common.rest_client [req-f0670adc-1f78-491d-9842-5f118137580f req-f0670adc-1f78-491d-9842-5f118137580f ] Request (ServersTestFqdnHostnames:setUpClass): 201 POST http://10.180.1.21/identity/v3/auth/tokens 0.040s
2025-12-09 21:42:41.327 65556 INFO tempest.lib.common.rest_client [req-af967669-fccf-4276-98ae-b67d26346b92 req-af967669-fccf-4276-98ae-b67d26346b92 ] Request (ImagesOneServerNegativeTestJSON:_run_cleanups): 404 GET http://10.180.1.21/compute/v2.1/servers/d1dc1311-ebbb-4231-b90c-54cbef24fb89 1.557s
2025-12-09 21:42:41.328 65536 INFO tempest.lib.common.rest_client [req-79addfc7-5bd9-4f52-b478-7d917eba6fba req-79addfc7-5bd9-4f52-b478-7d917eba6fba ] Request (VolumesTestJSON:setUpClass): 201 POST http://10.180.1.21/identity/v3/projects 0.075s
2025-12-09 21:42:41.340 65584 WARNING tempest.lib.common.ssh [-] Failed to establish authenticated ssh connection to cirros@10.180.180.176 ([Errno None] Unable to connect to port 22 on 10.180.180.176). Number attempts: 3. Retry after 4 seconds.: paramiko.ssh_exception.NoValidConnectionsError: [Errno None] Unable to connect to port 22 on 10.180.180.176
2025-12-09 21:42:41.383 65574 INFO tempest.lib.common.rest_client [req-7e2253f7-34bb-410d-a5f3-8452f0d8b453 req-7e2253f7-34bb-410d-a5f3-8452f0d8b453 ] Request (ServersTestFqdnHostnames:setUpClass): 201 POST http://10.180.1.21/identity/v3/auth/tokens 0.073s
2025-12-09 21:42:41.393 65583 INFO tempest.lib.common.rest_client [req-5071c50a-1f18-4c3e-9e19-f2da1e5c5b38 req-5071c50a-1f18-4c3e-9e19-f2da1e5c5b38 ] Request (SecurityGroupRulesTestJSON:tearDownClass): 202 DELETE http://10.180.1.21/compute/v2.1/os-security-groups/0441b20f-b8db-4696-ba3b-5b0d61099e0b 1.711s
2025-12-09 21:42:41.409 65526 INFO tempest.lib.common.rest_client [req-bc3d4972-a6c2-43ce-8d9f-5c3672465751 req-bc3d4972-a6c2-43ce-8d9f-5c3672465751 ] Request (ServersNegativeTestJSON:setUpClass): 200 GET http://10.180.1.21/compute/v2.1/servers/7132894b-7404-488d-95c6-ffd1e1c8e868 1.507s
2025-12-09 21:42:41.414 65539 INFO tempest.lib.common.rest_client [req-12bfab0a-0d5a-4fee-aabb-cdd869ae95ce req-12bfab0a-0d5a-4fee-aabb-cdd869ae95ce ] Request (FlavorsAdminTestJSON:_run_cleanups): 202 DELETE http://10.180.1.21/compute/v2.1/flavors/1677161850 1.344s
2025-12-09 21:42:41.420 65536 INFO tempest.lib.common.rest_client [req-4fb4d28c-6571-4694-b343-ca6e71818940 req-4fb4d28c-6571-4694-b343-ca6e71818940 ] Request (VolumesTestJSON:setUpClass): 201 POST http://10.180.1.21/identity/v3/users 0.092s
2025-12-09 21:42:41.425 65574 INFO tempest.lib.common.rest_client [req-7a237bbf-a332-4a27-bf51-b8d9b5fb31ab req-7a237bbf-a332-4a27-bf51-b8d9b5fb31ab ] Request (ServersTestFqdnHostnames:setUpClass): 200 GET http://10.180.1.21/identity/v3/domains?name=Default 0.041s
2025-12-09 21:42:41.455 65534 INFO tempest.lib.common.rest_client [req-5eefda5d-57eb-4d0d-95f3-6f5587f04247 req-5eefda5d-57eb-4d0d-95f3-6f5587f04247 ] Request (FlavorsExtraSpecsTestJSON:test_flavor_set_get_update_show_unset_keys): 200 DELETE http://10.180.1.21/compute/v2.1/flavors/1689689729/os-extra_specs/hw:numa_nodes 1.374s
2025-12-09 21:42:41.458 65536 INFO tempest.lib.common.rest_client [req-97f4909b-2202-401a-b3db-8a20d0eff563 req-97f4909b-2202-401a-b3db-8a20d0eff563 ] Request (VolumesTestJSON:setUpClass): 200 GET http://10.180.1.21/identity/v3/roles 0.037s
2025-12-09 21:42:41.463 65574 INFO tempest.lib.common.rest_client [req-ff4447d2-2e74-444c-b103-16ba65a6ccc9 req-ff4447d2-2e74-444c-b103-16ba65a6ccc9 ] Request (ServersTestFqdnHostnames:setUpClass): 201 POST http://10.180.1.21/identity/v3/projects 0.036s
2025-12-09 21:42:41.524 65566 INFO tempest.lib.common.rest_client [req-c45da961-b750-40fe-8189-e41d13da1e49 req-c45da961-b750-40fe-8189-e41d13da1e49 ] Request (ListImageFiltersTestJSON:setUpClass): 200 GET http://10.180.1.21/compute/v2.1/servers/5d9a3ced-5b74-4a57-9b67-c70ba3d9e50b 1.353s
2025-12-09 21:42:41.535 65574 INFO tempest.lib.common.rest_client [req-3aeb925c-47bd-4411-b5e6-27a3fadba80c req-3aeb925c-47bd-4411-b5e6-27a3fadba80c ] Request (ServersTestFqdnHostnames:setUpClass): 201 POST http://10.180.1.21/identity/v3/users 0.071s
2025-12-09 21:42:41.538 65536 INFO tempest.lib.common.rest_client [req-fac8096b-cc0a-42d4-9c9e-3fdc960acd87 req-fac8096b-cc0a-42d4-9c9e-3fdc960acd87 ] Request (VolumesTestJSON:setUpClass): 204 PUT http://10.180.1.21/identity/v3/projects/d93e3046782f4e40955a44f58b4fbb5d/users/aa405b5b14f146cfa031c1e7a75b318e/roles/4095776c0e2f41e79284c10c1292f26f 0.080s
2025-12-09 21:42:41.538 65536 INFO tempest.lib.common.dynamic_creds [-] Dynamic test user aa405b5b14f146cfa031c1e7a75b318e is created with scope project and roles: ['member']
2025-12-09 21:42:41.538 65536 INFO tempest.lib.common.dynamic_creds [-] Acquired dynamic creds: credentials: Credentials: {'domain_id': 'default', 'domain_name': 'Default', 'username': 'tempest-VolumesTestJSON-358664475-project-member', 'project_domain_id': 'default', 'project_domain_name': 'Default', 'project_id': 'd93e3046782f4e40955a44f58b4fbb5d', 'project_name': 'tempest-VolumesTestJSON-358664475', 'tenant_id': 'd93e3046782f4e40955a44f58b4fbb5d', 'tenant_name': 'tempest-VolumesTestJSON-358664475', 'user_domain_id': 'default', 'user_domain_name': 'Default', 'user_id': 'aa405b5b14f146cfa031c1e7a75b318e', 'system': None}, Network: None, Subnet: None, Router: None
2025-12-09 21:42:41.539 65536 INFO tempest.lib.common.dynamic_creds [-] Created isolated network resources for: credentials: Credentials: {'domain_id': 'default', 'domain_name': 'Default', 'username': 'tempest-VolumesTestJSON-358664475-project-member', 'project_domain_id': 'default', 'project_domain_name': 'Default', 'project_id': 'd93e3046782f4e40955a44f58b4fbb5d', 'project_name': 'tempest-VolumesTestJSON-358664475', 'tenant_id': 'd93e3046782f4e40955a44f58b4fbb5d', 'tenant_name': 'tempest-VolumesTestJSON-358664475', 'user_domain_id': 'default', 'user_domain_name': 'Default', 'user_id': 'aa405b5b14f146cfa031c1e7a75b318e', 'system': None}, Network: None, Subnet: None, Router: None
2025-12-09 21:42:41.550 65572 INFO tempest.lib.common.rest_client [req-3a6d7cea-84b8-40c8-999d-d3c95146a0e9 req-3a6d7cea-84b8-40c8-999d-d3c95146a0e9 ] Request (ServersListShow2100Test:test_list_show_rebuild_update_server_2100): 200 GET http://10.180.1.21/compute/v2.1/servers/894ac411-b41e-407c-a607-e64359842b6d 1.347s
2025-12-09 21:42:41.563 65572 INFO tempest.common.waiters [-] State transition "BUILD/spawning" ==> "ACTIVE/None" after 21 second wait
2025-12-09 21:42:41.566 65568 INFO tempest.lib.common.rest_client [req-e0d2e6a8-97da-46cd-a311-d805c972c009 req-e0d2e6a8-97da-46cd-a311-d805c972c009 ] Request (FlavorsV2TestJSON:test_list_flavors_using_marker): 200 GET http://10.180.1.21/compute/v2.1/flavors/42 1.221s
2025-12-09 21:42:41.570 65548 INFO tempest.lib.common.rest_client [req-f6a19d54-f129-4a88-bfec-11ab4c850443 req-f6a19d54-f129-4a88-bfec-11ab4c850443 ] Request (ImagesOneServerTestJSON:test_create_image_specify_multibyte_character_image_name): 200 GET http://10.180.1.21/compute/v2.1/images/7347a35e-81a7-4cf7-ae67-1db371561d43 1.352s
2025-12-09 21:42:41.611 65574 INFO tempest.lib.common.rest_client [req-145c3b8b-5fd3-4e22-b6bd-383dde735e5f req-145c3b8b-5fd3-4e22-b6bd-383dde735e5f ] Request (ServersTestFqdnHostnames:setUpClass): 200 GET http://10.180.1.21/identity/v3/roles 0.075s
2025-12-09 21:42:41.633 65560 INFO tempest.lib.common.rest_client [req-6ed2aefb-f2a9-4c1e-b280-0e3867b2f435 req-6ed2aefb-f2a9-4c1e-b280-0e3867b2f435 ] Request (ImagesTestJSON:test_create_image_from_stopped_server): 200 GET http://10.180.1.21/compute/v2.1/servers/2b4092c7-929b-4361-927a-fa3df80bd510 1.246s
2025-12-09 21:42:41.634 65536 INFO tempest.lib.common.rest_client [req-1e43b3de-5435-4288-9646-7f6d3b8bd550 req-1e43b3de-5435-4288-9646-7f6d3b8bd550 ] Request (VolumesTestJSON:setUpClass): 201 POST http://10.180.1.21/identity/v3/auth/tokens 0.090s
2025-12-09 21:42:41.646 65578 INFO tempest.lib.common.rest_client [req-f54e1179-f852-499b-bdd2-01ceb203422f req-f54e1179-f852-499b-bdd2-01ceb203422f ] Request (ServerRescueNegativeTestJSON:test_rescue_non_existent_server): 404 POST http://10.180.1.21/compute/v2.1/servers/b4cf719c-8e77-4610-a850-335c8439635f/action 1.000s
2025-12-09 21:42:41.649 65574 INFO tempest.lib.common.rest_client [req-26f7d239-ded1-4902-b673-9689f62e4b3b req-26f7d239-ded1-4902-b673-9689f62e4b3b ] Request (ServersTestFqdnHostnames:setUpClass): 204 PUT http://10.180.1.21/identity/v3/projects/70fc61bb0e1f4e22aceafb08f8fd971f/users/632746c41531494498317e86b393c5d6/roles/4095776c0e2f41e79284c10c1292f26f 0.037s
2025-12-09 21:42:41.649 65574 INFO tempest.lib.common.dynamic_creds [-] Dynamic test user 632746c41531494498317e86b393c5d6 is created with scope project and roles: ['member']
2025-12-09 21:42:41.649 65574 INFO tempest.lib.common.dynamic_creds [-] Acquired dynamic creds: credentials: Credentials: {'domain_id': 'default', 'domain_name': 'Default', 'username': 'tempest-ServersTestFqdnHostnames-248459309-project-member', 'project_domain_id': 'default', 'project_domain_name': 'Default', 'project_id': '70fc61bb0e1f4e22aceafb08f8fd971f', 'project_name': 'tempest-ServersTestFqdnHostnames-248459309', 'tenant_id': '70fc61bb0e1f4e22aceafb08f8fd971f', 'tenant_name': 'tempest-ServersTestFqdnHostnames-248459309', 'user_domain_id': 'default', 'user_domain_name': 'Default', 'user_id': '632746c41531494498317e86b393c5d6', 'system': None}, Network: None, Subnet: None, Router: None
2025-12-09 21:42:41.650 65554 INFO tempest.lib.common.rest_client [req-b3899716-ae63-47b5-afad-fe707b62a3d0 req-b3899716-ae63-47b5-afad-fe707b62a3d0 ] Request (DeleteServersAdminTestJSON:test_delete_server_while_in_error_state): 200 GET http://10.180.1.21/compute/v2.1/servers/9a80c06f-b99d-47ca-b0cc-8be8d3bd3d13 1.258s
2025-12-09 21:42:41.724 65574 INFO tempest.lib.common.rest_client [req-9235c168-3a16-4cd9-935d-30822a53b60a req-9235c168-3a16-4cd9-935d-30822a53b60a ] Request (ServersTestFqdnHostnames:setUpClass): 201 POST http://10.180.1.21/identity/v3/auth/tokens 0.074s
2025-12-09 21:42:41.740 65542 INFO tempest.lib.common.rest_client [req-c6531280-ad51-4209-971e-1f0a76cfabde req-c6531280-ad51-4209-971e-1f0a76cfabde ] Request (ServersTestBootFromVolume:setUpClass): 200 GET http://10.180.1.21/compute/v2.1/servers/934825d3-8f17-4ad0-8dd3-9a7fe3277ab5 1.019s
2025-12-09 21:42:41.762 65550 INFO tempest.lib.common.rest_client [req-7a47b48b-9ea4-445b-8d59-b38475e8a42f req-7a47b48b-9ea4-445b-8d59-b38475e8a42f ] Request (MigrationsAdminTest:test_resize_server_revert_deleted_flavor): 200 POST http://10.180.1.21/compute/v2.1/flavors 0.875s
2025-12-09 21:42:41.783 65528 INFO tempest.lib.common.rest_client [req-c1a5a5cf-c462-4c3a-81f6-a370dd79cf3c req-c1a5a5cf-c462-4c3a-81f6-a370dd79cf3c ] Request (ImagesNegativeTestJSON:tearDownClass): 200 PUT http://10.180.1.21/networking/v2.0/routers/91c02850-5dbc-4dd6-a845-6f56fa74c9f9/remove_router_interface 1.124s
2025-12-09 21:42:41.918 65558 WARNING tempest.lib.common.ssh [-] Failed to establish authenticated ssh connection to cirros@10.180.180.202 ([Errno None] Unable to connect to port 22 on 10.180.180.202). Number attempts: 2. Retry after 3 seconds.: paramiko.ssh_exception.NoValidConnectionsError: [Errno None] Unable to connect to port 22 on 10.180.180.202
2025-12-09 21:42:42.052 65536 INFO tempest.lib.common.rest_client [req-e4006d52-9696-407d-9e9b-1fb189e1cb44 req-e4006d52-9696-407d-9e9b-1fb189e1cb44 ] Request (VolumesTestJSON:setUpClass): 202 POST http://10.180.1.21/volume/v3/volumes 0.417s
2025-12-09 21:42:42.188 65574 INFO tempest.lib.common.rest_client [req-ede90d9e-572b-499d-b938-302a9a69b0da req-ede90d9e-572b-499d-b938-302a9a69b0da ] Request (ServersTestFqdnHostnames:setUpClass): 201 POST http://10.180.1.21/networking/v2.0/networks 0.464s
2025-12-09 21:42:42.199 65552 INFO tempest.lib.common.rest_client [req-31f71899-0c14-4f93-ba81-f28802650c7e req-31f71899-0c14-4f93-ba81-f28802650c7e ] Request (FloatingIPDetailsTestJSON:test_list_floating_ips): 200 GET http://10.180.1.21/compute/v2.1/os-floating-ips 1.372s
2025-12-09 21:42:42.219 65578 INFO tempest.lib.common.rest_client [req-e9a696d6-ad3c-4832-9803-aff181f0047f req-e9a696d6-ad3c-4832-9803-aff181f0047f ] Request (ServerRescueNegativeTestJSON:test_rescued_vm_attach_volume): 202 POST http://10.180.1.21/volume/v3/volumes 0.570s
2025-12-09 21:42:42.250 65562 INFO tempest.lib.common.rest_client [req-16f80380-647b-4c17-9945-4c23119a15f1 req-16f80380-647b-4c17-9945-4c23119a15f1 ] Request (VolumesAssistedSnapshotsTest:test_volume_assisted_snapshot_create_delete): 200 GET http://10.180.1.21/volume/v3/volumes/bfd01ff9-145b-4a6b-a8f2-a4b0c4736365 0.513s
2025-12-09 21:42:42.272 65536 INFO tempest.lib.common.rest_client [req-6416aa78-1d65-4c49-8a3c-e71af8018e17 req-6416aa78-1d65-4c49-8a3c-e71af8018e17 ] Request (VolumesTestJSON:setUpClass): 200 GET http://10.180.1.21/volume/v3/volumes/0717afcb-72de-420d-a583-023f681ae7a4 0.212s
2025-12-09 21:42:42.282 65536 INFO tempest.common.waiters [-] volume 0717afcb-72de-420d-a583-023f681ae7a4 reached available after waiting for 0.282062 seconds
2025-12-09 21:42:42.299 65578 INFO tempest.lib.common.rest_client [req-165429d1-e574-4c46-be1f-0bb9a31bbbea req-165429d1-e574-4c46-be1f-0bb9a31bbbea ] Request (ServerRescueNegativeTestJSON:test_rescued_vm_attach_volume): 200 GET http://10.180.1.21/volume/v3/volumes/5dd7ecc0-e3d6-45cd-a372-e4bfc328fd6b 0.068s
2025-12-09 21:42:42.322 65528 INFO tempest.lib.common.rest_client [req-89756bef-1525-4082-bdca-926474d79d13 req-89756bef-1525-4082-bdca-926474d79d13 ] Request (ImagesNegativeTestJSON:tearDownClass): 204 DELETE http://10.180.1.21/networking/v2.0/routers/91c02850-5dbc-4dd6-a845-6f56fa74c9f9 0.539s
2025-12-09 21:42:42.378 65580 INFO tempest.lib.common.rest_client [req-1fd5a089-a74c-4373-92c3-27737d49464f req-1fd5a089-a74c-4373-92c3-27737d49464f ] Request (ServersAdminTestJSON:test_inject_network_info): 200 GET http://10.180.1.21/compute/v2.1/servers/5e90a55a-dc8b-4e1b-89b3-ae7437416a76 1.354s
2025-12-09 21:42:42.388 65580 INFO tempest.common.waiters [-] State transition "BUILD/spawning" ==> "ACTIVE/None" after 22 second wait
2025-12-09 21:42:42.550 65528 INFO tempest.lib.common.rest_client [req-de602fb4-6f41-4f33-8757-767aabb370c2 req-de602fb4-6f41-4f33-8757-767aabb370c2 ] Request (ImagesNegativeTestJSON:tearDownClass): 204 DELETE http://10.180.1.21/networking/v2.0/subnets/7722ffa8-5c08-43d0-a704-39a9753d68b4 0.227s
2025-12-09 21:42:42.565 65574 INFO tempest.lib.common.rest_client [req-ff0307d9-6e04-4701-949c-76e2d02bc855 req-ff0307d9-6e04-4701-949c-76e2d02bc855 ] Request (ServersTestFqdnHostnames:setUpClass): 201 POST http://10.180.1.21/networking/v2.0/subnets 0.375s
2025-12-09 21:42:42.612 65570 INFO tempest.lib.common.rest_client [req-14bad3f3-fd66-4cf6-b5aa-61060e0a7f0f req-14bad3f3-fd66-4cf6-b5aa-61060e0a7f0f ] Request (AttachVolumeNegativeTest:test_attach_attached_volume_to_different_server): 200 GET http://10.180.1.21/compute/v2.1/servers/12d707a7-52d6-4e90-a237-073ebdbe2b12 1.282s
2025-12-09 21:42:42.675 65556 INFO tempest.lib.common.rest_client [req-b4c9e3ee-503a-484b-9e12-83978edbbfdb req-b4c9e3ee-503a-484b-9e12-83978edbbfdb ] Request (ImagesOneServerNegativeTestJSON:_run_cleanups): 200 POST http://10.180.1.21/compute/v2.1/os-keypairs 1.345s
2025-12-09 21:42:42.909 65528 INFO tempest.lib.common.rest_client [req-b602855f-0552-4251-b0e9-94ca35951dee req-b602855f-0552-4251-b0e9-94ca35951dee ] Request (ImagesNegativeTestJSON:tearDownClass): 204 DELETE http://10.180.1.21/networking/v2.0/networks/842de7da-c574-4683-8a8a-3d4566ce3724 0.358s
2025-12-09 21:42:42.997 65528 INFO tempest.lib.common.rest_client [req-3b19e08b-6f97-4b65-bdf6-1dd6be4e5b33 req-3b19e08b-6f97-4b65-bdf6-1dd6be4e5b33 ] Request (ImagesNegativeTestJSON:tearDownClass): 204 DELETE http://10.180.1.21/identity/v3/users/9a0cc0e525bc44a08617905503e51d2a 0.087s
2025-12-09 21:42:42.997 65528 INFO tempest.lib.common.dynamic_creds [-] Deleting project and security group for project: 9622b0587b914b98b6603953725e44b5
2025-12-09 21:42:43.198 65556 INFO tempest.lib.common.rest_client [req-881553f3-2623-4249-8373-95a573b09c9c req-881553f3-2623-4249-8373-95a573b09c9c ] Request (ImagesOneServerNegativeTestJSON:_run_cleanups): 201 POST http://10.180.1.21/networking/v2.0/security-groups 0.520s
2025-12-09 21:42:43.286 65528 INFO tempest.lib.common.rest_client [req-ee731c20-566f-4930-9547-656ba5f89d6a req-ee731c20-566f-4930-9547-656ba5f89d6a ] Request (ImagesNegativeTestJSON:tearDownClass): 200 GET http://10.180.1.21/networking/v2.0/security-groups?tenant_id=9622b0587b914b98b6603953725e44b5&name=default 0.289s
2025-12-09 21:42:43.301 65562 INFO tempest.lib.common.rest_client [req-8feb63c4-2dec-4e13-8c94-ea068590f36d req-8feb63c4-2dec-4e13-8c94-ea068590f36d ] Request (VolumesAssistedSnapshotsTest:test_volume_assisted_snapshot_create_delete): 200 GET http://10.180.1.21/volume/v3/volumes/bfd01ff9-145b-4a6b-a8f2-a4b0c4736365 0.043s
2025-12-09 21:42:43.334 65578 INFO tempest.lib.common.rest_client [req-333a89fb-4d40-40c6-8333-61c36f4d8deb req-333a89fb-4d40-40c6-8333-61c36f4d8deb ] Request (ServerRescueNegativeTestJSON:test_rescued_vm_attach_volume): 200 GET http://10.180.1.21/volume/v3/volumes/5dd7ecc0-e3d6-45cd-a372-e4bfc328fd6b 0.024s
2025-12-09 21:42:43.341 65578 INFO tempest.common.waiters [-] volume 5dd7ecc0-e3d6-45cd-a372-e4bfc328fd6b reached available after waiting for 1.341061 seconds
2025-12-09 21:42:43.379 65556 INFO tempest.lib.common.rest_client [req-16f150f1-e422-4456-b484-fd12aa4071d0 req-16f150f1-e422-4456-b484-fd12aa4071d0 ] Request (ImagesOneServerNegativeTestJSON:_run_cleanups): 201 POST http://10.180.1.21/networking/v2.0/security-group-rules 0.180s
2025-12-09 21:42:43.467 65583 INFO tempest.lib.common.rest_client [req-1934364f-7f7d-4ce6-aa4d-396696c2ddc4 req-1934364f-7f7d-4ce6-aa4d-396696c2ddc4 ] Request (SecurityGroupRulesTestJSON:tearDownClass): 202 DELETE http://10.180.1.21/compute/v2.1/os-security-groups/178ddec7-80de-4f00-8a79-ec3131cc1df5 2.074s
2025-12-09 21:42:43.478 65574 INFO tempest.lib.common.rest_client [req-b17dbdd4-bbba-4676-97fb-4b1360b387d3 req-b17dbdd4-bbba-4676-97fb-4b1360b387d3 ] Request (ServersTestFqdnHostnames:setUpClass): 201 POST http://10.180.1.21/networking/v2.0/routers 0.912s
2025-12-09 21:42:43.490 65539 INFO tempest.lib.common.rest_client [req-e6c51e60-7594-48be-a37f-2107c4553556 req-e6c51e60-7594-48be-a37f-2107c4553556 ] Request (FlavorsAdminTestJSON:_run_cleanups): 200 GET http://10.180.1.21/compute/v2.1/flavors/detail 2.075s
2025-12-09 21:42:43.547 65534 INFO tempest.lib.common.rest_client [req-db62fc59-4fae-4b9c-a9d8-be03937f30c8 req-db62fc59-4fae-4b9c-a9d8-be03937f30c8 ] Request (FlavorsExtraSpecsTestJSON:test_flavor_set_get_update_show_unset_keys): 200 DELETE http://10.180.1.21/compute/v2.1/flavors/1689689729/os-extra_specs/hw:cpu_policy 2.092s
2025-12-09 21:42:43.569 65530 INFO tempest.lib.common.rest_client [req-5df68509-ebc2-444b-a555-a2d8e86e20df req-5df68509-ebc2-444b-a555-a2d8e86e20df ] Request (ServersAdminNegativeTestJSON:setUpClass): 202 POST http://10.180.1.21/compute/v2.1/servers 2.544s
2025-12-09 21:42:43.601 65568 INFO tempest.lib.common.rest_client [req-80b59e1b-0394-491b-acd4-c9bc3c76f9b4 req-80b59e1b-0394-491b-acd4-c9bc3c76f9b4 ] Request (FlavorsV2TestJSON:test_list_flavors_using_marker): 200 GET http://10.180.1.21/compute/v2.1/flavors?marker=42 2.033s
2025-12-09 21:42:43.619 65550 INFO tempest.lib.common.rest_client [req-2849cda9-7f6a-4ebb-a7a6-e2efeffd121e req-2849cda9-7f6a-4ebb-a7a6-e2efeffd121e ] Request (MigrationsAdminTest:test_resize_server_revert_deleted_flavor): 200 GET http://10.180.1.21/compute/v2.1/flavors/42/os-extra_specs 1.855s
2025-12-09 21:42:43.622 65528 INFO tempest.lib.common.rest_client [req-a2c0e6ca-e7e1-4954-bef5-b518554d2e3a req-a2c0e6ca-e7e1-4954-bef5-b518554d2e3a ] Request (ImagesNegativeTestJSON:tearDownClass): 204 DELETE http://10.180.1.21/networking/v2.0/security-groups/dd94e034-7289-4a18-8431-d4bba42b0823 0.335s
2025-12-09 21:42:43.737 65556 INFO tempest.lib.common.rest_client [req-1e46b992-1230-46b6-b54e-679063de1ec4 req-1e46b992-1230-46b6-b54e-679063de1ec4 ] Request (ImagesOneServerNegativeTestJSON:_run_cleanups): 201 POST http://10.180.1.21/networking/v2.0/security-group-rules 0.357s
2025-12-09 21:42:43.806 65528 INFO tempest.lib.common.rest_client [req-d68b7e07-3065-4997-a53f-58b709462c4a req-d68b7e07-3065-4997-a53f-58b709462c4a ] Request (ImagesNegativeTestJSON:tearDownClass): 204 DELETE http://10.180.1.21/identity/v3/projects/9622b0587b914b98b6603953725e44b5 0.183s
2025-12-09 21:42:43.898 65528 INFO tempest.lib.common.rest_client [req-038f5ef0-71e1-4e1c-813a-d112be07ef09 req-038f5ef0-71e1-4e1c-813a-d112be07ef09 ] Request (ListImageFiltersNegativeTestJSON:setUpClass): 201 POST http://10.180.1.21/identity/v3/auth/tokens 0.090s
2025-12-09 21:42:43.932 65528 INFO tempest.lib.common.rest_client [req-87c97e1c-c375-4300-bc6a-fab948a1c6c3 req-87c97e1c-c375-4300-bc6a-fab948a1c6c3 ] Request (ListImageFiltersNegativeTestJSON:setUpClass): 201 POST http://10.180.1.21/identity/v3/auth/tokens 0.031s
2025-12-09 21:42:43.959 65528 INFO tempest.lib.common.rest_client [req-ecf80066-8e26-4a05-b66d-526a757825d5 req-ecf80066-8e26-4a05-b66d-526a757825d5 ] Request (ListImageFiltersNegativeTestJSON:setUpClass): 200 GET http://10.180.1.21/identity/v3/domains?name=Default 0.026s
2025-12-09 21:42:43.991 65528 INFO tempest.lib.common.rest_client [req-b43da086-fd16-44bf-a670-41891971c794 req-b43da086-fd16-44bf-a670-41891971c794 ] Request (ListImageFiltersNegativeTestJSON:setUpClass): 201 POST http://10.180.1.21/identity/v3/projects 0.031s
2025-12-09 21:42:44.086 65528 INFO tempest.lib.common.rest_client [req-2aaacef2-f96b-4b5a-b5ec-e2af5628fd2c req-2aaacef2-f96b-4b5a-b5ec-e2af5628fd2c ] Request (ListImageFiltersNegativeTestJSON:setUpClass): 201 POST http://10.180.1.21/identity/v3/users 0.095s
2025-12-09 21:42:44.119 65528 INFO tempest.lib.common.rest_client [req-1308d79c-4bca-4894-9de6-f6adbfaabb6d req-1308d79c-4bca-4894-9de6-f6adbfaabb6d ] Request (ListImageFiltersNegativeTestJSON:setUpClass): 200 GET http://10.180.1.21/identity/v3/roles 0.032s
