2025-12-09 21:44:44.292 65526 INFO tempest.lib.common.rest_client [req-39c6bfd8-19db-46e1-a4ee-4f8a16a06a4f req-39c6bfd8-19db-46e1-a4ee-4f8a16a06a4f ] Request (ServersNegativeTestJSON:setUp): 200 GET http://10.180.1.21/compute/v2.1/servers/7132894b-7404-488d-95c6-ffd1e1c8e868 0.207s
2025-12-09 21:44:44.352 65584 INFO tempest.lib.common.rest_client [req-6c962568-c5de-4c49-8aca-c8f42887dc4c req-6c962568-c5de-4c49-8aca-c8f42887dc4c ] Request (ServersAaction247Test:test_create_backup): 200 GET http://10.180.1.21/compute/v2.1/servers/c9cbe3cd-9476-4d99-b832-811d9a157000 0.062s
2025-12-09 21:44:44.389 65526 INFO tempest.lib.common.rest_client [req-f3ce87df-68e7-4f88-9003-74e7775b198a req-f3ce87df-68e7-4f88-9003-74e7775b198a ] Request (ServersNegativeTestJSON:test_create_numeric_server_name): 201 POST http://10.180.1.21/identity/v3/auth/tokens 0.087s
2025-12-09 21:44:44.390 65526 INFO tempest.lib.common.fixed_network [-] (ServersNegativeTestJSON:test_create_numeric_server_name) Found network {'id': '395f0ee6-f8c5-4c0f-94ef-16e30a795887', 'name': 'tempest-ServersNegativeTestJSON-1570894960-network', 'tenant_id': '3287e017119846cbbdbae737197475a6', 'project_id': '3287e017119846cbbdbae737197475a6', 'admin_state_up': True, 'mtu': 8950, 'status': 'ACTIVE', 'subnets': [], 'shared': False, 'port_security_enabled': True, 'router:external': False, 'provider:network_type': 'vlan', 'provider:physical_network': 'default', 'provider:segmentation_id': 265, 'availability_zone_hints': [], 'availability_zones': [], 'ipv4_address_scope': None, 'ipv6_address_scope': None, 'description': '', 'tags': [], 'created_at': '2025-12-09T21:42:23Z', 'updated_at': '2025-12-09T21:42:23Z', 'revision_number': 1} available for tenant
2025-12-09 21:44:44.418 65572 INFO tempest.lib.common.rest_client [req-3679567f-2acc-4769-a3f9-516eba5209ce req-3679567f-2acc-4769-a3f9-516eba5209ce ] Request (ServersTestJSON:test_create_server_specify_multibyte_character_name): 200 GET http://10.180.1.21/compute/v2.1/servers/329c9445-df47-4b5f-bdf2-dadcef89c103 0.145s
2025-12-09 21:44:44.419 65534 INFO tempest.lib.common.rest_client [req-3287e46e-41c8-4519-9696-ffe3dec83408 req-3287e46e-41c8-4519-9696-ffe3dec83408 ] Request (ServerGroupTestJSON:test_create_server_with_scheduler_hint_group): 200 GET http://10.180.1.21/compute/v2.1/servers/52062d6c-76e8-493b-8d49-31761e3bdb28 0.084s
2025-12-09 21:44:44.426 65572 INFO tempest.common.waiters [-] State transition "BUILD/spawning" ==> "ACTIVE/None" after 41 second wait
2025-12-09 21:44:44.427 65526 INFO tempest.lib.common.rest_client [req-94835dd6-a104-4c4b-b38b-bff743b7a0d7 req-94835dd6-a104-4c4b-b38b-bff743b7a0d7 ] Request (ServersNegativeTestJSON:test_create_numeric_server_name): 400 POST http://10.180.1.21/compute/v2.1/servers 0.036s
2025-12-09 21:44:44.504 65556 INFO tempest.lib.common.rest_client [req-5b664dda-e164-407f-acfd-43e03ad67c0f req-5b664dda-e164-407f-acfd-43e03ad67c0f ] Request (ImagesOneServerNegativeTestJSON:_run_cleanups): 200 GET http://10.180.1.21/compute/v2.1/servers/7ba66cde-c34e-465c-b108-eb4ed10feeeb 0.111s
2025-12-09 21:44:44.518 65572 INFO tempest.lib.common.rest_client [req-a2557894-351c-45b6-bde5-eaa2241b58fe req-a2557894-351c-45b6-bde5-eaa2241b58fe ] Request (ServersTestJSON:test_create_server_with_admin_password): 201 POST http://10.180.1.21/identity/v3/auth/tokens 0.084s
2025-12-09 21:44:44.518 65572 INFO tempest.lib.common.fixed_network [-] (ServersTestJSON:test_create_server_with_admin_password) Found network {'id': 'a5cd87ae-0e66-4e2f-a434-5514ad98ca61', 'name': 'tempest-ServersTestJSON-469151351-network', 'tenant_id': 'b6d636bf9d234c67a806f979c9975abd', 'project_id': 'b6d636bf9d234c67a806f979c9975abd', 'admin_state_up': True, 'mtu': 8950, 'status': 'ACTIVE', 'subnets': [], 'shared': False, 'port_security_enabled': True, 'router:external': False, 'provider:network_type': 'vlan', 'provider:physical_network': 'default', 'provider:segmentation_id': 958, 'availability_zone_hints': [], 'availability_zones': [], 'ipv4_address_scope': None, 'ipv6_address_scope': None, 'description': '', 'tags': [], 'created_at': '2025-12-09T21:43:55Z', 'updated_at': '2025-12-09T21:43:55Z', 'revision_number': 1} available for tenant
2025-12-09 21:44:44.535 65554 INFO tempest.lib.common.rest_client [req-91cd36e7-1bf5-4059-b200-8f835943503e req-91cd36e7-1bf5-4059-b200-8f835943503e ] Request (InstanceActionsV221TestJSON:test_get_list_deleted_instance_actions): 200 GET http://10.180.1.21/compute/v2.1/servers/18044d32-a753-482b-8c38-7d969f4eccd4 0.155s
2025-12-09 21:44:44.653 65580 INFO tempest.lib.common.rest_client [req-b2576c31-879d-4e1a-85d4-add582d99175 req-b2576c31-879d-4e1a-85d4-add582d99175 ] Request (ServersAdminTestJSON:tearDownClass): 200 GET http://10.180.1.21/compute/v2.1/servers/5e90a55a-dc8b-4e1b-89b3-ae7437416a76 0.173s
2025-12-09 21:44:44.710 65526 INFO tempest.lib.common.rest_client [req-c1cf4a06-0995-46d5-8bce-c1bf2496d224 req-c1cf4a06-0995-46d5-8bce-c1bf2496d224 ] Request (ServersNegativeTestJSON:tearDown): 200 GET http://10.180.1.21/compute/v2.1/servers/7132894b-7404-488d-95c6-ffd1e1c8e868 0.282s
2025-12-09 21:44:44.818 65570 INFO tempest.lib.common.rest_client [req-55ee3b76-b52f-48b5-aefd-11609c6dc752 req-55ee3b76-b52f-48b5-aefd-11609c6dc752 ] Request (AttachVolumeNegativeTest:test_attach_attached_volume_to_different_server): 200 GET http://10.180.1.21/compute/v2.1/servers/1030427d-50c9-40d9-b981-1e3e38f77070 0.310s
2025-12-09 21:44:44.958 65550 INFO tempest.lib.common.rest_client [req-01a5fb68-1e4b-498a-9f7f-2d17840243f8 req-01a5fb68-1e4b-498a-9f7f-2d17840243f8 ] Request (MigrationsAdminTest:test_resize_server_revert_deleted_flavor): 200 GET http://10.180.1.21/compute/v2.1/servers/50280473-e947-4dfe-a9a6-59990bc21024 0.368s
2025-12-09 21:44:45.022 65566 INFO tempest.lib.common.rest_client [req-2a21784f-c0f2-4939-b083-7b6ce5869735 req-2a21784f-c0f2-4939-b083-7b6ce5869735 ] Request (ListImageFiltersTestJSON:tearDownClass): 200 GET http://10.180.1.21/compute/v2.1/servers/5d9a3ced-5b74-4a57-9b67-c70ba3d9e50b 0.419s
2025-12-09 21:44:45.051 65572 INFO tempest.lib.common.rest_client [req-7de8870a-62a5-4e30-a604-33126884e6b9 req-7de8870a-62a5-4e30-a604-33126884e6b9 ] Request (ServersTestJSON:test_create_server_with_admin_password): 202 POST http://10.180.1.21/compute/v2.1/servers 0.532s
2025-12-09 21:44:45.057 65560 INFO tempest.lib.common.rest_client [req-3f5ac692-415d-4635-8c4e-e6548448f1dc req-3f5ac692-415d-4635-8c4e-e6548448f1dc ] Request (ImagesTestJSON:test_create_image_from_suspended_server): 200 GET http://10.180.1.21/compute/v2.1/images/1bfc308d-e9fb-4d19-a3ac-debe00fc471e 0.416s
2025-12-09 21:44:45.120 65574 INFO tempest.lib.common.rest_client [req-e6f92740-660a-42c8-9d58-a28156c1dee6 req-e6f92740-660a-42c8-9d58-a28156c1dee6 ] Request (ServersTestFqdnHostnames:tearDownClass): 200 GET http://10.180.1.21/compute/v2.1/servers/8236043b-483b-4b36-9351-0ae93c95bb34 0.417s
2025-12-09 21:44:45.167 65539 INFO tempest.lib.common.rest_client [req-996b2413-6fb8-4b18-86ef-9d90575a525f req-996b2413-6fb8-4b18-86ef-9d90575a525f ] Request (SecurityGroupsTestJSON:test_list_security_groups_by_server): 200 GET http://10.180.1.21/compute/v2.1/servers/50ea6fb3-7690-49ab-a3e4-18b87e44d5ed 0.478s
2025-12-09 21:44:45.234 65526 INFO tempest.lib.common.rest_client [req-298b1d98-1592-42a4-a426-a7f32f27b886 req-298b1d98-1592-42a4-a426-a7f32f27b886 ] Request (ServersNegativeTestJSON:setUp): 200 GET http://10.180.1.21/compute/v2.1/servers/7132894b-7404-488d-95c6-ffd1e1c8e868 0.511s
2025-12-09 21:44:45.254 65530 INFO tempest.lib.common.rest_client [req-6e002190-abc9-43dc-801a-6767be0464a3 req-6e002190-abc9-43dc-801a-6767be0464a3 ] Request (ServersAdminNegativeTestJSON:tearDownClass): 200 GET http://10.180.1.21/compute/v2.1/servers/267ab297-3488-46d2-9ec8-e4e1b26a3729 0.508s
2025-12-09 21:44:45.290 65540 INFO tempest.lib.common.rest_client [req-1ce2d2e2-15a5-4bf9-a145-af9c7a1125d7 req-1ce2d2e2-15a5-4bf9-a145-af9c7a1125d7 ] Request (ServerDiskConfigTestJSON:test_rebuild_server_with_auto_disk_config): 200 GET http://10.180.1.21/compute/v2.1/servers/9a491e51-a2ee-459e-8727-ba052d5df7e1 0.502s
2025-12-09 21:44:45.305 65562 INFO tempest.lib.common.rest_client [req-5d29842b-81f8-4b54-aed1-ba3c744ba075 req-5d29842b-81f8-4b54-aed1-ba3c744ba075 ] Request (FloatingIPsAssociationNegativeTestJSON:setUpClass): 200 GET http://10.180.1.21/compute/v2.1/servers/7d473544-0520-49bc-92f0-35ba9923ab2c 0.419s
2025-12-09 21:44:45.368 65524 INFO tempest.lib.common.rest_client [req-d7023af6-979c-4e71-af7e-d9d705609bf1 req-d7023af6-979c-4e71-af7e-d9d705609bf1 ] Request (DeleteServersTestJSON:test_delete_server_while_in_attached_volume): 200 GET http://10.180.1.21/compute/v2.1/servers/bb986fd1-8fc1-4d00-a5bb-b1896f64f86b 0.339s
2025-12-09 21:44:45.404 65572 INFO tempest.lib.common.rest_client [req-4fafbd04-bee4-4c2d-a32f-02f59ece8682 req-4fafbd04-bee4-4c2d-a32f-02f59ece8682 ] Request (ServersTestJSON:_run_cleanups): 204 DELETE http://10.180.1.21/compute/v2.1/servers/32491a34-0157-4ce2-9e28-e8261050af06 0.351s
2025-12-09 21:44:45.405 65526 INFO tempest.lib.common.rest_client [req-74fe37ff-8126-4bd0-a007-03d6f7c32add req-74fe37ff-8126-4bd0-a007-03d6f7c32add ] Request (ServersNegativeTestJSON:test_create_server_from_non_bootable_volume): 202 POST http://10.180.1.21/volume/v3/volumes 0.161s
2025-12-09 21:44:45.442 65544 INFO tempest.lib.common.rest_client [req-076abd15-9788-4e8b-97b2-722e1dd66d51 req-076abd15-9788-4e8b-97b2-722e1dd66d51 ] Request (VolumesAdminNegativeTest:tearDownClass): 200 GET http://10.180.1.21/compute/v2.1/servers/f0a226ed-fe34-4b98-9cae-3d03ba3c3a9a 0.170s
2025-12-09 21:44:45.443 65526 INFO tempest.lib.common.rest_client [req-8f787858-8c08-4493-83e5-360312c1e9f8 req-8f787858-8c08-4493-83e5-360312c1e9f8 ] Request (ServersNegativeTestJSON:test_create_server_from_non_bootable_volume): 200 GET http://10.180.1.21/volume/v3/volumes/11aa7390-945f-482c-9ba9-3eeb21ab2c23 0.031s
2025-12-09 21:44:45.462 65572 INFO tempest.lib.common.rest_client [req-bf2b3099-e63c-4a71-b373-10c1b181c721 req-bf2b3099-e63c-4a71-b373-10c1b181c721 ] Request (ServersTestJSON:_run_cleanups): 404 GET http://10.180.1.21/compute/v2.1/servers/32491a34-0157-4ce2-9e28-e8261050af06 0.057s
2025-12-09 21:44:45.470 65584 INFO tempest.lib.common.rest_client [req-3f7ab4e2-e35a-4561-9325-2bad1140dd73 req-3f7ab4e2-e35a-4561-9325-2bad1140dd73 ] Request (ServersAaction247Test:test_create_backup): 200 GET http://10.180.1.21/compute/v2.1/servers/c9cbe3cd-9476-4d99-b832-811d9a157000 0.099s
2025-12-09 21:44:45.502 65572 INFO tempest.lib.common.rest_client [req-cd7dca88-3942-430a-b8c7-fd28c1cad1ee req-cd7dca88-3942-430a-b8c7-fd28c1cad1ee ] Request (ServersTestJSON:test_create_server_with_ipv6_addr_only): 201 POST http://10.180.1.21/identity/v3/auth/tokens 0.034s
2025-12-09 21:44:45.502 65572 INFO tempest.lib.common.fixed_network [-] (ServersTestJSON:test_create_server_with_ipv6_addr_only) Found network {'id': 'a5cd87ae-0e66-4e2f-a434-5514ad98ca61', 'name': 'tempest-ServersTestJSON-469151351-network', 'tenant_id': 'b6d636bf9d234c67a806f979c9975abd', 'project_id': 'b6d636bf9d234c67a806f979c9975abd', 'admin_state_up': True, 'mtu': 8950, 'status': 'ACTIVE', 'subnets': [], 'shared': False, 'port_security_enabled': True, 'router:external': False, 'provider:network_type': 'vlan', 'provider:physical_network': 'default', 'provider:segmentation_id': 958, 'availability_zone_hints': [], 'availability_zones': [], 'ipv4_address_scope': None, 'ipv6_address_scope': None, 'description': '', 'tags': [], 'created_at': '2025-12-09T21:43:55Z', 'updated_at': '2025-12-09T21:43:55Z', 'revision_number': 1} available for tenant
2025-12-09 21:44:45.502 65532 WARNING tempest.lib.common.ssh [-] Failed to establish authenticated ssh connection to cirros@10.180.180.163 ([Errno None] Unable to connect to port 22 on 10.180.180.163). Number attempts: 1. Retry after 2 seconds.: paramiko.ssh_exception.NoValidConnectionsError: [Errno None] Unable to connect to port 22 on 10.180.180.163
2025-12-09 21:44:45.515 65534 INFO tempest.lib.common.rest_client [req-f71bea52-2a27-43cd-8640-ed0e086c195f req-f71bea52-2a27-43cd-8640-ed0e086c195f ] Request (ServerGroupTestJSON:test_create_server_with_scheduler_hint_group): 200 GET http://10.180.1.21/compute/v2.1/servers/52062d6c-76e8-493b-8d49-31761e3bdb28 0.082s
2025-12-09 21:44:45.523 65534 INFO tempest.common.waiters [-] State transition "BUILD/scheduling" ==> "BUILD/None" after 2 second wait
2025-12-09 21:44:45.576 65556 INFO tempest.lib.common.rest_client [req-41fa8664-6be1-4201-b0bd-939b76c00f3b req-41fa8664-6be1-4201-b0bd-939b76c00f3b ] Request (ImagesOneServerNegativeTestJSON:_run_cleanups): 200 GET http://10.180.1.21/compute/v2.1/servers/7ba66cde-c34e-465c-b108-eb4ed10feeeb 0.058s
2025-12-09 21:44:45.671 65554 INFO tempest.lib.common.rest_client [req-414e65d4-902a-4db1-9f4b-3fbfc3ec1a35 req-414e65d4-902a-4db1-9f4b-3fbfc3ec1a35 ] Request (InstanceActionsV221TestJSON:test_get_list_deleted_instance_actions): 200 GET http://10.180.1.21/compute/v2.1/servers/18044d32-a753-482b-8c38-7d969f4eccd4 0.124s
2025-12-09 21:44:45.740 65580 INFO tempest.lib.common.rest_client [req-4ee60683-2619-48c3-a085-e2e09b2e8104 req-4ee60683-2619-48c3-a085-e2e09b2e8104 ] Request (ServersAdminTestJSON:tearDownClass): 200 GET http://10.180.1.21/compute/v2.1/servers/5e90a55a-dc8b-4e1b-89b3-ae7437416a76 0.077s
2025-12-09 21:44:45.873 65572 INFO tempest.lib.common.rest_client [req-dd704d91-2d72-422d-b215-0b764ec68395 req-dd704d91-2d72-422d-b215-0b764ec68395 ] Request (ServersTestJSON:test_create_server_with_ipv6_addr_only): 202 POST http://10.180.1.21/compute/v2.1/servers 0.371s
2025-12-09 21:44:45.917 65572 INFO tempest.lib.common.rest_client [req-09831090-eaf2-4347-8fd9-528aee098e5c req-09831090-eaf2-4347-8fd9-528aee098e5c ] Request (ServersTestJSON:test_create_server_with_ipv6_addr_only): 200 GET http://10.180.1.21/compute/v2.1/servers/ce7a9ece-f407-4282-aeb3-7c7a716890d6 0.041s
2025-12-09 21:44:45.981 65570 INFO tempest.lib.common.rest_client [req-1469e25b-3dd3-4ee6-b1fe-61e370af4a73 req-1469e25b-3dd3-4ee6-b1fe-61e370af4a73 ] Request (AttachVolumeNegativeTest:test_attach_attached_volume_to_different_server): 200 GET http://10.180.1.21/compute/v2.1/servers/1030427d-50c9-40d9-b981-1e3e38f77070 0.154s
2025-12-09 21:44:46.112 65566 INFO tempest.lib.common.rest_client [req-9577cb86-bdf8-4b5b-9559-3aef6d5a043e req-9577cb86-bdf8-4b5b-9559-3aef6d5a043e ] Request (ListImageFiltersTestJSON:tearDownClass): 200 GET http://10.180.1.21/compute/v2.1/servers/5d9a3ced-5b74-4a57-9b67-c70ba3d9e50b 0.083s
2025-12-09 21:44:46.140 65550 INFO tempest.lib.common.rest_client [req-c3c9a299-8d5c-42c9-ab61-7d3a52a87e9c req-c3c9a299-8d5c-42c9-ab61-7d3a52a87e9c ] Request (MigrationsAdminTest:test_resize_server_revert_deleted_flavor): 200 GET http://10.180.1.21/compute/v2.1/servers/50280473-e947-4dfe-a9a6-59990bc21024 0.172s
2025-12-09 21:44:46.156 65560 INFO tempest.lib.common.rest_client [req-1f45c811-c61e-4e85-b0b6-91e53c74ee10 req-1f45c811-c61e-4e85-b0b6-91e53c74ee10 ] Request (ImagesTestJSON:test_create_image_from_suspended_server): 200 GET http://10.180.1.21/compute/v2.1/images/1bfc308d-e9fb-4d19-a3ac-debe00fc471e 0.095s
2025-12-09 21:44:46.217 65574 INFO tempest.lib.common.rest_client [req-62ac7928-271a-4284-a6a6-073fa8640133 req-62ac7928-271a-4284-a6a6-073fa8640133 ] Request (ServersTestFqdnHostnames:tearDownClass): 200 GET http://10.180.1.21/compute/v2.1/servers/8236043b-483b-4b36-9351-0ae93c95bb34 0.084s
2025-12-09 21:44:46.342 65539 INFO tempest.lib.common.rest_client [req-92e1627d-c621-4893-b6a2-058ae1e0223d req-92e1627d-c621-4893-b6a2-058ae1e0223d ] Request (SecurityGroupsTestJSON:test_list_security_groups_by_server): 200 GET http://10.180.1.21/compute/v2.1/servers/50ea6fb3-7690-49ab-a3e4-18b87e44d5ed 0.163s
2025-12-09 21:44:46.357 65530 INFO tempest.lib.common.rest_client [req-b5aa84c4-0680-4d87-8028-07cec569ce5e req-b5aa84c4-0680-4d87-8028-07cec569ce5e ] Request (ServersAdminNegativeTestJSON:tearDownClass): 200 GET http://10.180.1.21/compute/v2.1/servers/267ab297-3488-46d2-9ec8-e4e1b26a3729 0.090s
2025-12-09 21:44:46.411 65540 INFO tempest.lib.common.rest_client [req-d0829d16-7679-45b0-bbf8-53a3a7d7ec33 req-d0829d16-7679-45b0-bbf8-53a3a7d7ec33 ] Request (ServerDiskConfigTestJSON:test_rebuild_server_with_auto_disk_config): 200 GET http://10.180.1.21/compute/v2.1/servers/9a491e51-a2ee-459e-8727-ba052d5df7e1 0.113s
2025-12-09 21:44:46.421 65562 INFO tempest.lib.common.rest_client [req-cbe9c6fa-5fbb-44e9-bc2d-6d045d0447b6 req-cbe9c6fa-5fbb-44e9-bc2d-6d045d0447b6 ] Request (FloatingIPsAssociationNegativeTestJSON:setUpClass): 200 GET http://10.180.1.21/compute/v2.1/servers/7d473544-0520-49bc-92f0-35ba9923ab2c 0.108s
2025-12-09 21:44:46.490 65524 INFO tempest.lib.common.rest_client [req-da39d905-d81d-4846-a402-1038f19ece5b req-da39d905-d81d-4846-a402-1038f19ece5b ] Request (DeleteServersTestJSON:test_delete_server_while_in_attached_volume): 200 GET http://10.180.1.21/compute/v2.1/servers/bb986fd1-8fc1-4d00-a5bb-b1896f64f86b 0.113s
2025-12-09 21:44:46.494 65526 INFO tempest.lib.common.rest_client [req-f14ce539-92d7-4d89-896a-596889a008cf req-f14ce539-92d7-4d89-896a-596889a008cf ] Request (ServersNegativeTestJSON:test_create_server_from_non_bootable_volume): 200 GET http://10.180.1.21/volume/v3/volumes/11aa7390-945f-482c-9ba9-3eeb21ab2c23 0.041s
2025-12-09 21:44:46.500 65524 INFO tempest.common.waiters [-] State transition "BUILD/None" ==> "BUILD/networking" after 41 second wait
2025-12-09 21:44:46.503 65526 INFO tempest.common.waiters [-] volume 11aa7390-945f-482c-9ba9-3eeb21ab2c23 reached available after waiting for 1.503894 seconds
2025-12-09 21:44:46.534 65526 INFO tempest.lib.common.rest_client [req-9cbc5f54-4340-4af2-bf49-7e01142834db req-9cbc5f54-4340-4af2-bf49-7e01142834db ] Request (ServersNegativeTestJSON:test_create_server_from_non_bootable_volume): 200 POST http://10.180.1.21/volume/v3/volumes/11aa7390-945f-482c-9ba9-3eeb21ab2c23/action 0.030s
2025-12-09 21:44:46.539 65544 INFO tempest.lib.common.rest_client [req-c9dbf2ba-5355-4b62-b76e-608a8d46a600 req-c9dbf2ba-5355-4b62-b76e-608a8d46a600 ] Request (VolumesAdminNegativeTest:tearDownClass): 200 GET http://10.180.1.21/compute/v2.1/servers/f0a226ed-fe34-4b98-9cae-3d03ba3c3a9a 0.088s
2025-12-09 21:44:46.553 65584 INFO tempest.lib.common.rest_client [req-c4f9691a-2e89-447f-8141-05f525360853 req-c4f9691a-2e89-447f-8141-05f525360853 ] Request (ServersAaction247Test:test_create_backup): 200 GET http://10.180.1.21/compute/v2.1/servers/c9cbe3cd-9476-4d99-b832-811d9a157000 0.071s
2025-12-09 21:44:46.567 65526 INFO tempest.lib.common.rest_client [req-d452d566-a52a-4a39-982a-616b1dcbade8 req-d452d566-a52a-4a39-982a-616b1dcbade8 ] Request (ServersNegativeTestJSON:test_create_server_from_non_bootable_volume): 200 GET http://10.180.1.21/volume/v3/volumes/11aa7390-945f-482c-9ba9-3eeb21ab2c23 0.032s
2025-12-09 21:44:46.595 65534 INFO tempest.lib.common.rest_client [req-f1e492e6-b920-450c-b40b-121c31d5bba9 req-f1e492e6-b920-450c-b40b-121c31d5bba9 ] Request (ServerGroupTestJSON:test_create_server_with_scheduler_hint_group): 200 GET http://10.180.1.21/compute/v2.1/servers/52062d6c-76e8-493b-8d49-31761e3bdb28 0.070s
2025-12-09 21:44:46.613 65526 INFO tempest.lib.common.rest_client [req-90272721-79d1-47d5-9561-c07156cb537f req-90272721-79d1-47d5-9561-c07156cb537f ] Request (ServersNegativeTestJSON:test_create_server_from_non_bootable_volume): 201 POST http://10.180.1.21/identity/v3/auth/tokens 0.037s
2025-12-09 21:44:46.614 65526 INFO tempest.lib.common.fixed_network [-] (ServersNegativeTestJSON:test_create_server_from_non_bootable_volume) Found network {'id': '395f0ee6-f8c5-4c0f-94ef-16e30a795887', 'name': 'tempest-ServersNegativeTestJSON-1570894960-network', 'tenant_id': '3287e017119846cbbdbae737197475a6', 'project_id': '3287e017119846cbbdbae737197475a6', 'admin_state_up': True, 'mtu': 8950, 'status': 'ACTIVE', 'subnets': [], 'shared': False, 'port_security_enabled': True, 'router:external': False, 'provider:network_type': 'vlan', 'provider:physical_network': 'default', 'provider:segmentation_id': 265, 'availability_zone_hints': [], 'availability_zones': [], 'ipv4_address_scope': None, 'ipv6_address_scope': None, 'description': '', 'tags': [], 'created_at': '2025-12-09T21:42:23Z', 'updated_at': '2025-12-09T21:42:23Z', 'revision_number': 1} available for tenant
2025-12-09 21:44:46.647 65556 INFO tempest.lib.common.rest_client [req-ec88bc9d-903e-4461-9b6b-0fddc4dca5dd req-ec88bc9d-903e-4461-9b6b-0fddc4dca5dd ] Request (ImagesOneServerNegativeTestJSON:_run_cleanups): 200 GET http://10.180.1.21/compute/v2.1/servers/7ba66cde-c34e-465c-b108-eb4ed10feeeb 0.059s
2025-12-09 21:44:46.671 65526 INFO tempest.lib.common.rest_client [req-278699c6-e00c-441b-a1fe-e4b703b225f1 req-278699c6-e00c-441b-a1fe-e4b703b225f1 ] Request (ServersNegativeTestJSON:test_create_server_from_non_bootable_volume): 400 POST http://10.180.1.21/compute/v2.1/servers 0.057s
2025-12-09 21:44:46.757 65554 INFO tempest.lib.common.rest_client [req-e9ee1bbf-506e-44b6-8a18-3733a9b6d9a6 req-e9ee1bbf-506e-44b6-8a18-3733a9b6d9a6 ] Request (InstanceActionsV221TestJSON:test_get_list_deleted_instance_actions): 200 GET http://10.180.1.21/compute/v2.1/servers/18044d32-a753-482b-8c38-7d969f4eccd4 0.076s
2025-12-09 21:44:46.829 65526 INFO tempest.lib.common.rest_client [req-36578312-4292-472b-8d01-82b8887ee7c3 req-36578312-4292-472b-8d01-82b8887ee7c3 ] Request (ServersNegativeTestJSON:tearDown): 200 GET http://10.180.1.21/compute/v2.1/servers/7132894b-7404-488d-95c6-ffd1e1c8e868 0.156s
2025-12-09 21:44:46.846 65580 INFO tempest.lib.common.rest_client [req-527fafa3-c960-491c-9bbe-760d183e0cf2 req-527fafa3-c960-491c-9bbe-760d183e0cf2 ] Request (ServersAdminTestJSON:tearDownClass): 200 GET http://10.180.1.21/compute/v2.1/servers/5e90a55a-dc8b-4e1b-89b3-ae7437416a76 0.095s
2025-12-09 21:44:46.941 65526 INFO tempest.lib.common.rest_client [req-da2b3c73-3e31-4e9d-a8eb-6412bc701d4d req-da2b3c73-3e31-4e9d-a8eb-6412bc701d4d ] Request (ServersNegativeTestJSON:setUp): 200 GET http://10.180.1.21/compute/v2.1/servers/7132894b-7404-488d-95c6-ffd1e1c8e868 0.102s
2025-12-09 21:44:46.971 65542 WARNING tempest.lib.common.ssh [-] Failed to establish authenticated ssh connection to cirros@10.180.180.212 ([Errno None] Unable to connect to port 22 on 10.180.180.212). Number attempts: 10. Retry after 11 seconds.: paramiko.ssh_exception.NoValidConnectionsError: [Errno None] Unable to connect to port 22 on 10.180.180.212
2025-12-09 21:44:46.981 65572 INFO tempest.lib.common.rest_client [req-f127f16a-83dd-4bda-b24e-4fcc8462183e req-f127f16a-83dd-4bda-b24e-4fcc8462183e ] Request (ServersTestJSON:test_create_server_with_ipv6_addr_only): 200 GET http://10.180.1.21/compute/v2.1/servers/ce7a9ece-f407-4282-aeb3-7c7a716890d6 0.056s
2025-12-09 21:44:47.084 65526 INFO tempest.lib.common.rest_client [req-086be950-670b-43e6-bf6f-5392eb907cf9 req-086be950-670b-43e6-bf6f-5392eb907cf9 ] Request (ServersNegativeTestJSON:test_create_server_invalid_bdm_in_2nd_dict): 202 POST http://10.180.1.21/volume/v3/volumes 0.136s
2025-12-09 21:44:47.104 65570 INFO tempest.lib.common.rest_client [req-084ae4cc-b6da-4dcc-af74-8fad6b49504f req-084ae4cc-b6da-4dcc-af74-8fad6b49504f ] Request (AttachVolumeNegativeTest:test_attach_attached_volume_to_different_server): 200 GET http://10.180.1.21/compute/v2.1/servers/1030427d-50c9-40d9-b981-1e3e38f77070 0.114s
2025-12-09 21:44:47.115 65526 INFO tempest.lib.common.rest_client [req-a5f97c6b-2601-4161-9f4a-17504d2792df req-a5f97c6b-2601-4161-9f4a-17504d2792df ] Request (ServersNegativeTestJSON:test_create_server_invalid_bdm_in_2nd_dict): 200 GET http://10.180.1.21/volume/v3/volumes/7502ee90-1751-41f2-85ba-a6461ed5ecd9 0.025s
2025-12-09 21:44:47.200 65566 INFO tempest.lib.common.rest_client [req-8a64362c-fc90-4059-bd6c-e101f06bcdd6 req-8a64362c-fc90-4059-bd6c-e101f06bcdd6 ] Request (ListImageFiltersTestJSON:tearDownClass): 200 GET http://10.180.1.21/compute/v2.1/servers/5d9a3ced-5b74-4a57-9b67-c70ba3d9e50b 0.079s
2025-12-09 21:44:47.240 65560 INFO tempest.lib.common.rest_client [req-08560647-5a41-408e-9c25-e3dfc20e2bf8 req-08560647-5a41-408e-9c25-e3dfc20e2bf8 ] Request (ImagesTestJSON:test_create_image_from_suspended_server): 200 GET http://10.180.1.21/compute/v2.1/images/1bfc308d-e9fb-4d19-a3ac-debe00fc471e 0.080s
2025-12-09 21:44:47.268 65550 INFO tempest.lib.common.rest_client [req-50b347f5-6028-4c79-a4a9-06696f7a4c35 req-50b347f5-6028-4c79-a4a9-06696f7a4c35 ] Request (MigrationsAdminTest:test_resize_server_revert_deleted_flavor): 200 GET http://10.180.1.21/compute/v2.1/servers/50280473-e947-4dfe-a9a6-59990bc21024 0.118s
2025-12-09 21:44:47.313 65574 INFO tempest.lib.common.rest_client [req-1f28e185-4426-4a65-a071-bbafbf313e4c req-1f28e185-4426-4a65-a071-bbafbf313e4c ] Request (ServersTestFqdnHostnames:tearDownClass): 200 GET http://10.180.1.21/compute/v2.1/servers/8236043b-483b-4b36-9351-0ae93c95bb34 0.087s
2025-12-09 21:44:47.441 65530 INFO tempest.lib.common.rest_client [req-2a8a2661-4b1b-42d6-8c83-56743f345bd5 req-2a8a2661-4b1b-42d6-8c83-56743f345bd5 ] Request (ServersAdminNegativeTestJSON:tearDownClass): 200 GET http://10.180.1.21/compute/v2.1/servers/267ab297-3488-46d2-9ec8-e4e1b26a3729 0.072s
2025-12-09 21:44:47.469 65539 INFO tempest.lib.common.rest_client [req-f1570604-3c99-4d06-adf4-a82ec5c4559f req-f1570604-3c99-4d06-adf4-a82ec5c4559f ] Request (SecurityGroupsTestJSON:test_list_security_groups_by_server): 200 GET http://10.180.1.21/compute/v2.1/servers/50ea6fb3-7690-49ab-a3e4-18b87e44d5ed 0.118s
2025-12-09 21:44:47.498 65540 INFO tempest.lib.common.rest_client [req-4de0abc3-06d8-4c8e-b1b6-cac212154e72 req-4de0abc3-06d8-4c8e-b1b6-cac212154e72 ] Request (ServerDiskConfigTestJSON:test_rebuild_server_with_auto_disk_config): 200 GET http://10.180.1.21/compute/v2.1/servers/9a491e51-a2ee-459e-8727-ba052d5df7e1 0.072s
2025-12-09 21:44:47.515 65562 INFO tempest.lib.common.rest_client [req-6f10fc93-72b2-4b62-9e11-67282390356a req-6f10fc93-72b2-4b62-9e11-67282390356a ] Request (FloatingIPsAssociationNegativeTestJSON:setUpClass): 200 GET http://10.180.1.21/compute/v2.1/servers/7d473544-0520-49bc-92f0-35ba9923ab2c 0.084s
2025-12-09 21:44:47.618 65544 INFO tempest.lib.common.rest_client [req-f182d67c-1f59-44ec-a7b3-6bd4a1c8e63f req-f182d67c-1f59-44ec-a7b3-6bd4a1c8e63f ] Request (VolumesAdminNegativeTest:tearDownClass): 200 GET http://10.180.1.21/compute/v2.1/servers/f0a226ed-fe34-4b98-9cae-3d03ba3c3a9a 0.069s
2025-12-09 21:44:47.642 65524 INFO tempest.lib.common.rest_client [req-875e7359-db35-446c-b4a7-aa413ab01952 req-875e7359-db35-446c-b4a7-aa413ab01952 ] Request (DeleteServersTestJSON:test_delete_server_while_in_attached_volume): 200 GET http://10.180.1.21/compute/v2.1/servers/bb986fd1-8fc1-4d00-a5bb-b1896f64f86b 0.141s
2025-12-09 21:44:47.649 65524 INFO tempest.common.waiters [-] State transition "BUILD/networking" ==> "BUILD/spawning" after 42 second wait
2025-12-09 21:44:47.673 65584 INFO tempest.lib.common.rest_client [req-759f59ad-021f-4309-a221-757e0dffffef req-759f59ad-021f-4309-a221-757e0dffffef ] Request (ServersAaction247Test:test_create_backup): 200 GET http://10.180.1.21/compute/v2.1/servers/c9cbe3cd-9476-4d99-b832-811d9a157000 0.109s
2025-12-09 21:44:47.696 65534 INFO tempest.lib.common.rest_client [req-63769840-a4d7-4f0e-b9e0-14982198f528 req-63769840-a4d7-4f0e-b9e0-14982198f528 ] Request (ServerGroupTestJSON:test_create_server_with_scheduler_hint_group): 200 GET http://10.180.1.21/compute/v2.1/servers/52062d6c-76e8-493b-8d49-31761e3bdb28 0.090s
2025-12-09 21:44:47.725 65556 INFO tempest.lib.common.rest_client [req-06991632-1cfa-48ee-a607-2e9b6160139d req-06991632-1cfa-48ee-a607-2e9b6160139d ] Request (ImagesOneServerNegativeTestJSON:_run_cleanups): 200 GET http://10.180.1.21/compute/v2.1/servers/7ba66cde-c34e-465c-b108-eb4ed10feeeb 0.069s
2025-12-09 21:44:47.829 65554 INFO tempest.lib.common.rest_client [req-0c565f89-3cb8-451f-ba1f-359a6baed8a8 req-0c565f89-3cb8-451f-ba1f-359a6baed8a8 ] Request (InstanceActionsV221TestJSON:test_get_list_deleted_instance_actions): 200 GET http://10.180.1.21/compute/v2.1/servers/18044d32-a753-482b-8c38-7d969f4eccd4 0.062s
2025-12-09 21:44:47.916 65580 INFO tempest.lib.common.rest_client [req-a4c901cc-a6ca-4414-a73a-cd97eb7ba59f req-a4c901cc-a6ca-4414-a73a-cd97eb7ba59f ] Request (ServersAdminTestJSON:tearDownClass): 200 GET http://10.180.1.21/compute/v2.1/servers/5e90a55a-dc8b-4e1b-89b3-ae7437416a76 0.060s
2025-12-09 21:44:48.043 65572 INFO tempest.lib.common.rest_client [req-708b6928-158b-4ee6-a9ef-28b7406d8934 req-708b6928-158b-4ee6-a9ef-28b7406d8934 ] Request (ServersTestJSON:test_create_server_with_ipv6_addr_only): 200 GET http://10.180.1.21/compute/v2.1/servers/ce7a9ece-f407-4282-aeb3-7c7a716890d6 0.053s
2025-12-09 21:44:48.053 65572 INFO tempest.common.waiters [-] State transition "BUILD/scheduling" ==> "BUILD/None" after 3 second wait
2025-12-09 21:44:48.155 65526 INFO tempest.lib.common.rest_client [req-07f30e62-b0ba-4872-a699-d4992d6224c6 req-07f30e62-b0ba-4872-a699-d4992d6224c6 ] Request (ServersNegativeTestJSON:test_create_server_invalid_bdm_in_2nd_dict): 200 GET http://10.180.1.21/volume/v3/volumes/7502ee90-1751-41f2-85ba-a6461ed5ecd9 0.033s
2025-12-09 21:44:48.162 65526 INFO tempest.common.waiters [-] volume 7502ee90-1751-41f2-85ba-a6461ed5ecd9 reached available after waiting for 1.162314 seconds
2025-12-09 21:44:48.212 65526 INFO tempest.lib.common.rest_client [req-00d1c637-e1de-4542-89a3-886148c02703 req-00d1c637-e1de-4542-89a3-886148c02703 ] Request (ServersNegativeTestJSON:test_create_server_invalid_bdm_in_2nd_dict): 201 POST http://10.180.1.21/identity/v3/auth/tokens 0.048s
2025-12-09 21:44:48.213 65526 INFO tempest.lib.common.fixed_network [-] (ServersNegativeTestJSON:test_create_server_invalid_bdm_in_2nd_dict) Found network {'id': '395f0ee6-f8c5-4c0f-94ef-16e30a795887', 'name': 'tempest-ServersNegativeTestJSON-1570894960-network', 'tenant_id': '3287e017119846cbbdbae737197475a6', 'project_id': '3287e017119846cbbdbae737197475a6', 'admin_state_up': True, 'mtu': 8950, 'status': 'ACTIVE', 'subnets': [], 'shared': False, 'port_security_enabled': True, 'router:external': False, 'provider:network_type': 'vlan', 'provider:physical_network': 'default', 'provider:segmentation_id': 265, 'availability_zone_hints': [], 'availability_zones': [], 'ipv4_address_scope': None, 'ipv6_address_scope': None, 'description': '', 'tags': [], 'created_at': '2025-12-09T21:42:23Z', 'updated_at': '2025-12-09T21:42:23Z', 'revision_number': 1} available for tenant
2025-12-09 21:44:48.234 65570 INFO tempest.lib.common.rest_client [req-bd6a875b-fa5c-4834-b6de-beafdc5c74e7 req-bd6a875b-fa5c-4834-b6de-beafdc5c74e7 ] Request (AttachVolumeNegativeTest:test_attach_attached_volume_to_different_server): 200 GET http://10.180.1.21/compute/v2.1/servers/1030427d-50c9-40d9-b981-1e3e38f77070 0.122s
2025-12-09 21:44:48.239 65526 INFO tempest.lib.common.rest_client [req-3f06e9d7-c95a-48bf-ba86-1efa216cc2e8 req-3f06e9d7-c95a-48bf-ba86-1efa216cc2e8 ] Request (ServersNegativeTestJSON:test_create_server_invalid_bdm_in_2nd_dict): 400 POST http://10.180.1.21/compute/v2.1/servers 0.024s
2025-12-09 21:44:48.242 65570 INFO tempest.common.waiters [-] State transition "BUILD/spawning" ==> "ACTIVE/None" after 43 second wait
2025-12-09 21:44:48.293 65566 INFO tempest.lib.common.rest_client [req-89eff644-99ec-4100-bd11-f0d383bb6ee9 req-89eff644-99ec-4100-bd11-f0d383bb6ee9 ] Request (ListImageFiltersTestJSON:tearDownClass): 200 GET http://10.180.1.21/compute/v2.1/servers/5d9a3ced-5b74-4a57-9b67-c70ba3d9e50b 0.083s
2025-12-09 21:44:48.367 65570 INFO tempest.lib.common.rest_client [req-36e75d06-a311-40d2-abba-c9e62f3348f3 req-36e75d06-a311-40d2-abba-c9e62f3348f3 ] Request (AttachVolumeNegativeTest:test_attach_attached_volume_to_different_server): 200 GET http://10.180.1.21/compute/v2.1/servers/1030427d-50c9-40d9-b981-1e3e38f77070/os-interface 0.125s
2025-12-09 21:44:48.401 65526 INFO tempest.lib.common.rest_client [req-0bf05eea-629d-4c49-95f3-8afdb0846068 req-0bf05eea-629d-4c49-95f3-8afdb0846068 ] Request (ServersNegativeTestJSON:tearDown): 200 GET http://10.180.1.21/compute/v2.1/servers/7132894b-7404-488d-95c6-ffd1e1c8e868 0.162s
2025-12-09 21:44:48.411 65560 INFO tempest.lib.common.rest_client [req-d607de88-e651-4eb4-9da3-989431aa1047 req-d607de88-e651-4eb4-9da3-989431aa1047 ] Request (ImagesTestJSON:test_create_image_from_suspended_server): 200 GET http://10.180.1.21/compute/v2.1/images/1bfc308d-e9fb-4d19-a3ac-debe00fc471e 0.165s
2025-12-09 21:44:48.492 65574 INFO tempest.lib.common.rest_client [req-f308fe4f-c4ba-4a62-89c9-5dd68a406a59 req-f308fe4f-c4ba-4a62-89c9-5dd68a406a59 ] Request (ServersTestFqdnHostnames:tearDownClass): 200 GET http://10.180.1.21/compute/v2.1/servers/8236043b-483b-4b36-9351-0ae93c95bb34 0.170s
2025-12-09 21:44:48.514 65550 INFO tempest.lib.common.rest_client [req-3cb29f3d-e411-43eb-9488-c12a7defc9bc req-3cb29f3d-e411-43eb-9488-c12a7defc9bc ] Request (MigrationsAdminTest:test_resize_server_revert_deleted_flavor): 200 GET http://10.180.1.21/compute/v2.1/servers/50280473-e947-4dfe-a9a6-59990bc21024 0.238s
2025-12-09 21:44:48.572 65532 WARNING tempest.lib.common.ssh [-] Failed to establish authenticated ssh connection to cirros@10.180.180.163 ([Errno None] Unable to connect to port 22 on 10.180.180.163). Number attempts: 2. Retry after 3 seconds.: paramiko.ssh_exception.NoValidConnectionsError: [Errno None] Unable to connect to port 22 on 10.180.180.163
2025-12-09 21:44:48.597 65530 INFO tempest.lib.common.rest_client [req-0da9ad4a-005e-4d51-ad39-5a27cf049b88 req-0da9ad4a-005e-4d51-ad39-5a27cf049b88 ] Request (ServersAdminNegativeTestJSON:tearDownClass): 200 GET http://10.180.1.21/compute/v2.1/servers/267ab297-3488-46d2-9ec8-e4e1b26a3729 0.146s
2025-12-09 21:44:48.624 65526 INFO tempest.lib.common.rest_client [req-2359b5da-ea1b-41e5-bff9-97a9ee58825e req-2359b5da-ea1b-41e5-bff9-97a9ee58825e ] Request (ServersNegativeTestJSON:setUp): 200 GET http://10.180.1.21/compute/v2.1/servers/7132894b-7404-488d-95c6-ffd1e1c8e868 0.214s
2025-12-09 21:44:48.672 65526 INFO tempest.lib.common.rest_client [req-dfc65173-19b4-4d4f-af4b-d0143c791693 req-dfc65173-19b4-4d4f-af4b-d0143c791693 ] Request (ServersNegativeTestJSON:test_create_server_metadata_exceeds_length_limit): 201 POST http://10.180.1.21/identity/v3/auth/tokens 0.037s
2025-12-09 21:44:48.672 65526 INFO tempest.lib.common.fixed_network [-] (ServersNegativeTestJSON:test_create_server_metadata_exceeds_length_limit) Found network {'id': '395f0ee6-f8c5-4c0f-94ef-16e30a795887', 'name': 'tempest-ServersNegativeTestJSON-1570894960-network', 'tenant_id': '3287e017119846cbbdbae737197475a6', 'project_id': '3287e017119846cbbdbae737197475a6', 'admin_state_up': True, 'mtu': 8950, 'status': 'ACTIVE', 'subnets': [], 'shared': False, 'port_security_enabled': True, 'router:external': False, 'provider:network_type': 'vlan', 'provider:physical_network': 'default', 'provider:segmentation_id': 265, 'availability_zone_hints': [], 'availability_zones': [], 'ipv4_address_scope': None, 'ipv6_address_scope': None, 'description': '', 'tags': [], 'created_at': '2025-12-09T21:42:23Z', 'updated_at': '2025-12-09T21:42:23Z', 'revision_number': 1} available for tenant
2025-12-09 21:44:48.719 65540 INFO tempest.lib.common.rest_client [req-99134e2a-e68d-4366-907c-ed1831ecc167 req-99134e2a-e68d-4366-907c-ed1831ecc167 ] Request (ServerDiskConfigTestJSON:test_rebuild_server_with_auto_disk_config): 200 GET http://10.180.1.21/compute/v2.1/servers/9a491e51-a2ee-459e-8727-ba052d5df7e1 0.211s
2025-12-09 21:44:48.741 65539 INFO tempest.lib.common.rest_client [req-a737e35d-5503-40cb-949a-a7248b5a9402 req-a737e35d-5503-40cb-949a-a7248b5a9402 ] Request (SecurityGroupsTestJSON:test_list_security_groups_by_server): 200 GET http://10.180.1.21/compute/v2.1/servers/50ea6fb3-7690-49ab-a3e4-18b87e44d5ed 0.261s
2025-12-09 21:44:48.779 65562 INFO tempest.lib.common.rest_client [req-9e4511f3-a392-41a0-aaa5-e6537d939225 req-9e4511f3-a392-41a0-aaa5-e6537d939225 ] Request (FloatingIPsAssociationNegativeTestJSON:setUpClass): 200 GET http://10.180.1.21/compute/v2.1/servers/7d473544-0520-49bc-92f0-35ba9923ab2c 0.256s
2025-12-09 21:44:48.799 65544 INFO tempest.lib.common.rest_client [req-d90fda14-89f7-4971-840c-7fe61223ad97 req-d90fda14-89f7-4971-840c-7fe61223ad97 ] Request (VolumesAdminNegativeTest:tearDownClass): 200 GET http://10.180.1.21/compute/v2.1/servers/f0a226ed-fe34-4b98-9cae-3d03ba3c3a9a 0.173s
2025-12-09 21:44:48.806 65526 INFO tempest.lib.common.rest_client [req-fa1fd0a2-287e-4da9-afb4-cc31ed70f62f req-fa1fd0a2-287e-4da9-afb4-cc31ed70f62f ] Request (ServersNegativeTestJSON:test_create_server_metadata_exceeds_length_limit): 400 POST http://10.180.1.21/compute/v2.1/servers 0.132s
2025-12-09 21:44:48.828 65578 WARNING tempest.lib.common.ssh [-] Failed to establish authenticated ssh connection to cirros@10.180.180.149 ([Errno None] Unable to connect to port 22 on 10.180.180.149). Number attempts: 5. Retry after 6 seconds.: paramiko.ssh_exception.NoValidConnectionsError: [Errno None] Unable to connect to port 22 on 10.180.180.149
2025-12-09 21:44:48.864 65584 INFO tempest.lib.common.rest_client [req-f9213856-4370-4415-b55a-371fb8a4eb42 req-f9213856-4370-4415-b55a-371fb8a4eb42 ] Request (ServersAaction247Test:test_create_backup): 200 GET http://10.180.1.21/compute/v2.1/servers/c9cbe3cd-9476-4d99-b832-811d9a157000 0.181s
2025-12-09 21:44:48.895 65570 INFO tempest.lib.common.rest_client [req-b20fb265-8670-427a-9cd5-5f0f3d7530a9 req-b20fb265-8670-427a-9cd5-5f0f3d7530a9 ] Request (AttachVolumeNegativeTest:test_attach_attached_volume_to_different_server): 200 PUT http://10.180.1.21/networking/v2.0/floatingips/fa446c76-7f22-408c-95bc-fc4bbe5491fb 0.526s
2025-12-09 21:44:48.896 65570 INFO tempest.lib.common.ssh [-] Creating ssh connection to '10.180.180.150:22' as 'cirros' with public key authentication
2025-12-09 21:44:48.901 65524 INFO tempest.lib.common.rest_client [req-8dfdf4f0-6256-4ff1-addc-012564169036 req-8dfdf4f0-6256-4ff1-addc-012564169036 ] Request (DeleteServersTestJSON:test_delete_server_while_in_attached_volume): 200 GET http://10.180.1.21/compute/v2.1/servers/bb986fd1-8fc1-4d00-a5bb-b1896f64f86b 0.250s
2025-12-09 21:44:48.935 65534 INFO tempest.lib.common.rest_client [req-f9b770cd-3a2b-481e-9603-8865456c85e8 req-f9b770cd-3a2b-481e-9603-8865456c85e8 ] Request (ServerGroupTestJSON:test_create_server_with_scheduler_hint_group): 200 GET http://10.180.1.21/compute/v2.1/servers/52062d6c-76e8-493b-8d49-31761e3bdb28 0.230s
2025-12-09 21:44:48.956 65556 INFO tempest.lib.common.rest_client [req-c51b39c7-ecf0-43ba-a0bc-fdae3abc286f req-c51b39c7-ecf0-43ba-a0bc-fdae3abc286f ] Request (ImagesOneServerNegativeTestJSON:_run_cleanups): 200 GET http://10.180.1.21/compute/v2.1/servers/7ba66cde-c34e-465c-b108-eb4ed10feeeb 0.223s
2025-12-09 21:44:49.019 65554 INFO tempest.lib.common.rest_client [req-2e91feb8-de5e-43bf-ae19-11f22c43bb6d req-2e91feb8-de5e-43bf-ae19-11f22c43bb6d ] Request (InstanceActionsV221TestJSON:test_get_list_deleted_instance_actions): 200 GET http://10.180.1.21/compute/v2.1/servers/18044d32-a753-482b-8c38-7d969f4eccd4 0.181s
2025-12-09 21:44:49.039 65580 INFO tempest.lib.common.rest_client [req-e3bb9f06-aca2-445c-96b7-f2f85dea12a7 req-e3bb9f06-aca2-445c-96b7-f2f85dea12a7 ] Request (ServersAdminTestJSON:tearDownClass): 404 GET http://10.180.1.21/compute/v2.1/servers/5e90a55a-dc8b-4e1b-89b3-ae7437416a76 0.114s
2025-12-09 21:44:49.044 65526 INFO tempest.lib.common.rest_client [req-07542a90-a51d-4e46-a86e-cc659a7a234d req-07542a90-a51d-4e46-a86e-cc659a7a234d ] Request (ServersNegativeTestJSON:tearDown): 200 GET http://10.180.1.21/compute/v2.1/servers/7132894b-7404-488d-95c6-ffd1e1c8e868 0.238s
2025-12-09 21:44:49.130 65572 INFO tempest.lib.common.rest_client [req-746032dd-a220-4e31-8257-bc74221b3680 req-746032dd-a220-4e31-8257-bc74221b3680 ] Request (ServersTestJSON:test_create_server_with_ipv6_addr_only): 200 GET http://10.180.1.21/compute/v2.1/servers/ce7a9ece-f407-4282-aeb3-7c7a716890d6 0.076s
2025-12-09 21:44:49.156 65580 INFO tempest.lib.common.rest_client [req-e35811d7-9333-4c25-887f-a9b511033195 req-e35811d7-9333-4c25-887f-a9b511033195 ] Request (ServersAdminTestJSON:tearDownClass): 204 DELETE http://10.180.1.21/compute/v2.1/servers/d8be327f-821f-44e2-86d5-8afe85fc8135 0.116s
2025-12-09 21:44:49.271 65526 INFO tempest.lib.common.rest_client [req-4ac8df2b-7cdb-45fa-97d8-43be2aa82955 req-4ac8df2b-7cdb-45fa-97d8-43be2aa82955 ] Request (ServersNegativeTestJSON:setUp): 200 GET http://10.180.1.21/compute/v2.1/servers/7132894b-7404-488d-95c6-ffd1e1c8e868 0.215s
2025-12-09 21:44:49.323 65526 INFO tempest.lib.common.rest_client [req-e22ce8e2-4ce1-4e9b-ad66-7627b8cf40e5 req-e22ce8e2-4ce1-4e9b-ad66-7627b8cf40e5 ] Request (ServersNegativeTestJSON:test_create_server_name_length_exceeds_256): 201 POST http://10.180.1.21/identity/v3/auth/tokens 0.041s
2025-12-09 21:44:49.323 65526 INFO tempest.lib.common.fixed_network [-] (ServersNegativeTestJSON:test_create_server_name_length_exceeds_256) Found network {'id': '395f0ee6-f8c5-4c0f-94ef-16e30a795887', 'name': 'tempest-ServersNegativeTestJSON-1570894960-network', 'tenant_id': '3287e017119846cbbdbae737197475a6', 'project_id': '3287e017119846cbbdbae737197475a6', 'admin_state_up': True, 'mtu': 8950, 'status': 'ACTIVE', 'subnets': [], 'shared': False, 'port_security_enabled': True, 'router:external': False, 'provider:network_type': 'vlan', 'provider:physical_network': 'default', 'provider:segmentation_id': 265, 'availability_zone_hints': [], 'availability_zones': [], 'ipv4_address_scope': None, 'ipv6_address_scope': None, 'description': '', 'tags': [], 'created_at': '2025-12-09T21:42:23Z', 'updated_at': '2025-12-09T21:42:23Z', 'revision_number': 1} available for tenant
2025-12-09 21:44:49.330 65580 INFO tempest.lib.common.rest_client [req-6e1b6ff2-bc0a-4f72-8634-9d5670a1e304 req-6e1b6ff2-bc0a-4f72-8634-9d5670a1e304 ] Request (ServersAdminTestJSON:tearDownClass): 200 GET http://10.180.1.21/compute/v2.1/servers/d8be327f-821f-44e2-86d5-8afe85fc8135 0.173s
2025-12-09 21:44:49.335 65526 INFO tempest.lib.common.rest_client [req-be82a35b-cfb5-4988-a926-74e2b2ee60c7 req-be82a35b-cfb5-4988-a926-74e2b2ee60c7 ] Request (ServersNegativeTestJSON:test_create_server_name_length_exceeds_256): 400 POST http://10.180.1.21/compute/v2.1/servers 0.011s
2025-12-09 21:44:49.372 65546 WARNING tempest.lib.common.ssh [-] Failed to establish authenticated ssh connection to cirros@10.180.180.219 ([Errno None] Unable to connect to port 22 on 10.180.180.219). Number attempts: 5. Retry after 6 seconds.: paramiko.ssh_exception.NoValidConnectionsError: [Errno None] Unable to connect to port 22 on 10.180.180.219
2025-12-09 21:44:49.397 65566 INFO tempest.lib.common.rest_client [req-0a0162df-4a21-4c30-b480-7b511d902b22 req-0a0162df-4a21-4c30-b480-7b511d902b22 ] Request (ListImageFiltersTestJSON:tearDownClass): 200 GET http://10.180.1.21/compute/v2.1/servers/5d9a3ced-5b74-4a57-9b67-c70ba3d9e50b 0.097s
2025-12-09 21:44:49.459 65560 INFO tempest.lib.common.rest_client [req-63653f5f-adde-4ea7-b79b-564df2edbc52 req-63653f5f-adde-4ea7-b79b-564df2edbc52 ] Request (ImagesTestJSON:test_create_image_from_suspended_server): 200 GET http://10.180.1.21/compute/v2.1/images/1bfc308d-e9fb-4d19-a3ac-debe00fc471e 0.043s
2025-12-09 21:44:49.482 65526 INFO tempest.lib.common.rest_client [req-f24ecd9c-8eb9-46ad-bd06-4f885b84b94a req-f24ecd9c-8eb9-46ad-bd06-4f885b84b94a ] Request (ServersNegativeTestJSON:tearDown): 200 GET http://10.180.1.21/compute/v2.1/servers/7132894b-7404-488d-95c6-ffd1e1c8e868 0.146s
2025-12-09 21:44:49.499 65558 WARNING tempest.lib.common.ssh [-] Failed to establish authenticated ssh connection to cirros@10.180.180.202 ([Errno None] Unable to connect to port 22 on 10.180.180.202). Number attempts: 5. Retry after 6 seconds.: paramiko.ssh_exception.NoValidConnectionsError: [Errno None] Unable to connect to port 22 on 10.180.180.202
2025-12-09 21:44:49.577 65574 INFO tempest.lib.common.rest_client [req-93c99d28-69e4-47d9-b9b9-e8288ad52ae6 req-93c99d28-69e4-47d9-b9b9-e8288ad52ae6 ] Request (ServersTestFqdnHostnames:tearDownClass): 200 GET http://10.180.1.21/compute/v2.1/servers/8236043b-483b-4b36-9351-0ae93c95bb34 0.075s
2025-12-09 21:44:49.600 65526 INFO tempest.lib.common.rest_client [req-99119b48-a62b-40d2-ac6d-b34ba50c9bd9 req-99119b48-a62b-40d2-ac6d-b34ba50c9bd9 ] Request (ServersNegativeTestJSON:setUp): 200 GET http://10.180.1.21/compute/v2.1/servers/7132894b-7404-488d-95c6-ffd1e1c8e868 0.111s
2025-12-09 21:44:49.644 65526 INFO tempest.lib.common.rest_client [req-106e578e-dcc1-43f3-8140-865dd33f5cca req-106e578e-dcc1-43f3-8140-865dd33f5cca ] Request (ServersNegativeTestJSON:test_create_with_invalid_flavor): 201 POST http://10.180.1.21/identity/v3/auth/tokens 0.032s
2025-12-09 21:44:49.645 65526 INFO tempest.lib.common.fixed_network [-] (ServersNegativeTestJSON:test_create_with_invalid_flavor) Found network {'id': '395f0ee6-f8c5-4c0f-94ef-16e30a795887', 'name': 'tempest-ServersNegativeTestJSON-1570894960-network', 'tenant_id': '3287e017119846cbbdbae737197475a6', 'project_id': '3287e017119846cbbdbae737197475a6', 'admin_state_up': True, 'mtu': 8950, 'status': 'ACTIVE', 'subnets': [], 'shared': False, 'port_security_enabled': True, 'router:external': False, 'provider:network_type': 'vlan', 'provider:physical_network': 'default', 'provider:segmentation_id': 265, 'availability_zone_hints': [], 'availability_zones': [], 'ipv4_address_scope': None, 'ipv6_address_scope': None, 'description': '', 'tags': [], 'created_at': '2025-12-09T21:42:23Z', 'updated_at': '2025-12-09T21:42:23Z', 'revision_number': 1} available for tenant
2025-12-09 21:44:49.675 65530 INFO tempest.lib.common.rest_client [req-eae453be-525e-451f-acee-3d8d6e0df0cb req-eae453be-525e-451f-acee-3d8d6e0df0cb ] Request (ServersAdminNegativeTestJSON:tearDownClass): 200 GET http://10.180.1.21/compute/v2.1/servers/267ab297-3488-46d2-9ec8-e4e1b26a3729 0.069s
2025-12-09 21:44:49.687 65526 INFO tempest.lib.common.rest_client [req-b3168a0e-4971-4aeb-be53-52fa01ac734d req-b3168a0e-4971-4aeb-be53-52fa01ac734d ] Request (ServersNegativeTestJSON:test_create_with_invalid_flavor): 400 POST http://10.180.1.21/compute/v2.1/servers 0.041s
2025-12-09 21:44:49.687 65550 INFO tempest.lib.common.rest_client [req-78c79e0d-483d-4145-969c-bd5652e2ef97 req-78c79e0d-483d-4145-969c-bd5652e2ef97 ] Request (MigrationsAdminTest:test_resize_server_revert_deleted_flavor): 200 GET http://10.180.1.21/compute/v2.1/servers/50280473-e947-4dfe-a9a6-59990bc21024 0.162s
2025-12-09 21:44:49.782 65540 INFO tempest.lib.common.rest_client [req-ba0d306d-508b-4421-920a-7de376cdb769 req-ba0d306d-508b-4421-920a-7de376cdb769 ] Request (ServerDiskConfigTestJSON:test_rebuild_server_with_auto_disk_config): 200 GET http://10.180.1.21/compute/v2.1/servers/9a491e51-a2ee-459e-8727-ba052d5df7e1 0.054s
2025-12-09 21:44:49.821 65526 INFO tempest.lib.common.rest_client [req-2cb1f9f1-ba28-4064-ae7c-01ad0740a376 req-2cb1f9f1-ba28-4064-ae7c-01ad0740a376 ] Request (ServersNegativeTestJSON:tearDown): 200 GET http://10.180.1.21/compute/v2.1/servers/7132894b-7404-488d-95c6-ffd1e1c8e868 0.133s
2025-12-09 21:44:49.871 65562 INFO tempest.lib.common.rest_client [req-d71992dd-2e9d-40f8-9137-71b16781eaaa req-d71992dd-2e9d-40f8-9137-71b16781eaaa ] Request (FloatingIPsAssociationNegativeTestJSON:setUpClass): 200 GET http://10.180.1.21/compute/v2.1/servers/7d473544-0520-49bc-92f0-35ba9923ab2c 0.084s
2025-12-09 21:44:49.921 65539 INFO tempest.lib.common.rest_client [req-9fb351a9-77f6-43e3-aac7-1be6a696bdc5 req-9fb351a9-77f6-43e3-aac7-1be6a696bdc5 ] Request (SecurityGroupsTestJSON:test_list_security_groups_by_server): 200 GET http://10.180.1.21/compute/v2.1/servers/50ea6fb3-7690-49ab-a3e4-18b87e44d5ed 0.170s
2025-12-09 21:44:49.933 65544 INFO tempest.lib.common.rest_client [req-97c1922e-33fa-475c-9b5d-1c6193fe6a40 req-97c1922e-33fa-475c-9b5d-1c6193fe6a40 ] Request (VolumesAdminNegativeTest:tearDownClass): 200 GET http://10.180.1.21/compute/v2.1/servers/f0a226ed-fe34-4b98-9cae-3d03ba3c3a9a 0.126s
2025-12-09 21:44:49.989 65584 INFO tempest.lib.common.rest_client [req-0122ce04-08c6-4d2e-beba-398d1cffacd6 req-0122ce04-08c6-4d2e-beba-398d1cffacd6 ] Request (ServersAaction247Test:test_create_backup): 200 GET http://10.180.1.21/compute/v2.1/servers/c9cbe3cd-9476-4d99-b832-811d9a157000 0.110s
2025-12-09 21:44:50.021 65526 INFO tempest.lib.common.rest_client [req-59e3cfec-df5f-4eee-bdea-74d7c963c50f req-59e3cfec-df5f-4eee-bdea-74d7c963c50f ] Request (ServersNegativeTestJSON:setUp): 200 GET http://10.180.1.21/compute/v2.1/servers/7132894b-7404-488d-95c6-ffd1e1c8e868 0.192s
2025-12-09 21:44:50.064 65526 INFO tempest.lib.common.rest_client [req-9def33ef-9593-4fbe-ba11-721a74eceaf4 req-9def33ef-9593-4fbe-ba11-721a74eceaf4 ] Request (ServersNegativeTestJSON:test_create_with_invalid_image): 201 POST http://10.180.1.21/identity/v3/auth/tokens 0.032s
2025-12-09 21:44:50.064 65526 INFO tempest.lib.common.fixed_network [-] (ServersNegativeTestJSON:test_create_with_invalid_image) Found network {'id': '395f0ee6-f8c5-4c0f-94ef-16e30a795887', 'name': 'tempest-ServersNegativeTestJSON-1570894960-network', 'tenant_id': '3287e017119846cbbdbae737197475a6', 'project_id': '3287e017119846cbbdbae737197475a6', 'admin_state_up': True, 'mtu': 8950, 'status': 'ACTIVE', 'subnets': [], 'shared': False, 'port_security_enabled': True, 'router:external': False, 'provider:network_type': 'vlan', 'provider:physical_network': 'default', 'provider:segmentation_id': 265, 'availability_zone_hints': [], 'availability_zones': [], 'ipv4_address_scope': None, 'ipv6_address_scope': None, 'description': '', 'tags': [], 'created_at': '2025-12-09T21:42:23Z', 'updated_at': '2025-12-09T21:42:23Z', 'revision_number': 1} available for tenant
