2025-01-15 21:49:43.101 69932 WARNING tempest.lib.common.ssh [-] Failed to establish authenticated ssh connection to cirros@10.180.180.208 ([Errno None] Unable to connect to port 22 on 10.180.180.208). Number attempts: 1. Retry after 2 seconds.: paramiko.ssh_exception.NoValidConnectionsError: [Errno None] Unable to connect to port 22 on 10.180.180.208
2025-01-15 21:49:43.208 69952 INFO tempest.lib.common.rest_client [req-50942faf-4768-49af-b06d-f8a29326d722 req-50942faf-4768-49af-b06d-f8a29326d722 ] Request (MigrationsAdminTest:test_list_migrations_in_flavor_resize_situation): 200 GET http://10.180.1.21/compute/v2.1/servers/e1d1fc6f-ba63-4612-8fe5-2dd136a4fef8 1.918s
2025-01-15 21:49:43.233 69906 INFO tempest.lib.common.rest_client [req-d757d5b0-bade-426f-a190-39850a04bdbf req-d757d5b0-bade-426f-a190-39850a04bdbf ] Request (DeleteServersAdminTestJSON:test_delete_server_while_in_error_state): 202 POST http://10.180.1.21/compute/v2.1/servers 2.373s
2025-01-15 21:49:43.311 69904 INFO tempest.lib.common.rest_client [req-1231c453-ce54-42da-80d3-aa40d728cff1 req-1231c453-ce54-42da-80d3-aa40d728cff1 ] Request (FloatingIPDetailsTestJSON:test_get_floating_ip_details): 200 GET http://10.180.1.21/compute/v2.1/os-floating-ips/47caaea5-8b2d-4ccf-80e9-aec4778ec13e 1.473s
2025-01-15 21:49:43.364 69926 INFO tempest.lib.common.rest_client [req-d3ee05a6-fa4f-4d1b-aad1-a14a24d5900f req-d3ee05a6-fa4f-4d1b-aad1-a14a24d5900f ] Request (FloatingIPsAssociationTestJSON:test_associate_already_associated_floating_ip): 200 GET http://10.180.1.21/compute/v2.1/servers/5f09d927-38a0-4a19-b6cc-785af970f7ce 1.486s
2025-01-15 21:49:43.422 69918 INFO tempest.lib.common.rest_client [req-d6e89292-30cd-446b-9f18-4e9577fe0a9b req-d6e89292-30cd-446b-9f18-4e9577fe0a9b ] Request (AttachInterfacesV270Test:test_create_get_list_interfaces): 200 GET http://10.180.1.21/compute/v2.1/servers/cd096d95-c322-4b29-a023-93c0e34628df 1.504s
2025-01-15 21:49:43.441 69902 INFO tempest.lib.common.rest_client [req-30851db0-a8d0-4090-9932-6d3b201fe795 req-30851db0-a8d0-4090-9932-6d3b201fe795 ] Request (SecurityGroupsNegativeTestJSON:tearDownClass): 204 DELETE http://10.180.1.21:9696/networking/v2.0/networks/162042b5-232d-40f5-818b-9c380c7aba02 0.483s
2025-01-15 21:49:43.533 69936 INFO tempest.lib.common.rest_client [req-c3c79094-3565-4e97-aa57-fa889faac2b6 req-c3c79094-3565-4e97-aa57-fa889faac2b6 ] Request (VolumesAdminNegativeTest:test_update_attached_volume_with_nonexistent_volume_in_body): 200 PUT http://10.180.1.21:9696/networking/v2.0/floatingips/0687bce8-e21f-4ad8-8249-f840214427dd 1.264s
2025-01-15 21:49:43.534 69936 INFO tempest.lib.common.ssh [-] Creating ssh connection to '10.180.180.226:22' as 'cirros' with public key authentication
2025-01-15 21:49:43.541 69922 INFO tempest.lib.common.rest_client [req-00caac27-651a-46a3-8b76-c74bf7fd8bd0 req-00caac27-651a-46a3-8b76-c74bf7fd8bd0 ] Request (TenantUsagesTestJSON:setUpClass): 200 GET http://10.180.1.21/compute/v2.1/servers/e9d85569-d509-4950-8060-c4022b936076 1.729s
2025-01-15 21:49:43.550 69922 INFO tempest.common.waiters [-] State transition "BUILD/spawning" ==> "ACTIVE/None" after 17 second wait
2025-01-15 21:49:43.563 69920 INFO tempest.lib.common.rest_client [req-b760dbfd-ac9d-48a0-a93c-ea46e9e8810e req-b760dbfd-ac9d-48a0-a93c-ea46e9e8810e ] Request (KeyPairsV210TestJSON:_run_cleanups): 204 DELETE http://10.180.1.21/compute/v2.1/os-keypairs/tempest-KeyPairsV210TestJSON-keypair-1799990337 1.588s
2025-01-15 21:49:43.574 69902 INFO tempest.lib.common.rest_client [req-6cc062c7-42e4-4265-a369-38ba53daf1bd req-6cc062c7-42e4-4265-a369-38ba53daf1bd ] Request (SecurityGroupsNegativeTestJSON:tearDownClass): 204 DELETE http://10.180.1.21/identity/v3/users/1b4e6d6f53844c9397be636c89c5cb37 0.132s
2025-01-15 21:49:43.574 69902 INFO tempest.lib.common.dynamic_creds [-] Deleting project and security group for project: a1f2e27704504f0d8c01bba51ee833a7
2025-01-15 21:49:43.576 69942 INFO tempest.lib.common.rest_client [req-c27abfc1-c56d-46ea-b5ce-ceb478097826 req-c27abfc1-c56d-46ea-b5ce-ceb478097826 ] Request (ImagesMetadataTestJSON:setUp): 200 PUT http://10.180.1.21/compute/v2.1/images/d83339c1-57a0-4f0d-b26f-81108f26d2d4/metadata 1.623s
2025-01-15 21:49:43.591 69946 INFO tempest.lib.common.rest_client [req-20106a96-ed86-4f56-9574-5b6114a9c524 req-20106a96-ed86-4f56-9574-5b6114a9c524 ] Request (AggregatesAdminNegativeTestJSON:test_aggregate_delete_as_user): 200 POST http://10.180.1.21/compute/v2.1/os-aggregates 1.517s
2025-01-15 21:49:43.607 69902 INFO tempest.lib.common.rest_client [req-afb409b1-d229-46d6-87ea-5d8d3c4af0b4 req-afb409b1-d229-46d6-87ea-5d8d3c4af0b4 ] Request (SecurityGroupsNegativeTestJSON:tearDownClass): 200 GET http://10.180.1.21:9696/networking/v2.0/security-groups?tenant_id=a1f2e27704504f0d8c01bba51ee833a7&name=default 0.033s
2025-01-15 21:49:43.613 69940 INFO tempest.lib.common.rest_client [req-445034ec-f32a-4d50-a542-b4b4bb5a3cd8 req-445034ec-f32a-4d50-a542-b4b4bb5a3cd8 ] Request (ServerAddressesTestJSON:test_list_server_addresses_by_network): 200 GET http://10.180.1.21/compute/v2.1/servers/acb56b1e-df22-4ff2-99d6-af158bbe7d9e/ips/tempest-ServerAddressesTestJSON-591673685-network 1.467s
2025-01-15 21:49:43.688 69902 INFO tempest.lib.common.rest_client [req-66c061fe-97e1-4e4f-8b62-e3c18d9eb4f5 req-66c061fe-97e1-4e4f-8b62-e3c18d9eb4f5 ] Request (SecurityGroupsNegativeTestJSON:tearDownClass): 204 DELETE http://10.180.1.21:9696/networking/v2.0/security-groups/f8bb8ce6-3dd0-450d-90e4-aabfb33a9d52 0.080s
2025-01-15 21:49:43.710 69944 INFO tempest.lib.common.rest_client [req-1948ba3a-99b2-40b6-99f8-25f6de0fed17 req-1948ba3a-99b2-40b6-99f8-25f6de0fed17 ] Request (InstanceActionsNegativeTestJSON:setUpClass): 200 GET http://10.180.1.21/compute/v2.1/servers/c805030a-dd64-4b39-885d-bf7b21d76cdc 1.633s
2025-01-15 21:49:43.712 69950 INFO tempest.lib.common.rest_client [req-e398d1a5-5619-4755-aa87-474b9210bf19 req-e398d1a5-5619-4755-aa87-474b9210bf19 ] Request (ServicesAdminNegativeTestJSON:test_list_services_with_non_admin_user): 403 GET http://10.180.1.21/compute/v2.1/os-services 1.536s
2025-01-15 21:49:43.783 69902 INFO tempest.lib.common.rest_client [req-f3f1fbfa-34e4-47b6-8aac-9fe37fed64f6 req-f3f1fbfa-34e4-47b6-8aac-9fe37fed64f6 ] Request (SecurityGroupsNegativeTestJSON:tearDownClass): 204 DELETE http://10.180.1.21/identity/v3/projects/a1f2e27704504f0d8c01bba51ee833a7 0.094s
2025-01-15 21:49:43.817 69950 INFO tempest.lib.common.rest_client [req-128bb265-a9cc-4c58-a35a-442c161f6e27 req-128bb265-a9cc-4c58-a35a-442c161f6e27 ] Request (ServicesAdminNegativeTestJSON:tearDownClass): 204 DELETE http://10.180.1.21/identity/v3/users/2aad625344074582a2d03c5d09bce6f7 0.102s
2025-01-15 21:49:43.843 69902 INFO tempest.lib.common.rest_client [req-cde634ee-f913-4bb4-b062-72f9a6cd353c req-cde634ee-f913-4bb4-b062-72f9a6cd353c ] Request (InstanceActionsV221TestJSON:setUpClass): 201 POST http://10.180.1.21/identity/v3/auth/tokens 0.057s
2025-01-15 21:49:43.869 69908 INFO tempest.lib.common.rest_client [req-eef99d3b-e2f4-49e2-a1ac-4fef0c186294 req-eef99d3b-e2f4-49e2-a1ac-4fef0c186294 ] Request (SecurityGroupRulesTestJSON:test_security_group_rules_delete_when_peer_group_deleted): 200 POST http://10.180.1.21/compute/v2.1/os-security-groups 1.354s
2025-01-15 21:49:43.974 69902 INFO tempest.lib.common.rest_client [req-fa9c255a-ccf8-4a36-a305-bbb43a8e76f2 req-fa9c255a-ccf8-4a36-a305-bbb43a8e76f2 ] Request (InstanceActionsV221TestJSON:setUpClass): 201 POST http://10.180.1.21/identity/v3/auth/tokens 0.125s
2025-01-15 21:49:44.026 69938 INFO tempest.lib.common.rest_client [req-cec29a0d-aa81-4f1e-968c-47c67857c16a req-cec29a0d-aa81-4f1e-968c-47c67857c16a ] Request (SecurityGroupRulesNegativeTestJSON:tearDownClass): 202 DELETE http://10.180.1.21/compute/v2.1/os-security-groups/47c6d1c2-6a38-4d86-8101-01f3a893a46b 1.398s
2025-01-15 21:49:44.037 69950 INFO tempest.lib.common.rest_client [req-f11d075a-4d61-4b54-81dc-aa1c5c58aeb7 req-f11d075a-4d61-4b54-81dc-aa1c5c58aeb7 ] Request (ServicesAdminNegativeTestJSON:tearDownClass): 204 DELETE http://10.180.1.21/identity/v3/users/3210e19988934333b9ddcccb4e2e7d71 0.220s
2025-01-15 21:49:44.037 69950 INFO tempest.lib.common.dynamic_creds [-] Deleting project and security group for project: ecb020c271fd484e916585dbc7f0d9b5
2025-01-15 21:49:44.041 69900 INFO tempest.lib.common.rest_client [req-0412b731-f508-4f17-8025-8a18b2f3d758 req-0412b731-f508-4f17-8025-8a18b2f3d758 ] Request (QuotasAdminTestJSON:test_update_all_quota_resources_for_tenant): 200 PUT http://10.180.1.21/compute/v2.1/os-quota-sets/da5b27762b6f46cd80c7b1bb143e6768 1.694s
2025-01-15 21:49:44.105 69902 INFO tempest.lib.common.rest_client [req-45a5b18e-ef75-4600-b835-2f45d6c3c334 req-45a5b18e-ef75-4600-b835-2f45d6c3c334 ] Request (InstanceActionsV221TestJSON:setUpClass): 200 GET http://10.180.1.21/identity/v3/domains?name=Default 0.130s
2025-01-15 21:49:44.115 69928 INFO tempest.lib.common.rest_client [req-4049a0b2-cad1-493e-a35b-af8356fc5b17 req-4049a0b2-cad1-493e-a35b-af8356fc5b17 ] Request (VolumesNegativeTest:test_delete_invalid_volume_id): 404 DELETE http://10.180.1.21/compute/v2.1/os-volumes/tempest-invalid-832157761 1.381s
2025-01-15 21:49:44.128 69950 INFO tempest.lib.common.rest_client [req-e8157058-5302-484d-8fc3-aa2e30656bfb req-e8157058-5302-484d-8fc3-aa2e30656bfb ] Request (ServicesAdminNegativeTestJSON:tearDownClass): 201 POST http://10.180.1.21/identity/v3/auth/tokens 0.091s
2025-01-15 21:49:44.137 69934 INFO tempest.lib.common.rest_client [req-d773edf1-c80a-4bce-941f-b9c95051ba16 req-d773edf1-c80a-4bce-941f-b9c95051ba16 ] Request (FlavorsAccessNegativeTestJSON:_run_cleanups): 202 DELETE http://10.180.1.21/compute/v2.1/flavors/126565075 1.268s
2025-01-15 21:49:44.159 69924 INFO tempest.lib.common.rest_client [req-85c0da3a-9a29-4c5d-b0d7-fa66389f1b6b req-85c0da3a-9a29-4c5d-b0d7-fa66389f1b6b ] Request (KeyPairsV22TestJSON:test_keypairsv22_create_list_show): 200 GET http://10.180.1.21/compute/v2.1/os-keypairs 1.278s
2025-01-15 21:49:44.176 69894 INFO tempest.lib.common.rest_client [req-237cc36d-5137-435d-aaf0-ba36ad650e8c req-237cc36d-5137-435d-aaf0-ba36ad650e8c ] Request (FlavorsAdminTestJSON:_run_cleanups): 202 DELETE http://10.180.1.21/compute/v2.1/flavors/1532923230 1.294s
2025-01-15 21:49:44.176 69902 INFO tempest.lib.common.rest_client [req-57ac196f-a5e7-47a6-bb5a-9b56330e0c81 req-57ac196f-a5e7-47a6-bb5a-9b56330e0c81 ] Request (InstanceActionsV221TestJSON:setUpClass): 201 POST http://10.180.1.21/identity/v3/projects 0.071s
2025-01-15 21:49:44.177 69896 INFO tempest.lib.common.rest_client [req-40d3b38e-f075-404b-a6fc-dc443078f210 req-40d3b38e-f075-404b-a6fc-dc443078f210 ] Request (ServicesAdminTestJSON:test_get_service_by_host_name): 200 GET http://10.180.1.21/compute/v2.1/os-services 1.451s
2025-01-15 21:49:44.238 69898 INFO tempest.lib.common.rest_client [req-24a1a0e4-bd02-43e9-a0fc-d81e5a4da691 req-24a1a0e4-bd02-43e9-a0fc-d81e5a4da691 ] Request (ServerActionsTestOtherA:setUpClass): 200 GET http://10.180.1.21/compute/v2.1/servers/3ba3ba93-7e75-49e2-b61c-047d1005e756 1.180s
2025-01-15 21:49:44.269 69902 INFO tempest.lib.common.rest_client [req-49191551-2e5c-48c0-9289-6e1ff8eb38ed req-49191551-2e5c-48c0-9289-6e1ff8eb38ed ] Request (InstanceActionsV221TestJSON:setUpClass): 201 POST http://10.180.1.21/identity/v3/users 0.093s
2025-01-15 21:49:44.293 69902 INFO tempest.lib.common.rest_client [req-a8f90dee-ea9e-4e73-9c3c-a82211877406 req-a8f90dee-ea9e-4e73-9c3c-a82211877406 ] Request (InstanceActionsV221TestJSON:setUpClass): 200 GET http://10.180.1.21/identity/v3/roles 0.023s
2025-01-15 21:49:44.323 69890 INFO tempest.lib.common.rest_client [req-6f678a32-40ab-42dd-af6f-153878354a6c req-6f678a32-40ab-42dd-af6f-153878354a6c ] Request (ServersV294TestFqdnHostnames:setUpClass): 200 GET http://10.180.1.21/compute/v2.1/servers/39608020-7573-4a14-992e-63b35194174d 1.205s
2025-01-15 21:49:44.329 69902 INFO tempest.lib.common.rest_client [req-1fb8ec60-bdbc-4cf0-a875-e6f6c9ed35c6 req-1fb8ec60-bdbc-4cf0-a875-e6f6c9ed35c6 ] Request (InstanceActionsV221TestJSON:setUpClass): 204 PUT http://10.180.1.21/identity/v3/projects/8133576f0f2644f4b0bdab3da9b04eda/users/081ad98fe95c4f7598a6f9b4364fb5c4/roles/801815b3d4d74e39b5e59ab4f1364129 0.035s
2025-01-15 21:49:44.329 69902 INFO tempest.lib.common.dynamic_creds [-] Dynamic test user 081ad98fe95c4f7598a6f9b4364fb5c4 is created with scope project and roles: ['member']
2025-01-15 21:49:44.329 69902 INFO tempest.lib.common.dynamic_creds [-] Acquired dynamic creds: credentials: Credentials: {'domain_id': 'default', 'domain_name': 'Default', 'username': 'tempest-InstanceActionsV221TestJSON-426268154-project-member', 'project_domain_id': 'default', 'project_domain_name': 'Default', 'project_id': '8133576f0f2644f4b0bdab3da9b04eda', 'project_name': 'tempest-InstanceActionsV221TestJSON-426268154', 'tenant_id': '8133576f0f2644f4b0bdab3da9b04eda', 'tenant_name': 'tempest-InstanceActionsV221TestJSON-426268154', 'user_domain_id': 'default', 'user_domain_name': 'Default', 'user_id': '081ad98fe95c4f7598a6f9b4364fb5c4', 'system': None}, Network: None, Subnet: None, Router: None
2025-01-15 21:49:44.339 69930 INFO tempest.lib.common.rest_client [req-93e72460-fa05-480f-8f74-43e85524fd14 req-93e72460-fa05-480f-8f74-43e85524fd14 ] Request (VolumesAssistedSnapshotsTest:test_volume_assisted_snapshot_create_delete): 200 GET http://10.180.1.21/compute/v2.1/servers/0f0044f5-3c84-4747-b1c2-80efae3fc86f 1.367s
2025-01-15 21:49:44.397 69906 INFO tempest.lib.common.rest_client [req-d7a2fd7c-08df-4284-9e23-c4c534df9f19 req-d7a2fd7c-08df-4284-9e23-c4c534df9f19 ] Request (DeleteServersAdminTestJSON:test_delete_server_while_in_error_state): 200 GET http://10.180.1.21/compute/v2.1/servers/a12b718b-f3c1-4cf7-b507-43eb7978d3a7 1.161s
2025-01-15 21:49:44.417 69902 INFO tempest.lib.common.rest_client [req-759e869b-3485-4f15-97e7-32e9ad264715 req-759e869b-3485-4f15-97e7-32e9ad264715 ] Request (InstanceActionsV221TestJSON:setUpClass): 201 POST http://10.180.1.21/identity/v3/auth/tokens 0.087s
2025-01-15 21:49:44.427 69950 INFO tempest.lib.common.rest_client [req-d16703fe-8c90-4287-9ced-c9b86a4fd298 req-d16703fe-8c90-4287-9ced-c9b86a4fd298 ] Request (ServicesAdminNegativeTestJSON:tearDownClass): 200 GET http://10.180.1.21:9696/networking/v2.0/security-groups?tenant_id=ecb020c271fd484e916585dbc7f0d9b5&name=default 0.298s
2025-01-15 21:49:44.536 69950 INFO tempest.lib.common.rest_client [req-9952eb0e-2fbb-483e-aa76-d3520f914dac req-9952eb0e-2fbb-483e-aa76-d3520f914dac ] Request (ServicesAdminNegativeTestJSON:tearDownClass): 204 DELETE http://10.180.1.21:9696/networking/v2.0/security-groups/6989a636-e48c-49b1-9663-299d86ab21eb 0.108s
2025-01-15 21:49:44.551 69922 INFO tempest.lib.common.rest_client [req-c52e8653-b13c-4cff-b9cc-167972fd3787 req-c52e8653-b13c-4cff-b9cc-167972fd3787 ] Request (TenantUsagesTestJSON:test_get_usage_tenant): 200 GET http://10.180.1.21/compute/v2.1/os-simple-tenant-usage/9f61f7ca7e934b679daf414bf865f60f?start=2025-01-14T21%3A49%3A43.551287&end=2025-01-16T21%3A49%3A43.551287 1.000s
2025-01-15 21:49:44.569 69920 INFO tempest.lib.common.rest_client [req-58506754-231c-41b5-bf55-e5fec4aa49fd req-58506754-231c-41b5-bf55-e5fec4aa49fd ] Request (KeyPairsV210TestJSON:_run_cleanups): 204 DELETE http://10.180.1.21/compute/v2.1/os-keypairs/tempest-keypair-1491256646?user_id=dbca7037aaa7449c8affd78a16bf400d 1.006s
2025-01-15 21:49:44.603 69942 INFO tempest.lib.common.rest_client [req-70fa3093-585b-4152-a4c8-d44cdefdc26e req-70fa3093-585b-4152-a4c8-d44cdefdc26e ] Request (ImagesMetadataTestJSON:test_list_image_metadata): 200 GET http://10.180.1.21/compute/v2.1/images/d83339c1-57a0-4f0d-b26f-81108f26d2d4/metadata 1.026s
2025-01-15 21:49:44.604 69950 INFO tempest.lib.common.rest_client [req-0b37d4a7-9004-45e7-90bb-2666073cc2aa req-0b37d4a7-9004-45e7-90bb-2666073cc2aa ] Request (ServicesAdminNegativeTestJSON:tearDownClass): 204 DELETE http://10.180.1.21/identity/v3/projects/ecb020c271fd484e916585dbc7f0d9b5 0.068s
2025-01-15 21:49:44.605 69950 INFO tempest.lib.common.dynamic_creds [-] Deleting project and security group for project: cfe2483bc7a34fa499b3bc8fac5e99e1
2025-01-15 21:49:44.610 69946 INFO tempest.lib.common.rest_client [req-eb858261-829d-4e33-81c3-e0f6db4bfd29 req-eb858261-829d-4e33-81c3-e0f6db4bfd29 ] Request (AggregatesAdminNegativeTestJSON:test_aggregate_delete_as_user): 403 DELETE http://10.180.1.21/compute/v2.1/os-aggregates/5 1.016s
2025-01-15 21:49:44.706 69904 INFO tempest.lib.common.rest_client [req-bebb0e03-2bcf-4160-8306-3deebfdb11d6 req-bebb0e03-2bcf-4160-8306-3deebfdb11d6 ] Request (FloatingIPDetailsTestJSON:_run_cleanups): 202 DELETE http://10.180.1.21/compute/v2.1/os-floating-ips/47caaea5-8b2d-4ccf-80e9-aec4778ec13e 1.393s
2025-01-15 21:49:44.724 69914 INFO tempest.lib.common.rest_client [req-6a8e5403-51f2-4923-a620-be017c643487 req-6a8e5403-51f2-4923-a620-be017c643487 ] Request (ListImageFiltersTestJSON:setUpClass): 204 PUT http://10.180.1.21/image/v2/images/77311f7f-4f65-4d7f-9d76-b09dd9f470f7/file 0.929s
2025-01-15 21:49:44.731 69902 INFO tempest.lib.common.rest_client [req-cb94abb0-a640-4cdf-bfd5-ee3f13bacdd1 req-cb94abb0-a640-4cdf-bfd5-ee3f13bacdd1 ] Request (InstanceActionsV221TestJSON:setUpClass): 201 POST http://10.180.1.21:9696/networking/v2.0/networks 0.314s
2025-01-15 21:49:44.738 69940 INFO tempest.lib.common.rest_client [req-438994f3-30ac-4667-b09e-ab4ab6d9db36 req-438994f3-30ac-4667-b09e-ab4ab6d9db36 ] Request (ServerAddressesTestJSON:tearDownClass): 204 DELETE http://10.180.1.21/compute/v2.1/servers/acb56b1e-df22-4ff2-99d6-af158bbe7d9e 1.122s
2025-01-15 21:49:44.767 69950 INFO tempest.lib.common.rest_client [req-c066634b-67f6-4a8b-ab19-d5091ef541c3 req-c066634b-67f6-4a8b-ab19-d5091ef541c3 ] Request (ServicesAdminNegativeTestJSON:tearDownClass): 200 GET http://10.180.1.21:9696/networking/v2.0/security-groups?tenant_id=cfe2483bc7a34fa499b3bc8fac5e99e1&name=default 0.162s
2025-01-15 21:49:44.797 69948 INFO tempest.lib.common.rest_client [req-99e9dff9-c7c4-481e-95b0-5c30132789ea req-99e9dff9-c7c4-481e-95b0-5c30132789ea ] Request (ServerDiagnosticsNegativeTest:tearDownClass): 200 GET http://10.180.1.21/compute/v2.1/servers/67ea183b-672d-407b-992d-bf0e916ea4d2 1.063s
2025-01-15 21:49:44.822 69916 INFO tempest.lib.common.rest_client [req-18bb7871-5f52-4fc3-9abe-5766a53cfb75 req-18bb7871-5f52-4fc3-9abe-5766a53cfb75 ] Request (ImagesOneServerTestJSON:setUpClass): 200 GET http://10.180.1.21/compute/v2.1/servers/9e74c08e-a5ad-4a77-8dd2-270a67567436 1.024s
2025-01-15 21:49:44.922 69950 INFO tempest.lib.common.rest_client [req-6fe456cf-2c4b-4040-a9a0-eb855b27d4fa req-6fe456cf-2c4b-4040-a9a0-eb855b27d4fa ] Request (ServicesAdminNegativeTestJSON:tearDownClass): 204 DELETE http://10.180.1.21:9696/networking/v2.0/security-groups/4c1c49f5-5903-4a30-9dcc-a586d2265169 0.154s
2025-01-15 21:49:44.985 69902 INFO tempest.lib.common.rest_client [req-6649879c-50f4-4720-8145-c9165b843851 req-6649879c-50f4-4720-8145-c9165b843851 ] Request (InstanceActionsV221TestJSON:setUpClass): 201 POST http://10.180.1.21:9696/networking/v2.0/subnets 0.253s
2025-01-15 21:49:45.019 69938 INFO tempest.lib.common.rest_client [req-7dcd8695-72cb-4f77-ba4f-a6efca79de8d req-7dcd8695-72cb-4f77-ba4f-a6efca79de8d ] Request (SecurityGroupRulesNegativeTestJSON:tearDownClass): 202 DELETE http://10.180.1.21/compute/v2.1/os-security-groups/d8547616-0bb1-49e6-8552-1d4107315256 0.992s
2025-01-15 21:49:45.026 69950 INFO tempest.lib.common.rest_client [req-2eed7856-13d0-4340-ae06-980a9440fdb3 req-2eed7856-13d0-4340-ae06-980a9440fdb3 ] Request (ServicesAdminNegativeTestJSON:tearDownClass): 204 DELETE http://10.180.1.21/identity/v3/projects/cfe2483bc7a34fa499b3bc8fac5e99e1 0.104s
2025-01-15 21:49:45.034 69908 INFO tempest.lib.common.rest_client [req-696d4334-6c56-41aa-97aa-27051711a724 req-696d4334-6c56-41aa-97aa-27051711a724 ] Request (SecurityGroupRulesTestJSON:test_security_group_rules_delete_when_peer_group_deleted): 200 POST http://10.180.1.21/compute/v2.1/os-security-group-rules 1.161s
2025-01-15 21:49:45.111 69950 INFO tempest.lib.common.rest_client [req-10108338-3d55-4403-8a47-39561b2a8025 req-10108338-3d55-4403-8a47-39561b2a8025 ] Request (ServerGroup264TestJSON:setUpClass): 201 POST http://10.180.1.21/identity/v3/auth/tokens 0.082s
2025-01-15 21:49:45.142 69950 INFO tempest.lib.common.rest_client [req-169b5555-fb01-450a-9ac5-0313cea913c3 req-169b5555-fb01-450a-9ac5-0313cea913c3 ] Request (ServerGroup264TestJSON:setUpClass): 201 POST http://10.180.1.21/identity/v3/auth/tokens 0.027s
2025-01-15 21:49:45.168 69950 INFO tempest.lib.common.rest_client [req-9a6b8e6d-4799-4720-846b-35ce223e8552 req-9a6b8e6d-4799-4720-846b-35ce223e8552 ] Request (ServerGroup264TestJSON:setUpClass): 200 GET http://10.180.1.21/identity/v3/domains?name=Default 0.026s
2025-01-15 21:49:45.204 69912 INFO tempest.lib.common.rest_client [req-14210b95-f319-428f-97bf-9aa52efc1a21 req-14210b95-f319-428f-97bf-9aa52efc1a21 ] Request (ServerDiskConfigTestJSON:test_rebuild_server_with_auto_disk_config): 200 GET http://10.180.1.21/compute/v2.1/servers/51162c16-7632-4556-80e9-e2cea6f6cab4 1.138s
2025-01-15 21:49:45.211 69928 INFO tempest.lib.common.rest_client [req-db3f0bfb-52c4-4953-b718-799a8598f142 req-db3f0bfb-52c4-4953-b718-799a8598f142 ] Request (VolumesNegativeTest:test_delete_volume_without_passing_volume_id): 404 DELETE http://10.180.1.21/compute/v2.1/os-volumes/ 1.094s
2025-01-15 21:49:45.249 69934 INFO tempest.lib.common.rest_client [req-ce43fe6f-db8f-4fc2-a8c6-9215c88ebcd0 req-ce43fe6f-db8f-4fc2-a8c6-9215c88ebcd0 ] Request (FlavorsAccessNegativeTestJSON:_run_cleanups): 200 GET http://10.180.1.21/compute/v2.1/flavors/detail 1.112s
2025-01-15 21:49:45.264 69924 INFO tempest.lib.common.rest_client [req-b704e612-a112-4453-9137-8804fbde3679 req-b704e612-a112-4453-9137-8804fbde3679 ] Request (KeyPairsV22TestJSON:_run_cleanups): 204 DELETE http://10.180.1.21/compute/v2.1/os-keypairs/tempest-keypair-1718293779 1.103s
2025-01-15 21:49:45.286 69894 INFO tempest.lib.common.rest_client [req-e317f2ea-eec0-465f-936f-e5968639a580 req-e317f2ea-eec0-465f-936f-e5968639a580 ] Request (FlavorsAdminTestJSON:_run_cleanups): 200 GET http://10.180.1.21/compute/v2.1/flavors/detail 1.110s
2025-01-15 21:49:45.308 69896 INFO tempest.lib.common.rest_client [req-f0e22a97-2a88-4c6a-b05f-b96ff5eb9323 req-f0e22a97-2a88-4c6a-b05f-b96ff5eb9323 ] Request (ServicesAdminTestJSON:test_get_service_by_host_name): 200 GET http://10.180.1.21/compute/v2.1/os-services?host=devstack 1.127s
2025-01-15 21:49:45.334 69900 INFO tempest.lib.common.rest_client [req-960e987f-1235-4ed3-a780-14117d9bfdfe req-960e987f-1235-4ed3-a780-14117d9bfdfe ] Request (QuotasAdminTestJSON:_run_cleanups): 200 PUT http://10.180.1.21/compute/v2.1/os-quota-sets/da5b27762b6f46cd80c7b1bb143e6768 1.290s
2025-01-15 21:49:45.357 69950 INFO tempest.lib.common.rest_client [req-07dd44de-248f-4e6d-bf0b-4c418f8fea35 req-07dd44de-248f-4e6d-bf0b-4c418f8fea35 ] Request (ServerGroup264TestJSON:setUpClass): 201 POST http://10.180.1.21/identity/v3/projects 0.188s
2025-01-15 21:49:45.410 69900 INFO tempest.lib.common.rest_client [req-64b6d73b-1b1d-4c20-b06d-b19da3151a54 req-64b6d73b-1b1d-4c20-b06d-b19da3151a54 ] Request (QuotasAdminTestJSON:tearDownClass): 204 DELETE http://10.180.1.21/identity/v3/users/52863841b2a54f9f87e5cf823d6171a9 0.072s
2025-01-15 21:49:45.447 69910 INFO tempest.lib.common.rest_client [req-0e2a7ecd-c26f-4cff-935d-1f372a271d1e req-0e2a7ecd-c26f-4cff-935d-1f372a271d1e ] Request (QuotasAdminTestV236:test_get_updated_quotas): 200 GET http://10.180.1.21/identity/v3/domains?name=Default 0.105s
2025-01-15 21:49:45.450 69952 INFO tempest.lib.common.rest_client [req-8a77faaf-d8a6-43de-ad86-e495b41566cb req-8a77faaf-d8a6-43de-ad86-e495b41566cb ] Request (MigrationsAdminTest:test_list_migrations_in_flavor_resize_situation): 200 GET http://10.180.1.21/compute/v2.1/servers/e1d1fc6f-ba63-4612-8fe5-2dd136a4fef8 1.233s
2025-01-15 21:49:45.459 69952 INFO tempest.common.waiters [-] State transition "RESIZE/resize_prep" ==> "RESIZE/resize_migrating" after 8 second wait
2025-01-15 21:49:45.474 69950 INFO tempest.lib.common.rest_client [req-281ea82e-8d75-4c98-871b-ec9874f1107d req-281ea82e-8d75-4c98-871b-ec9874f1107d ] Request (ServerGroup264TestJSON:setUpClass): 201 POST http://10.180.1.21/identity/v3/users 0.116s
2025-01-15 21:49:45.531 69926 INFO tempest.lib.common.rest_client [req-b664176f-de78-47a5-8cb0-5c7828232b88 req-b664176f-de78-47a5-8cb0-5c7828232b88 ] Request (FloatingIPsAssociationTestJSON:test_associate_already_associated_floating_ip): 200 GET http://10.180.1.21/compute/v2.1/servers/5f09d927-38a0-4a19-b6cc-785af970f7ce 1.158s
2025-01-15 21:49:45.542 69910 INFO tempest.lib.common.rest_client [req-1aea4f6c-c4e1-4de9-9044-a5b9bff266e6 req-1aea4f6c-c4e1-4de9-9044-a5b9bff266e6 ] Request (QuotasAdminTestV236:test_get_updated_quotas): 201 POST http://10.180.1.21/identity/v3/projects 0.094s
2025-01-15 21:49:45.543 69926 INFO tempest.common.waiters [-] State transition "BUILD/None" ==> "BUILD/networking" after 7 second wait
2025-01-15 21:49:45.555 69900 INFO tempest.lib.common.rest_client [req-2f9369e4-170a-4206-bce5-5fce5b266c35 req-2f9369e4-170a-4206-bce5-5fce5b266c35 ] Request (QuotasAdminTestJSON:tearDownClass): 204 DELETE http://10.180.1.21/identity/v3/users/c1f28ec623d244589eb341eb253144d6 0.145s
2025-01-15 21:49:45.556 69900 INFO tempest.lib.common.dynamic_creds [-] Deleting project and security group for project: 1f44172a48544bc2ab0ab3127294bda5
2025-01-15 21:49:45.567 69922 INFO tempest.lib.common.rest_client [req-7098354c-2ae6-4f8f-adc1-a9046fd5092f req-7098354c-2ae6-4f8f-adc1-a9046fd5092f ] Request (TenantUsagesTestJSON:test_get_usage_tenant_with_non_admin_user): 200 GET http://10.180.1.21/compute/v2.1/os-simple-tenant-usage/9f61f7ca7e934b679daf414bf865f60f?start=2025-01-14T21%3A49%3A43.551287&end=2025-01-16T21%3A49%3A43.551287 1.011s
2025-01-15 21:49:45.592 69920 INFO tempest.lib.common.rest_client [req-c0cf2650-6895-422e-84cd-40ffb847d0c0 req-c0cf2650-6895-422e-84cd-40ffb847d0c0 ] Request (KeyPairsV210TestJSON:_run_cleanups): 204 DELETE http://10.180.1.21/compute/v2.1/os-keypairs/tempest-keypair-1842299324?user_id=dbca7037aaa7449c8affd78a16bf400d 1.022s
2025-01-15 21:49:45.620 69910 INFO tempest.lib.common.rest_client [req-12a6bb7b-9585-4e4a-b6e5-7c05b64810ab req-12a6bb7b-9585-4e4a-b6e5-7c05b64810ab ] Request (QuotasAdminTestV236:test_get_updated_quotas): 200 GET http://10.180.1.21/identity/v3/domains?name=Default 0.077s
2025-01-15 21:49:45.646 69900 INFO tempest.lib.common.rest_client [req-157367d6-b705-4ff0-9f3f-701b7abb0f65 req-157367d6-b705-4ff0-9f3f-701b7abb0f65 ] Request (QuotasAdminTestJSON:tearDownClass): 201 POST http://10.180.1.21/identity/v3/auth/tokens 0.090s
2025-01-15 21:49:45.659 69950 INFO tempest.lib.common.rest_client [req-e34a727d-2b75-4a3d-ad65-1b12ef4e0f57 req-e34a727d-2b75-4a3d-ad65-1b12ef4e0f57 ] Request (ServerGroup264TestJSON:setUpClass): 200 GET http://10.180.1.21/identity/v3/roles 0.183s
2025-01-15 21:49:45.697 69918 INFO tempest.lib.common.rest_client [req-c9a7568b-697b-44a7-b2d1-b57e58e05ca7 req-c9a7568b-697b-44a7-b2d1-b57e58e05ca7 ] Request (AttachInterfacesV270Test:test_create_get_list_interfaces): 200 GET http://10.180.1.21/compute/v2.1/servers/cd096d95-c322-4b29-a023-93c0e34628df 1.255s
2025-01-15 21:49:45.706 69920 INFO tempest.lib.common.rest_client [req-08d8e9f0-791a-4918-bb95-c50615eb485c req-08d8e9f0-791a-4918-bb95-c50615eb485c ] Request (KeyPairsV210TestJSON:tearDownClass): 204 DELETE http://10.180.1.21/identity/v3/users/dbca7037aaa7449c8affd78a16bf400d 0.110s
2025-01-15 21:49:45.719 69946 INFO tempest.lib.common.rest_client [req-8481ecd9-f286-4666-ad73-1999d2d6c25e req-8481ecd9-f286-4666-ad73-1999d2d6c25e ] Request (AggregatesAdminNegativeTestJSON:_run_cleanups): 200 DELETE http://10.180.1.21/compute/v2.1/os-aggregates/5 1.109s
2025-01-15 21:49:45.778 69950 INFO tempest.lib.common.rest_client [req-654d6b5e-1f48-4953-835a-00fd74a40a04 req-654d6b5e-1f48-4953-835a-00fd74a40a04 ] Request (ServerGroup264TestJSON:setUpClass): 204 PUT http://10.180.1.21/identity/v3/projects/66438ed2fedb4301869bda4bb83aa7d8/users/0caff874fcef4ec680d45ad0ed44b9b2/roles/801815b3d4d74e39b5e59ab4f1364129 0.118s
2025-01-15 21:49:45.779 69950 INFO tempest.lib.common.dynamic_creds [-] Dynamic test user 0caff874fcef4ec680d45ad0ed44b9b2 is created with scope project and roles: ['member']
2025-01-15 21:49:45.781 69950 INFO tempest.lib.common.dynamic_creds [-] Acquired dynamic creds: credentials: Credentials: {'domain_id': 'default', 'domain_name': 'Default', 'username': 'tempest-ServerGroup264TestJSON-738677270-project-member', 'project_domain_id': 'default', 'project_domain_name': 'Default', 'project_id': '66438ed2fedb4301869bda4bb83aa7d8', 'project_name': 'tempest-ServerGroup264TestJSON-738677270', 'tenant_id': '66438ed2fedb4301869bda4bb83aa7d8', 'tenant_name': 'tempest-ServerGroup264TestJSON-738677270', 'user_domain_id': 'default', 'user_domain_name': 'Default', 'user_id': '0caff874fcef4ec680d45ad0ed44b9b2', 'system': None}, Network: None, Subnet: None, Router: None
2025-01-15 21:49:45.801 69942 INFO tempest.lib.common.rest_client [req-58b31c51-11e9-4169-b9e1-fd1e1f170a55 req-58b31c51-11e9-4169-b9e1-fd1e1f170a55 ] Request (ImagesMetadataTestJSON:setUp): 200 PUT http://10.180.1.21/compute/v2.1/images/d83339c1-57a0-4f0d-b26f-81108f26d2d4/metadata 1.196s
2025-01-15 21:49:45.854 69904 INFO tempest.lib.common.rest_client [req-3dfe583d-d0d0-4e3a-8022-86779a330a14 req-3dfe583d-d0d0-4e3a-8022-86779a330a14 ] Request (FloatingIPDetailsTestJSON:test_list_floating_ips): 200 GET http://10.180.1.21/compute/v2.1/os-floating-ips 1.144s
2025-01-15 21:49:45.857 69950 INFO tempest.lib.common.rest_client [req-b4452d3d-3ff6-4c0a-822f-9e1257835867 req-b4452d3d-3ff6-4c0a-822f-9e1257835867 ] Request (ServerGroup264TestJSON:setUpClass): 201 POST http://10.180.1.21/identity/v3/auth/tokens 0.076s
2025-01-15 21:49:45.897 69914 INFO tempest.lib.common.rest_client [req-098be08f-e98e-452f-8a04-87d9002dc1c8 req-098be08f-e98e-452f-8a04-87d9002dc1c8 ] Request (ListImageFiltersTestJSON:setUpClass): 200 GET http://10.180.1.21/compute/v2.1/images/77311f7f-4f65-4d7f-9d76-b09dd9f470f7 1.172s
2025-01-15 21:49:45.908 69920 INFO tempest.lib.common.rest_client [req-a200f6bc-6f2b-4b36-8b40-28cfb7c76f21 req-a200f6bc-6f2b-4b36-8b40-28cfb7c76f21 ] Request (KeyPairsV210TestJSON:tearDownClass): 204 DELETE http://10.180.1.21/identity/v3/users/99618b6bbe974fd08d07731ed9ae4fe2 0.200s
2025-01-15 21:49:45.908 69920 INFO tempest.lib.common.dynamic_creds [-] Deleting project and security group for project: 2c099d644b394e308fd5ca997150622f
2025-01-15 21:49:45.938 69900 INFO tempest.lib.common.rest_client [req-c1701adb-ebbe-47f1-b175-69389b992745 req-c1701adb-ebbe-47f1-b175-69389b992745 ] Request (QuotasAdminTestJSON:tearDownClass): 200 GET http://10.180.1.21:9696/networking/v2.0/security-groups?tenant_id=1f44172a48544bc2ab0ab3127294bda5&name=default 0.291s
2025-01-15 21:49:45.969 69920 INFO tempest.lib.common.rest_client [req-29ec4c68-f642-4d6a-8c04-b1561807d5ca req-29ec4c68-f642-4d6a-8c04-b1561807d5ca ] Request (KeyPairsV210TestJSON:tearDownClass): 201 POST http://10.180.1.21/identity/v3/auth/tokens 0.061s
2025-01-15 21:49:45.997 69944 INFO tempest.lib.common.rest_client [req-b7804868-b7fb-4093-a000-0443b6bb2e6a req-b7804868-b7fb-4093-a000-0443b6bb2e6a ] Request (InstanceActionsNegativeTestJSON:setUpClass): 200 GET http://10.180.1.21/compute/v2.1/servers/c805030a-dd64-4b39-885d-bf7b21d76cdc 1.275s
2025-01-15 21:49:46.009 69944 INFO tempest.common.waiters [-] State transition "BUILD/spawning" ==> "ACTIVE/None" after 20 second wait
2025-01-15 21:49:46.147 69938 INFO tempest.lib.common.rest_client [req-02596f15-c892-4248-a75e-d260e58d1cfc req-02596f15-c892-4248-a75e-d260e58d1cfc ] Request (SecurityGroupRulesNegativeTestJSON:tearDownClass): 202 DELETE http://10.180.1.21/compute/v2.1/os-security-groups/4a4e4892-7136-46f5-b1ee-a45c65d254dc 1.127s
2025-01-15 21:49:46.180 69900 INFO tempest.lib.common.rest_client [req-4fcb5a8d-df42-43ad-b349-a43d75db424b req-4fcb5a8d-df42-43ad-b349-a43d75db424b ] Request (QuotasAdminTestJSON:tearDownClass): 204 DELETE http://10.180.1.21:9696/networking/v2.0/security-groups/5ab9fefd-24c1-4da2-b525-11e799c54a40 0.242s
2025-01-15 21:49:46.203 69940 INFO tempest.lib.common.rest_client [req-cbe043d8-a583-4b7b-b04a-b2be2effcc62 req-cbe043d8-a583-4b7b-b04a-b2be2effcc62 ] Request (ServerAddressesTestJSON:tearDownClass): 200 GET http://10.180.1.21/compute/v2.1/servers/acb56b1e-df22-4ff2-99d6-af158bbe7d9e 1.464s
2025-01-15 21:49:46.206 69928 INFO tempest.lib.common.rest_client [req-de8045de-cc89-41a4-95c0-ce3c8a093352 req-de8045de-cc89-41a4-95c0-ce3c8a093352 ] Request (VolumesNegativeTest:test_get_volume_without_passing_volume_id): 404 GET http://10.180.1.21/compute/v2.1/os-volumes/ 0.994s
2025-01-15 21:49:46.214 69920 INFO tempest.lib.common.rest_client [req-72b4b0e9-3911-464d-904c-22ead76f0853 req-72b4b0e9-3911-464d-904c-22ead76f0853 ] Request (KeyPairsV210TestJSON:tearDownClass): 200 GET http://10.180.1.21:9696/networking/v2.0/security-groups?tenant_id=2c099d644b394e308fd5ca997150622f&name=default 0.245s
2025-01-15 21:49:46.250 69900 INFO tempest.lib.common.rest_client [req-2d046ee7-d96d-4ab7-90eb-9e3ccdd33b45 req-2d046ee7-d96d-4ab7-90eb-9e3ccdd33b45 ] Request (QuotasAdminTestJSON:tearDownClass): 204 DELETE http://10.180.1.21/identity/v3/projects/1f44172a48544bc2ab0ab3127294bda5 0.069s
2025-01-15 21:49:46.250 69900 INFO tempest.lib.common.dynamic_creds [-] Deleting project and security group for project: da5b27762b6f46cd80c7b1bb143e6768
2025-01-15 21:49:46.314 69898 INFO tempest.lib.common.rest_client [req-c2ace8a6-a454-4f0c-a899-d82d0fbf7a35 req-c2ace8a6-a454-4f0c-a899-d82d0fbf7a35 ] Request (ServerActionsTestOtherA:setUpClass): 200 GET http://10.180.1.21/compute/v2.1/servers/3ba3ba93-7e75-49e2-b61c-047d1005e756 1.067s
2025-01-15 21:49:46.333 69934 INFO tempest.lib.common.rest_client [req-27a9b2cd-6dc1-40d1-be26-a08ab47b12ba req-27a9b2cd-6dc1-40d1-be26-a08ab47b12ba ] Request (FlavorsAccessNegativeTestJSON:test_remove_flavor_access_not_found): 200 POST http://10.180.1.21/compute/v2.1/flavors 1.077s
2025-01-15 21:49:46.338 69902 INFO tempest.lib.common.rest_client [req-8defd044-369c-4304-bc2a-c0f8c9e20d49 req-8defd044-369c-4304-bc2a-c0f8c9e20d49 ] Request (InstanceActionsV221TestJSON:setUpClass): 201 POST http://10.180.1.21:9696/networking/v2.0/routers 1.350s
2025-01-15 21:49:46.412 69950 INFO tempest.lib.common.rest_client [req-96da5c05-0fb9-4822-a555-38117b44102a req-96da5c05-0fb9-4822-a555-38117b44102a ] Request (ServerGroup264TestJSON:setUpClass): 201 POST http://10.180.1.21:9696/networking/v2.0/networks 0.555s
2025-01-15 21:49:46.465 69900 INFO tempest.lib.common.rest_client [req-215bceb2-3e6a-44d9-8cf5-91dcc20c30a9 req-215bceb2-3e6a-44d9-8cf5-91dcc20c30a9 ] Request (QuotasAdminTestJSON:tearDownClass): 200 GET http://10.180.1.21:9696/networking/v2.0/security-groups?tenant_id=da5b27762b6f46cd80c7b1bb143e6768&name=default 0.215s
2025-01-15 21:49:46.602 69900 INFO tempest.lib.common.rest_client [req-858e910c-103a-4d97-9e33-161b45e377c3 req-858e910c-103a-4d97-9e33-161b45e377c3 ] Request (QuotasAdminTestJSON:tearDownClass): 204 DELETE http://10.180.1.21:9696/networking/v2.0/security-groups/89d6c442-edb2-4217-ab64-dcf3414f14a8 0.136s
2025-01-15 21:49:46.644 69920 INFO tempest.lib.common.rest_client [req-ecc8f3af-9b40-421a-ab1a-9efde8eafc26 req-ecc8f3af-9b40-421a-ab1a-9efde8eafc26 ] Request (KeyPairsV210TestJSON:tearDownClass): 204 DELETE http://10.180.1.21:9696/networking/v2.0/security-groups/10277e90-5ae7-493f-88e2-3d3dcc12457e 0.428s
2025-01-15 21:49:46.651 69950 INFO tempest.lib.common.rest_client [req-b243d4fb-0acf-4bb8-aa79-cdfc90fcd76f req-b243d4fb-0acf-4bb8-aa79-cdfc90fcd76f ] Request (ServerGroup264TestJSON:setUpClass): 201 POST http://10.180.1.21:9696/networking/v2.0/subnets 0.239s
2025-01-15 21:49:46.666 69908 INFO tempest.lib.common.rest_client [req-eca57cc9-c47b-41b0-8e8c-bf3d2b691cda req-eca57cc9-c47b-41b0-8e8c-bf3d2b691cda ] Request (SecurityGroupRulesTestJSON:test_security_group_rules_delete_when_peer_group_deleted): 202 DELETE http://10.180.1.21/compute/v2.1/os-security-groups/079bf979-1151-4e2e-9513-908820c195bb 1.628s
2025-01-15 21:49:46.690 69894 INFO tempest.lib.common.rest_client [req-54e74215-1ed2-4546-848c-c7b0fb6068e3 req-54e74215-1ed2-4546-848c-c7b0fb6068e3 ] Request (FlavorsAdminTestJSON:test_create_server_with_non_public_flavor): 200 POST http://10.180.1.21/compute/v2.1/flavors 1.397s
2025-01-15 21:49:46.718 69896 INFO tempest.lib.common.rest_client [req-0c80ca3c-474b-4b55-97bb-2481b10e7f6e req-0c80ca3c-474b-4b55-97bb-2481b10e7f6e ] Request (ServicesAdminTestJSON:test_get_service_by_service_binary_name): 200 GET http://10.180.1.21/compute/v2.1/os-services?binary=nova-compute 1.405s
2025-01-15 21:49:46.732 69900 INFO tempest.lib.common.rest_client [req-8c19473e-7f7d-4c7c-871e-4630b73014de req-8c19473e-7f7d-4c7c-871e-4630b73014de ] Request (QuotasAdminTestJSON:tearDownClass): 204 DELETE http://10.180.1.21/identity/v3/projects/da5b27762b6f46cd80c7b1bb143e6768 0.129s
2025-01-15 21:49:46.736 69920 INFO tempest.lib.common.rest_client [req-4bc9b71f-9a91-446d-ba7f-2985d8efc714 req-4bc9b71f-9a91-446d-ba7f-2985d8efc714 ] Request (KeyPairsV210TestJSON:tearDownClass): 204 DELETE http://10.180.1.21/identity/v3/projects/2c099d644b394e308fd5ca997150622f 0.092s
2025-01-15 21:49:46.737 69920 INFO tempest.lib.common.dynamic_creds [-] Deleting project and security group for project: 777e02f393fd4a7eb699b343408b9771
2025-01-15 21:49:46.823 69900 INFO tempest.lib.common.rest_client [req-cb5eae18-755d-4a3a-8f5e-83bc5af85494 req-cb5eae18-755d-4a3a-8f5e-83bc5af85494 ] Request (FlavorsV2TestJSON:setUpClass): 201 POST http://10.180.1.21/identity/v3/auth/tokens 0.089s
2025-01-15 21:49:46.839 69890 INFO tempest.lib.common.rest_client [req-1475bdee-12e3-4e31-a2d3-934df50df86f req-1475bdee-12e3-4e31-a2d3-934df50df86f ] Request (ServersV294TestFqdnHostnames:setUpClass): 200 GET http://10.180.1.21/compute/v2.1/servers/39608020-7573-4a14-992e-63b35194174d 1.503s
2025-01-15 21:49:46.850 69924 INFO tempest.lib.common.rest_client [req-ccddba81-689c-4041-b0e8-6c023788b5b7 req-ccddba81-689c-4041-b0e8-6c023788b5b7 ] Request (KeyPairsV22TestJSON:test_keypairsv22_create_list_show_with_type): 201 POST http://10.180.1.21/compute/v2.1/os-keypairs 1.584s
2025-01-15 21:49:46.874 69900 INFO tempest.lib.common.rest_client [req-bb9293e4-fbd4-4fa6-ac97-671e9f549271 req-bb9293e4-fbd4-4fa6-ac97-671e9f549271 ] Request (FlavorsV2TestJSON:setUpClass): 201 POST http://10.180.1.21/identity/v3/auth/tokens 0.049s
2025-01-15 21:49:46.900 69900 INFO tempest.lib.common.rest_client [req-f738c696-93dd-4e1d-ac7c-8764f00e02d7 req-f738c696-93dd-4e1d-ac7c-8764f00e02d7 ] Request (FlavorsV2TestJSON:setUpClass): 200 GET http://10.180.1.21/identity/v3/domains?name=Default 0.025s
2025-01-15 21:49:46.934 69900 INFO tempest.lib.common.rest_client [req-2dad10cc-45a3-415e-bebb-1caf064278c3 req-2dad10cc-45a3-415e-bebb-1caf064278c3 ] Request (FlavorsV2TestJSON:setUpClass): 201 POST http://10.180.1.21/identity/v3/projects 0.033s
2025-01-15 21:49:46.947 69906 INFO tempest.lib.common.rest_client [req-254a9b6b-5ec3-4249-b250-9a6138d06172 req-254a9b6b-5ec3-4249-b250-9a6138d06172 ] Request (DeleteServersAdminTestJSON:test_delete_server_while_in_error_state): 200 GET http://10.180.1.21/compute/v2.1/servers/a12b718b-f3c1-4cf7-b507-43eb7978d3a7 1.539s
2025-01-15 21:49:46.955 69906 INFO tempest.common.waiters [-] State transition "BUILD/scheduling" ==> "BUILD/None" after 2 second wait
2025-01-15 21:49:47.003 69922 INFO tempest.lib.common.rest_client [req-97104b09-fa77-472c-aeb1-4324de247878 req-97104b09-fa77-472c-aeb1-4324de247878 ] Request (TenantUsagesTestJSON:test_list_usage_all_tenants): 200 GET http://10.180.1.21/compute/v2.1/os-simple-tenant-usage?start=2025-01-14T21%3A49%3A43.551287&end=2025-01-16T21%3A49%3A43.551287&detailed=1 1.431s
2025-01-15 21:49:47.018 69900 INFO tempest.lib.common.rest_client [req-e51b7659-0fea-4edf-b8d2-b3046b353e35 req-e51b7659-0fea-4edf-b8d2-b3046b353e35 ] Request (FlavorsV2TestJSON:setUpClass): 201 POST http://10.180.1.21/identity/v3/users 0.084s
2025-01-15 21:49:47.049 69900 INFO tempest.lib.common.rest_client [req-2e59ee17-f064-4b16-8975-1adce0a69187 req-2e59ee17-f064-4b16-8975-1adce0a69187 ] Request (FlavorsV2TestJSON:setUpClass): 200 GET http://10.180.1.21/identity/v3/roles 0.031s
2025-01-15 21:49:47.083 69900 INFO tempest.lib.common.rest_client [req-19c4ca05-815d-45fd-92f9-6b5382f60765 req-19c4ca05-815d-45fd-92f9-6b5382f60765 ] Request (FlavorsV2TestJSON:setUpClass): 204 PUT http://10.180.1.21/identity/v3/projects/65087044ab0545fc88780502eca2cb6c/users/4eac00d89d744837b7d2502a977a65ae/roles/801815b3d4d74e39b5e59ab4f1364129 0.033s
2025-01-15 21:49:47.084 69900 INFO tempest.lib.common.dynamic_creds [-] Dynamic test user 4eac00d89d744837b7d2502a977a65ae is created with scope project and roles: ['member']
2025-01-15 21:49:47.084 69900 INFO tempest.lib.common.dynamic_creds [-] Acquired dynamic creds: credentials: Credentials: {'domain_id': 'default', 'domain_name': 'Default', 'username': 'tempest-FlavorsV2TestJSON-2060190338-project-member', 'project_domain_id': 'default', 'project_domain_name': 'Default', 'project_id': '65087044ab0545fc88780502eca2cb6c', 'project_name': 'tempest-FlavorsV2TestJSON-2060190338', 'tenant_id': '65087044ab0545fc88780502eca2cb6c', 'tenant_name': 'tempest-FlavorsV2TestJSON-2060190338', 'user_domain_id': 'default', 'user_domain_name': 'Default', 'user_id': '4eac00d89d744837b7d2502a977a65ae', 'system': None}, Network: None, Subnet: None, Router: None
2025-01-15 21:49:47.084 69900 INFO tempest.lib.common.dynamic_creds [-] Created isolated network resources for: credentials: Credentials: {'domain_id': 'default', 'domain_name': 'Default', 'username': 'tempest-FlavorsV2TestJSON-2060190338-project-member', 'project_domain_id': 'default', 'project_domain_name': 'Default', 'project_id': '65087044ab0545fc88780502eca2cb6c', 'project_name': 'tempest-FlavorsV2TestJSON-2060190338', 'tenant_id': '65087044ab0545fc88780502eca2cb6c', 'tenant_name': 'tempest-FlavorsV2TestJSON-2060190338', 'user_domain_id': 'default', 'user_domain_name': 'Default', 'user_id': '4eac00d89d744837b7d2502a977a65ae', 'system': None}, Network: None, Subnet: None, Router: None
2025-01-15 21:49:47.107 69920 INFO tempest.lib.common.rest_client [req-72a3c5ea-e12e-47c6-88c8-a1bc85f94f44 req-72a3c5ea-e12e-47c6-88c8-a1bc85f94f44 ] Request (KeyPairsV210TestJSON:tearDownClass): 200 GET http://10.180.1.21:9696/networking/v2.0/security-groups?tenant_id=777e02f393fd4a7eb699b343408b9771&name=default 0.370s
2025-01-15 21:49:47.171 69900 INFO tempest.lib.common.rest_client [req-02b3c8c8-d8cd-4e2b-869d-c8e643d405e2 req-02b3c8c8-d8cd-4e2b-869d-c8e643d405e2 ] Request (FlavorsV2TestJSON:setUpClass): 201 POST http://10.180.1.21/identity/v3/auth/tokens 0.080s
2025-01-15 21:49:47.233 69930 INFO tempest.lib.common.rest_client [req-02c60d81-00f6-4286-9fa4-37b8f5730232 req-02c60d81-00f6-4286-9fa4-37b8f5730232 ] Request (VolumesAssistedSnapshotsTest:test_volume_assisted_snapshot_create_delete): 200 GET http://10.180.1.21/compute/v2.1/servers/0f0044f5-3c84-4747-b1c2-80efae3fc86f 1.881s
2025-01-15 21:49:47.249 69946 INFO tempest.lib.common.rest_client [req-9dffe8bf-6401-482e-befc-f5868c323229 req-9dffe8bf-6401-482e-befc-f5868c323229 ] Request (AggregatesAdminNegativeTestJSON:test_aggregate_delete_with_invalid_id): 404 DELETE http://10.180.1.21/compute/v2.1/os-aggregates/-1 1.528s
2025-01-15 21:49:47.274 69910 INFO tempest.lib.common.rest_client [req-5faff001-a8bf-409b-96c0-13e8e64e20cf req-5faff001-a8bf-409b-96c0-13e8e64e20cf ] Request (QuotasAdminTestV236:test_get_updated_quotas): 200 PUT http://10.180.1.21/compute/v2.1/os-quota-sets/e8f2745be4e64dc0ac6c0d685099226d 1.654s
2025-01-15 21:49:47.302 69948 INFO tempest.lib.common.rest_client [req-b62d907d-66c1-41bf-9fed-4385d579b640 req-b62d907d-66c1-41bf-9fed-4385d579b640 ] Request (ServerDiagnosticsNegativeTest:tearDownClass): 404 GET http://10.180.1.21/compute/v2.1/servers/67ea183b-672d-407b-992d-bf0e916ea4d2 1.487s
2025-01-15 21:49:47.319 69920 INFO tempest.lib.common.rest_client [req-afb6c6ff-8c56-4368-9f9f-f4e1b0d2e133 req-afb6c6ff-8c56-4368-9f9f-f4e1b0d2e133 ] Request (KeyPairsV210TestJSON:tearDownClass): 204 DELETE http://10.180.1.21:9696/networking/v2.0/security-groups/f2621543-0156-4019-a792-57038ad624e3 0.212s
2025-01-15 21:49:47.388 69916 INFO tempest.lib.common.rest_client [req-8e0f6aa4-c000-42c8-9b2c-1b3ce7389186 req-8e0f6aa4-c000-42c8-9b2c-1b3ce7389186 ] Request (ImagesOneServerTestJSON:setUpClass): 200 GET http://10.180.1.21/compute/v2.1/servers/9e74c08e-a5ad-4a77-8dd2-270a67567436 1.555s
2025-01-15 21:49:47.446 69920 INFO tempest.lib.common.rest_client [req-c847aad0-a1b3-40f6-b90d-30e132439f8e req-c847aad0-a1b3-40f6-b90d-30e132439f8e ] Request (KeyPairsV210TestJSON:tearDownClass): 204 DELETE http://10.180.1.21/identity/v3/projects/777e02f393fd4a7eb699b343408b9771 0.126s
2025-01-15 21:49:47.471 69948 INFO tempest.lib.common.rest_client [req-394285a6-2593-4bc6-91f9-dfb9808734f1 req-394285a6-2593-4bc6-91f9-dfb9808734f1 ] Request (ServerDiagnosticsNegativeTest:tearDownClass): 204 DELETE http://10.180.1.21/identity/v3/users/e6312cf57d8d4e78865a5acba9803eab 0.168s
2025-01-15 21:49:47.529 69942 INFO tempest.lib.common.rest_client [req-0d018c1c-c6aa-4644-a718-0ec8fedf0b1a req-0d018c1c-c6aa-4644-a718-0ec8fedf0b1a ] Request (ImagesMetadataTestJSON:test_set_image_metadata): 200 PUT http://10.180.1.21/compute/v2.1/images/d83339c1-57a0-4f0d-b26f-81108f26d2d4/metadata 1.726s
2025-01-15 21:49:47.533 69920 INFO tempest.lib.common.rest_client [req-2a287cea-5c9f-458a-8f0c-cf140d6adb1f req-2a287cea-5c9f-458a-8f0c-cf140d6adb1f ] Request (DeleteServersTestJSON:setUpClass): 201 POST http://10.180.1.21/identity/v3/auth/tokens 0.086s
2025-01-15 21:49:47.561 69914 INFO tempest.lib.common.rest_client [req-7ebc9392-f398-4fe8-9b10-d40547ff03a6 req-7ebc9392-f398-4fe8-9b10-d40547ff03a6 ] Request (ListImageFiltersTestJSON:setUpClass): 200 GET http://10.180.1.21/compute/v2.1/images/77311f7f-4f65-4d7f-9d76-b09dd9f470f7 1.660s
2025-01-15 21:49:47.577 69920 INFO tempest.lib.common.rest_client [req-94816068-660f-4d87-b8dc-1eca2e3e9dd7 req-94816068-660f-4d87-b8dc-1eca2e3e9dd7 ] Request (DeleteServersTestJSON:setUpClass): 201 POST http://10.180.1.21/identity/v3/auth/tokens 0.041s
2025-01-15 21:49:47.595 69948 INFO tempest.lib.common.rest_client [req-1096b679-9f70-455e-b0ff-afc03810f6b1 req-1096b679-9f70-455e-b0ff-afc03810f6b1 ] Request (ServerDiagnosticsNegativeTest:tearDownClass): 204 DELETE http://10.180.1.21/identity/v3/users/3e8cb05d31ff4af88cd97b8bdde26648 0.124s
2025-01-15 21:49:47.597 69948 INFO tempest.lib.common.dynamic_creds [-] Deleting project and security group for project: 22e632681d0240bea75e6ce5e3bb99dd
2025-01-15 21:49:47.602 69944 INFO tempest.lib.common.rest_client [req-c329e1c1-66d1-432e-b13e-a66fdb1b0a83 req-c329e1c1-66d1-432e-b13e-a66fdb1b0a83 ] Request (InstanceActionsNegativeTestJSON:test_get_instance_action_invalid_request): 404 GET http://10.180.1.21/compute/v2.1/servers/c805030a-dd64-4b39-885d-bf7b21d76cdc/os-instance-actions/999 1.591s
2025-01-15 21:49:47.630 69920 INFO tempest.lib.common.rest_client [req-08292ad3-5efc-4c59-bc83-666a3819ec18 req-08292ad3-5efc-4c59-bc83-666a3819ec18 ] Request (DeleteServersTestJSON:setUpClass): 200 GET http://10.180.1.21/identity/v3/domains?name=Default 0.052s
2025-01-15 21:49:47.642 69936 WARNING tempest.lib.common.ssh [-] Failed to establish authenticated ssh connection to cirros@10.180.180.226 ([Errno None] Unable to connect to port 22 on 10.180.180.226). Number attempts: 1. Retry after 2 seconds.: paramiko.ssh_exception.NoValidConnectionsError: [Errno None] Unable to connect to port 22 on 10.180.180.226
2025-01-15 21:49:47.660 69928 INFO tempest.lib.common.rest_client [req-f9506ede-1324-41cf-8bfd-4033f5f686ff req-f9506ede-1324-41cf-8bfd-4033f5f686ff ] Request (VolumesNegativeTest:test_volume_delete_nonexistent_volume_id): 404 DELETE http://10.180.1.21/compute/v2.1/os-volumes/e430980d-4439-44dd-ac2e-c9d8d0f0f2ab 1.451s
2025-01-15 21:49:47.665 69948 INFO tempest.lib.common.rest_client [req-a7282773-87b1-4ab8-872b-4b4988d5d456 req-a7282773-87b1-4ab8-872b-4b4988d5d456 ] Request (ServerDiagnosticsNegativeTest:tearDownClass): 201 POST http://10.180.1.21/identity/v3/auth/tokens 0.068s
2025-01-15 21:49:47.698 69920 INFO tempest.lib.common.rest_client [req-52f4ae30-5c33-4bc2-b278-3fe69d65ba32 req-52f4ae30-5c33-4bc2-b278-3fe69d65ba32 ] Request (DeleteServersTestJSON:setUpClass): 201 POST http://10.180.1.21/identity/v3/projects 0.066s
2025-01-15 21:49:47.775 69920 INFO tempest.lib.common.rest_client [req-3cf7f8ac-db4c-483c-b0d7-86a5f5751140 req-3cf7f8ac-db4c-483c-b0d7-86a5f5751140 ] Request (DeleteServersTestJSON:setUpClass): 201 POST http://10.180.1.21/identity/v3/users 0.077s
2025-01-15 21:49:47.803 69920 INFO tempest.lib.common.rest_client [req-db083d60-753f-435d-8b9b-3339c46aa2f3 req-db083d60-753f-435d-8b9b-3339c46aa2f3 ] Request (DeleteServersTestJSON:setUpClass): 200 GET http://10.180.1.21/identity/v3/roles 0.027s
2025-01-15 21:49:47.834 69948 INFO tempest.lib.common.rest_client [req-c8283f79-b302-4d0e-9ece-2b4788ae33dd req-c8283f79-b302-4d0e-9ece-2b4788ae33dd ] Request (ServerDiagnosticsNegativeTest:tearDownClass): 200 GET http://10.180.1.21:9696/networking/v2.0/security-groups?tenant_id=22e632681d0240bea75e6ce5e3bb99dd&name=default 0.169s
2025-01-15 21:49:47.839 69920 INFO tempest.lib.common.rest_client [req-08cd6c00-3dcb-463d-9066-f16ed94b2e2f req-08cd6c00-3dcb-463d-9066-f16ed94b2e2f ] Request (DeleteServersTestJSON:setUpClass): 204 PUT http://10.180.1.21/identity/v3/projects/50478645fdd0483f90458f6cf074158a/users/7dd94217e21649658a7af85579579d95/roles/801815b3d4d74e39b5e59ab4f1364129 0.036s
