2025-01-15 21:52:35.705 69918 INFO tempest.lib.common.rest_client [req-e996a42c-cc34-48a3-bc40-23ff60cacd37 req-e996a42c-cc34-48a3-bc40-23ff60cacd37 ] Request (ServerTagsTestJSON:tearDownClass): 200 GET http://10.180.1.21:9696/networking/v2.0/security-groups?tenant_id=ceabbe69d21d4dbfb03bc1eaa56a1c26&name=default 0.035s
2025-01-15 21:52:35.828 69918 INFO tempest.lib.common.rest_client [req-5239ecaf-e365-4600-b6d0-794ee4378933 req-5239ecaf-e365-4600-b6d0-794ee4378933 ] Request (ServerTagsTestJSON:tearDownClass): 204 DELETE http://10.180.1.21:9696/networking/v2.0/security-groups/68d1303f-5987-43bb-942e-e031f2699679 0.122s
2025-01-15 21:52:35.875 69930 INFO paramiko.transport [-] Connected (version 2.0, client dropbear_2020.81)
2025-01-15 21:52:35.941 69918 INFO tempest.lib.common.rest_client [req-c3fc5d69-2fc9-4942-ac7a-80a92acd5ebf req-c3fc5d69-2fc9-4942-ac7a-80a92acd5ebf ] Request (ServerTagsTestJSON:tearDownClass): 204 DELETE http://10.180.1.21/identity/v3/projects/ceabbe69d21d4dbfb03bc1eaa56a1c26 0.113s
2025-01-15 21:52:35.987 69930 INFO paramiko.transport [-] Authentication (publickey) successful!
2025-01-15 21:52:35.989 69930 INFO tempest.lib.common.ssh [-] ssh connection to cirros@10.180.180.254 successfully created
2025-01-15 21:52:36.738 69936 INFO tempest.lib.common.rest_client [req-e44cebe2-363e-4df2-9d43-b89a0bfbf271 req-e44cebe2-363e-4df2-9d43-b89a0bfbf271 ] Request (VolumesAdminNegativeTest:test_update_attached_volume_with_nonexistent_volume_in_body): 200 GET http://10.180.1.21/volume/v3/volumes/9b4a2bca-6d81-49ea-ba5d-8d4a6ba31210 0.032s
2025-01-15 21:52:36.746 69936 INFO tempest.common.waiters [-] Attachment cbc0de48-0974-4aff-a1cd-92cd168df7dd created for volume 9b4a2bca-6d81-49ea-ba5d-8d4a6ba31210 to server 12794998-75d0-4314-8c83-089c0d596d98 after waiting for 8.746532 seconds
2025-01-15 21:52:36.772 69936 INFO tempest.lib.common.rest_client [req-68b81da8-fc7c-4bc8-a8ba-801b6d20d436 req-68b81da8-fc7c-4bc8-a8ba-801b6d20d436 ] Request (VolumesAdminNegativeTest:test_update_attached_volume_with_nonexistent_volume_in_body): 200 GET http://10.180.1.21/volume/v3/volumes/9b4a2bca-6d81-49ea-ba5d-8d4a6ba31210 0.025s
2025-01-15 21:52:36.778 69936 INFO tempest.common.waiters [-] volume 9b4a2bca-6d81-49ea-ba5d-8d4a6ba31210 reached in-use after waiting for 0.778405 seconds
2025-01-15 21:52:37.793 69932 INFO tempest.lib.common.rest_client [req-4ea34c3f-5f09-4fdf-a760-d69d358525e6 req-4ea34c3f-5f09-4fdf-a760-d69d358525e6 ] Request (ServerActionsTestOtherB:test_create_backup): 200 GET http://10.180.1.21/image/v2/images/26acfdee-b9af-4307-bc59-38866c65aa92 3.705s
2025-01-15 21:52:37.845 69932 INFO tempest.lib.common.rest_client [req-b17007c4-3814-42fe-9744-fbd1bf3d771d req-b17007c4-3814-42fe-9744-fbd1bf3d771d ] Request (ServerActionsTestOtherB:test_create_backup): 200 GET http://10.180.1.21/image/v2/images/26acfdee-b9af-4307-bc59-38866c65aa92/tasks 0.051s
2025-01-15 21:52:37.853 69926 INFO tempest.lib.common.rest_client [req-128e42af-00f1-4949-9c12-480238132ea9 req-128e42af-00f1-4949-9c12-480238132ea9 ] Request (ImagesTestJSON:test_create_image_from_stopped_server): 200 GET http://10.180.1.21/compute/v2.1/images/d5a25b3c-7695-462d-ad7e-b8005c7c4973 3.586s
2025-01-15 21:52:37.917 69894 INFO tempest.lib.common.rest_client [req-19de8317-ee7f-4014-8d7e-9d75fb53ee03 req-19de8317-ee7f-4014-8d7e-9d75fb53ee03 ] Request (ServersTestJSON:setUpClass): 200 GET http://10.180.1.21/compute/v2.1/servers/81dced0e-b416-4f36-be68-c220055fcc9b 3.485s
2025-01-15 21:52:37.975 69922 INFO tempest.lib.common.rest_client [req-d6e71041-c90d-4418-ad68-fd03a62d4507 req-d6e71041-c90d-4418-ad68-fd03a62d4507 ] Request (ServerShowV247Test:test_update_rebuild_list_server): 202 POST http://10.180.1.21/compute/v2.1/servers/48fbe0ca-2762-4b37-9c68-0c1022cd9a3f/action 3.703s
2025-01-15 21:52:38.121 69912 INFO tempest.lib.common.rest_client [req-577af38f-8a17-4a00-ab95-38cacabfea03 req-577af38f-8a17-4a00-ab95-38cacabfea03 ] Request (ServerDiskConfigTestJSON:test_resize_server_from_auto_to_manual): 200 GET http://10.180.1.21/compute/v2.1/servers/822b1fbf-c604-4f57-82cc-633690574383 3.670s
2025-01-15 21:52:38.188 69914 INFO tempest.lib.common.rest_client [req-d84e089c-0239-4d2f-8d08-98ddd62d36e8 req-d84e089c-0239-4d2f-8d08-98ddd62d36e8 ] Request (ServerShowV254Test:test_rebuild_server): 202 POST http://10.180.1.21/compute/v2.1/servers 3.738s
2025-01-15 21:52:38.204 69934 INFO tempest.lib.common.rest_client [req-80b2c554-a4d8-46a9-8655-565545f7ea11 req-80b2c554-a4d8-46a9-8655-565545f7ea11 ] Request (ServersTestMultiNic:_run_cleanups): 200 GET http://10.180.1.21/compute/v2.1/servers/75bcea14-2e4c-4970-92c1-9b7291055caf 3.695s
2025-01-15 21:52:38.267 69906 INFO tempest.lib.common.rest_client [req-86aaef4e-bfc0-4120-8741-6046dd5cd628 req-86aaef4e-bfc0-4120-8741-6046dd5cd628 ] Request (ServerGroupTestJSON:test_create_delete_multiple_server_groups_with_same_name_policy): 200 POST http://10.180.1.21/compute/v2.1/os-server-groups 3.727s
2025-01-15 21:52:38.269 69938 INFO tempest.lib.common.rest_client [req-1d8d6c88-95f4-4bfd-ac69-30eb0956d545 req-1d8d6c88-95f4-4bfd-ac69-30eb0956d545 ] Request (ServersTestBootFromVolume:tearDownClass): 200 GET http://10.180.1.21/compute/v2.1/servers/83134349-357b-4f50-a7d8-4b3f8d1cab06 3.735s
2025-01-15 21:52:38.330 69946 INFO tempest.lib.common.rest_client [req-e131e357-d54b-4372-9aa5-eec6ee262560 req-e131e357-d54b-4372-9aa5-eec6ee262560 ] Request (ServersWithSpecificFlavorTestJSON:test_verify_created_server_ephemeral_disk): 200 GET http://10.180.1.21/compute/v2.1/servers/594ad43b-34f1-429c-8354-5420881d019f 3.749s
2025-01-15 21:52:38.347 69920 INFO tempest.lib.common.rest_client [req-a9b70341-71d9-47e2-bd43-3089add995a1 req-a9b70341-71d9-47e2-bd43-3089add995a1 ] Request (DeleteServersTestJSON:test_delete_server_while_in_attached_volume): 200 GET http://10.180.1.21/compute/v2.1/servers/185999ec-c0f8-43e1-841e-c7a99aecdbb2 3.714s
2025-01-15 21:52:38.399 69892 INFO tempest.lib.common.rest_client [req-b5059098-2366-4d8d-9832-71a2035b2aa2 req-b5059098-2366-4d8d-9832-71a2035b2aa2 ] Request (ServersAdminNegativeTestJSON:test_migrate_server_invalid_state): 200 GET http://10.180.1.21/compute/v2.1/servers/1f732a2c-94c4-4975-8c98-c31edc796f0d 3.499s
2025-01-15 21:52:38.461 69948 INFO tempest.lib.common.rest_client [req-89c154e2-e3fa-4b15-bd1e-fae95b725d61 req-89c154e2-e3fa-4b15-bd1e-fae95b725d61 ] Request (ImagesOneServerNegativeTestJSON:_run_cleanups): 200 GET http://10.180.1.21/compute/v2.1/servers/9eea82ef-9658-4528-8d1f-61aed8f7deb3 3.389s
2025-01-15 21:52:38.470 69948 INFO tempest.common.waiters [-] State transition "ACTIVE/deleting" ==> "DELETED/None" after 8 second wait
2025-01-15 21:52:38.496 69910 INFO tempest.lib.common.rest_client [req-be642d1b-dc8d-4a74-b567-07b6a9218622 req-be642d1b-dc8d-4a74-b567-07b6a9218622 ] Request (ServersAdminTestJSON:test_inject_network_info): 200 GET http://10.180.1.21/compute/v2.1/servers/6bf103ce-3c9d-4421-88fc-37b1f5bc9735 3.740s
2025-01-15 21:52:38.504 69910 INFO tempest.common.waiters [-] State transition "BUILD/None" ==> "BUILD/networking" after 30 second wait
2025-01-15 21:52:38.531 69940 INFO tempest.lib.common.rest_client [req-f89c896c-66f7-4298-b005-967c89d224a4 req-f89c896c-66f7-4298-b005-967c89d224a4 ] Request (ServersNegativeTestJSON:setUpClass): 200 GET http://10.180.1.21/compute/v2.1/servers/b2c7feaf-8606-4163-bc08-984e677f276f 3.361s
2025-01-15 21:52:38.532 69896 WARNING tempest.lib.common.ssh [-] Failed to establish authenticated ssh connection to cirros@10.180.180.162 ([Errno None] Unable to connect to port 22 on 10.180.180.162). Number attempts: 11. Retry after 12 seconds.: paramiko.ssh_exception.NoValidConnectionsError: [Errno None] Unable to connect to port 22 on 10.180.180.162
2025-01-15 21:52:38.614 69952 INFO tempest.lib.common.rest_client [req-4276103b-756c-4ebe-a6d4-97f5bc7a779c req-4276103b-756c-4ebe-a6d4-97f5bc7a779c ] Request (MigrationsAdminTest:test_resize_server_revert_deleted_flavor): 200 GET http://10.180.1.21/compute/v2.1/servers/d3628447-3d8b-4bc4-a2f9-cd42fc64583a 3.365s
2025-01-15 21:52:38.623 69952 INFO tempest.common.waiters [-] State transition "RESIZE/resize_finish" ==> "VERIFY_RESIZE/None" after 38 second wait
2025-01-15 21:52:38.759 69936 INFO tempest.lib.common.rest_client [req-646f6725-026a-4eb7-beca-94ffcab2d6ed req-646f6725-026a-4eb7-beca-94ffcab2d6ed ] Request (VolumesAdminNegativeTest:test_update_attached_volume_with_nonexistent_volume_in_body): 400 PUT http://10.180.1.21/compute/v2.1/servers/12794998-75d0-4314-8c83-089c0d596d98/os-volume_attachments/9b4a2bca-6d81-49ea-ba5d-8d4a6ba31210 1.981s
2025-01-15 21:52:38.784 69936 INFO tempest.lib.common.rest_client [req-f454d8cd-775b-42ca-88e9-1a935e80603d req-f454d8cd-775b-42ca-88e9-1a935e80603d ] Request (VolumesAdminNegativeTest:_run_cleanups): 200 GET http://10.180.1.21/volume/v3/volumes/9b4a2bca-6d81-49ea-ba5d-8d4a6ba31210 0.024s
2025-01-15 21:52:38.895 69932 INFO tempest.lib.common.rest_client [req-1378c304-5c54-4235-8b00-649fb5d86c96 req-1378c304-5c54-4235-8b00-649fb5d86c96 ] Request (ServerActionsTestOtherB:test_create_backup): 200 GET http://10.180.1.21/compute/v2.1/servers/e700d31e-42ca-4a44-a8f5-2f8985141068 1.050s
2025-01-15 21:52:38.947 69922 INFO tempest.lib.common.rest_client [req-63162134-92d6-4099-8246-c84869499a2d req-63162134-92d6-4099-8246-c84869499a2d ] Request (ServerShowV247Test:test_update_rebuild_list_server): 200 GET http://10.180.1.21/compute/v2.1/servers/48fbe0ca-2762-4b37-9c68-0c1022cd9a3f 0.966s
2025-01-15 21:52:38.995 69914 INFO tempest.lib.common.rest_client [req-3dc6c4cf-11fd-4dec-9196-f608d4888cfd req-3dc6c4cf-11fd-4dec-9196-f608d4888cfd ] Request (ServerShowV254Test:test_rebuild_server): 200 GET http://10.180.1.21/compute/v2.1/servers/8f482a08-b005-44b3-a5d3-11a759ee4cd0 0.805s
2025-01-15 21:52:39.038 69906 INFO tempest.lib.common.rest_client [req-c0b62c31-d87b-4e47-ab01-27a23ce05d88 req-c0b62c31-d87b-4e47-ab01-27a23ce05d88 ] Request (ServerGroupTestJSON:test_create_delete_multiple_server_groups_with_same_name_policy): 200 POST http://10.180.1.21/compute/v2.1/os-server-groups 0.770s
2025-01-15 21:52:39.134 69952 INFO tempest.lib.common.rest_client [req-f5b5d81c-c962-44d1-b85e-a0d640c889ba req-f5b5d81c-c962-44d1-b85e-a0d640c889ba ] Request (MigrationsAdminTest:test_resize_server_revert_deleted_flavor): 202 POST http://10.180.1.21/compute/v2.1/servers/d3628447-3d8b-4bc4-a2f9-cd42fc64583a/action 0.511s
2025-01-15 21:52:39.303 69936 INFO tempest.lib.common.rest_client [req-cde02b62-70f4-4b4e-a6af-53b4fc7fb2e2 req-cde02b62-70f4-4b4e-a6af-53b4fc7fb2e2 ] Request (VolumesAdminNegativeTest:_run_cleanups): 202 DELETE http://10.180.1.21/compute/v2.1/servers/12794998-75d0-4314-8c83-089c0d596d98/os-volume_attachments/9b4a2bca-6d81-49ea-ba5d-8d4a6ba31210 0.512s
2025-01-15 21:52:39.337 69926 INFO tempest.lib.common.rest_client [req-d4112218-f655-478d-9802-ee05be7ae8a7 req-d4112218-f655-478d-9802-ee05be7ae8a7 ] Request (ImagesTestJSON:test_create_image_from_stopped_server): 200 GET http://10.180.1.21/compute/v2.1/images/d5a25b3c-7695-462d-ad7e-b8005c7c4973 0.478s
2025-01-15 21:52:39.390 69894 INFO tempest.lib.common.rest_client [req-62ee2565-0b84-4aa3-bfbe-6d33e0684523 req-62ee2565-0b84-4aa3-bfbe-6d33e0684523 ] Request (ServersTestJSON:setUpClass): 200 GET http://10.180.1.21/compute/v2.1/servers/81dced0e-b416-4f36-be68-c220055fcc9b 0.464s
2025-01-15 21:52:39.409 69906 INFO tempest.lib.common.rest_client [req-f337552b-606a-46e9-b133-9df04ea2dd7f req-f337552b-606a-46e9-b133-9df04ea2dd7f ] Request (ServerGroupTestJSON:test_create_delete_multiple_server_groups_with_same_name_policy): 204 DELETE http://10.180.1.21/compute/v2.1/os-server-groups/38833966-c197-4f1e-a44c-6aa701e72133 0.369s
2025-01-15 21:52:39.518 69912 INFO tempest.lib.common.rest_client [req-e6e03c76-9b2c-4ce2-bf23-f0dc27cfc4bd req-e6e03c76-9b2c-4ce2-bf23-f0dc27cfc4bd ] Request (ServerDiskConfigTestJSON:test_resize_server_from_auto_to_manual): 200 GET http://10.180.1.21/compute/v2.1/servers/822b1fbf-c604-4f57-82cc-633690574383 0.385s
2025-01-15 21:52:39.657 69952 INFO tempest.lib.common.rest_client [req-97e3c1e8-3abb-46eb-91e4-68b2001737e2 req-97e3c1e8-3abb-46eb-91e4-68b2001737e2 ] Request (MigrationsAdminTest:test_resize_server_revert_deleted_flavor): 200 GET http://10.180.1.21/compute/v2.1/servers/d3628447-3d8b-4bc4-a2f9-cd42fc64583a 0.523s
2025-01-15 21:52:39.718 69934 INFO tempest.lib.common.rest_client [req-4d61420e-ab4b-4e08-887c-f8b765e762be req-4d61420e-ab4b-4e08-887c-f8b765e762be ] Request (ServersTestMultiNic:_run_cleanups): 200 GET http://10.180.1.21/compute/v2.1/servers/75bcea14-2e4c-4970-92c1-9b7291055caf 0.506s
2025-01-15 21:52:39.736 69938 INFO tempest.lib.common.rest_client [req-87804935-874f-441c-974d-635a5fff3857 req-87804935-874f-441c-974d-635a5fff3857 ] Request (ServersTestBootFromVolume:tearDownClass): 404 GET http://10.180.1.21/compute/v2.1/servers/83134349-357b-4f50-a7d8-4b3f8d1cab06 0.457s
2025-01-15 21:52:39.762 69936 INFO tempest.lib.common.rest_client [req-7ea24c8b-a0f0-46ca-a47c-61dd2aadd9bc req-7ea24c8b-a0f0-46ca-a47c-61dd2aadd9bc ] Request (VolumesAdminNegativeTest:_run_cleanups): 200 GET http://10.180.1.21/compute/v2.1/servers/12794998-75d0-4