2025-01-15 21:51:59.446 69922 INFO tempest.lib.common.rest_client [req-f9d0a838-52f9-4bef-8ac9-11bb3f72f7fb req-f9d0a838-52f9-4bef-8ac9-11bb3f72f7fb ] Request (KeyPairsV2TestJSON:_run_cleanups): 202 DELETE http://10.180.1.21/compute/v2.1/os-keypairs/tempest-keypair-2025916982 0.017s
2025-01-15 21:51:59.477 69922 INFO tempest.lib.common.rest_client [req-d3ea66f6-69b5-4f15-a1e8-6f275d7b9130 req-d3ea66f6-69b5-4f15-a1e8-6f275d7b9130 ] Request (KeyPairsV2TestJSON:test_keypair_create_delete): 200 POST http://10.180.1.21/compute/v2.1/os-keypairs 0.028s
2025-01-15 21:51:59.495 69922 INFO tempest.lib.common.rest_client [req-683a86e7-cbc8-4506-bab0-6184e3884f26 req-683a86e7-cbc8-4506-bab0-6184e3884f26 ] Request (KeyPairsV2TestJSON:_run_cleanups): 202 DELETE http://10.180.1.21/compute/v2.1/os-keypairs/tempest-keypair-208441669 0.017s
2025-01-15 21:51:59.529 69922 INFO tempest.lib.common.rest_client [req-308b1dac-13db-4ccc-b237-30c6756f0fde req-308b1dac-13db-4ccc-b237-30c6756f0fde ] Request (KeyPairsV2TestJSON:test_keypair_create_with_pub_key): 200 POST http://10.180.1.21/compute/v2.1/os-keypairs 0.032s
2025-01-15 21:51:59.545 69922 INFO tempest.lib.common.rest_client [req-7ac68db9-6528-4ad6-82ec-a0ca3c7eaf61 req-7ac68db9-6528-4ad6-82ec-a0ca3c7eaf61 ] Request (KeyPairsV2TestJSON:_run_cleanups): 202 DELETE http://10.180.1.21/compute/v2.1/os-keypairs/tempest-keypair-1277708638 0.015s
2025-01-15 21:51:59.546 69898 WARNING tempest.lib.common.ssh [-] Failed to establish authenticated ssh connection to cirros@10.180.180.182 ([Errno None] Unable to connect to port 22 on 10.180.180.182). Number attempts: 11. Retry after 12 seconds.: paramiko.ssh_exception.NoValidConnectionsError: [Errno None] Unable to connect to port 22 on 10.180.180.182
2025-01-15 21:51:59.577 69922 INFO tempest.lib.common.rest_client [req-e7611a61-65ef-4c85-995d-ae8cddecfcf0 req-e7611a61-65ef-4c85-995d-ae8cddecfcf0 ] Request (KeyPairsV2TestJSON:test_keypairs_create_list_delete): 200 POST http://10.180.1.21/compute/v2.1/os-keypairs 0.030s
2025-01-15 21:51:59.581 69906 INFO tempest.lib.common.rest_client [req-1f177f5f-ea76-4ee1-92b4-dd929c1afbaa req-1f177f5f-ea76-4ee1-92b4-dd929c1afbaa ] Request (ServerDiagnosticsTest:test_get_server_diagnostics): 200 GET http://10.180.1.21/compute/v2.1/servers/c8a09bbf-f641-4bde-8ab3-b53137db094c 0.098s
2025-01-15 21:51:59.648 69914 INFO tempest.lib.common.rest_client [req-0f765e98-bdfa-4f7c-bde6-d213fc8bfe47 req-0f765e98-bdfa-4f7c-bde6-d213fc8bfe47 ] Request (ListImageFiltersTestJSON:tearDownClass): 200 GET http://10.180.1.21/compute/v2.1/servers/65758ba3-b420-4568-b47f-6f0bc90b2ef3 0.081s
2025-01-15 21:51:59.676 69922 INFO tempest.lib.common.rest_client [req-bada71c3-33e4-40fd-8621-009fffb9b3de req-bada71c3-33e4-40fd-8621-009fffb9b3de ] Request (KeyPairsV2TestJSON:test_keypairs_create_list_delete): 200 POST http://10.180.1.21/compute/v2.1/os-keypairs 0.096s
2025-01-15 21:51:59.708 69952 INFO tempest.lib.common.rest_client [req-6a596a98-7f84-4b09-af2d-6334424ecfd5 req-6a596a98-7f84-4b09-af2d-6334424ecfd5 ] Request (MigrationsAdminTest:test_resize_server_revert_deleted_flavor): 200 GET http://10.180.1.21/compute/v2.1/servers/d3628447-3d8b-4bc4-a2f9-cd42fc64583a 0.134s
2025-01-15 21:51:59.715 69952 INFO tempest.common.waiters [-] State transition "BUILD/spawning" ==> "ACTIVE/None" after 83 second wait
2025-01-15 21:51:59.734 69926 INFO tempest.lib.common.rest_client [req-137eb81b-8886-4452-b595-2b88270ccf62 req-137eb81b-8886-4452-b595-2b88270ccf62 ] Request (ImagesTestJSON:test_create_image_from_stopped_server): 200 GET http://10.180.1.21/compute/v2.1/servers/7d35a676-e4bf-44bf-ae69-4979bdedae2a 0.105s
2025-01-15 21:51:59.737 69946 WARNING tempest.lib.common.ssh [-] Failed to establish authenticated ssh connection to cirros@10.180.180.232 ([Errno None] Unable to connect to port 22 on 10.180.180.232). Number attempts: 2. Retry after 3 seconds.: paramiko.ssh_exception.NoValidConnectionsError: [Errno None] Unable to connect to port 22 on 10.180.180.232
2025-01-15 21:51:59.770 69922 INFO tempest.lib.common.rest_client [req-2ca7bcdb-6f43-465e-8f8f-cbe21f40409a req-2ca7bcdb-6f43-465e-8f8f-cbe21f40409a ] Request (KeyPairsV2TestJSON:test_keypairs_create_list_delete): 200 POST http://10.180.1.21/compute/v2.1/os-keypairs 0.092s
2025-01-15 21:51:59.845 69920 INFO tempest.lib.common.rest_client [req-b0b60dc0-c190-47d2-a0a8-e56b7cf0b40b req-b0b60dc0-c190-47d2-a0a8-e56b7cf0b40b ] Request (DeleteServersTestJSON:test_delete_server_while_in_attached_volume): 200 GET http://10.180.1.21/compute/v2.1/servers/185999ec-c0f8-43e1-841e-c7a99aecdbb2 0.184s
2025-01-15 21:51:59.852 69920 INFO tempest.common.waiters [-] State transition "BUILD/networking" ==> "BUILD/spawning" after 45 second wait
2025-01-15 21:51:59.869 69952 INFO tempest.lib.common.rest_client [req-65deeb6e-0ced-406f-b88b-ebb846ebfef6 req-65deeb6e-0ced-406f-b88b-ebb846ebfef6 ] Request (MigrationsAdminTest:test_resize_server_revert_deleted_flavor): 200 GET http://10.180.1.21/compute/v2.1/servers/d3628447-3d8b-4bc4-a2f9-cd42fc64583a 0.153s
2025-01-15 21:51:59.880 69922 INFO tempest.lib.common.rest_client [req-ed2795d8-b896-43ed-a23c-bd7afea7edbc req-ed2795d8-b896-43ed-a23c-bd7afea7edbc ] Request (KeyPairsV2TestJSON:test_keypairs_create_list_delete): 200 GET http://10.180.1.21/compute/v2.1/os-keypairs 0.108s
2025-01-15 21:51:59.898 69940 INFO tempest.lib.common.rest_client [req-3c2a8a8e-6715-4e53-878f-53182f3a3763 req-3c2a8a8e-6715-4e53-878f-53182f3a3763 ] Request (ServersNegativeTestJSON:setUpClass): 200 GET http://10.180.1.21/compute/v2.1/servers/b2c7feaf-8606-4163-bc08-984e677f276f 0.179s
2025-01-15 21:51:59.933 69934 INFO tempest.lib.common.rest_client [req-c76dc33d-463b-44fd-8ba4-c50e8b6016e8 req-c76dc33d-463b-44fd-8ba4-c50e8b6016e8 ] Request (ServersTestMultiNic:test_verify_multiple_nics_order): 200 GET http://10.180.1.21/compute/v2.1/servers/75bcea14-2e4c-4970-92c1-9b7291055caf 0.148s
2025-01-15 21:51:59.949 69912 INFO tempest.lib.common.rest_client [req-3bd3619d-0b98-4c54-a690-f78841218611 req-3bd3619d-0b98-4c54-a690-f78841218611 ] Request (ServerDiskConfigTestJSON:test_resize_server_from_auto_to_manual): 200 GET http://10.180.1.21/compute/v2.1/servers/822b1fbf-c604-4f57-82cc-633690574383 0.082s
2025-01-15 21:51:59.954 69952 INFO tempest.lib.common.rest_client [req-c2a70e61-f471-4fbf-b5ab-d363a2f85838 req-c2a70e61-f471-4fbf-b5ab-d363a2f85838 ] Request (MigrationsAdminTest:test_resize_server_revert_deleted_flavor): 202 DELETE http://10.180.1.21/compute/v2.1/flavors/d8f062c9-7802-43bd-894b-244ca0ffdc69 0.078s
2025-01-15 21:51:59.965 69922 INFO tempest.lib.common.rest_client [req-c0594832-4caf-4c51-82c2-995236b2bd26 req-c0594832-4caf-4c51-82c2-995236b2bd26 ] Request (KeyPairsV2TestJSON:_run_cleanups): 202 DELETE http://10.180.1.21/compute/v2.1/os-keypairs/tempest-KeyPairsV2TestJSON-keypair-100985725 0.082s
2025-01-15 21:52:00.019 69948 INFO tempest.lib.common.rest_client [req-3ddf653a-b548-4f99-b8e8-7ae63db37e8f req-3ddf653a-b548-4f99-b8e8-7ae63db37e8f ] Request (ImagesOneServerNegativeTestJSON:setUpClass): 200 GET http://10.180.1.21/compute/v2.1/servers/9eea82ef-9658-4528-8d1f-61aed8f7deb3 0.083s
2025-01-15 21:52:00.044 69952 INFO tempest.lib.common.rest_client [req-f0bdb3b7-a65d-4155-971c-910750a4d89c req-f0bdb3b7-a65d-4155-971c-910750a4d89c ] Request (MigrationsAdminTest:test_resize_server_revert_deleted_flavor): 200 GET http://10.180.1.21/compute/v2.1/flavors/detail 0.089s
2025-01-15 21:52:00.059 69922 INFO tempest.lib.common.rest_client [req-c1f73d36-dc5e-4a82-ac21-b92b2a62b592 req-c1f73d36-dc5e-4a82-ac21-b92b2a62b592 ] Request (KeyPairsV2TestJSON:_run_cleanups): 202 DELETE http://10.180.1.21/compute/v2.1/os-keypairs/tempest-KeyPairsV2TestJSON-keypair-832490595 0.093s
2025-01-15 21:52:00.091 69918 INFO tempest.lib.common.rest_client [req-068a30be-0d39-4a2e-bcf2-ba2febba6f68 req-068a30be-0d39-4a2e-bcf2-ba2febba6f68 ] Request (ServerTagsTestJSON:setUpClass): 200 GET http://10.180.1.21/compute/v2.1/servers/fa2bab15-4bbf-43c0-8a58-869f86532dde 0.191s
2025-01-15 21:52:00.111 69922 INFO tempest.lib.common.rest_client [req-bb03e935-78ac-4fa7-905e-f6e9b50fcf21 req-bb03e935-78ac-4fa7-905e-f6e9b50fcf21 ] Request (KeyPairsV2TestJSON:_run_cleanups): 202 DELETE http://10.180.1.21/compute/v2.1/os-keypairs/tempest-KeyPairsV2TestJSON-keypair-1326969835 0.052s
2025-01-15 21:52:00.122 69908 WARNING tempest.lib.common.ssh [-] Failed to establish authenticated ssh connection to cirros@10.180.180.191 ([Errno None] Unable to connect to port 22 on 10.180.180.191). Number attempts: 5. Retry after 6 seconds.: paramiko.ssh_exception.NoValidConnectionsError: [Errno None] Unable to connect to port 22 on 10.180.180.191
2025-01-15 21:52:00.187 69952 INFO tempest.lib.common.rest_client [req-c12666e2-a644-4665-9150-b5b342c6aca5 req-c12666e2-a644-4665-9150-b5b342c6aca5 ] Request (MigrationsAdminTest:test_resize_server_revert_deleted_flavor): 202 POST http://10.180.1.21/compute/v2.1/servers/d3628447-3d8b-4bc4-a2f9-cd42fc64583a/action 0.139s
2025-01-15 21:52:00.256 69922 INFO tempest.lib.common.rest_client [req-716473df-c905-4265-bf5e-0083504cc8c5 req-716473df-c905-4265-bf5e-0083504cc8c5 ] Request (KeyPairsV2TestJSON:tearDownClass): 204 DELETE http://10.180.1.21/identity/v3/users/3a3fb135e5d242f994807d5166e774c3 0.143s
2025-01-15 21:52:00.257 69922 INFO tempest.lib.common.dynamic_creds [-] Deleting project and security group for project: 0929defe415142448dab8b69ef8c6e48
2025-01-15 21:52:00.328 69922 INFO tempest.lib.common.rest_client [req-28e260bf-4a27-40ce-b54c-253fde0fcd80 req-28e260bf-4a27-40ce-b54c-253fde0fcd80 ] Request (KeyPairsV2TestJSON:tearDownClass): 201 POST http://10.180.1.21/identity/v3/auth/tokens 0.071s
2025-01-15 21:52:00.343 69910 INFO tempest.lib.common.rest_client [req-a5e1d431-f552-4b52-b4bc-741ccb00fb2a req-a5e1d431-f552-4b52-b4bc-741ccb00fb2a ] Request (ServersAdminTestJSON:test_create_server_with_scheduling_hint): 200 GET http://10.180.1.21/compute/v2.1/servers/7c0683b8-001f-4d2c-822a-ad9cc37f488d 0.180s
2025-01-15 21:52:00.348 69952 INFO tempest.lib.common.rest_client [req-e6891c25-733a-429f-8a43-4ca3cf4b91b9 req-e6891c25-733a-429f-8a43-4ca3cf4b91b9 ] Request (MigrationsAdminTest:test_resize_server_revert_deleted_flavor): 200 GET http://10.180.1.21/compute/v2.1/servers/d3628447-3d8b-4bc4-a2f9-cd42fc64583a 0.160s
2025-01-15 21:52:00.409 69892 INFO tempest.lib.common.rest_client [req-f6a76c76-aad5-4db5-af2e-e17cc255d799 req-f6a76c76-aad5-4db5-af2e-e17cc255d799 ] Request (ServersAdminNegativeTestJSON:setUpClass): 200 GET http://10.180.1.21/compute/v2.1/servers/20c09820-f7d6-46f9-a7e0-acc229dde8ca 0.192s
2025-01-15 21:52:00.417 69894 INFO tempest.lib.common.rest_client [req-5e5c594c-edfb-4197-9e0b-56cf5607b361 req-5e5c594c-edfb-4197-9e0b-56cf5607b361 ] Request (ServerExternalEventsTest:tearDownClass): 200 GET http://10.180.1.21/compute/v2.1/servers/e797558b-aa37-44c4-92aa-e22d50ef1d08 0.084s
2025-01-15 21:52:00.566 69922 INFO tempest.lib.common.rest_client [req-d9566f75-cd85-497b-9932-e3a9ef359639 req-d9566f75-cd85-497b-9932-e3a9ef359639 ] Request (KeyPairsV2TestJSON:tearDownClass): 200 GET http://10.180.1.21:9696/networking/v2.0/security-groups?tenant_id=0929defe415142448dab8b69ef8c6e48&name=default 0.237s
2025-01-15 21:52:00.710 69906 INFO tempest.lib.common.rest_client [req-996b15e6-7554-49fb-ac09-217520bc1d31 req-996b15e6-7554-49fb-ac09-217520bc1d31 ] Request (ServerDiagnosticsTest:test_get_server_diagnostics): 200 GET http://10.180.1.21/compute/v2.1/servers/c8a09bbf-f641-4bde-8ab3-b53137db094c 0.120s
2025-01-15 21:52:00.740 69922 INFO tempest.lib.common.rest_client [req-1b4fd49c-d50e-4442-9a77-a188078f65d3 req-1b4fd49c-d50e-4442-9a77-a188078f65d3 ] Request (KeyPairsV2TestJSON:tearDownClass): 204 DELETE http://10.180.1.21:9696/networking/v2.0/security-groups/7520594b-012f-4c4d-88bd-402052b99ba7 0.174s
2025-01-15 21:52:00.740 69914 INFO tempest.lib.common.rest_client [req-a12e2ec5-60c7-4126-9eb9-42b641dfa3f7 req-a12e2ec5-60c7-4126-9eb9-42b641dfa3f7 ] Request (ListImageFiltersTestJSON:tearDownClass): 200 GET http://10.180.1.21/compute/v2.1/servers/65758ba3-b420-4568-b47f-6f0bc90b2ef3 0.083s
2025-01-15 21:52:00.801 69926 INFO tempest.lib.common.rest_client [req-c50ed322-aa9c-4665-8b03-819e79ff18c0 req-c50ed322-aa9c-4665-8b03-819e79ff18c0 ] Request (ImagesTestJSON:test_create_image_from_stopped_server): 200 GET http://10.180.1.21/compute/v2.1/servers/7d35a676-e4bf-44bf-ae69-4979bdedae2a 0.059s
2025-01-15 21:52:00.814 69922 INFO tempest.lib.common.rest_client [req-e0a3b1a4-afd0-48fb-b1f7-4d2c1bb9243b req-e0a3b1a4-afd0-48fb-b1f7-4d2c1bb9243b ] Request (KeyPairsV2TestJSON:tearDownClass): 204 DELETE http://10.180.1.21/identity/v3/projects/0929defe415142448dab8b69ef8c6e48 0.074s
2025-01-15 21:52:00.909 69922 INFO tempest.lib.common.rest_client [req-60fbde7e-0ad8-4567-8bae-e0372e8c2942 req-60fbde7e-0ad8-4567-8bae-e0372e8c2942 ] Request (ServerShowV247Test:setUpClass): 201 POST http://10.180.1.21/identity/v3/auth/tokens 0.092s
2025-01-15 21:52:00.943 69922 INFO tempest.lib.common.rest_client [req-a327af34-bf4d-4dc4-91be-a6b068b9badb req-a327af34-bf4d-4dc4-91be-a6b068b9badb ] Request (ServerShowV247Test:setUpClass): 201 POST http://10.180.1.21/identity/v3/auth/tokens 0.032s
2025-01-15 21:52:00.972 69940 INFO tempest.lib.common.rest_client [req-2d16d774-76ca-42ef-9c37-ac4c0a644f74 req-2d16d774-76ca-42ef-9c37-ac4c0a644f74 ] Request (ServersNegativeTestJSON:setUpClass): 200 GET http://10.180.1.21/compute/v2.1/servers/b2c7feaf-8606-4163-bc08-984e677f276f 0.063s
2025-01-15 21:52:00.976 69922 INFO tempest.lib.common.rest_client [req-861d25f5-860e-4cfd-90b2-b5de4ec8c034 req-861d25f5-860e-4cfd-90b2-b5de4ec8c034 ] Request (ServerShowV247Test:setUpClass): 200 GET http://10.180.1.21/identity/v3/domains?name=Default 0.033s
2025-01-15 21:52:01.013 69922 INFO tempest.lib.common.rest_client [req-16775954-9fa5-45da-b4fa-d59ff4db66b1 req-16775954-9fa5-45da-b4fa-d59ff4db66b1 ] Request (ServerShowV247Test:setUpClass): 201 POST http://10.180.1.21/identity/v3/projects 0.036s
2025-01-15 21:52:01.026 69934 INFO tempest.lib.common.rest_client [req-7aab6548-529f-43af-b334-7b7fd638e78a req-7aab6548-529f-43af-b334-7b7fd638e78a ] Request (ServersTestMultiNic:test_verify_multiple_nics_order): 200 GET http://10.180.1.21/compute/v2.1/servers/75bcea14-2e4c-4970-92c1-9b7291055caf 0.083s
2025-01-15 21:52:01.056 69920 INFO tempest.lib.common.rest_client [req-0b97b952-f835-4684-b4e0-5dcc829c026e req-0b97b952-f835-4684-b4e0-5dcc829c026e ] Request (DeleteServersTestJSON:test_delete_server_while_in_attached_volume): 200 GET http://10.180.1.21/compute/v2.1/servers/185999ec-c0f8-43e1-841e-c7a99aecdbb2 0.201s
2025-01-15 21:52:01.080 69922 INFO tempest.lib.common.rest_client [req-11d0a359-473e-42d5-98e2-484a417a64f0 req-11d0a359-473e-42d5-98e2-484a417a64f0 ] Request (ServerShowV247Test:setUpClass): 201 POST http://10.180.1.21/identity/v3/users 0.067s
2025-01-15 21:52:01.086 69912 INFO tempest.lib.common.rest_client [req-a9d346f3-25b1-4bcc-9f54-b31e010bf74f req-a9d346f3-25b1-4bcc-9f54-b31e010bf74f ] Request (ServerDiskConfigTestJSON:test_resize_server_from_auto_to_manual): 200 GET http://10.180.1.21/compute/v2.1/servers/822b1fbf-c604-4f57-82cc-633690574383 0.128s
2025-01-15 21:52:01.110 69922 INFO tempest.lib.common.rest_client [req-7932046e-6212-42bd-99bb-8085369b6278 req-7932046e-6212-42bd-99bb-8085369b6278 ] Request (ServerShowV247Test:setUpClass): 200 GET http://10.180.1.21/identity/v3/roles 0.029s
2025-01-15 21:52:01.124 69948 INFO tempest.lib.common.rest_client [req-cbf775b9-a22c-4cf7-ae70-87cefbdc7fb5 req-cbf775b9-a22c-4cf7-ae70-87cefbdc7fb5 ] Request (ImagesOneServerNegativeTestJSON:setUpClass): 200 GET http://10.180.1.21/compute/v2.1/servers/9eea82ef-9658-4528-8d1f-61aed8f7deb3 0.098s
2025-01-15 21:52:01.154 69922 INFO tempest.lib.common.rest_client [req-66cd2679-3b46-4af9-b82b-ab4fc45bca50 req-66cd2679-3b46-4af9-b82b-ab4fc45bca50 ] Request (ServerShowV247Test:setUpClass): 204 PUT http://10.180.1.21/identity/v3/projects/69cfd68cbc624a0c82abd4e0780e88c8/users/a76f13e0f64042c386865ec054f7e71c/roles/801815b3d4d74e39b5e59ab4f1364129 0.043s
2025-01-15 21:52:01.154 69922 INFO tempest.lib.common.dynamic_creds [-] Dynamic test user a76f13e0f64042c386865ec054f7e71c is created with scope project and roles: ['member']
2025-01-15 21:52:01.155 69922 INFO tempest.lib.common.dynamic_creds [-] Acquired dynamic creds: credentials: Credentials: {'domain_id': 'default', 'domain_name': 'Default', 'username': 'tempest-ServerShowV247Test-1928873808-project-member', 'project_domain_id': 'default', 'project_domain_name': 'Default', 'project_id': '69cfd68cbc624a0c82abd4e0780e88c8', 'project_name': 'tempest-ServerShowV247Test-1928873808', 'tenant_id': '69cfd68cbc624a0c82abd4e0780e88c8', 'tenant_name': 'tempest-ServerShowV247Test-1928873808', 'user_domain_id': 'default', 'user_domain_name': 'Default', 'user_id': 'a76f13e0f64042c386865ec054f7e71c', 'system': None}, Network: None, Subnet: None, Router: None
2025-01-15 21:52:01.155 69922 INFO tempest.lib.common.dynamic_creds [-] Created isolated network resources for: credentials: Credentials: {'domain_id': 'default', 'domain_name': 'Default', 'username': 'tempest-ServerShowV247Test-1928873808-project-member', 'project_domain_id': 'default', 'project_domain_name': 'Default', 'project_id': '69cfd68cbc624a0c82abd4e0780e88c8', 'project_name': 'tempest-ServerShowV247Test-1928873808', 'tenant_id': '69cfd68cbc624a0c82abd4e0780e88c8', 'tenant_name': 'tempest-ServerShowV247Test-1928873808', 'user_domain_id': 'default', 'user_domain_name': 'Default', 'user_id': 'a76f13e0f64042c386865ec054f7e71c', 'system': None}, Network: None, Subnet: None, Router: None
2025-01-15 21:52:01.247 69922 INFO tempest.lib.common.rest_client [req-7328ce2b-be59-450d-b8fe-9db268c7c9b0 req-7328ce2b-be59-450d-b8fe-9db268c7c9b0 ] Request (ServerShowV247Test:setUpClass): 201 POST http://10.180.1.21/identity/v3/auth/tokens 0.088s
2025-01-15 21:52:01.303 69922 INFO tempest.lib.common.rest_client [req-135084ab-11e8-49d2-89dd-58d60ddc96f2 req-135084ab-11e8-49d2-89dd-58d60ddc96f2 ] Request (ServerShowV247Test:setUpClass): 200 GET http://10.180.1.21/identity/v3/projects/69cfd68cbc624a0c82abd4e0780e88c8 0.055s
2025-01-15 21:52:01.303 69922 INFO tempest.lib.common.dynamic_creds [-] Using the existing project 69cfd68cbc624a0c82abd4e0780e88c8 for scope project and roles: ['reader']
2025-01-15 21:52:01.317 69918 INFO tempest.lib.common.rest_client [req-15158aaa-0d51-42ab-b43d-1587d706f511 req-15158aaa-0d51-42ab-b43d-1587d706f511 ] Request (ServerTagsTestJSON:setUpClass): 200 GET http://10.180.1.21/compute/v2.1/servers/fa2bab15-4bbf-43c0-8a58-869f86532dde 0.212s
2025-01-15 21:52:01.338 69922 INFO tempest.lib.common.rest_client [req-6d59ca66-4b84-43a6-9f22-2ba1cc5d3bfc req-6d59ca66-4b84-43a6-9f22-2ba1cc5d3bfc ] Request (ServerShowV247Test:setUpClass): 201 POST http://10.180.1.21/identity/v3/users 0.034s
2025-01-15 21:52:01.365 69922 INFO tempest.lib.common.rest_client [req-9798c086-5597-4964-855a-d329978ddaa1 req-9798c086-5597-4964-855a-d329978ddaa1 ] Request (ServerShowV247Test:setUpClass): 200 GET http://10.180.1.21/identity/v3/roles 0.027s
2025-01-15 21:52:01.397 69922 INFO tempest.lib.common.rest_client [req-78a5fbd0-5dbf-4005-bd9d-690508ebc3a0 req-78a5fbd0-5dbf-4005-bd9d-690508ebc3a0 ] Request (ServerShowV247Test:setUpClass): 204 PUT http://10.180.1.21/identity/v3/projects/69cfd68cbc624a0c82abd4e0780e88c8/users/c89e50c5445d46eb952fe755f75dc691/roles/f9dcb6f8f90d462ab69acaa03a3e9a0a 0.031s
2025-01-15 21:52:01.397 69922 INFO tempest.lib.common.dynamic_creds [-] Dynamic test user c89e50c5445d46eb952fe755f75dc691 is created with scope project and roles: ['reader']
2025-01-15 21:52:01.398 69922 INFO tempest.lib.common.dynamic_creds [-] Acquired dynamic creds: credentials: Credentials: {'domain_id': 'default', 'domain_name': 'Default', 'username': 'tempest-ServerShowV247Test-1928873808-project-reader', 'project_domain_id': 'default', 'project_domain_name': 'Default', 'project_id': '69cfd68cbc624a0c82abd4e0780e88c8', 'project_name': 'tempest-ServerShowV247Test-1928873808', 'tenant_id': '69cfd68cbc624a0c82abd4e0780e88c8', 'tenant_name': 'tempest-ServerShowV247Test-1928873808', 'user_domain_id': 'default', 'user_domain_name': 'Default', 'user_id': 'c89e50c5445d46eb952fe755f75dc691', 'system': None}, Network: None, Subnet: None, Router: None
2025-01-15 21:52:01.398 69922 INFO tempest.lib.common.dynamic_creds [-] Network resources are not created for requested scope: project and credentials: Credentials: {'domain_id': 'default', 'domain_name': 'Default', 'username': 'tempest-ServerShowV247Test-1928873808-project-reader', 'project_domain_id': 'default', 'project_domain_name': 'Default', 'project_id': '69cfd68cbc624a0c82abd4e0780e88c8', 'project_name': 'tempest-ServerShowV247Test-1928873808', 'tenant_id': '69cfd68cbc624a0c82abd4e0780e88c8', 'tenant_name': 'tempest-ServerShowV247Test-1928873808', 'user_domain_id': 'default', 'user_domain_name': 'Default', 'user_id': 'c89e50c5445d46eb952fe755f75dc691', 'system': None}, Network: None, Subnet: None, Router: None
2025-01-15 21:52:01.465 69922 INFO tempest.lib.common.rest_client [req-373cd792-10d4-492c-b2a9-0689a23dd7d3 req-373cd792-10d4-492c-b2a9-0689a23dd7d3 ] Request (ServerShowV247Test:setUpClass): 201 POST http://10.180.1.21/identity/v3/auth/tokens 0.064s
2025-01-15 21:52:01.467 69952 INFO tempest.lib.common.rest_client [req-624bec8c-f540-4194-afe2-28724af82505 req-624bec8c-f540-4194-afe2-28724af82505 ] Request (MigrationsAdminTest:test_resize_server_revert_deleted_flavor): 200 GET http://10.180.1.21/compute/v2.1/servers/d3628447-3d8b-4bc4-a2f9-cd42fc64583a 0.111s
2025-01-15 21:52:01.468 69910 INFO tempest.lib.common.rest_client [req-c2755e0b-7671-4beb-bc2c-a3e087416dc4 req-c2755e0b-7671-4beb-bc2c-a3e087416dc4 ] Request (ServersAdminTestJSON:test_create_server_with_scheduling_hint): 200 GET http://10.180.1.21/compute/v2.1/servers/7c0683b8-001f-4d2c-822a-ad9cc37f488d 0.114s
2025-01-15 21:52:01.518 69892 INFO tempest.lib.common.rest_client [req-94343798-8757-4d8e-952a-0d549182ea8e req-94343798-8757-4d8e-952a-0d549182ea8e ] Request (ServersAdminNegativeTestJSON:setUpClass): 200 GET http://10.180.1.21/compute/v2.1/servers/20c09820-f7d6-46f9-a7e0-acc229dde8ca 0.100s
2025-01-15 21:52:01.525 69894 INFO tempest.lib.common.rest_client [req-c24408a9-06be-4d88-912c-cba97c7923ee req-c24408a9-06be-4d88-912c-cba97c7923ee ] Request (ServerExternalEventsTest:tearDownClass): 200 GET http://10.180.1.21/compute/v2.1/servers/e797558b-aa37-44c4-92aa-e22d50ef1d08 0.099s
2025-01-15 21:52:01.525 69892 INFO tempest.common.waiters [-] State transition "BUILD/scheduling" ==> "BUILD/None" after 11 second wait
2025-01-15 21:52:01.526 69922 INFO tempest.lib.common.rest_client [req-e389653e-4ae3-430b-8b02-a96c1ef7ead4 req-e389653e-4ae3-430b-8b02-a96c1ef7ead4 ] Request (ServerShowV247Test:test_show_server): 201 POST http://10.180.1.21/identity/v3/auth/tokens 0.058s
2025-01-15 21:52:01.527 69922 INFO tempest.lib.common.fixed_network [-] (ServerShowV247Test:test_show_server) Found network None available for tenant
2025-01-15 21:52:01.783 69922 INFO tempest.lib.common.rest_client [req-b298eecf-20c4-4d70-97d5-50911e30ac9b req-b298eecf-20c4-4d70-97d5-50911e30ac9b ] Request (ServerShowV247Test:test_show_server): 202 POST http://10.180.1.21/compute/v2.1/servers 0.256s
2025-01-15 21:52:01.825 69906 INFO tempest.lib.common.rest_client [req-fd7b08fd-858c-4630-9d76-4ae724aecb50 req-fd7b08fd-858c-4630-9d76-4ae724aecb50 ] Request (ServerDiagnosticsTest:test_get_server_diagnostics): 200 GET http://10.180.1.21/compute/v2.1/servers/c8a09bbf-f641-4bde-8ab3-b53137db094c 0.106s
2025-01-15 21:52:01.833 69906 INFO tempest.common.waiters [-] State transition "BUILD/spawning" ==> "ACTIVE/None" after 60 second wait
2025-01-15 21:52:01.841 69914 INFO tempest.lib.common.rest_client [req-45e92d74-5f99-44a9-8344-2f47d391bd10 req-45e92d74-5f99-44a9-8344-2f47d391bd10 ] Request (ListImageFiltersTestJSON:tearDownClass): 200 GET http://10.180.1.21/compute/v2.1/servers/65758ba3-b420-4568-b47f-6f0bc90b2ef3 0.087s
2025-01-15 21:52:01.844 69938 INFO paramiko.transport [-] Connected (version 2.0, client dropbear_2020.81)
2025-01-15 21:52:01.892 69926 INFO tempest.lib.common.rest_client [req-ec014776-fa6c-4f53-ad99-fff969f776f6 req-ec014776-fa6c-4f53-ad99-fff969f776f6 ] Request (ImagesTestJSON:test_create_image_from_stopped_server): 200 GET http://10.180.1.21/compute/v2.1/servers/7d35a676-e4bf-44bf-ae69-4979bdedae2a 0.084s
2025-01-15 21:52:01.899 69922 INFO tempest.lib.common.rest_client [req-448269ac-d4a5-4b51-a6aa-be7f7258135a req-448269ac-d4a5-4b51-a6aa-be7f7258135a ] Request (ServerShowV247Test:test_show_server): 200 GET http://10.180.1.21/compute/v2.1/servers/847080c7-1a5f-4c7d-aa50-28480777c650 0.114s
2025-01-15 21:52:01.905 69938 INFO paramiko.transport [-] Authentication (publickey) successful!
2025-01-15 21:52:01.905 69938 INFO tempest.lib.common.ssh [-] ssh connection to cirros@10.180.180.201 successfully created
2025-01-15 21:52:01.945 69922 INFO tempest.lib.common.rest_client [req-8ef967c4-66a1-4c42-bc8a-26f3730eb3e9 req-8ef967c4-66a1-4c42-bc8a-26f3730eb3e9 ] Request (ServerShowV247Test:test_update_rebuild_list_server): 201 POST http://10.180.1.21/identity/v3/auth/tokens 0.032s
2025-01-15 21:52:01.946 69922 INFO tempest.lib.common.fixed_network [-] (ServerShowV247Test:test_update_rebuild_list_server) Found network None available for tenant
2025-01-15 21:52:02.019 69938 INFO tempest.lib.common.rest_client [req-5a86fc6e-c65b-4d33-ab0f-70655717f9a5 req-5a86fc6e-c65b-4d33-ab0f-70655717f9a5 ] Request (ServersTestBootFromVolume:test_list_servers): 200 GET http://10.180.1.21/compute/v2.1/servers 0.107s
2025-01-15 21:52:02.118 69922 INFO tempest.lib.common.rest_client [req-0400c641-9e56-432b-90fa-c5e98a4cc2f7 req-0400c641-9e56-432b-90fa-c5e98a4cc2f7 ] Request (ServerShowV247Test:test_update_rebuild_list_server): 202 POST http://10.180.1.21/compute/v2.1/servers 0.171s
2025-01-15 21:52:02.170 69940 INFO tempest.lib.common.rest_client [req-a968d21a-dd66-4897-b0bd-ab8b73936c4d req-a968d21a-dd66-4897-b0bd-ab8b73936c4d ] Request (ServersNegativeTestJSON:setUpClass): 200 GET http://10.180.1.21/compute/v2.1/servers/b2c7feaf-8606-4163-bc08-984e677f276f 0.188s
2025-01-15 21:52:02.177 69940 INFO tempest.common.waiters [-] State transition "BUILD/None" ==> "BUILD/networking" after 41 second wait
2025-01-15 21:52:02.433 69938 INFO tempest.lib.common.rest_client [req-4be83b4b-44bb-4473-9ec1-6a70ca711d32 req-4be83b4b-44bb-4473-9ec1-6a70ca711d32 ] Request (ServersTestBootFromVolume:test_list_servers_with_detail): 200 GET http://10.180.1.21/compute/v2.1/servers/detail 0.412s
2025-01-15 21:52:02.479 69906 INFO tempest.lib.common.rest_client [req-1a29a2df-650d-4e11-912d-1ce2afe6bbe6 req-1a29a2df-650d-4e11-912d-1ce2afe6bbe6 ] Request (ServerDiagnosticsTest:test_get_server_diagnostics): 200 GET http://10.180.1.21/compute/v2.1/servers/c8a09bbf-f641-4bde-8ab3-b53137db094c/diagnostics 0.646s
2025-01-15 21:52:02.483 69934 INFO tempest.lib.common.rest_client [req-06774cef-ae8d-4537-83ec-a7a5ac2cf8bf req-06774cef-ae8d-4537-83ec-a7a5ac2cf8bf ] Request (ServersTestMultiNic:test_verify_multiple_nics_order): 200 GET http://10.180.1.21/compute/v2.1/servers/75bcea14-2e4c-4970-92c1-9b7291055caf 0.444s
2025-01-15 21:52:02.546 69912 INFO tempest.lib.common.rest_client [req-e89fb0ca-94f1-4229-8fc2-ae753405ec90 req-e89fb0ca-94f1-4229-8fc2-ae753405ec90 ] Request (ServerDiskConfigTestJSON:test_resize_server_from_auto_to_manual): 200 GET http://10.180.1.21/compute/v2.1/servers/822b1fbf-c604-4f57-82cc-633690574383 0.450s
2025-01-15 21:52:02.579 69922 INFO tempest.lib.common.rest_client [req-ee435ca9-4300-4ee3-bcb2-bb845571c403 req-ee435ca9-4300-4ee3-bcb2-bb845571c403 ] Request (ServerShowV247Test:test_update_rebuild_list_server): 200 PUT http://10.180.1.21/compute/v2.1/servers/48fbe0ca-2762-4b37-9c68-0c1022cd9a3f 0.459s
2025-01-15 21:52:02.591 69920 INFO tempest.lib.common.rest_client [req-6ed6ad09-b469-43c9-8b1a-eeff8c238047 req-6ed6ad09-b469-43c9-8b1a-eeff8c238047 ] Request (DeleteServersTestJSON:test_delete_server_while_in_attached_volume): 200 GET http://10.180.1.21/compute/v2.1/servers/185999ec-c0f8-43e1-841e-c7a99aecdbb2 0.525s
2025-01-15 21:52:02.628 69948 INFO tempest.lib.common.rest_client [req-5f731417-68de-4a77-9fd2-19a78c6ab24d req-5f731417-68de-4a77-9fd2-19a78c6ab24d ] Request (ImagesOneServerNegativeTestJSON:setUpClass): 200 GET http://10.180.1.21/compute/v2.1/servers/9eea82ef-9658-4528-8d1f-61aed8f7deb3 0.494s
2025-01-15 21:52:02.642 69938 INFO tempest.lib.common.rest_client [req-8319ff0d-d84a-4571-be01-6f2e0f81d4e6 req-8319ff0d-d84a-4571-be01-6f2e0f81d4e6 ] Request (ServersTestBootFromVolume:test_verify_created_server_vcpus): 200 GET http://10.180.1.21/compute/v2.1/flavors/42 0.200s
2025-01-15 21:52:02.645 69938 INFO tempest.lib.common.ssh [-] Creating ssh connection to '10.180.180.201:22' as 'cirros' with public key authentication
2025-01-15 21:52:02.650 69938 INFO paramiko.transport [-] Connected (version 2.0, client dropbear_2020.81)
2025-01-15 21:52:02.714 69918 INFO tempest.lib.common.rest_client [req-c1097be9-7cfa-4c86-9ce3-28682dadffca req-c1097be9-7cfa-4c86-9ce3-28682dadffca ] Request (ServerTagsTestJSON:setUpClass): 200 GET http://10.180.1.21/compute/v2.1/servers/fa2bab15-4bbf-43c0-8a58-869f86532dde 0.386s
2025-01-15 21:52:02.759 69938 INFO paramiko.transport [-] Authentication (publickey) successful!
2025-01-15 21:52:02.760 69938 INFO tempest.lib.common.ssh [-] ssh connection to cirros@10.180.180.201 successfully created
2025-01-15 21:52:02.795 69952 INFO tempest.lib.common.rest_client [req-8e4d0429-2301-4249-9274-24d8acbb293f req-8e4d0429-2301-4249-9274-24d8acbb293f ] Request (MigrationsAdminTest:test_resize_server_revert_deleted_flavor): 200 GET http://10.180.1.21/compute/v2.1/servers/d3628447-3d8b-4bc4-a2f9-cd42fc64583a 0.319s
2025-01-15 21:52:02.834 69910 INFO tempest.lib.common.rest_client [req-afd43d2b-d184-4824-83a9-48e6638bb5f5 req-afd43d2b-d184-4824-83a9-48e6638bb5f5 ] Request (ServersAdminTestJSON:test_create_server_with_scheduling_hint): 200 GET http://10.180.1.21/compute/v2.1/servers/7c0683b8-001f-4d2c-822a-ad9cc37f488d 0.355s
2025-01-15 21:52:02.865 69906 INFO tempest.lib.common.rest_client [req-b0010bc3-41b7-41ea-b15a-bcbd06e0d6b1 req-b0010bc3-41b7-41ea-b15a-bcbd06e0d6b1 ] Request (ServerDiagnosticsTest:tearDownClass): 204 DELETE http://10.180.1.21/compute/v2.1/servers/c8a09bbf-f641-4bde-8ab3-b53137db094c 0.383s
2025-01-15 21:52:02.889 69892 INFO tempest.lib.common.rest_client [req-9c12df5a-06d3-4bba-8c2e-075d6fc26158 req-9c12df5a-06d3-4bba-8c2e-075d6fc26158 ] Request (ServersAdminNegativeTestJSON:setUpClass): 200 GET http://10.180.1.21/compute/v2.1/servers/20c09820-f7d6-46f9-a7e0-acc229dde8ca 0.362s
2025-01-15 21:52:02.921 69894 INFO tempest.lib.common.rest_client [req-1946f3d1-887d-4cdd-8901-2edb86e46c7d req-1946f3d1-887d-4cdd-8901-2edb86e46c7d ] Request (ServerExternalEventsTest:tearDownClass): 200 GET http://10.180.1.21/compute/v2.1/servers/e797558b-aa37-44c4-92aa-e22d50ef1d08 0.389s
2025-01-15 21:52:02.946 69922 INFO tempest.lib.common.rest_client [req-c881eb76-3567-4413-93a5-69e095fb5365 req-c881eb76-3567-4413-93a5-69e095fb5365 ] Request (ServerShowV247Test:test_update_rebuild_list_server): 200 GET http://10.180.1.21/compute/v2.1/servers/48fbe0ca-2762-4b37-9c68-0c1022cd9a3f 0.360s
2025-01-15 21:52:02.997 69938 INFO tempest.lib.common.rest_client [req-ede284ea-7862-43b1-8f8b-86dbdc5ec398 req-ede284ea-7862-43b1-8f8b-86dbdc5ec398 ] Request (ServersTestBootFromVolume:tearDownClass): 204 DELETE http://10.180.1.21/compute/v2.1/servers/83134349-357b-4f50-a7d8-4b3f8d1cab06 0.225s
2025-01-15 21:52:03.005 69914 INFO tempest.lib.common.rest_client [req-0aa5a0bb-b67e-440f-8305-26d5991724ab req-0aa5a0bb-b67e-440f-8305-26d5991724ab ] Request (ListImageFiltersTestJSON:tearDownClass): 200 GET http://10.180.1.21/compute/v2.1/servers/65758ba3-b420-4568-b47f-6f0bc90b2ef3 0.151s
2025-01-15 21:52:03.064 69926 INFO tempest.lib.common.rest_client [req-e6c53337-99d0-4a3c-a4d1-1644e8d0bdf0 req-e6c53337-99d0-4a3c-a4d1-1644e8d0bdf0 ] Request (ImagesTestJSON:test_create_image_from_stopped_server): 200 GET http://10.180.1.21/compute/v2.1/servers/7d35a676-e4bf-44bf-ae69-4979bdedae2a 0.163s
2025-01-15 21:52:03.091 69906 INFO tempest.lib.common.rest_client [req-c193686c-30c7-4348-9b08-7c37c9100297 req-c193686c-30c7-4348-9b08-7c37c9100297 ] Request (ServerDiagnosticsTest:tearDownClass): 200 GET http://10.180.1.21/compute/v2.1/servers/c8a09bbf-f641-4bde-8ab3-b53137db094c 0.225s
2025-01-15 21:52:03.205 69938 INFO tempest.lib.common.rest_client [req-4b679450-0d27-43ab-8a9a-20a42ab3a4f3 req-4b679450-0d27-43ab-8a9a-20a42ab3a4f3 ] Request (ServersTestBootFromVolume:tearDownClass): 200 GET http://10.180.1.21/compute/v2.1/servers/83134349-357b-4f50-a7d8-4b3f8d1cab06 0.207s
2025-01-15 21:52:03.386 69890 WARNING tempest.lib.common.ssh [-] Failed to establish authenticated ssh connection to cirros@10.180.180.179 ([Errno None] Unable to connect to port 22 on 10.180.180.179). Number attempts: 11. Retry after 12 seconds.: paramiko.ssh_exception.NoValidConnectionsError: [Errno None] Unable to connect to port 22 on 10.180.180.179
2025-01-15 21:52:03.396 69940 INFO tempest.lib.common.rest_client [req-f4cf4e2b-6e8f-44dc-88fd-9504e5d65ace req-f4cf4e2b-6e8f-44dc-88fd-9504e5d65ace ] Request (ServersNegativeTestJSON:setUpClass): 200 GET http://10.180.1.21/compute/v2.1/servers/b2c7feaf-8606-4163-bc08-984e677f276f 0.214s
2025-01-15 21:52:03.403 69940 INFO tempest.common.waiters [-] State transition "BUILD/networking" ==> "BUILD/block_device_mapping" after 42 second wait
2025-01-15 21:52:03.551 69934 INFO tempest.lib.common.rest_client [req-fe0281aa-b8ab-45d5-a7f9-6a75b6687a09 req-fe0281aa-b8ab-45d5-a7f9-6a75b6687a09 ] Request (ServersTestMultiNic:test_verify_multiple_nics_order): 200 GET http://10.180.1.21/compute/v2.1/servers/75bcea14-2e4c-4970-92c1-9b7291055caf 0.051s
2025-01-15 21:52:03.608 69912 INFO tempest.lib.common.rest_client [req-b93bf3f6-4dd1-46c2-9e3a-ec3905833f68 req-b93bf3f6-4dd1-46c2-9e3a-ec3905833f68 ] Request (ServerDiskConfigTestJSON:test_resize_server_from_auto_to_manual): 200 GET http://10.180.1.21/compute/v2.1/servers/822b1fbf-c604-4f57-82cc-633690574383 0.046s
2025-01-15 21:52:03.683 69948 INFO tempest.lib.common.rest_client [req-d494e814-a2ed-472a-b752-3f8aefe2be4f req-d494e814-a2ed-472a-b752-3f8aefe2be4f ] Request (ImagesOneServerNegativeTestJSON:setUpClass): 200 GET http://10.180.1.21/compute/v2.1/servers/9eea82ef-9658-4528-8d1f-61aed8f7deb3 0.047s
2025-01-15 21:52:03.693 69920 INFO tempest.lib.common.rest_client [req-e8e3bd38-b46b-46cb-a618-25171ec36e7a req-e8e3bd38-b46b-46cb-a618-25171ec36e7a ] Request (DeleteServersTestJSON:test_delete_server_while_in_attached_volume): 200 GET http://10.180.1.21/compute/v2.1/servers/185999ec-c0f8-43e1-841e-c7a99aecdbb2 0.094s
2025-01-15 21:52:03.829 69918 INFO tempest.lib.common.rest_client [req-3c71d1a2-0825-4133-bc64-e4d5ae848eb4 req-3c71d1a2-0825-4133-bc64-e4d5ae848eb4 ] Request (ServerTagsTestJSON:setUpClass): 200 GET http://10.180.1.21/compute/v2.1/servers/fa2bab15-4bbf-43c0-8a58-869f86532dde 0.095s
2025-01-15 21:52:03.838 69918 INFO tempest.common.waiters [-] State transition "BUILD/spawning" ==> "ACTIVE/None" after 61 second wait
2025-01-15 21:52:03.898 69896 WARNING tempest.lib.common.ssh [-] Failed to establish authenticated ssh connection to cirros@10.180.180.162 ([Errno None] Unable to connect to port 22 on 10.180.180.162). Number attempts: 8. Retry after 9 seconds.: paramiko.ssh_exception.NoValidConnectionsError: [Errno None] Unable to connect to port 22 on 10.180.180.162
2025-01-15 21:52:03.899 69952 INFO tempest.lib.common.rest_client [req-cf513bb1-bb32-4535-8aa1-c8c60a55987e req-cf513bb1-bb32-4535-8aa1-c8c60a55987e ] Request (MigrationsAdminTest:test_resize_server_revert_deleted_flavor): 200 GET http://10.180.1.21/compute/v2.1/servers/d3628447-3d8b-4bc4-a2f9-cd42fc64583a 0.095s
2025-01-15 21:52:03.920 69918 INFO tempest.lib.common.rest_client [req-bbacf82a-40d1-44d5-9c58-305dd70d5e6e req-bbacf82a-40d1-44d5-9c58-305dd70d5e6e ] Request (ServerTagsTestJSON:test_check_tag_existence): 201 PUT http://10.180.1.21/compute/v2.1/servers/fa2bab15-4bbf-43c0-8a58-869f86532dde/tags/tempest-tag-1075191293 0.080s
2025-01-15 21:52:03.973 69892 INFO tempest.lib.common.rest_client [req-7448d744-97e7-430e-9a0f-0b437f38a4f7 req-7448d744-97e7-430e-9a0f-0b437f38a4f7 ] Request (ServersAdminNegativeTestJSON:setUpClass): 200 GET http://10.180.1.21/compute/v2.1/servers/20c09820-f7d6-46f9-a7e0-acc229dde8ca 0.076s
2025-01-15 21:52:03.995 69918 INFO tempest.lib.common.rest_client [req-ea1f20e6-9df6-4f30-981d-880bd8c43c4a req-ea1f20e6-9df6-4f30-981d-880bd8c43c4a ] Request (ServerTagsTestJSON:test_check_tag_existence): 204 GET http://10.180.1.21/compute/v2.1/servers/fa2bab15-4bbf-43c0-8a58-869f86532dde/tags/tempest-tag-1075191293 0.074s
2025-01-15 21:52:04.046 69910 INFO tempest.lib.common.rest_client [req-1b44e616-35d2-432c-aad2-1ff1b67bbd1e req-1b44e616-35d2-432c-aad2-1ff1b67bbd1e ] Request (ServersAdminTestJSON:test_create_server_with_scheduling_hint): 200 GET http://10.180.1.21/compute/v2.1/servers/7c0683b8-001f-4d2c-822a-ad9cc37f488d 0.201s
2025-01-15 21:52:04.059 69894 INFO tempest.lib.common.rest_client [req-47ae9019-fd62-4641-8e13-8b949b9e327b req-47ae9019-fd62-4641-8e13-8b949b9e327b ] Request (ServerExternalEventsTest:tearDownClass): 200 GET http://10.180.1.21/compute/v2.1/servers/e797558b-aa37-44c4-92aa-e22d50ef1d08 0.128s
2025-01-15 21:52:04.101 69922 INFO tempest.lib.common.rest_client [req-80178c12-71de-48bb-af65-fd368cf3fceb req-80178c12-71de-48bb-af65-fd368cf3fceb ] Request (ServerShowV247Test:test_update_rebuild_list_server): 200 GET http://10.180.1.21/compute/v2.1/servers/48fbe0ca-2762-4b37-9c68-0c1022cd9a3f 0.145s
2025-01-15 21:52:04.105 69918 INFO tempest.lib.common.rest_client [req-e78ff50b-0013-415e-be13-783be8f1c73b req-e78ff50b-0013-415e-be13-783be8f1c73b ] Request (ServerTagsTestJSON:_run_cleanups): 204 DELETE http://10.180.1.21/compute/v2.1/servers/fa2bab15-4bbf-43c0-8a58-869f86532dde/tags 0.109s
2025-01-15 21:52:04.128 69914 INFO tempest.lib.common.rest_client [req-22f73c1a-c22f-4632-9fff-14a2719c874b req-22f73c1a-c22f-4632-9fff-14a2719c874b ] Request (ListImageFiltersTestJSON:tearDownClass): 404 GET http://10.180.1.21/compute/v2.1/servers/65758ba3-b420-4568-b47f-6f0bc90b2ef3 0.114s
2025-01-15 21:52:04.159 69926 INFO tempest.lib.common.rest_client [req-c2170cda-6bb2-429b-8821-6e9c146429ef req-c2170cda-6bb2-429b-8821-6e9c146429ef ] Request (ImagesTestJSON:test_create_image_from_stopped_server): 200 GET http://10.180.1.21/compute/v2.1/servers/7d35a676-e4bf-44bf-ae69-4979bdedae2a 0.085s
2025-01-15 21:52:04.173 69918 INFO tempest.lib.common.rest_client [req-dc3775ec-f6bf-46df-9221-04c31e61a2ba req-dc3775ec-f6bf-46df-9221-04c31e61a2ba ] Request (ServerTagsTestJSON:test_create_delete_tag): 200 GET http://10.180.1.21/compute/v2.1/servers/fa2bab15-4bbf-43c0-8a58-869f86532dde/tags 0.066s
2025-01-15 21:52:04.225 69906 INFO tempest.lib.common.rest_client [req-61b2bc81-27ac-4cd4-8a08-e53335d7f9b3 req-61b2bc81-27ac-4cd4-8a08-e53335d7f9b3 ] Request (ServerDiagnosticsTest:tearDownClass): 200 GET http://10.180.1.21/compute/v2.1/servers/c8a09bbf-f641-4bde-8ab3-b53137db094c 0.127s
2025-01-15 21:52:04.243 69914 INFO tempest.lib.common.rest_client [req-dd3c337b-2310-4ad5-8e3b-46f1718837a5 req-dd3c337b-2310-4ad5-8e3b-46f1718837a5 ] Request (ListImageFiltersTestJSON:tearDownClass): 204 DELETE http://10.180.1.21/compute/v2.1/servers/b0059ebb-802c-4c89-9787-6f80c4c00c82 0.114s
2025-01-15 21:52:04.305 69918 INFO tempest.lib.common.rest_client [req-b947254c-fd37-452d-8847-a1288c4708be req-b947254c-fd37-452d-8847-a1288c4708be ] Request (ServerTagsTestJSON:test_create_delete_tag): 201 PUT http://10.180.1.21/compute/v2.1/servers/fa2bab15-4bbf-43c0-8a58-869f86532dde/tags/tempest-tag-1656626219 0.131s
2025-01-15 21:52:04.374 69938 INFO tempest.lib.common.rest_client [req-b1df78ce-f7fc-483c-be9d-daba5df93464 req-b1df78ce-f7fc-483c-be9d-daba5df93464 ] Request (ServersTestBootFromVolume:tearDownClass): 200 GET http://10.180.1.21/compute/v2.1/servers/83134349-357b-4f50-a7d8-4b3f8d1cab06 0.162s
2025-01-15 21:52:04.388 69918 INFO tempest.lib.common.rest_client [req-c44ec931-57c3-400f-9f2f-c46b7c25db33 req-c44ec931-57c3-400f-9f2f-c46b7c25db33 ] Request (ServerTagsTestJSON:test_create_delete_tag): 200 GET http://10.180.1.21/compute/v2.1/servers/fa2bab15-4bbf-43c0-8a58-869f86532dde/tags 0.082s
2025-01-15 21:52:04.398 69914 INFO tempest.lib.common.rest_client [req-fa3aae74-2c73-4e04-9b55-b4c3987afea8 req-fa3aae74-2c73-4e04-9b55-b4c3987afea8 ] Request (ListImageFiltersTestJSON:tearDownClass): 200 GET http://10.180.1.21/compute/v2.1/servers/b0059ebb-802c-4c89-9787-6f80c4c00c82 0.154s
2025-01-15 21:52:04.438 69918 INFO tempest.lib.common.rest_client [req-d93325e8-62f5-4532-8eca-29eed09a2f4d req-d93325e8-62f5-4532-8eca-29eed09a2f4d ] Request (ServerTagsTestJSON:test_create_delete_tag): 204 DELETE http://10.180.1.21/compute/v2.1/servers/fa2bab15-4bbf-43c0-8a58-869f86532dde/tags/tempest-tag-1656626219 0.048s
2025-01-15 21:52:04.457 69918 INFO tempest.lib.common.rest_client [req-8395465a-da53-47b5-a5f7-c4e258b06b60 req-8395465a-da53-47b5-a5f7-c4e258b06b60 ] Request (ServerTagsTestJSON:test_create_delete_tag): 200 GET http://10.180.1.21/compute/v2.1/servers/fa2bab15-4bbf-43c0-8a58-869f86532dde/tags 0.018s
2025-01-15 21:52:04.499 69918 INFO tempest.lib.common.rest_client [req-996b07ff-8ba7-45bc-a33c-62f39c43e9b7 req-996b07ff-8ba7-45bc-a33c-62f39c43e9b7 ] Request (ServerTagsTestJSON:_run_cleanups): 204 DELETE http://10.180.1.21/compute/v2.1/servers/fa2bab15-4bbf-43c0-8a58-869f86532dde/tags 0.041s
2025-01-15 21:52:04.521 69940 INFO tempest.lib.common.rest_client [req-035f66f6-eac7-414e-83d4-bb9d1e414e4a req-035f66f6-eac7-414e-83d4-bb9d1e414e4a ] Request (ServersNegativeTestJSON:setUpClass): 200 GET http://10.180.1.21/compute/v2.1/servers/b2c7feaf-8606-4163-bc08-984e677f276f 0.117s
2025-01-15 21:52:04.529 69940 INFO tempest.common.waiters [-] State transition "BUILD/block_device_mapping" ==> "BUILD/spawning" after 43 second wait
2025-01-15 21:52:04.554 69918 INFO tempest.lib.common.rest_client [req-dfdde1f1-0ae8-4064-bd15-7e2f77e9fabc req-dfdde1f1-0ae8-4064-bd15-7e2f77e9fabc ] Request (ServerTagsTestJSON:test_delete_all_tags): 201 PUT http://10.180.1.21/compute/v2.1/servers/fa2bab15-4bbf-43c0-8a58-869f86532dde/tags/tempest-tag-140978911 0.054s
2025-01-15 21:52:04.613 69918 INFO tempest.lib.common.rest_client [req-49037809-8672-408e-a534-e9d2b1bbb474 req-49037809-8672-408e-a534-e9d2b1bbb474 ] Request (ServerTagsTestJSON:test_delete_all_tags): 201 PUT http://10.180.1.21/compute/v2.1/servers/fa2bab15-4bbf-43c0-8a58-869f86532dde/tags/tempest-tag-1701289329 0.058s
2025-01-15 21:52:04.618 69934 INFO tempest.lib.common.rest_client [req-9fb60219-d8b3-487a-ae96-feee2676180a req-9fb60219-d8b3-487a-ae96-feee2676180a ] Request (ServersTestMultiNic:test_verify_multiple_nics_order): 200 GET http://10.180.1.21/compute/v2.1/servers/75bcea14-2e4c-4970-92c1-9b7291055caf 0.059s
2025-01-15 21:52:04.657 69918 INFO tempest.lib.common.rest_client [req-3ed2ef62-a9f9-4d73-8c97-16859304e69f req-3ed2ef62-a9f9-4d73-8c97-16859304e69f ] Request (ServerTagsTestJSON:test_delete_all_tags): 204 DELETE http://10.180.1.21/compute/v2.1/servers/fa2bab15-4bbf-43c0-8a58-869f86532dde/tags 0.043s
2025-01-15 21:52:04.673 69918 INFO tempest.lib.common.rest_client [req-7e7e1946-a924-4049-bb87-eeb8105198af req-7e7e1946-a924-4049-bb87-eeb8105198af ] Request (ServerTagsTestJSON:test_delete_all_tags): 200 GET http://10.180.1.21/compute/v2.1/servers/fa2bab15-4bbf-43c0-8a58-869f86532dde/tags 0.016s
2025-01-15 21:52:04.739 69918 INFO tempest.lib.common.rest_client [req-f6ba7eca-ece4-453c-8995-99be4f4f7a4d req-f6ba7eca-ece4-453c-8995-99be4f4f7a4d ] Request (ServerTagsTestJSON:_run_cleanups): 204 DELETE http://10.180.1.21/compute/v2.1/servers/fa2bab15-4bbf-43c0-8a58-869f86532dde/tags 0.065s
2025-01-15 21:52:04.790 69948 INFO tempest.lib.common.rest_client [req-8d7528f5-b46f-4a40-a835-562e817e9ee2 req-8d7528f5-b46f-4a40-a835-562e817e9ee2 ] Request (ImagesOneServerNegativeTestJSON:setUpClass): 200 GET http://10.180.1.21/compute/v2.1/servers/9eea82ef-9658-4528-8d1f-61aed8f7deb3 0.100s
2025-01-15 21:52:04.819 69912 INFO tempest.lib.common.rest_client [req-73dba15a-6f36-4add-a6bb-f1505be60130 req-73dba15a-6f36-4add-a6bb-f1505be60130 ] Request (ServerDiskConfigTestJSON:test_resize_server_from_auto_to_manual): 200 GET http://10.180.1.21/compute/v2.1/servers/822b1fbf-c604-4f57-82cc-633690574383 0.202s
2025-01-15 21:52:04.829 69912 INFO tempest.common.waiters [-] State transition "BUILD/None" ==> "BUILD/networking" after 34 second wait
2025-01-15 21:52:04.871 69918 INFO tempest.lib.common.rest_client [req-0d659b3b-2683-442c-b71c-764743b01053 req-0d659b3b-2683-442c-b71c-764743b01053 ] Request (ServerTagsTestJSON:test_update_all_tags): 201 PUT http://10.180.1.21/compute/v2.1/servers/fa2bab15-4bbf-43c0-8a58-869f86532dde/tags/tempest-tag-986760342 0.128s
2025-01-15 21:52:04.913 69920 INFO tempest.lib.common.rest_client [req-77ef9cdb-a837-4ad5-a624-94570202d885 req-77ef9cdb-a837-4ad5-a624-94570202d885 ] Request (DeleteServersTestJSON:test_delete_server_while_in_attached_volume): 200 GET http://10.180.1.21/compute/v2.1/servers/185999ec-c0f8-43e1-841e-c7a99aecdbb2 0.212s
2025-01-15 21:52:04.930 69918 INFO tempest.lib.common.rest_client [req-5396aebf-e659-4724-87fa-ff721f4768b6 req-5396aebf-e659-4724-87fa-ff721f4768b6 ] Request (ServerTagsTestJSON:test_update_all_tags): 201 PUT http://10.180.1.21/compute/v2.1/servers/fa2bab15-4bbf-43c0-8a58-869f86532dde/tags/tempest-tag-519465350 0.058s
2025-01-15 21:52:04.989 69918 INFO tempest.lib.common.rest_client [req-81f02be8-9e3c-4c1d-8d32-a4ef898bddf4 req-81f02be8-9e3c-4c1d-8d32-a4ef898bddf4 ] Request (ServerTagsTestJSON:test_update_all_tags): 200 PUT http://10.180.1.21/compute/v2.1/servers/fa2bab15-4bbf-43c0-8a58-869f86532dde/tags 0.058s
2025-01-15 21:52:05.016 69952 INFO tempest.lib.common.rest_client [req-d72b5b33-f091-4a23-ae6f-faea8b1eee33 req-d72b5b33-f091-4a23-ae6f-faea8b1eee33 ] Request (MigrationsAdminTest:test_resize_server_revert_deleted_flavor): 200 GET http://10.180.1.21/compute/v2.1/servers/d3628447-3d8b-4bc4-a2f9-cd42fc64583a 0.106s
2025-01-15 21:52:05.029 69918 INFO tempest.lib.common.rest_client [req-bae30a0a-ae69-43a7-b83c-ef25dd4b373f req-bae30a0a-ae69-43a7-b83c-ef25dd4b373f ] Request (ServerTagsTestJSON:test_update_all_tags): 200 GET http://10.180.1.21/compute/v2.1/servers/fa2bab15-4bbf-43c0-8a58-869f86532dde/tags 0.039s
2025-01-15 21:52:05.040 69892 INFO tempest.lib.common.rest_client [req-1e2148bb-5bd6-4d93-9c19-16b44bdb2ca5 req-1e2148bb-5bd6-4d93-9c19-16b44bdb2ca5 ] Request (ServersAdminNegativeTestJSON:setUpClass): 200 GET http://10.180.1.21/compute/v2.1/servers/20c09820-f7d6-46f9-a7e0-acc229dde8ca 0.056s
2025-01-15 21:52:05.083 69918 INFO tempest.lib.common.rest_client [req-de05eeaa-80ff-4a8a-a30a-aeaf6ff1a952 req-de05eeaa-80ff-4a8a-a30a-aeaf6ff1a952 ] Request (ServerTagsTestJSON:_run_cleanups): 204 DELETE http://10.180.1.21/compute/v2.1/servers/fa2bab15-4bbf-43c0-8a58-869f86532dde/tags 0.053s
2025-01-15 21:52:05.150 69894 INFO tempest.lib.common.rest_client [req-d67e6cae-2e56-4078-acc6-70e6951426e3 req-d67e6cae-2e56-4078-acc6-70e6951426e3 ] Request (ServerExternalEventsTest:tearDownClass): 200 GET http://10.180.1.21/compute/v2.1/servers/e797558b-aa37-44c4-92aa-e22d50ef1d08 0.084s
2025-01-15 21:52:05.211 69910 INFO tempest.lib.common.rest_client [req-eb8a16d1-8003-4dcf-abfc-b25fbacfc9b7 req-eb8a16d1-8003-4dcf-abfc-b25fbacfc9b7 ] Request (ServersAdminTestJSON:test_create_server_with_scheduling_hint): 200 GET http://10.180.1.21/compute/v2.1/servers/7c0683b8-001f-4d2c-822a-ad9cc37f488d 0.155s
2025-01-15 21:52:05.237 69918 INFO tempest.lib.common.rest_client [req-2abe115e-3f31-44a1-9105-7bd43e5ea53c req-2abe115e-3f31-44a1-9105-7bd43e5ea53c ] Request (ServerTagsTestJSON:tearDownClass): 204 DELETE http://10.180.1.21/compute/v2.1/servers/fa2bab15-4bbf-43c0-8a58-869f86532dde 0.148s
2025-01-15 21:52:05.267 69922 INFO tempest.lib.common.rest_client [req-c311ad77-d7a9-43cf-ac29-c7b49c139c9b req-c311ad77-d7a9-43cf-ac29-c7b49c139c9b ] Request (ServerShowV247Test:test_update_rebuild_list_server): 200 GET http://10.180.1.21/compute/v2.1/servers/48fbe0ca-2762-4b37-9c68-0c1022cd9a3f 0.156s
2025-01-15 21:52:05.278 69922 INFO tempest.common.waiters [-] State transition "BUILD/scheduling" ==> "BUILD/None" after 3 second wait
2025-01-15 21:52:05.291 69926 INFO tempest.lib.common.rest_client [req-f5cf90ac-dacb-43d9-ae66-7db4b3546038 req-f5cf90ac-dacb-43d9-ae66-7db4b3546038 ] Request (ImagesTestJSON:test_create_image_from_stopped_server): 200 GET http://10.180.1.21/compute/v2.1/servers/7d35a676-e4bf-44bf-ae69-4979bdedae2a 0.124s
2025-01-15 21:52:05.420 69918 INFO tempest.lib.common.rest_client [req-c575eeec-7624-4189-b4be-1a4c4b7141d3 req-c575eeec-7624-4189-b4be-1a4c4b7141d3 ] Request (ServerTagsTestJSON:tearDownClass): 200 GET http://10.180.1.21/compute/v2.1/servers/fa2bab15-4bbf-43c0-8a58-869f86532dde 0.182s
2025-01-15 21:52:05.421 69906 INFO tempest.lib.common.rest_client [req-1080643a-5477-4fee-936b-8db7754deed4 req-1080643a-5477-4fee-936b-8db7754deed4 ] Request (ServerDiagnosticsTest:tearDownClass): 200 GET http://10.180.1.21/compute/v2.1/servers/c8a09bbf-f641-4bde-8ab3-b53137db094c 0.180s
2025-01-15 21:52:05.512 69938 INFO tempest.lib.common.rest_client [req-69440249-8730-45c3-9a9d-6fe9e579da99 req-69440249-8730-45c3-9a9d-6fe9e579da99 ] Request (ServersTestBootFromVolume:tearDownClass): 200 GET http://10.180.1.21/compute/v2.1/servers/83134349-357b-4f50-a7d8-4b3f8d1cab06 0.130s
