2025-01-16 14:52:53.078 68383 INFO tempest.lib.common.rest_client [req-0054cb14-9e76-499f-a4fc-b9cd7b2f7c1f req-0054cb14-9e76-499f-a4fc-b9cd7b2f7c1f ] Request (ImagesNegativeTestJSON:test_create_image_from_deleted_server): 200 GET http://10.180.1.21/compute/v2.1/servers/db018af0-7bdf-40c5-b129-fde15dfb8ab4 0.586s
2025-01-16 14:52:53.095 68405 INFO tempest.lib.common.rest_client [req-a838f51a-8ee2-404f-bcae-0faef30a5b80 req-a838f51a-8ee2-404f-bcae-0faef30a5b80 ] Request (ServerShowV247Test:test_update_rebuild_list_server): 200 GET http://10.180.1.21/compute/v2.1/servers/21c05725-3dad-4965-98d0-0622ebcc8ece 0.567s
2025-01-16 14:52:53.175 68403 INFO tempest.lib.common.rest_client [req-268ed65a-f8c9-4814-adc3-d3ec2fb4f08f req-268ed65a-f8c9-4814-adc3-d3ec2fb4f08f ] Request (ServersAdminNegativeTestJSON:test_migrate_server_invalid_state): 200 GET http://10.180.1.21/compute/v2.1/servers/4423d172-acdd-4c69-b3b8-ff166e1b8548 0.595s
2025-01-16 14:52:53.250 68427 INFO tempest.lib.common.rest_client [req-e3208973-4d33-4d40-bc3d-80ee425fd2ef req-e3208973-4d33-4d40-bc3d-80ee425fd2ef ] Request (MigrationsAdminTest:test_resize_server_revert_deleted_flavor): 200 GET http://10.180.1.21/compute/v2.1/servers/e158b5d4-c120-4e6c-89c4-7668e097926d 0.714s
2025-01-16 14:52:53.324 68437 INFO tempest.lib.common.rest_client [req-1c31806f-a695-48a3-8dba-68da89da9731 req-1c31806f-a695-48a3-8dba-68da89da9731 ] Request (ImagesOneServerNegativeTestJSON:setUpClass): 200 GET http://10.180.1.21/compute/v2.1/servers/c65ccd20-b682-420a-9c1a-47a45959197e 0.694s
2025-01-16 14:52:53.375 68408 INFO tempest.lib.common.rest_client [req-e62d98d3-9bcc-45b9-aa8a-b19d6f40723f req-e62d98d3-9bcc-45b9-aa8a-b19d6f40723f ] Request (ServerRescueNegativeTestJSON:setUpClass): 200 GET http://10.180.1.21/compute/v2.1/servers/6d80ec06-8559-4964-8577-a2512aa366ed 0.772s
2025-01-16 14:52:53.450 68399 INFO tempest.lib.common.rest_client [req-d702d2cd-b6c7-4056-9bcd-5b82f8745ddc req-d702d2cd-b6c7-4056-9bcd-5b82f8745ddc ] Request (ServerGroupTestJSON:test_create_server_with_scheduler_hint_group): 200 GET http://10.180.1.21/compute/v2.1/servers/5f1237ff-5841-41f1-8d77-df9fabaa62b6 0.104s
2025-01-16 14:52:53.461 68399 INFO tempest.common.waiters [-] State transition "BUILD/None" ==> "BUILD/networking" after 91 second wait
2025-01-16 14:52:53.480 68387 INFO tempest.lib.common.rest_client [req-8647f523-1b59-4c22-89ca-14c4ec5da045 req-8647f523-1b59-4c22-89ca-14c4ec5da045 ] Request (DeleteServersTestJSON:test_delete_active_server): 200 GET http://10.180.1.21/compute/v2.1/servers/487c2c9d-2cd2-4912-8613-e1bfac732c40 0.201s
2025-01-16 14:52:53.488 68387 INFO tempest.common.waiters [-] State transition "BUILD/spawning" ==> "ACTIVE/None" after 95 second wait
2025-01-16 14:52:53.507 68409 INFO tempest.lib.common.rest_client [req-a82d1d56-6afd-453e-bf63-05b612f568f5 req-a82d1d56-6afd-453e-bf63-05b612f568f5 ] Request (ListImageFiltersTestJSON:setUpClass): 200 GET http://10.180.1.21/compute/v2.1/servers/387b7f14-f3c1-43ed-8c4e-6de3ce9822e2 0.158s
2025-01-16 14:52:53.549 68391 INFO tempest.lib.common.rest_client [req-50be41c2-16ce-4dd6-b976-334cb4dff258 req-50be41c2-16ce-4dd6-b976-334cb4dff258 ] Request (ListServerFiltersTestJSON:setUpClass): 200 GET http://10.180.1.21/compute/v2.1/servers/41f068d3-2c8d-46f0-8d84-78531d28b0dd 0.117s
2025-01-16 14:52:53.555 68391 INFO tempest.common.waiters [-] State transition "BUILD/scheduling" ==> "BUILD/None" after 78 second wait
2025-01-16 14:52:53.583 68401 INFO tempest.lib.common.rest_client [req-4dbcafaf-5287-4a3d-bd79-9d02c569e79b req-4dbcafaf-5287-4a3d-bd79-9d02c569e79b ] Request (ServersAdminTestJSON:test_create_server_with_scheduling_hint): 200 GET http://10.180.1.21/compute/v2.1/servers/02405b17-7022-4e2c-a357-415de88f63d0 0.151s
2025-01-16 14:52:53.645 68387 INFO tempest.lib.common.rest_client [req-847fb409-5740-4b52-92bf-c077485b2771 req-847fb409-5740-4b52-92bf-c077485b2771 ] Request (DeleteServersTestJSON:test_delete_active_server): 204 DELETE http://10.180.1.21/compute/v2.1/servers/487c2c9d-2cd2-4912-8613-e1bfac732c40 0.155s
2025-01-16 14:52:53.720 68423 INFO tempest.lib.common.rest_client [req-14dadc04-8bc4-4c66-9367-79a2fc8920df req-14dadc04-8bc4-4c66-9367-79a2fc8920df ] Request (ServersTestMultiNic:test_verify_multiple_nics_order): 200 GET http://10.180.1.21/compute/v2.1/servers/dc3317e4-6958-4df6-8e39-c89b4a5d861c 0.121s
2025-01-16 14:52:53.748 68435 INFO tempest.lib.common.rest_client [req-5ac77e8b-0dfd-47e3-9a49-4844ee3b4d96 req-5ac77e8b-0dfd-47e3-9a49-4844ee3b4d96 ] Request (ServerAddressesTestJSON:setUpClass): 200 GET http://10.180.1.21/compute/v2.1/servers/69bcac33-d6ac-4ee7-b674-58ab25389149 0.203s
2025-01-16 14:52:53.806 68381 INFO tempest.lib.common.rest_client [req-18f311f7-c2b1-4d46-bfbc-f2015f649080 req-18f311f7-c2b1-4d46-bfbc-f2015f649080 ] Request (ServerExternalEventsTest:tearDownClass): 200 GET http://10.180.1.21/compute/v2.1/servers/b14bb74a-5e13-4d15-97d4-ee7b2d67f2e6 0.199s
2025-01-16 14:52:53.903 68387 INFO tempest.lib.common.rest_client [req-b142ac0a-325d-4a08-a37f-657ac42b40a4 req-b142ac0a-325d-4a08-a37f-657ac42b40a4 ] Request (DeleteServersTestJSON:test_delete_active_server): 200 GET http://10.180.1.21/compute/v2.1/servers/487c2c9d-2cd2-4912-8613-e1bfac732c40 0.258s
2025-01-16 14:52:53.908 68393 INFO tempest.lib.common.rest_client [req-392215c3-6e2a-4c26-a0eb-5d3c3ac251db req-392215c3-6e2a-4c26-a0eb-5d3c3ac251db ] Request (AttachInterfacesUnderV243Test:test_add_remove_fixed_ip): 200 GET http://10.180.1.21/compute/v2.1/servers/7febb8b4-f984-4d79-a888-b2829f2a9df6 0.067s
2025-01-16 14:52:53.974 68395 INFO tempest.lib.common.rest_client [req-7b0969b5-888e-45c7-b53d-cce0633f0bbd req-7b0969b5-888e-45c7-b53d-cce0633f0bbd ] Request (InstanceActionsNegativeTestJSON:setUpClass): 200 GET http://10.180.1.21/compute/v2.1/servers/c63b05b7-1dbf-4637-8728-33673be0d3ea 0.112s
2025-01-16 14:52:53.994 68411 INFO tempest.lib.common.rest_client [req-86a7aab9-be89-47d8-a0af-8c6bbc761211 req-86a7aab9-be89-47d8-a0af-8c6bbc761211 ] Request (ImagesOneServerTestJSON:setUpClass): 200 GET http://10.180.1.21/compute/v2.1/servers/35f0435c-fe46-46ab-bc71-c21bb0ad3d55 0.081s
2025-01-16 14:52:54.026 68397 INFO tempest.lib.common.rest_client [req-c9b44f21-1094-41af-b13b-12ed89925f7d req-c9b44f21-1094-41af-b13b-12ed89925f7d ] Request (VolumesAdminNegativeTest:test_update_attached_volume_with_nonexistent_volume_in_body): 200 GET http://10.180.1.21/compute/v2.1/servers/b9f30f87-3594-4468-9d29-70890d8761e3 0.095s
2025-01-16 14:52:54.062 68413 INFO tempest.lib.common.rest_client [req-85d6c0d7-a494-4e04-a393-45b53f75ed21 req-85d6c0d7-a494-4e04-a393-45b53f75ed21 ] Request (ImagesTestJSON:test_create_image_from_suspended_server): 200 GET http://10.180.1.21/compute/v2.1/servers/88bad2dd-dce7-41df-b56c-93a5d054c11e 0.055s
2025-01-16 14:52:54.102 68431 INFO tempest.lib.common.rest_client [req-b9f252d3-907f-4feb-a57b-8c5ca0118beb req-b9f252d3-907f-4feb-a57b-8c5ca0118beb ] Request (AttachInterfacesV270Test:tearDownClass): 200 GET http://10.180.1.21/compute/v2.1/servers/ecd6ff7d-802b-4f75-afc4-b99fe5b3ded5 0.075s
2025-01-16 14:52:54.157 68383 INFO tempest.lib.common.rest_client [req-950c1ba3-5a9a-46b8-9e0b-0bdaf0259b97 req-950c1ba3-5a9a-46b8-9e0b-0bdaf0259b97 ] Request (ImagesNegativeTestJSON:test_create_image_from_deleted_server): 200 GET http://10.180.1.21/compute/v2.1/servers/db018af0-7bdf-40c5-b129-fde15dfb8ab4 0.066s
2025-01-16 14:52:54.168 68405 INFO tempest.lib.common.rest_client [req-9f6f6607-ad85-4c3c-b01d-0598f75fb2c9 req-9f6f6607-ad85-4c3c-b01d-0598f75fb2c9 ] Request (ServerShowV247Test:test_update_rebuild_list_server): 200 GET http://10.180.1.21/compute/v2.1/servers/21c05725-3dad-4965-98d0-0622ebcc8ece 0.063s
2025-01-16 14:52:54.189 68425 INFO tempest.lib.common.rest_client [req-18806883-80c5-4355-9688-667ccafca71b req-18806883-80c5-4355-9688-667ccafca71b ] Request (ServerActionsV293TestJSON:setUpClass): 200 PUT http://10.180.1.21:9696/networking/v2.0/routers/1f7546a8-a3a7-40b6-9213-daac99da3aa9/add_router_interface 1.645s
2025-01-16 14:52:54.189 68425 INFO tempest.lib.common.dynamic_creds [-] Created isolated network resources for: credentials: Credentials: {'domain_id': 'default', 'domain_name': 'Default', 'username': 'tempest-ServerActionsV293TestJSON-1121524247-project-member', 'project_domain_id': 'default', 'project_domain_name': 'Default', 'project_id': '87239f55d6d44606b23ca0c25d9fb4d9', 'project_name': 'tempest-ServerActionsV293TestJSON-1121524247', 'tenant_id': '87239f55d6d44606b23ca0c25d9fb4d9', 'tenant_name': 'tempest-ServerActionsV293TestJSON-1121524247', 'user_domain_id': 'default', 'user_domain_name': 'Default', 'user_id': 'dcabddbc1f804889a257dae580593fe4', 'system': None}, Network: {'id': '2ed8a86a-9c14-47b4-8cb4-e8496d289a6e', 'name': 'tempest-ServerActionsV293TestJSON-1207171730-network', 'tenant_id': '87239f55d6d44606b23ca0c25d9fb4d9', 'admin_state_up': True, 'mtu': 8950, 'status': 'ACTIVE', 'subnets': [], 'shared': False, 'project_id': '87239f55d6d44606b23ca0c25d9fb4d9', 'port_security_enabled': True, 'router:external': False, 'provider:network_type': 'vlan', 'provider:physical_network': 'default', 'provider:segmentation_id': 36, 'availability_zone_hints': [], 'availability_zones': [], 'ipv4_address_scope': None, 'ipv6_address_scope': None, 'description': '', 'tags': [], 'created_at': '2025-01-16T14:52:51Z', 'updated_at': '2025-01-16T14:52:51Z', 'revision_number': 1}, Subnet: {'id': 'c852c61e-1bfd-4773-88b4-940b0e1cb595', 'name': 'tempest-ServerActionsV293TestJSON-1207171730-subnet', 'tenant_id': '87239f55d6d44606b23ca0c25d9fb4d9', 'network_id': '2ed8a86a-9c14-47b4-8cb4-e8496d289a6e', 'ip_version': 4, 'subnetpool_id': None, 'enable_dhcp': True, 'ipv6_ra_mode': None, 'ipv6_address_mode': None, 'gateway_ip': '192.168.128.1', 'cidr': '192.168.128.0/28', 'allocation_pools': [{'start': '192.168.128.2', 'end': '192.168.128.14'}], 'host_routes': [], 'dns_nameservers': [], 'description': '', 'router:external': False, 'service_types': [], 'tags': [], 'created_at': '2025-01-16T14:52:51Z', 'updated_at': '2025-01-16T14:52:51Z', 'revision_number': 0, 'project_id': '87239f55d6d44606b23ca0c25d9fb4d9'}, Router: {'id': '1f7546a8-a3a7-40b6-9213-daac99da3aa9', 'name': 'tempest-ServerActionsV293TestJSON-1207171730-router', 'tenant_id': '87239f55d6d44606b23ca0c25d9fb4d9', 'admin_state_up': True, 'status': 'ACTIVE', 'external_gateway_info': {'network_id': '04b4cfef-2ad3-403e-95ae-0ec578f21a37', 'external_fixed_ips': [{'subnet_id': '8a4d04e0-f199-4c5f-b01f-3be0f204bde3', 'ip_address': '10.180.180.220'}], 'enable_snat': True}, 'description': '', 'availability_zones': [], 'distributed': False, 'ha': False, 'availability_zone_hints': [], 'routes': [], 'flavor_id': None, 'tags': [], 'created_at': '2025-01-16T14:52:51Z', 'updated_at': '2025-01-16T14:52:52Z', 'revision_number': 2, 'project_id': '87239f55d6d44606b23ca0c25d9fb4d9'}
2025-01-16 14:52:54.247 68403 INFO tempest.lib.common.rest_client [req-8e9d09aa-e0aa-4923-a443-eeab409c988b req-8e9d09aa-e0aa-4923-a443-eeab409c988b ] Request (ServersAdminNegativeTestJSON:test_migrate_server_invalid_state): 200 GET http://10.180.1.21/compute/v2.1/servers/4423d172-acdd-4c69-b3b8-ff166e1b8548 0.062s
2025-01-16 14:52:54.301 68425 INFO tempest.lib.common.rest_client [req-19b2a70f-004f-49dc-87fc-1b7af90e7b4e req-19b2a70f-004f-49dc-87fc-1b7af90e7b4e ] Request (ServerActionsV293TestJSON:setUpClass): 201 POST http://10.180.1.21/identity/v3/auth/tokens 0.107s
2025-01-16 14:52:54.419 68425 INFO tempest.lib.common.rest_client [req-da152f83-ccf5-45bb-805d-88a8c15491b6 req-da152f83-ccf5-45bb-805d-88a8c15491b6 ] Request (ServerActionsV293TestJSON:setUpClass): 201 POST http://10.180.1.21/compute/v2.1/os-keypairs 0.116s
2025-01-16 14:52:54.428 68427 INFO tempest.lib.common.rest_client [req-eb149ed1-ffc2-47b5-9dde-02ad0522d102 req-eb149ed1-ffc2-47b5-9dde-02ad0522d102 ] Request (MigrationsAdminTest:test_resize_server_revert_deleted_flavor): 200 GET http://10.180.1.21/compute/v2.1/servers/e158b5d4-c120-4e6c-89c4-7668e097926d 0.167s
2025-01-16 14:52:54.473 68437 INFO tempest.lib.common.rest_client [req-a02236c6-f891-4d7c-83f8-49a46d2dad95 req-a02236c6-f891-4d7c-83f8-49a46d2dad95 ] Request (ImagesOneServerNegativeTestJSON:setUpClass): 200 GET http://10.180.1.21/compute/v2.1/servers/c65ccd20-b682-420a-9c1a-47a45959197e 0.136s
2025-01-16 14:52:54.542 68425 INFO tempest.lib.common.rest_client [req-e0951ee8-5719-4158-9d6a-4f63496ac4d9 req-e0951ee8-5719-4158-9d6a-4f63496ac4d9 ] Request (ServerActionsV293TestJSON:setUpClass): 201 POST http://10.180.1.21:9696/networking/v2.0/security-groups 0.120s
2025-01-16 14:52:54.586 68408 INFO tempest.lib.common.rest_client [req-97377bfb-cff3-4b5a-babf-9d53598a69a5 req-97377bfb-cff3-4b5a-babf-9d53598a69a5 ] Request (ServerRescueNegativeTestJSON:setUpClass): 200 GET http://10.180.1.21/compute/v2.1/servers/6d80ec06-8559-4964-8577-a2512aa366ed 0.204s
2025-01-16 14:52:54.596 68408 INFO tempest.common.waiters [-] State transition "ACTIVE/rescuing" ==> "RESCUE/None" after 9 second wait
2025-01-16 14:52:54.620 68425 INFO tempest.lib.common.rest_client [req-4cd18f9c-6596-486b-8aa4-9bee63e1ceba req-4cd18f9c-6596-486b-8aa4-9bee63e1ceba ] Request (ServerActionsV293TestJSON:setUpClass): 201 POST http://10.180.1.21:9696/networking/v2.0/security-group-rules 0.078s
2025-01-16 14:52:54.630 68399 INFO tempest.lib.common.rest_client [req-e4ddab04-4f27-4eb1-9c9a-70182431cb8b req-e4ddab04-4f27-4eb1-9c9a-70182431cb8b ] Request (ServerGroupTestJSON:test_create_server_with_scheduler_hint_group): 200 GET http://10.180.1.21/compute/v2.1/servers/5f1237ff-5841-41f1-8d77-df9fabaa62b6 0.167s
2025-01-16 14:52:54.640 68399 INFO tempest.common.waiters [-] State transition "BUILD/networking" ==> "BUILD/spawning" after 92 second wait
2025-01-16 14:52:54.644 68409 INFO tempest.lib.common.rest_client [req-5e74b4da-ee6a-4100-a4a2-43ec2e2d528d req-5e74b4da-ee6a-4100-a4a2-43ec2e2d528d ] Request (ListImageFiltersTestJSON:setUpClass): 200 GET http://10.180.1.21/compute/v2.1/servers/387b7f14-f3c1-43ed-8c4e-6de3ce9822e2 0.126s
2025-01-16 14:52:54.689 68391 INFO tempest.lib.common.rest_client [req-d2e988ca-27b8-48e2-8582-0719b5fcf4c2 req-d2e988ca-27b8-48e2-8582-0719b5fcf4c2 ] Request (ListServerFiltersTestJSON:setUpClass): 200 GET http://10.180.1.21/compute/v2.1/servers/41f068d3-2c8d-46f0-8d84-78531d28b0dd 0.133s
2025-01-16 14:52:54.703 68425 INFO tempest.lib.common.rest_client [req-22831102-7923-4631-b48f-78fac2fa6a7d req-22831102-7923-4631-b48f-78fac2fa6a7d ] Request (ServerActionsV293TestJSON:setUpClass): 201 POST http://10.180.1.21:9696/networking/v2.0/security-group-rules 0.082s
2025-01-16 14:52:54.709 68401 INFO tempest.lib.common.rest_client [req-6651e0de-6d89-487e-ac46-87ca597a7af4 req-6651e0de-6d89-487e-ac46-87ca597a7af4 ] Request (ServersAdminTestJSON:test_create_server_with_scheduling_hint): 200 GET http://10.180.1.21/compute/v2.1/servers/02405b17-7022-4e2c-a357-415de88f63d0 0.114s
2025-01-16 14:52:54.807 68423 INFO tempest.lib.common.rest_client [req-eca8fd21-c2f4-4f0c-816a-56b9ad1bf27d req-eca8fd21-c2f4-4f0c-816a-56b9ad1bf27d ] Request (ServersTestMultiNic:test_verify_multiple_nics_order): 200 GET http://10.180.1.21/compute/v2.1/servers/dc3317e4-6958-4df6-8e39-c89b4a5d861c 0.076s
2025-01-16 14:52:54.832 68408 INFO tempest.lib.common.rest_client [req-cf02b452-6bad-40be-b0d2-d913ec33b749 req-cf02b452-6bad-40be-b0d2-d913ec33b749 ] Request (ServerRescueNegativeTestJSON:setUpClass): 200 GET http://10.180.1.21/compute/v2.1/servers/b3003c4b-ae5a-48df-8c12-a915a76253f4 0.234s
2025-01-16 14:52:54.921 68381 INFO tempest.lib.common.rest_client [req-3dcffc85-6e2e-4a02-b786-74a3a0165bf5 req-3dcffc85-6e2e-4a02-b786-74a3a0165bf5 ] Request (ServerExternalEventsTest:tearDownClass): 200 GET http://10.180.1.21/compute/v2.1/servers/b14bb74a-5e13-4d15-97d4-ee7b2d67f2e6 0.104s
2025-01-16 14:52:54.927 68408 INFO tempest.lib.common.rest_client [req-f07ad1be-b664-4590-92b7-221ca7845449 req-f07ad1be-b664-4590-92b7-221ca7845449 ] Request (ServerRescueNegativeTestJSON:test_rescue_non_existent_server): 404 POST http://10.180.1.21/compute/v2.1/servers/d61dba09-576c-41ef-9402-47e5bd8686e2/action 0.084s
2025-01-16 14:52:54.946 68435 INFO tempest.lib.common.rest_client [req-a0a18811-d161-4ff5-a694-f73f4a90efb4 req-a0a18811-d161-4ff5-a694-f73f4a90efb4 ] Request (ServerAddressesTestJSON:setUpClass): 200 GET http://10.180.1.21/compute/v2.1/servers/69bcac33-d6ac-4ee7-b674-58ab25389149 0.178s
2025-01-16 14:52:55.006 68393 INFO tempest.lib.common.rest_client [req-643d43c7-f8f7-44e7-85a5-20355a6cb720 req-643d43c7-f8f7-44e7-85a5-20355a6cb720 ] Request (AttachInterfacesUnderV243Test:test_add_remove_fixed_ip): 200 GET http://10.180.1.21/compute/v2.1/servers/7febb8b4-f984-4d79-a888-b2829f2a9df6 0.087s
2025-01-16 14:52:55.043 68387 INFO tempest.lib.common.rest_client [req-8cae6ec4-7288-404c-b6b1-afcf7ce49dcb req-8cae6ec4-7288-404c-b6b1-afcf7ce49dcb ] Request (DeleteServersTestJSON:test_delete_active_server): 200 GET http://10.180.1.21/compute/v2.1/servers/487c2c9d-2cd2-4912-8613-e1bfac732c40 0.131s
2025-01-16 14:52:55.067 68395 INFO tempest.lib.common.rest_client [req-83e60f54-db14-4cfd-99a5-6e7999f2766e req-83e60f54-db14-4cfd-99a5-6e7999f2766e ] Request (InstanceActionsNegativeTestJSON:setUpClass): 200 GET http://10.180.1.21/compute/v2.1/servers/c63b05b7-1dbf-4637-8728-33673be0d3ea 0.084s
2025-01-16 14:52:55.092 68411 INFO tempest.lib.common.rest_client [req-e399cdf7-8c38-473f-9891-3e0c877efc2b req-e399cdf7-8c38-473f-9891-3e0c877efc2b ] Request (ImagesOneServerTestJSON:setUpClass): 200 GET http://10.180.1.21/compute/v2.1/servers/35f0435c-fe46-46ab-bc71-c21bb0ad3d55 0.088s
2025-01-16 14:52:55.104 68411 INFO tempest.common.waiters [-] State transition "BUILD/scheduling" ==> "BUILD/None" after 72 second wait
2025-01-16 14:52:55.110 68408 INFO tempest.lib.common.rest_client [req-de0c8b1b-dbd9-491c-8148-927957656162 req-de0c8b1b-dbd9-491c-8148-927957656162 ] Request (ServerRescueNegativeTestJSON:test_rescued_vm_attach_volume): 202 POST http://10.180.1.21/volume/v3/volumes 0.179s
2025-01-16 14:52:55.123 68397 INFO tempest.lib.common.rest_client [req-2a4675ab-9d78-46da-99db-f7c47722dae3 req-2a4675ab-9d78-46da-99db-f7c47722dae3 ] Request (VolumesAdminNegativeTest:test_update_attached_volume_with_nonexistent_volume_in_body): 200 GET http://10.180.1.21/compute/v2.1/servers/b9f30f87-3594-4468-9d29-70890d8761e3 0.083s
2025-01-16 14:52:55.123 68425 INFO tempest.lib.common.rest_client [req-752877bc-7ad0-452a-ac4a-b9584d4b7d4a req-752877bc-7ad0-452a-ac4a-b9584d4b7d4a ] Request (ServerActionsV293TestJSON:setUpClass): 201 POST http://10.180.1.21:9696/networking/v2.0/floatingips 0.419s
2025-01-16 14:52:55.140 68408 INFO tempest.lib.common.rest_client [req-2bb4ff85-4d52-4fe0-927c-fba9dd611f6e req-2bb4ff85-4d52-4fe0-927c-fba9dd611f6e ] Request (ServerRescueNegativeTestJSON:test_rescued_vm_attach_volume): 200 GET http://10.180.1.21/volume/v3/volumes/67408655-d32d-4431-b259-10b97183bcdc 0.023s
2025-01-16 14:52:55.146 68413 INFO tempest.lib.common.rest_client [req-bf450b5d-a93a-490e-8cc3-e2a7066f17d3 req-bf450b5d-a93a-490e-8cc3-e2a7066f17d3 ] Request (ImagesTestJSON:test_create_image_from_suspended_server): 200 GET http://10.180.1.21/compute/v2.1/servers/88bad2dd-dce7-41df-b56c-93a5d054c11e 0.070s
2025-01-16 14:52:55.184 68425 INFO tempest.lib.common.rest_client [req-c85c5551-511e-45a2-8779-f4b8695890e1 req-c85c5551-511e-45a2-8779-f4b8695890e1 ] Request (ServerActionsV293TestJSON:setUpClass): 201 POST http://10.180.1.21/identity/v3/auth/tokens 0.058s
2025-01-16 14:52:55.184 68425 INFO tempest.lib.common.fixed_network [-] (ServerActionsV293TestJSON:setUpClass) Found network {'id': '2ed8a86a-9c14-47b4-8cb4-e8496d289a6e', 'name': 'tempest-ServerActionsV293TestJSON-1207171730-network', 'tenant_id': '87239f55d6d44606b23ca0c25d9fb4d9', 'admin_state_up': True, 'mtu': 8950, 'status': 'ACTIVE', 'subnets': [], 'shared': False, 'project_id': '87239f55d6d44606b23ca0c25d9fb4d9', 'port_security_enabled': True, 'router:external': False, 'provider:network_type': 'vlan', 'provider:physical_network': 'default', 'provider:segmentation_id': 36, 'availability_zone_hints': [], 'availability_zones': [], 'ipv4_address_scope': None, 'ipv6_address_scope': None, 'description': '', 'tags': [], 'created_at': '2025-01-16T14:52:51Z', 'updated_at': '2025-01-16T14:52:51Z', 'revision_number': 1} available for tenant
2025-01-16 14:52:55.203 68431 INFO tempest.lib.common.rest_client [req-7df4da0b-f005-4a35-872e-725750312403 req-7df4da0b-f005-4a35-872e-725750312403 ] Request (AttachInterfacesV270Test:tearDownClass): 200 GET http://10.180.1.21/compute/v2.1/servers/ecd6ff7d-802b-4f75-afc4-b99fe5b3ded5 0.084s
2025-01-16 14:52:55.235 68383 INFO tempest.lib.common.rest_client [req-818e5caf-98eb-43a4-af4c-8d1fd4547491 req-818e5caf-98eb-43a4-af4c-8d1fd4547491 ] Request (ImagesNegativeTestJSON:test_create_image_from_deleted_server): 200 GET http://10.180.1.21/compute/v2.1/servers/db018af0-7bdf-40c5-b129-fde15dfb8ab4 0.069s
2025-01-16 14:52:55.269 68405 INFO tempest.lib.common.rest_client [req-3a2b94de-afcf-45a9-9e0c-15fab2cc32d2 req-3a2b94de-afcf-45a9-9e0c-15fab2cc32d2 ] Request (ServerShowV247Test:test_update_rebuild_list_server): 200 GET http://10.180.1.21/compute/v2.1/servers/21c05725-3dad-4965-98d0-0622ebcc8ece 0.091s
2025-01-16 14:52:55.370 68403 INFO tempest.lib.common.rest_client [req-9c54d0b1-691d-4325-a93c-14d0cc77dd94 req-9c54d0b1-691d-4325-a93c-14d0cc77dd94 ] Request (ServersAdminNegativeTestJSON:test_migrate_server_invalid_state): 200 GET http://10.180.1.21/compute/v2.1/servers/4423d172-acdd-4c69-b3b8-ff166e1b8548 0.109s
2025-01-16 14:52:55.392 68433 WARNING tempest.lib.common.ssh [-] Failed to establish authenticated ssh connection to cirros@10.180.180.142 ([Errno None] Unable to connect to port 22 on 10.180.180.142). Number attempts: 3. Retry after 4 seconds.: paramiko.ssh_exception.NoValidConnectionsError: [Errno None] Unable to connect to port 22 on 10.180.180.142
2025-01-16 14:52:55.519 68425 INFO tempest.lib.common.rest_client [req-f9a95eb5-daed-4f3c-a281-5900435c542d req-f9a95eb5-daed-4f3c-a281-5900435c542d ] Request (ServerActionsV293TestJSON:setUpClass): 202 POST http://10.180.1.21/volume/v3/volumes 0.333s
2025-01-16 14:52:55.557 68425 INFO tempest.lib.common.rest_client [req-6666ec85-5a8a-4ea6-b9b2-55749fa474c4 req-6666ec85-5a8a-4ea6-b9b2-55749fa474c4 ] Request (ServerActionsV293TestJSON:setUpClass): 200 GET http://10.180.1.21/volume/v3/volumes/8d462122-e7ae-4257-8ce4-0a79a4acae13 0.028s
2025-01-16 14:52:55.562 68437 INFO tempest.lib.common.rest_client [req-1a415b87-bc97-4235-b389-fcbc1ce47349 req-1a415b87-bc97-4235-b389-fcbc1ce47349 ] Request (ImagesOneServerNegativeTestJSON:setUpClass): 200 GET http://10.180.1.21/compute/v2.1/servers/c65ccd20-b682-420a-9c1a-47a45959197e 0.077s
2025-01-16 14:52:55.621 68427 INFO tempest.lib.common.rest_client [req-da5739c4-b425-4431-a5f3-e9e7c60d2397 req-da5739c4-b425-4431-a5f3-e9e7c60d2397 ] Request (MigrationsAdminTest:test_resize_server_revert_deleted_flavor): 200 GET http://10.180.1.21/compute/v2.1/servers/e158b5d4-c120-4e6c-89c4-7668e097926d 0.181s
2025-01-16 14:52:55.729 68409 INFO tempest.lib.common.rest_client [req-75a788a5-9e7f-4e4b-b39d-37ccb3854895 req-75a788a5-9e7f-4e4b-b39d-37ccb3854895 ] Request (ListImageFiltersTestJSON:setUpClass): 200 GET http://10.180.1.21/compute/v2.1/servers/387b7f14-f3c1-43ed-8c4e-6de3ce9822e2 0.073s
2025-01-16 14:52:55.823 68391 INFO tempest.lib.common.rest_client [req-0bc4d0c4-66e4-430f-9e79-2458567029a6 req-0bc4d0c4-66e4-430f-9e79-2458567029a6 ] Request (ListServerFiltersTestJSON:setUpClass): 200 GET http://10.180.1.21/compute/v2.1/servers/41f068d3-2c8d-46f0-8d84-78531d28b0dd 0.122s
2025-01-16 14:52:55.833 68399 INFO tempest.lib.common.rest_client [req-53af80a2-b088-4f2b-a645-9bb72225a6a6 req-53af80a2-b088-4f2b-a645-9bb72225a6a6 ] Request (ServerGroupTestJSON:test_create_server_with_scheduler_hint_group): 200 GET http://10.180.1.21/compute/v2.1/servers/5f1237ff-5841-41f1-8d77-df9fabaa62b6 0.192s
2025-01-16 14:52:55.930 68401 INFO tempest.lib.common.rest_client [req-47656628-1453-427a-bf32-ee596fe7ca7f req-47656628-1453-427a-bf32-ee596fe7ca7f ] Request (ServersAdminTestJSON:test_create_server_with_scheduling_hint): 200 GET http://10.180.1.21/compute/v2.1/servers/02405b17-7022-4e2c-a357-415de88f63d0 0.211s
2025-01-16 14:52:56.020 68381 INFO tempest.lib.common.rest_client [req-46dcfaaf-61ab-4738-acf6-e53a2a286898 req-46dcfaaf-61ab-4738-acf6-e53a2a286898 ] Request (ServerExternalEventsTest:tearDownClass): 200 GET http://10.180.1.21/compute/v2.1/servers/b14bb74a-5e13-4d15-97d4-ee7b2d67f2e6 0.087s
2025-01-16 14:52:56.090 68423 INFO tempest.lib.common.rest_client [req-b351af90-43b3-4809-902b-0265b5b5df60 req-b351af90-43b3-4809-902b-0265b5b5df60 ] Request (ServersTestMultiNic:test_verify_multiple_nics_order): 200 GET http://10.180.1.21/compute/v2.1/servers/dc3317e4-6958-4df6-8e39-c89b4a5d861c 0.271s
2025-01-16 14:52:56.102 68423 INFO tempest.common.waiters [-] State transition "BUILD/None" ==> "BUILD/block_device_mapping" after 88 second wait
2025-01-16 14:52:56.150 68393 INFO tempest.lib.common.rest_client [req-a50a6841-fed7-4c94-8ca2-524f478afaad req-a50a6841-fed7-4c94-8ca2-524f478afaad ] Request (AttachInterfacesUnderV243Test:test_add_remove_fixed_ip): 200 GET http://10.180.1.21/compute/v2.1/servers/7febb8b4-f984-4d79-a888-b2829f2a9df6 0.133s
2025-01-16 14:52:56.182 68435 INFO tempest.lib.common.rest_client [req-6ba569e9-07aa-4bb9-b5f5-3ca7e26e7f21 req-6ba569e9-07aa-4bb9-b5f5-3ca7e26e7f21 ] Request (ServerAddressesTestJSON:setUpClass): 200 GET http://10.180.1.21/compute/v2.1/servers/69bcac33-d6ac-4ee7-b674-58ab25389149 0.226s
2025-01-16 14:52:56.185 68408 INFO tempest.lib.common.rest_client [req-c3d1354f-3533-43e2-ab39-815e53b8df0f req-c3d1354f-3533-43e2-ab39-815e53b8df0f ] Request (ServerRescueNegativeTestJSON:test_rescued_vm_attach_volume): 200 GET http://10.180.1.21/volume/v3/volumes/67408655-d32d-4431-b259-10b97183bcdc 0.031s
2025-01-16 14:52:56.193 68408 INFO tempest.common.waiters [-] volume 67408655-d32d-4431-b259-10b97183bcdc reached available after waiting for 1.193010 seconds
2025-01-16 14:52:56.217 68387 INFO tempest.lib.common.rest_client [req-63b59b4a-946a-4f52-a8e6-63adbae24250 req-63b59b4a-946a-4f52-a8e6-63adbae24250 ] Request (DeleteServersTestJSON:test_delete_active_server): 200 GET http://10.180.1.21/compute/v2.1/servers/487c2c9d-2cd2-4912-8613-e1bfac732c40 0.166s
2025-01-16 14:52:56.247 68395 INFO tempest.lib.common.rest_client [req-c697317f-d11f-487f-854e-5dc271b6efb8 req-c697317f-d11f-487f-854e-5dc271b6efb8 ] Request (InstanceActionsNegativeTestJSON:setUpClass): 200 GET http://10.180.1.21/compute/v2.1/servers/c63b05b7-1dbf-4637-8728-33673be0d3ea 0.170s
2025-01-16 14:52:56.277 68411 INFO tempest.lib.common.rest_client [req-3db6028c-fb21-4c70-a1c7-ac62f6baf517 req-3db6028c-fb21-4c70-a1c7-ac62f6baf517 ] Request (ImagesOneServerTestJSON:setUpClass): 200 GET http://10.180.1.21/compute/v2.1/servers/35f0435c-fe46-46ab-bc71-c21bb0ad3d55 0.171s
2025-01-16 14:52:56.320 68397 INFO tempest.lib.common.rest_client [req-4e716f50-a109-4fd1-9613-6457b86d3d96 req-4e716f50-a109-4fd1-9613-6457b86d3d96 ] Request (VolumesAdminNegativeTest:test_update_attached_volume_with_nonexistent_volume_in_body): 200 GET http://10.180.1.21/compute/v2.1/servers/b9f30f87-3594-4468-9d29-70890d8761e3 0.186s
2025-01-16 14:52:56.366 68413 INFO tempest.lib.common.rest_client [req-c2b5ef23-b4b4-47e6-9187-c322789b6c28 req-c2b5ef23-b4b4-47e6-9187-c322789b6c28 ] Request (ImagesTestJSON:test_create_image_from_suspended_server): 200 GET http://10.180.1.21/compute/v2.1/servers/88bad2dd-dce7-41df-b56c-93a5d054c11e 0.212s
2025-01-16 14:52:56.400 68408 INFO tempest.lib.common.rest_client [req-ed4db4f0-e595-4eab-9900-a79cf7eef489 req-ed4db4f0-e595-4eab-9900-a79cf7eef489 ] Request (ServerRescueNegativeTestJSON:test_rescued_vm_attach_volume): 200 POST http://10.180.1.21/compute/v2.1/servers/b3003c4b-ae5a-48df-8c12-a915a76253f4/action 0.207s
2025-01-16 14:52:56.451 68431 INFO tempest.lib.common.rest_client [req-f7365458-8d59-4810-9aba-95ad12fc8612 req-f7365458-8d59-4810-9aba-95ad12fc8612 ] Request (AttachInterfacesV270Test:tearDownClass): 200 GET http://10.180.1.21/compute/v2.1/servers/ecd6ff7d-802b-4f75-afc4-b99fe5b3ded5 0.228s
2025-01-16 14:52:56.463 68383 INFO tempest.lib.common.rest_client [req-e5e9fff8-0745-4455-8aca-4eaf2490d3e8 req-e5e9fff8-0745-4455-8aca-4eaf2490d3e8 ] Request (ImagesNegativeTestJSON:test_create_image_from_deleted_server): 200 GET http://10.180.1.21/compute/v2.1/servers/db018af0-7bdf-40c5-b129-fde15dfb8ab4 0.217s
2025-01-16 14:52:56.515 68405 INFO tempest.lib.common.rest_client [req-f8aee1e6-5c0c-44ab-8554-766cc71dbb39 req-f8aee1e6-5c0c-44ab-8554-766cc71dbb39 ] Request (ServerShowV247Test:test_update_rebuild_list_server): 200 GET http://10.180.1.21/compute/v2.1/servers/21c05725-3dad-4965-98d0-0622ebcc8ece 0.229s
2025-01-16 14:52:56.523 68403 INFO tempest.lib.common.rest_client [req-62e96e68-1d8a-4f04-80c9-c9ab8f3ac932 req-62e96e68-1d8a-4f04-80c9-c9ab8f3ac932 ] Request (ServersAdminNegativeTestJSON:test_migrate_server_invalid_state): 200 GET http://10.180.1.21/compute/v2.1/servers/4423d172-acdd-4c69-b3b8-ff166e1b8548 0.145s
2025-01-16 14:52:56.599 68425 INFO tempest.lib.common.rest_client [req-9f3c1c2e-15ea-4e67-bddb-6976cd81e987 req-9f3c1c2e-15ea-4e67-bddb-6976cd81e987 ] Request (ServerActionsV293TestJSON:setUpClass): 200 GET http://10.180.1.21/volume/v3/volumes/8d462122-e7ae-4257-8ce4-0a79a4acae13 0.034s
2025-01-16 14:52:56.638 68437 INFO tempest.lib.common.rest_client [req-ee02d8ea-29f3-4209-8b39-c7b4aa9e99d0 req-ee02d8ea-29f3-4209-8b39-c7b4aa9e99d0 ] Request (ImagesOneServerNegativeTestJSON:setUpClass): 200 GET http://10.180.1.21/compute/v2.1/servers/c65ccd20-b682-420a-9c1a-47a45959197e 0.064s
2025-01-16 14:52:56.646 68444 WARNING tempest.lib.common.ssh [-] Failed to establish authenticated ssh connection to cirros@10.180.180.148 ([Errno None] Unable to connect to port 22 on 10.180.180.148). Number attempts: 1. Retry after 2 seconds.: paramiko.ssh_exception.NoValidConnectionsError: [Errno None] Unable to connect to port 22 on 10.180.180.148
2025-01-16 14:52:56.666 68408 INFO tempest.lib.common.rest_client [req-e326067f-8052-47e2-9fb9-6026bf710bbe req-e326067f-8052-47e2-9fb9-6026bf710bbe ] Request (ServerRescueNegativeTestJSON:test_rescued_vm_attach_volume): 200 GET http://10.180.1.21/compute/v2.1/servers/b3003c4b-ae5a-48df-8c12-a915a76253f4 0.265s
2025-01-16 14:52:56.812 68409 INFO tempest.lib.common.rest_client [req-d599093e-bbd4-47e4-b972-94cd0534d138 req-d599093e-bbd4-47e4-b972-94cd0534d138 ] Request (ListImageFiltersTestJSON:setUpClass): 200 GET http://10.180.1.21/compute/v2.1/servers/387b7f14-f3c1-43ed-8c4e-6de3ce9822e2 0.068s
2025-01-16 14:52:56.820 68427 INFO tempest.lib.common.rest_client [req-9e502bac-83cc-41c4-8570-743e9d6cfe42 req-9e502bac-83cc-41c4-8570-743e9d6cfe42 ] Request (MigrationsAdminTest:test_resize_server_revert_deleted_flavor): 200 GET http://10.180.1.21/compute/v2.1/servers/e158b5d4-c120-4e6c-89c4-7668e097926d 0.184s
2025-01-16 14:52:56.891 68391 INFO tempest.lib.common.rest_client [req-e310ed53-b6bc-4865-98a9-d04957836ea5 req-e310ed53-b6bc-4865-98a9-d04957836ea5 ] Request (ListServerFiltersTestJSON:setUpClass): 200 GET http://10.180.1.21/compute/v2.1/servers/41f068d3-2c8d-46f0-8d84-78531d28b0dd 0.054s
2025-01-16 14:52:56.940 68399 INFO tempest.lib.common.rest_client [req-187b6ccf-5eef-495f-8b14-cad048b1d5e6 req-187b6ccf-5eef-495f-8b14-cad048b1d5e6 ] Request (ServerGroupTestJSON:test_create_server_with_scheduler_hint_group): 200 GET http://10.180.1.21/compute/v2.1/servers/5f1237ff-5841-41f1-8d77-df9fabaa62b6 0.092s
2025-01-16 14:52:56.983 68401 INFO tempest.lib.common.rest_client [req-85e096a9-d52b-4fd6-b7b1-855d2aec22b2 req-85e096a9-d52b-4fd6-b7b1-855d2aec22b2 ] Request (ServersAdminTestJSON:test_create_server_with_scheduling_hint): 200 GET http://10.180.1.21/compute/v2.1/servers/02405b17-7022-4e2c-a357-415de88f63d0 0.044s
2025-01-16 14:52:57.086 68381 INFO tempest.lib.common.rest_client [req-8b91bb8a-5f4f-4cf8-93e1-80f5133428b3 req-8b91bb8a-5f4f-4cf8-93e1-80f5133428b3 ] Request (ServerExternalEventsTest:tearDownClass): 200 GET http://10.180.1.21/compute/v2.1/servers/b14bb74a-5e13-4d15-97d4-ee7b2d67f2e6 0.053s
2025-01-16 14:52:57.219 68393 INFO tempest.lib.common.rest_client [req-21236790-a6c3-4aad-8737-ec9b006c4935 req-21236790-a6c3-4aad-8737-ec9b006c4935 ] Request (AttachInterfacesUnderV243Test:test_add_remove_fixed_ip): 200 GET http://10.180.1.21/compute/v2.1/servers/7febb8b4-f984-4d79-a888-b2829f2a9df6 0.058s
2025-01-16 14:52:57.235 68423 INFO tempest.lib.common.rest_client [req-77627093-cfa5-41e3-bf5e-eae52b68f8c7 req-77627093-cfa5-41e3-bf5e-eae52b68f8c7 ] Request (ServersTestMultiNic:test_verify_multiple_nics_order): 200 GET http://10.180.1.21/compute/v2.1/servers/dc3317e4-6958-4df6-8e39-c89b4a5d861c 0.132s
2025-01-16 14:52:57.243 68423 INFO tempest.common.waiters [-] State transition "BUILD/block_device_mapping" ==> "BUILD/spawning" after 89 second wait
2025-01-16 14:52:57.311 68387 INFO tempest.lib.common.rest_client [req-1b344add-6056-4fe5-a307-9427a133c0a4 req-1b344add-6056-4fe5-a307-9427a133c0a4 ] Request (DeleteServersTestJSON:test_delete_active_server): 200 GET http://10.180.1.21/compute/v2.1/servers/487c2c9d-2cd2-4912-8613-e1bfac732c40 0.080s
2025-01-16 14:52:57.318 68387 INFO tempest.common.waiters [-] State transition "ACTIVE/deleting" ==> "DELETED/None" after 4 second wait
2025-01-16 14:52:57.338 68435 INFO tempest.lib.common.rest_client [req-4082cc95-262f-48b6-856f-991126d029c3 req-4082cc95-262f-48b6-856f-991126d029c3 ] Request (ServerAddressesTestJSON:setUpClass): 200 GET http://10.180.1.21/compute/v2.1/servers/69bcac33-d6ac-4ee7-b674-58ab25389149 0.142s
2025-01-16 14:52:57.349 68435 INFO tempest.common.waiters [-] State transition "BUILD/spawning" ==> "ACTIVE/None" after 95 second wait
2025-01-16 14:52:57.368 68395 INFO tempest.lib.common.rest_client [req-482ae564-65c4-475c-910d-7e51b595d00d req-482ae564-65c4-475c-910d-7e51b595d00d ] Request (InstanceActionsNegativeTestJSON:setUpClass): 200 GET http://10.180.1.21/compute/v2.1/servers/c63b05b7-1dbf-4637-8728-33673be0d3ea 0.103s
2025-01-16 14:52:57.380 68411 INFO tempest.lib.common.rest_client [req-61ec55ed-1136-4aa5-bcd1-24527ee7dc39 req-61ec55ed-1136-4aa5-bcd1-24527ee7dc39 ] Request (ImagesOneServerTestJSON:setUpClass): 200 GET http://10.180.1.21/compute/v2.1/servers/35f0435c-fe46-46ab-bc71-c21bb0ad3d55 0.094s
2025-01-16 14:52:57.403 68435 INFO tempest.lib.common.rest_client [req-63238993-3513-4d63-aa96-37f6a1c7652a req-63238993-3513-4d63-aa96-37f6a1c7652a ] Request (ServerAddressesTestJSON:test_list_server_addresses): 200 GET http://10.180.1.21/compute/v2.1/servers/69bcac33-d6ac-4ee7-b674-58ab25389149/ips 0.053s
2025-01-16 14:52:57.414 68397 INFO tempest.lib.common.rest_client [req-cf6adb70-346b-4304-b60c-430372a3b06b req-cf6adb70-346b-4304-b60c-430372a3b06b ] Request (VolumesAdminNegativeTest:test_update_attached_volume_with_nonexistent_volume_in_body): 200 GET http://10.180.1.21/compute/v2.1/servers/b9f30f87-3594-4468-9d29-70890d8761e3 0.084s
2025-01-16 14:52:57.455 68413 INFO tempest.lib.common.rest_client [req-34ec9464-b779-4d0e-874d-38ca0aaad6ac req-34ec9464-b779-4d0e-874d-38ca0aaad6ac ] Request (ImagesTestJSON:test_create_image_from_suspended_server): 200 GET http://10.180.1.21/compute/v2.1/servers/88bad2dd-dce7-41df-b56c-93a5d054c11e 0.074s
2025-01-16 14:52:57.526 68431 INFO tempest.lib.common.rest_client [req-05e30173-ce31-4c67-be13-7c649193e1ab req-05e30173-ce31-4c67-be13-7c649193e1ab ] Request (AttachInterfacesV270Test:tearDownClass): 200 GET http://10.180.1.21/compute/v2.1/servers/ecd6ff7d-802b-4f75-afc4-b99fe5b3ded5 0.062s
2025-01-16 14:52:57.587 68383 INFO tempest.lib.common.rest_client [req-c3218d99-e19d-471d-a141-f6fbe96ec5ec req-c3218d99-e19d-471d-a141-f6fbe96ec5ec ] Request (ImagesNegativeTestJSON:test_create_image_from_deleted_server): 200 GET http://10.180.1.21/compute/v2.1/servers/db018af0-7bdf-40c5-b129-fde15dfb8ab4 0.115s
2025-01-16 14:52:57.640 68425 INFO tempest.lib.common.rest_client [req-2c8406b2-f093-4082-9fe2-ed2dd8ec315f req-2c8406b2-f093-4082-9fe2-ed2dd8ec315f ] Request (ServerActionsV293TestJSON:setUpClass): 200 GET http://10.180.1.21/volume/v3/volumes/8d462122-e7ae-4257-8ce4-0a79a4acae13 0.030s
2025-01-16 14:52:57.652 68435 INFO tempest.lib.common.rest_client [req-3e8e7372-8b03-401b-b19d-34ce2494d682 req-3e8e7372-8b03-401b-b19d-34ce2494d682 ] Request (ServerAddressesTestJSON:test_list_server_addresses_by_network): 200 GET http://10.180.1.21/compute/v2.1/servers/69bcac33-d6ac-4ee7-b674-58ab25389149/ips 0.244s
2025-01-16 14:52:57.656 68405 INFO tempest.lib.common.rest_client [req-cc406bae-d54a-4180-a67a-cee63bc357e4 req-cc406bae-d54a-4180-a67a-cee63bc357e4 ] Request (ServerShowV247Test:test_update_rebuild_list_server): 200 GET http://10.180.1.21/compute/v2.1/servers/21c05725-3dad-4965-98d0-0622ebcc8ece 0.122s
2025-01-16 14:52:57.705 68403 INFO tempest.lib.common.rest_client [req-296ba31b-9ce2-4411-906d-24376ca7ff94 req-296ba31b-9ce2-4411-906d-24376ca7ff94 ] Request (ServersAdminNegativeTestJSON:test_migrate_server_invalid_state): 200 GET http://10.180.1.21/compute/v2.1/servers/4423d172-acdd-4c69-b3b8-ff166e1b8548 0.169s
2025-01-16 14:52:57.712 68437 INFO tempest.lib.common.rest_client [req-daa63e93-ff91-46c4-ae12-d08275ac5554 req-daa63e93-ff91-46c4-ae12-d08275ac5554 ] Request (ImagesOneServerNegativeTestJSON:setUpClass): 200 GET http://10.180.1.21/compute/v2.1/servers/c65ccd20-b682-420a-9c1a-47a45959197e 0.061s
2025-01-16 14:52:57.730 68435 INFO tempest.lib.common.rest_client [req-9a015c86-54a2-47f6-9c51-7baaff789012 req-9a015c86-54a2-47f6-9c51-7baaff789012 ] Request (ServerAddressesTestJSON:test_list_server_addresses_by_network): 200 GET http://10.180.1.21/compute/v2.1/servers/69bcac33-d6ac-4ee7-b674-58ab25389149/ips/tempest-ServerAddressesTestJSON-50257271-network 0.076s
2025-01-16 14:52:57.807 68435 INFO tempest.lib.common.rest_client [req-0a53b27b-71f4-4fee-b778-9e0958eeed63 req-0a53b27b-71f4-4fee-b778-9e0958eeed63 ] Request (ServerAddressesTestJSON:tearDownClass): 204 DELETE http://10.180.1.21/compute/v2.1/servers/69bcac33-d6ac-4ee7-b674-58ab25389149 0.071s
2025-01-16 14:52:57.821 68408 INFO tempest.lib.common.rest_client [req-d99a234e-db5b-4dbd-9e30-454d7972f053 req-d99a234e-db5b-4dbd-9e30-454d7972f053 ] Request (ServerRescueNegativeTestJSON:test_rescued_vm_attach_volume): 200 GET http://10.180.1.21/compute/v2.1/servers/b3003c4b-ae5a-48df-8c12-a915a76253f4 0.146s
2025-01-16 14:52:57.876 68409 INFO tempest.lib.common.rest_client [req-7cf0b28c-d659-454e-9d63-abca1e61dab7 req-7cf0b28c-d659-454e-9d63-abca1e61dab7 ] Request (ListImageFiltersTestJSON:setUpClass): 200 GET http://10.180.1.21/compute/v2.1/servers/387b7f14-f3c1-43ed-8c4e-6de3ce9822e2 0.057s
2025-01-16 14:52:57.888 68429 WARNING tempest.lib.common.ssh [-] Failed to establish authenticated ssh connection to cirros@10.180.180.178 ([Errno None] Unable to connect to port 22 on 10.180.180.178). Number attempts: 8. Retry after 9 seconds.: paramiko.ssh_exception.NoValidConnectionsError: [Errno None] Unable to connect to port 22 on 10.180.180.178
2025-01-16 14:52:57.929 68435 INFO tempest.lib.common.rest_client [req-af6de9db-1254-46c5-8d04-0ae398949970 req-af6de9db-1254-46c5-8d04-0ae398949970 ] Request (ServerAddressesTestJSON:tearDownClass): 200 GET http://10.180.1.21/compute/v2.1/servers/69bcac33-d6ac-4ee7-b674-58ab25389149 0.121s
2025-01-16 14:52:57.979 68391 INFO tempest.lib.common.rest_client [req-793bbc90-8b45-412f-b860-cbbf0ed86726 req-793bbc90-8b45-412f-b860-cbbf0ed86726 ] Request (ListServerFiltersTestJSON:setUpClass): 200 GET http://10.180.1.21/compute/v2.1/servers/41f068d3-2c8d-46f0-8d84-78531d28b0dd 0.078s
2025-01-16 14:52:57.987 68427 INFO tempest.lib.common.rest_client [req-98d9c392-9ea6-4c1f-aa7b-5de83c79332b req-98d9c392-9ea6-4c1f-aa7b-5de83c79332b ] Request (MigrationsAdminTest:test_resize_server_revert_deleted_flavor): 200 GET http://10.180.1.21/compute/v2.1/servers/e158b5d4-c120-4e6c-89c4-7668e097926d 0.154s
2025-01-16 14:52:58.052 68401 INFO tempest.lib.common.rest_client [req-a079f30f-aa1f-4b89-8c0b-e8dc717e5c81 req-a079f30f-aa1f-4b89-8c0b-e8dc717e5c81 ] Request (ServersAdminTestJSON:test_create_server_with_scheduling_hint): 200 GET http://10.180.1.21/compute/v2.1/servers/02405b17-7022-4e2c-a357-415de88f63d0 0.060s
2025-01-16 14:52:58.104 68399 INFO tempest.lib.common.rest_client [req-b0135458-a6d3-494e-a5b0-abb6c6cbe40b req-b0135458-a6d3-494e-a5b0-abb6c6cbe40b ] Request (ServerGroupTestJSON:test_create_server_with_scheduler_hint_group): 200 GET http://10.180.1.21/compute/v2.1/servers/5f1237ff-5841-41f1-8d77-df9fabaa62b6 0.157s
2025-01-16 14:52:58.179 68381 INFO tempest.lib.common.rest_client [req-851bb571-9ec0-4d06-8381-20dc0e65516c req-851bb571-9ec0-4d06-8381-20dc0e65516c ] Request (ServerExternalEventsTest:tearDownClass): 200 GET http://10.180.1.21/compute/v2.1/servers/b14bb74a-5e13-4d15-97d4-ee7b2d67f2e6 0.085s
2025-01-16 14:52:58.291 68393 INFO tempest.lib.common.rest_client [req-9dc243cd-fb5a-45b6-b007-35def62e5d45 req-9dc243cd-fb5a-45b6-b007-35def62e5d45 ] Request (AttachInterfacesUnderV243Test:test_add_remove_fixed_ip): 200 GET http://10.180.1.21/compute/v2.1/servers/7febb8b4-f984-4d79-a888-b2829f2a9df6 0.059s
2025-01-16 14:52:58.369 68423 INFO tempest.lib.common.rest_client [req-0c09da01-b94f-406c-a044-5c68522dc3dc req-0c09da01-b94f-406c-a044-5c68522dc3dc ] Request (ServersTestMultiNic:test_verify_multiple_nics_order): 200 GET http://10.180.1.21/compute/v2.1/servers/dc3317e4-6958-4df6-8e39-c89b4a5d861c 0.125s
2025-01-16 14:52:58.381 68387 INFO tempest.lib.common.rest_client [req-e428a0e9-8ec6-46f0-9de0-f6773054fba8 req-e428a0e9-8ec6-46f0-9de0-f6773054fba8 ] Request (DeleteServersTestJSON:test_delete_active_server): 200 GET http://10.180.1.21/compute/v2.1/servers/487c2c9d-2cd2-4912-8613-e1bfac732c40 0.061s
2025-01-16 14:52:58.447 68411 INFO tempest.lib.common.rest_client [req-4cbd014b-3c8e-4a84-a5fd-9eb877de4e73 req-4cbd014b-3c8e-4a84-a5fd-9eb877de4e73 ] Request (ImagesOneServerTestJSON:setUpClass): 200 GET http://10.180.1.21/compute/v2.1/servers/35f0435c-fe46-46ab-bc71-c21bb0ad3d55 0.058s
2025-01-16 14:52:58.447 68395 INFO tempest.lib.common.rest_client [req-f6914f17-951b-4cf6-a7de-f2ffb7503aaf req-f6914f17-951b-4cf6-a7de-f2ffb7503aaf ] Request (InstanceActionsNegativeTestJSON:setUpClass): 200 GET http://10.180.1.21/compute/v2.1/servers/c63b05b7-1dbf-4637-8728-33673be0d3ea 0.072s
2025-01-16 14:52:58.506 68397 INFO tempest.lib.common.rest_client [req-3f7bc867-3590-42ec-ae04-a6858cce6212 req-3f7bc867-3590-42ec-ae04-a6858cce6212 ] Request (VolumesAdminNegativeTest:test_update_attached_volume_with_nonexistent_volume_in_body): 200 GET http://10.180.1.21/compute/v2.1/servers/b9f30f87-3594-4468-9d29-70890d8761e3 0.084s
2025-01-16 14:52:58.527 68413 INFO tempest.lib.common.rest_client [req-9a77a41a-ba25-412f-a8c6-f2b4bdb37a88 req-9a77a41a-ba25-412f-a8c6-f2b4bdb37a88 ] Request (ImagesTestJSON:test_create_image_from_suspended_server): 200 GET http://10.180.1.21/compute/v2.1/servers/88bad2dd-dce7-41df-b56c-93a5d054c11e 0.059s
2025-01-16 14:52:58.630 68431 INFO tempest.lib.common.rest_client [req-39a1920a-266d-4661-8b43-b2be6639381c req-39a1920a-266d-4661-8b43-b2be6639381c ] Request (AttachInterfacesV270Test:tearDownClass): 200 GET http://10.180.1.21/compute/v2.1/servers/ecd6ff7d-802b-4f75-afc4-b99fe5b3ded5 0.089s
2025-01-16 14:52:58.657 68421 WARNING tempest.lib.common.ssh [-] Failed to establish authenticated ssh connection to cirros@10.180.180.231 ([Errno None] Unable to connect to port 22 on 10.180.180.231). Number attempts: 6. Retry after 7 seconds.: paramiko.ssh_exception.NoValidConnectionsError: [Errno None] Unable to connect to port 22 on 10.180.180.231
2025-01-16 14:52:58.663 68383 INFO tempest.lib.common.rest_client [req-9f4e489a-adb8-4e1c-8049-a2b3f9b5dba6 req-9f4e489a-adb8-4e1c-8049-a2b3f9b5dba6 ] Request (ImagesNegativeTestJSON:test_create_image_from_deleted_server): 200 GET http://10.180.1.21/compute/v2.1/servers/db018af0-7bdf-40c5-b129-fde15dfb8ab4 0.060s
2025-01-16 14:52:58.670 68383 INFO tempest.common.waiters [-] State transition "BUILD/scheduling" ==> "BUILD/None" after 73 second wait
2025-01-16 14:52:58.683 68425 INFO tempest.lib.common.rest_client [req-2e124500-3dc9-4dd8-8b0b-8f242f9aafcf req-2e124500-3dc9-4dd8-8b0b-8f242f9aafcf ] Request (ServerActionsV293TestJSON:setUpClass): 200 GET http://10.180.1.21/volume/v3/volumes/8d462122-e7ae-4257-8ce4-0a79a4acae13 0.034s
2025-01-16 14:52:58.747 68405 INFO tempest.lib.common.rest_client [req-49c7c432-2ccf-4e15-99e1-937e50527866 req-49c7c432-2ccf-4e15-99e1-937e50527866 ] Request (ServerShowV247Test:test_update_rebuild_list_server): 200 GET http://10.180.1.21/compute/v2.1/servers/21c05725-3dad-4965-98d0-0622ebcc8ece 0.081s
2025-01-16 14:52:58.782 68403 INFO tempest.lib.common.rest_client [req-516e67f0-277b-4507-acb6-84c708a43804 req-516e67f0-277b-4507-acb6-84c708a43804 ] Request (ServersAdminNegativeTestJSON:test_migrate_server_invalid_state): 200 GET http://10.180.1.21/compute/v2.1/servers/4423d172-acdd-4c69-b3b8-ff166e1b8548 0.068s
2025-01-16 14:52:58.797 68437 INFO tempest.lib.common.rest_client [req-3fe10100-b51c-442d-a5b3-39f803e504c3 req-3fe10100-b51c-442d-a5b3-39f803e504c3 ] Request (ImagesOneServerNegativeTestJSON:setUpClass): 200 GET http://10.180.1.21/compute/v2.1/servers/c65ccd20-b682-420a-9c1a-47a45959197e 0.078s
2025-01-16 14:52:58.943 68409 INFO tempest.lib.common.rest_client [req-3bf74324-aa61-41ed-a64c-99876eaec6fe req-3bf74324-aa61-41ed-a64c-99876eaec6fe ] Request (ListImageFiltersTestJSON:setUpClass): 200 GET http://10.180.1.21/compute/v2.1/servers/387b7f14-f3c1-43ed-8c4e-6de3ce9822e2 0.058s
2025-01-16 14:52:58.975 68389 WARNING tempest.lib.common.ssh [-] Failed to establish authenticated ssh connection to cirros@10.180.180.251 ([Errno None] Unable to connect to port 22 on 10.180.180.251). Number attempts: 10. Retry after 11 seconds.: paramiko.ssh_exception.NoValidConnectionsError: [Errno None] Unable to connect to port 22 on 10.180.180.251
2025-01-16 14:52:59.008 68408 INFO tempest.lib.common.rest_client [req-8faa378d-398b-462c-9b0c-b7b6f9a2a36b req-8faa378d-398b-462c-9b0c-b7b6f9a2a36b ] Request (ServerRescueNegativeTestJSON:test_rescued_vm_attach_volume): 200 GET http://10.180.1.21/compute/v2.1/servers/b3003c4b-ae5a-48df-8c12-a915a76253f4 0.178s
2025-01-16 14:52:59.062 68435 INFO tempest.lib.common.rest_client [req-13241321-2443-4401-bdb2-67f2c68962fd req-13241321-2443-4401-bdb2-67f2c68962fd ] Request (ServerAddressesTestJSON:tearDownClass): 200 GET http://10.180.1.21/compute/v2.1/servers/69bcac33-d6ac-4ee7-b674-58ab25389149 0.124s
2025-01-16 14:52:59.066 68391 INFO tempest.lib.common.rest_client [req-017c667e-0f42-48c2-8e9e-070292ddf5e1 req-017c667e-0f42-48c2-8e9e-070292ddf5e1 ] Request (ListServerFiltersTestJSON:setUpClass): 200 GET http://10.180.1.21/compute/v2.1/servers/41f068d3-2c8d-46f0-8d84-78531d28b0dd 0.077s
2025-01-16 14:52:59.127 68401 INFO tempest.lib.common.rest_client [req-c7f607c8-f168-4bb8-ab44-b13e4a46f2ec req-c7f607c8-f168-4bb8-ab44-b13e4a46f2ec ] Request (ServersAdminTestJSON:test_create_server_with_scheduling_hint): 200 GET http://10.180.1.21/compute/v2.1/servers/02405b17-7022-4e2c-a357-415de88f63d0 0.065s
2025-01-16 14:52:59.180 68427 INFO tempest.lib.common.rest_client [req-8f47df2d-cb03-4ad8-be0b-f1db439a4f16 req-8f47df2d-cb03-4ad8-be0b-f1db439a4f16 ] Request (MigrationsAdminTest:test_resize_server_revert_deleted_flavor): 200 GET http://10.180.1.21/compute/v2.1/servers/e158b5d4-c120-4e6c-89c4-7668e097926d 0.183s
2025-01-16 14:52:59.222 68399 INFO tempest.lib.common.rest_client [req-59953631-f73f-492a-879a-05a1659cfa86 req-59953631-f73f-492a-879a-05a1659cfa86 ] Request (ServerGroupTestJSON:test_create_server_with_scheduler_hint_group): 200 GET http://10.180.1.21/compute/v2.1/servers/5f1237ff-5841-41f1-8d77-df9fabaa62b6 0.106s
2025-01-16 14:52:59.249 68381 INFO tempest.lib.common.rest_client [req-6c4ca45e-70b2-4a00-a62b-fd07abfd3281 req-6c4ca45e-70b2-4a00-a62b-fd07abfd3281 ] Request (ServerExternalEventsTest:tearDownClass): 200 GET http://10.180.1.21/compute/v2.1/servers/b14bb74a-5e13-4d15-97d4-ee7b2d67f2e6 0.062s
2025-01-16 14:52:59.352 68393 INFO tempest.lib.common.rest_client [req-09df452b-b3c8-46ad-b078-02865b476475 req-09df452b-b3c8-46ad-b078-02865b476475 ] Request (AttachInterfacesUnderV243Test:test_add_remove_fixed_ip): 200 GET http://10.180.1.21/compute/v2.1/servers/7febb8b4-f984-4d79-a888-b2829f2a9df6 0.051s
2025-01-16 14:52:59.453 68387 INFO tempest.lib.common.rest_client [req-b8ef8ce4-042a-4cf2-a00e-00cd6ba6dd33 req-b8ef8ce4-042a-4cf2-a00e-00cd6ba6dd33 ] Request (DeleteServersTestJSON:test_delete_active_server): 200 GET http://10.180.1.21/compute/v2.1/servers/487c2c9d-2cd2-4912-8613-e1bfac732c40 0.061s
2025-01-16 14:52:59.501 68395 INFO tempest.lib.common.rest_client [req-baa9857a-1dd0-4942-b9cf-5299ad2c2619 req-baa9857a-1dd0-4942-b9cf-5299ad2c2619 ] Request (InstanceActionsNegativeTestJSON:setUpClass): 200 GET http://10.180.1.21/compute/v2.1/servers/c63b05b7-1dbf-4637-8728-33673be0d3ea 0.046s
2025-01-16 14:52:59.509 68423 INFO tempest.lib.common.rest_client [req-440b5c73-3ae8-4e7d-aebf-99613b1e0784 req-440b5c73-3ae8-4e7d-aebf-99613b1e0784 ] Request (ServersTestMultiNic:test_verify_multiple_nics_order): 200 GET http://10.180.1.21/compute/v2.1/servers/dc3317e4-6958-4df6-8e39-c89b4a5d861c 0.127s
2025-01-16 14:52:59.544 68411 INFO tempest.lib.common.rest_client [req-5528b132-86ee-44ce-b4a4-bc122207e2a6 req-5528b132-86ee-44ce-b4a4-bc122207e2a6 ] Request (ImagesOneServerTestJSON:setUpClass): 200 GET http://10.180.1.21/compute/v2.1/servers/35f0435c-fe46-46ab-bc71-c21bb0ad3d55 0.082s
