2025-01-16 14:51:06.560 68403 INFO tempest.lib.common.dynamic_creds [-] Created isolated network resources for: credentials: Credentials: {'domain_id': 'default', 'domain_name': 'Default', 'username': 'tempest-ServersAdminNegativeTestJSON-246685314-project-member', 'project_domain_id': 'default', 'project_domain_name': 'Default', 'project_id': '78831267dd354243b0f284437b835ef5', 'project_name': 'tempest-ServersAdminNegativeTestJSON-246685314', 'tenant_id': '78831267dd354243b0f284437b835ef5', 'tenant_name': 'tempest-ServersAdminNegativeTestJSON-246685314', 'user_domain_id': 'default', 'user_domain_name': 'Default', 'user_id': '0059ec60e4884d22addac429b94794e9', 'system': None}, Network: None, Subnet: None, Router: None
2025-01-16 14:51:06.562 68411 INFO tempest.lib.common.rest_client [req-925cecf2-4851-4c83-8d74-05228d636dee req-925cecf2-4851-4c83-8d74-05228d636dee ] Request (FloatingIPsAssociationNegativeTestJSON:setUpClass): 200 GET http://10.180.1.21/compute/v2.1/servers/2b2ccb04-80b7-47ac-9fb5-7bd52a439d7c 1.492s
2025-01-16 14:51:06.569 68381 INFO tempest.lib.common.rest_client [req-9137a4e8-41b0-4045-96dc-1311c2c80ccc req-9137a4e8-41b0-4045-96dc-1311c2c80ccc ] Request (ServerExternalEventsTest:setUpClass): 201 POST http://10.180.1.21/identity/v3/auth/tokens 0.084s
2025-01-16 14:51:06.608 68399 INFO tempest.lib.common.rest_client [req-de5758a1-3b94-493e-8a57-6565f580aae7 req-de5758a1-3b94-493e-8a57-6565f580aae7 ] Request (ServerAddressesNegativeTestJSON:tearDownClass): 204 DELETE http://10.180.1.21:9696/networking/v2.0/security-groups/38695e68-8dbd-4766-8757-bd746794ea81 0.339s
2025-01-16 14:51:06.611 68409 INFO tempest.lib.common.rest_client [req-e66b79e8-d28c-4990-a0ff-cd7ce6db3360 req-e66b79e8-d28c-4990-a0ff-cd7ce6db3360 ] Request (ImagesMetadataTestJSON:setUpClass): 200 GET http://10.180.1.21/compute/v2.1/images/a8c95138-fcdd-456b-8250-eeee4f05a95e 1.369s
2025-01-16 14:51:06.621 68435 INFO tempest.lib.common.rest_client [req-652ac900-e6d7-4540-a67a-e08205dd0d0a req-652ac900-e6d7-4540-a67a-e08205dd0d0a ] Request (ServersTestFqdnHostnames:test_create_server_with_fqdn_name): 200 GET http://10.180.1.21/compute/v2.1/servers/27e6ff4d-c4f2-41e7-92c2-a0e2445830bf 1.421s
2025-01-16 14:51:06.636 68381 INFO tempest.lib.common.rest_client [req-dcb3099a-c468-4a7e-9243-d295dd78721c req-dcb3099a-c468-4a7e-9243-d295dd78721c ] Request (ServerExternalEventsTest:setUpClass): 201 POST http://10.180.1.21/identity/v3/projects 0.066s
2025-01-16 14:51:06.672 68403 INFO tempest.lib.common.rest_client [req-f8f9944a-a355-4f6b-94aa-51fb77ea888f req-f8f9944a-a355-4f6b-94aa-51fb77ea888f ] Request (ServersAdminNegativeTestJSON:setUpClass): 201 POST http://10.180.1.21/identity/v3/auth/tokens 0.108s
2025-01-16 14:51:06.700 68397 INFO tempest.lib.common.rest_client [req-17cb2ea7-37e4-4ea7-9dd7-e4f9548be06a req-17cb2ea7-37e4-4ea7-9dd7-e4f9548be06a ] Request (ServerDiagnosticsNegativeTest:test_get_server_diagnostics_by_non_admin): 200 GET http://10.180.1.21/compute/v2.1/servers/04ac4ade-0bc8-4469-9b1b-f288b2f0a367 1.280s
2025-01-16 14:51:06.723 68444 INFO tempest.lib.common.rest_client [req-6af02607-83d9-4ae7-8d76-7ab6c5fa49ad req-6af02607-83d9-4ae7-8d76-7ab6c5fa49ad ] Request (AttachVolumeTestJSON:setUpClass): 201 POST http://10.180.1.21:9696/networking/v2.0/networks 0.604s
2025-01-16 14:51:06.730 68399 INFO tempest.lib.common.rest_client [req-6dd01132-de83-4954-aba2-9f944cdfbfe7 req-6dd01132-de83-4954-aba2-9f944cdfbfe7 ] Request (ServerAddressesNegativeTestJSON:tearDownClass): 204 DELETE http://10.180.1.21/identity/v3/projects/d6d073bbdd424c22817ef13d3a7dbb25 0.121s
2025-01-16 14:51:06.771 68389 INFO tempest.lib.common.rest_client [req-94410fb0-9bb1-4d14-8116-876e4e04f2b0 req-94410fb0-9bb1-4d14-8116-876e4e04f2b0 ] Request (AttachInterfacesTestJSON:test_create_list_show_delete_interfaces_by_fixed_ip): 200 GET http://10.180.1.21/compute/v2.1/servers/f4d63a93-23af-470c-b36a-662af81dc386 1.074s
2025-01-16 14:51:06.789 68381 INFO tempest.lib.common.rest_client [req-44efb8d1-4be8-4395-a37c-7d225f089ebe req-44efb8d1-4be8-4395-a37c-7d225f089ebe ] Request (ServerExternalEventsTest:setUpClass): 201 POST http://10.180.1.21/identity/v3/users 0.152s
2025-01-16 14:51:06.819 68399 INFO tempest.lib.common.rest_client [req-eaa47e09-7b9c-41d1-933f-99c8edf151af req-eaa47e09-7b9c-41d1-933f-99c8edf151af ] Request (ServerGroupTestJSON:setUpClass): 201 POST http://10.180.1.21/identity/v3/auth/tokens 0.084s
2025-01-16 14:51:06.835 68403 INFO tempest.lib.common.rest_client [req-d6eb54fb-7cbd-48e2-8891-3ed88cc27d6f req-d6eb54fb-7cbd-48e2-8891-3ed88cc27d6f ] Request (ServersAdminNegativeTestJSON:setUpClass): 201 POST http://10.180.1.21/identity/v3/projects 0.162s
2025-01-16 14:51:06.836 68381 INFO tempest.lib.common.rest_client [req-a4712110-8efa-44ac-9368-f1a8cdbd7793 req-a4712110-8efa-44ac-9368-f1a8cdbd7793 ] Request (ServerExternalEventsTest:setUpClass): 200 GET http://10.180.1.21/identity/v3/roles 0.046s
2025-01-16 14:51:06.891 68399 INFO tempest.lib.common.rest_client [req-4bae90ce-6671-4432-9843-addc7cfbaf67 req-4bae90ce-6671-4432-9843-addc7cfbaf67 ] Request (ServerGroupTestJSON:setUpClass): 201 POST http://10.180.1.21/identity/v3/auth/tokens 0.066s
2025-01-16 14:51:06.893 68444 INFO tempest.lib.common.rest_client [req-60925274-6f28-4f3b-9cc8-2a70f04a948d req-60925274-6f28-4f3b-9cc8-2a70f04a948d ] Request (AttachVolumeTestJSON:setUpClass): 201 POST http://10.180.1.21:9696/networking/v2.0/subnets 0.169s
2025-01-16 14:51:06.897 68403 INFO tempest.lib.common.rest_client [req-a7f4e602-72ba-48d3-8657-0a2523169d03 req-a7f4e602-72ba-48d3-8657-0a2523169d03 ] Request (ServersAdminNegativeTestJSON:setUpClass): 201 POST http://10.180.1.21/identity/v3/users 0.061s
2025-01-16 14:51:06.917 68381 INFO tempest.lib.common.rest_client [req-32edd46e-b565-4be9-b33b-f3d132d890f3 req-32edd46e-b565-4be9-b33b-f3d132d890f3 ] Request (ServerExternalEventsTest:setUpClass): 204 PUT http://10.180.1.21/identity/v3/projects/d8dfbe0385654e3cb1cb12a7e8e77bc3/users/bdeff98fc3b1485e8f583c895fc19fe8/roles/76ce2a3f743e4da9b148a376e5ad2732 0.081s
2025-01-16 14:51:06.917 68399 INFO tempest.lib.common.rest_client [req-d702c9ba-77ba-488b-ac66-cc54065a08b3 req-d702c9ba-77ba-488b-ac66-cc54065a08b3 ] Request (ServerGroupTestJSON:setUpClass): 200 GET http://10.180.1.21/identity/v3/domains?name=Default 0.026s
2025-01-16 14:51:06.965 68381 INFO tempest.lib.common.rest_client [req-1ce08fc3-8639-44f9-96ca-5ebfe59dc61a req-1ce08fc3-8639-44f9-96ca-5ebfe59dc61a ] Request (ServerExternalEventsTest:setUpClass): 200 GET http://10.180.1.21/identity/v3/roles 0.047s
2025-01-16 14:51:06.967 68403 INFO tempest.lib.common.rest_client [req-971d9ef6-a4d6-471e-8da9-5e9fc235b579 req-971d9ef6-a4d6-471e-8da9-5e9fc235b579 ] Request (ServersAdminNegativeTestJSON:setUpClass): 200 GET http://10.180.1.21/identity/v3/roles 0.069s
2025-01-16 14:51:06.984 68381 INFO tempest.lib.common.rest_client [req-4dfb9985-79d5-432d-8395-93bd764eaf5d req-4dfb9985-79d5-432d-8395-93bd764eaf5d ] Request (ServerExternalEventsTest:setUpClass): 204 PUT http://10.180.1.21/identity/v3/projects/d8dfbe0385654e3cb1cb12a7e8e77bc3/users/bdeff98fc3b1485e8f583c895fc19fe8/roles/d9d0ee61602942148534c2491289b436 0.018s
2025-01-16 14:51:06.984 68381 INFO tempest.lib.common.dynamic_creds [-] Dynamic test user bdeff98fc3b1485e8f583c895fc19fe8 is created with scope project and roles: ['admin', 'service']
2025-01-16 14:51:06.985 68381 INFO tempest.lib.common.dynamic_creds [-] Acquired dynamic creds: credentials: Credentials: {'domain_id': 'default', 'domain_name': 'Default', 'username': 'tempest-ServerExternalEventsTest-1049562868-project', 'project_domain_id': 'default', 'project_domain_name': 'Default', 'project_id': 'd8dfbe0385654e3cb1cb12a7e8e77bc3', 'project_name': 'tempest-ServerExternalEventsTest-1049562868', 'tenant_id': 'd8dfbe0385654e3cb1cb12a7e8e77bc3', 'tenant_name': 'tempest-ServerExternalEventsTest-1049562868', 'user_domain_id': 'default', 'user_domain_name': 'Default', 'user_id': 'bdeff98fc3b1485e8f583c895fc19fe8', 'system': None}, Network: None, Subnet: None, Router: None
2025-01-16 14:51:06.986 68381 INFO tempest.lib.common.dynamic_creds [-] Created isolated network resources for: credentials: Credentials: {'domain_id': 'default', 'domain_name': 'Default', 'username': 'tempest-ServerExternalEventsTest-1049562868-project', 'project_domain_id': 'default', 'project_domain_name': 'Default', 'project_id': 'd8dfbe0385654e3cb1cb12a7e8e77bc3', 'project_name': 'tempest-ServerExternalEventsTest-1049562868', 'tenant_id': 'd8dfbe0385654e3cb1cb12a7e8e77bc3', 'tenant_name': 'tempest-ServerExternalEventsTest-1049562868', 'user_domain_id': 'default', 'user_domain_name': 'Default', 'user_id': 'bdeff98fc3b1485e8f583c895fc19fe8', 'system': None}, Network: None, Subnet: None, Router: None
2025-01-16 14:51:06.996 68399 INFO tempest.lib.common.rest_client [req-6066d8d0-b1a5-4d48-8d45-406ff83a352a req-6066d8d0-b1a5-4d48-8d45-406ff83a352a ] Request (ServerGroupTestJSON:setUpClass): 201 POST http://10.180.1.21/identity/v3/projects 0.078s
2025-01-16 14:51:07.053 68421 INFO tempest.lib.common.rest_client [req-3a925a0c-183d-49a3-ac03-e3d5997466f3 req-3a925a0c-183d-49a3-ac03-e3d5997466f3 ] Request (ValidationResourcesFixture:setUp): 201 POST http://10.180.1.21:9696/networking/v2.0/floatingips 1.381s
2025-01-16 14:51:07.065 68381 INFO tempest.lib.common.rest_client [req-159e2ad7-5c88-43d3-9518-ddfd31662121 req-159e2ad7-5c88-43d3-9518-ddfd31662121 ] Request (ServerExternalEventsTest:setUpClass): 201 POST http://10.180.1.21/identity/v3/auth/tokens 0.077s
2025-01-16 14:51:07.068 68403 INFO tempest.lib.common.rest_client [req-4f318ab8-2ef6-4044-b07b-3733690528fd req-4f318ab8-2ef6-4044-b07b-3733690528fd ] Request (ServersAdminNegativeTestJSON:setUpClass): 204 PUT http://10.180.1.21/identity/v3/projects/6d8d9b20e42245749e3cde786a2e7d4f/users/f77448447d674681b2cc35d47ea0236a/roles/76ce2a3f743e4da9b148a376e5ad2732 0.101s
2025-01-16 14:51:07.118 68399 INFO tempest.lib.common.rest_client [req-11a27023-2d7b-4f04-a365-6ab69ec9b1a3 req-11a27023-2d7b-4f04-a365-6ab69ec9b1a3 ] Request (ServerGroupTestJSON:setUpClass): 201 POST http://10.180.1.21/identity/v3/users 0.121s
2025-01-16 14:51:07.119 68421 INFO tempest.lib.common.rest_client [req-348811a2-8b5f-42c7-9009-76f68de3d1b8 req-348811a2-8b5f-42c7-9009-76f68de3d1b8 ] Request (AttachVolumeShelveTestJSON:test_attach_volume_shelved_or_offload_server): 201 POST http://10.180.1.21/identity/v3/auth/tokens 0.063s
2025-01-16 14:51:07.119 68421 INFO tempest.lib.common.fixed_network [-] (AttachVolumeShelveTestJSON:test_attach_volume_shelved_or_offload_server) Found network {'id': 'db233b0c-27f3-4a76-ae9c-2b5889bf3d3b', 'name': 'tempest-AttachVolumeShelveTestJSON-1825671448-network', 'tenant_id': '3240be4f32254f54aa87cb045e3d8f31', 'admin_state_up': True, 'mtu': 8950, 'status': 'ACTIVE', 'subnets': [], 'shared': False, 'project_id': '3240be4f32254f54aa87cb045e3d8f31', 'port_security_enabled': True, 'router:external': False, 'provider:network_type': 'vlan', 'provider:physical_network': 'default', 'provider:segmentation_id': 278, 'availability_zone_hints': [], 'availability_zones': [], 'ipv4_address_scope': None, 'ipv6_address_scope': None, 'description': '', 'tags': [], 'created_at': '2025-01-16T14:50:54Z', 'updated_at': '2025-01-16T14:50:54Z', 'revision_number': 1} available for tenant
2025-01-16 14:51:07.143 68403 INFO tempest.lib.common.rest_client [req-45ca0598-0fd1-45d3-a6f3-c01a79033b55 req-45ca0598-0fd1-45d3-a6f3-c01a79033b55 ] Request (ServersAdminNegativeTestJSON:setUpClass): 200 GET http://10.180.1.21/identity/v3/roles 0.074s
2025-01-16 14:51:07.164 68399 INFO tempest.lib.common.rest_client [req-3c620e83-7566-404a-adb7-fc9506d1db69 req-3c620e83-7566-404a-adb7-fc9506d1db69 ] Request (ServerGroupTestJSON:setUpClass): 200 GET http://10.180.1.21/identity/v3/roles 0.046s
2025-01-16 14:51:07.180 68403 INFO tempest.lib.common.rest_client [req-76288cd3-84b0-4a2d-a040-00b058805261 req-76288cd3-84b0-4a2d-a040-00b058805261 ] Request (ServersAdminNegativeTestJSON:setUpClass): 204 PUT http://10.180.1.21/identity/v3/projects/6d8d9b20e42245749e3cde786a2e7d4f/users/f77448447d674681b2cc35d47ea0236a/roles/76ce2a3f743e4da9b148a376e5ad2732 0.036s
2025-01-16 14:51:07.180 68403 INFO tempest.lib.common.dynamic_creds [-] Dynamic test user f77448447d674681b2cc35d47ea0236a is created with scope project and roles: ['admin']
2025-01-16 14:51:07.180 68381 INFO tempest.lib.common.rest_client [req-6f1f5b95-8f3f-4c08-8d89-067ec6115efc req-6f1f5b95-8f3f-4c08-8d89-067ec6115efc ] Request (ServerExternalEventsTest:test_create_server_external_events): 201 POST http://10.180.1.21/identity/v3/auth/tokens 0.110s
2025-01-16 14:51:07.181 68403 INFO tempest.lib.common.dynamic_creds [-] Acquired dynamic creds: credentials: Credentials: {'domain_id': 'default', 'domain_name': 'Default', 'username': 'tempest-ServersAdminNegativeTestJSON-1450984671-project-admin', 'project_domain_id': 'default', 'project_domain_name': 'Default', 'project_id': '6d8d9b20e42245749e3cde786a2e7d4f', 'project_name': 'tempest-ServersAdminNegativeTestJSON-1450984671', 'tenant_id': '6d8d9b20e42245749e3cde786a2e7d4f', 'tenant_name': 'tempest-ServersAdminNegativeTestJSON-1450984671', 'user_domain_id': 'default', 'user_domain_name': 'Default', 'user_id': 'f77448447d674681b2cc35d47ea0236a', 'system': None}, Network: None, Subnet: None, Router: None
2025-01-16 14:51:07.181 68381 INFO tempest.lib.common.fixed_network [-] (ServerExternalEventsTest:test_create_server_external_events) Found network None available for tenant
2025-01-16 14:51:07.181 68403 INFO tempest.lib.common.dynamic_creds [-] Created isolated network resources for: credentials: Credentials: {'domain_id': 'default', 'domain_name': 'Default', 'username': 'tempest-ServersAdminNegativeTestJSON-1450984671-project-admin', 'project_domain_id': 'default', 'project_domain_name': 'Default', 'project_id': '6d8d9b20e42245749e3cde786a2e7d4f', 'project_name': 'tempest-ServersAdminNegativeTestJSON-1450984671', 'tenant_id': '6d8d9b20e42245749e3cde786a2e7d4f', 'tenant_name': 'tempest-ServersAdminNegativeTestJSON-1450984671', 'user_domain_id': 'default', 'user_domain_name': 'Default', 'user_id': 'f77448447d674681b2cc35d47ea0236a', 'system': None}, Network: None, Subnet: None, Router: None
2025-01-16 14:51:07.199 68408 INFO tempest.lib.common.rest_client [req-ac60223a-1f38-49ea-b514-2e8cac896823 req-ac60223a-1f38-49ea-b514-2e8cac896823 ] Request (ServerRescueNegativeTestJSON:setUpClass): 201 POST http://10.180.1.21:9696/networking/v2.0/routers 2.388s
2025-01-16 14:51:07.247 68399 INFO tempest.lib.common.rest_client [req-1c7dcaca-e780-44f1-8b47-28eb4ebd055f req-1c7dcaca-e780-44f1-8b47-28eb4ebd055f ] Request (ServerGroupTestJSON:setUpClass): 204 PUT http://10.180.1.21/identity/v3/projects/87eb5358b5fe4919b0d657d3e0d008f0/users/c21d871b41044a1b9e4c33c5b2265d1b/roles/ea845107229b4dae978c3ef51633effa 0.083s
2025-01-16 14:51:07.248 68399 INFO tempest.lib.common.dynamic_creds [-] Dynamic test user c21d871b41044a1b9e4c33c5b2265d1b is created with scope project and roles: ['member']
2025-01-16 14:51:07.248 68399 INFO tempest.lib.common.dynamic_creds [-] Acquired dynamic creds: credentials: Credentials: {'domain_id': 'default', 'domain_name': 'Default', 'username': 'tempest-ServerGroupTestJSON-540441561-project-member', 'project_domain_id': 'default', 'project_domain_name': 'Default', 'project_id': '87eb5358b5fe4919b0d657d3e0d008f0', 'project_name': 'tempest-ServerGroupTestJSON-540441561', 'tenant_id': '87eb5358b5fe4919b0d657d3e0d008f0', 'tenant_name': 'tempest-ServerGroupTestJSON-540441561', 'user_domain_id': 'default', 'user_domain_name': 'Default', 'user_id': 'c21d871b41044a1b9e4c33c5b2265d1b', 'system': None}, Network: None, Subnet: None, Router: None
2025-01-16 14:51:07.260 68403 INFO tempest.lib.common.rest_client [req-12c9b35b-1ced-4cc2-b5d4-900d4ded973b req-12c9b35b-1ced-4cc2-b5d4-900d4ded973b ] Request (ServersAdminNegativeTestJSON:setUpClass): 201 POST http://10.180.1.21/identity/v3/auth/tokens 0.075s
2025-01-16 14:51:07.260 68403 WARNING tempest.lib.common.rest_client [-] Deprecated: "tenant_id" property is deprecated for removal, use "project_id" instead
2025-01-16 14:51:07.303 68433 INFO tempest.lib.common.rest_client [req-f8c39f98-3635-4e11-9a89-1dd04cb12d8b req-f8c39f98-3635-4e11-9a89-1dd04cb12d8b ] Request (ServersTestBootFromVolume:setUpClass): 200 GET http://10.180.1.21/volume/v3/volumes/64941ab3-102e-48a5-a3ad-433fb818850b 0.051s
2025-01-16 14:51:07.310 68433 INFO tempest.common.waiters [-] volume 64941ab3-102e-48a5-a3ad-433fb818850b reached available after waiting for 20.310457 seconds
2025-01-16 14:51:07.315 68399 INFO tempest.lib.common.rest_client [req-e41d336b-b2e0-4a2d-a800-1240b9a82376 req-e41d336b-b2e0-4a2d-a800-1240b9a82376 ] Request (ServerGroupTestJSON:setUpClass): 201 POST http://10.180.1.21/identity/v3/auth/tokens 0.067s
2025-01-16 14:51:07.329 68403 INFO tempest.lib.common.rest_client [req-e61a1531-2b9e-4a5c-ad29-c314f46c0a52 req-e61a1531-2b9e-4a5c-ad29-c314f46c0a52 ] Request (ServersAdminNegativeTestJSON:setUpClass): 201 POST http://10.180.1.21/identity/v3/auth/tokens 0.061s
2025-01-16 14:51:07.329 68403 INFO tempest.lib.common.fixed_network [-] (ServersAdminNegativeTestJSON:setUpClass) Found network None available for tenant
2025-01-16 14:51:07.350 68401 INFO tempest.lib.common.rest_client [req-a704eff0-a1e9-4504-98a8-5f78ad2fac5a req-a704eff0-a1e9-4504-98a8-5f78ad2fac5a ] Request (ServersAdminTestJSON:setUpClass): 202 POST http://10.180.1.21/compute/v2.1/servers 1.631s
2025-01-16 14:51:07.410 68415 INFO tempest.lib.common.rest_client [req-7d6882dd-491e-4422-b9e4-a4d60062a832 req-7d6882dd-491e-4422-b9e4-a4d60062a832 ] Request (SecurityGroupRulesTestJSON:test_security_group_rules_delete_when_peer_group_deleted): 200 GET http://10.180.1.21/compute/v2.1/os-security-groups/a8d21e1f-c574-41c8-9223-0907a2748fbc 1.591s
2025-01-16 14:51:07.435 68387 INFO tempest.lib.common.rest_client [req-9f7cb2c2-4617-412a-85e1-d71f9115c3ac req-9f7cb2c2-4617-412a-85e1-d71f9115c3ac ] Request (ServersTestJSON:setUpClass): 404 GET http://10.180.1.21/compute/v2.1/servers/0b845d80-c8b2-4b16-bda2-08fc78fb4337 1.522s
2025-01-16 14:51:07.435 68387 INFO tempest.test [-] raised in ServersTestJSON.setUpClass. Invoking tearDownClass.
2025-01-16 14:51:07.466 68431 INFO tempest.lib.common.rest_client [req-c9420c52-2e7b-4179-a724-dc8220206e37 req-c9420c52-2e7b-4179-a724-dc8220206e37 ] Request (AttachInterfacesV270Test:test_create_get_list_interfaces): 202 POST http://10.180.1.21/compute/v2.1/servers 1.861s
2025-01-16 14:51:07.481 68419 INFO tempest.lib.common.rest_client [req-2dd80a01-c12b-4b95-a16e-5ce10c6d28a1 req-2dd80a01-c12b-4b95-a16e-5ce10c6d28a1 ] Request (FlavorsAdminTestJSON:test_is_public_string_variations): 200 GET http://10.180.1.21/compute/v2.1/flavors/detail?is_public=no 1.529s
2025-01-16 14:51:07.505 68427 INFO tempest.lib.common.rest_client [req-26a5fc1a-3a14-4773-8e70-aed16bfc3f96 req-26a5fc1a-3a14-4773-8e70-aed16bfc3f96 ] Request (MigrationsAdminTest:test_resize_server_revert_deleted_flavor): 200 GET http://10.180.1.21/compute/v2.1/servers/e158b5d4-c120-4e6c-89c4-7668e097926d 1.586s
2025-01-16 14:51:07.510 68393 INFO tempest.lib.common.rest_client [req-61e14a5f-f104-4ad0-a4b4-d359f5df6428 req-61e14a5f-f104-4ad0-a4b4-d359f5df6428 ] Request (AggregatesAdminNegativeTestJSON:test_aggregate_remove_host_as_user): 403 POST http://10.180.1.21/compute/v2.1/os-aggregates/7/action 1.368s
2025-01-16 14:51:07.545 68385 INFO tempest.lib.common.rest_client [req-8fee3136-a445-4a46-819b-41ad27314357 req-8fee3136-a445-4a46-819b-41ad27314357 ] Request (ServersWithSpecificFlavorTestJSON:test_verify_created_server_ephemeral_disk): 200 GET http://10.180.1.21/compute/v2.1/servers/9b1fbb7b-07f1-48bc-851f-d4c35f96cd6c 1.518s
2025-01-16 14:51:07.648 68441 INFO tempest.lib.common.rest_client [req-68e0ee35-4e3f-4679-8d1c-1e74813994b6 req-68e0ee35-4e3f-4679-8d1c-1e74813994b6 ] Request (SecurityGroupsNegativeTestJSON:test_delete_the_default_security_group): 200 GET http://10.180.1.21/compute/v2.1/os-security-groups 1.504s
2025-01-16 14:51:07.946 68409 INFO tempest.lib.common.rest_client [req-d880c6a5-408c-4c77-bdce-cc3a7e3a0af2 req-d880c6a5-408c-4c77-bdce-cc3a7e3a0af2 ] Request (ImagesMetadataTestJSON:setUp): 200 PUT http://10.180.1.21/compute/v2.1/images/a8c95138-fcdd-456b-8250-eeee4f05a95e/metadata 1.329s
2025-01-16 14:51:07.952 68399 INFO tempest.lib.common.rest_client [req-63566d47-b1c1-4553-9da0-bc58acf1a9f5 req-63566d47-b1c1-4553-9da0-bc58acf1a9f5 ] Request (ServerGroupTestJSON:setUpClass): 201 POST http://10.180.1.21:9696/networking/v2.0/networks 0.636s
2025-01-16 14:51:08.161 68444 INFO tempest.lib.common.rest_client [req-d00e08cf-ad90-4e61-8a9c-cc64d8991aa0 req-d00e08cf-ad90-4e61-8a9c-cc64d8991aa0 ] Request (AttachVolumeTestJSON:setUpClass): 201 POST http://10.180.1.21:9696/networking/v2.0/routers 1.267s
2025-01-16 14:51:08.203 68417 INFO tempest.lib.common.rest_client [req-e2c9c367-0c62-4528-8748-ca485ff0d13d req-e2c9c367-0c62-4528-8748-ca485ff0d13d ] Request (ServersV294TestFqdnHostnames:setUpClass): 200 GET http://10.180.1.21/compute/v2.1/servers/82382932-7302-4441-a6f8-9aa2300ec0f6 1.543s
2025-01-16 14:51:08.272 68425 INFO tempest.lib.common.rest_client [req-43efee89-6c28-4a3e-8077-a04174fee4f1 req-43efee89-6c28-4a3e-8077-a04174fee4f1 ] Request (ServersAdmin275Test:test_rebuild_update_server_275): 200 GET http://10.180.1.21/compute/v2.1/servers/384a96ea-40ce-43e1-a5f9-82f50b710b0b 1.327s
2025-01-16 14:51:08.299 68413 INFO tempest.lib.common.rest_client [req-ca8423a1-497e-4c59-a756-4cd1d8035445 req-ca8423a1-497e-4c59-a756-4cd1d8035445 ] Request (ImagesTestJSON:test_create_image_from_stopped_server): 202 POST http://10.180.1.21/compute/v2.1/servers 1.994s
2025-01-16 14:51:08.330 68405 INFO tempest.lib.common.rest_client [req-b2ca8ccf-3682-4696-816a-c9d7c4215f8f req-b2ca8ccf-3682-4696-816a-c9d7c4215f8f ] Request (ServerMetadataNegativeTestJSON:setUpClass): 200 GET http://10.180.1.21/compute/v2.1/servers/4dfe9f82-7f89-486b-b159-948656d2896c 1.310s
2025-01-16 14:51:08.380 68399 INFO tempest.lib.common.rest_client [req-21567f66-f9d2-4fec-9a42-84b3aea80490 req-21567f66-f9d2-4fec-9a42-84b3aea80490 ] Request (ServerGroupTestJSON:setUpClass): 201 POST http://10.180.1.21:9696/networking/v2.0/subnets 0.427s
2025-01-16 14:51:08.398 68391 INFO tempest.lib.common.rest_client [req-01b5e9bf-1c1a-4a3c-af51-b706ed037d77 req-01b5e9bf-1c1a-4a3c-af51-b706ed037d77 ] Request (InstanceActionsV221TestJSON:test_get_list_deleted_instance_actions): 200 GET http://10.180.1.21/compute/v2.1/servers/bec6441f-72b8-4664-b125-b0aa5f21636a 1.280s
2025-01-16 14:51:08.760 68381 INFO tempest.lib.common.rest_client [req-370e56f6-0096-46b3-ad39-684a37405f9a req-370e56f6-0096-46b3-ad39-684a37405f9a ] Request (ServerExternalEventsTest:test_create_server_external_events): 202 POST http://10.180.1.21/compute/v2.1/servers 1.578s
2025-01-16 14:51:08.835 68408 INFO tempest.lib.common.rest_client [req-d588a782-95ac-4165-9790-c9d22be6a4b9 req-d588a782-95ac-4165-9790-c9d22be6a4b9 ] Request (ServerRescueNegativeTestJSON:setUpClass): 200 PUT http://10.180.1.21:9696/networking/v2.0/routers/8ffe7c8b-969a-4c2b-a8c3-45a19ee2a028/add_router_interface 1.635s
2025-01-16 14:51:08.835 68408 INFO tempest.lib.common.dynamic_creds [-] Created isolated network resources for: credentials: Credentials: {'domain_id': 'default', 'domain_name': 'Default', 'username': 'tempest-ServerRescueNegativeTestJSON-1621829740-project-member', 'project_domain_id': 'default', 'project_domain_name': 'Default', 'project_id': 'e10208040df34eb5adfe8dcbc76043d5', 'project_name': 'tempest-ServerRescueNegativeTestJSON-1621829740', 'tenant_id': 'e10208040df34eb5adfe8dcbc76043d5', 'tenant_name': 'tempest-ServerRescueNegativeTestJSON-1621829740', 'user_domain_id': 'default', 'user_domain_name': 'Default', 'user_id': '6ac24e1886434785b90dfba135fb7c8f', 'system': None}, Network: {'id': 'a410f4f3-d072-4034-b797-8210e1a79093', 'name': 'tempest-ServerRescueNegativeTestJSON-1482574391-network', 'tenant_id': 'e10208040df34eb5adfe8dcbc76043d5', 'admin_state_up': True, 'mtu': 8950, 'status': 'ACTIVE', 'subnets': [], 'shared': False, 'project_id': 'e10208040df34eb5adfe8dcbc76043d5', 'port_security_enabled': True, 'router:external': False, 'provider:network_type': 'vlan', 'provider:physical_network': 'default', 'provider:segmentation_id': 192, 'availability_zone_hints': [], 'availability_zones': [], 'ipv4_address_scope': None, 'ipv6_address_scope': None, 'description': '', 'tags': [], 'created_at': '2025-01-16T14:51:03Z', 'updated_at': '2025-01-16T14:51:03Z', 'revision_number': 1}, Subnet: {'id': '60dada10-a1f4-4a18-a540-d2f5cc2e0e1d', 'name': 'tempest-ServerRescueNegativeTestJSON-1482574391-subnet', 'tenant_id': 'e10208040df34eb5adfe8dcbc76043d5', 'network_id': 'a410f4f3-d072-4034-b797-8210e1a79093', 'ip_version': 4, 'subnetpool_id': None, 'enable_dhcp': True, 'ipv6_ra_mode': None, 'ipv6_address_mode': None, 'gateway_ip': '192.168.128.1', 'cidr': '192.168.128.0/28', 'allocation_pools': [{'start': '192.168.128.2', 'end': '192.168.128.14'}], 'host_routes': [], 'dns_nameservers': [], 'description': '', 'router:external': False, 'service_types': [], 'tags': [], 'created_at': '2025-01-16T14:51:04Z', 'updated_at': '2025-01-16T14:51:04Z', 'revision_number': 0, 'project_id': 'e10208040df34eb5adfe8dcbc76043d5'}, Router: {'id': '8ffe7c8b-969a-4c2b-a8c3-45a19ee2a028', 'name': 'tempest-ServerRescueNegativeTestJSON-1482574391-router', 'tenant_id': 'e10208040df34eb5adfe8dcbc76043d5', 'admin_state_up': True, 'status': 'ACTIVE', 'external_gateway_info': {'network_id': '04b4cfef-2ad3-403e-95ae-0ec578f21a37', 'external_fixed_ips': [{'subnet_id': '8a4d04e0-f199-4c5f-b01f-3be0f204bde3', 'ip_address': '10.180.180.190'}], 'enable_snat': True}, 'description': '', 'availability_zones': [], 'distributed': False, 'ha': False, 'availability_zone_hints': [], 'routes': [], 'flavor_id': None, 'tags': [], 'created_at': '2025-01-16T14:51:04Z', 'updated_at': '2025-01-16T14:51:06Z', 'revision_number': 2, 'project_id': 'e10208040df34eb5adfe8dcbc76043d5'}
2025-01-16 14:51:08.858 68421 INFO tempest.lib.common.rest_client [req-8b9834a0-6525-490b-8619-56a995b26b7c req-8b9834a0-6525-490b-8619-56a995b26b7c ] Request (AttachVolumeShelveTestJSON:test_attach_volume_shelved_or_offload_server): 202 POST http://10.180.1.21/compute/v2.1/servers 1.738s
2025-01-16 14:51:08.877 68429 INFO tempest.lib.common.rest_client [req-13dea181-3336-40fc-a9df-de03b6e8c93d req-13dea181-3336-40fc-a9df-de03b6e8c93d ] Request (ServersTestManualDisk:setUpClass): 200 GET http://10.180.1.21/compute/v2.1/servers/dbfa6f8d-6c4d-474d-820a-3a6ebe86fcda 1.627s
2025-01-16 14:51:08.932 68408 INFO tempest.lib.common.rest_client [req-7428d30c-fc8a-434f-a5f3-7af3f80a0fb1 req-7428d30c-fc8a-434f-a5f3-7af3f80a0fb1 ] Request (ServerRescueNegativeTestJSON:setUpClass): 201 POST http://10.180.1.21/identity/v3/auth/tokens 0.093s
2025-01-16 14:51:08.981 68408 INFO tempest.lib.common.rest_client [req-c7cae0f8-ec1f-4945-86ea-486f76d02079 req-c7cae0f8-ec1f-4945-86ea-486f76d02079 ] Request (ServerRescueNegativeTestJSON:setUpClass): 201 POST http://10.180.1.21/identity/v3/auth/tokens 0.043s
2025-01-16 14:51:08.981 68408 INFO tempest.lib.common.fixed_network [-] (ServerRescueNegativeTestJSON:setUpClass) Found network {'id': 'a410f4f3-d072-4034-b797-8210e1a79093', 'name': 'tempest-ServerRescueNegativeTestJSON-1482574391-network', 'tenant_id': 'e10208040df34eb5adfe8dcbc76043d5', 'admin_state_up': True, 'mtu': 8950, 'status': 'ACTIVE', 'subnets': [], 'shared': False, 'project_id': 'e10208040df34eb5adfe8dcbc76043d5', 'port_security_enabled': True, 'router:external': False, 'provider:network_type': 'vlan', 'provider:physical_network': 'default', 'provider:segmentation_id': 192, 'availability_zone_hints': [], 'availability_zones': [], 'ipv4_address_scope': None, 'ipv6_address_scope': None, 'description': '', 'tags': [], 'created_at': '2025-01-16T14:51:03Z', 'updated_at': '2025-01-16T14:51:03Z', 'revision_number': 1} available for tenant
2025-01-16 14:51:09.213 68403 INFO tempest.lib.common.rest_client [req-2094d162-d263-46e8-9604-cab54e7ec5fd req-2094d162-d263-46e8-9604-cab54e7ec5fd ] Request (ServersAdminNegativeTestJSON:setUpClass): 202 POST http://10.180.1.21/compute/v2.1/servers 1.883s
2025-01-16 14:51:09.291 68401 INFO tempest.lib.common.rest_client [req-3eae14d9-b308-4874-94e3-817eff2270cc req-3eae14d9-b308-4874-94e3-817eff2270cc ] Request (ServersAdminTestJSON:setUpClass): 200 GET http://10.180.1.21/compute/v2.1/servers/f3740d9a-b21a-4a79-9e28-2a89ecd08bb6 1.938s
2025-01-16 14:51:09.372 68395 INFO tempest.lib.common.rest_client [req-271e9332-cbbe-498b-bee2-2725ba20f508 req-271e9332-cbbe-498b-bee2-2725ba20f508 ] Request (InstanceActionsTestJSON:setUpClass): 200 GET http://10.180.1.21/compute/v2.1/servers/9062e606-511f-4fe7-9621-90b3c0e51eec 1.999s
2025-01-16 14:51:09.384 68395 INFO tempest.common.waiters [-] State transition "BUILD/scheduling" ==> "BUILD/None" after 20 second wait
2025-01-16 14:51:09.507 68433 INFO tempest.lib.common.rest_client [req-0351681d-3332-4993-bc3c-9563a93d9351 req-0351681d-3332-4993-bc3c-9563a93d9351 ] Request (ServersTestBootFromVolume:setUpClass): 202 POST http://10.180.1.21/compute/v2.1/servers 2.196s
2025-01-16 14:51:09.525 68415 INFO tempest.lib.common.rest_client [req-23e9a490-df88-414e-ae8b-9f3b58e74267 req-23e9a490-df88-414e-ae8b-9f3b58e74267 ] Request (SecurityGroupRulesTestJSON:test_security_group_rules_list): 200 POST http://10.180.1.21/compute/v2.1/os-security-groups 2.106s
2025-01-16 14:51:09.532 68387 INFO tempest.lib.common.rest_client [req-93910b95-7c76-4674-9ac9-761b569bfdb5 req-93910b95-7c76-4674-9ac9-761b569bfdb5 ] Request (ServersTestJSON:tearDownClass): 202 DELETE http://10.180.1.21/compute/v2.1/os-keypairs/tempest-keypair-1360687248 2.096s
2025-01-16 14:51:09.588 68399 INFO tempest.lib.common.rest_client [req-ec46a80b-8aaa-4ff6-9226-4e76aabc9d7c req-ec46a80b-8aaa-4ff6-9226-4e76aabc9d7c ] Request (ServerGroupTestJSON:setUpClass): 201 POST http://10.180.1.21:9696/networking/v2.0/routers 1.207s
2025-01-16 14:51:09.595 68431 INFO tempest.lib.common.rest_client [req-97ab8c11-0416-435d-ba18-1170b1275b38 req-97ab8c11-0416-435d-ba18-1170b1275b38 ] Request (AttachInterfacesV270Test:test_create_get_list_interfaces): 200 GET http://10.180.1.21/compute/v2.1/servers/ecd6ff7d-802b-4f75-afc4-b99fe5b3ded5 2.128s
2025-01-16 14:51:09.596 68423 INFO tempest.lib.common.rest_client [req-600767a3-c076-44d9-9625-1aaab5021416 req-600767a3-c076-44d9-9625-1aaab5021416 ] Request (ServersTestMultiNic:test_verify_duplicate_network_nics): 200 GET http://10.180.1.21/compute/v2.1/servers/00fca8eb-c209-4632-abe6-5f092b04ac56 2.127s
2025-01-16 14:51:09.609 68419 INFO tempest.lib.common.rest_client [req-c200c29e-0e4d-4cab-bc7c-d7d871b45efe req-c200c29e-0e4d-4cab-bc7c-d7d871b45efe ] Request (FlavorsAdminTestJSON:test_is_public_string_variations): 200 GET http://10.180.1.21/compute/v2.1/flavors/detail?is_public=0 2.125s
2025-01-16 14:51:09.713 68393 INFO tempest.lib.common.rest_client [req-c12c9fdb-32ae-45f7-b5da-3358c6959d7d req-c12c9fdb-32ae-45f7-b5da-3358c6959d7d ] Request (AggregatesAdminNegativeTestJSON:_run_cleanups): 200 POST http://10.180.1.21/compute/v2.1/os-aggregates/7/action 2.202s
2025-01-16 14:51:09.720 68387 INFO tempest.lib.common.rest_client [req-ea09f702-3a7c-465b-a60f-3caf86563a74 req-ea09f702-3a7c-465b-a60f-3caf86563a74 ] Request (ServersTestJSON:tearDownClass): 204 DELETE http://10.180.1.21:9696/networking/v2.0/security-groups/ef30ba15-0707-49c9-91c1-fb7d6db29fa5 0.187s
2025-01-16 14:51:09.747 68387 INFO tempest.lib.common.rest_client [req-c8e65651-0082-4cae-aaa2-69bd148603f8 req-c8e65651-0082-4cae-aaa2-69bd148603f8 ] Request (ServersTestJSON:tearDownClass): 404 GET http://10.180.1.21:9696/networking/v2.0/security-groups/ef30ba15-0707-49c9-91c1-fb7d6db29fa5 0.027s
2025-01-16 14:51:09.793 68437 INFO tempest.lib.common.rest_client [req-9ce3ceec-ed89-4393-aca7-ceef2586d469 req-9ce3ceec-ed89-4393-aca7-ceef2586d469 ] Request (DeleteServersAdminTestJSON:test_delete_server_while_in_error_state): 200 GET http://10.180.1.21/compute/v2.1/servers/517bf2cf-e142-4f36-bf53-79a8d2d8a530 2.260s
2025-01-16 14:51:09.807 68444 INFO tempest.lib.common.rest_client [req-0e66496d-f6e6-4019-ade3-e28c52dd7b12 req-0e66496d-f6e6-4019-ade3-e28c52dd7b12 ] Request (AttachVolumeTestJSON:setUpClass): 200 PUT http://10.180.1.21:9696/networking/v2.0/routers/1df8874a-53cd-4771-9748-fddf27e633ea/add_router_interface 1.645s
2025-01-16 14:51:09.807 68444 INFO tempest.lib.common.dynamic_creds [-] Created isolated network resources for: credentials: Credentials: {'domain_id': 'default', 'domain_name': 'Default', 'username': 'tempest-AttachVolumeTestJSON-1894392206-project-member', 'project_domain_id': 'default', 'project_domain_name': 'Default', 'project_id': '102d2f886fd44e1da6780e48e36f1b62', 'project_name': 'tempest-AttachVolumeTestJSON-1894392206', 'tenant_id': '102d2f886fd44e1da6780e48e36f1b62', 'tenant_name': 'tempest-AttachVolumeTestJSON-1894392206', 'user_domain_id': 'default', 'user_domain_name': 'Default', 'user_id': '2d3d79fc7c0145c0ba97a846553026c3', 'system': None}, Network: {'id': 'ae1dfabd-223a-4d4c-a8c4-fe65a83dd9c0', 'name': 'tempest-AttachVolumeTestJSON-797102932-network', 'tenant_id': '102d2f886fd44e1da6780e48e36f1b62', 'admin_state_up': True, 'mtu': 8950, 'status': 'ACTIVE', 'subnets': [], 'shared': False, 'project_id': '102d2f886fd44e1da6780e48e36f1b62', 'port_security_enabled': True, 'router:external': False, 'provider:network_type': 'vlan', 'provider:physical_network': 'default', 'provider:segmentation_id': 68, 'availability_zone_hints': [], 'availability_zones': [], 'ipv4_address_scope': None, 'ipv6_address_scope': None, 'description': '', 'tags': [], 'created_at': '2025-01-16T14:51:06Z', 'updated_at': '2025-01-16T14:51:06Z', 'revision_number': 1}, Subnet: {'id': 'b3be95c1-8fdc-4447-8955-76e0c884ef1d', 'name': 'tempest-AttachVolumeTestJSON-797102932-subnet', 'tenant_id': '102d2f886fd44e1da6780e48e36f1b62', 'network_id': 'ae1dfabd-223a-4d4c-a8c4-fe65a83dd9c0', 'ip_version': 4, 'subnetpool_id': None, 'enable_dhcp': True, 'ipv6_ra_mode': None, 'ipv6_address_mode': None, 'gateway_ip': '192.168.128.1', 'cidr': '192.168.128.0/28', 'allocation_pools': [{'start': '192.168.128.2', 'end': '192.168.128.14'}], 'host_routes': [], 'dns_nameservers': [], 'description': '', 'router:external': False, 'service_types': [], 'tags': [], 'created_at': '2025-01-16T14:51:06Z', 'updated_at': '2025-01-16T14:51:06Z', 'revision_number': 0, 'project_id': '102d2f886fd44e1da6780e48e36f1b62'}, Router: {'id': '1df8874a-53cd-4771-9748-fddf27e633ea', 'name': 'tempest-AttachVolumeTestJSON-797102932-router', 'tenant_id': '102d2f886fd44e1da6780e48e36f1b62', 'admin_state_up': True, 'status': 'ACTIVE', 'external_gateway_info': {'network_id': '04b4cfef-2ad3-403e-95ae-0ec578f21a37', 'external_fixed_ips': [{'subnet_id': '8a4d04e0-f199-4c5f-b01f-3be0f204bde3', 'ip_address': '10.180.180.218'}], 'enable_snat': True}, 'description': '', 'availability_zones': [], 'distributed': False, 'ha': False, 'availability_zone_hints': [], 'routes': [], 'flavor_id': None, 'tags': [], 'created_at': '2025-01-16T14:51:06Z', 'updated_at': '2025-01-16T14:51:07Z', 'revision_number': 2, 'project_id': '102d2f886fd44e1da6780e48e36f1b62'}
2025-01-16 14:51:09.866 68411 INFO tempest.lib.common.rest_client [req-830b4eaf-3684-4ed9-9fa2-9c532c2185c1 req-830b4eaf-3684-4ed9-9fa2-9c532c2185c1 ] Request (FloatingIPsAssociationNegativeTestJSON:setUpClass): 200 GET http://10.180.1.21/compute/v2.1/servers/2b2ccb04-80b7-47ac-9fb5-7bd52a439d7c 2.291s
2025-01-16 14:51:09.894 68439 INFO tempest.lib.common.rest_client [req-e565ecee-7e70-4a9e-892e-e4131ba96e0c req-e565ecee-7e70-4a9e-892e-e4131ba96e0c ] Request (VolumesAssistedSnapshotsTest:test_volume_assisted_snapshot_create_delete): 200 GET http://10.180.1.21/compute/v2.1/servers/29b8dd5f-1855-490c-a01b-54840073a753 2.415s
2025-01-16 14:51:09.902 68444 INFO tempest.lib.common.rest_client [req-c7e4dc86-bcd6-47ee-a0e8-5c378898661f req-c7e4dc86-bcd6-47ee-a0e8-5c378898661f ] Request (AttachVolumeTestJSON:setUpClass): 201 POST http://10.180.1.21/identity/v3/auth/tokens 0.090s
2025-01-16 14:51:09.962 68435 INFO tempest.lib.common.rest_client [req-0f482cc8-aad8-45de-a965-6d7aa388dd57 req-0f482cc8-aad8-45de-a965-6d7aa388dd57 ] Request (ServersTestFqdnHostnames:test_create_server_with_fqdn_name): 200 GET http://10.180.1.21/compute/v2.1/servers/27e6ff4d-c4f2-41e7-92c2-a0e2445830bf 2.328s
2025-01-16 14:51:09.972 68435 INFO tempest.common.waiters [-] State transition "BUILD/spawning" ==> "ERROR/None" after 37 second wait
2025-01-16 14:51:10.026 68397 INFO tempest.lib.common.rest_client [req-feddb6bd-4bf6-44e3-9c05-adce86e15f1b req-feddb6bd-4bf6-44e3-9c05-adce86e15f1b ] Request (ServerDiagnosticsNegativeTest:test_get_server_diagnostics_by_non_admin): 200 GET http://10.180.1.21/compute/v2.1/servers/04ac4ade-0bc8-4469-9b1b-f288b2f0a367 2.314s
2025-01-16 14:51:10.096 68441 INFO tempest.lib.common.rest_client [req-c55b08bc-bc83-4fff-97eb-a598c088d88b req-c55b08bc-bc83-4fff-97eb-a598c088d88b ] Request (SecurityGroupsNegativeTestJSON:test_delete_the_default_security_group): 400 DELETE http://10.180.1.21/compute/v2.1/os-security-groups/9c7f5123-c26c-472a-ae7a-ecfb7e77f044 2.443s
2025-01-16 14:51:10.112 68389 INFO tempest.lib.common.rest_client [req-532aa964-b2d3-4149-8a8f-85e69df908a5 req-532aa964-b2d3-4149-8a8f-85e69df908a5 ] Request (AttachInterfacesTestJSON:test_create_list_show_delete_interfaces_by_fixed_ip): 200 GET http://10.180.1.21/compute/v2.1/servers/f4d63a93-23af-470c-b36a-662af81dc386 2.331s
2025-01-16 14:51:10.179 68413 INFO tempest.lib.common.rest_client [req-dde53b98-4ad2-4258-beb0-0fb344f1acdc req-dde53b98-4ad2-4258-beb0-0fb344f1acdc ] Request (ImagesTestJSON:test_create_image_from_stopped_server): 200 GET http://10.180.1.21/compute/v2.1/servers/16b466c3-c749-4f96-a82c-32dad31138ec 1.878s
2025-01-16 14:51:10.297 68387 INFO tempest.lib.common.rest_client [req-7df0275e-10dd-4673-bb45-214a1eeca2d7 req-7df0275e-10dd-4673-bb45-214a1eeca2d7 ] Request (ServersTestJSON:tearDownClass): 204 DELETE http://10.180.1.21:9696/networking/v2.0/floatingips/78f10918-c80a-4c88-a217-7ca7210b282f 0.549s
2025-01-16 14:51:10.321 68409 INFO tempest.lib.common.rest_client [req-a41a52f7-f002-41bd-8794-5d74745e65c1 req-a41a52f7-f002-41bd-8794-5d74745e65c1 ] Request (ImagesMetadataTestJSON:test_delete_image_metadata_item): 204 DELETE http://10.180.1.21/compute/v2.1/images/a8c95138-fcdd-456b-8250-eeee4f05a95e/metadata/os_version 2.374s
2025-01-16 14:51:10.396 68427 INFO tempest.lib.common.rest_client [req-b3bcd9f2-1314-434e-b255-adcf790d5d40 req-b3bcd9f2-1314-434e-b255-adcf790d5d40 ] Request (MigrationsAdminTest:test_resize_server_revert_deleted_flavor): 200 GET http://10.180.1.21/compute/v2.1/servers/e158b5d4-c120-4e6c-89c4-7668e097926d 1.879s
2025-01-16 14:51:10.447 68385 INFO tempest.lib.common.rest_client [req-79946fa6-395c-4a44-adf5-4a625b32586e req-79946fa6-395c-4a44-adf5-4a625b32586e ] Request (ServersWithSpecificFlavorTestJSON:test_verify_created_server_ephemeral_disk): 200 GET http://10.180.1.21/compute/v2.1/servers/9b1fbb7b-07f1-48bc-851f-d4c35f96cd6c 1.893s
2025-01-16 14:51:10.505 68381 INFO tempest.lib.common.rest_client [req-a81029de-7308-4d84-8265-7ffaafd61144 req-a81029de-7308-4d84-8265-7ffaafd61144 ] Request (ServerExternalEventsTest:test_create_server_external_events): 200 GET http://10.180.1.21/compute/v2.1/servers/b14bb74a-5e13-4d15-97d4-ee7b2d67f2e6 1.742s
2025-01-16 14:51:10.559 68421 INFO tempest.lib.common.rest_client [req-2eeba4c7-5d41-4944-b7b2-e6612399939e req-2eeba4c7-5d41-4944-b7b2-e6612399939e ] Request (AttachVolumeShelveTestJSON:test_attach_volume_shelved_or_offload_server): 200 GET http://10.180.1.21/compute/v2.1/servers/b8cc8cd3-ea03-40bf-b867-7ad193365552 1.698s
2025-01-16 14:51:10.756 68383 INFO tempest.lib.common.rest_client [req-1d97f079-2839-4d4c-a9db-bbee07006718 req-1d97f079-2839-4d4c-a9db-bbee07006718 ] Request (ServerDiagnosticsV248Test:test_get_server_diagnostics): 200 GET http://10.180.1.21/compute/v2.1/servers/f4157385-43ea-4e8c-887c-0985af37abd1/diagnostics 2.407s
2025-01-16 14:51:10.847 68417 INFO tempest.lib.common.rest_client [req-fa5ad2af-3a3c-4803-a57a-4b0a96d65bcb req-fa5ad2af-3a3c-4803-a57a-4b0a96d65bcb ] Request (ServersV294TestFqdnHostnames:setUpClass): 200 GET http://10.180.1.21/compute/v2.1/servers/82382932-7302-4441-a6f8-9aa2300ec0f6 1.633s
2025-01-16 14:51:10.915 68403 INFO tempest.lib.common.rest_client [req-dbefea2b-b575-4abc-9cf9-c487ac42337e req-dbefea2b-b575-4abc-9cf9-c487ac42337e ] Request (ServersAdminNegativeTestJSON:setUpClass): 200 GET http://10.180.1.21/compute/v2.1/servers/c36ece43-3d70-4e67-a740-9057f413c722 1.698s
2025-01-16 14:51:10.998 68387 INFO tempest.lib.common.rest_client [req-48a13251-4638-4771-ad10-9f9021aee305 req-48a13251-4638-4771-ad10-9f9021aee305 ] Request (ServersTestJSON:tearDownClass): 200 PUT http://10.180.1.21:9696/networking/v2.0/routers/3d4a306c-40ba-4749-bf80-99cc3376403f/remove_router_interface 0.701s
2025-01-16 14:51:10.999 68425 INFO tempest.lib.common.rest_client [req-95cf1539-b970-4b6d-b372-f36b08f1a0cb req-95cf1539-b970-4b6d-b372-f36b08f1a0cb ] Request (ServersAdmin275Test:test_rebuild_update_server_275): 200 GET http://10.180.1.21/compute/v2.1/servers/384a96ea-40ce-43e1-a5f9-82f50b710b0b 1.714s
2025-01-16 14:51:11.070 68405 INFO tempest.lib.common.rest_client [req-99f65aac-0e19-44d9-9872-52327fc135bc req-99f65aac-0e19-44d9-9872-52327fc135bc ] Request (ServerMetadataNegativeTestJSON:setUpClass): 200 GET http://10.180.1.21/compute/v2.1/servers/4dfe9f82-7f89-486b-b159-948656d2896c 1.723s
2025-01-16 14:51:11.097 68399 INFO tempest.lib.common.rest_client [req-bf02b2e3-97b5-4bcc-ad88-d4cf0b42e35a req-bf02b2e3-97b5-4bcc-ad88-d4cf0b42e35a ] Request (ServerGroupTestJSON:setUpClass): 200 PUT http://10.180.1.21:9696/networking/v2.0/routers/48fe48d2-79f5-4854-8939-2666ff23097f/add_router_interface 1.509s
2025-01-16 14:51:11.097 68399 INFO tempest.lib.common.dynamic_creds [-] Created isolated network resources for: credentials: Credentials: {'domain_id': 'default', 'domain_name': 'Default', 'username': 'tempest-ServerGroupTestJSON-540441561-project-member', 'project_domain_id': 'default', 'project_domain_name': 'Default', 'project_id': '87eb5358b5fe4919b0d657d3e0d008f0', 'project_name': 'tempest-ServerGroupTestJSON-540441561', 'tenant_id': '87eb5358b5fe4919b0d657d3e0d008f0', 'tenant_name': 'tempest-ServerGroupTestJSON-540441561', 'user_domain_id': 'default', 'user_domain_name': 'Default', 'user_id': 'c21d871b41044a1b9e4c33c5b2265d1b', 'system': None}, Network: {'id': '1616481c-2d55-4ef3-a6c3-0619a48c8f68', 'name': 'tempest-ServerGroupTestJSON-209823666-network', 'tenant_id': '87eb5358b5fe4919b0d657d3e0d008f0', 'admin_state_up': True, 'mtu': 8950, 'status': 'ACTIVE', 'subnets': [], 'shared': False, 'project_id': '87eb5358b5fe4919b0d657d3e0d008f0', 'port_security_enabled': True, 'router:external': False, 'provider:network_type': 'vlan', 'provider:physical_network': 'default', 'provider:segmentation_id': 18, 'availability_zone_hints': [], 'availability_zones': [], 'ipv4_address_scope': None, 'ipv6_address_scope': None, 'description': '', 'tags': [], 'created_at': '2025-01-16T14:51:07Z', 'updated_at': '2025-01-16T14:51:07Z', 'revision_number': 1}, Subnet: {'id': 'c6eb4cdc-06e2-4e85-94a2-967f8d5030f8', 'name': 'tempest-ServerGroupTestJSON-209823666-subnet', 'tenant_id': '87eb5358b5fe4919b0d657d3e0d008f0', 'network_id': '1616481c-2d55-4ef3-a6c3-0619a48c8f68', 'ip_version': 4, 'subnetpool_id': None, 'enable_dhcp': True, 'ipv6_ra_mode': None, 'ipv6_address_mode': None, 'gateway_ip': '192.168.128.1', 'cidr': '192.168.128.0/28', 'allocation_pools': [{'start': '192.168.128.2', 'end': '192.168.128.14'}], 'host_routes': [], 'dns_nameservers': [], 'description': '', 'router:external': False, 'service_types': [], 'tags': [], 'created_at': '2025-01-16T14:51:08Z', 'updated_at': '2025-01-16T14:51:08Z', 'revision_number': 0, 'project_id': '87eb5358b5fe4919b0d657d3e0d008f0'}, Router: {'id': '48fe48d2-79f5-4854-8939-2666ff23097f', 'name': 'tempest-ServerGroupTestJSON-209823666-router', 'tenant_id': '87eb5358b5fe4919b0d657d3e0d008f0', 'admin_state_up': True, 'status': 'ACTIVE', 'external_gateway_info': {'network_id': '04b4cfef-2ad3-403e-95ae-0ec578f21a37', 'external_fixed_ips': [{'subnet_id': '8a4d04e0-f199-4c5f-b01f-3be0f204bde3', 'ip_address': '10.180.180.226'}], 'enable_snat': True}, 'description': '', 'availability_zones': [], 'distributed': False, 'ha': False, 'availability_zone_hints': [], 'routes': [], 'flavor_id': None, 'tags': [], 'created_at': '2025-01-16T14:51:08Z', 'updated_at': '2025-01-16T14:51:09Z', 'revision_number': 2, 'project_id': '87eb5358b5fe4919b0d657d3e0d008f0'}
2025-01-16 14:51:11.104 68408 INFO tempest.lib.common.rest_client [req-c67f0538-fba5-4f95-a2b4-6b39d2d5793b req-c67f0538-fba5-4f95-a2b4-6b39d2d5793b ] Request (ServerRescueNegativeTestJSON:setUpClass): 202 POST http://10.180.1.21/compute/v2.1/servers 2.122s
2025-01-16 14:51:11.148 68391 INFO tempest.lib.common.rest_client [req-11106aac-0b4b-4134-80e2-cfbf34982f90 req-11106aac-0b4b-4134-80e2-cfbf34982f90 ] Request (InstanceActionsV221TestJSON:test_get_list_deleted_instance_actions): 200 GET http://10.180.1.21/compute/v2.1/servers/bec6441f-72b8-4664-b125-b0aa5f21636a 1.738s
2025-01-16 14:51:11.190 68433 INFO tempest.lib.common.rest_client [req-723996cc-b9d1-4639-bf74-7a642a2ca10e req-723996cc-b9d1-4639-bf74-7a642a2ca10e ] Request (ServersTestBootFromVolume:setUpClass): 200 GET http://10.180.1.21/compute/v2.1/servers/b96d1351-f3a7-4bac-998c-a34ab2606041 1.682s
2025-01-16 14:51:11.192 68399 INFO tempest.lib.common.rest_client [req-64480a20-7e0b-42ce-986c-33ff0f41677c req-64480a20-7e0b-42ce-986c-33ff0f41677c ] Request (ServerGroupTestJSON:setUpClass): 201 POST http://10.180.1.21/identity/v3/auth/tokens 0.091s
2025-01-16 14:51:11.218 68419 INFO tempest.lib.common.rest_client [req-1a77cdd3-14f9-4b9f-a009-cc16cb73d023 req-1a77cdd3-14f9-4b9f-a009-cc16cb73d023 ] Request (FlavorsAdminTestJSON:test_is_public_string_variations): 200 GET http://10.180.1.21/compute/v2.1/flavors/detail?is_public=t 1.602s
2025-01-16 14:51:11.249 68393 INFO tempest.lib.common.rest_client [req-6e61839d-c7cf-4117-8d4f-e9af76dea39c req-6e61839d-c7cf-4117-8d4f-e9af76dea39c ] Request (AggregatesAdminNegativeTestJSON:_run_cleanups): 200 DELETE http://10.180.1.21/compute/v2.1/os-aggregates/7 1.533s
2025-01-16 14:51:11.314 68415 INFO tempest.lib.common.rest_client [req-1f1e9ad9-0cc1-4e67-b549-c71c7bc22dd7 req-1f1e9ad9-0cc1-4e67-b549-c71c7bc22dd7 ] Request (SecurityGroupRulesTestJSON:test_security_group_rules_list): 200 POST http://10.180.1.21/compute/v2.1/os-security-group-rules 1.780s
2025-01-16 14:51:11.338 68429 INFO tempest.lib.common.rest_client [req-af5b095d-5c04-4e83-9584-9d79ce17d376 req-af5b095d-5c04-4e83-9584-9d79ce17d376 ] Request (ServersTestManualDisk:setUpClass): 200 GET http://10.180.1.21/compute/v2.1/servers/dbfa6f8d-6c4d-474d-820a-3a6ebe86fcda 1.449s
2025-01-16 14:51:11.403 68444 INFO tempest.lib.common.rest_client [req-2c02b4e7-256e-4236-ac1e-c2f8960fdf6f req-2c02b4e7-256e-4236-ac1e-c2f8960fdf6f ] Request (ValidationResourcesFixture:setUp): 200 POST http://10.180.1.21/compute/v2.1/os-keypairs 1.499s
2025-01-16 14:51:11.432 68441 INFO tempest.lib.common.rest_client [req-5c797089-45d7-4170-a822-11a3485f4f02 req-5c797089-45d7-4170-a822-11a3485f4f02 ] Request (SecurityGroupsNegativeTestJSON:test_security_group_get_nonexistent_group): 404 GET http://10.180.1.21/compute/v2.1/os-security-groups/44711124-019e-4ce1-bb10-c9c668491255 1.325s
2025-01-16 14:51:11.469 68387 INFO tempest.lib.common.rest_client [req-32a4eaef-43b3-478d-8d71-e47f8a4fe454 req-32a4eaef-43b3-478d-8d71-e47f8a4fe454 ] Request (ServersTestJSON:tearDownClass): 204 DELETE http://10.180.1.21:9696/networking/v2.0/routers/3d4a306c-40ba-4749-bf80-99cc3376403f 0.470s
2025-01-16 14:51:11.509 68401 INFO tempest.lib.common.rest_client [req-cd1bedfc-e567-4665-b619-67f32d1d9852 req-cd1bedfc-e567-4665-b619-67f32d1d9852 ] Request (ServersAdminTestJSON:setUpClass): 200 GET http://10.180.1.21/compute/v2.1/servers/f3740d9a-b21a-4a79-9e28-2a89ecd08bb6 1.207s
2025-01-16 14:51:11.543 68435 INFO tempest.lib.common.rest_client [req-c9330a4e-14da-4336-8cec-d6f0e150b6f1 req-c9330a4e-14da-4336-8cec-d6f0e150b6f1 ] Request (ServersTestFqdnHostnames:test_create_server_with_fqdn_name): 204 DELETE http://10.180.1.21/compute/v2.1/servers/27e6ff4d-c4f2-41e7-92c2-a0e2445830bf 1.571s
2025-01-16 14:51:11.549 68409 INFO tempest.lib.common.rest_client [req-dc8bc8cc-5cdf-496e-87a9-68b0f22564dc req-dc8bc8cc-5cdf-496e-87a9-68b0f22564dc ] Request (ImagesMetadataTestJSON:test_delete_image_metadata_item): 200 GET http://10.180.1.21/compute/v2.1/images/a8c95138-fcdd-456b-8250-eeee4f05a95e/metadata 1.228s
2025-01-16 14:51:11.593 68395 INFO tempest.lib.common.rest_client [req-3442de3a-79b0-4e5d-abf4-fcea994d3118 req-3442de3a-79b0-4e5d-abf4-fcea994d3118 ] Request (InstanceActionsTestJSON:setUpClass): 200 GET http://10.180.1.21/compute/v2.1/servers/9062e606-511f-4fe7-9621-90b3c0e51eec 1.208s
2025-01-16 14:51:11.608 68444 INFO tempest.lib.common.rest_client [req-67e9952a-8ae1-4706-be0f-253eab04e63f req-67e9952a-8ae1-4706-be0f-253eab04e63f ] Request (ValidationResourcesFixture:setUp): 201 POST http://10.180.1.21:9696/networking/v2.0/security-groups 0.203s
2025-01-16 14:51:11.610 68423 INFO tempest.lib.common.rest_client [req-a08fd59d-68d0-40dc-a3e1-eb5e581d1a92 req-a08fd59d-68d0-40dc-a3e1-eb5e581d1a92 ] Request (ServersTestMultiNic:test_verify_duplicate_network_nics): 200 GET http://10.180.1.21/compute/v2.1/servers/00fca8eb-c209-4632-abe6-5f092b04ac56 1.003s
