2025-01-16 14:50:22.531 68417 INFO tempest.lib.common.rest_client [req-981bd55e-7f57-4cc5-a8b6-e901d11a19c7 req-981bd55e-7f57-4cc5-a8b6-e901d11a19c7 ] Request (FloatingIPDetailsNegativeTestJSON:tearDownClass): 204 DELETE http://10.180.1.21:9696/networking/v2.0/security-groups/f9f13bde-6b4b-4163-9dbb-f5c3ae84e914 0.576s
2025-01-16 14:50:22.575 68403 INFO tempest.lib.common.rest_client [req-48f5ffa7-681a-44ee-b75c-1222ab4509fb req-48f5ffa7-681a-44ee-b75c-1222ab4509fb ] Request (ServerDiagnosticsTest:setUpClass): 204 PUT http://10.180.1.21/identity/v3/projects/d0b2f2d66c574f3faf82666260df78db/users/4d7dbca4a8ec47498f16a7749291648d/roles/ea845107229b4dae978c3ef51633effa 0.132s
2025-01-16 14:50:22.576 68403 INFO tempest.lib.common.dynamic_creds [-] Dynamic test user 4d7dbca4a8ec47498f16a7749291648d is created with scope project and roles: ['member']
2025-01-16 14:50:22.576 68403 INFO tempest.lib.common.dynamic_creds [-] Acquired dynamic creds: credentials: Credentials: {'domain_id': 'default', 'domain_name': 'Default', 'username': 'tempest-ServerDiagnosticsTest-1769488740-project-member', 'project_domain_id': 'default', 'project_domain_name': 'Default', 'project_id': 'd0b2f2d66c574f3faf82666260df78db', 'project_name': 'tempest-ServerDiagnosticsTest-1769488740', 'tenant_id': 'd0b2f2d66c574f3faf82666260df78db', 'tenant_name': 'tempest-ServerDiagnosticsTest-1769488740', 'user_domain_id': 'default', 'user_domain_name': 'Default', 'user_id': '4d7dbca4a8ec47498f16a7749291648d', 'system': None}, Network: None, Subnet: None, Router: None
2025-01-16 14:50:22.576 68403 INFO tempest.lib.common.dynamic_creds [-] Created isolated network resources for: credentials: Credentials: {'domain_id': 'default', 'domain_name': 'Default', 'username': 'tempest-ServerDiagnosticsTest-1769488740-project-member', 'project_domain_id': 'default', 'project_domain_name': 'Default', 'project_id': 'd0b2f2d66c574f3faf82666260df78db', 'project_name': 'tempest-ServerDiagnosticsTest-1769488740', 'tenant_id': 'd0b2f2d66c574f3faf82666260df78db', 'tenant_name': 'tempest-ServerDiagnosticsTest-1769488740', 'user_domain_id': 'default', 'user_domain_name': 'Default', 'user_id': '4d7dbca4a8ec47498f16a7749291648d', 'system': None}, Network: None, Subnet: None, Router: None
2025-01-16 14:50:22.591 68411 INFO tempest.lib.common.rest_client [req-4e119867-0354-4d21-8220-bb7dd0b6182c req-4e119867-0354-4d21-8220-bb7dd0b6182c ] Request (InstanceUsageAuditLogNegativeTestJSON:tearDownClass): 204 DELETE http://10.180.1.21:9696/networking/v2.0/security-groups/ec163c11-b42b-4b11-b28f-6f388d45a3b7 0.382s
2025-01-16 14:50:22.636 68423 INFO tempest.lib.common.rest_client [req-8cdecd6b-f98c-457d-8c36-5b04cc789a1f req-8cdecd6b-f98c-457d-8c36-5b04cc789a1f ] Request (ServersTestMultiNic:setUpClass): 201 POST http://10.180.1.21/identity/v3/auth/tokens 0.106s
2025-01-16 14:50:22.642 68429 INFO tempest.lib.common.rest_client [req-e219a9ed-ef19-4645-96cb-e68b0331694f req-e219a9ed-ef19-4645-96cb-e68b0331694f ] Request (SecurityGroupsTestAdminJSON:test_list_security_groups_list_all_tenants_filter): 200 POST http://10.180.1.21/compute/v2.1/os-security-groups 1.590s
2025-01-16 14:50:22.645 68415 INFO tempest.lib.common.rest_client [req-4590d161-491f-4a7a-bee6-9758a0d16684 req-4590d161-491f-4a7a-bee6-9758a0d16684 ] Request (HypervisorAdminNegativeUnderV252Test:setUpClass): 201 POST http://10.180.1.21/identity/v3/auth/tokens 0.180s
2025-01-16 14:50:22.664 68387 INFO tempest.lib.common.rest_client [req-c40ce914-b10e-43e5-97c2-9e38a1e55a7c req-c40ce914-b10e-43e5-97c2-9e38a1e55a7c ] Request (ServersTestJSON:setUpClass): 201 POST http://10.180.1.21:9696/networking/v2.0/security-group-rules 0.374s
2025-01-16 14:50:22.682 68409 INFO tempest.lib.common.rest_client [req-44265eb3-d8ad-416b-a53e-5b5af86d486e req-44265eb3-d8ad-416b-a53e-5b5af86d486e ] Request (ServicesAdminTestJSON:tearDownClass): 200 GET http://10.180.1.21:9696/networking/v2.0/security-groups?tenant_id=88f11d456fc1479f852bf8d71fdb9ab1&name=default 0.426s
2025-01-16 14:50:22.685 68433 INFO tempest.lib.common.rest_client [req-52148bdb-e361-4caf-97f3-493bf98e077c req-52148bdb-e361-4caf-97f3-493bf98e077c ] Request (FlavorsV261TestJSON:test_crud_flavor): 200 GET http://10.180.1.21/compute/v2.1/flavors/detail 1.589s
2025-01-16 14:50:22.712 68413 INFO tempest.lib.common.rest_client [req-c43d28cc-e974-40d6-9e27-4fdfafd6fdfa req-c43d28cc-e974-40d6-9e27-4fdfafd6fdfa ] Request (FlavorsExtraSpecsNegativeTestJSON:test_flavor_non_admin_update_specific_key): 200 POST http://10.180.1.21/compute/v2.1/flavors/1144904045/os-extra_specs 1.607s
2025-01-16 14:50:22.724 68397 INFO tempest.lib.common.rest_client [req-55bc917d-96d8-41d9-b3e3-c58c68a0dac2 req-55bc917d-96d8-41d9-b3e3-c58c68a0dac2 ] Request (KeyPairsV210TestJSON:test_admin_manage_keypairs_for_other_users): 200 GET http://10.180.1.21/compute/v2.1/os-keypairs?user_id=9eecc19aa3254f45b3777d33166b80c5 1.562s
2025-01-16 14:50:22.745 68419 INFO tempest.lib.common.rest_client [req-aff760c0-ac66-4a85-acf9-6d6558b458de req-aff760c0-ac66-4a85-acf9-6d6558b458de ] Request (FlavorsAdminTestJSON:test_create_flavor_verify_entry_in_list_details): 200 POST http://10.180.1.21/compute/v2.1/flavors 1.576s
2025-01-16 14:50:22.757 68403 INFO tempest.lib.common.rest_client [req-3ea7cd27-59c4-418a-88b8-490cb2c22348 req-3ea7cd27-59c4-418a-88b8-490cb2c22348 ] Request (ServerDiagnosticsTest:setUpClass): 201 POST http://10.180.1.21/identity/v3/auth/tokens 0.178s
2025-01-16 14:50:22.759 68417 INFO tempest.lib.common.rest_client [req-4e47b25f-3654-4072-9ff6-28230a232b2a req-4e47b25f-3654-4072-9ff6-28230a232b2a ] Request (FloatingIPDetailsNegativeTestJSON:tearDownClass): 204 DELETE http://10.180.1.21/identity/v3/projects/03fae3ab1d9249399b3d758adf0d4831 0.227s
2025-01-16 14:50:22.825 68427 INFO tempest.lib.common.rest_client [req-29a8291d-1542-4342-b7f3-fbfa0dd3fccc req-29a8291d-1542-4342-b7f3-fbfa0dd3fccc ] Request (MigrationsAdminTest:test_list_migrations_in_flavor_resize_situation): 200 GET http://10.180.1.21/compute/v2.1/servers/8b138cc7-8bde-48c8-b1bb-cec6ead877d3 1.534s
2025-01-16 14:50:22.831 68435 INFO tempest.lib.common.rest_client [req-60c5acca-d67e-4ea9-8cbf-07f35edaf78b req-60c5acca-d67e-4ea9-8cbf-07f35edaf78b ] Request (ServersTestFqdnHostnames:test_create_server_with_fqdn_name): 201 POST http://10.180.1.21:9696/networking/v2.0/security-group-rules 0.567s
2025-01-16 14:50:22.833 68415 INFO tempest.lib.common.rest_client [req-1304fa35-992b-4f37-a89c-c34627859694 req-1304fa35-992b-4f37-a89c-c34627859694 ] Request (HypervisorAdminNegativeUnderV252Test:setUpClass): 201 POST http://10.180.1.21/identity/v3/projects 0.188s
2025-01-16 14:50:22.842 68425 INFO tempest.lib.common.rest_client [req-e7f8d7b2-d8c4-4073-b589-601cf48e47e7 req-e7f8d7b2-d8c4-4073-b589-601cf48e47e7 ] Request (FlavorsExtraSpecsTestJSON:test_flavor_non_admin_get_specific_key): 200 GET http://10.180.1.21/compute/v2.1/flavors/1099150888/os-extra_specs/hw:numa_nodes 1.438s
2025-01-16 14:50:22.864 68411 INFO tempest.lib.common.rest_client [req-c070c2f6-c162-4907-9f61-b74ccf76fcd0 req-c070c2f6-c162-4907-9f61-b74ccf76fcd0 ] Request (InstanceUsageAuditLogNegativeTestJSON:tearDownClass): 204 DELETE http://10.180.1.21/identity/v3/projects/63b04b4a3fa34eec813aac095728e08b 0.270s
2025-01-16 14:50:22.864 68411 INFO tempest.lib.common.dynamic_creds [-] Deleting project and security group for project: 4d768f03e79e4998932991f3defe193e
2025-01-16 14:50:22.930 68403 INFO tempest.lib.common.rest_client [req-086d9bbf-b280-4e8b-bf53-deb99e251348 req-086d9bbf-b280-4e8b-bf53-deb99e251348 ] Request (ServerDiagnosticsTest:setUpClass): 201 POST http://10.180.1.21/identity/v3/projects 0.173s
2025-01-16 14:50:22.955 68389 INFO tempest.lib.common.rest_client [req-42f3ec56-8486-44a1-b604-0aeb51088b8d req-42f3ec56-8486-44a1-b604-0aeb51088b8d ] Request (ListImageFiltersNegativeTestJSON:tearDownClass): 200 GET http://10.180.1.21:9696/networking/v2.0/security-groups?tenant_id=98107e09face46d49d7ab9cc6c5a1c72&name=default 0.529s
2025-01-16 14:50:22.983 68417 INFO tempest.lib.common.rest_client [req-4167e1bc-bbd7-471d-8011-319bbf9b4596 req-4167e1bc-bbd7-471d-8011-319bbf9b4596 ] Request (ServersV294TestFqdnHostnames:setUpClass): 201 POST http://10.180.1.21/identity/v3/auth/tokens 0.222s
2025-01-16 14:50:23.010 68415 INFO tempest.lib.common.rest_client [req-e89e6f31-820a-41dd-831c-f9a1642fd028 req-e89e6f31-820a-41dd-831c-f9a1642fd028 ] Request (HypervisorAdminNegativeUnderV252Test:setUpClass): 201 POST http://10.180.1.21/identity/v3/users 0.177s
2025-01-16 14:50:23.012 68403 INFO tempest.lib.common.rest_client [req-87e7fa7f-2396-4754-a423-190a6bd83f69 req-87e7fa7f-2396-4754-a423-190a6bd83f69 ] Request (ServerDiagnosticsTest:setUpClass): 201 POST http://10.180.1.21/identity/v3/users 0.081s
2025-01-16 14:50:23.034 68415 INFO tempest.lib.common.rest_client [req-d1579c76-9d6a-4727-9471-c63781513f03 req-d1579c76-9d6a-4727-9471-c63781513f03 ] Request (HypervisorAdminNegativeUnderV252Test:setUpClass): 200 GET http://10.180.1.21/identity/v3/roles 0.023s
2025-01-16 14:50:23.037 68417 INFO tempest.lib.common.rest_client [req-aa5cda65-8c51-4159-9679-a1c7930525cc req-aa5cda65-8c51-4159-9679-a1c7930525cc ] Request (ServersV294TestFqdnHostnames:setUpClass): 201 POST http://10.180.1.21/identity/v3/auth/tokens 0.051s
2025-01-16 14:50:23.051 68409 INFO tempest.lib.common.rest_client [req-fe876728-20f6-433c-8821-6962095eee03 req-fe876728-20f6-433c-8821-6962095eee03 ] Request (ServicesAdminTestJSON:tearDownClass): 204 DELETE http://10.180.1.21:9696/networking/v2.0/security-groups/a25f3e47-f93f-4ce6-86b0-4ea930b4fa96 0.368s
2025-01-16 14:50:23.053 68403 INFO tempest.lib.common.rest_client [req-26d1df38-f3c6-4886-a033-26f2d7b3aebe req-26d1df38-f3c6-4886-a033-26f2d7b3aebe ] Request (ServerDiagnosticsTest:setUpClass): 200 GET http://10.180.1.21/identity/v3/roles 0.040s
2025-01-16 14:50:23.067 68415 INFO tempest.lib.common.rest_client [req-84727315-0d66-478b-9c09-76577fac55c1 req-84727315-0d66-478b-9c09-76577fac55c1 ] Request (HypervisorAdminNegativeUnderV252Test:setUpClass): 204 PUT http://10.180.1.21/identity/v3/projects/3517a3a2e9d14741bc31352421e372af/users/472a14d6416542adb2f6107659f928b2/roles/76ce2a3f743e4da9b148a376e5ad2732 0.033s
2025-01-16 14:50:23.083 68417 INFO tempest.lib.common.rest_client [req-ace4b25f-6471-4d40-b311-af6807353c54 req-ace4b25f-6471-4d40-b311-af6807353c54 ] Request (ServersV294TestFqdnHostnames:setUpClass): 200 GET http://10.180.1.21/identity/v3/domains?name=Default 0.045s
2025-01-16 14:50:23.083 68421 INFO tempest.lib.common.rest_client [req-03794687-7059-45b6-8510-b0cebb902cf5 req-03794687-7059-45b6-8510-b0cebb902cf5 ] Request (FlavorMetadataValidation:tearDownClass): 200 GET http://10.180.1.21:9696/networking/v2.0/security-groups?tenant_id=f639c026fad64a7e8310dc3240fca157&name=default 0.680s
2025-01-16 14:50:23.136 68403 INFO tempest.lib.common.rest_client [req-7090a214-7953-49c4-844a-822b34c39587 req-7090a214-7953-49c4-844a-822b34c39587 ] Request (ServerDiagnosticsTest:setUpClass): 204 PUT http://10.180.1.21/identity/v3/projects/9fd268183c5949968dbd4fb6eecb6f91/users/01342f379e2849bbb44b199deb8961b2/roles/76ce2a3f743e4da9b148a376e5ad2732 0.082s
2025-01-16 14:50:23.170 68409 INFO tempest.lib.common.rest_client [req-8e1a8386-fd54-4dfb-8f21-11960f9eaa35 req-8e1a8386-fd54-4dfb-8f21-11960f9eaa35 ] Request (ServicesAdminTestJSON:tearDownClass): 204 DELETE http://10.180.1.21/identity/v3/projects/88f11d456fc1479f852bf8d71fdb9ab1 0.119s
2025-01-16 14:50:23.171 68409 INFO tempest.test [-] raised in TestMultiAttachVolumeSwap.setUpClass. Invoking tearDownClass.
2025-01-16 14:50:23.224 68415 INFO tempest.lib.common.rest_client [req-97d32da5-ffaf-474e-98ad-aa99ab328c11 req-97d32da5-ffaf-474e-98ad-aa99ab328c11 ] Request (HypervisorAdminNegativeUnderV252Test:setUpClass): 200 GET http://10.180.1.21/identity/v3/roles 0.156s
2025-01-16 14:50:23.237 68417 INFO tempest.lib.common.rest_client [req-47f4dfb9-c5bd-4bec-8585-54950e1b09a3 req-47f4dfb9-c5bd-4bec-8585-54950e1b09a3 ] Request (ServersV294TestFqdnHostnames:setUpClass): 201 POST http://10.180.1.21/identity/v3/projects 0.154s
2025-01-16 14:50:23.247 68403 INFO tempest.lib.common.rest_client [req-fe5a63da-656d-4b54-9e5e-ec25758f275f req-fe5a63da-656d-4b54-9e5e-ec25758f275f ] Request (ServerDiagnosticsTest:setUpClass): 200 GET http://10.180.1.21/identity/v3/roles 0.110s
2025-01-16 14:50:23.290 68444 INFO tempest.lib.common.rest_client [req-b2567a6b-5899-4499-98e3-fe8ede2036ec req-b2567a6b-5899-4499-98e3-fe8ede2036ec ] Request (FloatingIPsAssociationTestJSON:setUpClass): 200 GET http://10.180.1.21/compute/v2.1/servers/764d7b4f-49d3-4ddf-8152-c08721dbce59 1.640s
2025-01-16 14:50:23.300 68409 INFO tempest.lib.common.rest_client [req-37df4c75-402a-4dc4-86dd-62c6f9469462 req-37df4c75-402a-4dc4-86dd-62c6f9469462 ] Request (FloatingIPDetailsTestJSON:setUpClass): 201 POST http://10.180.1.21/identity/v3/auth/tokens 0.123s
2025-01-16 14:50:23.322 68417 INFO tempest.lib.common.rest_client [req-a35da12d-ec50-469c-a591-e37f2871c96d req-a35da12d-ec50-469c-a591-e37f2871c96d ] Request (ServersV294TestFqdnHostnames:setUpClass): 201 POST http://10.180.1.21/identity/v3/users 0.085s
2025-01-16 14:50:23.330 68415 INFO tempest.lib.common.rest_client [req-b70a41e7-b521-4ab6-a113-9b73365e9137 req-b70a41e7-b521-4ab6-a113-9b73365e9137 ] Request (HypervisorAdminNegativeUnderV252Test:setUpClass): 204 PUT http://10.180.1.21/identity/v3/projects/3517a3a2e9d14741bc31352421e372af/users/472a14d6416542adb2f6107659f928b2/roles/76ce2a3f743e4da9b148a376e5ad2732 0.105s
2025-01-16 14:50:23.330 68415 INFO tempest.lib.common.dynamic_creds [-] Dynamic test user 472a14d6416542adb2f6107659f928b2 is created with scope project and roles: ['admin']
2025-01-16 14:50:23.330 68415 INFO tempest.lib.common.dynamic_creds [-] Acquired dynamic creds: credentials: Credentials: {'domain_id': 'default', 'domain_name': 'Default', 'username': 'tempest-HypervisorAdminNegativeUnderV252Test-1062149130-project-admin', 'project_domain_id': 'default', 'project_domain_name': 'Default', 'project_id': '3517a3a2e9d14741bc31352421e372af', 'project_name': 'tempest-HypervisorAdminNegativeUnderV252Test-1062149130', 'tenant_id': '3517a3a2e9d14741bc31352421e372af', 'tenant_name': 'tempest-HypervisorAdminNegativeUnderV252Test-1062149130', 'user_domain_id': 'default', 'user_domain_name': 'Default', 'user_id': '472a14d6416542adb2f6107659f928b2', 'system': None}, Network: None, Subnet: None, Router: None
2025-01-16 14:50:23.330 68415 INFO tempest.lib.common.dynamic_creds [-] Created isolated network resources for: credentials: Credentials: {'domain_id': 'default', 'domain_name': 'Default', 'username': 'tempest-HypervisorAdminNegativeUnderV252Test-1062149130-project-admin', 'project_domain_id': 'default', 'project_domain_name': 'Default', 'project_id': '3517a3a2e9d14741bc31352421e372af', 'project_name': 'tempest-HypervisorAdminNegativeUnderV252Test-1062149130', 'tenant_id': '3517a3a2e9d14741bc31352421e372af', 'tenant_name': 'tempest-HypervisorAdminNegativeUnderV252Test-1062149130', 'user_domain_id': 'default', 'user_domain_name': 'Default', 'user_id': '472a14d6416542adb2f6107659f928b2', 'system': None}, Network: None, Subnet: None, Router: None
2025-01-16 14:50:23.378 68403 INFO tempest.lib.common.rest_client [req-a451da6b-c940-438c-9ee1-b163753d51f8 req-a451da6b-c940-438c-9ee1-b163753d51f8 ] Request (ServerDiagnosticsTest:setUpClass): 204 PUT http://10.180.1.21/identity/v3/projects/9fd268183c5949968dbd4fb6eecb6f91/users/01342f379e2849bbb44b199deb8961b2/roles/76ce2a3f743e4da9b148a376e5ad2732 0.131s
2025-01-16 14:50:23.378 68403 INFO tempest.lib.common.dynamic_creds [-] Dynamic test user 01342f379e2849bbb44b199deb8961b2 is created with scope project and roles: ['admin']
2025-01-16 14:50:23.378 68403 INFO tempest.lib.common.dynamic_creds [-] Acquired dynamic creds: credentials: Credentials: {'domain_id': 'default', 'domain_name': 'Default', 'username': 'tempest-ServerDiagnosticsTest-1268922537-project-admin', 'project_domain_id': 'default', 'project_domain_name': 'Default', 'project_id': '9fd268183c5949968dbd4fb6eecb6f91', 'project_name': 'tempest-ServerDiagnosticsTest-1268922537', 'tenant_id': '9fd268183c5949968dbd4fb6eecb6f91', 'tenant_name': 'tempest-ServerDiagnosticsTest-1268922537', 'user_domain_id': 'default', 'user_domain_name': 'Default', 'user_id': '01342f379e2849bbb44b199deb8961b2', 'system': None}, Network: None, Subnet: None, Router: None
2025-01-16 14:50:23.379 68403 INFO tempest.lib.common.dynamic_creds [-] Created isolated network resources for: credentials: Credentials: {'domain_id': 'default', 'domain_name': 'Default', 'username': 'tempest-ServerDiagnosticsTest-1268922537-project-admin', 'project_domain_id': 'default', 'project_domain_name': 'Default', 'project_id': '9fd268183c5949968dbd4fb6eecb6f91', 'project_name': 'tempest-ServerDiagnosticsTest-1268922537', 'tenant_id': '9fd268183c5949968dbd4fb6eecb6f91', 'tenant_name': 'tempest-ServerDiagnosticsTest-1268922537', 'user_domain_id': 'default', 'user_domain_name': 'Default', 'user_id': '01342f379e2849bbb44b199deb8961b2', 'system': None}, Network: None, Subnet: None, Router: None
2025-01-16 14:50:23.397 68409 INFO tempest.lib.common.rest_client [req-461f3f43-a4de-4b2d-8346-87bb52dacca8 req-461f3f43-a4de-4b2d-8346-87bb52dacca8 ] Request (FloatingIPDetailsTestJSON:setUpClass): 201 POST http://10.180.1.21/identity/v3/auth/tokens 0.091s
2025-01-16 14:50:23.431 68389 INFO tempest.lib.common.rest_client [req-e89a40e4-d41f-472a-9c87-31bb6af20e11 req-e89a40e4-d41f-472a-9c87-31bb6af20e11 ] Request (ListImageFiltersNegativeTestJSON:tearDownClass): 204 DELETE http://10.180.1.21:9696/networking/v2.0/security-groups/c596b2fd-7e20-4dcd-b810-5216f3e5104b 0.475s
2025-01-16 14:50:23.445 68417 INFO tempest.lib.common.rest_client [req-0ef43af1-3e14-4bea-b32e-f74eae801f5f req-0ef43af1-3e14-4bea-b32e-f74eae801f5f ] Request (ServersV294TestFqdnHostnames:setUpClass): 200 GET http://10.180.1.21/identity/v3/roles 0.122s
2025-01-16 14:50:23.451 68411 INFO tempest.lib.common.rest_client [req-4b49e781-ea74-4257-a8f5-0e0a9bd26909 req-4b49e781-ea74-4257-a8f5-0e0a9bd26909 ] Request (InstanceUsageAuditLogNegativeTestJSON:tearDownClass): 200 GET http://10.180.1.21:9696/networking/v2.0/security-groups?tenant_id=4d768f03e79e4998932991f3defe193e&name=default 0.586s
2025-01-16 14:50:23.468 68391 INFO tempest.lib.common.rest_client [req-85dc8c86-c42c-4b24-ab91-9be5b749bb8a req-85dc8c86-c42c-4b24-ab91-9be5b749bb8a ] Request (InstanceActionsV221TestJSON:setUpClass): 201 POST http://10.180.1.21:9696/networking/v2.0/routers 3.146s
2025-01-16 14:50:23.476 68415 INFO tempest.lib.common.rest_client [req-801704b5-8bd4-4a6d-ab05-27aa2fc15cab req-801704b5-8bd4-4a6d-ab05-27aa2fc15cab ] Request (HypervisorAdminNegativeUnderV252Test:setUpClass): 201 POST http://10.180.1.21/identity/v3/auth/tokens 0.141s
2025-01-16 14:50:23.483 68421 INFO tempest.lib.common.rest_client [req-7e255184-b824-4093-bb38-50aee3fc5e12 req-7e255184-b824-4093-bb38-50aee3fc5e12 ] Request (FlavorMetadataValidation:tearDownClass): 204 DELETE http://10.180.1.21:9696/networking/v2.0/security-groups/dd1c20c5-d764-437e-893d-795f97b66b48 0.399s
2025-01-16 14:50:23.496 68439 INFO tempest.lib.common.rest_client [req-621d7b1c-4e74-4566-b53f-98e4df31e9eb req-621d7b1c-4e74-4566-b53f-98e4df31e9eb ] Request (VolumesAssistedSnapshotsTest:setUpClass): 201 POST http://10.180.1.21:9696/networking/v2.0/routers 3.063s
2025-01-16 14:50:23.504 68409 INFO tempest.lib.common.rest_client [req-50c2f0e5-2c69-4f33-aae3-772b17f9c167 req-50c2f0e5-2c69-4f33-aae3-772b17f9c167 ] Request (FloatingIPDetailsTestJSON:setUpClass): 200 GET http://10.180.1.21/identity/v3/domains?name=Default 0.107s
2025-01-16 14:50:23.527 68403 INFO tempest.lib.common.rest_client [req-91a1d805-b49b-4f29-98e1-cfa7fc671fe6 req-91a1d805-b49b-4f29-98e1-cfa7fc671fe6 ] Request (ServerDiagnosticsTest:setUpClass): 201 POST http://10.180.1.21/identity/v3/auth/tokens 0.143s
2025-01-16 14:50:23.555 68417 INFO tempest.lib.common.rest_client [req-e43bc9e0-89bc-4204-b596-58c00a31d9bf req-e43bc9e0-89bc-4204-b596-58c00a31d9bf ] Request (ServersV294TestFqdnHostnames:setUpClass): 204 PUT http://10.180.1.21/identity/v3/projects/0cf3a345a7d54625885c2159edcf0877/users/8418cb2af3484bd99daff2045756b468/roles/ea845107229b4dae978c3ef51633effa 0.110s
2025-01-16 14:50:23.555 68417 INFO tempest.lib.common.dynamic_creds [-] Dynamic test user 8418cb2af3484bd99daff2045756b468 is created with scope project and roles: ['member']
2025-01-16 14:50:23.556 68417 INFO tempest.lib.common.dynamic_creds [-] Acquired dynamic creds: credentials: Credentials: {'domain_id': 'default', 'domain_name': 'Default', 'username': 'tempest-ServersV294TestFqdnHostnames-812722115-project-member', 'project_domain_id': 'default', 'project_domain_name': 'Default', 'project_id': '0cf3a345a7d54625885c2159edcf0877', 'project_name': 'tempest-ServersV294TestFqdnHostnames-812722115', 'tenant_id': '0cf3a345a7d54625885c2159edcf0877', 'tenant_name': 'tempest-ServersV294TestFqdnHostnames-812722115', 'user_domain_id': 'default', 'user_domain_name': 'Default', 'user_id': '8418cb2af3484bd99daff2045756b468', 'system': None}, Network: None, Subnet: None, Router: None
2025-01-16 14:50:23.580 68389 INFO tempest.lib.common.rest_client [req-f878151c-d94c-4fe0-9855-d5d5abe4b4ed req-f878151c-d94c-4fe0-9855-d5d5abe4b4ed ] Request (ListImageFiltersNegativeTestJSON:tearDownClass): 204 DELETE http://10.180.1.21/identity/v3/projects/98107e09face46d49d7ab9cc6c5a1c72 0.149s
2025-01-16 14:50:23.595 68395 INFO tempest.lib.common.rest_client [req-31845479-94f7-4905-8ba1-69e06e2e6b1e req-31845479-94f7-4905-8ba1-69e06e2e6b1e ] Request (FloatingIPsTestJSON:_run_cleanups): 202 DELETE http://10.180.1.21/compute/v2.1/os-floating-ips/967f56ae-3426-44c3-871d-1cea750c609b 2.528s
2025-01-16 14:50:23.602 68423 INFO tempest.lib.common.rest_client [req-e00a4c22-1734-4c98-851a-82d1dac70276 req-e00a4c22-1734-4c98-851a-82d1dac70276 ] Request (ServersTestMultiNic:test_verify_duplicate_network_nics): 201 POST http://10.180.1.21:9696/networking/v2.0/networks 0.964s
2025-01-16 14:50:23.639 68381 INFO tempest.lib.common.rest_client [req-a37e0f5f-ed5b-4f2a-86b9-df3571ffa3f4 req-a37e0f5f-ed5b-4f2a-86b9-df3571ffa3f4 ] Request (FlavorsAccessTestJSON:test_flavor_access_add_remove): 200 GET http://10.180.1.21/compute/v2.1/flavors/detail 1.836s
2025-01-16 14:50:23.645 68409 INFO tempest.lib.common.rest_client [req-66239451-5bd8-4322-bce0-678ba6f638dd req-66239451-5bd8-4322-bce0-678ba6f638dd ] Request (FloatingIPDetailsTestJSON:setUpClass): 201 POST http://10.180.1.21/identity/v3/projects 0.140s
2025-01-16 14:50:23.705 68421 INFO tempest.lib.common.rest_client [req-b301d3f2-ea6b-4aa6-994c-4bc557821cc6 req-b301d3f2-ea6b-4aa6-994c-4bc557821cc6 ] Request (FlavorMetadataValidation:tearDownClass): 204 DELETE http://10.180.1.21/identity/v3/projects/f639c026fad64a7e8310dc3240fca157 0.221s
2025-01-16 14:50:23.705 68421 INFO tempest.lib.common.dynamic_creds [-] Deleting project and security group for project: b126a2ba54ea434a947eea15403bd9eb
2025-01-16 14:50:23.707 68403 INFO tempest.lib.common.rest_client [req-a645836a-6385-453e-a447-17bcb688193d req-a645836a-6385-453e-a447-17bcb688193d ] Request (ServerDiagnosticsTest:test_get_server_diagnostics): 201 POST http://10.180.1.21/identity/v3/auth/tokens 0.176s
2025-01-16 14:50:23.707 68403 INFO tempest.lib.common.fixed_network [-] (ServerDiagnosticsTest:test_get_server_diagnostics) Found network None available for tenant
2025-01-16 14:50:23.760 68417 INFO tempest.lib.common.rest_client [req-ec1803d6-84f9-4681-92fd-2de27d9ae8b8 req-ec1803d6-84f9-4681-92fd-2de27d9ae8b8 ] Request (ServersV294TestFqdnHostnames:setUpClass): 201 POST http://10.180.1.21/identity/v3/auth/tokens 0.204s
2025-01-16 14:50:23.778 68389 INFO tempest.lib.common.rest_client [req-e6c8c32c-b938-4d3f-9ab4-dea6b72782c3 req-e6c8c32c-b938-4d3f-9ab4-dea6b72782c3 ] Request (AbsoluteLimitsTestJSON:setUpClass): 201 POST http://10.180.1.21/identity/v3/auth/tokens 0.196s
2025-01-16 14:50:23.794 68409 INFO tempest.lib.common.rest_client [req-5114528c-227a-444f-8a9e-5e3c2d347891 req-5114528c-227a-444f-8a9e-5e3c2d347891 ] Request (FloatingIPDetailsTestJSON:setUpClass): 201 POST http://10.180.1.21/identity/v3/users 0.149s
2025-01-16 14:50:23.802 68411 INFO tempest.lib.common.rest_client [req-b1cadbe1-7877-4d72-8197-4edd197a3cc0 req-b1cadbe1-7877-4d72-8197-4edd197a3cc0 ] Request (InstanceUsageAuditLogNegativeTestJSON:tearDownClass): 204 DELETE http://10.180.1.21:9696/networking/v2.0/security-groups/0d6a6e29-edfa-4949-b395-f942416cf4e9 0.351s
2025-01-16 14:50:23.821 68389 INFO tempest.lib.common.rest_client [req-13d944ef-66b2-4a67-878a-17724b84ac22 req-13d944ef-66b2-4a67-878a-17724b84ac22 ] Request (AbsoluteLimitsTestJSON:setUpClass): 201 POST http://10.180.1.21/identity/v3/auth/tokens 0.038s
2025-01-16 14:50:23.827 68437 INFO tempest.lib.common.rest_client [req-10b66a63-13d4-4f44-b905-6243f5b20c3a req-10b66a63-13d4-4f44-b905-6243f5b20c3a ] Request (DeleteServersAdminTestJSON:test_admin_delete_servers_of_others): 200 GET http://10.180.1.21/compute/v2.1/servers/579e1ca1-a6b6-4fde-8368-3e635a303032 2.044s
2025-01-16 14:50:23.837 68437 INFO tempest.common.waiters [-] State transition "BUILD/networking" ==> "BUILD/spawning" after 6 second wait
2025-01-16 14:50:23.859 68401 INFO tempest.lib.common.rest_client [req-0de59bef-a31e-4685-9952-ca159bddb5ea req-0de59bef-a31e-4685-9952-ca159bddb5ea ] Request (HypervisorAdminUnderV252Test:test_search_hypervisor): 200 GET http://10.180.1.21/compute/v2.1/os-hypervisors/domain-c8.fc996f14-c53b-4953-92e3-bdfa48f5cc28/search 1.986s
2025-01-16 14:50:23.902 68409 INFO tempest.lib.common.rest_client [req-f05d668b-bc20-4666-861e-5c674fa44401 req-f05d668b-bc20-4666-861e-5c674fa44401 ] Request (FloatingIPDetailsTestJSON:setUpClass): 200 GET http://10.180.1.21/identity/v3/roles 0.104s
2025-01-16 14:50:23.923 68389 INFO tempest.lib.common.rest_client [req-3a023813-8dec-4232-9853-47c38dc04a81 req-3a023813-8dec-4232-9853-47c38dc04a81 ] Request (AbsoluteLimitsTestJSON:setUpClass): 200 GET http://10.180.1.21/identity/v3/domains?name=Default 0.101s
2025-01-16 14:50:23.927 68383 INFO tempest.lib.common.rest_client [req-d69bdb71-c2c0-453a-9a6a-faf8072a0693 req-d69bdb71-c2c0-453a-9a6a-faf8072a0693 ] Request (QuotasAdminTestV236:test_get_updated_quotas): 200 GET http://10.180.1.21/compute/v2.1/os-quota-sets/edf892f2b65541e6850bc74ee121047a?user_id=faf45da7644443e9b601c1e194bb8f40 2.123s
2025-01-16 14:50:23.943 68385 INFO tempest.lib.common.rest_client [req-33c298da-ed74-438a-9106-09f296c69a1f req-33c298da-ed74-438a-9106-09f296c69a1f ] Request (ServersWithSpecificFlavorTestJSON:test_verify_created_server_ephemeral_disk): 200 GET http://10.180.1.21/compute/v2.1/flavors/42/os-extra_specs 1.881s
2025-01-16 14:50:23.949 68431 INFO tempest.lib.common.rest_client [req-c2b0095c-a245-40f6-bc9d-fb32c778d95f req-c2b0095c-a245-40f6-bc9d-fb32c778d95f ] Request (HostsAdminNegativeTestJSON:test_show_host_detail_with_non_admin_user): 403 GET http://10.180.1.21/compute/v2.1/os-hosts/devstack 1.866s
2025-01-16 14:50:23.976 68405 INFO tempest.lib.common.rest_client [req-f006cd8e-6a57-478c-8b9d-e4ffcf831433 req-f006cd8e-6a57-478c-8b9d-e4ffcf831433 ] Request (FlavorsV255TestJSON:test_crud_flavor): 200 GET http://10.180.1.21/compute/v2.1/flavors 1.855s
2025-01-16 14:50:23.977 68411 INFO tempest.lib.common.rest_client [req-52f6d654-72a5-4c5b-948d-429989e26ebb req-52f6d654-72a5-4c5b-948d-429989e26ebb ] Request (InstanceUsageAuditLogNegativeTestJSON:tearDownClass): 204 DELETE http://10.180.1.21/identity/v3/projects/4d768f03e79e4998932991f3defe193e 0.174s
2025-01-16 14:50:23.988 68401 INFO tempest.lib.common.rest_client [req-819dcb06-3d85-4534-a56a-5b8116759ad6 req-819dcb06-3d85-4534-a56a-5b8116759ad6 ] Request (HypervisorAdminUnderV252Test:tearDownClass): 204 DELETE http://10.180.1.21/identity/v3/users/f163fa71743c4a8e89757b3377941966 0.127s
2025-01-16 14:50:24.051 68389 INFO tempest.lib.common.rest_client [req-ee4e9966-a02d-4a06-9804-e193d503d28f req-ee4e9966-a02d-4a06-9804-e193d503d28f ] Request (AbsoluteLimitsTestJSON:setUpClass): 201 POST http://10.180.1.21/identity/v3/projects 0.128s
2025-01-16 14:50:24.069 68409 INFO tempest.lib.common.rest_client [req-65e5abbf-84f7-4fc2-9ae8-5ff70b6256a5 req-65e5abbf-84f7-4fc2-9ae8-5ff70b6256a5 ] Request (FloatingIPDetailsTestJSON:setUpClass): 204 PUT http://10.180.1.21/identity/v3/projects/4312a4eff55d4fcdba78e2cb10b884d5/users/4964efe11d2a48a8b3e4a354068111db/roles/ea845107229b4dae978c3ef51633effa 0.166s
2025-01-16 14:50:24.069 68409 INFO tempest.lib.common.dynamic_creds [-] Dynamic test user 4964efe11d2a48a8b3e4a354068111db is created with scope project and roles: ['member']
2025-01-16 14:50:24.070 68409 INFO tempest.lib.common.dynamic_creds [-] Acquired dynamic creds: credentials: Credentials: {'domain_id': 'default', 'domain_name': 'Default', 'username': 'tempest-FloatingIPDetailsTestJSON-140216066-project-member', 'project_domain_id': 'default', 'project_domain_name': 'Default', 'project_id': '4312a4eff55d4fcdba78e2cb10b884d5', 'project_name': 'tempest-FloatingIPDetailsTestJSON-140216066', 'tenant_id': '4312a4eff55d4fcdba78e2cb10b884d5', 'tenant_name': 'tempest-FloatingIPDetailsTestJSON-140216066', 'user_domain_id': 'default', 'user_domain_name': 'Default', 'user_id': '4964efe11d2a48a8b3e4a354068111db', 'system': None}, Network: None, Subnet: None, Router: None
2025-01-16 14:50:24.126 68411 INFO tempest.lib.common.rest_client [req-eedf6e5f-df72-4a42-9e6e-29192dac82d5 req-eedf6e5f-df72-4a42-9e6e-29192dac82d5 ] Request (FloatingIPsAssociationNegativeTestJSON:setUpClass): 201 POST http://10.180.1.21/identity/v3/auth/tokens 0.146s
2025-01-16 14:50:24.185 68383 INFO tempest.lib.common.rest_client [req-6271b8f7-20ad-4e4b-b520-843aa9140ff8 req-6271b8f7-20ad-4e4b-b520-843aa9140ff8 ] Request (QuotasAdminTestV236:_run_cleanups): 204 DELETE http://10.180.1.21/identity/v3/users/faf45da7644443e9b601c1e194bb8f40 0.256s
2025-01-16 14:50:24.186 68401 INFO tempest.lib.common.rest_client [req-b5840a61-0c95-4fce-9961-b34211143881 req-b5840a61-0c95-4fce-9961-b34211143881 ] Request (HypervisorAdminUnderV252Test:tearDownClass): 204 DELETE http://10.180.1.21/identity/v3/users/a6d4cace02b3440c95d35fe5c4cd5cec 0.197s
2025-01-16 14:50:24.186 68401 INFO tempest.lib.common.dynamic_creds [-] Deleting project and security group for project: 899d3f4102e847588aa944090cd30cab
2025-01-16 14:50:24.253 68421 INFO tempest.lib.common.rest_client [req-d680e8f1-d8fa-45cd-8288-269eca10ab2b req-d680e8f1-d8fa-45cd-8288-269eca10ab2b ] Request (FlavorMetadataValidation:tearDownClass): 200 GET http://10.180.1.21:9696/networking/v2.0/security-groups?tenant_id=b126a2ba54ea434a947eea15403bd9eb&name=default 0.548s
2025-01-16 14:50:24.263 68409 INFO tempest.lib.common.rest_client [req-51c2b879-068c-4bc4-8eb2-132a1b80b37e req-51c2b879-068c-4bc4-8eb2-132a1b80b37e ] Request (FloatingIPDetailsTestJSON:setUpClass): 201 POST http://10.180.1.21/identity/v3/auth/tokens 0.193s
2025-01-16 14:50:24.270 68389 INFO tempest.lib.common.rest_client [req-a842c9b5-ae4f-41dc-bb65-37be0a1a6e72 req-a842c9b5-ae4f-41dc-bb65-37be0a1a6e72 ] Request (AbsoluteLimitsTestJSON:setUpClass): 201 POST http://10.180.1.21/identity/v3/users 0.218s
2025-01-16 14:50:24.286 68411 INFO tempest.lib.common.rest_client [req-e8b0d57c-1776-4bdd-a328-ff1fbd19b0ca req-e8b0d57c-1776-4bdd-a328-ff1fbd19b0ca ] Request (FloatingIPsAssociationNegativeTestJSON:setUpClass): 201 POST http://10.180.1.21/identity/v3/auth/tokens 0.157s
2025-01-16 14:50:24.307 68401 INFO tempest.lib.common.rest_client [req-7dbd5d1e-e4da-4f9e-90eb-4a7e0d65d393 req-7dbd5d1e-e4da-4f9e-90eb-4a7e0d65d393 ] Request (HypervisorAdminUnderV252Test:tearDownClass): 201 POST http://10.180.1.21/identity/v3/auth/tokens 0.121s
2025-01-16 14:50:24.374 68383 INFO tempest.lib.common.rest_client [req-a279ce69-9344-43be-8f0d-887689d4b842 req-a279ce69-9344-43be-8f0d-887689d4b842 ] Request (QuotasAdminTestV236:_run_cleanups): 204 DELETE http://10.180.1.21/identity/v3/projects/edf892f2b65541e6850bc74ee121047a 0.188s
2025-01-16 14:50:24.450 68389 INFO tempest.lib.common.rest_client [req-f6733e7c-616b-408a-b355-b8b709d7987c req-f6733e7c-616b-408a-b355-b8b709d7987c ] Request (AbsoluteLimitsTestJSON:setUpClass): 200 GET http://10.180.1.21/identity/v3/roles 0.179s
2025-01-16 14:50:24.500 68411 INFO tempest.lib.common.rest_client [req-679efa9c-4f65-4d08-852e-11a9e642032d req-679efa9c-4f65-4d08-852e-11a9e642032d ] Request (FloatingIPsAssociationNegativeTestJSON:setUpClass): 200 GET http://10.180.1.21/identity/v3/domains?name=Default 0.214s
2025-01-16 14:50:24.547 68393 INFO tempest.lib.common.rest_client [req-c5b22a02-5f0a-4a3c-93a4-f3aec0563722 req-c5b22a02-5f0a-4a3c-93a4-f3aec0563722 ] Request (AggregatesAdminNegativeTestJSON:_run_cleanups): 200 POST http://10.180.1.21/compute/v2.1/os-aggregates/1/action 2.619s
2025-01-16 14:50:24.557 68389 INFO tempest.lib.common.rest_client [req-f903c774-eba2-43d5-89a4-273322d25473 req-f903c774-eba2-43d5-89a4-273322d25473 ] Request (AbsoluteLimitsTestJSON:setUpClass): 204 PUT http://10.180.1.21/identity/v3/projects/c9247a66f6fa428581a6c3167daf5bd3/users/2324f3d3b9de4c09af675545078341fa/roles/ea845107229b4dae978c3ef51633effa 0.106s
2025-01-16 14:50:24.557 68389 INFO tempest.lib.common.dynamic_creds [-] Dynamic test user 2324f3d3b9de4c09af675545078341fa is created with scope project and roles: ['member']
2025-01-16 14:50:24.557 68389 INFO tempest.lib.common.dynamic_creds [-] Acquired dynamic creds: credentials: Credentials: {'domain_id': 'default', 'domain_name': 'Default', 'username': 'tempest-AbsoluteLimitsTestJSON-387901426-project-member', 'project_domain_id': 'default', 'project_domain_name': 'Default', 'project_id': 'c9247a66f6fa428581a6c3167daf5bd3', 'project_name': 'tempest-AbsoluteLimitsTestJSON-387901426', 'tenant_id': 'c9247a66f6fa428581a6c3167daf5bd3', 'tenant_name': 'tempest-AbsoluteLimitsTestJSON-387901426', 'user_domain_id': 'default', 'user_domain_name': 'Default', 'user_id': '2324f3d3b9de4c09af675545078341fa', 'system': None}, Network: None, Subnet: None, Router: None
2025-01-16 14:50:24.557 68389 INFO tempest.lib.common.dynamic_creds [-] Created isolated network resources for: credentials: Credentials: {'domain_id': 'default', 'domain_name': 'Default', 'username': 'tempest-AbsoluteLimitsTestJSON-387901426-project-member', 'project_domain_id': 'default', 'project_domain_name': 'Default', 'project_id': 'c9247a66f6fa428581a6c3167daf5bd3', 'project_name': 'tempest-AbsoluteLimitsTestJSON-387901426', 'tenant_id': 'c9247a66f6fa428581a6c3167daf5bd3', 'tenant_name': 'tempest-AbsoluteLimitsTestJSON-387901426', 'user_domain_id': 'default', 'user_domain_name': 'Default', 'user_id': '2324f3d3b9de4c09af675545078341fa', 'system': None}, Network: None, Subnet: None, Router: None
2025-01-16 14:50:24.572 68383 INFO tempest.lib.common.rest_client [req-3f8919f8-0e1c-409c-b855-a26db220114e req-3f8919f8-0e1c-409c-b855-a26db220114e ] Request (QuotasAdminTestV236:tearDownClass): 204 DELETE http://10.180.1.21/identity/v3/users/a39ec88980c343dba06536b654e4d522 0.133s
2025-01-16 14:50:24.583 68433 INFO tempest.lib.common.rest_client [req-2193fdad-8372-4a24-84af-a73d624fc2ea req-2193fdad-8372-4a24-84af-a73d624fc2ea ] Request (FlavorsV261TestJSON:test_crud_flavor): 200 GET http://10.180.1.21/compute/v2.1/flavors 1.877s
2025-01-16 14:50:24.591 68413 INFO tempest.lib.common.rest_client [req-0db65ff9-9c03-41d2-aedc-ead379f0f499 req-0db65ff9-9c03-41d2-aedc-ead379f0f499 ] Request (FlavorsExtraSpecsNegativeTestJSON:test_flavor_non_admin_update_specific_key): 403 PUT http://10.180.1.21/compute/v2.1/flavors/1144904045/os-extra_specs/hw:numa_nodes 1.878s
2025-01-16 14:50:24.607 68397 INFO tempest.lib.common.rest_client [req-c158aec8-a998-4e9a-8659-903f49c6a238 req-c158aec8-a998-4e9a-8659-903f49c6a238 ] Request (KeyPairsV210TestJSON:_run_cleanups): 204 DELETE http://10.180.1.21/compute/v2.1/os-keypairs/tempest-KeyPairsV210TestJSON-keypair-1648915786 1.878s
2025-01-16 14:50:24.632 68419 INFO tempest.lib.common.rest_client [req-24ec3ad8-4b80-459f-be48-ec2834b30d4b req-24ec3ad8-4b80-459f-be48-ec2834b30d4b ] Request (FlavorsAdminTestJSON:test_create_flavor_verify_entry_in_list_details): 200 GET http://10.180.1.21/compute/v2.1/flavors/detail 1.883s
2025-01-16 14:50:24.639 68387 INFO tempest.lib.common.rest_client [req-a8f13c86-fb15-4e98-bfd1-5518a173ed8d req-a8f13c86-fb15-4e98-bfd1-5518a173ed8d ] Request (ServersTestJSON:setUpClass): 201 POST http://10.180.1.21:9696/networking/v2.0/floatingips 1.974s
2025-01-16 14:50:24.656 68425 INFO tempest.lib.common.rest_client [req-48764f3f-f7a7-4c23-817c-0071e02eaba8 req-48764f3f-f7a7-4c23-817c-0071e02eaba8 ] Request (FlavorsExtraSpecsTestJSON:test_flavor_set_get_update_show_unset_keys): 200 POST http://10.180.1.21/compute/v2.1/flavors/1099150888/os-extra_specs 1.810s
2025-01-16 14:50:24.666 68411 INFO tempest.lib.common.rest_client [req-4317118c-8ce0-4761-8ec9-9890a53866d6 req-4317118c-8ce0-4761-8ec9-9890a53866d6 ] Request (FloatingIPsAssociationNegativeTestJSON:setUpClass): 201 POST http://10.180.1.21/identity/v3/projects 0.163s
2025-01-16 14:50:24.667 68389 INFO tempest.lib.common.rest_client [req-927aaa82-e101-49e4-ba36-728b3456ec29 req-927aaa82-e101-49e4-ba36-728b3456ec29 ] Request (AbsoluteLimitsTestJSON:setUpClass): 201 POST http://10.180.1.21/identity/v3/auth/tokens 0.106s
2025-01-16 14:50:24.731 68387 INFO tempest.lib.common.rest_client [req-3b039abe-667a-4691-b5ff-d8a13cc13846 req-3b039abe-667a-4691-b5ff-d8a13cc13846 ] Request (ServersTestJSON:setUpClass): 201 POST http://10.180.1.21/identity/v3/auth/tokens 0.084s
2025-01-16 14:50:24.731 68387 INFO tempest.lib.common.fixed_network [-] (ServersTestJSON:setUpClass) Found network {'id': '34e799f5-6e06-4a4f-9b52-f4ec51170031', 'name': 'tempest-ServersTestJSON-967042874-network', 'tenant_id': 'bd76edbee43b4729890238bad67a6f11', 'admin_state_up': True, 'mtu': 8950, 'status': 'ACTIVE', 'subnets': [], 'shared': False, 'project_id': 'bd76edbee43b4729890238bad67a6f11', 'port_security_enabled': True, 'router:external': False, 'provider:network_type': 'vlan', 'provider:physical_network': 'default', 'provider:segmentation_id': 556, 'availability_zone_hints': [], 'availability_zones': [], 'ipv4_address_scope': None, 'ipv6_address_scope': None, 'description': '', 'tags': [], 'created_at': '2025-01-16T14:50:15Z', 'updated_at': '2025-01-16T14:50:15Z', 'revision_number': 1} available for tenant
2025-01-16 14:50:24.752 68421 INFO tempest.lib.common.rest_client [req-49aed67b-8649-4f4d-b170-d133e6e76e25 req-49aed67b-8649-4f4d-b170-d133e6e76e25 ] Request (FlavorMetadataValidation:tearDownClass): 204 DELETE http://10.180.1.21:9696/networking/v2.0/security-groups/50c4b151-1a52-40a6-b6fd-0586fea2c21e 0.499s
2025-01-16 14:50:24.759 68411 INFO tempest.lib.common.rest_client [req-2ff392b8-4cde-45eb-b512-1747459b3ee6 req-2ff392b8-4cde-45eb-b512-1747459b3ee6 ] Request (FloatingIPsAssociationNegativeTestJSON:setUpClass): 201 POST http://10.180.1.21/identity/v3/users 0.092s
2025-01-16 14:50:24.769 68441 INFO tempest.lib.common.rest_client [req-055a8224-10be-49b7-97b6-9dfa19ab299f req-055a8224-10be-49b7-97b6-9dfa19ab299f ] Request (TenantUsagesTestJSON:setUpClass): 200 GET http://10.180.1.21/compute/v2.1/servers/9f016121-09f1-4da7-bbd0-7769d5104d27 1.731s
2025-01-16 14:50:24.777 68417 INFO tempest.lib.common.rest_client [req-e366b4c9-8103-456e-9ca7-0dbe92148a27 req-e366b4c9-8103-456e-9ca7-0dbe92148a27 ] Request (ServersV294TestFqdnHostnames:setUpClass): 201 POST http://10.180.1.21:9696/networking/v2.0/networks 1.016s
2025-01-16 14:50:24.782 68441 INFO tempest.common.waiters [-] State transition "BUILD/None" ==> "BUILD/spawning" after 5 second wait
2025-01-16 14:50:24.790 68383 INFO tempest.lib.common.rest_client [req-be7371b2-a730-4448-a558-a9c647d57d23 req-be7371b2-a730-4448-a558-a9c647d57d23 ] Request (QuotasAdminTestV236:tearDownClass): 204 DELETE http://10.180.1.21/identity/v3/users/b149f2c6efd54f5ab9a21909b20de9a2 0.218s
2025-01-16 14:50:24.791 68383 INFO tempest.lib.common.dynamic_creds [-] Deleting project and security group for project: c5ad01cde220434fbe1efb99028e8b86
2025-01-16 14:50:24.838 68423 INFO tempest.lib.common.rest_client [req-2cc5bba9-a746-4cb5-a13d-7877b3b02c72 req-2cc5bba9-a746-4cb5-a13d-7877b3b02c72 ] Request (ServersTestMultiNic:test_verify_duplicate_network_nics): 201 POST http://10.180.1.21:9696/networking/v2.0/subnets 1.235s
2025-01-16 14:50:24.848 68411 INFO tempest.lib.common.rest_client [req-dd1512af-7a8f-482a-a382-12f5c28e683c req-dd1512af-7a8f-482a-a382-12f5c28e683c ] Request (FloatingIPsAssociationNegativeTestJSON:setUpClass): 200 GET http://10.180.1.21/identity/v3/roles 0.089s
2025-01-16 14:50:24.869 68399 INFO tempest.lib.common.rest_client [req-961a51a4-12ba-4d03-981d-5814da310bc3 req-961a51a4-12ba-4d03-981d-5814da310bc3 ] Request (ServerAddressesNegativeTestJSON:setUpClass): 200 GET http://10.180.1.21/compute/v2.1/servers/6cc60e74-0474-47a5-ba57-c1c646ce0e1d 1.633s
2025-01-16 14:50:24.874 68421 INFO tempest.lib.common.rest_client [req-e79ab036-ec40-4606-9e3b-a86ce3c39e2d req-e79ab036-ec40-4606-9e3b-a86ce3c39e2d ] Request (FlavorMetadataValidation:tearDownClass): 204 DELETE http://10.180.1.21/identity/v3/projects/b126a2ba54ea434a947eea15403bd9eb 0.121s
2025-01-16 14:50:24.913 68383 INFO tempest.lib.common.rest_client [req-c8bdde52-5d70-469b-bbcf-55f80f3fd77f req-c8bdde52-5d70-469b-bbcf-55f80f3fd77f ] Request (QuotasAdminTestV236:tearDownClass): 201 POST http://10.180.1.21/identity/v3/auth/tokens 0.121s
2025-01-16 14:50:24.938 68411 INFO tempest.lib.common.rest_client [req-763bfbf0-82fe-4739-b061-08251da0d2f4 req-763bfbf0-82fe-4739-b061-08251da0d2f4 ] Request (FloatingIPsAssociationNegativeTestJSON:setUpClass): 204 PUT http://10.180.1.21/identity/v3/projects/0a48ec49a90b4cd4874ebdd318984b15/users/87de9140ab694270a844ae40885833b3/roles/ea845107229b4dae978c3ef51633effa 0.089s
2025-01-16 14:50:24.938 68411 INFO tempest.lib.common.dynamic_creds [-] Dynamic test user 87de9140ab694270a844ae40885833b3 is created with scope project and roles: ['member']
2025-01-16 14:50:24.938 68411 INFO tempest.lib.common.dynamic_creds [-] Acquired dynamic creds: credentials: Credentials: {'domain_id': 'default', 'domain_name': 'Default', 'username': 'tempest-FloatingIPsAssociationNegativeTestJSON-1669327694-project-member', 'project_domain_id': 'default', 'project_domain_name': 'Default', 'project_id': '0a48ec49a90b4cd4874ebdd318984b15', 'project_name': 'tempest-FloatingIPsAssociationNegativeTestJSON-1669327694', 'tenant_id': '0a48ec49a90b4cd4874ebdd318984b15', 'tenant_name': 'tempest-FloatingIPsAssociationNegativeTestJSON-1669327694', 'user_domain_id': 'default', 'user_domain_name': 'Default', 'user_id': '87de9140ab694270a844ae40885833b3', 'system': None}, Network: None, Subnet: None, Router: None
2025-01-16 14:50:24.988 68421 INFO tempest.lib.common.rest_client [req-ae0b6cf4-b2b6-4925-ab52-cf590a757590 req-ae0b6cf4-b2b6-4925-ab52-cf590a757590 ] Request (KeyPairsV2TestJSON:setUpClass): 201 POST http://10.180.1.21/identity/v3/auth/tokens 0.112s
2025-01-16 14:50:25.055 68411 INFO tempest.lib.common.rest_client [req-1d736b32-9c11-4c2f-93a3-d39fb53c2e4e req-1d736b32-9c11-4c2f-93a3-d39fb53c2e4e ] Request (FloatingIPsAssociationNegativeTestJSON:setUpClass): 201 POST http://10.180.1.21/identity/v3/auth/tokens 0.116s
2025-01-16 14:50:25.062 68415 INFO tempest.lib.common.rest_client [req-79b55d1b-2c1f-4b8f-be4c-f2375e0dd7a7 req-79b55d1b-2c1f-4b8f-be4c-f2375e0dd7a7 ] Request (HypervisorAdminNegativeUnderV252Test:test_search_hypervisor_with_non_admin_user): 200 GET http://10.180.1.21/compute/v2.1/os-hypervisors 1.585s
2025-01-16 14:50:25.067 68421 INFO tempest.lib.common.rest_client [req-a816533a-d6e8-499e-b00d-136dc6dfb946 req-a816533a-d6e8-499e-b00d-136dc6dfb946 ] Request (KeyPairsV2TestJSON:setUpClass): 201 POST http://10.180.1.21/identity/v3/auth/tokens 0.074s
2025-01-16 14:50:25.100 68421 INFO tempest.lib.common.rest_client [req-1bbdc9c0-02c4-409c-bb30-ad049c0d4a98 req-1bbdc9c0-02c4-409c-bb30-ad049c0d4a98 ] Request (KeyPairsV2TestJSON:setUpClass): 200 GET http://10.180.1.21/identity/v3/domains?name=Default 0.032s
2025-01-16 14:50:25.110 68401 INFO tempest.lib.common.rest_client [req-b4cfda48-b452-478a-b5b1-fd5d0249bbb4 req-b4cfda48-b452-478a-b5b1-fd5d0249bbb4 ] Request (HypervisorAdminUnderV252Test:tearDownClass): 200 GET http://10.180.1.21:9696/networking/v2.0/security-groups?tenant_id=899d3f4102e847588aa944090cd30cab&name=default 0.802s
2025-01-16 14:50:25.118 68435 INFO tempest.lib.common.rest_client [req-bb7da607-0d87-424f-9aec-b1830c0dafd0 req-bb7da607-0d87-424f-9aec-b1830c0dafd0 ] Request (ServersTestFqdnHostnames:test_create_server_with_fqdn_name): 201 POST http://10.180.1.21:9696/networking/v2.0/floatingips 2.286s
2025-01-16 14:50:25.131 68421 INFO tempest.lib.common.rest_client [req-314ff55a-bfe2-41d0-a4c5-9274b040e3ff req-314ff55a-bfe2-41d0-a4c5-9274b040e3ff ] Request (KeyPairsV2TestJSON:setUpClass): 201 POST http://10.180.1.21/identity/v3/projects 0.031s
2025-01-16 14:50:25.181 68435 INFO tempest.lib.common.rest_client [req-337e8353-c519-465c-9601-aacd12253893 req-337e8353-c519-465c-9601-aacd12253893 ] Request (ServersTestFqdnHostnames:test_create_server_with_fqdn_name): 201 POST http://10.180.1.21/identity/v3/auth/tokens 0.059s
2025-01-16 14:50:25.181 68435 INFO tempest.lib.common.fixed_network [-] (ServersTestFqdnHostnames:test_create_server_with_fqdn_name) Found network {'id': 'e28cc147-4eb7-4025-a711-fac1b5cd81aa', 'name': 'tempest-ServersTestFqdnHostnames-1673943572-network', 'tenant_id': '6be7f0748ee0430496af5c6252c4f7fc', 'admin_state_up': True, 'mtu': 8950, 'status': 'ACTIVE', 'subnets': [], 'shared': False, 'project_id': '6be7f0748ee0430496af5c6252c4f7fc', 'port_security_enabled': True, 'router:external': False, 'provider:network_type': 'vlan', 'provider:physical_network': 'default', 'provider:segmentation_id': 671, 'availability_zone_hints': [], 'availability_zones': [], 'ipv4_address_scope': None, 'ipv6_address_scope': None, 'description': '', 'tags': [], 'created_at': '2025-01-16T14:50:14Z', 'updated_at': '2025-01-16T14:50:14Z', 'revision_number': 1} available for tenant
2025-01-16 14:50:25.202 68421 INFO tempest.lib.common.rest_client [req-4cd64158-fa9f-4d78-9386-4a62ab341d71 req-4cd64158-fa9f-4d78-9386-4a62ab341d71 ] Request (KeyPairsV2TestJSON:setUpClass): 201 POST http://10.180.1.21/identity/v3/users 0.070s
2025-01-16 14:50:25.239 68421 INFO tempest.lib.common.rest_client [req-a46f2293-5b52-4e6d-902b-f93635a611af req-a46f2293-5b52-4e6d-902b-f93635a611af ] Request (KeyPairsV2TestJSON:setUpClass): 200 GET http://10.180.1.21/identity/v3/roles 0.036s
2025-01-16 14:50:25.275 68421 INFO tempest.lib.common.rest_client [req-fc1d4f41-af48-4f23-89ba-7cb5bfae576f req-fc1d4f41-af48-4f23-89ba-7cb5bfae576f ] Request (KeyPairsV2TestJSON:setUpClass): 204 PUT http://10.180.1.21/identity/v3/projects/c43bcee702e4493a840f36ea1704521d/users/cb2be1924ac74ee2816fa9653d60bfc1/roles/ea845107229b4dae978c3ef51633effa 0.035s
2025-01-16 14:50:25.276 68421 INFO tempest.lib.common.dynamic_creds [-] Dynamic test user cb2be1924ac74ee2816fa9653d60bfc1 is created with scope project and roles: ['member']
2025-01-16 14:50:25.276 68421 INFO tempest.lib.common.dynamic_creds [-] Acquired dynamic creds: credentials: Credentials: {'domain_id': 'default', 'domain_name': 'Default', 'username': 'tempest-KeyPairsV2TestJSON-1886485801-project-member', 'project_domain_id': 'default', 'project_domain_name': 'Default', 'project_id': 'c43bcee702e4493a840f36ea1704521d', 'project_name': 'tempest-KeyPairsV2TestJSON-1886485801', 'tenant_id': 'c43bcee702e4493a840f36ea1704521d', 'tenant_name': 'tempest-KeyPairsV2TestJSON-1886485801', 'user_domain_id': 'default', 'user_domain_name': 'Default', 'user_id': 'cb2be1924ac74ee2816fa9653d60bfc1', 'system': None}, Network: None, Subnet: None, Router: None
2025-01-16 14:50:25.276 68421 INFO tempest.lib.common.dynamic_creds [-] Created isolated network resources for: credentials: Credentials: {'domain_id': 'default', 'domain_name': 'Default', 'username': 'tempest-KeyPairsV2TestJSON-1886485801-project-member', 'project_domain_id': 'default', 'project_domain_name': 'Default', 'project_id': 'c43bcee702e4493a840f36ea1704521d', 'project_name': 'tempest-KeyPairsV2TestJSON-1886485801', 'tenant_id': 'c43bcee702e4493a840f36ea1704521d', 'tenant_name': 'tempest-KeyPairsV2TestJSON-1886485801', 'user_domain_id': 'default', 'user_domain_name': 'Default', 'user_id': 'cb2be1924ac74ee2816fa9653d60bfc1', 'system': None}, Network: None, Subnet: None, Router: None
2025-01-16 14:50:25.319 68409 INFO tempest.lib.common.rest_client [req-055caa43-1255-4ca4-a76e-c849f3138a91 req-055caa43-1255-4ca4-a76e-c849f3138a91 ] Request (FloatingIPDetailsTestJSON:setUpClass): 201 POST http://10.180.1.21:9696/networking/v2.0/networks 1.055s
2025-01-16 14:50:25.368 68421 INFO tempest.lib.common.rest_client [req-3b302cf9-343d-4100-ad98-a5abff6cd41e req-3b302cf9-343d-4100-ad98-a5abff6cd41e ] Request (KeyPairsV2TestJSON:setUpClass): 201 POST http://10.180.1.21/identity/v3/auth/tokens 0.088s
2025-01-16 14:50:25.373 68423 INFO tempest.lib.common.rest_client [req-9ad6985a-785e-4685-8ae0-bb29f9ec6cbb req-9ad6985a-785e-4685-8ae0-bb29f9ec6cbb ] Request (ServersTestMultiNic:test_verify_duplicate_network_nics): 201 POST http://10.180.1.21:9696/networking/v2.0/networks 0.535s
2025-01-16 14:50:25.505 68383 INFO tempest.lib.common.rest_client [req-d49ef08c-b7bc-4d86-9711-8acdb3ad1af5 req-d49ef08c-b7bc-4d86-9711-8acdb3ad1af5 ] Request (QuotasAdminTestV236:tearDownClass): 200 GET http://10.180.1.21:9696/networking/v2.0/security-groups?tenant_id=c5ad01cde220434fbe1efb99028e8b86&name=default 0.591s
