2025-01-16 14:52:12.870 68413 INFO tempest.lib.common.rest_client [req-42e34941-f983-4005-8f8d-f07c70705209 req-42e34941-f983-4005-8f8d-f07c70705209 ] Request (ImagesTestJSON:test_create_image_from_stopped_server): 200 GET http://10.180.1.21/compute/v2.1/servers/16b466c3-c749-4f96-a82c-32dad31138ec 0.158s
2025-01-16 14:52:12.873 68437 INFO tempest.lib.common.rest_client [req-441eff0d-13c4-4a0c-ad7d-18e1ee50f0a7 req-441eff0d-13c4-4a0c-ad7d-18e1ee50f0a7 ] Request (FlavorsV2NegativeTest:setUpClass): 200 GET http://10.180.1.21/identity/v3/roles 0.020s
2025-01-16 14:52:12.899 68437 INFO tempest.lib.common.rest_client [req-7c3a20d2-5871-44e3-abf1-bd0dbe50d87e req-7c3a20d2-5871-44e3-abf1-bd0dbe50d87e ] Request (FlavorsV2NegativeTest:setUpClass): 204 PUT http://10.180.1.21/identity/v3/projects/f321c656ec224d3caba69527548aab33/users/8056b0cd4cba4beaaf84b49a9119ac9b/roles/ea845107229b4dae978c3ef51633effa 0.025s
2025-01-16 14:52:12.900 68437 INFO tempest.lib.common.dynamic_creds [-] Dynamic test user 8056b0cd4cba4beaaf84b49a9119ac9b is created with scope project and roles: ['member']
2025-01-16 14:52:12.900 68437 INFO tempest.lib.common.dynamic_creds [-] Acquired dynamic creds: credentials: Credentials: {'domain_id': 'default', 'domain_name': 'Default', 'username': 'tempest-FlavorsV2NegativeTest-1194306759-project-member', 'project_domain_id': 'default', 'project_domain_name': 'Default', 'project_id': 'f321c656ec224d3caba69527548aab33', 'project_name': 'tempest-FlavorsV2NegativeTest-1194306759', 'tenant_id': 'f321c656ec224d3caba69527548aab33', 'tenant_name': 'tempest-FlavorsV2NegativeTest-1194306759', 'user_domain_id': 'default', 'user_domain_name': 'Default', 'user_id': '8056b0cd4cba4beaaf84b49a9119ac9b', 'system': None}, Network: None, Subnet: None, Router: None
2025-01-16 14:52:12.900 68437 INFO tempest.lib.common.dynamic_creds [-] Created isolated network resources for: credentials: Credentials: {'domain_id': 'default', 'domain_name': 'Default', 'username': 'tempest-FlavorsV2NegativeTest-1194306759-project-member', 'project_domain_id': 'default', 'project_domain_name': 'Default', 'project_id': 'f321c656ec224d3caba69527548aab33', 'project_name': 'tempest-FlavorsV2NegativeTest-1194306759', 'tenant_id': 'f321c656ec224d3caba69527548aab33', 'tenant_name': 'tempest-FlavorsV2NegativeTest-1194306759', 'user_domain_id': 'default', 'user_domain_name': 'Default', 'user_id': '8056b0cd4cba4beaaf84b49a9119ac9b', 'system': None}, Network: None, Subnet: None, Router: None
2025-01-16 14:52:12.963 68403 INFO tempest.lib.common.rest_client [req-f1925d40-dc57-479b-a6e5-e64f8e30a52a req-f1925d40-dc57-479b-a6e5-e64f8e30a52a ] Request (ServersAdminNegativeTestJSON:setUpClass): 200 GET http://10.180.1.21/compute/v2.1/servers/c36ece43-3d70-4e67-a740-9057f413c722 0.056s
2025-01-16 14:52:12.970 68403 INFO tempest.common.waiters [-] State transition "BUILD/None" ==> "BUILD/networking" after 62 second wait
2025-01-16 14:52:12.978 68437 INFO tempest.lib.common.rest_client [req-c5a7eda3-8d13-4ed9-bcc0-95e0d5a05eca req-c5a7eda3-8d13-4ed9-bcc0-95e0d5a05eca ] Request (FlavorsV2NegativeTest:setUpClass): 201 POST http://10.180.1.21/identity/v3/auth/tokens 0.075s
2025-01-16 14:52:13.057 68437 INFO tempest.lib.common.rest_client [req-41f8eda7-772c-422d-923c-350a794ef936 req-41f8eda7-772c-422d-923c-350a794ef936 ] Request (FlavorsV2NegativeTest:test_boot_with_low_ram): 200 GET http://10.180.1.21/compute/v2.1/flavors/42 0.077s
2025-01-16 14:52:13.135 68423 INFO tempest.lib.common.rest_client [req-cde65130-4508-40f6-be0e-1be7b0404493 req-cde65130-4508-40f6-be0e-1be7b0404493 ] Request (ServersTestMultiNic:test_verify_multiple_nics_order): 200 GET http://10.180.1.21/compute/v2.1/servers/dc3317e4-6958-4df6-8e39-c89b4a5d861c 0.067s
2025-01-16 14:52:13.146 68421 INFO tempest.lib.common.rest_client [req-0bbea137-cbd4-49f3-bf3c-28faf7aa9c9a req-0bbea137-cbd4-49f3-bf3c-28faf7aa9c9a ] Request (AttachVolumeShelveTestJSON:test_attach_volume_shelved_or_offload_server): 200 GET http://10.180.1.21/compute/v2.1/servers/b8cc8cd3-ea03-40bf-b867-7ad193365552 0.128s
2025-01-16 14:52:13.207 68393 INFO tempest.lib.common.rest_client [req-73fa33d5-7e63-432b-9255-36eb4d6a98fa req-73fa33d5-7e63-432b-9255-36eb4d6a98fa ] Request (AttachInterfacesUnderV243Test:test_add_remove_fixed_ip): 200 GET http://10.180.1.21/compute/v2.1/servers/7febb8b4-f984-4d79-a888-b2829f2a9df6 0.138s
2025-01-16 14:52:13.218 68433 INFO tempest.lib.common.rest_client [req-a872b2ff-b5b4-4a42-8cd7-4c66662ef127 req-a872b2ff-b5b4-4a42-8cd7-4c66662ef127 ] Request (ServersTestBootFromVolume:setUpClass): 200 GET http://10.180.1.21/compute/v2.1/servers/b96d1351-f3a7-4bac-998c-a34ab2606041 0.106s
2025-01-16 14:52:13.289 68395 INFO tempest.lib.common.rest_client [req-fd734351-d836-4c0a-b319-2fa6a6452919 req-fd734351-d836-4c0a-b319-2fa6a6452919 ] Request (InstanceActionsTestJSON:tearDownClass): 200 GET http://10.180.1.21/compute/v2.1/servers/9062e606-511f-4fe7-9621-90b3c0e51eec 0.108s
2025-01-16 14:52:13.352 68397 INFO tempest.lib.common.rest_client [req-4b99f279-cdeb-4ebc-add2-3aaa835313f7 req-4b99f279-cdeb-4ebc-add2-3aaa835313f7 ] Request (VolumesAdminNegativeTest:test_update_attached_volume_with_nonexistent_volume_in_body): 200 GET http://10.180.1.21/compute/v2.1/servers/b9f30f87-3594-4468-9d29-70890d8761e3 0.109s
2025-01-16 14:52:13.371 68431 INFO tempest.lib.common.rest_client [req-23f1bcb1-bf78-4f10-9647-bb4bd938262f req-23f1bcb1-bf78-4f10-9647-bb4bd938262f ] Request (AttachInterfacesV270Test:test_create_get_list_interfaces): 200 GET http://10.180.1.21/compute/v2.1/servers/ecd6ff7d-802b-4f75-afc4-b99fe5b3ded5 0.185s
2025-01-16 14:52:13.382 68431 INFO tempest.common.waiters [-] State transition "BUILD/spawning" ==> "ACTIVE/None" after 64 second wait
2025-01-16 14:52:13.398 68411 INFO tempest.lib.common.rest_client [req-b80ef181-3676-48aa-9ad9-ca57b4a88f35 req-b80ef181-3676-48aa-9ad9-ca57b4a88f35 ] Request (ImagesOneServerTestJSON:setUpClass): 200 GET http://10.180.1.21/compute/v2.1/servers/35f0435c-fe46-46ab-bc71-c21bb0ad3d55 0.153s
2025-01-16 14:52:13.408 68437 INFO tempest.lib.common.rest_client [req-c739c740-b69a-4b6c-8895-507676dbe3ec req-c739c740-b69a-4b6c-8895-507676dbe3ec ] Request (FlavorsV2NegativeTest:test_boot_with_low_ram): 201 POST http://10.180.1.21/image/v2/images 0.345s
2025-01-16 14:52:13.439 68405 INFO tempest.lib.common.rest_client [req-b6caf63d-b53c-498f-9823-66e2a7a50d39 req-b6caf63d-b53c-498f-9823-66e2a7a50d39 ] Request (ServerMetadataNegativeTestJSON:tearDownClass): 200 GET http://10.180.1.21/compute/v2.1/servers/4dfe9f82-7f89-486b-b159-948656d2896c 0.135s
2025-01-16 14:52:13.452 68444 INFO tempest.lib.common.rest_client [req-57961c60-2529-40ea-96d8-23d65b1034a6 req-57961c60-2529-40ea-96d8-23d65b1034a6 ] Request (AttachVolumeTestJSON:test_attach_detach_volume): 200 GET http://10.180.1.21/compute/v2.1/servers/59b5b883-4188-471c-8862-444f3ce08cb0 0.099s
2025-01-16 14:52:13.550 68381 INFO tempest.lib.common.rest_client [req-b25bdd5a-6573-48ab-aba5-a116b9c8e009 req-b25bdd5a-6573-48ab-aba5-a116b9c8e009 ] Request (ServerExternalEventsTest:test_create_server_external_events): 200 GET http://10.180.1.21/compute/v2.1/servers/b14bb74a-5e13-4d15-97d4-ee7b2d67f2e6 0.190s
2025-01-16 14:52:13.600 68383 INFO tempest.lib.common.rest_client [req-3e707fd7-4f03-435a-90a0-9594f07d36f1 req-3e707fd7-4f03-435a-90a0-9594f07d36f1 ] Request (ImagesNegativeTestJSON:test_create_image_from_deleted_server): 200 GET http://10.180.1.21/compute/v2.1/servers/db018af0-7bdf-40c5-b129-fde15dfb8ab4 0.196s
2025-01-16 14:52:13.642 68387 INFO tempest.lib.common.rest_client [req-ce138453-f561-42fd-ba8b-1345ae18c257 req-ce138453-f561-42fd-ba8b-1345ae18c257 ] Request (DeleteServersTestJSON:test_delete_active_server): 200 GET http://10.180.1.21/compute/v2.1/servers/487c2c9d-2cd2-4912-8613-e1bfac732c40 0.228s
2025-01-16 14:52:13.687 68399 INFO tempest.lib.common.rest_client [req-16834449-9b75-4dfc-8e8a-5112e806dc21 req-16834449-9b75-4dfc-8e8a-5112e806dc21 ] Request (ServerGroupTestJSON:test_create_server_with_scheduler_hint_group): 200 GET http://10.180.1.21/compute/v2.1/servers/5f1237ff-5841-41f1-8d77-df9fabaa62b6 0.231s
2025-01-16 14:52:13.742 68435 INFO tempest.lib.common.rest_client [req-ce517b94-ad90-4f76-aa6c-44fdaced7d25 req-ce517b94-ad90-4f76-aa6c-44fdaced7d25 ] Request (ServerAddressesTestJSON:setUpClass): 200 GET http://10.180.1.21/compute/v2.1/servers/69bcac33-d6ac-4ee7-b674-58ab25389149 0.275s
2025-01-16 14:52:13.794 68408 INFO tempest.lib.common.rest_client [req-3b3df877-1991-47a7-813e-a0e27b4838d2 req-3b3df877-1991-47a7-813e-a0e27b4838d2 ] Request (ServerRescueNegativeTestJSON:setUpClass): 200 GET http://10.180.1.21/compute/v2.1/servers/6d80ec06-8559-4964-8577-a2512aa366ed 0.294s
2025-01-16 14:52:13.844 68409 INFO tempest.lib.common.rest_client [req-7f4186eb-6c6d-4eb9-97d6-2961813ff508 req-7f4186eb-6c6d-4eb9-97d6-2961813ff508 ] Request (ListImageFiltersTestJSON:setUpClass): 200 GET http://10.180.1.21/compute/v2.1/servers/387b7f14-f3c1-43ed-8c4e-6de3ce9822e2 0.317s
2025-01-16 14:52:13.900 68425 INFO tempest.lib.common.rest_client [req-4d018cca-c7f1-4d30-9539-8460ab77a6c2 req-4d018cca-c7f1-4d30-9539-8460ab77a6c2 ] Request (ServersAdmin275Test:tearDownClass): 200 GET http://10.180.1.21/compute/v2.1/servers/384a96ea-40ce-43e1-a5f9-82f50b710b0b 0.262s
2025-01-16 14:52:13.953 68437 INFO tempest.lib.common.rest_client [req-761a340c-6968-4311-b764-c2de5693ce23 req-761a340c-6968-4311-b764-c2de5693ce23 ] Request (FlavorsV2NegativeTest:test_boot_with_low_ram): 204 PUT http://10.180.1.21/image/v2/images/db766d50-e969-48bf-ba64-0c3319c373d4/file 0.544s
2025-01-16 14:52:13.985 68437 INFO tempest.lib.common.rest_client [req-1470dbfe-fd14-42e6-91ae-51896a13bfec req-1470dbfe-fd14-42e6-91ae-51896a13bfec ] Request (FlavorsV2NegativeTest:test_boot_with_low_ram): 201 POST http://10.180.1.21/identity/v3/auth/tokens 0.027s
2025-01-16 14:52:13.985 68437 INFO tempest.lib.common.fixed_network [-] (FlavorsV2NegativeTest:test_boot_with_low_ram) Found network None available for tenant
2025-01-16 14:52:13.998 68427 INFO tempest.lib.common.rest_client [req-95f18088-18b4-4755-8b66-72f38b0d8a60 req-95f18088-18b4-4755-8b66-72f38b0d8a60 ] Request (MigrationsAdminTest:test_resize_server_revert_deleted_flavor): 200 GET http://10.180.1.21/compute/v2.1/servers/e158b5d4-c120-4e6c-89c4-7668e097926d 0.250s
2025-01-16 14:52:14.047 68391 INFO tempest.lib.common.rest_client [req-d66ef5d6-d6d9-47b4-b071-137bb438d030 req-d66ef5d6-d6d9-47b4-b071-137bb438d030 ] Request (ListServerFiltersTestJSON:setUpClass): 200 GET http://10.180.1.21/compute/v2.1/servers/41f068d3-2c8d-46f0-8d84-78531d28b0dd 0.291s
2025-01-16 14:52:14.098 68401 INFO tempest.lib.common.rest_client [req-d8aa8f2f-2a32-49f6-9677-9086d34635ee req-d8aa8f2f-2a32-49f6-9677-9086d34635ee ] Request (ServersAdminTestJSON:test_create_server_with_scheduling_hint): 200 GET http://10.180.1.21/compute/v2.1/servers/02405b17-7022-4e2c-a357-415de88f63d0 0.270s
2025-01-16 14:52:14.209 68413 INFO tempest.lib.common.rest_client [req-5e8d373e-a8a4-4451-9358-df77e1c0f1e3 req-5e8d373e-a8a4-4451-9358-df77e1c0f1e3 ] Request (ImagesTestJSON:test_create_image_from_stopped_server): 200 GET http://10.180.1.21/compute/v2.1/servers/16b466c3-c749-4f96-a82c-32dad31138ec 0.328s
2025-01-16 14:52:14.217 68413 INFO tempest.common.waiters [-] State transition "BUILD/spawning" ==> "ACTIVE/None" after 64 second wait
2025-01-16 14:52:14.313 68403 INFO tempest.lib.common.rest_client [req-2a457f1a-7e76-4457-859f-ba6738f55645 req-2a457f1a-7e76-4457-859f-ba6738f55645 ] Request (ServersAdminNegativeTestJSON:setUpClass): 200 GET http://10.180.1.21/compute/v2.1/servers/c36ece43-3d70-4e67-a740-9057f413c722 0.342s
2025-01-16 14:52:14.320 68403 INFO tempest.common.waiters [-] State transition "BUILD/networking" ==> "BUILD/spawning" after 64 second wait
2025-01-16 14:52:14.446 68437 INFO tempest.lib.common.rest_client [req-d5fc5091-f05c-4586-8429-9197eb6111b1 req-d5fc5091-f05c-4586-8429-9197eb6111b1 ] Request (FlavorsV2NegativeTest:test_boot_with_low_ram): 400 POST http://10.180.1.21/compute/v2.1/servers 0.460s
2025-01-16 14:52:14.494 68437 INFO tempest.lib.common.rest_client [req-303c6279-1063-4fcd-aa60-de1a234f523d req-303c6279-1063-4fcd-aa60-de1a234f523d ] Request (FlavorsV2NegativeTest:_run_cleanups): 204 DELETE http://10.180.1.21/image/v2/images/db766d50-e969-48bf-ba64-0c3319c373d4 0.047s
2025-01-16 14:52:14.501 68423 INFO tempest.lib.common.rest_client [req-789ee834-7f30-4f42-a18b-e1bc4ec134f9 req-789ee834-7f30-4f42-a18b-e1bc4ec134f9 ] Request (ServersTestMultiNic:test_verify_multiple_nics_order): 200 GET http://10.180.1.21/compute/v2.1/servers/dc3317e4-6958-4df6-8e39-c89b4a5d861c 0.357s
2025-01-16 14:52:14.611 68437 INFO tempest.lib.common.rest_client [req-e2dd5c74-86d3-493c-85f7-16f2fd46010c req-e2dd5c74-86d3-493c-85f7-16f2fd46010c ] Request (FlavorsV2NegativeTest:tearDownClass): 204 DELETE http://10.180.1.21/identity/v3/users/8056b0cd4cba4beaaf84b49a9119ac9b 0.115s
2025-01-16 14:52:14.611 68437 INFO tempest.lib.common.dynamic_creds [-] Deleting project and security group for project: f321c656ec224d3caba69527548aab33
2025-01-16 14:52:14.632 68421 INFO tempest.lib.common.rest_client [req-e88163bb-d3f1-431e-b90f-ddf80363f8d7 req-e88163bb-d3f1-431e-b90f-ddf80363f8d7 ] Request (AttachVolumeShelveTestJSON:test_attach_volume_shelved_or_offload_server): 200 GET http://10.180.1.21/compute/v2.1/servers/b8cc8cd3-ea03-40bf-b867-7ad193365552 0.471s
2025-01-16 14:52:14.666 68437 INFO tempest.lib.common.rest_client [req-12e96e6d-13d4-4ab4-a192-1e20c3213dce req-12e96e6d-13d4-4ab4-a192-1e20c3213dce ] Request (FlavorsV2NegativeTest:tearDownClass): 201 POST http://10.180.1.21/identity/v3/auth/tokens 0.055s
2025-01-16 14:52:14.687 68417 WARNING tempest.lib.common.ssh [-] Failed to establish authenticated ssh connection to cirros@10.180.180.169 ([Errno None] Unable to connect to port 22 on 10.180.180.169). Number attempts: 6. Retry after 7 seconds.: paramiko.ssh_exception.NoValidConnectionsError: [Errno None] Unable to connect to port 22 on 10.180.180.169
2025-01-16 14:52:14.696 68413 INFO tempest.lib.common.rest_client [req-6c7bf437-76f6-4a22-a22b-d3d2820ad6e7 req-6c7bf437-76f6-4a22-a22b-d3d2820ad6e7 ] Request (ImagesTestJSON:test_create_image_from_stopped_server): 202 POST http://10.180.1.21/compute/v2.1/servers/16b466c3-c749-4f96-a82c-32dad31138ec/action 0.478s
2025-01-16 14:52:14.740 68393 INFO tempest.lib.common.rest_client [req-16795bee-cd65-4b18-b4bf-5cfd596862ee req-16795bee-cd65-4b18-b4bf-5cfd596862ee ] Request (AttachInterfacesUnderV243Test:test_add_remove_fixed_ip): 200 GET http://10.180.1.21/compute/v2.1/servers/7febb8b4-f984-4d79-a888-b2829f2a9df6 0.523s
2025-01-16 14:52:14.786 68433 INFO tempest.lib.common.rest_client [req-fe99e469-032c-49aa-b222-5ff4be397a6b req-fe99e469-032c-49aa-b222-5ff4be397a6b ] Request (ServersTestBootFromVolume:setUpClass): 200 GET http://10.180.1.21/compute/v2.1/servers/b96d1351-f3a7-4bac-998c-a34ab2606041 0.555s
2025-01-16 14:52:14.837 68395 INFO tempest.lib.common.rest_client [req-722f58fc-44c8-485b-b2e7-16286e115296 req-722f58fc-44c8-485b-b2e7-16286e115296 ] Request (InstanceActionsTestJSON:tearDownClass): 200 GET http://10.180.1.21/compute/v2.1/servers/9062e606-511f-4fe7-9621-90b3c0e51eec 0.541s
2025-01-16 14:52:14.841 68437 INFO tempest.lib.common.rest_client [req-cee64c10-7f75-4f14-ada0-7827b288e4db req-cee64c10-7f75-4f14-ada0-7827b288e4db ] Request (FlavorsV2NegativeTest:tearDownClass): 200 GET http://10.180.1.21:9696/networking/v2.0/security-groups?tenant_id=f321c656ec224d3caba69527548aab33&name=default 0.175s
2025-01-16 14:52:14.883 68397 INFO tempest.lib.common.rest_client [req-827744ce-dceb-463b-ac20-7d3c157bdb0a req-827744ce-dceb-463b-ac20-7d3c157bdb0a ] Request (VolumesAdminNegativeTest:test_update_attached_volume_with_nonexistent_volume_in_body): 200 GET http://10.180.1.21/compute/v2.1/servers/b9f30f87-3594-4468-9d29-70890d8761e3 0.520s
2025-01-16 14:52:14.933 68411 INFO tempest.lib.common.rest_client [req-dfc5f9bf-9972-481b-b620-b847715f9406 req-dfc5f9bf-9972-481b-b620-b847715f9406 ] Request (ImagesOneServerTestJSON:setUpClass): 200 GET http://10.180.1.21/compute/v2.1/servers/35f0435c-fe46-46ab-bc71-c21bb0ad3d55 0.527s
2025-01-16 14:52:14.973 68437 INFO tempest.lib.common.rest_client [req-0a059b21-d33f-40bb-9c93-9cdd01f2182d req-0a059b21-d33f-40bb-9c93-9cdd01f2182d ] Request (FlavorsV2NegativeTest:tearDownClass): 204 DELETE http://10.180.1.21:9696/networking/v2.0/security-groups/e3f694d1-c62e-472e-b99c-aebe94bd7324 0.131s
2025-01-16 14:52:14.984 68405 INFO tempest.lib.common.rest_client [req-ddec7578-b3b9-4346-9d04-9c6b92b5c38f req-ddec7578-b3b9-4346-9d04-9c6b92b5c38f ] Request (ServerMetadataNegativeTestJSON:tearDownClass): 200 GET http://10.180.1.21/compute/v2.1/servers/4dfe9f82-7f89-486b-b159-948656d2896c 0.534s
2025-01-16 14:52:15.030 68444 INFO tempest.lib.common.rest_client [req-85d9ca96-87d6-4142-91f6-fed5ed728179 req-85d9ca96-87d6-4142-91f6-fed5ed728179 ] Request (AttachVolumeTestJSON:test_attach_detach_volume): 200 GET http://10.180.1.21/compute/v2.1/servers/59b5b883-4188-471c-8862-444f3ce08cb0 0.568s
2025-01-16 14:52:15.036 68437 INFO tempest.lib.common.rest_client [req-35064f31-6fb1-4c44-adb7-d493f906cbcf req-35064f31-6fb1-4c44-adb7-d493f906cbcf ] Request (FlavorsV2NegativeTest:tearDownClass): 204 DELETE http://10.180.1.21/identity/v3/projects/f321c656ec224d3caba69527548aab33 0.062s
2025-01-16 14:52:15.104 68437 INFO tempest.lib.common.rest_client [req-58276c19-eb90-49c1-a4c3-2b8dd55cfca5 req-58276c19-eb90-49c1-a4c3-2b8dd55cfca5 ] Request (ImagesOneServerNegativeTestJSON:setUpClass): 201 POST http://10.180.1.21/identity/v3/auth/tokens 0.067s
2025-01-16 14:52:15.136 68437 INFO tempest.lib.common.rest_client [req-d887877c-461c-4966-b491-4e0b60f1bbcc req-d887877c-461c-4966-b491-4e0b60f1bbcc ] Request (ImagesOneServerNegativeTestJSON:setUpClass): 201 POST http://10.180.1.21/identity/v3/auth/tokens 0.029s
2025-01-16 14:52:15.157 68381 INFO tempest.lib.common.rest_client [req-72b5c124-0087-4e6e-a990-a056b99f2af5 req-72b5c124-0087-4e6e-a990-a056b99f2af5 ] Request (ServerExternalEventsTest:test_create_server_external_events): 200 GET http://10.180.1.21/compute/v2.1/servers/b14bb74a-5e13-4d15-97d4-ee7b2d67f2e6 0.597s
2025-01-16 14:52:15.165 68437 INFO tempest.lib.common.rest_client [req-8de5058d-c178-4304-8489-109787da8845 req-8de5058d-c178-4304-8489-109787da8845 ] Request (ImagesOneServerNegativeTestJSON:setUpClass): 200 GET http://10.180.1.21/identity/v3/domains?name=Default 0.029s
2025-01-16 14:52:15.211 68383 INFO tempest.lib.common.rest_client [req-ff4e1851-c7ed-497e-ba38-4a47c151cdf8 req-ff4e1851-c7ed-497e-ba38-4a47c151cdf8 ] Request (ImagesNegativeTestJSON:test_create_image_from_deleted_server): 200 GET http://10.180.1.21/compute/v2.1/servers/db018af0-7bdf-40c5-b129-fde15dfb8ab4 0.601s
2025-01-16 14:52:15.212 68437 INFO tempest.lib.common.rest_client [req-06a8802c-e12b-4b94-9b3f-ad2b61fa982d req-06a8802c-e12b-4b94-9b3f-ad2b61fa982d ] Request (ImagesOneServerNegativeTestJSON:setUpClass): 201 POST http://10.180.1.21/identity/v3/projects 0.046s
2025-01-16 14:52:15.259 68387 INFO tempest.lib.common.rest_client [req-b41d9909-20b9-48f1-83d5-42578b5fc25f req-b41d9909-20b9-48f1-83d5-42578b5fc25f ] Request (DeleteServersTestJSON:test_delete_active_server): 200 GET http://10.180.1.21/compute/v2.1/servers/487c2c9d-2cd2-4912-8613-e1bfac732c40 0.608s
2025-01-16 14:52:15.272 68437 INFO tempest.lib.common.rest_client [req-95986c3c-6ebd-4020-8727-a3c2452042a5 req-95986c3c-6ebd-4020-8727-a3c2452042a5 ] Request (ImagesOneServerNegativeTestJSON:setUpClass): 201 POST http://10.180.1.21/identity/v3/users 0.060s
2025-01-16 14:52:15.296 68437 INFO tempest.lib.common.rest_client [req-e160a619-0ab6-4642-8e55-68d1ade1ef36 req-e160a619-0ab6-4642-8e55-68d1ade1ef36 ] Request (ImagesOneServerNegativeTestJSON:setUpClass): 200 GET http://10.180.1.21/identity/v3/roles 0.023s
2025-01-16 14:52:15.308 68399 INFO tempest.lib.common.rest_client [req-43f2e3f0-7dcd-4e2e-8dca-85e0cacaefce req-43f2e3f0-7dcd-4e2e-8dca-85e0cacaefce ] Request (ServerGroupTestJSON:test_create_server_with_scheduler_hint_group): 200 GET http://10.180.1.21/compute/v2.1/servers/5f1237ff-5841-41f1-8d77-df9fabaa62b6 0.612s
2025-01-16 14:52:15.318 68399 INFO tempest.common.waiters [-] State transition "BUILD/scheduling" ==> "BUILD/None" after 53 second wait
2025-01-16 14:52:15.323 68437 INFO tempest.lib.common.rest_client [req-94326de0-09ce-4e16-9389-52041c1e9022 req-94326de0-09ce-4e16-9389-52041c1e9022 ] Request (ImagesOneServerNegativeTestJSON:setUpClass): 204 PUT http://10.180.1.21/identity/v3/projects/64042a790d6c459186c68d73da32c019/users/28495352107b45cd9cbd746c6affc4fe/roles/ea845107229b4dae978c3ef51633effa 0.026s
2025-01-16 14:52:15.323 68437 INFO tempest.lib.common.dynamic_creds [-] Dynamic test user 28495352107b45cd9cbd746c6affc4fe is created with scope project and roles: ['member']
2025-01-16 14:52:15.323 68437 INFO tempest.lib.common.dynamic_creds [-] Acquired dynamic creds: credentials: Credentials: {'domain_id': 'default', 'domain_name': 'Default', 'username': 'tempest-ImagesOneServerNegativeTestJSON-1714663442-project-member', 'project_domain_id': 'default', 'project_domain_name': 'Default', 'project_id': '64042a790d6c459186c68d73da32c019', 'project_name': 'tempest-ImagesOneServerNegativeTestJSON-1714663442', 'tenant_id': '64042a790d6c459186c68d73da32c019', 'tenant_name': 'tempest-ImagesOneServerNegativeTestJSON-1714663442', 'user_domain_id': 'default', 'user_domain_name': 'Default', 'user_id': '28495352107b45cd9cbd746c6affc4fe', 'system': None}, Network: None, Subnet: None, Router: None
2025-01-16 14:52:15.389 68437 INFO tempest.lib.common.rest_client [req-a23682c4-0adc-424a-938d-99db7413586b req-a23682c4-0adc-424a-938d-99db7413586b ] Request (ImagesOneServerNegativeTestJSON:setUpClass): 201 POST http://10.180.1.21/identity/v3/auth/tokens 0.065s
2025-01-16 14:52:15.431 68413 INFO tempest.lib.common.rest_client [req-fa69c515-0c27-4852-b164-d78f2d002623 req-fa69c515-0c27-4852-b164-d78f2d002623 ] Request (ImagesTestJSON:test_create_image_from_stopped_server): 200 GET http://10.180.1.21/compute/v2.1/servers/16b466c3-c749-4f96-a82c-32dad31138ec 0.735s
2025-01-16 14:52:15.485 68435 INFO tempest.lib.common.rest_client [req-3ea5e9c3-af84-4acc-b1a9-e6c08d1afbe5 req-3ea5e9c3-af84-4acc-b1a9-e6c08d1afbe5 ] Request (ServerAddressesTestJSON:setUpClass): 200 GET http://10.180.1.21/compute/v2.1/servers/69bcac33-d6ac-4ee7-b674-58ab25389149 0.734s
2025-01-16 14:52:15.493 68435 INFO tempest.common.waiters [-] State transition "BUILD/scheduling" ==> "BUILD/None" after 53 second wait
2025-01-16 14:52:15.540 68408 INFO tempest.lib.common.rest_client [req-e050f09a-3748-490d-82f6-4f254083bafd req-e050f09a-3748-490d-82f6-4f254083bafd ] Request (ServerRescueNegativeTestJSON:setUpClass): 200 GET http://10.180.1.21/compute/v2.1/servers/6d80ec06-8559-4964-8577-a2512aa366ed 0.736s
2025-01-16 14:52:15.595 68409 INFO tempest.lib.common.rest_client [req-76db8c0e-91d0-4052-97ec-510c49c63699 req-76db8c0e-91d0-4052-97ec-510c49c63699 ] Request (ListImageFiltersTestJSON:setUpClass): 200 GET http://10.180.1.21/compute/v2.1/servers/387b7f14-f3c1-43ed-8c4e-6de3ce9822e2 0.743s
2025-01-16 14:52:15.665 68425 INFO tempest.lib.common.rest_client [req-0e876fd1-309e-47f5-abd0-d512b42b79cc req-0e876fd1-309e-47f5-abd0-d512b42b79cc ] Request (ServersAdmin275Test:tearDownClass): 200 GET http://10.180.1.21/compute/v2.1/servers/384a96ea-40ce-43e1-a5f9-82f50b710b0b 0.755s
2025-01-16 14:52:15.679 68425 INFO tempest.common.waiters [-] State transition "ACTIVE/deleting" ==> "DELETED/None" after 5 second wait
2025-01-16 14:52:15.698 68437 INFO tempest.lib.common.rest_client [req-04e41d38-f9b8-4fce-a59b-29e8859dec94 req-04e41d38-f9b8-4fce-a59b-29e8859dec94 ] Request (ImagesOneServerNegativeTestJSON:setUpClass): 201 POST http://10.180.1.21:9696/networking/v2.0/networks 0.308s
2025-01-16 14:52:15.815 68427 INFO tempest.lib.common.rest_client [req-2db7cb15-a155-4c86-8c11-f65328ebf6ad req-2db7cb15-a155-4c86-8c11-f65328ebf6ad ] Request (MigrationsAdminTest:test_resize_server_revert_deleted_flavor): 200 GET http://10.180.1.21/compute/v2.1/servers/e158b5d4-c120-4e6c-89c4-7668e097926d 0.809s
2025-01-16 14:52:15.866 68391 INFO tempest.lib.common.rest_client [req-da8bdf3d-82e3-4261-9031-9db1c2d0d0b2 req-da8bdf3d-82e3-4261-9031-9db1c2d0d0b2 ] Request (ListServerFiltersTestJSON:setUpClass): 200 GET http://10.180.1.21/compute/v2.1/servers/41f068d3-2c8d-46f0-8d84-78531d28b0dd 0.808s
2025-01-16 14:52:15.911 68437 INFO tempest.lib.common.rest_client [req-722c9f77-a00c-4a1f-80c1-1012f0872ee3 req-722c9f77-a00c-4a1f-80c1-1012f0872ee3 ] Request (ImagesOneServerNegativeTestJSON:setUpClass): 201 POST http://10.180.1.21:9696/networking/v2.0/subnets 0.212s
2025-01-16 14:52:15.916 68401 INFO tempest.lib.common.rest_client [req-9d23d080-8be7-4483-baf2-140c5f153158 req-9d23d080-8be7-4483-baf2-140c5f153158 ] Request (ServersAdminTestJSON:test_create_server_with_scheduling_hint): 200 GET http://10.180.1.21/compute/v2.1/servers/02405b17-7022-4e2c-a357-415de88f63d0 0.810s
2025-01-16 14:52:16.053 68403 INFO tempest.lib.common.rest_client [req-f6b54ac7-4ef8-4294-bfcf-d225d8fbac7c req-f6b54ac7-4ef8-4294-bfcf-d225d8fbac7c ] Request (ServersAdminNegativeTestJSON:setUpClass): 200 GET http://10.180.1.21/compute/v2.1/servers/c36ece43-3d70-4e67-a740-9057f413c722 0.732s
2025-01-16 14:52:16.104 68423 INFO tempest.lib.common.rest_client [req-46ba281b-3d70-44d8-a3f0-f7d8dd1c047d req-46ba281b-3d70-44d8-a3f0-f7d8dd1c047d ] Request (ServersTestMultiNic:test_verify_multiple_nics_order): 200 GET http://10.180.1.21/compute/v2.1/servers/dc3317e4-6958-4df6-8e39-c89b4a5d861c 0.594s
2025-01-16 14:52:16.285 68421 INFO tempest.lib.common.rest_client [req-d461127e-8fa3-42f4-8313-18efe1e40362 req-d461127e-8fa3-42f4-8313-18efe1e40362 ] Request (AttachVolumeShelveTestJSON:test_attach_volume_shelved_or_offload_server): 200 GET http://10.180.1.21/compute/v2.1/servers/b8cc8cd3-ea03-40bf-b867-7ad193365552 0.642s
2025-01-16 14:52:16.371 68393 INFO tempest.lib.common.rest_client [req-f7ac135c-a690-4f58-9657-36e765fb43b3 req-f7ac135c-a690-4f58-9657-36e765fb43b3 ] Request (AttachInterfacesUnderV243Test:test_add_remove_fixed_ip): 200 GET http://10.180.1.21/compute/v2.1/servers/7febb8b4-f984-4d79-a888-b2829f2a9df6 0.623s
2025-01-16 14:52:16.436 68433 INFO tempest.lib.common.rest_client [req-8ce19552-2478-4104-b13f-98dd8a325bcc req-8ce19552-2478-4104-b13f-98dd8a325bcc ] Request (ServersTestBootFromVolume:setUpClass): 200 GET http://10.180.1.21/compute/v2.1/servers/b96d1351-f3a7-4bac-998c-a34ab2606041 0.641s
2025-01-16 14:52:16.503 68395 INFO tempest.lib.common.rest_client [req-eede4db6-f52e-4514-a0cf-d52b7984bdce req-eede4db6-f52e-4514-a0cf-d52b7984bdce ] Request (InstanceActionsTestJSON:tearDownClass): 200 GET http://10.180.1.21/compute/v2.1/servers/9062e606-511f-4fe7-9621-90b3c0e51eec 0.658s
2025-01-16 14:52:16.507 68431 INFO tempest.lib.common.rest_client [req-d7484a56-617e-4824-9c3a-1e532dad4eb7 req-d7484a56-617e-4824-9c3a-1e532dad4eb7 ] Request (AttachInterfacesV270Test:test_create_get_list_interfaces): 400 POST http://10.180.1.21/compute/v2.1/servers/ecd6ff7d-802b-4f75-afc4-b99fe5b3ded5/os-interface 3.124s
2025-01-16 14:52:16.567 68397 INFO tempest.lib.common.rest_client [req-e1370f4a-7ecd-40fe-a91d-f492704ab0e1 req-e1370f4a-7ecd-40fe-a91d-f492704ab0e1 ] Request (VolumesAdminNegativeTest:test_update_attached_volume_with_nonexistent_volume_in_body): 200 GET http://10.180.1.21/compute/v2.1/servers/b9f30f87-3594-4468-9d29-70890d8761e3 0.676s
2025-01-16 14:52:16.569 68411 INFO tempest.lib.common.rest_client [req-0b3607ab-1d6a-442b-91fe-fee24597ca1a req-0b3607ab-1d6a-442b-91fe-fee24597ca1a ] Request (ImagesOneServerTestJSON:setUpClass): 200 GET http://10.180.1.21/compute/v2.1/servers/35f0435c-fe46-46ab-bc71-c21bb0ad3d55 0.626s
2025-01-16 14:52:16.638 68444 INFO tempest.lib.common.rest_client [req-dbfba116-7eb1-420a-936d-045403e52b43 req-dbfba116-7eb1-420a-936d-045403e52b43 ] Request (AttachVolumeTestJSON:test_attach_detach_volume): 200 GET http://10.180.1.21/compute/v2.1/servers/59b5b883-4188-471c-8862-444f3ce08cb0 0.599s
2025-01-16 14:52:16.639 68405 INFO tempest.lib.common.rest_client [req-cf7a35c2-5dcf-460b-b113-bc927ba2536a req-cf7a35c2-5dcf-460b-b113-bc927ba2536a ] Request (ServerMetadataNegativeTestJSON:tearDownClass): 200 GET http://10.180.1.21/compute/v2.1/servers/4dfe9f82-7f89-486b-b159-948656d2896c 0.648s
2025-01-16 14:52:16.708 68383 INFO tempest.lib.common.rest_client [req-b82eb432-fc0a-42d3-8b38-64af1026b0c9 req-b82eb432-fc0a-42d3-8b38-64af1026b0c9 ] Request (ImagesNegativeTestJSON:test_create_image_from_deleted_server): 200 GET http://10.180.1.21/compute/v2.1/servers/db018af0-7bdf-40c5-b129-fde15dfb8ab4 0.489s
2025-01-16 14:52:16.772 68387 INFO tempest.lib.common.rest_client [req-24f92215-cc96-4362-be8a-3922af1c9bbe req-24f92215-cc96-4362-be8a-3922af1c9bbe ] Request (DeleteServersTestJSON:test_delete_active_server): 200 GET http://10.180.1.21/compute/v2.1/servers/487c2c9d-2cd2-4912-8613-e1bfac732c40 0.504s
2025-01-16 14:52:16.826 68399 INFO tempest.lib.common.rest_client [req-1c88678b-54ca-4706-8acd-42f00fc637e1 req-1c88678b-54ca-4706-8acd-42f00fc637e1 ] Request (ServerGroupTestJSON:test_create_server_with_scheduler_hint_group): 200 GET http://10.180.1.21/compute/v2.1/servers/5f1237ff-5841-41f1-8d77-df9fabaa62b6 0.506s
2025-01-16 14:52:16.849 68381 INFO tempest.lib.common.rest_client [req-0f675b64-99e1-431e-8b6c-93a8a4876855 req-0f675b64-99e1-431e-8b6c-93a8a4876855 ] Request (ServerExternalEventsTest:test_create_server_external_events): 200 GET http://10.180.1.21/compute/v2.1/servers/b14bb74a-5e13-4d15-97d4-ee7b2d67f2e6 0.684s
2025-01-16 14:52:16.856 68381 INFO tempest.common.waiters [-] State transition "BUILD/spawning" ==> "ACTIVE/None" after 66 second wait
2025-01-16 14:52:16.908 68435 INFO tempest.lib.common.rest_client [req-f56003ba-43cb-4612-9859-ff4345745913 req-f56003ba-43cb-4612-9859-ff4345745913 ] Request (ServerAddressesTestJSON:setUpClass): 200 GET http://10.180.1.21/compute/v2.1/servers/69bcac33-d6ac-4ee7-b674-58ab25389149 0.413s
2025-01-16 14:52:16.953 68413 INFO tempest.lib.common.rest_client [req-6f2c55f8-076a-40ca-a5d1-df74765c6aeb req-6f2c55f8-076a-40ca-a5d1-df74765c6aeb ] Request (ImagesTestJSON:test_create_image_from_stopped_server): 200 GET http://10.180.1.21/compute/v2.1/servers/16b466c3-c749-4f96-a82c-32dad31138ec 0.513s
2025-01-16 14:52:16.961 68413 INFO tempest.common.waiters [-] State transition "ACTIVE/powering-off" ==> "SHUTOFF/None" after 1 second wait
2025-01-16 14:52:16.973 68431 INFO tempest.lib.common.rest_client [req-8453c213-135b-48f6-a29c-da7b36504504 req-8453c213-135b-48f6-a29c-da7b36504504 ] Request (AttachInterfacesV270Test:tearDownClass): 204 DELETE http://10.180.1.21/compute/v2.1/servers/ecd6ff7d-802b-4f75-afc4-b99fe5b3ded5 0.462s
2025-01-16 14:52:17.006 68408 INFO tempest.lib.common.rest_client [req-6af77f3d-7422-4191-acce-e9261e6fd2aa req-6af77f3d-7422-4191-acce-e9261e6fd2aa ] Request (ServerRescueNegativeTestJSON:setUpClass): 200 GET http://10.180.1.21/compute/v2.1/servers/6d80ec06-8559-4964-8577-a2512aa366ed 0.457s
2025-01-16 14:52:17.022 68409 INFO tempest.lib.common.rest_client [req-cb4bfd28-c7de-46a2-bda0-3d1a962b2ca8 req-cb4bfd28-c7de-46a2-bda0-3d1a962b2ca8 ] Request (ListImageFiltersTestJSON:setUpClass): 200 GET http://10.180.1.21/compute/v2.1/servers/387b7f14-f3c1-43ed-8c4e-6de3ce9822e2 0.414s
2025-01-16 14:52:17.036 68437 INFO tempest.lib.common.rest_client [req-71d1316c-1dca-456d-aeb6-467ad7dfa12d req-71d1316c-1dca-456d-aeb6-467ad7dfa12d ] Request (ImagesOneServerNegativeTestJSON:setUpClass): 201 POST http://10.180.1.21:9696/networking/v2.0/routers 1.124s
2025-01-16 14:52:17.282 68425 INFO tempest.lib.common.rest_client [req-83fecd52-d8f0-43e2-b6bb-8237003f1b5a req-83fecd52-d8f0-43e2-b6bb-8237003f1b5a ] Request (ServersAdmin275Test:tearDownClass): 200 GET http://10.180.1.21/compute/v2.1/servers/384a96ea-40ce-43e1-a5f9-82f50b710b0b 0.602s
2025-01-16 14:52:17.387 68427 INFO tempest.lib.common.rest_client [req-218bf103-8adc-40ba-b19a-1aa770389525 req-218bf103-8adc-40ba-b19a-1aa770389525 ] Request (MigrationsAdminTest:test_resize_server_revert_deleted_flavor): 200 GET http://10.180.1.21/compute/v2.1/servers/e158b5d4-c120-4e6c-89c4-7668e097926d 0.564s
2025-01-16 14:52:17.461 68381 INFO tempest.lib.common.rest_client [req-be0fa035-e0fc-46c3-b3d9-c94dc60ee21d req-be0fa035-e0fc-46c3-b3d9-c94dc60ee21d ] Request (ServerExternalEventsTest:test_create_server_external_events): 200 POST http://10.180.1.21/compute/v2.1/os-server-external-events 0.604s
2025-01-16 14:52:17.461 68391 INFO tempest.lib.common.rest_client [req-08ac618a-0384-4089-8447-28093c2bb528 req-08ac618a-0384-4089-8447-28093c2bb528 ] Request (ListServerFiltersTestJSON:setUpClass): 200 GET http://10.180.1.21/compute/v2.1/servers/41f068d3-2c8d-46f0-8d84-78531d28b0dd 0.586s
2025-01-16 14:52:17.526 68401 INFO tempest.lib.common.rest_client [req-cafb3e6c-499d-423f-b299-daa8ca967674 req-cafb3e6c-499d-423f-b299-daa8ca967674 ] Request (ServersAdminTestJSON:test_create_server_with_scheduling_hint): 200 GET http://10.180.1.21/compute/v2.1/servers/02405b17-7022-4e2c-a357-415de88f63d0 0.601s
2025-01-16 14:52:17.567 68429 WARNING tempest.lib.common.ssh [-] Failed to establish authenticated ssh connection to cirros@10.180.180.178 ([Errno None] Unable to connect to port 22 on 10.180.180.178). Number attempts: 4. Retry after 5 seconds.: paramiko.ssh_exception.NoValidConnectionsError: [Errno None] Unable to connect to port 22 on 10.180.180.178
2025-01-16 14:52:17.696 68431 INFO tempest.lib.common.rest_client [req-343b644b-35e1-4800-8188-df026ae3f8cd req-343b644b-35e1-4800-8188-df026ae3f8cd ] Request (AttachInterfacesV270Test:tearDownClass): 200 GET http://10.180.1.21/compute/v2.1/servers/ecd6ff7d-802b-4f75-afc4-b99fe5b3ded5 0.723s
2025-01-16 14:52:17.818 68403 INFO tempest.lib.common.rest_client [req-50f5a3b9-b6af-46be-af7e-8689a89a9dac req-50f5a3b9-b6af-46be-af7e-8689a89a9dac ] Request (ServersAdminNegativeTestJSON:setUpClass): 200 GET http://10.180.1.21/compute/v2.1/servers/c36ece43-3d70-4e67-a740-9057f413c722 0.757s
2025-01-16 14:52:17.865 68413 INFO tempest.lib.common.rest_client [req-e84c4fa9-f5ca-4343-835a-d82a25102db8 req-e84c4fa9-f5ca-4343-835a-d82a25102db8 ] Request (ImagesTestJSON:test_create_image_from_stopped_server): 202 POST http://10.180.1.21/compute/v2.1/servers/16b466c3-c749-4f96-a82c-32dad31138ec/action 0.904s
2025-01-16 14:52:17.881 68423 INFO tempest.lib.common.rest_client [req-c98cc94a-ca5a-4b3f-bb99-1acb2c77e4a0 req-c98cc94a-ca5a-4b3f-bb99-1acb2c77e4a0 ] Request (ServersTestMultiNic:test_verify_multiple_nics_order): 200 GET http://10.180.1.21/compute/v2.1/servers/dc3317e4-6958-4df6-8e39-c89b4a5d861c 0.769s
2025-01-16 14:52:17.888 68423 INFO tempest.common.waiters [-] State transition "BUILD/scheduling" ==> "BUILD/None" after 49 second wait
2025-01-16 14:52:17.936 68393 INFO tempest.lib.common.rest_client [req-95f99522-0c05-48ea-9781-c80e7e3a1efa req-95f99522-0c05-48ea-9781-c80e7e3a1efa ] Request (AttachInterfacesUnderV243Test:test_add_remove_fixed_ip): 200 GET http://10.180.1.21/compute/v2.1/servers/7febb8b4-f984-4d79-a888-b2829f2a9df6 0.556s
2025-01-16 14:52:18.005 68433 INFO tempest.lib.common.rest_client [req-7e089f76-2c91-499e-9828-c570b2a3a882 req-7e089f76-2c91-499e-9828-c570b2a3a882 ] Request (ServersTestBootFromVolume:setUpClass): 200 GET http://10.180.1.21/compute/v2.1/servers/b96d1351-f3a7-4bac-998c-a34ab2606041 0.560s
2025-01-16 14:52:18.041 68421 INFO tempest.lib.common.rest_client [req-a0c13bc9-b7c8-41a7-860c-1b9bf5b4f3e3 req-a0c13bc9-b7c8-41a7-860c-1b9bf5b4f3e3 ] Request (AttachVolumeShelveTestJSON:test_attach_volume_shelved_or_offload_server): 200 GET http://10.180.1.21/compute/v2.1/servers/b8cc8cd3-ea03-40bf-b867-7ad193365552 0.739s
2025-01-16 14:52:18.051 68421 INFO tempest.common.waiters [-] State transition "BUILD/spawning" ==> "ACTIVE/None" after 68 second wait
2025-01-16 14:52:18.097 68381 INFO tempest.lib.common.rest_client [req-995ba297-d41c-4960-b797-2a0283f98d18 req-995ba297-d41c-4960-b797-2a0283f98d18 ] Request (ServerExternalEventsTest:tearDownClass): 204 DELETE http://10.180.1.21/compute/v2.1/servers/b14bb74a-5e13-4d15-97d4-ee7b2d67f2e6 0.624s
2025-01-16 14:52:18.144 68395 INFO tempest.lib.common.rest_client [req-21773346-f6c5-49ce-b86b-0da322889432 req-21773346-f6c5-49ce-b86b-0da322889432 ] Request (InstanceActionsTestJSON:tearDownClass): 200 GET http://10.180.1.21/compute/v2.1/servers/9062e606-511f-4fe7-9621-90b3c0e51eec 0.628s
2025-01-16 14:52:18.168 68397 INFO tempest.lib.common.rest_client [req-be5e66e4-3bc0-4faa-b48f-3a9f23e383b5 req-be5e66e4-3bc0-4faa-b48f-3a9f23e383b5 ] Request (VolumesAdminNegativeTest:test_update_attached_volume_with_nonexistent_volume_in_body): 200 GET http://10.180.1.21/compute/v2.1/servers/b9f30f87-3594-4468-9d29-70890d8761e3 0.592s
2025-01-16 14:52:18.218 68411 INFO tempest.lib.common.rest_client [req-6bf5a33b-60bd-41ff-956b-cc5f4b2b6659 req-6bf5a33b-60bd-41ff-956b-cc5f4b2b6659 ] Request (ImagesOneServerTestJSON:setUpClass): 200 GET http://10.180.1.21/compute/v2.1/servers/35f0435c-fe46-46ab-bc71-c21bb0ad3d55 0.642s
2025-01-16 14:52:18.265 68444 INFO tempest.lib.common.rest_client [req-e5255cdf-4ab6-4144-a967-de98b031e7e5 req-e5255cdf-4ab6-4144-a967-de98b031e7e5 ] Request (AttachVolumeTestJSON:test_attach_detach_volume): 200 GET http://10.180.1.21/compute/v2.1/servers/59b5b883-4188-471c-8862-444f3ce08cb0 0.614s
2025-01-16 14:52:18.290 68405 INFO tempest.lib.common.rest_client [req-b4d52a10-3f55-4ae1-ac08-59d0981fb619 req-b4d52a10-3f55-4ae1-ac08-59d0981fb619 ] Request (ServerMetadataNegativeTestJSON:tearDownClass): 200 GET http://10.180.1.21/compute/v2.1/servers/4dfe9f82-7f89-486b-b159-948656d2896c 0.638s
2025-01-16 14:52:18.365 68383 INFO tempest.lib.common.rest_client [req-55c22d5e-9390-405d-a6f0-f3b835ee9961 req-55c22d5e-9390-405d-a6f0-f3b835ee9961 ] Request (ImagesNegativeTestJSON:test_create_image_from_deleted_server): 200 GET http://10.180.1.21/compute/v2.1/servers/db018af0-7bdf-40c5-b129-fde15dfb8ab4 0.650s
2025-01-16 14:52:18.372 68387 INFO tempest.lib.common.rest_client [req-4bedba71-61ca-4d86-a79a-66794a852a5d req-4bedba71-61ca-4d86-a79a-66794a852a5d ] Request (DeleteServersTestJSON:test_delete_active_server): 200 GET http://10.180.1.21/compute/v2.1/servers/487c2c9d-2cd2-4912-8613-e1bfac732c40 0.592s
2025-01-16 14:52:18.422 68413 INFO tempest.lib.common.rest_client [req-a87769a9-7892-4432-a514-eedfb1d9b404 req-a87769a9-7892-4432-a514-eedfb1d9b404 ] Request (ImagesTestJSON:test_create_image_from_stopped_server): 200 GET http://10.180.1.21/compute/v2.1/images/b918e7a3-3ced-4879-ba36-91fdfd2da288 0.556s
2025-01-16 14:52:18.428 68399 INFO tempest.lib.common.rest_client [req-0cf963c5-f3dd-46c1-9395-b8936f2fdfaa req-0cf963c5-f3dd-46c1-9395-b8936f2fdfaa ] Request (ServerGroupTestJSON:test_create_server_with_scheduler_hint_group): 200 GET http://10.180.1.21/compute/v2.1/servers/5f1237ff-5841-41f1-8d77-df9fabaa62b6 0.593s
2025-01-16 14:52:18.487 68435 INFO tempest.lib.common.rest_client [req-ceeb96bb-c0e5-4135-9a54-9e683b8c034d req-ceeb96bb-c0e5-4135-9a54-9e683b8c034d ] Request (ServerAddressesTestJSON:setUpClass): 200 GET http://10.180.1.21/compute/v2.1/servers/69bcac33-d6ac-4ee7-b674-58ab25389149 0.571s
2025-01-16 14:52:18.508 68408 INFO tempest.lib.common.rest_client [req-6745be35-9f4e-4994-b103-fa611dcc67fd req-6745be35-9f4e-4994-b103-fa611dcc67fd ] Request (ServerRescueNegativeTestJSON:setUpClass): 200 GET http://10.180.1.21/compute/v2.1/servers/6d80ec06-8559-4964-8577-a2512aa366ed 0.495s
2025-01-16 14:52:18.546 68409 INFO tempest.lib.common.rest_client [req-fdd5c799-2bc6-48c9-9ad8-5ac079d9d2ca req-fdd5c799-2bc6-48c9-9ad8-5ac079d9d2ca ] Request (ListImageFiltersTestJSON:setUpClass): 200 GET http://10.180.1.21/compute/v2.1/servers/387b7f14-f3c1-43ed-8c4e-6de3ce9822e2 0.516s
2025-01-16 14:52:18.580 68421 INFO tempest.lib.common.rest_client [req-6a8ef3f9-5728-49fb-801c-7f9c49057836 req-6a8ef3f9-5728-49fb-801c-7f9c49057836 ] Request (AttachVolumeShelveTestJSON:test_attach_volume_shelved_or_offload_server): 200 GET http://10.180.1.21/compute/v2.1/servers/b8cc8cd3-ea03-40bf-b867-7ad193365552/os-interface 0.528s
2025-01-16 14:52:18.673 68425 INFO tempest.lib.common.rest_client [req-b5da8134-4751-4986-ae07-ca1b6edd4377 req-b5da8134-4751-4986-ae07-ca1b6edd4377 ] Request (ServersAdmin275Test:tearDownClass): 200 GET http://10.180.1.21/compute/v2.1/servers/384a96ea-40ce-43e1-a5f9-82f50b710b0b 0.375s
2025-01-16 14:52:18.715 68381 INFO tempest.lib.common.rest_client [req-d8ac9152-b0c5-499d-9aa9-be7e18f9596f req-d8ac9152-b0c5-499d-9aa9-be7e18f9596f ] Request (ServerExternalEventsTest:tearDownClass): 200 GET http://10.180.1.21/compute/v2.1/servers/b14bb74a-5e13-4d15-97d4-ee7b2d67f2e6 0.618s
2025-01-16 14:52:18.774 68391 INFO tempest.lib.common.rest_client [req-372ef959-0b73-4bf3-8ccf-3151d713b1ce req-372ef959-0b73-4bf3-8ccf-3151d713b1ce ] Request (ListServerFiltersTestJSON:setUpClass): 200 GET http://10.180.1.21/compute/v2.1/servers/41f068d3-2c8d-46f0-8d84-78531d28b0dd 0.306s
2025-01-16 14:52:18.789 68437 INFO tempest.lib.common.rest_client [req-6675aac6-a807-40a8-a6b1-1ee05a6c3dfd req-6675aac6-a807-40a8-a6b1-1ee05a6c3dfd ] Request (ImagesOneServerNegativeTestJSON:setUpClass): 200 PUT http://10.180.1.21:9696/networking/v2.0/routers/a8b11971-ed3f-4882-96b5-493db0ece82c/add_router_interface 1.753s
2025-01-16 14:52:18.789 68437 INFO tempest.lib.common.dynamic_creds [-] Created isolated network resources for: credentials: Credentials: {'domain_id': 'default', 'domain_name': 'Default', 'username': 'tempest-ImagesOneServerNegativeTestJSON-1714663442-project-member', 'project_domain_id': 'default', 'project_domain_name': 'Default', 'project_id': '64042a790d6c459186c68d73da32c019', 'project_name': 'tempest-ImagesOneServerNegativeTestJSON-1714663442', 'tenant_id': '64042a790d6c459186c68d73da32c019', 'tenant_name': 'tempest-ImagesOneServerNegativeTestJSON-1714663442', 'user_domain_id': 'default', 'user_domain_name': 'Default', 'user_id': '28495352107b45cd9cbd746c6affc4fe', 'system': None}, Network: {'id': '9e1885b6-0796-42b9-9cd8-8fa9ce9a3cfd', 'name': 'tempest-ImagesOneServerNegativeTestJSON-2118936609-network', 'tenant_id': '64042a790d6c459186c68d73da32c019', 'admin_state_up': True, 'mtu': 8950, 'status': 'ACTIVE', 'subnets': [], 'shared': False, 'project_id': '64042a790d6c459186c68d73da32c019', 'port_security_enabled': True, 'router:external': False, 'provider:network_type': 'vlan', 'provider:physical_network': 'default', 'provider:segmentation_id': 183, 'availability_zone_hints': [], 'availability_zones': [], 'ipv4_address_scope': None, 'ipv6_address_scope': None, 'description': '', 'tags': [], 'created_at': '2025-01-16T14:52:15Z', 'updated_at': '2025-01-16T14:52:15Z', 'revision_number': 1}, Subnet: {'id': 'eca359d3-55e0-4d54-a980-7ec5367d3f87', 'name': 'tempest-ImagesOneServerNegativeTestJSON-2118936609-subnet', 'tenant_id': '64042a790d6c459186c68d73da32c019', 'network_id': '9e1885b6-0796-42b9-9cd8-8fa9ce9a3cfd', 'ip_version': 4, 'subnetpool_id': None, 'enable_dhcp': True, 'ipv6_ra_mode': None, 'ipv6_address_mode': None, 'gateway_ip': '192.168.128.1', 'cidr': '192.168.128.0/28', 'allocation_pools': [{'start': '192.168.128.2', 'end': '192.168.128.14'}], 'host_routes': [], 'dns_nameservers': [], 'description': '', 'router:external': False, 'service_types': [], 'tags': [], 'created_at': '2025-01-16T14:52:15Z', 'updated_at': '2025-01-16T14:52:15Z', 'revision_number': 0, 'project_id': '64042a790d6c459186c68d73da32c019'}, Router: {'id': 'a8b11971-ed3f-4882-96b5-493db0ece82c', 'name': 'tempest-ImagesOneServerNegativeTestJSON-2118936609-router', 'tenant_id': '64042a790d6c459186c68d73da32c019', 'admin_state_up': True, 'status': 'ACTIVE', 'external_gateway_info': {'network_id': '04b4cfef-2ad3-403e-95ae-0ec578f21a37', 'external_fixed_ips': [{'subnet_id': '8a4d04e0-f199-4c5f-b01f-3be0f204bde3', 'ip_address': '10.180.180.152'}], 'enable_snat': True}, 'description': '', 'availability_zones': [], 'distributed': False, 'ha': False, 'availability_zone_hints': [], 'routes': [], 'flavor_id': None, 'tags': [], 'created_at': '2025-01-16T14:52:15Z', 'updated_at': '2025-01-16T14:52:16Z', 'revision_number': 2, 'project_id': '64042a790d6c459186c68d73da32c019'}
2025-01-16 14:52:18.810 68427 INFO tempest.lib.common.rest_client [req-c388936f-e730-4088-a0c1-0296375dcee2 req-c388936f-e730-4088-a0c1-0296375dcee2 ] Request (MigrationsAdminTest:test_resize_server_revert_deleted_flavor): 200 GET http://10.180.1.21/compute/v2.1/servers/e158b5d4-c120-4e6c-89c4-7668e097926d 0.412s
2025-01-16 14:52:18.832 68401 INFO tempest.lib.common.rest_client [req-d1f3cef6-c0f0-457f-8147-0ea820aa6e57 req-d1f3cef6-c0f0-457f-8147-0ea820aa6e57 ] Request (ServersAdminTestJSON:test_create_server_with_scheduling_hint): 200 GET http://10.180.1.21/compute/v2.1/servers/02405b17-7022-4e2c-a357-415de88f63d0 0.296s
2025-01-16 14:52:18.896 68437 INFO tempest.lib.common.rest_client [req-e2133d0c-0d93-4c63-aafa-b1ed23f172ca req-e2133d0c-0d93-4c63-aafa-b1ed23f172ca ] Request (ImagesOneServerNegativeTestJSON:setUpClass): 201 POST http://10.180.1.21/identity/v3/auth/tokens 0.103s
2025-01-16 14:52:18.926 68437 INFO tempest.lib.common.rest_client [req-400610d6-ad1d-4df8-b886-1c165d115346 req-400610d6-ad1d-4df8-b886-1c165d115346 ] Request (ImagesOneServerNegativeTestJSON:setUpClass): 201 POST http://10.180.1.21/identity/v3/auth/tokens 0.026s
2025-01-16 14:52:18.927 68437 INFO tempest.lib.common.fixed_network [-] (ImagesOneServerNegativeTestJSON:setUpClass) Found network {'id': '9e1885b6-0796-42b9-9cd8-8fa9ce9a3cfd', 'name': 'tempest-ImagesOneServerNegativeTestJSON-2118936609-network', 'tenant_id': '64042a790d6c459186c68d73da32c019', 'admin_state_up': True, 'mtu': 8950, 'status': 'ACTIVE', 'subnets': [], 'shared': False, 'project_id': '64042a790d6c459186c68d73da32c019', 'port_security_enabled': True, 'router:external': False, 'provider:network_type': 'vlan', 'provider:physical_network': 'default', 'provider:segmentation_id': 183, 'availability_zone_hints': [], 'availability_zones': [], 'ipv4_address_scope': None, 'ipv6_address_scope': None, 'description': '', 'tags': [], 'created_at': '2025-01-16T14:52:15Z', 'updated_at': '2025-01-16T14:52:15Z', 'revision_number': 1} available for tenant
2025-01-16 14:52:18.975 68431 INFO tempest.lib.common.rest_client [req-25615c50-c4cd-4d5d-b960-ba48c8902232 req-25615c50-c4cd-4d5d-b960-ba48c8902232 ] Request (AttachInterfacesV270Test:tearDownClass): 200 GET http://10.180.1.21/compute/v2.1/servers/ecd6ff7d-802b-4f75-afc4-b99fe5b3ded5 0.268s
2025-01-16 14:52:18.998 68403 INFO tempest.lib.common.rest_client [req-2ce85d24-a6b9-47ab-bf72-8b56cec77bbc req-2ce85d24-a6b9-47ab-bf72-8b56cec77bbc ] Request (ServersAdminNegativeTestJSON:setUpClass): 200 GET http://10.180.1.21/compute/v2.1/servers/c36ece43-3d70-4e67-a740-9057f413c722 0.169s
2025-01-16 14:52:19.033 68423 INFO tempest.lib.common.rest_client [req-ca6d3880-229c-4bf4-92dc-2ab8a3320afd req-ca6d3880-229c-4bf4-92dc-2ab8a3320afd ] Request (ServersTestMultiNic:test_verify_multiple_nics_order): 200 GET http://10.180.1.21/compute/v2.1/servers/dc3317e4-6958-4df6-8e39-c89b4a5d861c 0.144s
2025-01-16 14:52:19.086 68421 INFO tempest.lib.common.rest_client [req-17beaefe-724d-4f8f-a626-7998fee5e410 req-17beaefe-724d-4f8f-a626-7998fee5e410 ] Request (AttachVolumeShelveTestJSON:test_attach_volume_shelved_or_offload_server): 200 PUT http://10.180.1.21:9696/networking/v2.0/floatingips/f5a20470-56db-4d6c-a3a9-da9022efbe44 0.504s
2025-01-16 14:52:19.087 68421 INFO tempest.lib.common.ssh [-] Creating ssh connection to '10.180.180.231:22' as 'cirros' with public key authentication
2025-01-16 14:52:19.092 68393 INFO tempest.lib.common.rest_client [req-a83901b2-4c26-4bad-bfcc-54c4a933cc26 req-a83901b2-4c26-4bad-bfcc-54c4a933cc26 ] Request (AttachInterfacesUnderV243Test:test_add_remove_fixed_ip): 200 GET http://10.180.1.21/compute/v2.1/servers/7febb8b4-f984-4d79-a888-b2829f2a9df6 0.146s
2025-01-16 14:52:19.168 68433 INFO tempest.lib.common.rest_client [req-1f302638-3178-4769-9c8e-2994c1c86ac7 req-1f302638-3178-4769-9c8e-2994c1c86ac7 ] Request (ServersTestBootFromVolume:setUpClass): 200 GET http://10.180.1.21/compute/v2.1/servers/b96d1351-f3a7-4bac-998c-a34ab2606041 0.156s
2025-01-16 14:52:19.246 68395 INFO tempest.lib.common.rest_client [req-446f4afd-da93-489e-ac9f-d3c400f2d98a req-446f4afd-da93-489e-ac9f-d3c400f2d98a ] Request (InstanceActionsTestJSON:tearDownClass): 200 GET http://10.180.1.21/compute/v2.1/servers/9062e606-511f-4fe7-9621-90b3c0e51eec 0.093s
2025-01-16 14:52:19.312 68397 INFO tempest.lib.common.rest_client [req-b1fea1c2-e54a-48b0-96aa-4dade3f12ff9 req-b1fea1c2-e54a-48b0-96aa-4dade3f12ff9 ] Request (VolumesAdminNegativeTest:test_update_attached_volume_with_nonexistent_volume_in_body): 200 GET http://10.180.1.21/compute/v2.1/servers/b9f30f87-3594-4468-9d29-70890d8761e3 0.130s
2025-01-16 14:52:19.373 68411 INFO tempest.lib.common.rest_client [req-5fd0bded-3efc-483f-ae98-787a6702c779 req-5fd0bded-3efc-483f-ae98-787a6702c779 ] Request (ImagesOneServerTestJSON:setUpClass): 200 GET http://10.180.1.21/compute/v2.1/servers/35f0435c-fe46-46ab-bc71-c21bb0ad3d55 0.143s
2025-01-16 14:52:19.437 68437 INFO tempest.lib.common.rest_client [req-08d83dc8-12f7-4a27-b764-933409174c53 req-08d83dc8-12f7-4a27-b764-933409174c53 ] Request (ImagesOneServerNegativeTestJSON:setUpClass): 202 POST http://10.180.1.21/compute/v2.1/servers 0.509s
2025-01-16 14:52:19.445 68444 INFO tempest.lib.common.rest_client [req-402db13f-328e-469f-9dc8-f0efb02b3891 req-402db13f-328e-469f-9dc8-f0efb02b3891 ] Request (AttachVolumeTestJSON:test_attach_detach_volume): 200 GET http://10.180.1.21/compute/v2.1/servers/59b5b883-4188-471c-8862-444f3ce08cb0 0.171s
