2025-01-16 14:52:08.665 68393 INFO tempest.lib.common.rest_client [req-1f7390a7-af11-4d0f-9fba-7cbab124c66a req-1f7390a7-af11-4d0f-9fba-7cbab124c66a ] Request (AttachInterfacesUnderV243Test:test_add_remove_fixed_ip): 200 GET http://10.180.1.21/compute/v2.1/servers/7febb8b4-f984-4d79-a888-b2829f2a9df6 0.388s
2025-01-16 14:52:08.705 68433 INFO tempest.lib.common.rest_client [req-f892dff0-9d28-465e-bb11-9c275187aa38 req-f892dff0-9d28-465e-bb11-9c275187aa38 ] Request (ServersTestBootFromVolume:setUpClass): 200 GET http://10.180.1.21/compute/v2.1/servers/b96d1351-f3a7-4bac-998c-a34ab2606041 0.420s
2025-01-16 14:52:08.729 68395 INFO tempest.lib.common.rest_client [req-668ab198-c739-4dfa-8cca-b89979ae53c2 req-668ab198-c739-4dfa-8cca-b89979ae53c2 ] Request (InstanceActionsTestJSON:tearDownClass): 200 GET http://10.180.1.21/compute/v2.1/servers/9062e606-511f-4fe7-9621-90b3c0e51eec 0.373s
2025-01-16 14:52:08.758 68411 INFO tempest.lib.common.rest_client [req-a9ace5e7-f395-4b8f-ba11-da953f428af1 req-a9ace5e7-f395-4b8f-ba11-da953f428af1 ] Request (ImagesOneServerTestJSON:setUpClass): 200 GET http://10.180.1.21/compute/v2.1/servers/35f0435c-fe46-46ab-bc71-c21bb0ad3d55 0.342s
2025-01-16 14:52:08.823 68397 INFO tempest.lib.common.rest_client [req-f7bbcb81-bcff-4b03-b5d1-9f707a5df619 req-f7bbcb81-bcff-4b03-b5d1-9f707a5df619 ] Request (VolumesAdminNegativeTest:test_update_attached_volume_with_nonexistent_volume_in_body): 200 GET http://10.180.1.21/compute/v2.1/servers/b9f30f87-3594-4468-9d29-70890d8761e3 0.357s
2025-01-16 14:52:08.841 68381 INFO tempest.lib.common.rest_client [req-7bef2a00-0fc1-4532-841e-cfee7220839c req-7bef2a00-0fc1-4532-841e-cfee7220839c ] Request (ServerExternalEventsTest:test_create_server_external_events): 200 GET http://10.180.1.21/compute/v2.1/servers/b14bb74a-5e13-4d15-97d4-ee7b2d67f2e6 0.415s
2025-01-16 14:52:08.880 68405 INFO tempest.lib.common.rest_client [req-14326921-7ffa-4d14-ac7e-87fe7c91e29b req-14326921-7ffa-4d14-ac7e-87fe7c91e29b ] Request (ServerMetadataNegativeTestJSON:tearDownClass): 200 GET http://10.180.1.21/compute/v2.1/servers/4dfe9f82-7f89-486b-b159-948656d2896c 0.385s
2025-01-16 14:52:08.915 68425 INFO tempest.lib.common.rest_client [req-93b999f8-3426-4c3e-b57e-928cc167bc45 req-93b999f8-3426-4c3e-b57e-928cc167bc45 ] Request (ServersAdmin275Test:_run_cleanups): 200 GET http://10.180.1.21/compute/v2.1/servers/384a96ea-40ce-43e1-a5f9-82f50b710b0b 0.359s
2025-01-16 14:52:08.924 68444 INFO tempest.lib.common.rest_client [req-08876990-38fd-41c9-a7a2-0e5cce24eb23 req-08876990-38fd-41c9-a7a2-0e5cce24eb23 ] Request (AttachVolumeTestJSON:test_attach_detach_volume): 200 GET http://10.180.1.21/compute/v2.1/servers/59b5b883-4188-471c-8862-444f3ce08cb0 0.364s
2025-01-16 14:52:08.932 68444 INFO tempest.common.waiters [-] State transition "BUILD/scheduling" ==> "BUILD/None" after 53 second wait
2025-01-16 14:52:08.965 68383 INFO tempest.lib.common.rest_client [req-35a2db5b-5faa-403c-9196-25fb037d13c3 req-35a2db5b-5faa-403c-9196-25fb037d13c3 ] Request (ImagesNegativeTestJSON:test_create_image_from_deleted_server): 200 GET http://10.180.1.21/compute/v2.1/servers/db018af0-7bdf-40c5-b129-fde15dfb8ab4 0.367s
2025-01-16 14:52:08.972 68387 INFO tempest.lib.common.rest_client [req-8c2609ee-253d-43df-9128-6b5813667350 req-8c2609ee-253d-43df-9128-6b5813667350 ] Request (DeleteServersTestJSON:test_delete_active_server): 200 GET http://10.180.1.21/compute/v2.1/servers/487c2c9d-2cd2-4912-8613-e1bfac732c40 0.325s
2025-01-16 14:52:09.016 68399 INFO tempest.lib.common.rest_client [req-c64d9c51-d83c-403d-be9a-11a366f8778c req-c64d9c51-d83c-403d-be9a-11a366f8778c ] Request (ServerGroupTestJSON:test_create_server_with_scheduler_hint_group): 200 GET http://10.180.1.21/compute/v2.1/servers/5f1237ff-5841-41f1-8d77-df9fabaa62b6 0.308s
2025-01-16 14:52:09.036 68437 INFO tempest.lib.common.rest_client [req-0191f42c-84e7-41f8-9bf1-483bce3b4aab req-0191f42c-84e7-41f8-9bf1-483bce3b4aab ] Request (DeleteServersAdminTestJSON:test_delete_server_while_in_error_state): 404 GET http://10.180.1.21/compute/v2.1/servers/517bf2cf-e142-4f36-bf53-79a8d2d8a530 0.162s
2025-01-16 14:52:09.072 68401 INFO tempest.lib.common.rest_client [req-863ee7c9-d33b-4634-bd60-6068899b720e req-863ee7c9-d33b-4634-bd60-6068899b720e ] Request (ServersAdminTestJSON:setUpClass): 200 GET http://10.180.1.21/compute/v2.1/servers/07ce931f-45ef-409b-b714-9f1cd47a3a88 0.218s
2025-01-16 14:52:09.079 68401 INFO tempest.common.waiters [-] State transition "BUILD/spawning" ==> "ACTIVE/None" after 3 second wait
2025-01-16 14:52:09.126 68435 INFO tempest.lib.common.rest_client [req-9eb14141-0745-48bd-97ca-59048070a9b1 req-9eb14141-0745-48bd-97ca-59048070a9b1 ] Request (ServerAddressesTestJSON:setUpClass): 200 GET http://10.180.1.21/compute/v2.1/servers/69bcac33-d6ac-4ee7-b674-58ab25389149 0.158s
2025-01-16 14:52:09.144 68427 INFO tempest.lib.common.rest_client [req-0ad65025-144f-49c8-b9fe-d8fb422e7499 req-0ad65025-144f-49c8-b9fe-d8fb422e7499 ] Request (MigrationsAdminTest:test_resize_server_revert_deleted_flavor): 200 GET http://10.180.1.21/compute/v2.1/servers/e158b5d4-c120-4e6c-89c4-7668e097926d 0.178s
2025-01-16 14:52:09.146 68401 INFO tempest.lib.common.rest_client [req-88092294-34ba-49b5-82dd-6638479edd19 req-88092294-34ba-49b5-82dd-6638479edd19 ] Request (ServersAdminTestJSON:test_create_server_with_scheduling_hint): 201 POST http://10.180.1.21/identity/v3/auth/tokens 0.064s
2025-01-16 14:52:09.147 68401 INFO tempest.lib.common.fixed_network [-] (ServersAdminTestJSON:test_create_server_with_scheduling_hint) Found network {'id': 'fc381ca5-198f-4afc-9ebf-bc6e3de68c35', 'name': 'tempest-ServersAdminTestJSON-425455451-network', 'tenant_id': '248af2bc3e7b41d2a74b0c6074b359e1', 'admin_state_up': True, 'mtu': 8950, 'status': 'ACTIVE', 'subnets': [], 'shared': False, 'project_id': '248af2bc3e7b41d2a74b0c6074b359e1', 'port_security_enabled': True, 'router:external': False, 'provider:network_type': 'vlan', 'provider:physical_network': 'default', 'provider:segmentation_id': 96, 'availability_zone_hints': [], 'availability_zones': [], 'ipv4_address_scope': None, 'ipv6_address_scope': None, 'description': '', 'tags': [], 'created_at': '2025-01-16T14:50:48Z', 'updated_at': '2025-01-16T14:50:48Z', 'revision_number': 1} available for tenant
2025-01-16 14:52:09.163 68437 INFO tempest.lib.common.rest_client [req-3b531119-b626-416a-b009-4e490c343ed1 req-3b531119-b626-416a-b009-4e490c343ed1 ] Request (DeleteServersAdminTestJSON:tearDownClass): 404 DELETE http://10.180.1.21/compute/v2.1/servers/517bf2cf-e142-4f36-bf53-79a8d2d8a530 0.124s
2025-01-16 14:52:09.175 68408 INFO tempest.lib.common.rest_client [req-3213e9a8-d604-4636-a31d-fcc3aa3d5355 req-3213e9a8-d604-4636-a31d-fcc3aa3d5355 ] Request (ServerRescueNegativeTestJSON:setUpClass): 200 GET http://10.180.1.21/compute/v2.1/servers/6d80ec06-8559-4964-8577-a2512aa366ed 0.141s
2025-01-16 14:52:09.213 68409 INFO tempest.lib.common.rest_client [req-117aa6f3-0b4f-4d96-9d8a-ddad3ac9c3fd req-117aa6f3-0b4f-4d96-9d8a-ddad3ac9c3fd ] Request (ListImageFiltersTestJSON:setUpClass): 200 GET http://10.180.1.21/compute/v2.1/servers/387b7f14-f3c1-43ed-8c4e-6de3ce9822e2 0.105s
2025-01-16 14:52:09.235 68437 INFO tempest.lib.common.rest_client [req-b94979cc-b9af-4a30-a108-92d43ff44618 req-b94979cc-b9af-4a30-a108-92d43ff44618 ] Request (DeleteServersAdminTestJSON:tearDownClass): 404 GET http://10.180.1.21/compute/v2.1/servers/517bf2cf-e142-4f36-bf53-79a8d2d8a530 0.072s
2025-01-16 14:52:09.326 68437 INFO tempest.lib.common.rest_client [req-089da67d-b8b3-48ee-af98-111cf4a68f34 req-089da67d-b8b3-48ee-af98-111cf4a68f34 ] Request (DeleteServersAdminTestJSON:tearDownClass): 204 DELETE http://10.180.1.21/identity/v3/users/16d8bfd2c5264817a312b1911adc1a37 0.090s
2025-01-16 14:52:09.390 68413 INFO tempest.lib.common.rest_client [req-b793d06e-fd65-4ada-a28c-67d6247e4233 req-b793d06e-fd65-4ada-a28c-67d6247e4233 ] Request (ImagesTestJSON:test_create_image_from_stopped_server): 200 GET http://10.180.1.21/compute/v2.1/servers/16b466c3-c749-4f96-a82c-32dad31138ec 0.178s
2025-01-16 14:52:09.417 68437 INFO tempest.lib.common.rest_client [req-1d89800c-5fb7-47e6-b6f0-cd69b3ec11c8 req-1d89800c-5fb7-47e6-b6f0-cd69b3ec11c8 ] Request (DeleteServersAdminTestJSON:tearDownClass): 204 DELETE http://10.180.1.21/identity/v3/users/ba1b24df562640f3a3997c225f228ecb 0.091s
2025-01-16 14:52:09.418 68437 INFO tempest.lib.common.dynamic_creds [-] Deleting project and security group for project: 3910aa41f1344f868b2dfc472bd2d62d
2025-01-16 14:52:09.470 68437 INFO tempest.lib.common.rest_client [req-761c34cd-0801-4833-8fb3-a58878091053 req-761c34cd-0801-4833-8fb3-a58878091053 ] Request (DeleteServersAdminTestJSON:tearDownClass): 201 POST http://10.180.1.21/identity/v3/auth/tokens 0.051s
2025-01-16 14:52:09.487 68391 INFO tempest.lib.common.rest_client [req-019090be-bc70-456a-80eb-859acdb96612 req-019090be-bc70-456a-80eb-859acdb96612 ] Request (ListServerFiltersTestJSON:setUpClass): 200 GET http://10.180.1.21/compute/v2.1/servers/41f068d3-2c8d-46f0-8d84-78531d28b0dd 0.054s
2025-01-16 14:52:09.504 68401 INFO tempest.lib.common.rest_client [req-b4efc757-b5d5-4ab5-b783-5cae18a9feca req-b4efc757-b5d5-4ab5-b783-5cae18a9feca ] Request (ServersAdminTestJSON:test_create_server_with_scheduling_hint): 202 POST http://10.180.1.21/compute/v2.1/servers 0.356s
2025-01-16 14:52:09.557 68401 INFO tempest.lib.common.rest_client [req-136d4d40-853a-4f75-a9a6-d51e4b322da2 req-136d4d40-853a-4f75-a9a6-d51e4b322da2 ] Request (ServersAdminTestJSON:test_create_server_with_scheduling_hint): 200 GET http://10.180.1.21/compute/v2.1/servers/02405b17-7022-4e2c-a357-415de88f63d0 0.051s
2025-01-16 14:52:09.643 68437 INFO tempest.lib.common.rest_client [req-40b72ea7-5130-4061-a3d9-90b5f4154190 req-40b72ea7-5130-4061-a3d9-90b5f4154190 ] Request (DeleteServersAdminTestJSON:tearDownClass): 200 GET http://10.180.1.21:9696/networking/v2.0/security-groups?tenant_id=3910aa41f1344f868b2dfc472bd2d62d&name=default 0.173s
2025-01-16 14:52:09.666 68421 INFO tempest.lib.common.rest_client [req-f9e5cf86-a802-4fe9-ae08-7b10de744f58 req-f9e5cf86-a802-4fe9-ae08-7b10de744f58 ] Request (AttachVolumeShelveTestJSON:test_attach_volume_shelved_or_offload_server): 200 GET http://10.180.1.21/compute/v2.1/servers/b8cc8cd3-ea03-40bf-b867-7ad193365552 0.138s
2025-01-16 14:52:09.680 68423 INFO tempest.lib.common.rest_client [req-45c16a31-35de-4b7c-8325-3b82e330a337 req-45c16a31-35de-4b7c-8325-3b82e330a337 ] Request (ServersTestMultiNic:test_verify_multiple_nics_order): 200 GET http://10.180.1.21/compute/v2.1/servers/dc3317e4-6958-4df6-8e39-c89b4a5d861c 0.079s
2025-01-16 14:52:09.727 68437 INFO tempest.lib.common.rest_client [req-35209e99-47d4-4b25-9140-ac96fc18d4de req-35209e99-47d4-4b25-9140-ac96fc18d4de ] Request (DeleteServersAdminTestJSON:tearDownClass): 204 DELETE http://10.180.1.21:9696/networking/v2.0/security-groups/c9367501-42a1-45d3-b812-91463a21ef5e 0.083s
2025-01-16 14:52:09.737 68403 INFO tempest.lib.common.rest_client [req-eb09ecf1-ceea-40aa-8d25-14c2065403fd req-eb09ecf1-ceea-40aa-8d25-14c2065403fd ] Request (ServersAdminNegativeTestJSON:setUpClass): 200 GET http://10.180.1.21/compute/v2.1/servers/c36ece43-3d70-4e67-a740-9057f413c722 0.075s
2025-01-16 14:52:09.796 68393 INFO tempest.lib.common.rest_client [req-e56eb3ed-0b4e-4f15-8a84-208a88c4b0e5 req-e56eb3ed-0b4e-4f15-8a84-208a88c4b0e5 ] Request (AttachInterfacesUnderV243Test:test_add_remove_fixed_ip): 200 GET http://10.180.1.21/compute/v2.1/servers/7febb8b4-f984-4d79-a888-b2829f2a9df6 0.121s
2025-01-16 14:52:09.800 68437 INFO tempest.lib.common.rest_client [req-47a8d2a8-a3b5-444b-bdea-3907131820f2 req-47a8d2a8-a3b5-444b-bdea-3907131820f2 ] Request (DeleteServersAdminTestJSON:tearDownClass): 204 DELETE http://10.180.1.21/identity/v3/projects/3910aa41f1344f868b2dfc472bd2d62d 0.073s
2025-01-16 14:52:09.801 68437 INFO tempest.lib.common.dynamic_creds [-] Deleting project and security group for project: dbe0dd011b0c43328d69799d09fc050c
2025-01-16 14:52:09.840 68437 INFO tempest.lib.common.rest_client [req-065fd82f-4a6e-4aac-bcf6-b564c0531b29 req-065fd82f-4a6e-4aac-bcf6-b564c0531b29 ] Request (DeleteServersAdminTestJSON:tearDownClass): 200 GET http://10.180.1.21:9696/networking/v2.0/security-groups?tenant_id=dbe0dd011b0c43328d69799d09fc050c&name=default 0.039s
2025-01-16 14:52:09.859 68433 INFO tempest.lib.common.rest_client [req-3409f194-6894-4ca8-9fe0-a7ab57ba6a9f req-3409f194-6894-4ca8-9fe0-a7ab57ba6a9f ] Request (ServersTestBootFromVolume:setUpClass): 200 GET http://10.180.1.21/compute/v2.1/servers/b96d1351-f3a7-4bac-998c-a34ab2606041 0.144s
2025-01-16 14:52:09.873 68431 INFO tempest.lib.common.rest_client [req-977ba78e-09cd-4642-9b26-32ac57f48bcd req-977ba78e-09cd-4642-9b26-32ac57f48bcd ] Request (AttachInterfacesV270Test:test_create_get_list_interfaces): 200 GET http://10.180.1.21/compute/v2.1/servers/ecd6ff7d-802b-4f75-afc4-b99fe5b3ded5 0.256s
2025-01-16 14:52:09.919 68395 INFO tempest.lib.common.rest_client [req-928fcff5-0d16-4eaf-9bf6-b1880dc212f7 req-928fcff5-0d16-4eaf-9bf6-b1880dc212f7 ] Request (InstanceActionsTestJSON:tearDownClass): 200 GET http://10.180.1.21/compute/v2.1/servers/9062e606-511f-4fe7-9621-90b3c0e51eec 0.177s
2025-01-16 14:52:09.937 68411 INFO tempest.lib.common.rest_client [req-aeae1630-d027-4363-a94e-bbdc12c7b1ec req-aeae1630-d027-4363-a94e-bbdc12c7b1ec ] Request (ImagesOneServerTestJSON:setUpClass): 200 GET http://10.180.1.21/compute/v2.1/servers/35f0435c-fe46-46ab-bc71-c21bb0ad3d55 0.170s
2025-01-16 14:52:09.951 68429 WARNING tempest.lib.common.ssh [-] Failed to establish authenticated ssh connection to cirros@10.180.180.178 ([Errno None] Unable to connect to port 22 on 10.180.180.178). Number attempts: 3. Retry after 4 seconds.: paramiko.ssh_exception.NoValidConnectionsError: [Errno None] Unable to connect to port 22 on 10.180.180.178
2025-01-16 14:52:09.975 68397 INFO tempest.lib.common.rest_client [req-04c737ba-d98a-4705-a43d-9fcf514f5324 req-04c737ba-d98a-4705-a43d-9fcf514f5324 ] Request (VolumesAdminNegativeTest:test_update_attached_volume_with_nonexistent_volume_in_body): 200 GET http://10.180.1.21/compute/v2.1/servers/b9f30f87-3594-4468-9d29-70890d8761e3 0.143s
2025-01-16 14:52:10.034 68381 INFO tempest.lib.common.rest_client [req-63f0953b-2d27-49b5-8fd5-a2441fc0571d req-63f0953b-2d27-49b5-8fd5-a2441fc0571d ] Request (ServerExternalEventsTest:test_create_server_external_events): 200 GET http://10.180.1.21/compute/v2.1/servers/b14bb74a-5e13-4d15-97d4-ee7b2d67f2e6 0.184s
2025-01-16 14:52:10.048 68405 INFO tempest.lib.common.rest_client [req-5919d23b-3c85-4de1-819c-47486e05d8e7 req-5919d23b-3c85-4de1-819c-47486e05d8e7 ] Request (ServerMetadataNegativeTestJSON:tearDownClass): 200 GET http://10.180.1.21/compute/v2.1/servers/4dfe9f82-7f89-486b-b159-948656d2896c 0.159s
2025-01-16 14:52:10.094 68425 INFO tempest.lib.common.rest_client [req-814eeeda-9b8e-4957-b39d-00018c0c481d req-814eeeda-9b8e-4957-b39d-00018c0c481d ] Request (ServersAdmin275Test:_run_cleanups): 200 GET http://10.180.1.21/compute/v2.1/servers/384a96ea-40ce-43e1-a5f9-82f50b710b0b 0.169s
2025-01-16 14:52:10.103 68444 INFO tempest.lib.common.rest_client [req-b189a9b4-f0ea-4f0c-8578-dae60899c323 req-b189a9b4-f0ea-4f0c-8578-dae60899c323 ] Request (AttachVolumeTestJSON:test_attach_detach_volume): 200 GET http://10.180.1.21/compute/v2.1/servers/59b5b883-4188-471c-8862-444f3ce08cb0 0.170s
2025-01-16 14:52:10.107 68425 INFO tempest.common.waiters [-] State transition "REBUILD/rebuild_spawning" ==> "ACTIVE/None" after 10 second wait
2025-01-16 14:52:10.155 68383 INFO tempest.lib.common.rest_client [req-e4e796d7-24df-4f39-8f59-62236e378bdc req-e4e796d7-24df-4f39-8f59-62236e378bdc ] Request (ImagesNegativeTestJSON:test_create_image_from_deleted_server): 200 GET http://10.180.1.21/compute/v2.1/servers/db018af0-7bdf-40c5-b129-fde15dfb8ab4 0.181s
2025-01-16 14:52:10.162 68387 INFO tempest.lib.common.rest_client [req-18dd4709-75e5-401a-857f-66b27fe266c2 req-18dd4709-75e5-401a-857f-66b27fe266c2 ] Request (DeleteServersTestJSON:test_delete_active_server): 200 GET http://10.180.1.21/compute/v2.1/servers/487c2c9d-2cd2-4912-8613-e1bfac732c40 0.183s
2025-01-16 14:52:10.175 68387 INFO tempest.common.waiters [-] State transition "BUILD/scheduling" ==> "BUILD/None" after 52 second wait
2025-01-16 14:52:10.182 68437 INFO tempest.lib.common.rest_client [req-ed670ec6-97f6-4fee-a983-73849223f6d1 req-ed670ec6-97f6-4fee-a983-73849223f6d1 ] Request (DeleteServersAdminTestJSON:tearDownClass): 204 DELETE http://10.180.1.21:9696/networking/v2.0/security-groups/cac676ff-125b-4046-967a-1a32bf8edbb6 0.341s
2025-01-16 14:52:10.234 68399 INFO tempest.lib.common.rest_client [req-ff6bd804-a914-4e81-b18b-625f0b1d06a1 req-ff6bd804-a914-4e81-b18b-625f0b1d06a1 ] Request (ServerGroupTestJSON:test_create_server_with_scheduler_hint_group): 200 GET http://10.180.1.21/compute/v2.1/servers/5f1237ff-5841-41f1-8d77-df9fabaa62b6 0.209s
2025-01-16 14:52:10.293 68425 INFO tempest.lib.common.rest_client [req-b27ea9b2-e866-4d82-b8e1-ed0ef4938234 req-b27ea9b2-e866-4d82-b8e1-ed0ef4938234 ] Request (ServersAdmin275Test:tearDownClass): 204 DELETE http://10.180.1.21/compute/v2.1/servers/384a96ea-40ce-43e1-a5f9-82f50b710b0b 0.182s
2025-01-16 14:52:10.295 68435 INFO tempest.lib.common.rest_client [req-0b5a33c8-37cd-4071-b7fb-8e7cedfb71ff req-0b5a33c8-37cd-4071-b7fb-8e7cedfb71ff ] Request (ServerAddressesTestJSON:setUpClass): 200 GET http://10.180.1.21/compute/v2.1/servers/69bcac33-d6ac-4ee7-b674-58ab25389149 0.161s
2025-01-16 14:52:10.302 68437 INFO tempest.lib.common.rest_client [req-2ed7d7e8-ff30-4397-8d15-e6bb596992d1 req-2ed7d7e8-ff30-4397-8d15-e6bb596992d1 ] Request (DeleteServersAdminTestJSON:tearDownClass): 204 DELETE http://10.180.1.21/identity/v3/projects/dbe0dd011b0c43328d69799d09fc050c 0.120s
2025-01-16 14:52:10.353 68408 INFO tempest.lib.common.rest_client [req-16fbcf74-25d2-444b-b5cf-2bc81daa4b42 req-16fbcf74-25d2-444b-b5cf-2bc81daa4b42 ] Request (ServerRescueNegativeTestJSON:setUpClass): 200 GET http://10.180.1.21/compute/v2.1/servers/6d80ec06-8559-4964-8577-a2512aa366ed 0.170s
2025-01-16 14:52:10.366 68437 INFO tempest.lib.common.rest_client [req-572167b5-7445-44ac-8a72-c5a4337e4417 req-572167b5-7445-44ac-8a72-c5a4337e4417 ] Request (QuotasAdminTestV257:setUpClass): 201 POST http://10.180.1.21/identity/v3/auth/tokens 0.062s
2025-01-16 14:52:10.396 68437 INFO tempest.lib.common.rest_client [req-167ee004-574a-4c3f-a64a-36b3116808a6 req-167ee004-574a-4c3f-a64a-36b3116808a6 ] Request (QuotasAdminTestV257:setUpClass): 201 POST http://10.180.1.21/identity/v3/auth/tokens 0.027s
2025-01-16 14:52:10.406 68409 INFO tempest.lib.common.rest_client [req-2fcd71eb-dce2-408c-8102-8a78ddffd454 req-2fcd71eb-dce2-408c-8102-8a78ddffd454 ] Request (ListImageFiltersTestJSON:setUpClass): 200 GET http://10.180.1.21/compute/v2.1/servers/387b7f14-f3c1-43ed-8c4e-6de3ce9822e2 0.186s
2025-01-16 14:52:10.423 68437 INFO tempest.lib.common.rest_client [req-8a2c5299-87c7-41a3-9478-c6687cdb3db1 req-8a2c5299-87c7-41a3-9478-c6687cdb3db1 ] Request (QuotasAdminTestV257:setUpClass): 200 GET http://10.180.1.21/identity/v3/domains?name=Default 0.026s
2025-01-16 14:52:10.433 68427 INFO tempest.lib.common.rest_client [req-220fd7ad-85c9-45b2-b9ba-3e419e3cc5a2 req-220fd7ad-85c9-45b2-b9ba-3e419e3cc5a2 ] Request (MigrationsAdminTest:test_resize_server_revert_deleted_flavor): 200 GET http://10.180.1.21/compute/v2.1/servers/e158b5d4-c120-4e6c-89c4-7668e097926d 0.276s
2025-01-16 14:52:10.454 68437 INFO tempest.lib.common.rest_client [req-6f77e098-5928-48e7-8530-64a4bf459ea7 req-6f77e098-5928-48e7-8530-64a4bf459ea7 ] Request (QuotasAdminTestV257:setUpClass): 201 POST http://10.180.1.21/identity/v3/projects 0.030s
2025-01-16 14:52:10.463 68385 WARNING tempest.lib.common.ssh [-] Failed to establish authenticated ssh connection to cirros@10.180.180.242 ([Errno None] Unable to connect to port 22 on 10.180.180.242). Number attempts: 5. Retry after 6 seconds.: paramiko.ssh_exception.NoValidConnectionsError: [Errno None] Unable to connect to port 22 on 10.180.180.242
2025-01-16 14:52:10.467 68425 INFO tempest.lib.common.rest_client [req-6b8a9b18-0c87-4383-b1d7-a6368e9db025 req-6b8a9b18-0c87-4383-b1d7-a6368e9db025 ] Request (ServersAdmin275Test:tearDownClass): 200 GET http://10.180.1.21/compute/v2.1/servers/384a96ea-40ce-43e1-a5f9-82f50b710b0b 0.173s
2025-01-16 14:52:10.525 68437 INFO tempest.lib.common.rest_client [req-fdf523eb-9d90-47b8-8716-ba28e74e2f7c req-fdf523eb-9d90-47b8-8716-ba28e74e2f7c ] Request (QuotasAdminTestV257:setUpClass): 201 POST http://10.180.1.21/identity/v3/users 0.071s
2025-01-16 14:52:10.542 68413 INFO tempest.lib.common.rest_client [req-937fa663-2957-41c7-ae09-3415f38712a4 req-937fa663-2957-41c7-ae09-3415f38712a4 ] Request (ImagesTestJSON:test_create_image_from_stopped_server): 200 GET http://10.180.1.21/compute/v2.1/servers/16b466c3-c749-4f96-a82c-32dad31138ec 0.143s
2025-01-16 14:52:10.555 68437 INFO tempest.lib.common.rest_client [req-2d5ecd39-b66a-4097-9bbd-8d869ced9095 req-2d5ecd39-b66a-4097-9bbd-8d869ced9095 ] Request (QuotasAdminTestV257:setUpClass): 200 GET http://10.180.1.21/identity/v3/roles 0.030s
2025-01-16 14:52:10.559 68391 INFO tempest.lib.common.rest_client [req-142cfeab-ec25-4003-a1d2-cf9467bfb4d0 req-142cfeab-ec25-4003-a1d2-cf9467bfb4d0 ] Request (ListServerFiltersTestJSON:setUpClass): 200 GET http://10.180.1.21/compute/v2.1/servers/41f068d3-2c8d-46f0-8d84-78531d28b0dd 0.064s
2025-01-16 14:52:10.587 68437 INFO tempest.lib.common.rest_client [req-cef67b37-7691-45d7-b317-4b177fb85deb req-cef67b37-7691-45d7-b317-4b177fb85deb ] Request (QuotasAdminTestV257:setUpClass): 204 PUT http://10.180.1.21/identity/v3/projects/8eb7bda64f5f4ae99329c3d147f65c26/users/9ff067a211a946dd892822bc5e6144c4/roles/ea845107229b4dae978c3ef51633effa 0.031s
2025-01-16 14:52:10.587 68437 INFO tempest.lib.common.dynamic_creds [-] Dynamic test user 9ff067a211a946dd892822bc5e6144c4 is created with scope project and roles: ['member']
2025-01-16 14:52:10.587 68437 INFO tempest.lib.common.dynamic_creds [-] Acquired dynamic creds: credentials: Credentials: {'domain_id': 'default', 'domain_name': 'Default', 'username': 'tempest-QuotasAdminTestV257-1849682773-project-member', 'project_domain_id': 'default', 'project_domain_name': 'Default', 'project_id': '8eb7bda64f5f4ae99329c3d147f65c26', 'project_name': 'tempest-QuotasAdminTestV257-1849682773', 'tenant_id': '8eb7bda64f5f4ae99329c3d147f65c26', 'tenant_name': 'tempest-QuotasAdminTestV257-1849682773', 'user_domain_id': 'default', 'user_domain_name': 'Default', 'user_id': '9ff067a211a946dd892822bc5e6144c4', 'system': None}, Network: None, Subnet: None, Router: None
2025-01-16 14:52:10.587 68437 INFO tempest.lib.common.dynamic_creds [-] Created isolated network resources for: credentials: Credentials: {'domain_id': 'default', 'domain_name': 'Default', 'username': 'tempest-QuotasAdminTestV257-1849682773-project-member', 'project_domain_id': 'default', 'project_domain_name': 'Default', 'project_id': '8eb7bda64f5f4ae99329c3d147f65c26', 'project_name': 'tempest-QuotasAdminTestV257-1849682773', 'tenant_id': '8eb7bda64f5f4ae99329c3d147f65c26', 'tenant_name': 'tempest-QuotasAdminTestV257-1849682773', 'user_domain_id': 'default', 'user_domain_name': 'Default', 'user_id': '9ff067a211a946dd892822bc5e6144c4', 'system': None}, Network: None, Subnet: None, Router: None
2025-01-16 14:52:10.622 68401 INFO tempest.lib.common.rest_client [req-873e2f99-07f7-42ce-8368-3357e2821c7c req-873e2f99-07f7-42ce-8368-3357e2821c7c ] Request (ServersAdminTestJSON:test_create_server_with_scheduling_hint): 200 GET http://10.180.1.21/compute/v2.1/servers/02405b17-7022-4e2c-a357-415de88f63d0 0.056s
2025-01-16 14:52:10.656 68389 WARNING tempest.lib.common.ssh [-] Failed to establish authenticated ssh connection to cirros@10.180.180.251 ([Errno None] Unable to connect to port 22 on 10.180.180.251). Number attempts: 6. Retry after 7 seconds.: paramiko.ssh_exception.NoValidConnectionsError: [Errno None] Unable to connect to port 22 on 10.180.180.251
2025-01-16 14:52:10.661 68437 INFO tempest.lib.common.rest_client [req-e786968b-01fa-4281-acaa-29d515988c47 req-e786968b-01fa-4281-acaa-29d515988c47 ] Request (QuotasAdminTestV257:setUpClass): 201 POST http://10.180.1.21/identity/v3/auth/tokens 0.071s
2025-01-16 14:52:10.728 68437 INFO tempest.lib.common.rest_client [req-d71bc2ef-1c71-4d51-af8e-54212ddc9551 req-d71bc2ef-1c71-4d51-af8e-54212ddc9551 ] Request (QuotasAdminTestV257:setUpClass): 201 POST http://10.180.1.21/identity/v3/projects 0.066s
2025-01-16 14:52:10.767 68423 INFO tempest.lib.common.rest_client [req-1a1bf798-94fd-443e-b97b-53d8ca88713f req-1a1bf798-94fd-443e-b97b-53d8ca88713f ] Request (ServersTestMultiNic:test_verify_multiple_nics_order): 200 GET http://10.180.1.21/compute/v2.1/servers/dc3317e4-6958-4df6-8e39-c89b4a5d861c 0.071s
2025-01-16 14:52:10.793 68437 INFO tempest.lib.common.rest_client [req-b11ce0a1-71c2-421b-b566-a44ea2329177 req-b11ce0a1-71c2-421b-b566-a44ea2329177 ] Request (QuotasAdminTestV257:setUpClass): 201 POST http://10.180.1.21/identity/v3/users 0.065s
2025-01-16 14:52:10.823 68437 INFO tempest.lib.common.rest_client [req-43821200-5509-4008-aebd-59797f57bb40 req-43821200-5509-4008-aebd-59797f57bb40 ] Request (QuotasAdminTestV257:setUpClass): 200 GET http://10.180.1.21/identity/v3/roles 0.028s
2025-01-16 14:52:10.831 68403 INFO tempest.lib.common.rest_client [req-2bbc8e9a-98d0-46fd-893b-0a2518177fc0 req-2bbc8e9a-98d0-46fd-893b-0a2518177fc0 ] Request (ServersAdminNegativeTestJSON:setUpClass): 200 GET http://10.180.1.21/compute/v2.1/servers/c36ece43-3d70-4e67-a740-9057f413c722 0.085s
2025-01-16 14:52:10.840 68421 INFO tempest.lib.common.rest_client [req-9090de2a-9b57-46e3-a741-a0a26c6283cd req-9090de2a-9b57-46e3-a741-a0a26c6283cd ] Request (AttachVolumeShelveTestJSON:test_attach_volume_shelved_or_offload_server): 200 GET http://10.180.1.21/compute/v2.1/servers/b8cc8cd3-ea03-40bf-b867-7ad193365552 0.157s
2025-01-16 14:52:10.860 68437 INFO tempest.lib.common.rest_client [req-d552da6f-6a87-4770-9549-e635362bcf4f req-d552da6f-6a87-4770-9549-e635362bcf4f ] Request (QuotasAdminTestV257:setUpClass): 204 PUT http://10.180.1.21/identity/v3/projects/d2ca563c025642a48800b8192bd3de6c/users/792db0f57ec9448ea8abf016ef8b7cd5/roles/76ce2a3f743e4da9b148a376e5ad2732 0.037s
2025-01-16 14:52:10.879 68393 INFO tempest.lib.common.rest_client [req-be224d03-dd9b-436f-bfc7-26a739e0cae8 req-be224d03-dd9b-436f-bfc7-26a739e0cae8 ] Request (AttachInterfacesUnderV243Test:test_add_remove_fixed_ip): 200 GET http://10.180.1.21/compute/v2.1/servers/7febb8b4-f984-4d79-a888-b2829f2a9df6 0.072s
2025-01-16 14:52:10.922 68437 INFO tempest.lib.common.rest_client [req-ef1b596c-9071-41b8-bea0-f177f3d223e5 req-ef1b596c-9071-41b8-bea0-f177f3d223e5 ] Request (QuotasAdminTestV257:setUpClass): 200 GET http://10.180.1.21/identity/v3/roles 0.061s
2025-01-16 14:52:10.928 68433 INFO tempest.lib.common.rest_client [req-a19fd67e-0bef-4acd-830a-ba6a525eafd4 req-a19fd67e-0bef-4acd-830a-ba6a525eafd4 ] Request (ServersTestBootFromVolume:setUpClass): 200 GET http://10.180.1.21/compute/v2.1/servers/b96d1351-f3a7-4bac-998c-a34ab2606041 0.061s
2025-01-16 14:52:10.942 68437 INFO tempest.lib.common.rest_client [req-c537cb3c-5fc5-42cc-af90-a37d25c0d586 req-c537cb3c-5fc5-42cc-af90-a37d25c0d586 ] Request (QuotasAdminTestV257:setUpClass): 204 PUT http://10.180.1.21/identity/v3/projects/d2ca563c025642a48800b8192bd3de6c/users/792db0f57ec9448ea8abf016ef8b7cd5/roles/76ce2a3f743e4da9b148a376e5ad2732 0.020s
2025-01-16 14:52:10.943 68437 INFO tempest.lib.common.dynamic_creds [-] Dynamic test user 792db0f57ec9448ea8abf016ef8b7cd5 is created with scope project and roles: ['admin']
2025-01-16 14:52:10.943 68437 INFO tempest.lib.common.dynamic_creds [-] Acquired dynamic creds: credentials: Credentials: {'domain_id': 'default', 'domain_name': 'Default', 'username': 'tempest-QuotasAdminTestV257-157523558-project-admin', 'project_domain_id': 'default', 'project_domain_name': 'Default', 'project_id': 'd2ca563c025642a48800b8192bd3de6c', 'project_name': 'tempest-QuotasAdminTestV257-157523558', 'tenant_id': 'd2ca563c025642a48800b8192bd3de6c', 'tenant_name': 'tempest-QuotasAdminTestV257-157523558', 'user_domain_id': 'default', 'user_domain_name': 'Default', 'user_id': '792db0f57ec9448ea8abf016ef8b7cd5', 'system': None}, Network: None, Subnet: None, Router: None
2025-01-16 14:52:10.943 68437 INFO tempest.lib.common.dynamic_creds [-] Created isolated network resources for: credentials: Credentials: {'domain_id': 'default', 'domain_name': 'Default', 'username': 'tempest-QuotasAdminTestV257-157523558-project-admin', 'project_domain_id': 'default', 'project_domain_name': 'Default', 'project_id': 'd2ca563c025642a48800b8192bd3de6c', 'project_name': 'tempest-QuotasAdminTestV257-157523558', 'tenant_id': 'd2ca563c025642a48800b8192bd3de6c', 'tenant_name': 'tempest-QuotasAdminTestV257-157523558', 'user_domain_id': 'default', 'user_domain_name': 'Default', 'user_id': '792db0f57ec9448ea8abf016ef8b7cd5', 'system': None}, Network: None, Subnet: None, Router: None
2025-01-16 14:52:10.991 68431 INFO tempest.lib.common.rest_client [req-7ef7febd-1fa7-4a0c-96c9-841c2c3ebf34 req-7ef7febd-1fa7-4a0c-96c9-841c2c3ebf34 ] Request (AttachInterfacesV270Test:test_create_get_list_interfaces): 200 GET http://10.180.1.21/compute/v2.1/servers/ecd6ff7d-802b-4f75-afc4-b99fe5b3ded5 0.103s
2025-01-16 14:52:10.999 68395 INFO tempest.lib.common.rest_client [req-e4a7da2e-b0b3-4375-8acb-c22d76df926c req-e4a7da2e-b0b3-4375-8acb-c22d76df926c ] Request (InstanceActionsTestJSON:tearDownClass): 200 GET http://10.180.1.21/compute/v2.1/servers/9062e606-511f-4fe7-9621-90b3c0e51eec 0.069s
2025-01-16 14:52:11.016 68437 INFO tempest.lib.common.rest_client [req-5c6b93fa-2594-497d-bb31-6ee72624f245 req-5c6b93fa-2594-497d-bb31-6ee72624f245 ] Request (QuotasAdminTestV257:setUpClass): 201 POST http://10.180.1.21/identity/v3/auth/tokens 0.069s
2025-01-16 14:52:11.017 68437 WARNING tempest.lib.common.rest_client [-] Deprecated: "tenant_id" property is deprecated for removal, use "project_id" instead
2025-01-16 14:52:11.043 68437 INFO tempest.lib.common.rest_client [req-15f71443-623a-4309-b857-1f68b48f4a9e req-15f71443-623a-4309-b857-1f68b48f4a9e ] Request (QuotasAdminTestV257:test_get_updated_quotas): 200 GET http://10.180.1.21/identity/v3/domains?name=Default 0.025s
2025-01-16 14:52:11.048 68411 INFO tempest.lib.common.rest_client [req-e20b70af-391a-4cf5-b601-cd20b8e3babb req-e20b70af-391a-4cf5-b601-cd20b8e3babb ] Request (ImagesOneServerTestJSON:setUpClass): 200 GET http://10.180.1.21/compute/v2.1/servers/35f0435c-fe46-46ab-bc71-c21bb0ad3d55 0.100s
2025-01-16 14:52:11.053 68397 INFO tempest.lib.common.rest_client [req-89342cb0-4ae8-42d7-b19f-97efc34e06c9 req-89342cb0-4ae8-42d7-b19f-97efc34e06c9 ] Request (VolumesAdminNegativeTest:test_update_attached_volume_with_nonexistent_volume_in_body): 200 GET http://10.180.1.21/compute/v2.1/servers/b9f30f87-3594-4468-9d29-70890d8761e3 0.069s
2025-01-16 14:52:11.070 68437 INFO tempest.lib.common.rest_client [req-5d71f5b3-fe7a-474a-bd0e-6d9e510c3a3e req-5d71f5b3-fe7a-474a-bd0e-6d9e510c3a3e ] Request (QuotasAdminTestV257:test_get_updated_quotas): 201 POST http://10.180.1.21/identity/v3/projects 0.026s
2025-01-16 14:52:11.124 68437 INFO tempest.lib.common.rest_client [req-bce3a6df-8172-4cf0-a3c2-56a323ec4641 req-bce3a6df-8172-4cf0-a3c2-56a323ec4641 ] Request (QuotasAdminTestV257:test_get_updated_quotas): 200 GET http://10.180.1.21/identity/v3/domains?name=Default 0.053s
2025-01-16 14:52:11.130 68405 INFO tempest.lib.common.rest_client [req-fd0811b2-43c6-4b10-b28f-20521186c677 req-fd0811b2-43c6-4b10-b28f-20521186c677 ] Request (ServerMetadataNegativeTestJSON:tearDownClass): 200 GET http://10.180.1.21/compute/v2.1/servers/4dfe9f82-7f89-486b-b159-948656d2896c 0.075s
2025-01-16 14:52:11.151 68381 INFO tempest.lib.common.rest_client [req-9f1dfdcc-1fb4-4eb3-b267-26da61f7a4fc req-9f1dfdcc-1fb4-4eb3-b267-26da61f7a4fc ] Request (ServerExternalEventsTest:test_create_server_external_events): 200 GET http://10.180.1.21/compute/v2.1/servers/b14bb74a-5e13-4d15-97d4-ee7b2d67f2e6 0.108s
2025-01-16 14:52:11.189 68444 INFO tempest.lib.common.rest_client [req-32b40b91-6b09-4b3d-b6da-f8cee999297f req-32b40b91-6b09-4b3d-b6da-f8cee999297f ] Request (AttachVolumeTestJSON:test_attach_detach_volume): 200 GET http://10.180.1.21/compute/v2.1/servers/59b5b883-4188-471c-8862-444f3ce08cb0 0.071s
2025-01-16 14:52:11.243 68383 INFO tempest.lib.common.rest_client [req-0bf9fdc8-6cf6-4caa-8443-61f5ceac77ce req-0bf9fdc8-6cf6-4caa-8443-61f5ceac77ce ] Request (ImagesNegativeTestJSON:test_create_image_from_deleted_server): 200 GET http://10.180.1.21/compute/v2.1/servers/db018af0-7bdf-40c5-b129-fde15dfb8ab4 0.074s
2025-01-16 14:52:11.279 68437 INFO tempest.lib.common.rest_client [req-bed73058-a4b7-4732-b27b-d90fe0faf20b req-bed73058-a4b7-4732-b27b-d90fe0faf20b ] Request (QuotasAdminTestV257:test_get_updated_quotas): 200 PUT http://10.180.1.21/compute/v2.1/os-quota-sets/ed4c16b3f8e142619b77787b1276f262 0.154s
2025-01-16 14:52:11.290 68387 INFO tempest.lib.common.rest_client [req-beed30ac-becd-4853-86ff-21dfc9f4e59e req-beed30ac-becd-4853-86ff-21dfc9f4e59e ] Request (DeleteServersTestJSON:test_delete_active_server): 200 GET http://10.180.1.21/compute/v2.1/servers/487c2c9d-2cd2-4912-8613-e1bfac732c40 0.114s
2025-01-16 14:52:11.325 68399 INFO tempest.lib.common.rest_client [req-57372213-498b-4374-8a41-9865a4c9f560 req-57372213-498b-4374-8a41-9865a4c9f560 ] Request (ServerGroupTestJSON:test_create_server_with_scheduler_hint_group): 200 GET http://10.180.1.21/compute/v2.1/servers/5f1237ff-5841-41f1-8d77-df9fabaa62b6 0.079s
2025-01-16 14:52:11.348 68437 INFO tempest.lib.common.rest_client [req-901a7209-9b60-4ff0-ac06-27888ba870da req-901a7209-9b60-4ff0-ac06-27888ba870da ] Request (QuotasAdminTestV257:test_get_updated_quotas): 200 GET http://10.180.1.21/compute/v2.1/os-quota-sets/ed4c16b3f8e142619b77787b1276f262/detail 0.066s
2025-01-16 14:52:11.375 68437 INFO tempest.lib.common.rest_client [req-e4e31e2b-63e8-471b-ac5f-bea02f00eac4 req-e4e31e2b-63e8-471b-ac5f-bea02f00eac4 ] Request (QuotasAdminTestV257:test_get_updated_quotas): 200 GET http://10.180.1.21/identity/v3/domains?name=Default 0.024s
2025-01-16 14:52:11.379 68435 INFO tempest.lib.common.rest_client [req-b9ca9e52-fd5a-4807-affc-b0f1e980ee23 req-b9ca9e52-fd5a-4807-affc-b0f1e980ee23 ] Request (ServerAddressesTestJSON:setUpClass): 200 GET http://10.180.1.21/compute/v2.1/servers/69bcac33-d6ac-4ee7-b674-58ab25389149 0.075s
2025-01-16 14:52:11.404 68437 INFO tempest.lib.common.rest_client [req-f8febbe8-b20c-428f-b8dd-982815e43619 req-f8febbe8-b20c-428f-b8dd-982815e43619 ] Request (QuotasAdminTestV257:test_get_updated_quotas): 201 POST http://10.180.1.21/identity/v3/users 0.028s
2025-01-16 14:52:11.417 68408 INFO tempest.lib.common.rest_client [req-e3fce03e-ec3c-45fa-87cc-07f80798d876 req-e3fce03e-ec3c-45fa-87cc-07f80798d876 ] Request (ServerRescueNegativeTestJSON:setUpClass): 200 GET http://10.180.1.21/compute/v2.1/servers/6d80ec06-8559-4964-8577-a2512aa366ed 0.054s
2025-01-16 14:52:11.424 68437 INFO tempest.lib.common.rest_client [req-02dcbab7-a66c-40b8-9a78-ab69bf2188d6 req-02dcbab7-a66c-40b8-9a78-ab69bf2188d6 ] Request (QuotasAdminTestV257:test_get_updated_quotas): 200 GET http://10.180.1.21/identity/v3/domains?name=Default 0.019s
2025-01-16 14:52:11.465 68409 INFO tempest.lib.common.rest_client [req-ca1c017e-7e4c-442e-91d9-f09d13b39784 req-ca1c017e-7e4c-442e-91d9-f09d13b39784 ] Request (ListImageFiltersTestJSON:setUpClass): 200 GET http://10.180.1.21/compute/v2.1/servers/387b7f14-f3c1-43ed-8c4e-6de3ce9822e2 0.050s
2025-01-16 14:52:11.507 68437 INFO tempest.lib.common.rest_client [req-b1a275f1-c3c2-4f50-85de-728ba5927b93 req-b1a275f1-c3c2-4f50-85de-728ba5927b93 ] Request (QuotasAdminTestV257:test_get_updated_quotas): 200 PUT http://10.180.1.21/compute/v2.1/os-quota-sets/ed4c16b3f8e142619b77787b1276f262?user_id=98094725476141d3bc6e3729a543920e 0.082s
2025-01-16 14:52:11.562 68425 INFO tempest.lib.common.rest_client [req-92b796c6-bb01-4e5c-992a-58c9fff9148e req-92b796c6-bb01-4e5c-992a-58c9fff9148e ] Request (ServersAdmin275Test:tearDownClass): 200 GET http://10.180.1.21/compute/v2.1/servers/384a96ea-40ce-43e1-a5f9-82f50b710b0b 0.082s
2025-01-16 14:52:11.599 68437 INFO tempest.lib.common.rest_client [req-bfbd7580-61d6-482f-abaa-5e7dcf96983e req-bfbd7580-61d6-482f-abaa-5e7dcf96983e ] Request (QuotasAdminTestV257:test_get_updated_quotas): 200 GET http://10.180.1.21/compute/v2.1/os-quota-sets/ed4c16b3f8e142619b77787b1276f262?user_id=98094725476141d3bc6e3729a543920e 0.089s
2025-01-16 14:52:11.626 68427 INFO tempest.lib.common.rest_client [req-12c41d3c-34a2-4337-aca5-9555dd8462e2 req-12c41d3c-34a2-4337-aca5-9555dd8462e2 ] Request (MigrationsAdminTest:test_resize_server_revert_deleted_flavor): 200 GET http://10.180.1.21/compute/v2.1/servers/e158b5d4-c120-4e6c-89c4-7668e097926d 0.185s
2025-01-16 14:52:11.670 68437 INFO tempest.lib.common.rest_client [req-7dfa3a3b-6004-4f02-8299-db118a310810 req-7dfa3a3b-6004-4f02-8299-db118a310810 ] Request (QuotasAdminTestV257:_run_cleanups): 204 DELETE http://10.180.1.21/identity/v3/users/98094725476141d3bc6e3729a543920e 0.069s
2025-01-16 14:52:11.677 68391 INFO tempest.lib.common.rest_client [req-fda182de-ab1c-49ad-b761-4e39fb7c09bb req-fda182de-ab1c-49ad-b761-4e39fb7c09bb ] Request (ListServerFiltersTestJSON:setUpClass): 200 GET http://10.180.1.21/compute/v2.1/servers/41f068d3-2c8d-46f0-8d84-78531d28b0dd 0.110s
2025-01-16 14:52:11.702 68413 INFO tempest.lib.common.rest_client [req-8c83094a-3d01-4720-bc07-d4dd384dfdd3 req-8c83094a-3d01-4720-bc07-d4dd384dfdd3 ] Request (ImagesTestJSON:test_create_image_from_stopped_server): 200 GET http://10.180.1.21/compute/v2.1/servers/16b466c3-c749-4f96-a82c-32dad31138ec 0.153s
2025-01-16 14:52:11.725 68401 INFO tempest.lib.common.rest_client [req-f848da63-9e02-47a1-b968-66f4cf8f6e1b req-f848da63-9e02-47a1-b968-66f4cf8f6e1b ] Request (ServersAdminTestJSON:test_create_server_with_scheduling_hint): 200 GET http://10.180.1.21/compute/v2.1/servers/02405b17-7022-4e2c-a357-415de88f63d0 0.094s
2025-01-16 14:52:11.755 68437 INFO tempest.lib.common.rest_client [req-0a8f5ab0-ab88-4d6e-9b53-8269340f6605 req-0a8f5ab0-ab88-4d6e-9b53-8269340f6605 ] Request (QuotasAdminTestV257:_run_cleanups): 204 DELETE http://10.180.1.21/identity/v3/projects/ed4c16b3f8e142619b77787b1276f262 0.085s
2025-01-16 14:52:11.898 68403 INFO tempest.lib.common.rest_client [req-4fd898ee-0928-40ea-934b-1216c147bf19 req-4fd898ee-0928-40ea-934b-1216c147bf19 ] Request (ServersAdminNegativeTestJSON:setUpClass): 200 GET http://10.180.1.21/compute/v2.1/servers/c36ece43-3d70-4e67-a740-9057f413c722 0.059s
2025-01-16 14:52:11.899 68437 INFO tempest.lib.common.rest_client [req-086d8320-77c0-4359-993a-b8ccafd52d19 req-086d8320-77c0-4359-993a-b8ccafd52d19 ] Request (QuotasAdminTestV257:tearDownClass): 204 DELETE http://10.180.1.21/identity/v3/users/9ff067a211a946dd892822bc5e6144c4 0.143s
2025-01-16 14:52:12.006 68437 INFO tempest.lib.common.rest_client [req-2e56f514-75a3-4119-bb73-2ac5ef365e4f req-2e56f514-75a3-4119-bb73-2ac5ef365e4f ] Request (QuotasAdminTestV257:tearDownClass): 204 DELETE http://10.180.1.21/identity/v3/users/792db0f57ec9448ea8abf016ef8b7cd5 0.106s
2025-01-16 14:52:12.006 68437 INFO tempest.lib.common.dynamic_creds [-] Deleting project and security group for project: 8eb7bda64f5f4ae99329c3d147f65c26
2025-01-16 14:52:12.008 68421 INFO tempest.lib.common.rest_client [req-0fdd71d5-aa57-4f74-bd9a-c5fdc7f7057d req-0fdd71d5-aa57-4f74-bd9a-c5fdc7f7057d ] Request (AttachVolumeShelveTestJSON:test_attach_volume_shelved_or_offload_server): 200 GET http://10.180.1.21/compute/v2.1/servers/b8cc8cd3-ea03-40bf-b867-7ad193365552 0.154s
2025-01-16 14:52:12.054 68423 INFO tempest.lib.common.rest_client [req-f84ff21e-d3cc-448f-9648-8389045953e5 req-f84ff21e-d3cc-448f-9648-8389045953e5 ] Request (ServersTestMultiNic:test_verify_multiple_nics_order): 200 GET http://10.180.1.21/compute/v2.1/servers/dc3317e4-6958-4df6-8e39-c89b4a5d861c 0.279s
2025-01-16 14:52:12.058 68393 INFO tempest.lib.common.rest_client [req-e2b0e9db-0ae7-4025-bec0-a40de11deaba req-e2b0e9db-0ae7-4025-bec0-a40de11deaba ] Request (AttachInterfacesUnderV243Test:test_add_remove_fixed_ip): 200 GET http://10.180.1.21/compute/v2.1/servers/7febb8b4-f984-4d79-a888-b2829f2a9df6 0.170s
2025-01-16 14:52:12.082 68437 INFO tempest.lib.common.rest_client [req-4ee12ee1-d352-4a66-b0a6-828459f5f512 req-4ee12ee1-d352-4a66-b0a6-828459f5f512 ] Request (QuotasAdminTestV257:tearDownClass): 201 POST http://10.180.1.21/identity/v3/auth/tokens 0.075s
2025-01-16 14:52:12.103 68433 INFO tempest.lib.common.rest_client [req-bed89786-d6b5-47e3-99bc-f844b7fc8cd2 req-bed89786-d6b5-47e3-99bc-f844b7fc8cd2 ] Request (ServersTestBootFromVolume:setUpClass): 200 GET http://10.180.1.21/compute/v2.1/servers/b96d1351-f3a7-4bac-998c-a34ab2606041 0.166s
2025-01-16 14:52:12.167 68395 INFO tempest.lib.common.rest_client [req-710e0ae9-37f6-4795-a6d8-800a900f7bdf req-710e0ae9-37f6-4795-a6d8-800a900f7bdf ] Request (InstanceActionsTestJSON:tearDownClass): 200 GET http://10.180.1.21/compute/v2.1/servers/9062e606-511f-4fe7-9621-90b3c0e51eec 0.155s
2025-01-16 14:52:12.172 68431 INFO tempest.lib.common.rest_client [req-9ae83b72-b856-40c1-93cd-da4c7dd8d8a5 req-9ae83b72-b856-40c1-93cd-da4c7dd8d8a5 ] Request (AttachInterfacesV270Test:test_create_get_list_interfaces): 200 GET http://10.180.1.21/compute/v2.1/servers/ecd6ff7d-802b-4f75-afc4-b99fe5b3ded5 0.170s
2025-01-16 14:52:12.233 68437 INFO tempest.lib.common.rest_client [req-1bb4c3a3-9d3e-4c0f-8fb5-e9e6f6eb0f3b req-1bb4c3a3-9d3e-4c0f-8fb5-e9e6f6eb0f3b ] Request (QuotasAdminTestV257:tearDownClass): 200 GET http://10.180.1.21:9696/networking/v2.0/security-groups?tenant_id=8eb7bda64f5f4ae99329c3d147f65c26&name=default 0.151s
2025-01-16 14:52:12.234 68397 INFO tempest.lib.common.rest_client [req-b1e8a8d0-3037-4410-b6e2-2ead4084b0a2 req-b1e8a8d0-3037-4410-b6e2-2ead4084b0a2 ] Request (VolumesAdminNegativeTest:test_update_attached_volume_with_nonexistent_volume_in_body): 200 GET http://10.180.1.21/compute/v2.1/servers/b9f30f87-3594-4468-9d29-70890d8761e3 0.169s
2025-01-16 14:52:12.235 68411 INFO tempest.lib.common.rest_client [req-47d0b807-9785-4dfb-b2c4-5b8d879f0472 req-47d0b807-9785-4dfb-b2c4-5b8d879f0472 ] Request (ImagesOneServerTestJSON:setUpClass): 200 GET http://10.180.1.21/compute/v2.1/servers/35f0435c-fe46-46ab-bc71-c21bb0ad3d55 0.179s
2025-01-16 14:52:12.295 68405 INFO tempest.lib.common.rest_client [req-41a7c6b8-e85d-46bc-8979-c2e050873f3e req-41a7c6b8-e85d-46bc-8979-c2e050873f3e ] Request (ServerMetadataNegativeTestJSON:tearDownClass): 200 GET http://10.180.1.21/compute/v2.1/servers/4dfe9f82-7f89-486b-b159-948656d2896c 0.157s
2025-01-16 14:52:12.314 68437 INFO tempest.lib.common.rest_client [req-5e3ecc67-4010-464a-813c-da4eade5a708 req-5e3ecc67-4010-464a-813c-da4eade5a708 ] Request (QuotasAdminTestV257:tearDownClass): 204 DELETE http://10.180.1.21:9696/networking/v2.0/security-groups/5c20571e-52f7-4077-a318-e1e2399eab76 0.080s
2025-01-16 14:52:12.344 68444 INFO tempest.lib.common.rest_client [req-1478dc6b-6e55-4dcd-b58b-4c52a6be12bc req-1478dc6b-6e55-4dcd-b58b-4c52a6be12bc ] Request (AttachVolumeTestJSON:test_attach_detach_volume): 200 GET http://10.180.1.21/compute/v2.1/servers/59b5b883-4188-471c-8862-444f3ce08cb0 0.145s
2025-01-16 14:52:12.352 68381 INFO tempest.lib.common.rest_client [req-3224f6fc-40da-4b97-add5-11e2813ee2df req-3224f6fc-40da-4b97-add5-11e2813ee2df ] Request (ServerExternalEventsTest:test_create_server_external_events): 200 GET http://10.180.1.21/compute/v2.1/servers/b14bb74a-5e13-4d15-97d4-ee7b2d67f2e6 0.193s
2025-01-16 14:52:12.376 68437 INFO tempest.lib.common.rest_client [req-27f973a6-a4f1-4097-9c17-883cca6ead95 req-27f973a6-a4f1-4097-9c17-883cca6ead95 ] Request (QuotasAdminTestV257:tearDownClass): 204 DELETE http://10.180.1.21/identity/v3/projects/8eb7bda64f5f4ae99329c3d147f65c26 0.061s
2025-01-16 14:52:12.376 68437 INFO tempest.lib.common.dynamic_creds [-] Deleting project and security group for project: d2ca563c025642a48800b8192bd3de6c
2025-01-16 14:52:12.393 68383 INFO tempest.lib.common.rest_client [req-f86e1c76-d340-4076-848c-1441925a33e5 req-f86e1c76-d340-4076-848c-1441925a33e5 ] Request (ImagesNegativeTestJSON:test_create_image_from_deleted_server): 200 GET http://10.180.1.21/compute/v2.1/servers/db018af0-7bdf-40c5-b129-fde15dfb8ab4 0.143s
2025-01-16 14:52:12.404 68387 INFO tempest.lib.common.rest_client [req-9761454e-ab3c-462f-83f1-75bca98ec707 req-9761454e-ab3c-462f-83f1-75bca98ec707 ] Request (DeleteServersTestJSON:test_delete_active_server): 200 GET http://10.180.1.21/compute/v2.1/servers/487c2c9d-2cd2-4912-8613-e1bfac732c40 0.105s
2025-01-16 14:52:12.447 68399 INFO tempest.lib.common.rest_client [req-886a3308-154e-4f1e-a7b2-32845571d8f5 req-886a3308-154e-4f1e-a7b2-32845571d8f5 ] Request (ServerGroupTestJSON:test_create_server_with_scheduler_hint_group): 200 GET http://10.180.1.21/compute/v2.1/servers/5f1237ff-5841-41f1-8d77-df9fabaa62b6 0.114s
2025-01-16 14:52:12.447 68439 WARNING tempest.lib.common.ssh [-] Failed to establish authenticated ssh connection to cirros@10.180.180.144 ([Errno None] Unable to connect to port 22 on 10.180.180.144). Number attempts: 7. Retry after 8 seconds.: paramiko.ssh_exception.NoValidConnectionsError: [Errno None] Unable to connect to port 22 on 10.180.180.144
2025-01-16 14:52:12.459 68435 INFO tempest.lib.common.rest_client [req-8b4d1d90-fd2e-4e74-9107-1aa5c144b680 req-8b4d1d90-fd2e-4e74-9107-1aa5c144b680 ] Request (ServerAddressesTestJSON:setUpClass): 200 GET http://10.180.1.21/compute/v2.1/servers/69bcac33-d6ac-4ee7-b674-58ab25389149 0.070s
2025-01-16 14:52:12.473 68437 INFO tempest.lib.common.rest_client [req-c6a570b2-7c0e-433b-994f-32b921d08c57 req-c6a570b2-7c0e-433b-994f-32b921d08c57 ] Request (QuotasAdminTestV257:tearDownClass): 200 GET http://10.180.1.21:9696/networking/v2.0/security-groups?tenant_id=d2ca563c025642a48800b8192bd3de6c&name=default 0.097s
2025-01-16 14:52:12.492 68408 INFO tempest.lib.common.rest_client [req-c9c40b3e-6294-4485-a2a9-e5e19e4556ee req-c9c40b3e-6294-4485-a2a9-e5e19e4556ee ] Request (ServerRescueNegativeTestJSON:setUpClass): 200 GET http://10.180.1.21/compute/v2.1/servers/6d80ec06-8559-4964-8577-a2512aa366ed 0.068s
2025-01-16 14:52:12.519 68409 INFO tempest.lib.common.rest_client [req-bb0ac7fb-122b-436a-9cff-47da029ce74c req-bb0ac7fb-122b-436a-9cff-47da029ce74c ] Request (ListImageFiltersTestJSON:setUpClass): 200 GET http://10.180.1.21/compute/v2.1/servers/387b7f14-f3c1-43ed-8c4e-6de3ce9822e2 0.046s
2025-01-16 14:52:12.545 68437 INFO tempest.lib.common.rest_client [req-47dc813d-569a-4292-80fc-f60bf3cc3ced req-47dc813d-569a-4292-80fc-f60bf3cc3ced ] Request (QuotasAdminTestV257:tearDownClass): 204 DELETE http://10.180.1.21:9696/networking/v2.0/security-groups/856fc189-401c-46e7-a618-58cbcf3a05fb 0.071s
2025-01-16 14:52:12.626 68425 INFO tempest.lib.common.rest_client [req-68a08252-5b63-4d02-b087-80f6ce3d9e95 req-68a08252-5b63-4d02-b087-80f6ce3d9e95 ] Request (ServersAdmin275Test:tearDownClass): 200 GET http://10.180.1.21/compute/v2.1/servers/384a96ea-40ce-43e1-a5f9-82f50b710b0b 0.053s
2025-01-16 14:52:12.630 68437 INFO tempest.lib.common.rest_client [req-7b03623f-ccb9-4e87-aece-dd8c75a16d0b req-7b03623f-ccb9-4e87-aece-dd8c75a16d0b ] Request (QuotasAdminTestV257:tearDownClass): 204 DELETE http://10.180.1.21/identity/v3/projects/d2ca563c025642a48800b8192bd3de6c 0.084s
2025-01-16 14:52:12.692 68437 INFO tempest.lib.common.rest_client [req-1a71e991-ef4e-4692-9bba-87f37d1513ff req-1a71e991-ef4e-4692-9bba-87f37d1513ff ] Request (FlavorsV2NegativeTest:setUpClass): 201 POST http://10.180.1.21/identity/v3/auth/tokens 0.060s
2025-01-16 14:52:12.732 68437 INFO tempest.lib.common.rest_client [req-174dfbb0-3a70-4508-8d83-8b26992619ed req-174dfbb0-3a70-4508-8d83-8b26992619ed ] Request (FlavorsV2NegativeTest:setUpClass): 201 POST http://10.180.1.21/identity/v3/auth/tokens 0.038s
2025-01-16 14:52:12.740 68427 INFO tempest.lib.common.rest_client [req-eb662f68-69f6-49f2-8a62-899e63e49c55 req-eb662f68-69f6-49f2-8a62-899e63e49c55 ] Request (MigrationsAdminTest:test_resize_server_revert_deleted_flavor): 200 GET http://10.180.1.21/compute/v2.1/servers/e158b5d4-c120-4e6c-89c4-7668e097926d 0.106s
2025-01-16 14:52:12.747 68391 INFO tempest.lib.common.rest_client [req-bf8ce697-10d0-4d6b-ac07-761f6a9b15d8 req-bf8ce697-10d0-4d6b-ac07-761f6a9b15d8 ] Request (ListServerFiltersTestJSON:setUpClass): 200 GET http://10.180.1.21/compute/v2.1/servers/41f068d3-2c8d-46f0-8d84-78531d28b0dd 0.061s
2025-01-16 14:52:12.759 68437 INFO tempest.lib.common.rest_client [req-8d6e65f9-d080-4d16-ba96-cba8dd297235 req-8d6e65f9-d080-4d16-ba96-cba8dd297235 ] Request (FlavorsV2NegativeTest:setUpClass): 200 GET http://10.180.1.21/identity/v3/domains?name=Default 0.027s
2025-01-16 14:52:12.792 68437 INFO tempest.lib.common.rest_client [req-7bc4b849-5a04-4440-9dff-78808e58e837 req-7bc4b849-5a04-4440-9dff-78808e58e837 ] Request (FlavorsV2NegativeTest:setUpClass): 201 POST http://10.180.1.21/identity/v3/projects 0.032s
2025-01-16 14:52:12.820 68401 INFO tempest.lib.common.rest_client [req-02801514-b72b-4356-8228-162edad1fc4c req-02801514-b72b-4356-8228-162edad1fc4c ] Request (ServersAdminTestJSON:test_create_server_with_scheduling_hint): 200 GET http://10.180.1.21/compute/v2.1/servers/02405b17-7022-4e2c-a357-415de88f63d0 0.088s
2025-01-16 14:52:12.853 68437 INFO tempest.lib.common.rest_client [req-d58919de-77dd-4aeb-a855-3544ab299ac8 req-d58919de-77dd-4aeb-a855-3544ab299ac8 ] Request (FlavorsV2NegativeTest:setUpClass): 201 POST http://10.180.1.21/identity/v3/users 0.060s
