2025-02-12 21:04:17.979 63386 INFO tempest.lib.common.rest_client [req-899ee625-5184-4d0d-bea1-51ed79e77e0f req-899ee625-5184-4d0d-bea1-51ed79e77e0f ] Request (DeleteServersAdminTestJSON:test_admin_delete_servers_of_others): 200 GET http://10.180.1.21/compute/v2.1/servers/0a169a9a-b915-4fb9-bcd9-547884a05c89 2.599s
2025-02-12 21:04:17.985 63404 INFO tempest.lib.common.rest_client [req-a88e5186-2d3a-4492-91a3-2fb99a27bf1d req-a88e5186-2d3a-4492-91a3-2fb99a27bf1d ] Request (KeyPairsV210TestJSON:setUpClass): 204 PUT http://10.180.1.21/identity/v3/projects/efe8b03872e1488f880a694b90d29471/users/eebf7686e6264478a3b33246852cc0bf/roles/ee984693c0534655a597ff4afc641037 0.080s
2025-02-12 21:04:18.007 63370 INFO tempest.lib.common.rest_client [req-408a1224-3bd9-4018-b123-89bdf2309403 req-408a1224-3bd9-4018-b123-89bdf2309403 ] Request (InstanceUsageAuditLogTestJSON:setUpClass): 201 POST http://10.180.1.21/identity/v3/auth/tokens 0.093s
2025-02-12 21:04:18.044 63404 INFO tempest.lib.common.rest_client [req-fb108eed-14e2-45a5-b935-e9214f04a9ad req-fb108eed-14e2-45a5-b935-e9214f04a9ad ] Request (KeyPairsV210TestJSON:setUpClass): 200 GET http://10.180.1.21/identity/v3/roles 0.058s
2025-02-12 21:04:18.067 63376 INFO tempest.lib.common.rest_client [req-4d29a223-82a5-4978-a212-73f12b5ac8b5 req-4d29a223-82a5-4978-a212-73f12b5ac8b5 ] Request (ServersAdminNegativeTestJSON:setUpClass): 200 GET http://10.180.1.21/compute/v2.1/servers/880592dc-3d7e-4ad8-ae77-1da91e495e94 3.054s
2025-02-12 21:04:18.068 63404 INFO tempest.lib.common.rest_client [req-9f290e8d-ed18-473b-9096-8a808a234aac req-9f290e8d-ed18-473b-9096-8a808a234aac ] Request (KeyPairsV210TestJSON:setUpClass): 204 PUT http://10.180.1.21/identity/v3/projects/efe8b03872e1488f880a694b90d29471/users/eebf7686e6264478a3b33246852cc0bf/roles/ee984693c0534655a597ff4afc641037 0.023s
2025-02-12 21:04:18.068 63404 INFO tempest.lib.common.dynamic_creds [-] Dynamic test user eebf7686e6264478a3b33246852cc0bf is created with scope project and roles: ['admin']
2025-02-12 21:04:18.068 63404 INFO tempest.lib.common.dynamic_creds [-] Acquired dynamic creds: credentials: Credentials: {'domain_id': 'default', 'domain_name': 'Default', 'username': 'tempest-KeyPairsV210TestJSON-1534115824-project-admin', 'project_domain_id': 'default', 'project_domain_name': 'Default', 'project_id': 'efe8b03872e1488f880a694b90d29471', 'project_name': 'tempest-KeyPairsV210TestJSON-1534115824', 'tenant_id': 'efe8b03872e1488f880a694b90d29471', 'tenant_name': 'tempest-KeyPairsV210TestJSON-1534115824', 'user_domain_id': 'default', 'user_domain_name': 'Default', 'user_id': 'eebf7686e6264478a3b33246852cc0bf', 'system': None}, Network: None, Subnet: None, Router: None
2025-02-12 21:04:18.068 63404 INFO tempest.lib.common.dynamic_creds [-] Created isolated network resources for: credentials: Credentials: {'domain_id': 'default', 'domain_name': 'Default', 'username': 'tempest-KeyPairsV210TestJSON-1534115824-project-admin', 'project_domain_id': 'default', 'project_domain_name': 'Default', 'project_id': 'efe8b03872e1488f880a694b90d29471', 'project_name': 'tempest-KeyPairsV210TestJSON-1534115824', 'tenant_id': 'efe8b03872e1488f880a694b90d29471', 'tenant_name': 'tempest-KeyPairsV210TestJSON-1534115824', 'user_domain_id': 'default', 'user_domain_name': 'Default', 'user_id': 'eebf7686e6264478a3b33246852cc0bf', 'system': None}, Network: None, Subnet: None, Router: None
2025-02-12 21:04:18.075 63376 INFO tempest.common.waiters [-] State transition "BUILD/block_device_mapping" ==> "BUILD/spawning" after 7 second wait
2025-02-12 21:04:18.080 63424 INFO tempest.lib.common.rest_client [req-6c675837-f72d-4e6f-b1e2-c819fdb69fcf req-6c675837-f72d-4e6f-b1e2-c819fdb69fcf ] Request (FloatingIPsAssociationNegativeTestJSON:setUpClass): 200 PUT http://10.180.1.21:9696/networking/v2.0/routers/7799f432-4b2d-4b7b-96e4-f4cd18f79071/add_router_interface 1.687s
2025-02-12 21:04:18.080 63424 INFO tempest.lib.common.dynamic_creds [-] Created isolated network resources for: credentials: Credentials: {'domain_id': 'default', 'domain_name': 'Default', 'username': 'tempest-FloatingIPsAssociationNegativeTestJSON-882467810-project-member', 'project_domain_id': 'default', 'project_domain_name': 'Default', 'project_id': 'a6fc66a86f664061a2a8221809004f0e', 'project_name': 'tempest-FloatingIPsAssociationNegativeTestJSON-882467810', 'tenant_id': 'a6fc66a86f664061a2a8221809004f0e', 'tenant_name': 'tempest-FloatingIPsAssociationNegativeTestJSON-882467810', 'user_domain_id': 'default', 'user_domain_name': 'Default', 'user_id': 'dd1055aa1bb94387ae2331cae67851d3', 'system': None}, Network: {'id': '00b572e6-f38e-4ea8-9ce5-2d23988c32fc', 'name': 'tempest-FloatingIPsAssociationNegativeTestJSON-1489362850-network', 'tenant_id': 'a6fc66a86f664061a2a8221809004f0e', 'admin_state_up': True, 'mtu': 8950, 'status': 'ACTIVE', 'subnets': [], 'shared': False, 'project_id': 'a6fc66a86f664061a2a8221809004f0e', 'port_security_enabled': True, 'router:external': False, 'provider:network_type': 'vlan', 'provider:physical_network': 'default', 'provider:segmentation_id': 73, 'availability_zone_hints': [], 'availability_zones': [], 'ipv4_address_scope': None, 'ipv6_address_scope': None, 'description': '', 'tags': [], 'created_at': '2025-02-12T21:04:13Z', 'updated_at': '2025-02-12T21:04:13Z', 'revision_number': 1}, Subnet: {'id': '2c651a03-a5b2-4d49-8692-74e26c8109f0', 'name': 'tempest-FloatingIPsAssociationNegativeTestJSON-1489362850-subnet', 'tenant_id': 'a6fc66a86f664061a2a8221809004f0e', 'network_id': '00b572e6-f38e-4ea8-9ce5-2d23988c32fc', 'ip_version': 4, 'subnetpool_id': None, 'enable_dhcp': True, 'ipv6_ra_mode': None, 'ipv6_address_mode': None, 'gateway_ip': '192.168.128.1', 'cidr': '192.168.128.0/28', 'allocation_pools': [{'start': '192.168.128.2', 'end': '192.168.128.14'}], 'host_routes': [], 'dns_nameservers': [], 'description': '', 'router:external': False, 'service_types': [], 'tags': [], 'created_at': '2025-02-12T21:04:14Z', 'updated_at': '2025-02-12T21:04:14Z', 'revision_number': 0, 'project_id': 'a6fc66a86f664061a2a8221809004f0e'}, Router: {'id': '7799f432-4b2d-4b7b-96e4-f4cd18f79071', 'name': 'tempest-FloatingIPsAssociationNegativeTestJSON-1489362850-router', 'tenant_id': 'a6fc66a86f664061a2a8221809004f0e', 'admin_state_up': True, 'status': 'ACTIVE', 'external_gateway_info': {'network_id': '5a42db3d-b643-4681-897a-3523b4308212', 'external_fixed_ips': [{'subnet_id': 'fc725d34-c601-4121-abf7-1ac5d462fa6f', 'ip_address': '10.180.180.153'}], 'enable_snat': True}, 'description': '', 'availability_zones': [], 'distributed': False, 'ha': False, 'availability_zone_hints': [], 'routes': [], 'flavor_id': None, 'tags': [], 'created_at': '2025-02-12T21:04:14Z', 'updated_at': '2025-02-12T21:04:15Z', 'revision_number': 2, 'project_id': 'a6fc66a86f664061a2a8221809004f0e'}
2025-02-12 21:04:18.095 63362 INFO tempest.lib.common.rest_client [req-0e2f075f-1fca-4f67-af3a-20d4fc01be75 req-0e2f075f-1fca-4f67-af3a-20d4fc01be75 ] Request (ImagesMetadataNegativeTestJSON:test_update_nonexistent_image_metadata): 404 POST http://10.180.1.21/compute/v2.1/images/9ef1251d-f01f-4b13-8509-70f82c9301da/metadata 2.677s
2025-02-12 21:04:18.154 63404 INFO tempest.lib.common.rest_client [req-d8002ada-bdfb-4306-84d1-53012e265c3f req-d8002ada-bdfb-4306-84d1-53012e265c3f ] Request (KeyPairsV210TestJSON:setUpClass): 201 POST http://10.180.1.21/identity/v3/auth/tokens 0.082s
2025-02-12 21:04:18.266 63418 INFO tempest.lib.common.rest_client [req-15faeebd-0077-48b2-a464-5e189b31adfd req-15faeebd-0077-48b2-a464-5e189b31adfd ] Request (TenantUsagesTestJSON:setUpClass): 200 GET http://10.180.1.21/compute/v2.1/servers/471ac034-2d40-488b-920c-308e84121373 2.734s
2025-02-12 21:04:18.270 63400 INFO tempest.lib.common.rest_client [req-c41441db-297a-4b6c-add0-6d6e75adf2ef req-c41441db-297a-4b6c-add0-6d6e75adf2ef ] Request (QuotasAdminNegativeTest:test_create_server_when_instances_quota_is_full): 200 PUT http://10.180.1.21/compute/v2.1/os-quota-sets/8c526c14d99a42909aa790ede64e40a6 2.877s
2025-02-12 21:04:18.277 63418 INFO tempest.common.waiters [-] State transition "BUILD/None" ==> "BUILD/spawning" after 7 second wait
2025-02-12 21:04:18.326 63424 INFO tempest.lib.common.rest_client [req-75e899f5-f90e-4619-b8c8-9a4e66fddcc3 req-75e899f5-f90e-4619-b8c8-9a4e66fddcc3 ] Request (FloatingIPsAssociationNegativeTestJSON:setUpClass): 201 POST http://10.180.1.21/identity/v3/auth/tokens 0.243s
2025-02-12 21:04:18.342 63422 INFO tempest.lib.common.rest_client [req-fe0902e7-8170-4250-b2cf-3f6f811484fb req-fe0902e7-8170-4250-b2cf-3f6f811484fb ] Request (ServerGroup264TestJSON:setUpClass): 201 POST http://10.180.1.21:9696/networking/v2.0/subnets 0.985s
2025-02-12 21:04:18.348 63408 INFO tempest.lib.common.rest_client [req-d0375cc5-e632-4a6c-8fbd-bf09b4e96025 req-d0375cc5-e632-4a6c-8fbd-bf09b4e96025 ] Request (AggregatesAdminNegativeTestJSON:test_aggregate_add_existent_host): 409 POST http://10.180.1.21/compute/v2.1/os-aggregates/1/action 2.690s
2025-02-12 21:04:18.352 63390 INFO tempest.lib.common.rest_client [req-1bca1831-6ff0-4502-b30d-1c5e5a8ffd37 req-1bca1831-6ff0-4502-b30d-1c5e5a8ffd37 ] Request (FlavorsExtraSpecsNegativeTestJSON:test_flavor_non_admin_unset_keys): 403 DELETE http://10.180.1.21/compute/v2.1/flavors/1718591661/os-extra_specs/hw:numa_nodes 2.661s
2025-02-12 21:04:18.365 63366 INFO tempest.lib.common.rest_client [req-b67b3b5b-a2af-4405-b409-364bdd06c433 req-b67b3b5b-a2af-4405-b409-364bdd06c433 ] Request (HostsAdminNegativeTestJSON:test_show_host_detail_with_non_admin_user): 403 GET http://10.180.1.21/compute/v2.1/os-hosts/devstack 2.657s
2025-02-12 21:04:18.373 63382 INFO tempest.lib.common.rest_client [req-d431f62f-4c3a-4af2-8008-24edac752153 req-d431f62f-4c3a-4af2-8008-24edac752153 ] Request (MigrationsAdminTest:test_list_migrations_in_flavor_resize_situation): 200 GET http://10.180.1.21/compute/v2.1/servers/80805db5-2215-4d5a-9b38-e4d82d76ffbe 2.725s
2025-02-12 21:04:18.387 63362 INFO tempest.lib.common.rest_client [req-ab933552-cb00-46a0-94fe-8961bc4847c8 req-ab933552-cb00-46a0-94fe-8961bc4847c8 ] Request (ImagesMetadataNegativeTestJSON:tearDownClass): 204 DELETE http://10.180.1.21/identity/v3/users/ff8ad5aa50424979a778b0eaebb10359 0.289s
2025-02-12 21:04:18.388 63362 INFO tempest.lib.common.dynamic_creds [-] Deleting project and security group for project: 0681e3a7d609422b811f5f45c017241b
2025-02-12 21:04:18.389 63400 INFO tempest.lib.common.rest_client [req-1e89e11c-04fb-42cc-8994-5b078a839720 req-1e89e11c-04fb-42cc-8994-5b078a839720 ] Request (QuotasAdminNegativeTest:test_create_server_when_instances_quota_is_full): 201 POST http://10.180.1.21/identity/v3/auth/tokens 0.109s
2025-02-12 21:04:18.390 63400 INFO tempest.lib.common.fixed_network [-] (QuotasAdminNegativeTest:test_create_server_when_instances_quota_is_full) Found network None available for tenant
2025-02-12 21:04:18.442 63424 INFO tempest.lib.common.rest_client [req-540bcf2b-f2b8-49a4-ae13-4fae6da42b55 req-540bcf2b-f2b8-49a4-ae13-4fae6da42b55 ] Request (FloatingIPsAssociationNegativeTestJSON:setUpClass): 201 POST http://10.180.1.21/identity/v3/auth/tokens 0.111s
2025-02-12 21:04:18.442 63424 INFO tempest.lib.common.fixed_network [-] (FloatingIPsAssociationNegativeTestJSON:setUpClass) Found network {'id': '00b572e6-f38e-4ea8-9ce5-2d23988c32fc', 'name': 'tempest-FloatingIPsAssociationNegativeTestJSON-1489362850-network', 'tenant_id': 'a6fc66a86f664061a2a8221809004f0e', 'admin_state_up': True, 'mtu': 8950, 'status': 'ACTIVE', 'subnets': [], 'shared': False, 'project_id': 'a6fc66a86f664061a2a8221809004f0e', 'port_security_enabled': True, 'router:external': False, 'provider:network_type': 'vlan', 'provider:physical_network': 'default', 'provider:segmentation_id': 73, 'availability_zone_hints': [], 'availability_zones': [], 'ipv4_address_scope': None, 'ipv6_address_scope': None, 'description': '', 'tags': [], 'created_at': '2025-02-12T21:04:13Z', 'updated_at': '2025-02-12T21:04:13Z', 'revision_number': 1} available for tenant
2025-02-12 21:04:18.520 63420 INFO tempest.lib.common.rest_client [req-7bc07998-82b1-4e9c-971c-fa6e99255a40 req-7bc07998-82b1-4e9c-971c-fa6e99255a40 ] Request (FlavorsExtraSpecsTestJSON:test_flavor_non_admin_get_all_keys): 200 GET http://10.180.1.21/compute/v2.1/flavors/374678963/os-extra_specs 2.792s
2025-02-12 21:04:18.560 63362 INFO tempest.lib.common.rest_client [req-7f8f88a1-f582-4b4d-b2bc-7375e9d4ab99 req-7f8f88a1-f582-4b4d-b2bc-7375e9d4ab99 ] Request (ImagesMetadataNegativeTestJSON:tearDownClass): 201 POST http://10.180.1.21/identity/v3/auth/tokens 0.172s
2025-02-12 21:04:18.606 63414 INFO tempest.lib.common.rest_client [req-bceeb8b7-75e6-4a0b-82c7-3fb6f38cfcac req-bceeb8b7-75e6-4a0b-82c7-3fb6f38cfcac ] Request (ServicesAdminNegativeTestJSON:test_get_service_by_invalid_params): 200 GET http://10.180.1.21/compute/v2.1/os-services 2.436s
2025-02-12 21:04:18.674 63396 INFO tempest.lib.common.rest_client [req-3e89ec9a-f842-4b28-8f6f-2574c8bd7f5c req-3e89ec9a-f842-4b28-8f6f-2574c8bd7f5c ] Request (SecurityGroupsTestJSON:test_list_security_groups_by_server): 200 GET http://10.180.1.21/compute/v2.1/servers/1f9e63fc-b3df-4435-ae2c-afe64c256f93 1.879s
2025-02-12 21:04:18.839 63394 INFO tempest.lib.common.rest_client [req-c5275077-d4d0-4d07-9a97-1f83b096b773 req-c5275077-d4d0-4d07-9a97-1f83b096b773 ] Request (ServerDiagnosticsTest:test_get_server_diagnostics): 200 GET http://10.180.1.21/compute/v2.1/servers/8362c470-7c23-4313-996b-982eb6e696a2 1.925s
2025-02-12 21:04:18.842 63362 INFO tempest.lib.common.rest_client [req-39c9028c-bbfd-4d77-bde0-fd16cd8ad19c req-39c9028c-bbfd-4d77-bde0-fd16cd8ad19c ] Request (ImagesMetadataNegativeTestJSON:tearDownClass): 200 GET http://10.180.1.21:9696/networking/v2.0/security-groups?tenant_id=0681e3a7d609422b811f5f45c017241b&name=default 0.281s
2025-02-12 21:04:18.848 63394 INFO tempest.common.waiters [-] State transition "BUILD/None" ==> "BUILD/spawning" after 5 second wait
2025-02-12 21:04:19.026 63362 INFO tempest.lib.common.rest_client [req-d9174301-9292-4c49-b64f-2ff69f084a5e req-d9174301-9292-4c49-b64f-2ff69f084a5e ] Request (ImagesMetadataNegativeTestJSON:tearDownClass): 204 DELETE http://10.180.1.21:9696/networking/v2.0/security-groups/999687a7-ff5c-419d-99a8-efff2a8c3045 0.182s
2025-02-12 21:04:19.065 63402 INFO tempest.lib.common.rest_client [req-e452ee4c-1663-46fc-856d-77f26e1fd598 req-e452ee4c-1663-46fc-856d-77f26e1fd598 ] Request (DeleteServersTestJSON:test_delete_active_server): 202 POST http://10.180.1.21/compute/v2.1/servers 2.906s
2025-02-12 21:04:19.070 63410 INFO tempest.lib.common.rest_client [req-42d25b95-8f83-40e4-a361-d0c554b5e304 req-42d25b95-8f83-40e4-a361-d0c554b5e304 ] Request (SecurityGroupRulesTestJSON:test_security_group_rules_create_with_optional_group_id): 200 POST http://10.180.1.21/compute/v2.1/os-security-groups 2.049s
2025-02-12 21:04:19.096 63372 INFO tempest.lib.common.rest_client [req-88a64ff0-df3b-4d0a-8def-f6da9978179b req-88a64ff0-df3b-4d0a-8def-f6da9978179b ] Request (FlavorsAdminTestJSON:test_create_flavor_verify_entry_in_list_details): 200 GET http://10.180.1.21/compute/v2.1/flavors/detail 2.052s
2025-02-12 21:04:19.100 63412 INFO tempest.lib.common.rest_client [req-3a574232-387f-4a12-9c04-d7764d45d357 req-3a574232-387f-4a12-9c04-d7764d45d357 ] Request (VolumesAssistedSnapshotsTest:setUpClass): 200 PUT http://10.180.1.21:9696/networking/v2.0/routers/f9dcc4ce-50c6-493d-92d9-4eb5b7741ace/add_router_interface 1.943s
2025-02-12 21:04:19.100 63412 INFO tempest.lib.common.dynamic_creds [-] Created isolated network resources for: credentials: Credentials: {'domain_id': 'default', 'domain_name': 'Default', 'username': 'tempest-VolumesAssistedSnapshotsTest-2112915558-project', 'project_domain_id': 'default', 'project_domain_name': 'Default', 'project_id': 'c71a04b678d14d4d9d09ede5ebd44bfd', 'project_name': 'tempest-VolumesAssistedSnapshotsTest-2112915558', 'tenant_id': 'c71a04b678d14d4d9d09ede5ebd44bfd', 'tenant_name': 'tempest-VolumesAssistedSnapshotsTest-2112915558', 'user_domain_id': 'default', 'user_domain_name': 'Default', 'user_id': 'ea6a32775818437a9a549eeeb08a19f1', 'system': None}, Network: {'id': '1169eebc-0c9f-4e3c-9003-91d9ddd5ce6b', 'name': 'tempest-VolumesAssistedSnapshotsTest-1163050039-network', 'tenant_id': 'c71a04b678d14d4d9d09ede5ebd44bfd', 'admin_state_up': True, 'mtu': 8950, 'status': 'ACTIVE', 'subnets': [], 'shared': False, 'project_id': 'c71a04b678d14d4d9d09ede5ebd44bfd', 'port_security_enabled': True, 'router:external': False, 'provider:network_type': 'vlan', 'provider:physical_network': 'default', 'provider:segmentation_id': 904, 'availability_zone_hints': [], 'availability_zones': [], 'ipv4_address_scope': None, 'ipv6_address_scope': None, 'description': '', 'tags': [], 'created_at': '2025-02-12T21:04:14Z', 'updated_at': '2025-02-12T21:04:14Z', 'revision_number': 1}, Subnet: {'id': '7fc2ac6e-f091-49db-bd07-e84870605971', 'name': 'tempest-VolumesAssistedSnapshotsTest-1163050039-subnet', 'tenant_id': 'c71a04b678d14d4d9d09ede5ebd44bfd', 'network_id': '1169eebc-0c9f-4e3c-9003-91d9ddd5ce6b', 'ip_version': 4, 'subnetpool_id': None, 'enable_dhcp': True, 'ipv6_ra_mode': None, 'ipv6_address_mode': None, 'gateway_ip': '192.168.128.1', 'cidr': '192.168.128.0/28', 'allocation_pools': [{'start': '192.168.128.2', 'end': '192.168.128.14'}], 'host_routes': [], 'dns_nameservers': [], 'description': '', 'router:external': False, 'service_types': [], 'tags': [], 'created_at': '2025-02-12T21:04:14Z', 'updated_at': '2025-02-12T21:04:14Z', 'revision_number': 0, 'project_id': 'c71a04b678d14d4d9d09ede5ebd44bfd'}, Router: {'id': 'f9dcc4ce-50c6-493d-92d9-4eb5b7741ace', 'name': 'tempest-VolumesAssistedSnapshotsTest-1163050039-router', 'tenant_id': 'c71a04b678d14d4d9d09ede5ebd44bfd', 'admin_state_up': True, 'status': 'ACTIVE', 'external_gateway_info': {'network_id': '5a42db3d-b643-4681-897a-3523b4308212', 'external_fixed_ips': [{'subnet_id': 'fc725d34-c601-4121-abf7-1ac5d462fa6f', 'ip_address': '10.180.180.197'}], 'enable_snat': True}, 'description': '', 'availability_zones': [], 'distributed': False, 'ha': False, 'availability_zone_hints': [], 'routes': [], 'flavor_id': None, 'tags': [], 'created_at': '2025-02-12T21:04:15Z', 'updated_at': '2025-02-12T21:04:16Z', 'revision_number': 2, 'project_id': 'c71a04b678d14d4d9d09ede5ebd44bfd'}
2025-02-12 21:04:19.104 63378 INFO tempest.lib.common.rest_client [req-17a648b1-a703-4f3e-9a9c-8a3acba0f23a req-17a648b1-a703-4f3e-9a9c-8a3acba0f23a ] Request (HypervisorAdminNegativeTestJSON:test_get_hypervisor_uptime_with_non_admin_user): 403 GET http://10.180.1.21/compute/v2.1/os-hypervisors/1/uptime 1.794s
2025-02-12 21:04:19.117 63362 INFO tempest.lib.common.rest_client [req-08cec7d2-e2ee-4661-b307-49151fbace6d req-08cec7d2-e2ee-4661-b307-49151fbace6d ] Request (ImagesMetadataNegativeTestJSON:tearDownClass): 204 DELETE http://10.180.1.21/identity/v3/projects/0681e3a7d609422b811f5f45c017241b 0.090s
2025-02-12 21:04:19.184 63362 INFO tempest.lib.common.rest_client [req-067c763d-5075-47cd-a932-d0fad6ff43ee req-067c763d-5075-47cd-a932-d0fad6ff43ee ] Request (ServerDiskConfigTestJSON:setUpClass): 201 POST http://10.180.1.21/identity/v3/auth/tokens 0.066s
2025-02-12 21:04:19.191 63412 INFO tempest.lib.common.rest_client [req-b6418f01-c4a1-43d2-a66a-a0cd84ca84cd req-b6418f01-c4a1-43d2-a66a-a0cd84ca84cd ] Request (VolumesAssistedSnapshotsTest:setUpClass): 201 POST http://10.180.1.21/identity/v3/auth/tokens 0.087s
2025-02-12 21:04:19.314 63416 INFO tempest.lib.common.rest_client [req-7d463d71-a96b-473b-b5c6-a5e9dbfbdc80 req-7d463d71-a96b-473b-b5c6-a5e9dbfbdc80 ] Request (QuotasAdminTestV257:test_get_updated_quotas): 200 GET http://10.180.1.21/compute/v2.1/os-quota-sets/5f2df773a26c4757b131e06ac48be531?user_id=7b114979083b41798030fca583039eb0 1.893s
2025-02-12 21:04:19.317 63362 INFO tempest.lib.common.rest_client [req-91a50a26-0d69-47f5-96ef-30af237ffc9d req-91a50a26-0d69-47f5-96ef-30af237ffc9d ] Request (ServerDiskConfigTestJSON:setUpClass): 201 POST http://10.180.1.21/identity/v3/auth/tokens 0.075s
2025-02-12 21:04:19.357 63362 INFO tempest.lib.common.rest_client [req-14c32ff2-177f-4f41-ae5b-7e12059a25a1 req-14c32ff2-177f-4f41-ae5b-7e12059a25a1 ] Request (ServerDiskConfigTestJSON:setUpClass): 200 GET http://10.180.1.21/identity/v3/domains?name=Default 0.039s
2025-02-12 21:04:19.394 63422 INFO tempest.lib.common.rest_client [req-88403112-a3a9-455d-87ef-cc3c2161008b req-88403112-a3a9-455d-87ef-cc3c2161008b ] Request (ServerGroup264TestJSON:setUpClass): 201 POST http://10.180.1.21:9696/networking/v2.0/routers 1.051s
2025-02-12 21:04:19.398 63362 INFO tempest.lib.common.rest_client [req-623fd0a5-0a32-4cac-b8c3-4df866100c82 req-623fd0a5-0a32-4cac-b8c3-4df866100c82 ] Request (ServerDiskConfigTestJSON:setUpClass): 201 POST http://10.180.1.21/identity/v3/projects 0.041s
2025-02-12 21:04:19.426 63416 INFO tempest.lib.common.rest_client [req-8025b9b5-499c-4db6-9686-f38d2040e681 req-8025b9b5-499c-4db6-9686-f38d2040e681 ] Request (QuotasAdminTestV257:_run_cleanups): 204 DELETE http://10.180.1.21/identity/v3/users/7b114979083b41798030fca583039eb0 0.110s
2025-02-12 21:04:19.434 63388 INFO tempest.lib.common.rest_client [req-8de0a4d7-3c21-4446-b6fb-46edf95c59c1 req-8de0a4d7-3c21-4446-b6fb-46edf95c59c1 ] Request (SecurityGroupsNegativeTestJSON:test_delete_the_default_security_group): 400 DELETE http://10.180.1.21/compute/v2.1/os-security-groups/63ec2e37-cb78-4062-8ec7-1dbccfb4b57c 1.926s
2025-02-12 21:04:19.467 63406 INFO tempest.lib.common.rest_client [req-42d5213f-546e-475e-83c6-a8b4b4529530 req-42d5213f-546e-475e-83c6-a8b4b4529530 ] Request (FlavorsAccessTestJSON:test_flavor_access_add_remove): 200 GET http://10.180.1.21/compute/v2.1/flavors/detail 1.851s
2025-02-12 21:04:19.505 63380 INFO tempest.lib.common.rest_client [req-a06f3578-1920-4f19-aaa1-2e8bc164e07f req-a06f3578-1920-4f19-aaa1-2e8bc164e07f ] Request (FlavorsV261TestJSON:test_crud_flavor): 200 GET http://10.180.1.21/compute/v2.1/flavors 1.845s
2025-02-12 21:04:19.506 63362 INFO tempest.lib.common.rest_client [req-3997b726-d939-49f5-888d-97bb0be9fc22 req-3997b726-d939-49f5-888d-97bb0be9fc22 ] Request (ServerDiskConfigTestJSON:setUpClass): 201 POST http://10.180.1.21/identity/v3/users 0.107s
2025-02-12 21:04:19.518 63384 INFO tempest.lib.common.rest_client [req-b12254e3-80f1-4d2a-9a85-fa694f7b0e38 req-b12254e3-80f1-4d2a-9a85-fa694f7b0e38 ] Request (FlavorsAccessNegativeTestJSON:test_flavor_access_list_with_public_flavor): 404 GET http://10.180.1.21/compute/v2.1/flavors/693774302/os-flavor-access 1.841s
2025-02-12 21:04:19.529 63362 INFO tempest.lib.common.rest_client [req-7de47602-b74c-455b-97c2-45ac199ac692 req-7de47602-b74c-455b-97c2-45ac199ac692 ] Request (ServerDiskConfigTestJSON:setUpClass): 200 GET http://10.180.1.21/identity/v3/roles 0.023s
2025-02-12 21:04:19.532 63368 INFO tempest.lib.common.rest_client [req-77904441-89ad-476b-ad78-6296e1757736 req-77904441-89ad-476b-ad78-6296e1757736 ] Request (ServersWithSpecificFlavorTestJSON:test_verify_created_server_ephemeral_disk): 200 GET http://10.180.1.21/compute/v2.1/flavors/42/os-extra_specs 1.825s
2025-02-12 21:04:19.552 63416 INFO tempest.lib.common.rest_client [req-b13ca2a1-5373-47b0-937e-039b143befd8 req-b13ca2a1-5373-47b0-937e-039b143befd8 ] Request (QuotasAdminTestV257:_run_cleanups): 204 DELETE http://10.180.1.21/identity/v3/projects/5f2df773a26c4757b131e06ac48be531 0.125s
2025-02-12 21:04:19.589 63362 INFO tempest.lib.common.rest_client [req-f98e8a19-7945-46f1-9e7f-5c8c153a681a req-f98e8a19-7945-46f1-9e7f-5c8c153a681a ] Request (ServerDiskConfigTestJSON:setUpClass): 204 PUT http://10.180.1.21/identity/v3/projects/c3632a8901bc41258430a525fd41a1bb/users/842109cf75544c0782e6c3d73e24956b/roles/2bd67354d6fd4d0b8e2004983e2cdea4 0.059s
2025-02-12 21:04:19.590 63362 INFO tempest.lib.common.dynamic_creds [-] Dynamic test user 842109cf75544c0782e6c3d73e24956b is created with scope project and roles: ['member']
2025-02-12 21:04:19.590 63362 INFO tempest.lib.common.dynamic_creds [-] Acquired dynamic creds: credentials: Credentials: {'domain_id': 'default', 'domain_name': 'Default', 'username': 'tempest-ServerDiskConfigTestJSON-2101318993-project-member', 'project_domain_id': 'default', 'project_domain_name': 'Default', 'project_id': 'c3632a8901bc41258430a525fd41a1bb', 'project_name': 'tempest-ServerDiskConfigTestJSON-2101318993', 'tenant_id': 'c3632a8901bc41258430a525fd41a1bb', 'tenant_name': 'tempest-ServerDiskConfigTestJSON-2101318993', 'user_domain_id': 'default', 'user_domain_name': 'Default', 'user_id': '842109cf75544c0782e6c3d73e24956b', 'system': None}, Network: None, Subnet: None, Router: None
2025-02-12 21:04:19.702 63416 INFO tempest.lib.common.rest_client [req-87c62a16-61a7-4453-af71-2eeed9ea92e2 req-87c62a16-61a7-4453-af71-2eeed9ea92e2 ] Request (QuotasAdminTestV257:tearDownClass): 204 DELETE http://10.180.1.21/identity/v3/users/44148c40cb2b40ddbf955b3fe1b78e3d 0.145s
2025-02-12 21:04:19.711 63370 INFO tempest.lib.common.rest_client [req-f13df009-079b-4de7-89fd-98e0fb0837a5 req-f13df009-079b-4de7-89fd-98e0fb0837a5 ] Request (InstanceUsageAuditLogTestJSON:test_get_instance_usage_audit_log): 200 GET http://10.180.1.21/compute/v2.1/os-instance_usage_audit_log/2025-02-12%2021%3A04%3A18 1.702s
2025-02-12 21:04:19.721 63412 INFO tempest.lib.common.rest_client [req-5320248d-c545-4f76-8fa4-a888a3496a9c req-5320248d-c545-4f76-8fa4-a888a3496a9c ] Request (VolumesAssistedSnapshotsTest:test_volume_assisted_snapshot_create_delete): 202 POST http://10.180.1.21/volume/v3/volumes 0.529s
2025-02-12 21:04:19.764 63362 INFO tempest.lib.common.rest_client [req-83d1057f-3d2e-40aa-a4b7-d92ce79d18b2 req-83d1057f-3d2e-40aa-a4b7-d92ce79d18b2 ] Request (ServerDiskConfigTestJSON:setUpClass): 201 POST http://10.180.1.21/identity/v3/auth/tokens 0.174s
2025-02-12 21:04:19.797 63412 INFO tempest.lib.common.rest_client [req-b1780ee1-f5ae-43f5-9850-3164a258df0b req-b1780ee1-f5ae-43f5-9850-3164a258df0b ] Request (VolumesAssistedSnapshotsTest:test_volume_assisted_snapshot_create_delete): 200 GET http://10.180.1.21/volume/v3/volumes/ce6c6b5e-684b-4f14-a7a5-b6c469524d8b 0.068s
2025-02-12 21:04:19.827 63416 INFO tempest.lib.common.rest_client [req-5d5ea825-2c01-4bd2-a8c5-5e394c0057ca req-5d5ea825-2c01-4bd2-a8c5-5e394c0057ca ] Request (QuotasAdminTestV257:tearDownClass): 204 DELETE http://10.180.1.21/identity/v3/users/07a2ffb4ff434a9bb78f36332392cc29 0.124s
2025-02-12 21:04:19.827 63416 INFO tempest.lib.common.dynamic_creds [-] Deleting project and security group for project: d38f169252bd4ee0880822010ccdf2c3
2025-02-12 21:04:19.844 63392 INFO tempest.lib.common.rest_client [req-796c136e-0337-4f0b-98ca-a27718c4b418 req-796c136e-0337-4f0b-98ca-a27718c4b418 ] Request (ImagesNegativeTestJSON:test_create_image_from_deleted_server): 200 GET http://10.180.1.21/compute/v2.1/servers/c48e0bf0-dfc5-4ec7-b611-b96af9659bf5 1.694s
2025-02-12 21:04:19.855 63392 INFO tempest.common.waiters [-] State transition "BUILD/None" ==> "BUILD/networking" after 6 second wait
2025-02-12 21:04:19.882 63416 INFO tempest.lib.common.rest_client [req-45f7d624-2b14-4eeb-96d0-c5cc9b67d14a req-45f7d624-2b14-4eeb-96d0-c5cc9b67d14a ] Request (QuotasAdminTestV257:tearDownClass): 201 POST http://10.180.1.21/identity/v3/auth/tokens 0.055s
2025-02-12 21:04:20.007 63404 INFO tempest.lib.common.rest_client [req-c91de1ec-26e7-465f-b797-426ca68063ea req-c91de1ec-26e7-465f-b797-426ca68063ea ] Request (KeyPairsV210TestJSON:test_admin_manage_keypairs_for_other_users): 201 POST http://10.180.1.21/compute/v2.1/os-keypairs 1.851s
2025-02-12 21:04:20.277 63408 INFO tempest.lib.common.rest_client [req-bca2c52d-80e1-4b9e-b46c-1b70b12254c4 req-bca2c52d-80e1-4b9e-b46c-1b70b12254c4 ] Request (AggregatesAdminNegativeTestJSON:_run_cleanups): 200 POST http://10.180.1.21/compute/v2.1/os-aggregates/1/action 1.928s
2025-02-12 21:04:20.283 63416 INFO tempest.lib.common.rest_client [req-06b96efb-265f-408d-b1e6-edc9a5a88fe5 req-06b96efb-265f-408d-b1e6-edc9a5a88fe5 ] Request (QuotasAdminTestV257:tearDownClass): 200 GET http://10.180.1.21:9696/networking/v2.0/security-groups?tenant_id=d38f169252bd4ee0880822010ccdf2c3&name=default 0.399s
2025-02-12 21:04:20.300 63390 INFO tempest.lib.common.rest_client [req-bf3446a6-0073-4ad1-934a-3c006b20f787 req-bf3446a6-0073-4ad1-934a-3c006b20f787 ] Request (FlavorsExtraSpecsNegativeTestJSON:test_flavor_non_admin_update_specific_key): 200 POST http://10.180.1.21/compute/v2.1/flavors/1718591661/os-extra_specs 1.947s
2025-02-12 21:04:20.310 63366 INFO tempest.lib.common.rest_client [req-d4393454-0739-48c0-90bc-1197cc3cf524 req-d4393454-0739-48c0-90bc-1197cc3cf524 ] Request (HostsAdminNegativeTestJSON:test_show_host_detail_with_nonexistent_hostname): 404 GET http://10.180.1.21/compute/v2.1/os-hosts/nonexistent_hostname 1.942s
2025-02-12 21:04:20.519 63398 INFO tempest.lib.common.rest_client [req-bd190d41-fc30-45c3-97cc-cbb533f54fb6 req-bd190d41-fc30-45c3-97cc-cbb533f54fb6 ] Request (FloatingIPDetailsTestJSON:setUpClass): 200 POST http://10.180.1.21/compute/v2.1/os-floating-ips 3.429s
2025-02-12 21:04:20.601 63362 INFO tempest.lib.common.rest_client [req-5c68491a-25bb-4184-b3f2-a5661ddab569 req-5c68491a-25bb-4184-b3f2-a5661ddab569 ] Request (ServerDiskConfigTestJSON:setUpClass): 201 POST http://10.180.1.21:9696/networking/v2.0/networks 0.837s
2025-02-12 21:04:20.633 63416 INFO tempest.lib.common.rest_client [req-717c1293-f824-4880-998e-18d3002b3b57 req-717c1293-f824-4880-998e-18d3002b3b57 ] Request (QuotasAdminTestV257:tearDownClass): 204 DELETE http://10.180.1.21:9696/networking/v2.0/security-groups/5fb111cf-7287-46b2-bd36-e7bbd1fe6e85 0.347s
2025-02-12 21:04:20.681 63400 INFO tempest.lib.common.rest_client [req-ab77bc26-07ef-447c-975e-dca3845dea5b req-ab77bc26-07ef-447c-975e-dca3845dea5b ] Request (QuotasAdminNegativeTest:test_create_server_when_instances_quota_is_full): 403 POST http://10.180.1.21/compute/v2.1/servers 2.291s
2025-02-12 21:04:20.701 63420 INFO tempest.lib.common.rest_client [req-7beba87f-49b1-4393-bc83-c523b10d66ee req-7beba87f-49b1-4393-bc83-c523b10d66ee ] Request (FlavorsExtraSpecsTestJSON:test_flavor_non_admin_get_specific_key): 200 POST http://10.180.1.21/compute/v2.1/flavors/374678963/os-extra_specs 2.179s
2025-02-12 21:04:20.719 63414 INFO tempest.lib.common.rest_client [req-918d3759-5607-4f3e-b6ba-a097d7c98d3e req-918d3759-5607-4f3e-b6ba-a097d7c98d3e ] Request (ServicesAdminNegativeTestJSON:test_get_service_by_invalid_params): 200 GET http://10.180.1.21/compute/v2.1/os-services?xxx=nova-compute 2.110s
2025-02-12 21:04:20.723 63416 INFO tempest.lib.common.rest_client [req-c1ce948b-d302-4e41-9814-acc0824e3666 req-c1ce948b-d302-4e41-9814-acc0824e3666 ] Request (QuotasAdminTestV257:tearDownClass): 204 DELETE http://10.180.1.21/identity/v3/projects/d38f169252bd4ee0880822010ccdf2c3 0.090s
2025-02-12 21:04:20.724 63416 INFO tempest.lib.common.dynamic_creds [-] Deleting project and security group for project: d8a565073edc439d94fd7861ed2963b0
2025-02-12 21:04:20.847 63412 INFO tempest.lib.common.rest_client [req-6eef7060-157b-4d15-a680-b9010ae7c8d8 req-6eef7060-157b-4d15-a680-b9010ae7c8d8 ] Request (VolumesAssistedSnapshotsTest:test_volume_assisted_snapshot_create_delete): 200 GET http://10.180.1.21/volume/v3/volumes/ce6c6b5e-684b-4f14-a7a5-b6c469524d8b 0.039s
2025-02-12 21:04:20.854 63412 INFO tempest.common.waiters [-] volume ce6c6b5e-684b-4f14-a7a5-b6c469524d8b reached available after waiting for 1.854052 seconds
2025-02-12 21:04:21.014 63386 INFO tempest.lib.common.rest_client [req-3cc4b1c1-fb79-41a6-bfd6-87bd353aa954 req-3cc4b1c1-fb79-41a6-bfd6-87bd353aa954 ] Request (DeleteServersAdminTestJSON:test_admin_delete_servers_of_others): 200 GET http://10.180.1.21/compute/v2.1/servers/0a169a9a-b915-4fb9-bcd9-547884a05c89 2.018s
2025-02-12 21:04:21.042 63416 INFO tempest.lib.common.rest_client [req-71145ccc-e859-4f3f-a166-7bc2fb160781 req-71145ccc-e859-4f3f-a166-7bc2fb160781 ] Request (QuotasAdminTestV257:tearDownClass): 200 GET http://10.180.1.21:9696/networking/v2.0/security-groups?tenant_id=d8a565073edc439d94fd7861ed2963b0&name=default 0.318s
2025-02-12 21:04:21.084 63402 INFO tempest.lib.common.rest_client [req-f6ad397c-4fdb-4f89-883e-14982b83b231 req-f6ad397c-4fdb-4f89-883e-14982b83b231 ] Request (DeleteServersTestJSON:test_delete_active_server): 200 GET http://10.180.1.21/compute/v2.1/servers/58b0ce0a-9269-471c-91b9-9873a0bceeff 2.017s
2025-02-12 21:04:21.205 63362 INFO tempest.lib.common.rest_client [req-728eb366-467f-4cf2-a072-313a482f7f48 req-728eb366-467f-4cf2-a072-313a482f7f48 ] Request (ServerDiskConfigTestJSON:setUpClass): 201 POST http://10.180.1.21:9696/networking/v2.0/subnets 0.603s
2025-02-12 21:04:21.262 63422 INFO tempest.lib.common.rest_client [req-6333a4bd-7c37-4531-a7f8-8cd60b10c060 req-6333a4bd-7c37-4531-a7f8-8cd60b10c060 ] Request (ServerGroup264TestJSON:setUpClass): 200 PUT http://10.180.1.21:9696/networking/v2.0/routers/bee6b39c-91ed-4ff8-ad86-489d3d0c1707/add_router_interface 1.868s
2025-02-12 21:04:21.262 63422 INFO tempest.lib.common.dynamic_creds [-] Created isolated network resources for: credentials: Credentials: {'domain_id': 'default', 'domain_name': 'Default', 'username': 'tempest-ServerGroup264TestJSON-1024957382-project-member', 'project_domain_id': 'default', 'project_domain_name': 'Default', 'project_id': '22917f0a9a7946fdb62244a6e5b75c30', 'project_name': 'tempest-ServerGroup264TestJSON-1024957382', 'tenant_id': '22917f0a9a7946fdb62244a6e5b75c30', 'tenant_name': 'tempest-ServerGroup264TestJSON-1024957382', 'user_domain_id': 'default', 'user_domain_name': 'Default', 'user_id': 'e2ab8c77c0a345e9863c44b7463f6121', 'system': None}, Network: {'id': 'd7799128-4bcd-406d-b3e3-f8c0bf9bf3fb', 'name': 'tempest-ServerGroup264TestJSON-1864284734-network', 'tenant_id': '22917f0a9a7946fdb62244a6e5b75c30', 'admin_state_up': True, 'mtu': 8950, 'status': 'ACTIVE', 'subnets': [], 'shared': False, 'project_id': '22917f0a9a7946fdb62244a6e5b75c30', 'port_security_enabled': True, 'router:external': False, 'provider:network_type': 'vlan', 'provider:physical_network': 'default', 'provider:segmentation_id': 283, 'availability_zone_hints': [], 'availability_zones': [], 'ipv4_address_scope': None, 'ipv6_address_scope': None, 'description': '', 'tags': [], 'created_at': '2025-02-12T21:04:17Z', 'updated_at': '2025-02-12T21:04:17Z', 'revision_number': 1}, Subnet: {'id': 'eae9560f-db94-4b5f-89c3-1a18dc8f9c79', 'name': 'tempest-ServerGroup264TestJSON-1864284734-subnet', 'tenant_id': '22917f0a9a7946fdb62244a6e5b75c30', 'network_id': 'd7799128-4bcd-406d-b3e3-f8c0bf9bf3fb', 'ip_version': 4, 'subnetpool_id': None, 'enable_dhcp': True, 'ipv6_ra_mode': None, 'ipv6_address_mode': None, 'gateway_ip': '192.168.128.1', 'cidr': '192.168.128.0/28', 'allocation_pools': [{'start': '192.168.128.2', 'end': '192.168.128.14'}], 'host_routes': [], 'dns_nameservers': [], 'description': '', 'router:external': False, 'service_types': [], 'tags': [], 'created_at': '2025-02-12T21:04:17Z', 'updated_at': '2025-02-12T21:04:17Z', 'revision_number': 0, 'project_id': '22917f0a9a7946fdb62244a6e5b75c30'}, Router: {'id': 'bee6b39c-91ed-4ff8-ad86-489d3d0c1707', 'name': 'tempest-ServerGroup264TestJSON-1864284734-router', 'tenant_id': '22917f0a9a7946fdb62244a6e5b75c30', 'admin_state_up': True, 'status': 'ACTIVE', 'external_gateway_info': {'network_id': '5a42db3d-b643-4681-897a-3523b4308212', 'external_fixed_ips': [{'subnet_id': 'fc725d34-c601-4121-abf7-1ac5d462fa6f', 'ip_address': '10.180.180.182'}], 'enable_snat': True}, 'description': '', 'availability_zones': [], 'distributed': False, 'ha': False, 'availability_zone_hints': [], 'routes': [], 'flavor_id': None, 'tags': [], 'created_at': '2025-02-12T21:04:18Z', 'updated_at': '2025-02-12T21:04:18Z', 'revision_number': 2, 'project_id': '22917f0a9a7946fdb62244a6e5b75c30'}
2025-02-12 21:04:21.284 63416 INFO tempest.lib.common.rest_client [req-4158e298-0151-4db7-998b-4cb1e7b4f625 req-4158e298-0151-4db7-998b-4cb1e7b4f625 ] Request (QuotasAdminTestV257:tearDownClass): 204 DELETE http://10.180.1.21:9696/networking/v2.0/security-groups/da7bbb95-da73-4a04-8b39-b570acde1bb7 0.240s
2025-02-12 21:04:21.366 63424 INFO tempest.lib.common.rest_client [req-32405a6a-333e-4299-a3aa-ebb756858fec req-32405a6a-333e-4299-a3aa-ebb756858fec ] Request (FloatingIPsAssociationNegativeTestJSON:setUpClass): 202 POST http://10.180.1.21/compute/v2.1/servers 2.922s
2025-02-12 21:04:21.399 63410 INFO tempest.lib.common.rest_client [req-75456ec7-966a-49f0-8d8f-71a9e3922c2a req-75456ec7-966a-49f0-8d8f-71a9e3922c2a ] Request (SecurityGroupRulesTestJSON:test_security_group_rules_create_with_optional_group_id): 200 POST http://10.180.1.21/compute/v2.1/os-security-group-rules 2.325s
2025-02-12 21:04:21.401 63410 WARNING tempest.lib.common.rest_client [-] Deprecated: "tenant_id" property is deprecated for removal, use "project_id" instead
2025-02-12 21:04:21.410 63422 INFO tempest.lib.common.rest_client [req-9ca9ef34-71fb-4097-bd4b-f0cc3b7dea4c req-9ca9ef34-71fb-4097-bd4b-f0cc3b7dea4c ] Request (ServerGroup264TestJSON:setUpClass): 201 POST http://10.180.1.21/identity/v3/auth/tokens 0.138s
2025-02-12 21:04:21.431 63372 INFO tempest.lib.common.rest_client [req-8f2f2378-1059-476a-963a-c83649a783d6 req-8f2f2378-1059-476a-963a-c83649a783d6 ] Request (FlavorsAdminTestJSON:_run_cleanups): 202 DELETE http://10.180.1.21/compute/v2.1/flavors/1851927113 2.329s
2025-02-12 21:04:21.439 63378 INFO tempest.lib.common.rest_client [req-b7154b4c-0497-46cc-b4e3-dbb2fd9a33ed req-b7154b4c-0497-46cc-b4e3-dbb2fd9a33ed ] Request (HypervisorAdminNegativeTestJSON:test_get_nonexistent_hypervisor_uptime): 404 GET http://10.180.1.21/compute/v2.1/os-hypervisors/a8cb0d5d-303b-40a6-8a4f-ac527ea6e762/uptime 2.334s
2025-02-12 21:04:21.506 63416 INFO tempest.lib.common.rest_client [req-f6c923c5-3ae4-4949-b93b-02899af99cb5 req-f6c923c5-3ae4-4949-b93b-02899af99cb5 ] Request (QuotasAdminTestV257:tearDownClass): 204 DELETE http://10.180.1.21/identity/v3/projects/d8a565073edc439d94fd7861ed2963b0 0.221s
2025-02-12 21:04:21.577 63418 INFO tempest.lib.common.rest_client [req-ec6d5f55-51e1-4513-8936-184d39535d0f req-ec6d5f55-51e1-4513-8936-184d39535d0f ] Request (TenantUsagesTestJSON:setUpClass): 200 GET http://10.180.1.21/compute/v2.1/servers/471ac034-2d40-488b-920c-308e84121373 2.298s
2025-02-12 21:04:21.587 63416 INFO tempest.lib.common.rest_client [req-f7d29dc1-566c-4f0c-8287-10fcd41b8fe9 req-f7d29dc1-566c-4f0c-8287-10fcd41b8fe9 ] Request (ServicesAdminTestJSON:setUpClass): 201 POST http://10.180.1.21/identity/v3/auth/tokens 0.080s
2025-02-12 21:04:21.599 63376 INFO tempest.lib.common.rest_client [req-b0fa46c1-0190-4356-b7ab-45c22ffb96a9 req-b0fa46c1-0190-4356-b7ab-45c22ffb96a9 ] Request (ServersAdminNegativeTestJSON:setUpClass): 200 GET http://10.180.1.21/compute/v2.1/servers/880592dc-3d7e-4ad8-ae77-1da91e495e94 2.523s
2025-02-12 21:04:21.632 63388 INFO tempest.lib.common.rest_client [req-9c70b00a-0ace-4bf1-a919-2ab51f774443 req-9c70b00a-0ace-4bf1-a919-2ab51f774443 ] Request (SecurityGroupsNegativeTestJSON:test_security_group_get_nonexistent_group): 404 GET http://10.180.1.21/compute/v2.1/os-security-groups/5b34bfb9-69cf-47c4-b21b-96bfab04b62e 2.192s
2025-02-12 21:04:21.634 63416 INFO tempest.lib.common.rest_client [req-04bc142d-bd90-41bf-a697-432285152e35 req-04bc142d-bd90-41bf-a697-432285152e35 ] Request (ServicesAdminTestJSON:setUpClass): 201 POST http://10.180.1.21/identity/v3/auth/tokens 0.045s
2025-02-12 21:04:21.658 63406 INFO tempest.lib.common.rest_client [req-b720a708-39fc-4944-9e25-14cd2373c906 req-b720a708-39fc-4944-9e25-14cd2373c906 ] Request (FlavorsAccessTestJSON:_run_cleanups): 202 DELETE http://10.180.1.21/compute/v2.1/flavors/1278066245 2.179s
2025-02-12 21:04:21.664 63416 INFO tempest.lib.common.rest_client [req-0e0c26e7-fdea-4ec4-b3df-3d6c6728628f req-0e0c26e7-fdea-4ec4-b3df-3d6c6728628f ] Request (ServicesAdminTestJSON:setUpClass): 200 GET http://10.180.1.21/identity/v3/domains?name=Default 0.029s
2025-02-12 21:04:21.680 63382 INFO tempest.lib.common.rest_client [req-a3db9e4e-0a13-43a8-b98b-5bf3a12000ab req-a3db9e4e-0a13-43a8-b98b-5bf3a12000ab ] Request (MigrationsAdminTest:test_list_migrations_in_flavor_resize_situation): 200 GET http://10.180.1.21/compute/v2.1/servers/80805db5-2215-4d5a-9b38-e4d82d76ffbe 2.297s
2025-02-12 21:04:21.685 63380 INFO tempest.lib.common.rest_client [req-22bfbf6f-aa18-47a5-a2e7-44790a167c39 req-22bfbf6f-aa18-47a5-a2e7-44790a167c39 ] Request (FlavorsV261TestJSON:_run_cleanups): 202 DELETE http://10.180.1.21/compute/v2.1/flavors/1753245756 2.170s
2025-02-12 21:04:21.694 63384 INFO tempest.lib.common.rest_client [req-d28f6baa-ee6a-4651-b918-e26b88bcd9b3 req-d28f6baa-ee6a-4651-b918-e26b88bcd9b3 ] Request (FlavorsAccessNegativeTestJSON:_run_cleanups): 202 DELETE http://10.180.1.21/compute/v2.1/flavors/693774302 2.175s
2025-02-12 21:04:21.696 63382 INFO tempest.common.waiters [-] State transition "BUILD/None" ==> "BUILD/networking" after 7 second wait
2025-02-12 21:04:21.716 63368 INFO tempest.lib.common.rest_client [req-fea7a402-2f58-45a6-a796-04cc455b2092 req-fea7a402-2f58-45a6-a796-04cc455b2092 ] Request (ServersWithSpecificFlavorTestJSON:test_verify_created_server_ephemeral_disk): 200 POST http://10.180.1.21/compute/v2.1/flavors/983673641/os-extra_specs 2.183s
2025-02-12 21:04:21.721 63416 INFO tempest.lib.common.rest_client [req-9b9a03b6-1363-4cab-b93b-65ee260acd8f req-9b9a03b6-1363-4cab-b93b-65ee260acd8f ] Request (ServicesAdminTestJSON:setUpClass): 201 POST http://10.180.1.21/identity/v3/projects 0.056s
2025-02-12 21:04:21.791 63416 INFO tempest.lib.common.rest_client [req-08f23baf-9f4a-418c-825c-7c331f0e6c6d req-08f23baf-9f4a-418c-825c-7c331f0e6c6d ] Request (ServicesAdminTestJSON:setUpClass): 201 POST http://10.180.1.21/identity/v3/users 0.069s
2025-02-12 21:04:21.810 63396 INFO tempest.lib.common.rest_client [req-8589389d-4ae4-4e16-b5db-04afb2a0acaa req-8589389d-4ae4-4e16-b5db-04afb2a0acaa ] Request (SecurityGroupsTestJSON:test_list_security_groups_by_server): 200 GET http://10.180.1.21/compute/v2.1/servers/1f9e63fc-b3df-4435-ae2c-afe64c256f93 2.127s
2025-02-12 21:04:21.814 63416 INFO tempest.lib.common.rest_client [req-2cbe415b-33fd-47f3-a1b0-1b92b181543c req-2cbe415b-33fd-47f3-a1b0-1b92b181543c ] Request (ServicesAdminTestJSON:setUpClass): 200 GET http://10.180.1.21/identity/v3/roles 0.023s
2025-02-12 21:04:21.826 63370 INFO tempest.lib.common.rest_client [req-205c793c-e6e8-41d9-a221-71e31896161f req-205c793c-e6e8-41d9-a221-71e31896161f ] Request (InstanceUsageAuditLogTestJSON:test_list_instance_usage_audit_logs): 200 GET http://10.180.1.21/compute/v2.1/os-instance_usage_audit_log 2.108s
2025-02-12 21:04:21.847 63416 INFO tempest.lib.common.rest_client [req-99e71cc3-5c77-4cf8-813b-b4397ddb78f7 req-99e71cc3-5c77-4cf8-813b-b4397ddb78f7 ] Request (ServicesAdminTestJSON:setUpClass): 204 PUT http://10.180.1.21/identity/v3/projects/181ffef09c184c0c9d53c8f28ce4543c/users/cd7464057b3a4a7c92255c3978b64874/roles/2bd67354d6fd4d0b8e2004983e2cdea4 0.031s
2025-02-12 21:04:21.847 63416 INFO tempest.lib.common.dynamic_creds [-] Dynamic test user cd7464057b3a4a7c92255c3978b64874 is created with scope project and roles: ['member']
2025-02-12 21:04:21.847 63416 INFO tempest.lib.common.dynamic_creds [-] Acquired dynamic creds: credentials: Credentials: {'domain_id': 'default', 'domain_name': 'Default', 'username': 'tempest-ServicesAdminTestJSON-1335618598-project-member', 'project_domain_id': 'default', 'project_domain_name': 'Default', 'project_id': '181ffef09c184c0c9d53c8f28ce4543c', 'project_name': 'tempest-ServicesAdminTestJSON-1335618598', 'tenant_id': '181ffef09c184c0c9d53c8f28ce4543c', 'tenant_name': 'tempest-ServicesAdminTestJSON-1335618598', 'user_domain_id': 'default', 'user_domain_name': 'Default', 'user_id': 'cd7464057b3a4a7c92255c3978b64874', 'system': None}, Network: None, Subnet: None, Router: None
2025-02-12 21:04:21.848 63416 INFO tempest.lib.common.dynamic_creds [-] Created isolated network resources for: credentials: Credentials: {'domain_id': 'default', 'domain_name': 'Default', 'username': 'tempest-ServicesAdminTestJSON-1335618598-project-member', 'project_domain_id': 'default', 'project_domain_name': 'Default', 'project_id': '181ffef09c184c0c9d53c8f28ce4543c', 'project_name': 'tempest-ServicesAdminTestJSON-1335618598', 'tenant_id': '181ffef09c184c0c9d53c8f28ce4543c', 'tenant_name': 'tempest-ServicesAdminTestJSON-1335618598', 'user_domain_id': 'default', 'user_domain_name': 'Default', 'user_id': 'cd7464057b3a4a7c92255c3978b64874', 'system': None}, Network: None, Subnet: None, Router: None
2025-02-12 21:04:21.868 63364 INFO tempest.lib.common.rest_client [req-e70c633c-af96-4a6f-9d74-864ad4713136 req-e70c633c-af96-4a6f-9d74-864ad4713136 ] Request (QuotaClassesAdminTestJSON:test_update_default_quotas): 200 GET http://10.180.1.21/compute/v2.1/os-quota-class-sets/default 2.273s
2025-02-12 21:04:21.917 63404 INFO tempest.lib.common.rest_client [req-29a52e10-23b6-485a-8933-0d523c8bffb2 req-29a52e10-23b6-485a-8933-0d523c8bffb2 ] Request (KeyPairsV210TestJSON:test_admin_manage_keypairs_for_other_users): 201 POST http://10.180.1.21/compute/v2.1/os-keypairs 1.907s
2025-02-12 21:04:21.918 63416 INFO tempest.lib.common.rest_client [req-db50b335-9333-4b5b-ade4-3419b57a4d07 req-db50b335-9333-4b5b-ade4-3419b57a4d07 ] Request (ServicesAdminTestJSON:setUpClass): 201 POST http://10.180.1.21/identity/v3/auth/tokens 0.067s
2025-02-12 21:04:21.942 63408 INFO tempest.lib.common.rest_client [req-de2022ff-b7b1-4791-9341-4fe9b8ac37e0 req-de2022ff-b7b1-4791-9341-4fe9b8ac37e0 ] Request (AggregatesAdminNegativeTestJSON:_run_cleanups): 200 DELETE http://10.180.1.21/compute/v2.1/os-aggregates/1 1.662s
2025-02-12 21:04:21.950 63390 INFO tempest.lib.common.rest_client [req-8ebf75a2-02ea-4afa-abc1-17b99943b360 req-8ebf75a2-02ea-4afa-abc1-17b99943b360 ] Request (FlavorsExtraSpecsNegativeTestJSON:test_flavor_non_admin_update_specific_key): 403 PUT http://10.180.1.21/compute/v2.1/flavors/1718591661/os-extra_specs/hw:numa_nodes 1.649s
2025-02-12 21:04:21.958 63366 INFO tempest.lib.common.rest_client [req-e9852ff3-e151-470e-b3ed-2b8eb6a7d448 req-e9852ff3-e151-470e-b3ed-2b8eb6a7d448 ] Request (HostsAdminNegativeTestJSON:test_shutdown_host_with_non_admin_user): 403 GET http://10.180.1.21/compute/v2.1/os-hosts/devstack/shutdown 1.645s
2025-02-12 21:04:21.958 63416 INFO tempest.lib.common.rest_client [req-2c40e2d8-50ba-46ff-ae16-8d7c8bf0f4f8 req-2c40e2d8-50ba-46ff-ae16-8d7c8bf0f4f8 ] Request (ServicesAdminTestJSON:setUpClass): 201 POST http://10.180.1.21/identity/v3/projects 0.039s
2025-02-12 21:04:21.968 63370 INFO tempest.lib.common.rest_client [req-d3ec5feb-f99f-459b-83a0-604807101b84 req-d3ec5feb-f99f-459b-83a0-604807101b84 ] Request (InstanceUsageAuditLogTestJSON:tearDownClass): 204 DELETE http://10.180.1.21/identity/v3/users/31764984364c4150a3626d1e7e414869 0.132s
2025-02-12 21:04:22.008 63394 INFO tempest.lib.common.rest_client [req-e0098c81-c56f-4ab0-89d9-329179bab62c req-e0098c81-c56f-4ab0-89d9-329179bab62c ] Request (ServerDiagnosticsTest:test_get_server_diagnostics): 200 GET http://10.180.1.21/compute/v2.1/servers/8362c470-7c23-4313-996b-982eb6e696a2 2.159s
2025-02-12 21:04:22.060 63416 INFO tempest.lib.common.rest_client [req-d8b82bee-9483-4a96-82b7-3b109e8e01d4 req-d8b82bee-9483-4a96-82b7-3b109e8e01d4 ] Request (ServicesAdminTestJSON:setUpClass): 201 POST http://10.180.1.21/identity/v3/users 0.101s
2025-02-12 21:04:22.085 63416 INFO tempest.lib.common.rest_client [req-c6354679-2a34-4686-9e8f-3fb6f38956b3 req-c6354679-2a34-4686-9e8f-3fb6f38956b3 ] Request (ServicesAdminTestJSON:setUpClass): 200 GET http://10.180.1.21/identity/v3/roles 0.025s
2025-02-12 21:04:22.126 63370 INFO tempest.lib.common.rest_client [req-bb97d319-0dce-4987-982d-ee960061b75b req-bb97d319-0dce-4987-982d-ee960061b75b ] Request (InstanceUsageAuditLogTestJSON:tearDownClass): 204 DELETE http://10.180.1.21/identity/v3/users/13d3355871a54c05818e8d04fb71dd45 0.158s
2025-02-12 21:04:22.127 63370 INFO tempest.lib.common.dynamic_creds [-] Deleting project and security group for project: 8a55fafe1c404cbbb69a52b0b213b8c1
2025-02-12 21:04:22.211 63416 INFO tempest.lib.common.rest_client [req-01115327-0a36-417a-b121-cbe4e3f42047 req-01115327-0a36-417a-b121-cbe4e3f42047 ] Request (ServicesAdminTestJSON:setUpClass): 204 PUT http://10.180.1.21/identity/v3/projects/8c879ceb3e534add9f3af93dd21c1e14/users/19deac6121cd4b89898286d6f8aa284c/roles/ee984693c0534655a597ff4afc641037 0.125s
2025-02-12 21:04:22.258 63400 INFO tempest.lib.common.rest_client [req-83cf31a6-e6e7-4a0e-aa21-fcbe11d4fe0c req-83cf31a6-e6e7-4a0e-aa21-fcbe11d4fe0c ] Request (QuotasAdminNegativeTest:_run_cleanups): 200 PUT http://10.180.1.21/compute/v2.1/os-quota-sets/8c526c14d99a42909aa790ede64e40a6 1.576s
2025-02-12 21:04:22.272 63370 INFO tempest.lib.common.rest_client [req-123a4620-2246-41cc-a096-98367aaa80b7 req-123a4620-2246-41cc-a096-98367aaa80b7 ] Request (InstanceUsageAuditLogTestJSON:tearDownClass): 201 POST http://10.180.1.21/identity/v3/auth/tokens 0.145s
2025-02-12 21:04:22.275 63420 INFO tempest.lib.common.rest_client [req-c91b3588-cc05-418c-a980-9c7e8812f9d6 req-c91b3588-cc05-418c-a980-9c7e8812f9d6 ] Request (FlavorsExtraSpecsTestJSON:test_flavor_non_admin_get_specific_key): 200 GET http://10.180.1.21/compute/v2.1/flavors/374678963/os-extra_specs/hw:numa_nodes 1.572s
2025-02-12 21:04:22.292 63416 INFO tempest.lib.common.rest_client [req-a0bf032b-39d9-4a49-a161-c341e894144a req-a0bf032b-39d9-4a49-a161-c341e894144a ] Request (ServicesAdminTestJSON:setUpClass): 200 GET http://10.180.1.21/identity/v3/roles 0.080s
2025-02-12 21:04:22.311 63414 INFO tempest.lib.common.rest_client [req-681c0e58-07cd-4ec1-bdba-2d8734898135 req-681c0e58-07cd-4ec1-bdba-2d8734898135 ] Request (ServicesAdminNegativeTestJSON:test_get_service_by_invalid_service_and_valid_host): 200 GET http://10.180.1.21/compute/v2.1/os-services 1.586s
