2025-02-12 21:05:26.621 63394 INFO tempest.lib.common.rest_client [req-691ffdef-b6b8-4687-965c-e3166af34aa6 req-691ffdef-b6b8-4687-965c-e3166af34aa6 ] Request (ServerRescueTestJSON:setUpClass): 200 GET http://10.180.1.21/compute/v2.1/servers/974b051e-74c5-457d-b734-ef7fa65a8d3d 0.140s
2025-02-12 21:05:26.694 63398 INFO tempest.lib.common.rest_client [req-21d9b745-0950-4e5d-98aa-4709c8f0966f req-21d9b745-0950-4e5d-98aa-4709c8f0966f ] Request (ImagesOneServerNegativeTestJSON:setUpClass): 200 GET http://10.180.1.21/compute/v2.1/servers/169aea8a-808e-4986-b75e-305f896f6f6a 0.335s
2025-02-12 21:05:26.746 63380 INFO tempest.lib.common.rest_client [req-68998bbb-3f97-44ab-ab28-587629d53d85 req-68998bbb-3f97-44ab-ab28-587629d53d85 ] Request (ServerAddressesNegativeTestJSON:setUpClass): 200 GET http://10.180.1.21/compute/v2.1/servers/0f02137b-ae02-4c2b-9188-50e4d80c11f6 0.214s
2025-02-12 21:05:26.747 63400 INFO tempest.lib.common.rest_client [req-2e299561-eea0-456a-8a3a-630e0591d07f req-2e299561-eea0-456a-8a3a-630e0591d07f ] Request (ListServerFiltersTestJSON:setUpClass): 200 GET http://10.180.1.21/compute/v2.1/servers/741b00c8-123d-4c52-b0cd-f40673034ea9 0.249s
2025-02-12 21:05:26.754 63400 INFO tempest.common.waiters [-] State transition "BUILD/spawning" ==> "ACTIVE/None" after 42 second wait
2025-02-12 21:05:26.800 63420 INFO tempest.lib.common.rest_client [req-17d71713-6df1-4cab-a0c6-898bd31c8622 req-17d71713-6df1-4cab-a0c6-898bd31c8622 ] Request (ServerTagsTestJSON:setUpClass): 200 GET http://10.180.1.21/compute/v2.1/servers/5ce1a2d0-f7ab-468a-bb75-17354b91f0ee 0.216s
2025-02-12 21:05:26.801 63364 INFO tempest.lib.common.rest_client [req-85e3762c-46a1-4e37-a030-77df75d4d74e req-85e3762c-46a1-4e37-a030-77df75d4d74e ] Request (ServersV294TestFqdnHostnames:setUpClass): 200 GET http://10.180.1.21/compute/v2.1/servers/ceca798f-e220-445a-b8cc-72855897fadf 0.245s
2025-02-12 21:05:26.849 63396 INFO tempest.lib.common.rest_client [req-3dec7fd0-1e36-4699-bf83-cbc896963c32 req-3dec7fd0-1e36-4699-bf83-cbc896963c32 ] Request (SecurityGroupsTestJSON:test_server_security_groups): 200 GET http://10.180.1.21/compute/v2.1/servers/70d8967e-a6f6-458e-965d-47ebfb867526 0.162s
2025-02-12 21:05:26.864 63372 INFO tempest.lib.common.rest_client [req-f1f5b4bb-173b-4494-828d-296cafd89ea4 req-f1f5b4bb-173b-4494-828d-296cafd89ea4 ] Request (ServersAdmin275Test:test_rebuild_update_server_275): 200 GET http://10.180.1.21/compute/v2.1/servers/2cbfe3ec-021d-49ac-909f-88b44a8844ca 0.224s
2025-02-12 21:05:26.924 63402 INFO tempest.lib.common.rest_client [req-f9884095-900b-4209-a27d-f9e82ffc3548 req-f9884095-900b-4209-a27d-f9e82ffc3548 ] Request (DeleteServersTestJSON:test_delete_server_while_in_attached_volume): 200 GET http://10.180.1.21/compute/v2.1/servers/ffd06d8f-e9e1-4a87-a1ee-3df21bc03941 0.187s
2025-02-12 21:05:27.026 63386 INFO tempest.lib.common.rest_client [req-fd45f9a5-81b1-4305-aca9-0de3beaeb09e req-fd45f9a5-81b1-4305-aca9-0de3beaeb09e ] Request (DeleteServersAdminTestJSON:test_delete_server_while_in_error_state): 200 GET http://10.180.1.21/compute/v2.1/servers/7796af7d-4ff9-471a-99e7-e4fc54aedee0 0.303s
2025-02-12 21:05:27.045 63400 INFO tempest.lib.common.rest_client [req-3efec65e-d511-46d0-aa5f-dd736b585cbe req-3efec65e-d511-46d0-aa5f-dd736b585cbe ] Request (ListServerFiltersTestJSON:setUpClass): 200 GET http://10.180.1.21/compute/v2.1/servers/4df019ea-8beb-4e10-acfa-04df94575993 0.290s
2025-02-12 21:05:27.090 63374 INFO tempest.lib.common.rest_client [req-dd159edd-56a2-4212-b69a-69fb8778a726 req-dd159edd-56a2-4212-b69a-69fb8778a726 ] Request (ServerDiagnosticsV248Test:tearDownClass): 200 GET http://10.180.1.21/compute/v2.1/servers/b0166fc9-a10c-4a84-a282-9689aa197254 0.307s
2025-02-12 21:05:27.108 63410 INFO tempest.lib.common.rest_client [req-41598133-3037-473c-b056-1fa7c8d94bde req-41598133-3037-473c-b056-1fa7c8d94bde ] Request (ServersAaction247Test:test_create_backup): 200 GET http://10.180.1.21/compute/v2.1/servers/443ff84c-f6fa-4514-9589-9fd02c7d7851 0.318s
2025-02-12 21:05:27.176 63384 INFO tempest.lib.common.rest_client [req-40b853dc-9e6d-433a-8642-a8b2e4c15fbe req-40b853dc-9e6d-433a-8642-a8b2e4c15fbe ] Request (AttachInterfacesUnderV243Test:test_add_remove_fixed_ip): 200 GET http://10.180.1.21/compute/v2.1/servers/f8ee9bc6-f2db-4b76-89d5-7e20cad2ac5c 0.349s
2025-02-12 21:05:27.239 63404 INFO tempest.lib.common.rest_client [req-82ad35aa-2086-4b2e-b33d-df408b84a3c1 req-82ad35aa-2086-4b2e-b33d-df408b84a3c1 ] Request (ListImageFiltersTestJSON:setUpClass): 200 GET http://10.180.1.21/compute/v2.1/servers/a84ed5f1-d21a-474d-acdc-54a2185642e1 0.394s
2025-02-12 21:05:27.252 63404 INFO tempest.common.waiters [-] State transition "BUILD/None" ==> "BUILD/block_device_mapping" after 31 second wait
2025-02-12 21:05:27.257 63422 INFO tempest.lib.common.rest_client [req-8d93960b-4854-4e74-8201-153b5e571662 req-8d93960b-4854-4e74-8201-153b5e571662 ] Request (ServerMetadataNegativeTestJSON:tearDownClass): 200 GET http://10.180.1.21/compute/v2.1/servers/d982bc6e-2297-46d0-a623-1744fb3ee44b 0.343s
2025-02-12 21:05:27.308 63366 INFO tempest.lib.common.rest_client [req-f838337c-14b6-4e5b-82f1-8251de4f3aa5 req-f838337c-14b6-4e5b-82f1-8251de4f3aa5 ] Request (ServerExternalEventsTest:tearDownClass): 200 GET http://10.180.1.21/compute/v2.1/servers/ffb951f2-2150-4168-a465-c5492557b199 0.359s
2025-02-12 21:05:27.315 63366 INFO tempest.common.waiters [-] State transition "ACTIVE/deleting" ==> "DELETED/None" after 5 second wait
2025-02-12 21:05:27.387 63400 INFO tempest.lib.common.rest_client [req-347bc31e-e303-485c-808d-a09782043d3c req-347bc31e-e303-485c-808d-a09782043d3c ] Request (ListServerFiltersTestJSON:setUpClass): 200 GET http://10.180.1.21/compute/v2.1/servers/7d0e6646-06a1-446a-8650-7208d1ce265e 0.328s
2025-02-12 21:05:27.398 63382 INFO tempest.lib.common.rest_client [req-0518c927-b3e6-4393-b752-d8b498b9e844 req-0518c927-b3e6-4393-b752-d8b498b9e844 ] Request (MigrationsAdminTest:test_list_migrations_in_flavor_resize_situation): 200 GET http://10.180.1.21/compute/v2.1/servers/80805db5-2215-4d5a-9b38-e4d82d76ffbe 0.313s
2025-02-12 21:05:27.441 63378 INFO tempest.lib.common.rest_client [req-45c13d97-03e7-4581-bc76-78696d4ac91b req-45c13d97-03e7-4581-bc76-78696d4ac91b ] Request (ServersTestJSON:test_create_server_specify_multibyte_character_name): 200 GET http://10.180.1.21/compute/v2.1/servers/8faf95e3-ce3a-4e0a-91f1-f508a80fb268 0.350s
2025-02-12 21:05:27.445 63362 INFO tempest.lib.common.rest_client [req-ad3e56a3-a61f-42a8-a94c-b6f5edc7b7ce req-ad3e56a3-a61f-42a8-a94c-b6f5edc7b7ce ] Request (ServerDiskConfigTestJSON:test_rebuild_server_with_manual_disk_config): 200 GET http://10.180.1.21/compute/v2.1/servers/f0a91a3b-4a1c-4c0d-93ee-b0bf4c938900 0.309s
2025-02-12 21:05:27.489 63418 INFO tempest.lib.common.rest_client [req-818f0480-43fd-40d6-9c4f-683a360acbf5 req-818f0480-43fd-40d6-9c4f-683a360acbf5 ] Request (FloatingIPsAssociationTestJSON:setUpClass): 200 GET http://10.180.1.21/compute/v2.1/servers/efda071e-50e2-4627-8f1f-1f8653b6c2ad 0.219s
2025-02-12 21:05:27.492 63424 INFO tempest.lib.common.rest_client [req-429cedeb-5bc3-4a7f-a73c-74cd42f5acd1 req-429cedeb-5bc3-4a7f-a73c-74cd42f5acd1 ] Request (FloatingIPsAssociationNegativeTestJSON:tearDownClass): 200 GET http://10.180.1.21/compute/v2.1/servers/4fe02429-cd39-4135-9936-b520204db2d9 0.279s
2025-02-12 21:05:27.570 63376 INFO tempest.lib.common.rest_client [req-529ef304-244b-4d3b-b7c3-6c491effc405 req-529ef304-244b-4d3b-b7c3-6c491effc405 ] Request (ServersAdminNegativeTestJSON:tearDownClass): 200 GET http://10.180.1.21/compute/v2.1/servers/ca539a23-d0b8-43b1-aebd-bbc92ab21034 0.127s
2025-02-12 21:05:27.611 63392 INFO tempest.lib.common.rest_client [req-f18e7ea6-f155-400a-8b6c-3dc06a739bac req-f18e7ea6-f155-400a-8b6c-3dc06a739bac ] Request (AttachInterfacesTestJSON:test_create_list_show_delete_interfaces_by_fixed_ip): 200 GET http://10.180.1.21/compute/v2.1/servers/dd9d50c4-0607-4247-8e76-06903fb0a599 0.118s
2025-02-12 21:05:27.654 63390 INFO tempest.lib.common.rest_client [req-8bcb1c56-4110-43cb-b324-29d3b5aaee4e req-8bcb1c56-4110-43cb-b324-29d3b5aaee4e ] Request (ServersTestMultiNic:test_verify_duplicate_network_nics): 200 GET http://10.180.1.21/compute/v2.1/servers/14f3e0ba-7c1f-4744-b258-52e3dce205b1 0.090s
2025-02-12 21:05:27.671 63400 INFO tempest.lib.common.rest_client [req-0031da65-3c69-4972-b677-872c5ece173d req-0031da65-3c69-4972-b677-872c5ece173d ] Request (ListServerFiltersTestJSON:test_list_servers_detailed_filter_by_flavor): 200 GET http://10.180.1.21/compute/v2.1/servers/detail?flavor=84 0.277s
2025-02-12 21:05:27.700 63394 INFO tempest.lib.common.rest_client [req-300cf6ea-4bc8-4d9f-a119-932f9284984b req-300cf6ea-4bc8-4d9f-a119-932f9284984b ] Request (ServerRescueTestJSON:setUpClass): 200 GET http://10.180.1.21/compute/v2.1/servers/974b051e-74c5-457d-b734-ef7fa65a8d3d 0.071s
2025-02-12 21:05:27.821 63398 INFO tempest.lib.common.rest_client [req-79029301-7951-475a-8f93-eab47138ecf9 req-79029301-7951-475a-8f93-eab47138ecf9 ] Request (ImagesOneServerNegativeTestJSON:setUpClass): 200 GET http://10.180.1.21/compute/v2.1/servers/169aea8a-808e-4986-b75e-305f896f6f6a 0.117s
2025-02-12 21:05:27.842 63400 INFO tempest.lib.common.rest_client [req-e19747cc-aac2-4bc2-8b1e-a8040d2f67a9 req-e19747cc-aac2-4bc2-8b1e-a8040d2f67a9 ] Request (ListServerFiltersTestJSON:test_list_servers_detailed_filter_by_server_name): 200 GET http://10.180.1.21/compute/v2.1/servers/detail?name=tempest-ListServerFiltersTestJSON-instance-202122872 0.160s
2025-02-12 21:05:27.877 63380 INFO tempest.lib.common.rest_client [req-787d2403-1179-4443-a9d8-943a6b260d6d req-787d2403-1179-4443-a9d8-943a6b260d6d ] Request (ServerAddressesNegativeTestJSON:setUpClass): 200 GET http://10.180.1.21/compute/v2.1/servers/0f02137b-ae02-4c2b-9188-50e4d80c11f6 0.123s
2025-02-12 21:05:27.903 63420 INFO tempest.lib.common.rest_client [req-aab0c42a-9b95-40c1-a82c-2cdfb5796db0 req-aab0c42a-9b95-40c1-a82c-2cdfb5796db0 ] Request (ServerTagsTestJSON:setUpClass): 200 GET http://10.180.1.21/compute/v2.1/servers/5ce1a2d0-f7ab-468a-bb75-17354b91f0ee 0.090s
2025-02-12 21:05:27.934 63364 INFO tempest.lib.common.rest_client [req-d128acfd-b812-4961-ab88-fdcfa1cd9086 req-d128acfd-b812-4961-ab88-fdcfa1cd9086 ] Request (ServersV294TestFqdnHostnames:setUpClass): 200 GET http://10.180.1.21/compute/v2.1/servers/ceca798f-e220-445a-b8cc-72855897fadf 0.119s
2025-02-12 21:05:27.986 63396 INFO tempest.lib.common.rest_client [req-b4459115-70ef-47d2-9f92-9c829370315f req-b4459115-70ef-47d2-9f92-9c829370315f ] Request (SecurityGroupsTestJSON:test_server_security_groups): 200 GET http://10.180.1.21/compute/v2.1/servers/70d8967e-a6f6-458e-965d-47ebfb867526 0.122s
2025-02-12 21:05:28.047 63372 INFO tempest.lib.common.rest_client [req-0ca16e7c-351f-4694-b9cd-cfe4d1df072b req-0ca16e7c-351f-4694-b9cd-cfe4d1df072b ] Request (ServersAdmin275Test:test_rebuild_update_server_275): 200 GET http://10.180.1.21/compute/v2.1/servers/2cbfe3ec-021d-49ac-909f-88b44a8844ca 0.171s
2025-02-12 21:05:28.064 63368 WARNING tempest.lib.common.ssh [-] Failed to establish authenticated ssh connection to cirros@10.180.180.178 ([Errno None] Unable to connect to port 22 on 10.180.180.178). Number attempts: 5. Retry after 6 seconds.: paramiko.ssh_exception.NoValidConnectionsError: [Errno None] Unable to connect to port 22 on 10.180.180.178
2025-02-12 21:05:28.112 63400 INFO tempest.lib.common.rest_client [req-9178d71c-81d1-4f5e-852e-8e1267561610 req-9178d71c-81d1-4f5e-852e-8e1267561610 ] Request (ListServerFiltersTestJSON:test_list_servers_detailed_filter_by_server_status): 200 GET http://10.180.1.21/compute/v2.1/servers/detail?status=active 0.262s
2025-02-12 21:05:28.213 63386 INFO tempest.lib.common.rest_client [req-818cd7fe-a823-4d17-8dfb-a73f4c0f4e4b req-818cd7fe-a823-4d17-8dfb-a73f4c0f4e4b ] Request (DeleteServersAdminTestJSON:test_delete_server_while_in_error_state): 200 GET http://10.180.1.21/compute/v2.1/servers/7796af7d-4ff9-471a-99e7-e4fc54aedee0 0.175s
2025-02-12 21:05:28.281 63374 INFO tempest.lib.common.rest_client [req-8c0fb41e-4afb-4ea4-94d8-0051ce18b18c req-8c0fb41e-4afb-4ea4-94d8-0051ce18b18c ] Request (ServerDiagnosticsV248Test:tearDownClass): 200 GET http://10.180.1.21/compute/v2.1/servers/b0166fc9-a10c-4a84-a282-9689aa197254 0.180s
2025-02-12 21:05:28.312 63402 INFO tempest.lib.common.rest_client [req-217736a0-62d7-4b8b-be46-246c8af72c9c req-217736a0-62d7-4b8b-be46-246c8af72c9c ] Request (DeleteServersTestJSON:test_delete_server_while_in_attached_volume): 200 GET http://10.180.1.21/compute/v2.1/servers/ffd06d8f-e9e1-4a87-a1ee-3df21bc03941 0.374s
2025-02-12 21:05:28.346 63410 INFO tempest.lib.common.rest_client [req-208687fb-aadc-41eb-b155-a3efc1e730d0 req-208687fb-aadc-41eb-b155-a3efc1e730d0 ] Request (ServersAaction247Test:test_create_backup): 200 GET http://10.180.1.21/compute/v2.1/servers/443ff84c-f6fa-4514-9589-9fd02c7d7851 0.227s
2025-02-12 21:05:28.406 63384 INFO tempest.lib.common.rest_client [req-cf288e35-3f0e-4796-8af0-02e5ae673fd6 req-cf288e35-3f0e-4796-8af0-02e5ae673fd6 ] Request (AttachInterfacesUnderV243Test:test_add_remove_fixed_ip): 200 GET http://10.180.1.21/compute/v2.1/servers/f8ee9bc6-f2db-4b76-89d5-7e20cad2ac5c 0.221s
2025-02-12 21:05:28.482 63400 INFO tempest.lib.common.rest_client [req-3b34a128-169e-4c34-aa25-58fb28696fb1 req-3b34a128-169e-4c34-aa25-58fb28696fb1 ] Request (ListServerFiltersTestJSON:test_list_servers_detailed_limit_results): 200 GET http://10.180.1.21/compute/v2.1/servers/detail?limit=1 0.360s
2025-02-12 21:05:28.539 63422 INFO tempest.lib.common.rest_client [req-4a10d7b4-babe-4cf2-877e-4672d414a395 req-4a10d7b4-babe-4cf2-877e-4672d414a395 ] Request (ServerMetadataNegativeTestJSON:tearDownClass): 200 GET http://10.180.1.21/compute/v2.1/servers/d982bc6e-2297-46d0-a623-1744fb3ee44b 0.273s
2025-02-12 21:05:28.545 63422 INFO tempest.common.waiters [-] State transition "ACTIVE/deleting" ==> "DELETED/None" after 4 second wait
2025-02-12 21:05:28.573 63404 INFO tempest.lib.common.rest_client [req-715e4aff-8cb9-4fb4-8c4d-0b830301ccf2 req-715e4aff-8cb9-4fb4-8c4d-0b830301ccf2 ] Request (ListImageFiltersTestJSON:setUpClass): 200 GET http://10.180.1.21/compute/v2.1/servers/a84ed5f1-d21a-474d-acdc-54a2185642e1 0.318s
2025-02-12 21:05:28.580 63404 INFO tempest.common.waiters [-] State transition "BUILD/block_device_mapping" ==> "BUILD/spawning" after 32 second wait
2025-02-12 21:05:28.596 63366 INFO tempest.lib.common.rest_client [req-2e4720d9-12be-4f5c-8aef-cf5efb572136 req-2e4720d9-12be-4f5c-8aef-cf5efb572136 ] Request (ServerExternalEventsTest:tearDownClass): 200 GET http://10.180.1.21/compute/v2.1/servers/ffb951f2-2150-4168-a465-c5492557b199 0.280s
2025-02-12 21:05:28.645 63378 INFO tempest.lib.common.rest_client [req-8ada7393-78de-4b8b-87fc-8b4451030c73 req-8ada7393-78de-4b8b-87fc-8b4451030c73 ] Request (ServersTestJSON:test_create_server_specify_multibyte_character_name): 200 GET http://10.180.1.21/compute/v2.1/servers/8faf95e3-ce3a-4e0a-91f1-f508a80fb268 0.196s
2025-02-12 21:05:28.696 63362 INFO tempest.lib.common.rest_client [req-23d77979-b7d8-44ab-87ce-2fe9447ac12f req-23d77979-b7d8-44ab-87ce-2fe9447ac12f ] Request (ServerDiskConfigTestJSON:test_rebuild_server_with_manual_disk_config): 200 GET http://10.180.1.21/compute/v2.1/servers/f0a91a3b-4a1c-4c0d-93ee-b0bf4c938900 0.242s
2025-02-12 21:05:28.704 63362 INFO tempest.common.waiters [-] State transition "BUILD/scheduling" ==> "BUILD/None" after 17 second wait
2025-02-12 21:05:28.705 63382 INFO tempest.lib.common.rest_client [req-5c09651b-3cba-4cf6-b790-187eaf0c33fc req-5c09651b-3cba-4cf6-b790-187eaf0c33fc ] Request (MigrationsAdminTest:test_list_migrations_in_flavor_resize_situation): 200 GET http://10.180.1.21/compute/v2.1/servers/80805db5-2215-4d5a-9b38-e4d82d76ffbe 0.299s
2025-02-12 21:05:28.713 63382 INFO tempest.common.waiters [-] State transition "VERIFY_RESIZE/None" ==> "ACTIVE/None" after 18 second wait
2025-02-12 21:05:28.764 63418 INFO tempest.lib.common.rest_client [req-c80847a8-e585-4c1e-8cf3-7590456d82b5 req-c80847a8-e585-4c1e-8cf3-7590456d82b5 ] Request (FloatingIPsAssociationTestJSON:setUpClass): 200 GET http://10.180.1.21/compute/v2.1/servers/efda071e-50e2-4627-8f1f-1f8653b6c2ad 0.267s
2025-02-12 21:05:28.793 63400 INFO tempest.lib.common.rest_client [req-c4aa390e-fe61-4001-b744-fb0afc5dde06 req-c4aa390e-fe61-4001-b744-fb0afc5dde06 ] Request (ListServerFiltersTestJSON:test_list_servers_filter_by_active_status): 200 GET http://10.180.1.21/compute/v2.1/servers?status=active 0.298s
2025-02-12 21:05:28.840 63424 INFO tempest.lib.common.rest_client [req-a49a6141-5c6d-44b3-ac3e-2d9b5d0f24af req-a49a6141-5c6d-44b3-ac3e-2d9b5d0f24af ] Request (FloatingIPsAssociationNegativeTestJSON:tearDownClass): 200 GET http://10.180.1.21/compute/v2.1/servers/4fe02429-cd39-4135-9936-b520204db2d9 0.341s
2025-02-12 21:05:28.856 63376 INFO tempest.lib.common.rest_client [req-8b357a09-334c-401d-b696-45ec2c2c8a08 req-8b357a09-334c-401d-b696-45ec2c2c8a08 ] Request (ServersAdminNegativeTestJSON:tearDownClass): 200 GET http://10.180.1.21/compute/v2.1/servers/ca539a23-d0b8-43b1-aebd-bbc92ab21034 0.271s
2025-02-12 21:05:28.891 63392 INFO tempest.lib.common.rest_client [req-4631a347-708d-4157-8342-f2aaad42c4c7 req-4631a347-708d-4157-8342-f2aaad42c4c7 ] Request (AttachInterfacesTestJSON:test_create_list_show_delete_interfaces_by_fixed_ip): 200 GET http://10.180.1.21/compute/v2.1/servers/dd9d50c4-0607-4247-8e76-06903fb0a599 0.272s
2025-02-12 21:05:28.922 63390 INFO tempest.lib.common.rest_client [req-945ce11f-b0ee-435f-97b5-afc003d7b1a0 req-945ce11f-b0ee-435f-97b5-afc003d7b1a0 ] Request (ServersTestMultiNic:test_verify_duplicate_network_nics): 200 GET http://10.180.1.21/compute/v2.1/servers/14f3e0ba-7c1f-4744-b258-52e3dce205b1 0.255s
2025-02-12 21:05:28.947 63394 INFO tempest.lib.common.rest_client [req-96c4b593-ada1-4ff0-8e58-0d713a57e3c3 req-96c4b593-ada1-4ff0-8e58-0d713a57e3c3 ] Request (ServerRescueTestJSON:setUpClass): 200 GET http://10.180.1.21/compute/v2.1/servers/974b051e-74c5-457d-b734-ef7fa65a8d3d 0.239s
2025-02-12 21:05:29.021 63382 INFO tempest.lib.common.rest_client [req-fd55e9d3-06f5-4250-aeba-b32a5b14d30f req-fd55e9d3-06f5-4250-aeba-b32a5b14d30f ] Request (MigrationsAdminTest:test_list_migrations_in_flavor_resize_situation): 200 GET http://10.180.1.21/compute/v2.1/servers/80805db5-2215-4d5a-9b38-e4d82d76ffbe 0.308s
2025-02-12 21:05:29.046 63400 INFO tempest.lib.common.rest_client [req-8c710dcf-f345-4407-b0f3-19fc709e9942 req-8c710dcf-f345-4407-b0f3-19fc709e9942 ] Request (ListServerFiltersTestJSON:test_list_servers_filter_by_exceed_limit): 200 GET http://10.180.1.21/compute/v2.1/servers?limit=100000 0.248s
2025-02-12 21:05:29.094 63380 INFO tempest.lib.common.rest_client [req-1b2b30f8-61d3-4667-8115-6c7501d9d584 req-1b2b30f8-61d3-4667-8115-6c7501d9d584 ] Request (ServerAddressesNegativeTestJSON:setUpClass): 200 GET http://10.180.1.21/compute/v2.1/servers/0f02137b-ae02-4c2b-9188-50e4d80c11f6 0.203s
2025-02-12 21:05:29.107 63398 INFO tempest.lib.common.rest_client [req-856a3118-3a25-4f80-836f-4b629d56b512 req-856a3118-3a25-4f80-836f-4b629d56b512 ] Request (ImagesOneServerNegativeTestJSON:setUpClass): 200 GET http://10.180.1.21/compute/v2.1/servers/169aea8a-808e-4986-b75e-305f896f6f6a 0.278s
2025-02-12 21:05:29.116 63398 INFO tempest.common.waiters [-] State transition "BUILD/spawning" ==> "ACTIVE/None" after 42 second wait
2025-02-12 21:05:29.140 63420 INFO tempest.lib.common.rest_client [req-d9c43020-47a0-4986-be91-cb2cbe680587 req-d9c43020-47a0-4986-be91-cb2cbe680587 ] Request (ServerTagsTestJSON:setUpClass): 200 GET http://10.180.1.21/compute/v2.1/servers/5ce1a2d0-f7ab-468a-bb75-17354b91f0ee 0.227s
2025-02-12 21:05:29.158 63364 INFO tempest.lib.common.rest_client [req-5cbd96f7-feee-4162-ab41-cd63770a1453 req-5cbd96f7-feee-4162-ab41-cd63770a1453 ] Request (ServersV294TestFqdnHostnames:setUpClass): 200 GET http://10.180.1.21/compute/v2.1/servers/ceca798f-e220-445a-b8cc-72855897fadf 0.209s
2025-02-12 21:05:29.186 63396 INFO tempest.lib.common.rest_client [req-c2094fb3-9ab0-473d-8943-18790552b07b req-c2094fb3-9ab0-473d-8943-18790552b07b ] Request (SecurityGroupsTestJSON:test_server_security_groups): 200 GET http://10.180.1.21/compute/v2.1/servers/70d8967e-a6f6-458e-965d-47ebfb867526 0.192s
2025-02-12 21:05:29.198 63382 INFO tempest.lib.common.rest_client [req-bf731b2d-aa59-4d3f-b0d4-a3b4711b5205 req-bf731b2d-aa59-4d3f-b0d4-a3b4711b5205 ] Request (MigrationsAdminTest:test_list_migrations_in_flavor_resize_situation): 200 POST http://10.180.1.21/compute/v2.1/os-keypairs 0.167s
2025-02-12 21:05:29.235 63400 INFO tempest.lib.common.rest_client [req-481e1ab4-f6a7-4ae9-9d67-40d45305a82a req-481e1ab4-f6a7-4ae9-9d67-40d45305a82a ] Request (ListServerFiltersTestJSON:test_list_servers_filter_by_exceed_limit): 200 GET http://10.180.1.21/compute/v2.1/servers 0.186s
2025-02-12 21:05:29.258 63372 INFO tempest.lib.common.rest_client [req-315f057d-eaaf-4fa4-b4da-94ea58f8a58a req-315f057d-eaaf-4fa4-b4da-94ea58f8a58a ] Request (ServersAdmin275Test:test_rebuild_update_server_275): 200 GET http://10.180.1.21/compute/v2.1/servers/2cbfe3ec-021d-49ac-909f-88b44a8844ca 0.201s
2025-02-12 21:05:29.356 63386 INFO tempest.lib.common.rest_client [req-557a7e47-b2b7-4c39-b31d-c83bd074c9ee req-557a7e47-b2b7-4c39-b31d-c83bd074c9ee ] Request (DeleteServersAdminTestJSON:test_delete_server_while_in_error_state): 200 GET http://10.180.1.21/compute/v2.1/servers/7796af7d-4ff9-471a-99e7-e4fc54aedee0 0.132s
2025-02-12 21:05:29.359 63382 INFO tempest.lib.common.rest_client [req-3c06b62f-e624-4679-9c10-043221c9ccca req-3c06b62f-e624-4679-9c10-043221c9ccca ] Request (MigrationsAdminTest:test_list_migrations_in_flavor_resize_situation): 201 POST http://10.180.1.21:9696/networking/v2.0/security-groups 0.159s
2025-02-12 21:05:29.411 63398 INFO tempest.lib.common.rest_client [req-493d65bb-aca2-474a-9e8c-c0888bec0df0 req-493d65bb-aca2-474a-9e8c-c0888bec0df0 ] Request (ImagesOneServerNegativeTestJSON:setUp): 200 GET http://10.180.1.21/compute/v2.1/servers/169aea8a-808e-4986-b75e-305f896f6f6a 0.294s
2025-02-12 21:05:29.462 63382 INFO tempest.lib.common.rest_client [req-7cc973cf-68cf-4b11-939d-6d5c796c3a08 req-7cc973cf-68cf-4b11-939d-6d5c796c3a08 ] Request (MigrationsAdminTest:test_list_migrations_in_flavor_resize_situation): 201 POST http://10.180.1.21:9696/networking/v2.0/security-group-rules 0.103s
2025-02-12 21:05:29.466 63400 INFO tempest.lib.common.rest_client [req-1251ceb3-dc58-4b1d-87ae-b1c10c082e79 req-1251ceb3-dc58-4b1d-87ae-b1c10c082e79 ] Request (ListServerFiltersTestJSON:test_list_servers_filter_by_flavor): 200 GET http://10.180.1.21/compute/v2.1/servers?flavor=84 0.225s
2025-02-12 21:05:29.479 63374 INFO tempest.lib.common.rest_client [req-0c975de5-bf9b-41ba-ab74-10170b859ada req-0c975de5-bf9b-41ba-ab74-10170b859ada ] Request (ServerDiagnosticsV248Test:tearDownClass): 200 GET http://10.180.1.21/compute/v2.1/servers/b0166fc9-a10c-4a84-a282-9689aa197254 0.185s
2025-02-12 21:05:29.529 63402 INFO tempest.lib.common.rest_client [req-ea6da050-37f2-4fd8-99f9-460aff3854c8 req-ea6da050-37f2-4fd8-99f9-460aff3854c8 ] Request (DeleteServersTestJSON:test_delete_server_while_in_attached_volume): 200 GET http://10.180.1.21/compute/v2.1/servers/ffd06d8f-e9e1-4a87-a1ee-3df21bc03941 0.209s
2025-02-12 21:05:29.542 63410 INFO tempest.lib.common.rest_client [req-78108cda-628a-4724-9ced-d7ed3da020c1 req-78108cda-628a-4724-9ced-d7ed3da020c1 ] Request (ServersAaction247Test:test_create_backup): 200 GET http://10.180.1.21/compute/v2.1/servers/443ff84c-f6fa-4514-9589-9fd02c7d7851 0.182s
2025-02-12 21:05:29.547 63398 INFO tempest.lib.common.rest_client [req-a4094e49-2f86-474d-b0f6-e3097fb67d98 req-a4094e49-2f86-474d-b0f6-e3097fb67d98 ] Request (ImagesOneServerNegativeTestJSON:test_create_image_specify_invalid_metadata): 400 POST http://10.180.1.21/compute/v2.1/servers/169aea8a-808e-4986-b75e-305f896f6f6a/action 0.127s
2025-02-12 21:05:29.559 63382 INFO tempest.lib.common.rest_client [req-898c31c4-cfd2-44c7-9bf5-088e73d574b3 req-898c31c4-cfd2-44c7-9bf5-088e73d574b3 ] Request (MigrationsAdminTest:test_list_migrations_in_flavor_resize_situation): 201 POST http://10.180.1.21:9696/networking/v2.0/security-group-rules 0.097s
2025-02-12 21:05:29.583 63400 INFO tempest.lib.common.rest_client [req-e5deee94-fe0c-46ac-83de-2c948447b6f1 req-e5deee94-fe0c-46ac-83de-2c948447b6f1 ] Request (ListServerFiltersTestJSON:test_list_servers_filter_by_limit): 200 GET http://10.180.1.21/compute/v2.1/servers?limit=1 0.112s
2025-02-12 21:05:29.596 63384 INFO tempest.lib.common.rest_client [req-ad1cc849-ad3a-4de7-b2c1-e7069b0af471 req-ad1cc849-ad3a-4de7-b2c1-e7069b0af471 ] Request (AttachInterfacesUnderV243Test:test_add_remove_fixed_ip): 200 GET http://10.180.1.21/compute/v2.1/servers/f8ee9bc6-f2db-4b76-89d5-7e20cad2ac5c 0.182s
2025-02-12 21:05:29.638 63422 INFO tempest.lib.common.rest_client [req-38a12c18-fe0a-423c-9e94-9098afc98887 req-38a12c18-fe0a-423c-9e94-9098afc98887 ] Request (ServerMetadataNegativeTestJSON:tearDownClass): 200 GET http://10.180.1.21/compute/v2.1/servers/d982bc6e-2297-46d0-a623-1744fb3ee44b 0.092s
2025-02-12 21:05:29.728 63404 INFO tempest.lib.common.rest_client [req-81dcec6d-d0f5-4298-9fa9-7e22a305708a req-81dcec6d-d0f5-4298-9fa9-7e22a305708a ] Request (ListImageFiltersTestJSON:setUpClass): 200 GET http://10.180.1.21/compute/v2.1/servers/a84ed5f1-d21a-474d-acdc-54a2185642e1 0.146s
2025-02-12 21:05:29.732 63398 INFO tempest.lib.common.rest_client [req-10cde7c9-3d90-4b29-8ec1-3df208de763d req-10cde7c9-3d90-4b29-8ec1-3df208de763d ] Request (ImagesOneServerNegativeTestJSON:tearDown): 200 GET http://10.180.1.21/compute/v2.1/servers/169aea8a-808e-4986-b75e-305f896f6f6a 0.184s
2025-02-12 21:05:29.802 63366 INFO tempest.lib.common.rest_client [req-0d741c48-4513-471f-8776-681b2e75a4b7 req-0d741c48-4513-471f-8776-681b2e75a4b7 ] Request (ServerExternalEventsTest:tearDownClass): 200 GET http://10.180.1.21/compute/v2.1/servers/ffb951f2-2150-4168-a465-c5492557b199 0.194s
2025-02-12 21:05:29.816 63400 INFO tempest.lib.common.rest_client [req-77459caa-a139-408b-827f-00bcc95c9dad req-77459caa-a139-408b-827f-00bcc95c9dad ] Request (ListServerFiltersTestJSON:test_list_servers_filter_by_server_name): 200 GET http://10.180.1.21/compute/v2.1/servers?name=tempest-ListServerFiltersTestJSON-instance-202122872 0.230s
2025-02-12 21:05:29.869 63362 INFO tempest.lib.common.rest_client [req-020e2275-14f6-48f6-9860-b1f69176334e req-020e2275-14f6-48f6-9860-b1f69176334e ] Request (ServerDiskConfigTestJSON:test_rebuild_server_with_manual_disk_config): 200 GET http://10.180.1.21/compute/v2.1/servers/f0a91a3b-4a1c-4c0d-93ee-b0bf4c938900 0.164s
2025-02-12 21:05:29.960 63398 INFO tempest.lib.common.rest_client [req-612b3b26-e1d5-44d9-b261-ef8f1e303d9c req-612b3b26-e1d5-44d9-b261-ef8f1e303d9c ] Request (ImagesOneServerNegativeTestJSON:setUp): 200 GET http://10.180.1.21/compute/v2.1/servers/169aea8a-808e-4986-b75e-305f896f6f6a 0.212s
2025-02-12 21:05:30.007 63418 INFO tempest.lib.common.rest_client [req-6b855b06-e884-45bc-878a-ff8b9331a8b5 req-6b855b06-e884-45bc-878a-ff8b9331a8b5 ] Request (FloatingIPsAssociationTestJSON:setUpClass): 200 GET http://10.180.1.21/compute/v2.1/servers/efda071e-50e2-4627-8f1f-1f8653b6c2ad 0.235s
2025-02-12 21:05:30.063 63400 INFO tempest.lib.common.rest_client [req-85a2c0a5-471a-466d-bc30-cb868d6ba141 req-85a2c0a5-471a-466d-bc30-cb868d6ba141 ] Request (ListServerFiltersTestJSON:test_list_servers_filter_by_shutoff_status): 202 POST http://10.180.1.21/compute/v2.1/servers/4df019ea-8beb-4e10-acfa-04df94575993/action 0.244s
2025-02-12 21:05:30.081 63378 INFO tempest.lib.common.rest_client [req-b063b7dc-7cfb-4fe5-9b92-f5bb2f5e8ce6 req-b063b7dc-7cfb-4fe5-9b92-f5bb2f5e8ce6 ] Request (ServersTestJSON:test_create_server_specify_multibyte_character_name): 200 GET http://10.180.1.21/compute/v2.1/servers/8faf95e3-ce3a-4e0a-91f1-f508a80fb268 0.428s
2025-02-12 21:05:30.117 63424 INFO tempest.lib.common.rest_client [req-365e327b-a3da-4b66-9a8a-81c3ae2dac04 req-365e327b-a3da-4b66-9a8a-81c3ae2dac04 ] Request (FloatingIPsAssociationNegativeTestJSON:tearDownClass): 200 GET http://10.180.1.21/compute/v2.1/servers/4fe02429-cd39-4135-9936-b520204db2d9 0.269s
2025-02-12 21:05:30.151 63376 INFO tempest.lib.common.rest_client [req-b2909897-115d-4416-a42e-f122a65b94c9 req-b2909897-115d-4416-a42e-f122a65b94c9 ] Request (ServersAdminNegativeTestJSON:tearDownClass): 200 GET http://10.180.1.21/compute/v2.1/servers/ca539a23-d0b8-43b1-aebd-bbc92ab21034 0.285s
2025-02-12 21:05:30.174 63392 INFO tempest.lib.common.rest_client [req-d6c706e1-0e27-4b87-8a81-b3cafee2ba51 req-d6c706e1-0e27-4b87-8a81-b3cafee2ba51 ] Request (AttachInterfacesTestJSON:test_create_list_show_delete_interfaces_by_fixed_ip): 200 GET http://10.180.1.21/compute/v2.1/servers/dd9d50c4-0607-4247-8e76-06903fb0a599 0.272s
2025-02-12 21:05:30.206 63390 INFO tempest.lib.common.rest_client [req-d04d7a73-8cc3-4a56-a712-669dda6f2d89 req-d04d7a73-8cc3-4a56-a712-669dda6f2d89 ] Request (ServersTestMultiNic:test_verify_duplicate_network_nics): 200 GET http://10.180.1.21/compute/v2.1/servers/14f3e0ba-7c1f-4744-b258-52e3dce205b1 0.275s
2025-02-12 21:05:30.215 63398 INFO tempest.lib.common.rest_client [req-f867c763-a2a9-4cfb-aeab-10090f7349bf req-f867c763-a2a9-4cfb-aeab-10090f7349bf ] Request (ImagesOneServerNegativeTestJSON:test_create_image_specify_metadata_over_limits): 400 POST http://10.180.1.21/compute/v2.1/servers/169aea8a-808e-4986-b75e-305f896f6f6a/action 0.248s
2025-02-12 21:05:30.223 63394 INFO tempest.lib.common.rest_client [req-6547dc5b-6933-406d-bfba-bc12e3d3236d req-6547dc5b-6933-406d-bfba-bc12e3d3236d ] Request (ServerRescueTestJSON:setUpClass): 200 GET http://10.180.1.21/compute/v2.1/servers/974b051e-74c5-457d-b734-ef7fa65a8d3d 0.268s
2025-02-12 21:05:30.270 63380 INFO tempest.lib.common.rest_client [req-768663f2-e776-4c81-9dfe-88b494228224 req-768663f2-e776-4c81-9dfe-88b494228224 ] Request (ServerAddressesNegativeTestJSON:setUpClass): 200 GET http://10.180.1.21/compute/v2.1/servers/0f02137b-ae02-4c2b-9188-50e4d80c11f6 0.168s
2025-02-12 21:05:30.316 63420 INFO tempest.lib.common.rest_client [req-ea99fd44-af6f-4b17-bae0-129b6625e870 req-ea99fd44-af6f-4b17-bae0-129b6625e870 ] Request (ServerTagsTestJSON:setUpClass): 200 GET http://10.180.1.21/compute/v2.1/servers/5ce1a2d0-f7ab-468a-bb75-17354b91f0ee 0.165s
2025-02-12 21:05:30.329 63400 INFO tempest.lib.common.rest_client [req-530f77f9-3c8a-472a-b340-6dd5b64c2315 req-530f77f9-3c8a-472a-b340-6dd5b64c2315 ] Request (ListServerFiltersTestJSON:test_list_servers_filter_by_shutoff_status): 200 GET http://10.180.1.21/compute/v2.1/servers/4df019ea-8beb-4e10-acfa-04df94575993 0.264s
2025-02-12 21:05:30.383 63396 INFO tempest.lib.common.rest_client [req-7cb23798-8b32-44dd-b808-8cac098276bd req-7cb23798-8b32-44dd-b808-8cac098276bd ] Request (SecurityGroupsTestJSON:test_server_security_groups): 200 GET http://10.180.1.21/compute/v2.1/servers/70d8967e-a6f6-458e-965d-47ebfb867526 0.181s
2025-02-12 21:05:30.383 63364 INFO tempest.lib.common.rest_client [req-bbc02027-ff2b-4752-b15e-96b5de870711 req-bbc02027-ff2b-4752-b15e-96b5de870711 ] Request (ServersV294TestFqdnHostnames:setUpClass): 200 GET http://10.180.1.21/compute/v2.1/servers/ceca798f-e220-445a-b8cc-72855897fadf 0.214s
2025-02-12 21:05:30.437 63382 INFO tempest.lib.common.rest_client [req-1496f3e2-9ae7-40f0-83ac-29a59da682a9 req-1496f3e2-9ae7-40f0-83ac-29a59da682a9 ] Request (MigrationsAdminTest:test_list_migrations_in_flavor_resize_situation): 201 POST http://10.180.1.21:9696/networking/v2.0/floatingips 0.877s
2025-02-12 21:05:30.445 63372 INFO tempest.lib.common.rest_client [req-9202af36-5c70-491a-8004-c562ab11bf02 req-9202af36-5c70-491a-8004-c562ab11bf02 ] Request (ServersAdmin275Test:test_rebuild_update_server_275): 200 GET http://10.180.1.21/compute/v2.1/servers/2cbfe3ec-021d-49ac-909f-88b44a8844ca 0.169s
2025-02-12 21:05:30.471 63398 INFO tempest.lib.common.rest_client [req-47f94d40-6122-4cf3-b30c-695f4e1e3a0e req-47f94d40-6122-4cf3-b30c-695f4e1e3a0e ] Request (ImagesOneServerNegativeTestJSON:tearDown): 200 GET http://10.180.1.21/compute/v2.1/servers/169aea8a-808e-4986-b75e-305f896f6f6a 0.255s
2025-02-12 21:05:30.481 63382 INFO tempest.lib.common.rest_client [req-be7000ec-1db6-4fa8-adf7-9cc36911913d req-be7000ec-1db6-4fa8-adf7-9cc36911913d ] Request (MigrationsAdminTest:test_list_migrations_in_flavor_resize_situation): 200 GET http://10.180.1.21/compute/v2.1/os-migrations 0.043s
2025-02-12 21:05:30.534 63386 INFO tempest.lib.common.rest_client [req-73002247-2d19-474f-bd99-6c8bb8f44165 req-73002247-2d19-474f-bd99-6c8bb8f44165 ] Request (DeleteServersAdminTestJSON:test_delete_server_while_in_error_state): 200 GET http://10.180.1.21/compute/v2.1/servers/7796af7d-4ff9-471a-99e7-e4fc54aedee0 0.168s
2025-02-12 21:05:30.541 63386 INFO tempest.common.waiters [-] State transition "BUILD/spawning" ==> "ACTIVE/None" after 42 second wait
2025-02-12 21:05:30.549 63382 INFO tempest.lib.common.rest_client [req-67a8f106-fda0-4318-a954-65f523fed120 req-67a8f106-fda0-4318-a954-65f523fed120 ] Request (MigrationsAdminTest:test_resize_server_revert_deleted_flavor): 200 GET http://10.180.1.21/compute/v2.1/flavors/42 0.063s
2025-02-12 21:05:30.566 63398 INFO tempest.lib.common.rest_client [req-6e6cfa1e-bb97-4ca2-88bd-c4b391880b9a req-6e6cfa1e-bb97-4ca2-88bd-c4b391880b9a ] Request (ImagesOneServerNegativeTestJSON:setUp): 200 GET http://10.180.1.21/compute/v2.1/servers/169aea8a-808e-4986-b75e-305f896f6f6a 0.084s
2025-02-12 21:05:30.610 63374 INFO tempest.lib.common.rest_client [req-4b4bf422-e95f-4d10-a693-6d879a8725d3 req-4b4bf422-e95f-4d10-a693-6d879a8725d3 ] Request (ServerDiagnosticsV248Test:tearDownClass): 200 GET http://10.180.1.21/compute/v2.1/servers/b0166fc9-a10c-4a84-a282-9689aa197254 0.120s
2025-02-12 21:05:30.614 63402 INFO tempest.lib.common.rest_client [req-28289022-25b4-43ea-bbe7-437182e92c61 req-28289022-25b4-43ea-bbe7-437182e92c61 ] Request (DeleteServersTestJSON:test_delete_server_while_in_attached_volume): 200 GET http://10.180.1.21/compute/v2.1/servers/ffd06d8f-e9e1-4a87-a1ee-3df21bc03941 0.077s
2025-02-12 21:05:30.619 63374 INFO tempest.common.waiters [-] State transition "ACTIVE/deleting" ==> "DELETED/None" after 5 second wait
2025-02-12 21:05:30.623 63402 INFO tempest.common.waiters [-] State transition "BUILD/scheduling" ==> "BUILD/None" after 18 second wait
2025-02-12 21:05:30.630 63382 INFO tempest.lib.common.rest_client [req-ba0b4124-71b6-4ca3-8482-ca5446421466 req-ba0b4124-71b6-4ca3-8482-ca5446421466 ] Request (MigrationsAdminTest:test_resize_server_revert_deleted_flavor): 200 POST http://10.180.1.21/compute/v2.1/flavors 0.079s
2025-02-12 21:05:30.669 63386 INFO tempest.lib.common.rest_client [req-bff3e013-1ddd-438d-b3ca-d9eb5182d387 req-bff3e013-1ddd-438d-b3ca-d9eb5182d387 ] Request (DeleteServersAdminTestJSON:test_delete_server_while_in_error_state): 202 POST http://10.180.1.21/compute/v2.1/servers/7796af7d-4ff9-471a-99e7-e4fc54aedee0/action 0.128s
2025-02-12 21:05:30.674 63398 INFO tempest.lib.common.rest_client [req-f26100e8-fb70-48ae-a890-15c508284105 req-f26100e8-fb70-48ae-a890-15c508284105 ] Request (ImagesOneServerNegativeTestJSON:test_create_image_specify_name_over_character_limit): 400 POST http://10.180.1.21/compute/v2.1/servers/169aea8a-808e-4986-b75e-305f896f6f6a/action 0.101s
2025-02-12 21:05:30.677 63410 INFO tempest.lib.common.rest_client [req-6ea3e94b-5038-4960-895f-61df0802b727 req-6ea3e94b-5038-4960-895f-61df0802b727 ] Request (ServersAaction247Test:test_create_backup): 200 GET http://10.180.1.21/compute/v2.1/servers/443ff84c-f6fa-4514-9589-9fd02c7d7851 0.124s
2025-02-12 21:05:30.687 63382 INFO tempest.lib.common.rest_client [req-03ce2f87-c930-4afa-b637-5db6fbe223ec req-03ce2f87-c930-4afa-b637-5db6fbe223ec ] Request (MigrationsAdminTest:test_resize_server_revert_deleted_flavor): 200 GET http://10.180.1.21/compute/v2.1/flavors/42/os-extra_specs 0.054s
2025-02-12 21:05:30.721 63384 INFO tempest.lib.common.rest_client [req-411b7b19-9a31-4169-b5f4-02a6ad0b50b1 req-411b7b19-9a31-4169-b5f4-02a6ad0b50b1 ] Request (AttachInterfacesUnderV243Test:test_add_remove_fixed_ip): 200 GET http://10.180.1.21/compute/v2.1/servers/f8ee9bc6-f2db-4b76-89d5-7e20cad2ac5c 0.114s
2025-02-12 21:05:30.736 63422 INFO tempest.lib.common.rest_client [req-f14d9a61-197b-44e3-9ce5-cba5bd4edcdd req-f14d9a61-197b-44e3-9ce5-cba5bd4edcdd ] Request (ServerMetadataNegativeTestJSON:tearDownClass): 200 GET http://10.180.1.21/compute/v2.1/servers/d982bc6e-2297-46d0-a623-1744fb3ee44b 0.090s
2025-02-12 21:05:30.813 63386 INFO tempest.lib.common.rest_client [req-397b2d51-1153-41c8-b21c-adae02120b45 req-397b2d51-1153-41c8-b21c-adae02120b45 ] Request (DeleteServersAdminTestJSON:test_delete_server_while_in_error_state): 200 GET http://10.180.1.21/compute/v2.1/servers/7796af7d-4ff9-471a-99e7-e4fc54aedee0 0.143s
2025-02-12 21:05:30.831 63398 INFO tempest.lib.common.rest_client [req-2e551ed2-97ba-4673-ab8c-78e298e340fa req-2e551ed2-97ba-4673-ab8c-78e298e340fa ] Request (ImagesOneServerNegativeTestJSON:tearDown): 200 GET http://10.180.1.21/compute/v2.1/servers/169aea8a-808e-4986-b75e-305f896f6f6a 0.156s
2025-02-12 21:05:30.832 63382 INFO tempest.lib.common.rest_client [req-8ba40875-1b7b-48c8-b54d-6952448b08ca req-8ba40875-1b7b-48c8-b54d-6952448b08ca ] Request (MigrationsAdminTest:test_resize_server_revert_deleted_flavor): 200 POST http://10.180.1.21/compute/v2.1/flavors/1541b220-bd77-450a-98ab-761e09ecd3f0/os-extra_specs 0.144s
2025-02-12 21:05:30.910 63382 INFO tempest.lib.common.rest_client [req-a1e38b9e-e426-426c-b7f0-760e1d977100 req-a1e38b9e-e426-426c-b7f0-760e1d977100 ] Request (MigrationsAdminTest:test_resize_server_revert_deleted_flavor): 201 POST http://10.180.1.21/identity/v3/auth/tokens 0.074s
2025-02-12 21:05:30.911 63382 INFO tempest.lib.common.fixed_network [-] (MigrationsAdminTest:test_resize_server_revert_deleted_flavor) Found network None available for tenant
2025-02-12 21:05:30.913 63366 INFO tempest.lib.common.rest_client [req-0c57556e-5d4d-4f9c-b5a1-dbff9d46eb20 req-0c57556e-5d4d-4f9c-b5a1-dbff9d46eb20 ] Request (ServerExternalEventsTest:tearDownClass): 200 GET http://10.180.1.21/compute/v2.1/servers/ffb951f2-2150-4168-a465-c5492557b199 0.104s
2025-02-12 21:05:30.927 63404 INFO tempest.lib.common.rest_client [req-2762e54c-5cfa-494e-aa71-0d9a3906586b req-2762e54c-5cfa-494e-aa71-0d9a3906586b ] Request (ListImageFiltersTestJSON:setUpClass): 200 GET http://10.180.1.21/compute/v2.1/servers/a84ed5f1-d21a-474d-acdc-54a2185642e1 0.188s
2025-02-12 21:05:30.987 63386 INFO tempest.lib.common.rest_client [req-8ffdcb82-f87c-4aca-a8bc-8c42d7c3efd1 req-8ffdcb82-f87c-4aca-a8bc-8c42d7c3efd1 ] Request (DeleteServersAdminTestJSON:test_delete_server_while_in_error_state): 204 DELETE http://10.180.1.21/compute/v2.1/servers/7796af7d-4ff9-471a-99e7-e4fc54aedee0 0.167s
2025-02-12 21:05:31.033 63362 INFO tempest.lib.common.rest_client [req-d0b4d3f4-e0c9-468f-bd7e-b5acd33e11a4 req-d0b4d3f4-e0c9-468f-bd7e-b5acd33e11a4 ] Request (ServerDiskConfigTestJSON:test_rebuild_server_with_manual_disk_config): 200 GET http://10.180.1.21/compute/v2.1/servers/f0a91a3b-4a1c-4c0d-93ee-b0bf4c938900 0.154s
2025-02-12 21:05:31.047 63398 INFO tempest.lib.common.rest_client [req-b4a7de19-db86-47dd-87fe-ab2950cced4f req-b4a7de19-db86-47dd-87fe-ab2950cced4f ] Request (ImagesOneServerNegativeTestJSON:setUp): 200 GET http://10.180.1.21/compute/v2.1/servers/169aea8a-808e-4986-b75e-305f896f6f6a 0.207s
2025-02-12 21:05:31.137 63388 WARNING tempest.lib.common.ssh [-] Failed to establish authenticated ssh connection to cirros@10.180.180.156 ([Errno None] Unable to connect to port 22 on 10.180.180.156). Number attempts: 3. Retry after 4 seconds.: paramiko.ssh_exception.NoValidConnectionsError: [Errno None] Unable to connect to port 22 on 10.180.180.156
2025-02-12 21:05:31.144 63386 INFO tempest.lib.common.rest_client [req-f15ad7af-1a46-48b9-8118-202f92563228 req-f15ad7af-1a46-48b9-8118-202f92563228 ] Request (DeleteServersAdminTestJSON:test_delete_server_while_in_error_state): 200 GET http://10.180.1.21/compute/v2.1/servers/7796af7d-4ff9-471a-99e7-e4fc54aedee0 0.156s
2025-02-12 21:05:31.198 63418 INFO tempest.lib.common.rest_client [req-1ad4d591-7f65-434d-a934-d95c4a99802f req-1ad4d591-7f65-434d-a934-d95c4a99802f ] Request (FloatingIPsAssociationTestJSON:setUpClass): 200 GET http://10.180.1.21/compute/v2.1/servers/efda071e-50e2-4627-8f1f-1f8653b6c2ad 0.183s
2025-02-12 21:05:31.240 63382 INFO tempest.lib.common.rest_client [req-633525d5-f8cc-4766-ac0f-5410da80cf90 req-633525d5-f8cc-4766-ac0f-5410da80cf90 ] Request (MigrationsAdminTest:test_resize_server_revert_deleted_flavor): 202 POST http://10.180.1.21/compute/v2.1/servers 0.328s
2025-02-12 21:05:31.295 63378 INFO tempest.lib.common.rest_client [req-e5f87402-0349-4836-95c6-8e1a1c1e13cd req-e5f87402-0349-4836-95c6-8e1a1c1e13cd ] Request (ServersTestJSON:test_create_server_specify_multibyte_character_name): 200 GET http://10.180.1.21/compute/v2.1/servers/8faf95e3-ce3a-4e0a-91f1-f508a80fb268 0.206s
2025-02-12 21:05:31.327 63412 WARNING tempest.lib.common.ssh [-] Failed to establish authenticated ssh connection to cirros@10.180.180.169 ([Errno None] Unable to connect to port 22 on 10.180.180.169). Number attempts: 6. Retry after 7 seconds.: paramiko.ssh_exception.NoValidConnectionsError: [Errno None] Unable to connect to port 22 on 10.180.180.169
2025-02-12 21:05:31.366 63424 INFO tempest.lib.common.rest_client [req-17fd94f3-4140-4f0a-ac6a-dabb9aba28b9 req-17fd94f3-4140-4f0a-ac6a-dabb9aba28b9 ] Request (FloatingIPsAssociationNegativeTestJSON:tearDownClass): 200 GET http://10.180.1.21/compute/v2.1/servers/4fe02429-cd39-4135-9936-b520204db2d9 0.237s
2025-02-12 21:05:31.435 63376 INFO tempest.lib.common.rest_client [req-9d1c63ee-1841-4247-b035-cbdec7ced779 req-9d1c63ee-1841-4247-b035-cbdec7ced779 ] Request (ServersAdminNegativeTestJSON:tearDownClass): 200 GET http://10.180.1.21/compute/v2.1/servers/ca539a23-d0b8-43b1-aebd-bbc92ab21034 0.272s
2025-02-12 21:05:31.492 63392 INFO tempest.lib.common.rest_client [req-3732ccae-3742-49db-b2eb-1a4c30e18d1b req-3732ccae-3742-49db-b2eb-1a4c30e18d1b ] Request (AttachInterfacesTestJSON:test_create_list_show_delete_interfaces_by_fixed_ip): 200 GET http://10.180.1.21/compute/v2.1/servers/dd9d50c4-0607-4247-8e76-06903fb0a599 0.310s
2025-02-12 21:05:31.545 63390 INFO tempest.lib.common.rest_client [req-927813bd-eb28-48a5-96f4-f85649604ad3 req-927813bd-eb28-48a5-96f4-f85649604ad3 ] Request (ServersTestMultiNic:test_verify_duplicate_network_nics): 200 GET http://10.180.1.21/compute/v2.1/servers/14f3e0ba-7c1f-4744-b258-52e3dce205b1 0.326s
2025-02-12 21:05:31.600 63394 INFO tempest.lib.common.rest_client [req-3b31df2e-2886-4315-bea2-1a29f5b2d318 req-3b31df2e-2886-4315-bea2-1a29f5b2d318 ] Request (ServerRescueTestJSON:setUpClass): 200 GET http://10.180.1.21/compute/v2.1/servers/974b051e-74c5-457d-b734-ef7fa65a8d3d 0.365s
2025-02-12 21:05:31.639 63382 INFO tempest.lib.common.rest_client [req-2cad275f-578a-405e-874a-a13dd588292a req-2cad275f-578a-405e-874a-a13dd588292a ] Request (MigrationsAdminTest:test_resize_server_revert_deleted_flavor): 200 GET http://10.180.1.21/compute/v2.1/servers/b6326a0e-f6b0-466a-8c18-9a3e6b112e42 0.398s
2025-02-12 21:05:31.685 63398 INFO tempest.lib.common.rest_client [req-4194d2b7-063b-4c7a-b20c-99d7f7aa211e req-4194d2b7-063b-4c7a-b20c-99d7f7aa211e ] Request (ImagesOneServerNegativeTestJSON:test_create_second_image_when_first_image_is_being_saved): 202 POST http://10.180.1.21/compute/v2.1/servers/169aea8a-808e-4986-b75e-305f896f6f6a/action 0.631s
2025-02-12 21:05:31.688 63380 INFO tempest.lib.common.rest_client [req-9549bbb5-63ab-4914-a2c1-8ea74d73f06b req-9549bbb5-63ab-4914-a2c1-8ea74d73f06b ] Request (ServerAddressesNegativeTestJSON:setUpClass): 200 GET http://10.180.1.21/compute/v2.1/servers/0f02137b-ae02-4c2b-9188-50e4d80c11f6 0.409s
2025-02-12 21:05:31.741 63420 INFO tempest.lib.common.rest_client [req-e5fac432-6939-45aa-b109-685210e0b2e8 req-e5fac432-6939-45aa-b109-685210e0b2e8 ] Request (ServerTagsTestJSON:setUpClass): 200 GET http://10.180.1.21/compute/v2.1/servers/5ce1a2d0-f7ab-468a-bb75-17354b91f0ee 0.416s
2025-02-12 21:05:31.784 63400 INFO tempest.lib.common.rest_client [req-5f321f1b-46d7-48ed-ab64-43bad25798ca req-5f321f1b-46d7-48ed-ab64-43bad25798ca ] Request (ListServerFiltersTestJSON:test_list_servers_filter_by_shutoff_status): 200 GET http://10.180.1.21/compute/v2.1/servers/4df019ea-8beb-4e10-acfa-04df94575993 0.445s
2025-02-12 21:05:31.801 63396 INFO tempest.lib.common.rest_client [req-4cd433f6-140e-4b8e-a8fd-915f4af3dabb req-4cd433f6-140e-4b8e-a8fd-915f4af3dabb ] Request (SecurityGroupsTestJSON:test_server_security_groups): 200 GET http://10.180.1.21/compute/v2.1/servers/70d8967e-a6f6-458e-965d-47ebfb867526 0.411s
2025-02-12 21:05:31.844 63364 INFO tempest.lib.common.rest_client [req-c86b4d33-92df-46e8-92ce-a862630a53e1 req-c86b4d33-92df-46e8-92ce-a862630a53e1 ] Request (ServersV294TestFqdnHostnames:setUpClass): 200 GET http://10.180.1.21/compute/v2.1/servers/ceca798f-e220-445a-b8cc-72855897fadf 0.451s
2025-02-12 21:05:31.855 63364 INFO tempest.common.waiters [-] State transition "BUILD/scheduling" ==> "BUILD/None" after 18 second wait
2025-02-12 21:05:31.859 63372 INFO tempest.lib.common.rest_client [req-b6b8ca8f-f185-4218-b19d-a38ae07c3128 req-b6b8ca8f-f185-4218-b19d-a38ae07c3128 ] Request (ServersAdmin275Test:test_rebuild_update_server_275): 200 GET http://10.180.1.21/compute/v2.1/servers/2cbfe3ec-021d-49ac-909f-88b44a8844ca 0.403s
2025-02-12 21:05:31.904 63374 INFO tempest.lib.common.rest_client [req-1a8e846e-9662-4559-a310-1aa6c6d1e404 req-1a8e846e-9662-4559-a310-1aa6c6d1e404 ] Request (ServerDiagnosticsV248Test:tearDownClass): 200 GET http://10.180.1.21/compute/v2.1/servers/b0166fc9-a10c-4a84-a282-9689aa197254 0.282s
2025-02-12 21:05:31.913 63402 INFO tempest.lib.common.rest_client [req-53bb60db-3724-4505-b6fd-d234c532bfce req-53bb60db-3724-4505-b6fd-d234c532bfce ] Request (DeleteServersTestJSON:test_delete_server_while_in_attached_volume): 200 GET http://10.180.1.21/compute/v2.1/servers/ffd06d8f-e9e1-4a87-a1ee-3df21bc03941 0.288s
2025-02-12 21:05:31.943 63398 INFO tempest.lib.common.rest_client [req-f1dc7496-ecfa-413b-9eea-58063c53d7a8 req-f1dc7496-ecfa-413b-9eea-58063c53d7a8 ] Request (ImagesOneServerNegativeTestJSON:test_create_second_image_when_first_image_is_being_saved): 409 POST http://10.180.1.21/compute/v2.1/servers/169aea8a-808e-4986-b75e-305f896f6f6a/action 0.256s
2025-02-12 21:05:31.957 63410 INFO tempest.lib.common.rest_client [req-8b4e23b6-5628-4ea7-8202-9764d4cfce79 req-8b4e23b6-5628-4ea7-8202-9764d4cfce79 ] Request (ServersAaction247Test:test_create_backup): 200 GET http://10.180.1.21/compute/v2.1/servers/443ff84c-f6fa-4514-9589-9fd02c7d7851 0.271s
2025-02-12 21:05:31.991 63384 INFO tempest.lib.common.rest_client [req-e8d534f3-d025-4e34-a24c-106c0dbcc785 req-e8d534f3-d025-4e34-a24c-106c0dbcc785 ] Request (AttachInterfacesUnderV243Test:test_add_remove_fixed_ip): 200 GET http://10.180.1.21/compute/v2.1/servers/f8ee9bc6-f2db-4b76-89d5-7e20cad2ac5c 0.262s
2025-02-12 21:05:32.008 63422 INFO tempest.lib.common.rest_client [req-17b3846a-c10e-4f5b-a797-d116738de224 req-17b3846a-c10e-4f5b-a797-d116738de224 ] Request (ServerMetadataNegativeTestJSON:tearDownClass): 200 GET http://10.180.1.21/compute/v2.1/servers/d982bc6e-2297-46d0-a623-1744fb3ee44b 0.262s
2025-02-12 21:05:32.044 63366 INFO tempest.lib.common.rest_client [req-5aa3c4f4-fe8f-47e6-b995-635cc9de5dae req-5aa3c4f4-fe8f-47e6-b995-635cc9de5dae ] Request (ServerExternalEventsTest:tearDownClass): 200 GET http://10.180.1.21/compute/v2.1/servers/ffb951f2-2150-4168-a465-c5492557b199 0.124s
2025-02-12 21:05:32.123 63404 INFO tempest.lib.common.rest_client [req-926cb0bd-851b-4319-8d8e-2fda9cceef84 req-926cb0bd-851b-4319-8d8e-2fda9cceef84 ] Request (ListImageFiltersTestJSON:setUpClass): 200 GET http://10.180.1.21/compute/v2.1/servers/a84ed5f1-d21a-474d-acdc-54a2185642e1 0.187s
2025-02-12 21:05:32.125 63398 INFO tempest.lib.common.rest_client [req-7fc95195-3f82-4f85-9c55-be00be78f6e2 req-7fc95195-3f82-4f85-9c55-be00be78f6e2 ] Request (ImagesOneServerNegativeTestJSON:test_create_second_image_when_first_image_is_being_saved): 204 DELETE http://10.180.1.21/compute/v2.1/images/3d535c4b-f5a6-49e5-a2ba-5e6a203b8d05 0.181s
2025-02-12 21:05:32.167 63362 INFO tempest.lib.common.rest_client [req-ebc30999-c5a3-45a6-b910-cff030eba5db req-ebc30999-c5a3-45a6-b910-cff030eba5db ] Request (ServerDiskConfigTestJSON:test_rebuild_server_with_manual_disk_config): 200 GET http://10.180.1.21/compute/v2.1/servers/f0a91a3b-4a1c-4c0d-93ee-b0bf4c938900 0.126s
2025-02-12 21:05:32.218 63398 INFO tempest.lib.common.rest_client [req-35a3e7ba-5cb6-428e-9c86-ecf6e6a8575a req-35a3e7ba-5cb6-428e-9c86-ecf6e6a8575a ] Request (ImagesOneServerNegativeTestJSON:tearDown): 200 GET http://10.180.1.21/compute/v2.1/servers/169aea8a-808e-4986-b75e-305f896f6f6a 0.093s
2025-02-12 21:05:32.268 63418 INFO tempest.lib.common.rest_client [req-36bff755-34af-4b0f-b6ce-17de3a4388f8 req-36bff755-34af-4b0f-b6ce-17de3a4388f8 ] Request (FloatingIPsAssociationTestJSON:setUpClass): 200 GET http://10.180.1.21/compute/v2.1/servers/efda071e-50e2-4627-8f1f-1f8653b6c2ad 0.060s
2025-02-12 21:05:32.274 63386 INFO tempest.lib.common.rest_client [req-c3d8f3cc-6e7a-4e68-97d2-e32817982660 req-c3d8f3cc-6e7a-4e68-97d2-e32817982660 ] Request (DeleteServersAdminTestJSON:test_delete_server_while_in_error_state): 200 GET http://10.180.1.21/compute/v2.1/servers/7796af7d-4ff9-471a-99e7-e4fc54aedee0 0.122s
2025-02-12 21:05:32.353 63378 INFO tempest.lib.common.rest_client [req-bd9b5314-2473-4fce-8397-2b1b8ca2ff4d req-bd9b5314-2473-4fce-8397-2b1b8ca2ff4d ] Request (ServersTestJSON:test_create_server_specify_multibyte_character_name): 200 GET http://10.180.1.21/compute/v2.1/servers/8faf95e3-ce3a-4e0a-91f1-f508a80fb268 0.049s
