2025-02-12 21:04:49.590 63400 INFO tempest.lib.common.rest_client [req-f35929c7-62cf-4a06-8f46-8e85861c3f4b req-f35929c7-62cf-4a06-8f46-8e85861c3f4b ] Request (ListServerFiltersTestJSON:setUpClass): 200 GET http://10.180.1.21/compute/v2.1/servers/741b00c8-123d-4c52-b0cd-f40673034ea9 0.926s
2025-02-12 21:04:49.596 63384 INFO tempest.lib.common.rest_client [req-4dd32050-2ce7-4a90-a71c-4e9155700b5e req-4dd32050-2ce7-4a90-a71c-4e9155700b5e ] Request (FloatingIPsNegativeTestJSON:setUpClass): 204 PUT http://10.180.1.21/identity/v3/projects/b470cb63114f4cf5a22f05eadd6c611d/users/32d2165cbe70451986b0e0b7eeb3d2f1/roles/2bd67354d6fd4d0b8e2004983e2cdea4 0.038s
2025-02-12 21:04:49.596 63420 INFO tempest.lib.common.rest_client [req-fa1a62f2-97eb-4e5b-b80f-9e725aeaeb3c req-fa1a62f2-97eb-4e5b-b80f-9e725aeaeb3c ] Request (ServerTagsTestJSON:setUpClass): 201 POST http://10.180.1.21/identity/v3/projects 0.028s
2025-02-12 21:04:49.596 63384 INFO tempest.lib.common.dynamic_creds [-] Dynamic test user 32d2165cbe70451986b0e0b7eeb3d2f1 is created with scope project and roles: ['member']
2025-02-12 21:04:49.596 63384 INFO tempest.lib.common.dynamic_creds [-] Acquired dynamic creds: credentials: Credentials: {'domain_id': 'default', 'domain_name': 'Default', 'username': 'tempest-FloatingIPsNegativeTestJSON-1349342355-project-member', 'project_domain_id': 'default', 'project_domain_name': 'Default', 'project_id': 'b470cb63114f4cf5a22f05eadd6c611d', 'project_name': 'tempest-FloatingIPsNegativeTestJSON-1349342355', 'tenant_id': 'b470cb63114f4cf5a22f05eadd6c611d', 'tenant_name': 'tempest-FloatingIPsNegativeTestJSON-1349342355', 'user_domain_id': 'default', 'user_domain_name': 'Default', 'user_id': '32d2165cbe70451986b0e0b7eeb3d2f1', 'system': None}, Network: None, Subnet: None, Router: None
2025-02-12 21:04:49.651 63384 INFO tempest.lib.common.rest_client [req-cf6fd397-ac82-4b14-825e-eb579cfe716f req-cf6fd397-ac82-4b14-825e-eb579cfe716f ] Request (FloatingIPsNegativeTestJSON:setUpClass): 201 POST http://10.180.1.21/identity/v3/auth/tokens 0.054s
2025-02-12 21:04:49.659 63420 INFO tempest.lib.common.rest_client [req-6a4f50bc-8423-4d61-bc0e-459124538270 req-6a4f50bc-8423-4d61-bc0e-459124538270 ] Request (ServerTagsTestJSON:setUpClass): 201 POST http://10.180.1.21/identity/v3/users 0.062s
2025-02-12 21:04:49.673 63418 INFO tempest.lib.common.rest_client [req-ce960989-40c3-44ac-a3f7-ca3391a99f58 req-ce960989-40c3-44ac-a3f7-ca3391a99f58 ] Request (TenantUsagesTestJSON:tearDownClass): 200 GET http://10.180.1.21/compute/v2.1/servers/471ac034-2d40-488b-920c-308e84121373 0.945s
2025-02-12 21:04:49.681 63420 INFO tempest.lib.common.rest_client [req-da7ab18f-2a06-4796-b194-5c1896289457 req-da7ab18f-2a06-4796-b194-5c1896289457 ] Request (ServerTagsTestJSON:setUpClass): 200 GET http://10.180.1.21/identity/v3/roles 0.022s
2025-02-12 21:04:49.691 63380 INFO tempest.lib.common.rest_client [req-86975c8a-147f-4de4-86e5-51e7b59f83e8 req-86975c8a-147f-4de4-86e5-51e7b59f83e8 ] Request (ServicesAdminNegativeV253TestJSON:test_get_service_by_invalid_service_and_valid_host): 200 GET http://10.180.1.21/compute/v2.1/os-services?host=devstack&binary=xxx 0.963s
2025-02-12 21:04:49.705 63390 INFO tempest.lib.common.rest_client [req-0547780a-6a30-4770-bdaa-7d5dd566802b req-0547780a-6a30-4770-bdaa-7d5dd566802b ] Request (ServersTestMultiNic:setUpClass): 201 POST http://10.180.1.21:9696/networking/v2.0/routers 1.094s
2025-02-12 21:04:49.720 63416 INFO tempest.lib.common.rest_client [req-d96abc05-125d-40b2-9f54-dbfb6a845295 req-d96abc05-125d-40b2-9f54-dbfb6a845295 ] Request (KeyPairsNegativeTestJSON:test_keypair_create_with_invalid_pub_key): 400 POST http://10.180.1.21/compute/v2.1/os-keypairs 0.987s
2025-02-12 21:04:49.749 63420 INFO tempest.lib.common.rest_client [req-58a6f261-e5dd-4060-8cd0-b9fd7e3b10b1 req-58a6f261-e5dd-4060-8cd0-b9fd7e3b10b1 ] Request (ServerTagsTestJSON:setUpClass): 204 PUT http://10.180.1.21/identity/v3/projects/11b65c7a1714450798f8595109eab02f/users/5d5fcbf31cc24962af820347b03cf1d0/roles/2bd67354d6fd4d0b8e2004983e2cdea4 0.067s
2025-02-12 21:04:49.750 63420 INFO tempest.lib.common.dynamic_creds [-] Dynamic test user 5d5fcbf31cc24962af820347b03cf1d0 is created with scope project and roles: ['member']
2025-02-12 21:04:49.750 63420 INFO tempest.lib.common.dynamic_creds [-] Acquired dynamic creds: credentials: Credentials: {'domain_id': 'default', 'domain_name': 'Default', 'username': 'tempest-ServerTagsTestJSON-1818712183-project-member', 'project_domain_id': 'default', 'project_domain_name': 'Default', 'project_id': '11b65c7a1714450798f8595109eab02f', 'project_name': 'tempest-ServerTagsTestJSON-1818712183', 'tenant_id': '11b65c7a1714450798f8595109eab02f', 'tenant_name': 'tempest-ServerTagsTestJSON-1818712183', 'user_domain_id': 'default', 'user_domain_name': 'Default', 'user_id': '5d5fcbf31cc24962af820347b03cf1d0', 'system': None}, Network: None, Subnet: None, Router: None
2025-02-12 21:04:49.806 63420 INFO tempest.lib.common.rest_client [req-4a2ef7b0-c802-493d-a143-77a8debb596e req-4a2ef7b0-c802-493d-a143-77a8debb596e ] Request (ServerTagsTestJSON:setUpClass): 201 POST http://10.180.1.21/identity/v3/auth/tokens 0.056s
2025-02-12 21:04:49.829 63378 INFO tempest.lib.common.rest_client [req-8fb5b43e-dc4f-4b8d-8613-db47365b55ae req-8fb5b43e-dc4f-4b8d-8613-db47365b55ae ] Request (QuotasAdminTestJSON:test_get_updated_quotas): 200 PUT http://10.180.1.21/compute/v2.1/os-quota-sets/d55f789f018c496a8922195c3d420a4b?user_id=90dfd15aaee241a79b624f2149a6b670 1.119s
2025-02-12 21:04:49.890 63398 INFO tempest.lib.common.rest_client [req-e1eedc30-4da1-4208-a359-2d65f248b2c4 req-e1eedc30-4da1-4208-a359-2d65f248b2c4 ] Request (ImagesOneServerNegativeTestJSON:setUpClass): 200 GET http://10.180.1.21/compute/v2.1/servers/169aea8a-808e-4986-b75e-305f896f6f6a 1.048s
2025-02-12 21:04:49.934 63370 INFO tempest.lib.common.rest_client [req-fbfdb242-76c0-48de-aa2c-d5134c78f3cf req-fbfdb242-76c0-48de-aa2c-d5134c78f3cf ] Request (VolumesTestJSON:test_volume_list_with_detail_param_offset_and_limit): 200 GET http://10.180.1.21/compute/v2.1/os-volumes/detail?offset=1&limit=1 0.948s
2025-02-12 21:04:49.970 63410 INFO tempest.lib.common.rest_client [req-40e39970-b8f9-4767-8780-459758af226f req-40e39970-b8f9-4767-8780-459758af226f ] Request (SecurityGroupRulesTestJSON:tearDownClass): 202 DELETE http://10.180.1.21/compute/v2.1/os-security-groups/30eff7fa-a4c7-4451-bbe0-f96a591d79fb 1.213s
2025-02-12 21:04:49.978 63414 INFO tempest.lib.common.rest_client [req-56676c6d-c114-4d22-a7ef-c44cd8d048c7 req-56676c6d-c114-4d22-a7ef-c44cd8d048c7 ] Request (FloatingIPsTestJSON:_run_cleanups): 404 DELETE http://10.180.1.21/compute/v2.1/os-floating-ips/c6ae52ca-01cf-44a3-b5d3-a180350418e4 0.956s
2025-02-12 21:04:50.031 63404 INFO tempest.lib.common.rest_client [req-427f4d77-fd26-4b2d-a02c-8135afac94cc req-427f4d77-fd26-4b2d-a02c-8135afac94cc ] Request (ListImageFiltersTestJSON:setUpClass): 200 GET http://10.180.1.21/compute/v2.1/images/a8f5ea8c-6fd5-4bc1-8b89-6a0e3264762d 0.968s
2025-02-12 21:04:50.081 63374 INFO tempest.lib.common.rest_client [req-7d787cae-d198-4b37-9f85-cb6f28ae5047 req-7d787cae-d198-4b37-9f85-cb6f28ae5047 ] Request (ServerDiagnosticsV248Test:test_get_server_diagnostics): 200 GET http://10.180.1.21/compute/v2.1/servers/b0166fc9-a10c-4a84-a282-9689aa197254 1.034s
2025-02-12 21:04:50.125 63404 INFO tempest.lib.common.rest_client [req-2ab087c7-c13c-4eff-b3f4-2de0653cf05a req-2ab087c7-c13c-4eff-b3f4-2de0653cf05a ] Request (ListImageFiltersTestJSON:setUpClass): 201 POST http://10.180.1.21/identity/v3/auth/tokens 0.084s
2025-02-12 21:04:50.125 63404 INFO tempest.lib.common.fixed_network [-] (ListImageFiltersTestJSON:setUpClass) Found network None available for tenant
2025-02-12 21:04:50.216 63412 INFO tempest.lib.common.rest_client [req-3cf8fc4f-a4da-406d-8500-c69cd8d8b7da req-3cf8fc4f-a4da-406d-8500-c69cd8d8b7da ] Request (VolumesAssistedSnapshotsTest:test_volume_assisted_snapshot_create_delete): 200 GET http://10.180.1.21/compute/v2.1/servers/a884ef52-e22f-4f4f-8b4e-f663de615123/os-interface 0.878s
2025-02-12 21:04:50.243 63382 INFO tempest.lib.common.rest_client [req-40256108-c899-4ca3-8c8b-9dee8f2637ed req-40256108-c899-4ca3-8c8b-9dee8f2637ed ] Request (MigrationsAdminTest:test_list_migrations_in_flavor_resize_situation): 200 GET http://10.180.1.21/compute/v2.1/servers/80805db5-2215-4d5a-9b38-e4d82d76ffbe 1.023s
2025-02-12 21:04:50.282 63420 INFO tempest.lib.common.rest_client [req-581d9861-3916-467b-b328-890189de0fff req-581d9861-3916-467b-b328-890189de0fff ] Request (ServerTagsTestJSON:setUpClass): 201 POST http://10.180.1.21:9696/networking/v2.0/networks 0.476s
2025-02-12 21:04:50.317 63384 INFO tempest.lib.common.rest_client [req-e92ad408-5fcf-41fd-9900-52a7f7688cde req-e92ad408-5fcf-41fd-9900-52a7f7688cde ] Request (FloatingIPsNegativeTestJSON:setUpClass): 201 POST http://10.180.1.21:9696/networking/v2.0/networks 0.665s
2025-02-12 21:04:50.533 63376 INFO tempest.lib.common.rest_client [req-4414e1e1-ffaf-4292-b06a-baaa3b1d3689 req-4414e1e1-ffaf-4292-b06a-baaa3b1d3689 ] Request (ServersAdminNegativeTestJSON:test_migrate_server_invalid_state): 200 GET http://10.180.1.21/compute/v2.1/servers/ca539a23-d0b8-43b1-aebd-bbc92ab21034 1.180s
2025-02-12 21:04:50.550 63396 INFO tempest.lib.common.rest_client [req-e1d362ae-4790-4104-9c38-8510aeca7af2 req-e1d362ae-4790-4104-9c38-8510aeca7af2 ] Request (SecurityGroupsTestJSON:test_security_group_create_get_delete): 202 DELETE http://10.180.1.21/compute/v2.1/os-security-groups/94350c06-0a7b-4326-8cd7-0b1306f8d2d9 1.167s
2025-02-12 21:04:50.577 63392 INFO tempest.lib.common.rest_client [req-c1054f7f-4e3c-421e-85df-e58f5fe83524 req-c1054f7f-4e3c-421e-85df-e58f5fe83524 ] Request (ImagesNegativeTestJSON:test_create_image_from_deleted_server): 404 GET http://10.180.1.21/compute/v2.1/servers/c48e0bf0-dfc5-4ec7-b611-b96af9659bf5 1.142s
2025-02-12 21:04:50.603 63366 INFO tempest.lib.common.rest_client [req-a2f60291-0287-4d5f-a60c-4c1699a901a1 req-a2f60291-0287-4d5f-a60c-4c1699a901a1 ] Request (ServerExternalEventsTest:test_create_server_external_events): 200 GET http://10.180.1.21/compute/v2.1/servers/ffb951f2-2150-4168-a465-c5492557b199 1.190s
2025-02-12 21:04:50.625 63372 INFO tempest.lib.common.rest_client [req-23a0b454-d73b-48bf-bfcd-9dfb2b129dcc req-23a0b454-d73b-48bf-bfcd-9dfb2b129dcc ] Request (FlavorsAdminTestJSON:_run_cleanups): 202 DELETE http://10.180.1.21/compute/v2.1/flavors/1209158395 1.134s
2025-02-12 21:04:50.664 63422 INFO tempest.lib.common.rest_client [req-3ba4d177-11d4-47a1-aa95-966d9582942f req-3ba4d177-11d4-47a1-aa95-966d9582942f ] Request (ServerMetadataNegativeTestJSON:setUpClass): 200 GET http://10.180.1.21/compute/v2.1/servers/d982bc6e-2297-46d0-a623-1744fb3ee44b 1.192s
2025-02-12 21:04:50.671 63422 INFO tempest.common.waiters [-] State transition "BUILD/scheduling" ==> "BUILD/None" after 6 second wait
2025-02-12 21:04:50.686 63364 INFO tempest.lib.common.rest_client [req-eadcc6f3-3f61-4e59-a6e9-c57e5e94a6f2 req-eadcc6f3-3f61-4e59-a6e9-c57e5e94a6f2 ] Request (FlavorsV2TestJSON:test_list_flavors_filter_by_min_ram): 200 GET http://10.180.1.21/compute/v2.1/flavors?minRam=193 1.173s
2025-02-12 21:04:50.708 63408 INFO tempest.lib.common.rest_client [req-e07d78eb-38d4-4afa-98c8-df7f36b1a238 req-e07d78eb-38d4-4afa-98c8-df7f36b1a238 ] Request (AggregatesAdminNegativeTestJSON:test_aggregate_get_details_as_user): 403 GET http://10.180.1.21/compute/v2.1/os-aggregates/6 1.178s
2025-02-12 21:04:51.112 63420 INFO tempest.lib.common.rest_client [req-fdbdd87b-8a6b-4bcb-9deb-7dd64fec411c req-fdbdd87b-8a6b-4bcb-9deb-7dd64fec411c ] Request (ServerTagsTestJSON:setUpClass): 201 POST http://10.180.1.21:9696/networking/v2.0/subnets 0.828s
2025-02-12 21:04:51.114 63384 INFO tempest.lib.common.rest_client [req-03efdd0a-102a-43f0-94f0-d39ccb61845f req-03efdd0a-102a-43f0-94f0-d39ccb61845f ] Request (FloatingIPsNegativeTestJSON:setUpClass): 201 POST http://10.180.1.21:9696/networking/v2.0/subnets 0.796s
2025-02-12 21:04:51.167 63362 INFO tempest.lib.common.rest_client [req-aa68ed64-75f4-4ea8-93bf-5d47fd5f81db req-aa68ed64-75f4-4ea8-93bf-5d47fd5f81db ] Request (ServerDiskConfigTestJSON:test_rebuild_server_with_auto_disk_config): 200 GET http://10.180.1.21/compute/v2.1/servers/990a34e1-cf52-4ce7-b0ff-d1a2cac106ea 1.607s
2025-02-12 21:04:51.172 63406 INFO tempest.lib.common.rest_client [-] Request (TestVersions:test_list_api_versions): 200 GET http://10.180.1.21/compute/ 1.590s
2025-02-12 21:04:51.180 63362 INFO tempest.common.waiters [-] State transition "BUILD/spawning" ==> "ACTIVE/None" after 22 second wait
2025-02-12 21:04:51.263 63386 INFO tempest.lib.common.rest_client [req-279ee8d5-0221-4408-b8d5-8d649b4e64a7 req-279ee8d5-0221-4408-b8d5-8d649b4e64a7 ] Request (DeleteServersAdminTestJSON:test_delete_server_while_in_error_state): 200 GET http://10.180.1.21/compute/v2.1/servers/7796af7d-4ff9-471a-99e7-e4fc54aedee0 1.583s
2025-02-12 21:04:51.288 63380 INFO tempest.lib.common.rest_client [req-2c17b238-3cb6-44be-a3a3-6d39289f1f51 req-2c17b238-3cb6-44be-a3a3-6d39289f1f51 ] Request (ServicesAdminNegativeV253TestJSON:test_get_service_with_valid_service_and_invalid_host): 200 GET http://10.180.1.21/compute/v2.1/os-services 1.594s
2025-02-12 21:04:51.305 63416 INFO tempest.lib.common.rest_client [req-9ae42000-37e9-418d-8ee6-ead1bf8d8e33 req-9ae42000-37e9-418d-8ee6-ead1bf8d8e33 ] Request (KeyPairsNegativeTestJSON:test_keypair_delete_nonexistent_key): 404 DELETE http://10.180.1.21/compute/v2.1/os-keypairs/tempest-keypair-non-existent-843609663 1.583s
2025-02-12 21:04:51.316 63406 INFO tempest.lib.common.rest_client [req-9c2c6d51-c0e1-4173-8a8c-16a48e787812 req-9c2c6d51-c0e1-4173-8a8c-16a48e787812 ] Request (TestVersions:tearDownClass): 204 DELETE http://10.180.1.21/identity/v3/users/4cdd8aa964c54edb8be938efe804227b 0.134s
2025-02-12 21:04:51.316 63406 INFO tempest.lib.common.dynamic_creds [-] Deleting project and security group for project: a921149cc9254750a996bcfa64369927
2025-02-12 21:04:51.441 63416 INFO tempest.lib.common.rest_client [req-d21e1640-fc1c-4a7c-ad22-c0ce54d4d17d req-d21e1640-fc1c-4a7c-ad22-c0ce54d4d17d ] Request (KeyPairsNegativeTestJSON:tearDownClass): 204 DELETE http://10.180.1.21/identity/v3/users/71a130d58e914ef5b17824b10fe995f5 0.127s
2025-02-12 21:04:51.441 63416 INFO tempest.lib.common.dynamic_creds [-] Deleting project and security group for project: 85737d47355c40f2b4aa2ebfdc1dd89c
2025-02-12 21:04:51.480 63378 INFO tempest.lib.common.rest_client [req-da006d99-480d-41a7-8fb2-31f2ead6d9bb req-da006d99-480d-41a7-8fb2-31f2ead6d9bb ] Request (QuotasAdminTestJSON:test_get_updated_quotas): 200 GET http://10.180.1.21/compute/v2.1/os-quota-sets/d55f789f018c496a8922195c3d420a4b?user_id=90dfd15aaee241a79b624f2149a6b670 1.648s
2025-02-12 21:04:51.500 63406 INFO tempest.lib.common.rest_client [req-24ada4f1-3a26-495f-b56b-3d3e9985e8cd req-24ada4f1-3a26-495f-b56b-3d3e9985e8cd ] Request (TestVersions:tearDownClass): 201 POST http://10.180.1.21/identity/v3/auth/tokens 0.183s
2025-02-12 21:04:51.520 63370 INFO tempest.lib.common.rest_client [req-b68f88cb-d1ae-404e-b582-faed2a639d49 req-b68f88cb-d1ae-404e-b582-faed2a639d49 ] Request (VolumesTestJSON:test_volume_list_with_details): 200 GET http://10.180.1.21/compute/v2.1/os-volumes/detail 1.581s
2025-02-12 21:04:51.525 63416 INFO tempest.lib.common.rest_client [req-3459a9a7-080e-4cd6-bf22-39b9299ef854 req-3459a9a7-080e-4cd6-bf22-39b9299ef854 ] Request (KeyPairsNegativeTestJSON:tearDownClass): 201 POST http://10.180.1.21/identity/v3/auth/tokens 0.083s
2025-02-12 21:04:51.579 63370 INFO tempest.lib.common.rest_client [req-a321b426-6594-40ed-a21c-f6f872b4a9f9 req-a321b426-6594-40ed-a21c-f6f872b4a9f9 ] Request (VolumesTestJSON:tearDownClass): 202 DELETE http://10.180.1.21/volume/v3/volumes/e75d328b-70ba-4ae8-b50d-0fb8ed976f22 0.048s
2025-02-12 21:04:51.593 63378 INFO tempest.lib.common.rest_client [req-7b4989d8-54e2-4996-b454-6c7e2abd54cc req-7b4989d8-54e2-4996-b454-6c7e2abd54cc ] Request (QuotasAdminTestJSON:_run_cleanups): 204 DELETE http://10.180.1.21/identity/v3/users/90dfd15aaee241a79b624f2149a6b670 0.111s
2025-02-12 21:04:51.613 63370 INFO tempest.lib.common.rest_client [req-6b97d1e0-60a1-4f15-8625-e8ab51d18615 req-6b97d1e0-60a1-4f15-8625-e8ab51d18615 ] Request (VolumesTestJSON:tearDownClass): 200 GET http://10.180.1.21/volume/v3/volumes/e75d328b-70ba-4ae8-b50d-0fb8ed976f22 0.033s
2025-02-12 21:04:51.747 63412 INFO tempest.lib.common.rest_client [req-0eef3986-0ccc-45fe-914d-849b33ff78d2 req-0eef3986-0ccc-45fe-914d-849b33ff78d2 ] Request (VolumesAssistedSnapshotsTest:test_volume_assisted_snapshot_create_delete): 200 PUT http://10.180.1.21:9696/networking/v2.0/floatingips/17f1bc08-3ee5-4168-9f60-d5259b47d6d6 1.528s
2025-02-12 21:04:51.748 63412 INFO tempest.lib.common.ssh [-] Creating ssh connection to '10.180.180.169:22' as 'cirros' with public key authentication
2025-02-12 21:04:51.788 63378 INFO tempest.lib.common.rest_client [req-c8c085ca-7be5-47c2-8328-2bd025edb43f req-c8c085ca-7be5-47c2-8328-2bd025edb43f ] Request (QuotasAdminTestJSON:_run_cleanups): 204 DELETE http://10.180.1.21/identity/v3/projects/d55f789f018c496a8922195c3d420a4b 0.194s
2025-02-12 21:04:51.859 63368 INFO tempest.lib.common.rest_client [req-103e6b78-37e7-4836-a413-75857242b875 req-103e6b78-37e7-4836-a413-75857242b875 ] Request (ServersWithSpecificFlavorTestJSON:test_verify_created_server_ephemeral_disk): 200 GET http://10.180.1.21/compute/v2.1/servers/61a2f66a-e85c-4d6f-9558-d398cacaa941 1.911s
2025-02-12 21:04:51.965 63406 INFO tempest.lib.common.rest_client [req-8f47f6f4-386e-4552-898b-046264e40871 req-8f47f6f4-386e-4552-898b-046264e40871 ] Request (TestVersions:tearDownClass): 200 GET http://10.180.1.21:9696/networking/v2.0/security-groups?tenant_id=a921149cc9254750a996bcfa64369927&name=default 0.465s
2025-02-12 21:04:52.180 63410 INFO tempest.lib.common.rest_client [req-bed7ae6f-aa2d-472d-bec7-e85a6a5999f9 req-bed7ae6f-aa2d-472d-bec7-e85a6a5999f9 ] Request (SecurityGroupRulesTestJSON:tearDownClass): 202 DELETE http://10.180.1.21/compute/v2.1/os-security-groups/4fd61a51-f75f-4de7-9a43-57ad23982b1b 2.209s
2025-02-12 21:04:52.184 63416 INFO tempest.lib.common.rest_client [req-68bc4c95-537a-4b8d-8d4a-d2bcdf67c0be req-68bc4c95-537a-4b8d-8d4a-d2bcdf67c0be ] Request (KeyPairsNegativeTestJSON:tearDownClass): 200 GET http://10.180.1.21:9696/networking/v2.0/security-groups?tenant_id=85737d47355c40f2b4aa2ebfdc1dd89c&name=default 0.659s
2025-02-12 21:04:52.214 63406 INFO tempest.lib.common.rest_client [req-1f84f4bf-4be1-4333-b7da-14816ceab997 req-1f84f4bf-4be1-4333-b7da-14816ceab997 ] Request (TestVersions:tearDownClass): 204 DELETE http://10.180.1.21:9696/networking/v2.0/security-groups/3a5113fb-ffc8-4d98-826e-00cc8c85eb03 0.248s
2025-02-12 21:04:52.366 63406 INFO tempest.lib.common.rest_client [req-2c11b35c-192f-48a4-b3b3-4d44e2867fd0 req-2c11b35c-192f-48a4-b3b3-4d44e2867fd0 ] Request (TestVersions:tearDownClass): 204 DELETE http://10.180.1.21/identity/v3/projects/a921149cc9254750a996bcfa64369927 0.152s
2025-02-12 21:04:52.519 63416 INFO tempest.lib.common.rest_client [req-15ed0075-ce13-47be-a5fe-a63bd3b93218 req-15ed0075-ce13-47be-a5fe-a63bd3b93218 ] Request (KeyPairsNegativeTestJSON:tearDownClass): 204 DELETE http://10.180.1.21:9696/networking/v2.0/security-groups/7554ab70-7b63-4533-89bc-c83c4fa2a5fc 0.335s
2025-02-12 21:04:52.579 63414 INFO tempest.lib.common.rest_client [req-c19a9d16-fa2a-490b-9d2f-fd33e52e6efa req-c19a9d16-fa2a-490b-9d2f-fd33e52e6efa ] Request (FloatingIPsTestJSON:tearDownClass): 200 PUT http://10.180.1.21:9696/networking/v2.0/routers/a7c7548c-9ab2-495c-8376-bc86fc028885/remove_router_interface 2.594s
2025-02-12 21:04:52.642 63370 INFO tempest.lib.common.rest_client [req-475195b0-e911-40e2-aaf0-3748080e5997 req-475195b0-e911-40e2-aaf0-3748080e5997 ] Request (VolumesTestJSON:tearDownClass): 404 GET http://10.180.1.21/volume/v3/volumes/e75d328b-70ba-4ae8-b50d-0fb8ed976f22 0.018s
2025-02-12 21:04:52.647 63404 INFO tempest.lib.common.rest_client [req-82c16643-3a83-49bc-b424-4cc8ce18da91 req-82c16643-3a83-49bc-b424-4cc8ce18da91 ] Request (ListImageFiltersTestJSON:setUpClass): 202 POST http://10.180.1.21/compute/v2.1/servers 2.521s
2025-02-12 21:04:52.669 63416 INFO tempest.lib.common.rest_client [req-87441f05-ffa4-478d-b317-9d21914a555e req-87441f05-ffa4-478d-b317-9d21914a555e ] Request (KeyPairsNegativeTestJSON:tearDownClass): 204 DELETE http://10.180.1.21/identity/v3/projects/85737d47355c40f2b4aa2ebfdc1dd89c 0.149s
2025-02-12 21:04:52.701 63370 INFO tempest.lib.common.rest_client [req-2c2217ef-2344-4979-8d05-c3f5b740cd9f req-2c2217ef-2344-4979-8d05-c3f5b740cd9f ] Request (VolumesTestJSON:tearDownClass): 202 DELETE http://10.180.1.21/volume/v3/volumes/4b67c23e-2072-42af-bab9-1e5c4e06e561 0.058s
2025-02-12 21:04:52.760 63370 INFO tempest.lib.common.rest_client [req-4c6eba5d-fb04-4c1a-8e87-08eb0181ad62 req-4c6eba5d-fb04-4c1a-8e87-08eb0181ad62 ] Request (VolumesTestJSON:tearDownClass): 200 GET http://10.180.1.21/volume/v3/volumes/4b67c23e-2072-42af-bab9-1e5c4e06e561 0.059s
2025-02-12 21:04:52.772 63404 INFO tempest.lib.common.rest_client [req-ca6fd0e5-f75d-4a1c-8c7a-a5b2fc6155de req-ca6fd0e5-f75d-4a1c-8c7a-a5b2fc6155de ] Request (ListImageFiltersTestJSON:setUpClass): 201 POST http://10.180.1.21/identity/v3/auth/tokens 0.119s
2025-02-12 21:04:52.773 63404 INFO tempest.lib.common.fixed_network [-] (ListImageFiltersTestJSON:setUpClass) Found network None available for tenant
2025-02-12 21:04:52.879 63390 INFO tempest.lib.common.rest_client [req-a2b0aa1e-783a-4a3e-9ecf-6fca47f906af req-a2b0aa1e-783a-4a3e-9ecf-6fca47f906af ] Request (ServersTestMultiNic:setUpClass): 200 PUT http://10.180.1.21:9696/networking/v2.0/routers/2e797103-112e-414e-8e7d-967457e755a5/add_router_interface 3.174s
2025-02-12 21:04:52.880 63390 INFO tempest.lib.common.dynamic_creds [-] Created isolated network resources for: credentials: Credentials: {'domain_id': 'default', 'domain_name': 'Default', 'username': 'tempest-ServersTestMultiNic-1378845769-project-member', 'project_domain_id': 'default', 'project_domain_name': 'Default', 'project_id': '7a9672858271458bb0b79be38d164de4', 'project_name': 'tempest-ServersTestMultiNic-1378845769', 'tenant_id': '7a9672858271458bb0b79be38d164de4', 'tenant_name': 'tempest-ServersTestMultiNic-1378845769', 'user_domain_id': 'default', 'user_domain_name': 'Default', 'user_id': 'cd25640fd4e44c658367891eb7169c13', 'system': None}, Network: {'id': '4606a102-2c73-4441-88a1-4ac914c810af', 'name': 'tempest-ServersTestMultiNic-386020696-network', 'tenant_id': '7a9672858271458bb0b79be38d164de4', 'admin_state_up': True, 'mtu': 8950, 'status': 'ACTIVE', 'subnets': [], 'shared': False, 'project_id': '7a9672858271458bb0b79be38d164de4', 'port_security_enabled': True, 'router:external': False, 'provider:network_type': 'vlan', 'provider:physical_network': 'default', 'provider:segmentation_id': 89, 'availability_zone_hints': [], 'availability_zones': [], 'ipv4_address_scope': None, 'ipv6_address_scope': None, 'description': '', 'tags': [], 'created_at': '2025-02-12T21:04:48Z', 'updated_at': '2025-02-12T21:04:48Z', 'revision_number': 1}, Subnet: {'id': '41c03e98-1406-44d8-886c-5245900984b5', 'name': 'tempest-ServersTestMultiNic-386020696-subnet', 'tenant_id': '7a9672858271458bb0b79be38d164de4', 'network_id': '4606a102-2c73-4441-88a1-4ac914c810af', 'ip_version': 4, 'subnetpool_id': None, 'enable_dhcp': True, 'ipv6_ra_mode': None, 'ipv6_address_mode': None, 'gateway_ip': '192.168.128.1', 'cidr': '192.168.128.0/28', 'allocation_pools': [{'start': '192.168.128.2', 'end': '192.168.128.14'}], 'host_routes': [], 'dns_nameservers': [], 'description': '', 'router:external': False, 'service_types': [], 'tags': [], 'created_at': '2025-02-12T21:04:48Z', 'updated_at': '2025-02-12T21:04:48Z', 'revision_number': 0, 'project_id': '7a9672858271458bb0b79be38d164de4'}, Router: {'id': '2e797103-112e-414e-8e7d-967457e755a5', 'name': 'tempest-ServersTestMultiNic-386020696-router', 'tenant_id': '7a9672858271458bb0b79be38d164de4', 'admin_state_up': True, 'status': 'ACTIVE', 'external_gateway_info': {'network_id': '5a42db3d-b643-4681-897a-3523b4308212', 'external_fixed_ips': [{'subnet_id': 'fc725d34-c601-4121-abf7-1ac5d462fa6f', 'ip_address': '10.180.180.206'}], 'enable_snat': True}, 'description': '', 'availability_zones': [], 'distributed': False, 'ha': False, 'availability_zone_hints': [], 'routes': [], 'flavor_id': None, 'tags': [], 'created_at': '2025-02-12T21:04:48Z', 'updated_at': '2025-02-12T21:04:49Z', 'revision_number': 2, 'project_id': '7a9672858271458bb0b79be38d164de4'}
2025-02-12 21:04:52.912 63388 INFO tempest.lib.common.rest_client [req-7686ec60-42d2-4ab3-82d6-d28e675e8bd7 req-7686ec60-42d2-4ab3-82d6-d28e675e8bd7 ] Request (ServersTestFqdnHostnames:test_create_server_with_fqdn_name): 200 GET http://10.180.1.21/compute/v2.1/servers/c5bfb89e-931f-462f-8d11-a47c28fdfdc2 2.764s
2025-02-12 21:04:52.939 63394 INFO tempest.lib.common.rest_client [req-2b997e5e-5f44-4514-abc4-d301135b3131 req-2b997e5e-5f44-4514-abc4-d301135b3131 ] Request (ServerDiagnosticsTest:tearDownClass): 404 GET http://10.180.1.21/compute/v2.1/servers/8362c470-7c23-4313-996b-982eb6e696a2 2.449s
2025-02-12 21:04:52.982 63390 INFO tempest.lib.common.rest_client [req-0759f65c-bc3d-4e79-987c-b8455b7afe46 req-0759f65c-bc3d-4e79-987c-b8455b7afe46 ] Request (ServersTestMultiNic:setUpClass): 201 POST http://10.180.1.21/identity/v3/auth/tokens 0.099s
2025-02-12 21:04:52.999 63396 INFO tempest.lib.common.rest_client [req-f4bff2a6-cdd0-44ea-a582-5aa1a5aeea49 req-f4bff2a6-cdd0-44ea-a582-5aa1a5aeea49 ] Request (SecurityGroupsTestJSON:test_security_group_create_get_delete): 404 GET http://10.180.1.21/compute/v2.1/os-security-groups/94350c06-0a7b-4326-8cd7-0b1306f8d2d9 2.449s
2025-02-12 21:04:53.024 63392 INFO tempest.lib.common.rest_client [req-1ce42103-e294-4cb6-84cb-fa1b7996139e req-1ce42103-e294-4cb6-84cb-fa1b7996139e ] Request (ImagesNegativeTestJSON:test_create_image_from_deleted_server): 404 POST http://10.180.1.21/compute/v2.1/servers/c48e0bf0-dfc5-4ec7-b611-b96af9659bf5/action 2.447s
2025-02-12 21:04:53.078 63394 INFO tempest.lib.common.rest_client [req-d683b0c3-dc10-447d-a4fe-aa2bb01d0a38 req-d683b0c3-dc10-447d-a4fe-aa2bb01d0a38 ] Request (ServerDiagnosticsTest:tearDownClass): 204 DELETE http://10.180.1.21/identity/v3/users/9a2a53b9b8a740b5a9954959bf14085d 0.139s
2025-02-12 21:04:53.117 63402 INFO tempest.lib.common.rest_client [req-a8b7d8b3-ce2e-4cb4-8aec-fe78d0a3b47c req-a8b7d8b3-ce2e-4cb4-8aec-fe78d0a3b47c ] Request (DeleteServersTestJSON:test_delete_active_server): 200 GET http://10.180.1.21/compute/v2.1/servers/58b0ce0a-9269-471c-91b9-9873a0bceeff 2.535s
2025-02-12 21:04:53.223 63400 INFO tempest.lib.common.rest_client [req-9ae5441d-d52d-41b3-a61b-6ab969f57291 req-9ae5441d-d52d-41b3-a61b-6ab969f57291 ] Request (ListServerFiltersTestJSON:setUpClass): 200 GET http://10.180.1.21/compute/v2.1/servers/741b00c8-123d-4c52-b0cd-f40673034ea9 2.623s
2025-02-12 21:04:53.225 63394 INFO tempest.lib.common.rest_client [req-90c9aa9a-afe7-4e8b-9433-7c316ac15889 req-90c9aa9a-afe7-4e8b-9433-7c316ac15889 ] Request (ServerDiagnosticsTest:tearDownClass): 204 DELETE http://10.180.1.21/identity/v3/users/0707c55d01494b84834b7805346d8f2f 0.145s
2025-02-12 21:04:53.225 63394 INFO tempest.lib.common.dynamic_creds [-] Deleting project and security group for project: ad84e93f5e3c40d688669de6f2fe4b89
2025-02-12 21:04:53.236 63400 INFO tempest.common.waiters [-] State transition "BUILD/scheduling" ==> "BUILD/None" after 9 second wait
2025-02-12 21:04:53.254 63372 INFO tempest.lib.common.rest_client [req-95ad9e17-9779-4d46-a005-4bf295652aab req-95ad9e17-9779-4d46-a005-4bf295652aab ] Request (FlavorsAdminTestJSON:_run_cleanups): 200 GET http://10.180.1.21/compute/v2.1/flavors/detail 2.629s
2025-02-12 21:04:53.329 63394 INFO tempest.lib.common.rest_client [req-d34dc606-54ca-4067-83b1-7b83bee3e900 req-d34dc606-54ca-4067-83b1-7b83bee3e900 ] Request (ServerDiagnosticsTest:tearDownClass): 201 POST http://10.180.1.21/identity/v3/auth/tokens 0.104s
2025-02-12 21:04:53.346 63418 INFO tempest.lib.common.rest_client [req-0640f7fc-5be7-4816-a3f6-3f98ed71c37c req-0640f7fc-5be7-4816-a3f6-3f98ed71c37c ] Request (TenantUsagesTestJSON:tearDownClass): 200 GET http://10.180.1.21/compute/v2.1/servers/471ac034-2d40-488b-920c-308e84121373 2.665s
2025-02-12 21:04:53.362 63364 INFO tempest.lib.common.rest_client [req-d807b04b-f906-4c78-9884-f590f534198c req-d807b04b-f906-4c78-9884-f590f534198c ] Request (FlavorsV2TestJSON:test_list_flavors_limit_results): 200 GET http://10.180.1.21/compute/v2.1/flavors?limit=1 2.668s
2025-02-12 21:04:53.387 63408 INFO tempest.lib.common.rest_client [req-daf8658c-3bab-4b76-bf72-9c3635add278 req-daf8658c-3bab-4b76-bf72-9c3635add278 ] Request (AggregatesAdminNegativeTestJSON:_run_cleanups): 200 DELETE http://10.180.1.21/compute/v2.1/os-aggregates/6 2.678s
2025-02-12 21:04:53.431 63424 INFO tempest.lib.common.rest_client [req-24f59d35-3015-4acd-aa40-2f9cf7a5492e req-24f59d35-3015-4acd-aa40-2f9cf7a5492e ] Request (FloatingIPsAssociationNegativeTestJSON:test_associate_ip_to_server_with_floating_ip): 202 POST http://10.180.1.21/compute/v2.1/servers/4fe02429-cd39-4135-9936-b520204db2d9/action 3.931s
2025-02-12 21:04:53.433 63420 INFO tempest.lib.common.rest_client [req-879179b9-4d1b-4e5e-8492-8a8c9aca1015 req-879179b9-4d1b-4e5e-8492-8a8c9aca1015 ] Request (ServerTagsTestJSON:setUpClass): 201 POST http://10.180.1.21:9696/networking/v2.0/routers 2.321s
2025-02-12 21:04:53.450 63384 INFO tempest.lib.common.rest_client [req-1323e8fd-6c66-411f-991e-2a0bdd521b68 req-1323e8fd-6c66-411f-991e-2a0bdd521b68 ] Request (FloatingIPsNegativeTestJSON:setUpClass): 201 POST http://10.180.1.21:9696/networking/v2.0/routers 2.336s
2025-02-12 21:04:53.495 63398 INFO tempest.lib.common.rest_client [req-158c7db7-48a8-4c37-90da-0ba9fac033a8 req-158c7db7-48a8-4c37-90da-0ba9fac033a8 ] Request (ImagesOneServerNegativeTestJSON:setUpClass): 200 GET http://10.180.1.21/compute/v2.1/servers/169aea8a-808e-4986-b75e-305f896f6f6a 2.597s
2025-02-12 21:04:53.505 63398 INFO tempest.common.waiters [-] State transition "BUILD/scheduling" ==> "BUILD/None" after 6 second wait
2025-02-12 21:04:53.529 63374 INFO tempest.lib.common.rest_client [req-da411b0f-4152-4ba6-8954-a70968063a5f req-da411b0f-4152-4ba6-8954-a70968063a5f ] Request (ServerDiagnosticsV248Test:test_get_server_diagnostics): 200 GET http://10.180.1.21/compute/v2.1/servers/b0166fc9-a10c-4a84-a282-9689aa197254 2.437s
2025-02-12 21:04:53.749 63362 INFO tempest.lib.common.rest_client [req-c8dc30fa-886e-42c4-8887-958498834d00 req-c8dc30fa-886e-42c4-8887-958498834d00 ] Request (ServerDiskConfigTestJSON:test_rebuild_server_with_auto_disk_config): 200 GET http://10.180.1.21/compute/v2.1/servers/990a34e1-cf52-4ce7-b0ff-d1a2cac106ea 2.568s
2025-02-12 21:04:53.749 63394 INFO tempest.lib.common.rest_client [req-1b03e784-65e5-4b27-be8c-e0a9521a3870 req-1b03e784-65e5-4b27-be8c-e0a9521a3870 ] Request (ServerDiagnosticsTest:tearDownClass): 200 GET http://10.180.1.21:9696/networking/v2.0/security-groups?tenant_id=ad84e93f5e3c40d688669de6f2fe4b89&name=default 0.419s
2025-02-12 21:04:53.771 63380 INFO tempest.lib.common.rest_client [req-7464555a-5c83-4ae8-8f68-a20543fa19a6 req-7464555a-5c83-4ae8-8f68-a20543fa19a6 ] Request (ServicesAdminNegativeV253TestJSON:test_get_service_with_valid_service_and_invalid_host): 200 GET http://10.180.1.21/compute/v2.1/os-services?host=xxx&binary=nova-scheduler 2.480s
2025-02-12 21:04:53.792 63370 INFO tempest.lib.common.rest_client [req-2ed4314e-d3a2-42cb-a319-05e7cbff18c5 req-2ed4314e-d3a2-42cb-a319-05e7cbff18c5 ] Request (VolumesTestJSON:tearDownClass): 404 GET http://10.180.1.21/volume/v3/volumes/4b67c23e-2072-42af-bab9-1e5c4e06e561 0.018s
2025-02-12 21:04:53.832 63370 INFO tempest.lib.common.rest_client [req-e1e81894-0b6d-4f2e-8551-f0d5f7151738 req-e1e81894-0b6d-4f2e-8551-f0d5f7151738 ] Request (VolumesTestJSON:tearDownClass): 202 DELETE http://10.180.1.21/volume/v3/volumes/8f5f8115-31d4-4573-98f1-7cf5f38b3a42 0.039s
2025-02-12 21:04:53.864 63370 INFO tempest.lib.common.rest_client [req-36b3a4e5-7276-4ca0-9c42-1e22f8bf2e7d req-36b3a4e5-7276-4ca0-9c42-1e22f8bf2e7d ] Request (VolumesTestJSON:tearDownClass): 200 GET http://10.180.1.21/volume/v3/volumes/8f5f8115-31d4-4573-98f1-7cf5f38b3a42 0.031s
2025-02-12 21:04:53.922 63394 INFO tempest.lib.common.rest_client [req-c5adbd87-847d-4af3-b116-ec3dd2706199 req-c5adbd87-847d-4af3-b116-ec3dd2706199 ] Request (ServerDiagnosticsTest:tearDownClass): 204 DELETE http://10.180.1.21:9696/networking/v2.0/security-groups/e26cbd1d-9709-41ef-a13a-bf592a871bae 0.172s
2025-02-12 21:04:53.936 63376 INFO tempest.lib.common.rest_client [req-8bcbd29d-1000-433d-8329-45f1ae47b2c3 req-8bcbd29d-1000-433d-8329-45f1ae47b2c3 ] Request (ServersAdminNegativeTestJSON:test_migrate_server_invalid_state): 200 GET http://10.180.1.21/compute/v2.1/servers/ca539a23-d0b8-43b1-aebd-bbc92ab21034 2.396s
2025-02-12 21:04:53.954 63390 INFO tempest.lib.common.rest_client [req-35ef029f-cdc9-42e4-8067-ac47e2a458f8 req-35ef029f-cdc9-42e4-8067-ac47e2a458f8 ] Request (ServersTestMultiNic:test_verify_duplicate_network_nics): 201 POST http://10.180.1.21:9696/networking/v2.0/networks 0.970s
2025-02-12 21:04:54.011 63366 INFO tempest.lib.common.rest_client [req-866c1c28-75e4-4d10-9d04-97d27211bcf1 req-866c1c28-75e4-4d10-9d04-97d27211bcf1 ] Request (ServerExternalEventsTest:test_create_server_external_events): 200 GET http://10.180.1.21/compute/v2.1/servers/ffb951f2-2150-4168-a465-c5492557b199 2.395s
2025-02-12 21:04:54.035 63394 INFO tempest.lib.common.rest_client [req-9ca891fc-e08d-48d2-a419-8355661fe5eb req-9ca891fc-e08d-48d2-a419-8355661fe5eb ] Request (ServerDiagnosticsTest:tearDownClass): 204 DELETE http://10.180.1.21/identity/v3/projects/ad84e93f5e3c40d688669de6f2fe4b89 0.111s
2025-02-12 21:04:54.036 63394 INFO tempest.lib.common.dynamic_creds [-] Deleting project and security group for project: ead99cdd46b940018cdc24f252bffbcd
2025-02-12 21:04:54.045 63382 INFO tempest.lib.common.rest_client [req-9cd6fd3c-0a5b-409b-a958-4dce6fb8c6df req-9cd6fd3c-0a5b-409b-a958-4dce6fb8c6df ] Request (MigrationsAdminTest:test_list_migrations_in_flavor_resize_situation): 200 GET http://10.180.1.21/compute/v2.1/servers/80805db5-2215-4d5a-9b38-e4d82d76ffbe 2.789s
2025-02-12 21:04:54.055 63382 INFO tempest.common.waiters [-] State transition "RESIZE/resize_prep" ==> "RESIZE/resize_migrating" after 17 second wait
2025-02-12 21:04:54.090 63414 INFO tempest.lib.common.rest_client [req-1766ec33-f7b5-4a1f-b211-10ebde442496 req-1766ec33-f7b5-4a1f-b211-10ebde442496 ] Request (FloatingIPsTestJSON:tearDownClass): 204 DELETE http://10.180.1.21:9696/networking/v2.0/routers/a7c7548c-9ab2-495c-8376-bc86fc028885 1.511s
2025-02-12 21:04:54.109 63422 INFO tempest.lib.common.rest_client [req-a806cecf-99e2-4290-aa3e-a6b60a7530a9 req-a806cecf-99e2-4290-aa3e-a6b60a7530a9 ] Request (ServerMetadataNegativeTestJSON:setUpClass): 200 GET http://10.180.1.21/compute/v2.1/servers/d982bc6e-2297-46d0-a623-1744fb3ee44b 2.437s
2025-02-12 21:04:54.118 63394 INFO tempest.lib.common.rest_client [req-ef837a91-f784-401f-b162-dd5df44badef req-ef837a91-f784-401f-b162-dd5df44badef ] Request (ServerDiagnosticsTest:tearDownClass): 200 GET http://10.180.1.21:9696/networking/v2.0/security-groups?tenant_id=ead99cdd46b940018cdc24f252bffbcd&name=default 0.081s
2025-02-12 21:04:54.189 63386 INFO tempest.lib.common.rest_client [req-69483156-86d3-4603-ae27-0b0f7bc2aaae req-69483156-86d3-4603-ae27-0b0f7bc2aaae ] Request (DeleteServersAdminTestJSON:test_delete_server_while_in_error_state): 200 GET http://10.180.1.21/compute/v2.1/servers/7796af7d-4ff9-471a-99e7-e4fc54aedee0 1.915s
2025-02-12 21:04:54.200 63386 INFO tempest.common.waiters [-] State transition "BUILD/scheduling" ==> "BUILD/None" after 6 second wait
2025-02-12 21:04:54.239 63378 INFO tempest.lib.common.rest_client [req-bef3a23c-516c-4a1f-9a23-cf420b81b3b0 req-bef3a23c-516c-4a1f-9a23-cf420b81b3b0 ] Request (QuotasAdminTestJSON:test_update_all_quota_resources_for_tenant): 200 GET http://10.180.1.21/compute/v2.1/os-quota-sets/05112747a71d4c219db36ed7df4d356a/defaults 2.449s
2025-02-12 21:04:54.368 63394 INFO tempest.lib.common.rest_client [req-482e4443-6488-4b80-9e08-0a5374e76ef0 req-482e4443-6488-4b80-9e08-0a5374e76ef0 ] Request (ServerDiagnosticsTest:tearDownClass): 204 DELETE http://10.180.1.21:9696/networking/v2.0/security-groups/6788e9b7-51a1-49eb-a6f4-d687c7cb1fc8 0.248s
2025-02-12 21:04:54.475 63414 INFO tempest.lib.common.rest_client [req-2e408ef7-9415-49e9-a6c5-0e173b33f0e7 req-2e408ef7-9415-49e9-a6c5-0e173b33f0e7 ] Request (FloatingIPsTestJSON:tearDownClass): 204 DELETE http://10.180.1.21:9696/networking/v2.0/subnets/48e68468-6f28-4af4-b45a-245a2edf5a32 0.385s
2025-02-12 21:04:54.510 63394 INFO tempest.lib.common.rest_client [req-64c771c7-fcde-4420-8c11-af1ebb5c07ac req-64c771c7-fcde-4420-8c11-af1ebb5c07ac ] Request (ServerDiagnosticsTest:tearDownClass): 204 DELETE http://10.180.1.21/identity/v3/projects/ead99cdd46b940018cdc24f252bffbcd 0.142s
2025-02-12 21:04:54.529 63404 INFO tempest.lib.common.rest_client [req-fe73a732-01fb-450a-baf9-81029c6e6d0d req-fe73a732-01fb-450a-baf9-81029c6e6d0d ] Request (ListImageFiltersTestJSON:setUpClass): 202 POST http://10.180.1.21/compute/v2.1/servers 1.756s
2025-02-12 21:04:54.550 63368 INFO tempest.lib.common.rest_client [req-3bd27539-e2fb-402c-8374-432c05fd21bc req-3bd27539-e2fb-402c-8374-432c05fd21bc ] Request (ServersWithSpecificFlavorTestJSON:test_verify_created_server_ephemeral_disk): 200 GET http://10.180.1.21/compute/v2.1/servers/61a2f66a-e85c-4d6f-9558-d398cacaa941 1.682s
2025-02-12 21:04:54.559 63392 INFO tempest.lib.common.rest_client [req-f2439e56-b0a6-4391-824f-84080d79b43c req-f2439e56-b0a6-4391-824f-84080d79b43c ] Request (ImagesNegativeTestJSON:test_create_image_from_invalid_server): 404 POST http://10.180.1.21/compute/v2.1/servers/tempest-invalid-1202831391/action 1.533s
2025-02-12 21:04:54.563 63368 INFO tempest.common.waiters [-] State transition "BUILD/spawning" ==> "ACTIVE/None" after 21 second wait
2025-02-12 21:04:54.565 63390 INFO tempest.lib.common.rest_client [req-f22cc73a-e76b-45ec-ac26-e36c222b0235 req-f22cc73a-e76b-45ec-ac26-e36c222b0235 ] Request (ServersTestMultiNic:test_verify_duplicate_network_nics): 201 POST http://10.180.1.21:9696/networking/v2.0/subnets 0.611s
2025-02-12 21:04:54.585 63372 INFO tempest.lib.common.rest_client [req-b583d5f6-b5d4-41c1-84e9-2ebdffc365d0 req-b583d5f6-b5d4-41c1-84e9-2ebdffc365d0 ] Request (FlavorsAdminTestJSON:test_is_public_string_variations): 200 POST http://10.180.1.21/compute/v2.1/flavors 1.324s
2025-02-12 21:04:54.592 63394 INFO tempest.lib.common.rest_client [req-69ac82ad-f7f4-457d-85dc-ecc17358d6a3 req-69ac82ad-f7f4-457d-85dc-ecc17358d6a3 ] Request (KeyPairsV2TestJSON:setUpClass): 201 POST http://10.180.1.21/identity/v3/auth/tokens 0.080s
2025-02-12 21:04:54.604 63364 INFO tempest.lib.common.rest_client [req-6b2fca87-5c41-4fb1-ab2d-c4fe61ba9a8b req-6b2fca87-5c41-4fb1-ab2d-c4fe61ba9a8b ] Request (FlavorsV2TestJSON:test_list_flavors_using_marker): 200 GET http://10.180.1.21/compute/v2.1/flavors/42 1.235s
2025-02-12 21:04:54.626 63408 INFO tempest.lib.common.rest_client [req-da3362bc-10fd-421c-91c6-44081bf4a0c2 req-da3362bc-10fd-421c-91c6-44081bf4a0c2 ] Request (AggregatesAdminNegativeTestJSON:test_aggregate_get_details_with_invalid_id): 404 GET http://10.180.1.21/compute/v2.1/os-aggregates/-1 1.236s
2025-02-12 21:04:54.650 63394 INFO tempest.lib.common.rest_client [req-3c4059fe-bf2b-4274-87c9-9e34ca6165c2 req-3c4059fe-bf2b-4274-87c9-9e34ca6165c2 ] Request (KeyPairsV2TestJSON:setUpClass): 201 POST http://10.180.1.21/identity/v3/auth/tokens 0.055s
2025-02-12 21:04:54.689 63394 INFO tempest.lib.common.rest_client [req-b938882a-ae33-4bf7-a29d-47bb7c285da9 req-b938882a-ae33-4bf7-a29d-47bb7c285da9 ] Request (KeyPairsV2TestJSON:setUpClass): 200 GET http://10.180.1.21/identity/v3/domains?name=Default 0.038s
2025-02-12 21:04:54.730 63394 INFO tempest.lib.common.rest_client [req-73bed1fb-0a07-43a3-89af-af63ff838263 req-73bed1fb-0a07-43a3-89af-af63ff838263 ] Request (KeyPairsV2TestJSON:setUpClass): 201 POST http://10.180.1.21/identity/v3/projects 0.040s
2025-02-12 21:04:54.767 63410 INFO tempest.lib.common.rest_client [req-03e81bb6-0c01-4c83-9b47-0e6398554dcd req-03e81bb6-0c01-4c83-9b47-0e6398554dcd ] Request (SecurityGroupRulesTestJSON:tearDownClass): 200 PUT http://10.180.1.21:9696/networking/v2.0/routers/7b168cac-508d-4a66-9fe3-aa329c6c8786/remove_router_interface 2.586s
2025-02-12 21:04:54.808 63394 INFO tempest.lib.common.rest_client [req-f98b73c1-91f3-4dd2-9698-26055f5d65ca req-f98b73c1-91f3-4dd2-9698-26055f5d65ca ] Request (KeyPairsV2TestJSON:setUpClass): 201 POST http://10.180.1.21/identity/v3/users 0.077s
2025-02-12 21:04:54.845 63394 INFO tempest.lib.common.rest_client [req-c560b5c8-476c-4c31-bc4b-0041a021a6d1 req-c560b5c8-476c-4c31-bc4b-0041a021a6d1 ] Request (KeyPairsV2TestJSON:setUpClass): 200 GET http://10.180.1.21/identity/v3/roles 0.037s
2025-02-12 21:04:54.890 63394 INFO tempest.lib.common.rest_client [req-5e4feb20-2c89-4f4c-8f6e-4a9a37d1d6da req-5e4feb20-2c89-4f4c-8f6e-4a9a37d1d6da ] Request (KeyPairsV2TestJSON:setUpClass): 204 PUT http://10.180.1.21/identity/v3/projects/4572c37a7bda46e7a2e53cddd3b8e50d/users/b60b70df33724350907fd9afd0a296b0/roles/2bd67354d6fd4d0b8e2004983e2cdea4 0.044s
2025-02-12 21:04:54.890 63394 INFO tempest.lib.common.dynamic_creds [-] Dynamic test user b60b70df33724350907fd9afd0a296b0 is created with scope project and roles: ['member']
2025-02-12 21:04:54.890 63394 INFO tempest.lib.common.dynamic_creds [-] Acquired dynamic creds: credentials: Credentials: {'domain_id': 'default', 'domain_name': 'Default', 'username': 'tempest-KeyPairsV2TestJSON-1860410765-project-member', 'project_domain_id': 'default', 'project_domain_name': 'Default', 'project_id': '4572c37a7bda46e7a2e53cddd3b8e50d', 'project_name': 'tempest-KeyPairsV2TestJSON-1860410765', 'tenant_id': '4572c37a7bda46e7a2e53cddd3b8e50d', 'tenant_name': 'tempest-KeyPairsV2TestJSON-1860410765', 'user_domain_id': 'default', 'user_domain_name': 'Default', 'user_id': 'b60b70df33724350907fd9afd0a296b0', 'system': None}, Network: None, Subnet: None, Router: None
2025-02-12 21:04:54.891 63394 INFO tempest.lib.common.dynamic_creds [-] Created isolated network resources for: credentials: Credentials: {'domain_id': 'default', 'domain_name': 'Default', 'username': 'tempest-KeyPairsV2TestJSON-1860410765-project-member', 'project_domain_id': 'default', 'project_domain_name': 'Default', 'project_id': '4572c37a7bda46e7a2e53cddd3b8e50d', 'project_name': 'tempest-KeyPairsV2TestJSON-1860410765', 'tenant_id': '4572c37a7bda46e7a2e53cddd3b8e50d', 'tenant_name': 'tempest-KeyPairsV2TestJSON-1860410765', 'user_domain_id': 'default', 'user_domain_name': 'Default', 'user_id': 'b60b70df33724350907fd9afd0a296b0', 'system': None}, Network: None, Subnet: None, Router: None
2025-02-12 21:04:54.899 63370 INFO tempest.lib.common.rest_client [req-d78db7da-39af-4c71-a271-dd0a28ef0e9d req-d78db7da-39af-4c71-a271-dd0a28ef0e9d ] Request (VolumesTestJSON:tearDownClass): 404 GET http://10.180.1.21/volume/v3/volumes/8f5f8115-31d4-4573-98f1-7cf5f38b3a42 0.028s
2025-02-12 21:04:54.929 63396 INFO tempest.lib.common.rest_client [req-5c94029c-21ff-4f6c-bc21-1670ff7486b0 req-5c94029c-21ff-4f6c-bc21-1670ff7486b0 ] Request (SecurityGroupsTestJSON:test_security_groups_create_list_delete): 200 POST http://10.180.1.21/compute/v2.1/os-security-groups 1.928s
2025-02-12 21:04:55.018 63390 INFO tempest.lib.common.rest_client [req-67a85fe2-a492-4652-9a8a-f013de85569f req-67a85fe2-a492-4652-9a8a-f013de85569f ] Request (ServersTestMultiNic:test_verify_duplicate_network_nics): 201 POST http://10.180.1.21:9696/networking/v2.0/networks 0.452s
2025-02-12 21:04:55.029 63370 INFO tempest.lib.common.rest_client [req-2ab2b6bb-2c77-47c5-ac22-4a0d1f85e46f req-2ab2b6bb-2c77-47c5-ac22-4a0d1f85e46f ] Request (VolumesTestJSON:tearDownClass): 204 DELETE http://10.180.1.21/identity/v3/users/28181928f52d4f7ead32cfd85aa613c8 0.129s
2025-02-12 21:04:55.029 63394 INFO tempest.lib.common.rest_client [req-768e207d-d8ba-4e8e-bb40-3adf683b2ef1 req-768e207d-d8ba-4e8e-bb40-3adf683b2ef1 ] Request (KeyPairsV2TestJSON:setUpClass): 201 POST http://10.180.1.21/identity/v3/auth/tokens 0.134s
2025-02-12 21:04:55.029 63370 INFO tempest.lib.common.dynamic_creds [-] Deleting project and security group for project: fd07d8f5ca9e4b8689b0f39d9bda740e
2025-02-12 21:04:55.122 63370 INFO tempest.lib.common.rest_client [req-6653e229-0ffe-4d73-a8b7-b56abe1d6330 req-6653e229-0ffe-4d73-a8b7-b56abe1d6330 ] Request (VolumesTestJSON:tearDownClass): 201 POST http://10.180.1.21/identity/v3/auth/tokens 0.092s
2025-02-12 21:04:55.172 63362 INFO tempest.lib.common.rest_client [req-fd63db9c-cede-4b2a-8d8c-c95982680ce7 req-fd63db9c-cede-4b2a-8d8c-c95982680ce7 ] Request (ServerDiskConfigTestJSON:test_rebuild_server_with_auto_disk_config): 202 POST http://10.180.1.21/compute/v2.1/servers/990a34e1-cf52-4ce7-b0ff-d1a2cac106ea/action 1.416s
2025-02-12 21:04:55.348 63380 INFO tempest.lib.common.rest_client [req-3cb908a3-a124-47cb-815c-4ed98c379aa5 req-3cb908a3-a124-47cb-815c-4ed98c379aa5 ] Request (ServicesAdminNegativeV253TestJSON:test_list_services_with_non_admin_user): 403 GET http://10.180.1.21/compute/v2.1/os-services 1.574s
2025-02-12 21:04:55.382 63414 INFO tempest.lib.common.rest_client [req-cc818b3f-4553-4ae8-ba21-33babaf77e12 req-cc818b3f-4553-4ae8-ba21-33babaf77e12 ] Request (FloatingIPsTestJSON:tearDownClass): 204 DELETE http://10.180.1.21:9696/networking/v2.0/networks/1b599061-35bd-4180-bbd2-c09dd4a4daa4 0.906s
2025-02-12 21:04:55.449 63388 INFO tempest.lib.common.rest_client [req-eba81c6f-0fdb-43fc-a693-77dffa91cd54 req-eba81c6f-0fdb-43fc-a693-77dffa91cd54 ] Request (ServersTestFqdnHostnames:test_create_server_with_fqdn_name): 200 GET http://10.180.1.21/compute/v2.1/servers/c5bfb89e-931f-462f-8d11-a47c28fdfdc2 1.526s
2025-02-12 21:04:55.453 63380 INFO tempest.lib.common.rest_client [req-db44e06a-145e-4fca-a498-b9b8b25d0d92 req-db44e06a-145e-4fca-a498-b9b8b25d0d92 ] Request (ServicesAdminNegativeV253TestJSON:tearDownClass): 204 DELETE http://10.180.1.21/identity/v3/users/3e4a0af44753408db551caca4b9cfe16 0.103s
2025-02-12 21:04:55.533 63402 INFO tempest.lib.common.rest_client [req-f8f526cb-6fa8-499f-bb62-1bcc69078922 req-f8f526cb-6fa8-499f-bb62-1bcc69078922 ] Request (DeleteServersTestJSON:test_delete_active_server): 200 GET http://10.180.1.21/compute/v2.1/servers/58b0ce0a-9269-471c-91b9-9873a0bceeff 1.400s
2025-02-12 21:04:55.564 63414 INFO tempest.lib.common.rest_client [req-8af839e6-2dd8-46d6-af04-df8a977bf3e1 req-8af839e6-2dd8-46d6-af04-df8a977bf3e1 ] Request (FloatingIPsTestJSON:tearDownClass): 204 DELETE http://10.180.1.21/identity/v3/users/b1af45a72d4744eaa7434a97afae700c 0.182s
2025-02-12 21:04:55.565 63414 INFO tempest.lib.common.dynamic_creds [-] Deleting project and security group for project: f3790cf4df174a0ea9f730986aa247c6
2025-02-12 21:04:55.622 63370 INFO tempest.lib.common.rest_client [req-42d75e1f-c823-4feb-8bdf-f1e1bd7c0a2e req-42d75e1f-c823-4feb-8bdf-f1e1bd7c0a2e ] Request (VolumesTestJSON:tearDownClass): 200 GET http://10.180.1.21:9696/networking/v2.0/security-groups?tenant_id=fd07d8f5ca9e4b8689b0f39d9bda740e&name=default 0.499s
2025-02-12 21:04:55.631 63380 INFO tempest.lib.common.rest_client [req-98c370be-52e8-4ced-9361-5f525d610e30 req-98c370be-52e8-4ced-9361-5f525d610e30 ] Request (ServicesAdminNegativeV253TestJSON:tearDownClass): 204 DELETE http://10.180.1.21/identity/v3/users/a5a1df5130864bcc94ba6e32edb3d79f 0.177s
2025-02-12 21:04:55.631 63380 INFO tempest.lib.common.dynamic_creds [-] Deleting project and security group for project: e7575f05f26a4b3ba2053311826292b2
2025-02-12 21:04:55.633 63400 INFO tempest.lib.common.rest_client [req-ebf43ea9-ade1-496d-acd0-c1bd17ab5b8f req-ebf43ea9-ade1-496d-acd0-c1bd17ab5b8f ] Request (ListServerFiltersTestJSON:setUpClass): 200 GET http://10.180.1.21/compute/v2.1/servers/741b00c8-123d-4c52-b0cd-f40673034ea9 1.396s
2025-02-12 21:04:55.676 63414 INFO tempest.lib.common.rest_client [req-4cb03525-4cb7-46ba-8dd3-128fc9e1fa25 req-4cb03525-4cb7-46ba-8dd3-128fc9e1fa25 ] Request (FloatingIPsTestJSON:tearDownClass): 200 GET http://10.180.1.21:9696/networking/v2.0/security-groups?tenant_id=f3790cf4df174a0ea9f730986aa247c6&name=default 0.111s
2025-02-12 21:04:55.704 63380 INFO tempest.lib.common.rest_client [req-3d0986b3-23cb-435b-ba53-4d69ef9a638d req-3d0986b3-23cb-435b-ba53-4d69ef9a638d ] Request (ServicesAdminNegativeV253TestJSON:tearDownClass): 201 POST http://10.180.1.21/identity/v3/auth/tokens 0.073s
2025-02-12 21:04:55.792 63390 INFO tempest.lib.common.rest_client [req-af003b86-ea77-435a-9cae-c25a1999cbbf req-af003b86-ea77-435a-9cae-c25a1999cbbf ] Request (ServersTestMultiNic:test_verify_duplicate_network_nics): 201 POST http://10.180.1.21:9696/networking/v2.0/subnets 0.772s
2025-02-12 21:04:55.856 63390 INFO tempest.lib.common.rest_client [req-3495f6e9-49da-4b7b-b29e-538bfc405eb4 req-3495f6e9-49da-4b7b-b29e-538bfc405eb4 ] Request (ServersTestMultiNic:test_verify_duplicate_network_nics): 201 POST http://10.180.1.21/identity/v3/auth/tokens 0.059s
