2025-02-12 21:05:05.540 63418 INFO tempest.lib.common.rest_client [req-3c02578b-8554-479b-a0fd-9b10bc8cce00 req-3c02578b-8554-479b-a0fd-9b10bc8cce00 ] Request (FloatingIPsAssociationTestJSON:setUpClass): 201 POST http://10.180.1.21/identity/v3/auth/tokens 0.231s
2025-02-12 21:05:05.541 63418 INFO tempest.lib.common.fixed_network [-] (FloatingIPsAssociationTestJSON:setUpClass) Found network {'id': 'b0f00f8f-2347-49f2-8b1b-73d7459a1c4c', 'name': 'tempest-FloatingIPsAssociationTestJSON-1099354259-network', 'tenant_id': '114613a11db4463787e44cf309f9482f', 'admin_state_up': True, 'mtu': 8950, 'status': 'ACTIVE', 'subnets': [], 'shared': False, 'project_id': '114613a11db4463787e44cf309f9482f', 'port_security_enabled': True, 'router:external': False, 'provider:network_type': 'vlan', 'provider:physical_network': 'default', 'provider:segmentation_id': 372, 'availability_zone_hints': [], 'availability_zones': [], 'ipv4_address_scope': None, 'ipv6_address_scope': None, 'description': '', 'tags': [], 'created_at': '2025-02-12T21:05:01Z', 'updated_at': '2025-02-12T21:05:01Z', 'revision_number': 1} available for tenant
2025-02-12 21:05:05.548 63374 INFO tempest.common.waiters [-] State transition "BUILD/None" ==> "BUILD/block_device_mapping" after 22 second wait
2025-02-12 21:05:05.574 63384 INFO tempest.lib.common.rest_client [req-dd2cacb7-6ceb-4363-bf4c-5ffeeaea35e8 req-dd2cacb7-6ceb-4363-bf4c-5ffeeaea35e8 ] Request (AttachInterfacesUnderV243Test:setUpClass): 200 GET http://10.180.1.21/identity/v3/domains?name=Default 0.113s
2025-02-12 21:05:05.580 63392 INFO tempest.lib.common.rest_client [req-59aea2e9-8bb8-4249-8c53-8ed0aaad60a3 req-59aea2e9-8bb8-4249-8c53-8ed0aaad60a3 ] Request (AttachInterfacesTestJSON:setUpClass): 201 POST http://10.180.1.21/identity/v3/auth/tokens 0.133s
2025-02-12 21:05:05.598 63404 INFO tempest.lib.common.rest_client [req-8b05ef45-834a-463f-9928-056cda6a9403 req-8b05ef45-834a-463f-9928-056cda6a9403 ] Request (ListImageFiltersTestJSON:setUpClass): 200 GET http://10.180.1.21/compute/v2.1/servers/a84ed5f1-d21a-474d-acdc-54a2185642e1 1.206s
2025-02-12 21:05:05.606 63384 INFO tempest.lib.common.rest_client [req-a0dbd6aa-0868-495e-812c-8a92c9c44247 req-a0dbd6aa-0868-495e-812c-8a92c9c44247 ] Request (AttachInterfacesUnderV243Test:setUpClass): 201 POST http://10.180.1.21/identity/v3/projects 0.032s
2025-02-12 21:05:05.658 63392 INFO tempest.lib.common.rest_client [req-dd61116d-ff3b-4b8d-b3b3-05369770152e req-dd61116d-ff3b-4b8d-b3b3-05369770152e ] Request (AttachInterfacesTestJSON:setUpClass): 201 POST http://10.180.1.21/identity/v3/auth/tokens 0.074s
2025-02-12 21:05:05.673 63384 INFO tempest.lib.common.rest_client [req-f0f9ee1d-798c-4f79-afe8-65cf673c47f2 req-f0f9ee1d-798c-4f79-afe8-65cf673c47f2 ] Request (AttachInterfacesUnderV243Test:setUpClass): 201 POST http://10.180.1.21/identity/v3/users 0.066s
2025-02-12 21:05:05.680 63392 INFO tempest.lib.common.rest_client [req-56101613-f36c-43a8-a39c-dc819a518a17 req-56101613-f36c-43a8-a39c-dc819a518a17 ] Request (AttachInterfacesTestJSON:setUpClass): 200 GET http://10.180.1.21/identity/v3/domains?name=Default 0.022s
2025-02-12 21:05:05.695 63384 INFO tempest.lib.common.rest_client [req-e5a36a95-ef07-4c16-ba6a-adee4605aa5b req-e5a36a95-ef07-4c16-ba6a-adee4605aa5b ] Request (AttachInterfacesUnderV243Test:setUpClass): 200 GET http://10.180.1.21/identity/v3/roles 0.021s
2025-02-12 21:05:05.712 63392 INFO tempest.lib.common.rest_client [req-76ea6b55-4172-47d4-b438-be6f950bd1a3 req-76ea6b55-4172-47d4-b438-be6f950bd1a3 ] Request (AttachInterfacesTestJSON:setUpClass): 201 POST http://10.180.1.21/identity/v3/projects 0.030s
2025-02-12 21:05:05.719 63384 INFO tempest.lib.common.rest_client [req-c2bdf7c5-391f-4476-81f6-bb5b6e38c9d5 req-c2bdf7c5-391f-4476-81f6-bb5b6e38c9d5 ] Request (AttachInterfacesUnderV243Test:setUpClass): 204 PUT http://10.180.1.21/identity/v3/projects/2e100d951f7342d0b65e040d1168bc2a/users/caf488879d3649c5bd996ac10bbe61d0/roles/2bd67354d6fd4d0b8e2004983e2cdea4 0.023s
2025-02-12 21:05:05.719 63384 INFO tempest.lib.common.dynamic_creds [-] Dynamic test user caf488879d3649c5bd996ac10bbe61d0 is created with scope project and roles: ['member']
2025-02-12 21:05:05.720 63384 INFO tempest.lib.common.dynamic_creds [-] Acquired dynamic creds: credentials: Credentials: {'domain_id': 'default', 'domain_name': 'Default', 'username': 'tempest-AttachInterfacesUnderV243Test-301610937-project-member', 'project_domain_id': 'default', 'project_domain_name': 'Default', 'project_id': '2e100d951f7342d0b65e040d1168bc2a', 'project_name': 'tempest-AttachInterfacesUnderV243Test-301610937', 'tenant_id': '2e100d951f7342d0b65e040d1168bc2a', 'tenant_name': 'tempest-AttachInterfacesUnderV243Test-301610937', 'user_domain_id': 'default', 'user_domain_name': 'Default', 'user_id': 'caf488879d3649c5bd996ac10bbe61d0', 'system': None}, Network: None, Subnet: None, Router: None
2025-02-12 21:05:05.776 63384 INFO tempest.lib.common.rest_client [req-1a21491d-f107-4d8c-95e1-62358d0775e9 req-1a21491d-f107-4d8c-95e1-62358d0775e9 ] Request (AttachInterfacesUnderV243Test:setUpClass): 201 POST http://10.180.1.21/identity/v3/auth/tokens 0.056s
2025-02-12 21:05:05.794 63378 INFO tempest.lib.common.rest_client [req-4e480b79-5180-415f-b0af-7f5d652dd788 req-4e480b79-5180-415f-b0af-7f5d652dd788 ] Request (SecurityGroupsTestAdminJSON:test_list_security_groups_list_all_tenants_filter): 200 POST http://10.180.1.21/compute/v2.1/os-security-groups 1.247s
2025-02-12 21:05:05.816 63392 INFO tempest.lib.common.rest_client [req-942042f1-a79c-43ea-a61c-904f79b27559 req-942042f1-a79c-43ea-a61c-904f79b27559 ] Request (AttachInterfacesTestJSON:setUpClass): 201 POST http://10.180.1.21/identity/v3/users 0.103s
2025-02-12 21:05:05.837 63392 INFO tempest.lib.common.rest_client [req-27799152-fd90-43d8-b59b-2771df7d5bb6 req-27799152-fd90-43d8-b59b-2771df7d5bb6 ] Request (AttachInterfacesTestJSON:setUpClass): 200 GET http://10.180.1.21/identity/v3/roles 0.021s
2025-02-12 21:05:05.870 63392 INFO tempest.lib.common.rest_client [req-030906a8-502b-43a8-a17b-bc00d33c6392 req-030906a8-502b-43a8-a17b-bc00d33c6392 ] Request (AttachInterfacesTestJSON:setUpClass): 204 PUT http://10.180.1.21/identity/v3/projects/9d2f2e17117d41f78c9bb1028587f0ae/users/2cf453eb92ec41dc90b0da8808e471ad/roles/2bd67354d6fd4d0b8e2004983e2cdea4 0.033s
2025-02-12 21:05:05.871 63392 INFO tempest.lib.common.dynamic_creds [-] Dynamic test user 2cf453eb92ec41dc90b0da8808e471ad is created with scope project and roles: ['member']
2025-02-12 21:05:05.871 63392 INFO tempest.lib.common.dynamic_creds [-] Acquired dynamic creds: credentials: Credentials: {'domain_id': 'default', 'domain_name': 'Default', 'username': 'tempest-AttachInterfacesTestJSON-1011824092-project-member', 'project_domain_id': 'default', 'project_domain_name': 'Default', 'project_id': '9d2f2e17117d41f78c9bb1028587f0ae', 'project_name': 'tempest-AttachInterfacesTestJSON-1011824092', 'tenant_id': '9d2f2e17117d41f78c9bb1028587f0ae', 'tenant_name': 'tempest-AttachInterfacesTestJSON-1011824092', 'user_domain_id': 'default', 'user_domain_name': 'Default', 'user_id': '2cf453eb92ec41dc90b0da8808e471ad', 'system': None}, Network: None, Subnet: None, Router: None
2025-02-12 21:05:05.884 63366 INFO tempest.lib.common.rest_client [req-5572caf8-f8f1-4c2d-a286-76fe93575ce9 req-5572caf8-f8f1-4c2d-a286-76fe93575ce9 ] Request (ServerExternalEventsTest:test_create_server_external_events): 200 GET http://10.180.1.21/compute/v2.1/servers/ffb951f2-2150-4168-a465-c5492557b199 1.252s
2025-02-12 21:05:05.954 63392 INFO tempest.lib.common.rest_client [req-a6b122ea-0a15-4edc-be16-e67a25297038 req-a6b122ea-0a15-4edc-be16-e67a25297038 ] Request (AttachInterfacesTestJSON:setUpClass): 201 POST http://10.180.1.21/identity/v3/auth/tokens 0.082s
2025-02-12 21:05:06.002 63422 INFO tempest.lib.common.rest_client [req-31fd89cd-dfde-4c42-b699-1832e34e38e4 req-31fd89cd-dfde-4c42-b699-1832e34e38e4 ] Request (ServerMetadataNegativeTestJSON:setUpClass): 200 GET http://10.180.1.21/compute/v2.1/servers/d982bc6e-2297-46d0-a623-1744fb3ee44b 1.291s
2025-02-12 21:05:06.150 63410 INFO tempest.lib.common.rest_client [req-928de39b-d4f9-4a79-9c27-1a89d639ba8e req-928de39b-d4f9-4a79-9c27-1a89d639ba8e ] Request (MultipleCreateNegativeTestJSON:tearDownClass): 200 GET http://10.180.1.21:9696/networking/v2.0/security-groups?tenant_id=0a34a59c970644ad964b80c4a2d03155&name=default 0.792s
2025-02-12 21:05:06.287 63362 INFO tempest.lib.common.rest_client [req-35960b77-6228-4072-9611-ad9d48b0f0e4 req-35960b77-6228-4072-9611-ad9d48b0f0e4 ] Request (ServerDiskConfigTestJSON:test_rebuild_server_with_auto_disk_config): 200 GET http://10.180.1.21/compute/v2.1/servers/990a34e1-cf52-4ce7-b0ff-d1a2cac106ea 1.468s
2025-02-12 21:05:06.374 63384 INFO tempest.lib.common.rest_client [req-25d4c1e8-58cd-4cf0-8a69-c2c31c1d0e5e req-25d4c1e8-58cd-4cf0-8a69-c2c31c1d0e5e ] Request (AttachInterfacesUnderV243Test:setUpClass): 201 POST http://10.180.1.21:9696/networking/v2.0/networks 0.598s
2025-02-12 21:05:06.377 63390 INFO tempest.lib.common.rest_client [req-a82c911d-39f3-4264-80af-3bdb59a25f60 req-a82c911d-39f3-4264-80af-3bdb59a25f60 ] Request (ServersTestMultiNic:test_verify_duplicate_network_nics): 200 GET http://10.180.1.21/compute/v2.1/servers/14f3e0ba-7c1f-4744-b258-52e3dce205b1 1.549s
2025-02-12 21:05:06.383 63376 INFO tempest.lib.common.rest_client [req-e42062a4-d2ff-4a8e-bdc6-7835f05df7b2 req-e42062a4-d2ff-4a8e-bdc6-7835f05df7b2 ] Request (ServersAdminNegativeTestJSON:test_reset_state_server_invalid_state): 400 POST http://10.180.1.21/compute/v2.1/servers/880592dc-3d7e-4ad8-ae77-1da91e495e94/action 1.472s
2025-02-12 21:05:06.393 63410 INFO tempest.lib.common.rest_client [req-edc1029f-9deb-4c98-8ab8-b6ef70eadc40 req-edc1029f-9deb-4c98-8ab8-b6ef70eadc40 ] Request (MultipleCreateNegativeTestJSON:tearDownClass): 204 DELETE http://10.180.1.21:9696/networking/v2.0/security-groups/b02bd67c-e67e-4be5-8995-9a420f6677a7 0.242s
2025-02-12 21:05:06.412 63372 INFO tempest.lib.common.rest_client [req-b7746e25-0ad0-44bb-b770-81d280ea84a8 req-b7746e25-0ad0-44bb-b770-81d280ea84a8 ] Request (FlavorsAdminTestJSON:test_is_public_string_variations): 200 GET http://10.180.1.21/compute/v2.1/flavors/detail?is_public=yes 1.467s
2025-02-12 21:05:06.482 63410 INFO tempest.lib.common.rest_client [req-209855bb-45e8-43a3-b32d-1966e51cc2b5 req-209855bb-45e8-43a3-b32d-1966e51cc2b5 ] Request (MultipleCreateNegativeTestJSON:tearDownClass): 204 DELETE http://10.180.1.21/identity/v3/projects/0a34a59c970644ad964b80c4a2d03155 0.088s
2025-02-12 21:05:06.526 63424 INFO tempest.lib.common.rest_client [req-b942321d-6f77-407c-ad89-61cf1888f386 req-b942321d-6f77-407c-ad89-61cf1888f386 ] Request (FloatingIPsAssociationNegativeTestJSON:_run_cleanups): 202 DELETE http://10.180.1.21/compute/v2.1/os-floating-ips/05bd761e-bb3b-4179-a4e5-a88f7e2991d3 2.151s
2025-02-12 21:05:06.549 63392 INFO tempest.lib.common.rest_client [req-89a2642d-2034-4f3f-a981-9ba136de90b6 req-89a2642d-2034-4f3f-a981-9ba136de90b6 ] Request (AttachInterfacesTestJSON:setUpClass): 201 POST http://10.180.1.21:9696/networking/v2.0/networks 0.594s
2025-02-12 21:05:06.568 63408 INFO tempest.lib.common.rest_client [req-8d5fcb62-f03f-4f16-ae09-fb13ec75712d req-8d5fcb62-f03f-4f16-ae09-fb13ec75712d ] Request (AggregatesAdminNegativeTestJSON:test_aggregate_remove_nonexistent_host): 404 POST http://10.180.1.21/compute/v2.1/os-aggregates/8/action 1.537s
2025-02-12 21:05:06.588 63410 INFO tempest.lib.common.rest_client [req-8a19d3c3-fae3-4648-a4cf-63f5a09a8285 req-8a19d3c3-fae3-4648-a4cf-63f5a09a8285 ] Request (ServersAaction247Test:setUpClass): 201 POST http://10.180.1.21/identity/v3/auth/tokens 0.105s
2025-02-12 21:05:06.649 63382 INFO tempest.lib.common.rest_client [req-5b074c22-afcc-49f6-bade-1eb0377d33c3 req-5b074c22-afcc-49f6-bade-1eb0377d33c3 ] Request (MigrationsAdminTest:test_list_migrations_in_flavor_resize_situation): 200 GET http://10.180.1.21/compute/v2.1/servers/80805db5-2215-4d5a-9b38-e4d82d76ffbe 1.655s
2025-02-12 21:05:06.650 63410 INFO tempest.lib.common.rest_client [req-b70cb3e7-d3bd-4678-a078-37959998cdb4 req-b70cb3e7-d3bd-4678-a078-37959998cdb4 ] Request (ServersAaction247Test:setUpClass): 201 POST http://10.180.1.21/identity/v3/auth/tokens 0.058s
2025-02-12 21:05:06.657 63382 INFO tempest.common.waiters [-] State transition "RESIZE/resize_finish" ==> "VERIFY_RESIZE/None" after 29 second wait
2025-02-12 21:05:06.677 63410 INFO tempest.lib.common.rest_client [req-c1542134-f22c-49f5-b843-12a5930ec916 req-c1542134-f22c-49f5-b843-12a5930ec916 ] Request (ServersAaction247Test:setUpClass): 200 GET http://10.180.1.21/identity/v3/domains?name=Default 0.027s
2025-02-12 21:05:06.689 63384 INFO tempest.lib.common.rest_client [req-2d954095-ef34-46bd-8709-177b2c360865 req-2d954095-ef34-46bd-8709-177b2c360865 ] Request (AttachInterfacesUnderV243Test:setUpClass): 201 POST http://10.180.1.21:9696/networking/v2.0/subnets 0.314s
2025-02-12 21:05:06.695 63394 INFO tempest.lib.common.rest_client [req-c601dfba-4bf7-4147-a140-14e5b8d34142 req-c601dfba-4bf7-4147-a140-14e5b8d34142 ] Request (KeyPairsV2TestJSON:test_keypairs_create_list_delete): 200 POST http://10.180.1.21/compute/v2.1/os-keypairs 1.595s
2025-02-12 21:05:06.709 63410 INFO tempest.lib.common.rest_client [req-d8adc43d-057f-4635-a8e9-9adb465aed2d req-d8adc43d-057f-4635-a8e9-9adb465aed2d ] Request (ServersAaction247Test:setUpClass): 201 POST http://10.180.1.21/identity/v3/projects 0.031s
2025-02-12 21:05:06.768 63380 INFO tempest.lib.common.rest_client [req-4365cba6-2a1e-4fc8-bb0a-358a6ca879ec req-4365cba6-2a1e-4fc8-bb0a-358a6ca879ec ] Request (ServerAddressesNegativeTestJSON:setUpClass): 200 GET http://10.180.1.21/compute/v2.1/servers/0f02137b-ae02-4c2b-9188-50e4d80c11f6 1.445s
2025-02-12 21:05:06.774 63410 INFO tempest.lib.common.rest_client [req-66f80b21-2651-4117-8118-8f6327fcba40 req-66f80b21-2651-4117-8118-8f6327fcba40 ] Request (ServersAaction247Test:setUpClass): 201 POST http://10.180.1.21/identity/v3/users 0.065s
2025-02-12 21:05:06.795 63410 INFO tempest.lib.common.rest_client [req-e87eb3cd-a37e-4dc2-9871-9fd5ecba9073 req-e87eb3cd-a37e-4dc2-9871-9fd5ecba9073 ] Request (ServersAaction247Test:setUpClass): 200 GET http://10.180.1.21/identity/v3/roles 0.021s
2025-02-12 21:05:06.822 63410 INFO tempest.lib.common.rest_client [req-4d4d0442-cb10-4cfd-aa34-6cf8a5903937 req-4d4d0442-cb10-4cfd-aa34-6cf8a5903937 ] Request (ServersAaction247Test:setUpClass): 204 PUT http://10.180.1.21/identity/v3/projects/5d398b695f1d4c7fb9b8ab6372f7d226/users/b420f3576e9247d0b8ee6cb3948f7a1b/roles/2bd67354d6fd4d0b8e2004983e2cdea4 0.026s
2025-02-12 21:05:06.823 63410 INFO tempest.lib.common.dynamic_creds [-] Dynamic test user b420f3576e9247d0b8ee6cb3948f7a1b is created with scope project and roles: ['member']
2025-02-12 21:05:06.823 63410 INFO tempest.lib.common.dynamic_creds [-] Acquired dynamic creds: credentials: Credentials: {'domain_id': 'default', 'domain_name': 'Default', 'username': 'tempest-ServersAaction247Test-241015173-project-member', 'project_domain_id': 'default', 'project_domain_name': 'Default', 'project_id': '5d398b695f1d4c7fb9b8ab6372f7d226', 'project_name': 'tempest-ServersAaction247Test-241015173', 'tenant_id': '5d398b695f1d4c7fb9b8ab6372f7d226', 'tenant_name': 'tempest-ServersAaction247Test-241015173', 'user_domain_id': 'default', 'user_domain_name': 'Default', 'user_id': 'b420f3576e9247d0b8ee6cb3948f7a1b', 'system': None}, Network: None, Subnet: None, Router: None
2025-02-12 21:05:06.823 63410 INFO tempest.lib.common.dynamic_creds [-] Created isolated network resources for: credentials: Credentials: {'domain_id': 'default', 'domain_name': 'Default', 'username': 'tempest-ServersAaction247Test-241015173-project-member', 'project_domain_id': 'default', 'project_domain_name': 'Default', 'project_id': '5d398b695f1d4c7fb9b8ab6372f7d226', 'project_name': 'tempest-ServersAaction247Test-241015173', 'tenant_id': '5d398b695f1d4c7fb9b8ab6372f7d226', 'tenant_name': 'tempest-ServersAaction247Test-241015173', 'user_domain_id': 'default', 'user_domain_name': 'Default', 'user_id': 'b420f3576e9247d0b8ee6cb3948f7a1b', 'system': None}, Network: None, Subnet: None, Router: None
2025-02-12 21:05:06.844 63396 INFO tempest.lib.common.rest_client [req-a0d21d54-9359-43c1-b7bc-8e4b9267f651 req-a0d21d54-9359-43c1-b7bc-8e4b9267f651 ] Request (SecurityGroupsTestJSON:test_security_groups_create_list_delete): 202 DELETE http://10.180.1.21/compute/v2.1/os-security-groups/ba9cb257-9fb4-4de6-bd9a-371c24962009 1.776s
2025-02-12 21:05:06.888 63410 INFO tempest.lib.common.rest_client [req-ec0d5ffe-f416-4967-87ba-b09d57e7dd71 req-ec0d5ffe-f416-4967-87ba-b09d57e7dd71 ] Request (ServersAaction247Test:setUpClass): 201 POST http://10.180.1.21/identity/v3/auth/tokens 0.061s
2025-02-12 21:05:06.925 63386 INFO tempest.lib.common.rest_client [req-df1f6d63-5084-4619-8150-7f7b2e44c251 req-df1f6d63-5084-4619-8150-7f7b2e44c251 ] Request (DeleteServersAdminTestJSON:test_delete_server_while_in_error_state): 200 GET http://10.180.1.21/compute/v2.1/servers/7796af7d-4ff9-471a-99e7-e4fc54aedee0 1.220s
2025-02-12 21:05:06.926 63410 INFO tempest.lib.common.rest_client [req-4dc78bf6-5145-431c-82ac-a197d1ffccf6 req-4dc78bf6-5145-431c-82ac-a197d1ffccf6 ] Request (ServersAaction247Test:test_create_backup): 201 POST http://10.180.1.21/identity/v3/auth/tokens 0.032s
2025-02-12 21:05:06.926 63410 INFO tempest.lib.common.fixed_network [-] (ServersAaction247Test:test_create_backup) Found network None available for tenant
2025-02-12 21:05:07.073 63392 INFO tempest.lib.common.rest_client [req-35b85306-b0e3-4e66-b7b5-8366cd6bb798 req-35b85306-b0e3-4e66-b7b5-8366cd6bb798 ] Request (AttachInterfacesTestJSON:setUpClass): 201 POST http://10.180.1.21:9696/networking/v2.0/subnets 0.520s
2025-02-12 21:05:07.312 63418 INFO tempest.lib.common.rest_client [req-0bdbf775-1eff-41cb-9c72-25e7e1c45da8 req-0bdbf775-1eff-41cb-9c72-25e7e1c45da8 ] Request (FloatingIPsAssociationTestJSON:setUpClass): 202 POST http://10.180.1.21/compute/v2.1/servers 1.771s
2025-02-12 21:05:07.393 63420 INFO tempest.lib.common.rest_client [req-2cf34465-581f-4af2-889d-347feae892d2 req-2cf34465-581f-4af2-889d-347feae892d2 ] Request (ServerTagsTestJSON:setUpClass): 200 GET http://10.180.1.21/compute/v2.1/servers/5ce1a2d0-f7ab-468a-bb75-17354b91f0ee 1.383s
2025-02-12 21:05:07.502 63362 INFO tempest.lib.common.rest_client [req-dcdeebc3-f265-49b9-acb4-8a3d47e145d3 req-dcdeebc3-f265-49b9-acb4-8a3d47e145d3 ] Request (ServerDiskConfigTestJSON:_run_cleanups): 204 DELETE http://10.180.1.21/compute/v2.1/servers/990a34e1-cf52-4ce7-b0ff-d1a2cac106ea 1.205s
2025-02-12 21:05:07.594 63362 INFO tempest.lib.common.rest_client [req-c9de8db3-bd3b-4c41-84ca-5e02b9c0b7b5 req-c9de8db3-bd3b-4c41-84ca-5e02b9c0b7b5 ] Request (ServerDiskConfigTestJSON:test_rebuild_server_with_manual_disk_config): 201 POST http://10.180.1.21/identity/v3/auth/tokens 0.085s
2025-02-12 21:05:07.595 63362 INFO tempest.lib.common.fixed_network [-] (ServerDiskConfigTestJSON:test_rebuild_server_with_manual_disk_config) Found network {'id': '9dc84788-3f0f-4c50-8ac8-edf76df80236', 'name': 'tempest-ServerDiskConfigTestJSON-172490669-network', 'tenant_id': 'c3632a8901bc41258430a525fd41a1bb', 'admin_state_up': True, 'mtu': 8950, 'status': 'ACTIVE', 'subnets': [], 'shared': False, 'project_id': 'c3632a8901bc41258430a525fd41a1bb', 'port_security_enabled': True, 'router:external': False, 'provider:network_type': 'vlan', 'provider:physical_network': 'default', 'provider:segmentation_id': 471, 'availability_zone_hints': [], 'availability_zones': [], 'ipv4_address_scope': None, 'ipv6_address_scope': None, 'description': '', 'tags': [], 'created_at': '2025-02-12T21:04:20Z', 'updated_at': '2025-02-12T21:04:20Z', 'revision_number': 1} available for tenant
2025-02-12 21:05:07.802 63364 INFO tempest.lib.common.rest_client [req-5c2a48b4-483d-48ce-8490-023f5337c73c req-5c2a48b4-483d-48ce-8490-023f5337c73c ] Request (ServersV294TestFqdnHostnames:setUpClass): 200 PUT http://10.180.1.21:9696/networking/v2.0/routers/a6a29a2a-9739-4ea9-b09e-ef92fb0b05d4/add_router_interface 2.643s
2025-02-12 21:05:07.802 63364 INFO tempest.lib.common.dynamic_creds [-] Created isolated network resources for: credentials: Credentials: {'domain_id': 'default', 'domain_name': 'Default', 'username': 'tempest-ServersV294TestFqdnHostnames-1632795147-project-member', 'project_domain_id': 'default', 'project_domain_name': 'Default', 'project_id': '5b8b7d65cc85450a9d0835bd24a72e9a', 'project_name': 'tempest-ServersV294TestFqdnHostnames-1632795147', 'tenant_id': '5b8b7d65cc85450a9d0835bd24a72e9a', 'tenant_name': 'tempest-ServersV294TestFqdnHostnames-1632795147', 'user_domain_id': 'default', 'user_domain_name': 'Default', 'user_id': '1f3edc142e8941aab4626bb340570ad6', 'system': None}, Network: {'id': 'fcd91401-bbcd-442e-a8a5-31e5b4808a36', 'name': 'tempest-ServersV294TestFqdnHostnames-1039167316-network', 'tenant_id': '5b8b7d65cc85450a9d0835bd24a72e9a', 'admin_state_up': True, 'mtu': 8950, 'status': 'ACTIVE', 'subnets': [], 'shared': False, 'project_id': '5b8b7d65cc85450a9d0835bd24a72e9a', 'port_security_enabled': True, 'router:external': False, 'provider:network_type': 'vlan', 'provider:physical_network': 'default', 'provider:segmentation_id': 916, 'availability_zone_hints': [], 'availability_zones': [], 'ipv4_address_scope': None, 'ipv6_address_scope': None, 'description': '', 'tags': [], 'created_at': '2025-02-12T21:05:01Z', 'updated_at': '2025-02-12T21:05:01Z', 'revision_number': 1}, Subnet: {'id': '3deddeaa-c717-434e-b009-39983da06ead', 'name': 'tempest-ServersV294TestFqdnHostnames-1039167316-subnet', 'tenant_id': '5b8b7d65cc85450a9d0835bd24a72e9a', 'network_id': 'fcd91401-bbcd-442e-a8a5-31e5b4808a36', 'ip_version': 4, 'subnetpool_id': None, 'enable_dhcp': True, 'ipv6_ra_mode': None, 'ipv6_address_mode': None, 'gateway_ip': '192.168.128.1', 'cidr': '192.168.128.0/28', 'allocation_pools': [{'start': '192.168.128.2', 'end': '192.168.128.14'}], 'host_routes': [], 'dns_nameservers': [], 'description': '', 'router:external': False, 'service_types': [], 'tags': [], 'created_at': '2025-02-12T21:05:01Z', 'updated_at': '2025-02-12T21:05:01Z', 'revision_number': 0, 'project_id': '5b8b7d65cc85450a9d0835bd24a72e9a'}, Router: {'id': 'a6a29a2a-9739-4ea9-b09e-ef92fb0b05d4', 'name': 'tempest-ServersV294TestFqdnHostnames-1039167316-router', 'tenant_id': '5b8b7d65cc85450a9d0835bd24a72e9a', 'admin_state_up': True, 'status': 'ACTIVE', 'external_gateway_info': {'network_id': '5a42db3d-b643-4681-897a-3523b4308212', 'external_fixed_ips': [{'subnet_id': 'fc725d34-c601-4121-abf7-1ac5d462fa6f', 'ip_address': '10.180.180.147'}], 'enable_snat': True}, 'description': '', 'availability_zones': [], 'distributed': False, 'ha': False, 'availability_zone_hints': [], 'routes': [], 'flavor_id': None, 'tags': [], 'created_at': '2025-02-12T21:05:02Z', 'updated_at': '2025-02-12T21:05:04Z', 'revision_number': 2, 'project_id': '5b8b7d65cc85450a9d0835bd24a72e9a'}
2025-02-12 21:05:07.828 63388 INFO tempest.lib.common.rest_client [req-84c8d577-4b6b-4457-9d41-d71d4fd1ec0d req-84c8d577-4b6b-4457-9d41-d71d4fd1ec0d ] Request (ServersTestFqdnHostnames:test_create_server_with_fqdn_name): 200 GET http://10.180.1.21/compute/v2.1/servers/c5bfb89e-931f-462f-8d11-a47c28fdfdc2 1.498s
2025-02-12 21:05:07.838 63376 INFO tempest.lib.common.rest_client [req-db92c55f-a19b-4f73-85e1-9dbd702a4876 req-db92c55f-a19b-4f73-85e1-9dbd702a4876 ] Request (ServersAdminNegativeTestJSON:test_reset_state_server_invalid_type): 400 POST http://10.180.1.21/compute/v2.1/servers/880592dc-3d7e-4ad8-ae77-1da91e495e94/action 1.454s
2025-02-12 21:05:07.876 63372 INFO tempest.lib.common.rest_client [req-0645be31-1ff6-4d3c-8c59-862532ed18c0 req-0645be31-1ff6-4d3c-8c59-862532ed18c0 ] Request (FlavorsAdminTestJSON:test_is_public_string_variations): 200 GET http://10.180.1.21/compute/v2.1/flavors/detail?is_public=1 1.459s
2025-02-12 21:05:07.903 63364 INFO tempest.lib.common.rest_client [req-f250b72b-268e-4fcd-996b-51df812829a1 req-f250b72b-268e-4fcd-996b-51df812829a1 ] Request (ServersV294TestFqdnHostnames:setUpClass): 201 POST http://10.180.1.21/identity/v3/auth/tokens 0.098s
2025-02-12 21:05:07.980 63402 INFO tempest.lib.common.rest_client [req-479743a9-6c51-4b3c-968a-2a290be238d5 req-479743a9-6c51-4b3c-968a-2a290be238d5 ] Request (DeleteServersTestJSON:test_delete_active_server): 200 GET http://10.180.1.21/compute/v2.1/servers/58b0ce0a-9269-471c-91b9-9873a0bceeff 1.542s
2025-02-12 21:05:08.059 63400 INFO tempest.lib.common.rest_client [req-36ce072f-ec6b-49ff-87d0-22870e2a6ec6 req-36ce072f-ec6b-49ff-87d0-22870e2a6ec6 ] Request (ListServerFiltersTestJSON:setUpClass): 200 GET http://10.180.1.21/compute/v2.1/servers/741b00c8-123d-4c52-b0cd-f40673034ea9 1.597s
2025-02-12 21:05:08.124 63398 INFO tempest.lib.common.rest_client [req-d930d188-cefe-47cc-a777-05509bf4b378 req-d930d188-cefe-47cc-a777-05509bf4b378 ] Request (ImagesOneServerNegativeTestJSON:setUpClass): 200 GET http://10.180.1.21/compute/v2.1/servers/169aea8a-808e-4986-b75e-305f896f6f6a 1.615s
2025-02-12 21:05:08.132 63424 INFO tempest.lib.common.rest_client [req-cf13c6fb-b078-4bcd-84e4-206fae6fca6f req-cf13c6fb-b078-4bcd-84e4-206fae6fca6f ] Request (FloatingIPsAssociationNegativeTestJSON:test_associate_ip_to_server_without_passing_floating_ip): 400 POST http://10.180.1.21/compute/v2.1/servers/4fe02429-cd39-4135-9936-b520204db2d9/action 1.605s
2025-02-12 21:05:08.211 63374 INFO tempest.lib.common.rest_client [req-8e854808-8dc2-4f27-86b6-c8c51b3710e0 req-8e854808-8dc2-4f27-86b6-c8c51b3710e0 ] Request (ServerDiagnosticsV248Test:test_get_server_diagnostics): 200 GET http://10.180.1.21/compute/v2.1/servers/b0166fc9-a10c-4a84-a282-9689aa197254 1.661s
2025-02-12 21:05:08.226 63374 INFO tempest.common.waiters [-] State transition "BUILD/block_device_mapping" ==> "BUILD/spawning" after 25 second wait
2025-02-12 21:05:08.234 63408 INFO tempest.lib.common.rest_client [req-7f1a6c7c-6622-4484-b138-3781cfc9cb51 req-7f1a6c7c-6622-4484-b138-3781cfc9cb51 ] Request (AggregatesAdminNegativeTestJSON:_run_cleanups): 200 DELETE http://10.180.1.21/compute/v2.1/os-aggregates/8 1.665s
2025-02-12 21:05:08.248 63384 INFO tempest.lib.common.rest_client [req-c5d25765-87ec-4de5-81fe-38735666ca38 req-c5d25765-87ec-4de5-81fe-38735666ca38 ] Request (AttachInterfacesUnderV243Test:setUpClass): 201 POST http://10.180.1.21:9696/networking/v2.0/routers 1.558s
2025-02-12 21:05:08.336 63404 INFO tempest.lib.common.rest_client [req-5800cb04-dae3-4f92-b68d-2d107febd14d req-5800cb04-dae3-4f92-b68d-2d107febd14d ] Request (ListImageFiltersTestJSON:setUpClass): 200 GET http://10.180.1.21/compute/v2.1/servers/a84ed5f1-d21a-474d-acdc-54a2185642e1 1.727s
2025-02-12 21:05:08.372 63408 INFO tempest.lib.common.rest_client [req-9a49008e-b101-4e0d-932b-e1b858f928a5 req-9a49008e-b101-4e0d-932b-e1b858f928a5 ] Request (AggregatesAdminNegativeTestJSON:tearDownClass): 204 DELETE http://10.180.1.21/identity/v3/users/7b00261ee8b444a6bbb4594d677123f4 0.137s
2025-02-12 21:05:08.403 63382 INFO tempest.lib.common.rest_client [req-c734e157-ee71-4adf-b3b0-792dc8e5862c req-c734e157-ee71-4adf-b3b0-792dc8e5862c ] Request (MigrationsAdminTest:test_list_migrations_in_flavor_resize_situation): 204 POST http://10.180.1.21/compute/v2.1/servers/80805db5-2215-4d5a-9b38-e4d82d76ffbe/action 1.745s
2025-02-12 21:05:08.444 63394 INFO tempest.lib.common.rest_client [req-ac5ad84b-0863-4129-a6d0-a35ccbdc7151 req-ac5ad84b-0863-4129-a6d0-a35ccbdc7151 ] Request (KeyPairsV2TestJSON:test_keypairs_create_list_delete): 200 POST http://10.180.1.21/compute/v2.1/os-keypairs 1.747s
2025-02-12 21:05:08.480 63408 INFO tempest.lib.common.rest_client [req-21205571-ba47-4dd4-a45f-342727c3f73f req-21205571-ba47-4dd4-a45f-342727c3f73f ] Request (AggregatesAdminNegativeTestJSON:tearDownClass): 204 DELETE http://10.180.1.21/identity/v3/users/7aad680567bf42389eae672366343be7 0.107s
2025-02-12 21:05:08.480 63408 INFO tempest.lib.common.dynamic_creds [-] Deleting project and security group for project: 86d80241e7ee4f7a969776c6893c3a45
2025-02-12 21:05:08.510 63396 INFO tempest.lib.common.rest_client [req-8aff0d29-cd18-441a-bc02-30f4ef45ab85 req-8aff0d29-cd18-441a-bc02-30f4ef45ab85 ] Request (SecurityGroupsTestJSON:test_security_groups_create_list_delete): 404 GET http://10.180.1.21/compute/v2.1/os-security-groups/ba9cb257-9fb4-4de6-bd9a-371c24962009 1.665s
2025-02-12 21:05:08.681 63408 INFO tempest.lib.common.rest_client [req-8ddb88a8-d6d3-4b1b-a272-28b890526699 req-8ddb88a8-d6d3-4b1b-a272-28b890526699 ] Request (AggregatesAdminNegativeTestJSON:tearDownClass): 201 POST http://10.180.1.21/identity/v3/auth/tokens 0.201s
2025-02-12 21:05:08.698 63366 INFO tempest.lib.common.rest_client [req-8f0a60cf-172e-48a3-ae57-e765cb4cde82 req-8f0a60cf-172e-48a3-ae57-e765cb4cde82 ] Request (ServerExternalEventsTest:test_create_server_external_events): 200 GET http://10.180.1.21/compute/v2.1/servers/ffb951f2-2150-4168-a465-c5492557b199 1.805s
2025-02-12 21:05:08.708 63366 INFO tempest.common.waiters [-] State transition "BUILD/None" ==> "BUILD/spawning" after 24 second wait
2025-02-12 21:05:08.804 63392 INFO tempest.lib.common.rest_client [req-60212c89-aa25-4021-aa35-662ee80428c9 req-60212c89-aa25-4021-aa35-662ee80428c9 ] Request (AttachInterfacesTestJSON:setUpClass): 201 POST http://10.180.1.21:9696/networking/v2.0/routers 1.730s
2025-02-12 21:05:08.946 63410 INFO tempest.lib.common.rest_client [req-f09d511c-4fc9-415c-a605-8842e2cca5e3 req-f09d511c-4fc9-415c-a605-8842e2cca5e3 ] Request (ServersAaction247Test:test_create_backup): 202 POST http://10.180.1.21/compute/v2.1/servers 2.019s
2025-02-12 21:05:09.129 63422 INFO tempest.lib.common.rest_client [req-71742ae6-9520-4291-adb4-258cd1760ed7 req-71742ae6-9520-4291-adb4-258cd1760ed7 ] Request (ServerMetadataNegativeTestJSON:setUpClass): 200 GET http://10.180.1.21/compute/v2.1/servers/d982bc6e-2297-46d0-a623-1744fb3ee44b 2.114s
2025-02-12 21:05:09.266 63418 INFO tempest.lib.common.rest_client [req-c8d1a082-9a87-45c1-af38-fc7f54189070 req-c8d1a082-9a87-45c1-af38-fc7f54189070 ] Request (FloatingIPsAssociationTestJSON:setUpClass): 200 GET http://10.180.1.21/compute/v2.1/servers/efda071e-50e2-4627-8f1f-1f8653b6c2ad 1.952s
2025-02-12 21:05:09.322 63408 INFO tempest.lib.common.rest_client [req-ec9be402-5ad7-49ae-a087-0599891fe24f req-ec9be402-5ad7-49ae-a087-0599891fe24f ] Request (AggregatesAdminNegativeTestJSON:tearDownClass): 200 GET http://10.180.1.21:9696/networking/v2.0/security-groups?tenant_id=86d80241e7ee4f7a969776c6893c3a45&name=default 0.640s
2025-02-12 21:05:09.385 63390 INFO tempest.lib.common.rest_client [req-9535b7a3-c870-49c5-93fc-b860f7d780df req-9535b7a3-c870-49c5-93fc-b860f7d780df ] Request (ServersTestMultiNic:test_verify_duplicate_network_nics): 200 GET http://10.180.1.21/compute/v2.1/servers/14f3e0ba-7c1f-4744-b258-52e3dce205b1 1.996s
2025-02-12 21:05:09.584 63408 INFO tempest.lib.common.rest_client [req-09ebbe5d-bf79-444c-a673-62c25fb67ea4 req-09ebbe5d-bf79-444c-a673-62c25fb67ea4 ] Request (AggregatesAdminNegativeTestJSON:tearDownClass): 204 DELETE http://10.180.1.21:9696/networking/v2.0/security-groups/55adf654-4eba-4b60-a751-0599aafeacb9 0.262s
2025-02-12 21:05:09.672 63408 INFO tempest.lib.common.rest_client [req-aa55f19b-8d29-4c30-aabf-31f9c099cbc1 req-aa55f19b-8d29-4c30-aabf-31f9c099cbc1 ] Request (AggregatesAdminNegativeTestJSON:tearDownClass): 204 DELETE http://10.180.1.21/identity/v3/projects/86d80241e7ee4f7a969776c6893c3a45 0.088s
2025-02-12 21:05:09.673 63408 INFO tempest.lib.common.dynamic_creds [-] Deleting project and security group for project: 9b15ae3a4a3e4563a272d287e4469175
2025-02-12 21:05:09.896 63408 INFO tempest.lib.common.rest_client [req-90ac0bb5-d37f-430c-9459-073b7e261319 req-90ac0bb5-d37f-430c-9459-073b7e261319 ] Request (AggregatesAdminNegativeTestJSON:tearDownClass): 200 GET http://10.180.1.21:9696/networking/v2.0/security-groups?tenant_id=9b15ae3a4a3e4563a272d287e4469175&name=default 0.223s
2025-02-12 21:05:09.947 63362 INFO tempest.lib.common.rest_client [req-b5befe20-66d0-4528-988b-5e7666a96642 req-b5befe20-66d0-4528-988b-5e7666a96642 ] Request (ServerDiskConfigTestJSON:test_rebuild_server_with_manual_disk_config): 202 POST http://10.180.1.21/compute/v2.1/servers 2.352s
2025-02-12 21:05:10.028 63380 INFO tempest.lib.common.rest_client [req-24aec087-bf37-4298-b67d-821aa7d79157 req-24aec087-bf37-4298-b67d-821aa7d79157 ] Request (ServerAddressesNegativeTestJSON:setUpClass): 200 GET http://10.180.1.21/compute/v2.1/servers/0f02137b-ae02-4c2b-9188-50e4d80c11f6 2.249s
2025-02-12 21:05:10.037 63376 INFO tempest.lib.common.rest_client [req-125f2544-0702-4cf2-8d95-a599d2e5cbe8 req-125f2544-0702-4cf2-8d95-a599d2e5cbe8 ] Request (ServersAdminNegativeTestJSON:test_reset_state_server_nonexistent_server): 404 POST http://10.180.1.21/compute/v2.1/servers/999/action 2.198s
2025-02-12 21:05:10.064 63372 INFO tempest.lib.common.rest_client [req-96a42dbd-4c18-41e5-acd6-10dda4bcdaba req-96a42dbd-4c18-41e5-acd6-10dda4bcdaba ] Request (FlavorsAdminTestJSON:_run_cleanups): 202 DELETE http://10.180.1.21/compute/v2.1/flavors/374393595 2.178s
2025-02-12 21:05:10.077 63408 INFO tempest.lib.common.rest_client [req-8a922d08-ffa1-44a3-833a-90634ec8d203 req-8a922d08-ffa1-44a3-833a-90634ec8d203 ] Request (AggregatesAdminNegativeTestJSON:tearDownClass): 204 DELETE http://10.180.1.21:9696/networking/v2.0/security-groups/48b16a86-8a00-47df-a0fe-49f41e157c42 0.181s
2025-02-12 21:05:10.085 63378 INFO tempest.lib.common.rest_client [req-aa58096e-f2dd-4969-9a95-6eb13690c849 req-aa58096e-f2dd-4969-9a95-6eb13690c849 ] Request (SecurityGroupsTestAdminJSON:test_list_security_groups_list_all_tenants_filter): 200 GET http://10.180.1.21/compute/v2.1/os-security-groups?all_tenants=true 4.286s
2025-02-12 21:05:10.216 63386 INFO tempest.lib.common.rest_client [req-53ddddf8-b315-4148-bef8-4c4289d8ebf1 req-53ddddf8-b315-4148-bef8-4c4289d8ebf1 ] Request (DeleteServersAdminTestJSON:test_delete_server_while_in_error_state): 200 GET http://10.180.1.21/compute/v2.1/servers/7796af7d-4ff9-471a-99e7-e4fc54aedee0 2.281s
2025-02-12 21:05:10.261 63408 INFO tempest.lib.common.rest_client [req-3aee444c-f67a-4ee7-8448-0fc822ab22a4 req-3aee444c-f67a-4ee7-8448-0fc822ab22a4 ] Request (AggregatesAdminNegativeTestJSON:tearDownClass): 204 DELETE http://10.180.1.21/identity/v3/projects/9b15ae3a4a3e4563a272d287e4469175 0.183s
2025-02-12 21:05:10.262 63408 INFO tempest.test [-] raised in LiveAutoBlockMigrationV225Test.setUpClass. Invoking tearDownClass.
2025-02-12 21:05:10.264 63408 INFO tempest.test [-] raised in UnshelveToHostMultiNodesTest.setUpClass. Invoking tearDownClass.
2025-02-12 21:05:10.309 63364 INFO tempest.lib.common.rest_client [req-504dc698-8f1f-4a2e-b099-3384fd13b5f0 req-504dc698-8f1f-4a2e-b099-3384fd13b5f0 ] Request (ServersV294TestFqdnHostnames:setUpClass): 201 POST http://10.180.1.21/compute/v2.1/os-keypairs 2.404s
2025-02-12 21:05:10.362 63408 INFO tempest.lib.common.rest_client [req-f77eee6a-67ac-42ff-9417-47067735adba req-f77eee6a-67ac-42ff-9417-47067735adba ] Request (AZV2TestJSON:setUpClass): 201 POST http://10.180.1.21/identity/v3/auth/tokens 0.095s
2025-02-12 21:05:10.398 63408 INFO tempest.lib.common.rest_client [req-f2ef4f88-1989-4ea1-b7a7-02725c157549 req-f2ef4f88-1989-4ea1-b7a7-02725c157549 ] Request (AZV2TestJSON:setUpClass): 201 POST http://10.180.1.21/identity/v3/auth/tokens 0.029s
2025-02-12 21:05:10.425 63408 INFO tempest.lib.common.rest_client [req-6d38b00f-6900-41dc-a7da-2209e16c0543 req-6d38b00f-6900-41dc-a7da-2209e16c0543 ] Request (AZV2TestJSON:setUpClass): 200 GET http://10.180.1.21/identity/v3/domains?name=Default 0.027s
2025-02-12 21:05:10.453 63408 INFO tempest.lib.common.rest_client [req-a0272918-f2ef-4417-9f33-ca28c38ff24e req-a0272918-f2ef-4417-9f33-ca28c38ff24e ] Request (AZV2TestJSON:setUpClass): 201 POST http://10.180.1.21/identity/v3/projects 0.027s
2025-02-12 21:05:10.510 63424 INFO tempest.lib.common.rest_client [req-ed2f5d2a-eb37-4bd5-8740-e5c25f5253d8 req-ed2f5d2a-eb37-4bd5-8740-e5c25f5253d8 ] Request (FloatingIPsAssociationNegativeTestJSON:test_associate_nonexistent_floating_ip): 404 POST http://10.180.1.21/compute/v2.1/servers/4fe02429-cd39-4135-9936-b520204db2d9/action 2.376s
2025-02-12 21:05:10.531 63408 INFO tempest.lib.common.rest_client [req-7839574d-67f8-46f6-b8fb-47dd8ee2408d req-7839574d-67f8-46f6-b8fb-47dd8ee2408d ] Request (AZV2TestJSON:setUpClass): 201 POST http://10.180.1.21/identity/v3/users 0.077s
2025-02-12 21:05:10.540 63382 INFO tempest.lib.common.rest_client [req-d26c0db1-7f50-4256-bf31-638489fed1ae req-d26c0db1-7f50-4256-bf31-638489fed1ae ] Request (MigrationsAdminTest:test_list_migrations_in_flavor_resize_situation): 200 GET http://10.180.1.21/compute/v2.1/servers/80805db5-2215-4d5a-9b38-e4d82d76ffbe 2.136s
2025-02-12 21:05:10.570 63408 INFO tempest.lib.common.rest_client [req-2bc2812e-b441-42a6-bf1a-9de0b2abade0 req-2bc2812e-b441-42a6-bf1a-9de0b2abade0 ] Request (AZV2TestJSON:setUpClass): 200 GET http://10.180.1.21/identity/v3/roles 0.039s
2025-02-12 21:05:10.572 63384 INFO tempest.lib.common.rest_client [req-f3f8006e-2ba6-47ba-a8ca-321ef5e6313c req-f3f8006e-2ba6-47ba-a8ca-321ef5e6313c ] Request (AttachInterfacesUnderV243Test:setUpClass): 200 PUT http://10.180.1.21:9696/networking/v2.0/routers/ac2b7827-6536-4817-b7ea-16db13b3927b/add_router_interface 2.324s
2025-02-12 21:05:10.573 63384 INFO tempest.lib.common.dynamic_creds [-] Created isolated network resources for: credentials: Credentials: {'domain_id': 'default', 'domain_name': 'Default', 'username': 'tempest-AttachInterfacesUnderV243Test-301610937-project-member', 'project_domain_id': 'default', 'project_domain_name': 'Default', 'project_id': '2e100d951f7342d0b65e040d1168bc2a', 'project_name': 'tempest-AttachInterfacesUnderV243Test-301610937', 'tenant_id': '2e100d951f7342d0b65e040d1168bc2a', 'tenant_name': 'tempest-AttachInterfacesUnderV243Test-301610937', 'user_domain_id': 'default', 'user_domain_name': 'Default', 'user_id': 'caf488879d3649c5bd996ac10bbe61d0', 'system': None}, Network: {'id': '7f5f79d9-e98d-4fec-8caf-5a692878f0b5', 'name': 'tempest-AttachInterfacesUnderV243Test-1171340351-network', 'tenant_id': '2e100d951f7342d0b65e040d1168bc2a', 'admin_state_up': True, 'mtu': 8950, 'status': 'ACTIVE', 'subnets': [], 'shared': False, 'project_id': '2e100d951f7342d0b65e040d1168bc2a', 'port_security_enabled': True, 'router:external': False, 'provider:network_type': 'vlan', 'provider:physical_network': 'default', 'provider:segmentation_id': 595, 'availability_zone_hints': [], 'availability_zones': [], 'ipv4_address_scope': None, 'ipv6_address_scope': None, 'description': '', 'tags': [], 'created_at': '2025-02-12T21:05:06Z', 'updated_at': '2025-02-12T21:05:06Z', 'revision_number': 1}, Subnet: {'id': '552fc3d0-871a-47df-89da-f7d76ca11a79', 'name': 'tempest-AttachInterfacesUnderV243Test-1171340351-subnet', 'tenant_id': '2e100d951f7342d0b65e040d1168bc2a', 'network_id': '7f5f79d9-e98d-4fec-8caf-5a692878f0b5', 'ip_version': 4, 'subnetpool_id': None, 'enable_dhcp': True, 'ipv6_ra_mode': None, 'ipv6_address_mode': None, 'gateway_ip': '192.168.128.1', 'cidr': '192.168.128.0/28', 'allocation_pools': [{'start': '192.168.128.2', 'end': '192.168.128.14'}], 'host_routes': [], 'dns_nameservers': [], 'description': '', 'router:external': False, 'service_types': [], 'tags': [], 'created_at': '2025-02-12T21:05:06Z', 'updated_at': '2025-02-12T21:05:06Z', 'revision_number': 0, 'project_id': '2e100d951f7342d0b65e040d1168bc2a'}, Router: {'id': 'ac2b7827-6536-4817-b7ea-16db13b3927b', 'name': 'tempest-AttachInterfacesUnderV243Test-1171340351-router', 'tenant_id': '2e100d951f7342d0b65e040d1168bc2a', 'admin_state_up': True, 'status': 'ACTIVE', 'external_gateway_info': {'network_id': '5a42db3d-b643-4681-897a-3523b4308212', 'external_fixed_ips': [{'subnet_id': 'fc725d34-c601-4121-abf7-1ac5d462fa6f', 'ip_address': '10.180.180.134'}], 'enable_snat': True}, 'description': '', 'availability_zones': [], 'distributed': False, 'ha': False, 'availability_zone_hints': [], 'routes': [], 'flavor_id': None, 'tags': [], 'created_at': '2025-02-12T21:05:06Z', 'updated_at': '2025-02-12T21:05:07Z', 'revision_number': 2, 'project_id': '2e100d951f7342d0b65e040d1168bc2a'}
2025-02-12 21:05:10.592 63364 INFO tempest.lib.common.rest_client [req-77cd6263-4ae6-4924-b38a-815b3b278dbe req-77cd6263-4ae6-4924-b38a-815b3b278dbe ] Request (ServersV294TestFqdnHostnames:setUpClass): 201 POST http://10.180.1.21:9696/networking/v2.0/security-groups 0.281s
2025-02-12 21:05:10.602 63420 INFO tempest.lib.common.rest_client [req-29043355-9c21-4bf2-8d82-09a33f0cf824 req-29043355-9c21-4bf2-8d82-09a33f0cf824 ] Request (ServerTagsTestJSON:setUpClass): 200 GET http://10.180.1.21/compute/v2.1/servers/5ce1a2d0-f7ab-468a-bb75-17354b91f0ee 2.195s
2025-02-12 21:05:10.608 63394 INFO tempest.lib.common.rest_client [req-7baa0c3b-dd94-43ff-a5cb-a2423d28e302 req-7baa0c3b-dd94-43ff-a5cb-a2423d28e302 ] Request (KeyPairsV2TestJSON:test_keypairs_create_list_delete): 200 POST http://10.180.1.21/compute/v2.1/os-keypairs 2.161s
2025-02-12 21:05:10.625 63408 INFO tempest.lib.common.rest_client [req-ab76bb79-c7b0-40d3-b50f-638930056a4a req-ab76bb79-c7b0-40d3-b50f-638930056a4a ] Request (AZV2TestJSON:setUpClass): 204 PUT http://10.180.1.21/identity/v3/projects/b24fc15b90fb45608cf5eb11f692edf6/users/1e8bb732291b4133a32855184056397f/roles/2bd67354d6fd4d0b8e2004983e2cdea4 0.055s
2025-02-12 21:05:10.626 63408 INFO tempest.lib.common.dynamic_creds [-] Dynamic test user 1e8bb732291b4133a32855184056397f is created with scope project and roles: ['member']
2025-02-12 21:05:10.626 63408 INFO tempest.lib.common.dynamic_creds [-] Acquired dynamic creds: credentials: Credentials: {'domain_id': 'default', 'domain_name': 'Default', 'username': 'tempest-AZV2TestJSON-692692415-project-member', 'project_domain_id': 'default', 'project_domain_name': 'Default', 'project_id': 'b24fc15b90fb45608cf5eb11f692edf6', 'project_name': 'tempest-AZV2TestJSON-692692415', 'tenant_id': 'b24fc15b90fb45608cf5eb11f692edf6', 'tenant_name': 'tempest-AZV2TestJSON-692692415', 'user_domain_id': 'default', 'user_domain_name': 'Default', 'user_id': '1e8bb732291b4133a32855184056397f', 'system': None}, Network: None, Subnet: None, Router: None
2025-02-12 21:05:10.626 63408 INFO tempest.lib.common.dynamic_creds [-] Created isolated network resources for: credentials: Credentials: {'domain_id': 'default', 'domain_name': 'Default', 'username': 'tempest-AZV2TestJSON-692692415-project-member', 'project_domain_id': 'default', 'project_domain_name': 'Default', 'project_id': 'b24fc15b90fb45608cf5eb11f692edf6', 'project_name': 'tempest-AZV2TestJSON-692692415', 'tenant_id': 'b24fc15b90fb45608cf5eb11f692edf6', 'tenant_name': 'tempest-AZV2TestJSON-692692415', 'user_domain_id': 'default', 'user_domain_name': 'Default', 'user_id': '1e8bb732291b4133a32855184056397f', 'system': None}, Network: None, Subnet: None, Router: None
2025-02-12 21:05:10.686 63384 INFO tempest.lib.common.rest_client [req-4550530f-6c0c-46c5-88da-8eb28d8de04e req-4550530f-6c0c-46c5-88da-8eb28d8de04e ] Request (AttachInterfacesUnderV243Test:setUpClass): 201 POST http://10.180.1.21/identity/v3/auth/tokens 0.108s
2025-02-12 21:05:10.712 63408 INFO tempest.lib.common.rest_client [req-ce4e8bde-b003-4583-881a-6af48374618b req-ce4e8bde-b003-4583-881a-6af48374618b ] Request (AZV2TestJSON:setUpClass): 201 POST http://10.180.1.21/identity/v3/auth/tokens 0.079s
2025-02-12 21:05:10.768 63388 INFO tempest.lib.common.rest_client [req-9123ee5f-9158-4926-bea8-2f58ee2e7b2e req-9123ee5f-9158-4926-bea8-2f58ee2e7b2e ] Request (ServersTestFqdnHostnames:test_create_server_with_fqdn_name): 200 GET http://10.180.1.21/compute/v2.1/servers/c5bfb89e-931f-462f-8d11-a47c28fdfdc2 1.929s
2025-02-12 21:05:10.775 63364 INFO tempest.lib.common.rest_client [req-dbb52f74-4ded-4ae4-96ac-92865f611dfc req-dbb52f74-4ded-4ae4-96ac-92865f611dfc ] Request (ServersV294TestFqdnHostnames:setUpClass): 201 POST http://10.180.1.21:9696/networking/v2.0/security-group-rules 0.183s
2025-02-12 21:05:10.842 63396 INFO tempest.lib.common.rest_client [req-1ca8d23a-1eaa-4b46-a08e-e52e14acedbe req-1ca8d23a-1eaa-4b46-a08e-e52e14acedbe ] Request (SecurityGroupsTestJSON:test_security_groups_create_list_delete): 200 GET http://10.180.1.21/compute/v2.1/os-security-groups 2.331s
2025-02-12 21:05:10.855 63410 INFO tempest.lib.common.rest_client [req-a2794583-e4e6-4e90-ba96-5144b4f29f04 req-a2794583-e4e6-4e90-ba96-5144b4f29f04 ] Request (ServersAaction247Test:test_create_backup): 200 GET http://10.180.1.21/compute/v2.1/servers/443ff84c-f6fa-4514-9589-9fd02c7d7851 1.907s
2025-02-12 21:05:10.868 63402 INFO tempest.lib.common.rest_client [req-eb036a67-9005-4585-ab30-ecfc6b7d1377 req-eb036a67-9005-4585-ab30-ecfc6b7d1377 ] Request (DeleteServersTestJSON:test_delete_active_server): 404 GET http://10.180.1.21/compute/v2.1/servers/58b0ce0a-9269-471c-91b9-9873a0bceeff 1.880s
2025-02-12 21:05:10.922 63402 INFO tempest.lib.common.rest_client [req-76bdc831-a494-4864-bc5c-d6f490e94568 req-76bdc831-a494-4864-bc5c-d6f490e94568 ] Request (DeleteServersTestJSON:test_delete_server_while_in_attached_volume): 201 POST http://10.180.1.21/identity/v3/auth/tokens 0.050s
2025-02-12 21:05:10.923 63402 INFO tempest.lib.common.fixed_network [-] (DeleteServersTestJSON:test_delete_server_while_in_attached_volume) Found network {'id': '2bc836de-8c8e-4e3a-8c7b-85f2f1cfd1be', 'name': 'tempest-DeleteServersTestJSON-401668344-network', 'tenant_id': '3120f870f9f04b24a10d2db836ff1ea8', 'admin_state_up': True, 'mtu': 8950, 'status': 'ACTIVE', 'subnets': [], 'shared': False, 'project_id': '3120f870f9f04b24a10d2db836ff1ea8', 'port_security_enabled': True, 'router:external': False, 'provider:network_type': 'vlan', 'provider:physical_network': 'default', 'provider:segmentation_id': 318, 'availability_zone_hints': [], 'availability_zones': [], 'ipv4_address_scope': None, 'ipv6_address_scope': None, 'description': '', 'tags': [], 'created_at': '2025-02-12T21:04:11Z', 'updated_at': '2025-02-12T21:04:11Z', 'revision_number': 1} available for tenant
2025-02-12 21:05:10.940 63398 INFO tempest.lib.common.rest_client [req-d2f34970-faec-4f6f-84e3-3689d9b8b1ee req-d2f34970-faec-4f6f-84e3-3689d9b8b1ee ] Request (ImagesOneServerNegativeTestJSON:setUpClass): 200 GET http://10.180.1.21/compute/v2.1/servers/169aea8a-808e-4986-b75e-305f896f6f6a 1.806s
2025-02-12 21:05:10.942 63400 INFO tempest.lib.common.rest_client [req-f9618b8b-ea68-4412-b795-7cad0b67c6d8 req-f9618b8b-ea68-4412-b795-7cad0b67c6d8 ] Request (ListServerFiltersTestJSON:setUpClass): 200 GET http://10.180.1.21/compute/v2.1/servers/741b00c8-123d-4c52-b0cd-f40673034ea9 1.870s
2025-02-12 21:05:10.980 63364 INFO tempest.lib.common.rest_client [req-cda7207c-2b4c-42b5-b6f3-656f1e98d3e8 req-cda7207c-2b4c-42b5-b6f3-656f1e98d3e8 ] Request (ServersV294TestFqdnHostnames:setUpClass): 201 POST http://10.180.1.21:9696/networking/v2.0/security-group-rules 0.202s
2025-02-12 21:05:11.012 63404 INFO tempest.lib.common.rest_client [req-a6deac47-001a-4fe9-86bf-569b5e905eba req-a6deac47-001a-4fe9-86bf-569b5e905eba ] Request (ListImageFiltersTestJSON:setUpClass): 200 GET http://10.180.1.21/compute/v2.1/servers/a84ed5f1-d21a-474d-acdc-54a2185642e1 1.664s
2025-02-12 21:05:11.015 63374 INFO tempest.lib.common.rest_client [req-df007bcf-b7de-4b95-8d65-d40674b1a298 req-df007bcf-b7de-4b95-8d65-d40674b1a298 ] Request (ServerDiagnosticsV248Test:test_get_server_diagnostics): 200 GET http://10.180.1.21/compute/v2.1/servers/b0166fc9-a10c-4a84-a282-9689aa197254 1.788s
2025-02-12 21:05:11.019 63404 INFO tempest.common.waiters [-] State transition "BUILD/scheduling" ==> "BUILD/None" after 15 second wait
2025-02-12 21:05:11.068 63362 INFO tempest.lib.common.rest_client [req-697eae25-85e8-4747-b53d-c07af6d578bc req-697eae25-85e8-4747-b53d-c07af6d578bc ] Request (ServerDiskConfigTestJSON:test_rebuild_server_with_manual_disk_config): 200 GET http://10.180.1.21/compute/v2.1/servers/f0a91a3b-4a1c-4c0d-93ee-b0bf4c938900 1.119s
2025-02-12 21:05:11.168 63366 INFO tempest.lib.common.rest_client [req-7c84acc7-f1e5-4ef3-a216-75d1002bf54e req-7c84acc7-f1e5-4ef3-a216-75d1002bf54e ] Request (ServerExternalEventsTest:test_create_server_external_events): 200 GET http://10.180.1.21/compute/v2.1/servers/ffb951f2-2150-4168-a465-c5492557b199 1.459s
2025-02-12 21:05:11.185 63376 INFO tempest.lib.common.rest_client [req-af89cade-25b4-4638-ba44-69316dd9586e req-af89cade-25b4-4638-ba44-69316dd9586e ] Request (ServersAdminNegativeTestJSON:test_resize_server_using_overlimit_ram): 200 GET http://10.180.1.21/compute/v2.1/os-quota-sets/876fd53b77204cd7998cb0b3c8fcf66f 1.146s
2025-02-12 21:05:11.188 63392 INFO tempest.lib.common.rest_client [req-8fd3265d-9b85-4efc-b4da-8a686c279b55 req-8fd3265d-9b85-4efc-b4da-8a686c279b55 ] Request (AttachInterfacesTestJSON:setUpClass): 200 PUT http://10.180.1.21:9696/networking/v2.0/routers/b1499965-c5f4-446f-9d3a-c5db6e544dd7/add_router_interface 2.380s
