2025-02-12 21:04:14.527 63412 INFO tempest.lib.common.rest_client [req-44d42042-b6c3-44ec-877c-ded97a130c49 req-44d42042-b6c3-44ec-877c-ded97a130c49 ] Request (VolumesAssistedSnapshotsTest:setUpClass): 200 GET http://10.180.1.21/identity/v3/roles 0.025s
2025-02-12 21:04:14.541 63416 INFO tempest.lib.common.rest_client [req-7970f9f8-1b4b-42bf-bb1d-a1e17add23ae req-7970f9f8-1b4b-42bf-bb1d-a1e17add23ae ] Request (QuotasAdminTestV257:test_get_updated_quotas): 200 GET http://10.180.1.21/compute/v2.1/os-quota-sets/5f2df773a26c4757b131e06ac48be531/detail 2.210s
2025-02-12 21:04:14.557 63412 INFO tempest.lib.common.rest_client [req-211fae3d-73f2-467b-bb32-0e5706df2f55 req-211fae3d-73f2-467b-bb32-0e5706df2f55 ] Request (VolumesAssistedSnapshotsTest:setUpClass): 204 PUT http://10.180.1.21/identity/v3/projects/c71a04b678d14d4d9d09ede5ebd44bfd/users/ea6a32775818437a9a549eeeb08a19f1/roles/b4c29da65136413f878686640296d696 0.029s
2025-02-12 21:04:14.569 63416 INFO tempest.lib.common.rest_client [req-54a2043d-f125-49f0-bed5-184cf5ee8105 req-54a2043d-f125-49f0-bed5-184cf5ee8105 ] Request (QuotasAdminTestV257:test_get_updated_quotas): 200 GET http://10.180.1.21/identity/v3/domains?name=Default 0.023s
2025-02-12 21:04:14.571 63372 INFO tempest.lib.common.rest_client [req-6599db24-f1c0-4a96-be7d-bb782b391c85 req-6599db24-f1c0-4a96-be7d-bb782b391c85 ] Request (FlavorsAdminTestJSON:_run_cleanups): 200 GET http://10.180.1.21/compute/v2.1/flavors/detail 2.042s
2025-02-12 21:04:14.612 63412 INFO tempest.lib.common.rest_client [req-128bacf3-db3e-4c5f-9832-4192c429f909 req-128bacf3-db3e-4c5f-9832-4192c429f909 ] Request (VolumesAssistedSnapshotsTest:setUpClass): 200 GET http://10.180.1.21/identity/v3/roles 0.054s
2025-02-12 21:04:14.636 63382 INFO tempest.lib.common.rest_client [req-2ee162dd-701d-4de3-84f3-820a3affada0 req-2ee162dd-701d-4de3-84f3-820a3affada0 ] Request (MigrationsAdminTest:test_list_migrations_in_flavor_resize_situation): 200 GET http://10.180.1.21/compute/v2.1/servers/80805db5-2215-4d5a-9b38-e4d82d76ffbe 1.983s
2025-02-12 21:04:14.639 63412 INFO tempest.lib.common.rest_client [req-d013e818-20b3-48fe-a868-3c34d64368b6 req-d013e818-20b3-48fe-a868-3c34d64368b6 ] Request (VolumesAssistedSnapshotsTest:setUpClass): 204 PUT http://10.180.1.21/identity/v3/projects/c71a04b678d14d4d9d09ede5ebd44bfd/users/ea6a32775818437a9a549eeeb08a19f1/roles/ee984693c0534655a597ff4afc641037 0.026s
2025-02-12 21:04:14.639 63412 INFO tempest.lib.common.dynamic_creds [-] Dynamic test user ea6a32775818437a9a549eeeb08a19f1 is created with scope project and roles: ['service', 'admin']
2025-02-12 21:04:14.640 63412 INFO tempest.lib.common.dynamic_creds [-] Acquired dynamic creds: credentials: Credentials: {'domain_id': 'default', 'domain_name': 'Default', 'username': 'tempest-VolumesAssistedSnapshotsTest-2112915558-project', 'project_domain_id': 'default', 'project_domain_name': 'Default', 'project_id': 'c71a04b678d14d4d9d09ede5ebd44bfd', 'project_name': 'tempest-VolumesAssistedSnapshotsTest-2112915558', 'tenant_id': 'c71a04b678d14d4d9d09ede5ebd44bfd', 'tenant_name': 'tempest-VolumesAssistedSnapshotsTest-2112915558', 'user_domain_id': 'default', 'user_domain_name': 'Default', 'user_id': 'ea6a32775818437a9a549eeeb08a19f1', 'system': None}, Network: None, Subnet: None, Router: None
2025-02-12 21:04:14.650 63416 INFO tempest.lib.common.rest_client [req-0b0c7d4e-596e-4ec6-b962-522362e9e97c req-0b0c7d4e-596e-4ec6-b962-522362e9e97c ] Request (QuotasAdminTestV257:test_get_updated_quotas): 201 POST http://10.180.1.21/identity/v3/users 0.081s
2025-02-12 21:04:14.709 63422 INFO tempest.lib.common.rest_client [req-d4a64ec4-77d3-4fbd-b06e-40118f09a6df req-d4a64ec4-77d3-4fbd-b06e-40118f09a6df ] Request (NetworksTest:test_list_all_networks): 200 GET http://10.180.1.21/compute/v2.1/os-networks 2.201s
2025-02-12 21:04:14.713 63416 INFO tempest.lib.common.rest_client [req-493cbb18-6819-49d1-abba-b17e634180ea req-493cbb18-6819-49d1-abba-b17e634180ea ] Request (QuotasAdminTestV257:test_get_updated_quotas): 200 GET http://10.180.1.21/identity/v3/domains?name=Default 0.062s
2025-02-12 21:04:14.723 63378 INFO tempest.lib.common.rest_client [req-541d5fc8-cafc-4d27-8f44-683cc97b1349 req-541d5fc8-cafc-4d27-8f44-683cc97b1349 ] Request (HypervisorAdminNegativeTestJSON:test_get_hypervisor_stats_with_non_admin_user): 403 GET http://10.180.1.21/compute/v2.1/os-hypervisors/statistics 1.903s
2025-02-12 21:04:14.736 63414 INFO tempest.lib.common.rest_client [req-60606eb3-a88e-4d46-ad33-5a6ab4debbcc req-60606eb3-a88e-4d46-ad33-5a6ab4debbcc ] Request (AZAdminV2TestJSON:tearDownClass): 204 DELETE http://10.180.1.21:9696/networking/v2.0/security-groups/94576b5e-8aa7-43b0-9083-416d0f4a9d6d 0.310s
2025-02-12 21:04:14.763 63406 INFO tempest.lib.common.rest_client [req-47140402-4c49-4a6d-bc33-3e04958c7b51 req-47140402-4c49-4a6d-bc33-3e04958c7b51 ] Request (FlavorsAccessTestJSON:test_flavor_access_add_remove): 200 GET http://10.180.1.21/compute/v2.1/flavors/detail 1.952s
2025-02-12 21:04:14.766 63388 INFO tempest.lib.common.rest_client [req-670ae4dd-7368-4acf-bd6f-5faba5f7c123 req-670ae4dd-7368-4acf-bd6f-5faba5f7c123 ] Request (SecurityGroupsNegativeTestJSON:test_delete_security_group_without_passing_id): 404 DELETE http://10.180.1.21/compute/v2.1/os-security-groups/ 1.869s
2025-02-12 21:04:14.830 63368 INFO tempest.lib.common.rest_client [req-22b7399a-0f23-4356-921c-f2e907e25a5a req-22b7399a-0f23-4356-921c-f2e907e25a5a ] Request (ServersWithSpecificFlavorTestJSON:test_verify_created_server_ephemeral_disk): 200 GET http://10.180.1.21/compute/v2.1/flavors/42 1.960s
2025-02-12 21:04:14.898 63412 INFO tempest.lib.common.rest_client [req-77836ee9-6e6a-4dc5-8e4a-5c57e25dec6b req-77836ee9-6e6a-4dc5-8e4a-5c57e25dec6b ] Request (VolumesAssistedSnapshotsTest:setUpClass): 201 POST http://10.180.1.21:9696/networking/v2.0/networks 0.258s
2025-02-12 21:04:14.900 63380 INFO tempest.lib.common.rest_client [req-d1ffaa05-b1c1-49f6-b9b7-1577cc9eae1e req-d1ffaa05-b1c1-49f6-b9b7-1577cc9eae1e ] Request (FlavorsV261TestJSON:test_crud_flavor): 200 PUT http://10.180.1.21/compute/v2.1/flavors/1753245756 1.795s
2025-02-12 21:04:14.918 63414 INFO tempest.lib.common.rest_client [req-5bfb7f74-d7e2-489e-92de-721ccd6dd75c req-5bfb7f74-d7e2-489e-92de-721ccd6dd75c ] Request (AZAdminV2TestJSON:tearDownClass): 204 DELETE http://10.180.1.21/identity/v3/projects/37fc68f93fbb4cd7a756fa08dc917163 0.182s
2025-02-12 21:04:14.919 63414 INFO tempest.test [-] raised in LiveMigrationNegativeTest.setUpClass. Invoking tearDownClass.
2025-02-12 21:04:14.919 63384 INFO tempest.lib.common.rest_client [req-dd318379-e624-426d-b88e-940affe0a03c req-dd318379-e624-426d-b88e-940affe0a03c ] Request (FlavorsAccessNegativeTestJSON:_run_cleanups): 200 GET http://10.180.1.21/compute/v2.1/flavors/detail 1.791s
2025-02-12 21:04:14.942 63422 INFO tempest.lib.common.rest_client [req-5774ef09-663a-45ab-8f60-c0d97f4dc6d1 req-5774ef09-663a-45ab-8f60-c0d97f4dc6d1 ] Request (NetworksTest:tearDownClass): 204 DELETE http://10.180.1.21/identity/v3/users/8461725406a44d958e4d42aa39eaeba0 0.230s
2025-02-12 21:04:14.946 63370 INFO tempest.lib.common.rest_client [req-3865d354-d2f0-4306-b148-184d9546906a req-3865d354-d2f0-4306-b148-184d9546906a ] Request (HypervisorAdminV253TestBase:test_list_show_detail_hypervisors): 200 GET http://10.180.1.21/compute/v2.1/os-hypervisors/d1c615ed-2198-4c37-92f9-e049b1e9001f 1.669s
2025-02-12 21:04:14.972 63404 INFO tempest.lib.common.rest_client [req-6c3630ef-f240-48fb-8e9d-e697881a2108 req-6c3630ef-f240-48fb-8e9d-e697881a2108 ] Request (FlavorMetadataValidation:_run_cleanups): 200 GET http://10.180.1.21/compute/v2.1/flavors/detail 1.677s
2025-02-12 21:04:15.013 63414 INFO tempest.lib.common.rest_client [req-8309faf3-744a-45c0-9da1-035335dc5fbd req-8309faf3-744a-45c0-9da1-035335dc5fbd ] Request (ServicesAdminNegativeTestJSON:setUpClass): 201 POST http://10.180.1.21/identity/v3/auth/tokens 0.090s
2025-02-12 21:04:15.075 63370 INFO tempest.lib.common.rest_client [req-a3a4ac73-3f3f-4fbf-b807-5f0d7ce32282 req-a3a4ac73-3f3f-4fbf-b807-5f0d7ce32282 ] Request (HypervisorAdminV253TestBase:tearDownClass): 204 DELETE http://10.180.1.21/identity/v3/users/d43daaeb2de04cffa115e6a0bf2a077c 0.119s
2025-02-12 21:04:15.093 63422 INFO tempest.lib.common.rest_client [req-4973085e-db0c-4c21-bb8e-28c2d47f9bca req-4973085e-db0c-4c21-bb8e-28c2d47f9bca ] Request (NetworksTest:tearDownClass): 204 DELETE http://10.180.1.21/identity/v3/users/a47030c4f43146c98f19a50ed7c40a2e 0.150s
2025-02-12 21:04:15.094 63422 INFO tempest.lib.common.dynamic_creds [-] Deleting project and security group for project: 88654c0cf6f9400e808a1f413894b85b
2025-02-12 21:04:15.157 63414 INFO tempest.lib.common.rest_client [req-cb3fad7f-46dd-4432-92bd-b722ca84581e req-cb3fad7f-46dd-4432-92bd-b722ca84581e ] Request (ServicesAdminNegativeTestJSON:setUpClass): 201 POST http://10.180.1.21/identity/v3/auth/tokens 0.141s
2025-02-12 21:04:15.238 63412 INFO tempest.lib.common.rest_client [req-c1718c8e-52de-4e47-abc3-ecac3c1820c0 req-c1718c8e-52de-4e47-abc3-ecac3c1820c0 ] Request (VolumesAssistedSnapshotsTest:setUpClass): 201 POST http://10.180.1.21:9696/networking/v2.0/subnets 0.339s
2025-02-12 21:04:15.255 63370 INFO tempest.lib.common.rest_client [req-36d95fc3-7e4b-4bad-887c-ca17296e764a req-36d95fc3-7e4b-4bad-887c-ca17296e764a ] Request (HypervisorAdminV253TestBase:tearDownClass): 204 DELETE http://10.180.1.21/identity/v3/users/ee3e5fbe5ec049a9a04d46dbfc2e2cc1 0.180s
2025-02-12 21:04:15.255 63370 INFO tempest.lib.common.dynamic_creds [-] Deleting project and security group for project: a44994fb0e1f431c8993248ab45e4855
2025-02-12 21:04:15.258 63404 INFO tempest.lib.common.rest_client [req-98941089-46a4-4c5a-a75b-f8d326aff82b req-98941089-46a4-4c5a-a75b-f8d326aff82b ] Request (FlavorMetadataValidation:tearDownClass): 204 DELETE http://10.180.1.21/identity/v3/users/d16e1e03218448e1b19da56e866d1d4c 0.274s
2025-02-12 21:04:15.310 63422 INFO tempest.lib.common.rest_client [req-a8cd2330-9d9b-4336-9fae-43e5dd3171dd req-a8cd2330-9d9b-4336-9fae-43e5dd3171dd ] Request (NetworksTest:tearDownClass): 201 POST http://10.180.1.21/identity/v3/auth/tokens 0.216s
2025-02-12 21:04:15.391 63400 INFO tempest.lib.common.rest_client [req-6257ac04-e1cc-4082-ad9f-4b3f69f28b2b req-6257ac04-e1cc-4082-ad9f-4b3f69f28b2b ] Request (QuotasAdminNegativeTest:test_create_server_when_instances_quota_is_full): 200 GET http://10.180.1.21/compute/v2.1/os-quota-sets/8c526c14d99a42909aa790ede64e40a6 1.847s
2025-02-12 21:04:15.401 63414 INFO tempest.lib.common.rest_client [req-278b9469-3ba7-4338-b22a-749d0c0c64de req-278b9469-3ba7-4338-b22a-749d0c0c64de ] Request (ServicesAdminNegativeTestJSON:setUpClass): 200 GET http://10.180.1.21/identity/v3/domains?name=Default 0.243s
2025-02-12 21:04:15.409 63370 INFO tempest.lib.common.rest_client [req-9d4ff6cd-8d07-4bb4-bae0-31d32d5b127e req-9d4ff6cd-8d07-4bb4-bae0-31d32d5b127e ] Request (HypervisorAdminV253TestBase:tearDownClass): 201 POST http://10.180.1.21/identity/v3/auth/tokens 0.153s
2025-02-12 21:04:15.417 63362 INFO tempest.lib.common.rest_client [req-198478cd-35b0-46e6-b400-bc3de2371173 req-198478cd-35b0-46e6-b400-bc3de2371173 ] Request (ImagesMetadataNegativeTestJSON:test_set_nonexistent_image_metadata_item): 404 PUT http://10.180.1.21/compute/v2.1/images/ca4edd28-e579-4cb6-b7eb-76760360d512/metadata/os_distro 1.862s
2025-02-12 21:04:15.507 63404 INFO tempest.lib.common.rest_client [req-2392373f-8d25-429c-a589-8453c22b4a4e req-2392373f-8d25-429c-a589-8453c22b4a4e ] Request (FlavorMetadataValidation:tearDownClass): 204 DELETE http://10.180.1.21/identity/v3/users/9dbc5b6f21314a5bb51957da1e293c19 0.249s
2025-02-12 21:04:15.508 63404 INFO tempest.lib.common.dynamic_creds [-] Deleting project and security group for project: ba8c3a74590f4a11b8b054a876e01564
2025-02-12 21:04:15.588 63414 INFO tempest.lib.common.rest_client [req-c900385c-fc3b-4ab0-9da3-77d9705d81ab req-c900385c-fc3b-4ab0-9da3-77d9705d81ab ] Request (ServicesAdminNegativeTestJSON:setUpClass): 201 POST http://10.180.1.21/identity/v3/projects 0.186s
2025-02-12 21:04:15.619 63422 INFO tempest.lib.common.rest_client [req-beba7aa4-8a88-43b9-8de6-a9ae29f24ce8 req-beba7aa4-8a88-43b9-8de6-a9ae29f24ce8 ] Request (NetworksTest:tearDownClass): 200 GET http://10.180.1.21:9696/networking/v2.0/security-groups?tenant_id=88654c0cf6f9400e808a1f413894b85b&name=default 0.308s
2025-02-12 21:04:15.656 63408 INFO tempest.lib.common.rest_client [req-67670735-08cd-441d-892b-68382e3d2251 req-67670735-08cd-441d-892b-68382e3d2251 ] Request (AggregatesAdminNegativeTestJSON:test_aggregate_add_existent_host): 200 POST http://10.180.1.21/compute/v2.1/os-aggregates/1/action 2.700s
2025-02-12 21:04:15.681 63404 INFO tempest.lib.common.rest_client [req-0bbf3cc4-8f52-4cc2-8997-ead3dc21766e req-0bbf3cc4-8f52-4cc2-8997-ead3dc21766e ] Request (FlavorMetadataValidation:tearDownClass): 201 POST http://10.180.1.21/identity/v3/auth/tokens 0.173s
2025-02-12 21:04:15.689 63390 INFO tempest.lib.common.rest_client [req-d7269f3c-b010-4e9b-8493-26ab8ab0fe0a req-d7269f3c-b010-4e9b-8493-26ab8ab0fe0a ] Request (FlavorsExtraSpecsNegativeTestJSON:test_flavor_non_admin_unset_keys): 200 POST http://10.180.1.21/compute/v2.1/flavors/1718591661/os-extra_specs 2.032s
2025-02-12 21:04:15.701 63414 INFO tempest.lib.common.rest_client [req-0e5862df-d661-4953-ad50-b4dc3e758117 req-0e5862df-d661-4953-ad50-b4dc3e758117 ] Request (ServicesAdminNegativeTestJSON:setUpClass): 201 POST http://10.180.1.21/identity/v3/users 0.113s
2025-02-12 21:04:15.707 63366 INFO tempest.lib.common.rest_client [req-9922ba9d-4dd7-4a9a-8c9b-e3c53d0b0deb req-9922ba9d-4dd7-4a9a-8c9b-e3c53d0b0deb ] Request (HostsAdminNegativeTestJSON:test_reboot_nonexistent_host): 404 GET http://10.180.1.21/compute/v2.1/os-hosts/nonexistent_hostname/reboot 2.043s
2025-02-12 21:04:15.727 63420 INFO tempest.lib.common.rest_client [req-b60b0eb4-f1a1-4bbd-9825-6af0e6695084 req-b60b0eb4-f1a1-4bbd-9825-6af0e6695084 ] Request (FlavorsExtraSpecsTestJSON:test_flavor_non_admin_get_all_keys): 200 POST http://10.180.1.21/compute/v2.1/flavors/374678963/os-extra_specs 1.974s
2025-02-12 21:04:15.730 63414 INFO tempest.lib.common.rest_client [req-9855a25a-d28f-49e3-979a-07425b99d6d7 req-9855a25a-d28f-49e3-979a-07425b99d6d7 ] Request (ServicesAdminNegativeTestJSON:setUpClass): 200 GET http://10.180.1.21/identity/v3/roles 0.028s
2025-02-12 21:04:15.760 63414 INFO tempest.lib.common.rest_client [req-3e6e380c-a298-4663-9cc5-067382b1ef40 req-3e6e380c-a298-4663-9cc5-067382b1ef40 ] Request (ServicesAdminNegativeTestJSON:setUpClass): 204 PUT http://10.180.1.21/identity/v3/projects/539d6c310c134548b59aee15b9201a61/users/ade8a0a3cd254c91a2596dcbaf433203/roles/2bd67354d6fd4d0b8e2004983e2cdea4 0.029s
2025-02-12 21:04:15.761 63414 INFO tempest.lib.common.dynamic_creds [-] Dynamic test user ade8a0a3cd254c91a2596dcbaf433203 is created with scope project and roles: ['member']
2025-02-12 21:04:15.761 63414 INFO tempest.lib.common.dynamic_creds [-] Acquired dynamic creds: credentials: Credentials: {'domain_id': 'default', 'domain_name': 'Default', 'username': 'tempest-ServicesAdminNegativeTestJSON-1722345947-project-member', 'project_domain_id': 'default', 'project_domain_name': 'Default', 'project_id': '539d6c310c134548b59aee15b9201a61', 'project_name': 'tempest-ServicesAdminNegativeTestJSON-1722345947', 'tenant_id': '539d6c310c134548b59aee15b9201a61', 'tenant_name': 'tempest-ServicesAdminNegativeTestJSON-1722345947', 'user_domain_id': 'default', 'user_domain_name': 'Default', 'user_id': 'ade8a0a3cd254c91a2596dcbaf433203', 'system': None}, Network: None, Subnet: None, Router: None
2025-02-12 21:04:15.761 63414 INFO tempest.lib.common.dynamic_creds [-] Created isolated network resources for: credentials: Credentials: {'domain_id': 'default', 'domain_name': 'Default', 'username': 'tempest-ServicesAdminNegativeTestJSON-1722345947-project-member', 'project_domain_id': 'default', 'project_domain_name': 'Default', 'project_id': '539d6c310c134548b59aee15b9201a61', 'project_name': 'tempest-ServicesAdminNegativeTestJSON-1722345947', 'tenant_id': '539d6c310c134548b59aee15b9201a61', 'tenant_name': 'tempest-ServicesAdminNegativeTestJSON-1722345947', 'user_domain_id': 'default', 'user_domain_name': 'Default', 'user_id': 'ade8a0a3cd254c91a2596dcbaf433203', 'system': None}, Network: None, Subnet: None, Router: None
2025-02-12 21:04:15.835 63414 INFO tempest.lib.common.rest_client [req-4dcfca76-3faf-4783-8215-7e4459604306 req-4dcfca76-3faf-4783-8215-7e4459604306 ] Request (ServicesAdminNegativeTestJSON:setUpClass): 201 POST http://10.180.1.21/identity/v3/auth/tokens 0.072s
2025-02-12 21:04:15.888 63414 INFO tempest.lib.common.rest_client [req-e474a2ac-a349-48fd-af2d-0ccb8c1e64a0 req-e474a2ac-a349-48fd-af2d-0ccb8c1e64a0 ] Request (ServicesAdminNegativeTestJSON:setUpClass): 201 POST http://10.180.1.21/identity/v3/projects 0.052s
2025-02-12 21:04:15.906 63394 INFO tempest.lib.common.rest_client [req-8cb29f17-b128-48f9-93a8-57a9d0a371c8 req-8cb29f17-b128-48f9-93a8-57a9d0a371c8 ] Request (ServerDiagnosticsTest:test_get_server_diagnostics): 200 GET http://10.180.1.21/compute/v2.1/servers/8362c470-7c23-4313-996b-982eb6e696a2 1.683s
2025-02-12 21:04:15.939 63422 INFO tempest.lib.common.rest_client [req-cf55d02d-66d7-4d0e-adcb-995197226b98 req-cf55d02d-66d7-4d0e-adcb-995197226b98 ] Request (NetworksTest:tearDownClass): 204 DELETE http://10.180.1.21:9696/networking/v2.0/security-groups/603bd05c-273e-462f-85cc-016cc2a533ab 0.319s
2025-02-12 21:04:15.949 63414 INFO tempest.lib.common.rest_client [req-546fe737-f143-4ec4-a883-d0315d7f4be7 req-546fe737-f143-4ec4-a883-d0315d7f4be7 ] Request (ServicesAdminNegativeTestJSON:setUpClass): 201 POST http://10.180.1.21/identity/v3/users 0.060s
2025-02-12 21:04:15.968 63414 INFO tempest.lib.common.rest_client [req-6d0a4a24-eef8-4947-b8f2-eaacff2a0567 req-6d0a4a24-eef8-4947-b8f2-eaacff2a0567 ] Request (ServicesAdminNegativeTestJSON:setUpClass): 200 GET http://10.180.1.21/identity/v3/roles 0.018s
2025-02-12 21:04:15.999 63414 INFO tempest.lib.common.rest_client [req-f8c523e0-d236-4f12-a3f1-993a3bd17272 req-f8c523e0-d236-4f12-a3f1-993a3bd17272 ] Request (ServicesAdminNegativeTestJSON:setUpClass): 204 PUT http://10.180.1.21/identity/v3/projects/91b89cef3e6742e8903c329e4f3b34c4/users/2da39114efbb4f809dabf69d6a612979/roles/ee984693c0534655a597ff4afc641037 0.031s
2025-02-12 21:04:16.001 63370 INFO tempest.lib.common.rest_client [req-1ce10636-c8bf-4e5d-9f1d-00794097fd0e req-1ce10636-c8bf-4e5d-9f1d-00794097fd0e ] Request (HypervisorAdminV253TestBase:tearDownClass): 200 GET http://10.180.1.21:9696/networking/v2.0/security-groups?tenant_id=a44994fb0e1f431c8993248ab45e4855&name=default 0.592s
2025-02-12 21:04:16.022 63402 INFO tempest.lib.common.rest_client [req-6edf9f69-331c-407d-bc89-5bdd9a6533a5 req-6edf9f69-331c-407d-bc89-5bdd9a6533a5 ] Request (DeleteServersTestJSON:setUpClass): 200 PUT http://10.180.1.21:9696/networking/v2.0/routers/7e2f6c97-2939-4d7d-9620-3cca96da74dd/add_router_interface 2.603s
2025-02-12 21:04:16.022 63402 INFO tempest.lib.common.dynamic_creds [-] Created isolated network resources for: credentials: Credentials: {'domain_id': 'default', 'domain_name': 'Default', 'username': 'tempest-DeleteServersTestJSON-1898356651-project-member', 'project_domain_id': 'default', 'project_domain_name': 'Default', 'project_id': '3120f870f9f04b24a10d2db836ff1ea8', 'project_name': 'tempest-DeleteServersTestJSON-1898356651', 'tenant_id': '3120f870f9f04b24a10d2db836ff1ea8', 'tenant_name': 'tempest-DeleteServersTestJSON-1898356651', 'user_domain_id': 'default', 'user_domain_name': 'Default', 'user_id': 'e3ff02114d8d486ba4994e8c19355acb', 'system': None}, Network: {'id': '2bc836de-8c8e-4e3a-8c7b-85f2f1cfd1be', 'name': 'tempest-DeleteServersTestJSON-401668344-network', 'tenant_id': '3120f870f9f04b24a10d2db836ff1ea8', 'admin_state_up': True, 'mtu': 8950, 'status': 'ACTIVE', 'subnets': [], 'shared': False, 'project_id': '3120f870f9f04b24a10d2db836ff1ea8', 'port_security_enabled': True, 'router:external': False, 'provider:network_type': 'vlan', 'provider:physical_network': 'default', 'provider:segmentation_id': 318, 'availability_zone_hints': [], 'availability_zones': [], 'ipv4_address_scope': None, 'ipv6_address_scope': None, 'description': '', 'tags': [], 'created_at': '2025-02-12T21:04:11Z', 'updated_at': '2025-02-12T21:04:11Z', 'revision_number': 1}, Subnet: {'id': '293caf34-8d4f-483c-9e75-d55b0d5b8b1d', 'name': 'tempest-DeleteServersTestJSON-401668344-subnet', 'tenant_id': '3120f870f9f04b24a10d2db836ff1ea8', 'network_id': '2bc836de-8c8e-4e3a-8c7b-85f2f1cfd1be', 'ip_version': 4, 'subnetpool_id': None, 'enable_dhcp': True, 'ipv6_ra_mode': None, 'ipv6_address_mode': None, 'gateway_ip': '192.168.128.1', 'cidr': '192.168.128.0/28', 'allocation_pools': [{'start': '192.168.128.2', 'end': '192.168.128.14'}], 'host_routes': [], 'dns_nameservers': [], 'description': '', 'router:external': False, 'service_types': [], 'tags': [], 'created_at': '2025-02-12T21:04:11Z', 'updated_at': '2025-02-12T21:04:11Z', 'revision_number': 0, 'project_id': '3120f870f9f04b24a10d2db836ff1ea8'}, Router: {'id': '7e2f6c97-2939-4d7d-9620-3cca96da74dd', 'name': 'tempest-DeleteServersTestJSON-401668344-router', 'tenant_id': '3120f870f9f04b24a10d2db836ff1ea8', 'admin_state_up': True, 'status': 'ACTIVE', 'external_gateway_info': {'network_id': '5a42db3d-b643-4681-897a-3523b4308212', 'external_fixed_ips': [{'subnet_id': 'fc725d34-c601-4121-abf7-1ac5d462fa6f', 'ip_address': '10.180.180.199'}], 'enable_snat': True}, 'description': '', 'availability_zones': [], 'distributed': False, 'ha': False, 'availability_zone_hints': [], 'routes': [], 'flavor_id': None, 'tags': [], 'created_at': '2025-02-12T21:04:11Z', 'updated_at': '2025-02-12T21:04:12Z', 'revision_number': 2, 'project_id': '3120f870f9f04b24a10d2db836ff1ea8'}
2025-02-12 21:04:16.028 63422 INFO tempest.lib.common.rest_client [req-15f43f83-37e6-4ded-9f87-34e9ea6e0af2 req-15f43f83-37e6-4ded-9f87-34e9ea6e0af2 ] Request (NetworksTest:tearDownClass): 204 DELETE http://10.180.1.21/identity/v3/projects/88654c0cf6f9400e808a1f413894b85b 0.088s
2025-02-12 21:04:16.028 63422 INFO tempest.lib.common.dynamic_creds [-] Deleting project and security group for project: 43d624012a3f40f68ff3d8f77e16884a
2025-02-12 21:04:16.052 63414 INFO tempest.lib.common.rest_client [req-c8bc87f1-6989-42da-ba89-bda5a06c6f84 req-c8bc87f1-6989-42da-ba89-bda5a06c6f84 ] Request (ServicesAdminNegativeTestJSON:setUpClass): 200 GET http://10.180.1.21/identity/v3/roles 0.052s
2025-02-12 21:04:16.077 63414 INFO tempest.lib.common.rest_client [req-2728197a-3773-4a88-96a5-b1d7cbeb19e1 req-2728197a-3773-4a88-96a5-b1d7cbeb19e1 ] Request (ServicesAdminNegativeTestJSON:setUpClass): 204 PUT http://10.180.1.21/identity/v3/projects/91b89cef3e6742e8903c329e4f3b34c4/users/2da39114efbb4f809dabf69d6a612979/roles/ee984693c0534655a597ff4afc641037 0.024s
2025-02-12 21:04:16.078 63414 INFO tempest.lib.common.dynamic_creds [-] Dynamic test user 2da39114efbb4f809dabf69d6a612979 is created with scope project and roles: ['admin']
2025-02-12 21:04:16.078 63414 INFO tempest.lib.common.dynamic_creds [-] Acquired dynamic creds: credentials: Credentials: {'domain_id': 'default', 'domain_name': 'Default', 'username': 'tempest-ServicesAdminNegativeTestJSON-1485066721-project-admin', 'project_domain_id': 'default', 'project_domain_name': 'Default', 'project_id': '91b89cef3e6742e8903c329e4f3b34c4', 'project_name': 'tempest-ServicesAdminNegativeTestJSON-1485066721', 'tenant_id': '91b89cef3e6742e8903c329e4f3b34c4', 'tenant_name': 'tempest-ServicesAdminNegativeTestJSON-1485066721', 'user_domain_id': 'default', 'user_domain_name': 'Default', 'user_id': '2da39114efbb4f809dabf69d6a612979', 'system': None}, Network: None, Subnet: None, Router: None
2025-02-12 21:04:16.078 63414 INFO tempest.lib.common.dynamic_creds [-] Created isolated network resources for: credentials: Credentials: {'domain_id': 'default', 'domain_name': 'Default', 'username': 'tempest-ServicesAdminNegativeTestJSON-1485066721-project-admin', 'project_domain_id': 'default', 'project_domain_name': 'Default', 'project_id': '91b89cef3e6742e8903c329e4f3b34c4', 'project_name': 'tempest-ServicesAdminNegativeTestJSON-1485066721', 'tenant_id': '91b89cef3e6742e8903c329e4f3b34c4', 'tenant_name': 'tempest-ServicesAdminNegativeTestJSON-1485066721', 'user_domain_id': 'default', 'user_domain_name': 'Default', 'user_id': '2da39114efbb4f809dabf69d6a612979', 'system': None}, Network: None, Subnet: None, Router: None
2025-02-12 21:04:16.097 63402 INFO tempest.lib.common.rest_client [req-534b4664-067f-46ae-83ec-d6f4e0f147c4 req-534b4664-067f-46ae-83ec-d6f4e0f147c4 ] Request (DeleteServersTestJSON:setUpClass): 201 POST http://10.180.1.21/identity/v3/auth/tokens 0.070s
2025-02-12 21:04:16.157 63402 INFO tempest.lib.common.rest_client [req-236375a9-0e8e-4ce5-94f1-9c8d1386797d req-236375a9-0e8e-4ce5-94f1-9c8d1386797d ] Request (DeleteServersTestJSON:test_delete_active_server): 201 POST http://10.180.1.21/identity/v3/auth/tokens 0.055s
2025-02-12 21:04:16.158 63402 INFO tempest.lib.common.fixed_network [-] (DeleteServersTestJSON:test_delete_active_server) Found network {'id': '2bc836de-8c8e-4e3a-8c7b-85f2f1cfd1be', 'name': 'tempest-DeleteServersTestJSON-401668344-network', 'tenant_id': '3120f870f9f04b24a10d2db836ff1ea8', 'admin_state_up': True, 'mtu': 8950, 'status': 'ACTIVE', 'subnets': [], 'shared': False, 'project_id': '3120f870f9f04b24a10d2db836ff1ea8', 'port_security_enabled': True, 'router:external': False, 'provider:network_type': 'vlan', 'provider:physical_network': 'default', 'provider:segmentation_id': 318, 'availability_zone_hints': [], 'availability_zones': [], 'ipv4_address_scope': None, 'ipv6_address_scope': None, 'description': '', 'tags': [], 'created_at': '2025-02-12T21:04:11Z', 'updated_at': '2025-02-12T21:04:11Z', 'revision_number': 1} available for tenant
2025-02-12 21:04:16.168 63414 INFO tempest.lib.common.rest_client [req-7ad2f461-e4ac-44cc-b2d5-bb60b8d98338 req-7ad2f461-e4ac-44cc-b2d5-bb60b8d98338 ] Request (ServicesAdminNegativeTestJSON:setUpClass): 201 POST http://10.180.1.21/identity/v3/auth/tokens 0.086s
2025-02-12 21:04:16.177 63404 INFO tempest.lib.common.rest_client [req-4cc1c241-eb4d-4956-af6e-3a15aa532f82 req-4cc1c241-eb4d-4956-af6e-3a15aa532f82 ] Request (FlavorMetadataValidation:tearDownClass): 200 GET http://10.180.1.21:9696/networking/v2.0/security-groups?tenant_id=ba8c3a74590f4a11b8b054a876e01564&name=default 0.495s
2025-02-12 21:04:16.254 63370 INFO tempest.lib.common.rest_client [req-ed6779f3-9dbd-4829-8229-3f51ef58291a req-ed6779f3-9dbd-4829-8229-3f51ef58291a ] Request (HypervisorAdminV253TestBase:tearDownClass): 204 DELETE http://10.180.1.21:9696/networking/v2.0/security-groups/6bb93c31-d520-4236-9a05-f3172e4f6795 0.252s
2025-02-12 21:04:16.345 63422 INFO tempest.lib.common.rest_client [req-9e0c60cf-e5c1-4697-b47c-36f182a7061d req-9e0c60cf-e5c1-4697-b47c-36f182a7061d ] Request (NetworksTest:tearDownClass): 200 GET http://10.180.1.21:9696/networking/v2.0/security-groups?tenant_id=43d624012a3f40f68ff3d8f77e16884a&name=default 0.316s
2025-02-12 21:04:16.359 63370 INFO tempest.lib.common.rest_client [req-1380e618-3903-4953-b43d-6bfc2bab6b30 req-1380e618-3903-4953-b43d-6bfc2bab6b30 ] Request (HypervisorAdminV253TestBase:tearDownClass): 204 DELETE http://10.180.1.21/identity/v3/projects/a44994fb0e1f431c8993248ab45e4855 0.105s
2025-02-12 21:04:16.360 63370 INFO tempest.lib.common.dynamic_creds [-] Deleting project and security group for project: e58807fa7a9e48b48c16ee4847a6fbdc
2025-02-12 21:04:16.391 63424 INFO tempest.lib.common.rest_client [req-10112546-5b35-43d1-a651-34cc66eae3e1 req-10112546-5b35-43d1-a651-34cc66eae3e1 ] Request (FloatingIPsAssociationNegativeTestJSON:setUpClass): 201 POST http://10.180.1.21:9696/networking/v2.0/routers 2.058s
2025-02-12 21:04:16.448 63404 INFO tempest.lib.common.rest_client [req-8ad77c5d-8d22-442b-9b9e-e208695f070c req-8ad77c5d-8d22-442b-9b9e-e208695f070c ] Request (FlavorMetadataValidation:tearDownClass): 204 DELETE http://10.180.1.21:9696/networking/v2.0/security-groups/d828415b-5fc5-4391-9ad5-6b45bb5a9a03 0.270s
2025-02-12 21:04:16.522 63422 INFO tempest.lib.common.rest_client [req-36573926-3b69-4a99-8765-08c5f2bba25e req-36573926-3b69-4a99-8765-08c5f2bba25e ] Request (NetworksTest:tearDownClass): 204 DELETE http://10.180.1.21:9696/networking/v2.0/security-groups/67e6d630-0e6c-4b46-8396-bd766d42cd88 0.177s
2025-02-12 21:04:16.548 63404 INFO tempest.lib.common.rest_client [req-097121e7-f4ba-482c-83de-17b2d77b90f9 req-097121e7-f4ba-482c-83de-17b2d77b90f9 ] Request (FlavorMetadataValidation:tearDownClass): 204 DELETE http://10.180.1.21/identity/v3/projects/ba8c3a74590f4a11b8b054a876e01564 0.100s
2025-02-12 21:04:16.551 63404 INFO tempest.lib.common.dynamic_creds [-] Deleting project and security group for project: 672c8bd4c15c487290ddd794cd670820
2025-02-12 21:04:16.616 63422 INFO tempest.lib.common.rest_client [req-e6e1fdb8-93d8-4730-be3e-c5a2a9d554a3 req-e6e1fdb8-93d8-4730-be3e-c5a2a9d554a3 ] Request (NetworksTest:tearDownClass): 204 DELETE http://10.180.1.21/identity/v3/projects/43d624012a3f40f68ff3d8f77e16884a 0.093s
2025-02-12 21:04:16.657 63370 INFO tempest.lib.common.rest_client [req-e17a5e3f-8b01-4b04-8f05-bdcf6ba6227c req-e17a5e3f-8b01-4b04-8f05-bdcf6ba6227c ] Request (HypervisorAdminV253TestBase:tearDownClass): 200 GET http://10.180.1.21:9696/networking/v2.0/security-groups?tenant_id=e58807fa7a9e48b48c16ee4847a6fbdc&name=default 0.297s
2025-02-12 21:04:16.678 63422 INFO tempest.lib.common.rest_client [req-051771c3-29b6-40ff-a74d-29fe7cd6477b req-051771c3-29b6-40ff-a74d-29fe7cd6477b ] Request (ServerGroup264TestJSON:setUpClass): 201 POST http://10.180.1.21/identity/v3/auth/tokens 0.060s
2025-02-12 21:04:16.706 63422 INFO tempest.lib.common.rest_client [req-b46ec58f-50dc-436c-953b-108ef0354af1 req-b46ec58f-50dc-436c-953b-108ef0354af1 ] Request (ServerGroup264TestJSON:setUpClass): 201 POST http://10.180.1.21/identity/v3/auth/tokens 0.026s
2025-02-12 21:04:16.734 63422 INFO tempest.lib.common.rest_client [req-9ed52f7c-aa7a-4e65-9e3d-eaa934a3534d req-9ed52f7c-aa7a-4e65-9e3d-eaa934a3534d ] Request (ServerGroup264TestJSON:setUpClass): 200 GET http://10.180.1.21/identity/v3/domains?name=Default 0.027s
2025-02-12 21:04:16.760 63422 INFO tempest.lib.common.rest_client [req-29999b0e-7d3c-4b2c-9076-954285828d04 req-29999b0e-7d3c-4b2c-9076-954285828d04 ] Request (ServerGroup264TestJSON:setUpClass): 201 POST http://10.180.1.21/identity/v3/projects 0.025s
2025-02-12 21:04:16.792 63396 INFO tempest.lib.common.rest_client [req-51bc25aa-0692-4695-a709-4899049363f7 req-51bc25aa-0692-4695-a709-4899049363f7 ] Request (SecurityGroupsTestJSON:test_list_security_groups_by_server): 202 POST http://10.180.1.21/compute/v2.1/servers 2.434s
2025-02-12 21:04:16.801 63404 INFO tempest.lib.common.rest_client [req-b9a89277-0a39-48db-a9ae-1d5b26b4566d req-b9a89277-0a39-48db-a9ae-1d5b26b4566d ] Request (FlavorMetadataValidation:tearDownClass): 200 GET http://10.180.1.21:9696/networking/v2.0/security-groups?tenant_id=672c8bd4c15c487290ddd794cd670820&name=default 0.249s
2025-02-12 21:04:16.834 63422 INFO tempest.lib.common.rest_client [req-5b03eaf1-fe9a-45a2-8676-89de427742e4 req-5b03eaf1-fe9a-45a2-8676-89de427742e4 ] Request (ServerGroup264TestJSON:setUpClass): 201 POST http://10.180.1.21/identity/v3/users 0.074s
2025-02-12 21:04:16.855 63422 INFO tempest.lib.common.rest_client [req-3bd7400d-9bc1-46c4-9b0c-021daef82678 req-3bd7400d-9bc1-46c4-9b0c-021daef82678 ] Request (ServerGroup264TestJSON:setUpClass): 200 GET http://10.180.1.21/identity/v3/roles 0.020s
2025-02-12 21:04:16.857 63370 INFO tempest.lib.common.rest_client [req-e1fab246-b7de-48f0-8171-51d4faec845f req-e1fab246-b7de-48f0-8171-51d4faec845f ] Request (HypervisorAdminV253TestBase:tearDownClass): 204 DELETE http://10.180.1.21:9696/networking/v2.0/security-groups/c6ba7e1d-a9fd-4b7d-b04c-3d3a7bce4702 0.199s
2025-02-12 21:04:16.885 63422 INFO tempest.lib.common.rest_client [req-938258da-1763-4f24-a209-73164bcfa01d req-938258da-1763-4f24-a209-73164bcfa01d ] Request (ServerGroup264TestJSON:setUpClass): 204 PUT http://10.180.1.21/identity/v3/projects/22917f0a9a7946fdb62244a6e5b75c30/users/e2ab8c77c0a345e9863c44b7463f6121/roles/2bd67354d6fd4d0b8e2004983e2cdea4 0.029s
2025-02-12 21:04:16.885 63422 INFO tempest.lib.common.dynamic_creds [-] Dynamic test user e2ab8c77c0a345e9863c44b7463f6121 is created with scope project and roles: ['member']
2025-02-12 21:04:16.885 63422 INFO tempest.lib.common.dynamic_creds [-] Acquired dynamic creds: credentials: Credentials: {'domain_id': 'default', 'domain_name': 'Default', 'username': 'tempest-ServerGroup264TestJSON-1024957382-project-member', 'project_domain_id': 'default', 'project_domain_name': 'Default', 'project_id': '22917f0a9a7946fdb62244a6e5b75c30', 'project_name': 'tempest-ServerGroup264TestJSON-1024957382', 'tenant_id': '22917f0a9a7946fdb62244a6e5b75c30', 'tenant_name': 'tempest-ServerGroup264TestJSON-1024957382', 'user_domain_id': 'default', 'user_domain_name': 'Default', 'user_id': 'e2ab8c77c0a345e9863c44b7463f6121', 'system': None}, Network: None, Subnet: None, Router: None
2025-02-12 21:04:16.931 63370 INFO tempest.lib.common.rest_client [req-abf1cee7-19ec-4d8f-889e-d0d6c10ba5d6 req-abf1cee7-19ec-4d8f-889e-d0d6c10ba5d6 ] Request (HypervisorAdminV253TestBase:tearDownClass): 204 DELETE http://10.180.1.21/identity/v3/projects/e58807fa7a9e48b48c16ee4847a6fbdc 0.073s
2025-02-12 21:04:16.943 63422 INFO tempest.lib.common.rest_client [req-880b5974-181e-47ab-a14b-4761af2f2ae7 req-880b5974-181e-47ab-a14b-4761af2f2ae7 ] Request (ServerGroup264TestJSON:setUpClass): 201 POST http://10.180.1.21/identity/v3/auth/tokens 0.057s
2025-02-12 21:04:16.963 63370 INFO tempest.lib.common.rest_client [req-7801143f-e7ee-4ee4-835e-0709ff163d84 req-7801143f-e7ee-4ee4-835e-0709ff163d84 ] Request (InstanceUsageAuditLogTestJSON:setUpClass): 201 POST http://10.180.1.21/identity/v3/auth/tokens 0.031s
2025-02-12 21:04:16.997 63370 INFO tempest.lib.common.rest_client [req-43749ec7-0bf9-47db-b495-6c5f4090ed96 req-43749ec7-0bf9-47db-b495-6c5f4090ed96 ] Request (InstanceUsageAuditLogTestJSON:setUpClass): 201 POST http://10.180.1.21/identity/v3/auth/tokens 0.032s
2025-02-12 21:04:16.998 63404 INFO tempest.lib.common.rest_client [req-2dd5ab07-8cc2-4514-a094-3b15ad3f1292 req-2dd5ab07-8cc2-4514-a094-3b15ad3f1292 ] Request (FlavorMetadataValidation:tearDownClass): 204 DELETE http://10.180.1.21:9696/networking/v2.0/security-groups/6b70bddb-9fae-4044-8498-3e5f27e64e3e 0.196s
2025-02-12 21:04:17.018 63410 INFO tempest.lib.common.rest_client [req-2304a9f0-cb44-4b6e-9489-d07009b1cbab req-2304a9f0-cb44-4b6e-9489-d07009b1cbab ] Request (SecurityGroupRulesTestJSON:test_security_group_rules_create_with_optional_group_id): 200 POST http://10.180.1.21/compute/v2.1/os-security-groups 2.601s
2025-02-12 21:04:17.025 63370 INFO tempest.lib.common.rest_client [req-02281837-71c0-4ec4-9e74-954c2073a961 req-02281837-71c0-4ec4-9e74-954c2073a961 ] Request (InstanceUsageAuditLogTestJSON:setUpClass): 200 GET http://10.180.1.21/identity/v3/domains?name=Default 0.027s
2025-02-12 21:04:17.041 63372 INFO tempest.lib.common.rest_client [req-3eb1a60e-e173-4307-85eb-26de0fda9912 req-3eb1a60e-e173-4307-85eb-26de0fda9912 ] Request (FlavorsAdminTestJSON:test_create_flavor_verify_entry_in_list_details): 200 POST http://10.180.1.21/compute/v2.1/flavors 2.458s
2025-02-12 21:04:17.052 63370 INFO tempest.lib.common.rest_client [req-cfe0a618-c422-4ad9-a9b1-b281e0fabf0f req-cfe0a618-c422-4ad9-a9b1-b281e0fabf0f ] Request (InstanceUsageAuditLogTestJSON:setUpClass): 201 POST http://10.180.1.21/identity/v3/projects 0.026s
2025-02-12 21:04:17.080 63404 INFO tempest.lib.common.rest_client [req-7b9d115f-91a4-4e5d-89e1-4581053f8c31 req-7b9d115f-91a4-4e5d-89e1-4581053f8c31 ] Request (FlavorMetadataValidation:tearDownClass): 204 DELETE http://10.180.1.21/identity/v3/projects/672c8bd4c15c487290ddd794cd670820 0.081s
2025-02-12 21:04:17.087 63398 INFO tempest.lib.common.rest_client [req-47d650db-29cf-408f-ac97-08dee876912f req-47d650db-29cf-408f-ac97-08dee876912f ] Request (FloatingIPDetailsTestJSON:setUpClass): 200 POST http://10.180.1.21/compute/v2.1/os-floating-ips 3.014s
2025-02-12 21:04:17.138 63392 INFO tempest.lib.common.rest_client [req-735cc251-5d51-4b24-bed2-b643962634d2 req-735cc251-5d51-4b24-bed2-b643962634d2 ] Request (ImagesNegativeTestJSON:test_create_image_from_deleted_server): 200 GET http://10.180.1.21/compute/v2.1/servers/c48e0bf0-dfc5-4ec7-b611-b96af9659bf5 2.479s
2025-02-12 21:04:17.142 63404 INFO tempest.lib.common.rest_client [req-22427a9e-7081-49fe-8d5d-3425ae5ed3f1 req-22427a9e-7081-49fe-8d5d-3425ae5ed3f1 ] Request (KeyPairsV210TestJSON:setUpClass): 201 POST http://10.180.1.21/identity/v3/auth/tokens 0.060s
2025-02-12 21:04:17.157 63412 INFO tempest.lib.common.rest_client [req-e35bd17a-55bd-41be-b4db-b0b853f486c4 req-e35bd17a-55bd-41be-b4db-b0b853f486c4 ] Request (VolumesAssistedSnapshotsTest:setUpClass): 201 POST http://10.180.1.21:9696/networking/v2.0/routers 1.919s
2025-02-12 21:04:17.189 63370 INFO tempest.lib.common.rest_client [req-e8d077b3-5a4e-4d5f-8eb3-7b1c39539497 req-e8d077b3-5a4e-4d5f-8eb3-7b1c39539497 ] Request (InstanceUsageAuditLogTestJSON:setUpClass): 201 POST http://10.180.1.21/identity/v3/users 0.137s
2025-02-12 21:04:17.307 63378 INFO tempest.lib.common.rest_client [req-e43e60b2-a5dc-436f-a29b-f0cab9d2fe05 req-e43e60b2-a5dc-436f-a29b-f0cab9d2fe05 ] Request (HypervisorAdminNegativeTestJSON:test_get_hypervisor_uptime_with_non_admin_user): 200 GET http://10.180.1.21/compute/v2.1/os-hypervisors 2.583s
2025-02-12 21:04:17.310 63404 INFO tempest.lib.common.rest_client [req-b7510e8c-af3f-401d-8df5-8b97dac4b73a req-b7510e8c-af3f-401d-8df5-8b97dac4b73a ] Request (KeyPairsV210TestJSON:setUpClass): 201 POST http://10.180.1.21/identity/v3/auth/tokens 0.166s
2025-02-12 21:04:17.330 63370 INFO tempest.lib.common.rest_client [req-3c4d5e1f-d256-4c67-9a3c-713fc86b4c0f req-3c4d5e1f-d256-4c67-9a3c-713fc86b4c0f ] Request (InstanceUsageAuditLogTestJSON:setUpClass): 200 GET http://10.180.1.21/identity/v3/roles 0.140s
2025-02-12 21:04:17.344 63404 INFO tempest.lib.common.rest_client [req-b892e9b7-567c-4a96-93cc-0ae970adbd4c req-b892e9b7-567c-4a96-93cc-0ae970adbd4c ] Request (KeyPairsV210TestJSON:setUpClass): 200 GET http://10.180.1.21/identity/v3/domains?name=Default 0.032s
2025-02-12 21:04:17.356 63422 INFO tempest.lib.common.rest_client [req-736419fd-055d-4a30-a9a4-d8671cd0a528 req-736419fd-055d-4a30-a9a4-d8671cd0a528 ] Request (ServerGroup264TestJSON:setUpClass): 201 POST http://10.180.1.21:9696/networking/v2.0/networks 0.413s
2025-02-12 21:04:17.386 63370 INFO tempest.lib.common.rest_client [req-b6004f56-de51-4deb-ab81-b85b24b86df1 req-b6004f56-de51-4deb-ab81-b85b24b86df1 ] Request (InstanceUsageAuditLogTestJSON:setUpClass): 204 PUT http://10.180.1.21/identity/v3/projects/8a55fafe1c404cbbb69a52b0b213b8c1/users/31764984364c4150a3626d1e7e414869/roles/2bd67354d6fd4d0b8e2004983e2cdea4 0.056s
2025-02-12 21:04:17.387 63370 INFO tempest.lib.common.dynamic_creds [-] Dynamic test user 31764984364c4150a3626d1e7e414869 is created with scope project and roles: ['member']
2025-02-12 21:04:17.387 63370 INFO tempest.lib.common.dynamic_creds [-] Acquired dynamic creds: credentials: Credentials: {'domain_id': 'default', 'domain_name': 'Default', 'username': 'tempest-InstanceUsageAuditLogTestJSON-1605812217-project-member', 'project_domain_id': 'default', 'project_domain_name': 'Default', 'project_id': '8a55fafe1c404cbbb69a52b0b213b8c1', 'project_name': 'tempest-InstanceUsageAuditLogTestJSON-1605812217', 'tenant_id': '8a55fafe1c404cbbb69a52b0b213b8c1', 'tenant_name': 'tempest-InstanceUsageAuditLogTestJSON-1605812217', 'user_domain_id': 'default', 'user_domain_name': 'Default', 'user_id': '31764984364c4150a3626d1e7e414869', 'system': None}, Network: None, Subnet: None, Router: None
2025-02-12 21:04:17.387 63370 INFO tempest.lib.common.dynamic_creds [-] Created isolated network resources for: credentials: Credentials: {'domain_id': 'default', 'domain_name': 'Default', 'username': 'tempest-InstanceUsageAuditLogTestJSON-1605812217-project-member', 'project_domain_id': 'default', 'project_domain_name': 'Default', 'project_id': '8a55fafe1c404cbbb69a52b0b213b8c1', 'project_name': 'tempest-InstanceUsageAuditLogTestJSON-1605812217', 'tenant_id': '8a55fafe1c404cbbb69a52b0b213b8c1', 'tenant_name': 'tempest-InstanceUsageAuditLogTestJSON-1605812217', 'user_domain_id': 'default', 'user_domain_name': 'Default', 'user_id': '31764984364c4150a3626d1e7e414869', 'system': None}, Network: None, Subnet: None, Router: None
2025-02-12 21:04:17.393 63404 INFO tempest.lib.common.rest_client [req-733fd122-e5af-4a21-b098-1c58548d4f51 req-733fd122-e5af-4a21-b098-1c58548d4f51 ] Request (KeyPairsV210TestJSON:setUpClass): 201 POST http://10.180.1.21/identity/v3/projects 0.048s
2025-02-12 21:04:17.419 63416 INFO tempest.lib.common.rest_client [req-cb942ad5-7b31-47b9-8cbb-df30c1bc0c70 req-cb942ad5-7b31-47b9-8cbb-df30c1bc0c70 ] Request (QuotasAdminTestV257:test_get_updated_quotas): 200 PUT http://10.180.1.21/compute/v2.1/os-quota-sets/5f2df773a26c4757b131e06ac48be531?user_id=7b114979083b41798030fca583039eb0 2.706s
2025-02-12 21:04:17.465 63370 INFO tempest.lib.common.rest_client [req-f65d8401-53be-43e7-b809-7a7a772ac6e8 req-f65d8401-53be-43e7-b809-7a7a772ac6e8 ] Request (InstanceUsageAuditLogTestJSON:setUpClass): 201 POST http://10.180.1.21/identity/v3/auth/tokens 0.073s
2025-02-12 21:04:17.468 63404 INFO tempest.lib.common.rest_client [req-c53618b0-aca9-439c-b8ee-59a482c05c7c req-c53618b0-aca9-439c-b8ee-59a482c05c7c ] Request (KeyPairsV210TestJSON:setUpClass): 201 POST http://10.180.1.21/identity/v3/users 0.075s
2025-02-12 21:04:17.502 63388 INFO tempest.lib.common.rest_client [req-94a48717-55d4-4081-960d-cfccda5be849 req-94a48717-55d4-4081-960d-cfccda5be849 ] Request (SecurityGroupsNegativeTestJSON:test_delete_the_default_security_group): 200 GET http://10.180.1.21/compute/v2.1/os-security-groups 2.734s
2025-02-12 21:04:17.516 63370 INFO tempest.lib.common.rest_client [req-3fff5aac-46be-43f5-b30e-24390e8bc70c req-3fff5aac-46be-43f5-b30e-24390e8bc70c ] Request (InstanceUsageAuditLogTestJSON:setUpClass): 201 POST http://10.180.1.21/identity/v3/projects 0.050s
2025-02-12 21:04:17.588 63404 INFO tempest.lib.common.rest_client [req-f5a2f0d8-d3f4-47e3-9760-dbcc2dbb911a req-f5a2f0d8-d3f4-47e3-9760-dbcc2dbb911a ] Request (KeyPairsV210TestJSON:setUpClass): 200 GET http://10.180.1.21/identity/v3/roles 0.119s
2025-02-12 21:04:17.611 63370 INFO tempest.lib.common.rest_client [req-3053535a-648c-4140-97f2-192e846f4f54 req-3053535a-648c-4140-97f2-192e846f4f54 ] Request (InstanceUsageAuditLogTestJSON:setUpClass): 201 POST http://10.180.1.21/identity/v3/users 0.094s
2025-02-12 21:04:17.615 63406 INFO tempest.lib.common.rest_client [req-a0df128f-a3a7-4113-a1d1-5d793f394103 req-a0df128f-a3a7-4113-a1d1-5d793f394103 ] Request (FlavorsAccessTestJSON:test_flavor_access_add_remove): 200 POST http://10.180.1.21/compute/v2.1/flavors/1278066245/action 2.843s
2025-02-12 21:04:17.647 63404 INFO tempest.lib.common.rest_client [req-8f4850b3-a9cc-40b7-82dd-91b7b7a37720 req-8f4850b3-a9cc-40b7-82dd-91b7b7a37720 ] Request (KeyPairsV210TestJSON:setUpClass): 204 PUT http://10.180.1.21/identity/v3/projects/cfaf04dce46d40d6a9ec31740f80378c/users/7dc09f51e00b47b2babc361c4cce29bc/roles/2bd67354d6fd4d0b8e2004983e2cdea4 0.058s
2025-02-12 21:04:17.648 63404 INFO tempest.lib.common.dynamic_creds [-] Dynamic test user 7dc09f51e00b47b2babc361c4cce29bc is created with scope project and roles: ['member']
2025-02-12 21:04:17.648 63404 INFO tempest.lib.common.dynamic_creds [-] Acquired dynamic creds: credentials: Credentials: {'domain_id': 'default', 'domain_name': 'Default', 'username': 'tempest-KeyPairsV210TestJSON-2041568975-project-member', 'project_domain_id': 'default', 'project_domain_name': 'Default', 'project_id': 'cfaf04dce46d40d6a9ec31740f80378c', 'project_name': 'tempest-KeyPairsV210TestJSON-2041568975', 'tenant_id': 'cfaf04dce46d40d6a9ec31740f80378c', 'tenant_name': 'tempest-KeyPairsV210TestJSON-2041568975', 'user_domain_id': 'default', 'user_domain_name': 'Default', 'user_id': '7dc09f51e00b47b2babc361c4cce29bc', 'system': None}, Network: None, Subnet: None, Router: None
2025-02-12 21:04:17.648 63404 INFO tempest.lib.common.dynamic_creds [-] Created isolated network resources for: credentials: Credentials: {'domain_id': 'default', 'domain_name': 'Default', 'username': 'tempest-KeyPairsV210TestJSON-2041568975-project-member', 'project_domain_id': 'default', 'project_domain_name': 'Default', 'project_id': 'cfaf04dce46d40d6a9ec31740f80378c', 'project_name': 'tempest-KeyPairsV210TestJSON-2041568975', 'tenant_id': 'cfaf04dce46d40d6a9ec31740f80378c', 'tenant_name': 'tempest-KeyPairsV210TestJSON-2041568975', 'user_domain_id': 'default', 'user_domain_name': 'Default', 'user_id': '7dc09f51e00b47b2babc361c4cce29bc', 'system': None}, Network: None, Subnet: None, Router: None
2025-02-12 21:04:17.651 63380 INFO tempest.lib.common.rest_client [req-01ab5216-0d1f-4b92-88d1-7f1d2998e1c0 req-01ab5216-0d1f-4b92-88d1-7f1d2998e1c0 ] Request (FlavorsV261TestJSON:test_crud_flavor): 200 GET http://10.180.1.21/compute/v2.1/flavors/detail 2.748s
2025-02-12 21:04:17.675 63384 INFO tempest.lib.common.rest_client [req-3f203acf-a377-4396-8167-c61d92f438df req-3f203acf-a377-4396-8167-c61d92f438df ] Request (FlavorsAccessNegativeTestJSON:test_flavor_access_list_with_public_flavor): 200 POST http://10.180.1.21/compute/v2.1/flavors 2.747s
2025-02-12 21:04:17.698 63370 INFO tempest.lib.common.rest_client [req-c8c8dc57-65cb-4932-926b-90457cbf22fe req-c8c8dc57-65cb-4932-926b-90457cbf22fe ] Request (InstanceUsageAuditLogTestJSON:setUpClass): 200 GET http://10.180.1.21/identity/v3/roles 0.087s
2025-02-12 21:04:17.705 63368 INFO tempest.lib.common.rest_client [req-6928fc1d-58aa-460c-8edd-7fb9d8d26fa5 req-6928fc1d-58aa-460c-8edd-7fb9d8d26fa5 ] Request (ServersWithSpecificFlavorTestJSON:test_verify_created_server_ephemeral_disk): 200 POST http://10.180.1.21/compute/v2.1/flavors 2.871s
2025-02-12 21:04:17.746 63404 INFO tempest.lib.common.rest_client [req-d53ff11b-88e9-4ead-a94f-4e17a3661548 req-d53ff11b-88e9-4ead-a94f-4e17a3661548 ] Request (KeyPairsV210TestJSON:setUpClass): 201 POST http://10.180.1.21/identity/v3/auth/tokens 0.091s
2025-02-12 21:04:17.749 63370 INFO tempest.lib.common.rest_client [req-8decc900-fd9a-4e9f-b07b-f4edd5530332 req-8decc900-fd9a-4e9f-b07b-f4edd5530332 ] Request (InstanceUsageAuditLogTestJSON:setUpClass): 204 PUT http://10.180.1.21/identity/v3/projects/937728410db44878bef4d8d561c5e2f3/users/13d3355871a54c05818e8d04fb71dd45/roles/ee984693c0534655a597ff4afc641037 0.050s
2025-02-12 21:04:17.817 63404 INFO tempest.lib.common.rest_client [req-b74c5f96-0511-4547-abc3-9004f3263b5c req-b74c5f96-0511-4547-abc3-9004f3263b5c ] Request (KeyPairsV210TestJSON:setUpClass): 201 POST http://10.180.1.21/identity/v3/projects 0.071s
2025-02-12 21:04:17.831 63370 INFO tempest.lib.common.rest_client [req-010c278d-b93c-408f-ad97-6816a5eda2a5 req-010c278d-b93c-408f-ad97-6816a5eda2a5 ] Request (InstanceUsageAuditLogTestJSON:setUpClass): 200 GET http://10.180.1.21/identity/v3/roles 0.082s
2025-02-12 21:04:17.877 63404 INFO tempest.lib.common.rest_client [req-b46e6cb5-f2b1-4f48-b83c-b8fdce803144 req-b46e6cb5-f2b1-4f48-b83c-b8fdce803144 ] Request (KeyPairsV210TestJSON:setUpClass): 201 POST http://10.180.1.21/identity/v3/users 0.059s
2025-02-12 21:04:17.905 63404 INFO tempest.lib.common.rest_client [req-2522ef52-6e48-42f5-a643-0b9ae7011887 req-2522ef52-6e48-42f5-a643-0b9ae7011887 ] Request (KeyPairsV210TestJSON:setUpClass): 200 GET http://10.180.1.21/identity/v3/roles 0.027s
2025-02-12 21:04:17.908 63370 INFO tempest.lib.common.rest_client [req-ef48c44f-81b9-43e2-8a28-27433e01716b req-ef48c44f-81b9-43e2-8a28-27433e01716b ] Request (InstanceUsageAuditLogTestJSON:setUpClass): 204 PUT http://10.180.1.21/identity/v3/projects/937728410db44878bef4d8d561c5e2f3/users/13d3355871a54c05818e8d04fb71dd45/roles/ee984693c0534655a597ff4afc641037 0.076s
2025-02-12 21:04:17.908 63370 INFO tempest.lib.common.dynamic_creds [-] Dynamic test user 13d3355871a54c05818e8d04fb71dd45 is created with scope project and roles: ['admin']
2025-02-12 21:04:17.909 63370 INFO tempest.lib.common.dynamic_creds [-] Acquired dynamic creds: credentials: Credentials: {'domain_id': 'default', 'domain_name': 'Default', 'username': 'tempest-InstanceUsageAuditLogTestJSON-1440944295-project-admin', 'project_domain_id': 'default', 'project_domain_name': 'Default', 'project_id': '937728410db44878bef4d8d561c5e2f3', 'project_name': 'tempest-InstanceUsageAuditLogTestJSON-1440944295', 'tenant_id': '937728410db44878bef4d8d561c5e2f3', 'tenant_name': 'tempest-InstanceUsageAuditLogTestJSON-1440944295', 'user_domain_id': 'default', 'user_domain_name': 'Default', 'user_id': '13d3355871a54c05818e8d04fb71dd45', 'system': None}, Network: None, Subnet: None, Router: None
2025-02-12 21:04:17.909 63370 INFO tempest.lib.common.dynamic_creds [-] Created isolated network resources for: credentials: Credentials: {'domain_id': 'default', 'domain_name': 'Default', 'username': 'tempest-InstanceUsageAuditLogTestJSON-1440944295-project-admin', 'project_domain_id': 'default', 'project_domain_name': 'Default', 'project_id': '937728410db44878bef4d8d561c5e2f3', 'project_name': 'tempest-InstanceUsageAuditLogTestJSON-1440944295', 'tenant_id': '937728410db44878bef4d8d561c5e2f3', 'tenant_name': 'tempest-InstanceUsageAuditLogTestJSON-1440944295', 'user_domain_id': 'default', 'user_domain_name': 'Default', 'user_id': '13d3355871a54c05818e8d04fb71dd45', 'system': None}, Network: None, Subnet: None, Router: None
