2025-02-12 21:06:17.453 63386 INFO tempest.lib.common.rest_client [req-10cdd0a3-fc22-441d-ad2d-fd0117dbe308 req-10cdd0a3-fc22-441d-ad2d-fd0117dbe308 ] Request (ImagesMetadataTestJSON:test_update_image_metadata): 200 POST http://10.180.1.21/compute/v2.1/images/cef336b1-7b5f-4bbb-a6a3-4dd253135400/metadata 0.508s
2025-02-12 21:06:17.496 63410 INFO tempest.lib.common.rest_client [req-fcec4983-716f-4ddd-9f46-a871bcbdb979 req-fcec4983-716f-4ddd-9f46-a871bcbdb979 ] Request (ServersAaction247Test:tearDownClass): 200 GET http://10.180.1.21/compute/v2.1/servers/443ff84c-f6fa-4514-9589-9fd02c7d7851 0.484s
2025-02-12 21:06:17.512 63390 INFO tempest.lib.common.rest_client [req-b3c62981-ddf7-43b5-99d4-455dd008beea req-b3c62981-ddf7-43b5-99d4-455dd008beea ] Request (ServersTestMultiNic:_run_cleanups): 200 GET http://10.180.1.21/compute/v2.1/servers/14f3e0ba-7c1f-4744-b258-52e3dce205b1 0.333s
2025-02-12 21:06:17.539 63394 INFO tempest.lib.common.rest_client [req-29199572-7adc-423e-aa84-bcb280c0bcca req-29199572-7adc-423e-aa84-bcb280c0bcca ] Request (ServerRescueTestJSON:setUpClass): 200 GET http://10.180.1.21/compute/v2.1/servers/974b051e-74c5-457d-b734-ef7fa65a8d3d 0.315s
2025-02-12 21:06:17.555 63392 INFO tempest.lib.common.rest_client [req-f1b44af9-776d-422e-a832-872865329c40 req-f1b44af9-776d-422e-a832-872865329c40 ] Request (AttachInterfacesTestJSON:test_create_list_show_delete_interfaces_by_fixed_ip): 200 GET http://10.180.1.21/compute/v2.1/servers/dd9d50c4-0607-4247-8e76-06903fb0a599 0.281s
2025-02-12 21:06:17.605 63382 INFO tempest.lib.common.rest_client [req-d3ba5340-081e-4dc6-a796-7321a6827e37 req-d3ba5340-081e-4dc6-a796-7321a6827e37 ] Request (MigrationsAdminTest:test_resize_server_revert_deleted_flavor): 200 GET http://10.180.1.21/compute/v2.1/servers/b6326a0e-f6b0-466a-8c18-9a3e6b112e42 0.285s
2025-02-12 21:06:17.613 63396 INFO tempest.lib.common.rest_client [req-2a6cbd89-7e16-4c55-97e1-54e400feb5ea req-2a6cbd89-7e16-4c55-97e1-54e400feb5ea ] Request (SecurityGroupsTestJSON:test_server_security_groups): 400 DELETE http://10.180.1.21/compute/v2.1/os-security-groups/1014730d-7bc2-495c-a411-0627fe033d8d 0.309s
2025-02-12 21:06:17.650 63366 INFO tempest.lib.common.rest_client [req-189c78c2-be10-4b87-9c66-806fcb265bd3 req-189c78c2-be10-4b87-9c66-806fcb265bd3 ] Request (VolumesAdminNegativeTest:test_update_attached_volume_with_nonexistent_volume_in_body): 200 GET http://10.180.1.21/compute/v2.1/servers/73827131-0a2c-48ac-9358-d5d301c1144f 0.303s
2025-02-12 21:06:17.655 63378 INFO tempest.lib.common.rest_client [req-4e5bef11-9745-4018-8cc9-20f30eca2cd0 req-4e5bef11-9745-4018-8cc9-20f30eca2cd0 ] Request (ServersTestJSON:test_create_server_specify_multibyte_character_name): 200 GET http://10.180.1.21/compute/v2.1/servers/8faf95e3-ce3a-4e0a-91f1-f508a80fb268 0.261s
2025-02-12 21:06:17.698 63424 INFO tempest.lib.common.rest_client [req-144499c5-2937-4f3e-9c43-ce1ac0be3379 req-144499c5-2937-4f3e-9c43-ce1ac0be3379 ] Request (ImagesTestJSON:test_create_image_from_stopped_server): 200 GET http://10.180.1.21/compute/v2.1/servers/32fdad42-1e49-403b-a3d5-76f47b87d567 0.252s
2025-02-12 21:06:17.721 63362 INFO tempest.lib.common.rest_client [req-c3f7c406-b47b-4bc7-8443-f55bd9addfb2 req-c3f7c406-b47b-4bc7-8443-f55bd9addfb2 ] Request (ServerDiskConfigTestJSON:_run_cleanups): 204 DELETE http://10.180.1.21/compute/v2.1/servers/f0a91a3b-4a1c-4c0d-93ee-b0bf4c938900 0.275s
2025-02-12 21:06:17.726 63386 INFO tempest.lib.common.rest_client [req-a2b69f18-4c6f-4c28-9bd4-deb92a832594 req-a2b69f18-4c6f-4c28-9bd4-deb92a832594 ] Request (ImagesMetadataTestJSON:test_update_image_metadata): 200 GET http://10.180.1.21/compute/v2.1/images/cef336b1-7b5f-4bbb-a6a3-4dd253135400/metadata 0.273s
2025-02-12 21:06:17.755 63404 INFO tempest.lib.common.rest_client [req-fd69dc4e-5994-4fba-853e-20b9a3979223 req-fd69dc4e-5994-4fba-853e-20b9a3979223 ] Request (ListImageFiltersTestJSON:setUpClass): 200 GET http://10.180.1.21/compute/v2.1/images/7aa3cfdf-9e4d-4245-93e0-bd00ab289ba7 0.284s
2025-02-12 21:06:17.774 63376 INFO tempest.lib.common.rest_client [req-11303bdf-301e-40d7-a273-2ae212e38efa req-11303bdf-301e-40d7-a273-2ae212e38efa ] Request (ServersAdminNegativeTestJSON:tearDownClass): 404 GET http://10.180.1.21/compute/v2.1/servers/880592dc-3d7e-4ad8-ae77-1da91e495e94 0.208s
2025-02-12 21:06:17.785 63420 INFO tempest.lib.common.rest_client [req-3ad1aff6-70c6-4985-9e57-1eabdd59bd2a req-3ad1aff6-70c6-4985-9e57-1eabdd59bd2a ] Request (ServerTagsTestJSON:tearDownClass): 200 GET http://10.180.1.21/compute/v2.1/servers/5ce1a2d0-f7ab-468a-bb75-17354b91f0ee 0.251s
2025-02-12 21:06:17.804 63386 INFO tempest.lib.common.rest_client [req-5b0a8cf3-5847-42c7-b89b-5934f110b6b6 req-5b0a8cf3-5847-42c7-b89b-5934f110b6b6 ] Request (ImagesMetadataTestJSON:tearDownClass): 204 DELETE http://10.180.1.21/image/v2/images/cef336b1-7b5f-4bbb-a6a3-4dd253135400 0.075s
2025-02-12 21:06:17.812 63362 INFO tempest.lib.common.rest_client [req-f90206e8-b7ab-470f-b3bb-313ddda6e335 req-f90206e8-b7ab-470f-b3bb-313ddda6e335 ] Request (ServerDiskConfigTestJSON:test_resize_server_from_auto_to_manual): 201 POST http://10.180.1.21/identity/v3/auth/tokens 0.088s
2025-02-12 21:06:17.813 63362 INFO tempest.lib.common.fixed_network [-] (ServerDiskConfigTestJSON:test_resize_server_from_auto_to_manual) Found network {'id': '9dc84788-3f0f-4c50-8ac8-edf76df80236', 'name': 'tempest-ServerDiskConfigTestJSON-172490669-network', 'tenant_id': 'c3632a8901bc41258430a525fd41a1bb', 'admin_state_up': True, 'mtu': 8950, 'status': 'ACTIVE', 'subnets': [], 'shared': False, 'project_id': 'c3632a8901bc41258430a525fd41a1bb', 'port_security_enabled': True, 'router:external': False, 'provider:network_type': 'vlan', 'provider:physical_network': 'default', 'provider:segmentation_id': 471, 'availability_zone_hints': [], 'availability_zones': [], 'ipv4_address_scope': None, 'ipv6_address_scope': None, 'description': '', 'tags': [], 'created_at': '2025-02-12T21:04:20Z', 'updated_at': '2025-02-12T21:04:20Z', 'revision_number': 1} available for tenant
2025-02-12 21:06:17.842 63396 INFO tempest.lib.common.rest_client [req-9ee90da0-330b-466b-8f71-f40b3b108ac8 req-9ee90da0-330b-466b-8f71-f40b3b108ac8 ] Request (SecurityGroupsTestJSON:test_server_security_groups): 202 POST http://10.180.1.21/compute/v2.1/servers/70d8967e-a6f6-458e-965d-47ebfb867526/action 0.228s
2025-02-12 21:06:17.851 63374 INFO tempest.lib.common.rest_client [req-975742e8-1730-43b5-9d36-122fae3fdb66 req-975742e8-1730-43b5-9d36-122fae3fdb66 ] Request (ServersAdminTestJSON:setUpClass): 200 GET http://10.180.1.21/compute/v2.1/servers/d4ce4f3a-0979-4c85-be63-8532eedb1593 0.232s
2025-02-12 21:06:17.891 63376 INFO tempest.lib.common.rest_client [req-a9e04b14-39b9-4c87-a70b-4ea0db3c3e04 req-a9e04b14-39b9-4c87-a70b-4ea0db3c3e04 ] Request (ServersAdminNegativeTestJSON:tearDownClass): 204 DELETE http://10.180.1.21/identity/v3/users/e904f5cc11a347bba7a8510a24c59abd 0.117s
2025-02-12 21:06:17.897 63372 INFO tempest.lib.common.rest_client [req-745bb096-f071-47f9-87db-9c2280968daf req-745bb096-f071-47f9-87db-9c2280968daf ] Request (ServersAdmin275Test:test_rebuild_update_server_275): 200 GET http://10.180.1.21/compute/v2.1/servers/2cbfe3ec-021d-49ac-909f-88b44a8844ca 0.210s
2025-02-12 21:06:17.903 63386 INFO tempest.lib.common.rest_client [req-3b8bb3ae-a004-41d1-b287-0630ffa8f7ff req-3b8bb3ae-a004-41d1-b287-0630ffa8f7ff ] Request (ImagesMetadataTestJSON:tearDownClass): 204 DELETE http://10.180.1.21/identity/v3/users/0df87f1b228c43ddace6f7c469903cd8 0.098s
2025-02-12 21:06:17.904 63386 INFO tempest.lib.common.dynamic_creds [-] Deleting project and security group for project: 46076d4c6bb44b018552afacc27cf7a7
2025-02-12 21:06:17.960 63386 INFO tempest.lib.common.rest_client [req-3ce19d9a-749f-4147-ba8f-5c35d0197b7c req-3ce19d9a-749f-4147-ba8f-5c35d0197b7c ] Request (ImagesMetadataTestJSON:tearDownClass): 201 POST http://10.180.1.21/identity/v3/auth/tokens 0.056s
2025-02-12 21:06:17.988 63396 INFO tempest.lib.common.rest_client [req-1701963e-5d58-43fb-800e-9e62d79c328c req-1701963e-5d58-43fb-800e-9e62d79c328c ] Request (SecurityGroupsTestJSON:test_server_security_groups): 200 GET http://10.180.1.21/compute/v2.1/servers/70d8967e-a6f6-458e-965d-47ebfb867526 0.146s
2025-02-12 21:06:18.016 63398 INFO tempest.lib.common.rest_client [req-85643463-d57e-452f-8e94-b79a16814159 req-85643463-d57e-452f-8e94-b79a16814159 ] Request (ImagesOneServerNegativeTestJSON:_run_cleanups): 404 GET http://10.180.1.21/compute/v2.1/servers/169aea8a-808e-4986-b75e-305f896f6f6a 0.140s
2025-02-12 21:06:18.019 63376 INFO tempest.lib.common.rest_client [req-8885ec7e-4267-44a1-8c5a-9393fb3f015f req-8885ec7e-4267-44a1-8c5a-9393fb3f015f ] Request (ServersAdminNegativeTestJSON:tearDownClass): 204 DELETE http://10.180.1.21/identity/v3/users/aafaf7332c9745308d57c987a00be6fb 0.127s
2025-02-12 21:06:18.019 63376 INFO tempest.lib.common.dynamic_creds [-] Deleting project and security group for project: d90cdc0626f8493aace1f506e71492a2
2025-02-12 21:06:18.062 63398 INFO tempest.lib.common.rest_client [req-8401f426-ddd8-4dfb-a0aa-5d4d6d85a8da req-8401f426-ddd8-4dfb-a0aa-5d4d6d85a8da ] Request (ImagesOneServerNegativeTestJSON:_run_cleanups): 200 POST http://10.180.1.21/compute/v2.1/os-keypairs 0.044s
2025-02-12 21:06:18.087 63376 INFO tempest.lib.common.rest_client [req-d1cdedfd-6f4a-40e7-8d6b-69462b5c4712 req-d1cdedfd-6f4a-40e7-8d6b-69462b5c4712 ] Request (ServersAdminNegativeTestJSON:tearDownClass): 201 POST http://10.180.1.21/identity/v3/auth/tokens 0.067s
2025-02-12 21:06:18.122 63418 INFO tempest.lib.common.rest_client [req-08c992a1-9d9b-4ad4-b810-7b7d1a93b983 req-08c992a1-9d9b-4ad4-b810-7b7d1a93b983 ] Request (FloatingIPsAssociationTestJSON:test_associate_already_associated_floating_ip): 200 GET http://10.180.1.21/compute/v2.1/servers/5f14a03a-430e-4972-9840-4729803e9acc 0.101s
2025-02-12 21:06:18.144 63400 INFO tempest.lib.common.rest_client [req-f8d40ad4-f3e3-4c2e-8988-00a2a9108e02 req-f8d40ad4-f3e3-4c2e-8988-00a2a9108e02 ] Request (ListServerFiltersTestJSON:tearDownClass): 404 GET http://10.180.1.21/compute/v2.1/servers/741b00c8-123d-4c52-b0cd-f40673034ea9 0.070s
2025-02-12 21:06:18.150 63362 INFO tempest.lib.common.rest_client [req-da47459c-83e2-442f-9579-f31dec8c93af req-da47459c-83e2-442f-9579-f31dec8c93af ] Request (ServerDiskConfigTestJSON:test_resize_server_from_auto_to_manual): 202 POST http://10.180.1.21/compute/v2.1/servers 0.337s
2025-02-12 21:06:18.197 63376 INFO tempest.lib.common.rest_client [req-025dd8d1-6c1f-41bc-b956-954439ad6739 req-025dd8d1-6c1f-41bc-b956-954439ad6739 ] Request (ServersAdminNegativeTestJSON:tearDownClass): 200 GET http://10.180.1.21:9696/networking/v2.0/security-groups?tenant_id=d90cdc0626f8493aace1f506e71492a2&name=default 0.109s
2025-02-12 21:06:18.237 63380 INFO tempest.lib.common.rest_client [req-87f7e690-72a9-4cab-b22b-8166210348ed req-87f7e690-72a9-4cab-b22b-8166210348ed ] Request (ServerAddressesNegativeTestJSON:tearDownClass): 200 GET http://10.180.1.21/compute/v2.1/servers/0f02137b-ae02-4c2b-9188-50e4d80c11f6 0.113s
2025-02-12 21:06:18.252 63398 INFO tempest.lib.common.rest_client [req-5ed80c5f-442f-40a3-abe6-071ec1c6f98e req-5ed80c5f-442f-40a3-abe6-071ec1c6f98e ] Request (ImagesOneServerNegativeTestJSON:_run_cleanups): 201 POST http://10.180.1.21:9696/networking/v2.0/security-groups 0.188s
2025-02-12 21:06:18.252 63400 INFO tempest.lib.common.rest_client [req-e0ad930f-9d1c-4405-83c6-7b201322d9ad req-e0ad930f-9d1c-4405-83c6-7b201322d9ad ] Request (ListServerFiltersTestJSON:tearDownClass): 204 DELETE http://10.180.1.21/compute/v2.1/servers/7d0e6646-06a1-446a-8650-7208d1ce265e 0.108s
2025-02-12 21:06:18.298 63362 INFO tempest.lib.common.rest_client [req-d621a219-f8c2-400e-b8dc-7288beee37ec req-d621a219-f8c2-400e-b8dc-7288beee37ec ] Request (ServerDiskConfigTestJSON:test_resize_server_from_auto_to_manual): 200 GET http://10.180.1.21/compute/v2.1/servers/dc294ec0-d246-43eb-b334-15578b9aaa9d 0.146s
2025-02-12 21:06:18.351 63386 INFO tempest.lib.common.rest_client [req-dae5ed72-9b4b-418a-ab27-f241cffd4f96 req-dae5ed72-9b4b-418a-ab27-f241cffd4f96 ] Request (ImagesMetadataTestJSON:tearDownClass): 200 GET http://10.180.1.21:9696/networking/v2.0/security-groups?tenant_id=46076d4c6bb44b018552afacc27cf7a7&name=default 0.390s
2025-02-12 21:06:18.362 63376 INFO tempest.lib.common.rest_client [req-27a919c9-f60d-44ae-bc8c-22c2c86ab405 req-27a919c9-f60d-44ae-bc8c-22c2c86ab405 ] Request (ServersAdminNegativeTestJSON:tearDownClass): 204 DELETE http://10.180.1.21:9696/networking/v2.0/security-groups/64506231-312b-4394-b6fb-64903dec3d2b 0.165s
2025-02-12 21:06:18.387 63402 INFO tempest.lib.common.rest_client [req-1c37d955-ce04-4341-84e1-daabcbb8c228 req-1c37d955-ce04-4341-84e1-daabcbb8c228 ] Request (DeleteServersTestJSON:test_delete_server_while_in_attached_volume): 200 GET http://10.180.1.21/volume/v3/volumes/f89a46c8-0590-4761-90c6-9165635bbf5e 0.040s
2025-02-12 21:06:18.449 63376 INFO tempest.lib.common.rest_client [req-15595dc3-718c-4000-8203-b15a92d8165f req-15595dc3-718c-4000-8203-b15a92d8165f ] Request (ServersAdminNegativeTestJSON:tearDownClass): 204 DELETE http://10.180.1.21/identity/v3/projects/d90cdc0626f8493aace1f506e71492a2 0.086s
2025-02-12 21:06:18.449 63376 INFO tempest.lib.common.dynamic_creds [-] Deleting project and security group for project: 876fd53b77204cd7998cb0b3c8fcf66f
2025-02-12 21:06:18.457 63400 INFO tempest.lib.common.rest_client [req-8ef55959-94ec-413e-8677-ebc3c6abe4f3 req-8ef55959-94ec-413e-8677-ebc3c6abe4f3 ] Request (ListServerFiltersTestJSON:tearDownClass): 200 GET http://10.180.1.21/compute/v2.1/servers/7d0e6646-06a1-446a-8650-7208d1ce265e 0.204s
2025-02-12 21:06:18.474 63376 INFO tempest.lib.common.rest_client [req-9bfc46f3-d382-4ef5-a67d-0ab2ac16e6ad req-9bfc46f3-d382-4ef5-a67d-0ab2ac16e6ad ] Request (ServersAdminNegativeTestJSON:tearDownClass): 200 GET http://10.180.1.21:9696/networking/v2.0/security-groups?tenant_id=876fd53b77204cd7998cb0b3c8fcf66f&name=default 0.024s
2025-02-12 21:06:18.489 63384 INFO tempest.lib.common.rest_client [req-d99c80a8-a646-4e21-9b42-b0b05ab178e8 req-d99c80a8-a646-4e21-9b42-b0b05ab178e8 ] Request (AttachInterfacesUnderV243Test:test_add_remove_fixed_ip): 200 GET http://10.180.1.21/compute/v2.1/servers/f8ee9bc6-f2db-4b76-89d5-7e20cad2ac5c 0.242s
2025-02-12 21:06:18.546 63398 INFO tempest.lib.common.rest_client [req-b8fe2456-24ba-49d0-807e-a497c18092b4 req-b8fe2456-24ba-49d0-807e-a497c18092b4 ] Request (ImagesOneServerNegativeTestJSON:_run_cleanups): 201 POST http://10.180.1.21:9696/networking/v2.0/security-group-rules 0.294s
2025-02-12 21:06:18.571 63386 INFO tempest.lib.common.rest_client [req-1e4bb959-a95c-4569-8968-80778f98a41e req-1e4bb959-a95c-4569-8968-80778f98a41e ] Request (ImagesMetadataTestJSON:tearDownClass): 204 DELETE http://10.180.1.21:9696/networking/v2.0/security-groups/50ffe8ef-5ef2-4e6d-94bf-8fee5aa18387 0.219s
2025-02-12 21:06:18.576 63376 INFO tempest.lib.common.rest_client [req-31468d71-4400-425d-86b5-be160e21fff2 req-31468d71-4400-425d-86b5-be160e21fff2 ] Request (ServersAdminNegativeTestJSON:tearDownClass): 204 DELETE http://10.180.1.21:9696/networking/v2.0/security-groups/7c604a78-e118-4146-a87e-18506cc8a82d 0.102s
2025-02-12 21:06:18.601 63390 INFO tempest.lib.common.rest_client [req-9c2e7f66-d086-4cde-9396-4c2e95145696 req-9c2e7f66-d086-4cde-9396-4c2e95145696 ] Request (ServersTestMultiNic:_run_cleanups): 200 GET http://10.180.1.21/compute/v2.1/servers/14f3e0ba-7c1f-4744-b258-52e3dce205b1 0.082s
2025-02-12 21:06:18.603 63410 INFO tempest.lib.common.rest_client [req-c2403aec-5e19-4aa5-9f54-a4f16e4e624c req-c2403aec-5e19-4aa5-9f54-a4f16e4e624c ] Request (ServersAaction247Test:tearDownClass): 200 GET http://10.180.1.21/compute/v2.1/servers/443ff84c-f6fa-4514-9589-9fd02c7d7851 0.098s
2025-02-12 21:06:18.659 63394 INFO tempest.lib.common.rest_client [req-5e9299be-3768-48b2-9797-954de73f630b req-5e9299be-3768-48b2-9797-954de73f630b ] Request (ServerRescueTestJSON:setUpClass): 200 GET http://10.180.1.21/compute/v2.1/servers/974b051e-74c5-457d-b734-ef7fa65a8d3d 0.111s
2025-02-12 21:06:18.663 63392 INFO tempest.lib.common.rest_client [req-77881a5c-e39e-4c0a-8332-b02c04f4ea9d req-77881a5c-e39e-4c0a-8332-b02c04f4ea9d ] Request (AttachInterfacesTestJSON:test_create_list_show_delete_interfaces_by_fixed_ip): 200 GET http://10.180.1.21/compute/v2.1/servers/dd9d50c4-0607-4247-8e76-06903fb0a599 0.101s
2025-02-12 21:06:18.667 63398 INFO tempest.lib.common.rest_client [req-cab4fd58-14de-4819-85ff-ada49f010ec0 req-cab4fd58-14de-4819-85ff-ada49f010ec0 ] Request (ImagesOneServerNegativeTestJSON:_run_cleanups): 201 POST http://10.180.1.21:9696/networking/v2.0/security-group-rules 0.120s
2025-02-12 21:06:18.712 63386 INFO tempest.lib.common.rest_client [req-69a0426b-8d42-40a2-82dd-35abf4d24e4f req-69a0426b-8d42-40a2-82dd-35abf4d24e4f ] Request (ImagesMetadataTestJSON:tearDownClass): 204 DELETE http://10.180.1.21/identity/v3/projects/46076d4c6bb44b018552afacc27cf7a7 0.140s
2025-02-12 21:06:18.728 63366 INFO tempest.lib.common.rest_client [req-2a2d858f-f251-4694-af89-d18c6a3ce0e2 req-2a2d858f-f251-4694-af89-d18c6a3ce0e2 ] Request (VolumesAdminNegativeTest:test_update_attached_volume_with_nonexistent_volume_in_body): 200 GET http://10.180.1.21/compute/v2.1/servers/73827131-0a2c-48ac-9358-d5d301c1144f 0.069s
2025-02-12 21:06:18.733 63382 INFO tempest.lib.common.rest_client [req-fd4ddd9e-c135-481f-86eb-7903ac4b0ee6 req-fd4ddd9e-c135-481f-86eb-7903ac4b0ee6 ] Request (MigrationsAdminTest:test_resize_server_revert_deleted_flavor): 200 GET http://10.180.1.21/compute/v2.1/servers/b6326a0e-f6b0-466a-8c18-9a3e6b112e42 0.121s
2025-02-12 21:06:18.744 63376 INFO tempest.lib.common.rest_client [req-b3565f7b-4bb1-4f74-9854-a8cc28abbf1b req-b3565f7b-4bb1-4f74-9854-a8cc28abbf1b ] Request (ServersAdminNegativeTestJSON:tearDownClass): 204 DELETE http://10.180.1.21/identity/v3/projects/876fd53b77204cd7998cb0b3c8fcf66f 0.168s
2025-02-12 21:06:18.781 63378 INFO tempest.lib.common.rest_client [req-cacf3336-2127-4324-bd0b-556794b2fe34 req-cacf3336-2127-4324-bd0b-556794b2fe34 ] Request (ServersTestJSON:test_create_server_specify_multibyte_character_name): 200 GET http://10.180.1.21/compute/v2.1/servers/8faf95e3-ce3a-4e0a-91f1-f508a80fb268 0.118s
2025-02-12 21:06:18.796 63386 INFO tempest.lib.common.rest_client [req-6be4ae34-d33d-4dec-a809-ab1159bce60d req-6be4ae34-d33d-4dec-a809-ab1159bce60d ] Request (AttachVolumeNegativeTest:setUpClass): 201 POST http://10.180.1.21/identity/v3/auth/tokens 0.083s
2025-02-12 21:06:18.808 63424 INFO tempest.lib.common.rest_client [req-8dd2b58d-490a-43ff-b4e3-6e3ccbccf01e req-8dd2b58d-490a-43ff-b4e3-6e3ccbccf01e ] Request (ImagesTestJSON:test_create_image_from_stopped_server): 200 GET http://10.180.1.21/compute/v2.1/servers/32fdad42-1e49-403b-a3d5-76f47b87d567 0.101s
2025-02-12 21:06:18.823 63404 INFO tempest.lib.common.rest_client [req-cc3b1e42-0558-46a9-8993-c2579f034c77 req-cc3b1e42-0558-46a9-8993-c2579f034c77 ] Request (ListImageFiltersTestJSON:setUpClass): 200 GET http://10.180.1.21/compute/v2.1/images/7aa3cfdf-9e4d-4245-93e0-bd00ab289ba7 0.062s
2025-02-12 21:06:18.833 63376 INFO tempest.lib.common.rest_client [req-148d50c2-5931-44b7-a928-ffb073c9c94f req-148d50c2-5931-44b7-a928-ffb073c9c94f ] Request (FloatingIPDetailsNegativeTestJSON:setUpClass): 201 POST http://10.180.1.21/identity/v3/auth/tokens 0.087s
2025-02-12 21:06:18.836 63386 INFO tempest.lib.common.rest_client [req-f9e90097-caf1-4dd6-b800-50e99af3b71c req-f9e90097-caf1-4dd6-b800-50e99af3b71c ] Request (AttachVolumeNegativeTest:setUpClass): 201 POST http://10.180.1.21/identity/v3/auth/tokens 0.035s
2025-02-12 21:06:18.860 63386 INFO tempest.lib.common.rest_client [req-1bb777ab-4d72-4882-adca-c370d4be95b8 req-1bb777ab-4d72-4882-adca-c370d4be95b8 ] Request (AttachVolumeNegativeTest:setUpClass): 200 GET http://10.180.1.21/identity/v3/domains?name=Default 0.024s
2025-02-12 21:06:18.873 63376 INFO tempest.lib.common.rest_client [req-33c43443-3b2f-4b0a-aa06-dc2420fe11fc req-33c43443-3b2f-4b0a-aa06-dc2420fe11fc ] Request (FloatingIPDetailsNegativeTestJSON:setUpClass): 201 POST http://10.180.1.21/identity/v3/auth/tokens 0.037s
2025-02-12 21:06:18.879 63420 INFO tempest.lib.common.rest_client [req-4c5c0986-5de7-4a3e-bf6f-24532234445e req-4c5c0986-5de7-4a3e-bf6f-24532234445e ] Request (ServerTagsTestJSON:tearDownClass): 200 GET http://10.180.1.21/compute/v2.1/servers/5ce1a2d0-f7ab-468a-bb75-17354b91f0ee 0.082s
2025-02-12 21:06:18.898 63386 INFO tempest.lib.common.rest_client [req-352be8d9-9e9e-4dc4-8163-35e0a191423a req-352be8d9-9e9e-4dc4-8163-35e0a191423a ] Request (AttachVolumeNegativeTest:setUpClass): 201 POST http://10.180.1.21/identity/v3/projects 0.037s
2025-02-12 21:06:18.905 63376 INFO tempest.lib.common.rest_client [req-55ca1e13-94f6-48e9-839c-a23bb67d782c req-55ca1e13-94f6-48e9-839c-a23bb67d782c ] Request (FloatingIPDetailsNegativeTestJSON:setUpClass): 200 GET http://10.180.1.21/identity/v3/domains?name=Default 0.031s
2025-02-12 21:06:18.923 63374 INFO tempest.lib.common.rest_client [req-48dbde32-33e2-4f97-83ae-f4e90186537c req-48dbde32-33e2-4f97-83ae-f4e90186537c ] Request (ServersAdminTestJSON:setUpClass): 200 GET http://10.180.1.21/compute/v2.1/servers/d4ce4f3a-0979-4c85-be63-8532eedb1593 0.062s
2025-02-12 21:06:18.958 63386 INFO tempest.lib.common.rest_client [req-93488103-7898-4b76-8c3a-b92e280036d5 req-93488103-7898-4b76-8c3a-b92e280036d5 ] Request (AttachVolumeNegativeTest:setUpClass): 201 POST http://10.180.1.21/identity/v3/users 0.060s
2025-02-12 21:06:18.964 63376 INFO tempest.lib.common.rest_client [req-8d3ce15a-99e6-4c4d-b277-13d88c673c8e req-8d3ce15a-99e6-4c4d-b277-13d88c673c8e ] Request (FloatingIPDetailsNegativeTestJSON:setUpClass): 201 POST http://10.180.1.21/identity/v3/projects 0.059s
2025-02-12 21:06:18.969 63372 INFO tempest.lib.common.rest_client [req-18d71223-b94a-4163-8f04-b2d591af04f1 req-18d71223-b94a-4163-8f04-b2d591af04f1 ] Request (ServersAdmin275Test:test_rebuild_update_server_275): 200 GET http://10.180.1.21/compute/v2.1/servers/2cbfe3ec-021d-49ac-909f-88b44a8844ca 0.060s
2025-02-12 21:06:19.012 63386 INFO tempest.lib.common.rest_client [req-ad8284ba-2a89-44ce-bd13-13364b96c4b8 req-ad8284ba-2a89-44ce-bd13-13364b96c4b8 ] Request (AttachVolumeNegativeTest:setUpClass): 200 GET http://10.180.1.21/identity/v3/roles 0.052s
2025-02-12 21:06:19.016 63376 INFO tempest.lib.common.rest_client [req-c9460d28-d4d0-458f-8196-be55924819ff req-c9460d28-d4d0-458f-8196-be55924819ff ] Request (FloatingIPDetailsNegativeTestJSON:setUpClass): 201 POST http://10.180.1.21/identity/v3/users 0.050s
2025-02-12 21:06:19.041 63376 INFO tempest.lib.common.rest_client [req-1dbaa2bf-7876-42fe-9eb0-2f8a13e61e2c req-1dbaa2bf-7876-42fe-9eb0-2f8a13e61e2c ] Request (FloatingIPDetailsNegativeTestJSON:setUpClass): 200 GET http://10.180.1.21/identity/v3/roles 0.025s
2025-02-12 21:06:19.043 63386 INFO tempest.lib.common.rest_client [req-68dfca4a-4e5b-470d-ba91-442dd1750224 req-68dfca4a-4e5b-470d-ba91-442dd1750224 ] Request (AttachVolumeNegativeTest:setUpClass): 204 PUT http://10.180.1.21/identity/v3/projects/cd087b8c1b2a4b00a298583f3e318e98/users/e5a7be003d92408283d3ffd5147c0a98/roles/2bd67354d6fd4d0b8e2004983e2cdea4 0.031s
2025-02-12 21:06:19.043 63386 INFO tempest.lib.common.dynamic_creds [-] Dynamic test user e5a7be003d92408283d3ffd5147c0a98 is created with scope project and roles: ['member']
2025-02-12 21:06:19.043 63386 INFO tempest.lib.common.dynamic_creds [-] Acquired dynamic creds: credentials: Credentials: {'domain_id': 'default', 'domain_name': 'Default', 'username': 'tempest-AttachVolumeNegativeTest-1289314854-project-member', 'project_domain_id': 'default', 'project_domain_name': 'Default', 'project_id': 'cd087b8c1b2a4b00a298583f3e318e98', 'project_name': 'tempest-AttachVolumeNegativeTest-1289314854', 'tenant_id': 'cd087b8c1b2a4b00a298583f3e318e98', 'tenant_name': 'tempest-AttachVolumeNegativeTest-1289314854', 'user_domain_id': 'default', 'user_domain_name': 'Default', 'user_id': 'e5a7be003d92408283d3ffd5147c0a98', 'system': None}, Network: None, Subnet: None, Router: None
2025-02-12 21:06:19.072 63388 WARNING tempest.lib.common.ssh [-] Failed to establish authenticated ssh connection to cirros@10.180.180.156 ([Errno None] Unable to connect to port 22 on 10.180.180.156). Number attempts: 8. Retry after 9 seconds.: paramiko.ssh_exception.NoValidConnectionsError: [Errno None] Unable to connect to port 22 on 10.180.180.156
2025-02-12 21:06:19.106 63386 INFO tempest.lib.common.rest_client [req-de82bcff-768a-437b-9f72-e232c23d3563 req-de82bcff-768a-437b-9f72-e232c23d3563 ] Request (AttachVolumeNegativeTest:setUpClass): 201 POST http://10.180.1.21/identity/v3/auth/tokens 0.062s
2025-02-12 21:06:19.108 63396 INFO tempest.lib.common.rest_client [req-235a3f78-aea2-4696-aab5-a16b16e611d4 req-235a3f78-aea2-4696-aab5-a16b16e611d4 ] Request (SecurityGroupsTestJSON:test_server_security_groups): 200 GET http://10.180.1.21/compute/v2.1/servers/70d8967e-a6f6-458e-965d-47ebfb867526 0.111s
2025-02-12 21:06:19.111 63376 INFO tempest.lib.common.rest_client [req-fbdbc1ed-7bb0-4c6d-9ae8-5d36371045e0 req-fbdbc1ed-7bb0-4c6d-9ae8-5d36371045e0 ] Request (FloatingIPDetailsNegativeTestJSON:setUpClass): 204 PUT http://10.180.1.21/identity/v3/projects/67d6c5c905b144a3982d06fc20da1b73/users/ee956544dcf64d96965b7fb980e7815a/roles/2bd67354d6fd4d0b8e2004983e2cdea4 0.070s
2025-02-12 21:06:19.112 63376 INFO tempest.lib.common.dynamic_creds [-] Dynamic test user ee956544dcf64d96965b7fb980e7815a is created with scope project and roles: ['member']
2025-02-12 21:06:19.112 63376 INFO tempest.lib.common.dynamic_creds [-] Acquired dynamic creds: credentials: Credentials: {'domain_id': 'default', 'domain_name': 'Default', 'username': 'tempest-FloatingIPDetailsNegativeTestJSON-581519735-project-member', 'project_domain_id': 'default', 'project_domain_name': 'Default', 'project_id': '67d6c5c905b144a3982d06fc20da1b73', 'project_name': 'tempest-FloatingIPDetailsNegativeTestJSON-581519735', 'tenant_id': '67d6c5c905b144a3982d06fc20da1b73', 'tenant_name': 'tempest-FloatingIPDetailsNegativeTestJSON-581519735', 'user_domain_id': 'default', 'user_domain_name': 'Default', 'user_id': 'ee956544dcf64d96965b7fb980e7815a', 'system': None}, Network: None, Subnet: None, Router: None
2025-02-12 21:06:19.130 63398 INFO tempest.lib.common.rest_client [req-a98243fc-b717-4aee-b5e3-9fb9c1f31060 req-a98243fc-b717-4aee-b5e3-9fb9c1f31060 ] Request (ImagesOneServerNegativeTestJSON:_run_cleanups): 201 POST http://10.180.1.21:9696/networking/v2.0/floatingips 0.462s
2025-02-12 21:06:19.152 63364 WARNING tempest.lib.common.ssh [-] Failed to establish authenticated ssh connection to cirros@10.180.180.181 ([Errno None] Unable to connect to port 22 on 10.180.180.181). Number attempts: 1. Retry after 2 seconds.: paramiko.ssh_exception.NoValidConnectionsError: [Errno None] Unable to connect to port 22 on 10.180.180.181
2025-02-12 21:06:19.168 63376 INFO tempest.lib.common.rest_client [req-db98ac16-7b0e-40d3-9253-63499ca31780 req-db98ac16-7b0e-40d3-9253-63499ca31780 ] Request (FloatingIPDetailsNegativeTestJSON:setUpClass): 201 POST http://10.180.1.21/identity/v3/auth/tokens 0.055s
2025-02-12 21:06:19.190 63418 INFO tempest.lib.common.rest_client [req-4706e0d4-f5f6-4897-a8f8-4e1a0ce0ca4b req-4706e0d4-f5f6-4897-a8f8-4e1a0ce0ca4b ] Request (FloatingIPsAssociationTestJSON:test_associate_already_associated_floating_ip): 200 GET http://10.180.1.21/compute/v2.1/servers/5f14a03a-430e-4972-9840-4729803e9acc 0.053s
2025-02-12 21:06:19.221 63398 INFO tempest.lib.common.rest_client [req-555cb5e1-89ad-4bad-9e28-efad5c8f1d99 req-555cb5e1-89ad-4bad-9e28-efad5c8f1d99 ] Request (ImagesOneServerNegativeTestJSON:_run_cleanups): 201 POST http://10.180.1.21/identity/v3/auth/tokens 0.087s
2025-02-12 21:06:19.222 63398 INFO tempest.lib.common.fixed_network [-] (ImagesOneServerNegativeTestJSON:_run_cleanups) Found network {'id': '55430171-f2ca-4b02-9cb7-36dba32d522a', 'name': 'tempest-ImagesOneServerNegativeTestJSON-647546687-network', 'tenant_id': '2424172a3360499784b733338ad3bb49', 'admin_state_up': True, 'mtu': 8950, 'status': 'ACTIVE', 'subnets': [], 'shared': False, 'project_id': '2424172a3360499784b733338ad3bb49', 'port_security_enabled': True, 'router:external': False, 'provider:network_type': 'vlan', 'provider:physical_network': 'default', 'provider:segmentation_id': 533, 'availability_zone_hints': [], 'availability_zones': [], 'ipv4_address_scope': None, 'ipv6_address_scope': None, 'description': '', 'tags': [], 'created_at': '2025-02-12T21:04:42Z', 'updated_at': '2025-02-12T21:04:42Z', 'revision_number': 1} available for tenant
2025-02-12 21:06:19.333 63380 INFO tempest.lib.common.rest_client [req-2c5ccde5-0d74-4ba3-9e0e-39df874a22aa req-2c5ccde5-0d74-4ba3-9e0e-39df874a22aa ] Request (ServerAddressesNegativeTestJSON:tearDownClass): 200 GET http://10.180.1.21/compute/v2.1/servers/0f02137b-ae02-4c2b-9188-50e4d80c11f6 0.084s
2025-02-12 21:06:19.416 63362 INFO tempest.lib.common.rest_client [req-dceabe3a-4347-40a4-bba0-0196fb1a62bb req-dceabe3a-4347-40a4-bba0-0196fb1a62bb ] Request (ServerDiskConfigTestJSON:test_resize_server_from_auto_to_manual): 200 GET http://10.180.1.21/compute/v2.1/servers/dc294ec0-d246-43eb-b334-15578b9aaa9d 0.102s
2025-02-12 21:06:19.448 63402 INFO tempest.lib.common.rest_client [req-483e93ca-f08b-4011-be4c-c23bd34c772a req-483e93ca-f08b-4011-be4c-c23bd34c772a ] Request (DeleteServersTestJSON:test_delete_server_while_in_attached_volume): 200 GET http://10.180.1.21/volume/v3/volumes/f89a46c8-0590-4761-90c6-9165635bbf5e 0.049s
2025-02-12 21:06:19.555 63376 INFO tempest.lib.common.rest_client [req-92dbd144-d3f7-4d81-8045-00c7774f3c07 req-92dbd144-d3f7-4d81-8045-00c7774f3c07 ] Request (FloatingIPDetailsNegativeTestJSON:setUpClass): 201 POST http://10.180.1.21:9696/networking/v2.0/networks 0.387s
2025-02-12 21:06:19.558 63386 INFO tempest.lib.common.rest_client [req-0b7177c8-7cca-4056-be77-3648ad00c315 req-0b7177c8-7cca-4056-be77-3648ad00c315 ] Request (AttachVolumeNegativeTest:setUpClass): 201 POST http://10.180.1.21:9696/networking/v2.0/networks 0.452s
2025-02-12 21:06:19.609 63400 INFO tempest.lib.common.rest_client [req-699d3409-fda2-415d-8172-ed36c9cdfa3e req-699d3409-fda2-415d-8172-ed36c9cdfa3e ] Request (ListServerFiltersTestJSON:tearDownClass): 200 GET http://10.180.1.21/compute/v2.1/servers/7d0e6646-06a1-446a-8650-7208d1ce265e 0.142s
2025-02-12 21:06:19.731 63398 INFO tempest.lib.common.rest_client [req-194ce6f6-c07b-4eeb-9e46-312786e1e83c req-194ce6f6-c07b-4eeb-9e46-312786e1e83c ] Request (ImagesOneServerNegativeTestJSON:_run_cleanups): 202 POST http://10.180.1.21/compute/v2.1/servers 0.509s
2025-02-12 21:06:19.743 63386 INFO tempest.lib.common.rest_client [req-db40b038-876d-4c98-8fc5-4127e7524c88 req-db40b038-876d-4c98-8fc5-4127e7524c88 ] Request (AttachVolumeNegativeTest:setUpClass): 201 POST http://10.180.1.21:9696/networking/v2.0/subnets 0.184s
2025-02-12 21:06:19.745 63384 INFO tempest.lib.common.rest_client [req-f711786b-ead1-4bac-a1b3-7ab62ccd8af5 req-f711786b-ead1-4bac-a1b3-7ab62ccd8af5 ] Request (AttachInterfacesUnderV243Test:test_add_remove_fixed_ip): 200 GET http://10.180.1.21/compute/v2.1/servers/f8ee9bc6-f2db-4b76-89d5-7e20cad2ac5c 0.248s
2025-02-12 21:06:19.815 63390 INFO tempest.lib.common.rest_client [req-bb426c92-1f1b-4e1e-aa6c-a7e1466a7a7c req-bb426c92-1f1b-4e1e-aa6c-a7e1466a7a7c ] Request (ServersTestMultiNic:_run_cleanups): 200 GET http://10.180.1.21/compute/v2.1/servers/14f3e0ba-7c1f-4744-b258-52e3dce205b1 0.205s
2025-02-12 21:06:19.833 63368 WARNING tempest.lib.common.ssh [-] Failed to establish authenticated ssh connection to cirros@10.180.180.178 ([Errno None] Unable to connect to port 22 on 10.180.180.178). Number attempts: 10. Retry after 11 seconds.: paramiko.ssh_exception.NoValidConnectionsError: [Errno None] Unable to connect to port 22 on 10.180.180.178
2025-02-12 21:06:19.882 63394 INFO tempest.lib.common.rest_client [req-e007a48f-db96-46a3-9c29-5a1467fbc8cf req-e007a48f-db96-46a3-9c29-5a1467fbc8cf ] Request (ServerRescueTestJSON:setUpClass): 200 GET http://10.180.1.21/compute/v2.1/servers/974b051e-74c5-457d-b734-ef7fa65a8d3d 0.208s
2025-02-12 21:06:19.952 63392 INFO tempest.lib.common.rest_client [req-ddf8cff5-9f66-4f41-bf6a-7649e10d9bdd req-ddf8cff5-9f66-4f41-bf6a-7649e10d9bdd ] Request (AttachInterfacesTestJSON:test_create_list_show_delete_interfaces_by_fixed_ip): 200 GET http://10.180.1.21/compute/v2.1/servers/dd9d50c4-0607-4247-8e76-06903fb0a599 0.278s
2025-02-12 21:06:19.993 63398 INFO tempest.lib.common.rest_client [req-ca5ae922-3932-4a68-af5f-77de15a122a0 req-ca5ae922-3932-4a68-af5f-77de15a122a0 ] Request (ImagesOneServerNegativeTestJSON:_run_cleanups): 200 GET http://10.180.1.21/compute/v2.1/servers/9c02e136-fd81-4ea7-ae6b-bebc423d97d4 0.261s
2025-02-12 21:06:20.054 63366 INFO tempest.lib.common.rest_client [req-b02b3c21-a890-487f-977d-6a075620917e req-b02b3c21-a890-487f-977d-6a075620917e ] Request (VolumesAdminNegativeTest:test_update_attached_volume_with_nonexistent_volume_in_body): 200 GET http://10.180.1.21/compute/v2.1/servers/73827131-0a2c-48ac-9358-d5d301c1144f 0.314s
2025-02-12 21:06:20.058 63410 INFO tempest.lib.common.rest_client [req-3258cc26-8c5f-4461-ab77-afb234cc0e1a req-3258cc26-8c5f-4461-ab77-afb234cc0e1a ] Request (ServersAaction247Test:tearDownClass): 200 GET http://10.180.1.21/compute/v2.1/servers/443ff84c-f6fa-4514-9589-9fd02c7d7851 0.439s
2025-02-12 21:06:20.114 63382 INFO tempest.lib.common.rest_client [req-f02e4493-b557-40cc-80de-215c81fa0bc4 req-f02e4493-b557-40cc-80de-215c81fa0bc4 ] Request (MigrationsAdminTest:test_resize_server_revert_deleted_flavor): 200 GET http://10.180.1.21/compute/v2.1/servers/b6326a0e-f6b0-466a-8c18-9a3e6b112e42 0.371s
2025-02-12 21:06:20.124 63378 INFO tempest.lib.common.rest_client [req-3af31426-0388-4ff6-822f-45d11d0beab9 req-3af31426-0388-4ff6-822f-45d11d0beab9 ] Request (ServersTestJSON:test_create_server_specify_multibyte_character_name): 200 GET http://10.180.1.21/compute/v2.1/servers/8faf95e3-ce3a-4e0a-91f1-f508a80fb268 0.330s
2025-02-12 21:06:20.166 63404 INFO tempest.lib.common.rest_client [req-7294c2d0-763e-4edf-84d1-d91acfc2ef7e req-7294c2d0-763e-4edf-84d1-d91acfc2ef7e ] Request (ListImageFiltersTestJSON:setUpClass): 200 GET http://10.180.1.21/compute/v2.1/images/7aa3cfdf-9e4d-4245-93e0-bd00ab289ba7 0.338s
2025-02-12 21:06:20.176 63424 INFO tempest.lib.common.rest_client [req-f93271f4-161a-4773-8a55-3b64954d6233 req-f93271f4-161a-4773-8a55-3b64954d6233 ] Request (ImagesTestJSON:test_create_image_from_stopped_server): 200 GET http://10.180.1.21/compute/v2.1/servers/32fdad42-1e49-403b-a3d5-76f47b87d567 0.358s
2025-02-12 21:06:20.217 63376 INFO tempest.lib.common.rest_client [req-2004c3ee-7f97-4b8a-8144-19cb63add13b req-2004c3ee-7f97-4b8a-8144-19cb63add13b ] Request (FloatingIPDetailsNegativeTestJSON:setUpClass): 201 POST http://10.180.1.21:9696/networking/v2.0/subnets 0.661s
2025-02-12 21:06:20.238 63374 INFO tempest.lib.common.rest_client [req-689deca5-9499-49dd-b540-638fb65b515e req-689deca5-9499-49dd-b540-638fb65b515e ] Request (ServersAdminTestJSON:setUpClass): 200 GET http://10.180.1.21/compute/v2.1/servers/d4ce4f3a-0979-4c85-be63-8532eedb1593 0.306s
2025-02-12 21:06:20.319 63372 INFO tempest.lib.common.rest_client [req-5b206ceb-6cb0-45cf-806f-ccd7f65da7fa req-5b206ceb-6cb0-45cf-806f-ccd7f65da7fa ] Request (ServersAdmin275Test:test_rebuild_update_server_275): 200 GET http://10.180.1.21/compute/v2.1/servers/2cbfe3ec-021d-49ac-909f-88b44a8844ca 0.340s
2025-02-12 21:06:20.501 63402 INFO tempest.lib.common.rest_client [req-59a500ee-b804-4ed2-b9ad-d42f70e20b68 req-59a500ee-b804-4ed2-b9ad-d42f70e20b68 ] Request (DeleteServersTestJSON:test_delete_server_while_in_attached_volume): 200 GET http://10.180.1.21/volume/v3/volumes/f89a46c8-0590-4761-90c6-9165635bbf5e 0.045s
2025-02-12 21:06:20.569 63420 INFO tempest.lib.common.rest_client [req-adf5f3b6-17e6-4919-b33a-268ffdcb0acd req-adf5f3b6-17e6-4919-b33a-268ffdcb0acd ] Request (ServerTagsTestJSON:tearDownClass): 200 GET http://10.180.1.21/compute/v2.1/servers/5ce1a2d0-f7ab-468a-bb75-17354b91f0ee 0.679s
2025-02-12 21:06:20.654 63418 INFO tempest.lib.common.rest_client [req-bb6ac544-4804-470a-b534-91bc4481b30f req-bb6ac544-4804-470a-b534-91bc4481b30f ] Request (FloatingIPsAssociationTestJSON:test_associate_already_associated_floating_ip): 200 GET http://10.180.1.21/compute/v2.1/servers/5f14a03a-430e-4972-9840-4729803e9acc 0.457s
2025-02-12 21:06:20.726 63380 INFO tempest.lib.common.rest_client [req-487456f7-e609-4745-8e1b-0d7de666cc53 req-487456f7-e609-4745-8e1b-0d7de666cc53 ] Request (ServerAddressesNegativeTestJSON:tearDownClass): 200 GET http://10.180.1.21/compute/v2.1/servers/0f02137b-ae02-4c2b-9188-50e4d80c11f6 0.386s
2025-02-12 21:06:20.745 63396 INFO tempest.lib.common.rest_client [req-f4c8b939-d31c-4d93-8aed-fd7a30d361d3 req-f4c8b939-d31c-4d93-8aed-fd7a30d361d3 ] Request (SecurityGroupsTestJSON:test_server_security_groups): 200 GET http://10.180.1.21/compute/v2.1/servers/70d8967e-a6f6-458e-965d-47ebfb867526 0.628s
2025-02-12 21:06:20.789 63362 INFO tempest.lib.common.rest_client [req-0277dc2d-2f05-4a0d-98c2-bf0f4b5d2815 req-0277dc2d-2f05-4a0d-98c2-bf0f4b5d2815 ] Request (ServerDiskConfigTestJSON:test_resize_server_from_auto_to_manual): 200 GET http://10.180.1.21/compute/v2.1/servers/dc294ec0-d246-43eb-b334-15578b9aaa9d 0.362s
2025-02-12 21:06:20.857 63386 INFO tempest.lib.common.rest_client [req-8d16e046-ac03-41c2-86bb-7e32aeea70d6 req-8d16e046-ac03-41c2-86bb-7e32aeea70d6 ] Request (AttachVolumeNegativeTest:setUpClass): 201 POST http://10.180.1.21:9696/networking/v2.0/routers 1.114s
2025-02-12 21:06:20.892 63400 INFO tempest.lib.common.rest_client [req-f86d53e8-9dd1-433a-8ccd-88c0be447605 req-f86d53e8-9dd1-433a-8ccd-88c0be447605 ] Request (ListServerFiltersTestJSON:tearDownClass): 200 GET http://10.180.1.21/compute/v2.1/servers/7d0e6646-06a1-446a-8650-7208d1ce265e 0.274s
2025-02-12 21:06:20.994 63390 INFO tempest.lib.common.rest_client [req-125d076f-a444-470d-bd14-2cd6c3416cba req-125d076f-a444-470d-bd14-2cd6c3416cba ] Request (ServersTestMultiNic:_run_cleanups): 200 GET http://10.180.1.21/compute/v2.1/servers/14f3e0ba-7c1f-4744-b258-52e3dce205b1 0.170s
2025-02-12 21:06:21.001 63384 INFO tempest.lib.common.rest_client [req-89219738-d36c-4f71-a6b9-8b59a7811aad req-89219738-d36c-4f71-a6b9-8b59a7811aad ] Request (AttachInterfacesUnderV243Test:test_add_remove_fixed_ip): 200 GET http://10.180.1.21/compute/v2.1/servers/f8ee9bc6-f2db-4b76-89d5-7e20cad2ac5c 0.248s
2025-02-12 21:06:21.013 63384 INFO tempest.common.waiters [-] State transition "BUILD/spawning" ==> "ACTIVE/None" after 66 second wait
2025-02-12 21:06:21.071 63394 INFO tempest.lib.common.rest_client [req-5a30f8ee-d5b2-4c45-950b-686ac3476d8a req-5a30f8ee-d5b2-4c45-950b-686ac3476d8a ] Request (ServerRescueTestJSON:setUpClass): 200 GET http://10.180.1.21/compute/v2.1/servers/974b051e-74c5-457d-b734-ef7fa65a8d3d 0.171s
2025-02-12 21:06:21.107 63392 INFO tempest.lib.common.rest_client [req-87dc0bb7-071f-4c22-b274-3e4ea1187646 req-87dc0bb7-071f-4c22-b274-3e4ea1187646 ] Request (AttachInterfacesTestJSON:test_create_list_show_delete_interfaces_by_fixed_ip): 200 GET http://10.180.1.21/compute/v2.1/servers/dd9d50c4-0607-4247-8e76-06903fb0a599 0.144s
2025-02-12 21:06:21.116 63392 INFO tempest.common.waiters [-] State transition "BUILD/None" ==> "BUILD/block_device_mapping" after 66 second wait
2025-02-12 21:06:21.139 63398 INFO tempest.lib.common.rest_client [req-7498c987-d223-4bcd-b76a-ccf25a27c89b req-7498c987-d223-4bcd-b76a-ccf25a27c89b ] Request (ImagesOneServerNegativeTestJSON:_run_cleanups): 200 GET http://10.180.1.21/compute/v2.1/servers/9c02e136-fd81-4ea7-ae6b-bebc423d97d4 0.135s
2025-02-12 21:06:21.214 63366 INFO tempest.lib.common.rest_client [req-a5b70927-58e3-4a75-936c-79a4d4a9d65b req-a5b70927-58e3-4a75-936c-79a4d4a9d65b ] Request (VolumesAdminNegativeTest:test_update_attached_volume_with_nonexistent_volume_in_body): 200 GET http://10.180.1.21/compute/v2.1/servers/73827131-0a2c-48ac-9358-d5d301c1144f 0.148s
2025-02-12 21:06:21.218 63384 INFO tempest.lib.common.rest_client [req-0c4c8c9c-302b-4530-abc6-54cca9d6d4a8 req-0c4c8c9c-302b-4530-abc6-54cca9d6d4a8 ] Request (AttachInterfacesUnderV243Test:test_add_remove_fixed_ip): 200 GET http://10.180.1.21/compute/v2.1/servers/f8ee9bc6-f2db-4b76-89d5-7e20cad2ac5c/os-interface 0.204s
2025-02-12 21:06:21.333 63382 INFO tempest.lib.common.rest_client [req-80e81f13-dfc2-4298-b121-6777aa97f49d req-80e81f13-dfc2-4298-b121-6777aa97f49d ] Request (MigrationsAdminTest:test_resize_server_revert_deleted_flavor): 200 GET http://10.180.1.21/compute/v2.1/servers/b6326a0e-f6b0-466a-8c18-9a3e6b112e42 0.205s
2025-02-12 21:06:21.362 63410 INFO tempest.lib.common.rest_client [req-05fbbdac-3196-40fc-9ea4-82271e140f34 req-05fbbdac-3196-40fc-9ea4-82271e140f34 ] Request (ServersAaction247Test:tearDownClass): 200 GET http://10.180.1.21/compute/v2.1/servers/443ff84c-f6fa-4514-9589-9fd02c7d7851 0.295s
2025-02-12 21:06:21.405 63404 INFO tempest.lib.common.rest_client [req-4e07fe62-d40a-4f87-a737-4c5b87f250ff req-4e07fe62-d40a-4f87-a737-4c5b87f250ff ] Request (ListImageFiltersTestJSON:setUpClass): 200 GET http://10.180.1.21/compute/v2.1/images/7aa3cfdf-9e4d-4245-93e0-bd00ab289ba7 0.234s
2025-02-12 21:06:21.412 63378 INFO tempest.lib.common.rest_client [req-03b4f058-291f-49a0-8a0f-3be45e540d2a req-03b4f058-291f-49a0-8a0f-3be45e540d2a ] Request (ServersTestJSON:test_create_server_specify_multibyte_character_name): 200 GET http://10.180.1.21/compute/v2.1/servers/8faf95e3-ce3a-4e0a-91f1-f508a80fb268 0.275s
2025-02-12 21:06:21.495 63374 INFO tempest.lib.common.rest_client [req-12d4eee7-a465-4a7e-9399-9c524eb1f2f1 req-12d4eee7-a465-4a7e-9399-9c524eb1f2f1 ] Request (ServersAdminTestJSON:setUpClass): 200 GET http://10.180.1.21/compute/v2.1/servers/d4ce4f3a-0979-4c85-be63-8532eedb1593 0.238s
2025-02-12 21:06:21.501 63424 INFO tempest.lib.common.rest_client [req-8ba8f3c6-8049-49b1-ace0-13f6b7adda44 req-8ba8f3c6-8049-49b1-ace0-13f6b7adda44 ] Request (ImagesTestJSON:test_create_image_from_stopped_server): 200 GET http://10.180.1.21/compute/v2.1/servers/32fdad42-1e49-403b-a3d5-76f47b87d567 0.316s
2025-02-12 21:06:21.557 63402 INFO tempest.lib.common.rest_client [req-0a21bea3-aaf8-420c-8e8d-15b8119c7acb req-0a21bea3-aaf8-420c-8e8d-15b8119c7acb ] Request (DeleteServersTestJSON:test_delete_server_while_in_attached_volume): 200 GET http://10.180.1.21/volume/v3/volumes/f89a46c8-0590-4761-90c6-9165635bbf5e 0.044s
2025-02-12 21:06:21.597 63372 INFO tempest.lib.common.rest_client [req-336bd9b6-7f8a-422b-add7-2d1be2bbc7d1 req-336bd9b6-7f8a-422b-add7-2d1be2bbc7d1 ] Request (ServersAdmin275Test:test_rebuild_update_server_275): 200 GET http://10.180.1.21/compute/v2.1/servers/2cbfe3ec-021d-49ac-909f-88b44a8844ca 0.266s
2025-02-12 21:06:21.669 63420 INFO tempest.lib.common.rest_client [req-077872e8-f049-441c-9a54-b942ba5da433 req-077872e8-f049-441c-9a54-b942ba5da433 ] Request (ServerTagsTestJSON:tearDownClass): 200 GET http://10.180.1.21/compute/v2.1/servers/5ce1a2d0-f7ab-468a-bb75-17354b91f0ee 0.084s
2025-02-12 21:06:21.681 63376 INFO tempest.lib.common.rest_client [req-033213a0-24f0-4d3a-b0d7-342cabce221b req-033213a0-24f0-4d3a-b0d7-342cabce221b ] Request (FloatingIPDetailsNegativeTestJSON:setUpClass): 201 POST http://10.180.1.21:9696/networking/v2.0/routers 1.464s
2025-02-12 21:06:21.730 63418 INFO tempest.lib.common.rest_client [req-efbc1c46-f7e9-4bcf-8c65-a8913284bbad req-efbc1c46-f7e9-4bcf-8c65-a8913284bbad ] Request (FloatingIPsAssociationTestJSON:test_associate_already_associated_floating_ip): 200 GET http://10.180.1.21/compute/v2.1/servers/5f14a03a-430e-4972-9840-4729803e9acc 0.067s
2025-02-12 21:06:21.841 63380 INFO tempest.lib.common.rest_client [req-66dde265-f4fe-427b-9043-91b00cac5a2e req-66dde265-f4fe-427b-9043-91b00cac5a2e ] Request (ServerAddressesNegativeTestJSON:tearDownClass): 200 GET http://10.180.1.21/compute/v2.1/servers/0f02137b-ae02-4c2b-9188-50e4d80c11f6 0.103s
2025-02-12 21:06:21.924 63362 INFO tempest.lib.common.rest_client [req-664c65a5-a16c-4201-b983-5fb39fc63671 req-664c65a5-a16c-4201-b983-5fb39fc63671 ] Request (ServerDiskConfigTestJSON:test_resize_server_from_auto_to_manual): 200 GET http://10.180.1.21/compute/v2.1/servers/dc294ec0-d246-43eb-b334-15578b9aaa9d 0.121s
2025-02-12 21:06:21.937 63396 INFO tempest.lib.common.rest_client [req-f05587c4-339d-423a-a87d-d05fdb279eaa req-f05587c4-339d-423a-a87d-d05fdb279eaa ] Request (SecurityGroupsTestJSON:test_server_security_groups): 200 GET http://10.180.1.21/compute/v2.1/servers/70d8967e-a6f6-458e-965d-47ebfb867526 0.181s
2025-02-12 21:06:21.946 63396 INFO tempest.common.waiters [-] State transition "HARD_REBOOT/rebooting_hard" ==> "HARD_REBOOT/reboot_started_hard" after 4 second wait
2025-02-12 21:06:22.003 63400 INFO tempest.lib.common.rest_client [req-e4e521ce-3430-4270-832c-0648256c36b6 req-e4e521ce-3430-4270-832c-0648256c36b6 ] Request (ListServerFiltersTestJSON:tearDownClass): 200 GET http://10.180.1.21/compute/v2.1/servers/7d0e6646-06a1-446a-8650-7208d1ce265e 0.103s
2025-02-12 21:06:22.074 63390 INFO tempest.lib.common.rest_client [req-71446bc0-47bd-4dea-8fd2-c434d92d2719 req-71446bc0-47bd-4dea-8fd2-c434d92d2719 ] Request (ServersTestMultiNic:_run_cleanups): 200 GET http://10.180.1.21/compute/v2.1/servers/14f3e0ba-7c1f-4744-b258-52e3dce205b1 0.069s
2025-02-12 21:06:22.181 63394 INFO tempest.lib.common.rest_client [req-467a3e2d-ebf8-42dd-8773-7e693f1c5a9d req-467a3e2d-ebf8-42dd-8773-7e693f1c5a9d ] Request (ServerRescueTestJSON:setUpClass): 200 GET http://10.180.1.21/compute/v2.1/servers/974b051e-74c5-457d-b734-ef7fa65a8d3d 0.099s
2025-02-12 21:06:22.207 63364 WARNING tempest.lib.common.ssh [-] Failed to establish authenticated ssh connection to cirros@10.180.180.181 ([Errno None] Unable to connect to port 22 on 10.180.180.181). Number attempts: 2. Retry after 3 seconds.: paramiko.ssh_exception.NoValidConnectionsError: [Errno None] Unable to connect to port 22 on 10.180.180.181
2025-02-12 21:06:22.236 63392 INFO tempest.lib.common.rest_client [req-1f6ace89-519d-41e3-9729-852574b28a78 req-1f6ace89-519d-41e3-9729-852574b28a78 ] Request (AttachInterfacesTestJSON:test_create_list_show_delete_interfaces_by_fixed_ip): 200 GET http://10.180.1.21/compute/v2.1/servers/dd9d50c4-0607-4247-8e76-06903fb0a599 0.119s
2025-02-12 21:06:22.247 63392 INFO tempest.common.waiters [-] State transition "BUILD/block_device_mapping" ==> "BUILD/spawning" after 67 second wait
2025-02-12 21:06:22.281 63398 INFO tempest.lib.common.rest_client [req-b12629c2-9604-4708-833b-b0ac7473d93e req-b12629c2-9604-4708-833b-b0ac7473d93e ] Request (ImagesOneServerNegativeTestJSON:_run_cleanups): 200 GET http://10.180.1.21/compute/v2.1/servers/9c02e136-fd81-4ea7-ae6b-bebc423d97d4 0.128s
2025-02-12 21:06:22.299 63366 INFO tempest.lib.common.rest_client [req-2ec2a943-0396-4e18-8e06-9f486b940aad req-2ec2a943-0396-4e18-8e06-9f486b940aad ] Request (VolumesAdminNegativeTest:test_update_attached_volume_with_nonexistent_volume_in_body): 200 GET http://10.180.1.21/compute/v2.1/servers/73827131-0a2c-48ac-9358-d5d301c1144f 0.068s
2025-02-12 21:06:22.427 63382 INFO tempest.lib.common.rest_client [req-1d2f0a16-6072-4d56-b3bf-f93b4ca3c044 req-1d2f0a16-6072-4d56-b3bf-f93b4ca3c044 ] Request (MigrationsAdminTest:test_resize_server_revert_deleted_flavor): 200 GET http://10.180.1.21/compute/v2.1/servers/b6326a0e-f6b0-466a-8c18-9a3e6b112e42 0.084s
2025-02-12 21:06:22.444 63384 INFO tempest.lib.common.rest_client [req-6c88869a-5ca8-43b1-885c-8ffe18c0184e req-6c88869a-5ca8-43b1-885c-8ffe18c0184e ] Request (AttachInterfacesUnderV243Test:test_add_remove_fixed_ip): 200 PUT http://10.180.1.21:9696/networking/v2.0/floatingips/e84b003c-73ae-416e-97ab-6fcca404d931 1.224s
2025-02-12 21:06:22.467 63410 INFO tempest.lib.common.rest_client [req-a39293b7-2275-4a71-aa46-4fb31480d779 req-a39293b7-2275-4a71-aa46-4fb31480d779 ] Request (ServersAaction247Test:tearDownClass): 200 GET http://10.180.1.21/compute/v2.1/servers/443ff84c-f6fa-4514-9589-9fd02c7d7851 0.089s
2025-02-12 21:06:22.473 63404 INFO tempest.lib.common.rest_client [req-0e84a473-323f-41d5-a3f3-5baa285242c7 req-0e84a473-323f-41d5-a3f3-5baa285242c7 ] Request (ListImageFiltersTestJSON:setUpClass): 200 GET http://10.180.1.21/compute/v2.1/images/7aa3cfdf-9e4d-4245-93e0-bd00ab289ba7 0.064s
2025-02-12 21:06:22.538 63378 INFO tempest.lib.common.rest_client [req-a95e2e3c-ccff-4c31-ba2b-ad484956130c req-a95e2e3c-ccff-4c31-ba2b-ad484956130c ] Request (ServersTestJSON:test_create_server_specify_multibyte_character_name): 200 GET http://10.180.1.21/compute/v2.1/servers/8faf95e3-ce3a-4e0a-91f1-f508a80fb268 0.117s
2025-02-12 21:06:22.598 63374 INFO tempest.lib.common.rest_client [req-73d335ae-b663-4da5-99d4-abba5aa95e4d req-73d335ae-b663-4da5-99d4-abba5aa95e4d ] Request (ServersAdminTestJSON:setUpClass): 200 GET http://10.180.1.21/compute/v2.1/servers/d4ce4f3a-0979-4c85-be63-8532eedb1593 0.084s
2025-02-12 21:06:22.607 63374 INFO tempest.common.waiters [-] State transition "BUILD/scheduling" ==> "BUILD/None" after 15 second wait
2025-02-12 21:06:22.612 63402 INFO tempest.lib.common.rest_client [req-15c641b8-ef1e-47bd-8989-844d6cfaa33d req-15c641b8-ef1e-47bd-8989-844d6cfaa33d ] Request (DeleteServersTestJSON:test_delete_server_while_in_attached_volume): 200 GET http://10.180.1.21/volume/v3/volumes/f89a46c8-0590-4761-90c6-9165635bbf5e 0.046s
2025-02-12 21:06:22.621 63402 INFO tempest.common.waiters [-] Attachment 48647e70-13a0-4e32-ba6c-51bca75eb68f created for volume f89a46c8-0590-4761-90c6-9165635bbf5e to server ffd06d8f-e9e1-4a87-a1ee-3df21bc03941 after waiting for 8.621065 seconds
2025-02-12 21:06:22.654 63424 INFO tempest.lib.common.rest_client [req-c9a18535-8ec8-4f0a-9563-d7b0a7d1d3f8 req-c9a18535-8ec8-4f0a-9563-d7b0a7d1d3f8 ] Request (ImagesTestJSON:test_create_image_from_stopped_server): 200 GET http://10.180.1.21/compute/v2.1/servers/32fdad42-1e49-403b-a3d5-76f47b87d567 0.138s
