2025-02-12 21:04:45.361 63406 INFO tempest.lib.common.rest_client [req-8bdd3ce3-f50c-42a7-a59c-4f54fa382f97 req-8bdd3ce3-f50c-42a7-a59c-4f54fa382f97 ] Request (HostsAdminTestJSON:tearDownClass): 200 GET http://10.180.1.21:9696/networking/v2.0/security-groups?tenant_id=ca9560ae7a60433abd74defde4614f88&name=default 0.229s
2025-02-12 21:04:45.437 63398 INFO tempest.lib.common.rest_client [req-56f488e0-a93f-415b-be85-f96d2ef7a99f req-56f488e0-a93f-415b-be85-f96d2ef7a99f ] Request (ImagesOneServerNegativeTestJSON:setUpClass): 201 POST http://10.180.1.21/identity/v3/auth/tokens 0.095s
2025-02-12 21:04:45.461 63414 INFO tempest.lib.common.rest_client [req-8bdb55ae-c559-439c-a9f1-2e3149b1f399 req-8bdb55ae-c559-439c-a9f1-2e3149b1f399 ] Request (FloatingIPsTestJSON:_run_cleanups): 202 DELETE http://10.180.1.21/compute/v2.1/os-floating-ips/f2be353f-3424-4b12-bc88-8b29b1b9cf9d 1.421s
2025-02-12 21:04:45.473 63398 INFO tempest.lib.common.rest_client [req-1a534b31-e94c-4972-9408-9be74196b046 req-1a534b31-e94c-4972-9408-9be74196b046 ] Request (ImagesOneServerNegativeTestJSON:setUpClass): 201 POST http://10.180.1.21/identity/v3/auth/tokens 0.032s
2025-02-12 21:04:45.474 63398 INFO tempest.lib.common.fixed_network [-] (ImagesOneServerNegativeTestJSON:setUpClass) Found network {'id': '55430171-f2ca-4b02-9cb7-36dba32d522a', 'name': 'tempest-ImagesOneServerNegativeTestJSON-647546687-network', 'tenant_id': '2424172a3360499784b733338ad3bb49', 'admin_state_up': True, 'mtu': 8950, 'status': 'ACTIVE', 'subnets': [], 'shared': False, 'project_id': '2424172a3360499784b733338ad3bb49', 'port_security_enabled': True, 'router:external': False, 'provider:network_type': 'vlan', 'provider:physical_network': 'default', 'provider:segmentation_id': 533, 'availability_zone_hints': [], 'availability_zones': [], 'ipv4_address_scope': None, 'ipv6_address_scope': None, 'description': '', 'tags': [], 'created_at': '2025-02-12T21:04:42Z', 'updated_at': '2025-02-12T21:04:42Z', 'revision_number': 1} available for tenant
2025-02-12 21:04:45.484 63406 INFO tempest.lib.common.rest_client [req-9cd111a4-437c-4a3a-a166-ccd907584442 req-9cd111a4-437c-4a3a-a166-ccd907584442 ] Request (HostsAdminTestJSON:tearDownClass): 204 DELETE http://10.180.1.21:9696/networking/v2.0/security-groups/068ffb9a-b25b-4f0a-9258-0614fea30086 0.123s
2025-02-12 21:04:45.485 63380 INFO tempest.lib.common.rest_client [req-c318287c-4d99-4800-a4c0-180ae9cc7a54 req-c318287c-4d99-4800-a4c0-180ae9cc7a54 ] Request (ServicesAdminNegativeV253TestJSON:test_enable_service_with_invalid_service_id): 404 PUT http://10.180.1.21/compute/v2.1/os-services/85615290-1daa-460f-9502-fbeed597ffa9 1.430s
2025-02-12 21:04:45.514 63416 INFO tempest.lib.common.rest_client [req-8468bdab-7d9c-40d0-a4fb-752c6406ded2 req-8468bdab-7d9c-40d0-a4fb-752c6406ded2 ] Request (KeyPairsNegativeTestJSON:test_create_keypair_with_duplicate_name): 202 DELETE http://10.180.1.21/compute/v2.1/os-keypairs/tempest-keypair-2099780506 1.367s
2025-02-12 21:04:45.547 63406 INFO tempest.lib.common.rest_client [req-8da59fda-cb78-42d9-8701-99e32db11de9 req-8da59fda-cb78-42d9-8701-99e32db11de9 ] Request (HostsAdminTestJSON:tearDownClass): 204 DELETE http://10.180.1.21/identity/v3/projects/ca9560ae7a60433abd74defde4614f88 0.063s
2025-02-12 21:04:45.548 63406 INFO tempest.lib.common.dynamic_creds [-] Deleting project and security group for project: b4e43523ea8848cfb27f22afd0051234
2025-02-12 21:04:45.628 63378 INFO tempest.lib.common.rest_client [req-b275edf8-a452-4489-9d36-0f1f23091cfc req-b275edf8-a452-4489-9d36-0f1f23091cfc ] Request (QuotasAdminTestJSON:test_get_default_quotas): 200 GET http://10.180.1.21/compute/v2.1/os-quota-sets/05112747a71d4c219db36ed7df4d356a/defaults 1.440s
2025-02-12 21:04:45.630 63396 INFO tempest.lib.common.rest_client [req-953debe5-7d20-4f63-a743-b12de73fdcd9 req-953debe5-7d20-4f63-a743-b12de73fdcd9 ] Request (SecurityGroupsTestJSON:test_list_security_groups_by_server): 202 POST http://10.180.1.21/compute/v2.1/servers/1f9e63fc-b3df-4435-ae2c-afe64c256f93/action 1.771s
2025-02-12 21:04:45.650 63406 INFO tempest.lib.common.rest_client [req-ae4157f2-2074-4079-9452-c20e61760f19 req-ae4157f2-2074-4079-9452-c20e61760f19 ] Request (HostsAdminTestJSON:tearDownClass): 200 GET http://10.180.1.21:9696/networking/v2.0/security-groups?tenant_id=b4e43523ea8848cfb27f22afd0051234&name=default 0.102s
2025-02-12 21:04:45.665 63378 INFO tempest.lib.common.rest_client [req-64f8ebca-68e6-443f-90fc-ebceaf31d314 req-64f8ebca-68e6-443f-90fc-ebceaf31d314 ] Request (QuotasAdminTestJSON:test_get_updated_quotas): 200 GET http://10.180.1.21/identity/v3/domains?name=Default 0.032s
2025-02-12 21:04:45.674 63370 INFO tempest.lib.common.rest_client [req-6636d24e-e4a7-4580-af77-07ad955a0d2e req-6636d24e-e4a7-4580-af77-07ad955a0d2e ] Request (VolumesTestJSON:test_volume_list_param_offset_and_limit): 200 GET http://10.180.1.21/compute/v2.1/os-volumes 1.402s
2025-02-12 21:04:45.706 63378 INFO tempest.lib.common.rest_client [req-4bab1fc9-e610-4de2-bdf5-9f1cb33a9e1e req-4bab1fc9-e610-4de2-bdf5-9f1cb33a9e1e ] Request (QuotasAdminTestJSON:test_get_updated_quotas): 201 POST http://10.180.1.21/identity/v3/projects 0.041s
2025-02-12 21:04:45.759 63406 INFO tempest.lib.common.rest_client [req-5f62002d-5234-4842-bb42-86ac5fabcd01 req-5f62002d-5234-4842-bb42-86ac5fabcd01 ] Request (HostsAdminTestJSON:tearDownClass): 204 DELETE http://10.180.1.21:9696/networking/v2.0/security-groups/cf791817-b301-4bb9-bab6-6aafc294ea53 0.109s
2025-02-12 21:04:45.771 63378 INFO tempest.lib.common.rest_client [req-2f001d24-26c4-47a2-9574-4eb7af5812c9 req-2f001d24-26c4-47a2-9574-4eb7af5812c9 ] Request (QuotasAdminTestJSON:test_get_updated_quotas): 200 GET http://10.180.1.21/identity/v3/domains?name=Default 0.064s
2025-02-12 21:04:45.794 63424 INFO tempest.lib.common.rest_client [req-d078a80b-5946-42f4-b1ca-f345f7ce6c88 req-d078a80b-5946-42f4-b1ca-f345f7ce6c88 ] Request (FloatingIPsAssociationNegativeTestJSON:setUpClass): 200 GET http://10.180.1.21/compute/v2.1/servers/4fe02429-cd39-4135-9936-b520204db2d9 1.405s
2025-02-12 21:04:45.816 63372 INFO tempest.lib.common.rest_client [req-bd91b464-d5c7-464c-9941-447a0c8ff28a req-bd91b464-d5c7-464c-9941-447a0c8ff28a ] Request (FlavorsAdminTestJSON:_run_cleanups): 202 DELETE http://10.180.1.21/compute/v2.1/flavors/1968892239 1.383s
2025-02-12 21:04:45.826 63410 INFO tempest.lib.common.rest_client [req-1fa523d0-0c8c-4c0f-ac74-fef56c4a66e6 req-1fa523d0-0c8c-4c0f-ac74-fef56c4a66e6 ] Request (SecurityGroupRulesTestJSON:tearDownClass): 202 DELETE http://10.180.1.21/compute/v2.1/os-security-groups/50eabb53-9689-4cdd-a953-7dc455fffcd9 1.543s
2025-02-12 21:04:45.839 63386 INFO tempest.lib.common.rest_client [req-53487954-3007-4ad6-8f47-e41b1b36dd90 req-53487954-3007-4ad6-8f47-e41b1b36dd90 ] Request (DeleteServersAdminTestJSON:test_admin_delete_servers_of_others): 404 GET http://10.180.1.21/compute/v2.1/servers/0a169a9a-b915-4fb9-bcd9-547884a05c89 1.375s
2025-02-12 21:04:45.842 63408 INFO tempest.lib.common.rest_client [req-2bf1d938-74bf-43bb-96ec-18c53182535e req-2bf1d938-74bf-43bb-96ec-18c53182535e ] Request (AggregatesAdminNegativeTestJSON:test_aggregate_delete_as_user): 403 DELETE http://10.180.1.21/compute/v2.1/os-aggregates/5 1.296s
2025-02-12 21:04:45.846 63384 INFO tempest.lib.common.rest_client [req-e202f2fe-3997-4143-ab55-9f6d25c3fb06 req-e202f2fe-3997-4143-ab55-9f6d25c3fb06 ] Request (FlavorsAccessNegativeTestJSON:_run_cleanups): 202 DELETE http://10.180.1.21/compute/v2.1/flavors/1148574344 1.326s
2025-02-12 21:04:45.857 63406 INFO tempest.lib.common.rest_client [req-fb19082a-d056-463f-aa26-fad8a26666b0 req-fb19082a-d056-463f-aa26-fad8a26666b0 ] Request (HostsAdminTestJSON:tearDownClass): 204 DELETE http://10.180.1.21/identity/v3/projects/b4e43523ea8848cfb27f22afd0051234 0.097s
2025-02-12 21:04:45.858 63406 INFO tempest.test [-] raised in NoVNCConsoleTestJSON.setUpClass. Invoking tearDownClass.
2025-02-12 21:04:45.874 63364 INFO tempest.lib.common.rest_client [req-86891f27-6201-4f0b-b141-24c624955aac req-86891f27-6201-4f0b-b141-24c624955aac ] Request (FlavorsV2TestJSON:test_list_flavors_detailed_using_marker): 200 GET http://10.180.1.21/compute/v2.1/flavors/detail?marker=42 1.311s
2025-02-12 21:04:45.881 63390 INFO tempest.lib.common.rest_client [req-01408ea3-f871-42dc-81d1-c3dee8b2e383 req-01408ea3-f871-42dc-81d1-c3dee8b2e383 ] Request (FlavorsV255TestJSON:_run_cleanups): 200 GET http://10.180.1.21/compute/v2.1/flavors/detail 1.303s
2025-02-12 21:04:45.914 63386 INFO tempest.lib.common.rest_client [req-27c1aedc-a1e0-4750-b376-9881276249f2 req-27c1aedc-a1e0-4750-b376-9881276249f2 ] Request (DeleteServersAdminTestJSON:test_delete_server_while_in_error_state): 201 POST http://10.180.1.21/identity/v3/auth/tokens 0.063s
2025-02-12 21:04:45.915 63386 INFO tempest.lib.common.fixed_network [-] (DeleteServersAdminTestJSON:test_delete_server_while_in_error_state) Found network None available for tenant
2025-02-12 21:04:45.924 63374 INFO tempest.lib.common.rest_client [req-4aab5577-f976-4b8f-8b32-b1edca1df33f req-4aab5577-f976-4b8f-8b32-b1edca1df33f ] Request (ServerDiagnosticsV248Test:test_get_server_diagnostics): 200 GET http://10.180.1.21/compute/v2.1/servers/b0166fc9-a10c-4a84-a282-9689aa197254 1.252s
2025-02-12 21:04:45.930 63406 INFO tempest.lib.common.rest_client [req-e4966798-e002-4438-88ec-3392d8f01930 req-e4966798-e002-4438-88ec-3392d8f01930 ] Request (TestVersions:setUpClass): 201 POST http://10.180.1.21/identity/v3/auth/tokens 0.069s
2025-02-12 21:04:45.961 63406 INFO tempest.lib.common.rest_client [req-0e5601d0-9b1c-4fec-9709-0a7927cf2ef9 req-0e5601d0-9b1c-4fec-9709-0a7927cf2ef9 ] Request (TestVersions:setUpClass): 201 POST http://10.180.1.21/identity/v3/auth/tokens 0.028s
2025-02-12 21:04:45.979 63382 INFO tempest.lib.common.rest_client [req-789ef728-fef0-4972-ac32-91c5fab4cfa8 req-789ef728-fef0-4972-ac32-91c5fab4cfa8 ] Request (MigrationsAdminTest:test_list_migrations_in_flavor_resize_situation): 200 GET http://10.180.1.21/compute/v2.1/servers/80805db5-2215-4d5a-9b38-e4d82d76ffbe 1.181s
2025-02-12 21:04:45.989 63406 INFO tempest.lib.common.rest_client [req-5081b5e6-30a9-4d08-8ad0-e39fb1ace761 req-5081b5e6-30a9-4d08-8ad0-e39fb1ace761 ] Request (TestVersions:setUpClass): 200 GET http://10.180.1.21/identity/v3/domains?name=Default 0.027s
2025-02-12 21:04:46.017 63390 INFO tempest.lib.common.rest_client [req-43c6f16f-e669-4162-bb5b-af5ce1e57eee req-43c6f16f-e669-4162-bb5b-af5ce1e57eee ] Request (FlavorsV255TestJSON:tearDownClass): 204 DELETE http://10.180.1.21/identity/v3/users/842a3280cbfd4018a0ccb9aad2355282 0.122s
2025-02-12 21:04:46.019 63404 INFO tempest.lib.common.rest_client [req-be031666-aa46-407e-8346-dfe95cc18d7f req-be031666-aa46-407e-8346-dfe95cc18d7f ] Request (ListImageFiltersTestJSON:setUpClass): 200 GET http://10.180.1.21/compute/v2.1/images/3cafe041-d1dd-4183-9697-8996191c7346 1.063s
2025-02-12 21:04:46.058 63406 INFO tempest.lib.common.rest_client [req-30631c6c-f6a2-459d-b8f6-85d80b4c7b65 req-30631c6c-f6a2-459d-b8f6-85d80b4c7b65 ] Request (TestVersions:setUpClass): 201 POST http://10.180.1.21/identity/v3/projects 0.068s
2025-02-12 21:04:46.064 63376 INFO tempest.lib.common.rest_client [req-42290426-0ea6-4a61-85fe-b202aab81706 req-42290426-0ea6-4a61-85fe-b202aab81706 ] Request (ServersAdminNegativeTestJSON:test_migrate_server_invalid_state): 200 GET http://10.180.1.21/compute/v2.1/servers/ca539a23-d0b8-43b1-aebd-bbc92ab21034 1.128s
2025-02-12 21:04:46.071 63376 INFO tempest.common.waiters [-] State transition "BUILD/networking" ==> "BUILD/spawning" after 12 second wait
2025-02-12 21:04:46.078 63420 INFO tempest.lib.common.rest_client [req-8ac5a1af-f609-41e0-a05c-c732aaa752b9 req-8ac5a1af-f609-41e0-a05c-c732aaa752b9 ] Request (ImagesDeleteNegativeTestJSON:test_delete_image_with_id_over_character_limit): 404 DELETE http://10.180.1.21/compute/v2.1/images/8bd1b72e-a02d-41ac-8bbf-a3ad40e709291 1.050s
2025-02-12 21:04:46.082 63366 INFO tempest.lib.common.rest_client [req-6a79a136-3e49-41c6-81de-87556ae9f7e9 req-6a79a136-3e49-41c6-81de-87556ae9f7e9 ] Request (ServerExternalEventsTest:test_create_server_external_events): 200 GET http://10.180.1.21/compute/v2.1/servers/ffb951f2-2150-4168-a465-c5492557b199 1.056s
2025-02-12 21:04:46.145 63390 INFO tempest.lib.common.rest_client [req-51d6f495-eef2-4e20-a8b8-bb83a191b138 req-51d6f495-eef2-4e20-a8b8-bb83a191b138 ] Request (FlavorsV255TestJSON:tearDownClass): 204 DELETE http://10.180.1.21/identity/v3/users/0e42c9521fe34c5aa36ab5a5d1134356 0.127s
2025-02-12 21:04:46.145 63390 INFO tempest.lib.common.dynamic_creds [-] Deleting project and security group for project: 2c8e3e367f704343a843beefb06a97b5
2025-02-12 21:04:46.146 63392 INFO tempest.lib.common.rest_client [req-343b7982-73a0-4427-9d24-15345820f555 req-343b7982-73a0-4427-9d24-15345820f555 ] Request (ImagesNegativeTestJSON:test_create_image_from_deleted_server): 200 GET http://10.180.1.21/compute/v2.1/servers/c48e0bf0-dfc5-4ec7-b611-b96af9659bf5 0.902s
2025-02-12 21:04:46.213 63422 INFO tempest.lib.common.rest_client [req-d9d19474-4b31-489c-9fa2-dad79f34cfb3 req-d9d19474-4b31-489c-9fa2-dad79f34cfb3 ] Request (ServerMetadataNegativeTestJSON:setUpClass): 200 GET http://10.180.1.21/compute/v2.1/servers/d982bc6e-2297-46d0-a623-1744fb3ee44b 0.818s
2025-02-12 21:04:46.227 63362 INFO tempest.lib.common.rest_client [req-80238bcc-8c9c-4870-9706-6cd4f276e110 req-80238bcc-8c9c-4870-9706-6cd4f276e110 ] Request (ServerDiskConfigTestJSON:test_rebuild_server_with_auto_disk_config): 200 GET http://10.180.1.21/compute/v2.1/servers/990a34e1-cf52-4ce7-b0ff-d1a2cac106ea 1.025s
2025-02-12 21:04:46.251 63390 INFO tempest.lib.common.rest_client [req-238f9a17-3a31-42d4-98bb-d927346dcffe req-238f9a17-3a31-42d4-98bb-d927346dcffe ] Request (FlavorsV255TestJSON:tearDownClass): 201 POST http://10.180.1.21/identity/v3/auth/tokens 0.106s
2025-02-12 21:04:46.253 63406 INFO tempest.lib.common.rest_client [req-2844f270-4b60-4280-b51b-feb81ab9c054 req-2844f270-4b60-4280-b51b-feb81ab9c054 ] Request (TestVersions:setUpClass): 201 POST http://10.180.1.21/identity/v3/users 0.194s
2025-02-12 21:04:46.332 63406 INFO tempest.lib.common.rest_client [req-afebccb6-f1d6-4513-bb73-254a2b730da8 req-afebccb6-f1d6-4513-bb73-254a2b730da8 ] Request (TestVersions:setUpClass): 200 GET http://10.180.1.21/identity/v3/roles 0.079s
2025-02-12 21:04:46.406 63406 INFO tempest.lib.common.rest_client [req-75533a93-7d9c-4b88-969e-a390422d97a0 req-75533a93-7d9c-4b88-969e-a390422d97a0 ] Request (TestVersions:setUpClass): 204 PUT http://10.180.1.21/identity/v3/projects/a921149cc9254750a996bcfa64369927/users/4cdd8aa964c54edb8be938efe804227b/roles/2bd67354d6fd4d0b8e2004983e2cdea4 0.074s
2025-02-12 21:04:46.406 63406 INFO tempest.lib.common.dynamic_creds [-] Dynamic test user 4cdd8aa964c54edb8be938efe804227b is created with scope project and roles: ['member']
2025-02-12 21:04:46.406 63406 INFO tempest.lib.common.dynamic_creds [-] Acquired dynamic creds: credentials: Credentials: {'domain_id': 'default', 'domain_name': 'Default', 'username': 'tempest-TestVersions-1159053977-project-member', 'project_domain_id': 'default', 'project_domain_name': 'Default', 'project_id': 'a921149cc9254750a996bcfa64369927', 'project_name': 'tempest-TestVersions-1159053977', 'tenant_id': 'a921149cc9254750a996bcfa64369927', 'tenant_name': 'tempest-TestVersions-1159053977', 'user_domain_id': 'default', 'user_domain_name': 'Default', 'user_id': '4cdd8aa964c54edb8be938efe804227b', 'system': None}, Network: None, Subnet: None, Router: None
2025-02-12 21:04:46.407 63406 INFO tempest.lib.common.dynamic_creds [-] Created isolated network resources for: credentials: Credentials: {'domain_id': 'default', 'domain_name': 'Default', 'username': 'tempest-TestVersions-1159053977-project-member', 'project_domain_id': 'default', 'project_domain_name': 'Default', 'project_id': 'a921149cc9254750a996bcfa64369927', 'project_name': 'tempest-TestVersions-1159053977', 'tenant_id': 'a921149cc9254750a996bcfa64369927', 'tenant_name': 'tempest-TestVersions-1159053977', 'user_domain_id': 'default', 'user_domain_name': 'Default', 'user_id': '4cdd8aa964c54edb8be938efe804227b', 'system': None}, Network: None, Subnet: None, Router: None
2025-02-12 21:04:46.431 63404 INFO tempest.lib.common.rest_client [req-c1133f02-478b-496e-90e9-2b3719ac8fe9 req-c1133f02-478b-496e-90e9-2b3719ac8fe9 ] Request (ListImageFiltersTestJSON:setUpClass): 201 POST http://10.180.1.21/image/v2/images 0.409s
2025-02-12 21:04:46.480 63406 INFO tempest.lib.common.rest_client [req-6e51d6be-0277-4a1c-b9ae-d4e1d0e9eaad req-6e51d6be-0277-4a1c-b9ae-d4e1d0e9eaad ] Request (TestVersions:setUpClass): 201 POST http://10.180.1.21/identity/v3/auth/tokens 0.069s
2025-02-12 21:04:46.563 63390 INFO tempest.lib.common.rest_client [req-5030113e-ed8f-4990-b53b-8929f3fc01ad req-5030113e-ed8f-4990-b53b-8929f3fc01ad ] Request (FlavorsV255TestJSON:tearDownClass): 200 GET http://10.180.1.21:9696/networking/v2.0/security-groups?tenant_id=2c8e3e367f704343a843beefb06a97b5&name=default 0.311s
2025-02-12 21:04:46.686 63414 INFO tempest.lib.common.rest_client [req-28de945b-ed3e-46a4-a6fa-0cd7bd073015 req-28de945b-ed3e-46a4-a6fa-0cd7bd073015 ] Request (FloatingIPsTestJSON:test_delete_floating_ip): 200 POST http://10.180.1.21/compute/v2.1/os-floating-ips 1.224s
2025-02-12 21:04:46.693 63390 INFO tempest.lib.common.rest_client [req-c2387d6c-0414-4a1b-afbe-023ef0e53326 req-c2387d6c-0414-4a1b-afbe-023ef0e53326 ] Request (FlavorsV255TestJSON:tearDownClass): 204 DELETE http://10.180.1.21:9696/networking/v2.0/security-groups/3cd8c72b-f24e-4bfb-bac8-0e0cacbc2de8 0.130s
2025-02-12 21:04:46.716 63380 INFO tempest.lib.common.rest_client [req-7a29da56-5cce-42da-9e7f-e7b180449b63 req-7a29da56-5cce-42da-9e7f-e7b180449b63 ] Request (ServicesAdminNegativeV253TestJSON:test_get_service_by_invalid_params): 200 GET http://10.180.1.21/compute/v2.1/os-services 1.229s
2025-02-12 21:04:46.721 63416 INFO tempest.lib.common.rest_client [req-cf08ff4a-810d-4d10-8ef6-6676265ad1bd req-cf08ff4a-810d-4d10-8ef6-6676265ad1bd ] Request (KeyPairsNegativeTestJSON:test_create_keypair_with_empty_name_string): 400 POST http://10.180.1.21/compute/v2.1/os-keypairs 1.205s
2025-02-12 21:04:46.772 63398 INFO tempest.lib.common.rest_client [req-fd795283-c33f-488a-9980-7b97202a56a7 req-fd795283-c33f-488a-9980-7b97202a56a7 ] Request (ImagesOneServerNegativeTestJSON:setUpClass): 202 POST http://10.180.1.21/compute/v2.1/servers 1.298s
2025-02-12 21:04:46.824 63390 INFO tempest.lib.common.rest_client [req-25048bbd-a94f-4b2e-9987-bebe9691d06b req-25048bbd-a94f-4b2e-9987-bebe9691d06b ] Request (FlavorsV255TestJSON:tearDownClass): 204 DELETE http://10.180.1.21/identity/v3/projects/2c8e3e367f704343a843beefb06a97b5 0.130s
2025-02-12 21:04:46.824 63390 INFO tempest.lib.common.dynamic_creds [-] Deleting project and security group for project: f2bb67d5a9bd483ea12373698ca7df47
2025-02-12 21:04:46.879 63368 INFO tempest.lib.common.rest_client [req-02b37049-368c-439c-8749-ca60f0f831e2 req-02b37049-368c-439c-8749-ca60f0f831e2 ] Request (ServersWithSpecificFlavorTestJSON:test_verify_created_server_ephemeral_disk): 200 GET http://10.180.1.21/compute/v2.1/servers/61a2f66a-e85c-4d6f-9558-d398cacaa941 1.285s
2025-02-12 21:04:46.938 63370 INFO tempest.lib.common.rest_client [req-b30c2441-4e5c-4cbe-8c7f-04f0c59005b7 req-b30c2441-4e5c-4cbe-8c7f-04f0c59005b7 ] Request (VolumesTestJSON:test_volume_list_param_offset_and_limit): 200 GET http://10.180.1.21/compute/v2.1/os-volumes?offset=1&limit=1 1.261s
2025-02-12 21:04:46.974 63390 INFO tempest.lib.common.rest_client [req-531872af-707f-475d-96a1-336e351847ee req-531872af-707f-475d-96a1-336e351847ee ] Request (FlavorsV255TestJSON:tearDownClass): 200 GET http://10.180.1.21:9696/networking/v2.0/security-groups?tenant_id=f2bb67d5a9bd483ea12373698ca7df47&name=default 0.150s
2025-02-12 21:04:46.995 63396 INFO tempest.lib.common.rest_client [req-5b8531c6-7336-4d2d-96d2-e0d92a914556 req-5b8531c6-7336-4d2d-96d2-e0d92a914556 ] Request (SecurityGroupsTestJSON:test_list_security_groups_by_server): 200 GET http://10.180.1.21/compute/v2.1/servers/1f9e63fc-b3df-4435-ae2c-afe64c256f93/os-security-groups 1.364s
2025-02-12 21:04:47.070 63390 INFO tempest.lib.common.rest_client [req-edd1ec54-0d72-4ac7-9b27-5684f92decfb req-edd1ec54-0d72-4ac7-9b27-5684f92decfb ] Request (FlavorsV255TestJSON:tearDownClass): 204 DELETE http://10.180.1.21:9696/networking/v2.0/security-groups/422ef641-1c7b-4cd3-bdfb-74da56e5ccd4 0.095s
2025-02-12 21:04:47.243 63378 INFO tempest.lib.common.rest_client [req-433669a5-9fb9-4b3e-9d76-b42f54367a28 req-433669a5-9fb9-4b3e-9d76-b42f54367a28 ] Request (QuotasAdminTestJSON:test_get_updated_quotas): 200 PUT http://10.180.1.21/compute/v2.1/os-quota-sets/d55f789f018c496a8922195c3d420a4b 1.471s
2025-02-12 21:04:47.253 63390 INFO tempest.lib.common.rest_client [req-a3ad3f8e-1365-4e15-a5f3-79f79ebe21bf req-a3ad3f8e-1365-4e15-a5f3-79f79ebe21bf ] Request (FlavorsV255TestJSON:tearDownClass): 204 DELETE http://10.180.1.21/identity/v3/projects/f2bb67d5a9bd483ea12373698ca7df47 0.182s
2025-02-12 21:04:47.310 63388 INFO tempest.lib.common.rest_client [req-cd33e20a-19de-4174-b376-d36d1e0bef01 req-cd33e20a-19de-4174-b376-d36d1e0bef01 ] Request (ServersTestFqdnHostnames:test_create_server_with_fqdn_name): 200 GET http://10.180.1.21/compute/v2.1/servers/c5bfb89e-931f-462f-8d11-a47c28fdfdc2 1.537s
2025-02-12 21:04:47.334 63390 INFO tempest.lib.common.rest_client [req-fcf78521-e1b5-481c-876e-5dcce631d2b3 req-fcf78521-e1b5-481c-876e-5dcce631d2b3 ] Request (ServersTestMultiNic:setUpClass): 201 POST http://10.180.1.21/identity/v3/auth/tokens 0.078s
2025-02-12 21:04:47.343 63412 INFO tempest.lib.common.rest_client [req-8f5b98d4-7350-4df2-90ee-7c5726f481bd req-8f5b98d4-7350-4df2-90ee-7c5726f481bd ] Request (VolumesAssistedSnapshotsTest:test_volume_assisted_snapshot_create_delete): 200 GET http://10.180.1.21/compute/v2.1/servers/a884ef52-e22f-4f4f-8b4e-f663de615123 1.638s
2025-02-12 21:04:47.345 63372 INFO tempest.lib.common.rest_client [req-e37d944a-1b9e-4379-b5ef-b9d03d41bc27 req-e37d944a-1b9e-4379-b5ef-b9d03d41bc27 ] Request (FlavorsAdminTestJSON:_run_cleanups): 200 GET http://10.180.1.21/compute/v2.1/flavors/detail 1.527s
2025-02-12 21:04:47.363 63408 INFO tempest.lib.common.rest_client [req-a09c46a7-5756-4423-97e8-5dbde9856d65 req-a09c46a7-5756-4423-97e8-5dbde9856d65 ] Request (AggregatesAdminNegativeTestJSON:_run_cleanups): 200 DELETE http://10.180.1.21/compute/v2.1/os-aggregates/5 1.520s
2025-02-12 21:04:47.397 63384 INFO tempest.lib.common.rest_client [req-aa471fe3-790e-46ca-a272-c10c1a6967b7 req-aa471fe3-790e-46ca-a272-c10c1a6967b7 ] Request (FlavorsAccessNegativeTestJSON:_run_cleanups): 200 GET http://10.180.1.21/compute/v2.1/flavors/detail 1.551s
2025-02-12 21:04:47.402 63390 INFO tempest.lib.common.rest_client [req-a407fbb1-bdeb-40ed-b6ab-433710054468 req-a407fbb1-bdeb-40ed-b6ab-433710054468 ] Request (ServersTestMultiNic:setUpClass): 201 POST http://10.180.1.21/identity/v3/auth/tokens 0.063s
2025-02-12 21:04:47.415 63364 INFO tempest.lib.common.rest_client [req-bddb784f-daff-4fce-bc92-b1f1f6dc1907 req-bddb784f-daff-4fce-bc92-b1f1f6dc1907 ] Request (FlavorsV2TestJSON:test_list_flavors_filter_by_min_disk): 200 GET http://10.180.1.21/compute/v2.1/flavors/42 1.535s
2025-02-12 21:04:47.449 63390 INFO tempest.lib.common.rest_client [req-01f5dde7-d748-4d3d-8069-515692a56efd req-01f5dde7-d748-4d3d-8069-515692a56efd ] Request (ServersTestMultiNic:setUpClass): 200 GET http://10.180.1.21/identity/v3/domains?name=Default 0.046s
2025-02-12 21:04:47.495 63394 INFO tempest.lib.common.rest_client [req-95c55668-69c9-4926-a098-6aed774d1ba5 req-95c55668-69c9-4926-a098-6aed774d1ba5 ] Request (ServerDiagnosticsTest:tearDownClass): 200 GET http://10.180.1.21/compute/v2.1/servers/8362c470-7c23-4313-996b-982eb6e696a2 1.614s
2025-02-12 21:04:47.522 63384 INFO tempest.lib.common.rest_client [req-affbddc5-75e4-4dc5-a5b3-cd39bd3f6356 req-affbddc5-75e4-4dc5-a5b3-cd39bd3f6356 ] Request (FlavorsAccessNegativeTestJSON:tearDownClass): 204 DELETE http://10.180.1.21/identity/v3/users/e3ff2c5f8b304802b4a3b7074af7543b 0.118s
2025-02-12 21:04:47.524 63410 INFO tempest.lib.common.rest_client [req-e993213b-380a-40a9-aff8-f8bc4a1da45c req-e993213b-380a-40a9-aff8-f8bc4a1da45c ] Request (SecurityGroupRulesTestJSON:tearDownClass): 202 DELETE http://10.180.1.21/compute/v2.1/os-security-groups/215229b2-123c-480a-9fe1-2eb43c869148 1.697s
2025-02-12 21:04:47.599 63390 INFO tempest.lib.common.rest_client [req-a5dcf33d-2bd6-45f2-b1e5-faee2742cfe3 req-a5dcf33d-2bd6-45f2-b1e5-faee2742cfe3 ] Request (ServersTestMultiNic:setUpClass): 201 POST http://10.180.1.21/identity/v3/projects 0.149s
2025-02-12 21:04:47.601 63402 INFO tempest.lib.common.rest_client [req-2668e388-b08c-4716-9c01-1b3239bcba3e req-2668e388-b08c-4716-9c01-1b3239bcba3e ] Request (DeleteServersTestJSON:test_delete_active_server): 200 GET http://10.180.1.21/compute/v2.1/servers/58b0ce0a-9269-471c-91b9-9873a0bceeff 1.682s
2025-02-12 21:04:47.608 63402 INFO tempest.common.waiters [-] State transition "ACTIVE/deleting" ==> "DELETED/None" after 3 second wait
2025-02-12 21:04:47.655 63400 INFO tempest.lib.common.rest_client [req-6be2a22b-445b-4767-b4ea-814503c054d7 req-6be2a22b-445b-4767-b4ea-814503c054d7 ] Request (ListServerFiltersTestJSON:setUpClass): 200 GET http://10.180.1.21/compute/v2.1/servers/741b00c8-123d-4c52-b0cd-f40673034ea9 1.720s
2025-02-12 21:04:47.657 63384 INFO tempest.lib.common.rest_client [req-4421c6e7-f119-4e8e-979c-7a0bfbff3a0b req-4421c6e7-f119-4e8e-979c-7a0bfbff3a0b ] Request (FlavorsAccessNegativeTestJSON:tearDownClass): 204 DELETE http://10.180.1.21/identity/v3/users/ae59bf6ad87341498a04e9f3d1ae9ac3 0.134s
2025-02-12 21:04:47.715 63386 INFO tempest.lib.common.rest_client [req-2bea9c96-1616-4fdf-90b2-1731cfa652a7 req-2bea9c96-1616-4fdf-90b2-1731cfa652a7 ] Request (DeleteServersAdminTestJSON:test_delete_server_while_in_error_state): 202 POST http://10.180.1.21/compute/v2.1/servers 1.799s
2025-02-12 21:04:47.718 63418 INFO tempest.lib.common.rest_client [req-808ea0db-319b-45eb-a865-cdaf63fb5117 req-808ea0db-319b-45eb-a865-cdaf63fb5117 ] Request (TenantUsagesTestJSON:tearDownClass): 200 GET http://10.180.1.21/compute/v2.1/servers/471ac034-2d40-488b-920c-308e84121373 1.704s
2025-02-12 21:04:47.721 63390 INFO tempest.lib.common.rest_client [req-4385bb12-2e9f-4d08-accd-3c1bf34423fc req-4385bb12-2e9f-4d08-accd-3c1bf34423fc ] Request (ServersTestMultiNic:setUpClass): 201 POST http://10.180.1.21/identity/v3/users 0.121s
2025-02-12 21:04:47.726 63406 INFO tempest.lib.common.rest_client [-] Request (TestVersions:test_get_version_details): 200 GET http://10.180.1.21/compute/ 1.244s
2025-02-12 21:04:47.734 63420 INFO tempest.lib.common.rest_client [req-26db8e49-6fb0-4e9b-97ae-51884e70dae1 req-26db8e49-6fb0-4e9b-97ae-51884e70dae1 ] Request (ImagesDeleteNegativeTestJSON:test_delete_image_with_invalid_image_id): 404 DELETE http://10.180.1.21/compute/v2.1/images/tempest-invalid-1846114794 1.652s
2025-02-12 21:04:47.754 63380 INFO tempest.lib.common.rest_client [req-78991e55-d926-4545-b576-eed2d4425195 req-78991e55-d926-4545-b576-eed2d4425195 ] Request (ServicesAdminNegativeV253TestJSON:test_get_service_by_invalid_params): 200 GET http://10.180.1.21/compute/v2.1/os-services?xxx=nova-compute 1.035s
2025-02-12 21:04:47.778 63416 INFO tempest.lib.common.rest_client [req-cf18c8cc-4d83-467a-9fc2-54fb0be75c19 req-cf18c8cc-4d83-467a-9fc2-54fb0be75c19 ] Request (KeyPairsNegativeTestJSON:test_create_keypair_with_empty_public_key): 400 POST http://10.180.1.21/compute/v2.1/os-keypairs 1.056s
2025-02-12 21:04:47.779 63384 INFO tempest.lib.common.rest_client [req-6ee7f230-3fd9-4728-bda4-c68c736202d7 req-6ee7f230-3fd9-4728-bda4-c68c736202d7 ] Request (FlavorsAccessNegativeTestJSON:tearDownClass): 204 DELETE http://10.180.1.21/identity/v3/users/20a5266d5a3b4ba09c2b17a2f03e7083 0.121s
2025-02-12 21:04:47.779 63384 INFO tempest.lib.common.dynamic_creds [-] Deleting project and security group for project: 8cc8a92d94fb489ca8b9786494cd92f4
2025-02-12 21:04:47.828 63398 INFO tempest.lib.common.rest_client [req-373c8bbd-06ac-42bc-bd16-4c88f43aaab8 req-373c8bbd-06ac-42bc-bd16-4c88f43aaab8 ] Request (ImagesOneServerNegativeTestJSON:setUpClass): 200 GET http://10.180.1.21/compute/v2.1/servers/169aea8a-808e-4986-b75e-305f896f6f6a 1.053s
2025-02-12 21:04:47.838 63384 INFO tempest.lib.common.rest_client [req-824ebff0-ca1c-424c-b0ae-0bd8711d0859 req-824ebff0-ca1c-424c-b0ae-0bd8711d0859 ] Request (FlavorsAccessNegativeTestJSON:tearDownClass): 201 POST http://10.180.1.21/identity/v3/auth/tokens 0.058s
2025-02-12 21:04:47.841 63390 INFO tempest.lib.common.rest_client [req-f2e25950-af07-4751-9362-9130b5e133f9 req-f2e25950-af07-4751-9362-9130b5e133f9 ] Request (ServersTestMultiNic:setUpClass): 200 GET http://10.180.1.21/identity/v3/roles 0.120s
2025-02-12 21:04:47.872 63390 INFO tempest.lib.common.rest_client [req-9915b42d-2edc-408b-9268-5786874013aa req-9915b42d-2edc-408b-9268-5786874013aa ] Request (ServersTestMultiNic:setUpClass): 204 PUT http://10.180.1.21/identity/v3/projects/7a9672858271458bb0b79be38d164de4/users/cd25640fd4e44c658367891eb7169c13/roles/2bd67354d6fd4d0b8e2004983e2cdea4 0.030s
2025-02-12 21:04:47.872 63390 INFO tempest.lib.common.dynamic_creds [-] Dynamic test user cd25640fd4e44c658367891eb7169c13 is created with scope project and roles: ['member']
2025-02-12 21:04:47.873 63390 INFO tempest.lib.common.dynamic_creds [-] Acquired dynamic creds: credentials: Credentials: {'domain_id': 'default', 'domain_name': 'Default', 'username': 'tempest-ServersTestMultiNic-1378845769-project-member', 'project_domain_id': 'default', 'project_domain_name': 'Default', 'project_id': '7a9672858271458bb0b79be38d164de4', 'project_name': 'tempest-ServersTestMultiNic-1378845769', 'tenant_id': '7a9672858271458bb0b79be38d164de4', 'tenant_name': 'tempest-ServersTestMultiNic-1378845769', 'user_domain_id': 'default', 'user_domain_name': 'Default', 'user_id': 'cd25640fd4e44c658367891eb7169c13', 'system': None}, Network: None, Subnet: None, Router: None
2025-02-12 21:04:47.945 63424 INFO tempest.lib.common.rest_client [req-b883f120-aa58-4f5a-9545-b1d851965522 req-b883f120-aa58-4f5a-9545-b1d851965522 ] Request (FloatingIPsAssociationNegativeTestJSON:setUpClass): 200 GET http://10.180.1.21/compute/v2.1/servers/4fe02429-cd39-4135-9936-b520204db2d9 1.143s
2025-02-12 21:04:47.948 63390 INFO tempest.lib.common.rest_client [req-cf2b813d-47dc-4dff-aa11-10c5b5871949 req-cf2b813d-47dc-4dff-aa11-10c5b5871949 ] Request (ServersTestMultiNic:setUpClass): 201 POST http://10.180.1.21/identity/v3/auth/tokens 0.075s
2025-02-12 21:04:47.953 63424 INFO tempest.common.waiters [-] State transition "BUILD/spawning" ==> "ACTIVE/None" after 25 second wait
2025-02-12 21:04:48.035 63374 INFO tempest.lib.common.rest_client [req-6dcaee4f-402c-4f73-8c36-738e789e7a62 req-6dcaee4f-402c-4f73-8c36-738e789e7a62 ] Request (ServerDiagnosticsV248Test:test_get_server_diagnostics): 200 GET http://10.180.1.21/compute/v2.1/servers/b0166fc9-a10c-4a84-a282-9689aa197254 1.097s
2025-02-12 21:04:48.066 63384 INFO tempest.lib.common.rest_client [req-d555ac17-3cdf-48fe-ae6c-70f4f63fdf83 req-d555ac17-3cdf-48fe-ae6c-70f4f63fdf83 ] Request (FlavorsAccessNegativeTestJSON:tearDownClass): 200 GET http://10.180.1.21:9696/networking/v2.0/security-groups?tenant_id=8cc8a92d94fb489ca8b9786494cd92f4&name=default 0.228s
2025-02-12 21:04:48.067 63370 INFO tempest.lib.common.rest_client [req-9b06370b-4f2c-4a19-bc45-f4599cf7cd88 req-9b06370b-4f2c-4a19-bc45-f4599cf7cd88 ] Request (VolumesTestJSON:test_volume_list_with_detail_param_limit): 200 GET http://10.180.1.21/compute/v2.1/os-volumes/detail?limit=2 1.121s
2025-02-12 21:04:48.151 63414 INFO tempest.lib.common.rest_client [req-254faa48-54de-4ce1-a99f-053a5a83cdcb req-254faa48-54de-4ce1-a99f-053a5a83cdcb ] Request (FloatingIPsTestJSON:test_delete_floating_ip): 202 DELETE http://10.180.1.21/compute/v2.1/os-floating-ips/c6ae52ca-01cf-44a3-b5d3-a180350418e4 1.463s
2025-02-12 21:04:48.205 63382 INFO tempest.lib.common.rest_client [req-f9e78e05-6062-4c95-a471-e84041e97613 req-f9e78e05-6062-4c95-a471-e84041e97613 ] Request (MigrationsAdminTest:test_list_migrations_in_flavor_resize_situation): 200 GET http://10.180.1.21/compute/v2.1/servers/80805db5-2215-4d5a-9b38-e4d82d76ffbe 1.217s
2025-02-12 21:04:48.291 63404 INFO tempest.lib.common.rest_client [req-ba7cfe71-c88f-409d-b513-b4931e06664d req-ba7cfe71-c88f-409d-b513-b4931e06664d ] Request (ListImageFiltersTestJSON:setUpClass): 204 PUT http://10.180.1.21/image/v2/images/a8f5ea8c-6fd5-4bc1-8b89-6a0e3264762d/file 0.858s
2025-02-12 21:04:48.309 63384 INFO tempest.lib.common.rest_client [req-f8c5a75f-44b3-406b-a3ab-c44949522473 req-f8c5a75f-44b3-406b-a3ab-c44949522473 ] Request (FlavorsAccessNegativeTestJSON:tearDownClass): 204 DELETE http://10.180.1.21:9696/networking/v2.0/security-groups/f0d95db2-b57a-4c59-b875-621959f7f11c 0.243s
2025-02-12 21:04:48.344 63376 INFO tempest.lib.common.rest_client [req-6bfedbff-eab0-4ea7-b41e-e95cd1756679 req-6bfedbff-eab0-4ea7-b41e-e95cd1756679 ] Request (ServersAdminNegativeTestJSON:test_migrate_server_invalid_state): 200 GET http://10.180.1.21/compute/v2.1/servers/ca539a23-d0b8-43b1-aebd-bbc92ab21034 1.270s
2025-02-12 21:04:48.354 63390 INFO tempest.lib.common.rest_client [req-5849a2b0-7a14-4146-95c7-48e79af96c1d req-5849a2b0-7a14-4146-95c7-48e79af96c1d ] Request (ServersTestMultiNic:setUpClass): 201 POST http://10.180.1.21:9696/networking/v2.0/networks 0.405s
2025-02-12 21:04:48.360 63396 INFO tempest.lib.common.rest_client [req-928e4a43-c659-4165-984a-4430406d6bb5 req-928e4a43-c659-4165-984a-4430406d6bb5 ] Request (SecurityGroupsTestJSON:test_security_group_create_get_delete): 200 POST http://10.180.1.21/compute/v2.1/os-security-groups 1.355s
2025-02-12 21:04:48.396 63384 INFO tempest.lib.common.rest_client [req-ffca0ee2-d56c-4c53-9578-b57dad35c518 req-ffca0ee2-d56c-4c53-9578-b57dad35c518 ] Request (FlavorsAccessNegativeTestJSON:tearDownClass): 204 DELETE http://10.180.1.21/identity/v3/projects/8cc8a92d94fb489ca8b9786494cd92f4 0.086s
2025-02-12 21:04:48.396 63384 INFO tempest.lib.common.dynamic_creds [-] Deleting project and security group for project: 964cae9044c14d85babb5e1bb30a31d9
2025-02-12 21:04:48.403 63366 INFO tempest.lib.common.rest_client [req-59f6ebdc-fead-4a01-abc4-f9de68e7545b req-59f6ebdc-fead-4a01-abc4-f9de68e7545b ] Request (ServerExternalEventsTest:test_create_server_external_events): 200 GET http://10.180.1.21/compute/v2.1/servers/ffb951f2-2150-4168-a465-c5492557b199 1.309s
2025-02-12 21:04:48.427 63392 INFO tempest.lib.common.rest_client [req-3346f964-151c-4b61-ac5e-b05925b7d80e req-3346f964-151c-4b61-ac5e-b05925b7d80e ] Request (ImagesNegativeTestJSON:test_create_image_from_deleted_server): 200 GET http://10.180.1.21/compute/v2.1/servers/c48e0bf0-dfc5-4ec7-b611-b96af9659bf5 1.270s
2025-02-12 21:04:48.463 63422 INFO tempest.lib.common.rest_client [req-2314d270-ef54-4089-899e-00de7d2846bd req-2314d270-ef54-4089-899e-00de7d2846bd ] Request (ServerMetadataNegativeTestJSON:setUpClass): 200 GET http://10.180.1.21/compute/v2.1/servers/d982bc6e-2297-46d0-a623-1744fb3ee44b 1.241s
2025-02-12 21:04:48.540 63384 INFO tempest.lib.common.rest_client [req-22155b7b-8e9b-4222-ad9c-e8363d9bb94d req-22155b7b-8e9b-4222-ad9c-e8363d9bb94d ] Request (FlavorsAccessNegativeTestJSON:tearDownClass): 200 GET http://10.180.1.21:9696/networking/v2.0/security-groups?tenant_id=964cae9044c14d85babb5e1bb30a31d9&name=default 0.143s
2025-02-12 21:04:48.549 63362 INFO tempest.lib.common.rest_client [req-55a2d449-5ffb-4b0a-a1a4-3f5c1b804853 req-55a2d449-5ffb-4b0a-a1a4-3f5c1b804853 ] Request (ServerDiskConfigTestJSON:test_rebuild_server_with_auto_disk_config): 200 GET http://10.180.1.21/compute/v2.1/servers/990a34e1-cf52-4ce7-b0ff-d1a2cac106ea 1.310s
2025-02-12 21:04:48.567 63372 INFO tempest.lib.common.rest_client [req-33a2a426-344c-415b-b74e-2c12086e63d7 req-33a2a426-344c-415b-b74e-2c12086e63d7 ] Request (FlavorsAdminTestJSON:test_create_server_with_non_public_flavor): 200 POST http://10.180.1.21/compute/v2.1/flavors 1.216s
2025-02-12 21:04:48.581 63408 INFO tempest.lib.common.rest_client [req-bc821467-1d0a-489f-83d9-9e48279c9ef8 req-bc821467-1d0a-489f-83d9-9e48279c9ef8 ] Request (AggregatesAdminNegativeTestJSON:test_aggregate_delete_with_invalid_id): 404 DELETE http://10.180.1.21/compute/v2.1/os-aggregates/-1 1.217s
2025-02-12 21:04:48.599 63364 INFO tempest.lib.common.rest_client [req-1f02603c-b2ba-4529-b2ef-c15da54f12b2 req-1f02603c-b2ba-4529-b2ef-c15da54f12b2 ] Request (FlavorsV2TestJSON:test_list_flavors_filter_by_min_disk): 200 GET http://10.180.1.21/compute/v2.1/flavors?minDisk=2 1.181s
2025-02-12 21:04:48.610 63390 INFO tempest.lib.common.rest_client [req-ea73e0b4-429d-4555-8762-e2819c251020 req-ea73e0b4-429d-4555-8762-e2819c251020 ] Request (ServersTestMultiNic:setUpClass): 201 POST http://10.180.1.21:9696/networking/v2.0/subnets 0.255s
2025-02-12 21:04:48.613 63378 INFO tempest.lib.common.rest_client [req-9127ac43-ddb1-40ec-acd1-c925278b75bc req-9127ac43-ddb1-40ec-acd1-c925278b75bc ] Request (QuotasAdminTestJSON:test_get_updated_quotas): 200 GET http://10.180.1.21/compute/v2.1/os-quota-sets/d55f789f018c496a8922195c3d420a4b/detail 1.368s
2025-02-12 21:04:48.649 63378 INFO tempest.lib.common.rest_client [req-878fbd22-8f5d-4b50-80ab-181090889935 req-878fbd22-8f5d-4b50-80ab-181090889935 ] Request (QuotasAdminTestJSON:test_get_updated_quotas): 200 GET http://10.180.1.21/identity/v3/domains?name=Default 0.030s
2025-02-12 21:04:48.651 63384 INFO tempest.lib.common.rest_client [req-fec1e67b-4edd-41ef-80fc-323ed72f3bdb req-fec1e67b-4edd-41ef-80fc-323ed72f3bdb ] Request (FlavorsAccessNegativeTestJSON:tearDownClass): 204 DELETE http://10.180.1.21:9696/networking/v2.0/security-groups/15a7b204-4453-47f8-967d-7cef96a214a4 0.111s
2025-02-12 21:04:48.671 63386 INFO tempest.lib.common.rest_client [req-df9a0d37-a19b-4276-8e81-e9ffb1cabee1 req-df9a0d37-a19b-4276-8e81-e9ffb1cabee1 ] Request (DeleteServersAdminTestJSON:test_delete_server_while_in_error_state): 200 GET http://10.180.1.21/compute/v2.1/servers/7796af7d-4ff9-471a-99e7-e4fc54aedee0 0.954s
2025-02-12 21:04:48.677 63406 INFO tempest.lib.common.rest_client [req-39fcae55-e8c8-41e6-a494-ab44d75c819d req-39fcae55-e8c8-41e6-a494-ab44d75c819d ] Request (TestVersions:test_get_version_details): 200 GET http://10.180.1.21/compute/v2/ 0.948s
2025-02-12 21:04:48.683 63378 INFO tempest.lib.common.rest_client [req-37809252-2f6a-4490-864c-33672ee2c19c req-37809252-2f6a-4490-864c-33672ee2c19c ] Request (QuotasAdminTestJSON:test_get_updated_quotas): 201 POST http://10.180.1.21/identity/v3/users 0.033s
2025-02-12 21:04:48.703 63420 INFO tempest.lib.common.rest_client [req-4cc25ea6-ebb8-4cb4-b7aa-adea46b37996 req-4cc25ea6-ebb8-4cb4-b7aa-adea46b37996 ] Request (ImagesDeleteNegativeTestJSON:test_delete_non_existent_image): 404 DELETE http://10.180.1.21/compute/v2.1/images/3eb12d62-2c5a-41cc-bc4b-1e4f54f9f101 0.967s
2025-02-12 21:04:48.709 63378 INFO tempest.lib.common.rest_client [req-d774c108-9009-4286-9841-70b72870d1bc req-d774c108-9009-4286-9841-70b72870d1bc ] Request (QuotasAdminTestJSON:test_get_updated_quotas): 200 GET http://10.180.1.21/identity/v3/domains?name=Default 0.026s
2025-02-12 21:04:48.726 63380 INFO tempest.lib.common.rest_client [req-06997167-b21d-4eee-b80f-92a6e13e4191 req-06997167-b21d-4eee-b80f-92a6e13e4191 ] Request (ServicesAdminNegativeV253TestJSON:test_get_service_by_invalid_service_and_valid_host): 200 GET http://10.180.1.21/compute/v2.1/os-services 0.965s
2025-02-12 21:04:48.732 63416 INFO tempest.lib.common.rest_client [req-b58be8ba-d9dd-44a4-a630-5175634c60b2 req-b58be8ba-d9dd-44a4-a630-5175634c60b2 ] Request (KeyPairsNegativeTestJSON:test_create_keypair_with_long_keynames): 400 POST http://10.180.1.21/compute/v2.1/os-keypairs 0.951s
2025-02-12 21:04:48.756 63410 INFO tempest.lib.common.rest_client [req-50a31ec4-32a4-4e5c-a1b5-230e3d024c32 req-50a31ec4-32a4-4e5c-a1b5-230e3d024c32 ] Request (SecurityGroupRulesTestJSON:tearDownClass): 202 DELETE http://10.180.1.21/compute/v2.1/os-security-groups/9ede4ea7-14fd-4ce1-8c74-e5251b31c74b 1.232s
2025-02-12 21:04:48.766 63384 INFO tempest.lib.common.rest_client [req-96dfda87-2668-406b-8c8d-59dc95107c19 req-96dfda87-2668-406b-8c8d-59dc95107c19 ] Request (FlavorsAccessNegativeTestJSON:tearDownClass): 204 DELETE http://10.180.1.21/identity/v3/projects/964cae9044c14d85babb5e1bb30a31d9 0.115s
2025-02-12 21:04:48.767 63384 INFO tempest.lib.common.dynamic_creds [-] Deleting project and security group for project: 8b7bf812fc52475eb2ed173ba7a0fd1d
2025-02-12 21:04:48.784 63420 INFO tempest.lib.common.rest_client [req-46ab1d3b-05a0-4cda-935c-96d44675e6f0 req-46ab1d3b-05a0-4cda-935c-96d44675e6f0 ] Request (ImagesDeleteNegativeTestJSON:tearDownClass): 204 DELETE http://10.180.1.21/identity/v3/users/a58dfa585a444ec7b121e29d48d54cd0 0.076s
2025-02-12 21:04:48.785 63420 INFO tempest.lib.common.dynamic_creds [-] Deleting project and security group for project: 322a78787b994fa790191708820f4006
2025-02-12 21:04:48.848 63420 INFO tempest.lib.common.rest_client [req-d7f33ba8-f1c5-4f5f-af90-a60c800222be req-d7f33ba8-f1c5-4f5f-af90-a60c800222be ] Request (ImagesDeleteNegativeTestJSON:tearDownClass): 201 POST http://10.180.1.21/identity/v3/auth/tokens 0.063s
2025-02-12 21:04:48.932 63368 INFO tempest.lib.common.rest_client [req-1f3e8acf-10a6-4b22-9f94-63ae5f1af499 req-1f3e8acf-10a6-4b22-9f94-63ae5f1af499 ] Request (ServersWithSpecificFlavorTestJSON:test_verify_created_server_ephemeral_disk): 200 GET http://10.180.1.21/compute/v2.1/servers/61a2f66a-e85c-4d6f-9558-d398cacaa941 1.043s
2025-02-12 21:04:48.983 63370 INFO tempest.lib.common.rest_client [req-4619962d-0d73-4897-873a-ce0e6485c2fe req-4619962d-0d73-4897-873a-ce0e6485c2fe ] Request (VolumesTestJSON:test_volume_list_with_detail_param_offset_and_limit): 200 GET http://10.180.1.21/compute/v2.1/os-volumes/detail 0.912s
2025-02-12 21:04:49.005 63384 INFO tempest.lib.common.rest_client [req-29b341b3-56e8-45ce-b5e2-bad72a2edbea req-29b341b3-56e8-45ce-b5e2-bad72a2edbea ] Request (FlavorsAccessNegativeTestJSON:tearDownClass): 200 GET http://10.180.1.21:9696/networking/v2.0/security-groups?tenant_id=8b7bf812fc52475eb2ed173ba7a0fd1d&name=default 0.238s
2025-02-12 21:04:49.022 63414 INFO tempest.lib.common.rest_client [req-c6244006-8f56-412f-bb63-fdd761b0ec6c req-c6244006-8f56-412f-bb63-fdd761b0ec6c ] Request (FloatingIPsTestJSON:test_delete_floating_ip): 404 GET http://10.180.1.21/compute/v2.1/os-floating-ips/c6ae52ca-01cf-44a3-b5d3-a180350418e4 0.870s
2025-02-12 21:04:49.059 63404 INFO tempest.lib.common.rest_client [req-0b0c5b1f-99db-4de9-bb16-4af811364a9c req-0b0c5b1f-99db-4de9-bb16-4af811364a9c ] Request (ListImageFiltersTestJSON:setUpClass): 200 GET http://10.180.1.21/compute/v2.1/images/a8f5ea8c-6fd5-4bc1-8b89-6a0e3264762d 0.768s
2025-02-12 21:04:49.093 63420 INFO tempest.lib.common.rest_client [req-77c2b291-59d2-43c8-9e11-f4bd35fed0a6 req-77c2b291-59d2-43c8-9e11-f4bd35fed0a6 ] Request (ImagesDeleteNegativeTestJSON:tearDownClass): 200 GET http://10.180.1.21:9696/networking/v2.0/security-groups?tenant_id=322a78787b994fa790191708820f4006&name=default 0.244s
2025-02-12 21:04:49.131 63388 INFO tempest.lib.common.rest_client [req-98670ab8-29b4-48dd-b602-ee14230a4a35 req-98670ab8-29b4-48dd-b602-ee14230a4a35 ] Request (ServersTestFqdnHostnames:test_create_server_with_fqdn_name): 200 GET http://10.180.1.21/compute/v2.1/servers/c5bfb89e-931f-462f-8d11-a47c28fdfdc2 0.812s
2025-02-12 21:04:49.143 63384 INFO tempest.lib.common.rest_client [req-2aababc8-cf37-467c-9eb5-9e3e02f427b9 req-2aababc8-cf37-467c-9eb5-9e3e02f427b9 ] Request (FlavorsAccessNegativeTestJSON:tearDownClass): 204 DELETE http://10.180.1.21:9696/networking/v2.0/security-groups/47a8591e-79e7-4f7a-ac80-8e4e522a54f8 0.138s
2025-02-12 21:04:49.253 63384 INFO tempest.lib.common.rest_client [req-3ecc36e6-aa52-47a1-a98f-d414844fd193 req-3ecc36e6-aa52-47a1-a98f-d414844fd193 ] Request (FlavorsAccessNegativeTestJSON:tearDownClass): 204 DELETE http://10.180.1.21/identity/v3/projects/8b7bf812fc52475eb2ed173ba7a0fd1d 0.110s
2025-02-12 21:04:49.323 63420 INFO tempest.lib.common.rest_client [req-1e0cdeca-40bc-46ce-9773-2a9c6be0fbb5 req-1e0cdeca-40bc-46ce-9773-2a9c6be0fbb5 ] Request (ImagesDeleteNegativeTestJSON:tearDownClass): 204 DELETE http://10.180.1.21:9696/networking/v2.0/security-groups/8ae594be-e702-40dd-8e96-bad2d648180b 0.230s
2025-02-12 21:04:49.327 63412 INFO tempest.lib.common.rest_client [req-9ea640ab-d015-4e5d-bd8d-576ef000ea3f req-9ea640ab-d015-4e5d-bd8d-576ef000ea3f ] Request (VolumesAssistedSnapshotsTest:test_volume_assisted_snapshot_create_delete): 200 GET http://10.180.1.21/compute/v2.1/servers/a884ef52-e22f-4f4f-8b4e-f663de615123 0.976s
2025-02-12 21:04:49.337 63412 INFO tempest.common.waiters [-] State transition "BUILD/spawning" ==> "ACTIVE/None" after 22 second wait
2025-02-12 21:04:49.341 63384 INFO tempest.lib.common.rest_client [req-cf78c2b4-4514-4941-af6c-31fc98e16487 req-cf78c2b4-4514-4941-af6c-31fc98e16487 ] Request (FloatingIPsNegativeTestJSON:setUpClass): 201 POST http://10.180.1.21/identity/v3/auth/tokens 0.086s
2025-02-12 21:04:49.377 63396 INFO tempest.lib.common.rest_client [req-043510c8-6ebb-4cb2-959d-ee7af97507f5 req-043510c8-6ebb-4cb2-959d-ee7af97507f5 ] Request (SecurityGroupsTestJSON:test_security_group_create_get_delete): 200 GET http://10.180.1.21/compute/v2.1/os-security-groups/94350c06-0a7b-4326-8cd7-0b1306f8d2d9 1.013s
2025-02-12 21:04:49.378 63384 INFO tempest.lib.common.rest_client [req-0704b58f-6e0a-4cc6-9378-933df125b4cb req-0704b58f-6e0a-4cc6-9378-933df125b4cb ] Request (FloatingIPsNegativeTestJSON:setUpClass): 201 POST http://10.180.1.21/identity/v3/auth/tokens 0.034s
2025-02-12 21:04:49.405 63384 INFO tempest.lib.common.rest_client [req-283d497b-4e5d-4cf7-a997-9d41eba6102f req-283d497b-4e5d-4cf7-a997-9d41eba6102f ] Request (FloatingIPsNegativeTestJSON:setUpClass): 200 GET http://10.180.1.21/identity/v3/domains?name=Default 0.027s
2025-02-12 21:04:49.439 63420 INFO tempest.lib.common.rest_client [req-8f6cb5b5-7e79-44a5-87bf-a4629167aa65 req-8f6cb5b5-7e79-44a5-87bf-a4629167aa65 ] Request (ImagesDeleteNegativeTestJSON:tearDownClass): 204 DELETE http://10.180.1.21/identity/v3/projects/322a78787b994fa790191708820f4006 0.116s
2025-02-12 21:04:49.439 63384 INFO tempest.lib.common.rest_client [req-24e77750-4ef3-4e70-a271-fa271f630933 req-24e77750-4ef3-4e70-a271-fa271f630933 ] Request (FloatingIPsNegativeTestJSON:setUpClass): 201 POST http://10.180.1.21/identity/v3/projects 0.033s
2025-02-12 21:04:49.475 63394 INFO tempest.lib.common.rest_client [req-4cbb6343-9205-4252-9834-3f93fff312da req-4cbb6343-9205-4252-9834-3f93fff312da ] Request (ServerDiagnosticsTest:tearDownClass): 200 GET http://10.180.1.21/compute/v2.1/servers/8362c470-7c23-4313-996b-982eb6e696a2 0.971s
2025-02-12 21:04:49.491 63372 INFO tempest.lib.common.rest_client [req-5018ebed-bbcf-4752-a489-d839aa522ad5 req-5018ebed-bbcf-4752-a489-d839aa522ad5 ] Request (FlavorsAdminTestJSON:test_create_server_with_non_public_flavor): 400 POST http://10.180.1.21/compute/v2.1/servers 0.918s
2025-02-12 21:04:49.496 63424 INFO tempest.lib.common.rest_client [req-cc6d9ee3-30a7-40c6-89b1-985c3560a97e req-cc6d9ee3-30a7-40c6-89b1-985c3560a97e ] Request (FloatingIPsAssociationNegativeTestJSON:test_associate_ip_to_server_with_floating_ip): 200 POST http://10.180.1.21/compute/v2.1/os-floating-ips 1.542s
2025-02-12 21:04:49.500 63420 INFO tempest.lib.common.rest_client [req-5fb5bed3-b29e-41e7-9b6c-34b4b7f615f0 req-5fb5bed3-b29e-41e7-9b6c-34b4b7f615f0 ] Request (ServerTagsTestJSON:setUpClass): 201 POST http://10.180.1.21/identity/v3/auth/tokens 0.059s
2025-02-12 21:04:49.510 63364 INFO tempest.lib.common.rest_client [req-c7f10d3d-fe79-4cdc-9843-a56360ecbb8d req-c7f10d3d-fe79-4cdc-9843-a56360ecbb8d ] Request (FlavorsV2TestJSON:test_list_flavors_filter_by_min_ram): 200 GET http://10.180.1.21/compute/v2.1/flavors/42 0.904s
2025-02-12 21:04:49.527 63408 INFO tempest.lib.common.rest_client [req-ee39e8f3-499d-4f7d-ba4a-b55a8b562104 req-ee39e8f3-499d-4f7d-ba4a-b55a8b562104 ] Request (AggregatesAdminNegativeTestJSON:test_aggregate_get_details_as_user): 200 POST http://10.180.1.21/compute/v2.1/os-aggregates 0.944s
2025-02-12 21:04:49.533 63384 INFO tempest.lib.common.rest_client [req-7bf546b2-8439-480d-9fff-fd02d3f81ed3 req-7bf546b2-8439-480d-9fff-fd02d3f81ed3 ] Request (FloatingIPsNegativeTestJSON:setUpClass): 201 POST http://10.180.1.21/identity/v3/users 0.093s
2025-02-12 21:04:49.536 63420 INFO tempest.lib.common.rest_client [req-7614c708-5ad6-43ec-8beb-4da7f520bbca req-7614c708-5ad6-43ec-8beb-4da7f520bbca ] Request (ServerTagsTestJSON:setUpClass): 201 POST http://10.180.1.21/identity/v3/auth/tokens 0.031s
2025-02-12 21:04:49.557 63384 INFO tempest.lib.common.rest_client [req-b0b5ad33-fa89-4222-a35f-1d82e65423ff req-b0b5ad33-fa89-4222-a35f-1d82e65423ff ] Request (FloatingIPsNegativeTestJSON:setUpClass): 200 GET http://10.180.1.21/identity/v3/roles 0.023s
2025-02-12 21:04:49.567 63420 INFO tempest.lib.common.rest_client [req-a1daf14d-bff8-41f7-8365-f9b73a60a29c req-a1daf14d-bff8-41f7-8365-f9b73a60a29c ] Request (ServerTagsTestJSON:setUpClass): 200 GET http://10.180.1.21/identity/v3/domains?name=Default 0.031s
2025-02-12 21:04:49.572 63402 INFO tempest.lib.common.rest_client [req-839abea3-d1c0-45c7-b5fc-5459194a7fc2 req-839abea3-d1c0-45c7-b5fc-5459194a7fc2 ] Request (DeleteServersTestJSON:test_delete_active_server): 200 GET http://10.180.1.21/compute/v2.1/servers/58b0ce0a-9269-471c-91b9-9873a0bceeff 0.963s
2025-02-12 21:04:49.577 63406 INFO tempest.lib.common.rest_client [req-93405894-770d-4b6a-a30c-51811fd1eae1 req-93405894-770d-4b6a-a30c-51811fd1eae1 ] Request (TestVersions:test_get_version_details): 200 GET http://10.180.1.21/compute/v2.1/ 0.896s
