2025-02-12 21:05:45.469 63424 INFO tempest.lib.common.rest_client [req-05a6dc1f-14c1-409d-b7ae-a4441d1f4b91 req-05a6dc1f-14c1-409d-b7ae-a4441d1f4b91 ] Request (ImagesTestJSON:test_create_image_from_stopped_server): 202 POST http://10.180.1.21/compute/v2.1/servers 0.592s
2025-02-12 21:05:45.477 63394 INFO tempest.lib.common.rest_client [req-f108bca9-e58d-491a-927d-4337243cecf7 req-f108bca9-e58d-491a-927d-4337243cecf7 ] Request (ServerRescueTestJSON:setUpClass): 200 GET http://10.180.1.21/compute/v2.1/servers/974b051e-74c5-457d-b734-ef7fa65a8d3d 0.394s
2025-02-12 21:05:45.544 63382 INFO tempest.lib.common.rest_client [req-94e414b1-eb6e-4bcb-b719-727670d28566 req-94e414b1-eb6e-4bcb-b719-727670d28566 ] Request (MigrationsAdminTest:test_resize_server_revert_deleted_flavor): 200 GET http://10.180.1.21/compute/v2.1/servers/b6326a0e-f6b0-466a-8c18-9a3e6b112e42 0.438s
2025-02-12 21:05:45.550 63392 INFO tempest.lib.common.rest_client [req-41c923eb-5bdc-4790-b68e-4814c52b1e6c req-41c923eb-5bdc-4790-b68e-4814c52b1e6c ] Request (AttachInterfacesTestJSON:test_create_list_show_delete_interfaces_by_fixed_ip): 200 GET http://10.180.1.21/compute/v2.1/servers/dd9d50c4-0607-4247-8e76-06903fb0a599 0.380s
2025-02-12 21:05:45.613 63396 INFO tempest.lib.common.rest_client [req-0baa9a01-ff3a-4b6a-9dc0-d066df235258 req-0baa9a01-ff3a-4b6a-9dc0-d066df235258 ] Request (SecurityGroupsTestJSON:test_server_security_groups): 200 GET http://10.180.1.21/compute/v2.1/servers/70d8967e-a6f6-458e-965d-47ebfb867526 0.356s
2025-02-12 21:05:45.652 63424 INFO tempest.lib.common.rest_client [req-b00fbfd2-a914-4df1-ad5c-466243c413bf req-b00fbfd2-a914-4df1-ad5c-466243c413bf ] Request (ImagesTestJSON:test_create_image_from_stopped_server): 200 GET http://10.180.1.21/compute/v2.1/servers/32fdad42-1e49-403b-a3d5-76f47b87d567 0.181s
2025-02-12 21:05:45.659 63380 INFO tempest.lib.common.rest_client [req-6b5c9efe-d15c-47b1-b03c-bcbe0d0b19f2 req-6b5c9efe-d15c-47b1-b03c-bcbe0d0b19f2 ] Request (ServerAddressesNegativeTestJSON:setUpClass): 200 GET http://10.180.1.21/compute/v2.1/servers/0f02137b-ae02-4c2b-9188-50e4d80c11f6 0.354s
2025-02-12 21:05:45.741 63376 INFO tempest.lib.common.rest_client [req-07cec0fb-1f4f-4fd0-bc94-dcd7b0114684 req-07cec0fb-1f4f-4fd0-bc94-dcd7b0114684 ] Request (ServersAdminNegativeTestJSON:tearDownClass): 200 GET http://10.180.1.21/compute/v2.1/servers/880592dc-3d7e-4ad8-ae77-1da91e495e94 0.107s
2025-02-12 21:05:45.818 63390 INFO tempest.lib.common.rest_client [req-21958f0d-9322-4493-ace5-07753aaef68b req-21958f0d-9322-4493-ace5-07753aaef68b ] Request (ServersTestMultiNic:test_verify_duplicate_network_nics): 200 GET http://10.180.1.21/compute/v2.1/servers/14f3e0ba-7c1f-4744-b258-52e3dce205b1 0.269s
2025-02-12 21:05:45.877 63420 INFO tempest.lib.common.rest_client [req-a424e3a2-5480-47e7-84c1-4123c4c2db8a req-a424e3a2-5480-47e7-84c1-4123c4c2db8a ] Request (ServerTagsTestJSON:setUpClass): 200 GET http://10.180.1.21/compute/v2.1/servers/5ce1a2d0-f7ab-468a-bb75-17354b91f0ee 0.189s
2025-02-12 21:05:45.918 63364 INFO tempest.lib.common.rest_client [req-53ead315-c3cf-4563-87e8-d5ab1c157898 req-53ead315-c3cf-4563-87e8-d5ab1c157898 ] Request (ServersV294TestFqdnHostnames:setUpClass): 200 GET http://10.180.1.21/compute/v2.1/servers/ceca798f-e220-445a-b8cc-72855897fadf 0.223s
2025-02-12 21:05:45.954 63372 INFO tempest.lib.common.rest_client [req-91ba3851-611b-4dd9-b30a-072d2fe6a1e6 req-91ba3851-611b-4dd9-b30a-072d2fe6a1e6 ] Request (ServersAdmin275Test:test_rebuild_update_server_275): 200 GET http://10.180.1.21/compute/v2.1/servers/2cbfe3ec-021d-49ac-909f-88b44a8844ca 0.209s
2025-02-12 21:05:45.986 63398 INFO tempest.lib.common.rest_client [req-7b838b3f-187b-433b-812e-daf352616129 req-7b838b3f-187b-433b-812e-daf352616129 ] Request (ImagesOneServerNegativeTestJSON:_run_cleanups): 200 GET http://10.180.1.21/compute/v2.1/servers/169aea8a-808e-4986-b75e-305f896f6f6a 0.238s
2025-02-12 21:05:45.998 63398 INFO tempest.common.waiters [-] State transition "ACTIVE/deleting" ==> "DELETED/None" after 4 second wait
2025-02-12 21:05:46.014 63402 INFO tempest.lib.common.rest_client [req-a0375b73-93fd-43f5-b371-754bfd60d140 req-a0375b73-93fd-43f5-b371-754bfd60d140 ] Request (DeleteServersTestJSON:test_delete_server_while_in_attached_volume): 200 GET http://10.180.1.21/compute/v2.1/servers/ffd06d8f-e9e1-4a87-a1ee-3df21bc03941 0.210s
2025-02-12 21:05:46.049 63374 INFO tempest.lib.common.rest_client [req-3e14a81f-c10f-46a8-8b77-8243ab6e4054 req-3e14a81f-c10f-46a8-8b77-8243ab6e4054 ] Request (ServerDiagnosticsV248Test:tearDownClass): 200 GET http://10.180.1.21/compute/v2.1/servers/b0166fc9-a10c-4a84-a282-9689aa197254 0.220s
2025-02-12 21:05:46.083 63384 INFO tempest.lib.common.rest_client [req-977ab645-de57-4e87-8534-da751ecfef50 req-977ab645-de57-4e87-8534-da751ecfef50 ] Request (AttachInterfacesUnderV243Test:test_add_remove_fixed_ip): 200 GET http://10.180.1.21/compute/v2.1/servers/f8ee9bc6-f2db-4b76-89d5-7e20cad2ac5c 0.223s
2025-02-12 21:05:46.120 63410 INFO tempest.lib.common.rest_client [req-24f5c5e8-4730-4bdf-aa96-27a5f5ee5a4d req-24f5c5e8-4730-4bdf-aa96-27a5f5ee5a4d ] Request (ServersAaction247Test:test_create_backup): 200 GET http://10.180.1.21/compute/v2.1/servers/443ff84c-f6fa-4514-9589-9fd02c7d7851 0.233s
2025-02-12 21:05:46.152 63422 INFO tempest.lib.common.rest_client [req-3b99ae46-4234-4620-85b8-58c0dc9d0a80 req-3b99ae46-4234-4620-85b8-58c0dc9d0a80 ] Request (ServerMetadataNegativeTestJSON:tearDownClass): 200 GET http://10.180.1.21/compute/v2.1/servers/d982bc6e-2297-46d0-a623-1744fb3ee44b 0.229s
2025-02-12 21:05:46.177 63362 INFO tempest.lib.common.rest_client [req-466b32d5-dbd4-464a-b12b-c11922d51c85 req-466b32d5-dbd4-464a-b12b-c11922d51c85 ] Request (ServerDiskConfigTestJSON:test_rebuild_server_with_manual_disk_config): 200 GET http://10.180.1.21/compute/v2.1/servers/f0a91a3b-4a1c-4c0d-93ee-b0bf4c938900 0.236s
2025-02-12 21:05:46.197 63404 INFO tempest.lib.common.rest_client [req-2fc01cbc-7b28-4e55-886c-7af3a1d36bf6 req-2fc01cbc-7b28-4e55-886c-7af3a1d36bf6 ] Request (ListImageFiltersTestJSON:setUpClass): 200 GET http://10.180.1.21/compute/v2.1/images/9534a0af-2913-4385-9246-621294ea619d 0.226s
2025-02-12 21:05:46.236 63400 INFO tempest.lib.common.rest_client [req-3dc474cd-5920-4685-8481-1c73cd175911 req-3dc474cd-5920-4685-8481-1c73cd175911 ] Request (ListServerFiltersTestJSON:tearDownClass): 200 GET http://10.180.1.21/compute/v2.1/servers/741b00c8-123d-4c52-b0cd-f40673034ea9 0.132s
2025-02-12 21:05:46.282 63366 INFO tempest.lib.common.rest_client [req-db0c40c7-58b2-4ad2-b9dd-5f3fcb53cc41 req-db0c40c7-58b2-4ad2-b9dd-5f3fcb53cc41 ] Request (ServerExternalEventsTest:tearDownClass): 200 GET http://10.180.1.21/compute/v2.1/servers/ffb951f2-2150-4168-a465-c5492557b199 0.111s
2025-02-12 21:05:46.358 63378 INFO tempest.lib.common.rest_client [req-3818fcb4-4d61-41be-a7ad-541f42d8f42a req-3818fcb4-4d61-41be-a7ad-541f42d8f42a ] Request (ServersTestJSON:test_create_server_specify_multibyte_character_name): 200 GET http://10.180.1.21/compute/v2.1/servers/8faf95e3-ce3a-4e0a-91f1-f508a80fb268 0.061s
2025-02-12 21:05:46.394 63418 INFO tempest.lib.common.rest_client [req-5317c92f-96fc-4203-981e-ae98a5d27bdb req-5317c92f-96fc-4203-981e-ae98a5d27bdb ] Request (FloatingIPsAssociationTestJSON:setUpClass): 200 GET http://10.180.1.21/compute/v2.1/servers/efda071e-50e2-4627-8f1f-1f8653b6c2ad 0.165s
2025-02-12 21:05:46.401 63418 INFO tempest.common.waiters [-] State transition "BUILD/None" ==> "BUILD/networking" after 37 second wait
2025-02-12 21:05:46.487 63386 INFO tempest.lib.common.rest_client [req-12c3ba8d-7ee1-4cdc-8203-af3d24fda82e req-12c3ba8d-7ee1-4cdc-8203-af3d24fda82e ] Request (DeleteServersAdminTestJSON:test_delete_server_while_in_error_state): 200 GET http://10.180.1.21/compute/v2.1/servers/7796af7d-4ff9-471a-99e7-e4fc54aedee0 0.071s
2025-02-12 21:05:46.553 63394 INFO tempest.lib.common.rest_client [req-44df61e8-47cf-4db3-b989-237a100d13fc req-44df61e8-47cf-4db3-b989-237a100d13fc ] Request (ServerRescueTestJSON:setUpClass): 200 GET http://10.180.1.21/compute/v2.1/servers/974b051e-74c5-457d-b734-ef7fa65a8d3d 0.063s
2025-02-12 21:05:46.617 63392 INFO tempest.lib.common.rest_client [req-142f636d-2871-4964-a7a8-fa9cd15ed002 req-142f636d-2871-4964-a7a8-fa9cd15ed002 ] Request (AttachInterfacesTestJSON:test_create_list_show_delete_interfaces_by_fixed_ip): 200 GET http://10.180.1.21/compute/v2.1/servers/dd9d50c4-0607-4247-8e76-06903fb0a599 0.057s
2025-02-12 21:05:46.619 63382 INFO tempest.lib.common.rest_client [req-d139ed27-c071-4c80-9b32-73b450350c2c req-d139ed27-c071-4c80-9b32-73b450350c2c ] Request (MigrationsAdminTest:test_resize_server_revert_deleted_flavor): 200 GET http://10.180.1.21/compute/v2.1/servers/b6326a0e-f6b0-466a-8c18-9a3e6b112e42 0.060s
2025-02-12 21:05:46.681 63396 INFO tempest.lib.common.rest_client [req-c1b92009-9f5e-4ab5-ab66-7908a4db914d req-c1b92009-9f5e-4ab5-ab66-7908a4db914d ] Request (SecurityGroupsTestJSON:test_server_security_groups): 200 GET http://10.180.1.21/compute/v2.1/servers/70d8967e-a6f6-458e-965d-47ebfb867526 0.057s
2025-02-12 21:05:46.716 63424 INFO tempest.lib.common.rest_client [req-7304c7f3-bf64-4d11-afda-815821ae650c req-7304c7f3-bf64-4d11-afda-815821ae650c ] Request (ImagesTestJSON:test_create_image_from_stopped_server): 200 GET http://10.180.1.21/compute/v2.1/servers/32fdad42-1e49-403b-a3d5-76f47b87d567 0.056s
2025-02-12 21:05:46.786 63380 INFO tempest.lib.common.rest_client [req-3bd30357-5e0a-4c83-8373-5d24c802fe2f req-3bd30357-5e0a-4c83-8373-5d24c802fe2f ] Request (ServerAddressesNegativeTestJSON:setUpClass): 200 GET http://10.180.1.21/compute/v2.1/servers/0f02137b-ae02-4c2b-9188-50e4d80c11f6 0.118s
2025-02-12 21:05:46.817 63376 INFO tempest.lib.common.rest_client [req-0739f94c-d537-4341-911c-dbd657e4d473 req-0739f94c-d537-4341-911c-dbd657e4d473 ] Request (ServersAdminNegativeTestJSON:tearDownClass): 200 GET http://10.180.1.21/compute/v2.1/servers/880592dc-3d7e-4ad8-ae77-1da91e495e94 0.067s
2025-02-12 21:05:46.824 63376 INFO tempest.common.waiters [-] State transition "ACTIVE/deleting" ==> "DELETED/None" after 3 second wait
2025-02-12 21:05:46.934 63390 INFO tempest.lib.common.rest_client [req-67f15c3e-57df-43a5-9dbd-cad185c68524 req-67f15c3e-57df-43a5-9dbd-cad185c68524 ] Request (ServersTestMultiNic:test_verify_duplicate_network_nics): 200 GET http://10.180.1.21/compute/v2.1/servers/14f3e0ba-7c1f-4744-b258-52e3dce205b1 0.107s
2025-02-12 21:05:46.985 63420 INFO tempest.lib.common.rest_client [req-b4efc795-c9bf-4dde-9330-6be234596ae2 req-b4efc795-c9bf-4dde-9330-6be234596ae2 ] Request (ServerTagsTestJSON:setUpClass): 200 GET http://10.180.1.21/compute/v2.1/servers/5ce1a2d0-f7ab-468a-bb75-17354b91f0ee 0.095s
2025-02-12 21:05:46.987 63364 INFO tempest.lib.common.rest_client [req-26dff976-aa70-4b3a-bda5-356922578647 req-26dff976-aa70-4b3a-bda5-356922578647 ] Request (ServersV294TestFqdnHostnames:setUpClass): 200 GET http://10.180.1.21/compute/v2.1/servers/ceca798f-e220-445a-b8cc-72855897fadf 0.053s
2025-02-12 21:05:46.993 63420 INFO tempest.common.waiters [-] State transition "BUILD/spawning" ==> "ACTIVE/None" after 46 second wait
2025-02-12 21:05:47.035 63372 INFO tempest.lib.common.rest_client [req-7f4825a8-dee4-4f67-931a-e97b39dafae1 req-7f4825a8-dee4-4f67-931a-e97b39dafae1 ] Request (ServersAdmin275Test:test_rebuild_update_server_275): 200 GET http://10.180.1.21/compute/v2.1/servers/2cbfe3ec-021d-49ac-909f-88b44a8844ca 0.063s
2025-02-12 21:05:47.069 63420 INFO tempest.lib.common.rest_client [req-c77602f5-4f5d-4aab-a3c4-debfb60024c6 req-c77602f5-4f5d-4aab-a3c4-debfb60024c6 ] Request (ServerTagsTestJSON:test_check_tag_existence): 201 PUT http://10.180.1.21/compute/v2.1/servers/5ce1a2d0-f7ab-468a-bb75-17354b91f0ee/tags/tempest-tag-855740118 0.075s
2025-02-12 21:05:47.089 63398 INFO tempest.lib.common.rest_client [req-d33591fe-4b59-476a-b88b-af6585f77f89 req-d33591fe-4b59-476a-b88b-af6585f77f89 ] Request (ImagesOneServerNegativeTestJSON:_run_cleanups): 200 GET http://10.180.1.21/compute/v2.1/servers/169aea8a-808e-4986-b75e-305f896f6f6a 0.089s
2025-02-12 21:05:47.151 63374 INFO tempest.lib.common.rest_client [req-9dfc7f56-af58-4d31-9e95-32a188366e37 req-9dfc7f56-af58-4d31-9e95-32a188366e37 ] Request (ServerDiagnosticsV248Test:tearDownClass): 200 GET http://10.180.1.21/compute/v2.1/servers/b0166fc9-a10c-4a84-a282-9689aa197254 0.091s
2025-02-12 21:05:47.174 63420 INFO tempest.lib.common.rest_client [req-dceaa4cb-a261-477e-9803-928b2ee35ba8 req-dceaa4cb-a261-477e-9803-928b2ee35ba8 ] Request (ServerTagsTestJSON:test_check_tag_existence): 204 GET http://10.180.1.21/compute/v2.1/servers/5ce1a2d0-f7ab-468a-bb75-17354b91f0ee/tags/tempest-tag-855740118 0.104s
2025-02-12 21:05:47.228 63384 INFO tempest.lib.common.rest_client [req-5783fef0-b04c-4b05-b9d0-29fd40c6eb67 req-5783fef0-b04c-4b05-b9d0-29fd40c6eb67 ] Request (AttachInterfacesUnderV243Test:test_add_remove_fixed_ip): 200 GET http://10.180.1.21/compute/v2.1/servers/f8ee9bc6-f2db-4b76-89d5-7e20cad2ac5c 0.135s
2025-02-12 21:05:47.292 63410 INFO tempest.lib.common.rest_client [req-6c8f27da-fdf3-4a93-ae77-d383dbe3accc req-6c8f27da-fdf3-4a93-ae77-d383dbe3accc ] Request (ServersAaction247Test:test_create_backup): 200 GET http://10.180.1.21/compute/v2.1/servers/443ff84c-f6fa-4514-9589-9fd02c7d7851 0.158s
2025-02-12 21:05:47.327 63388 WARNING tempest.lib.common.ssh [-] Failed to establish authenticated ssh connection to cirros@10.180.180.156 ([Errno None] Unable to connect to port 22 on 10.180.180.156). Number attempts: 5. Retry after 6 seconds.: paramiko.ssh_exception.NoValidConnectionsError: [Errno None] Unable to connect to port 22 on 10.180.180.156
2025-02-12 21:05:47.347 63422 INFO tempest.lib.common.rest_client [req-38fdbc05-2a85-4016-a75c-738f69fa8272 req-38fdbc05-2a85-4016-a75c-738f69fa8272 ] Request (ServerMetadataNegativeTestJSON:tearDownClass): 200 GET http://10.180.1.21/compute/v2.1/servers/d982bc6e-2297-46d0-a623-1744fb3ee44b 0.187s
2025-02-12 21:05:47.388 63402 INFO tempest.lib.common.rest_client [req-33efd67a-9b0e-47de-9a93-9191e6c5a0f8 req-33efd67a-9b0e-47de-9a93-9191e6c5a0f8 ] Request (DeleteServersTestJSON:test_delete_server_while_in_attached_volume): 200 GET http://10.180.1.21/compute/v2.1/servers/ffd06d8f-e9e1-4a87-a1ee-3df21bc03941 0.364s
2025-02-12 21:05:47.410 63420 INFO tempest.lib.common.rest_client [req-48e74116-35cb-4976-979a-ed15ca1ed135 req-48e74116-35cb-4976-979a-ed15ca1ed135 ] Request (ServerTagsTestJSON:_run_cleanups): 204 DELETE http://10.180.1.21/compute/v2.1/servers/5ce1a2d0-f7ab-468a-bb75-17354b91f0ee/tags 0.234s
2025-02-12 21:05:47.438 63362 INFO tempest.lib.common.rest_client [req-9aac2b6c-7c74-4674-afda-b89d5ffc4263 req-9aac2b6c-7c74-4674-afda-b89d5ffc4263 ] Request (ServerDiskConfigTestJSON:test_rebuild_server_with_manual_disk_config): 200 GET http://10.180.1.21/compute/v2.1/servers/f0a91a3b-4a1c-4c0d-93ee-b0bf4c938900 0.250s
2025-02-12 21:05:47.440 63404 INFO tempest.lib.common.rest_client [req-04b85b4a-9cbf-4ba0-84d3-f81d4fd560a6 req-04b85b4a-9cbf-4ba0-84d3-f81d4fd560a6 ] Request (ListImageFiltersTestJSON:setUpClass): 200 GET http://10.180.1.21/compute/v2.1/images/9534a0af-2913-4385-9246-621294ea619d 0.239s
2025-02-12 21:05:47.499 63400 INFO tempest.lib.common.rest_client [req-f6ae8df7-70f3-4b5b-b176-3142e202188d req-f6ae8df7-70f3-4b5b-b176-3142e202188d ] Request (ListServerFiltersTestJSON:tearDownClass): 200 GET http://10.180.1.21/compute/v2.1/servers/741b00c8-123d-4c52-b0cd-f40673034ea9 0.251s
2025-02-12 21:05:47.505 63366 INFO tempest.lib.common.rest_client [req-d0067b7c-8527-4266-9601-eea274c05a00 req-d0067b7c-8527-4266-9601-eea274c05a00 ] Request (ServerExternalEventsTest:tearDownClass): 200 GET http://10.180.1.21/compute/v2.1/servers/ffb951f2-2150-4168-a465-c5492557b199 0.205s
2025-02-12 21:05:47.506 63400 INFO tempest.common.waiters [-] State transition "ACTIVE/deleting" ==> "DELETED/None" after 5 second wait
2025-02-12 21:05:47.593 63418 INFO tempest.lib.common.rest_client [req-17e5fadd-4180-414d-be47-6e20815c1068 req-17e5fadd-4180-414d-be47-6e20815c1068 ] Request (FloatingIPsAssociationTestJSON:setUpClass): 200 GET http://10.180.1.21/compute/v2.1/servers/efda071e-50e2-4627-8f1f-1f8653b6c2ad 0.191s
2025-02-12 21:05:47.600 63418 INFO tempest.common.waiters [-] State transition "BUILD/networking" ==> "BUILD/spawning" after 38 second wait
2025-02-12 21:05:47.608 63420 INFO tempest.lib.common.rest_client [req-1b49bfbe-3d5e-4673-997d-757baeebce60 req-1b49bfbe-3d5e-4673-997d-757baeebce60 ] Request (ServerTagsTestJSON:test_create_delete_tag): 200 GET http://10.180.1.21/compute/v2.1/servers/5ce1a2d0-f7ab-468a-bb75-17354b91f0ee/tags 0.197s
2025-02-12 21:05:47.663 63386 INFO tempest.lib.common.rest_client [req-bf24526c-4241-46c7-b451-f6ff9ca7d9cf req-bf24526c-4241-46c7-b451-f6ff9ca7d9cf ] Request (DeleteServersAdminTestJSON:test_delete_server_while_in_error_state): 200 GET http://10.180.1.21/compute/v2.1/servers/7796af7d-4ff9-471a-99e7-e4fc54aedee0 0.169s
2025-02-12 21:05:47.710 63394 INFO tempest.lib.common.rest_client [req-eaef71c7-c5ce-4699-86e8-450fa4d47ec8 req-eaef71c7-c5ce-4699-86e8-450fa4d47ec8 ] Request (ServerRescueTestJSON:setUpClass): 200 GET http://10.180.1.21/compute/v2.1/servers/974b051e-74c5-457d-b734-ef7fa65a8d3d 0.149s
2025-02-12 21:05:47.762 63420 INFO tempest.lib.common.rest_client [req-c79d0812-4eb7-45a6-87af-3f07c97b6d22 req-c79d0812-4eb7-45a6-87af-3f07c97b6d22 ] Request (ServerTagsTestJSON:test_create_delete_tag): 201 PUT http://10.180.1.21/compute/v2.1/servers/5ce1a2d0-f7ab-468a-bb75-17354b91f0ee/tags/tempest-tag-223816533 0.152s
2025-02-12 21:05:47.770 63378 INFO tempest.lib.common.rest_client [req-79054440-e7a1-4d7f-b5bc-3cc55fc82673 req-79054440-e7a1-4d7f-b5bc-3cc55fc82673 ] Request (ServersTestJSON:test_create_server_specify_multibyte_character_name): 200 GET http://10.180.1.21/compute/v2.1/servers/8faf95e3-ce3a-4e0a-91f1-f508a80fb268 0.404s
2025-02-12 21:05:47.810 63392 INFO tempest.lib.common.rest_client [req-27820520-8860-42d9-bde0-5765c8e5b45e req-27820520-8860-42d9-bde0-5765c8e5b45e ] Request (AttachInterfacesTestJSON:test_create_list_show_delete_interfaces_by_fixed_ip): 200 GET http://10.180.1.21/compute/v2.1/servers/dd9d50c4-0607-4247-8e76-06903fb0a599 0.183s
2025-02-12 21:05:47.819 63392 INFO tempest.common.waiters [-] State transition "BUILD/scheduling" ==> "BUILD/None" after 32 second wait
2025-02-12 21:05:47.824 63382 INFO tempest.lib.common.rest_client [req-6d9588ad-60a1-4fe1-92fb-c5b967878481 req-6d9588ad-60a1-4fe1-92fb-c5b967878481 ] Request (MigrationsAdminTest:test_resize_server_revert_deleted_flavor): 200 GET http://10.180.1.21/compute/v2.1/servers/b6326a0e-f6b0-466a-8c18-9a3e6b112e42 0.194s
2025-02-12 21:05:47.861 63396 INFO tempest.lib.common.rest_client [req-299764d6-47f3-4b97-9081-5cb6c39262c2 req-299764d6-47f3-4b97-9081-5cb6c39262c2 ] Request (SecurityGroupsTestJSON:test_server_security_groups): 200 GET http://10.180.1.21/compute/v2.1/servers/70d8967e-a6f6-458e-965d-47ebfb867526 0.172s
2025-02-12 21:05:47.878 63424 INFO tempest.lib.common.rest_client [req-46424a04-254e-42ae-84b2-40c1c20b9881 req-46424a04-254e-42ae-84b2-40c1c20b9881 ] Request (ImagesTestJSON:test_create_image_from_stopped_server): 200 GET http://10.180.1.21/compute/v2.1/servers/32fdad42-1e49-403b-a3d5-76f47b87d567 0.154s
2025-02-12 21:05:47.879 63420 INFO tempest.lib.common.rest_client [req-0ae04f31-1a71-49ae-a136-c63cb22ed681 req-0ae04f31-1a71-49ae-a136-c63cb22ed681 ] Request (ServerTagsTestJSON:test_create_delete_tag): 200 GET http://10.180.1.21/compute/v2.1/servers/5ce1a2d0-f7ab-468a-bb75-17354b91f0ee/tags 0.116s
2025-02-12 21:05:47.938 63376 INFO tempest.lib.common.rest_client [req-cd8eb9a9-6c58-4b85-b281-0cd3b7625a2c req-cd8eb9a9-6c58-4b85-b281-0cd3b7625a2c ] Request (ServersAdminNegativeTestJSON:tearDownClass): 200 GET http://10.180.1.21/compute/v2.1/servers/880592dc-3d7e-4ad8-ae77-1da91e495e94 0.113s
2025-02-12 21:05:47.992 63420 INFO tempest.lib.common.rest_client [req-663c7a3c-53c7-4e65-9fa1-f77b94be260d req-663c7a3c-53c7-4e65-9fa1-f77b94be260d ] Request (ServerTagsTestJSON:test_create_delete_tag): 204 DELETE http://10.180.1.21/compute/v2.1/servers/5ce1a2d0-f7ab-468a-bb75-17354b91f0ee/tags/tempest-tag-223816533 0.112s
2025-02-12 21:05:48.050 63380 INFO tempest.lib.common.rest_client [req-c3acd199-b999-4aa6-a9f4-479787d9ae75 req-c3acd199-b999-4aa6-a9f4-479787d9ae75 ] Request (ServerAddressesNegativeTestJSON:setUpClass): 200 GET http://10.180.1.21/compute/v2.1/servers/0f02137b-ae02-4c2b-9188-50e4d80c11f6 0.254s
2025-02-12 21:05:48.064 63420 INFO tempest.lib.common.rest_client [req-f504ce90-ace8-4acf-bcb7-df74a6ad3f01 req-f504ce90-ace8-4acf-bcb7-df74a6ad3f01 ] Request (ServerTagsTestJSON:test_create_delete_tag): 200 GET http://10.180.1.21/compute/v2.1/servers/5ce1a2d0-f7ab-468a-bb75-17354b91f0ee/tags 0.071s
2025-02-12 21:05:48.108 63390 INFO tempest.lib.common.rest_client [req-d8965534-6aaa-41b0-ac5e-78ccdc27befa req-d8965534-6aaa-41b0-ac5e-78ccdc27befa ] Request (ServersTestMultiNic:test_verify_duplicate_network_nics): 200 GET http://10.180.1.21/compute/v2.1/servers/14f3e0ba-7c1f-4744-b258-52e3dce205b1 0.166s
2025-02-12 21:05:48.118 63364 INFO tempest.lib.common.rest_client [req-5d93c22e-0998-4ceb-9728-fc95f1c7fa7c req-5d93c22e-0998-4ceb-9728-fc95f1c7fa7c ] Request (ServersV294TestFqdnHostnames:setUpClass): 200 GET http://10.180.1.21/compute/v2.1/servers/ceca798f-e220-445a-b8cc-72855897fadf 0.121s
2025-02-12 21:05:48.157 63420 INFO tempest.lib.common.rest_client [req-3b06a1ad-9db7-4dd6-8060-1ed7eb3df22c req-3b06a1ad-9db7-4dd6-8060-1ed7eb3df22c ] Request (ServerTagsTestJSON:_run_cleanups): 204 DELETE http://10.180.1.21/compute/v2.1/servers/5ce1a2d0-f7ab-468a-bb75-17354b91f0ee/tags 0.091s
2025-02-12 21:05:48.159 63372 INFO tempest.lib.common.rest_client [req-df8d820e-f20a-4c9f-bf21-39398f49f8b7 req-df8d820e-f20a-4c9f-bf21-39398f49f8b7 ] Request (ServersAdmin275Test:test_rebuild_update_server_275): 200 GET http://10.180.1.21/compute/v2.1/servers/2cbfe3ec-021d-49ac-909f-88b44a8844ca 0.114s
2025-02-12 21:05:48.212 63398 INFO tempest.lib.common.rest_client [req-0ce04105-df6f-44ba-95bb-b0d9ad2f5113 req-0ce04105-df6f-44ba-95bb-b0d9ad2f5113 ] Request (ImagesOneServerNegativeTestJSON:_run_cleanups): 200 GET http://10.180.1.21/compute/v2.1/servers/169aea8a-808e-4986-b75e-305f896f6f6a 0.107s
2025-02-12 21:05:48.217 63420 INFO tempest.lib.common.rest_client [req-a199afd1-74a7-4a22-a02b-4a6db3c3cae3 req-a199afd1-74a7-4a22-a02b-4a6db3c3cae3 ] Request (ServerTagsTestJSON:test_delete_all_tags): 201 PUT http://10.180.1.21/compute/v2.1/servers/5ce1a2d0-f7ab-468a-bb75-17354b91f0ee/tags/tempest-tag-341165937 0.059s
2025-02-12 21:05:48.223 63368 WARNING tempest.lib.common.ssh [-] Failed to establish authenticated ssh connection to cirros@10.180.180.178 ([Errno None] Unable to connect to port 22 on 10.180.180.178). Number attempts: 7. Retry after 8 seconds.: paramiko.ssh_exception.NoValidConnectionsError: [Errno None] Unable to connect to port 22 on 10.180.180.178
2025-02-12 21:05:48.276 63374 INFO tempest.lib.common.rest_client [req-7a5186dc-8710-4a43-8b61-f10c8ee9352c req-7a5186dc-8710-4a43-8b61-f10c8ee9352c ] Request (ServerDiagnosticsV248Test:tearDownClass): 200 GET http://10.180.1.21/compute/v2.1/servers/b0166fc9-a10c-4a84-a282-9689aa197254 0.114s
2025-02-12 21:05:48.281 63420 INFO tempest.lib.common.rest_client [req-ab85d953-beb7-48d7-942e-7799e1723f11 req-ab85d953-beb7-48d7-942e-7799e1723f11 ] Request (ServerTagsTestJSON:test_delete_all_tags): 201 PUT http://10.180.1.21/compute/v2.1/servers/5ce1a2d0-f7ab-468a-bb75-17354b91f0ee/tags/tempest-tag-1161505334 0.062s
2025-02-12 21:05:48.326 63384 INFO tempest.lib.common.rest_client [req-eb39f479-722d-4ae6-9b90-5575fed7f311 req-eb39f479-722d-4ae6-9b90-5575fed7f311 ] Request (AttachInterfacesUnderV243Test:test_add_remove_fixed_ip): 200 GET http://10.180.1.21/compute/v2.1/servers/f8ee9bc6-f2db-4b76-89d5-7e20cad2ac5c 0.085s
2025-02-12 21:05:48.327 63420 INFO tempest.lib.common.rest_client [req-90d9c08c-aabb-4f12-b8f0-6bd11cf02e47 req-90d9c08c-aabb-4f12-b8f0-6bd11cf02e47 ] Request (ServerTagsTestJSON:test_delete_all_tags): 204 DELETE http://10.180.1.21/compute/v2.1/servers/5ce1a2d0-f7ab-468a-bb75-17354b91f0ee/tags 0.045s
2025-02-12 21:05:48.345 63420 INFO tempest.lib.common.rest_client [req-3bfa2f95-56da-4f5b-83de-6c0a6248dba4 req-3bfa2f95-56da-4f5b-83de-6c0a6248dba4 ] Request (ServerTagsTestJSON:test_delete_all_tags): 200 GET http://10.180.1.21/compute/v2.1/servers/5ce1a2d0-f7ab-468a-bb75-17354b91f0ee/tags 0.017s
2025-02-12 21:05:48.383 63410 INFO tempest.lib.common.rest_client [req-7a29f9b3-a1b7-4f53-8f43-d2c7a9a3bdf0 req-7a29f9b3-a1b7-4f53-8f43-d2c7a9a3bdf0 ] Request (ServersAaction247Test:test_create_backup): 200 GET http://10.180.1.21/compute/v2.1/servers/443ff84c-f6fa-4514-9589-9fd02c7d7851 0.079s
2025-02-12 21:05:48.392 63420 INFO tempest.lib.common.rest_client [req-1d50394e-3608-4a5d-8c8f-6800fe6bd330 req-1d50394e-3608-4a5d-8c8f-6800fe6bd330 ] Request (ServerTagsTestJSON:_run_cleanups): 204 DELETE http://10.180.1.21/compute/v2.1/servers/5ce1a2d0-f7ab-468a-bb75-17354b91f0ee/tags 0.046s
2025-02-12 21:05:48.395 63410 INFO tempest.common.waiters [-] State transition "BUILD/None" ==> "BUILD/networking" after 38 second wait
2025-02-12 21:05:48.445 63422 INFO tempest.lib.common.rest_client [req-27207de0-99ff-46ea-8b36-e117f36a2d76 req-27207de0-99ff-46ea-8b36-e117f36a2d76 ] Request (ServerMetadataNegativeTestJSON:tearDownClass): 200 GET http://10.180.1.21/compute/v2.1/servers/d982bc6e-2297-46d0-a623-1744fb3ee44b 0.087s
2025-02-12 21:05:48.465 63420 INFO tempest.lib.common.rest_client [req-af39638f-12cc-4877-94e2-c1796854c364 req-af39638f-12cc-4877-94e2-c1796854c364 ] Request (ServerTagsTestJSON:test_update_all_tags): 201 PUT http://10.180.1.21/compute/v2.1/servers/5ce1a2d0-f7ab-468a-bb75-17354b91f0ee/tags/tempest-tag-1231207301 0.071s
2025-02-12 21:05:48.501 63402 INFO tempest.lib.common.rest_client [req-ab5b2133-ea9e-4c33-b8d1-eaaf70c7702e req-ab5b2133-ea9e-4c33-b8d1-eaaf70c7702e ] Request (DeleteServersTestJSON:test_delete_server_while_in_attached_volume): 200 GET http://10.180.1.21/compute/v2.1/servers/ffd06d8f-e9e1-4a87-a1ee-3df21bc03941 0.105s
2025-02-12 21:05:48.520 63362 INFO tempest.lib.common.rest_client [req-8cadaeb2-bd5b-42b6-af28-eb8c6a9cceb9 req-8cadaeb2-bd5b-42b6-af28-eb8c6a9cceb9 ] Request (ServerDiskConfigTestJSON:test_rebuild_server_with_manual_disk_config): 200 GET http://10.180.1.21/compute/v2.1/servers/f0a91a3b-4a1c-4c0d-93ee-b0bf4c938900 0.072s
2025-02-12 21:05:48.533 63404 INFO tempest.lib.common.rest_client [req-d4e50a91-8a42-4e1e-ba4e-0fa927243aaa req-d4e50a91-8a42-4e1e-ba4e-0fa927243aaa ] Request (ListImageFiltersTestJSON:setUpClass): 200 GET http://10.180.1.21/compute/v2.1/images/9534a0af-2913-4385-9246-621294ea619d 0.085s
2025-02-12 21:05:48.575 63420 INFO tempest.lib.common.rest_client [req-8a465a87-0f66-4f85-be16-28b7b7a33a3e req-8a465a87-0f66-4f85-be16-28b7b7a33a3e ] Request (ServerTagsTestJSON:test_update_all_tags): 201 PUT http://10.180.1.21/compute/v2.1/servers/5ce1a2d0-f7ab-468a-bb75-17354b91f0ee/tags/tempest-tag-315162312 0.109s
2025-02-12 21:05:48.591 63400 INFO tempest.lib.common.rest_client [req-f8bcf046-6294-4ceb-9724-0bef70230e88 req-f8bcf046-6294-4ceb-9724-0bef70230e88 ] Request (ListServerFiltersTestJSON:tearDownClass): 200 GET http://10.180.1.21/compute/v2.1/servers/741b00c8-123d-4c52-b0cd-f40673034ea9 0.084s
2025-02-12 21:05:48.634 63366 INFO tempest.lib.common.rest_client [req-105b30e7-d155-4a1f-944a-16de52a4a948 req-105b30e7-d155-4a1f-944a-16de52a4a948 ] Request (ServerExternalEventsTest:tearDownClass): 200 GET http://10.180.1.21/compute/v2.1/servers/ffb951f2-2150-4168-a465-c5492557b199 0.120s
2025-02-12 21:05:48.645 63420 INFO tempest.lib.common.rest_client [req-73440d8a-873e-4e2c-a46f-93c822590ab2 req-73440d8a-873e-4e2c-a46f-93c822590ab2 ] Request (ServerTagsTestJSON:test_update_all_tags): 200 PUT http://10.180.1.21/compute/v2.1/servers/5ce1a2d0-f7ab-468a-bb75-17354b91f0ee/tags 0.069s
2025-02-12 21:05:48.663 63420 INFO tempest.lib.common.rest_client [req-26fd7780-0410-4b02-b8d7-e34d883a2c1b req-26fd7780-0410-4b02-b8d7-e34d883a2c1b ] Request (ServerTagsTestJSON:test_update_all_tags): 200 GET http://10.180.1.21/compute/v2.1/servers/5ce1a2d0-f7ab-468a-bb75-17354b91f0ee/tags 0.017s
2025-02-12 21:05:48.708 63420 INFO tempest.lib.common.rest_client [req-ad43c058-08e4-46f5-8ee5-1426bdb13e03 req-ad43c058-08e4-46f5-8ee5-1426bdb13e03 ] Request (ServerTagsTestJSON:_run_cleanups): 204 DELETE http://10.180.1.21/compute/v2.1/servers/5ce1a2d0-f7ab-468a-bb75-17354b91f0ee/tags 0.044s
2025-02-12 21:05:48.740 63418 INFO tempest.lib.common.rest_client [req-2d8f608e-7486-4a55-8474-e58764fa69ce req-2d8f608e-7486-4a55-8474-e58764fa69ce ] Request (FloatingIPsAssociationTestJSON:setUpClass): 200 GET http://10.180.1.21/compute/v2.1/servers/efda071e-50e2-4627-8f1f-1f8653b6c2ad 0.139s
2025-02-12 21:05:48.772 63386 INFO tempest.lib.common.rest_client [req-234db398-6c85-481e-b4f4-5a340951fc56 req-234db398-6c85-481e-b4f4-5a340951fc56 ] Request (DeleteServersAdminTestJSON:test_delete_server_while_in_error_state): 200 GET http://10.180.1.21/compute/v2.1/servers/7796af7d-4ff9-471a-99e7-e4fc54aedee0 0.101s
2025-02-12 21:05:48.813 63420 INFO tempest.lib.common.rest_client [req-ce5a2192-2c83-4393-954c-ea46a69a46b4 req-ce5a2192-2c83-4393-954c-ea46a69a46b4 ] Request (ServerTagsTestJSON:tearDownClass): 204 DELETE http://10.180.1.21/compute/v2.1/servers/5ce1a2d0-f7ab-468a-bb75-17354b91f0ee 0.099s
2025-02-12 21:05:48.822 63394 INFO tempest.lib.common.rest_client [req-1d5fc1ed-d7be-4fe4-9f29-1f93dc8d8ea3 req-1d5fc1ed-d7be-4fe4-9f29-1f93dc8d8ea3 ] Request (ServerRescueTestJSON:setUpClass): 200 GET http://10.180.1.21/compute/v2.1/servers/974b051e-74c5-457d-b734-ef7fa65a8d3d 0.104s
2025-02-12 21:05:48.870 63378 INFO tempest.lib.common.rest_client [req-3665f433-6c14-47d2-9d85-8ba9f94ced9b req-3665f433-6c14-47d2-9d85-8ba9f94ced9b ] Request (ServersTestJSON:test_create_server_specify_multibyte_character_name): 200 GET http://10.180.1.21/compute/v2.1/servers/8faf95e3-ce3a-4e0a-91f1-f508a80fb268 0.092s
2025-02-12 21:05:48.936 63392 INFO tempest.lib.common.rest_client [req-48e4b1d2-f919-497b-a902-7460dec27380 req-48e4b1d2-f919-497b-a902-7460dec27380 ] Request (AttachInterfacesTestJSON:test_create_list_show_delete_interfaces_by_fixed_ip): 200 GET http://10.180.1.21/compute/v2.1/servers/dd9d50c4-0607-4247-8e76-06903fb0a599 0.116s
2025-02-12 21:05:48.961 63420 INFO tempest.lib.common.rest_client [req-8d9facd9-8737-4262-9ef0-f869bcad5d40 req-8d9facd9-8737-4262-9ef0-f869bcad5d40 ] Request (ServerTagsTestJSON:tearDownClass): 200 GET http://10.180.1.21/compute/v2.1/servers/5ce1a2d0-f7ab-468a-bb75-17354b91f0ee 0.148s
2025-02-12 21:05:48.987 63382 INFO tempest.lib.common.rest_client [req-31d0dff8-5393-4a88-888f-98c56ec29049 req-31d0dff8-5393-4a88-888f-98c56ec29049 ] Request (MigrationsAdminTest:test_resize_server_revert_deleted_flavor): 200 GET http://10.180.1.21/compute/v2.1/servers/b6326a0e-f6b0-466a-8c18-9a3e6b112e42 0.154s
2025-02-12 21:05:49.019 63396 INFO tempest.lib.common.rest_client [req-e3378749-b51c-4324-b018-3071703b6a42 req-e3378749-b51c-4324-b018-3071703b6a42 ] Request (SecurityGroupsTestJSON:test_server_security_groups): 200 GET http://10.180.1.21/compute/v2.1/servers/70d8967e-a6f6-458e-965d-47ebfb867526 0.149s
2025-02-12 21:05:49.034 63424 INFO tempest.lib.common.rest_client [req-c1d39077-8895-4dc6-a4a7-fd9fdda33643 req-c1d39077-8895-4dc6-a4a7-fd9fdda33643 ] Request (ImagesTestJSON:test_create_image_from_stopped_server): 200 GET http://10.180.1.21/compute/v2.1/servers/32fdad42-1e49-403b-a3d5-76f47b87d567 0.148s
2025-02-12 21:05:49.099 63376 INFO tempest.lib.common.rest_client [req-0f0be536-f7fe-4914-9cec-246e8e9dd9dd req-0f0be536-f7fe-4914-9cec-246e8e9dd9dd ] Request (ServersAdminNegativeTestJSON:tearDownClass): 200 GET http://10.180.1.21/compute/v2.1/servers/880592dc-3d7e-4ad8-ae77-1da91e495e94 0.153s
2025-02-12 21:05:49.176 63380 INFO tempest.lib.common.rest_client [req-46108ca5-3168-40b1-9164-f959c2188d87 req-46108ca5-3168-40b1-9164-f959c2188d87 ] Request (ServerAddressesNegativeTestJSON:setUpClass): 200 GET http://10.180.1.21/compute/v2.1/servers/0f02137b-ae02-4c2b-9188-50e4d80c11f6 0.118s
2025-02-12 21:05:49.226 63364 INFO tempest.lib.common.rest_client [req-c87f1fe0-38c0-41ba-821c-933f28062d8f req-c87f1fe0-38c0-41ba-821c-933f28062d8f ] Request (ServersV294TestFqdnHostnames:setUpClass): 200 GET http://10.180.1.21/compute/v2.1/servers/ceca798f-e220-445a-b8cc-72855897fadf 0.097s
2025-02-12 21:05:49.278 63372 INFO tempest.lib.common.rest_client [req-7f2cc19b-65d0-44d4-aca1-73ca7b972a7d req-7f2cc19b-65d0-44d4-aca1-73ca7b972a7d ] Request (ServersAdmin275Test:test_rebuild_update_server_275): 200 GET http://10.180.1.21/compute/v2.1/servers/2cbfe3ec-021d-49ac-909f-88b44a8844ca 0.109s
2025-02-12 21:05:49.335 63398 INFO tempest.lib.common.rest_client [req-5d5e14b7-e87b-4bde-a1bc-bd6968183289 req-5d5e14b7-e87b-4bde-a1bc-bd6968183289 ] Request (ImagesOneServerNegativeTestJSON:_run_cleanups): 200 GET http://10.180.1.21/compute/v2.1/servers/169aea8a-808e-4986-b75e-305f896f6f6a 0.112s
2025-02-12 21:05:49.348 63390 INFO tempest.lib.common.rest_client [req-552c39b9-0abb-413c-9916-c142d2a1357a req-552c39b9-0abb-413c-9916-c142d2a1357a ] Request (ServersTestMultiNic:test_verify_duplicate_network_nics): 200 GET http://10.180.1.21/compute/v2.1/servers/14f3e0ba-7c1f-4744-b258-52e3dce205b1 0.226s
2025-02-12 21:05:49.390 63374 INFO tempest.lib.common.rest_client [req-3ffb5aa3-1b4b-4b8f-aec2-32ba219f0f50 req-3ffb5aa3-1b4b-4b8f-aec2-32ba219f0f50 ] Request (ServerDiagnosticsV248Test:tearDownClass): 200 GET http://10.180.1.21/compute/v2.1/servers/b0166fc9-a10c-4a84-a282-9689aa197254 0.104s
2025-02-12 21:05:49.393 63384 INFO tempest.lib.common.rest_client [req-8bd3c4a1-7f33-47f6-8c13-9f2e598e27e9 req-8bd3c4a1-7f33-47f6-8c13-9f2e598e27e9 ] Request (AttachInterfacesUnderV243Test:test_add_remove_fixed_ip): 200 GET http://10.180.1.21/compute/v2.1/servers/f8ee9bc6-f2db-4b76-89d5-7e20cad2ac5c 0.059s
2025-02-12 21:05:49.451 63410 INFO tempest.lib.common.rest_client [req-0052148a-a6b9-4c9d-aab3-24c2fe2f25c3 req-0052148a-a6b9-4c9d-aab3-24c2fe2f25c3 ] Request (ServersAaction247Test:test_create_backup): 200 GET http://10.180.1.21/compute/v2.1/servers/443ff84c-f6fa-4514-9589-9fd02c7d7851 0.055s
2025-02-12 21:05:49.461 63410 INFO tempest.common.waiters [-] State transition "BUILD/networking" ==> "BUILD/block_device_mapping" after 39 second wait
2025-02-12 21:05:49.511 63422 INFO tempest.lib.common.rest_client [req-6d6a79ec-70b0-49e0-8c91-13f655f22084 req-6d6a79ec-70b0-49e0-8c91-13f655f22084 ] Request (ServerMetadataNegativeTestJSON:tearDownClass): 200 GET http://10.180.1.21/compute/v2.1/servers/d982bc6e-2297-46d0-a623-1744fb3ee44b 0.056s
2025-02-12 21:05:49.565 63402 INFO tempest.lib.common.rest_client [req-826a0cf7-30e4-480f-abe8-6ba563d2f2cf req-826a0cf7-30e4-480f-abe8-6ba563d2f2cf ] Request (DeleteServersTestJSON:test_delete_server_while_in_attached_volume): 200 GET http://10.180.1.21/compute/v2.1/servers/ffd06d8f-e9e1-4a87-a1ee-3df21bc03941 0.055s
2025-02-12 21:05:49.579 63362 INFO tempest.lib.common.rest_client [req-3fea8c5a-47a8-462a-a092-8f90637606be req-3fea8c5a-47a8-462a-a092-8f90637606be ] Request (ServerDiskConfigTestJSON:test_rebuild_server_with_manual_disk_config): 200 GET http://10.180.1.21/compute/v2.1/servers/f0a91a3b-4a1c-4c0d-93ee-b0bf4c938900 0.050s
2025-02-12 21:05:49.598 63404 INFO tempest.lib.common.rest_client [req-84b5b8c9-3f95-4fd3-8036-f9e55b568a6f req-84b5b8c9-3f95-4fd3-8036-f9e55b568a6f ] Request (ListImageFiltersTestJSON:setUpClass): 200 GET http://10.180.1.21/compute/v2.1/images/9534a0af-2913-4385-9246-621294ea619d 0.059s
2025-02-12 21:05:49.660 63400 INFO tempest.lib.common.rest_client [req-96d7ed97-aedb-4086-abd0-9441235854a0 req-96d7ed97-aedb-4086-abd0-9441235854a0 ] Request (ListServerFiltersTestJSON:tearDownClass): 200 GET http://10.180.1.21/compute/v2.1/servers/741b00c8-123d-4c52-b0cd-f40673034ea9 0.060s
2025-02-12 21:05:49.706 63366 INFO tempest.lib.common.rest_client [req-f7f1501c-567a-45a7-b9a2-99bca1e4bf50 req-f7f1501c-567a-45a7-b9a2-99bca1e4bf50 ] Request (ServerExternalEventsTest:tearDownClass): 200 GET http://10.180.1.21/compute/v2.1/servers/ffb951f2-2150-4168-a465-c5492557b199 0.062s
2025-02-12 21:05:49.842 63418 INFO tempest.lib.common.rest_client [req-81733764-3dfa-47bc-a083-07c3ba2d78c1 req-81733764-3dfa-47bc-a083-07c3ba2d78c1 ] Request (FloatingIPsAssociationTestJSON:setUpClass): 200 GET http://10.180.1.21/compute/v2.1/servers/efda071e-50e2-4627-8f1f-1f8653b6c2ad 0.094s
2025-02-12 21:05:49.845 63386 INFO tempest.lib.common.rest_client [req-9a73c0db-3257-4656-87f9-590c30ad79f6 req-9a73c0db-3257-4656-87f9-590c30ad79f6 ] Request (DeleteServersAdminTestJSON:test_delete_server_while_in_error_state): 200 GET http://10.180.1.21/compute/v2.1/servers/7796af7d-4ff9-471a-99e7-e4fc54aedee0 0.063s
2025-02-12 21:05:49.892 63394 INFO tempest.lib.common.rest_client [req-5f7f7d77-4964-41c8-9c45-f57ea7f8adc7 req-5f7f7d77-4964-41c8-9c45-f57ea7f8adc7 ] Request (ServerRescueTestJSON:setUpClass): 200 GET http://10.180.1.21/compute/v2.1/servers/974b051e-74c5-457d-b734-ef7fa65a8d3d 0.057s
2025-02-12 21:05:49.933 63378 INFO tempest.lib.common.rest_client [req-be163852-b96d-4f13-99ba-3f872a432b15 req-be163852-b96d-4f13-99ba-3f872a432b15 ] Request (ServersTestJSON:test_create_server_specify_multibyte_character_name): 200 GET http://10.180.1.21/compute/v2.1/servers/8faf95e3-ce3a-4e0a-91f1-f508a80fb268 0.055s
2025-02-12 21:05:50.011 63392 INFO tempest.lib.common.rest_client [req-34e0b1d3-16b6-4fe2-a326-52fbde2a6fad req-34e0b1d3-16b6-4fe2-a326-52fbde2a6fad ] Request (AttachInterfacesTestJSON:test_create_list_show_delete_interfaces_by_fixed_ip): 200 GET http://10.180.1.21/compute/v2.1/servers/dd9d50c4-0607-4247-8e76-06903fb0a599 0.067s
2025-02-12 21:05:50.083 63382 INFO tempest.lib.common.rest_client [req-6cb405e2-ea13-4961-b04d-81d8181e38ca req-6cb405e2-ea13-4961-b04d-81d8181e38ca ] Request (MigrationsAdminTest:test_resize_server_revert_deleted_flavor): 200 GET http://10.180.1.21/compute/v2.1/servers/b6326a0e-f6b0-466a-8c18-9a3e6b112e42 0.082s
2025-02-12 21:05:50.159 63396 INFO tempest.lib.common.rest_client [req-da7fc790-a6dc-4315-b34e-437d154a153c req-da7fc790-a6dc-4315-b34e-437d154a153c ] Request (SecurityGroupsTestJSON:test_server_security_groups): 200 GET http://10.180.1.21/compute/v2.1/servers/70d8967e-a6f6-458e-965d-47ebfb867526 0.131s
2025-02-12 21:05:50.162 63420 INFO tempest.lib.common.rest_client [req-2e574cf0-b32c-469f-add6-55e52c8a76f8 req-2e574cf0-b32c-469f-add6-55e52c8a76f8 ] Request (ServerTagsTestJSON:tearDownClass): 200 GET http://10.180.1.21/compute/v2.1/servers/5ce1a2d0-f7ab-468a-bb75-17354b91f0ee 0.191s
2025-02-12 21:05:50.220 63424 INFO tempest.lib.common.rest_client [req-7e79ebe4-2f76-4ff5-980d-b1e2534a6315 req-7e79ebe4-2f76-4ff5-980d-b1e2534a6315 ] Request (ImagesTestJSON:test_create_image_from_stopped_server): 200 GET http://10.180.1.21/compute/v2.1/servers/32fdad42-1e49-403b-a3d5-76f47b87d567 0.177s
2025-02-12 21:05:50.235 63376 INFO tempest.lib.common.rest_client [req-971a4927-fcd1-462b-a73f-e49985381b88 req-971a4927-fcd1-462b-a73f-e49985381b88 ] Request (ServersAdminNegativeTestJSON:tearDownClass): 200 GET http://10.180.1.21/compute/v2.1/servers/880592dc-3d7e-4ad8-ae77-1da91e495e94 0.129s
2025-02-12 21:05:50.310 63364 INFO tempest.lib.common.rest_client [req-205626e2-89cb-4e56-a928-c628f52defc6 req-205626e2-89cb-4e56-a928-c628f52defc6 ] Request (ServersV294TestFqdnHostnames:setUpClass): 200 GET http://10.180.1.21/compute/v2.1/servers/ceca798f-e220-445a-b8cc-72855897fadf 0.072s
2025-02-12 21:05:50.352 63380 INFO tempest.lib.common.rest_client [req-2587dac1-5d11-4579-9783-4910e7564286 req-2587dac1-5d11-4579-9783-4910e7564286 ] Request (ServerAddressesNegativeTestJSON:setUpClass): 200 GET http://10.180.1.21/compute/v2.1/servers/0f02137b-ae02-4c2b-9188-50e4d80c11f6 0.169s
2025-02-12 21:05:50.364 63372 INFO tempest.lib.common.rest_client [req-1a988e83-f467-4582-a650-136c6d594657 req-1a988e83-f467-4582-a650-136c6d594657 ] Request (ServersAdmin275Test:test_rebuild_update_server_275): 200 GET http://10.180.1.21/compute/v2.1/servers/2cbfe3ec-021d-49ac-909f-88b44a8844ca 0.075s
2025-02-12 21:05:50.413 63398 INFO tempest.lib.common.rest_client [req-2baed512-25c8-4fb7-bfc7-6060a9cdc191 req-2baed512-25c8-4fb7-bfc7-6060a9cdc191 ] Request (ImagesOneServerNegativeTestJSON:_run_cleanups): 200 GET http://10.180.1.21/compute/v2.1/servers/169aea8a-808e-4986-b75e-305f896f6f6a 0.068s
2025-02-12 21:05:50.467 63374 INFO tempest.lib.common.rest_client [req-8ee171a8-a448-471b-8ae4-c9cd457268f6 req-8ee171a8-a448-471b-8ae4-c9cd457268f6 ] Request (ServerDiagnosticsV248Test:tearDownClass): 200 GET http://10.180.1.21/compute/v2.1/servers/b0166fc9-a10c-4a84-a282-9689aa197254 0.067s
2025-02-12 21:05:50.481 63390 INFO tempest.lib.common.rest_client [req-a57b7159-b982-402b-b0fd-4255e89557f7 req-a57b7159-b982-402b-b0fd-4255e89557f7 ] Request (ServersTestMultiNic:test_verify_duplicate_network_nics): 200 GET http://10.180.1.21/compute/v2.1/servers/14f3e0ba-7c1f-4744-b258-52e3dce205b1 0.125s
2025-02-12 21:05:50.514 63384 INFO tempest.lib.common.rest_client [req-00889859-5e5a-4057-a346-f7e5e5a51189 req-00889859-5e5a-4057-a346-f7e5e5a51189 ] Request (AttachInterfacesUnderV243Test:test_add_remove_fixed_ip): 200 GET http://10.180.1.21/compute/v2.1/servers/f8ee9bc6-f2db-4b76-89d5-7e20cad2ac5c 0.111s
2025-02-12 21:05:50.544 63410 INFO tempest.lib.common.rest_client [req-30ff52a7-b15d-4f34-9e64-028b426da0fe req-30ff52a7-b15d-4f34-9e64-028b426da0fe ] Request (ServersAaction247Test:test_create_backup): 200 GET http://10.180.1.21/compute/v2.1/servers/443ff84c-f6fa-4514-9589-9fd02c7d7851 0.080s
2025-02-12 21:05:50.554 63410 INFO tempest.common.waiters [-] State transition "BUILD/block_device_mapping" ==> "BUILD/spawning" after 40 second wait
2025-02-12 21:05:50.626 63422 INFO tempest.lib.common.rest_client [req-d21ed546-b9ea-4705-ba4c-e4ee45a6c8e6 req-d21ed546-b9ea-4705-ba4c-e4ee45a6c8e6 ] Request (ServerMetadataNegativeTestJSON:tearDownClass): 200 GET http://10.180.1.21/compute/v2.1/servers/d982bc6e-2297-46d0-a623-1744fb3ee44b 0.107s
2025-02-12 21:05:50.659 63402 INFO tempest.lib.common.rest_client [req-d1a35fa8-d717-444c-bac5-b2bd2d2186b0 req-d1a35fa8-d717-444c-bac5-b2bd2d2186b0 ] Request (DeleteServersTestJSON:test_delete_server_while_in_attached_volume): 200 GET http://10.180.1.21/compute/v2.1/servers/ffd06d8f-e9e1-4a87-a1ee-3df21bc03941 0.086s
2025-02-12 21:05:50.680 63362 INFO tempest.lib.common.rest_client [req-91dc113d-71bd-400a-a0b0-8985509a5719 req-91dc113d-71bd-400a-a0b0-8985509a5719 ] Request (ServerDiskConfigTestJSON:test_rebuild_server_with_manual_disk_config): 200 GET http://10.180.1.21/compute/v2.1/servers/f0a91a3b-4a1c-4c0d-93ee-b0bf4c938900 0.091s
2025-02-12 21:05:50.700 63404 INFO tempest.lib.common.rest_client [req-ed5e8185-6619-479a-ad4a-67aaf7403103 req-ed5e8185-6619-479a-ad4a-67aaf7403103 ] Request (ListImageFiltersTestJSON:setUpClass): 200 GET http://10.180.1.21/compute/v2.1/images/9534a0af-2913-4385-9246-621294ea619d 0.093s
2025-02-12 21:05:50.736 63366 INFO tempest.lib.common.rest_client [req-2426ee25-57f8-4554-9337-8d84c8b9f6e2 req-2426ee25-57f8-4554-9337-8d84c8b9f6e2 ] Request (ServerExternalEventsTest:tearDownClass): 404 GET http://10.180.1.21/compute/v2.1/servers/ffb951f2-2150-4168-a465-c5492557b199 0.023s
2025-02-12 21:05:50.744 63400 INFO tempest.lib.common.rest_client [req-41711080-a8cd-4a16-ad03-fb736906806a req-41711080-a8cd-4a16-ad03-fb736906806a ] Request (ListServerFiltersTestJSON:tearDownClass): 200 GET http://10.180.1.21/compute/v2.1/servers/741b00c8-123d-4c52-b0cd-f40673034ea9 0.076s
2025-02-12 21:05:50.819 63366 INFO tempest.lib.common.rest_client [req-3993effe-aff2-4fd4-b203-a948b9cb7981 req-3993effe-aff2-4fd4-b203-a948b9cb7981 ] Request (ServerExternalEventsTest:tearDownClass): 204 DELETE http://10.180.1.21/identity/v3/users/2ac7cbd35e26423ca1bc4b52aba10e7f 0.082s
2025-02-12 21:05:50.922 63386 INFO tempest.lib.common.rest_client [req-620d6739-4cf9-4c69-8160-fca2a638d4c4 req-620d6739-4cf9-4c69-8160-fca2a638d4c4 ] Request (DeleteServersAdminTestJSON:test_delete_server_while_in_error_state): 200 GET http://10.180.1.21/compute/v2.1/servers/7796af7d-4ff9-471a-99e7-e4fc54aedee0 0.069s
2025-02-12 21:05:50.931 63366 INFO tempest.lib.common.rest_client [req-c3fc071f-3430-4c06-b373-3a56cc4a02dc req-c3fc071f-3430-4c06-b373-3a56cc4a02dc ] Request (ServerExternalEventsTest:tearDownClass): 204 DELETE http://10.180.1.21/identity/v3/users/77ca4bbbe1aa4bef98d330facb694bd1 0.112s
2025-02-12 21:05:50.974 63418 INFO tempest.lib.common.rest_client [req-f3b7fe50-96f6-44ff-88d4-947887b4b58f req-f3b7fe50-96f6-44ff-88d4-947887b4b58f ] Request (FloatingIPsAssociationTestJSON:setUpClass): 200 GET http://10.180.1.21/compute/v2.1/servers/efda071e-50e2-4627-8f1f-1f8653b6c2ad 0.123s
2025-02-12 21:05:50.988 63394 INFO tempest.lib.common.rest_client [req-2ac8308b-c4ff-4897-9241-ae38c0c69c8b req-2ac8308b-c4ff-4897-9241-ae38c0c69c8b ] Request (ServerRescueTestJSON:setUpClass): 200 GET http://10.180.1.21/compute/v2.1/servers/974b051e-74c5-457d-b734-ef7fa65a8d3d 0.087s
2025-02-12 21:05:51.020 63378 INFO tempest.lib.common.rest_client [req-dd023ab0-363b-4f43-9965-1d692ac4184a req-dd023ab0-363b-4f43-9965-1d692ac4184a ] Request (ServersTestJSON:test_create_server_specify_multibyte_character_name): 200 GET http://10.180.1.21/compute/v2.1/servers/8faf95e3-ce3a-4e0a-91f1-f508a80fb268 0.080s
2025-02-12 21:05:51.031 63366 INFO tempest.lib.common.rest_client [req-c0462c8d-1967-4d21-9b3c-b71c003f03d8 req-c0462c8d-1967-4d21-9b3c-b71c003f03d8 ] Request (ServerExternalEventsTest:tearDownClass): 204 DELETE http://10.180.1.21/identity/v3/users/c7d915e035e0423e8d72ee7526ecdd48 0.100s
2025-02-12 21:05:51.032 63366 INFO tempest.lib.common.dynamic_creds [-] Deleting project and security group for project: b6a2ad840c42413c98e656a24d1a33c4
2025-02-12 21:05:51.082 63392 INFO tempest.lib.common.rest_client [req-5e722391-ad13-43a2-9fc1-78d0f508c4e9 req-5e722391-ad13-43a2-9fc1-78d0f508c4e9 ] Request (AttachInterfacesTestJSON:test_create_list_show_delete_interfaces_by_fixed_ip): 200 GET http://10.180.1.21/compute/v2.1/servers/dd9d50c4-0607-4247-8e76-06903fb0a599 0.062s
2025-02-12 21:05:51.106 63366 INFO tempest.lib.common.rest_client [req-85e191c6-8878-4e92-992f-020ed497b68d req-85e191c6-8878-4e92-992f-020ed497b68d ] Request (ServerExternalEventsTest:tearDownClass): 201 POST http://10.180.1.21/identity/v3/auth/tokens 0.074s
2025-02-12 21:05:51.154 63382 INFO tempest.lib.common.rest_client [req-70feb601-b2b4-42c1-b728-55750d1a1f24 req-70feb601-b2b4-42c1-b728-55750d1a1f24 ] Request (MigrationsAdminTest:test_resize_server_revert_deleted_flavor): 200 GET http://10.180.1.21/compute/v2.1/servers/b6326a0e-f6b0-466a-8c18-9a3e6b112e42 0.058s
2025-02-12 21:05:51.203 63366 INFO tempest.lib.common.rest_client [req-014a12a3-567c-4ec8-90da-dcaf7c9d0794 req-014a12a3-567c-4ec8-90da-dcaf7c9d0794 ] Request (ServerExternalEventsTest:tearDownClass): 200 GET http://10.180.1.21:9696/networking/v2.0/security-groups?tenant_id=b6a2ad840c42413c98e656a24d1a33c4&name=default 0.096s
2025-02-12 21:05:51.237 63396 INFO tempest.lib.common.rest_client [req-8a0b11e4-9e6e-49e9-8299-90a96a8f7c80 req-8a0b11e4-9e6e-49e9-8299-90a96a8f7c80 ] Request (SecurityGroupsTestJSON:test_server_security_groups): 200 GET http://10.180.1.21/compute/v2.1/servers/70d8967e-a6f6-458e-965d-47ebfb867526 0.068s
2025-02-12 21:05:51.250 63420 INFO tempest.lib.common.rest_client [req-bd16446e-2d37-40f9-b794-3cedfd52b20c req-bd16446e-2d37-40f9-b794-3cedfd52b20c ] Request (ServerTagsTestJSON:tearDownClass): 200 GET http://10.180.1.21/compute/v2.1/servers/5ce1a2d0-f7ab-468a-bb75-17354b91f0ee 0.076s
2025-02-12 21:05:51.299 63424 INFO tempest.lib.common.rest_client [req-129d1ebd-ea93-4c41-8f7d-6634ce7ffa9c req-129d1ebd-ea93-4c41-8f7d-6634ce7ffa9c ] Request (ImagesTestJSON:test_create_image_from_stopped_server): 200 GET http://10.180.1.21/compute/v2.1/servers/32fdad42-1e49-403b-a3d5-76f47b87d567 0.068s
2025-02-12 21:05:51.322 63366 INFO tempest.lib.common.rest_client [req-81764c5c-5b35-4f3d-acd9-fee61f824ba8 req-81764c5c-5b35-4f3d-acd9-fee61f824ba8 ] Request (ServerExternalEventsTest:tearDownClass): 204 DELETE http://10.180.1.21:9696/networking/v2.0/security-groups/e379db0f-fb27-4cad-b711-e5b7272811ba 0.118s
2025-02-12 21:05:51.330 63376 INFO tempest.lib.common.rest_client [req-45cd5068-952a-408c-85a5-b8d3c9b78c17 req-45cd5068-952a-408c-85a5-b8d3c9b78c17 ] Request (ServersAdminNegativeTestJSON:tearDownClass): 200 GET http://10.180.1.21/compute/v2.1/servers/880592dc-3d7e-4ad8-ae77-1da91e495e94 0.080s
2025-02-12 21:05:51.390 63364 INFO tempest.lib.common.rest_client [req-cd66445e-a83c-4c47-b33b-f86105c2fad7 req-cd66445e-a83c-4c47-b33b-f86105c2fad7 ] Request (ServersV294TestFqdnHostnames:setUpClass): 200 GET http://10.180.1.21/compute/v2.1/servers/ceca798f-e220-445a-b8cc-72855897fadf 0.060s
2025-02-12 21:05:51.393 63366 INFO tempest.lib.common.rest_client [req-a79bfd23-cc37-4803-9cd8-e0fff3313342 req-a79bfd23-cc37-4803-9cd8-e0fff3313342 ] Request (ServerExternalEventsTest:tearDownClass): 204 DELETE http://10.180.1.21/identity/v3/projects/b6a2ad840c42413c98e656a24d1a33c4 0.071s
2025-02-12 21:05:51.393 63366 INFO tempest.lib.common.dynamic_creds [-] Deleting project and security group for project: 5038ea70cac34250ac8ee9cebe74dace
2025-02-12 21:05:51.455 63372 INFO tempest.lib.common.rest_client [req-95e72958-8f3a-4837-b2e9-31f21436741b req-95e72958-8f3a-4837-b2e9-31f21436741b ] Request (ServersAdmin275Test:test_rebuild_update_server_275): 200 GET http://10.180.1.21/compute/v2.1/servers/2cbfe3ec-021d-49ac-909f-88b44a8844ca 0.079s
