2025-05-02 11:39:46.697 70127 INFO tempest.lib.common.rest_client [req-3bbac806-d643-4de1-87e1-c57e5c62c8e4 req-3bbac806-d643-4de1-87e1-c57e5c62c8e4 ] Request (ServerDiskConfigTestJSON:test_rebuild_server_with_manual_disk_config): 200 GET http://10.180.1.21/compute/v2.1/servers/f5b71ac9-d08a-4429-96ce-9bcfbcbfa978 0.184s
2025-05-02 11:39:46.759 70169 INFO tempest.lib.common.rest_client [req-66bab5e9-e175-4fbc-9d84-4a878b2080b9 req-66bab5e9-e175-4fbc-9d84-4a878b2080b9 ] Request (ImagesOneServerTestJSON:tearDownClass): 200 GET http://10.180.1.21/compute/v2.1/servers/02481d2b-70ac-48cb-a981-b88a26d327dc 0.186s
2025-05-02 11:39:46.789 70165 INFO tempest.lib.common.rest_client [req-a2022753-ff2c-4aaa-933d-6a89c5ed07f8 req-a2022753-ff2c-4aaa-933d-6a89c5ed07f8 ] Request (FloatingIPsAssociationNegativeTestJSON:tearDownClass): 204 DELETE http://10.180.1.21:9696/networking/v2.0/networks/b677ee8b-dfe4-48e5-a640-3096dd329ef1 0.366s
2025-05-02 11:39:46.820 70157 INFO tempest.lib.common.rest_client [req-33cf89f4-cac7-4bf6-8dfa-30810743a7a3 req-33cf89f4-cac7-4bf6-8dfa-30810743a7a3 ] Request (AttachInterfacesUnderV243Test:test_add_remove_fixed_ip): 200 GET http://10.180.1.21/compute/v2.1/servers/52a3515b-c3c1-4277-931c-14e25d1f2d36 0.211s
2025-05-02 11:39:46.873 70129 INFO tempest.lib.common.rest_client [req-9445506d-486b-4162-bb51-85ccc6fc77af req-9445506d-486b-4162-bb51-85ccc6fc77af ] Request (ServersAdminNegativeTestJSON:setUpClass): 200 GET http://10.180.1.21/compute/v2.1/servers/83d311b6-1abd-4f04-bb55-2474eb9c923a 0.250s
2025-05-02 11:39:46.915 70165 INFO tempest.lib.common.rest_client [req-762ae2fd-e04b-4f61-9318-bf9cc7f0bdf0 req-762ae2fd-e04b-4f61-9318-bf9cc7f0bdf0 ] Request (FloatingIPsAssociationNegativeTestJSON:tearDownClass): 204 DELETE http://10.180.1.21/identity/v3/users/9e755b960d2a458fa656067daeedb32c 0.125s
2025-05-02 11:39:46.915 70165 INFO tempest.lib.common.dynamic_creds [-] Deleting project and security group for project: 0ab4190a4cdd49bab1473c75edce8f30
2025-05-02 11:39:46.924 70163 INFO tempest.lib.common.rest_client [req-e315a45b-531c-4fd3-a113-8937f54a737e req-e315a45b-531c-4fd3-a113-8937f54a737e ] Request (FloatingIPsAssociationTestJSON:setUpClass): 200 GET http://10.180.1.21/compute/v2.1/servers/4bb5baa6-049c-4b8a-b0ae-4964088aec43 0.245s
2025-05-02 11:39:46.941 70165 INFO tempest.lib.common.rest_client [req-0ab275e8-9592-4654-9a95-dbf70fd436d2 req-0ab275e8-9592-4654-9a95-dbf70fd436d2 ] Request (FloatingIPsAssociationNegativeTestJSON:tearDownClass): 200 GET http://10.180.1.21:9696/networking/v2.0/security-groups?tenant_id=0ab4190a4cdd49bab1473c75edce8f30&name=default 0.026s
2025-05-02 11:39:46.974 70177 INFO tempest.lib.common.rest_client [req-4ea2bd2b-ebb2-498b-b3fe-c54166862dc5 req-4ea2bd2b-ebb2-498b-b3fe-c54166862dc5 ] Request (VolumesAdminNegativeTest:test_update_attached_volume_with_nonexistent_volume_in_body): 200 GET http://10.180.1.21/compute/v2.1/servers/ae9495ce-171c-4d44-b80f-b38a29f29b7a 0.467s
2025-05-02 11:39:46.983 70177 INFO tempest.common.waiters [-] State transition "BUILD/spawning" ==> "ACTIVE/None" after 49 second wait
2025-05-02 11:39:47.004 70135 INFO tempest.lib.common.rest_client [req-ac3f776f-6e83-4c3c-a1a4-b4766ddf2633 req-ac3f776f-6e83-4c3c-a1a4-b4766ddf2633 ] Request (SecurityGroupsTestJSON:test_server_security_groups): 200 GET http://10.180.1.21/compute/v2.1/servers/cbed13e8-2cf5-4644-a12b-5aefb21b22a9 0.271s
2025-05-02 11:39:47.024 70183 INFO tempest.lib.common.rest_client [req-f903e47b-d0ac-4189-844d-edd050bb7269 req-f903e47b-d0ac-4189-844d-edd050bb7269 ] Request (ServersNegativeTestMultiTenantJSON:tearDownClass): 200 PUT http://10.180.1.21:9696/networking/v2.0/routers/5ccc2606-21cd-471e-9f2c-5cb3d0ab864d/remove_router_interface 1.499s
2025-05-02 11:39:47.049 70139 INFO tempest.lib.common.rest_client [req-5878a43b-65fe-40f0-b8b7-6c43e18cec28 req-5878a43b-65fe-40f0-b8b7-6c43e18cec28 ] Request (ServersListShow296Test:test_list_show_update_rebuild_server_296): 200 GET http://10.180.1.21/compute/v2.1/servers/250a4f01-6261-42d5-824e-8d53b6b02f60 0.167s
2025-05-02 11:39:47.094 70165 INFO tempest.lib.common.rest_client [req-b6b23d76-f80c-4e2e-a7b5-06698624b4b4 req-b6b23d76-f80c-4e2e-a7b5-06698624b4b4 ] Request (FloatingIPsAssociationNegativeTestJSON:tearDownClass): 204 DELETE http://10.180.1.21:9696/networking/v2.0/security-groups/087531f1-f25e-4340-83c4-17643e3d8954 0.152s
2025-05-02 11:39:47.121 70171 INFO tempest.lib.common.rest_client [req-749c3e86-a553-498c-8ec7-c0d36de4ab59 req-749c3e86-a553-498c-8ec7-c0d36de4ab59 ] Request (ServerMetadataNegativeTestJSON:tearDownClass): 200 GET http://10.180.1.21/compute/v2.1/servers/2a792a82-2ba6-4f38-8c2f-b54931cd8f1f 0.144s
2025-05-02 11:39:47.191 70177 INFO tempest.lib.common.rest_client [req-1da98502-8fed-4604-832f-72e953b116ad req-1da98502-8fed-4604-832f-72e953b116ad ] Request (VolumesAdminNegativeTest:test_update_attached_volume_with_nonexistent_volume_in_body): 200 GET http://10.180.1.21/compute/v2.1/servers/ae9495ce-171c-4d44-b80f-b38a29f29b7a/os-interface 0.207s
2025-05-02 11:39:47.199 70165 INFO tempest.lib.common.rest_client [req-e8d2636b-aa77-4206-840e-a64cec09a61a req-e8d2636b-aa77-4206-840e-a64cec09a61a ] Request (FloatingIPsAssociationNegativeTestJSON:tearDownClass): 204 DELETE http://10.180.1.21/identity/v3/projects/0ab4190a4cdd49bab1473c75edce8f30 0.104s
2025-05-02 11:39:47.204 70149 INFO tempest.lib.common.rest_client [req-970228a8-3569-4641-9771-624e7352c1c3 req-970228a8-3569-4641-9771-624e7352c1c3 ] Request (ServerAddressesNegativeTestJSON:setUpClass): 200 GET http://10.180.1.21/compute/v2.1/servers/971b1023-2f07-47a2-a43d-2b98ad899dd6 0.283s
2025-05-02 11:39:47.264 70173 INFO tempest.lib.common.rest_client [req-d3b4ea16-fce8-4551-ae3b-d96b401a0257 req-d3b4ea16-fce8-4551-ae3b-d96b401a0257 ] Request (ServersTestBootFromVolume:setUpClass): 200 GET http://10.180.1.21/compute/v2.1/servers/893efe91-0f9d-4a56-b0ba-3f0c872feb02 0.200s
2025-05-02 11:39:47.265 70165 INFO tempest.lib.common.rest_client [req-1843028c-8cc3-4893-864a-31ce5875d4b5 req-1843028c-8cc3-4893-864a-31ce5875d4b5 ] Request (SecurityGroupRulesNegativeTestJSON:setUpClass): 201 POST http://10.180.1.21/identity/v3/auth/tokens 0.065s
2025-05-02 11:39:47.275 70142 INFO tempest.lib.common.rest_client [req-087084eb-6dcf-47bf-848e-f01646078798 req-087084eb-6dcf-47bf-848e-f01646078798 ] Request (InstanceActionsV221TestJSON:test_get_list_deleted_instance_actions): 200 GET http://10.180.1.21/compute/v2.1/servers/fe137230-0536-435e-be78-c3828f7a783d 0.276s
2025-05-02 11:39:47.322 70181 INFO tempest.lib.common.rest_client [req-ddfe3ae5-31fa-4ad6-ab78-7455625b8e61 req-ddfe3ae5-31fa-4ad6-ab78-7455625b8e61 ] Request (ImagesOneServerNegativeTestJSON:_run_cleanups): 200 GET http://10.180.1.21/compute/v2.1/servers/57ee964a-1c5a-4687-95ba-30ea77022b14 0.176s
2025-05-02 11:39:47.322 70165 INFO tempest.lib.common.rest_client [req-37348b26-b9dc-451f-965a-a42e00e1578c req-37348b26-b9dc-451f-965a-a42e00e1578c ] Request (SecurityGroupRulesNegativeTestJSON:setUpClass): 201 POST http://10.180.1.21/identity/v3/auth/tokens 0.054s
2025-05-02 11:39:47.328 70187 INFO tempest.lib.common.rest_client [req-8b508efc-a473-46c1-8822-ade830bffc46 req-8b508efc-a473-46c1-8822-ade830bffc46 ] Request (DeleteServersTestJSON:test_delete_server_while_in_attached_volume): 200 GET http://10.180.1.21/compute/v2.1/servers/5006ea89-8a7a-47c5-8984-9a7239fad964 0.236s
2025-05-02 11:39:47.357 70165 INFO tempest.lib.common.rest_client [req-8196f832-e004-4d89-8c9c-d1b87745cb23 req-8196f832-e004-4d89-8c9c-d1b87745cb23 ] Request (SecurityGroupRulesNegativeTestJSON:setUpClass): 200 GET http://10.180.1.21/identity/v3/domains?name=Default 0.035s
2025-05-02 11:39:47.390 70147 INFO tempest.lib.common.rest_client [req-c78a7f92-5f56-43e7-8221-addbb22bbfae req-c78a7f92-5f56-43e7-8221-addbb22bbfae ] Request (ServerDiagnosticsNegativeTest:tearDownClass): 200 GET http://10.180.1.21/compute/v2.1/servers/b0e0391a-dffc-4bc1-887a-2883e2818657 0.201s
2025-05-02 11:39:47.403 70165 INFO tempest.lib.common.rest_client [req-58d7767e-f0e2-4800-a1f3-004be6536897 req-58d7767e-f0e2-4800-a1f3-004be6536897 ] Request (SecurityGroupRulesNegativeTestJSON:setUpClass): 201 POST http://10.180.1.21/identity/v3/projects 0.045s
2025-05-02 11:39:47.480 70165 INFO tempest.lib.common.rest_client [req-3871a75c-84b3-41e7-b906-c1b9be363b4d req-3871a75c-84b3-41e7-b906-c1b9be363b4d ] Request (SecurityGroupRulesNegativeTestJSON:setUpClass): 201 POST http://10.180.1.21/identity/v3/users 0.076s
2025-05-02 11:39:47.506 70165 INFO tempest.lib.common.rest_client [req-d8f39aec-2b00-4b15-80ed-05c8b8806ee6 req-d8f39aec-2b00-4b15-80ed-05c8b8806ee6 ] Request (SecurityGroupRulesNegativeTestJSON:setUpClass): 200 GET http://10.180.1.21/identity/v3/roles 0.026s
2025-05-02 11:39:47.508 70155 INFO tempest.lib.common.rest_client [req-e9fdc236-9ded-49d5-a2a0-5f3fa5cbd578 req-e9fdc236-9ded-49d5-a2a0-5f3fa5cbd578 ] Request (MultipleCreateTestJSON:_run_cleanups): 200 GET http://10.180.1.21/compute/v2.1/servers/f70b4ae0-38a1-4cec-a789-2ebb8f334e47 0.081s
2025-05-02 11:39:47.532 70145 INFO tempest.lib.common.rest_client [req-3f412097-a782-4c21-82dc-b3d80713d868 req-3f412097-a782-4c21-82dc-b3d80713d868 ] Request (MigrationsAdminTest:test_list_migrations_in_flavor_resize_situation): 200 GET http://10.180.1.21/compute/v2.1/servers/c5510bb3-d57a-4c8a-8e79-020e7c5d6c2b 0.166s
2025-05-02 11:39:47.540 70165 INFO tempest.lib.common.rest_client [req-076b1d6f-8da1-4dda-9bb8-b2288a75b46f req-076b1d6f-8da1-4dda-9bb8-b2288a75b46f ] Request (SecurityGroupRulesNegativeTestJSON:setUpClass): 204 PUT http://10.180.1.21/identity/v3/projects/6298215a19f842a9b0c419ca63bb6bc0/users/65d4ff6acf1d469db9bbfd4b9ab10460/roles/df43f26dfb544c419f1829a3fa7fe424 0.033s
2025-05-02 11:39:47.540 70165 INFO tempest.lib.common.dynamic_creds [-] Dynamic test user 65d4ff6acf1d469db9bbfd4b9ab10460 is created with scope project and roles: ['member']
2025-05-02 11:39:47.540 70165 INFO tempest.lib.common.dynamic_creds [-] Acquired dynamic creds: credentials: Credentials: {'domain_id': 'default', 'domain_name': 'Default', 'username': 'tempest-SecurityGroupRulesNegativeTestJSON-1963158355-project-member', 'project_domain_id': 'default', 'project_domain_name': 'Default', 'project_id': '6298215a19f842a9b0c419ca63bb6bc0', 'project_name': 'tempest-SecurityGroupRulesNegativeTestJSON-1963158355', 'tenant_id': '6298215a19f842a9b0c419ca63bb6bc0', 'tenant_name': 'tempest-SecurityGroupRulesNegativeTestJSON-1963158355', 'user_domain_id': 'default', 'user_domain_name': 'Default', 'user_id': '65d4ff6acf1d469db9bbfd4b9ab10460', 'system': None}, Network: None, Subnet: None, Router: None
2025-05-02 11:39:47.555 70183 INFO tempest.lib.common.rest_client [req-bbbb239c-cbaf-4dca-b707-9dfe54738db0 req-bbbb239c-cbaf-4dca-b707-9dfe54738db0 ] Request (ServersNegativeTestMultiTenantJSON:tearDownClass): 204 DELETE http://10.180.1.21:9696/networking/v2.0/routers/5ccc2606-21cd-471e-9f2c-5cb3d0ab864d 0.530s
2025-05-02 11:39:47.610 70165 INFO tempest.lib.common.rest_client [req-3ec10a6c-7cd7-4739-9325-5ca73332510f req-3ec10a6c-7cd7-4739-9325-5ca73332510f ] Request (SecurityGroupRulesNegativeTestJSON:setUpClass): 201 POST http://10.180.1.21/identity/v3/auth/tokens 0.069s
2025-05-02 11:39:47.619 70143 INFO tempest.lib.common.rest_client [req-53719ce6-fbb8-405a-8815-e55b1159c356 req-53719ce6-fbb8-405a-8815-e55b1159c356 ] Request (ServersAaction247Test:tearDownClass): 200 GET http://10.180.1.21/compute/v2.1/servers/cb8fe43a-f213-47bc-b986-2e4c5df86f46 0.107s
2025-05-02 11:39:47.697 70190 INFO tempest.lib.common.rest_client [req-9caec30d-1099-48db-8261-6b2b3461297b req-9caec30d-1099-48db-8261-6b2b3461297b ] Request (ImagesTestJSON:test_create_image_from_suspended_server): 200 GET http://10.180.1.21/compute/v2.1/servers/10dddda7-ac47-4728-a74d-1f85045a148b 0.120s
2025-05-02 11:39:47.724 70175 INFO tempest.lib.common.rest_client [req-e50a588d-31eb-4fd4-bad6-7a90eb18c9fa req-e50a588d-31eb-4fd4-bad6-7a90eb18c9fa ] Request (DeleteServersAdminTestJSON:test_delete_server_while_in_error_state): 404 GET http://10.180.1.21/compute/v2.1/servers/dce30764-d0f1-4275-9a07-08bc297237c2 0.104s
2025-05-02 11:39:47.770 70159 INFO tempest.lib.common.rest_client [req-34ea625b-1190-42e6-b6da-c2f39c0ab086 req-34ea625b-1190-42e6-b6da-c2f39c0ab086 ] Request (ServersNegativeTestJSON:setUpClass): 200 GET http://10.180.1.21/compute/v2.1/servers/4f0a9dae-cbbb-4822-87b1-1dd61d701971 0.220s
2025-05-02 11:39:47.775 70183 INFO tempest.lib.common.rest_client [req-486b3df2-f6a3-4c47-bdfd-ed7abf9fb3e5 req-486b3df2-f6a3-4c47-bdfd-ed7abf9fb3e5 ] Request (ServersNegativeTestMultiTenantJSON:tearDownClass): 204 DELETE http://10.180.1.21:9696/networking/v2.0/subnets/35538356-a9ee-4b9a-b735-adcac229ed7c 0.220s
2025-05-02 11:39:47.787 70151 INFO tempest.lib.common.rest_client [req-e80bff91-7f2b-46c8-97c6-50299d0e0a5d req-e80bff91-7f2b-46c8-97c6-50299d0e0a5d ] Request (ServersAdminTestJSON:test_inject_network_info): 200 GET http://10.180.1.21/compute/v2.1/servers/d201ab71-3029-46e2-8dc8-87e00515a083 0.136s
2025-05-02 11:39:47.815 70175 INFO tempest.lib.common.rest_client [req-42d9737e-28e4-46c0-8302-4713e13ac0f5 req-42d9737e-28e4-46c0-8302-4713e13ac0f5 ] Request (DeleteServersAdminTestJSON:tearDownClass): 404 DELETE http://10.180.1.21/compute/v2.1/servers/dce30764-d0f1-4275-9a07-08bc297237c2 0.088s
2025-05-02 11:39:47.835 70127 INFO tempest.lib.common.rest_client [req-1ef6b5c5-a56e-4f42-8281-540b7df39412 req-1ef6b5c5-a56e-4f42-8281-540b7df39412 ] Request (ServerDiskConfigTestJSON:test_rebuild_server_with_manual_disk_config): 200 GET http://10.180.1.21/compute/v2.1/servers/f5b71ac9-d08a-4429-96ce-9bcfbcbfa978 0.128s
2025-05-02 11:39:47.859 70177 INFO tempest.lib.common.rest_client [req-704bc277-a5ae-415f-96cb-ddd944279cb4 req-704bc277-a5ae-415f-96cb-ddd944279cb4 ] Request (VolumesAdminNegativeTest:test_update_attached_volume_with_nonexistent_volume_in_body): 200 PUT http://10.180.1.21:9696/networking/v2.0/floatingips/1cfc69da-bb86-4a06-aa72-4cabfc6d988f 0.665s
2025-05-02 11:39:47.860 70175 INFO tempest.lib.common.rest_client [req-3c4bac4b-2bcb-4a31-82ed-ee94ef0faa55 req-3c4bac4b-2bcb-4a31-82ed-ee94ef0faa55 ] Request (DeleteServersAdminTestJSON:tearDownClass): 404 GET http://10.180.1.21/compute/v2.1/servers/dce30764-d0f1-4275-9a07-08bc297237c2 0.044s
2025-05-02 11:39:47.860 70177 INFO tempest.lib.common.ssh [-] Creating ssh connection to '10.180.180.200:22' as 'cirros' with public key authentication
2025-05-02 11:39:47.892 70169 INFO tempest.lib.common.rest_client [req-74dc5da4-7d51-48d4-a0e6-c602e02832a1 req-74dc5da4-7d51-48d4-a0e6-c602e02832a1 ] Request (ImagesOneServerTestJSON:tearDownClass): 200 GET http://10.180.1.21/compute/v2.1/servers/02481d2b-70ac-48cb-a981-b88a26d327dc 0.117s
2025-05-02 11:39:47.926 70157 INFO tempest.lib.common.rest_client [req-f918f47c-9483-4e6f-ac9b-d727ddffdec2 req-f918f47c-9483-4e6f-ac9b-d727ddffdec2 ] Request (AttachInterfacesUnderV243Test:test_add_remove_fixed_ip): 200 GET http://10.180.1.21/compute/v2.1/servers/52a3515b-c3c1-4277-931c-14e25d1f2d36 0.090s
2025-05-02 11:39:47.950 70175 INFO tempest.lib.common.rest_client [req-bcac9e67-8912-42bc-a1ee-c720fd4406e2 req-bcac9e67-8912-42bc-a1ee-c720fd4406e2 ] Request (DeleteServersAdminTestJSON:tearDownClass): 404 DELETE http://10.180.1.21/compute/v2.1/servers/1c17733e-c687-4852-837c-e09edfdac9ff 0.088s
2025-05-02 11:39:47.987 70129 INFO tempest.lib.common.rest_client [req-779e0ebb-40c8-47e7-a430-610ac369d1ad req-779e0ebb-40c8-47e7-a430-610ac369d1ad ] Request (ServersAdminNegativeTestJSON:setUpClass): 200 GET http://10.180.1.21/compute/v2.1/servers/83d311b6-1abd-4f04-bb55-2474eb9c923a 0.104s
2025-05-02 11:39:48.014 70165 INFO tempest.lib.common.rest_client [req-8d01c975-dd3b-4611-b0fa-b25e1c535aa6 req-8d01c975-dd3b-4611-b0fa-b25e1c535aa6 ] Request (SecurityGroupRulesNegativeTestJSON:setUpClass): 201 POST http://10.180.1.21:9696/networking/v2.0/networks 0.403s
2025-05-02 11:39:48.014 70163 INFO tempest.lib.common.rest_client [req-143bcc42-b36d-4b3d-8950-029d20b19382 req-143bcc42-b36d-4b3d-8950-029d20b19382 ] Request (FloatingIPsAssociationTestJSON:setUpClass): 200 GET http://10.180.1.21/compute/v2.1/servers/4bb5baa6-049c-4b8a-b0ae-4964088aec43 0.081s
2025-05-02 11:39:48.015 70175 INFO tempest.lib.common.rest_client [req-497f19ca-52b2-4608-a6f6-0524ed3af178 req-497f19ca-52b2-4608-a6f6-0524ed3af178 ] Request (DeleteServersAdminTestJSON:tearDownClass): 404 GET http://10.180.1.21/compute/v2.1/servers/1c17733e-c687-4852-837c-e09edfdac9ff 0.065s
2025-05-02 11:39:48.076 70135 INFO tempest.lib.common.rest_client [req-692ba6d6-c8f3-4f79-b2b7-968c712a706b req-692ba6d6-c8f3-4f79-b2b7-968c712a706b ] Request (SecurityGroupsTestJSON:test_server_security_groups): 200 GET http://10.180.1.21/compute/v2.1/servers/cbed13e8-2cf5-4644-a12b-5aefb21b22a9 0.062s
2025-05-02 11:39:48.097 70183 INFO tempest.lib.common.rest_client [req-b1e3c35b-17a8-4ff6-8ae0-ad5e0056d7fa req-b1e3c35b-17a8-4ff6-8ae0-ad5e0056d7fa ] Request (ServersNegativeTestMultiTenantJSON:tearDownClass): 204 DELETE http://10.180.1.21:9696/networking/v2.0/networks/143339df-b27f-4291-96f6-64bc748ab2cb 0.322s
2025-05-02 11:39:48.120 70175 INFO tempest.lib.common.rest_client [req-42476ce6-85f3-4456-a80d-e0930cdb306c req-42476ce6-85f3-4456-a80d-e0930cdb306c ] Request (DeleteServersAdminTestJSON:tearDownClass): 204 DELETE http://10.180.1.21/identity/v3/users/c607489864a34a43b585d1fa20f4455c 0.104s
2025-05-02 11:39:48.157 70139 INFO tempest.lib.common.rest_client [req-e7accf02-808b-4514-bb8b-bc7b04ae1c9a req-e7accf02-808b-4514-bb8b-bc7b04ae1c9a ] Request (ServersListShow296Test:test_list_show_update_rebuild_server_296): 200 GET http://10.180.1.21/compute/v2.1/servers/250a4f01-6261-42d5-824e-8d53b6b02f60 0.092s
2025-05-02 11:39:48.206 70171 INFO tempest.lib.common.rest_client [req-106590b3-c4fe-434c-aa96-30302507f24b req-106590b3-c4fe-434c-aa96-30302507f24b ] Request (ServerMetadataNegativeTestJSON:tearDownClass): 200 GET http://10.180.1.21/compute/v2.1/servers/2a792a82-2ba6-4f38-8c2f-b54931cd8f1f 0.075s
2025-05-02 11:39:48.227 70165 INFO tempest.lib.common.rest_client [req-e9c088af-767e-4d27-adb4-c21e7afd25b0 req-e9c088af-767e-4d27-adb4-c21e7afd25b0 ] Request (SecurityGroupRulesNegativeTestJSON:setUpClass): 201 POST http://10.180.1.21:9696/networking/v2.0/subnets 0.213s
2025-05-02 11:39:48.261 70175 INFO tempest.lib.common.rest_client [req-a5949ff3-47bc-4571-a70e-93a79c4f70db req-a5949ff3-47bc-4571-a70e-93a79c4f70db ] Request (DeleteServersAdminTestJSON:tearDownClass): 204 DELETE http://10.180.1.21/identity/v3/users/6b570f4832744273aa4d5b42e5a953a5 0.140s
2025-05-02 11:39:48.261 70175 INFO tempest.lib.common.dynamic_creds [-] Deleting project and security group for project: 624d55569ad24506abfe86a4ffe2c341
2025-05-02 11:39:48.342 70175 INFO tempest.lib.common.rest_client [req-b37a5186-9034-4d31-a438-f2c27cca2035 req-b37a5186-9034-4d31-a438-f2c27cca2035 ] Request (DeleteServersAdminTestJSON:tearDownClass): 201 POST http://10.180.1.21/identity/v3/auth/tokens 0.080s
2025-05-02 11:39:48.358 70173 INFO tempest.lib.common.rest_client [req-bf7a5e2a-8257-4f15-8b1c-9db297157dfc req-bf7a5e2a-8257-4f15-8b1c-9db297157dfc ] Request (ServersTestBootFromVolume:setUpClass): 200 GET http://10.180.1.21/compute/v2.1/servers/893efe91-0f9d-4a56-b0ba-3f0c872feb02 0.084s
2025-05-02 11:39:48.390 70149 INFO tempest.lib.common.rest_client [req-fe248be2-e61e-4a49-89b3-263c4b180491 req-fe248be2-e61e-4a49-89b3-263c4b180491 ] Request (ServerAddressesNegativeTestJSON:setUpClass): 200 GET http://10.180.1.21/compute/v2.1/servers/971b1023-2f07-47a2-a43d-2b98ad899dd6 0.171s
2025-05-02 11:39:48.419 70142 INFO tempest.lib.common.rest_client [req-143dc6dc-1d2f-4a16-9503-abb5e5b95daf req-143dc6dc-1d2f-4a16-9503-abb5e5b95daf ] Request (InstanceActionsV221TestJSON:test_get_list_deleted_instance_actions): 200 GET http://10.180.1.21/compute/v2.1/servers/fe137230-0536-435e-be78-c3828f7a783d 0.127s
2025-05-02 11:39:48.472 70181 INFO tempest.lib.common.rest_client [req-bba67b6c-af7e-4e8a-85ee-83f125ed4fa7 req-bba67b6c-af7e-4e8a-85ee-83f125ed4fa7 ] Request (ImagesOneServerNegativeTestJSON:_run_cleanups): 200 GET http://10.180.1.21/compute/v2.1/servers/57ee964a-1c5a-4687-95ba-30ea77022b14 0.138s
2025-05-02 11:39:48.484 70187 INFO tempest.lib.common.rest_client [req-6d071ef6-1ced-4f90-9f46-4013d8fb06a1 req-6d071ef6-1ced-4f90-9f46-4013d8fb06a1 ] Request (DeleteServersTestJSON:test_delete_server_while_in_attached_volume): 200 GET http://10.180.1.21/compute/v2.1/servers/5006ea89-8a7a-47c5-8984-9a7239fad964 0.149s
2025-05-02 11:39:48.492 70187 INFO tempest.common.waiters [-] State transition "BUILD/scheduling" ==> "BUILD/None" after 24 second wait
2025-05-02 11:39:48.557 70147 INFO tempest.lib.common.rest_client [req-3b4898c6-2504-45be-9602-9c8a0018be42 req-3b4898c6-2504-45be-9602-9c8a0018be42 ] Request (ServerDiagnosticsNegativeTest:tearDownClass): 200 GET http://10.180.1.21/compute/v2.1/servers/b0e0391a-dffc-4bc1-887a-2883e2818657 0.156s
2025-05-02 11:39:48.602 70155 INFO tempest.lib.common.rest_client [req-e54f1cd3-d75f-48f0-aae7-6f73ae424453 req-e54f1cd3-d75f-48f0-aae7-6f73ae424453 ] Request (MultipleCreateTestJSON:_run_cleanups): 200 GET http://10.180.1.21/compute/v2.1/servers/f70b4ae0-38a1-4cec-a789-2ebb8f334e47 0.082s
2025-05-02 11:39:48.639 70175 INFO tempest.lib.common.rest_client [req-89d2a360-3657-4b28-8920-a70865d6291a req-89d2a360-3657-4b28-8920-a70865d6291a ] Request (DeleteServersAdminTestJSON:tearDownClass): 200 GET http://10.180.1.21:9696/networking/v2.0/security-groups?tenant_id=624d55569ad24506abfe86a4ffe2c341&name=default 0.297s
2025-05-02 11:39:48.746 70143 INFO tempest.lib.common.rest_client [req-3358eb8f-ffaa-47a5-b7cf-0db6ad9a77da req-3358eb8f-ffaa-47a5-b7cf-0db6ad9a77da ] Request (ServersAaction247Test:tearDownClass): 200 GET http://10.180.1.21/compute/v2.1/servers/cb8fe43a-f213-47bc-b986-2e4c5df86f46 0.114s
2025-05-02 11:39:48.773 70145 INFO tempest.lib.common.rest_client [req-a382af19-729c-4ba3-8fe2-d7cd02289ccb req-a382af19-729c-4ba3-8fe2-d7cd02289ccb ] Request (MigrationsAdminTest:test_list_migrations_in_flavor_resize_situation): 200 GET http://10.180.1.21/compute/v2.1/servers/c5510bb3-d57a-4c8a-8e79-020e7c5d6c2b 0.231s
2025-05-02 11:39:48.841 70190 INFO tempest.lib.common.rest_client [req-a511dc9a-b5af-4f4e-889a-88121b234a33 req-a511dc9a-b5af-4f4e-889a-88121b234a33 ] Request (ImagesTestJSON:test_create_image_from_suspended_server): 200 GET http://10.180.1.21/compute/v2.1/servers/10dddda7-ac47-4728-a74d-1f85045a148b 0.134s
2025-05-02 11:39:48.858 70175 INFO tempest.lib.common.rest_client [req-f01c85dc-b00c-464e-b9ea-2c19b45c26d9 req-f01c85dc-b00c-464e-b9ea-2c19b45c26d9 ] Request (DeleteServersAdminTestJSON:tearDownClass): 204 DELETE http://10.180.1.21:9696/networking/v2.0/security-groups/f404db80-1f26-4ae8-85a6-348788929e17 0.218s
2025-05-02 11:39:48.914 70167 WARNING tempest.lib.common.ssh [-] Failed to establish authenticated ssh connection to cirros@10.180.180.166 ([Errno None] Unable to connect to port 22 on 10.180.180.166). Number attempts: 10. Retry after 11 seconds.: paramiko.ssh_exception.NoValidConnectionsError: [Errno None] Unable to connect to port 22 on 10.180.180.166
2025-05-02 11:39:48.917 70151 INFO tempest.lib.common.rest_client [req-0d8ce8f4-be50-402d-b8f8-35de2ba4f682 req-0d8ce8f4-be50-402d-b8f8-35de2ba4f682 ] Request (ServersAdminTestJSON:test_inject_network_info): 200 GET http://10.180.1.21/compute/v2.1/servers/d201ab71-3029-46e2-8dc8-87e00515a083 0.121s
2025-05-02 11:39:48.944 70175 INFO tempest.lib.common.rest_client [req-2f5f25f9-347a-4561-b0e3-1d08c8ba66f3 req-2f5f25f9-347a-4561-b0e3-1d08c8ba66f3 ] Request (DeleteServersAdminTestJSON:tearDownClass): 204 DELETE http://10.180.1.21/identity/v3/projects/624d55569ad24506abfe86a4ffe2c341 0.085s
2025-05-02 11:39:48.944 70175 INFO tempest.lib.common.dynamic_creds [-] Deleting project and security group for project: 5a50761680654883a4df450576083928
2025-05-02 11:39:48.950 70159 INFO tempest.lib.common.rest_client [req-7b8ad335-1a5a-441c-ad29-a296952fccea req-7b8ad335-1a5a-441c-ad29-a296952fccea ] Request (ServersNegativeTestJSON:setUpClass): 200 GET http://10.180.1.21/compute/v2.1/servers/4f0a9dae-cbbb-4822-87b1-1dd61d701971 0.169s
2025-05-02 11:39:48.986 70127 INFO tempest.lib.common.rest_client [req-b2a90fc4-9551-404b-9596-98471f29a2ff req-b2a90fc4-9551-404b-9596-98471f29a2ff ] Request (ServerDiskConfigTestJSON:test_rebuild_server_with_manual_disk_config): 200 GET http://10.180.1.21/compute/v2.1/servers/f5b71ac9-d08a-4429-96ce-9bcfbcbfa978 0.140s
2025-05-02 11:39:49.020 70175 INFO tempest.lib.common.rest_client [req-4ca68392-0366-4c14-a646-d14e411ccb07 req-4ca68392-0366-4c14-a646-d14e411ccb07 ] Request (DeleteServersAdminTestJSON:tearDownClass): 200 GET http://10.180.1.21:9696/networking/v2.0/security-groups?tenant_id=5a50761680654883a4df450576083928&name=default 0.075s
2025-05-02 11:39:49.040 70169 INFO tempest.lib.common.rest_client [req-91a70e2e-57e1-48d3-a41b-030e1f9083d9 req-91a70e2e-57e1-48d3-a41b-030e1f9083d9 ] Request (ImagesOneServerTestJSON:tearDownClass): 200 GET http://10.180.1.21/compute/v2.1/servers/02481d2b-70ac-48cb-a981-b88a26d327dc 0.135s
2025-05-02 11:39:49.054 70157 INFO tempest.lib.common.rest_client [req-38c6bbbd-11cf-4495-bf31-0c500fc7f276 req-38c6bbbd-11cf-4495-bf31-0c500fc7f276 ] Request (AttachInterfacesUnderV243Test:test_add_remove_fixed_ip): 200 GET http://10.180.1.21/compute/v2.1/servers/52a3515b-c3c1-4277-931c-14e25d1f2d36 0.117s
2025-05-02 11:39:49.102 70129 INFO tempest.lib.common.rest_client [req-96a24582-a6b4-46d2-8653-4e875056ea78 req-96a24582-a6b4-46d2-8653-4e875056ea78 ] Request (ServersAdminNegativeTestJSON:setUpClass): 200 GET http://10.180.1.21/compute/v2.1/servers/83d311b6-1abd-4f04-bb55-2474eb9c923a 0.103s
2025-05-02 11:39:49.121 70163 INFO tempest.lib.common.rest_client [req-5eeeacf6-a4c4-467c-9622-4d8ebd56367d req-5eeeacf6-a4c4-467c-9622-4d8ebd56367d ] Request (FloatingIPsAssociationTestJSON:setUpClass): 200 GET http://10.180.1.21/compute/v2.1/servers/4bb5baa6-049c-4b8a-b0ae-4964088aec43 0.097s
2025-05-02 11:39:49.162 70175 INFO tempest.lib.common.rest_client [req-7c6930eb-f400-4a30-891a-a589f63213f6 req-7c6930eb-f400-4a30-891a-a589f63213f6 ] Request (DeleteServersAdminTestJSON:tearDownClass): 204 DELETE http://10.180.1.21:9696/networking/v2.0/security-groups/c255700a-ce63-495a-84ce-fc9bb6af26ce 0.141s
2025-05-02 11:39:49.162 70135 INFO tempest.lib.common.rest_client [req-2ed91a9f-f5ae-438c-976f-a464ea549f88 req-2ed91a9f-f5ae-438c-976f-a464ea549f88 ] Request (SecurityGroupsTestJSON:test_server_security_groups): 200 GET http://10.180.1.21/compute/v2.1/servers/cbed13e8-2cf5-4644-a12b-5aefb21b22a9 0.071s
2025-05-02 11:39:49.214 70183 INFO tempest.lib.common.rest_client [req-1faa805b-d8b3-4920-90ed-8e7bde2ff960 req-1faa805b-d8b3-4920-90ed-8e7bde2ff960 ] Request (ServersNegativeTestMultiTenantJSON:tearDownClass): 200 PUT http://10.180.1.21:9696/networking/v2.0/routers/8ed99781-604d-46e4-87f4-7e7c18301e7a/remove_router_interface 1.116s
2025-05-02 11:39:49.239 70139 INFO tempest.lib.common.rest_client [req-b6c9fa9e-ab92-4e14-ac72-edf07f5d5e17 req-b6c9fa9e-ab92-4e14-ac72-edf07f5d5e17 ] Request (ServersListShow296Test:test_list_show_update_rebuild_server_296): 200 GET http://10.180.1.21/compute/v2.1/servers/250a4f01-6261-42d5-824e-8d53b6b02f60 0.065s
2025-05-02 11:39:49.257 70175 INFO tempest.lib.common.rest_client [req-4e027a8d-00c6-4870-a3f7-dfdf8b31c27e req-4e027a8d-00c6-4870-a3f7-dfdf8b31c27e ] Request (DeleteServersAdminTestJSON:tearDownClass): 204 DELETE http://10.180.1.21/identity/v3/projects/5a50761680654883a4df450576083928 0.094s
2025-05-02 11:39:49.285 70171 INFO tempest.lib.common.rest_client [req-0089eda8-00e9-4391-99d1-adc1174b002f req-0089eda8-00e9-4391-99d1-adc1174b002f ] Request (ServerMetadataNegativeTestJSON:tearDownClass): 200 GET http://10.180.1.21/compute/v2.1/servers/2a792a82-2ba6-4f38-8c2f-b54931cd8f1f 0.066s
2025-05-02 11:39:49.327 70175 INFO tempest.lib.common.rest_client [req-4f3fb609-5116-4ed7-9b57-bf90ff7bf51f req-4f3fb609-5116-4ed7-9b57-bf90ff7bf51f ] Request (ServersTestJSON:setUpClass): 201 POST http://10.180.1.21/identity/v3/auth/tokens 0.068s
2025-05-02 11:39:49.368 70175 INFO tempest.lib.common.rest_client [req-53ac8af3-1c87-44c6-8082-4ba96cf9d3d8 req-53ac8af3-1c87-44c6-8082-4ba96cf9d3d8 ] Request (ServersTestJSON:setUpClass): 201 POST http://10.180.1.21/identity/v3/auth/tokens 0.038s
2025-05-02 11:39:49.402 70175 INFO tempest.lib.common.rest_client [req-88ffcb60-fba3-4526-920c-dbd71eee6c58 req-88ffcb60-fba3-4526-920c-dbd71eee6c58 ] Request (ServersTestJSON:setUpClass): 200 GET http://10.180.1.21/identity/v3/domains?name=Default 0.033s
2025-05-02 11:39:49.410 70165 INFO tempest.lib.common.rest_client [req-c5d9f4ce-9395-4f4c-b0d6-6e2a441e1d3c req-c5d9f4ce-9395-4f4c-b0d6-6e2a441e1d3c ] Request (SecurityGroupRulesNegativeTestJSON:setUpClass): 201 POST http://10.180.1.21:9696/networking/v2.0/routers 1.182s
2025-05-02 11:39:49.437 70173 INFO tempest.lib.common.rest_client [req-5f0fd4bf-d7e2-4016-800e-023259e9a4f7 req-5f0fd4bf-d7e2-4016-800e-023259e9a4f7 ] Request (ServersTestBootFromVolume:setUpClass): 200 GET http://10.180.1.21/compute/v2.1/servers/893efe91-0f9d-4a56-b0ba-3f0c872feb02 0.067s
2025-05-02 11:39:49.437 70175 INFO tempest.lib.common.rest_client [req-092227ca-451f-4598-a6d5-910ecaed8c36 req-092227ca-451f-4598-a6d5-910ecaed8c36 ] Request (ServersTestJSON:setUpClass): 201 POST http://10.180.1.21/identity/v3/projects 0.034s
2025-05-02 11:39:49.495 70142 INFO tempest.lib.common.rest_client [req-c013f9c2-9178-4702-b6c5-e1fac0efbe0d req-c013f9c2-9178-4702-b6c5-e1fac0efbe0d ] Request (InstanceActionsV221TestJSON:test_get_list_deleted_instance_actions): 200 GET http://10.180.1.21/compute/v2.1/servers/fe137230-0536-435e-be78-c3828f7a783d 0.063s
2025-05-02 11:39:49.518 70175 INFO tempest.lib.common.rest_client [req-876d0599-1741-4727-88d7-ca1e72e67184 req-876d0599-1741-4727-88d7-ca1e72e67184 ] Request (ServersTestJSON:setUpClass): 201 POST http://10.180.1.21/identity/v3/users 0.080s
2025-05-02 11:39:49.542 70175 INFO tempest.lib.common.rest_client [req-f65cfedb-f655-41ea-8ecc-b9c8357dceef req-f65cfedb-f655-41ea-8ecc-b9c8357dceef ] Request (ServersTestJSON:setUpClass): 200 GET http://10.180.1.21/identity/v3/roles 0.024s
2025-05-02 11:39:49.546 70181 INFO tempest.lib.common.rest_client [req-b125dd2f-e0f0-44ba-8199-87437655347e req-b125dd2f-e0f0-44ba-8199-87437655347e ] Request (ImagesOneServerNegativeTestJSON:_run_cleanups): 200 GET http://10.180.1.21/compute/v2.1/servers/57ee964a-1c5a-4687-95ba-30ea77022b14 0.064s
2025-05-02 11:39:49.573 70175 INFO tempest.lib.common.rest_client [req-1bfadf8c-d4b9-4464-bc07-5c5a7a9a24ed req-1bfadf8c-d4b9-4464-bc07-5c5a7a9a24ed ] Request (ServersTestJSON:setUpClass): 204 PUT http://10.180.1.21/identity/v3/projects/a3988a6c66cc408abdf6978b03e58a83/users/d9b7ac07045c4a05934825a8c87709e8/roles/df43f26dfb544c419f1829a3fa7fe424 0.030s
2025-05-02 11:39:49.574 70175 INFO tempest.lib.common.dynamic_creds [-] Dynamic test user d9b7ac07045c4a05934825a8c87709e8 is created with scope project and roles: ['member']
2025-05-02 11:39:49.574 70175 INFO tempest.lib.common.dynamic_creds [-] Acquired dynamic creds: credentials: Credentials: {'domain_id': 'default', 'domain_name': 'Default', 'username': 'tempest-ServersTestJSON-1979964608-project-member', 'project_domain_id': 'default', 'project_domain_name': 'Default', 'project_id': 'a3988a6c66cc408abdf6978b03e58a83', 'project_name': 'tempest-ServersTestJSON-1979964608', 'tenant_id': 'a3988a6c66cc408abdf6978b03e58a83', 'tenant_name': 'tempest-ServersTestJSON-1979964608', 'user_domain_id': 'default', 'user_domain_name': 'Default', 'user_id': 'd9b7ac07045c4a05934825a8c87709e8', 'system': None}, Network: None, Subnet: None, Router: None
2025-05-02 11:39:49.600 70149 INFO tempest.lib.common.rest_client [req-9ba29504-e9d1-4e7a-a6a8-2ffe6af12ced req-9ba29504-e9d1-4e7a-a6a8-2ffe6af12ced ] Request (ServerAddressesNegativeTestJSON:setUpClass): 200 GET http://10.180.1.21/compute/v2.1/servers/971b1023-2f07-47a2-a43d-2b98ad899dd6 0.200s
2025-05-02 11:39:49.605 70187 INFO tempest.lib.common.rest_client [req-ccceb23d-77e9-4555-b214-9edf33070aaa req-ccceb23d-77e9-4555-b214-9edf33070aaa ] Request (DeleteServersTestJSON:test_delete_server_while_in_attached_volume): 200 GET http://10.180.1.21/compute/v2.1/servers/5006ea89-8a7a-47c5-8984-9a7239fad964 0.112s
2025-05-02 11:39:49.667 70175 INFO tempest.lib.common.rest_client [req-8a876e14-1aed-49a9-a36f-5c7046e43cea req-8a876e14-1aed-49a9-a36f-5c7046e43cea ] Request (ServersTestJSON:setUpClass): 201 POST http://10.180.1.21/identity/v3/auth/tokens 0.093s
2025-05-02 11:39:49.685 70153 INFO paramiko.transport [-] Connected (version 2.0, client dropbear_2020.81)
2025-05-02 11:39:49.701 70155 INFO tempest.lib.common.rest_client [req-16e0c6fe-5c89-4d21-86dd-6b4dc2e6c589 req-16e0c6fe-5c89-4d21-86dd-6b4dc2e6c589 ] Request (MultipleCreateTestJSON:_run_cleanups): 200 GET http://10.180.1.21/compute/v2.1/servers/f70b4ae0-38a1-4cec-a789-2ebb8f334e47 0.076s
2025-05-02 11:39:49.706 70147 INFO tempest.lib.common.rest_client [req-4183f832-04d3-4297-8e33-209ac2731942 req-4183f832-04d3-4297-8e33-209ac2731942 ] Request (ServerDiagnosticsNegativeTest:tearDownClass): 200 GET http://10.180.1.21/compute/v2.1/servers/b0e0391a-dffc-4bc1-887a-2883e2818657 0.135s
2025-05-02 11:39:49.792 70153 INFO paramiko.transport [-] Authentication (publickey) successful!
2025-05-02 11:39:49.792 70153 INFO tempest.lib.common.ssh [-] ssh connection to cirros@10.180.180.236 successfully created
2025-05-02 11:39:49.848 70143 INFO tempest.lib.common.rest_client [req-ce5f372f-85e3-4d3d-a6a9-5de31621b1e0 req-ce5f372f-85e3-4d3d-a6a9-5de31621b1e0 ] Request (ServersAaction247Test:tearDownClass): 200 GET http://10.180.1.21/compute/v2.1/servers/cb8fe43a-f213-47bc-b986-2e4c5df86f46 0.086s
2025-05-02 11:39:49.984 70161 WARNING tempest.lib.common.ssh [-] Failed to establish authenticated ssh connection to cirros@10.180.180.240 ([Errno None] Unable to connect to port 22 on 10.180.180.240). Number attempts: 6. Retry after 7 seconds.: paramiko.ssh_exception.NoValidConnectionsError: [Errno None] Unable to connect to port 22 on 10.180.180.240
2025-05-02 11:39:50.002 70153 INFO tempest.lib.common.rest_client [req-fcd06a46-d881-4770-8053-1f6ec0035fff req-fcd06a46-d881-4770-8053-1f6ec0035fff ] Request (ServerActionsTestOtherB:setUp): 200 GET http://10.180.1.21/compute/v2.1/servers/182c3c6f-9376-4d7c-9adc-af7f0237a6f2 0.208s
2025-05-02 11:39:50.071 70190 INFO tempest.lib.common.rest_client [req-ab7152ab-fd2a-4470-8460-20a4ece2cfdc req-ab7152ab-fd2a-4470-8460-20a4ece2cfdc ] Request (ImagesTestJSON:test_create_image_from_suspended_server): 200 GET http://10.180.1.21/compute/v2.1/servers/10dddda7-ac47-4728-a74d-1f85045a148b 0.220s
2025-05-02 11:39:50.133 70151 INFO tempest.lib.common.rest_client [req-93649180-90ee-47a0-b73d-572a2b6d540f req-93649180-90ee-47a0-b73d-572a2b6d540f ] Request (ServersAdminTestJSON:test_inject_network_info): 200 GET http://10.180.1.21/compute/v2.1/servers/d201ab71-3029-46e2-8dc8-87e00515a083 0.205s
2025-05-02 11:39:50.210 70183 INFO tempest.lib.common.rest_client [req-b2287e91-536f-49d5-a019-a74388683990 req-b2287e91-536f-49d5-a019-a74388683990 ] Request (ServersNegativeTestMultiTenantJSON:tearDownClass): 204 DELETE http://10.180.1.21:9696/networking/v2.0/routers/8ed99781-604d-46e4-87f4-7e7c18301e7a 0.996s
2025-05-02 11:39:50.274 70159 INFO tempest.lib.common.rest_client [req-01ef263b-cdd7-4cee-a18f-0f9a358db893 req-01ef263b-cdd7-4cee-a18f-0f9a358db893 ] Request (ServersNegativeTestJSON:setUpClass): 200 GET http://10.180.1.21/compute/v2.1/servers/4f0a9dae-cbbb-4822-87b1-1dd61d701971 0.311s
2025-05-02 11:39:50.281 70159 INFO tempest.common.waiters [-] State transition "BUILD/spawning" ==> "ACTIVE/None" after 51 second wait
2025-05-02 11:39:50.331 70127 INFO tempest.lib.common.rest_client [req-dfe0a598-1590-4dd5-b0e7-a44b34b5f3c8 req-dfe0a598-1590-4dd5-b0e7-a44b34b5f3c8 ] Request (ServerDiskConfigTestJSON:test_rebuild_server_with_manual_disk_config): 200 GET http://10.180.1.21/compute/v2.1/servers/f5b71ac9-d08a-4429-96ce-9bcfbcbfa978 0.337s
2025-05-02 11:39:50.342 70145 INFO tempest.lib.common.rest_client [req-6ed825ab-3a17-4caa-ac50-97cb0a40b8d9 req-6ed825ab-3a17-4caa-ac50-97cb0a40b8d9 ] Request (MigrationsAdminTest:test_list_migrations_in_flavor_resize_situation): 200 GET http://10.180.1.21/compute/v2.1/servers/c5510bb3-d57a-4c8a-8e79-020e7c5d6c2b 0.558s
2025-05-02 11:39:50.362 70183 INFO tempest.lib.common.rest_client [req-6cfd291f-3f27-4899-baac-dde231f5d84a req-6cfd291f-3f27-4899-baac-dde231f5d84a ] Request (ServersNegativeTestMultiTenantJSON:tearDownClass): 204 DELETE http://10.180.1.21:9696/networking/v2.0/subnets/fb8a2fdc-447d-43a0-b96a-a53c6e1359e3 0.151s
2025-05-02 11:39:50.422 70169 INFO tempest.lib.common.rest_client [req-0326d4ca-ebb1-4376-a6f5-646db2cdc9ae req-0326d4ca-ebb1-4376-a6f5-646db2cdc9ae ] Request (ImagesOneServerTestJSON:tearDownClass): 200 GET http://10.180.1.21/compute/v2.1/servers/02481d2b-70ac-48cb-a981-b88a26d327dc 0.370s
2025-05-02 11:39:50.464 70175 INFO tempest.lib.common.rest_client [req-c74e1714-a517-4390-a01a-efc186630165 req-c74e1714-a517-4390-a01a-efc186630165 ] Request (ServersTestJSON:setUpClass): 201 POST http://10.180.1.21:9696/networking/v2.0/networks 0.796s
2025-05-02 11:39:50.486 70157 INFO tempest.lib.common.rest_client [req-d1b2e9b7-12dd-4da8-8290-3141c91151eb req-d1b2e9b7-12dd-4da8-8290-3141c91151eb ] Request (AttachInterfacesUnderV243Test:test_add_remove_fixed_ip): 200 GET http://10.180.1.21/compute/v2.1/servers/52a3515b-c3c1-4277-931c-14e25d1f2d36 0.423s
2025-05-02 11:39:50.546 70129 INFO tempest.lib.common.rest_client [req-c3ca18e4-f86a-44a2-8c77-30a620712ed5 req-c3ca18e4-f86a-44a2-8c77-30a620712ed5 ] Request (ServersAdminNegativeTestJSON:setUpClass): 200 GET http://10.180.1.21/compute/v2.1/servers/83d311b6-1abd-4f04-bb55-2474eb9c923a 0.435s
2025-05-02 11:39:50.616 70163 INFO tempest.lib.common.rest_client [req-cbfee54d-6dc7-4826-a3d8-51516e921087 req-cbfee54d-6dc7-4826-a3d8-51516e921087 ] Request (FloatingIPsAssociationTestJSON:setUpClass): 200 GET http://10.180.1.21/compute/v2.1/servers/4bb5baa6-049c-4b8a-b0ae-4964088aec43 0.482s
2025-05-02 11:39:50.669 70183 INFO tempest.lib.common.rest_client [req-727440b2-c77f-43ad-aa16-bfe27270aab5 req-727440b2-c77f-43ad-aa16-bfe27270aab5 ] Request (ServersNegativeTestMultiTenantJSON:tearDownClass): 204 DELETE http://10.180.1.21:9696/networking/v2.0/networks/626a3e29-8ccb-4687-8dac-07296f13090a 0.307s
2025-05-02 11:39:50.697 70135 INFO tempest.lib.common.rest_client [req-ac76fb54-7f81-4e04-b9f5-886961f90586 req-ac76fb54-7f81-4e04-b9f5-886961f90586 ] Request (SecurityGroupsTestJSON:test_server_security_groups): 200 GET http://10.180.1.21/compute/v2.1/servers/cbed13e8-2cf5-4644-a12b-5aefb21b22a9 0.523s
2025-05-02 11:39:50.713 70175 INFO tempest.lib.common.rest_client [req-c713e49d-983a-4e95-abfd-dce12d1a33bc req-c713e49d-983a-4e95-abfd-dce12d1a33bc ] Request (ServersTestJSON:setUpClass): 201 POST http://10.180.1.21:9696/networking/v2.0/subnets 0.249s
2025-05-02 11:39:50.791 70139 INFO tempest.lib.common.rest_client [req-918f9a2d-847b-4abb-8830-a8b45d8cb844 req-918f9a2d-847b-4abb-8830-a8b45d8cb844 ] Request (ServersListShow296Test:test_list_show_update_rebuild_server_296): 200 GET http://10.180.1.21/compute/v2.1/servers/250a4f01-6261-42d5-824e-8d53b6b02f60 0.542s
2025-05-02 11:39:50.793 70183 INFO tempest.lib.common.rest_client [req-402c66d1-cb3b-4591-a161-4dd637dc783f req-402c66d1-cb3b-4591-a161-4dd637dc783f ] Request (ServersNegativeTestMultiTenantJSON:tearDownClass): 204 DELETE http://10.180.1.21/identity/v3/users/94f27ad9e3f948f6be810b88bce8d305 0.123s
2025-05-02 11:39:50.804 70139 INFO tempest.common.waiters [-] State transition "BUILD/scheduling" ==> "BUILD/None" after 21 second wait
2025-05-02 11:39:50.865 70153 INFO tempest.lib.common.rest_client [req-44fe4ef7-a56b-483f-bf71-79c83d3ada20 req-44fe4ef7-a56b-483f-bf71-79c83d3ada20 ] Request (ServerActionsTestOtherB:test_create_backup): 202 POST http://10.180.1.21/compute/v2.1/servers/182c3c6f-9376-4d7c-9adc-af7f0237a6f2/action 0.848s
2025-05-02 11:39:50.883 70153 INFO tempest.lib.common.rest_client [req-7aa897f7-8492-4162-bfd9-92ddb86f4391 req-7aa897f7-8492-4162-bfd9-92ddb86f4391 ] Request (ServerActionsTestOtherB:test_create_backup): 200 GET http://10.180.1.21/image/v2/images/d003a79d-5374-447e-b8be-52e95b825e40 0.018s
2025-05-02 11:39:50.891 70159 INFO tempest.lib.common.rest_client [req-7b2e2463-c096-411d-b5bb-6d2aefdc05e7 req-7b2e2463-c096-411d-b5bb-6d2aefdc05e7 ] Request (ServersNegativeTestJSON:setUpClass): 204 DELETE http://10.180.1.21/compute/v2.1/servers/4f0a9dae-cbbb-4822-87b1-1dd61d701971 0.610s
2025-05-02 11:39:50.911 70183 INFO tempest.lib.common.rest_client [req-0f8fbd83-979a-4ce1-8a3c-73ec8ff54949 req-0f8fbd83-979a-4ce1-8a3c-73ec8ff54949 ] Request (ServersNegativeTestMultiTenantJSON:tearDownClass): 204 DELETE http://10.180.1.21/identity/v3/users/b41ffa098966434eb1cb743df6e0de9e 0.118s
2025-05-02 11:39:50.912 70183 INFO tempest.lib.common.dynamic_creds [-] Deleting project and security group for project: 6ee1c5fdd30a4367995788ec3bc5d7cd
2025-05-02 11:39:50.941 70171 INFO tempest.lib.common.rest_client [req-81a3b292-a2f3-488c-a465-ab05b59ce1db req-81a3b292-a2f3-488c-a465-ab05b59ce1db ] Request (ServerMetadataNegativeTestJSON:tearDownClass): 200 GET http://10.180.1.21/compute/v2.1/servers/2a792a82-2ba6-4f38-8c2f-b54931cd8f1f 0.645s
2025-05-02 11:39:50.980 70173 INFO tempest.lib.common.rest_client [req-038a8960-3361-4615-a92a-581d2797be1d req-038a8960-3361-4615-a92a-581d2797be1d ] Request (ServersTestBootFromVolume:setUpClass): 200 GET http://10.180.1.21/compute/v2.1/servers/893efe91-0f9d-4a56-b0ba-3f0c872feb02 0.534s
2025-05-02 11:39:50.991 70183 INFO tempest.lib.common.rest_client [req-6158ec8e-7922-4b04-ad4f-073e6b0cc591 req-6158ec8e-7922-4b04-ad4f-073e6b0cc591 ] Request (ServersNegativeTestMultiTenantJSON:tearDownClass): 200 GET http://10.180.1.21:9696/networking/v2.0/security-groups?tenant_id=6ee1c5fdd30a4367995788ec3bc5d7cd&name=default 0.078s
2025-05-02 11:39:51.001 70142 INFO tempest.lib.common.rest_client [req-88b1513e-a76e-4c47-ba16-c5fb58105064 req-88b1513e-a76e-4c47-ba16-c5fb58105064 ] Request (InstanceActionsV221TestJSON:test_get_list_deleted_instance_actions): 200 GET http://10.180.1.21/compute/v2.1/servers/fe137230-0536-435e-be78-c3828f7a783d 0.492s
2025-05-02 11:39:51.043 70181 INFO tempest.lib.common.rest_client [req-47282848-ee0d-4f01-af35-1ed98209da84 req-47282848-ee0d-4f01-af35-1ed98209da84 ] Request (ImagesOneServerNegativeTestJSON:_run_cleanups): 200 GET http://10.180.1.21/compute/v2.1/servers/57ee964a-1c5a-4687-95ba-30ea77022b14 0.484s
2025-05-02 11:39:51.080 70165 INFO tempest.lib.common.rest_client [req-eaf029d5-57bc-4c60-9d40-de347ab3861d req-eaf029d5-57bc-4c60-9d40-de347ab3861d ] Request (SecurityGroupRulesNegativeTestJSON:setUpClass): 200 PUT http://10.180.1.21:9696/networking/v2.0/routers/3ef854fe-9f88-46a1-b65b-8ee840526360/add_router_interface 1.669s
2025-05-02 11:39:51.080 70165 INFO tempest.lib.common.dynamic_creds [-] Created isolated network resources for: credentials: Credentials: {'domain_id': 'default', 'domain_name': 'Default', 'username': 'tempest-SecurityGroupRulesNegativeTestJSON-1963158355-project-member', 'project_domain_id': 'default', 'project_domain_name': 'Default', 'project_id': '6298215a19f842a9b0c419ca63bb6bc0', 'project_name': 'tempest-SecurityGroupRulesNegativeTestJSON-1963158355', 'tenant_id': '6298215a19f842a9b0c419ca63bb6bc0', 'tenant_name': 'tempest-SecurityGroupRulesNegativeTestJSON-1963158355', 'user_domain_id': 'default', 'user_domain_name': 'Default', 'user_id': '65d4ff6acf1d469db9bbfd4b9ab10460', 'system': None}, Network: {'id': 'd84f01e6-e8ca-492b-8e98-9a15b4eb062c', 'name': 'tempest-SecurityGroupRulesNegativeTestJSON-1442602484-network', 'tenant_id': '6298215a19f842a9b0c419ca63bb6bc0', 'admin_state_up': True, 'mtu': 8950, 'status': 'ACTIVE', 'subnets': [], 'shared': False, 'project_id': '6298215a19f842a9b0c419ca63bb6bc0', 'port_security_enabled': True, 'router:external': False, 'provider:network_type': 'vlan', 'provider:physical_network': 'default', 'provider:segmentation_id': 721, 'availability_zone_hints': [], 'availability_zones': [], 'ipv4_address_scope': None, 'ipv6_address_scope': None, 'description': '', 'tags': [], 'created_at': '2025-05-02T11:39:47Z', 'updated_at': '2025-05-02T11:39:47Z', 'revision_number': 1}, Subnet: {'id': '00b73896-4b8d-4641-8d6e-d84088aeec0d', 'name': 'tempest-SecurityGroupRulesNegativeTestJSON-1442602484-subnet', 'tenant_id': '6298215a19f842a9b0c419ca63bb6bc0', 'network_id': 'd84f01e6-e8ca-492b-8e98-9a15b4eb062c', 'ip_version': 4, 'subnetpool_id': None, 'enable_dhcp': True, 'ipv6_ra_mode': None, 'ipv6_address_mode': None, 'gateway_ip': '192.168.128.1', 'cidr': '192.168.128.0/28', 'allocation_pools': [{'start': '192.168.128.2', 'end': '192.168.128.14'}], 'host_routes': [], 'dns_nameservers': [], 'description': '', 'router:external': False, 'service_types': [], 'tags': [], 'created_at': '2025-05-02T11:39:48Z', 'updated_at': '2025-05-02T11:39:48Z', 'revision_number': 0, 'project_id': '6298215a19f842a9b0c419ca63bb6bc0'}, Router: {'id': '3ef854fe-9f88-46a1-b65b-8ee840526360', 'name': 'tempest-SecurityGroupRulesNegativeTestJSON-1442602484-router', 'tenant_id': '6298215a19f842a9b0c419ca63bb6bc0', 'admin_state_up': True, 'status': 'ACTIVE', 'external_gateway_info': {'network_id': 'db2cb1f1-2cec-4c6d-93bb-536c543cb351', 'external_fixed_ips': [{'subnet_id': 'daef9686-bc7a-4a5f-9ae4-359837b48aee', 'ip_address': '10.180.180.129'}], 'enable_snat': True}, 'description': '', 'availability_zones': [], 'distributed': False, 'ha': False, 'availability_zone_hints': [], 'routes': [], 'flavor_id': None, 'tags': [], 'created_at': '2025-05-02T11:39:48Z', 'updated_at': '2025-05-02T11:39:48Z', 'revision_number': 2, 'project_id': '6298215a19f842a9b0c419ca63bb6bc0'}
2025-05-02 11:39:51.104 70187 INFO tempest.lib.common.rest_client [req-bdb04ba5-a0a1-4586-bc55-e9aa299f3e71 req-bdb04ba5-a0a1-4586-bc55-e9aa299f3e71 ] Request (DeleteServersTestJSON:test_delete_server_while_in_attached_volume): 200 GET http://10.180.1.21/compute/v2.1/servers/5006ea89-8a7a-47c5-8984-9a7239fad964 0.486s
2025-05-02 11:39:51.182 70165 INFO tempest.lib.common.rest_client [req-18bf89fc-8ed4-40ed-be75-dba7eecc3e8a req-18bf89fc-8ed4-40ed-be75-dba7eecc3e8a ] Request (SecurityGroupRulesNegativeTestJSON:setUpClass): 201 POST http://10.180.1.21/identity/v3/auth/tokens 0.098s
2025-05-02 11:39:51.189 70183 INFO tempest.lib.common.rest_client [req-58b06027-f9d1-408f-bb99-e06d41e524da req-58b06027-f9d1-408f-bb99-e06d41e524da ] Request (ServersNegativeTestMultiTenantJSON:tearDownClass): 204 DELETE http://10.180.1.21:9696/networking/v2.0/security-groups/221a5296-7d88-434e-8652-357a79e4d908 0.198s
2025-05-02 11:39:51.190 70155 INFO tempest.lib.common.rest_client [req-d7c7bd34-8bea-4a1b-9658-52f655cd3b17 req-d7c7bd34-8bea-4a1b-9658-52f655cd3b17 ] Request (MultipleCreateTestJSON:_run_cleanups): 200 GET http://10.180.1.21/compute/v2.1/servers/f70b4ae0-38a1-4cec-a789-2ebb8f334e47 0.480s
2025-05-02 11:39:51.205 70149 INFO tempest.lib.common.rest_client [req-ce7574d1-5c24-431f-bf7e-de50f3172da0 req-ce7574d1-5c24-431f-bf7e-de50f3172da0 ] Request (ServerAddressesNegativeTestJSON:setUpClass): 200 GET http://10.180.1.21/compute/v2.1/servers/971b1023-2f07-47a2-a43d-2b98ad899dd6 0.597s
2025-05-02 11:39:51.224 70147 INFO tempest.lib.common.rest_client [req-43883e09-2f47-4497-95da-a9f0875150a6 req-43883e09-2f47-4497-95da-a9f0875150a6 ] Request (ServerDiagnosticsNegativeTest:tearDownClass): 404 GET http://10.180.1.21/compute/v2.1/servers/b0e0391a-dffc-4bc1-887a-2883e2818657 0.506s
2025-05-02 11:39:51.288 70143 INFO tempest.lib.common.rest_client [req-cf86fe3b-9a11-40e4-880b-70a09f95ed8c req-cf86fe3b-9a11-40e4-880b-70a09f95ed8c ] Request (ServersAaction247Test:tearDownClass): 200 GET http://10.180.1.21/compute/v2.1/servers/cb8fe43a-f213-47bc-b986-2e4c5df86f46 0.428s
2025-05-02 11:39:51.337 70147 INFO tempest.lib.common.rest_client [req-5cb10435-691c-44a3-b976-1abc7e1b647c req-5cb10435-691c-44a3-b976-1abc7e1b647c ] Request (ServerDiagnosticsNegativeTest:tearDownClass): 204 DELETE http://10.180.1.21/identity/v3/users/438eff7e7dce46ed9e55261cadc18799 0.112s
2025-05-02 11:39:51.345 70183 INFO tempest.lib.common.rest_client [req-e5847cf2-156a-4146-8ce1-7e1dba00d8a1 req-e5847cf2-156a-4146-8ce1-7e1dba00d8a1 ] Request (ServersNegativeTestMultiTenantJSON:tearDownClass): 204 DELETE http://10.180.1.21/identity/v3/projects/6ee1c5fdd30a4367995788ec3bc5d7cd 0.156s
2025-05-02 11:39:51.345 70183 INFO tempest.lib.common.dynamic_creds [-] Deleting project and security group for project: 0229558f8fc545c696ff980b16061bbd
2025-05-02 11:39:51.351 70159 INFO tempest.lib.common.rest_client [req-7445275a-1e6a-41da-8985-13f7660198d0 req-7445275a-1e6a-41da-8985-13f7660198d0 ] Request (ServersNegativeTestJSON:setUpClass): 200 GET http://10.180.1.21/compute/v2.1/servers/4f0a9dae-cbbb-4822-87b1-1dd61d701971 0.459s
2025-05-02 11:39:51.362 70190 INFO tempest.lib.common.rest_client [req-553091f6-1374-41dd-ac40-74df39704d64 req-553091f6-1374-41dd-ac40-74df39704d64 ] Request (ImagesTestJSON:test_create_image_from_suspended_server): 200 GET http://10.180.1.21/compute/v2.1/servers/10dddda7-ac47-4728-a74d-1f85045a148b 0.281s
2025-05-02 11:39:51.386 70183 INFO tempest.lib.common.rest_client [req-91655a63-f7f5-4722-8e90-07ac86624784 req-91655a63-f7f5-4722-8e90-07ac86624784 ] Request (ServersNegativeTestMultiTenantJSON:tearDownClass): 200 GET http://10.180.1.21:9696/networking/v2.0/security-groups?tenant_id=0229558f8fc545c696ff980b16061bbd&name=default 0.041s
