2025-05-02 11:39:08.989 70161 INFO tempest.lib.common.rest_client [req-e6bd6775-e3ca-4b14-91d6-e59327a9431d req-e6bd6775-e3ca-4b14-91d6-e59327a9431d ] Request (ServersV294TestFqdnHostnames:setUpClass): 200 GET http://10.180.1.21/compute/v2.1/servers/3f4afb86-4e88-4741-92d1-a7bc0b498e4b 1.021s
2025-05-02 11:39:09.001 70161 INFO tempest.common.waiters [-] State transition "BUILD/None" ==> "BUILD/spawning" after 19 second wait
2025-05-02 11:39:09.027 70173 INFO tempest.lib.common.rest_client [req-7de672b6-a97e-415b-8cb8-e96e9e72055e req-7de672b6-a97e-415b-8cb8-e96e9e72055e ] Request (ServersTestBootFromVolume:setUpClass): 201 POST http://10.180.1.21:9696/networking/v2.0/security-group-rules 0.131s
2025-05-02 11:39:09.044 70183 INFO tempest.lib.common.rest_client [req-892b007b-2885-40db-bdb6-ebf246b6457c req-892b007b-2885-40db-bdb6-ebf246b6457c ] Request (ServersNegativeTestMultiTenantJSON:tearDownClass): 204 DELETE http://10.180.1.21/compute/v2.1/servers/f6b55586-b667-455a-a61b-fb68cbea1be4 0.988s
2025-05-02 11:39:09.052 70181 INFO tempest.lib.common.rest_client [req-1a2e1f80-433d-4e91-bfe1-8f8c2dd0779e req-1a2e1f80-433d-4e91-bfe1-8f8c2dd0779e ] Request (ImagesOneServerNegativeTestJSON:_run_cleanups): 200 GET http://10.180.1.21/compute/v2.1/servers/57ee964a-1c5a-4687-95ba-30ea77022b14 0.895s
2025-05-02 11:39:09.053 70163 INFO tempest.lib.common.rest_client [req-a438b719-e1e7-46de-a0a0-31bef380c890 req-a438b719-e1e7-46de-a0a0-31bef380c890 ] Request (FloatingIPsAssociationTestJSON:setUpClass): 201 POST http://10.180.1.21/identity/v3/auth/tokens 0.075s
2025-05-02 11:39:09.093 70163 INFO tempest.lib.common.rest_client [req-d493b449-35aa-4957-9f0d-ee40a0d76165 req-d493b449-35aa-4957-9f0d-ee40a0d76165 ] Request (FloatingIPsAssociationTestJSON:setUpClass): 201 POST http://10.180.1.21/identity/v3/auth/tokens 0.035s
2025-05-02 11:39:09.127 70163 INFO tempest.lib.common.rest_client [req-3c13a729-22c5-4d66-89e7-32fb37a43c1c req-3c13a729-22c5-4d66-89e7-32fb37a43c1c ] Request (FloatingIPsAssociationTestJSON:setUpClass): 200 GET http://10.180.1.21/identity/v3/domains?name=Default 0.034s
2025-05-02 11:39:09.140 70142 INFO tempest.lib.common.rest_client [req-ea1a6bba-dcd6-4c21-85c0-6ac86c8c2d10 req-ea1a6bba-dcd6-4c21-85c0-6ac86c8c2d10 ] Request (ServicesAdminNegativeV253TestJSON:tearDownClass): 200 GET http://10.180.1.21:9696/networking/v2.0/security-groups?tenant_id=83c43b95c8dc49eb97f8058ef635b5a9&name=default 0.217s
2025-05-02 11:39:09.144 70157 INFO tempest.lib.common.rest_client [req-2dad2491-2186-4836-8ba7-e609ba727dd7 req-2dad2491-2186-4836-8ba7-e609ba727dd7 ] Request (ServersAdmin275Test:tearDownClass): 200 GET http://10.180.1.21/compute/v2.1/servers/8fb507a5-6176-47e6-94c9-340f345a0d33 0.931s
2025-05-02 11:39:09.165 70163 INFO tempest.lib.common.rest_client [req-d7a55717-5dad-4796-878f-b5a3b4b8286b req-d7a55717-5dad-4796-878f-b5a3b4b8286b ] Request (FloatingIPsAssociationTestJSON:setUpClass): 201 POST http://10.180.1.21/identity/v3/projects 0.037s
2025-05-02 11:39:09.207 70190 INFO tempest.lib.common.rest_client [req-fe74baad-6dea-4b8b-bbbd-7aa0260a5474 req-fe74baad-6dea-4b8b-bbbd-7aa0260a5474 ] Request (ImagesTestJSON:test_create_image_from_suspended_server): 200 GET http://10.180.1.21/compute/v2.1/servers/10dddda7-ac47-4728-a74d-1f85045a148b 0.968s
2025-05-02 11:39:09.242 70163 INFO tempest.lib.common.rest_client [req-39daff10-b633-406d-a854-e261d7ba926d req-39daff10-b633-406d-a854-e261d7ba926d ] Request (FloatingIPsAssociationTestJSON:setUpClass): 201 POST http://10.180.1.21/identity/v3/users 0.077s
2025-05-02 11:39:09.263 70175 INFO tempest.lib.common.rest_client [req-882a1eeb-080e-4801-af67-27ceb3c647bd req-882a1eeb-080e-4801-af67-27ceb3c647bd ] Request (DeleteServersAdminTestJSON:test_delete_server_while_in_error_state): 200 GET http://10.180.1.21/compute/v2.1/servers/dce30764-d0f1-4275-9a07-08bc297237c2 1.096s
2025-05-02 11:39:09.264 70163 INFO tempest.lib.common.rest_client [req-7791be64-eed1-4318-b701-9a1e384daec7 req-7791be64-eed1-4318-b701-9a1e384daec7 ] Request (FloatingIPsAssociationTestJSON:setUpClass): 200 GET http://10.180.1.21/identity/v3/roles 0.021s
2025-05-02 11:39:09.274 70175 INFO tempest.common.waiters [-] State transition "BUILD/spawning" ==> "ACTIVE/None" after 41 second wait
2025-05-02 11:39:09.317 70163 INFO tempest.lib.common.rest_client [req-65677da3-150b-4f1a-bb58-445469e3e3f6 req-65677da3-150b-4f1a-bb58-445469e3e3f6 ] Request (FloatingIPsAssociationTestJSON:setUpClass): 204 PUT http://10.180.1.21/identity/v3/projects/cf673b6e699d43eea721ec968ac85eca/users/20a8f18804b546c3ad1923adf1d1d273/roles/df43f26dfb544c419f1829a3fa7fe424 0.052s
2025-05-02 11:39:09.317 70163 INFO tempest.lib.common.dynamic_creds [-] Dynamic test user 20a8f18804b546c3ad1923adf1d1d273 is created with scope project and roles: ['member']
2025-05-02 11:39:09.318 70163 INFO tempest.lib.common.dynamic_creds [-] Acquired dynamic creds: credentials: Credentials: {'domain_id': 'default', 'domain_name': 'Default', 'username': 'tempest-FloatingIPsAssociationTestJSON-1201730431-project-member', 'project_domain_id': 'default', 'project_domain_name': 'Default', 'project_id': 'cf673b6e699d43eea721ec968ac85eca', 'project_name': 'tempest-FloatingIPsAssociationTestJSON-1201730431', 'tenant_id': 'cf673b6e699d43eea721ec968ac85eca', 'tenant_name': 'tempest-FloatingIPsAssociationTestJSON-1201730431', 'user_domain_id': 'default', 'user_domain_name': 'Default', 'user_id': '20a8f18804b546c3ad1923adf1d1d273', 'system': None}, Network: None, Subnet: None, Router: None
2025-05-02 11:39:09.364 70159 INFO tempest.lib.common.rest_client [req-c145942c-cdcc-4e0d-b585-3294a60fd5a6 req-c145942c-cdcc-4e0d-b585-3294a60fd5a6 ] Request (ServersNegativeTestJSON:setUpClass): 200 GET http://10.180.1.21/compute/v2.1/servers/4f0a9dae-cbbb-4822-87b1-1dd61d701971 1.048s
2025-05-02 11:39:09.399 70179 INFO tempest.lib.common.rest_client [req-5c79ad06-6db1-4ca7-90a5-991eb39ee0b3 req-5c79ad06-6db1-4ca7-90a5-991eb39ee0b3 ] Request (SecurityGroupRulesTestJSON:tearDownClass): 202 DELETE http://10.180.1.21/compute/v2.1/os-security-groups/602e7e27-3a6f-4957-8c1a-9853de199e93 1.106s
2025-05-02 11:39:09.406 70163 INFO tempest.lib.common.rest_client [req-561cf444-9aa6-48a4-91d6-371d424ad6d9 req-561cf444-9aa6-48a4-91d6-371d424ad6d9 ] Request (FloatingIPsAssociationTestJSON:setUpClass): 201 POST http://10.180.1.21/identity/v3/auth/tokens 0.088s
2025-05-02 11:39:09.452 70142 INFO tempest.lib.common.rest_client [req-cf69688d-10b5-4243-8b61-615960a28d0a req-cf69688d-10b5-4243-8b61-615960a28d0a ] Request (ServicesAdminNegativeV253TestJSON:tearDownClass): 204 DELETE http://10.180.1.21:9696/networking/v2.0/security-groups/554e4ee5-d989-425a-8658-a73150fa4072 0.311s
2025-05-02 11:39:09.522 70187 INFO tempest.lib.common.rest_client [req-0d47c08b-bb02-40fc-92be-a9b9ec5b2905 req-0d47c08b-bb02-40fc-92be-a9b9ec5b2905 ] Request (DeleteServersTestJSON:test_delete_active_server): 200 GET http://10.180.1.21/compute/v2.1/servers/267b2c2e-b6b8-415d-acb8-f8415b622418 1.089s
2025-05-02 11:39:09.569 70142 INFO tempest.lib.common.rest_client [req-566af69b-a535-4394-aa49-8070c563a076 req-566af69b-a535-4394-aa49-8070c563a076 ] Request (ServicesAdminNegativeV253TestJSON:tearDownClass): 204 DELETE http://10.180.1.21/identity/v3/projects/83c43b95c8dc49eb97f8058ef635b5a9 0.116s
2025-05-02 11:39:09.599 70177 INFO tempest.lib.common.rest_client [req-93a1e487-f475-42c9-8989-5ffc5459c89f req-93a1e487-f475-42c9-8989-5ffc5459c89f ] Request (VolumesAdminNegativeTest:test_update_attached_volume_with_nonexistent_volume_in_body): 200 GET http://10.180.1.21/compute/v2.1/servers/ae9495ce-171c-4d44-b80f-b38a29f29b7a 0.988s
2025-05-02 11:39:09.660 70147 INFO tempest.lib.common.rest_client [req-feae029e-274e-4398-b40d-89cb51e74d4f req-feae029e-274e-4398-b40d-89cb51e74d4f ] Request (ServerDiagnosticsNegativeTest:test_get_server_diagnostics_by_non_admin): 200 GET http://10.180.1.21/compute/v2.1/servers/b0e0391a-dffc-4bc1-887a-2883e2818657 1.115s
2025-05-02 11:39:09.696 70142 INFO tempest.lib.common.rest_client [req-36fe724d-c70a-4c4e-ab18-dd2f56a85688 req-36fe724d-c70a-4c4e-ab18-dd2f56a85688 ] Request (InstanceActionsV221TestJSON:setUpClass): 201 POST http://10.180.1.21/identity/v3/auth/tokens 0.124s
2025-05-02 11:39:09.742 70142 INFO tempest.lib.common.rest_client [req-8ccba6f5-3c37-4534-8bc4-0cfd4a270335 req-8ccba6f5-3c37-4534-8bc4-0cfd4a270335 ] Request (InstanceActionsV221TestJSON:setUpClass): 201 POST http://10.180.1.21/identity/v3/auth/tokens 0.044s
2025-05-02 11:39:09.797 70142 INFO tempest.lib.common.rest_client [req-b0472f38-d699-421c-9753-27a428a8dd6d req-b0472f38-d699-421c-9753-27a428a8dd6d ] Request (InstanceActionsV221TestJSON:setUpClass): 200 GET http://10.180.1.21/identity/v3/domains?name=Default 0.054s
2025-05-02 11:39:09.838 70142 INFO tempest.lib.common.rest_client [req-44856696-d8ae-42af-ab2f-5b5acb712ed7 req-44856696-d8ae-42af-ab2f-5b5acb712ed7 ] Request (InstanceActionsV221TestJSON:setUpClass): 201 POST http://10.180.1.21/identity/v3/projects 0.041s
2025-05-02 11:39:09.892 70165 INFO tempest.lib.common.rest_client [req-3670c680-afb9-409e-aba4-632b7729f5b0 req-3670c680-afb9-409e-aba4-632b7729f5b0 ] Request (FloatingIPsAssociationNegativeTestJSON:tearDownClass): 200 GET http://10.180.1.21/compute/v2.1/servers/bceff13b-021c-4103-8841-1ddf6baa262b 1.244s
2025-05-02 11:39:09.901 70135 INFO tempest.lib.common.rest_client [req-fa77c8fe-e947-4dc8-986e-137b5d3b0b4b req-fa77c8fe-e947-4dc8-986e-137b5d3b0b4b ] Request (SecurityGroupsTestJSON:test_security_groups_create_list_delete): 200 POST http://10.180.1.21/compute/v2.1/os-security-groups 1.219s
2025-05-02 11:39:09.950 70163 INFO tempest.lib.common.rest_client [req-694f8801-15c3-4d48-a63b-09a52fe776f2 req-694f8801-15c3-4d48-a63b-09a52fe776f2 ] Request (FloatingIPsAssociationTestJSON:setUpClass): 201 POST http://10.180.1.21:9696/networking/v2.0/networks 0.543s
2025-05-02 11:39:09.965 70142 INFO tempest.lib.common.rest_client [req-aff88c17-e137-4613-9ee0-405c5eb99d8b req-aff88c17-e137-4613-9ee0-405c5eb99d8b ] Request (InstanceActionsV221TestJSON:setUpClass): 201 POST http://10.180.1.21/identity/v3/users 0.126s
2025-05-02 11:39:10.000 70142 INFO tempest.lib.common.rest_client [req-b7dbc5ed-29d1-4338-8307-a241854b0423 req-b7dbc5ed-29d1-4338-8307-a241854b0423 ] Request (InstanceActionsV221TestJSON:setUpClass): 200 GET http://10.180.1.21/identity/v3/roles 0.034s
2025-05-02 11:39:10.009 70151 INFO tempest.lib.common.rest_client [req-732a01aa-0280-4668-a80e-913376e1fe9b req-732a01aa-0280-4668-a80e-913376e1fe9b ] Request (ServersAdminTestJSON:test_create_server_with_scheduling_hint): 200 GET http://10.180.1.21/compute/v2.1/servers/5b2933d1-8f9b-4f3e-bf72-03cd4d8a6005 0.982s
2025-05-02 11:39:10.036 70142 INFO tempest.lib.common.rest_client [req-ef669149-aad1-45c8-94fe-18807de73f02 req-ef669149-aad1-45c8-94fe-18807de73f02 ] Request (InstanceActionsV221TestJSON:setUpClass): 204 PUT http://10.180.1.21/identity/v3/projects/e4fa6de9aab9488ab5b9460de50e7ef0/users/33a2e9756aa04f6ea5580fdd584b1be5/roles/df43f26dfb544c419f1829a3fa7fe424 0.035s
2025-05-02 11:39:10.036 70142 INFO tempest.lib.common.dynamic_creds [-] Dynamic test user 33a2e9756aa04f6ea5580fdd584b1be5 is created with scope project and roles: ['member']
2025-05-02 11:39:10.037 70142 INFO tempest.lib.common.dynamic_creds [-] Acquired dynamic creds: credentials: Credentials: {'domain_id': 'default', 'domain_name': 'Default', 'username': 'tempest-InstanceActionsV221TestJSON-1846362907-project-member', 'project_domain_id': 'default', 'project_domain_name': 'Default', 'project_id': 'e4fa6de9aab9488ab5b9460de50e7ef0', 'project_name': 'tempest-InstanceActionsV221TestJSON-1846362907', 'tenant_id': 'e4fa6de9aab9488ab5b9460de50e7ef0', 'tenant_name': 'tempest-InstanceActionsV221TestJSON-1846362907', 'user_domain_id': 'default', 'user_domain_name': 'Default', 'user_id': '33a2e9756aa04f6ea5580fdd584b1be5', 'system': None}, Network: None, Subnet: None, Router: None
2025-05-02 11:39:10.098 70149 INFO tempest.lib.common.rest_client [req-c524e6d0-092c-4658-b76c-bcce5cb056f7 req-c524e6d0-092c-4658-b76c-bcce5cb056f7 ] Request (ServerAddressesNegativeTestJSON:setUpClass): 200 GET http://10.180.1.21/compute/v2.1/servers/971b1023-2f07-47a2-a43d-2b98ad899dd6 0.926s
2025-05-02 11:39:10.105 70142 INFO tempest.lib.common.rest_client [req-18612929-642b-46a5-b39b-364f831ea503 req-18612929-642b-46a5-b39b-364f831ea503 ] Request (InstanceActionsV221TestJSON:setUpClass): 201 POST http://10.180.1.21/identity/v3/auth/tokens 0.068s
2025-05-02 11:39:10.121 70173 INFO tempest.lib.common.rest_client [req-db9b918f-8bcf-4145-b977-02b1ab6f1b4a req-db9b918f-8bcf-4145-b977-02b1ab6f1b4a ] Request (ServersTestBootFromVolume:setUpClass): 201 POST http://10.180.1.21:9696/networking/v2.0/floatingips 1.093s
2025-05-02 11:39:10.137 70183 INFO tempest.lib.common.rest_client [req-27bd094a-d89a-4ba6-b829-b81f04512b6a req-27bd094a-d89a-4ba6-b829-b81f04512b6a ] Request (ServersNegativeTestMultiTenantJSON:tearDownClass): 200 GET http://10.180.1.21/compute/v2.1/servers/f6b55586-b667-455a-a61b-fb68cbea1be4 1.092s
2025-05-02 11:39:10.173 70127 INFO tempest.lib.common.rest_client [req-8148228a-b73c-4846-9603-0f56938f2f6a req-8148228a-b73c-4846-9603-0f56938f2f6a ] Request (ServerDiskConfigTestJSON:test_rebuild_server_with_auto_disk_config): 200 GET http://10.180.1.21/compute/v2.1/servers/55a9214c-deda-4c74-a205-2b302ac211b4 0.907s
2025-05-02 11:39:10.196 70173 INFO tempest.lib.common.rest_client [req-aaca7edd-5146-44e9-adc7-5f22a90bf446 req-aaca7edd-5146-44e9-adc7-5f22a90bf446 ] Request (ServersTestBootFromVolume:setUpClass): 201 POST http://10.180.1.21/identity/v3/auth/tokens 0.073s
2025-05-02 11:39:10.197 70173 INFO tempest.lib.common.fixed_network [-] (ServersTestBootFromVolume:setUpClass) Found network {'id': '5ccd7b15-f356-4023-a947-3f1be729a281', 'name': 'tempest-ServersTestBootFromVolume-1279887272-network', 'tenant_id': 'f06a58f453434dc79a82cd9f7c798deb', 'admin_state_up': True, 'mtu': 8950, 'status': 'ACTIVE', 'subnets': [], 'shared': False, 'project_id': 'f06a58f453434dc79a82cd9f7c798deb', 'port_security_enabled': True, 'router:external': False, 'provider:network_type': 'vlan', 'provider:physical_network': 'default', 'provider:segmentation_id': 921, 'availability_zone_hints': [], 'availability_zones': [], 'ipv4_address_scope': None, 'ipv6_address_scope': None, 'description': '', 'tags': [], 'created_at': '2025-05-02T11:39:03Z', 'updated_at': '2025-05-02T11:39:03Z', 'revision_number': 1} available for tenant
2025-05-02 11:39:10.213 70175 INFO tempest.lib.common.rest_client [req-d6df0c7c-0535-4a37-a14a-be3318455d99 req-d6df0c7c-0535-4a37-a14a-be3318455d99 ] Request (DeleteServersAdminTestJSON:test_delete_server_while_in_error_state): 202 POST http://10.180.1.21/compute/v2.1/servers/dce30764-d0f1-4275-9a07-08bc297237c2/action 0.939s
2025-05-02 11:39:10.273 70163 INFO tempest.lib.common.rest_client [req-aa5d0a6c-93aa-4c08-8fc5-065d66c16e5c req-aa5d0a6c-93aa-4c08-8fc5-065d66c16e5c ] Request (FloatingIPsAssociationTestJSON:setUpClass): 201 POST http://10.180.1.21:9696/networking/v2.0/subnets 0.322s
2025-05-02 11:39:10.283 70155 INFO tempest.lib.common.rest_client [req-3033f8c1-8e90-4bcf-9c41-7858a8a458d1 req-3033f8c1-8e90-4bcf-9c41-7858a8a458d1 ] Request (MultipleCreateTestJSON:test_multiple_create): 200 GET http://10.180.1.21/compute/v2.1/servers/bad25d79-e0bc-4657-8b3e-1a27a5a79cde 0.781s
2025-05-02 11:39:10.445 70179 INFO tempest.lib.common.rest_client [req-c7534b31-ebbe-4f0c-a2d8-029fa36cbe5d req-c7534b31-ebbe-4f0c-a2d8-029fa36cbe5d ] Request (SecurityGroupRulesTestJSON:tearDownClass): 202 DELETE http://10.180.1.21/compute/v2.1/os-security-groups/6ad2946f-adf9-4233-b3c1-92f4b3d13def 1.046s
2025-05-02 11:39:10.514 70145 INFO tempest.lib.common.rest_client [req-3b161d4e-ca1d-44db-87f9-20e40f624db9 req-3b161d4e-ca1d-44db-87f9-20e40f624db9 ] Request (MigrationsAdminTest:test_list_migrations_in_flavor_resize_situation): 200 GET http://10.180.1.21/compute/v2.1/servers/c5510bb3-d57a-4c8a-8e79-020e7c5d6c2b 0.961s
2025-05-02 11:39:10.541 70139 INFO tempest.lib.common.rest_client [req-6402d73b-9979-4d34-9012-27a9f34e6a0c req-6402d73b-9979-4d34-9012-27a9f34e6a0c ] Request (InstanceActionsTestJSON:tearDownClass): 200 GET http://10.180.1.21/compute/v2.1/servers/e8cb0608-7726-4b10-a6ce-27b9a6182bcc 0.974s
2025-05-02 11:39:10.561 70169 INFO tempest.lib.common.rest_client [req-dfe049d6-4ac8-4cb7-94ee-1715fc2df396 req-dfe049d6-4ac8-4cb7-94ee-1715fc2df396 ] Request (ImagesOneServerTestJSON:test_create_image_specify_multibyte_character_image_name): 200 GET http://10.180.1.21/compute/v2.1/images/202cdb94-aedd-43cc-9011-cdbf001090b6 0.931s
2025-05-02 11:39:10.649 70129 INFO tempest.lib.common.rest_client [req-ceca9eed-1749-458e-9a98-e47653dd1698 req-ceca9eed-1749-458e-9a98-e47653dd1698 ] Request (ServersAdminNegativeTestJSON:setUpClass): 200 GET http://10.180.1.21/compute/v2.1/servers/83d311b6-1abd-4f04-bb55-2474eb9c923a 0.866s
2025-05-02 11:39:10.687 70142 INFO tempest.lib.common.rest_client [req-7569161d-fe7f-44f9-8f6d-666fa841e9e7 req-7569161d-fe7f-44f9-8f6d-666fa841e9e7 ] Request (InstanceActionsV221TestJSON:setUpClass): 201 POST http://10.180.1.21:9696/networking/v2.0/networks 0.581s
2025-05-02 11:39:10.859 70171 INFO tempest.lib.common.rest_client [req-3492c110-8f14-4223-8f86-120205ed7f85 req-3492c110-8f14-4223-8f86-120205ed7f85 ] Request (ServerMetadataNegativeTestJSON:setUpClass): 200 GET http://10.180.1.21/compute/v2.1/servers/2a792a82-2ba6-4f38-8c2f-b54931cd8f1f 0.989s
2025-05-02 11:39:10.895 70135 INFO tempest.lib.common.rest_client [req-26548eb4-be54-4a49-b817-66a208b9f0b1 req-26548eb4-be54-4a49-b817-66a208b9f0b1 ] Request (SecurityGroupsTestJSON:test_security_groups_create_list_delete): 200 POST http://10.180.1.21/compute/v2.1/os-security-groups 0.988s
2025-05-02 11:39:10.963 70153 WARNING tempest.lib.common.ssh [-] Failed to establish authenticated ssh connection to cirros@10.180.180.236 ([Errno None] Unable to connect to port 22 on 10.180.180.236). Number attempts: 3. Retry after 4 seconds.: paramiko.ssh_exception.NoValidConnectionsError: [Errno None] Unable to connect to port 22 on 10.180.180.236
2025-05-02 11:39:10.970 70173 INFO tempest.lib.common.rest_client [req-87b12567-7c33-451a-9711-e9cdde84471d req-87b12567-7c33-451a-9711-e9cdde84471d ] Request (ServersTestBootFromVolume:setUpClass): 202 POST http://10.180.1.21/volume/v3/volumes 0.772s
2025-05-02 11:39:11.033 70173 INFO tempest.lib.common.rest_client [req-6eb9ddbd-fcb7-4867-b22d-7308e1f0d253 req-6eb9ddbd-fcb7-4867-b22d-7308e1f0d253 ] Request (ServersTestBootFromVolume:setUpClass): 200 GET http://10.180.1.21/volume/v3/volumes/9385a0ad-1d24-41b9-8f5d-0210a4dc89ea 0.052s
2025-05-02 11:39:11.064 70161 INFO tempest.lib.common.rest_client [req-90945f59-481a-4c12-b736-0c9b125c7e55 req-90945f59-481a-4c12-b736-0c9b125c7e55 ] Request (ServersV294TestFqdnHostnames:setUpClass): 200 GET http://10.180.1.21/compute/v2.1/servers/3f4afb86-4e88-4741-92d1-a7bc0b498e4b 1.062s
2025-05-02 11:39:11.132 70181 INFO tempest.lib.common.rest_client [req-b284c8c8-9462-474f-a166-4dd7732fa89f req-b284c8c8-9462-474f-a166-4dd7732fa89f ] Request (ImagesOneServerNegativeTestJSON:_run_cleanups): 200 GET http://10.180.1.21/compute/v2.1/servers/57ee964a-1c5a-4687-95ba-30ea77022b14 1.069s
2025-05-02 11:39:11.155 70167 WARNING tempest.lib.common.ssh [-] Failed to establish authenticated ssh connection to cirros@10.180.180.166 ([Errno None] Unable to connect to port 22 on 10.180.180.166). Number attempts: 7. Retry after 8 seconds.: paramiko.ssh_exception.NoValidConnectionsError: [Errno None] Unable to connect to port 22 on 10.180.180.166
2025-05-02 11:39:11.164 70157 INFO tempest.lib.common.rest_client [req-d9b7c79c-0a61-4a57-8bd9-7fb0804ff690 req-d9b7c79c-0a61-4a57-8bd9-7fb0804ff690 ] Request (ServersAdmin275Test:tearDownClass): 404 GET http://10.180.1.21/compute/v2.1/servers/8fb507a5-6176-47e6-94c9-340f345a0d33 1.000s
2025-05-02 11:39:11.179 70143 INFO tempest.lib.common.rest_client [req-2cbc53ec-8e05-4add-9a0e-43b63d3121ae req-2cbc53ec-8e05-4add-9a0e-43b63d3121ae ] Request (ServersAaction247Test:test_create_backup): 200 GET http://10.180.1.21/compute/v2.1/servers/cb8fe43a-f213-47bc-b986-2e4c5df86f46 1.220s
2025-05-02 11:39:11.254 70190 INFO tempest.lib.common.rest_client [req-89b35d70-fdde-434b-afc1-407bbc4032c2 req-89b35d70-fdde-434b-afc1-407bbc4032c2 ] Request (ImagesTestJSON:test_create_image_from_suspended_server): 200 GET http://10.180.1.21/compute/v2.1/servers/10dddda7-ac47-4728-a74d-1f85045a148b 1.032s
2025-05-02 11:39:11.261 70157 INFO tempest.lib.common.rest_client [req-2c8101d2-6bf4-45cb-aa04-56bbbf2a37de req-2c8101d2-6bf4-45cb-aa04-56bbbf2a37de ] Request (ServersAdmin275Test:tearDownClass): 204 DELETE http://10.180.1.21/identity/v3/users/a1d8732dbfd04700b277143b901b591e 0.096s
2025-05-02 11:39:11.295 70142 INFO tempest.lib.common.rest_client [req-e3e88803-d7eb-4072-9ccb-bf8efba6d90f req-e3e88803-d7eb-4072-9ccb-bf8efba6d90f ] Request (InstanceActionsV221TestJSON:setUpClass): 201 POST http://10.180.1.21:9696/networking/v2.0/subnets 0.607s
2025-05-02 11:39:11.343 70159 INFO tempest.lib.common.rest_client [req-7d541c90-e954-4040-956f-c3385155cceb req-7d541c90-e954-4040-956f-c3385155cceb ] Request (ServersNegativeTestJSON:setUpClass): 200 GET http://10.180.1.21/compute/v2.1/servers/4f0a9dae-cbbb-4822-87b1-1dd61d701971 0.963s
2025-05-02 11:39:11.358 70159 INFO tempest.common.waiters [-] State transition "BUILD/scheduling" ==> "BUILD/None" after 12 second wait
2025-05-02 11:39:11.440 70175 INFO tempest.lib.common.rest_client [req-b885947a-93fa-432b-b4bc-2ab9ce8ca6c5 req-b885947a-93fa-432b-b4bc-2ab9ce8ca6c5 ] Request (DeleteServersAdminTestJSON:test_delete_server_while_in_error_state): 200 GET http://10.180.1.21/compute/v2.1/servers/dce30764-d0f1-4275-9a07-08bc297237c2 1.225s
2025-05-02 11:39:11.448 70157 INFO tempest.lib.common.rest_client [req-8018a29b-a3e7-4b21-ae41-ce89db3b21d8 req-8018a29b-a3e7-4b21-ae41-ce89db3b21d8 ] Request (ServersAdmin275Test:tearDownClass): 204 DELETE http://10.180.1.21/identity/v3/users/ea62b3e4500d49389b23fb82672ed336 0.186s
2025-05-02 11:39:11.448 70157 INFO tempest.lib.common.dynamic_creds [-] Deleting project and security group for project: 9a14976cf08849d9a9bead9e13a01bc5
2025-05-02 11:39:11.533 70157 INFO tempest.lib.common.rest_client [req-7bfa7d13-21d4-42bd-91ab-5705dda5ce1c req-7bfa7d13-21d4-42bd-91ab-5705dda5ce1c ] Request (ServersAdmin275Test:tearDownClass): 201 POST http://10.180.1.21/identity/v3/auth/tokens 0.084s
2025-05-02 11:39:11.559 70187 INFO tempest.lib.common.rest_client [req-f45fbebb-609a-4a7b-8172-0ea2afb818c6 req-f45fbebb-609a-4a7b-8172-0ea2afb818c6 ] Request (DeleteServersTestJSON:test_delete_active_server): 200 GET http://10.180.1.21/compute/v2.1/servers/267b2c2e-b6b8-415d-acb8-f8415b622418 1.025s
2025-05-02 11:39:11.580 70179 INFO tempest.lib.common.rest_client [req-12d0d133-3e27-4dda-a4ab-dba334b5eea5 req-12d0d133-3e27-4dda-a4ab-dba334b5eea5 ] Request (SecurityGroupRulesTestJSON:tearDownClass): 202 DELETE http://10.180.1.21/compute/v2.1/os-security-groups/1e2128dc-c8e2-4661-90db-31c5b0879b76 1.134s
2025-05-02 11:39:11.660 70177 INFO tempest.lib.common.rest_client [req-1c33a293-7186-4d3a-b692-6a4662c69b35 req-1c33a293-7186-4d3a-b692-6a4662c69b35 ] Request (VolumesAdminNegativeTest:test_update_attached_volume_with_nonexistent_volume_in_body): 200 GET http://10.180.1.21/compute/v2.1/servers/ae9495ce-171c-4d44-b80f-b38a29f29b7a 1.047s
2025-05-02 11:39:11.770 70147 INFO tempest.lib.common.rest_client [req-b2fae14d-167c-434e-9759-189ab02b14c5 req-b2fae14d-167c-434e-9759-189ab02b14c5 ] Request (ServerDiagnosticsNegativeTest:test_get_server_diagnostics_by_non_admin): 200 GET http://10.180.1.21/compute/v2.1/servers/b0e0391a-dffc-4bc1-887a-2883e2818657 1.094s
2025-05-02 11:39:11.779 70147 INFO tempest.common.waiters [-] State transition "BUILD/spawning" ==> "ACTIVE/None" after 38 second wait
2025-05-02 11:39:11.790 70165 INFO tempest.lib.common.rest_client [req-f48e40a4-b4ea-4bb8-a142-54e0cb43bd6f req-f48e40a4-b4ea-4bb8-a142-54e0cb43bd6f ] Request (FloatingIPsAssociationNegativeTestJSON:tearDownClass): 200 GET http://10.180.1.21/compute/v2.1/servers/bceff13b-021c-4103-8841-1ddf6baa262b 0.886s
2025-05-02 11:39:11.860 70185 WARNING tempest.lib.common.ssh [-] Failed to establish authenticated ssh connection to cirros@10.180.180.168 ([Errno None] Unable to connect to port 22 on 10.180.180.168). Number attempts: 5. Retry after 6 seconds.: paramiko.ssh_exception.NoValidConnectionsError: [Errno None] Unable to connect to port 22 on 10.180.180.168
2025-05-02 11:39:11.880 70157 INFO tempest.lib.common.rest_client [req-8d628284-1443-4d9a-9021-cbf993693f1b req-8d628284-1443-4d9a-9021-cbf993693f1b ] Request (ServersAdmin275Test:tearDownClass): 200 GET http://10.180.1.21:9696/networking/v2.0/security-groups?tenant_id=9a14976cf08849d9a9bead9e13a01bc5&name=default 0.347s
2025-05-02 11:39:12.039 70135 INFO tempest.lib.common.rest_client [req-a0c77f94-04f9-41c1-9dc7-a64ab693169a req-a0c77f94-04f9-41c1-9dc7-a64ab693169a ] Request (SecurityGroupsTestJSON:test_security_groups_create_list_delete): 200 POST http://10.180.1.21/compute/v2.1/os-security-groups 1.134s
2025-05-02 11:39:12.069 70157 INFO tempest.lib.common.rest_client [req-ea616ef4-a3df-4557-9398-73ba9445b4f9 req-ea616ef4-a3df-4557-9398-73ba9445b4f9 ] Request (ServersAdmin275Test:tearDownClass): 204 DELETE http://10.180.1.21:9696/networking/v2.0/security-groups/2ab9a428-31d0-47e6-b8b3-f159299e0e87 0.188s
2025-05-02 11:39:12.074 70163 INFO tempest.lib.common.rest_client [req-353d3292-2ac0-41b0-b543-d3216e38a1e0 req-353d3292-2ac0-41b0-b543-d3216e38a1e0 ] Request (FloatingIPsAssociationTestJSON:setUpClass): 201 POST http://10.180.1.21:9696/networking/v2.0/routers 1.800s
2025-05-02 11:39:12.090 70173 INFO tempest.lib.common.rest_client [req-7a7a14dc-abf8-4dee-a96c-5178d3ffae08 req-7a7a14dc-abf8-4dee-a96c-5178d3ffae08 ] Request (ServersTestBootFromVolume:setUpClass): 200 GET http://10.180.1.21/volume/v3/volumes/9385a0ad-1d24-41b9-8f5d-0210a4dc89ea 0.047s
2025-05-02 11:39:12.116 70151 INFO tempest.lib.common.rest_client [req-e043e54b-7cf9-4775-898a-c05bd5053712 req-e043e54b-7cf9-4775-898a-c05bd5053712 ] Request (ServersAdminTestJSON:test_create_server_with_scheduling_hint): 200 GET http://10.180.1.21/compute/v2.1/servers/5b2933d1-8f9b-4f3e-bf72-03cd4d8a6005 1.097s
2025-05-02 11:39:12.142 70149 INFO tempest.lib.common.rest_client [req-3cf8f8f8-0247-410d-8e60-32b94acb115f req-3cf8f8f8-0247-410d-8e60-32b94acb115f ] Request (ServerAddressesNegativeTestJSON:setUpClass): 200 GET http://10.180.1.21/compute/v2.1/servers/971b1023-2f07-47a2-a43d-2b98ad899dd6 1.031s
2025-05-02 11:39:12.152 70149 INFO tempest.common.waiters [-] State transition "BUILD/scheduling" ==> "BUILD/None" after 13 second wait
2025-05-02 11:39:12.190 70157 INFO tempest.lib.common.rest_client [req-c6670748-6ca5-43d0-9b94-30d98a61883e req-c6670748-6ca5-43d0-9b94-30d98a61883e ] Request (ServersAdmin275Test:tearDownClass): 204 DELETE http://10.180.1.21/identity/v3/projects/9a14976cf08849d9a9bead9e13a01bc5 0.120s
2025-05-02 11:39:12.191 70157 INFO tempest.lib.common.dynamic_creds [-] Deleting project and security group for project: 86dfe0a941594dca8560da1fd881f339
2025-05-02 11:39:12.232 70127 INFO tempest.lib.common.rest_client [req-45580094-ff4f-4c37-9ca0-566505e7cea0 req-45580094-ff4f-4c37-9ca0-566505e7cea0 ] Request (ServerDiskConfigTestJSON:test_rebuild_server_with_auto_disk_config): 200 GET http://10.180.1.21/compute/v2.1/servers/55a9214c-deda-4c74-a205-2b302ac211b4 1.042s
2025-05-02 11:39:12.326 70155 INFO tempest.lib.common.rest_client [req-0fae0ee8-ec62-4524-b51a-96776295a42f req-0fae0ee8-ec62-4524-b51a-96776295a42f ] Request (MultipleCreateTestJSON:test_multiple_create): 200 GET http://10.180.1.21/compute/v2.1/servers/bad25d79-e0bc-4657-8b3e-1a27a5a79cde 1.027s
2025-05-02 11:39:12.407 70157 INFO tempest.lib.common.rest_client [req-7253bfc1-9ce0-454f-9d00-c6b3bea264e4 req-7253bfc1-9ce0-454f-9d00-c6b3bea264e4 ] Request (ServersAdmin275Test:tearDownClass): 200 GET http://10.180.1.21:9696/networking/v2.0/security-groups?tenant_id=86dfe0a941594dca8560da1fd881f339&name=default 0.216s
2025-05-02 11:39:12.411 70175 INFO tempest.lib.common.rest_client [req-b6b7387d-41aa-42a9-b9fb-c4232efd2bce req-b6b7387d-41aa-42a9-b9fb-c4232efd2bce ] Request (DeleteServersAdminTestJSON:test_delete_server_while_in_error_state): 204 DELETE http://10.180.1.21/compute/v2.1/servers/dce30764-d0f1-4275-9a07-08bc297237c2 0.958s
2025-05-02 11:39:12.530 70183 INFO tempest.lib.common.rest_client [req-0a94a681-97fb-4482-8a25-e2face6abf1e req-0a94a681-97fb-4482-8a25-e2face6abf1e ] Request (ServersNegativeTestMultiTenantJSON:tearDownClass): 200 GET http://10.180.1.21/compute/v2.1/servers/f6b55586-b667-455a-a61b-fb68cbea1be4 1.382s
2025-05-02 11:39:12.593 70145 INFO tempest.lib.common.rest_client [req-27293d41-e9ed-479d-9b57-2f2fe1a1890d req-27293d41-e9ed-479d-9b57-2f2fe1a1890d ] Request (MigrationsAdminTest:test_list_migrations_in_flavor_resize_situation): 200 GET http://10.180.1.21/compute/v2.1/servers/c5510bb3-d57a-4c8a-8e79-020e7c5d6c2b 1.067s
2025-05-02 11:39:12.608 70157 INFO tempest.lib.common.rest_client [req-006242af-28f5-4745-a087-e6ca5d61dee5 req-006242af-28f5-4745-a087-e6ca5d61dee5 ] Request (ServersAdmin275Test:tearDownClass): 204 DELETE http://10.180.1.21:9696/networking/v2.0/security-groups/69815d02-e784-41d2-ad81-6e013df30204 0.200s
2025-05-02 11:39:12.624 70139 INFO tempest.lib.common.rest_client [req-2873cbf3-2d3d-4242-a698-8751af905a81 req-2873cbf3-2d3d-4242-a698-8751af905a81 ] Request (InstanceActionsTestJSON:tearDownClass): 200 GET http://10.180.1.21/compute/v2.1/servers/e8cb0608-7726-4b10-a6ce-27b9a6182bcc 1.072s
2025-05-02 11:39:12.649 70169 INFO tempest.lib.common.rest_client [req-518fa256-35e5-433d-89b4-20ab645a3f49 req-518fa256-35e5-433d-89b4-20ab645a3f49 ] Request (ImagesOneServerTestJSON:test_create_image_specify_multibyte_character_image_name): 200 GET http://10.180.1.21/compute/v2.1/images/202cdb94-aedd-43cc-9011-cdbf001090b6 1.078s
2025-05-02 11:39:12.725 70129 INFO tempest.lib.common.rest_client [req-f7446d05-cae9-49b4-ab1c-f2e148c3d692 req-f7446d05-cae9-49b4-ab1c-f2e148c3d692 ] Request (ServersAdminNegativeTestJSON:setUpClass): 200 GET http://10.180.1.21/compute/v2.1/servers/83d311b6-1abd-4f04-bb55-2474eb9c923a 1.058s
2025-05-02 11:39:12.729 70157 INFO tempest.lib.common.rest_client [req-5fe724db-7dfa-4f7b-8410-a652f5eb2cd5 req-5fe724db-7dfa-4f7b-8410-a652f5eb2cd5 ] Request (ServersAdmin275Test:tearDownClass): 204 DELETE http://10.180.1.21/identity/v3/projects/86dfe0a941594dca8560da1fd881f339 0.121s
2025-05-02 11:39:12.777 70147 INFO tempest.lib.common.rest_client [req-8e483687-a158-40f8-8c1e-6e1675724e7d req-8e483687-a158-40f8-8c1e-6e1675724e7d ] Request (ServerDiagnosticsNegativeTest:test_get_server_diagnostics_by_non_admin): 403 GET http://10.180.1.21/compute/v2.1/servers/b0e0391a-dffc-4bc1-887a-2883e2818657/diagnostics 0.997s
2025-05-02 11:39:12.818 70157 INFO tempest.lib.common.rest_client [req-2cbcf4af-c952-4871-89ea-72e9eef2c117 req-2cbcf4af-c952-4871-89ea-72e9eef2c117 ] Request (AttachInterfacesUnderV243Test:setUpClass): 201 POST http://10.180.1.21/identity/v3/auth/tokens 0.085s
2025-05-02 11:39:12.858 70157 INFO tempest.lib.common.rest_client [req-2dbd926d-bea2-44d8-b25a-8c4e801764e8 req-2dbd926d-bea2-44d8-b25a-8c4e801764e8 ] Request (AttachInterfacesUnderV243Test:setUpClass): 201 POST http://10.180.1.21/identity/v3/auth/tokens 0.037s
2025-05-02 11:39:12.888 70157 INFO tempest.lib.common.rest_client [req-74c1423e-4ef4-470a-8499-0214572fdef7 req-74c1423e-4ef4-470a-8499-0214572fdef7 ] Request (AttachInterfacesUnderV243Test:setUpClass): 200 GET http://10.180.1.21/identity/v3/domains?name=Default 0.029s
2025-05-02 11:39:12.914 70179 INFO tempest.lib.common.rest_client [req-19c40235-4f55-48c0-884e-df17601f8ca0 req-19c40235-4f55-48c0-884e-df17601f8ca0 ] Request (SecurityGroupRulesTestJSON:tearDownClass): 202 DELETE http://10.180.1.21/compute/v2.1/os-security-groups/8fbfb76a-1d67-4310-b2fc-22d4d8126488 1.333s
2025-05-02 11:39:12.932 70157 INFO tempest.lib.common.rest_client [req-a31d867b-bd15-46fc-be9e-e1871d368816 req-a31d867b-bd15-46fc-be9e-e1871d368816 ] Request (AttachInterfacesUnderV243Test:setUpClass): 201 POST http://10.180.1.21/identity/v3/projects 0.044s
2025-05-02 11:39:12.951 70171 INFO tempest.lib.common.rest_client [req-67108387-9808-46bd-9bc2-4a60c42b92d6 req-67108387-9808-46bd-9bc2-4a60c42b92d6 ] Request (ServerMetadataNegativeTestJSON:setUpClass): 200 GET http://10.180.1.21/compute/v2.1/servers/2a792a82-2ba6-4f38-8c2f-b54931cd8f1f 1.080s
2025-05-02 11:39:13.004 70157 INFO tempest.lib.common.rest_client [req-e98df4e8-9d04-445a-a72d-ccaba2010a5f req-e98df4e8-9d04-445a-a72d-ccaba2010a5f ] Request (AttachInterfacesUnderV243Test:setUpClass): 201 POST http://10.180.1.21/identity/v3/users 0.071s
2025-05-02 11:39:13.031 70157 INFO tempest.lib.common.rest_client [req-03fd1d6c-efd0-42c6-946b-426fce722283 req-03fd1d6c-efd0-42c6-946b-426fce722283 ] Request (AttachInterfacesUnderV243Test:setUpClass): 200 GET http://10.180.1.21/identity/v3/roles 0.026s
2025-05-02 11:39:13.066 70157 INFO tempest.lib.common.rest_client [req-2b66aad9-4a7b-464e-82af-7b22aaed4123 req-2b66aad9-4a7b-464e-82af-7b22aaed4123 ] Request (AttachInterfacesUnderV243Test:setUpClass): 204 PUT http://10.180.1.21/identity/v3/projects/2a786dcde7d84a1cbee9de4355f81718/users/62d23e26dbf84179980d2605aafbf91c/roles/df43f26dfb544c419f1829a3fa7fe424 0.031s
2025-05-02 11:39:13.067 70157 INFO tempest.lib.common.dynamic_creds [-] Dynamic test user 62d23e26dbf84179980d2605aafbf91c is created with scope project and roles: ['member']
2025-05-02 11:39:13.067 70157 INFO tempest.lib.common.dynamic_creds [-] Acquired dynamic creds: credentials: Credentials: {'domain_id': 'default', 'domain_name': 'Default', 'username': 'tempest-AttachInterfacesUnderV243Test-72412001-project-member', 'project_domain_id': 'default', 'project_domain_name': 'Default', 'project_id': '2a786dcde7d84a1cbee9de4355f81718', 'project_name': 'tempest-AttachInterfacesUnderV243Test-72412001', 'tenant_id': '2a786dcde7d84a1cbee9de4355f81718', 'tenant_name': 'tempest-AttachInterfacesUnderV243Test-72412001', 'user_domain_id': 'default', 'user_domain_name': 'Default', 'user_id': '62d23e26dbf84179980d2605aafbf91c', 'system': None}, Network: None, Subnet: None, Router: None
2025-05-02 11:39:13.102 70161 INFO tempest.lib.common.rest_client [req-ae8e2ded-babd-4250-9e00-0252e637bee6 req-ae8e2ded-babd-4250-9e00-0252e637bee6 ] Request (ServersV294TestFqdnHostnames:setUpClass): 200 GET http://10.180.1.21/compute/v2.1/servers/3f4afb86-4e88-4741-92d1-a7bc0b498e4b 1.023s
2025-05-02 11:39:13.134 70135 INFO tempest.lib.common.rest_client [req-4036579e-4e60-46b1-8ffe-86efc4a16274 req-4036579e-4e60-46b1-8ffe-86efc4a16274 ] Request (SecurityGroupsTestJSON:test_security_groups_create_list_delete): 200 GET http://10.180.1.21/compute/v2.1/os-security-groups 1.092s
2025-05-02 11:39:13.145 70157 INFO tempest.lib.common.rest_client [req-c0f21283-fbfe-49ca-a379-a422b7611cdc req-c0f21283-fbfe-49ca-a379-a422b7611cdc ] Request (AttachInterfacesUnderV243Test:setUpClass): 201 POST http://10.180.1.21/identity/v3/auth/tokens 0.076s
2025-05-02 11:39:13.148 70173 INFO tempest.lib.common.rest_client [req-07e5e020-3106-4f2f-b71a-b823a9cd4778 req-07e5e020-3106-4f2f-b71a-b823a9cd4778 ] Request (ServersTestBootFromVolume:setUpClass): 200 GET http://10.180.1.21/volume/v3/volumes/9385a0ad-1d24-41b9-8f5d-0210a4dc89ea 0.045s
2025-05-02 11:39:13.187 70181 INFO tempest.lib.common.rest_client [req-71f993af-bee4-4bd4-b29b-c9078b90181c req-71f993af-bee4-4bd4-b29b-c9078b90181c ] Request (ImagesOneServerNegativeTestJSON:_run_cleanups): 200 GET http://10.180.1.21/compute/v2.1/servers/57ee964a-1c5a-4687-95ba-30ea77022b14 1.044s
2025-05-02 11:39:13.202 70142 INFO tempest.lib.common.rest_client [req-21eabd86-604e-4fa1-b797-aba1b5ca4ffd req-21eabd86-604e-4fa1-b797-aba1b5ca4ffd ] Request (InstanceActionsV221TestJSON:setUpClass): 201 POST http://10.180.1.21:9696/networking/v2.0/routers 1.906s
2025-05-02 11:39:13.213 70143 INFO tempest.lib.common.rest_client [req-fa77eed8-906e-4bc4-90fd-4ee89ab4a528 req-fa77eed8-906e-4bc4-90fd-4ee89ab4a528 ] Request (ServersAaction247Test:test_create_backup): 200 GET http://10.180.1.21/compute/v2.1/servers/cb8fe43a-f213-47bc-b986-2e4c5df86f46 1.014s
2025-05-02 11:39:13.265 70190 INFO tempest.lib.common.rest_client [req-7ecb644e-6435-41f0-a431-1e0692b79560 req-7ecb644e-6435-41f0-a431-1e0692b79560 ] Request (ImagesTestJSON:test_create_image_from_suspended_server): 200 GET http://10.180.1.21/compute/v2.1/servers/10dddda7-ac47-4728-a74d-1f85045a148b 0.997s
2025-05-02 11:39:13.294 70159 INFO tempest.lib.common.rest_client [req-992088c1-d203-4976-ba68-6ecb6749c828 req-992088c1-d203-4976-ba68-6ecb6749c828 ] Request (ServersNegativeTestJSON:setUpClass): 200 GET http://10.180.1.21/compute/v2.1/servers/4f0a9dae-cbbb-4822-87b1-1dd61d701971 0.934s
2025-05-02 11:39:13.384 70187 INFO tempest.lib.common.rest_client [req-7d842b31-1466-4c95-88a6-c6c75cf6384b req-7d842b31-1466-4c95-88a6-c6c75cf6384b ] Request (DeleteServersTestJSON:test_delete_active_server): 200 GET http://10.180.1.21/compute/v2.1/servers/267b2c2e-b6b8-415d-acb8-f8415b622418 0.815s
2025-05-02 11:39:13.455 70177 INFO tempest.lib.common.rest_client [req-6e921f1a-0dd5-44ef-8bc3-5b59c7984302 req-6e921f1a-0dd5-44ef-8bc3-5b59c7984302 ] Request (VolumesAdminNegativeTest:test_update_attached_volume_with_nonexistent_volume_in_body): 200 GET http://10.180.1.21/compute/v2.1/servers/ae9495ce-171c-4d44-b80f-b38a29f29b7a 0.783s
2025-05-02 11:39:13.470 70175 INFO tempest.lib.common.rest_client [req-e145d47f-a8fc-4bc6-b6e9-451edf854758 req-e145d47f-a8fc-4bc6-b6e9-451edf854758 ] Request (DeleteServersAdminTestJSON:test_delete_server_while_in_error_state): 200 GET http://10.180.1.21/compute/v2.1/servers/dce30764-d0f1-4275-9a07-08bc297237c2 1.058s
2025-05-02 11:39:13.561 70147 INFO tempest.lib.common.rest_client [req-203056b3-7795-4152-9fab-d651f6888527 req-203056b3-7795-4152-9fab-d651f6888527 ] Request (ServerDiagnosticsNegativeTest:tearDownClass): 204 DELETE http://10.180.1.21/compute/v2.1/servers/b0e0391a-dffc-4bc1-887a-2883e2818657 0.781s
2025-05-02 11:39:13.572 70165 INFO tempest.lib.common.rest_client [req-0a1a649c-693f-4b0c-9fa5-7c731baf54b3 req-0a1a649c-693f-4b0c-9fa5-7c731baf54b3 ] Request (FloatingIPsAssociationNegativeTestJSON:tearDownClass): 200 GET http://10.180.1.21/compute/v2.1/servers/bceff13b-021c-4103-8841-1ddf6baa262b 0.771s
2025-05-02 11:39:13.581 70165 INFO tempest.common.waiters [-] State transition "ACTIVE/deleting" ==> "DELETED/None" after 4 second wait
2025-05-02 11:39:13.598 70163 INFO tempest.lib.common.rest_client [req-184b5610-d794-4e94-a48f-b4771f5fc24f req-184b5610-d794-4e94-a48f-b4771f5fc24f ] Request (FloatingIPsAssociationTestJSON:setUpClass): 200 PUT http://10.180.1.21:9696/networking/v2.0/routers/db3051cc-6e1d-4ca1-b49f-8259fc7f99f5/add_router_interface 1.522s
2025-05-02 11:39:13.598 70163 INFO tempest.lib.common.dynamic_creds [-] Created isolated network resources for: credentials: Credentials: {'domain_id': 'default', 'domain_name': 'Default', 'username': 'tempest-FloatingIPsAssociationTestJSON-1201730431-project-member', 'project_domain_id': 'default', 'project_domain_name': 'Default', 'project_id': 'cf673b6e699d43eea721ec968ac85eca', 'project_name': 'tempest-FloatingIPsAssociationTestJSON-1201730431', 'tenant_id': 'cf673b6e699d43eea721ec968ac85eca', 'tenant_name': 'tempest-FloatingIPsAssociationTestJSON-1201730431', 'user_domain_id': 'default', 'user_domain_name': 'Default', 'user_id': '20a8f18804b546c3ad1923adf1d1d273', 'system': None}, Network: {'id': 'dd79c5f2-61d5-4228-88b1-8649caae957b', 'name': 'tempest-FloatingIPsAssociationTestJSON-1942628047-network', 'tenant_id': 'cf673b6e699d43eea721ec968ac85eca', 'admin_state_up': True, 'mtu': 8950, 'status': 'ACTIVE', 'subnets': [], 'shared': False, 'project_id': 'cf673b6e699d43eea721ec968ac85eca', 'port_security_enabled': True, 'router:external': False, 'provider:network_type': 'vlan', 'provider:physical_network': 'default', 'provider:segmentation_id': 490, 'availability_zone_hints': [], 'availability_zones': [], 'ipv4_address_scope': None, 'ipv6_address_scope': None, 'description': '', 'tags': [], 'created_at': '2025-05-02T11:39:09Z', 'updated_at': '2025-05-02T11:39:09Z', 'revision_number': 1}, Subnet: {'id': '073a730e-6b20-4927-af7b-61c0ded4fa75', 'name': 'tempest-FloatingIPsAssociationTestJSON-1942628047-subnet', 'tenant_id': 'cf673b6e699d43eea721ec968ac85eca', 'network_id': 'dd79c5f2-61d5-4228-88b1-8649caae957b', 'ip_version': 4, 'subnetpool_id': None, 'enable_dhcp': True, 'ipv6_ra_mode': None, 'ipv6_address_mode': None, 'gateway_ip': '192.168.128.1', 'cidr': '192.168.128.0/28', 'allocation_pools': [{'start': '192.168.128.2', 'end': '192.168.128.14'}], 'host_routes': [], 'dns_nameservers': [], 'description': '', 'router:external': False, 'service_types': [], 'tags': [], 'created_at': '2025-05-02T11:39:10Z', 'updated_at': '2025-05-02T11:39:10Z', 'revision_number': 0, 'project_id': 'cf673b6e699d43eea721ec968ac85eca'}, Router: {'id': 'db3051cc-6e1d-4ca1-b49f-8259fc7f99f5', 'name': 'tempest-FloatingIPsAssociationTestJSON-1942628047-router', 'tenant_id': 'cf673b6e699d43eea721ec968ac85eca', 'admin_state_up': True, 'status': 'ACTIVE', 'external_gateway_info': {'network_id': 'db2cb1f1-2cec-4c6d-93bb-536c543cb351', 'external_fixed_ips': [{'subnet_id': 'daef9686-bc7a-4a5f-9ae4-359837b48aee', 'ip_address': '10.180.180.192'}], 'enable_snat': True}, 'description': '', 'availability_zones': [], 'distributed': False, 'ha': False, 'availability_zone_hints': [], 'routes': [], 'flavor_id': None, 'tags': [], 'created_at': '2025-05-02T11:39:10Z', 'updated_at': '2025-05-02T11:39:11Z', 'revision_number': 2, 'project_id': 'cf673b6e699d43eea721ec968ac85eca'}
2025-05-02 11:39:13.678 70151 INFO tempest.lib.common.rest_client [req-f8a95edd-a339-4fe7-9328-b388560d9a1c req-f8a95edd-a339-4fe7-9328-b388560d9a1c ] Request (ServersAdminTestJSON:test_create_server_with_scheduling_hint): 200 GET http://10.180.1.21/compute/v2.1/servers/5b2933d1-8f9b-4f3e-bf72-03cd4d8a6005 0.549s
2025-05-02 11:39:13.698 70157 INFO tempest.lib.common.rest_client [req-fbc431de-fb94-4fc7-9084-74de044bf74c req-fbc431de-fb94-4fc7-9084-74de044bf74c ] Request (AttachInterfacesUnderV243Test:setUpClass): 201 POST http://10.180.1.21:9696/networking/v2.0/networks 0.553s
2025-05-02 11:39:13.760 70163 INFO tempest.lib.common.rest_client [req-7a9f685d-53a7-4847-93cf-900b2cc3d139 req-7a9f685d-53a7-4847-93cf-900b2cc3d139 ] Request (FloatingIPsAssociationTestJSON:setUpClass): 201 POST http://10.180.1.21/identity/v3/auth/tokens 0.156s
2025-05-02 11:39:13.804 70163 INFO tempest.lib.common.rest_client [req-aef51dd5-e44e-42a0-af7f-1fa13856e887 req-aef51dd5-e44e-42a0-af7f-1fa13856e887 ] Request (FloatingIPsAssociationTestJSON:setUpClass): 201 POST http://10.180.1.21/identity/v3/auth/tokens 0.040s
2025-05-02 11:39:13.805 70163 INFO tempest.lib.common.fixed_network [-] (FloatingIPsAssociationTestJSON:setUpClass) Found network {'id': 'dd79c5f2-61d5-4228-88b1-8649caae957b', 'name': 'tempest-FloatingIPsAssociationTestJSON-1942628047-network', 'tenant_id': 'cf673b6e699d43eea721ec968ac85eca', 'admin_state_up': True, 'mtu': 8950, 'status': 'ACTIVE', 'subnets': [], 'shared': False, 'project_id': 'cf673b6e699d43eea721ec968ac85eca', 'port_security_enabled': True, 'router:external': False, 'provider:network_type': 'vlan', 'provider:physical_network': 'default', 'provider:segmentation_id': 490, 'availability_zone_hints': [], 'availability_zones': [], 'ipv4_address_scope': None, 'ipv6_address_scope': None, 'description': '', 'tags': [], 'created_at': '2025-05-02T11:39:09Z', 'updated_at': '2025-05-02T11:39:09Z', 'revision_number': 1} available for tenant
2025-05-02 11:39:13.820 70135 INFO tempest.lib.common.rest_client [req-af799f2e-a8f1-4d52-b10a-14333d6be6d2 req-af799f2e-a8f1-4d52-b10a-14333d6be6d2 ] Request (SecurityGroupsTestJSON:test_security_groups_create_list_delete): 202 DELETE http://10.180.1.21/compute/v2.1/os-security-groups/345fae62-b28e-4d29-8bdc-5b6acdc158c7 0.682s
2025-05-02 11:39:13.832 70179 INFO tempest.lib.common.rest_client [req-4ea306db-ebd4-4c08-9400-fb94fb980a83 req-4ea306db-ebd4-4c08-9400-fb94fb980a83 ] Request (SecurityGroupRulesTestJSON:tearDownClass): 202 DELETE http://10.180.1.21/compute/v2.1/os-security-groups/0f85844b-c1eb-428e-b750-79f88839173e 0.918s
2025-05-02 11:39:13.900 70149 INFO tempest.lib.common.rest_client [req-1f8de108-6b5d-4dbe-b4b6-4a644cfffabf req-1f8de108-6b5d-4dbe-b4b6-4a644cfffabf ] Request (ServerAddressesNegativeTestJSON:setUpClass): 200 GET http://10.180.1.21/compute/v2.1/servers/971b1023-2f07-47a2-a43d-2b98ad899dd6 0.746s
2025-05-02 11:39:13.913 70127 INFO tempest.lib.common.rest_client [req-1a42ae87-d0fa-4191-8caa-333502418d0e req-1a42ae87-d0fa-4191-8caa-333502418d0e ] Request (ServerDiskConfigTestJSON:test_rebuild_server_with_auto_disk_config): 200 GET http://10.180.1.21/compute/v2.1/servers/55a9214c-deda-4c74-a205-2b302ac211b4 0.669s
2025-05-02 11:39:13.958 70155 INFO tempest.lib.common.rest_client [req-eaeb103d-107f-405f-ba4b-e90c529721ea req-eaeb103d-107f-405f-ba4b-e90c529721ea ] Request (MultipleCreateTestJSON:test_multiple_create): 200 GET http://10.180.1.21/compute/v2.1/servers/bad25d79-e0bc-4657-8b3e-1a27a5a79cde 0.624s
2025-05-02 11:39:14.028 70183 INFO tempest.lib.common.rest_client [req-a66f5aab-34c8-4c13-8341-75c45d64feaa req-a66f5aab-34c8-4c13-8341-75c45d64feaa ] Request (ServersNegativeTestMultiTenantJSON:tearDownClass): 200 GET http://10.180.1.21/compute/v2.1/servers/f6b55586-b667-455a-a61b-fb68cbea1be4 0.488s
2025-05-02 11:39:14.040 70183 INFO tempest.common.waiters [-] State transition "ACTIVE/deleting" ==> "DELETED/None" after 4 second wait
2025-05-02 11:39:14.090 70147 INFO tempest.lib.common.rest_client [req-fd373c99-2a3b-429c-9be5-0ad90838aebb req-fd373c99-2a3b-429c-9be5-0ad90838aebb ] Request (ServerDiagnosticsNegativeTest:tearDownClass): 200 GET http://10.180.1.21/compute/v2.1/servers/b0e0391a-dffc-4bc1-887a-2883e2818657 0.529s
2025-05-02 11:39:14.182 70139 INFO tempest.lib.common.rest_client [req-214c3795-97ee-46a6-846d-9a3c3391244b req-214c3795-97ee-46a6-846d-9a3c3391244b ] Request (InstanceActionsTestJSON:tearDownClass): 200 GET http://10.180.1.21/compute/v2.1/servers/e8cb0608-7726-4b10-a6ce-27b9a6182bcc 0.546s
2025-05-02 11:39:14.194 70173 INFO tempest.lib.common.rest_client [req-39021f07-21d8-4655-ad0e-d9ce3f10aa02 req-39021f07-21d8-4655-ad0e-d9ce3f10aa02 ] Request (ServersTestBootFromVolume:setUpClass): 200 GET http://10.180.1.21/volume/v3/volumes/9385a0ad-1d24-41b9-8f5d-0210a4dc89ea 0.038s
2025-05-02 11:39:14.243 70145 INFO tempest.lib.common.rest_client [req-e04e907e-bab9-42a6-b64e-c11eaa98ecd8 req-e04e907e-bab9-42a6-b64e-c11eaa98ecd8 ] Request (MigrationsAdminTest:test_list_migrations_in_flavor_resize_situation): 200 GET http://10.180.1.21/compute/v2.1/servers/c5510bb3-d57a-4c8a-8e79-020e7c5d6c2b 0.638s
2025-05-02 11:39:14.268 70157 INFO tempest.lib.common.rest_client [req-ac472380-6d7b-4424-a8e2-8292a3c12914 req-ac472380-6d7b-4424-a8e2-8292a3c12914 ] Request (AttachInterfacesUnderV243Test:setUpClass): 201 POST http://10.180.1.21:9696/networking/v2.0/subnets 0.568s
2025-05-02 11:39:14.347 70129 INFO tempest.lib.common.rest_client [req-beea2cab-60db-4184-8d76-c5113f54a155 req-beea2cab-60db-4184-8d76-c5113f54a155 ] Request (ServersAdminNegativeTestJSON:setUpClass): 200 GET http://10.180.1.21/compute/v2.1/servers/83d311b6-1abd-4f04-bb55-2474eb9c923a 0.609s
2025-05-02 11:39:14.360 70169 INFO tempest.lib.common.rest_client [req-0e1124b1-a5f1-4c38-994a-3092d7c10f60 req-0e1124b1-a5f1-4c38-994a-3092d7c10f60 ] Request (ImagesOneServerTestJSON:test_create_image_specify_multibyte_character_image_name): 200 GET http://10.180.1.21/compute/v2.1/images/202cdb94-aedd-43cc-9011-cdbf001090b6 0.706s
2025-05-02 11:39:14.450 70135 INFO tempest.lib.common.rest_client [req-476dbbc3-e3ad-4339-a7af-0583cae46df8 req-476dbbc3-e3ad-4339-a7af-0583cae46df8 ] Request (SecurityGroupsTestJSON:test_security_groups_create_list_delete): 404 GET http://10.180.1.21/compute/v2.1/os-security-groups/345fae62-b28e-4d29-8bdc-5b6acdc158c7 0.629s
2025-05-02 11:39:14.627 70171 INFO tempest.lib.common.rest_client [req-a134bd29-6715-4b97-ab21-1973eef8a958 req-a134bd29-6715-4b97-ab21-1973eef8a958 ] Request (ServerMetadataNegativeTestJSON:setUpClass): 200 GET http://10.180.1.21/compute/v2.1/servers/2a792a82-2ba6-4f38-8c2f-b54931cd8f1f 0.664s
2025-05-02 11:39:15.031 70179 INFO tempest.lib.common.rest_client [req-158c44c2-e3f2-4489-ad08-7793cf8a6b12 req-158c44c2-e3f2-4489-ad08-7793cf8a6b12 ] Request (SecurityGroupRulesTestJSON:tearDownClass): 200 PUT http://10.180.1.21:9696/networking/v2.0/routers/f8cff9c0-c9ed-42b6-a7e8-5595bcd51ca1/remove_router_interface 1.198s
2025-05-02 11:39:15.045 70161 INFO tempest.lib.common.rest_client [req-23947088-72a3-47ce-b8d8-f95c4484c587 req-23947088-72a3-47ce-b8d8-f95c4484c587 ] Request (ServersV294TestFqdnHostnames:setUpClass): 200 GET http://10.180.1.21/compute/v2.1/servers/3f4afb86-4e88-4741-92d1-a7bc0b498e4b 0.926s
2025-05-02 11:39:15.141 70181 INFO tempest.lib.common.rest_client [req-510b79f8-dffe-4653-b317-cd81de2c8483 req-510b79f8-dffe-4653-b317-cd81de2c8483 ] Request (ImagesOneServerNegativeTestJSON:_run_cleanups): 200 GET http://10.180.1.21/compute/v2.1/servers/57ee964a-1c5a-4687-95ba-30ea77022b14 0.943s
2025-05-02 11:39:15.248 70173 INFO tempest.lib.common.rest_client [req-2f81ca8b-a4b2-4585-a17b-4b268dcfa851 req-2f81ca8b-a4b2-4585-a17b-4b268dcfa851 ] Request (ServersTestBootFromVolume:setUpClass): 200 GET http://10.180.1.21/volume/v3/volumes/9385a0ad-1d24-41b9-8f5d-0210a4dc89ea 0.043s
