2025-05-02 11:40:16.174 70149 INFO tempest.lib.common.rest_client [req-a025fe36-0e75-4d0e-ba9d-c30ce5bf06f8 req-a025fe36-0e75-4d0e-ba9d-c30ce5bf06f8 ] Request (ServerAddressesNegativeTestJSON:tearDownClass): 200 GET http://10.180.1.21/compute/v2.1/servers/971b1023-2f07-47a2-a43d-2b98ad899dd6 0.164s
2025-05-02 11:40:16.259 70143 INFO tempest.lib.common.rest_client [req-7058f5c7-0ab1-4c55-be75-9d36306ea2fe req-7058f5c7-0ab1-4c55-be75-9d36306ea2fe ] Request (ServersAaction247Test:tearDownClass): 200 GET http://10.180.1.21/compute/v2.1/servers/cb8fe43a-f213-47bc-b986-2e4c5df86f46 0.229s
2025-05-02 11:40:16.322 70127 INFO tempest.lib.common.rest_client [req-e34e5ac7-0d96-4d79-a192-5f7a931aa9a9 req-e34e5ac7-0d96-4d79-a192-5f7a931aa9a9 ] Request (ServerDiskConfigTestJSON:test_rebuild_server_with_manual_disk_config): 200 GET http://10.180.1.21/compute/v2.1/servers/f5b71ac9-d08a-4429-96ce-9bcfbcbfa978 0.253s
2025-05-02 11:40:16.380 70151 INFO tempest.lib.common.rest_client [req-7a83bca0-37a8-46d0-8a52-293e87717880 req-7a83bca0-37a8-46d0-8a52-293e87717880 ] Request (ServersAdminTestJSON:test_inject_network_info): 200 GET http://10.180.1.21/compute/v2.1/servers/d201ab71-3029-46e2-8dc8-87e00515a083 0.269s
2025-05-02 11:40:16.438 70157 INFO tempest.lib.common.rest_client [req-1c546b63-aadf-4f08-aa84-7687b1e71ee8 req-1c546b63-aadf-4f08-aa84-7687b1e71ee8 ] Request (AttachInterfacesUnderV243Test:test_add_remove_fixed_ip): 200 GET http://10.180.1.21/compute/v2.1/servers/52a3515b-c3c1-4277-931c-14e25d1f2d36 0.259s
2025-05-02 11:40:16.509 70159 INFO tempest.lib.common.rest_client [req-9fa5789e-e742-4a18-a846-ed4bd993568d req-9fa5789e-e742-4a18-a846-ed4bd993568d ] Request (ServersNegativeTestJSON:setUpClass): 200 GET http://10.180.1.21/compute/v2.1/servers/4f0a9dae-cbbb-4822-87b1-1dd61d701971 0.270s
2025-05-02 11:40:16.536 70155 INFO tempest.lib.common.rest_client [req-75385dc2-36a6-41e1-8506-6990b0111782 req-75385dc2-36a6-41e1-8506-6990b0111782 ] Request (MultipleCreateTestJSON:_run_cleanups): 404 GET http://10.180.1.21/compute/v2.1/servers/bad25d79-e0bc-4657-8b3e-1a27a5a79cde 0.270s
2025-05-02 11:40:16.611 70139 INFO tempest.lib.common.rest_client [req-6d60d372-a310-4e21-9bf8-962be5d4dde0 req-6d60d372-a310-4e21-9bf8-962be5d4dde0 ] Request (ServersListShow296Test:test_list_show_update_rebuild_server_296): 200 GET http://10.180.1.21/compute/v2.1/servers/250a4f01-6261-42d5-824e-8d53b6b02f60 0.284s
2025-05-02 11:40:16.619 70155 INFO tempest.lib.common.rest_client [req-b5d9e3d6-d457-4ade-a098-36362ae11ffa req-b5d9e3d6-d457-4ade-a098-36362ae11ffa ] Request (MultipleCreateTestJSON:test_multiple_create_with_reservation_return): 201 POST http://10.180.1.21/identity/v3/auth/tokens 0.077s
2025-05-02 11:40:16.620 70155 INFO tempest.lib.common.fixed_network [-] (MultipleCreateTestJSON:test_multiple_create_with_reservation_return) Found network {'id': '8a19e2a8-806e-41e5-8c3d-b2cf15273500', 'name': 'tempest-MultipleCreateTestJSON-886122482-network', 'tenant_id': '99d6284b493e4f4daa91c2f458994381', 'admin_state_up': True, 'mtu': 8950, 'status': 'ACTIVE', 'subnets': [], 'shared': False, 'project_id': '99d6284b493e4f4daa91c2f458994381', 'port_security_enabled': True, 'router:external': False, 'provider:network_type': 'vlan', 'provider:physical_network': 'default', 'provider:segmentation_id': 957, 'availability_zone_hints': [], 'availability_zones': [], 'ipv4_address_scope': None, 'ipv6_address_scope': None, 'description': '', 'tags': [], 'created_at': '2025-05-02T11:38:29Z', 'updated_at': '2025-05-02T11:38:29Z', 'revision_number': 1} available for tenant
2025-05-02 11:40:16.678 70165 INFO tempest.lib.common.rest_client [req-c1fdc73e-abe7-4b85-931e-752461b57f6d req-c1fdc73e-abe7-4b85-931e-752461b57f6d ] Request (ServersTestMultiNic:test_verify_duplicate_network_nics): 200 GET http://10.180.1.21/compute/v2.1/servers/1e3b38e2-0d82-4e5d-aad9-831602aff20e 0.326s
2025-05-02 11:40:16.738 70173 INFO tempest.lib.common.rest_client [req-e6220459-1fe9-492d-9981-c685edd5ef17 req-e6220459-1fe9-492d-9981-c685edd5ef17 ] Request (ServersTestBootFromVolume:setUpClass): 200 GET http://10.180.1.21/compute/v2.1/servers/893efe91-0f9d-4a56-b0ba-3f0c872feb02 0.316s
2025-05-02 11:40:16.796 70129 INFO tempest.lib.common.rest_client [req-93cf4058-f50d-4f25-a2c3-5af3c3c29c0f req-93cf4058-f50d-4f25-a2c3-5af3c3c29c0f ] Request (ServersAdminNegativeTestJSON:test_migrate_server_invalid_state): 200 GET http://10.180.1.21/compute/v2.1/servers/13b1a4ec-7ef4-4ead-a9d8-59ee94455600 0.303s
2025-05-02 11:40:16.921 70145 INFO tempest.lib.common.rest_client [req-358a40a4-8724-4c46-bb72-ade48690f203 req-358a40a4-8724-4c46-bb72-ade48690f203 ] Request (MigrationsAdminTest:test_list_migrations_in_flavor_resize_situation): 200 GET http://10.180.1.21/compute/v2.1/servers/c5510bb3-d57a-4c8a-8e79-020e7c5d6c2b 0.344s
2025-05-02 11:40:17.029 70135 INFO tempest.lib.common.rest_client [req-29f1abf3-39fa-46b5-bb61-b90f33150656 req-29f1abf3-39fa-46b5-bb61-b90f33150656 ] Request (SecurityGroupsTestJSON:test_server_security_groups): 200 GET http://10.180.1.21/compute/v2.1/servers/cbed13e8-2cf5-4644-a12b-5aefb21b22a9 0.414s
2025-05-02 11:40:18.683 70177 WARNING tempest.lib.common.ssh [-] Failed to establish authenticated ssh connection to cirros@10.180.180.200 ([Errno None] Unable to connect to port 22 on 10.180.180.200). Number attempts: 6. Retry after 7 seconds.: paramiko.ssh_exception.NoValidConnectionsError: [Errno None] Unable to connect to port 22 on 10.180.180.200
2025-05-02 11:40:19.122 70167 WARNING tempest.lib.common.ssh [-] Failed to establish authenticated ssh connection to cirros@10.180.180.166 ([Errno None] Unable to connect to port 22 on 10.180.180.166). Number attempts: 12. Retry after 13 seconds.: paramiko.ssh_exception.NoValidConnectionsError: [Errno None] Unable to connect to port 22 on 10.180.180.166
2025-05-02 11:40:24.075 70153 INFO tempest.lib.common.rest_client [req-7f20e942-f08f-4dd9-9da4-23f9cf141a2b req-7f20e942-f08f-4dd9-9da4-23f9cf141a2b ] Request (ServerActionsTestOtherB:test_create_backup): 200 GET http://10.180.1.21/image/v2/images/087b3de9-d218-49b3-8e3c-bb235c7f6a17 8.602s
2025-05-02 11:40:24.141 70153 INFO tempest.lib.common.rest_client [req-9b66d310-5135-45e8-a336-0256a5b9ac5e req-9b66d310-5135-45e8-a336-0256a5b9ac5e ] Request (ServerActionsTestOtherB:test_create_backup): 200 GET http://10.180.1.21/image/v2/images/087b3de9-d218-49b3-8e3c-bb235c7f6a17/tasks 0.065s
2025-05-02 11:40:24.149 70190 INFO tempest.lib.common.rest_client [req-01d73e8a-77fd-4dc7-a0c2-b4bbbc3768b8 req-01d73e8a-77fd-4dc7-a0c2-b4bbbc3768b8 ] Request (ImagesTestJSON:test_create_image_from_suspended_server): 200 GET http://10.180.1.21/compute/v2.1/images/20aee87e-70d8-4706-8322-d2150bee2ad2 8.207s
2025-05-02 11:40:24.211 70153 INFO tempest.lib.common.rest_client [req-54528c50-f021-4a8d-b51a-33be7b06de53 req-54528c50-f021-4a8d-b51a-33be7b06de53 ] Request (ServerActionsTestOtherB:test_create_backup): 200 GET http://10.180.1.21/image/v2/images?status=active&sort_key=created_at&sort_dir=asc&image_type=backup&backup_type=daily&instance_uuid=182c3c6f-9376-4d7c-9adc-af7f0237a6f2 0.070s
2025-05-02 11:40:24.256 70169 INFO tempest.lib.common.rest_client [req-4f32e6c5-5196-4199-bb23-479c1722385b req-4f32e6c5-5196-4199-bb23-479c1722385b ] Request (AttachVolumeNegativeTest:test_attach_attached_volume_to_different_server): 200 GET http://10.180.1.21/compute/v2.1/servers/b9bdc3de-a901-46cf-a0c1-84d5fb95220b 7.622s
2025-05-02 11:40:24.369 70185 WARNING tempest.lib.common.ssh [-] Failed to establish authenticated ssh connection to cirros@10.180.180.168 ([Errno None] Unable to connect to port 22 on 10.180.180.168). Number attempts: 11. Retry after 12 seconds.: paramiko.ssh_exception.NoValidConnectionsError: [Errno None] Unable to connect to port 22 on 10.180.180.168
2025-05-02 11:40:24.441 70142 INFO tempest.lib.common.rest_client [req-bbc0a1f8-6d54-4d1d-aa0c-306feb89945a req-bbc0a1f8-6d54-4d1d-aa0c-306feb89945a ] Request (InstanceActionsV221TestJSON:test_get_list_deleted_instance_actions): 200 GET http://10.180.1.21/compute/v2.1/servers/fe137230-0536-435e-be78-c3828f7a783d 7.630s
2025-05-02 11:40:24.449 70142 INFO tempest.common.waiters [-] State transition "BUILD/spawning" ==> "ACTIVE/None" after 66 second wait
2025-05-02 11:40:24.571 70163 INFO tempest.lib.common.rest_client [req-47e7412c-4aae-4930-b213-54f9fa9f5b15 req-47e7412c-4aae-4930-b213-54f9fa9f5b15 ] Request (FloatingIPsAssociationTestJSON:setUpClass): 200 GET http://10.180.1.21/compute/v2.1/servers/4bb5baa6-049c-4b8a-b0ae-4964088aec43 7.724s
2025-05-02 11:40:24.579 70163 INFO tempest.common.waiters [-] State transition "BUILD/spawning" ==> "ACTIVE/None" after 68 second wait
2025-05-02 11:40:24.642 70147 INFO tempest.lib.common.rest_client [req-6015e387-7ef4-40c9-94b4-daee14aa7e6e req-6015e387-7ef4-40c9-94b4-daee14aa7e6e ] Request (ServersTestFqdnHostnames:test_create_server_with_fqdn_name): 200 GET http://10.180.1.21/compute/v2.1/servers/f94063df-5f47-4727-b272-d50ffa44121e 7.730s
2025-05-02 11:40:24.649 70147 INFO tempest.common.waiters [-] State transition "BUILD/scheduling" ==> "BUILD/None" after 23 second wait
2025-05-02 11:40:24.718 70155 INFO tempest.lib.common.rest_client [req-15b22eb7-2341-47f6-a6a9-a5d33a712ef4 req-15b22eb7-2341-47f6-a6a9-a5d33a712ef4 ] Request (MultipleCreateTestJSON:test_multiple_create_with_reservation_return): 202 POST http://10.180.1.21/compute/v2.1/servers 8.098s
2025-05-02 11:40:24.826 70161 INFO tempest.lib.common.rest_client [req-8f3e1640-5341-43ae-9643-b68a64c3bb0a req-8f3e1640-5341-43ae-9643-b68a64c3bb0a ] Request (ServersV294TestFqdnHostnames:tearDownClass): 200 GET http://10.180.1.21/compute/v2.1/servers/3f4afb86-4e88-4741-92d1-a7bc0b498e4b 7.816s
2025-05-02 11:40:24.891 70175 INFO tempest.lib.common.rest_client [req-18e98527-bd53-49fb-8d55-250e81e20a52 req-18e98527-bd53-49fb-8d55-250e81e20a52 ] Request (ServersTestJSON:setUpClass): 200 GET http://10.180.1.21/compute/v2.1/servers/17b6e10a-2fad-448c-83c7-350a1e9f91c7 7.824s
2025-05-02 11:40:24.899 70181 INFO tempest.lib.common.rest_client [req-816f87fc-e525-4131-91cf-a8fd09b64536 req-816f87fc-e525-4131-91cf-a8fd09b64536 ] Request (ImagesOneServerNegativeTestJSON:tearDown): 200 GET http://10.180.1.21/compute/v2.1/servers/57ee964a-1c5a-4687-95ba-30ea77022b14 7.897s
2025-05-02 11:40:24.907 70181 INFO tempest.common.waiters [-] State transition "ACTIVE/image_pending_upload" ==> "ACTIVE/image_uploading" after 10 second wait
2025-05-02 11:40:24.941 70187 INFO tempest.lib.common.rest_client [req-8eb0bc48-8b9e-4b17-8d20-491596dc5cbd req-8eb0bc48-8b9e-4b17-8d20-491596dc5cbd ] Request (DeleteServersTestJSON:test_delete_server_while_in_attached_volume): 200 GET http://10.180.1.21/compute/v2.1/servers/5006ea89-8a7a-47c5-8984-9a7239fad964 7.817s
2025-05-02 11:40:24.965 70143 INFO tempest.lib.common.rest_client [req-72141075-57a2-41ce-aac2-146bd55967fe req-72141075-57a2-41ce-aac2-146bd55967fe ] Request (ServersAaction247Test:tearDownClass): 404 GET http://10.180.1.21/compute/v2.1/servers/cb8fe43a-f213-47bc-b986-2e4c5df86f46 7.696s
2025-05-02 11:40:24.978 70149 INFO tempest.lib.common.rest_client [req-1aa9b00c-cfae-48aa-9035-1a545599c875 req-1aa9b00c-cfae-48aa-9035-1a545599c875 ] Request (ServerAddressesNegativeTestJSON:tearDownClass): 200 GET http://10.180.1.21/compute/v2.1/servers/971b1023-2f07-47a2-a43d-2b98ad899dd6 7.796s
2025-05-02 11:40:25.027 70127 INFO tempest.lib.common.rest_client [req-5de7ede9-46b6-446a-96ee-35957fef431b req-5de7ede9-46b6-446a-96ee-35957fef431b ] Request (ServerDiskConfigTestJSON:test_rebuild_server_with_manual_disk_config): 200 GET http://10.180.1.21/compute/v2.1/servers/f5b71ac9-d08a-4429-96ce-9bcfbcbfa978 7.697s
2025-05-02 11:40:25.033 70151 INFO tempest.lib.common.rest_client [req-44b0d2c5-cb63-42ed-a054-27e0266044af req-44b0d2c5-cb63-42ed-a054-27e0266044af ] Request (ServersAdminTestJSON:test_inject_network_info): 200 GET http://10.180.1.21/compute/v2.1/servers/d201ab71-3029-46e2-8dc8-87e00515a083 7.645s
2025-05-02 11:40:25.079 70157 INFO tempest.lib.common.rest_client [req-aeedd166-d84e-4472-b3de-5ec7ea1b8c19 req-aeedd166-d84e-4472-b3de-5ec7ea1b8c19 ] Request (AttachInterfacesUnderV243Test:test_add_remove_fixed_ip): 200 GET http://10.180.1.21/compute/v2.1/servers/52a3515b-c3c1-4277-931c-14e25d1f2d36 7.633s
2025-05-02 11:40:25.084 70159 INFO tempest.lib.common.rest_client [req-0453fbcb-3273-4ffb-9e65-bc673224186c req-0453fbcb-3273-4ffb-9e65-bc673224186c ] Request (ServersNegativeTestJSON:setUpClass): 200 GET http://10.180.1.21/compute/v2.1/servers/4f0a9dae-cbbb-4822-87b1-1dd61d701971 7.566s
2025-05-02 11:40:25.136 70165 INFO tempest.lib.common.rest_client [req-2b371252-2614-4cf8-8c5c-946006dfda93 req-2b371252-2614-4cf8-8c5c-946006dfda93 ] Request (ServersTestMultiNic:test_verify_duplicate_network_nics): 200 GET http://10.180.1.21/compute/v2.1/servers/1e3b38e2-0d82-4e5d-aad9-831602aff20e 7.449s
2025-05-02 11:40:25.144 70165 INFO tempest.common.waiters [-] State transition "BUILD/scheduling" ==> "BUILD/None" after 15 second wait
2025-05-02 11:40:25.146 70139 INFO tempest.lib.common.rest_client [req-f9a49d1f-2cbf-4f3b-b0e6-ee2be8482d95 req-f9a49d1f-2cbf-4f3b-b0e6-ee2be8482d95 ] Request (ServersListShow296Test:test_list_show_update_rebuild_server_296): 200 GET http://10.180.1.21/compute/v2.1/servers/250a4f01-6261-42d5-824e-8d53b6b02f60 7.522s
2025-05-02 11:40:25.189 70173 INFO tempest.lib.common.rest_client [req-8471e571-3ea2-4704-bc1c-4c90716b1861 req-8471e571-3ea2-4704-bc1c-4c90716b1861 ] Request (ServersTestBootFromVolume:setUpClass): 200 GET http://10.180.1.21/compute/v2.1/servers/893efe91-0f9d-4a56-b0ba-3f0c872feb02 7.442s
2025-05-02 11:40:25.196 70129 INFO tempest.lib.common.rest_client [req-e891afdb-0651-40c0-9033-5fad1b95a910 req-e891afdb-0651-40c0-9033-5fad1b95a910 ] Request (ServersAdminNegativeTestJSON:test_migrate_server_invalid_state): 200 GET http://10.180.1.21/compute/v2.1/servers/13b1a4ec-7ef4-4ead-a9d8-59ee94455600 7.390s
2025-05-02 11:40:25.203 70129 INFO tempest.common.waiters [-] State transition "BUILD/scheduling" ==> "BUILD/None" after 14 second wait
2025-05-02 11:40:25.263 70143 INFO tempest.lib.common.rest_client [req-5b4b6cdf-2210-4230-9cc3-b76b54964aa4 req-5b4b6cdf-2210-4230-9cc3-b76b54964aa4 ] Request (ServersAaction247Test:tearDownClass): 204 DELETE http://10.180.1.21/identity/v3/users/2d850ce596804dc4bfa2c18e0188d8c6 0.296s
2025-05-02 11:40:25.263 70143 INFO tempest.lib.common.dynamic_creds [-] Deleting project and security group for project: b579018629e14f2ea4fe3860f0664009
2025-05-02 11:40:25.342 70143 INFO tempest.lib.common.rest_client [req-bdcb7cb8-e468-4c4f-b274-87ddd4d93828 req-bdcb7cb8-e468-4c4f-b274-87ddd4d93828 ] Request (ServersAaction247Test:tearDownClass): 201 POST http://10.180.1.21/identity/v3/auth/tokens 0.078s
2025-05-02 11:40:25.587 70135 INFO tempest.lib.common.rest_client [req-bd49b386-8a4e-4bc5-ba30-fd774584e31f req-bd49b386-8a4e-4bc5-ba30-fd774584e31f ] Request (SecurityGroupsTestJSON:test_server_security_groups): 200 GET http://10.180.1.21/compute/v2.1/servers/cbed13e8-2cf5-4644-a12b-5aefb21b22a9 7.548s
2025-05-02 11:40:25.587 70145 INFO tempest.lib.common.rest_client [req-32eedccd-646a-4b62-84a0-0371c5ccd1cc req-32eedccd-646a-4b62-84a0-0371c5ccd1cc ] Request (MigrationsAdminTest:test_list_migrations_in_flavor_resize_situation): 200 GET http://10.180.1.21/compute/v2.1/servers/c5510bb3-d57a-4c8a-8e79-020e7c5d6c2b 7.658s
2025-05-02 11:40:25.598 70135 INFO tempest.common.waiters [-] State transition "BUILD/spawning" ==> "ACTIVE/None" after 64 second wait
2025-05-02 11:40:25.653 70143 INFO tempest.lib.common.rest_client [req-59cf81d6-24bc-4bdb-8a46-e4e1d461d4b5 req-59cf81d6-24bc-4bdb-8a46-e4e1d461d4b5 ] Request (ServersAaction247Test:tearDownClass): 200 GET http://10.180.1.21:9696/networking/v2.0/security-groups?tenant_id=b579018629e14f2ea4fe3860f0664009&name=default 0.310s
2025-05-02 11:40:25.766 70142 INFO tempest.lib.common.rest_client [req-81d71160-7d7d-4934-9baf-a9cf88d4df41 req-81d71160-7d7d-4934-9baf-a9cf88d4df41 ] Request (InstanceActionsV221TestJSON:test_get_list_deleted_instance_actions): 204 DELETE http://10.180.1.21/compute/v2.1/servers/fe137230-0536-435e-be78-c3828f7a783d 1.316s
2025-05-02 11:40:25.807 70143 INFO tempest.lib.common.rest_client [req-7d9c38ba-05d0-4471-9d9a-60dbb5786443 req-7d9c38ba-05d0-4471-9d9a-60dbb5786443 ] Request (ServersAaction247Test:tearDownClass): 204 DELETE http://10.180.1.21:9696/networking/v2.0/security-groups/b962f8b0-8690-462c-9cfd-aa4279745651 0.154s
2025-05-02 11:40:25.869 70153 INFO tempest.lib.common.rest_client [req-d0836f59-4e18-486c-933b-155d2521fed3 req-d0836f59-4e18-486c-933b-155d2521fed3 ] Request (ServerActionsTestOtherB:test_create_backup): 200 GET http://10.180.1.21/compute/v2.1/servers/182c3c6f-9376-4d7c-9adc-af7f0237a6f2 1.658s
2025-05-02 11:40:25.956 70143 INFO tempest.lib.common.rest_client [req-b89d7b93-9062-4b05-9539-91c8f4154b79 req-b89d7b93-9062-4b05-9539-91c8f4154b79 ] Request (ServersAaction247Test:tearDownClass): 204 DELETE http://10.180.1.21/identity/v3/projects/b579018629e14f2ea4fe3860f0664009 0.148s
2025-05-02 11:40:26.060 70155 INFO tempest.lib.common.rest_client [req-4b94f4ee-9406-42ce-8cf4-494d2116c28b req-4b94f4ee-9406-42ce-8cf4-494d2116c28b ] Request (MultipleCreateTestJSON:test_multiple_create_with_reservation_return): 200 GET http://10.180.1.21/compute/v2.1/servers 1.341s
2025-05-02 11:40:26.122 70190 INFO tempest.lib.common.rest_client [req-714210cb-172c-4830-bd39-768d160deaaa req-714210cb-172c-4830-bd39-768d160deaaa ] Request (ImagesTestJSON:test_create_image_from_suspended_server): 200 GET http://10.180.1.21/compute/v2.1/images/20aee87e-70d8-4706-8322-d2150bee2ad2 0.969s
2025-05-02 11:40:26.195 70177 INFO paramiko.transport [-] Connected (version 2.0, client dropbear_2020.81)
2025-05-02 11:40:26.213 70169 INFO tempest.lib.common.rest_client [req-ac69dd91-2b1d-40ba-a95b-600625e6ded6 req-ac69dd91-2b1d-40ba-a95b-600625e6ded6 ] Request (AttachVolumeNegativeTest:test_attach_attached_volume_to_different_server): 200 GET http://10.180.1.21/compute/v2.1/servers/b9bdc3de-a901-46cf-a0c1-84d5fb95220b 0.947s
2025-05-02 11:40:26.304 70177 INFO paramiko.transport [-] Authentication (publickey) successful!
2025-05-02 11:40:26.305 70177 INFO tempest.lib.common.ssh [-] ssh connection to cirros@10.180.180.200 successfully created
2025-05-02 11:40:26.492 70163 INFO tempest.lib.common.rest_client [req-8b4e16c3-9195-4d32-ad83-5795031e7602 req-8b4e16c3-9195-4d32-ad83-5795031e7602 ] Request (FloatingIPsAssociationTestJSON:setUpClass): 200 POST http://10.180.1.21/compute/v2.1/os-floating-ips 1.913s
2025-05-02 11:40:26.596 70163 INFO tempest.lib.common.rest_client [req-10c48389-8594-452e-8c4d-02d7e5f3e64d req-10c48389-8594-452e-8c4d-02d7e5f3e64d ] Request (FloatingIPsAssociationTestJSON:test_associate_already_associated_floating_ip): 201 POST http://10.180.1.21/identity/v3/auth/tokens 0.098s
2025-05-02 11:40:26.597 70163 INFO tempest.lib.common.fixed_network [-] (FloatingIPsAssociationTestJSON:test_associate_already_associated_floating_ip) Found network {'id': 'dd79c5f2-61d5-4228-88b1-8649caae957b', 'name': 'tempest-FloatingIPsAssociationTestJSON-1942628047-network', 'tenant_id': 'cf673b6e699d43eea721ec968ac85eca', 'admin_state_up': True, 'mtu': 8950, 'status': 'ACTIVE', 'subnets': [], 'shared': False, 'project_id': 'cf673b6e699d43eea721ec968ac85eca', 'port_security_enabled': True, 'router:external': False, 'provider:network_type': 'vlan', 'provider:physical_network': 'default', 'provider:segmentation_id': 490, 'availability_zone_hints': [], 'availability_zones': [], 'ipv4_address_scope': None, 'ipv6_address_scope': None, 'description': '', 'tags': [], 'created_at': '2025-05-02T11:39:09Z', 'updated_at': '2025-05-02T11:39:09Z', 'revision_number': 1} available for tenant
2025-05-02 11:40:26.617 70147 INFO tempest.lib.common.rest_client [req-c3d79243-40c4-4d39-bd0e-9d1632102206 req-c3d79243-40c4-4d39-bd0e-9d1632102206 ] Request (ServersTestFqdnHostnames:test_create_server_with_fqdn_name): 200 GET http://10.180.1.21/compute/v2.1/servers/f94063df-5f47-4727-b272-d50ffa44121e 0.967s
2025-05-02 11:40:26.629 70135 INFO tempest.lib.common.rest_client [req-f4c31859-df4e-4cc7-8b95-caa6991be00f req-f4c31859-df4e-4cc7-8b95-caa6991be00f ] Request (SecurityGroupsTestJSON:test_server_security_groups): 202 POST http://10.180.1.21/compute/v2.1/servers/cbed13e8-2cf5-4644-a12b-5aefb21b22a9/action 1.030s
2025-05-02 11:40:26.636 70177 INFO tempest.lib.common.rest_client [req-1ce293d4-c52b-4cf7-954b-83972fa1af59 req-1ce293d4-c52b-4cf7-954b-83972fa1af59 ] Request (VolumesAdminNegativeTest:test_update_attached_volume_with_nonexistent_volume_in_body): 202 POST http://10.180.1.21/volume/v3/volumes 0.330s
2025-05-02 11:40:26.672 70177 INFO tempest.lib.common.rest_client [req-f0d841c2-bad7-4ac1-89a9-0de7841c6f2b req-f0d841c2-bad7-4ac1-89a9-0de7841c6f2b ] Request (VolumesAdminNegativeTest:test_update_attached_volume_with_nonexistent_volume_in_body): 200 GET http://10.180.1.21/volume/v3/volumes/9e195c97-6241-446c-8941-ca99939a9474 0.028s
2025-05-02 11:40:26.774 70161 INFO tempest.lib.common.rest_client [req-3f0c3da2-81d1-4ca8-9e7b-2fac8a085180 req-3f0c3da2-81d1-4ca8-9e7b-2fac8a085180 ] Request (ServersV294TestFqdnHostnames:tearDownClass): 200 GET http://10.180.1.21/compute/v2.1/servers/3f4afb86-4e88-4741-92d1-a7bc0b498e4b 0.936s
2025-05-02 11:40:26.832 70175 INFO tempest.lib.common.rest_client [req-9a7e0d5d-05aa-4450-9f7a-3d64a6816646 req-9a7e0d5d-05aa-4450-9f7a-3d64a6816646 ] Request (ServersTestJSON:setUpClass): 200 GET http://10.180.1.21/compute/v2.1/servers/17b6e10a-2fad-448c-83c7-350a1e9f91c7 0.932s
2025-05-02 11:40:26.892 70142 INFO tempest.lib.common.rest_client [req-c42d5a60-05de-4900-983a-f2b4fb8effae req-c42d5a60-05de-4900-983a-f2b4fb8effae ] Request (InstanceActionsV221TestJSON:test_get_list_deleted_instance_actions): 200 GET http://10.180.1.21/compute/v2.1/servers/fe137230-0536-435e-be78-c3828f7a783d 1.126s
2025-05-02 11:40:26.945 70181 INFO tempest.lib.common.rest_client [req-6ce0cc3e-43e0-47db-a699-131cdbdcbbea req-6ce0cc3e-43e0-47db-a699-131cdbdcbbea ] Request (ImagesOneServerNegativeTestJSON:tearDown): 200 GET http://10.180.1.21/compute/v2.1/servers/57ee964a-1c5a-4687-95ba-30ea77022b14 1.037s
2025-05-02 11:40:26.946 70187 INFO tempest.lib.common.rest_client [req-fed379ff-aee8-4e6b-bc9b-dd233841675e req-fed379ff-aee8-4e6b-bc9b-dd233841675e ] Request (DeleteServersTestJSON:test_delete_server_while_in_attached_volume): 200 GET http://10.180.1.21/compute/v2.1/servers/5006ea89-8a7a-47c5-8984-9a7239fad964 0.997s
2025-05-02 11:40:26.954 70181 INFO tempest.common.waiters [-] State transition "ACTIVE/image_uploading" ==> "ACTIVE/None" after 12 second wait
2025-05-02 11:40:27.004 70149 INFO tempest.lib.common.rest_client [req-531ac457-feac-46ed-a93d-a8095d939ea0 req-531ac457-feac-46ed-a93d-a8095d939ea0 ] Request (ServerAddressesNegativeTestJSON:tearDownClass): 200 GET http://10.180.1.21/compute/v2.1/servers/971b1023-2f07-47a2-a43d-2b98ad899dd6 1.018s
2025-05-02 11:40:27.007 70127 INFO tempest.lib.common.rest_client [req-996bfe4c-ecdb-40a4-bb93-c6d68ea808df req-996bfe4c-ecdb-40a4-bb93-c6d68ea808df ] Request (ServerDiskConfigTestJSON:test_rebuild_server_with_manual_disk_config): 200 GET http://10.180.1.21/compute/v2.1/servers/f5b71ac9-d08a-4429-96ce-9bcfbcbfa978 0.972s
2025-05-02 11:40:27.052 70151 INFO tempest.lib.common.rest_client [req-8a46932c-6bfa-4224-96ff-757eb0b25114 req-8a46932c-6bfa-4224-96ff-757eb0b25114 ] Request (ServersAdminTestJSON:test_inject_network_info): 200 GET http://10.180.1.21/compute/v2.1/servers/d201ab71-3029-46e2-8dc8-87e00515a083 1.011s
2025-05-02 11:40:27.067 70155 INFO tempest.lib.common.rest_client [req-8fe8f6a5-da8e-4373-887a-2d3c9f941fdc req-8fe8f6a5-da8e-4373-887a-2d3c9f941fdc ] Request (MultipleCreateTestJSON:test_multiple_create_with_reservation_return): 200 GET http://10.180.1.21/compute/v2.1/servers/45f4daca-e86c-41e6-8bbb-4a26b0149bbb 1.004s
2025-05-02 11:40:27.104 70157 INFO tempest.lib.common.rest_client [req-7d064090-26f1-494e-8987-222917d9a790 req-7d064090-26f1-494e-8987-222917d9a790 ] Request (AttachInterfacesUnderV243Test:test_add_remove_fixed_ip): 200 GET http://10.180.1.21/compute/v2.1/servers/52a3515b-c3c1-4277-931c-14e25d1f2d36 1.016s
2025-05-02 11:40:27.123 70159 INFO tempest.lib.common.rest_client [req-f8064a90-64a3-415f-9ba0-1525c2f65d8d req-f8064a90-64a3-415f-9ba0-1525c2f65d8d ] Request (ServersNegativeTestJSON:setUpClass): 200 GET http://10.180.1.21/compute/v2.1/servers/4f0a9dae-cbbb-4822-87b1-1dd61d701971 1.028s
2025-05-02 11:40:27.173 70190 INFO tempest.lib.common.rest_client [req-27c2676a-f55a-413f-b23b-d637b2be9f39 req-27c2676a-f55a-413f-b23b-d637b2be9f39 ] Request (ImagesTestJSON:test_create_image_from_suspended_server): 200 GET http://10.180.1.21/compute/v2.1/images/20aee87e-70d8-4706-8322-d2150bee2ad2 1.047s
2025-05-02 11:40:27.178 70165 INFO tempest.lib.common.rest_client [req-664a7bfe-a8b2-407a-b6ec-8d9422f38ec0 req-664a7bfe-a8b2-407a-b6ec-8d9422f38ec0 ] Request (ServersTestMultiNic:test_verify_duplicate_network_nics): 200 GET http://10.180.1.21/compute/v2.1/servers/1e3b38e2-0d82-4e5d-aad9-831602aff20e 1.032s
2025-05-02 11:40:27.212 70190 INFO tempest.lib.common.rest_client [req-26c7491c-562e-4239-ac69-5da8d8654045 req-26c7491c-562e-4239-ac69-5da8d8654045 ] Request (ImagesTestJSON:test_create_image_from_suspended_server): 200 GET http://10.180.1.21/image/v2/images/20aee87e-70d8-4706-8322-d2150bee2ad2/tasks 0.036s
2025-05-02 11:40:27.242 70173 INFO tempest.lib.common.rest_client [req-83c68c41-9c52-49c5-b687-105e361fa527 req-83c68c41-9c52-49c5-b687-105e361fa527 ] Request (ServersTestBootFromVolume:setUpClass): 200 GET http://10.180.1.21/compute/v2.1/servers/893efe91-0f9d-4a56-b0ba-3f0c872feb02 1.045s
2025-05-02 11:40:27.247 70139 INFO tempest.lib.common.rest_client [req-d29332d5-c71a-472c-8124-5ca821402730 req-d29332d5-c71a-472c-8124-5ca821402730 ] Request (ServersListShow296Test:test_list_show_update_rebuild_server_296): 200 GET http://10.180.1.21/compute/v2.1/servers/250a4f01-6261-42d5-824e-8d53b6b02f60 1.089s
2025-05-02 11:40:27.291 70129 INFO tempest.lib.common.rest_client [req-6f5b305a-ec27-46e1-9f09-11337c4ed05a req-6f5b305a-ec27-46e1-9f09-11337c4ed05a ] Request (ServersAdminNegativeTestJSON:test_migrate_server_invalid_state): 200 GET http://10.180.1.21/compute/v2.1/servers/13b1a4ec-7ef4-4ead-a9d8-59ee94455600 1.086s
2025-05-02 11:40:27.500 70145 INFO tempest.lib.common.rest_client [req-b13bd00a-8fa1-4e7d-ab57-54eb383fdbfc req-b13bd00a-8fa1-4e7d-ab57-54eb383fdbfc ] Request (MigrationsAdminTest:test_list_migrations_in_flavor_resize_situation): 200 GET http://10.180.1.21/compute/v2.1/servers/c5510bb3-d57a-4c8a-8e79-020e7c5d6c2b 0.902s
2025-05-02 11:40:27.617 70135 INFO tempest.lib.common.rest_client [req-6fb1898e-af13-4a9e-b6c1-39b4c4c98350 req-6fb1898e-af13-4a9e-b6c1-39b4c4c98350 ] Request (SecurityGroupsTestJSON:test_server_security_groups): 400 DELETE http://10.180.1.21/compute/v2.1/os-security-groups/fad784cd-184c-462b-b05b-ba578135308e 0.988s
2025-05-02 11:40:27.724 70177 INFO tempest.lib.common.rest_client [req-1228669d-c010-488b-af20-08592c10eef4 req-1228669d-c010-488b-af20-08592c10eef4 ] Request (VolumesAdminNegativeTest:test_update_attached_volume_with_nonexistent_volume_in_body): 200 GET http://10.180.1.21/volume/v3/volumes/9e195c97-6241-446c-8941-ca99939a9474 0.043s
2025-05-02 11:40:27.731 70177 INFO tempest.common.waiters [-] volume 9e195c97-6241-446c-8941-ca99939a9474 reached available after waiting for 1.731537 seconds
2025-05-02 11:40:27.809 70163 INFO tempest.lib.common.rest_client [req-1bd3216a-1afb-4165-b8d9-387372632870 req-1bd3216a-1afb-4165-b8d9-387372632870 ] Request (FloatingIPsAssociationTestJSON:test_associate_already_associated_floating_ip): 202 POST http://10.180.1.21/compute/v2.1/servers 1.212s
2025-05-02 11:40:27.832 70153 INFO tempest.lib.common.rest_client [req-cb354de2-2b52-4696-8134-097e1c074c70 req-cb354de2-2b52-4696-8134-097e1c074c70 ] Request (ServerActionsTestOtherB:test_create_backup): 200 GET http://10.180.1.21/compute/v2.1/servers/182c3c6f-9376-4d7c-9adc-af7f0237a6f2 0.953s
2025-05-02 11:40:27.841 70153 INFO tempest.common.waiters [-] State transition "ACTIVE/image_uploading" ==> "ACTIVE/None" after 2 second wait
2025-05-02 11:40:28.242 70181 INFO tempest.lib.common.rest_client [req-de4fd0fa-efba-4cf1-a9c3-1ba3be0b239a req-de4fd0fa-efba-4cf1-a9c3-1ba3be0b239a ] Request (ImagesOneServerNegativeTestJSON:_run_cleanups): 204 DELETE http://10.180.1.21/compute/v2.1/servers/57ee964a-1c5a-4687-95ba-30ea77022b14 1.287s
2025-05-02 11:40:28.261 70190 INFO tempest.lib.common.rest_client [req-4a7f2203-dcb7-4b9a-8e0e-d3c026313f56 req-4a7f2203-dcb7-4b9a-8e0e-d3c026313f56 ] Request (ImagesTestJSON:_run_cleanups): 204 DELETE http://10.180.1.21/compute/v2.1/images/20aee87e-70d8-4706-8322-d2150bee2ad2 1.048s
2025-05-02 11:40:28.329 70169 INFO tempest.lib.common.rest_client [req-af8a594e-83f3-4611-8938-f53f99502592 req-af8a594e-83f3-4611-8938-f53f99502592 ] Request (AttachVolumeNegativeTest:test_attach_attached_volume_to_different_server): 200 GET http://10.180.1.21/compute/v2.1/servers/b9bdc3de-a901-46cf-a0c1-84d5fb95220b 1.109s
2025-05-02 11:40:28.363 70135 INFO tempest.lib.common.rest_client [req-094e061f-00d9-4988-aa52-bc4e7c510e39 req-094e061f-00d9-4988-aa52-bc4e7c510e39 ] Request (SecurityGroupsTestJSON:test_server_security_groups): 202 POST http://10.180.1.21/compute/v2.1/servers/cbed13e8-2cf5-4644-a12b-5aefb21b22a9/action 0.745s
2025-05-02 11:40:28.395 70147 INFO tempest.lib.common.rest_client [req-982c7448-e3bd-4da8-ad02-41fdfdc0aae6 req-982c7448-e3bd-4da8-ad02-41fdfdc0aae6 ] Request (ServersTestFqdnHostnames:test_create_server_with_fqdn_name): 200 GET http://10.180.1.21/compute/v2.1/servers/f94063df-5f47-4727-b272-d50ffa44121e 0.766s
2025-05-02 11:40:28.474 70161 INFO tempest.lib.common.rest_client [req-741db6da-e06f-4d0f-b01e-fe94cc04f883 req-741db6da-e06f-4d0f-b01e-fe94cc04f883 ] Request (ServersV294TestFqdnHostnames:tearDownClass): 200 GET http://10.180.1.21/compute/v2.1/servers/3f4afb86-4e88-4741-92d1-a7bc0b498e4b 0.688s
2025-05-02 11:40:28.509 70163 INFO tempest.lib.common.rest_client [req-a19ee2cc-790f-4d9e-be7f-cc3dc3e78de2 req-a19ee2cc-790f-4d9e-be7f-cc3dc3e78de2 ] Request (FloatingIPsAssociationTestJSON:test_associate_already_associated_floating_ip): 200 GET http://10.180.1.21/compute/v2.1/servers/76938eea-4683-49f7-aa36-70587401ed2c 0.698s
2025-05-02 11:40:28.565 70175 INFO tempest.lib.common.rest_client [req-56261e4a-c210-4876-8f97-2e2e139ed8d3 req-56261e4a-c210-4876-8f97-2e2e139ed8d3 ] Request (ServersTestJSON:setUpClass): 200 GET http://10.180.1.21/compute/v2.1/servers/17b6e10a-2fad-448c-83c7-350a1e9f91c7 0.722s
2025-05-02 11:40:29.199 70153 INFO tempest.lib.common.rest_client [req-73dc335c-9563-46b0-9511-09406f25a634 req-73dc335c-9563-46b0-9511-09406f25a634 ] Request (ServerActionsTestOtherB:test_create_backup): 202 POST http://10.180.1.21/compute/v2.1/servers/182c3c6f-9376-4d7c-9adc-af7f0237a6f2/action 1.357s
2025-05-02 11:40:29.221 70153 INFO tempest.lib.common.rest_client [req-439ef422-07d7-4165-a5fa-7a3b790e2184 req-439ef422-07d7-4165-a5fa-7a3b790e2184 ] Request (ServerActionsTestOtherB:test_create_backup): 200 GET http://10.180.1.21/image/v2/images/529a8faf-8218-4db4-81cb-f5ee79248b76/tasks 0.021s
2025-05-02 11:40:29.289 70142 INFO tempest.lib.common.rest_client [req-bcf2c896-9b65-4d8f-afa3-746e90a99168 req-bcf2c896-9b65-4d8f-afa3-746e90a99168 ] Request (InstanceActionsV221TestJSON:test_get_list_deleted_instance_actions): 200 GET http://10.180.1.21/compute/v2.1/servers/fe137230-0536-435e-be78-c3828f7a783d 1.388s
2025-05-02 11:40:29.343 70187 INFO tempest.lib.common.rest_client [req-d07a3937-175c-4af4-bf07-a9ade898978f req-d07a3937-175c-4af4-bf07-a9ade898978f ] Request (DeleteServersTestJSON:test_delete_server_while_in_attached_volume): 200 GET http://10.180.1.21/compute/v2.1/servers/5006ea89-8a7a-47c5-8984-9a7239fad964 1.389s
2025-05-02 11:40:29.414 70149 INFO tempest.lib.common.rest_client [req-1eefce5b-968f-482c-9037-c078e36304be req-1eefce5b-968f-482c-9037-c078e36304be ] Request (ServerAddressesNegativeTestJSON:tearDownClass): 200 GET http://10.180.1.21/compute/v2.1/servers/971b1023-2f07-47a2-a43d-2b98ad899dd6 1.400s
2025-05-02 11:40:29.471 70127 INFO tempest.lib.common.rest_client [req-46f27302-3d03-4b6c-86f9-6f78d6d6d693 req-46f27302-3d03-4b6c-86f9-6f78d6d6d693 ] Request (ServerDiskConfigTestJSON:test_rebuild_server_with_manual_disk_config): 200 GET http://10.180.1.21/compute/v2.1/servers/f5b71ac9-d08a-4429-96ce-9bcfbcbfa978 1.456s
2025-05-02 11:40:29.525 70151 INFO tempest.lib.common.rest_client [req-55047ce0-38e3-4f32-86db-79019a6bdd54 req-55047ce0-38e3-4f32-86db-79019a6bdd54 ] Request (ServersAdminTestJSON:test_inject_network_info): 200 GET http://10.180.1.21/compute/v2.1/servers/d201ab71-3029-46e2-8dc8-87e00515a083 1.465s
2025-05-02 11:40:29.603 70155 INFO tempest.lib.common.rest_client [req-5c8746bb-1694-468c-b945-17dd9e82dc77 req-5c8746bb-1694-468c-b945-17dd9e82dc77 ] Request (MultipleCreateTestJSON:test_multiple_create_with_reservation_return): 200 GET http://10.180.1.21/compute/v2.1/servers/45f4daca-e86c-41e6-8bbb-4a26b0149bbb 1.527s
2025-05-02 11:40:29.750 70157 INFO tempest.lib.common.rest_client [req-ac434b46-2764-4920-86ad-fd7691b7f2d8 req-ac434b46-2764-4920-86ad-fd7691b7f2d8 ] Request (AttachInterfacesUnderV243Test:test_add_remove_fixed_ip): 200 GET http://10.180.1.21/compute/v2.1/servers/52a3515b-c3c1-4277-931c-14e25d1f2d36 1.638s
2025-05-02 11:40:29.757 70157 INFO tempest.common.waiters [-] State transition "BUILD/None" ==> "BUILD/spawning" after 67 second wait
2025-05-02 11:40:29.817 70159 INFO tempest.lib.common.rest_client [req-bb065573-b78e-4e31-9dd9-584b93df1db5 req-bb065573-b78e-4e31-9dd9-584b93df1db5 ] Request (ServersNegativeTestJSON:setUpClass): 200 GET http://10.180.1.21/compute/v2.1/servers/4f0a9dae-cbbb-4822-87b1-1dd61d701971 1.685s
2025-05-02 11:40:29.867 70165 INFO tempest.lib.common.rest_client [req-6a0d9dc3-71fb-44b9-9fcd-5b13b20ed7d6 req-6a0d9dc3-71fb-44b9-9fcd-5b13b20ed7d6 ] Request (ServersTestMultiNic:test_verify_duplicate_network_nics): 200 GET http://10.180.1.21/compute/v2.1/servers/1e3b38e2-0d82-4e5d-aad9-831602aff20e 1.678s
2025-05-02 11:40:30.091 70181 INFO tempest.lib.common.rest_client [req-99f1644c-f004-4c61-8909-c39b8168daa4 req-99f1644c-f004-4c61-8909-c39b8168daa4 ] Request (ImagesOneServerNegativeTestJSON:_run_cleanups): 200 GET http://10.180.1.21/compute/v2.1/servers/57ee964a-1c5a-4687-95ba-30ea77022b14 1.848s
2025-05-02 11:40:30.104 70177 INFO tempest.lib.common.rest_client [req-a65133ff-3eef-4b03-8854-5860a8d25560 req-a65133ff-3eef-4b03-8854-5860a8d25560 ] Request (VolumesAdminNegativeTest:test_update_attached_volume_with_nonexistent_volume_in_body): 200 POST http://10.180.1.21/compute/v2.1/servers/ae9495ce-171c-4d44-b80f-b38a29f29b7a/os-volume_attachments 2.372s
2025-05-02 11:40:30.136 70177 INFO tempest.lib.common.rest_client [req-19f6db03-a1bb-43e7-881c-40e5f1b5a9bc req-19f6db03-a1bb-43e7-881c-40e5f1b5a9bc ] Request (VolumesAdminNegativeTest:test_update_attached_volume_with_nonexistent_volume_in_body): 200 GET http://10.180.1.21/volume/v3/volumes/9e195c97-6241-446c-8941-ca99939a9474 0.030s
2025-05-02 11:40:30.175 70173 INFO tempest.lib.common.rest_client [req-9b7bf003-0064-4642-aab1-ab0cbd967e7a req-9b7bf003-0064-4642-aab1-ab0cbd967e7a ] Request (ServersTestBootFromVolume:setUpClass): 200 GET http://10.180.1.21/compute/v2.1/servers/893efe91-0f9d-4a56-b0ba-3f0c872feb02 1.925s
2025-05-02 11:40:30.191 70139 INFO tempest.lib.common.rest_client [req-28ccfb50-d061-469b-86e4-0e8c918de9fb req-28ccfb50-d061-469b-86e4-0e8c918de9fb ] Request (ServersListShow296Test:test_list_show_update_rebuild_server_296): 200 GET http://10.180.1.21/compute/v2.1/servers/250a4f01-6261-42d5-824e-8d53b6b02f60 1.933s
2025-05-02 11:40:30.254 70129 INFO tempest.lib.common.rest_client [req-303cd6e1-d504-4d78-ba8e-f99e7937453f req-303cd6e1-d504-4d78-ba8e-f99e7937453f ] Request (ServersAdminNegativeTestJSON:test_migrate_server_invalid_state): 200 GET http://10.180.1.21/compute/v2.1/servers/13b1a4ec-7ef4-4ead-a9d8-59ee94455600 1.954s
2025-05-02 11:40:30.285 70190 INFO tempest.lib.common.rest_client [req-da0a63d6-07b1-4c8b-a127-455fa9887f0b req-da0a63d6-07b1-4c8b-a127-455fa9887f0b ] Request (ImagesTestJSON:_run_cleanups): 204 DELETE http://10.180.1.21/compute/v2.1/servers/10dddda7-ac47-4728-a74d-1f85045a148b 2.024s
2025-05-02 11:40:30.374 70145 INFO tempest.lib.common.rest_client [req-0ab78993-9de1-4624-8197-014c454f6881 req-0ab78993-9de1-4624-8197-014c454f6881 ] Request (MigrationsAdminTest:test_list_migrations_in_flavor_resize_situation): 200 GET http://10.180.1.21/compute/v2.1/servers/c5510bb3-d57a-4c8a-8e79-020e7c5d6c2b 1.837s
2025-05-02 11:40:30.382 70145 INFO tempest.common.waiters [-] State transition "VERIFY_RESIZE/None" ==> "ACTIVE/None" after 47 second wait
2025-05-02 11:40:30.389 70135 INFO tempest.lib.common.rest_client [req-acfc3bd9-19ed-40d8-8508-1258d0e911af req-acfc3bd9-19ed-40d8-8508-1258d0e911af ] Request (SecurityGroupsTestJSON:test_server_security_groups): 200 GET http://10.180.1.21/compute/v2.1/servers/cbed13e8-2cf5-4644-a12b-5aefb21b22a9 2.025s
2025-05-02 11:40:30.393 70190 INFO tempest.lib.common.rest_client [req-cbb9b04b-1670-43b0-9c32-c9cddb591b10 req-cbb9b04b-1670-43b0-9c32-c9cddb591b10 ] Request (ImagesTestJSON:test_create_server_from_snapshot): 201 POST http://10.180.1.21/identity/v3/auth/tokens 0.104s
2025-05-02 11:40:30.393 70190 INFO tempest.lib.common.fixed_network [-] (ImagesTestJSON:test_create_server_from_snapshot) Found network {'id': '7767bb95-5cc6-4aca-b6c1-dbfcc00b332b', 'name': 'tempest-ImagesTestJSON-149431807-network', 'tenant_id': '2b235077870b4008bb457876b9239c6e', 'admin_state_up': True, 'mtu': 8950, 'status': 'ACTIVE', 'subnets': [], 'shared': False, 'project_id': '2b235077870b4008bb457876b9239c6e', 'port_security_enabled': True, 'router:external': False, 'provider:network_type': 'vlan', 'provider:physical_network': 'default', 'provider:segmentation_id': 796, 'availability_zone_hints': [], 'availability_zones': [], 'ipv4_address_scope': None, 'ipv6_address_scope': None, 'description': '', 'tags': [], 'created_at': '2025-05-02T11:37:49Z', 'updated_at': '2025-05-02T11:37:49Z', 'revision_number': 1} available for tenant
2025-05-02 11:40:30.444 70169 INFO tempest.lib.common.rest_client [req-e03c99a2-b457-48ea-8e07-86e400f36a98 req-e03c99a2-b457-48ea-8e07-86e400f36a98 ] Request (AttachVolumeNegativeTest:test_attach_attached_volume_to_different_server): 200 GET http://10.180.1.21/compute/v2.1/servers/b9bdc3de-a901-46cf-a0c1-84d5fb95220b 1.101s
2025-05-02 11:40:30.495 70147 INFO tempest.lib.common.rest_client [req-bc90f813-7b22-4038-b8c8-7747be9dac4d req-bc90f813-7b22-4038-b8c8-7747be9dac4d ] Request (ServersTestFqdnHostnames:test_create_server_with_fqdn_name): 200 GET http://10.180.1.21/compute/v2.1/servers/f94063df-5f47-4727-b272-d50ffa44121e 1.090s
2025-05-02 11:40:30.543 70153 INFO tempest.lib.common.rest_client [req-0be35297-9e93-4492-9fa9-fbe84212a3d1 req-0be35297-9e93-4492-9fa9-fbe84212a3d1 ] Request (ServerActionsTestOtherB:test_create_backup): 200 GET http://10.180.1.21/compute/v2.1/servers/182c3c6f-9376-4d7c-9adc-af7f0237a6f2 1.321s
2025-05-02 11:40:30.562 70161 INFO tempest.lib.common.rest_client [req-787e78ae-76b2-4d27-9c95-c083b6557b92 req-787e78ae-76b2-4d27-9c95-c083b6557b92 ] Request (ServersV294TestFqdnHostnames:tearDownClass): 200 GET http://10.180.1.21/compute/v2.1/servers/3f4afb86-4e88-4741-92d1-a7bc0b498e4b 1.075s
2025-05-02 11:40:30.613 70175 INFO tempest.lib.common.rest_client [req-6c5f00ab-f115-4eb5-884f-e47d35fec84b req-6c5f00ab-f115-4eb5-884f-e47d35fec84b ] Request (ServersTestJSON:setUpClass): 200 GET http://10.180.1.21/compute/v2.1/servers/17b6e10a-2fad-448c-83c7-350a1e9f91c7 1.039s
2025-05-02 11:40:30.629 70163 INFO tempest.lib.common.rest_client [req-85fc966c-fe68-4018-bc25-bb51f9db2034 req-85fc966c-fe68-4018-bc25-bb51f9db2034 ] Request (FloatingIPsAssociationTestJSON:test_associate_already_associated_floating_ip): 200 GET http://10.180.1.21/compute/v2.1/servers/76938eea-4683-49f7-aa36-70587401ed2c 1.110s
2025-05-02 11:40:30.683 70142 INFO tempest.lib.common.rest_client [req-d2a165a7-5fde-410d-b8a2-ab9fab2e2790 req-d2a165a7-5fde-410d-b8a2-ab9fab2e2790 ] Request (InstanceActionsV221TestJSON:test_get_list_deleted_instance_actions): 200 GET http://10.180.1.21/compute/v2.1/servers/fe137230-0536-435e-be78-c3828f7a783d 0.385s
2025-05-02 11:40:30.698 70142 INFO tempest.common.waiters [-] State transition "ACTIVE/deleting" ==> "DELETED/None" after 4 second wait
2025-05-02 11:40:30.700 70187 INFO tempest.lib.common.rest_client [req-0d1a87a1-680c-4698-be98-7354915ef706 req-0d1a87a1-680c-4698-be98-7354915ef706 ] Request (DeleteServersTestJSON:test_delete_server_while_in_attached_volume): 200 GET http://10.180.1.21/compute/v2.1/servers/5006ea89-8a7a-47c5-8984-9a7239fad964 0.349s
2025-05-02 11:40:30.891 70145 INFO tempest.lib.common.rest_client [req-1712c250-0f8a-4fb8-bcd1-a0df6b6f9f68 req-1712c250-0f8a-4fb8-bcd1-a0df6b6f9f68 ] Request (MigrationsAdminTest:test_list_migrations_in_flavor_resize_situation): 200 GET http://10.180.1.21/compute/v2.1/servers/c5510bb3-d57a-4c8a-8e79-020e7c5d6c2b 0.509s
2025-05-02 11:40:30.999 70149 INFO tempest.lib.common.rest_client [req-bbba5cef-d5fa-4ed2-8628-c46f68ed3836 req-bbba5cef-d5fa-4ed2-8628-c46f68ed3836 ] Request (ServerAddressesNegativeTestJSON:tearDownClass): 200 GET http://10.180.1.21/compute/v2.1/servers/971b1023-2f07-47a2-a43d-2b98ad899dd6 0.576s
2025-05-02 11:40:31.113 70127 INFO tempest.lib.common.rest_client [req-00feff29-1581-4eac-9086-af9a434698cb req-00feff29-1581-4eac-9086-af9a434698cb ] Request (ServerDiskConfigTestJSON:test_rebuild_server_with_manual_disk_config): 200 GET http://10.180.1.21/compute/v2.1/servers/f5b71ac9-d08a-4429-96ce-9bcfbcbfa978 0.633s
2025-05-02 11:40:31.193 70151 INFO tempest.lib.common.rest_client [req-ab8c228c-d44f-49d4-b71b-953fd31fdb27 req-ab8c228c-d44f-49d4-b71b-953fd31fdb27 ] Request (ServersAdminTestJSON:test_inject_network_info): 200 GET http://10.180.1.21/compute/v2.1/servers/d201ab71-3029-46e2-8dc8-87e00515a083 0.659s
2025-05-02 11:40:31.238 70177 INFO tempest.lib.common.rest_client [req-f3f302c8-a3b5-4739-877d-f8fa3ad78bf3 req-f3f302c8-a3b5-4739-877d-f8fa3ad78bf3 ] Request (VolumesAdminNegativeTest:test_update_attached_volume_with_nonexistent_volume_in_body): 200 GET http://10.180.1.21/volume/v3/volumes/9e195c97-6241-446c-8941-ca99939a9474 0.094s
2025-05-02 11:40:31.283 70155 INFO tempest.lib.common.rest_client [req-e61f571e-3f06-402c-81c6-cc0896b2e564 req-e61f571e-3f06-402c-81c6-cc0896b2e564 ] Request (MultipleCreateTestJSON:test_multiple_create_with_reservation_return): 200 GET http://10.180.1.21/compute/v2.1/servers/45f4daca-e86c-41e6-8bbb-4a26b0149bbb 0.672s
2025-05-02 11:40:31.439 70157 INFO tempest.lib.common.rest_client [req-90c3af65-a6b3-4ccc-b5cf-d3238b3f8bf1 req-90c3af65-a6b3-4ccc-b5cf-d3238b3f8bf1 ] Request (AttachInterfacesUnderV243Test:test_add_remove_fixed_ip): 200 GET http://10.180.1.21/compute/v2.1/servers/52a3515b-c3c1-4277-931c-14e25d1f2d36 0.681s
2025-05-02 11:40:31.453 70190 INFO tempest.lib.common.rest_client [req-d1bd0c73-2b1c-4135-989f-55bbd28a5253 req-d1bd0c73-2b1c-4135-989f-55bbd28a5253 ] Request (ImagesTestJSON:test_create_server_from_snapshot): 202 POST http://10.180.1.21/compute/v2.1/servers 1.060s
2025-05-02 11:40:31.539 70165 INFO tempest.lib.common.rest_client [req-86417634-9e1b-4826-9309-9bd6581b14ab req-86417634-9e1b-4826-9309-9bd6581b14ab ] Request (ServersTestMultiNic:test_verify_duplicate_network_nics): 200 GET http://10.180.1.21/compute/v2.1/servers/1e3b38e2-0d82-4e5d-aad9-831602aff20e 0.664s
2025-05-02 11:40:31.558 70159 INFO tempest.lib.common.rest_client [req-4443f23d-87dd-4142-8120-048c99e83478 req-4443f23d-87dd-4142-8120-048c99e83478 ] Request (ServersNegativeTestJSON:setUpClass): 200 GET http://10.180.1.21/compute/v2.1/servers/4f0a9dae-cbbb-4822-87b1-1dd61d701971 0.730s
2025-05-02 11:40:31.628 70181 INFO tempest.lib.common.rest_client [req-77b54f23-de49-4690-8a94-b633e9e2e404 req-77b54f23-de49-4690-8a94-b633e9e2e404 ] Request (ImagesOneServerNegativeTestJSON:_run_cleanups): 200 GET http://10.180.1.21/compute/v2.1/servers/57ee964a-1c5a-4687-95ba-30ea77022b14 0.530s
2025-05-02 11:40:31.691 70173 INFO tempest.lib.common.rest_client [req-de9be658-d6e1-4eab-8794-feba62d82e08 req-de9be658-d6e1-4eab-8794-feba62d82e08 ] Request (ServersTestBootFromVolume:setUpClass): 200 GET http://10.180.1.21/compute/v2.1/servers/893efe91-0f9d-4a56-b0ba-3f0c872feb02 0.508s
2025-05-02 11:40:31.709 70145 INFO tempest.lib.common.rest_client [req-4f96170d-ff4e-4521-ae96-c68ed3f800f9 req-4f96170d-ff4e-4521-ae96-c68ed3f800f9 ] Request (MigrationsAdminTest:test_list_migrations_in_flavor_resize_situation): 200 POST http://10.180.1.21/compute/v2.1/os-keypairs 0.800s
2025-05-02 11:40:31.778 70129 INFO tempest.lib.common.rest_client [req-48b3e4a4-f8d1-4f06-a5a0-7ac1bcbd1722 req-48b3e4a4-f8d1-4f06-a5a0-7ac1bcbd1722 ] Request (ServersAdminNegativeTestJSON:test_migrate_server_invalid_state): 200 GET http://10.180.1.21/compute/v2.1/servers/13b1a4ec-7ef4-4ead-a9d8-59ee94455600 0.516s
2025-05-02 11:40:31.785 70139 INFO tempest.lib.common.rest_client [req-f260b0f1-e3dc-46f5-8dce-8066cb796ee4 req-f260b0f1-e3dc-46f5-8dce-8066cb796ee4 ] Request (ServersListShow296Test:test_list_show_update_rebuild_server_296): 200 GET http://10.180.1.21/compute/v2.1/servers/250a4f01-6261-42d5-824e-8d53b6b02f60 0.578s
2025-05-02 11:40:31.863 70169 INFO tempest.lib.common.rest_client [req-5ab675fd-7b3d-4aea-9afc-ad8d51413fcf req-5ab675fd-7b3d-4aea-9afc-ad8d51413fcf ] Request (AttachVolumeNegativeTest:test_attach_attached_volume_to_different_server): 200 GET http://10.180.1.21/compute/v2.1/servers/b9bdc3de-a901-46cf-a0c1-84d5fb95220b 0.409s
2025-05-02 11:40:31.902 70190 INFO tempest.lib.common.rest_client [req-851138d8-a93c-4224-afe9-74d203a58371 req-851138d8-a93c-4224-afe9-74d203a58371 ] Request (ImagesTestJSON:test_create_server_from_snapshot): 200 GET http://10.180.1.21/compute/v2.1/servers/bfc961c4-cc6b-4691-bc95-b78c0a14bbe0 0.447s
2025-05-02 11:40:31.950 70147 INFO tempest.lib.common.rest_client [req-c2131c6d-9da6-4e84-9322-6b78d074919b req-c2131c6d-9da6-4e84-9322-6b78d074919b ] Request (ServersTestFqdnHostnames:test_create_server_with_fqdn_name): 200 GET http://10.180.1.21/compute/v2.1/servers/f94063df-5f47-4727-b272-d50ffa44121e 0.444s
2025-05-02 11:40:32.004 70145 INFO tempest.lib.common.rest_client [req-01475f5d-769b-4432-91f7-8e775e3b1d35 req-01475f5d-769b-4432-91f7-8e775e3b1d35 ] Request (MigrationsAdminTest:test_list_migrations_in_flavor_resize_situation): 201 POST http://10.180.1.21:9696/networking/v2.0/security-groups 0.294s
2025-05-02 11:40:32.047 70135 INFO tempest.lib.common.rest_client [req-3dcb620c-7011-4f05-9b74-b79591005274 req-3dcb620c-7011-4f05-9b74-b79591005274 ] Request (SecurityGroupsTestJSON:test_server_security_groups): 200 GET http://10.180.1.21/compute/v2.1/servers/cbed13e8-2cf5-4644-a12b-5aefb21b22a9 0.649s
2025-05-02 11:40:32.058 70135 INFO tempest.common.waiters [-] State transition "HARD_REBOOT/rebooting_hard" ==> "HARD_REBOOT/reboot_pending_hard" after 2 second wait
2025-05-02 11:40:32.077 70153 INFO tempest.lib.common.rest_client [req-3aa0da15-1f64-4c59-a6cc-9c1fc4f669d9 req-3aa0da15-1f64-4c59-a6cc-9c1fc4f669d9 ] Request (ServerActionsTestOtherB:test_create_backup): 200 GET http://10.180.1.21/compute/v2.1/servers/182c3c6f-9376-4d7c-9adc-af7f0237a6f2 0.525s
2025-05-02 11:40:32.086 70153 INFO tempest.common.waiters [-] State transition "ACTIVE/image_backup" ==> "ACTIVE/image_uploading" after 2 second wait
2025-05-02 11:40:32.140 70175 INFO tempest.lib.common.rest_client [req-2064ae63-a656-440c-9cb2-82a9e27ac0c5 req-2064ae63-a656-440c-9cb2-82a9e27ac0c5 ] Request (ServersTestJSON:setUpClass): 200 GET http://10.180.1.21/compute/v2.1/servers/17b6e10a-2fad-448c-83c7-350a1e9f91c7 0.515s
2025-05-02 11:40:32.148 70161 INFO tempest.lib.common.rest_client [req-db3e5763-1aec-463c-b937-0728ea223f95 req-db3e5763-1aec-463c-b937-0728ea223f95 ] Request (ServersV294TestFqdnHostnames:tearDownClass): 200 GET http://10.180.1.21/compute/v2.1/servers/3f4afb86-4e88-4741-92d1-a7bc0b498e4b 0.573s
2025-05-02 11:40:32.202 70163 INFO tempest.lib.common.rest_client [req-edd63250-89cb-4780-8503-b743380d539d req-edd63250-89cb-4780-8503-b743380d539d ] Request (FloatingIPsAssociationTestJSON:test_associate_already_associated_floating_ip): 200 GET http://10.180.1.21/compute/v2.1/servers/76938eea-4683-49f7-aa36-70587401ed2c 0.564s
2025-05-02 11:40:32.227 70142 INFO tempest.lib.common.rest_client [req-9dec8169-ca31-47d7-9091-f7e9792a97d2 req-9dec8169-ca31-47d7-9091-f7e9792a97d2 ] Request (InstanceActionsV221TestJSON:test_get_list_deleted_instance_actions): 200 GET http://10.180.1.21/compute/v2.1/servers/fe137230-0536-435e-be78-c3828f7a783d 0.527s
2025-05-02 11:40:32.261 70187 INFO tempest.lib.common.rest_client [req-38a60f15-583c-4773-af3f-8aa76d13562e req-38a60f15-583c-4773-af3f-8aa76d13562e ] Request (DeleteServersTestJSON:test_delete_server_while_in_attached_volume): 200 GET http://10.180.1.21/compute/v2.1/servers/5006ea89-8a7a-47c5-8984-9a7239fad964 0.550s
2025-05-02 11:40:32.264 70145 INFO tempest.lib.common.rest_client [req-7f3ce0f3-b3e3-4efd-affe-54338079dce5 req-7f3ce0f3-b3e3-4efd-affe-54338079dce5 ] Request (MigrationsAdminTest:test_list_migrations_in_flavor_resize_situation): 201 POST http://10.180.1.21:9696/networking/v2.0/security-group-rules 0.259s
2025-05-02 11:40:32.293 70177 INFO tempest.lib.common.rest_client [req-2d4c36d3-5223-4721-aa51-db4fd69baad4 req-2d4c36d3-5223-4721-aa51-db4fd69baad4 ] Request (VolumesAdminNegativeTest:test_update_attached_volume_with_nonexistent_volume_in_body): 200 GET http://10.180.1.21/volume/v3/volumes/9e195c97-6241-446c-8941-ca99939a9474 0.048s
