2025-02-12 05:40:18.319 63118 INFO tempest.lib.common.rest_client [req-6144dd4f-fca9-4e9c-afe9-122232a1087e req-6144dd4f-fca9-4e9c-afe9-122232a1087e ] Request (ServersTestManualDisk:setUpClass): 200 GET http://10.180.1.21/compute/v2.1/servers/30160624-7db0-4e61-9fda-227f2e7435ed 0.883s
2025-02-12 05:40:18.364 63122 INFO tempest.lib.common.rest_client [req-2f126033-843e-4fd6-bcc6-1005686db4b1 req-2f126033-843e-4fd6-bcc6-1005686db4b1 ] Request (AggregatesAdminNegativeTestJSON:tearDownClass): 204 DELETE http://10.180.1.21/identity/v3/users/5655fb701af7443f8cdf6927bb0c8f82 0.148s
2025-02-12 05:40:18.383 63096 INFO tempest.lib.common.rest_client [req-b42b0761-c7b3-4ea7-ab0f-e5d9b14f3282 req-b42b0761-c7b3-4ea7-ab0f-e5d9b14f3282 ] Request (ListImageFiltersTestJSON:setUpClass): 200 GET http://10.180.1.21/compute/v2.1/servers/71299699-d75c-4271-8752-15f96c7940c2 0.938s
2025-02-12 05:40:18.447 63116 INFO tempest.lib.common.rest_client [req-1e5ca8b9-b32d-4d9c-87f4-324fd6962147 req-1e5ca8b9-b32d-4d9c-87f4-324fd6962147 ] Request (ServersAdminNegativeTestJSON:setUpClass): 201 POST http://10.180.1.21/identity/v3/auth/tokens 0.183s
2025-02-12 05:40:18.472 63116 INFO tempest.lib.common.rest_client [req-6fd6a951-d431-465a-9275-8829269db7ea req-6fd6a951-d431-465a-9275-8829269db7ea ] Request (ServersAdminNegativeTestJSON:setUpClass): 200 GET http://10.180.1.21/identity/v3/domains?name=Default 0.025s
2025-02-12 05:40:18.474 63108 INFO tempest.lib.common.rest_client [req-144b6002-a838-4a94-8069-f5dfb3a48144 req-144b6002-a838-4a94-8069-f5dfb3a48144 ] Request (ServerGroupTestJSON:test_create_server_with_scheduler_hint_group): 200 GET http://10.180.1.21/compute/v2.1/servers/e13e8b36-5b13-4070-8c84-305adbd01866 0.973s
2025-02-12 05:40:18.500 63122 INFO tempest.lib.common.rest_client [req-42071ce9-692e-4248-81a6-8c19531e71f8 req-42071ce9-692e-4248-81a6-8c19531e71f8 ] Request (AggregatesAdminNegativeTestJSON:tearDownClass): 204 DELETE http://10.180.1.21/identity/v3/users/0729d3d598a34f67b3271af3048d21e0 0.135s
2025-02-12 05:40:18.500 63122 INFO tempest.lib.common.dynamic_creds [-] Deleting project and security group for project: 4604a923fc5840e0beafd4cfd8b9a909
2025-02-12 05:40:18.529 63134 INFO tempest.lib.common.rest_client [req-291a59db-b567-4750-9fee-cf5709e3bfc0 req-291a59db-b567-4750-9fee-cf5709e3bfc0 ] Request (MigrationsAdminTest:test_list_migrations_in_flavor_resize_situation): 200 GET http://10.180.1.21/compute/v2.1/servers/264d4a15-f70a-40ca-99e2-2f88c92545d6 0.963s
2025-02-12 05:40:18.541 63116 INFO tempest.lib.common.rest_client [req-aae7b0ed-f89b-4abe-b411-f4865d185977 req-aae7b0ed-f89b-4abe-b411-f4865d185977 ] Request (ServersAdminNegativeTestJSON:setUpClass): 201 POST http://10.180.1.21/identity/v3/projects 0.068s
2025-02-12 05:40:18.554 63122 INFO tempest.lib.common.rest_client [req-16c25cc7-6709-408e-95a7-98a164470f1a req-16c25cc7-6709-408e-95a7-98a164470f1a ] Request (AggregatesAdminNegativeTestJSON:tearDownClass): 201 POST http://10.180.1.21/identity/v3/auth/tokens 0.054s
2025-02-12 05:40:18.598 63124 INFO tempest.lib.common.rest_client [req-07be284d-b248-4e17-8f1b-8a6565b87f74 req-07be284d-b248-4e17-8f1b-8a6565b87f74 ] Request (ServersAdmin275Test:tearDownClass): 200 GET http://10.180.1.21/compute/v2.1/servers/a66775a2-de48-43b7-b71e-e3879dd77889 1.003s
2025-02-12 05:40:18.602 63116 INFO tempest.lib.common.rest_client [req-0ab22fd4-a15b-4d86-aa22-ef7abbe8e4b3 req-0ab22fd4-a15b-4d86-aa22-ef7abbe8e4b3 ] Request (ServersAdminNegativeTestJSON:setUpClass): 201 POST http://10.180.1.21/identity/v3/users 0.061s
2025-02-12 05:40:18.626 63116 INFO tempest.lib.common.rest_client [req-4578f4ed-490b-44a5-8696-9c9342d61a7e req-4578f4ed-490b-44a5-8696-9c9342d61a7e ] Request (ServersAdminNegativeTestJSON:setUpClass): 200 GET http://10.180.1.21/identity/v3/roles 0.023s
2025-02-12 05:40:18.650 63116 INFO tempest.lib.common.rest_client [req-42f84e51-2aed-4d01-a774-0f89a530652f req-42f84e51-2aed-4d01-a774-0f89a530652f ] Request (ServersAdminNegativeTestJSON:setUpClass): 204 PUT http://10.180.1.21/identity/v3/projects/0a6ea79982fb49ca9d937a7dcc961088/users/d416c8b9c3544be0a5976ba9fe289ed4/roles/a8a8ba553e5f46fca3c47abcbf7f7e6f 0.024s
2025-02-12 05:40:18.651 63116 INFO tempest.lib.common.dynamic_creds [-] Dynamic test user d416c8b9c3544be0a5976ba9fe289ed4 is created with scope project and roles: ['member']
2025-02-12 05:40:18.651 63116 INFO tempest.lib.common.dynamic_creds [-] Acquired dynamic creds: credentials: Credentials: {'domain_id': 'default', 'domain_name': 'Default', 'username': 'tempest-ServersAdminNegativeTestJSON-1184331513-project-member', 'project_domain_id': 'default', 'project_domain_name': 'Default', 'project_id': '0a6ea79982fb49ca9d937a7dcc961088', 'project_name': 'tempest-ServersAdminNegativeTestJSON-1184331513', 'tenant_id': '0a6ea79982fb49ca9d937a7dcc961088', 'tenant_name': 'tempest-ServersAdminNegativeTestJSON-1184331513', 'user_domain_id': 'default', 'user_domain_name': 'Default', 'user_id': 'd416c8b9c3544be0a5976ba9fe289ed4', 'system': None}, Network: None, Subnet: None, Router: None
2025-02-12 05:40:18.651 63116 INFO tempest.lib.common.dynamic_creds [-] Created isolated network resources for: credentials: Credentials: {'domain_id': 'default', 'domain_name': 'Default', 'username': 'tempest-ServersAdminNegativeTestJSON-1184331513-project-member', 'project_domain_id': 'default', 'project_domain_name': 'Default', 'project_id': '0a6ea79982fb49ca9d937a7dcc961088', 'project_name': 'tempest-ServersAdminNegativeTestJSON-1184331513', 'tenant_id': '0a6ea79982fb49ca9d937a7dcc961088', 'tenant_name': 'tempest-ServersAdminNegativeTestJSON-1184331513', 'user_domain_id': 'default', 'user_domain_name': 'Default', 'user_id': 'd416c8b9c3544be0a5976ba9fe289ed4', 'system': None}, Network: None, Subnet: None, Router: None
2025-02-12 05:40:18.676 63110 INFO tempest.lib.common.rest_client [req-60ba1b34-8cba-4c9c-b878-64a8be897975 req-60ba1b34-8cba-4c9c-b878-64a8be897975 ] Request (ServersV294TestFqdnHostnames:setUpClass): 200 GET http://10.180.1.21/compute/v2.1/servers/7449cdc9-720c-4046-80cd-f612ea9cb835 1.031s
2025-02-12 05:40:18.744 63116 INFO tempest.lib.common.rest_client [req-8730a29c-7f0e-4f0d-a307-879171b38ff8 req-8730a29c-7f0e-4f0d-a307-879171b38ff8 ] Request (ServersAdminNegativeTestJSON:setUpClass): 201 POST http://10.180.1.21/identity/v3/auth/tokens 0.089s
2025-02-12 05:40:18.746 63114 INFO tempest.lib.common.rest_client [req-ad408027-3287-4329-88d3-dc5ade5a2549 req-ad408027-3287-4329-88d3-dc5ade5a2549 ] Request (ServerTagsTestJSON:setUpClass): 202 POST http://10.180.1.21/compute/v2.1/servers 1.464s
2025-02-12 05:40:18.757 63088 INFO tempest.lib.common.rest_client [req-1ec50ac9-3cce-486e-9267-98d11a1de44c req-1ec50ac9-3cce-486e-9267-98d11a1de44c ] Request (ServerExternalEventsTest:tearDownClass): 200 GET http://10.180.1.21/compute/v2.1/servers/3b3e9f91-4c18-4a56-a55c-a1e31af4277c 0.993s
2025-02-12 05:40:18.782 63122 INFO tempest.lib.common.rest_client [req-db3a0216-ea65-4b13-b6b5-e73fd5df0924 req-db3a0216-ea65-4b13-b6b5-e73fd5df0924 ] Request (AggregatesAdminNegativeTestJSON:tearDownClass): 200 GET http://10.180.1.21:9696/networking/v2.0/security-groups?tenant_id=4604a923fc5840e0beafd4cfd8b9a909&name=default 0.226s
2025-02-12 05:40:18.801 63078 INFO tempest.lib.common.rest_client [req-f8292fdc-8244-4536-be56-a7a73a338cd2 req-f8292fdc-8244-4536-be56-a7a73a338cd2 ] Request (ImagesTestJSON:test_create_image_from_stopped_server): 200 GET http://10.180.1.21/compute/v2.1/servers/c993e553-ca92-4928-93d3-a9f21a08b57b 0.980s
2025-02-12 05:40:18.822 63072 INFO tempest.lib.common.rest_client [req-e69bd4d5-4ac9-4fef-9d26-13e62cce86dd req-e69bd4d5-4ac9-4fef-9d26-13e62cce86dd ] Request (ServerDiagnosticsTest:test_get_server_diagnostics): 200 GET http://10.180.1.21/compute/v2.1/servers/f89bb1e5-203a-4181-b331-531979f22e84 1.000s
2025-02-12 05:40:18.834 63116 INFO tempest.lib.common.rest_client [req-31e2fd0d-f808-4f56-a512-b674bc811d46 req-31e2fd0d-f808-4f56-a512-b674bc811d46 ] Request (ServersAdminNegativeTestJSON:setUpClass): 201 POST http://10.180.1.21/identity/v3/projects 0.089s
2025-02-12 05:40:18.848 63102 INFO tempest.lib.common.rest_client [req-14ab508c-135a-47d2-8ae7-21012fa3bc26 req-14ab508c-135a-47d2-8ae7-21012fa3bc26 ] Request (ImagesOneServerTestJSON:test_create_delete_image): 200 GET http://10.180.1.21/compute/v2.1/images/b65a7753-357e-4792-a94f-45d4b35d94e4 1.013s
2025-02-12 05:40:18.894 63086 INFO tempest.lib.common.rest_client [req-4869aa60-4cba-408b-a215-efbbc7a36b0e req-4869aa60-4cba-408b-a215-efbbc7a36b0e ] Request (InstanceActionsTestJSON:test_list_instance_actions): 202 POST http://10.180.1.21/compute/v2.1/servers/2e38f6ab-1536-4c20-a9b4-8ef5a82a7510/action 1.027s
2025-02-12 05:40:18.899 63080 INFO tempest.lib.common.rest_client [req-f61d9967-a9e1-4afb-b036-64f637f5ebf3 req-f61d9967-a9e1-4afb-b036-64f637f5ebf3 ] Request (DeleteServersAdminTestJSON:test_delete_server_while_in_error_state): 200 GET http://10.180.1.21/compute/v2.1/servers/5ab4a4c1-b7d4-40cc-9046-a91eb9bbb3b9 1.010s
2025-02-12 05:40:18.920 63116 INFO tempest.lib.common.rest_client [req-b17b348e-8cf8-42e3-9282-15833fb3de06 req-b17b348e-8cf8-42e3-9282-15833fb3de06 ] Request (ServersAdminNegativeTestJSON:setUpClass): 201 POST http://10.180.1.21/identity/v3/users 0.086s
2025-02-12 05:40:18.925 63122 INFO tempest.lib.common.rest_client [req-dfe2c815-5b63-4f0f-bb80-fa3cf8023f0b req-dfe2c815-5b63-4f0f-bb80-fa3cf8023f0b ] Request (AggregatesAdminNegativeTestJSON:tearDownClass): 204 DELETE http://10.180.1.21:9696/networking/v2.0/security-groups/fc0b9f6a-f36f-4c3d-97cd-7f3d6a02c060 0.143s
2025-02-12 05:40:18.941 63116 INFO tempest.lib.common.rest_client [req-19a26900-12f0-4072-886b-44491b304318 req-19a26900-12f0-4072-886b-44491b304318 ] Request (ServersAdminNegativeTestJSON:setUpClass): 200 GET http://10.180.1.21/identity/v3/roles 0.020s
2025-02-12 05:40:18.950 63082 INFO tempest.lib.common.rest_client [req-b6e1eb61-9b8d-4c3e-bed3-b06829263fae req-b6e1eb61-9b8d-4c3e-bed3-b06829263fae ] Request (FloatingIPsAssociationTestJSON:setUpClass): 200 GET http://10.180.1.21/compute/v2.1/servers/173762f6-0408-4fe3-9bea-8f0f32a86f0e 1.033s
2025-02-12 05:40:18.960 63128 INFO tempest.lib.common.rest_client [req-2bf3a522-d34e-43a7-8de5-c87e4f401621 req-2bf3a522-d34e-43a7-8de5-c87e4f401621 ] Request (ServersTestJSON:setUpClass): 200 GET http://10.180.1.21/compute/v2.1/servers/c79321d7-40fe-42ca-a2bb-6d43b1c5f8c3 1.002s
2025-02-12 05:40:18.974 63130 INFO tempest.lib.common.rest_client [req-11581a71-3ac3-4818-abac-d64ce8424226 req-11581a71-3ac3-4818-abac-d64ce8424226 ] Request (FloatingIPsAssociationNegativeTestJSON:test_associate_ip_to_server_without_passing_floating_ip): 400 POST http://10.180.1.21/compute/v2.1/servers/cb68aa07-da34-4080-a33c-5746ac4ab4bd/action 1.000s
2025-02-12 05:40:18.980 63116 INFO tempest.lib.common.rest_client [req-184d2666-bf54-4514-b99c-d7bf7740ad76 req-184d2666-bf54-4514-b99c-d7bf7740ad76 ] Request (ServersAdminNegativeTestJSON:setUpClass): 204 PUT http://10.180.1.21/identity/v3/projects/788416eb5581410087973d8a5e71d10b/users/5b129f1505574005b0aa5f429f79adf4/roles/91044118a5904b4b85ce05bc84ac4b9d 0.038s
2025-02-12 05:40:19.001 63122 INFO tempest.lib.common.rest_client [req-598143da-f65b-46fb-8990-688ea5cac5ae req-598143da-f65b-46fb-8990-688ea5cac5ae ] Request (AggregatesAdminNegativeTestJSON:tearDownClass): 204 DELETE http://10.180.1.21/identity/v3/projects/4604a923fc5840e0beafd4cfd8b9a909 0.075s
2025-02-12 05:40:19.001 63122 INFO tempest.lib.common.dynamic_creds [-] Deleting project and security group for project: 18ac95e3d5944cd7893f8effe7948163
2025-02-12 05:40:19.008 63106 INFO tempest.lib.common.rest_client [req-ba6b48e8-0051-4b49-ae30-63666615f0e1 req-ba6b48e8-0051-4b49-ae30-63666615f0e1 ] Request (ServersAdminTestJSON:test_create_server_with_scheduling_hint): 200 GET http://10.180.1.21/compute/v2.1/servers/4518d435-1fbd-4a4c-be55-dcba1a1b66e8 1.035s
2025-02-12 05:40:19.032 63116 INFO tempest.lib.common.rest_client [req-d561ed6e-3823-4251-96d2-9705227c6792 req-d561ed6e-3823-4251-96d2-9705227c6792 ] Request (ServersAdminNegativeTestJSON:setUpClass): 200 GET http://10.180.1.21/identity/v3/roles 0.051s
2025-02-12 05:40:19.045 63126 INFO tempest.lib.common.rest_client [req-a5c78216-bd67-4c24-ba59-146eb96c71f6 req-a5c78216-bd67-4c24-ba59-146eb96c71f6 ] Request (ServerShowV254Test:tearDownClass): 200 GET http://10.180.1.21/compute/v2.1/servers/e920fe9e-5db7-4133-8ebf-db3b14426593 1.007s
2025-02-12 05:40:19.079 63084 INFO tempest.lib.common.rest_client [req-990776b5-7a7b-4458-a3a8-4d3f71da61de req-990776b5-7a7b-4458-a3a8-4d3f71da61de ] Request (ImagesMetadataTestJSON:test_get_image_metadata_item): 200 GET http://10.180.1.21/compute/v2.1/images/966b03e4-c0f0-4db7-b33d-e5e5088d936a/metadata/os_distro 0.946s
2025-02-12 05:40:19.096 63116 INFO tempest.lib.common.rest_client [req-d39fab0f-bdb2-4abd-8652-e87f11d4028f req-d39fab0f-bdb2-4abd-8652-e87f11d4028f ] Request (ServersAdminNegativeTestJSON:setUpClass): 204 PUT http://10.180.1.21/identity/v3/projects/788416eb5581410087973d8a5e71d10b/users/5b129f1505574005b0aa5f429f79adf4/roles/91044118a5904b4b85ce05bc84ac4b9d 0.062s
2025-02-12 05:40:19.096 63116 INFO tempest.lib.common.dynamic_creds [-] Dynamic test user 5b129f1505574005b0aa5f429f79adf4 is created with scope project and roles: ['admin']
2025-02-12 05:40:19.096 63116 INFO tempest.lib.common.dynamic_creds [-] Acquired dynamic creds: credentials: Credentials: {'domain_id': 'default', 'domain_name': 'Default', 'username': 'tempest-ServersAdminNegativeTestJSON-1693898868-project-admin', 'project_domain_id': 'default', 'project_domain_name': 'Default', 'project_id': '788416eb5581410087973d8a5e71d10b', 'project_name': 'tempest-ServersAdminNegativeTestJSON-1693898868', 'tenant_id': '788416eb5581410087973d8a5e71d10b', 'tenant_name': 'tempest-ServersAdminNegativeTestJSON-1693898868', 'user_domain_id': 'default', 'user_domain_name': 'Default', 'user_id': '5b129f1505574005b0aa5f429f79adf4', 'system': None}, Network: None, Subnet: None, Router: None
2025-02-12 05:40:19.096 63116 INFO tempest.lib.common.dynamic_creds [-] Created isolated network resources for: credentials: Credentials: {'domain_id': 'default', 'domain_name': 'Default', 'username': 'tempest-ServersAdminNegativeTestJSON-1693898868-project-admin', 'project_domain_id': 'default', 'project_domain_name': 'Default', 'project_id': '788416eb5581410087973d8a5e71d10b', 'project_name': 'tempest-ServersAdminNegativeTestJSON-1693898868', 'tenant_id': '788416eb5581410087973d8a5e71d10b', 'tenant_name': 'tempest-ServersAdminNegativeTestJSON-1693898868', 'user_domain_id': 'default', 'user_domain_name': 'Default', 'user_id': '5b129f1505574005b0aa5f429f79adf4', 'system': None}, Network: None, Subnet: None, Router: None
2025-02-12 05:40:19.100 63094 INFO tempest.lib.common.rest_client [req-9e5a2ee7-8ba3-4afd-8890-6505df917ad1 req-9e5a2ee7-8ba3-4afd-8890-6505df917ad1 ] Request (KeyPairsV22TestJSON:_run_cleanups): 204 DELETE http://10.180.1.21/compute/v2.1/os-keypairs/tempest-KeyPairsV22TestJSON-keypair-11959910 0.929s
2025-02-12 05:40:19.118 63112 INFO tempest.lib.common.rest_client [req-0693f8c1-c8ad-4e76-9ef8-e385dab49abc req-0693f8c1-c8ad-4e76-9ef8-e385dab49abc ] Request (FlavorsAdminTestJSON:_run_cleanups): 202 DELETE http://10.180.1.21/compute/v2.1/flavors/546904988 0.938s
2025-02-12 05:40:19.159 63122 INFO tempest.lib.common.rest_client [req-400aa055-e64b-4dc7-ad40-96d1a1ff3f0f req-400aa055-e64b-4dc7-ad40-96d1a1ff3f0f ] Request (AggregatesAdminNegativeTestJSON:tearDownClass): 200 GET http://10.180.1.21:9696/networking/v2.0/security-groups?tenant_id=18ac95e3d5944cd7893f8effe7948163&name=default 0.157s
2025-02-12 05:40:19.177 63116 INFO tempest.lib.common.rest_client [req-86aec400-583f-499a-a9a7-1bca22b6ceb7 req-86aec400-583f-499a-a9a7-1bca22b6ceb7 ] Request (ServersAdminNegativeTestJSON:setUpClass): 201 POST http://10.180.1.21/identity/v3/auth/tokens 0.078s
2025-02-12 05:40:19.178 63116 WARNING tempest.lib.common.rest_client [-] Deprecated: "tenant_id" property is deprecated for removal, use "project_id" instead
2025-02-12 05:40:19.245 63122 INFO tempest.lib.common.rest_client [req-1729a5b5-6fd8-426e-9d50-9a9d807024ec req-1729a5b5-6fd8-426e-9d50-9a9d807024ec ] Request (AggregatesAdminNegativeTestJSON:tearDownClass): 204 DELETE http://10.180.1.21:9696/networking/v2.0/security-groups/75cbb240-f0a6-45f5-bde7-a1f6ca1abc5d 0.086s
2025-02-12 05:40:19.250 63076 INFO tempest.lib.common.rest_client [req-5ec19054-5954-445b-94d0-af3b8f52353f req-5ec19054-5954-445b-94d0-af3b8f52353f ] Request (TenantUsagesTestJSON:setUpClass): 200 GET http://10.180.1.21/compute/v2.1/servers/a0d0bb5e-774b-4608-9e60-699296e9224c 1.151s
2025-02-12 05:40:19.258 63076 INFO tempest.common.waiters [-] State transition "BUILD/None" ==> "BUILD/spawning" after 33 second wait
2025-02-12 05:40:19.259 63116 INFO tempest.lib.common.rest_client [req-879f68f3-7b91-431e-a7a5-c2ff35453223 req-879f68f3-7b91-431e-a7a5-c2ff35453223 ] Request (ServersAdminNegativeTestJSON:setUpClass): 201 POST http://10.180.1.21/identity/v3/auth/tokens 0.075s
2025-02-12 05:40:19.260 63116 INFO tempest.lib.common.fixed_network [-] (ServersAdminNegativeTestJSON:setUpClass) Found network None available for tenant
2025-02-12 05:40:19.275 63090 INFO tempest.lib.common.rest_client [req-ae97c498-fb01-4d5e-b8f4-bdcb09797f0d req-ae97c498-fb01-4d5e-b8f4-bdcb09797f0d ] Request (ServersWithSpecificFlavorTestJSON:test_verify_created_server_ephemeral_disk): 200 GET http://10.180.1.21/compute/v2.1/servers/608aecf3-925a-402c-9a2d-ef06a43594f0 1.034s
2025-02-12 05:40:19.313 63102 INFO tempest.lib.common.rest_client [req-d60f61d1-7f65-4fc2-8816-caf44e957301 req-d60f61d1-7f65-4fc2-8816-caf44e957301 ] Request (ImagesOneServerTestJSON:test_create_delete_image): 200 GET http://10.180.1.21/compute/v2.1/flavors/42 0.461s
2025-02-12 05:40:19.331 63114 INFO tempest.lib.common.rest_client [req-607ad7df-5c06-4164-b408-a7b7f67cb576 req-607ad7df-5c06-4164-b408-a7b7f67cb576 ] Request (ServerTagsTestJSON:setUpClass): 200 GET http://10.180.1.21/compute/v2.1/servers/9e4b8141-2196-45c5-abd9-7926608c0693 0.583s
2025-02-12 05:40:19.357 63122 INFO tempest.lib.common.rest_client [req-0b41004d-6f1d-4acf-8141-4548735a688c req-0b41004d-6f1d-4acf-8141-4548735a688c ] Request (AggregatesAdminNegativeTestJSON:tearDownClass): 204 DELETE http://10.180.1.21/identity/v3/projects/18ac95e3d5944cd7893f8effe7948163 0.111s
2025-02-12 05:40:19.420 63122 INFO tempest.lib.common.rest_client [req-dc8e1b42-cf31-47a4-9521-ff19d45ca0b0 req-dc8e1b42-cf31-47a4-9521-ff19d45ca0b0 ] Request (ImagesMetadataNegativeTestJSON:setUpClass): 201 POST http://10.180.1.21/identity/v3/auth/tokens 0.061s
2025-02-12 05:40:19.447 63086 INFO tempest.lib.common.rest_client [req-a875d273-b80e-401e-815e-a85ca25c8851 req-a875d273-b80e-401e-815e-a85ca25c8851 ] Request (InstanceActionsTestJSON:test_list_instance_actions): 200 GET http://10.180.1.21/compute/v2.1/servers/2e38f6ab-1536-4c20-a9b4-8ef5a82a7510 0.553s
2025-02-12 05:40:19.452 63122 INFO tempest.lib.common.rest_client [req-a9fabc7f-dc94-459f-96f7-7b8ab0c77fa4 req-a9fabc7f-dc94-459f-96f7-7b8ab0c77fa4 ] Request (ImagesMetadataNegativeTestJSON:setUpClass): 201 POST http://10.180.1.21/identity/v3/auth/tokens 0.029s
2025-02-12 05:40:19.462 63130 INFO tempest.lib.common.rest_client [req-ea6facef-92f2-42eb-980e-48615658fd9e req-ea6facef-92f2-42eb-980e-48615658fd9e ] Request (FloatingIPsAssociationNegativeTestJSON:test_associate_nonexistent_floating_ip): 404 POST http://10.180.1.21/compute/v2.1/servers/cb68aa07-da34-4080-a33c-5746ac4ab4bd/action 0.486s
2025-02-12 05:40:19.483 63094 INFO tempest.lib.common.rest_client [req-a1004fdc-a18a-4b81-b318-a4e3e2c1d43b req-a1004fdc-a18a-4b81-b318-a4e3e2c1d43b ] Request (KeyPairsV22TestJSON:_run_cleanups): 204 DELETE http://10.180.1.21/compute/v2.1/os-keypairs/tempest-KeyPairsV22TestJSON-keypair-890023764 0.382s
2025-02-12 05:40:19.484 63122 INFO tempest.lib.common.rest_client [req-9f270f76-c3e8-4337-8f07-eed253f091c3 req-9f270f76-c3e8-4337-8f07-eed253f091c3 ] Request (ImagesMetadataNegativeTestJSON:setUpClass): 200 GET http://10.180.1.21/identity/v3/domains?name=Default 0.031s
2025-02-12 05:40:19.511 63122 INFO tempest.lib.common.rest_client [req-cc6a8249-05de-4ef2-ab7e-1df409cfc4af req-cc6a8249-05de-4ef2-ab7e-1df409cfc4af ] Request (ImagesMetadataNegativeTestJSON:setUpClass): 201 POST http://10.180.1.21/identity/v3/projects 0.026s
2025-02-12 05:40:19.516 63112 INFO tempest.lib.common.rest_client [req-c0aaabd4-af93-41f4-9447-bb73336bdff3 req-c0aaabd4-af93-41f4-9447-bb73336bdff3 ] Request (FlavorsAdminTestJSON:_run_cleanups): 200 GET http://10.180.1.21/compute/v2.1/flavors/detail 0.397s
2025-02-12 05:40:19.586 63122 INFO tempest.lib.common.rest_client [req-f728b5e7-5bf2-49ba-a6a3-325ba4aa710d req-f728b5e7-5bf2-49ba-a6a3-325ba4aa710d ] Request (ImagesMetadataNegativeTestJSON:setUpClass): 201 POST http://10.180.1.21/identity/v3/users 0.074s
2025-02-12 05:40:19.599 63084 INFO tempest.lib.common.rest_client [req-fa5bcf13-2068-4306-9414-acc08c6c5faa req-fa5bcf13-2068-4306-9414-acc08c6c5faa ] Request (ImagesMetadataTestJSON:setUp): 200 PUT http://10.180.1.21/compute/v2.1/images/966b03e4-c0f0-4db7-b33d-e5e5088d936a/metadata 0.518s
2025-02-12 05:40:19.609 63122 INFO tempest.lib.common.rest_client [req-7ba6f79c-bb77-4efd-aa69-f449f2f3cd03 req-7ba6f79c-bb77-4efd-aa69-f449f2f3cd03 ] Request (ImagesMetadataNegativeTestJSON:setUpClass): 200 GET http://10.180.1.21/identity/v3/roles 0.022s
2025-02-12 05:40:19.636 63122 INFO tempest.lib.common.rest_client [req-c316de3e-c95c-412d-a74f-9abb89d8b8d8 req-c316de3e-c95c-412d-a74f-9abb89d8b8d8 ] Request (ImagesMetadataNegativeTestJSON:setUpClass): 204 PUT http://10.180.1.21/identity/v3/projects/5222cb5055644489b1780e0df42c06db/users/3cb3c43322b748989a91a1a0dfa93735/roles/a8a8ba553e5f46fca3c47abcbf7f7e6f 0.027s
2025-02-12 05:40:19.637 63122 INFO tempest.lib.common.dynamic_creds [-] Dynamic test user 3cb3c43322b748989a91a1a0dfa93735 is created with scope project and roles: ['member']
2025-02-12 05:40:19.637 63122 INFO tempest.lib.common.dynamic_creds [-] Acquired dynamic creds: credentials: Credentials: {'domain_id': 'default', 'domain_name': 'Default', 'username': 'tempest-ImagesMetadataNegativeTestJSON-1673352941-project-member', 'project_domain_id': 'default', 'project_domain_name': 'Default', 'project_id': '5222cb5055644489b1780e0df42c06db', 'project_name': 'tempest-ImagesMetadataNegativeTestJSON-1673352941', 'tenant_id': '5222cb5055644489b1780e0df42c06db', 'tenant_name': 'tempest-ImagesMetadataNegativeTestJSON-1673352941', 'user_domain_id': 'default', 'user_domain_name': 'Default', 'user_id': '3cb3c43322b748989a91a1a0dfa93735', 'system': None}, Network: None, Subnet: None, Router: None
2025-02-12 05:40:19.637 63122 INFO tempest.lib.common.dynamic_creds [-] Created isolated network resources for: credentials: Credentials: {'domain_id': 'default', 'domain_name': 'Default', 'username': 'tempest-ImagesMetadataNegativeTestJSON-1673352941-project-member', 'project_domain_id': 'default', 'project_domain_name': 'Default', 'project_id': '5222cb5055644489b1780e0df42c06db', 'project_name': 'tempest-ImagesMetadataNegativeTestJSON-1673352941', 'tenant_id': '5222cb5055644489b1780e0df42c06db', 'tenant_name': 'tempest-ImagesMetadataNegativeTestJSON-1673352941', 'user_domain_id': 'default', 'user_domain_name': 'Default', 'user_id': '3cb3c43322b748989a91a1a0dfa93735', 'system': None}, Network: None, Subnet: None, Router: None
2025-02-12 05:40:19.639 63074 INFO tempest.lib.common.rest_client [req-495da6ae-c98d-45aa-89e0-ec5ec2cc9895 req-495da6ae-c98d-45aa-89e0-ec5ec2cc9895 ] Request (InstanceActionsV221TestJSON:test_get_list_deleted_instance_actions): 200 GET http://10.180.1.21/compute/v2.1/servers/2043f3d8-7f16-4faa-9ed5-54465084c340 0.472s
2025-02-12 05:40:19.694 63100 INFO tempest.lib.common.rest_client [req-cc297767-f550-45d4-8430-2c8e2f4af0ed req-cc297767-f550-45d4-8430-2c8e2f4af0ed ] Request (ListServersNegativeTestJSON:setUpClass): 200 GET http://10.180.1.21/compute/v2.1/servers/293a4ffc-88d9-4b27-93a8-a0508441e299 0.424s
2025-02-12 05:40:19.711 63122 INFO tempest.lib.common.rest_client [req-86d91db4-7e9e-4c14-9404-834d6db14863 req-86d91db4-7e9e-4c14-9404-834d6db14863 ] Request (ImagesMetadataNegativeTestJSON:setUpClass): 201 POST http://10.180.1.21/identity/v3/auth/tokens 0.069s
2025-02-12 05:40:19.817 63102 INFO tempest.lib.common.rest_client [req-ac5c95a0-eaba-4af6-98a9-ea226f2b613f req-ac5c95a0-eaba-4af6-98a9-ea226f2b613f ] Request (ImagesOneServerTestJSON:test_create_delete_image): 204 DELETE http://10.180.1.21/compute/v2.1/images/48b68456-b218-4afc-a0ee-12c4ca24f50b 0.502s
2025-02-12 05:40:19.884 63118 INFO tempest.lib.common.rest_client [req-c037eaea-daf5-4581-802c-81a68944cda2 req-c037eaea-daf5-4581-802c-81a68944cda2 ] Request (ServersTestManualDisk:setUpClass): 200 GET http://10.180.1.21/compute/v2.1/servers/30160624-7db0-4e61-9fda-227f2e7435ed 0.557s
2025-02-12 05:40:19.951 63096 INFO tempest.lib.common.rest_client [req-5ff27baa-3481-42d7-a241-b4f7e26dbb1c req-5ff27baa-3481-42d7-a241-b4f7e26dbb1c ] Request (ListImageFiltersTestJSON:setUpClass): 200 GET http://10.180.1.21/compute/v2.1/servers/71299699-d75c-4271-8752-15f96c7940c2 0.560s
2025-02-12 05:40:19.984 63130 INFO tempest.lib.common.rest_client [req-31ef46f5-7a4d-4b49-bc80-cca39dd3ae30 req-31ef46f5-7a4d-4b49-bc80-cca39dd3ae30 ] Request (FloatingIPsAssociationNegativeTestJSON:test_dissociate_nonexistent_floating_ip): 404 POST http://10.180.1.21/compute/v2.1/servers/cb68aa07-da34-4080-a33c-5746ac4ab4bd/action 0.521s
2025-02-12 05:40:19.990 63116 INFO tempest.lib.common.rest_client [req-76f45791-328d-4374-9359-e33130ff153d req-76f45791-328d-4374-9359-e33130ff153d ] Request (ServersAdminNegativeTestJSON:setUpClass): 202 POST http://10.180.1.21/compute/v2.1/servers 0.729s
2025-02-12 05:40:20.008 63094 INFO tempest.lib.common.rest_client [req-820f7e97-01b9-4446-9f34-85984fac5f67 req-820f7e97-01b9-4446-9f34-85984fac5f67 ] Request (KeyPairsV22TestJSON:_run_cleanups): 204 DELETE http://10.180.1.21/compute/v2.1/os-keypairs/tempest-KeyPairsV22TestJSON-keypair-1924589283 0.524s
2025-02-12 05:40:20.039 63112 INFO tempest.lib.common.rest_client [req-608ef3bd-0ee0-4c3a-b702-ae1d0c3f64d7 req-608ef3bd-0ee0-4c3a-b702-ae1d0c3f64d7 ] Request (FlavorsAdminTestJSON:_run_cleanups): 202 DELETE http://10.180.1.21/compute/v2.1/flavors/655246268 0.516s
2025-02-12 05:40:20.065 63108 INFO tempest.lib.common.rest_client [req-35a8a084-3cfa-4289-b712-174c480c7229 req-35a8a084-3cfa-4289-b712-174c480c7229 ] Request (ServerGroupTestJSON:test_create_server_with_scheduler_hint_group): 200 GET http://10.180.1.21/compute/v2.1/servers/e13e8b36-5b13-4070-8c84-305adbd01866 0.578s
2025-02-12 05:40:20.106 63084 INFO tempest.lib.common.rest_client [req-e7591fcb-0414-4ed7-acb0-d6fb7dbcff24 req-e7591fcb-0414-4ed7-acb0-d6fb7dbcff24 ] Request (ImagesMetadataTestJSON:test_list_image_metadata): 200 GET http://10.180.1.21/compute/v2.1/images/966b03e4-c0f0-4db7-b33d-e5e5088d936a/metadata 0.506s
2025-02-12 05:40:20.169 63124 INFO tempest.lib.common.rest_client [req-446c8b03-9894-4719-95c6-b6f6e6afcba1 req-446c8b03-9894-4719-95c6-b6f6e6afcba1 ] Request (ServersAdmin275Test:tearDownClass): 200 GET http://10.180.1.21/compute/v2.1/servers/a66775a2-de48-43b7-b71e-e3879dd77889 0.559s
2025-02-12 05:40:20.221 63110 INFO tempest.lib.common.rest_client [req-97fb6f91-c6a0-485a-87f0-beb20427fffd req-97fb6f91-c6a0-485a-87f0-beb20427fffd ] Request (ServersV294TestFqdnHostnames:setUpClass): 200 GET http://10.180.1.21/compute/v2.1/servers/7449cdc9-720c-4046-80cd-f612ea9cb835 0.532s
2025-02-12 05:40:20.268 63122 INFO tempest.lib.common.rest_client [req-80c949f9-733e-4d6b-95f3-764e04230667 req-80c949f9-733e-4d6b-95f3-764e04230667 ] Request (ImagesMetadataNegativeTestJSON:test_delete_nonexistent_image_metadata_item): 404 DELETE http://10.180.1.21/compute/v2.1/images/d17d7268-ad2b-441a-b438-7d9495ce5923/metadata/os_distro 0.555s
2025-02-12 05:40:20.303 63134 INFO tempest.lib.common.rest_client [req-da5e007f-c568-46f2-ae37-109a11261da9 req-da5e007f-c568-46f2-ae37-109a11261da9 ] Request (MigrationsAdminTest:test_list_migrations_in_flavor_resize_situation): 200 GET http://10.180.1.21/compute/v2.1/servers/264d4a15-f70a-40ca-99e2-2f88c92545d6 0.765s
2025-02-12 05:40:20.314 63134 INFO tempest.common.waiters [-] State transition "BUILD/None" ==> "BUILD/networking" after 30 second wait
2025-02-12 05:40:20.328 63088 INFO tempest.lib.common.rest_client [req-258f7f50-4a07-464c-b49c-207bd3ddbfa2 req-258f7f50-4a07-464c-b49c-207bd3ddbfa2 ] Request (ServerExternalEventsTest:tearDownClass): 200 GET http://10.180.1.21/compute/v2.1/servers/3b3e9f91-4c18-4a56-a55c-a1e31af4277c 0.562s
2025-02-12 05:40:20.350 63102 INFO tempest.lib.common.rest_client [req-42c3aa7e-540c-425e-aca2-284b69331cb3 req-42c3aa7e-540c-425e-aca2-284b69331cb3 ] Request (ImagesOneServerTestJSON:test_create_delete_image): 404 GET http://10.180.1.21/compute/v2.1/images/48b68456-b218-4afc-a0ee-12c4ca24f50b 0.533s
2025-02-12 05:40:20.364 63078 INFO tempest.lib.common.rest_client [req-ba7cbc9c-8ce1-4a95-8d8d-6cc84a836812 req-ba7cbc9c-8ce1-4a95-8d8d-6cc84a836812 ] Request (ImagesTestJSON:test_create_image_from_stopped_server): 200 GET http://10.180.1.21/compute/v2.1/servers/c993e553-ca92-4928-93d3-a9f21a08b57b 0.553s
2025-02-12 05:40:20.415 63072 INFO tempest.lib.common.rest_client [req-6b0797fe-4220-4d42-a6f2-2f0d8efa9d8a req-6b0797fe-4220-4d42-a6f2-2f0d8efa9d8a ] Request (ServerDiagnosticsTest:test_get_server_diagnostics): 200 GET http://10.180.1.21/compute/v2.1/servers/f89bb1e5-203a-4181-b331-531979f22e84 0.581s
2025-02-12 05:40:20.433 63080 INFO tempest.lib.common.rest_client [req-22c1398a-4682-493c-aa37-40866f2e4689 req-22c1398a-4682-493c-aa37-40866f2e4689 ] Request (DeleteServersAdminTestJSON:test_delete_server_while_in_error_state): 200 GET http://10.180.1.21/compute/v2.1/servers/5ab4a4c1-b7d4-40cc-9046-a91eb9bbb3b9 0.522s
2025-02-12 05:40:20.484 63082 INFO tempest.lib.common.rest_client [req-f5c74faf-4c2a-48a0-bb64-e1d8b3ded22f req-f5c74faf-4c2a-48a0-bb64-e1d8b3ded22f ] Request (FloatingIPsAssociationTestJSON:setUpClass): 200 GET http://10.180.1.21/compute/v2.1/servers/173762f6-0408-4fe3-9bea-8f0f32a86f0e 0.521s
2025-02-12 05:40:20.502 63128 INFO tempest.lib.common.rest_client [req-24ac0ffd-78b2-4f28-af50-612c2306b22a req-24ac0ffd-78b2-4f28-af50-612c2306b22a ] Request (ServersTestJSON:setUpClass): 200 GET http://10.180.1.21/compute/v2.1/servers/c79321d7-40fe-42ca-a2bb-6d43b1c5f8c3 0.533s
2025-02-12 05:40:20.553 63116 INFO tempest.lib.common.rest_client [req-b43ab2a4-9063-43ce-b305-9a3d5bf29b13 req-b43ab2a4-9063-43ce-b305-9a3d5bf29b13 ] Request (ServersAdminNegativeTestJSON:setUpClass): 200 GET http://10.180.1.21/compute/v2.1/servers/80a65e39-d08d-4ab6-ba4d-f3f2d501245a 0.562s
2025-02-12 05:40:20.571 63130 INFO tempest.lib.common.rest_client [req-97d26d0c-8bfa-46d0-96d7-f735d413071b req-97d26d0c-8bfa-46d0-96d7-f735d413071b ] Request (FloatingIPsAssociationNegativeTestJSON:tearDownClass): 204 DELETE http://10.180.1.21/compute/v2.1/servers/cb68aa07-da34-4080-a33c-5746ac4ab4bd 0.584s
2025-02-12 05:40:20.606 63094 INFO tempest.lib.common.rest_client [req-4317022d-ebb4-4c40-88ee-2d4c7f03412b req-4317022d-ebb4-4c40-88ee-2d4c7f03412b ] Request (KeyPairsV22TestJSON:test_keypairsv22_create_list_show): 201 POST http://10.180.1.21/compute/v2.1/os-keypairs 0.596s
2025-02-12 05:40:20.645 63112 INFO tempest.lib.common.rest_client [req-7baaa5a5-29d6-41d1-bd43-476d9a93fc04 req-7baaa5a5-29d6-41d1-bd43-476d9a93fc04 ] Request (FlavorsAdminTestJSON:_run_cleanups): 200 GET http://10.180.1.21/compute/v2.1/flavors/detail 0.606s
2025-02-12 05:40:20.649 63106 INFO tempest.lib.common.rest_client [req-dbfd394a-1bee-4bad-ae93-10201df747cd req-dbfd394a-1bee-4bad-ae93-10201df747cd ] Request (ServersAdminTestJSON:test_create_server_with_scheduling_hint): 200 GET http://10.180.1.21/compute/v2.1/servers/4518d435-1fbd-4a4c-be55-dcba1a1b66e8 0.631s
2025-02-12 05:40:20.724 63126 INFO tempest.lib.common.rest_client [req-babede57-ce88-4176-bff0-ddbf56633871 req-babede57-ce88-4176-bff0-ddbf56633871 ] Request (ServerShowV254Test:tearDownClass): 200 GET http://10.180.1.21/compute/v2.1/servers/e920fe9e-5db7-4133-8ebf-db3b14426593 0.664s
2025-02-12 05:40:20.837 63084 INFO tempest.lib.common.rest_client [req-38f16448-e7fc-4502-a4fb-c43502419e20 req-38f16448-e7fc-4502-a4fb-c43502419e20 ] Request (ImagesMetadataTestJSON:setUp): 200 PUT http://10.180.1.21/compute/v2.1/images/966b03e4-c0f0-4db7-b33d-e5e5088d936a/metadata 0.729s
2025-02-12 05:40:20.856 63076 INFO tempest.lib.common.rest_client [req-2f7baa68-3b13-4f8e-891e-e401904ca97c req-2f7baa68-3b13-4f8e-891e-e401904ca97c ] Request (TenantUsagesTestJSON:setUpClass): 200 GET http://10.180.1.21/compute/v2.1/servers/a0d0bb5e-774b-4608-9e60-699296e9224c 0.597s
2025-02-12 05:40:20.870 63122 INFO tempest.lib.common.rest_client [req-4f2ded40-633e-4e04-8808-d7d27bf90a41 req-4f2ded40-633e-4e04-8808-d7d27bf90a41 ] Request (ImagesMetadataNegativeTestJSON:test_get_nonexistent_image_metadata_item): 404 GET http://10.180.1.21/compute/v2.1/images/ae2ce7e9-b7e4-4ba8-8276-19425976807b/metadata/os_version 0.600s
2025-02-12 05:40:20.881 63092 WARNING tempest.lib.common.ssh [-] Failed to establish authenticated ssh connection to cirros@10.180.180.154 ([Errno None] Unable to connect to port 22 on 10.180.180.154). Number attempts: 1. Retry after 2 seconds.: paramiko.ssh_exception.NoValidConnectionsError: [Errno None] Unable to connect to port 22 on 10.180.180.154
2025-02-12 05:40:20.929 63114 INFO tempest.lib.common.rest_client [req-d1fb78f5-965d-4b3a-b6a1-de497197535f req-d1fb78f5-965d-4b3a-b6a1-de497197535f ] Request (ServerTagsTestJSON:setUpClass): 200 GET http://10.180.1.21/compute/v2.1/servers/9e4b8141-2196-45c5-abd9-7926608c0693 0.588s
2025-02-12 05:40:21.021 63090 INFO tempest.lib.common.rest_client [req-1c3ee087-ef15-4ea7-8c56-f4c187c8d356 req-1c3ee087-ef15-4ea7-8c56-f4c187c8d356 ] Request (ServersWithSpecificFlavorTestJSON:test_verify_created_server_ephemeral_disk): 200 GET http://10.180.1.21/compute/v2.1/servers/608aecf3-925a-402c-9a2d-ef06a43594f0 0.734s
2025-02-12 05:40:21.354 63086 INFO tempest.lib.common.rest_client [req-8c16fc71-09c6-41aa-8c2f-1744df30a5ba req-8c16fc71-09c6-41aa-8c2f-1744df30a5ba ] Request (InstanceActionsTestJSON:test_list_instance_actions): 200 GET http://10.180.1.21/compute/v2.1/servers/2e38f6ab-1536-4c20-a9b4-8ef5a82a7510 0.898s
2025-02-12 05:40:21.386 63102 INFO tempest.lib.common.rest_client [req-2e3f3008-3f17-4363-8efb-eda125bb597a req-2e3f3008-3f17-4363-8efb-eda125bb597a ] Request (ImagesOneServerTestJSON:test_create_image_specify_multibyte_character_image_name): 202 POST http://10.180.1.21/compute/v2.1/servers/d239075a-b9ac-4739-8257-2ffc01630af5/action 1.034s
2025-02-12 05:40:21.397 63094 INFO tempest.lib.common.rest_client [req-60e947d3-d482-4c2d-be30-303600637dca req-60e947d3-d482-4c2d-be30-303600637dca ] Request (KeyPairsV22TestJSON:test_keypairsv22_create_list_show): 200 GET http://10.180.1.21/compute/v2.1/os-keypairs/tempest-keypair-1996997982 0.788s
2025-02-12 05:40:21.496 63130 INFO tempest.lib.common.rest_client [req-213e06f5-3fa6-4d37-a912-e520881e7ba2 req-213e06f5-3fa6-4d37-a912-e520881e7ba2 ] Request (FloatingIPsAssociationNegativeTestJSON:tearDownClass): 200 GET http://10.180.1.21/compute/v2.1/servers/cb68aa07-da34-4080-a33c-5746ac4ab4bd 0.924s
2025-02-12 05:40:21.517 63112 INFO tempest.lib.common.rest_client [req-6f941d7c-9989-4552-b6ba-d48f6cfa3824 req-6f941d7c-9989-4552-b6ba-d48f6cfa3824 ] Request (FlavorsAdminTestJSON:test_list_non_public_flavor): 200 POST http://10.180.1.21/compute/v2.1/flavors 0.865s
2025-02-12 05:40:21.531 63074 INFO tempest.lib.common.rest_client [req-2750ab22-fea3-41ec-baf8-c297701aafe6 req-2750ab22-fea3-41ec-baf8-c297701aafe6 ] Request (InstanceActionsV221TestJSON:test_get_list_deleted_instance_actions): 200 GET http://10.180.1.21/compute/v2.1/servers/2043f3d8-7f16-4faa-9ed5-54465084c340 0.881s
2025-02-12 05:40:21.565 63100 INFO tempest.lib.common.rest_client [req-0c9d55cf-5aff-43c9-b1b0-e20fc39d11bf req-0c9d55cf-5aff-43c9-b1b0-e20fc39d11bf ] Request (ListServersNegativeTestJSON:setUpClass): 200 GET http://10.180.1.21/compute/v2.1/servers/293a4ffc-88d9-4b27-93a8-a0508441e299 0.859s
2025-02-12 05:40:21.584 63122 INFO tempest.lib.common.rest_client [req-7d47d8fb-e7a0-4a29-93fe-842a74e43e65 req-7d47d8fb-e7a0-4a29-93fe-842a74e43e65 ] Request (ImagesMetadataNegativeTestJSON:test_list_nonexistent_image_metadata): 404 GET http://10.180.1.21/compute/v2.1/images/88097d56-227a-4dcf-833f-ac99c1a14993/metadata 0.712s
2025-02-12 05:40:21.638 63118 INFO tempest.lib.common.rest_client [req-4d83359d-8c10-4ecd-97c2-1cf0239c682a req-4d83359d-8c10-4ecd-97c2-1cf0239c682a ] Request (ServersTestManualDisk:setUpClass): 200 GET http://10.180.1.21/compute/v2.1/servers/30160624-7db0-4e61-9fda-227f2e7435ed 0.736s
2025-02-12 05:40:21.692 63096 INFO tempest.lib.common.rest_client [req-8c3365ce-1d27-4e98-a799-96a4b2197b82 req-8c3365ce-1d27-4e98-a799-96a4b2197b82 ] Request (ListImageFiltersTestJSON:setUpClass): 200 GET http://10.180.1.21/compute/v2.1/servers/71299699-d75c-4271-8752-15f96c7940c2 0.731s
2025-02-12 05:40:21.742 63108 INFO tempest.lib.common.rest_client [req-b4ae52dd-c0a5-40a2-8d65-3f82e8538b5d req-b4ae52dd-c0a5-40a2-8d65-3f82e8538b5d ] Request (ServerGroupTestJSON:test_create_server_with_scheduler_hint_group): 200 GET http://10.180.1.21/compute/v2.1/servers/e13e8b36-5b13-4070-8c84-305adbd01866 0.664s
2025-02-12 05:40:21.756 63084 INFO tempest.lib.common.rest_client [req-f0b45023-62c4-4c34-a5ba-cc989a460265 req-f0b45023-62c4-4c34-a5ba-cc989a460265 ] Request (ImagesMetadataTestJSON:test_set_image_metadata): 200 PUT http://10.180.1.21/compute/v2.1/images/966b03e4-c0f0-4db7-b33d-e5e5088d936a/metadata 0.918s
2025-02-12 05:40:21.802 63124 INFO tempest.lib.common.rest_client [req-80f8b398-a3c0-4da3-ba3b-7ad73595c517 req-80f8b398-a3c0-4da3-ba3b-7ad73595c517 ] Request (ServersAdmin275Test:tearDownClass): 200 GET http://10.180.1.21/compute/v2.1/servers/a66775a2-de48-43b7-b71e-e3879dd77889 0.623s
2025-02-12 05:40:21.815 63110 INFO tempest.lib.common.rest_client [req-a89a4a41-a7ff-4027-8056-6669b66127e8 req-a89a4a41-a7ff-4027-8056-6669b66127e8 ] Request (ServersV294TestFqdnHostnames:setUpClass): 200 GET http://10.180.1.21/compute/v2.1/servers/7449cdc9-720c-4046-80cd-f612ea9cb835 0.581s
2025-02-12 05:40:21.883 63088 INFO tempest.lib.common.rest_client [req-920409b8-e333-4ea2-92b1-53fc383b65e6 req-920409b8-e333-4ea2-92b1-53fc383b65e6 ] Request (ServerExternalEventsTest:tearDownClass): 200 GET http://10.180.1.21/compute/v2.1/servers/3b3e9f91-4c18-4a56-a55c-a1e31af4277c 0.541s
2025-02-12 05:40:21.920 63134 INFO tempest.lib.common.rest_client [req-0fc35fc5-75bd-4d45-9c9a-34b2f5611422 req-0fc35fc5-75bd-4d45-9c9a-34b2f5611422 ] Request (MigrationsAdminTest:test_list_migrations_in_flavor_resize_situation): 200 GET http://10.180.1.21/compute/v2.1/servers/264d4a15-f70a-40ca-99e2-2f88c92545d6 0.604s
2025-02-12 05:40:21.930 63134 INFO tempest.common.waiters [-] State transition "BUILD/networking" ==> "BUILD/spawning" after 31 second wait
2025-02-12 05:40:21.938 63078 INFO tempest.lib.common.rest_client [req-39cdf29e-8d83-415d-84d3-05641b3d2e59 req-39cdf29e-8d83-415d-84d3-05641b3d2e59 ] Request (ImagesTestJSON:test_create_image_from_stopped_server): 200 GET http://10.180.1.21/compute/v2.1/servers/c993e553-ca92-4928-93d3-a9f21a08b57b 0.563s
2025-02-12 05:40:21.946 63094 INFO tempest.lib.common.rest_client [req-8bee1b5e-1440-4e85-bfa2-1a443ff625c1 req-8bee1b5e-1440-4e85-bfa2-1a443ff625c1 ] Request (KeyPairsV22TestJSON:test_keypairsv22_create_list_show): 200 GET http://10.180.1.21/compute/v2.1/os-keypairs 0.547s
2025-02-12 05:40:21.951 63102 INFO tempest.lib.common.rest_client [req-eaac8542-7487-4ddc-9294-b411e53b1b50 req-eaac8542-7487-4ddc-9294-b411e53b1b50 ] Request (ImagesOneServerTestJSON:test_create_image_specify_multibyte_character_image_name): 200 GET http://10.180.1.21/compute/v2.1/images/672a373c-6a31-4533-a920-2ad4f9eb35ac 0.563s
2025-02-12 05:40:22.000 63072 INFO tempest.lib.common.rest_client [req-35879d75-fb94-4b15-88f2-ab0f0350cfc0 req-35879d75-fb94-4b15-88f2-ab0f0350cfc0 ] Request (ServerDiagnosticsTest:test_get_server_diagnostics): 200 GET http://10.180.1.21/compute/v2.1/servers/f89bb1e5-203a-4181-b331-531979f22e84 0.576s
2025-02-12 05:40:22.009 63080 INFO tempest.lib.common.rest_client [req-b0bf92e4-27df-491e-aca9-1aaa10c237eb req-b0bf92e4-27df-491e-aca9-1aaa10c237eb ] Request (DeleteServersAdminTestJSON:test_delete_server_while_in_error_state): 200 GET http://10.180.1.21/compute/v2.1/servers/5ab4a4c1-b7d4-40cc-9046-a91eb9bbb3b9 0.564s
2025-02-12 05:40:22.031 63132 WARNING tempest.lib.common.ssh [-] Failed to establish authenticated ssh connection to cirros@10.180.180.232 ([Errno None] Unable to connect to port 22 on 10.180.180.232). Number attempts: 4. Retry after 5 seconds.: paramiko.ssh_exception.NoValidConnectionsError: [Errno None] Unable to connect to port 22 on 10.180.180.232
2025-02-12 05:40:22.053 63082 INFO tempest.lib.common.rest_client [req-002fe60f-80de-4c16-8a1b-318e6c9bd0a4 req-002fe60f-80de-4c16-8a1b-318e6c9bd0a4 ] Request (FloatingIPsAssociationTestJSON:setUpClass): 200 GET http://10.180.1.21/compute/v2.1/servers/173762f6-0408-4fe3-9bea-8f0f32a86f0e 0.559s
2025-02-12 05:40:22.071 63128 INFO tempest.lib.common.rest_client [req-674da862-b557-41d3-bf97-6d2753736a62 req-674da862-b557-41d3-bf97-6d2753736a62 ] Request (ServersTestJSON:setUpClass): 200 GET http://10.180.1.21/compute/v2.1/servers/c79321d7-40fe-42ca-a2bb-6d43b1c5f8c3 0.560s
2025-02-12 05:40:22.076 63112 INFO tempest.lib.common.rest_client [req-dac24359-9302-41eb-84b4-14d4da0bcd05 req-dac24359-9302-41eb-84b4-14d4da0bcd05 ] Request (FlavorsAdminTestJSON:test_list_non_public_flavor): 200 GET http://10.180.1.21/compute/v2.1/flavors/detail 0.556s
2025-02-12 05:40:22.094 63122 INFO tempest.lib.common.rest_client [req-b1be2daf-9d77-4a3f-8544-598b8c6a71dd req-b1be2daf-9d77-4a3f-8544-598b8c6a71dd ] Request (ImagesMetadataNegativeTestJSON:test_set_nonexistent_image_metadata): 404 PUT http://10.180.1.21/compute/v2.1/images/c0df75a3-2534-4a47-a383-a4b24b0d3600/metadata 0.509s
2025-02-12 05:40:22.123 63116 INFO tempest.lib.common.rest_client [req-5aae7227-d3dc-4e13-ae8a-90c27095bbc1 req-5aae7227-d3dc-4e13-ae8a-90c27095bbc1 ] Request (ServersAdminNegativeTestJSON:setUpClass): 200 GET http://10.180.1.21/compute/v2.1/servers/80a65e39-d08d-4ab6-ba4d-f3f2d501245a 0.558s
2025-02-12 05:40:22.141 63126 INFO tempest.lib.common.rest_client [req-a7293a15-0bf7-41bf-8daf-8b4c3c5dc7bf req-a7293a15-0bf7-41bf-8daf-8b4c3c5dc7bf ] Request (ServerShowV254Test:tearDownClass): 404 GET http://10.180.1.21/compute/v2.1/servers/e920fe9e-5db7-4133-8ebf-db3b14426593 0.406s
2025-02-12 05:40:22.142 63106 INFO tempest.lib.common.rest_client [req-0cd0f05b-f2e3-43bd-9bcd-1634c9dffdfd req-0cd0f05b-f2e3-43bd-9bcd-1634c9dffdfd ] Request (ServersAdminTestJSON:test_create_server_with_scheduling_hint): 200 GET http://10.180.1.21/compute/v2.1/servers/4518d435-1fbd-4a4c-be55-dcba1a1b66e8 0.479s
2025-02-12 05:40:22.171 63084 INFO tempest.lib.common.rest_client [req-554fce4c-7359-41f6-9a2f-b08f52c4eabe req-554fce4c-7359-41f6-9a2f-b08f52c4eabe ] Request (ImagesMetadataTestJSON:test_set_image_metadata): 200 GET http://10.180.1.21/compute/v2.1/images/966b03e4-c0f0-4db7-b33d-e5e5088d936a/metadata 0.413s
2025-02-12 05:40:22.226 63114 INFO tempest.lib.common.rest_client [req-79a7ba39-fcf9-43bb-b71f-04ca9784380d req-79a7ba39-fcf9-43bb-b71f-04ca9784380d ] Request (ServerTagsTestJSON:setUpClass): 200 GET http://10.180.1.21/compute/v2.1/servers/9e4b8141-2196-45c5-abd9-7926608c0693 0.286s
2025-02-12 05:40:22.240 63094 INFO tempest.lib.common.rest_client [req-4ddd4a03-47d0-42f6-b410-1b30cbded1bc req-4ddd4a03-47d0-42f6-b410-1b30cbded1bc ] Request (KeyPairsV22TestJSON:_run_cleanups): 204 DELETE http://10.180.1.21/compute/v2.1/os-keypairs/tempest-keypair-1996997982 0.292s
2025-02-12 05:40:22.264 63076 INFO tempest.lib.common.rest_client [req-3f69a0fe-ee20-4458-8659-474dcb50c5ce req-3f69a0fe-ee20-4458-8659-474dcb50c5ce ] Request (TenantUsagesTestJSON:setUpClass): 200 GET http://10.180.1.21/compute/v2.1/servers/a0d0bb5e-774b-4608-9e60-699296e9224c 0.395s
2025-02-12 05:40:22.264 63126 INFO tempest.lib.common.rest_client [req-1e504c45-f7dd-4dd2-b0c0-81d2569787d5 req-1e504c45-f7dd-4dd2-b0c0-81d2569787d5 ] Request (ServerShowV254Test:tearDownClass): 204 DELETE http://10.180.1.21/identity/v3/users/444330375a1443d09889c60678e6677f 0.122s
2025-02-12 05:40:22.265 63126 INFO tempest.lib.common.dynamic_creds [-] Deleting project and security group for project: 8a87d90712bf4b35b0be16c3cc91b2e0
2025-02-12 05:40:22.292 63112 INFO tempest.lib.common.rest_client [req-36a8bf82-7d97-410f-8fad-da16de582d7c req-36a8bf82-7d97-410f-8fad-da16de582d7c ] Request (FlavorsAdminTestJSON:test_list_non_public_flavor): 200 GET http://10.180.1.21/compute/v2.1/flavors/detail 0.210s
2025-02-12 05:40:22.320 63122 INFO tempest.lib.common.rest_client [req-de1e5ccb-f740-420d-9751-165a05b7802e req-de1e5ccb-f740-420d-9751-165a05b7802e ] Request (ImagesMetadataNegativeTestJSON:test_set_nonexistent_image_metadata_item): 404 PUT http://10.180.1.21/compute/v2.1/images/44088c7b-d2a8-458b-ab56-ff2d086762e4/metadata/os_distro 0.224s
2025-02-12 05:40:22.326 63126 INFO tempest.lib.common.rest_client [req-ce07052c-d1a9-4cbc-9aa9-601f571667e8 req-ce07052c-d1a9-4cbc-9aa9-601f571667e8 ] Request (ServerShowV254Test:tearDownClass): 201 POST http://10.180.1.21/identity/v3/auth/tokens 0.061s
2025-02-12 05:40:22.333 63090 INFO tempest.lib.common.rest_client [req-4ae8ba23-85d2-4ec1-a1dd-1525b951bfbd req-4ae8ba23-85d2-4ec1-a1dd-1525b951bfbd ] Request (ServersWithSpecificFlavorTestJSON:test_verify_created_server_ephemeral_disk): 200 GET http://10.180.1.21/compute/v2.1/servers/608aecf3-925a-402c-9a2d-ef06a43594f0 0.298s
2025-02-12 05:40:22.475 63126 INFO tempest.lib.common.rest_client [req-8b0efb9b-621f-4d22-8802-aeb8ceed9060 req-8b0efb9b-621f-4d22-8802-aeb8ceed9060 ] Request (ServerShowV254Test:tearDownClass): 200 GET http://10.180.1.21:9696/networking/v2.0/security-groups?tenant_id=8a87d90712bf4b35b0be16c3cc91b2e0&name=default 0.148s
2025-02-12 05:40:22.560 63126 INFO tempest.lib.common.rest_client [req-da3cbc0e-ffe3-4ee8-a06d-733d8a6812e2 req-da3cbc0e-ffe3-4ee8-a06d-733d8a6812e2 ] Request (ServerShowV254Test:tearDownClass): 204 DELETE http://10.180.1.21:9696/networking/v2.0/security-groups/5ef1bf05-2c92-4ef1-b807-a9232864c358 0.085s
2025-02-12 05:40:22.562 63084 INFO tempest.lib.common.rest_client [req-d8710343-9326-4d32-a295-06deadea8424 req-d8710343-9326-4d32-a295-06deadea8424 ] Request (ImagesMetadataTestJSON:setUp): 200 PUT http://10.180.1.21/compute/v2.1/images/966b03e4-c0f0-4db7-b33d-e5e5088d936a/metadata 0.389s
2025-02-12 05:40:22.583 63112 INFO tempest.lib.common.rest_client [req-e0975759-59f8-4907-86e6-a63511f20e9d req-e0975759-59f8-4907-86e6-a63511f20e9d ] Request (FlavorsAdminTestJSON:_run_cleanups): 202 DELETE http://10.180.1.21/compute/v2.1/flavors/1459117655 0.283s
2025-02-12 05:40:22.604 63122 INFO tempest.lib.common.rest_client [req-dd4f67dd-f102-4779-a0a5-e977813a7164 req-dd4f67dd-f102-4779-a0a5-e977813a7164 ] Request (ImagesMetadataNegativeTestJSON:test_update_nonexistent_image_metadata): 404 POST http://10.180.1.21/compute/v2.1/images/9863d74d-6040-45cc-95d9-3c3ff6ece24e/metadata 0.282s
2025-02-12 05:40:22.627 63126 INFO tempest.lib.common.rest_client [req-24f25e6c-4b0e-4270-a82d-117be0ce25cf req-24f25e6c-4b0e-4270-a82d-117be0ce25cf ] Request (ServerShowV254Test:tearDownClass): 204 DELETE http://10.180.1.21/identity/v3/projects/8a87d90712bf4b35b0be16c3cc91b2e0 0.066s
2025-02-12 05:40:22.685 63126 INFO tempest.lib.common.rest_client [req-e036cb9d-243e-4c89-a60e-a6da0fd8d38c req-e036cb9d-243e-4c89-a60e-a6da0fd8d38c ] Request (AttachVolumeNegativeTest:setUpClass): 201 POST http://10.180.1.21/identity/v3/auth/tokens 0.056s
2025-02-12 05:40:22.701 63122 INFO tempest.lib.common.rest_client [req-6fbd9bed-4b60-4ec1-8c81-fb6e1299cc52 req-6fbd9bed-4b60-4ec1-8c81-fb6e1299cc52 ] Request (ImagesMetadataNegativeTestJSON:tearDownClass): 204 DELETE http://10.180.1.21/identity/v3/users/3cb3c43322b748989a91a1a0dfa93735 0.095s
2025-02-12 05:40:22.701 63122 INFO tempest.lib.common.dynamic_creds [-] Deleting project and security group for project: 5222cb5055644489b1780e0df42c06db
2025-02-12 05:40:22.749 63126 INFO tempest.lib.common.rest_client [req-5009127e-cd7a-4bf3-825c-843c5794bbfe req-5009127e-cd7a-4bf3-825c-843c5794bbfe ] Request (AttachVolumeNegativeTest:setUpClass): 201 POST http://10.180.1.21/identity/v3/auth/tokens 0.061s
2025-02-12 05:40:22.761 63122 INFO tempest.lib.common.rest_client [req-536fd39f-0693-43f9-8081-cd3da7f77045 req-536fd39f-0693-43f9-8081-cd3da7f77045 ] Request (ImagesMetadataNegativeTestJSON:tearDownClass): 201 POST http://10.180.1.21/identity/v3/auth/tokens 0.060s
2025-02-12 05:40:22.779 63086 INFO tempest.lib.common.rest_client [req-80e7035a-7360-48d4-b2c7-46d736197491 req-80e7035a-7360-48d4-b2c7-46d736197491 ] Request (InstanceActionsTestJSON:test_list_instance_actions): 200 GET http://10.180.1.21/compute/v2.1/servers/2e38f6ab-1536-4c20-a9b4-8ef5a82a7510 0.416s
2025-02-12 05:40:22.782 63126 INFO tempest.lib.common.rest_client [req-1cef75fb-bd72-48b7-a5f8-f5b3f6561e69 req-1cef75fb-bd72-48b7-a5f8-f5b3f6561e69 ] Request (AttachVolumeNegativeTest:setUpClass): 200 GET http://10.180.1.21/identity/v3/domains?name=Default 0.033s
2025-02-12 05:40:22.786 63086 INFO tempest.common.waiters [-] State transition "HARD_REBOOT/rebooting_hard" ==> "HARD_REBOOT/reboot_started_hard" after 3 second wait
