2025-02-12 05:42:24.964 63104 INFO tempest.lib.common.rest_client [req-c40212ec-8503-4733-a52c-213f69f311fe req-c40212ec-8503-4733-a52c-213f69f311fe ] Request (VolumesAssistedSnapshotsTest:tearDownClass): 200 GET http://10.180.1.21/compute/v2.1/servers/ca18ec1c-bb74-4b66-9211-e62244ced588 0.098s
2025-02-12 05:42:25.009 63080 INFO tempest.lib.common.rest_client [req-37d0fa71-191e-4439-b28b-1f6f6d446130 req-37d0fa71-191e-4439-b28b-1f6f6d446130 ] Request (AttachInterfacesTestJSON:test_create_list_show_delete_interfaces_by_fixed_ip): 200 GET http://10.180.1.21/compute/v2.1/servers/ca4f76af-d50a-432a-8f97-adc400d0d4cd 0.093s
2025-02-12 05:42:25.075 63124 INFO tempest.lib.common.rest_client [req-a2e98eda-f0b0-46e5-bbbd-caa39feb2782 req-a2e98eda-f0b0-46e5-bbbd-caa39feb2782 ] Request (ServerAddressesTestJSON:tearDownClass): 200 GET http://10.180.1.21/compute/v2.1/servers/0eaee33b-e18d-4fc0-b0b3-c9e5a8877d20 0.076s
2025-02-12 05:42:25.120 63112 INFO tempest.lib.common.rest_client [req-af055a22-5142-4715-aaef-380b2241f230 req-af055a22-5142-4715-aaef-380b2241f230 ] Request (InstanceActionsNegativeTestJSON:tearDownClass): 200 GET http://10.180.1.21/compute/v2.1/servers/09d13f16-00fc-4dc9-bf6b-962c7c8a1885 0.065s
2025-02-12 05:42:25.197 63130 INFO tempest.lib.common.rest_client [req-21f18ea2-eef1-4957-a1c2-e5fc897de9e4 req-21f18ea2-eef1-4957-a1c2-e5fc897de9e4 ] Request (ServerShowV247Test:test_update_rebuild_list_server): 200 GET http://10.180.1.21/compute/v2.1/servers/78998147-5c0e-4668-9ee8-6b519479d644 0.059s
2025-02-12 05:42:25.446 63106 INFO tempest.lib.common.rest_client [req-aafe3584-f6d6-47ea-9d85-7986dcd914c8 req-aafe3584-f6d6-47ea-9d85-7986dcd914c8 ] Request (ServersAdminTestJSON:test_rebuild_server_in_error_state): 200 GET http://10.180.1.21/compute/v2.1/servers/8729a216-daa8-4081-8dd8-7f913fced04d 0.137s
2025-02-12 05:42:25.449 63118 INFO tempest.lib.common.rest_client [req-71cb0f03-03d3-45ef-b911-3112c569b353 req-71cb0f03-03d3-45ef-b911-3112c569b353 ] Request (ServersTestManualDisk:tearDownClass): 200 GET http://10.180.1.21/compute/v2.1/servers/30160624-7db0-4e61-9fda-227f2e7435ed 0.139s
2025-02-12 05:42:25.494 63084 INFO tempest.lib.common.rest_client [req-5cb7a3d0-284f-417c-961f-9c829086be4e req-5cb7a3d0-284f-417c-961f-9c829086be4e ] Request (SecurityGroupsTestJSON:test_server_security_groups): 200 GET http://10.180.1.21/compute/v2.1/servers/6a1965c6-741e-49bd-8f60-39a68aba1405 0.111s
2025-02-12 05:42:25.580 63096 INFO tempest.lib.common.rest_client [req-bcb9f6e1-ab00-41dd-b411-e9e97913e571 req-bcb9f6e1-ab00-41dd-b411-e9e97913e571 ] Request (ListImageFiltersTestJSON:setUpClass): 200 GET http://10.180.1.21/compute/v2.1/servers/b42ef355-40a7-4398-a3bf-29d087787e47 0.099s
2025-02-12 05:42:25.588 63096 INFO tempest.common.waiters [-] State transition "ACTIVE/image_uploading" ==> "ACTIVE/None" after 2 second wait
2025-02-12 05:42:25.632 63102 INFO tempest.lib.common.rest_client [req-cd6307f4-ecf7-461f-bb46-4b0a61f082cf req-cd6307f4-ecf7-461f-bb46-4b0a61f082cf ] Request (ImagesOneServerNegativeTestJSON:setUpClass): 200 GET http://10.180.1.21/compute/v2.1/servers/260ef9b5-2a7a-4d9c-92b8-26c905e6df44 0.085s
2025-02-12 05:42:25.646 63086 INFO tempest.lib.common.rest_client [req-492185b8-90ef-40f0-ac91-425db77c22d5 req-492185b8-90ef-40f0-ac91-425db77c22d5 ] Request (ServerActionsTestOtherA:setUpClass): 200 GET http://10.180.1.21/compute/v2.1/servers/d6337d35-b274-4c8d-b48a-2e2d2e351e2a 0.102s
2025-02-12 05:42:25.698 63096 INFO tempest.lib.common.rest_client [req-c90f09d9-8bad-41e0-913d-7ea2bb256c57 req-c90f09d9-8bad-41e0-913d-7ea2bb256c57 ] Request (ListImageFiltersTestJSON:test_list_images_filter_by_changes_since): 200 GET http://10.180.1.21/compute/v2.1/images?changes-since=2025-02-12T05%3A40%3A09Z 0.109s
2025-02-12 05:42:25.722 63072 INFO tempest.lib.common.rest_client [req-b969d82d-2a3f-4b5e-959e-49fa8ba48d81 req-b969d82d-2a3f-4b5e-959e-49fa8ba48d81 ] Request (ImagesNegativeTestJSON:test_create_image_from_deleted_server): 200 GET http://10.180.1.21/compute/v2.1/servers/1727ac32-4282-45e7-806a-521e9c92539d 0.113s
2025-02-12 05:42:25.759 63134 INFO tempest.lib.common.rest_client [req-ae004e44-e9a7-4f7a-9655-0912b151eb08 req-ae004e44-e9a7-4f7a-9655-0912b151eb08 ] Request (MigrationsAdminTest:test_resize_server_revert_deleted_flavor): 200 GET http://10.180.1.21/compute/v2.1/servers/7db4dc42-de8d-43db-ad9b-f7925794baca 0.147s
2025-02-12 05:42:25.776 63082 INFO tempest.lib.common.rest_client [req-eec2f896-1467-426d-8b31-87d31cfb7641 req-eec2f896-1467-426d-8b31-87d31cfb7641 ] Request (FloatingIPsAssociationTestJSON:tearDownClass): 200 GET http://10.180.1.21/compute/v2.1/servers/80eef591-a3f2-4b64-a2f7-4bf586f8a01d 0.096s
2025-02-12 05:42:25.803 63096 INFO tempest.lib.common.rest_client [req-b7ac2b43-4558-4b60-bdc3-fb03f685cf43 req-b7ac2b43-4558-4b60-bdc3-fb03f685cf43 ] Request (ListImageFiltersTestJSON:test_list_images_filter_by_name): 200 GET http://10.180.1.21/compute/v2.1/images?name=tempest-ListImageFiltersTestJSON-image-725894653 0.101s
2025-02-12 05:42:25.826 63116 INFO tempest.lib.common.rest_client [req-1f02195a-9f6f-4075-94fd-570793d80388 req-1f02195a-9f6f-4075-94fd-570793d80388 ] Request (ServersAdminNegativeTestJSON:test_migrate_server_invalid_state): 200 GET http://10.180.1.21/compute/v2.1/servers/231daefd-a484-4c38-b86e-90c81b2b10a5 0.074s
2025-02-12 05:42:25.887 63096 INFO tempest.lib.common.rest_client [req-d30ad14b-85f7-430b-b010-71f71b797d3c req-d30ad14b-85f7-430b-b010-71f71b797d3c ] Request (ListImageFiltersTestJSON:test_list_images_filter_by_server_id): 200 GET http://10.180.1.21/compute/v2.1/images?server=b42ef355-40a7-4398-a3bf-29d087787e47 0.081s
2025-02-12 05:42:25.912 63078 INFO tempest.lib.common.rest_client [req-7abf13de-482c-47ef-95f6-3e2ab1c61629 req-7abf13de-482c-47ef-95f6-3e2ab1c61629 ] Request (ImagesTestJSON:test_create_image_from_suspended_server): 200 GET http://10.180.1.21/compute/v2.1/servers/909c21a0-070c-4c98-923f-1a515a159acd 0.158s
2025-02-12 05:42:25.949 63100 INFO tempest.lib.common.rest_client [req-79acca5f-f589-4292-baf4-ced858363e60 req-79acca5f-f589-4292-baf4-ced858363e60 ] Request (ListServersNegativeTestJSON:tearDownClass): 200 GET http://10.180.1.21/compute/v2.1/servers/dc21107d-fc9e-45be-a665-21c9fb44617f 0.123s
2025-02-12 05:42:25.950 63096 INFO tempest.lib.common.rest_client [req-8ae40275-3ac8-4c40-8775-d8f5a6877643 req-8ae40275-3ac8-4c40-8775-d8f5a6877643 ] Request (ListImageFiltersTestJSON:test_list_images_filter_by_server_ref): 200 GET http://10.180.1.21/compute/v2.1/images?server=http%3A%2F%2F10.180.1.21%2Fcompute%2Fv2.1%2Fservers%2F71299699-d75c-4271-8752-15f96c7940c2 0.057s
2025-02-12 05:42:25.991 63096 INFO tempest.lib.common.rest_client [req-210756e8-51e2-432d-8388-aad761d9f345 req-210756e8-51e2-432d-8388-aad761d9f345 ] Request (ListImageFiltersTestJSON:test_list_images_filter_by_server_ref): 200 GET http://10.180.1.21/compute/v2.1/images?server=http%3A%2F%2F10.180.1.21%2Fcompute%2Fservers%2F71299699-d75c-4271-8752-15f96c7940c2 0.039s
2025-02-12 05:42:25.998 63090 INFO tempest.lib.common.rest_client [req-7c885db7-98ab-4dbc-9c1d-95de5f48b49b req-7c885db7-98ab-4dbc-9c1d-95de5f48b49b ] Request (ServersWithSpecificFlavorTestJSON:test_verify_created_server_ephemeral_disk): 200 GET http://10.180.1.21/compute/v2.1/servers/16ca2374-be47-4b29-a31a-a92f59c09694 0.103s
2025-02-12 05:42:26.056 63104 INFO tempest.lib.common.rest_client [req-ff462193-c483-43af-9b02-4ca7a00e23b9 req-ff462193-c483-43af-9b02-4ca7a00e23b9 ] Request (VolumesAssistedSnapshotsTest:tearDownClass): 200 GET http://10.180.1.21/compute/v2.1/servers/ca18ec1c-bb74-4b66-9211-e62244ced588 0.077s
2025-02-12 05:42:26.091 63076 INFO tempest.lib.common.rest_client [req-a5f0a7fd-9879-40f2-b1bc-eac5e17cad79 req-a5f0a7fd-9879-40f2-b1bc-eac5e17cad79 ] Request (AttachInterfacesV270Test:test_create_get_list_interfaces): 200 GET http://10.180.1.21/compute/v2.1/servers/ba219d60-2e96-4f25-bb94-2ee38ad75d37 0.138s
2025-02-12 05:42:26.103 63076 INFO tempest.common.waiters [-] State transition "BUILD/block_device_mapping" ==> "BUILD/spawning" after 75 second wait
2025-02-12 05:42:26.122 63096 INFO tempest.lib.common.rest_client [req-e0725bc3-9770-4010-adc4-4b4008d4aabf req-e0725bc3-9770-4010-adc4-4b4008d4aabf ] Request (ListImageFiltersTestJSON:test_list_images_filter_by_status): 200 GET http://10.180.1.21/compute/v2.1/images?status=ACTIVE 0.126s
2025-02-12 05:42:26.150 63080 INFO tempest.lib.common.rest_client [req-e26d44c2-b273-4224-932d-644637cb82d0 req-e26d44c2-b273-4224-932d-644637cb82d0 ] Request (AttachInterfacesTestJSON:test_create_list_show_delete_interfaces_by_fixed_ip): 200 GET http://10.180.1.21/compute/v2.1/servers/ca4f76af-d50a-432a-8f97-adc400d0d4cd 0.131s
2025-02-12 05:42:26.185 63124 INFO tempest.lib.common.rest_client [req-e5169039-4144-4841-abc8-fde47c043d4d req-e5169039-4144-4841-abc8-fde47c043d4d ] Request (ServerAddressesTestJSON:tearDownClass): 200 GET http://10.180.1.21/compute/v2.1/servers/0eaee33b-e18d-4fc0-b0b3-c9e5a8877d20 0.102s
2025-02-12 05:42:26.196 63096 INFO tempest.lib.common.rest_client [req-6a12f01b-2d96-4f3e-9ede-c8448421a7b3 req-6a12f01b-2d96-4f3e-9ede-c8448421a7b3 ] Request (ListImageFiltersTestJSON:test_list_images_filter_by_type): 200 GET http://10.180.1.21/compute/v2.1/images?type=snapshot 0.070s
2025-02-12 05:42:26.238 63096 INFO tempest.lib.common.rest_client [req-df560665-9c1c-4260-b9d2-17a639051936 req-df560665-9c1c-4260-b9d2-17a639051936 ] Request (ListImageFiltersTestJSON:test_list_images_limit_results): 200 GET http://10.180.1.21/compute/v2.1/images?limit=1 0.037s
2025-02-12 05:42:26.252 63112 INFO tempest.lib.common.rest_client [req-a5e7ec8c-8c1a-4e6d-8370-61e671eef5cb req-a5e7ec8c-8c1a-4e6d-8370-61e671eef5cb ] Request (InstanceActionsNegativeTestJSON:tearDownClass): 200 GET http://10.180.1.21/compute/v2.1/servers/09d13f16-00fc-4dc9-bf6b-962c7c8a1885 0.123s
2025-02-12 05:42:26.297 63130 INFO tempest.lib.common.rest_client [req-15f3c765-df2c-405a-974f-5d40b8d52d05 req-15f3c765-df2c-405a-974f-5d40b8d52d05 ] Request (ServerShowV247Test:test_update_rebuild_list_server): 200 GET http://10.180.1.21/compute/v2.1/servers/78998147-5c0e-4668-9ee8-6b519479d644 0.089s
2025-02-12 05:42:26.301 63096 INFO tempest.lib.common.rest_client [req-d5417a6c-ceed-4d8f-a7db-bfef941980b5 req-d5417a6c-ceed-4d8f-a7db-bfef941980b5 ] Request (ListImageFiltersTestJSON:test_list_images_with_detail_filter_by_changes_since): 200 GET http://10.180.1.21/compute/v2.1/images/detail?changes-since=2025-02-12T05%3A39%3A59Z 0.060s
2025-02-12 05:42:26.347 63096 INFO tempest.lib.common.rest_client [req-e89af468-a665-4dd4-b74c-8b1f55f28115 req-e89af468-a665-4dd4-b74c-8b1f55f28115 ] Request (ListImageFiltersTestJSON:test_list_images_with_detail_filter_by_name): 200 GET http://10.180.1.21/compute/v2.1/images/detail?name=tempest-ListImageFiltersTestJSON-image-725894653 0.036s
2025-02-12 05:42:26.390 63096 INFO tempest.lib.common.rest_client [req-09eddcdd-dbf6-489c-918a-30917b4a6d38 req-09eddcdd-dbf6-489c-918a-30917b4a6d38 ] Request (ListImageFiltersTestJSON:test_list_images_with_detail_filter_by_server_ref): 200 GET http://10.180.1.21/compute/v2.1/images/detail?server=http%3A%2F%2F10.180.1.21%2Fcompute%2Fv2.1%2Fservers%2F71299699-d75c-4271-8752-15f96c7940c2 0.038s
2025-02-12 05:42:26.449 63096 INFO tempest.lib.common.rest_client [req-ab4d90bd-ab29-498e-b6e5-e9a119af694d req-ab4d90bd-ab29-498e-b6e5-e9a119af694d ] Request (ListImageFiltersTestJSON:test_list_images_with_detail_filter_by_server_ref): 200 GET http://10.180.1.21/compute/v2.1/images/detail?server=http%3A%2F%2F10.180.1.21%2Fcompute%2Fservers%2F71299699-d75c-4271-8752-15f96c7940c2 0.056s
2025-02-12 05:42:26.515 63096 INFO tempest.lib.common.rest_client [req-9b89b43e-a20b-4d00-a89b-ee09c0be3535 req-9b89b43e-a20b-4d00-a89b-ee09c0be3535 ] Request (ListImageFiltersTestJSON:test_list_images_with_detail_filter_by_status): 200 GET http://10.180.1.21/compute/v2.1/images/detail?status=ACTIVE 0.059s
2025-02-12 05:42:26.643 63128 INFO paramiko.transport [-] Connected (version 2.0, client dropbear_2020.81)
2025-02-12 05:42:26.704 63128 INFO paramiko.transport [-] Authentication (publickey) successful!
2025-02-12 05:42:26.705 63128 INFO tempest.lib.common.ssh [-] ssh connection to cirros@10.180.180.170 successfully created
2025-02-12 05:42:26.906 63118 INFO tempest.lib.common.rest_client [req-cc430d3d-7882-4a3f-b78e-35946eec483f req-cc430d3d-7882-4a3f-b78e-35946eec483f ] Request (ServersTestManualDisk:tearDownClass): 200 GET http://10.180.1.21/compute/v2.1/servers/30160624-7db0-4e61-9fda-227f2e7435ed 0.445s
2025-02-12 05:42:26.911 63106 INFO tempest.lib.common.rest_client [req-e002e913-7f10-4b49-b879-36d9dd2fc2ee req-e002e913-7f10-4b49-b879-36d9dd2fc2ee ] Request (ServersAdminTestJSON:test_rebuild_server_in_error_state): 200 GET http://10.180.1.21/compute/v2.1/servers/8729a216-daa8-4081-8dd8-7f913fced04d 0.457s
2025-02-12 05:42:26.921 63106 INFO tempest.common.waiters [-] State transition "REBUILD/rebuild_spawning" ==> "ACTIVE/None" after 11 second wait
2025-02-12 05:42:26.964 63096 INFO tempest.lib.common.rest_client [req-b4d3be90-a695-4454-8233-42bc46fceba8 req-b4d3be90-a695-4454-8233-42bc46fceba8 ] Request (ListImageFiltersTestJSON:test_list_images_with_detail_filter_by_type): 200 GET http://10.180.1.21/compute/v2.1/images/detail?type=snapshot 0.442s
2025-02-12 05:42:26.981 63084 INFO tempest.lib.common.rest_client [req-a5dbfb90-5fbc-44be-a51a-3f8ce84caab5 req-a5dbfb90-5fbc-44be-a51a-3f8ce84caab5 ] Request (SecurityGroupsTestJSON:test_server_security_groups): 200 GET http://10.180.1.21/compute/v2.1/servers/6a1965c6-741e-49bd-8f60-39a68aba1405 0.479s
2025-02-12 05:42:27.057 63102 INFO tempest.lib.common.rest_client [req-03d78aab-f5d6-4bd1-8004-807c3b955c59 req-03d78aab-f5d6-4bd1-8004-807c3b955c59 ] Request (ImagesOneServerNegativeTestJSON:setUpClass): 200 GET http://10.180.1.21/compute/v2.1/servers/260ef9b5-2a7a-4d9c-92b8-26c905e6df44 0.417s
2025-02-12 05:42:27.108 63128 INFO tempest.lib.common.rest_client [req-03dd73c8-ad14-40e5-a9f6-d364306c6785 req-03dd73c8-ad14-40e5-a9f6-d364306c6785 ] Request (ServersTestJSON:test_list_servers): 200 GET http://10.180.1.21/compute/v2.1/servers 0.398s
2025-02-12 05:42:27.168 63072 INFO tempest.lib.common.rest_client [req-bb49d5e6-2ea6-485b-a80a-ad2c940aa7c8 req-bb49d5e6-2ea6-485b-a80a-ad2c940aa7c8 ] Request (ImagesNegativeTestJSON:test_create_image_from_deleted_server): 200 GET http://10.180.1.21/compute/v2.1/servers/1727ac32-4282-45e7-806a-521e9c92539d 0.437s
2025-02-12 05:42:27.194 63086 INFO tempest.lib.common.rest_client [req-8edee6c1-57a6-4218-8323-3b05697c79c4 req-8edee6c1-57a6-4218-8323-3b05697c79c4 ] Request (ServerActionsTestOtherA:setUpClass): 200 GET http://10.180.1.21/compute/v2.1/servers/d6337d35-b274-4c8d-b48a-2e2d2e351e2a 0.539s
2025-02-12 05:42:27.224 63134 INFO tempest.lib.common.rest_client [req-57be73e5-38e5-4bfb-ac5d-d18a7bf80263 req-57be73e5-38e5-4bfb-ac5d-d18a7bf80263 ] Request (MigrationsAdminTest:test_resize_server_revert_deleted_flavor): 200 GET http://10.180.1.21/compute/v2.1/servers/7db4dc42-de8d-43db-ad9b-f7925794baca 0.456s
2025-02-12 05:42:27.289 63082 INFO tempest.lib.common.rest_client [req-762afd21-7e0b-4d76-9023-03cae06266fa req-762afd21-7e0b-4d76-9023-03cae06266fa ] Request (FloatingIPsAssociationTestJSON:tearDownClass): 200 GET http://10.180.1.21/compute/v2.1/servers/80eef591-a3f2-4b64-a2f7-4bf586f8a01d 0.503s
2025-02-12 05:42:27.298 63116 INFO tempest.lib.common.rest_client [req-a5b45894-477a-408d-852d-8fb058d0a037 req-a5b45894-477a-408d-852d-8fb058d0a037 ] Request (ServersAdminNegativeTestJSON:test_migrate_server_invalid_state): 200 GET http://10.180.1.21/compute/v2.1/servers/231daefd-a484-4c38-b86e-90c81b2b10a5 0.464s
2025-02-12 05:42:27.463 63106 INFO tempest.lib.common.rest_client [req-e2a524ad-f0e9-4d8a-a107-2e063b2a4ed4 req-e2a524ad-f0e9-4d8a-a107-2e063b2a4ed4 ] Request (ServersAdminTestJSON:test_rebuild_server_in_error_state): 200 GET http://10.180.1.21/compute/v2.1/servers/8729a216-daa8-4081-8dd8-7f913fced04d 0.542s
2025-02-12 05:42:27.484 63100 INFO tempest.lib.common.rest_client [req-7e7407bc-7aa4-4873-9d66-05239b06256e req-7e7407bc-7aa4-4873-9d66-05239b06256e ] Request (ListServersNegativeTestJSON:tearDownClass): 404 GET http://10.180.1.21/compute/v2.1/servers/dc21107d-fc9e-45be-a665-21c9fb44617f 0.525s
2025-02-12 05:42:27.509 63078 INFO tempest.lib.common.rest_client [req-b7e90234-17f5-4bf0-bdee-d07d243bd75e req-b7e90234-17f5-4bf0-bdee-d07d243bd75e ] Request (ImagesTestJSON:test_create_image_from_suspended_server): 200 GET http://10.180.1.21/compute/v2.1/servers/909c21a0-070c-4c98-923f-1a515a159acd 0.585s
2025-02-12 05:42:27.518 63078 INFO tempest.common.waiters [-] State transition "BUILD/spawning" ==> "ACTIVE/None" after 85 second wait
2025-02-12 05:42:27.528 63096 INFO tempest.lib.common.rest_client [req-2f813a4e-63ae-483e-ae02-cf87052c4a10 req-2f813a4e-63ae-483e-ae02-cf87052c4a10 ] Request (ListImageFiltersTestJSON:test_list_images_with_detail_filter_by_type): 200 GET http://10.180.1.21/compute/v2.1/images/b65a7753-357e-4792-a94f-45d4b35d94e4 0.557s
2025-02-12 05:42:27.559 63090 INFO tempest.lib.common.rest_client [req-fd07c6d7-5ad4-4b81-a86e-4e4708cf2e4d req-fd07c6d7-5ad4-4b81-a86e-4e4708cf2e4d ] Request (ServersWithSpecificFlavorTestJSON:test_verify_created_server_ephemeral_disk): 200 GET http://10.180.1.21/compute/v2.1/servers/16ca2374-be47-4b29-a31a-a92f59c09694 0.552s
2025-02-12 05:42:27.587 63104 INFO tempest.lib.common.rest_client [req-e64730ec-0380-40ca-b0a0-849e04c212da req-e64730ec-0380-40ca-b0a0-849e04c212da ] Request (VolumesAssistedSnapshotsTest:tearDownClass): 200 GET http://10.180.1.21/compute/v2.1/servers/ca18ec1c-bb74-4b66-9211-e62244ced588 0.523s
2025-02-12 05:42:27.651 63076 INFO tempest.lib.common.rest_client [req-9067026a-304b-42c0-929a-bdaa1b85bc80 req-9067026a-304b-42c0-929a-bdaa1b85bc80 ] Request (AttachInterfacesV270Test:test_create_get_list_interfaces): 200 GET http://10.180.1.21/compute/v2.1/servers/ba219d60-2e96-4f25-bb94-2ee38ad75d37 0.547s
2025-02-12 05:42:27.705 63080 INFO tempest.lib.common.rest_client [req-044852f2-ac46-4065-a26b-1c8b34470eb4 req-044852f2-ac46-4065-a26b-1c8b34470eb4 ] Request (AttachInterfacesTestJSON:test_create_list_show_delete_interfaces_by_fixed_ip): 200 GET http://10.180.1.21/compute/v2.1/servers/ca4f76af-d50a-432a-8f97-adc400d0d4cd 0.543s
2025-02-12 05:42:27.743 63128 INFO tempest.lib.common.rest_client [req-2382c0c5-7d55-48e7-a03c-3329e9e6213f req-2382c0c5-7d55-48e7-a03c-3329e9e6213f ] Request (ServersTestJSON:test_list_servers_with_detail): 200 GET http://10.180.1.21/compute/v2.1/servers/detail 0.632s
2025-02-12 05:42:27.765 63124 INFO tempest.lib.common.rest_client [req-86881f68-7660-45d5-8458-58bec50fb566 req-86881f68-7660-45d5-8458-58bec50fb566 ] Request (ServerAddressesTestJSON:tearDownClass): 200 GET http://10.180.1.21/compute/v2.1/servers/0eaee33b-e18d-4fc0-b0b3-c9e5a8877d20 0.571s
2025-02-12 05:42:27.800 63112 INFO tempest.lib.common.rest_client [req-a766cd35-58d2-47eb-b1df-b9842bf54385 req-a766cd35-58d2-47eb-b1df-b9842bf54385 ] Request (InstanceActionsNegativeTestJSON:tearDownClass): 200 GET http://10.180.1.21/compute/v2.1/servers/09d13f16-00fc-4dc9-bf6b-962c7c8a1885 0.540s
2025-02-12 05:42:27.816 63130 INFO tempest.lib.common.rest_client [req-0e494f9f-ee60-4af2-8d07-d1daeacd569f req-0e494f9f-ee60-4af2-8d07-d1daeacd569f ] Request (ServerShowV247Test:test_update_rebuild_list_server): 200 GET http://10.180.1.21/compute/v2.1/servers/78998147-5c0e-4668-9ee8-6b519479d644 0.508s
2025-02-12 05:42:27.825 63130 INFO tempest.common.waiters [-] State transition "REBUILD/rebuild_spawning" ==> "ACTIVE/None" after 11 second wait
2025-02-12 05:42:27.835 63100 INFO tempest.lib.common.rest_client [req-86278202-30f1-4882-bb6c-43488152cbbe req-86278202-30f1-4882-bb6c-43488152cbbe ] Request (ListServersNegativeTestJSON:tearDownClass): 404 GET http://10.180.1.21/compute/v2.1/servers/89452068-893d-4621-b837-92cbf34a2702 0.351s
2025-02-12 05:42:27.897 63078 INFO tempest.lib.common.rest_client [req-af15a455-67d7-4a6c-b93d-c83c2aec3dd1 req-af15a455-67d7-4a6c-b93d-c83c2aec3dd1 ] Request (ImagesTestJSON:test_create_image_from_suspended_server): 202 POST http://10.180.1.21/compute/v2.1/servers/909c21a0-070c-4c98-923f-1a515a159acd/action 0.379s
2025-02-12 05:42:27.932 63096 INFO tempest.lib.common.rest_client [req-4080c39e-dcf2-4ad8-89d0-4912ac441ce5 req-4080c39e-dcf2-4ad8-89d0-4912ac441ce5 ] Request (ListImageFiltersTestJSON:test_list_images_with_detail_limit_results): 200 GET http://10.180.1.21/compute/v2.1/images/detail?limit=1 0.399s
2025-02-12 05:42:27.943 63106 INFO tempest.lib.common.rest_client [req-68742939-4070-4667-8856-b37b2a72d606 req-68742939-4070-4667-8856-b37b2a72d606 ] Request (ServersAdminTestJSON:_run_cleanups): 202 POST http://10.180.1.21/compute/v2.1/servers/8729a216-daa8-4081-8dd8-7f913fced04d/action 0.466s
2025-02-12 05:42:27.964 63128 INFO tempest.lib.common.rest_client [req-f01c4cd4-e7af-41e2-abfe-1a71b0284d10 req-f01c4cd4-e7af-41e2-abfe-1a71b0284d10 ] Request (ServersTestJSON:test_verify_created_server_vcpus): 200 GET http://10.180.1.21/compute/v2.1/flavors/42 0.208s
2025-02-12 05:42:27.967 63128 INFO tempest.lib.common.ssh [-] Creating ssh connection to '10.180.180.170:22' as 'cirros' with public key authentication
2025-02-12 05:42:27.970 63128 INFO paramiko.transport [-] Connected (version 2.0, client dropbear_2020.81)
2025-02-12 05:42:28.028 63128 INFO paramiko.transport [-] Authentication (publickey) successful!
2025-02-12 05:42:28.028 63128 INFO tempest.lib.common.ssh [-] ssh connection to cirros@10.180.180.170 successfully created
2025-02-12 05:42:28.033 63100 INFO tempest.lib.common.rest_client [req-0124b4a0-1322-43bf-b187-02618c376c5e req-0124b4a0-1322-43bf-b187-02618c376c5e ] Request (ListServersNegativeTestJSON:tearDownClass): 200 GET http://10.180.1.21/compute/v2.1/servers/293a4ffc-88d9-4b27-93a8-a0508441e299 0.198s
2025-02-12 05:42:28.037 63110 INFO paramiko.transport [-] Connected (version 2.0, client dropbear_2020.81)
2025-02-12 05:42:28.114 63130 INFO tempest.lib.common.rest_client [req-81170edb-d07a-41f4-a5e5-9436ae300852 req-81170edb-d07a-41f4-a5e5-9436ae300852 ] Request (ServerShowV247Test:test_update_rebuild_list_server): 200 GET http://10.180.1.21/compute/v2.1/servers/detail 0.289s
2025-02-12 05:42:28.146 63110 INFO paramiko.transport [-] Authentication (publickey) successful!
2025-02-12 05:42:28.146 63110 INFO tempest.lib.common.ssh [-] ssh connection to cirros@10.180.180.204 successfully created
2025-02-12 05:42:28.154 63078 INFO tempest.lib.common.rest_client [req-8f50d2bf-7342-43b1-bb11-4c92d4075306 req-8f50d2bf-7342-43b1-bb11-4c92d4075306 ] Request (ImagesTestJSON:test_create_image_from_suspended_server): 200 GET http://10.180.1.21/compute/v2.1/servers/909c21a0-070c-4c98-923f-1a515a159acd 0.256s
2025-02-12 05:42:28.171 63110 INFO tempest.lib.common.ssh [-] Creating ssh connection to '10.180.180.204:22' as 'cirros' with public key authentication
2025-02-12 05:42:28.174 63110 INFO paramiko.transport [-] Connected (version 2.0, client dropbear_2020.81)
2025-02-12 05:42:28.175 63118 INFO tempest.lib.common.rest_client [req-aaceb941-1a1e-4dcc-ad63-73663c6ce150 req-aaceb941-1a1e-4dcc-ad63-73663c6ce150 ] Request (ServersTestManualDisk:tearDownClass): 200 GET http://10.180.1.21/compute/v2.1/servers/30160624-7db0-4e61-9fda-227f2e7435ed 0.262s
2025-02-12 05:42:28.232 63110 INFO paramiko.transport [-] Authentication (publickey) successful!
2025-02-12 05:42:28.232 63110 INFO tempest.lib.common.ssh [-] ssh connection to cirros@10.180.180.204 successfully created
2025-02-12 05:42:28.278 63096 INFO tempest.lib.common.rest_client [req-11953580-1d03-4700-ad65-03423540920c req-11953580-1d03-4700-ad65-03423540920c ] Request (ListImageFiltersTestJSON:tearDownClass): 204 DELETE http://10.180.1.21/compute/v2.1/images/9135955d-1e45-4016-8702-3d0f39416425 0.342s
2025-02-12 05:42:28.281 63106 INFO tempest.lib.common.rest_client [req-3047d30b-c614-42e9-b561-68e1a91feed8 req-3047d30b-c614-42e9-b561-68e1a91feed8 ] Request (ServersAdminTestJSON:_run_cleanups): 200 GET http://10.180.1.21/compute/v2.1/servers/8729a216-daa8-4081-8dd8-7f913fced04d 0.333s
2025-02-12 05:42:28.336 63084 INFO tempest.lib.common.rest_client [req-59deef7e-d744-46c0-9254-4e28cba48aa2 req-59deef7e-d744-46c0-9254-4e28cba48aa2 ] Request (SecurityGroupsTestJSON:test_server_security_groups): 200 GET http://10.180.1.21/compute/v2.1/servers/6a1965c6-741e-49bd-8f60-39a68aba1405 0.339s
2025-02-12 05:42:28.367 63128 INFO tempest.lib.common.rest_client [req-439edcae-8ffb-406f-8c9c-e6065acca4d5 req-439edcae-8ffb-406f-8c9c-e6065acca4d5 ] Request (ServersTestJSON:tearDownClass): 204 DELETE http://10.180.1.21/compute/v2.1/servers/c79321d7-40fe-42ca-a2bb-6d43b1c5f8c3 0.330s
2025-02-12 05:42:28.391 63102 INFO tempest.lib.common.rest_client [req-fb4815ef-cb82-473a-8423-a6fc44ffa1a2 req-fb4815ef-cb82-473a-8423-a6fc44ffa1a2 ] Request (ImagesOneServerNegativeTestJSON:setUpClass): 200 GET http://10.180.1.21/compute/v2.1/servers/260ef9b5-2a7a-4d9c-92b8-26c905e6df44 0.322s
2025-02-12 05:42:28.443 63130 INFO tempest.lib.common.rest_client [req-8a4114c2-9c2d-4518-9854-c5900f4fe7ba req-8a4114c2-9c2d-4518-9854-c5900f4fe7ba ] Request (ServerShowV247Test:tearDownClass): 204 DELETE http://10.180.1.21/compute/v2.1/servers/78998147-5c0e-4668-9ee8-6b519479d644 0.314s
2025-02-12 05:42:28.446 63072 INFO tempest.lib.common.rest_client [req-76162e73-12ba-4f55-a593-facdf2617dce req-76162e73-12ba-4f55-a593-facdf2617dce ] Request (ImagesNegativeTestJSON:test_create_image_from_deleted_server): 200 GET http://10.180.1.21/compute/v2.1/servers/1727ac32-4282-45e7-806a-521e9c92539d 0.267s
2025-02-12 05:42:28.515 63134 INFO tempest.lib.common.rest_client [req-3bc4bf01-3a7b-4d5e-b3f0-c038213125fa req-3bc4bf01-3a7b-4d5e-b3f0-c038213125fa ] Request (MigrationsAdminTest:test_resize_server_revert_deleted_flavor): 200 GET http://10.180.1.21/compute/v2.1/servers/7db4dc42-de8d-43db-ad9b-f7925794baca 0.282s
2025-02-12 05:42:28.560 63086 INFO tempest.lib.common.rest_client [req-0eb9ba90-fe2f-40ed-aebf-a48197d6b87e req-0eb9ba90-fe2f-40ed-aebf-a48197d6b87e ] Request (ServerActionsTestOtherA:setUpClass): 200 GET http://10.180.1.21/compute/v2.1/servers/d6337d35-b274-4c8d-b48a-2e2d2e351e2a 0.358s
2025-02-12 05:42:28.621 63082 INFO tempest.lib.common.rest_client [req-1412e0a7-ae98-4586-931b-97cfb5ec8012 req-1412e0a7-ae98-4586-931b-97cfb5ec8012 ] Request (FloatingIPsAssociationTestJSON:tearDownClass): 200 GET http://10.180.1.21/compute/v2.1/servers/80eef591-a3f2-4b64-a2f7-4bf586f8a01d 0.325s
2025-02-12 05:42:28.629 63096 INFO tempest.lib.common.rest_client [req-0682d36b-3638-4bef-826b-5ea36182ce9d req-0682d36b-3638-4bef-826b-5ea36182ce9d ] Request (ListImageFiltersTestJSON:tearDownClass): 204 DELETE http://10.180.1.21/compute/v2.1/images/54deabeb-6d71-40db-b87d-0b2da5196c49 0.350s
2025-02-12 05:42:28.673 63116 INFO tempest.lib.common.rest_client [req-27dd1c92-611a-4549-b899-e466a78e50bf req-27dd1c92-611a-4549-b899-e466a78e50bf ] Request (ServersAdminNegativeTestJSON:test_migrate_server_invalid_state): 200 GET http://10.180.1.21/compute/v2.1/servers/231daefd-a484-4c38-b86e-90c81b2b10a5 0.361s
2025-02-12 05:42:28.732 63130 INFO tempest.lib.common.rest_client [req-e12ca098-b957-43fc-b4ee-2cb431793b48 req-e12ca098-b957-43fc-b4ee-2cb431793b48 ] Request (ServerShowV247Test:tearDownClass): 200 GET http://10.180.1.21/compute/v2.1/servers/78998147-5c0e-4668-9ee8-6b519479d644 0.289s
2025-02-12 05:42:28.744 63128 INFO tempest.lib.common.rest_client [req-d21ba822-b5e2-4b93-ba04-9a6c42308915 req-d21ba822-b5e2-4b93-ba04-9a6c42308915 ] Request (ServersTestJSON:tearDownClass): 200 GET http://10.180.1.21/compute/v2.1/servers/c79321d7-40fe-42ca-a2bb-6d43b1c5f8c3 0.376s
2025-02-12 05:42:28.791 63090 INFO tempest.lib.common.rest_client [req-9e88ffd5-9bb2-4ebe-a4cc-d71283a8d6b8 req-9e88ffd5-9bb2-4ebe-a4cc-d71283a8d6b8 ] Request (ServersWithSpecificFlavorTestJSON:test_verify_created_server_ephemeral_disk): 200 GET http://10.180.1.21/compute/v2.1/servers/16ca2374-be47-4b29-a31a-a92f59c09694 0.223s
2025-02-12 05:42:28.805 63104 INFO tempest.lib.common.rest_client [req-6fddeaec-3e6e-4b4a-973a-70f9559c0f99 req-6fddeaec-3e6e-4b4a-973a-70f9559c0f99 ] Request (VolumesAssistedSnapshotsTest:tearDownClass): 200 GET http://10.180.1.21/compute/v2.1/servers/ca18ec1c-bb74-4b66-9211-e62244ced588 0.210s
2025-02-12 05:42:28.882 63132 WARNING tempest.lib.common.ssh [-] Failed to establish authenticated ssh connection to cirros@10.180.180.232 ([Errno None] Unable to connect to port 22 on 10.180.180.232). Number attempts: 14. Retry after 15 seconds.: paramiko.ssh_exception.NoValidConnectionsError: [Errno None] Unable to connect to port 22 on 10.180.180.232
2025-02-12 05:42:28.896 63096 INFO tempest.lib.common.rest_client [req-b11fb463-ac17-46c0-9203-17b2d240e8b5 req-b11fb463-ac17-46c0-9203-17b2d240e8b5 ] Request (ListImageFiltersTestJSON:tearDownClass): 204 DELETE http://10.180.1.21/compute/v2.1/images/615479d1-65ff-498f-83b8-b0194b562b4a 0.266s
2025-02-12 05:42:28.901 63076 INFO tempest.lib.common.rest_client [req-d6c54323-7a61-4d96-b5ba-8b3cccc4bc3d req-d6c54323-7a61-4d96-b5ba-8b3cccc4bc3d ] Request (AttachInterfacesV270Test:test_create_get_list_interfaces): 200 GET http://10.180.1.21/compute/v2.1/servers/ba219d60-2e96-4f25-bb94-2ee38ad75d37 0.238s
2025-02-12 05:42:28.945 63080 INFO tempest.lib.common.rest_client [req-e7d8ed5f-039d-41b8-86c1-f83ae4eb492e req-e7d8ed5f-039d-41b8-86c1-f83ae4eb492e ] Request (AttachInterfacesTestJSON:test_create_list_show_delete_interfaces_by_fixed_ip): 200 GET http://10.180.1.21/compute/v2.1/servers/ca4f76af-d50a-432a-8f97-adc400d0d4cd 0.227s
2025-02-12 05:42:28.954 63124 INFO tempest.lib.common.rest_client [req-87ecf37c-5b57-4de9-ada7-aae6f8049b11 req-87ecf37c-5b57-4de9-ada7-aae6f8049b11 ] Request (ServerAddressesTestJSON:tearDownClass): 200 GET http://10.180.1.21/compute/v2.1/servers/0eaee33b-e18d-4fc0-b0b3-c9e5a8877d20 0.181s
2025-02-12 05:42:28.995 63112 INFO tempest.lib.common.rest_client [req-131402cd-90a7-4ec5-847d-18082f27843e req-131402cd-90a7-4ec5-847d-18082f27843e ] Request (InstanceActionsNegativeTestJSON:tearDownClass): 200 GET http://10.180.1.21/compute/v2.1/servers/09d13f16-00fc-4dc9-bf6b-962c7c8a1885 0.187s
2025-02-12 05:42:29.027 63096 INFO tempest.lib.common.rest_client [req-d4486f42-e4d1-41cd-bf41-df1b97e95a90 req-d4486f42-e4d1-41cd-bf41-df1b97e95a90 ] Request (ListImageFiltersTestJSON:tearDownClass): 204 DELETE http://10.180.1.21/compute/v2.1/servers/71299699-d75c-4271-8752-15f96c7940c2 0.131s
2025-02-12 05:42:29.070 63100 INFO tempest.lib.common.rest_client [req-ed3c80a1-8657-4540-84e6-71e763807db7 req-ed3c80a1-8657-4540-84e6-71e763807db7 ] Request (ListServersNegativeTestJSON:tearDownClass): 404 GET http://10.180.1.21/compute/v2.1/servers/293a4ffc-88d9-4b27-93a8-a0508441e299 0.027s
2025-02-12 05:42:29.155 63096 INFO tempest.lib.common.rest_client [req-be25e18c-f21b-4768-9d66-fcd53a8de0ff req-be25e18c-f21b-4768-9d66-fcd53a8de0ff ] Request (ListImageFiltersTestJSON:tearDownClass): 200 GET http://10.180.1.21/compute/v2.1/servers/71299699-d75c-4271-8752-15f96c7940c2 0.127s
2025-02-12 05:42:29.243 63118 INFO tempest.lib.common.rest_client [req-f4696409-1764-4634-845b-c78011ba6e05 req-f4696409-1764-4634-845b-c78011ba6e05 ] Request (ServersTestManualDisk:tearDownClass): 200 GET http://10.180.1.21/compute/v2.1/servers/30160624-7db0-4e61-9fda-227f2e7435ed 0.058s
2025-02-12 05:42:29.250 63118 INFO tempest.common.waiters [-] State transition "ACTIVE/deleting" ==> "DELETED/None" after 5 second wait
2025-02-12 05:42:29.261 63078 INFO tempest.lib.common.rest_client [req-5ca055fd-c2b3-45b9-b367-2ebb226a9918 req-5ca055fd-c2b3-45b9-b367-2ebb226a9918 ] Request (ImagesTestJSON:test_create_image_from_suspended_server): 200 GET http://10.180.1.21/compute/v2.1/servers/909c21a0-070c-4c98-923f-1a515a159acd 0.099s
2025-02-12 05:42:29.340 63110 INFO tempest.lib.common.rest_client [req-a9047ad0-ea99-4ef1-a38c-54d660587064 req-a9047ad0-ea99-4ef1-a38c-54d660587064 ] Request (ServersV294TestFqdnHostnames:tearDownClass): 204 DELETE http://10.180.1.21/compute/v2.1/servers/7449cdc9-720c-4046-80cd-f612ea9cb835 0.078s
2025-02-12 05:42:29.394 63106 INFO tempest.lib.common.rest_client [req-f3185e7e-05b4-440b-a9d6-9f8ce393f72c req-f3185e7e-05b4-440b-a9d6-9f8ce393f72c ] Request (ServersAdminTestJSON:_run_cleanups): 200 GET http://10.180.1.21/compute/v2.1/servers/8729a216-daa8-4081-8dd8-7f913fced04d 0.104s
2025-02-12 05:42:29.462 63084 INFO tempest.lib.common.rest_client [req-1f951a57-d92d-4dce-bdc1-de16c2ebc043 req-1f951a57-d92d-4dce-bdc1-de16c2ebc043 ] Request (SecurityGroupsTestJSON:test_server_security_groups): 200 GET http://10.180.1.21/compute/v2.1/servers/6a1965c6-741e-49bd-8f60-39a68aba1405 0.117s
2025-02-12 05:42:29.485 63110 INFO tempest.lib.common.rest_client [req-fae59118-6f64-455a-8128-f1ecc7618580 req-fae59118-6f64-455a-8128-f1ecc7618580 ] Request (ServersV294TestFqdnHostnames:tearDownClass): 200 GET http://10.180.1.21/compute/v2.1/servers/7449cdc9-720c-4046-80cd-f612ea9cb835 0.145s
2025-02-12 05:42:29.514 63102 INFO tempest.lib.common.rest_client [req-794f2049-a146-47c1-8693-d07ddd878d6f req-794f2049-a146-47c1-8693-d07ddd878d6f ] Request (ImagesOneServerNegativeTestJSON:setUpClass): 200 GET http://10.180.1.21/compute/v2.1/servers/260ef9b5-2a7a-4d9c-92b8-26c905e6df44 0.115s
2025-02-12 05:42:29.548 63072 INFO tempest.lib.common.rest_client [req-34ccc668-7647-49c7-9a26-b538a31c3e0b req-34ccc668-7647-49c7-9a26-b538a31c3e0b ] Request (ImagesNegativeTestJSON:test_create_image_from_deleted_server): 200 GET http://10.180.1.21/compute/v2.1/servers/1727ac32-4282-45e7-806a-521e9c92539d 0.091s
2025-02-12 05:42:29.586 63134 INFO tempest.lib.common.rest_client [req-f63b8ba4-cc0f-46a3-881f-2f97d2c62df4 req-f63b8ba4-cc0f-46a3-881f-2f97d2c62df4 ] Request (MigrationsAdminTest:test_resize_server_revert_deleted_flavor): 200 GET http://10.180.1.21/compute/v2.1/servers/7db4dc42-de8d-43db-ad9b-f7925794baca 0.061s
2025-02-12 05:42:29.698 63082 INFO tempest.lib.common.rest_client [req-499f46b9-2db0-4fcf-874c-40743df92cc2 req-499f46b9-2db0-4fcf-874c-40743df92cc2 ] Request (FloatingIPsAssociationTestJSON:tearDownClass): 200 GET http://10.180.1.21/compute/v2.1/servers/80eef591-a3f2-4b64-a2f7-4bf586f8a01d 0.069s
2025-02-12 05:42:29.705 63086 INFO tempest.lib.common.rest_client [req-4dc53fea-9063-4d2a-b891-fe7195c9d15f req-4dc53fea-9063-4d2a-b891-fe7195c9d15f ] Request (ServerActionsTestOtherA:setUpClass): 200 GET http://10.180.1.21/compute/v2.1/servers/d6337d35-b274-4c8d-b48a-2e2d2e351e2a 0.133s
2025-02-12 05:42:29.771 63116 INFO tempest.lib.common.rest_client [req-b8062d7a-cb18-4dc7-96b3-a9aa1ec1db69 req-b8062d7a-cb18-4dc7-96b3-a9aa1ec1db69 ] Request (ServersAdminNegativeTestJSON:test_migrate_server_invalid_state): 200 GET http://10.180.1.21/compute/v2.1/servers/231daefd-a484-4c38-b86e-90c81b2b10a5 0.088s
2025-02-12 05:42:29.807 63130 INFO tempest.lib.common.rest_client [req-64d2d64e-984c-4bef-9b4f-6d174817e962 req-64d2d64e-984c-4bef-9b4f-6d174817e962 ] Request (ServerShowV247Test:tearDownClass): 200 GET http://10.180.1.21/compute/v2.1/servers/78998147-5c0e-4668-9ee8-6b519479d644 0.065s
2025-02-12 05:42:29.872 63090 INFO tempest.lib.common.rest_client [req-db0952ee-23ea-46cf-8be5-54bc91c610d2 req-db0952ee-23ea-46cf-8be5-54bc91c610d2 ] Request (ServersWithSpecificFlavorTestJSON:test_verify_created_server_ephemeral_disk): 200 GET http://10.180.1.21/compute/v2.1/servers/16ca2374-be47-4b29-a31a-a92f59c09694 0.073s
2025-02-12 05:42:29.878 63128 INFO tempest.lib.common.rest_client [req-c29f3b91-50a0-4fae-8827-fdfa8c808526 req-c29f3b91-50a0-4fae-8827-fdfa8c808526 ] Request (ServersTestJSON:tearDownClass): 200 GET http://10.180.1.21/compute/v2.1/servers/c79321d7-40fe-42ca-a2bb-6d43b1c5f8c3 0.126s
2025-02-12 05:42:29.887 63092 WARNING tempest.lib.common.ssh [-] Failed to establish authenticated ssh connection to cirros@10.180.180.154 ([Errno None] Unable to connect to port 22 on 10.180.180.154). Number attempts: 13. Retry after 14 seconds.: paramiko.ssh_exception.NoValidConnectionsError: [Errno None] Unable to connect to port 22 on 10.180.180.154
2025-02-12 05:42:29.942 63104 INFO tempest.lib.common.rest_client [req-7659588e-71b7-4ccd-949b-30ab7c591959 req-7659588e-71b7-4ccd-949b-30ab7c591959 ] Request (VolumesAssistedSnapshotsTest:tearDownClass): 200 GET http://10.180.1.21/compute/v2.1/servers/ca18ec1c-bb74-4b66-9211-e62244ced588 0.129s
2025-02-12 05:42:30.009 63080 INFO tempest.lib.common.rest_client [req-676e1222-3ab7-433b-bce2-56690539e703 req-676e1222-3ab7-433b-bce2-56690539e703 ] Request (AttachInterfacesTestJSON:test_create_list_show_delete_interfaces_by_fixed_ip): 200 GET http://10.180.1.21/compute/v2.1/servers/ca4f76af-d50a-432a-8f97-adc400d0d4cd 0.056s
2025-02-12 05:42:30.023 63100 INFO tempest.lib.common.rest_client [req-b0ceff42-426e-407b-abf8-086ff074fb9a req-b0ceff42-426e-407b-abf8-086ff074fb9a ] Request (ListServersNegativeTestJSON:tearDownClass): 200 PUT http://10.180.1.21:9696/networking/v2.0/routers/44a3b0af-8fc9-4beb-9011-aaa17536f571/remove_router_interface 0.953s
2025-02-12 05:42:30.071 63124 INFO tempest.lib.common.rest_client [req-5dee63d1-c44d-4945-9353-1fee7fd9d709 req-5dee63d1-c44d-4945-9353-1fee7fd9d709 ] Request (ServerAddressesTestJSON:tearDownClass): 200 GET http://10.180.1.21/compute/v2.1/servers/0eaee33b-e18d-4fc0-b0b3-c9e5a8877d20 0.108s
2025-02-12 05:42:30.095 63076 INFO tempest.lib.common.rest_client [req-fad1d3f4-8b14-445d-9096-6945be193c38 req-fad1d3f4-8b14-445d-9096-6945be193c38 ] Request (AttachInterfacesV270Test:test_create_get_list_interfaces): 200 GET http://10.180.1.21/compute/v2.1/servers/ba219d60-2e96-4f25-bb94-2ee38ad75d37 0.184s
2025-02-12 05:42:30.140 63112 INFO tempest.lib.common.rest_client [req-c5894e19-1267-4a34-8eb8-384692f31ba2 req-c5894e19-1267-4a34-8eb8-384692f31ba2 ] Request (InstanceActionsNegativeTestJSON:tearDownClass): 200 GET http://10.180.1.21/compute/v2.1/servers/09d13f16-00fc-4dc9-bf6b-962c7c8a1885 0.135s
2025-02-12 05:42:30.284 63096 INFO tempest.lib.common.rest_client [req-97cfce53-77e7-4c06-9054-9fa0521b7f2d req-97cfce53-77e7-4c06-9054-9fa0521b7f2d ] Request (ListImageFiltersTestJSON:tearDownClass): 200 GET http://10.180.1.21/compute/v2.1/servers/71299699-d75c-4271-8752-15f96c7940c2 0.122s
2025-02-12 05:42:30.316 63118 INFO tempest.lib.common.rest_client [req-64514ac0-84c6-420b-a2a5-254b7fcc8d11 req-64514ac0-84c6-420b-a2a5-254b7fcc8d11 ] Request (ServersTestManualDisk:tearDownClass): 200 GET http://10.180.1.21/compute/v2.1/servers/30160624-7db0-4e61-9fda-227f2e7435ed 0.064s
2025-02-12 05:42:30.370 63078 INFO tempest.lib.common.rest_client [req-d2642867-9679-4af0-a144-7c6e8b368ee4 req-d2642867-9679-4af0-a144-7c6e8b368ee4 ] Request (ImagesTestJSON:test_create_image_from_suspended_server): 200 GET http://10.180.1.21/compute/v2.1/servers/909c21a0-070c-4c98-923f-1a515a159acd 0.099s
2025-02-12 05:42:30.378 63078 INFO tempest.common.waiters [-] State transition "ACTIVE/suspending" ==> "SUSPENDED/None" after 2 second wait
2025-02-12 05:42:30.427 63100 INFO tempest.lib.common.rest_client [req-e491d710-6b4c-4ec2-8d94-b104ab4d2b7f req-e491d710-6b4c-4ec2-8d94-b104ab4d2b7f ] Request (ListServersNegativeTestJSON:tearDownClass): 204 DELETE http://10.180.1.21:9696/networking/v2.0/routers/44a3b0af-8fc9-4beb-9011-aaa17536f571 0.404s
2025-02-12 05:42:30.541 63106 INFO tempest.lib.common.rest_client [req-1c6081e0-8077-42b7-a1ba-9e4053b0493c req-1c6081e0-8077-42b7-a1ba-9e4053b0493c ] Request (ServersAdminTestJSON:_run_cleanups): 200 GET http://10.180.1.21/compute/v2.1/servers/8729a216-daa8-4081-8dd8-7f913fced04d 0.133s
2025-02-12 05:42:30.608 63084 INFO tempest.lib.common.rest_client [req-46c87287-ba4b-4eaa-8c14-426ff7b98b1e req-46c87287-ba4b-4eaa-8c14-426ff7b98b1e ] Request (SecurityGroupsTestJSON:test_server_security_groups): 200 GET http://10.180.1.21/compute/v2.1/servers/6a1965c6-741e-49bd-8f60-39a68aba1405 0.136s
2025-02-12 05:42:30.626 63100 INFO tempest.lib.common.rest_client [req-2a35732c-6b29-4dcb-891d-849861ad98df req-2a35732c-6b29-4dcb-891d-849861ad98df ] Request (ListServersNegativeTestJSON:tearDownClass): 204 DELETE http://10.180.1.21:9696/networking/v2.0/subnets/0e457540-1e46-456e-bd28-1cd534ab15f1 0.198s
2025-02-12 05:42:30.810 63110 INFO tempest.lib.common.rest_client [req-657e3812-5cb7-4743-9b6a-dd43d819f8bc req-657e3812-5cb7-4743-9b6a-dd43d819f8bc ] Request (ServersV294TestFqdnHostnames:tearDownClass): 200 GET http://10.180.1.21/compute/v2.1/servers/7449cdc9-720c-4046-80cd-f612ea9cb835 0.311s
2025-02-12 05:42:30.869 63122 INFO paramiko.transport [-] Connected (version 2.0, client dropbear_2020.81)
2025-02-12 05:42:30.899 63102 INFO tempest.lib.common.rest_client [req-9402eeba-9af6-4a02-9d0c-848f4678a3fd req-9402eeba-9af6-4a02-9d0c-848f4678a3fd ] Request (ImagesOneServerNegativeTestJSON:setUpClass): 200 GET http://10.180.1.21/compute/v2.1/servers/260ef9b5-2a7a-4d9c-92b8-26c905e6df44 0.377s
2025-02-12 05:42:30.910 63102 INFO tempest.common.waiters [-] State transition "BUILD/None" ==> "BUILD/networking" after 69 second wait
2025-02-12 05:42:30.963 63078 INFO tempest.lib.common.rest_client [req-2565d2e2-644d-4c5f-a22a-274662969ddb req-2565d2e2-644d-4c5f-a22a-274662969ddb ] Request (ImagesTestJSON:test_create_image_from_suspended_server): 202 POST http://10.180.1.21/compute/v2.1/servers/909c21a0-070c-4c98-923f-1a515a159acd/action 0.584s
2025-02-12 05:42:30.969 63072 INFO tempest.lib.common.rest_client [req-4574fc95-4ffb-4947-9e06-859f919063a5 req-4574fc95-4ffb-4947-9e06-859f919063a5 ] Request (ImagesNegativeTestJSON:test_create_image_from_deleted_server): 200 GET http://10.180.1.21/compute/v2.1/servers/1727ac32-4282-45e7-806a-521e9c92539d 0.410s
2025-02-12 05:42:30.976 63122 INFO paramiko.transport [-] Authentication (publickey) successful!
2025-02-12 05:42:30.977 63122 INFO tempest.lib.common.ssh [-] ssh connection to cirros@10.180.180.223 successfully created
2025-02-12 05:42:31.050 63134 INFO tempest.lib.common.rest_client [req-e028fd63-b9f9-4aaa-983a-9165dbdd1551 req-e028fd63-b9f9-4aaa-983a-9165dbdd1551 ] Request (MigrationsAdminTest:test_resize_server_revert_deleted_flavor): 200 GET http://10.180.1.21/compute/v2.1/servers/7db4dc42-de8d-43db-ad9b-f7925794baca 0.451s
2025-02-12 05:42:31.058 63082 INFO tempest.lib.common.rest_client [req-e70b7a63-e96c-477d-a498-39509b2c1c30 req-e70b7a63-e96c-477d-a498-39509b2c1c30 ] Request (FloatingIPsAssociationTestJSON:tearDownClass): 200 GET http://10.180.1.21/compute/v2.1/servers/80eef591-a3f2-4b64-a2f7-4bf586f8a01d 0.347s
2025-02-12 05:42:31.118 63100 INFO tempest.lib.common.rest_client [req-5b9a6573-4998-4efa-8466-31fb7edc08a6 req-5b9a6573-4998-4efa-8466-31fb7edc08a6 ] Request (ListServersNegativeTestJSON:tearDownClass): 204 DELETE http://10.180.1.21:9696/networking/v2.0/networks/af8ddd28-f208-4480-8039-16127eb71189 0.491s
2025-02-12 05:42:31.136 63116 INFO tempest.lib.common.rest_client [req-7fccaa66-599f-49aa-a343-f7fe2df71639 req-7fccaa66-599f-49aa-a343-f7fe2df71639 ] Request (ServersAdminNegativeTestJSON:test_migrate_server_invalid_state): 200 GET http://10.180.1.21/compute/v2.1/servers/231daefd-a484-4c38-b86e-90c81b2b10a5 0.357s
2025-02-12 05:42:31.208 63130 INFO tempest.lib.common.rest_client [req-6f1e63e3-c4e6-4e15-9cd8-180d553f9164 req-6f1e63e3-c4e6-4e15-9cd8-180d553f9164 ] Request (ServerShowV247Test:tearDownClass): 200 GET http://10.180.1.21/compute/v2.1/servers/78998147-5c0e-4668-9ee8-6b519479d644 0.385s
2025-02-12 05:42:31.225 63086 INFO tempest.lib.common.rest_client [req-3b75a73b-1b4e-49b6-972e-ffb8b98d9fe9 req-3b75a73b-1b4e-49b6-972e-ffb8b98d9fe9 ] Request (ServerActionsTestOtherA:setUpClass): 200 GET http://10.180.1.21/compute/v2.1/servers/d6337d35-b274-4c8d-b48a-2e2d2e351e2a 0.511s
2025-02-12 05:42:31.253 63100 INFO tempest.lib.common.rest_client [req-f39e878e-2eb4-4db9-a9e5-84dbf70c2c3e req-f39e878e-2eb4-4db9-a9e5-84dbf70c2c3e ] Request (ListServersNegativeTestJSON:tearDownClass): 204 DELETE http://10.180.1.21/identity/v3/users/196e1825577a45f489f600319dcb1a30 0.135s
2025-02-12 05:42:31.253 63100 INFO tempest.lib.common.dynamic_creds [-] Deleting project and security group for project: 37f23276a6d246c28f62a712d4ab0e56
2025-02-12 05:42:31.269 63090 INFO tempest.lib.common.rest_client [req-2dfc87e3-a477-49ab-a1da-4c88d9c275d1 req-2dfc87e3-a477-49ab-a1da-4c88d9c275d1 ] Request (ServersWithSpecificFlavorTestJSON:test_verify_created_server_ephemeral_disk): 200 GET http://10.180.1.21/compute/v2.1/servers/16ca2374-be47-4b29-a31a-a92f59c09694 0.386s
2025-02-12 05:42:31.305 63100 INFO tempest.lib.common.rest_client [req-88836135-500f-4245-9580-15e0103d3a75 req-88836135-500f-4245-9580-15e0103d3a75 ] Request (ListServersNegativeTestJSON:tearDownClass): 200 GET http://10.180.1.21:9696/networking/v2.0/security-groups?tenant_id=37f23276a6d246c28f62a712d4ab0e56&name=default 0.052s
2025-02-12 05:42:31.308 63128 INFO tempest.lib.common.rest_client [req-6efb6061-301c-473d-bb1a-7ec1a1b579f8 req-6efb6061-301c-473d-bb1a-7ec1a1b579f8 ] Request (ServersTestJSON:tearDownClass): 200 GET http://10.180.1.21/compute/v2.1/servers/c79321d7-40fe-42ca-a2bb-6d43b1c5f8c3 0.417s
2025-02-12 05:42:31.336 63104 INFO tempest.lib.common.rest_client [req-c790b54e-1c9b-40be-8a41-66450078d351 req-c790b54e-1c9b-40be-8a41-66450078d351 ] Request (VolumesAssistedSnapshotsTest:tearDownClass): 200 GET http://10.180.1.21/compute/v2.1/servers/ca18ec1c-bb74-4b66-9211-e62244ced588 0.385s
2025-02-12 05:42:31.361 63078 INFO tempest.lib.common.rest_client [req-80babf28-60f7-4b41-80fb-61fc283e9026 req-80babf28-60f7-4b41-80fb-61fc283e9026 ] Request (ImagesTestJSON:test_create_image_from_suspended_server): 200 GET http://10.180.1.21/compute/v2.1/images/eb7d9652-8bc8-496e-a2f5-a1808e13ceac 0.396s
2025-02-12 05:42:31.415 63080 INFO tempest.lib.common.rest_client [req-0b144692-8a84-477d-bab4-89f0844b1cad req-0b144692-8a84-477d-bab4-89f0844b1cad ] Request (AttachInterfacesTestJSON:test_create_list_show_delete_interfaces_by_fixed_ip): 200 GET http://10.180.1.21/compute/v2.1/servers/ca4f76af-d50a-432a-8f97-adc400d0d4cd 0.397s
2025-02-12 05:42:31.436 63122 INFO tempest.lib.common.rest_client [req-801281ea-d3dd-4b2e-a436-d2c60ab44f90 req-801281ea-d3dd-4b2e-a436-d2c60ab44f90 ] Request (ServersTestFqdnHostnames:tearDownClass): 204 DELETE http://10.180.1.21/compute/v2.1/servers/a38d520a-752a-47eb-bf4a-731857a603b7 0.452s
2025-02-12 05:42:31.483 63100 INFO tempest.lib.common.rest_client [req-ba56bef6-2675-49a6-822b-79938366ab58 req-ba56bef6-2675-49a6-822b-79938366ab58 ] Request (ListServersNegativeTestJSON:tearDownClass): 204 DELETE http://10.180.1.21:9696/networking/v2.0/security-groups/4b26682e-a2be-4f15-adf7-079b6e504531 0.178s
2025-02-12 05:42:31.529 63124 INFO tempest.lib.common.rest_client [req-ca547c13-778d-4fee-9d2a-4027dd664bbf req-ca547c13-778d-4fee-9d2a-4027dd664bbf ] Request (ServerAddressesTestJSON:tearDownClass): 200 GET http://10.180.1.21/compute/v2.1/servers/0eaee33b-e18d-4fc0-b0b3-c9e5a8877d20 0.449s
2025-02-12 05:42:31.605 63076 INFO tempest.lib.common.rest_client [req-1cac5617-49ee-4b61-bf85-5f459b3ebc22 req-1cac5617-49ee-4b61-bf85-5f459b3ebc22 ] Request (AttachInterfacesV270Test:test_create_get_list_interfaces): 200 GET http://10.180.1.21/compute/v2.1/servers/ba219d60-2e96-4f25-bb94-2ee38ad75d37 0.499s
2025-02-12 05:42:31.610 63112 INFO tempest.lib.common.rest_client [req-7eb8d1eb-25a9-4974-bd07-b1c6999cfe18 req-7eb8d1eb-25a9-4974-bd07-b1c6999cfe18 ] Request (InstanceActionsNegativeTestJSON:tearDownClass): 200 GET http://10.180.1.21/compute/v2.1/servers/09d13f16-00fc-4dc9-bf6b-962c7c8a1885 0.462s
2025-02-12 05:42:31.615 63100 INFO tempest.lib.common.rest_client [req-fd28abf5-4b3f-4a7f-a87c-e334cb387050 req-fd28abf5-4b3f-4a7f-a87c-e334cb387050 ] Request (ListServersNegativeTestJSON:tearDownClass): 204 DELETE http://10.180.1.21/identity/v3/projects/37f23276a6d246c28f62a712d4ab0e56 0.131s
2025-02-12 05:42:31.698 63118 INFO tempest.lib.common.rest_client [req-9d63bcdd-f906-4f64-b93c-19b5f2bdda11 req-9d63bcdd-f906-4f64-b93c-19b5f2bdda11 ] Request (ServersTestManualDisk:tearDownClass): 200 GET http://10.180.1.21/compute/v2.1/servers/30160624-7db0-4e61-9fda-227f2e7435ed 0.373s
2025-02-12 05:42:31.705 63096 INFO tempest.lib.common.rest_client [req-9e2b093c-2321-4446-a830-cb4876dd0c21 req-9e2b093c-2321-4446-a830-cb4876dd0c21 ] Request (ListImageFiltersTestJSON:tearDownClass): 200 GET http://10.180.1.21/compute/v2.1/servers/71299699-d75c-4271-8752-15f96c7940c2 0.411s
2025-02-12 05:42:31.714 63100 INFO tempest.lib.common.rest_client [req-845abc31-4bd9-4103-9a7c-9b12944448b0 req-845abc31-4bd9-4103-9a7c-9b12944448b0 ] Request (ServerActionsV293TestJSON:setUpClass): 201 POST http://10.180.1.21/identity/v3/auth/tokens 0.098s
2025-02-12 05:42:31.753 63100 INFO tempest.lib.common.rest_client [req-f8915bd6-3953-4233-b3c3-dde26b515d01 req-f8915bd6-3953-4233-b3c3-dde26b515d01 ] Request (ServerActionsV293TestJSON:setUpClass): 201 POST http://10.180.1.21/identity/v3/auth/tokens 0.036s
2025-02-12 05:42:31.789 63100 INFO tempest.lib.common.rest_client [req-94eb4dcd-23cf-4ece-a4be-f49eb21e0dcf req-94eb4dcd-23cf-4ece-a4be-f49eb21e0dcf ] Request (ServerActionsV293TestJSON:setUpClass): 200 GET http://10.180.1.21/identity/v3/domains?name=Default 0.036s
2025-02-12 05:42:31.835 63100 INFO tempest.lib.common.rest_client [req-0e71d84a-007f-4b3b-8fee-30b1ee1f3b95 req-0e71d84a-007f-4b3b-8fee-30b1ee1f3b95 ] Request (ServerActionsV293TestJSON:setUpClass): 201 POST http://10.180.1.21/identity/v3/projects 0.045s
2025-02-12 05:42:31.880 63106 INFO tempest.lib.common.rest_client [req-f2388d32-49b8-4635-991a-505608ff7774 req-f2388d32-49b8-4635-991a-505608ff7774 ] Request (ServersAdminTestJSON:_run_cleanups): 200 GET http://10.180.1.21/compute/v2.1/servers/8729a216-daa8-4081-8dd8-7f913fced04d 0.324s
2025-02-12 05:42:31.888 63106 INFO tempest.common.waiters [-] State transition "REBUILD/rebuilding" ==> "REBUILD/rebuild_spawning" after 3 second wait
