2025-02-12 05:40:32.989 63088 INFO tempest.lib.common.rest_client [req-d4c25bda-1dec-4f9a-978f-14441edfd0e1 req-d4c25bda-1dec-4f9a-978f-14441edfd0e1 ] Request (ServerExternalEventsTest:tearDownClass): 200 GET http://10.180.1.21/compute/v2.1/servers/3b3e9f91-4c18-4a56-a55c-a1e31af4277c 0.840s
2025-02-12 05:40:33.036 63134 INFO tempest.lib.common.rest_client [req-78de6a37-56e8-4880-a1a4-099c511d9180 req-78de6a37-56e8-4880-a1a4-099c511d9180 ] Request (MigrationsAdminTest:test_list_migrations_in_flavor_resize_situation): 200 GET http://10.180.1.21/compute/v2.1/servers/264d4a15-f70a-40ca-99e2-2f88c92545d6 0.951s
2025-02-12 05:40:33.126 63072 INFO tempest.lib.common.rest_client [req-796c29be-2abb-416b-95a1-f3802ffea445 req-796c29be-2abb-416b-95a1-f3802ffea445 ] Request (ServerDiagnosticsTest:test_get_server_diagnostics): 200 GET http://10.180.1.21/compute/v2.1/servers/f89bb1e5-203a-4181-b331-531979f22e84 0.911s
2025-02-12 05:40:33.135 63072 INFO tempest.common.waiters [-] State transition "BUILD/scheduling" ==> "BUILD/None" after 19 second wait
2025-02-12 05:40:33.138 63078 INFO tempest.lib.common.rest_client [req-73dcc0ed-fcd5-4da0-8452-76d94f0c721d req-73dcc0ed-fcd5-4da0-8452-76d94f0c721d ] Request (ImagesTestJSON:test_create_image_from_stopped_server): 200 GET http://10.180.1.21/compute/v2.1/servers/c993e553-ca92-4928-93d3-a9f21a08b57b 0.946s
2025-02-12 05:40:33.208 63086 INFO tempest.lib.common.rest_client [req-3047bcdc-2f9b-4fe9-bc93-d76760dad93d req-3047bcdc-2f9b-4fe9-bc93-d76760dad93d ] Request (InstanceActionsTestJSON:tearDownClass): 200 GET http://10.180.1.21/compute/v2.1/servers/2e38f6ab-1536-4c20-a9b4-8ef5a82a7510 0.930s
2025-02-12 05:40:33.216 63112 INFO tempest.lib.common.rest_client [req-ca010803-75c7-43fb-895c-21b77cb51bf6 req-ca010803-75c7-43fb-895c-21b77cb51bf6 ] Request (InstanceActionsNegativeTestJSON:setUpClass): 200 GET http://10.180.1.21/compute/v2.1/servers/09d13f16-00fc-4dc9-bf6b-962c7c8a1885 0.915s
2025-02-12 05:40:33.279 63106 INFO tempest.lib.common.rest_client [req-13c99e11-19d1-4916-abdb-5b8bb4edd7b0 req-13c99e11-19d1-4916-abdb-5b8bb4edd7b0 ] Request (ServersAdminTestJSON:test_create_server_with_scheduling_hint): 200 GET http://10.180.1.21/compute/v2.1/servers/4518d435-1fbd-4a4c-be55-dcba1a1b66e8 0.943s
2025-02-12 05:40:33.333 63126 INFO tempest.lib.common.rest_client [req-aa7362f1-c233-4075-8a67-689d7ba96f58 req-aa7362f1-c233-4075-8a67-689d7ba96f58 ] Request (AttachVolumeNegativeTest:test_attach_attached_volume_to_different_server): 200 GET http://10.180.1.21/compute/v2.1/servers/160b53db-10d5-43ef-96d5-e9e56cdd8aa7 0.982s
2025-02-12 05:40:33.359 63082 INFO tempest.lib.common.rest_client [req-cc70e938-4db8-4ef8-8044-3bd79488f4e8 req-cc70e938-4db8-4ef8-8044-3bd79488f4e8 ] Request (FloatingIPsAssociationTestJSON:setUpClass): 200 GET http://10.180.1.21/compute/v2.1/servers/173762f6-0408-4fe3-9bea-8f0f32a86f0e 1.058s
2025-02-12 05:40:33.367 63082 INFO tempest.common.waiters [-] State transition "BUILD/networking" ==> "BUILD/spawning" after 32 second wait
2025-02-12 05:40:33.391 63116 INFO tempest.lib.common.rest_client [req-14d9eb5a-ab0a-46d5-87c5-87ec3b774f86 req-14d9eb5a-ab0a-46d5-87c5-87ec3b774f86 ] Request (ServersAdminNegativeTestJSON:setUpClass): 200 GET http://10.180.1.21/compute/v2.1/servers/80a65e39-d08d-4ab6-ba4d-f3f2d501245a 0.967s
2025-02-12 05:40:33.435 63076 INFO tempest.lib.common.rest_client [req-dee48bd7-c36c-4594-8da4-dea86831e48f req-dee48bd7-c36c-4594-8da4-dea86831e48f ] Request (TenantUsagesTestJSON:tearDownClass): 200 GET http://10.180.1.21/compute/v2.1/servers/a0d0bb5e-774b-4608-9e60-699296e9224c 0.861s
2025-02-12 05:40:33.447 63114 INFO tempest.lib.common.rest_client [req-321b73ab-d818-40af-bafd-05c71186f8d2 req-321b73ab-d818-40af-bafd-05c71186f8d2 ] Request (ServerTagsTestJSON:setUpClass): 200 GET http://10.180.1.21/compute/v2.1/servers/9e4b8141-2196-45c5-abd9-7926608c0693 0.770s
2025-02-12 05:40:33.509 63074 INFO tempest.lib.common.rest_client [req-85fd8110-fc84-405e-ab06-f4abe9bdb409 req-85fd8110-fc84-405e-ab06-f4abe9bdb409 ] Request (InstanceActionsV221TestJSON:test_get_list_deleted_instance_actions): 200 GET http://10.180.1.21/compute/v2.1/servers/2043f3d8-7f16-4faa-9ed5-54465084c340 0.738s
2025-02-12 05:40:33.571 63130 INFO tempest.lib.common.rest_client [req-70ea55db-9cc4-463b-b357-335880c9ed2c req-70ea55db-9cc4-463b-b357-335880c9ed2c ] Request (FloatingIPsAssociationNegativeTestJSON:tearDownClass): 200 GET http://10.180.1.21/compute/v2.1/servers/cb68aa07-da34-4080-a33c-5746ac4ab4bd 0.773s
2025-02-12 05:40:33.598 63128 INFO tempest.lib.common.rest_client [req-464f1eba-d936-4190-b7df-77a4bf134e6d req-464f1eba-d936-4190-b7df-77a4bf134e6d ] Request (ServersTestJSON:setUpClass): 200 GET http://10.180.1.21/compute/v2.1/servers/c79321d7-40fe-42ca-a2bb-6d43b1c5f8c3 0.880s
2025-02-12 05:40:33.685 63100 INFO tempest.lib.common.rest_client [req-c0d210e8-b10c-4cfd-a17f-d904dab5a821 req-c0d210e8-b10c-4cfd-a17f-d904dab5a821 ] Request (ListServersNegativeTestJSON:setUpClass): 200 GET http://10.180.1.21/compute/v2.1/servers/293a4ffc-88d9-4b27-93a8-a0508441e299 0.823s
2025-02-12 05:40:33.741 63118 INFO tempest.lib.common.rest_client [req-0a0cf57f-28ee-40d0-8f16-7da2ce67028e req-0a0cf57f-28ee-40d0-8f16-7da2ce67028e ] Request (ServersTestManualDisk:setUpClass): 200 GET http://10.180.1.21/compute/v2.1/servers/30160624-7db0-4e61-9fda-227f2e7435ed 0.544s
2025-02-12 05:40:33.801 63096 INFO tempest.lib.common.rest_client [req-647c88d4-c5be-4a7e-8d50-d7c5020a23a2 req-647c88d4-c5be-4a7e-8d50-d7c5020a23a2 ] Request (ListImageFiltersTestJSON:setUpClass): 200 GET http://10.180.1.21/compute/v2.1/servers/71299699-d75c-4271-8752-15f96c7940c2 0.549s
2025-02-12 05:40:33.919 63108 INFO tempest.lib.common.rest_client [req-a8ba3ce3-8ed6-4398-a608-9c9e33acdfbb req-a8ba3ce3-8ed6-4398-a608-9c9e33acdfbb ] Request (ServerGroupTestJSON:test_create_server_with_scheduler_hint_group): 200 GET http://10.180.1.21/compute/v2.1/servers/e13e8b36-5b13-4070-8c84-305adbd01866 0.574s
2025-02-12 05:40:34.029 63084 INFO tempest.lib.common.rest_client [req-dcb2190c-8342-4150-884c-7c3063d940b5 req-dcb2190c-8342-4150-884c-7c3063d940b5 ] Request (SecurityGroupsTestJSON:test_list_security_groups_by_server): 202 POST http://10.180.1.21/compute/v2.1/servers 1.209s
2025-02-12 05:40:34.095 63124 INFO tempest.lib.common.rest_client [req-9ddf230c-0c2e-4d3e-9813-0dcc711eba7b req-9ddf230c-0c2e-4d3e-9813-0dcc711eba7b ] Request (ServersAdmin275Test:tearDownClass): 200 GET http://10.180.1.21/compute/v2.1/servers/a66775a2-de48-43b7-b71e-e3879dd77889 0.412s
2025-02-12 05:40:34.138 63102 INFO tempest.lib.common.rest_client [req-5a9c6e58-cdda-4860-9697-3af5d5e74a84 req-5a9c6e58-cdda-4860-9697-3af5d5e74a84 ] Request (ImagesOneServerTestJSON:test_create_image_specify_multibyte_character_image_name): 200 GET http://10.180.1.21/compute/v2.1/images/672a373c-6a31-4533-a920-2ad4f9eb35ac 0.353s
2025-02-12 05:40:34.138 63110 INFO tempest.lib.common.rest_client [req-dad00dff-1df0-454c-bdb8-7fd0f9f6aa64 req-dad00dff-1df0-454c-bdb8-7fd0f9f6aa64 ] Request (ServersV294TestFqdnHostnames:setUpClass): 200 GET http://10.180.1.21/compute/v2.1/servers/7449cdc9-720c-4046-80cd-f612ea9cb835 0.391s
2025-02-12 05:40:34.203 63122 INFO tempest.lib.common.rest_client [req-b2babc3b-23d3-4c4f-a081-65548c4adade req-b2babc3b-23d3-4c4f-a081-65548c4adade ] Request (ServersTestFqdnHostnames:test_create_server_with_fqdn_name): 200 GET http://10.180.1.21/compute/v2.1/servers/a38d520a-752a-47eb-bf4a-731857a603b7 0.320s
2025-02-12 05:40:34.210 63080 INFO tempest.lib.common.rest_client [req-c36adb13-7914-4818-b532-a841a3956538 req-c36adb13-7914-4818-b532-a841a3956538 ] Request (DeleteServersAdminTestJSON:test_delete_server_while_in_error_state): 200 GET http://10.180.1.21/compute/v2.1/servers/5ab4a4c1-b7d4-40cc-9046-a91eb9bbb3b9 0.321s
2025-02-12 05:40:34.269 63084 INFO tempest.lib.common.rest_client [req-c7630968-9b72-4095-a6b9-ea7652762a27 req-c7630968-9b72-4095-a6b9-ea7652762a27 ] Request (SecurityGroupsTestJSON:test_list_security_groups_by_server): 200 GET http://10.180.1.21/compute/v2.1/servers/1e30471c-8313-47f7-93ae-ac23365b0186 0.238s
2025-02-12 05:40:34.282 63088 INFO tempest.lib.common.rest_client [req-309fd158-e774-4736-b8ce-cc20b8db8114 req-309fd158-e774-4736-b8ce-cc20b8db8114 ] Request (ServerExternalEventsTest:tearDownClass): 200 GET http://10.180.1.21/compute/v2.1/servers/3b3e9f91-4c18-4a56-a55c-a1e31af4277c 0.282s
2025-02-12 05:40:34.352 63072 INFO tempest.lib.common.rest_client [req-047beb06-5ef3-416e-8ec1-6ebe01d32d0b req-047beb06-5ef3-416e-8ec1-6ebe01d32d0b ] Request (ServerDiagnosticsTest:test_get_server_diagnostics): 200 GET http://10.180.1.21/compute/v2.1/servers/f89bb1e5-203a-4181-b331-531979f22e84 0.216s
2025-02-12 05:40:34.437 63134 INFO tempest.lib.common.rest_client [req-e1cc73e0-dc42-49c8-905c-04e264fb0153 req-e1cc73e0-dc42-49c8-905c-04e264fb0153 ] Request (MigrationsAdminTest:test_list_migrations_in_flavor_resize_situation): 200 GET http://10.180.1.21/compute/v2.1/servers/264d4a15-f70a-40ca-99e2-2f88c92545d6 0.390s
2025-02-12 05:40:34.514 63086 INFO tempest.lib.common.rest_client [req-0cd65f88-d53c-4787-92c4-aa8f440031fe req-0cd65f88-d53c-4787-92c4-aa8f440031fe ] Request (InstanceActionsTestJSON:tearDownClass): 200 GET http://10.180.1.21/compute/v2.1/servers/2e38f6ab-1536-4c20-a9b4-8ef5a82a7510 0.289s
2025-02-12 05:40:34.547 63078 INFO tempest.lib.common.rest_client [req-00314ee2-807d-44f4-868e-d39aab4b19a9 req-00314ee2-807d-44f4-868e-d39aab4b19a9 ] Request (ImagesTestJSON:test_create_image_from_stopped_server): 200 GET http://10.180.1.21/compute/v2.1/servers/c993e553-ca92-4928-93d3-a9f21a08b57b 0.401s
2025-02-12 05:40:34.566 63112 INFO tempest.lib.common.rest_client [req-2548f194-9ff8-42b2-b44b-f052cb6ebc46 req-2548f194-9ff8-42b2-b44b-f052cb6ebc46 ] Request (InstanceActionsNegativeTestJSON:setUpClass): 200 GET http://10.180.1.21/compute/v2.1/servers/09d13f16-00fc-4dc9-bf6b-962c7c8a1885 0.337s
2025-02-12 05:40:34.611 63106 INFO tempest.lib.common.rest_client [req-50842a26-1182-4f3d-8505-b73c4a1e0ac3 req-50842a26-1182-4f3d-8505-b73c4a1e0ac3 ] Request (ServersAdminTestJSON:test_create_server_with_scheduling_hint): 200 GET http://10.180.1.21/compute/v2.1/servers/4518d435-1fbd-4a4c-be55-dcba1a1b66e8 0.325s
2025-02-12 05:40:34.619 63106 INFO tempest.common.waiters [-] State transition "BUILD/None" ==> "BUILD/networking" after 33 second wait
2025-02-12 05:40:34.630 63126 INFO tempest.lib.common.rest_client [req-4002712f-b4fb-4f5f-8cae-e0b0ecf13010 req-4002712f-b4fb-4f5f-8cae-e0b0ecf13010 ] Request (AttachVolumeNegativeTest:test_attach_attached_volume_to_different_server): 200 GET http://10.180.1.21/compute/v2.1/servers/160b53db-10d5-43ef-96d5-e9e56cdd8aa7 0.287s
2025-02-12 05:40:34.701 63116 INFO tempest.lib.common.rest_client [req-e8bfde40-f247-4760-aaef-cfc4046f6503 req-e8bfde40-f247-4760-aaef-cfc4046f6503 ] Request (ServersAdminNegativeTestJSON:setUpClass): 200 GET http://10.180.1.21/compute/v2.1/servers/80a65e39-d08d-4ab6-ba4d-f3f2d501245a 0.297s
2025-02-12 05:40:34.761 63082 INFO tempest.lib.common.rest_client [req-ebf7f203-7089-411a-bf8f-38671c304d77 req-ebf7f203-7089-411a-bf8f-38671c304d77 ] Request (FloatingIPsAssociationTestJSON:setUpClass): 200 GET http://10.180.1.21/compute/v2.1/servers/173762f6-0408-4fe3-9bea-8f0f32a86f0e 0.393s
2025-02-12 05:40:34.781 63076 INFO tempest.lib.common.rest_client [req-802f3ccf-ecc9-4265-9a8e-df5eac03b33c req-802f3ccf-ecc9-4265-9a8e-df5eac03b33c ] Request (TenantUsagesTestJSON:tearDownClass): 200 GET http://10.180.1.21/compute/v2.1/servers/a0d0bb5e-774b-4608-9e60-699296e9224c 0.338s
2025-02-12 05:40:34.791 63076 INFO tempest.common.waiters [-] State transition "ACTIVE/deleting" ==> "DELETED/None" after 4 second wait
2025-02-12 05:40:34.824 63114 INFO tempest.lib.common.rest_client [req-8343f91f-082a-4e0e-84cb-1f6bcacb2b51 req-8343f91f-082a-4e0e-84cb-1f6bcacb2b51 ] Request (ServerTagsTestJSON:setUpClass): 200 GET http://10.180.1.21/compute/v2.1/servers/9e4b8141-2196-45c5-abd9-7926608c0693 0.366s
2025-02-12 05:40:34.852 63074 INFO tempest.lib.common.rest_client [req-5167e19b-f4c7-4623-9210-e101f4705132 req-5167e19b-f4c7-4623-9210-e101f4705132 ] Request (InstanceActionsV221TestJSON:test_get_list_deleted_instance_actions): 200 GET http://10.180.1.21/compute/v2.1/servers/2043f3d8-7f16-4faa-9ed5-54465084c340 0.332s
2025-02-12 05:40:34.899 63130 INFO tempest.lib.common.rest_client [req-420cf711-75ca-412b-ad9c-160fd4d056f9 req-420cf711-75ca-412b-ad9c-160fd4d056f9 ] Request (FloatingIPsAssociationNegativeTestJSON:tearDownClass): 200 GET http://10.180.1.21/compute/v2.1/servers/cb68aa07-da34-4080-a33c-5746ac4ab4bd 0.319s
2025-02-12 05:40:34.980 63100 INFO tempest.lib.common.rest_client [req-0b6f6655-4368-41c3-b701-6498a1469ab4 req-0b6f6655-4368-41c3-b701-6498a1469ab4 ] Request (ListServersNegativeTestJSON:setUpClass): 200 GET http://10.180.1.21/compute/v2.1/servers/293a4ffc-88d9-4b27-93a8-a0508441e299 0.285s
2025-02-12 05:40:35.009 63128 INFO tempest.lib.common.rest_client [req-fdf52fd6-a54f-49e6-9092-e2a0ccf1f503 req-fdf52fd6-a54f-49e6-9092-e2a0ccf1f503 ] Request (ServersTestJSON:setUpClass): 200 GET http://10.180.1.21/compute/v2.1/servers/c79321d7-40fe-42ca-a2bb-6d43b1c5f8c3 0.398s
2025-02-12 05:40:35.041 63118 INFO tempest.lib.common.rest_client [req-56c70c5e-a2fd-4ffa-9b9c-f5af58ba633a req-56c70c5e-a2fd-4ffa-9b9c-f5af58ba633a ] Request (ServersTestManualDisk:setUpClass): 200 GET http://10.180.1.21/compute/v2.1/servers/30160624-7db0-4e61-9fda-227f2e7435ed 0.286s
2025-02-12 05:40:35.079 63096 INFO tempest.lib.common.rest_client [req-3c505d1f-6dd9-499f-8fa4-29e88eccda28 req-3c505d1f-6dd9-499f-8fa4-29e88eccda28 ] Request (ListImageFiltersTestJSON:setUpClass): 200 GET http://10.180.1.21/compute/v2.1/servers/71299699-d75c-4271-8752-15f96c7940c2 0.268s
2025-02-12 05:40:35.103 63108 INFO tempest.lib.common.rest_client [req-4f1f33d8-181e-4257-96c6-205e8f4ad4b3 req-4f1f33d8-181e-4257-96c6-205e8f4ad4b3 ] Request (ServerGroupTestJSON:test_create_server_with_scheduler_hint_group): 200 GET http://10.180.1.21/compute/v2.1/servers/e13e8b36-5b13-4070-8c84-305adbd01866 0.170s
2025-02-12 05:40:35.176 63102 INFO tempest.lib.common.rest_client [req-20da5c6b-6898-4c25-a2f9-b39f210cebe2 req-20da5c6b-6898-4c25-a2f9-b39f210cebe2 ] Request (ImagesOneServerTestJSON:test_create_image_specify_multibyte_character_image_name): 200 GET http://10.180.1.21/compute/v2.1/images/672a373c-6a31-4533-a920-2ad4f9eb35ac 0.033s
2025-02-12 05:40:35.194 63124 INFO tempest.lib.common.rest_client [req-3a9c158c-d349-4e98-ad1e-c791adc02bbb req-3a9c158c-d349-4e98-ad1e-c791adc02bbb ] Request (ServersAdmin275Test:tearDownClass): 200 GET http://10.180.1.21/compute/v2.1/servers/a66775a2-de48-43b7-b71e-e3879dd77889 0.085s
2025-02-12 05:40:35.248 63110 INFO tempest.lib.common.rest_client [req-7c726de6-7caa-45c9-94f5-213d4fa6fd39 req-7c726de6-7caa-45c9-94f5-213d4fa6fd39 ] Request (ServersV294TestFqdnHostnames:setUpClass): 200 GET http://10.180.1.21/compute/v2.1/servers/7449cdc9-720c-4046-80cd-f612ea9cb835 0.096s
2025-02-12 05:40:35.285 63122 INFO tempest.lib.common.rest_client [req-25e92b75-1a3a-4ca6-975c-9a1ee55699d5 req-25e92b75-1a3a-4ca6-975c-9a1ee55699d5 ] Request (ServersTestFqdnHostnames:test_create_server_with_fqdn_name): 200 GET http://10.180.1.21/compute/v2.1/servers/a38d520a-752a-47eb-bf4a-731857a603b7 0.069s
2025-02-12 05:40:35.320 63080 INFO tempest.lib.common.rest_client [req-7557f0dc-7f42-497d-8220-1e786961223c req-7557f0dc-7f42-497d-8220-1e786961223c ] Request (DeleteServersAdminTestJSON:test_delete_server_while_in_error_state): 200 GET http://10.180.1.21/compute/v2.1/servers/5ab4a4c1-b7d4-40cc-9046-a91eb9bbb3b9 0.100s
2025-02-12 05:40:35.340 63084 INFO tempest.lib.common.rest_client [req-9fe82026-c13f-43be-9e9e-3e2206aedf98 req-9fe82026-c13f-43be-9e9e-3e2206aedf98 ] Request (SecurityGroupsTestJSON:test_list_security_groups_by_server): 200 GET http://10.180.1.21/compute/v2.1/servers/1e30471c-8313-47f7-93ae-ac23365b0186 0.059s
2025-02-12 05:40:35.389 63088 INFO tempest.lib.common.rest_client [req-6707f14b-26b8-48b9-8a18-296173b64fe2 req-6707f14b-26b8-48b9-8a18-296173b64fe2 ] Request (ServerExternalEventsTest:tearDownClass): 200 GET http://10.180.1.21/compute/v2.1/servers/3b3e9f91-4c18-4a56-a55c-a1e31af4277c 0.096s
2025-02-12 05:40:35.409 63072 INFO tempest.lib.common.rest_client [req-cf75c60d-cc3d-4c07-91b6-5e7d640b2217 req-cf75c60d-cc3d-4c07-91b6-5e7d640b2217 ] Request (ServerDiagnosticsTest:test_get_server_diagnostics): 200 GET http://10.180.1.21/compute/v2.1/servers/f89bb1e5-203a-4181-b331-531979f22e84 0.048s
2025-02-12 05:40:35.535 63134 INFO tempest.lib.common.rest_client [req-aa090bf6-6378-42a0-84cf-62fe47aa24d9 req-aa090bf6-6378-42a0-84cf-62fe47aa24d9 ] Request (MigrationsAdminTest:test_list_migrations_in_flavor_resize_situation): 200 GET http://10.180.1.21/compute/v2.1/servers/264d4a15-f70a-40ca-99e2-2f88c92545d6 0.089s
2025-02-12 05:40:35.582 63086 INFO tempest.lib.common.rest_client [req-ae7f4c1e-f800-409d-847c-d9c800e09abd req-ae7f4c1e-f800-409d-847c-d9c800e09abd ] Request (InstanceActionsTestJSON:tearDownClass): 200 GET http://10.180.1.21/compute/v2.1/servers/2e38f6ab-1536-4c20-a9b4-8ef5a82a7510 0.058s
2025-02-12 05:40:35.634 63112 INFO tempest.lib.common.rest_client [req-f1d80911-e159-4b2b-814c-2e78f2b462d1 req-f1d80911-e159-4b2b-814c-2e78f2b462d1 ] Request (InstanceActionsNegativeTestJSON:setUpClass): 200 GET http://10.180.1.21/compute/v2.1/servers/09d13f16-00fc-4dc9-bf6b-962c7c8a1885 0.059s
2025-02-12 05:40:35.651 63078 INFO tempest.lib.common.rest_client [req-ba7dea31-d030-4044-8c3f-88cb3318b61d req-ba7dea31-d030-4044-8c3f-88cb3318b61d ] Request (ImagesTestJSON:test_create_image_from_stopped_server): 200 GET http://10.180.1.21/compute/v2.1/servers/c993e553-ca92-4928-93d3-a9f21a08b57b 0.090s
2025-02-12 05:40:35.716 63126 INFO tempest.lib.common.rest_client [req-64cd00e4-547b-42e3-9d9f-aefbebebba56 req-64cd00e4-547b-42e3-9d9f-aefbebebba56 ] Request (AttachVolumeNegativeTest:test_attach_attached_volume_to_different_server): 200 GET http://10.180.1.21/compute/v2.1/servers/160b53db-10d5-43ef-96d5-e9e56cdd8aa7 0.077s
2025-02-12 05:40:35.719 63106 INFO tempest.lib.common.rest_client [req-4895ebef-ce43-4bdb-8252-df42b95851cd req-4895ebef-ce43-4bdb-8252-df42b95851cd ] Request (ServersAdminTestJSON:test_create_server_with_scheduling_hint): 200 GET http://10.180.1.21/compute/v2.1/servers/4518d435-1fbd-4a4c-be55-dcba1a1b66e8 0.098s
2025-02-12 05:40:35.726 63106 INFO tempest.common.waiters [-] State transition "BUILD/networking" ==> "BUILD/spawning" after 34 second wait
2025-02-12 05:40:35.761 63116 INFO tempest.lib.common.rest_client [req-58002812-b914-43a4-b6bc-ef1fda1279ea req-58002812-b914-43a4-b6bc-ef1fda1279ea ] Request (ServersAdminNegativeTestJSON:setUpClass): 200 GET http://10.180.1.21/compute/v2.1/servers/80a65e39-d08d-4ab6-ba4d-f3f2d501245a 0.051s
2025-02-12 05:40:35.854 63076 INFO tempest.lib.common.rest_client [req-f991eb03-eaf6-4890-a633-1c975cc28cb8 req-f991eb03-eaf6-4890-a633-1c975cc28cb8 ] Request (TenantUsagesTestJSON:tearDownClass): 200 GET http://10.180.1.21/compute/v2.1/servers/a0d0bb5e-774b-4608-9e60-699296e9224c 0.062s
2025-02-12 05:40:35.870 63082 INFO tempest.lib.common.rest_client [req-d37214a1-d304-4224-bb69-1e438d3a3169 req-d37214a1-d304-4224-bb69-1e438d3a3169 ] Request (FloatingIPsAssociationTestJSON:setUpClass): 200 GET http://10.180.1.21/compute/v2.1/servers/173762f6-0408-4fe3-9bea-8f0f32a86f0e 0.095s
2025-02-12 05:40:35.903 63114 INFO tempest.lib.common.rest_client [req-a1450974-7122-4e33-8dad-5cdde9a98039 req-a1450974-7122-4e33-8dad-5cdde9a98039 ] Request (ServerTagsTestJSON:setUpClass): 200 GET http://10.180.1.21/compute/v2.1/servers/9e4b8141-2196-45c5-abd9-7926608c0693 0.069s
2025-02-12 05:40:35.924 63074 INFO tempest.lib.common.rest_client [req-a7986ca0-eea8-4e13-ad06-5aae6cb780d6 req-a7986ca0-eea8-4e13-ad06-5aae6cb780d6 ] Request (InstanceActionsV221TestJSON:test_get_list_deleted_instance_actions): 200 GET http://10.180.1.21/compute/v2.1/servers/2043f3d8-7f16-4faa-9ed5-54465084c340 0.061s
2025-02-12 05:40:35.963 63130 INFO tempest.lib.common.rest_client [req-a5e66d58-24ac-4d9a-879c-510e1b219747 req-a5e66d58-24ac-4d9a-879c-510e1b219747 ] Request (FloatingIPsAssociationNegativeTestJSON:tearDownClass): 200 GET http://10.180.1.21/compute/v2.1/servers/cb68aa07-da34-4080-a33c-5746ac4ab4bd 0.054s
2025-02-12 05:40:36.044 63100 INFO tempest.lib.common.rest_client [req-7a6bc590-93dc-4661-9a7f-d5c2addb2f76 req-7a6bc590-93dc-4661-9a7f-d5c2addb2f76 ] Request (ListServersNegativeTestJSON:setUpClass): 200 GET http://10.180.1.21/compute/v2.1/servers/293a4ffc-88d9-4b27-93a8-a0508441e299 0.056s
2025-02-12 05:40:36.118 63118 INFO tempest.lib.common.rest_client [req-600a9fad-296b-475f-bb78-3939f3127b69 req-600a9fad-296b-475f-bb78-3939f3127b69 ] Request (ServersTestManualDisk:setUpClass): 200 GET http://10.180.1.21/compute/v2.1/servers/30160624-7db0-4e61-9fda-227f2e7435ed 0.068s
2025-02-12 05:40:36.149 63128 INFO tempest.lib.common.rest_client [req-854f6e39-a4c1-4d70-b6b8-3fcb77c2f789 req-854f6e39-a4c1-4d70-b6b8-3fcb77c2f789 ] Request (ServersTestJSON:setUpClass): 200 GET http://10.180.1.21/compute/v2.1/servers/c79321d7-40fe-42ca-a2bb-6d43b1c5f8c3 0.129s
2025-02-12 05:40:36.187 63096 INFO tempest.lib.common.rest_client [req-94163933-e744-49c7-a39a-8cb9f9921250 req-94163933-e744-49c7-a39a-8cb9f9921250 ] Request (ListImageFiltersTestJSON:setUpClass): 200 GET http://10.180.1.21/compute/v2.1/servers/71299699-d75c-4271-8752-15f96c7940c2 0.099s
2025-02-12 05:40:36.193 63108 INFO tempest.lib.common.rest_client [req-e79e135c-20e2-41a9-8d19-8b15bf2d0253 req-e79e135c-20e2-41a9-8d19-8b15bf2d0253 ] Request (ServerGroupTestJSON:test_create_server_with_scheduler_hint_group): 200 GET http://10.180.1.21/compute/v2.1/servers/e13e8b36-5b13-4070-8c84-305adbd01866 0.082s
2025-02-12 05:40:36.220 63102 INFO tempest.lib.common.rest_client [req-1abeda3c-dd73-45ce-969c-ee307e02a6eb req-1abeda3c-dd73-45ce-969c-ee307e02a6eb ] Request (ImagesOneServerTestJSON:test_create_image_specify_multibyte_character_image_name): 200 GET http://10.180.1.21/compute/v2.1/images/672a373c-6a31-4533-a920-2ad4f9eb35ac 0.038s
2025-02-12 05:40:36.257 63102 INFO tempest.lib.common.rest_client [req-91505672-2fa8-4060-a5a6-0763bf6a4857 req-91505672-2fa8-4060-a5a6-0763bf6a4857 ] Request (ImagesOneServerTestJSON:test_create_image_specify_multibyte_character_image_name): 200 GET http://10.180.1.21/compute/v2.1/images/672a373c-6a31-4533-a920-2ad4f9eb35ac 0.033s
2025-02-12 05:40:36.274 63124 INFO tempest.lib.common.rest_client [req-6c0da1e7-be0b-4eb6-b42f-d4d427a71eed req-6c0da1e7-be0b-4eb6-b42f-d4d427a71eed ] Request (ServersAdmin275Test:tearDownClass): 200 GET http://10.180.1.21/compute/v2.1/servers/a66775a2-de48-43b7-b71e-e3879dd77889 0.067s
2025-02-12 05:40:36.332 63110 INFO tempest.lib.common.rest_client [req-ec2a80f5-7f92-4fbd-a086-56c8985e9a33 req-ec2a80f5-7f92-4fbd-a086-56c8985e9a33 ] Request (ServersV294TestFqdnHostnames:setUpClass): 200 GET http://10.180.1.21/compute/v2.1/servers/7449cdc9-720c-4046-80cd-f612ea9cb835 0.066s
2025-02-12 05:40:36.384 63122 INFO tempest.lib.common.rest_client [req-10dc1e5e-3ede-4955-9f79-431935e8d9df req-10dc1e5e-3ede-4955-9f79-431935e8d9df ] Request (ServersTestFqdnHostnames:test_create_server_with_fqdn_name): 200 GET http://10.180.1.21/compute/v2.1/servers/a38d520a-752a-47eb-bf4a-731857a603b7 0.089s
2025-02-12 05:40:36.410 63102 INFO tempest.lib.common.rest_client [req-88c31ba4-5780-4cbb-ace0-e959dd223c5a req-88c31ba4-5780-4cbb-ace0-e959dd223c5a ] Request (ImagesOneServerTestJSON:test_create_image_specify_multibyte_character_image_name): 200 GET http://10.180.1.21/compute/v2.1/servers/d239075a-b9ac-4739-8257-2ffc01630af5 0.150s
2025-02-12 05:40:36.440 63080 INFO tempest.lib.common.rest_client [req-f36d3cb6-396e-40f7-a67e-ca9b7e4400f3 req-f36d3cb6-396e-40f7-a67e-ca9b7e4400f3 ] Request (DeleteServersAdminTestJSON:test_delete_server_while_in_error_state): 200 GET http://10.180.1.21/compute/v2.1/servers/5ab4a4c1-b7d4-40cc-9046-a91eb9bbb3b9 0.112s
2025-02-12 05:40:36.481 63084 INFO tempest.lib.common.rest_client [req-05abf9f7-b021-4155-8d33-19c0c2f0a7f8 req-05abf9f7-b021-4155-8d33-19c0c2f0a7f8 ] Request (SecurityGroupsTestJSON:test_list_security_groups_by_server): 200 GET http://10.180.1.21/compute/v2.1/servers/1e30471c-8313-47f7-93ae-ac23365b0186 0.132s
2025-02-12 05:40:36.504 63088 INFO tempest.lib.common.rest_client [req-cbade370-86e6-49f7-b129-eee2f2461477 req-cbade370-86e6-49f7-b129-eee2f2461477 ] Request (ServerExternalEventsTest:tearDownClass): 200 GET http://10.180.1.21/compute/v2.1/servers/3b3e9f91-4c18-4a56-a55c-a1e31af4277c 0.107s
2025-02-12 05:40:36.539 63072 INFO tempest.lib.common.rest_client [req-226cc5e8-4580-4bc4-ad1a-a2b60271310e req-226cc5e8-4580-4bc4-ad1a-a2b60271310e ] Request (ServerDiagnosticsTest:test_get_server_diagnostics): 200 GET http://10.180.1.21/compute/v2.1/servers/f89bb1e5-203a-4181-b331-531979f22e84 0.121s
2025-02-12 05:40:36.671 63086 INFO tempest.lib.common.rest_client [req-138dcad1-1868-4497-a9e2-69cc950012f2 req-138dcad1-1868-4497-a9e2-69cc950012f2 ] Request (InstanceActionsTestJSON:tearDownClass): 200 GET http://10.180.1.21/compute/v2.1/servers/2e38f6ab-1536-4c20-a9b4-8ef5a82a7510 0.081s
2025-02-12 05:40:36.744 63112 INFO tempest.lib.common.rest_client [req-1f92a27f-7337-48f8-a0fb-2a569b0e9d72 req-1f92a27f-7337-48f8-a0fb-2a569b0e9d72 ] Request (InstanceActionsNegativeTestJSON:setUpClass): 200 GET http://10.180.1.21/compute/v2.1/servers/09d13f16-00fc-4dc9-bf6b-962c7c8a1885 0.100s
2025-02-12 05:40:36.746 63134 INFO tempest.lib.common.rest_client [req-ff641e4b-c613-49bd-ac5f-3917b5976104 req-ff641e4b-c613-49bd-ac5f-3917b5976104 ] Request (MigrationsAdminTest:test_list_migrations_in_flavor_resize_situation): 200 GET http://10.180.1.21/compute/v2.1/servers/264d4a15-f70a-40ca-99e2-2f88c92545d6 0.204s
2025-02-12 05:40:36.821 63126 INFO tempest.lib.common.rest_client [req-ff95ac2b-dc18-479e-bdc2-4207afccca2f req-ff95ac2b-dc18-479e-bdc2-4207afccca2f ] Request (AttachVolumeNegativeTest:test_attach_attached_volume_to_different_server): 200 GET http://10.180.1.21/compute/v2.1/servers/160b53db-10d5-43ef-96d5-e9e56cdd8aa7 0.097s
2025-02-12 05:40:36.857 63078 INFO tempest.lib.common.rest_client [req-fb9e34a3-cf3f-47d9-ba47-8172a46e61f9 req-fb9e34a3-cf3f-47d9-ba47-8172a46e61f9 ] Request (ImagesTestJSON:test_create_image_from_stopped_server): 200 GET http://10.180.1.21/compute/v2.1/servers/c993e553-ca92-4928-93d3-a9f21a08b57b 0.199s
2025-02-12 05:40:36.907 63116 INFO tempest.lib.common.rest_client [req-1c4a20f4-9131-4167-b648-5a86d93c40cd req-1c4a20f4-9131-4167-b648-5a86d93c40cd ] Request (ServersAdminNegativeTestJSON:setUpClass): 200 GET http://10.180.1.21/compute/v2.1/servers/80a65e39-d08d-4ab6-ba4d-f3f2d501245a 0.134s
2025-02-12 05:40:36.912 63106 INFO tempest.lib.common.rest_client [req-cc9d41d8-2fcf-42c4-b9f2-12b1d4e4c036 req-cc9d41d8-2fcf-42c4-b9f2-12b1d4e4c036 ] Request (ServersAdminTestJSON:test_create_server_with_scheduling_hint): 200 GET http://10.180.1.21/compute/v2.1/servers/4518d435-1fbd-4a4c-be55-dcba1a1b66e8 0.185s
2025-02-12 05:40:36.983 63076 INFO tempest.lib.common.rest_client [req-d0db9b8d-65c6-4625-a149-fd1073d52e66 req-d0db9b8d-65c6-4625-a149-fd1073d52e66 ] Request (TenantUsagesTestJSON:tearDownClass): 200 GET http://10.180.1.21/compute/v2.1/servers/a0d0bb5e-774b-4608-9e60-699296e9224c 0.120s
2025-02-12 05:40:37.046 63114 INFO tempest.lib.common.rest_client [req-6450863a-c589-4507-a583-9ba7df7c71f8 req-6450863a-c589-4507-a583-9ba7df7c71f8 ] Request (ServerTagsTestJSON:setUpClass): 200 GET http://10.180.1.21/compute/v2.1/servers/9e4b8141-2196-45c5-abd9-7926608c0693 0.133s
2025-02-12 05:40:37.053 63082 INFO tempest.lib.common.rest_client [req-e2e2917e-3f34-4a01-b522-6e3297b360bd req-e2e2917e-3f34-4a01-b522-6e3297b360bd ] Request (FloatingIPsAssociationTestJSON:setUpClass): 200 GET http://10.180.1.21/compute/v2.1/servers/173762f6-0408-4fe3-9bea-8f0f32a86f0e 0.175s
2025-02-12 05:40:37.127 63130 INFO tempest.lib.common.rest_client [req-33888780-3e65-4368-9f95-53d254839947 req-33888780-3e65-4368-9f95-53d254839947 ] Request (FloatingIPsAssociationNegativeTestJSON:tearDownClass): 200 GET http://10.180.1.21/compute/v2.1/servers/cb68aa07-da34-4080-a33c-5746ac4ab4bd 0.157s
2025-02-12 05:40:37.129 63074 INFO tempest.lib.common.rest_client [req-cd59979a-88e9-4cd0-9b99-561d677de796 req-cd59979a-88e9-4cd0-9b99-561d677de796 ] Request (InstanceActionsV221TestJSON:test_get_list_deleted_instance_actions): 200 GET http://10.180.1.21/compute/v2.1/servers/2043f3d8-7f16-4faa-9ed5-54465084c340 0.195s
2025-02-12 05:40:37.186 63100 INFO tempest.lib.common.rest_client [req-75cf6a44-9600-4c82-887c-d56deebeb7c2 req-75cf6a44-9600-4c82-887c-d56deebeb7c2 ] Request (ListServersNegativeTestJSON:setUpClass): 200 GET http://10.180.1.21/compute/v2.1/servers/293a4ffc-88d9-4b27-93a8-a0508441e299 0.133s
2025-02-12 05:40:37.197 63118 INFO tempest.lib.common.rest_client [req-fa78c0fc-9115-4184-8071-243170ed1745 req-fa78c0fc-9115-4184-8071-243170ed1745 ] Request (ServersTestManualDisk:setUpClass): 200 GET http://10.180.1.21/compute/v2.1/servers/30160624-7db0-4e61-9fda-227f2e7435ed 0.064s
2025-02-12 05:40:37.204 63118 INFO tempest.common.waiters [-] State transition "BUILD/None" ==> "BUILD/networking" after 35 second wait
2025-02-12 05:40:37.259 63096 INFO tempest.lib.common.rest_client [req-8730e8ca-bc37-43c0-9a10-d3e8abdf0711 req-8730e8ca-bc37-43c0-9a10-d3e8abdf0711 ] Request (ListImageFiltersTestJSON:setUpClass): 200 GET http://10.180.1.21/compute/v2.1/servers/71299699-d75c-4271-8752-15f96c7940c2 0.063s
2025-02-12 05:40:37.326 63108 INFO tempest.lib.common.rest_client [req-7b13661e-a6d3-4429-bf9a-e4510758a9e0 req-7b13661e-a6d3-4429-bf9a-e4510758a9e0 ] Request (ServerGroupTestJSON:test_create_server_with_scheduler_hint_group): 200 GET http://10.180.1.21/compute/v2.1/servers/e13e8b36-5b13-4070-8c84-305adbd01866 0.125s
2025-02-12 05:40:37.327 63128 INFO tempest.lib.common.rest_client [req-9c4502a8-00e8-4d5e-9e1b-13ec112c77f2 req-9c4502a8-00e8-4d5e-9e1b-13ec112c77f2 ] Request (ServersTestJSON:setUpClass): 200 GET http://10.180.1.21/compute/v2.1/servers/c79321d7-40fe-42ca-a2bb-6d43b1c5f8c3 0.169s
2025-02-12 05:40:37.390 63124 INFO tempest.lib.common.rest_client [req-96194b40-7da3-4796-9380-42b72d368659 req-96194b40-7da3-4796-9380-42b72d368659 ] Request (ServersAdmin275Test:tearDownClass): 200 GET http://10.180.1.21/compute/v2.1/servers/a66775a2-de48-43b7-b71e-e3879dd77889 0.105s
2025-02-12 05:40:37.404 63110 INFO tempest.lib.common.rest_client [req-4f1a9476-edc5-4fc3-b53c-e6ff70b333b5 req-4f1a9476-edc5-4fc3-b53c-e6ff70b333b5 ] Request (ServersV294TestFqdnHostnames:setUpClass): 200 GET http://10.180.1.21/compute/v2.1/servers/7449cdc9-720c-4046-80cd-f612ea9cb835 0.060s
2025-02-12 05:40:37.442 63122 INFO tempest.lib.common.rest_client [req-c3bc25d3-5517-468e-9736-8402f649dcef req-c3bc25d3-5517-468e-9736-8402f649dcef ] Request (ServersTestFqdnHostnames:test_create_server_with_fqdn_name): 200 GET http://10.180.1.21/compute/v2.1/servers/a38d520a-752a-47eb-bf4a-731857a603b7 0.050s
2025-02-12 05:40:37.516 63080 INFO tempest.lib.common.rest_client [req-1e9199f9-9e72-4483-b994-37595563fcbe req-1e9199f9-9e72-4483-b994-37595563fcbe ] Request (DeleteServersAdminTestJSON:test_delete_server_while_in_error_state): 200 GET http://10.180.1.21/compute/v2.1/servers/5ab4a4c1-b7d4-40cc-9046-a91eb9bbb3b9 0.067s
2025-02-12 05:40:37.557 63102 INFO tempest.lib.common.rest_client [req-8891ecee-f8a9-4ab2-bc04-d455a2ce51b6 req-8891ecee-f8a9-4ab2-bc04-d455a2ce51b6 ] Request (ImagesOneServerTestJSON:test_create_image_specify_multibyte_character_image_name): 200 GET http://10.180.1.21/compute/v2.1/servers/d239075a-b9ac-4739-8257-2ffc01630af5 0.138s
2025-02-12 05:40:37.564 63102 INFO tempest.common.waiters [-] State transition "ACTIVE/image_uploading" ==> "ACTIVE/None" after 1 second wait
2025-02-12 05:40:37.584 63084 INFO tempest.lib.common.rest_client [req-9058b73a-6c7c-43e1-9fd5-7e25acf836c3 req-9058b73a-6c7c-43e1-9fd5-7e25acf836c3 ] Request (SecurityGroupsTestJSON:test_list_security_groups_by_server): 200 GET http://10.180.1.21/compute/v2.1/servers/1e30471c-8313-47f7-93ae-ac23365b0186 0.095s
2025-02-12 05:40:37.623 63088 INFO tempest.lib.common.rest_client [req-53fbe1aa-bfe5-4d47-ad7c-cbf47d4fdd0b req-53fbe1aa-bfe5-4d47-ad7c-cbf47d4fdd0b ] Request (ServerExternalEventsTest:tearDownClass): 200 GET http://10.180.1.21/compute/v2.1/servers/3b3e9f91-4c18-4a56-a55c-a1e31af4277c 0.110s
2025-02-12 05:40:37.637 63072 INFO tempest.lib.common.rest_client [req-ea605d17-1ab4-454d-b0d7-026a4e7e75b2 req-ea605d17-1ab4-454d-b0d7-026a4e7e75b2 ] Request (ServerDiagnosticsTest:test_get_server_diagnostics): 200 GET http://10.180.1.21/compute/v2.1/servers/f89bb1e5-203a-4181-b331-531979f22e84 0.084s
2025-02-12 05:40:37.725 63102 INFO tempest.lib.common.rest_client [req-d53508d6-3532-4fda-8843-6e1b607714a8 req-d53508d6-3532-4fda-8843-6e1b607714a8 ] Request (ImagesOneServerTestJSON:tearDownClass): 204 DELETE http://10.180.1.21/compute/v2.1/images/672a373c-6a31-4533-a920-2ad4f9eb35ac 0.160s
2025-02-12 05:40:37.746 63086 INFO tempest.lib.common.rest_client [req-664e404a-7a68-4d7a-b138-eb5d3253a951 req-664e404a-7a68-4d7a-b138-eb5d3253a951 ] Request (InstanceActionsTestJSON:tearDownClass): 200 GET http://10.180.1.21/compute/v2.1/servers/2e38f6ab-1536-4c20-a9b4-8ef5a82a7510 0.063s
2025-02-12 05:40:37.749 63102 INFO tempest.lib.common.rest_client [req-b3ccd8c4-44a1-4dc3-95d1-71b2e5e6d82e req-b3ccd8c4-44a1-4dc3-95d1-71b2e5e6d82e ] Request (ImagesOneServerTestJSON:tearDownClass): 404 DELETE http://10.180.1.21/compute/v2.1/images/48b68456-b218-4afc-a0ee-12c4ca24f50b 0.024s
2025-02-12 05:40:37.813 63112 INFO tempest.lib.common.rest_client [req-d49ff75b-e8b8-49e7-b784-58bc94c08ce3 req-d49ff75b-e8b8-49e7-b784-58bc94c08ce3 ] Request (InstanceActionsNegativeTestJSON:setUpClass): 200 GET http://10.180.1.21/compute/v2.1/servers/09d13f16-00fc-4dc9-bf6b-962c7c8a1885 0.060s
2025-02-12 05:40:37.831 63102 INFO tempest.lib.common.rest_client [req-a5a5b07d-0884-4e17-9733-5fa522f33d67 req-a5a5b07d-0884-4e17-9733-5fa522f33d67 ] Request (ImagesOneServerTestJSON:tearDownClass): 204 DELETE http://10.180.1.21/compute/v2.1/servers/d239075a-b9ac-4739-8257-2ffc01630af5 0.081s
2025-02-12 05:40:37.889 63126 INFO tempest.lib.common.rest_client [req-a98b7fdb-7188-4692-8bca-a0ccaf60516b req-a98b7fdb-7188-4692-8bca-a0ccaf60516b ] Request (AttachVolumeNegativeTest:test_attach_attached_volume_to_different_server): 200 GET http://10.180.1.21/compute/v2.1/servers/160b53db-10d5-43ef-96d5-e9e56cdd8aa7 0.058s
2025-02-12 05:40:37.925 63134 INFO tempest.lib.common.rest_client [req-3710d4f2-a771-43ba-be57-ae9011466724 req-3710d4f2-a771-43ba-be57-ae9011466724 ] Request (MigrationsAdminTest:test_list_migrations_in_flavor_resize_situation): 200 GET http://10.180.1.21/compute/v2.1/servers/264d4a15-f70a-40ca-99e2-2f88c92545d6 0.159s
2025-02-12 05:40:37.994 63102 INFO tempest.lib.common.rest_client [req-a1067b2a-5135-45c8-9ec7-6c539b770e4b req-a1067b2a-5135-45c8-9ec7-6c539b770e4b ] Request (ImagesOneServerTestJSON:tearDownClass): 200 GET http://10.180.1.21/compute/v2.1/servers/d239075a-b9ac-4739-8257-2ffc01630af5 0.163s
2025-02-12 05:40:38.028 63078 INFO tempest.lib.common.rest_client [req-18aa592b-5c3e-4382-91b6-dffba8974e40 req-18aa592b-5c3e-4382-91b6-dffba8974e40 ] Request (ImagesTestJSON:test_create_image_from_stopped_server): 200 GET http://10.180.1.21/compute/v2.1/servers/c993e553-ca92-4928-93d3-a9f21a08b57b 0.161s
2025-02-12 05:40:38.044 63116 INFO tempest.lib.common.rest_client [req-7b3a769d-f3bf-4f41-9a70-860fbeeaaed6 req-7b3a769d-f3bf-4f41-9a70-860fbeeaaed6 ] Request (ServersAdminNegativeTestJSON:setUpClass): 200 GET http://10.180.1.21/compute/v2.1/servers/80a65e39-d08d-4ab6-ba4d-f3f2d501245a 0.129s
2025-02-12 05:40:38.105 63076 INFO tempest.lib.common.rest_client [req-bf952200-4fc1-4f68-b4ee-11a95322a76d req-bf952200-4fc1-4f68-b4ee-11a95322a76d ] Request (TenantUsagesTestJSON:tearDownClass): 200 GET http://10.180.1.21/compute/v2.1/servers/a0d0bb5e-774b-4608-9e60-699296e9224c 0.114s
2025-02-12 05:40:38.146 63106 INFO tempest.lib.common.rest_client [req-4ff6e2c5-988e-4b81-bb20-31a5ecd7912f req-4ff6e2c5-988e-4b81-bb20-31a5ecd7912f ] Request (ServersAdminTestJSON:test_create_server_with_scheduling_hint): 200 GET http://10.180.1.21/compute/v2.1/servers/4518d435-1fbd-4a4c-be55-dcba1a1b66e8 0.226s
2025-02-12 05:40:38.157 63114 INFO tempest.lib.common.rest_client [req-06323576-ec77-4f43-bd45-1c5d8e9046b4 req-06323576-ec77-4f43-bd45-1c5d8e9046b4 ] Request (ServerTagsTestJSON:setUpClass): 200 GET http://10.180.1.21/compute/v2.1/servers/9e4b8141-2196-45c5-abd9-7926608c0693 0.098s
2025-02-12 05:40:38.160 63092 WARNING tempest.lib.common.ssh [-] Failed to establish authenticated ssh connection to cirros@10.180.180.154 ([Errno None] Unable to connect to port 22 on 10.180.180.154). Number attempts: 4. Retry after 5 seconds.: paramiko.ssh_exception.NoValidConnectionsError: [Errno None] Unable to connect to port 22 on 10.180.180.154
2025-02-12 05:40:38.221 63130 INFO tempest.lib.common.rest_client [req-24a568aa-5bb6-4619-9342-9a0313342c3f req-24a568aa-5bb6-4619-9342-9a0313342c3f ] Request (FloatingIPsAssociationNegativeTestJSON:tearDownClass): 200 GET http://10.180.1.21/compute/v2.1/servers/cb68aa07-da34-4080-a33c-5746ac4ab4bd 0.086s
2025-02-12 05:40:38.253 63082 INFO tempest.lib.common.rest_client [req-395ce748-160d-4988-b51e-c4a8c0d0abca req-395ce748-160d-4988-b51e-c4a8c0d0abca ] Request (FloatingIPsAssociationTestJSON:setUpClass): 200 GET http://10.180.1.21/compute/v2.1/servers/173762f6-0408-4fe3-9bea-8f0f32a86f0e 0.191s
2025-02-12 05:40:38.279 63074 INFO tempest.lib.common.rest_client [req-f1cca853-d005-4a7e-845d-3a764d841d6f req-f1cca853-d005-4a7e-845d-3a764d841d6f ] Request (InstanceActionsV221TestJSON:test_get_list_deleted_instance_actions): 200 GET http://10.180.1.21/compute/v2.1/servers/2043f3d8-7f16-4faa-9ed5-54465084c340 0.141s
2025-02-12 05:40:38.288 63090 WARNING tempest.lib.common.ssh [-] Failed to establish authenticated ssh connection to cirros@10.180.180.237 ([Errno None] Unable to connect to port 22 on 10.180.180.237). Number attempts: 2. Retry after 3 seconds.: paramiko.ssh_exception.NoValidConnectionsError: [Errno None] Unable to connect to port 22 on 10.180.180.237
2025-02-12 05:40:38.299 63100 INFO tempest.lib.common.rest_client [req-edb5295f-c80e-419a-8f5f-6876d78d1b3f req-edb5295f-c80e-419a-8f5f-6876d78d1b3f ] Request (ListServersNegativeTestJSON:setUpClass): 200 GET http://10.180.1.21/compute/v2.1/servers/293a4ffc-88d9-4b27-93a8-a0508441e299 0.106s
2025-02-12 05:40:38.354 63096 INFO tempest.lib.common.rest_client [req-5d1711a1-33b3-44e6-9680-d4e6bebe53d5 req-5d1711a1-33b3-44e6-9680-d4e6bebe53d5 ] Request (ListImageFiltersTestJSON:setUpClass): 200 GET http://10.180.1.21/compute/v2.1/servers/71299699-d75c-4271-8752-15f96c7940c2 0.085s
2025-02-12 05:40:38.387 63118 INFO tempest.lib.common.rest_client [req-c0199e24-1def-4c97-a5ae-f83eb4b5160d req-c0199e24-1def-4c97-a5ae-f83eb4b5160d ] Request (ServersTestManualDisk:setUpClass): 200 GET http://10.180.1.21/compute/v2.1/servers/30160624-7db0-4e61-9fda-227f2e7435ed 0.181s
2025-02-12 05:40:38.398 63118 INFO tempest.common.waiters [-] State transition "BUILD/networking" ==> "BUILD/spawning" after 36 second wait
2025-02-12 05:40:38.405 63108 INFO tempest.lib.common.rest_client [req-4f70d69c-d6a4-4828-b400-6f71b7098250 req-4f70d69c-d6a4-4828-b400-6f71b7098250 ] Request (ServerGroupTestJSON:test_create_server_with_scheduler_hint_group): 200 GET http://10.180.1.21/compute/v2.1/servers/e13e8b36-5b13-4070-8c84-305adbd01866 0.070s
2025-02-12 05:40:38.471 63124 INFO tempest.lib.common.rest_client [req-b2023618-26f5-4ee5-b409-94aa7aff721f req-b2023618-26f5-4ee5-b409-94aa7aff721f ] Request (ServersAdmin275Test:tearDownClass): 200 GET http://10.180.1.21/compute/v2.1/servers/a66775a2-de48-43b7-b71e-e3879dd77889 0.070s
2025-02-12 05:40:38.480 63128 INFO tempest.lib.common.rest_client [req-0adcc0cc-d595-4fcd-a612-570a722f292b req-0adcc0cc-d595-4fcd-a612-570a722f292b ] Request (ServersTestJSON:setUpClass): 200 GET http://10.180.1.21/compute/v2.1/servers/c79321d7-40fe-42ca-a2bb-6d43b1c5f8c3 0.145s
2025-02-12 05:40:38.490 63128 INFO tempest.common.waiters [-] State transition "BUILD/spawning" ==> "ACTIVE/None" after 45 second wait
2025-02-12 05:40:38.527 63110 INFO tempest.lib.common.rest_client [req-fa5b2d0f-fbd3-4541-b193-3eb8552c6f61 req-fa5b2d0f-fbd3-4541-b193-3eb8552c6f61 ] Request (ServersV294TestFqdnHostnames:setUpClass): 200 GET http://10.180.1.21/compute/v2.1/servers/7449cdc9-720c-4046-80cd-f612ea9cb835 0.113s
2025-02-12 05:40:38.533 63122 INFO tempest.lib.common.rest_client [req-a3ade8d3-a3f6-4732-b7d2-02da4127f510 req-a3ade8d3-a3f6-4732-b7d2-02da4127f510 ] Request (ServersTestFqdnHostnames:test_create_server_with_fqdn_name): 200 GET http://10.180.1.21/compute/v2.1/servers/a38d520a-752a-47eb-bf4a-731857a603b7 0.084s
2025-02-12 05:40:38.590 63080 INFO tempest.lib.common.rest_client [req-a8b259d5-7618-47f5-84ab-b23dcbd25d1d req-a8b259d5-7618-47f5-84ab-b23dcbd25d1d ] Request (DeleteServersAdminTestJSON:test_delete_server_while_in_error_state): 200 GET http://10.180.1.21/compute/v2.1/servers/5ab4a4c1-b7d4-40cc-9046-a91eb9bbb3b9 0.060s
2025-02-12 05:40:38.642 63128 INFO tempest.lib.common.rest_client [req-a255f36c-2840-413d-8e9a-0dfc9623c643 req-a255f36c-2840-413d-8e9a-0dfc9623c643 ] Request (ServersTestJSON:setUpClass): 200 GET http://10.180.1.21/compute/v2.1/servers/c79321d7-40fe-42ca-a2bb-6d43b1c5f8c3/os-interface 0.151s
2025-02-12 05:40:38.680 63084 INFO tempest.lib.common.rest_client [req-9b09abb8-b893-42cf-a69a-94434ee042f2 req-9b09abb8-b893-42cf-a69a-94434ee042f2 ] Request (SecurityGroupsTestJSON:test_list_security_groups_by_server): 200 GET http://10.180.1.21/compute/v2.1/servers/1e30471c-8313-47f7-93ae-ac23365b0186 0.087s
2025-02-12 05:40:38.712 63088 INFO tempest.lib.common.rest_client [req-d5192eb9-66ef-4f64-af04-20ac4881efb2 req-d5192eb9-66ef-4f64-af04-20ac4881efb2 ] Request (ServerExternalEventsTest:tearDownClass): 200 GET http://10.180.1.21/compute/v2.1/servers/3b3e9f91-4c18-4a56-a55c-a1e31af4277c 0.081s
2025-02-12 05:40:38.734 63072 INFO tempest.lib.common.rest_client [req-23d88329-d3b0-4f24-b804-54b5ac991692 req-23d88329-d3b0-4f24-b804-54b5ac991692 ] Request (ServerDiagnosticsTest:test_get_server_diagnostics): 200 GET http://10.180.1.21/compute/v2.1/servers/f89bb1e5-203a-4181-b331-531979f22e84 0.089s
2025-02-12 05:40:38.822 63086 INFO tempest.lib.common.rest_client [req-fdeb4b32-8982-4bc9-9576-2b4d3ad01559 req-fdeb4b32-8982-4bc9-9576-2b4d3ad01559 ] Request (InstanceActionsTestJSON:tearDownClass): 200 GET http://10.180.1.21/compute/v2.1/servers/2e38f6ab-1536-4c20-a9b4-8ef5a82a7510 0.066s
2025-02-12 05:40:38.929 63112 INFO tempest.lib.common.rest_client [req-0a87dd80-ba26-4692-aae7-4b5c14ee691c req-0a87dd80-ba26-4692-aae7-4b5c14ee691c ] Request (InstanceActionsNegativeTestJSON:setUpClass): 200 GET http://10.180.1.21/compute/v2.1/servers/09d13f16-00fc-4dc9-bf6b-962c7c8a1885 0.107s
2025-02-12 05:40:38.965 63126 INFO tempest.lib.common.rest_client [req-17fafd59-17b7-41a9-86db-924c93d017c2 req-17fafd59-17b7-41a9-86db-924c93d017c2 ] Request (AttachVolumeNegativeTest:test_attach_attached_volume_to_different_server): 200 GET http://10.180.1.21/compute/v2.1/servers/160b53db-10d5-43ef-96d5-e9e56cdd8aa7 0.068s
2025-02-12 05:40:39.082 63134 INFO tempest.lib.common.rest_client [req-9e3b4d0c-4620-4994-ad62-a9a3c0b9f4ab req-9e3b4d0c-4620-4994-ad62-a9a3c0b9f4ab ] Request (MigrationsAdminTest:test_list_migrations_in_flavor_resize_situation): 200 GET http://10.180.1.21/compute/v2.1/servers/264d4a15-f70a-40ca-99e2-2f88c92545d6 0.147s
2025-02-12 05:40:39.158 63102 INFO tempest.lib.common.rest_client [req-d857e3c6-cec8-47e6-8b6a-9ca46dbd5084 req-d857e3c6-cec8-47e6-8b6a-9ca46dbd5084 ] Request (ImagesOneServerTestJSON:tearDownClass): 200 GET http://10.180.1.21/compute/v2.1/servers/d239075a-b9ac-4739-8257-2ffc01630af5 0.154s
2025-02-12 05:40:39.177 63128 INFO tempest.lib.common.rest_client [req-cd0cc547-783d-440d-a6f5-1712654615ea req-cd0cc547-783d-440d-a6f5-1712654615ea ] Request (ServersTestJSON:setUpClass): 200 PUT http://10.180.1.21:9696/networking/v2.0/floatingips/25f2b105-3985-493c-938b-19891f5f8693 0.533s
2025-02-12 05:40:39.213 63116 INFO tempest.lib.common.rest_client [req-646970de-ad83-45f6-b37c-82775fc10b15 req-646970de-ad83-45f6-b37c-82775fc10b15 ] Request (ServersAdminNegativeTestJSON:setUpClass): 200 GET http://10.180.1.21/compute/v2.1/servers/80a65e39-d08d-4ab6-ba4d-f3f2d501245a 0.159s
2025-02-12 05:40:39.228 63078 INFO tempest.lib.common.rest_client [req-12c772ee-b3bf-438f-86a9-0733b3adf5bf req-12c772ee-b3bf-438f-86a9-0733b3adf5bf ] Request (ImagesTestJSON:test_create_image_from_stopped_server): 200 GET http://10.180.1.21/compute/v2.1/servers/c993e553-ca92-4928-93d3-a9f21a08b57b 0.192s
2025-02-12 05:40:39.237 63078 INFO tempest.common.waiters [-] State transition "BUILD/spawning" ==> "ACTIVE/None" after 38 second wait
2025-02-12 05:40:39.296 63076 INFO tempest.lib.common.rest_client [req-79a2a8ee-bee3-4517-9bf7-1c48746ee5fd req-79a2a8ee-bee3-4517-9bf7-1c48746ee5fd ] Request (TenantUsagesTestJSON:tearDownClass): 200 GET http://10.180.1.21/compute/v2.1/servers/a0d0bb5e-774b-4608-9e60-699296e9224c 0.178s
2025-02-12 05:40:39.346 63114 INFO tempest.lib.common.rest_client [req-9b4ae157-0f48-470d-807a-d343b3ed7a0b req-9b4ae157-0f48-470d-807a-d343b3ed7a0b ] Request (ServerTagsTestJSON:setUpClass): 200 GET http://10.180.1.21/compute/v2.1/servers/9e4b8141-2196-45c5-abd9-7926608c0693 0.176s
2025-02-12 05:40:39.351 63106 INFO tempest.lib.common.rest_client [req-28939c81-a67c-4563-a1f4-3579d789363a req-28939c81-a67c-4563-a1f4-3579d789363a ] Request (ServersAdminTestJSON:test_create_server_with_scheduling_hint): 200 GET http://10.180.1.21/compute/v2.1/servers/4518d435-1fbd-4a4c-be55-dcba1a1b66e8 0.192s
2025-02-12 05:40:39.443 63130 INFO tempest.lib.common.rest_client [req-6c98a275-243f-4282-8f99-f57b4fb08c1d req-6c98a275-243f-4282-8f99-f57b4fb08c1d ] Request (FloatingIPsAssociationNegativeTestJSON:tearDownClass): 200 GET http://10.180.1.21/compute/v2.1/servers/cb68aa07-da34-4080-a33c-5746ac4ab4bd 0.214s
2025-02-12 05:40:39.455 63128 INFO tempest.lib.common.rest_client [req-87f0774c-f8d2-4b6d-b0d6-4dde5cd8f5da req-87f0774c-f8d2-4b6d-b0d6-4dde5cd8f5da ] Request (ServersTestJSON:setUpClass): 200 GET http://10.180.1.21/compute/v2.1/servers/c79321d7-40fe-42ca-a2bb-6d43b1c5f8c3 0.277s
2025-02-12 05:40:39.471 63128 INFO tempest.lib.common.ssh [-] Creating ssh connection to '10.180.180.170:22' as 'cirros' with public key authentication
2025-02-12 05:40:39.512 63078 INFO tempest.lib.common.rest_client [req-fc327027-f06b-45c9-8352-eeec50ada987 req-fc327027-f06b-45c9-8352-eeec50ada987 ] Request (ImagesTestJSON:test_create_image_from_stopped_server): 202 POST http://10.180.1.21/compute/v2.1/servers/c993e553-ca92-4928-93d3-a9f21a08b57b/action 0.274s
2025-02-12 05:40:39.570 63074 INFO tempest.lib.common.rest_client [req-2cc145be-155a-4547-b824-ac4ce76a10b3 req-2cc145be-155a-4547-b824-ac4ce76a10b3 ] Request (InstanceActionsV221TestJSON:test_get_list_deleted_instance_actions): 200 GET http://10.180.1.21/compute/v2.1/servers/2043f3d8-7f16-4faa-9ed5-54465084c340 0.282s
2025-02-12 05:40:39.581 63082 INFO tempest.lib.common.rest_client [req-49d3e415-f094-40e7-99be-3dd0ad52bf31 req-49d3e415-f094-40e7-99be-3dd0ad52bf31 ] Request (FloatingIPsAssociationTestJSON:setUpClass): 200 GET http://10.180.1.21/compute/v2.1/servers/173762f6-0408-4fe3-9bea-8f0f32a86f0e 0.318s
2025-02-12 05:40:39.622 63100 INFO tempest.lib.common.rest_client [req-d212894c-9e68-4d0c-ab30-d4386a1660d9 req-d212894c-9e68-4d0c-ab30-d4386a1660d9 ] Request (ListServersNegativeTestJSON:setUpClass): 200 GET http://10.180.1.21/compute/v2.1/servers/293a4ffc-88d9-4b27-93a8-a0508441e299 0.315s
2025-02-12 05:40:39.628 63096 INFO tempest.lib.common.rest_client [req-7a9e5bff-51a6-4cb6-a970-f16d4bee4726 req-7a9e5bff-51a6-4cb6-a970-f16d4bee4726 ] Request (ListImageFiltersTestJSON:setUpClass): 200 GET http://10.180.1.21/compute/v2.1/servers/71299699-d75c-4271-8752-15f96c7940c2 0.267s
2025-02-12 05:40:39.687 63108 INFO tempest.lib.common.rest_client [req-7d099779-b8d4-4026-b5f1-2b2961a37d2c req-7d099779-b8d4-4026-b5f1-2b2961a37d2c ] Request (ServerGroupTestJSON:test_create_server_with_scheduler_hint_group): 200 GET http://10.180.1.21/compute/v2.1/servers/e13e8b36-5b13-4070-8c84-305adbd01866 0.274s
2025-02-12 05:40:39.724 63118 INFO tempest.lib.common.rest_client [req-1856e17b-113f-4dab-86fd-e48cfa157580 req-1856e17b-113f-4dab-86fd-e48cfa157580 ] Request (ServersTestManualDisk:setUpClass): 200 GET http://10.180.1.21/compute/v2.1/servers/30160624-7db0-4e61-9fda-227f2e7435ed 0.322s
2025-02-12 05:40:39.744 63124 INFO tempest.lib.common.rest_client [req-8568b797-466c-4652-819f-2d7eb42366e8 req-8568b797-466c-4652-819f-2d7eb42366e8 ] Request (ServersAdmin275Test:tearDownClass): 200 GET http://10.180.1.21/compute/v2.1/servers/a66775a2-de48-43b7-b71e-e3879dd77889 0.260s
2025-02-12 05:40:39.812 63110 INFO tempest.lib.common.rest_client [req-46ec7724-2064-4070-a368-ae4ccad2fb32 req-46ec7724-2064-4070-a368-ae4ccad2fb32 ] Request (ServersV294TestFqdnHostnames:setUpClass): 200 GET http://10.180.1.21/compute/v2.1/servers/7449cdc9-720c-4046-80cd-f612ea9cb835 0.272s
2025-02-12 05:40:39.821 63110 INFO tempest.common.waiters [-] State transition "BUILD/scheduling" ==> "BUILD/None" after 23 second wait
2025-02-12 05:40:39.864 63122 INFO tempest.lib.common.rest_client [req-9cd91e86-a96a-4d33-b4a6-eb496feafa63 req-9cd91e86-a96a-4d33-b4a6-eb496feafa63 ] Request (ServersTestFqdnHostnames:test_create_server_with_fqdn_name): 200 GET http://10.180.1.21/compute/v2.1/servers/a38d520a-752a-47eb-bf4a-731857a603b7 0.323s
