2025-02-12 05:41:20.533 63102 INFO tempest.lib.common.dynamic_creds [-] Created isolated network resources for: credentials: Credentials: {'domain_id': 'default', 'domain_name': 'Default', 'username': 'tempest-ImagesOneServerNegativeTestJSON-488379678-project-member', 'project_domain_id': 'default', 'project_domain_name': 'Default', 'project_id': 'a194733c73bf406d82a0076995c31697', 'project_name': 'tempest-ImagesOneServerNegativeTestJSON-488379678', 'tenant_id': 'a194733c73bf406d82a0076995c31697', 'tenant_name': 'tempest-ImagesOneServerNegativeTestJSON-488379678', 'user_domain_id': 'default', 'user_domain_name': 'Default', 'user_id': 'aa7e8f9183974b76bd66de7f3e0233b5', 'system': None}, Network: {'id': '36e8f21d-7b85-43af-9489-4eec718db488', 'name': 'tempest-ImagesOneServerNegativeTestJSON-1147577558-network', 'tenant_id': 'a194733c73bf406d82a0076995c31697', 'admin_state_up': True, 'mtu': 8950, 'status': 'ACTIVE', 'subnets': [], 'shared': False, 'project_id': 'a194733c73bf406d82a0076995c31697', 'port_security_enabled': True, 'router:external': False, 'provider:network_type': 'vlan', 'provider:physical_network': 'default', 'provider:segmentation_id': 692, 'availability_zone_hints': [], 'availability_zones': [], 'ipv4_address_scope': None, 'ipv6_address_scope': None, 'description': '', 'tags': [], 'created_at': '2025-02-12T05:41:18Z', 'updated_at': '2025-02-12T05:41:18Z', 'revision_number': 1}, Subnet: {'id': '6dca3f4c-83be-4dc0-a450-d190e196302b', 'name': 'tempest-ImagesOneServerNegativeTestJSON-1147577558-subnet', 'tenant_id': 'a194733c73bf406d82a0076995c31697', 'network_id': '36e8f21d-7b85-43af-9489-4eec718db488', 'ip_version': 4, 'subnetpool_id': None, 'enable_dhcp': True, 'ipv6_ra_mode': None, 'ipv6_address_mode': None, 'gateway_ip': '192.168.128.1', 'cidr': '192.168.128.0/28', 'allocation_pools': [{'start': '192.168.128.2', 'end': '192.168.128.14'}], 'host_routes': [], 'dns_nameservers': [], 'description': '', 'router:external': False, 'service_types': [], 'tags': [], 'created_at': '2025-02-12T05:41:19Z', 'updated_at': '2025-02-12T05:41:19Z', 'revision_number': 0, 'project_id': 'a194733c73bf406d82a0076995c31697'}, Router: {'id': 'e56b0de1-8cef-47b6-98c4-be252f3c7697', 'name': 'tempest-ImagesOneServerNegativeTestJSON-1147577558-router', 'tenant_id': 'a194733c73bf406d82a0076995c31697', 'admin_state_up': True, 'status': 'ACTIVE', 'external_gateway_info': {'network_id': '98799ad7-b666-4a1a-bb38-27259b348da2', 'external_fixed_ips': [{'subnet_id': '48c1945e-2b42-40b9-8f63-287e2ebec123', 'ip_address': '10.180.180.205'}], 'enable_snat': True}, 'description': '', 'availability_zones': [], 'distributed': False, 'ha': False, 'availability_zone_hints': [], 'routes': [], 'flavor_id': None, 'tags': [], 'created_at': '2025-02-12T05:41:19Z', 'updated_at': '2025-02-12T05:41:19Z', 'revision_number': 2, 'project_id': 'a194733c73bf406d82a0076995c31697'}
2025-02-12 05:41:20.573 63116 INFO tempest.lib.common.rest_client [req-d6cc57eb-b069-4692-abda-531ab0155656 req-d6cc57eb-b069-4692-abda-531ab0155656 ] Request (ServersAdminNegativeTestJSON:setUpClass): 200 GET http://10.180.1.21/compute/v2.1/servers/80a65e39-d08d-4ab6-ba4d-f3f2d501245a 0.049s
2025-02-12 05:41:20.644 63102 INFO tempest.lib.common.rest_client [req-229bc3c1-5c52-41b5-9754-0e836728e709 req-229bc3c1-5c52-41b5-9754-0e836728e709 ] Request (ImagesOneServerNegativeTestJSON:setUpClass): 201 POST http://10.180.1.21/identity/v3/auth/tokens 0.108s
2025-02-12 05:41:20.672 63102 INFO tempest.lib.common.rest_client [req-bc6562a6-cedc-4fac-a74c-07345b2b745e req-bc6562a6-cedc-4fac-a74c-07345b2b745e ] Request (ImagesOneServerNegativeTestJSON:setUpClass): 201 POST http://10.180.1.21/identity/v3/auth/tokens 0.025s
2025-02-12 05:41:20.673 63102 INFO tempest.lib.common.fixed_network [-] (ImagesOneServerNegativeTestJSON:setUpClass) Found network {'id': '36e8f21d-7b85-43af-9489-4eec718db488', 'name': 'tempest-ImagesOneServerNegativeTestJSON-1147577558-network', 'tenant_id': 'a194733c73bf406d82a0076995c31697', 'admin_state_up': True, 'mtu': 8950, 'status': 'ACTIVE', 'subnets': [], 'shared': False, 'project_id': 'a194733c73bf406d82a0076995c31697', 'port_security_enabled': True, 'router:external': False, 'provider:network_type': 'vlan', 'provider:physical_network': 'default', 'provider:segmentation_id': 692, 'availability_zone_hints': [], 'availability_zones': [], 'ipv4_address_scope': None, 'ipv6_address_scope': None, 'description': '', 'tags': [], 'created_at': '2025-02-12T05:41:18Z', 'updated_at': '2025-02-12T05:41:18Z', 'revision_number': 1} available for tenant
2025-02-12 05:41:20.681 63080 INFO tempest.lib.common.rest_client [req-25287ec9-700f-4655-af8b-5b6ea7f7dd8f req-25287ec9-700f-4655-af8b-5b6ea7f7dd8f ] Request (DeleteServersAdminTestJSON:test_delete_server_while_in_error_state): 200 GET http://10.180.1.21/compute/v2.1/servers/5ab4a4c1-b7d4-40cc-9046-a91eb9bbb3b9 0.069s
2025-02-12 05:41:20.701 63110 INFO tempest.lib.common.rest_client [req-6359d3b0-b136-4ba1-9819-0cf42998ccb4 req-6359d3b0-b136-4ba1-9819-0cf42998ccb4 ] Request (ServersV294TestFqdnHostnames:setUpClass): 200 GET http://10.180.1.21/compute/v2.1/servers/7449cdc9-720c-4046-80cd-f612ea9cb835 0.120s
2025-02-12 05:41:20.711 63110 INFO tempest.common.waiters [-] State transition "BUILD/spawning" ==> "ACTIVE/None" after 64 second wait
2025-02-12 05:41:20.776 63076 INFO tempest.lib.common.rest_client [req-e08bf188-afe9-4c2f-b25e-548bcb944e36 req-e08bf188-afe9-4c2f-b25e-548bcb944e36 ] Request (AttachInterfacesV270Test:test_create_get_list_interfaces): 200 GET http://10.180.1.21/compute/v2.1/servers/ba219d60-2e96-4f25-bb94-2ee38ad75d37 0.076s
2025-02-12 05:41:20.962 63134 INFO tempest.lib.common.rest_client [req-5871a667-304b-44bb-b2b6-25834ed532fc req-5871a667-304b-44bb-b2b6-25834ed532fc ] Request (MigrationsAdminTest:test_list_migrations_in_flavor_resize_situation): 200 GET http://10.180.1.21/compute/v2.1/servers/264d4a15-f70a-40ca-99e2-2f88c92545d6 0.251s
2025-02-12 05:41:21.058 63110 INFO tempest.lib.common.rest_client [req-2d67740a-79c1-4f27-afd7-e6002bfa11e5 req-2d67740a-79c1-4f27-afd7-e6002bfa11e5 ] Request (ServersV294TestFqdnHostnames:setUpClass): 200 GET http://10.180.1.21/compute/v2.1/servers/7449cdc9-720c-4046-80cd-f612ea9cb835/os-interface 0.346s
2025-02-12 05:41:21.118 63124 INFO tempest.lib.common.rest_client [req-df85b019-f907-4e57-8ec3-bb9b9a0b82ed req-df85b019-f907-4e57-8ec3-bb9b9a0b82ed ] Request (ServerAddressesTestJSON:setUpClass): 200 GET http://10.180.1.21/compute/v2.1/servers/0eaee33b-e18d-4fc0-b0b3-c9e5a8877d20 0.358s
2025-02-12 05:41:21.179 63114 INFO tempest.lib.common.rest_client [req-ec961d03-2a81-44a4-a0f7-cbb4a4032c5c req-ec961d03-2a81-44a4-a0f7-cbb4a4032c5c ] Request (ServerTagsTestJSON:setUpClass): 200 GET http://10.180.1.21/compute/v2.1/servers/9e4b8141-2196-45c5-abd9-7926608c0693 0.408s
2025-02-12 05:41:21.231 63090 WARNING tempest.lib.common.ssh [-] Failed to establish authenticated ssh connection to cirros@10.180.180.237 ([Errno None] Unable to connect to port 22 on 10.180.180.237). Number attempts: 7. Retry after 8 seconds.: paramiko.ssh_exception.NoValidConnectionsError: [Errno None] Unable to connect to port 22 on 10.180.180.237
2025-02-12 05:41:21.271 63102 INFO tempest.lib.common.rest_client [req-0436b54b-1bf1-485b-8112-0eba780ced98 req-0436b54b-1bf1-485b-8112-0eba780ced98 ] Request (ImagesOneServerNegativeTestJSON:setUpClass): 202 POST http://10.180.1.21/compute/v2.1/servers 0.597s
2025-02-12 05:41:21.308 63096 INFO tempest.lib.common.rest_client [req-60434d38-c7c7-420f-86d4-66cebb561a91 req-60434d38-c7c7-420f-86d4-66cebb561a91 ] Request (ListImageFiltersTestJSON:setUpClass): 200 GET http://10.180.1.21/compute/v2.1/servers/71299699-d75c-4271-8752-15f96c7940c2 0.443s
2025-02-12 05:41:21.348 63108 INFO tempest.lib.common.rest_client [req-e913a82f-955c-4d7f-8d95-f2abb33db22e req-e913a82f-955c-4d7f-8d95-f2abb33db22e ] Request (ServerGroupTestJSON:test_create_server_with_scheduler_hint_group): 200 GET http://10.180.1.21/compute/v2.1/servers/e13e8b36-5b13-4070-8c84-305adbd01866 0.325s
2025-02-12 05:41:21.356 63108 INFO tempest.common.waiters [-] State transition "BUILD/None" ==> "BUILD/networking" after 63 second wait
2025-02-12 05:41:21.390 63100 INFO tempest.lib.common.rest_client [req-5675e4f9-af68-4ee3-ab08-c8088ba6e8ee req-5675e4f9-af68-4ee3-ab08-c8088ba6e8ee ] Request (ListServersNegativeTestJSON:setUpClass): 200 GET http://10.180.1.21/compute/v2.1/servers/89452068-893d-4621-b837-92cbf34a2702 0.333s
2025-02-12 05:41:21.407 63082 INFO tempest.lib.common.rest_client [req-4fa62fc6-4e90-4700-b8a4-914c46eb2c07 req-4fa62fc6-4e90-4700-b8a4-914c46eb2c07 ] Request (FloatingIPsAssociationTestJSON:test_associate_already_associated_floating_ip): 200 GET http://10.180.1.21/compute/v2.1/servers/80eef591-a3f2-4b64-a2f7-4bf586f8a01d 0.333s
2025-02-12 05:41:21.415 63082 INFO tempest.common.waiters [-] State transition "BUILD/scheduling" ==> "BUILD/None" after 38 second wait
2025-02-12 05:41:21.470 63078 INFO tempest.lib.common.rest_client [req-f455d6bf-41d1-4ecc-87e4-6ae4c125c2c5 req-f455d6bf-41d1-4ecc-87e4-6ae4c125c2c5 ] Request (ImagesTestJSON:test_create_image_from_suspended_server): 200 GET http://10.180.1.21/compute/v2.1/servers/909c21a0-070c-4c98-923f-1a515a159acd 0.350s
2025-02-12 05:41:21.477 63112 INFO tempest.lib.common.rest_client [req-0936d6db-26a5-4590-8667-551e9ea2f62b req-0936d6db-26a5-4590-8667-551e9ea2f62b ] Request (InstanceActionsNegativeTestJSON:setUpClass): 200 GET http://10.180.1.21/compute/v2.1/servers/09d13f16-00fc-4dc9-bf6b-962c7c8a1885 0.346s
2025-02-12 05:41:21.562 63086 INFO tempest.lib.common.rest_client [req-9963404b-c4ff-41d4-a4ab-c362d9e058c0 req-9963404b-c4ff-41d4-a4ab-c362d9e058c0 ] Request (ServerActionsTestOtherA:setUpClass): 200 GET http://10.180.1.21/compute/v2.1/servers/d6337d35-b274-4c8d-b48a-2e2d2e351e2a 0.374s
2025-02-12 05:41:21.573 63122 INFO tempest.lib.common.rest_client [req-a91307cd-d37b-4d17-b370-2a1321e21ae3 req-a91307cd-d37b-4d17-b370-2a1321e21ae3 ] Request (ServersTestFqdnHostnames:test_create_server_with_fqdn_name): 200 GET http://10.180.1.21/compute/v2.1/servers/a38d520a-752a-47eb-bf4a-731857a603b7 0.382s
2025-02-12 05:41:21.623 63110 INFO tempest.lib.common.rest_client [req-10dd80cf-bc50-403c-91df-b43b5aa301ad req-10dd80cf-bc50-403c-91df-b43b5aa301ad ] Request (ServersV294TestFqdnHostnames:setUpClass): 200 PUT http://10.180.1.21:9696/networking/v2.0/floatingips/bf1af4aa-215b-45fd-9569-990a4f7b79f3 0.563s
2025-02-12 05:41:21.634 63102 INFO tempest.lib.common.rest_client [req-98c354d7-35b7-4adf-aa32-1cf0f17fbd50 req-98c354d7-35b7-4adf-aa32-1cf0f17fbd50 ] Request (ImagesOneServerNegativeTestJSON:setUpClass): 200 GET http://10.180.1.21/compute/v2.1/servers/260ef9b5-2a7a-4d9c-92b8-26c905e6df44 0.361s
2025-02-12 05:41:21.651 63130 INFO tempest.lib.common.rest_client [req-07808efb-5459-414d-8fac-c73ab780f929 req-07808efb-5459-414d-8fac-c73ab780f929 ] Request (ServerShowV247Test:test_update_rebuild_list_server): 200 GET http://10.180.1.21/compute/v2.1/servers/78998147-5c0e-4668-9ee8-6b519479d644 0.405s
2025-02-12 05:41:21.731 63126 INFO tempest.lib.common.rest_client [req-d0cd4f67-07a1-497a-a0fc-c0c6ae0c7b34 req-d0cd4f67-07a1-497a-a0fc-c0c6ae0c7b34 ] Request (AttachVolumeNegativeTest:test_attach_attached_volume_to_different_server): 200 GET http://10.180.1.21/compute/v2.1/servers/160b53db-10d5-43ef-96d5-e9e56cdd8aa7 0.373s
2025-02-12 05:41:21.735 63072 INFO tempest.lib.common.rest_client [req-525e3d5b-c2c2-44e9-b1ad-b17e779bd73e req-525e3d5b-c2c2-44e9-b1ad-b17e779bd73e ] Request (ServerDiagnosticsTest:tearDownClass): 200 GET http://10.180.1.21/compute/v2.1/servers/f89bb1e5-203a-4181-b331-531979f22e84 0.408s
2025-02-12 05:41:21.811 63106 INFO tempest.lib.common.rest_client [req-3c30974b-037b-46af-bda9-2d389ca9cf3b req-3c30974b-037b-46af-bda9-2d389ca9cf3b ] Request (ServersAdminTestJSON:test_inject_network_info): 200 GET http://10.180.1.21/compute/v2.1/servers/39c64601-2260-4270-806f-0ba20319908b 0.381s
2025-02-12 05:41:21.821 63084 INFO tempest.lib.common.rest_client [req-11531480-8181-4872-a373-9c6fe5f07738 req-11531480-8181-4872-a373-9c6fe5f07738 ] Request (SecurityGroupsTestJSON:test_list_security_groups_by_server): 200 GET http://10.180.1.21/compute/v2.1/servers/1e30471c-8313-47f7-93ae-ac23365b0186 0.318s
2025-02-12 05:41:21.885 63116 INFO tempest.lib.common.rest_client [req-a2e4ca93-3c0f-4473-99af-61df985c3812 req-a2e4ca93-3c0f-4473-99af-61df985c3812 ] Request (ServersAdminNegativeTestJSON:setUpClass): 200 GET http://10.180.1.21/compute/v2.1/servers/80a65e39-d08d-4ab6-ba4d-f3f2d501245a 0.300s
2025-02-12 05:41:22.105 63104 WARNING tempest.lib.common.ssh [-] Failed to establish authenticated ssh connection to cirros@10.180.180.156 ([Errno None] Unable to connect to port 22 on 10.180.180.156). Number attempts: 9. Retry after 10 seconds.: paramiko.ssh_exception.NoValidConnectionsError: [Errno None] Unable to connect to port 22 on 10.180.180.156
2025-02-12 05:41:22.174 63080 INFO tempest.lib.common.rest_client [req-1794d18b-6f85-4ebd-85f0-5d2fce74b418 req-1794d18b-6f85-4ebd-85f0-5d2fce74b418 ] Request (DeleteServersAdminTestJSON:test_delete_server_while_in_error_state): 200 GET http://10.180.1.21/compute/v2.1/servers/5ab4a4c1-b7d4-40cc-9046-a91eb9bbb3b9 0.485s
2025-02-12 05:41:22.252 63076 INFO tempest.lib.common.rest_client [req-5c7e0412-e47f-43cf-996a-efbfc20bddae req-5c7e0412-e47f-43cf-996a-efbfc20bddae ] Request (AttachInterfacesV270Test:test_create_get_list_interfaces): 200 GET http://10.180.1.21/compute/v2.1/servers/ba219d60-2e96-4f25-bb94-2ee38ad75d37 0.462s
2025-02-12 05:41:22.256 63110 INFO tempest.lib.common.rest_client [req-a892c89e-ed2f-4742-a98d-92600766a268 req-a892c89e-ed2f-4742-a98d-92600766a268 ] Request (ServersV294TestFqdnHostnames:setUpClass): 200 GET http://10.180.1.21/compute/v2.1/servers/7449cdc9-720c-4046-80cd-f612ea9cb835 0.632s
2025-02-12 05:41:22.267 63110 INFO tempest.api.compute.base [-] Attempting to verify tagged devices in server 7449cdc9-720c-4046-80cd-f612ea9cb835 via the metadata service: http://169.254.169.254/openstack/latest/meta_data.json
2025-02-12 05:41:22.268 63110 INFO tempest.lib.common.ssh [-] Creating ssh connection to '10.180.180.204:22' as 'cirros' with public key authentication
2025-02-12 05:41:22.339 63124 INFO tempest.lib.common.rest_client [req-c185d37a-eb4f-4471-a8bc-75cbd94111f6 req-c185d37a-eb4f-4471-a8bc-75cbd94111f6 ] Request (ServerAddressesTestJSON:setUpClass): 200 GET http://10.180.1.21/compute/v2.1/servers/0eaee33b-e18d-4fc0-b0b3-c9e5a8877d20 0.209s
2025-02-12 05:41:22.406 63114 INFO tempest.lib.common.rest_client [req-e73e33a9-22bd-40aa-9e25-e9d854178d0f req-e73e33a9-22bd-40aa-9e25-e9d854178d0f ] Request (ServerTagsTestJSON:setUpClass): 200 GET http://10.180.1.21/compute/v2.1/servers/9e4b8141-2196-45c5-abd9-7926608c0693 0.217s
2025-02-12 05:41:22.478 63134 INFO tempest.lib.common.rest_client [req-3b2d9a6e-e2fe-40eb-8f38-db474b19e05e req-3b2d9a6e-e2fe-40eb-8f38-db474b19e05e ] Request (MigrationsAdminTest:test_list_migrations_in_flavor_resize_situation): 200 GET http://10.180.1.21/compute/v2.1/servers/264d4a15-f70a-40ca-99e2-2f88c92545d6 0.506s
2025-02-12 05:41:22.486 63134 INFO tempest.common.waiters [-] State transition "RESIZE/resize_finish" ==> "VERIFY_RESIZE/None" after 49 second wait
2025-02-12 05:41:22.542 63096 INFO tempest.lib.common.rest_client [req-7fe8ae54-b761-4d75-8ef6-d21a00f8e2f7 req-7fe8ae54-b761-4d75-8ef6-d21a00f8e2f7 ] Request (ListImageFiltersTestJSON:setUpClass): 200 GET http://10.180.1.21/compute/v2.1/servers/71299699-d75c-4271-8752-15f96c7940c2 0.219s
2025-02-12 05:41:22.590 63108 INFO tempest.lib.common.rest_client [req-5771a4a3-0c19-4d04-8b53-85fd29f2c1a9 req-5771a4a3-0c19-4d04-8b53-85fd29f2c1a9 ] Request (ServerGroupTestJSON:test_create_server_with_scheduler_hint_group): 200 GET http://10.180.1.21/compute/v2.1/servers/e13e8b36-5b13-4070-8c84-305adbd01866 0.232s
2025-02-12 05:41:22.605 63108 INFO tempest.common.waiters [-] State transition "BUILD/networking" ==> "BUILD/spawning" after 64 second wait
2025-02-12 05:41:22.620 63100 INFO tempest.lib.common.rest_client [req-c979f834-65c2-4e60-b4f1-8a564c03a3b4 req-c979f834-65c2-4e60-b4f1-8a564c03a3b4 ] Request (ListServersNegativeTestJSON:setUpClass): 200 GET http://10.180.1.21/compute/v2.1/servers/89452068-893d-4621-b837-92cbf34a2702 0.221s
2025-02-12 05:41:22.641 63082 INFO tempest.lib.common.rest_client [req-2bdd3934-588e-4372-81c2-2d85a810bdca req-2bdd3934-588e-4372-81c2-2d85a810bdca ] Request (FloatingIPsAssociationTestJSON:test_associate_already_associated_floating_ip): 200 GET http://10.180.1.21/compute/v2.1/servers/80eef591-a3f2-4b64-a2f7-4bf586f8a01d 0.225s
2025-02-12 05:41:22.671 63078 INFO tempest.lib.common.rest_client [req-55064944-9df2-42ac-a24a-5d19d4d656fa req-55064944-9df2-42ac-a24a-5d19d4d656fa ] Request (ImagesTestJSON:test_create_image_from_suspended_server): 200 GET http://10.180.1.21/compute/v2.1/servers/909c21a0-070c-4c98-923f-1a515a159acd 0.187s
2025-02-12 05:41:22.712 63134 INFO tempest.lib.common.rest_client [req-9cfb368d-abe6-407e-8bb3-d12dd8c0480a req-9cfb368d-abe6-407e-8bb3-d12dd8c0480a ] Request (MigrationsAdminTest:test_list_migrations_in_flavor_resize_situation): 204 POST http://10.180.1.21/compute/v2.1/servers/264d4a15-f70a-40ca-99e2-2f88c92545d6/action 0.226s
2025-02-12 05:41:22.729 63112 INFO tempest.lib.common.rest_client [req-7fec3ba5-40d8-4682-b4c1-456e3d398656 req-7fec3ba5-40d8-4682-b4c1-456e3d398656 ] Request (InstanceActionsNegativeTestJSON:setUpClass): 200 GET http://10.180.1.21/compute/v2.1/servers/09d13f16-00fc-4dc9-bf6b-962c7c8a1885 0.239s
2025-02-12 05:41:22.785 63086 INFO tempest.lib.common.rest_client [req-8c82af1b-1a3c-4698-a561-d5ef809d1ad9 req-8c82af1b-1a3c-4698-a561-d5ef809d1ad9 ] Request (ServerActionsTestOtherA:setUpClass): 200 GET http://10.180.1.21/compute/v2.1/servers/d6337d35-b274-4c8d-b48a-2e2d2e351e2a 0.216s
2025-02-12 05:41:22.787 63122 INFO tempest.lib.common.rest_client [req-8bfc86b9-dbb9-4d29-81ca-30749981c0b3 req-8bfc86b9-dbb9-4d29-81ca-30749981c0b3 ] Request (ServersTestFqdnHostnames:test_create_server_with_fqdn_name): 200 GET http://10.180.1.21/compute/v2.1/servers/a38d520a-752a-47eb-bf4a-731857a603b7 0.202s
2025-02-12 05:41:22.839 63130 INFO tempest.lib.common.rest_client [req-c1624d4f-a42d-42e3-a278-c78a6d545866 req-c1624d4f-a42d-42e3-a278-c78a6d545866 ] Request (ServerShowV247Test:test_update_rebuild_list_server): 200 GET http://10.180.1.21/compute/v2.1/servers/78998147-5c0e-4668-9ee8-6b519479d644 0.173s
2025-02-12 05:41:22.842 63102 INFO tempest.lib.common.rest_client [req-8112a313-ccd4-415b-955a-90fb37ae23e0 req-8112a313-ccd4-415b-955a-90fb37ae23e0 ] Request (ImagesOneServerNegativeTestJSON:setUpClass): 200 GET http://10.180.1.21/compute/v2.1/servers/260ef9b5-2a7a-4d9c-92b8-26c905e6df44 0.200s
2025-02-12 05:41:22.893 63126 INFO tempest.lib.common.rest_client [req-a5311613-fa76-4290-8f9e-17d53a6f3d9a req-a5311613-fa76-4290-8f9e-17d53a6f3d9a ] Request (AttachVolumeNegativeTest:test_attach_attached_volume_to_different_server): 200 GET http://10.180.1.21/compute/v2.1/servers/160b53db-10d5-43ef-96d5-e9e56cdd8aa7 0.151s
2025-02-12 05:41:22.929 63134 INFO tempest.lib.common.rest_client [req-62f18f52-890a-43c0-addc-ad8ae630873c req-62f18f52-890a-43c0-addc-ad8ae630873c ] Request (MigrationsAdminTest:test_list_migrations_in_flavor_resize_situation): 200 GET http://10.180.1.21/compute/v2.1/servers/264d4a15-f70a-40ca-99e2-2f88c92545d6 0.216s
2025-02-12 05:41:22.940 63072 INFO tempest.lib.common.rest_client [req-0ea5639d-aabb-42d3-b8ff-3b9b3a26c2e3 req-0ea5639d-aabb-42d3-b8ff-3b9b3a26c2e3 ] Request (ServerDiagnosticsTest:tearDownClass): 200 GET http://10.180.1.21/compute/v2.1/servers/f89bb1e5-203a-4181-b331-531979f22e84 0.190s
2025-02-12 05:41:22.979 63106 INFO tempest.lib.common.rest_client [req-c4e03614-9ba5-4e28-a635-c76dee330241 req-c4e03614-9ba5-4e28-a635-c76dee330241 ] Request (ServersAdminTestJSON:test_inject_network_info): 200 GET http://10.180.1.21/compute/v2.1/servers/39c64601-2260-4270-806f-0ba20319908b 0.153s
2025-02-12 05:41:22.986 63084 INFO tempest.lib.common.rest_client [req-c97f9bb6-348f-4ec5-8591-4fb027b10ce7 req-c97f9bb6-348f-4ec5-8591-4fb027b10ce7 ] Request (SecurityGroupsTestJSON:test_list_security_groups_by_server): 200 GET http://10.180.1.21/compute/v2.1/servers/1e30471c-8313-47f7-93ae-ac23365b0186 0.157s
2025-02-12 05:41:23.027 63116 INFO tempest.lib.common.rest_client [req-58b62ce6-6cee-46e4-9f6b-9b6f34a02164 req-58b62ce6-6cee-46e4-9f6b-9b6f34a02164 ] Request (ServersAdminNegativeTestJSON:setUpClass): 200 GET http://10.180.1.21/compute/v2.1/servers/80a65e39-d08d-4ab6-ba4d-f3f2d501245a 0.131s
2025-02-12 05:41:23.236 63080 INFO tempest.lib.common.rest_client [req-89092f75-5fe9-4154-b649-b6bd21981214 req-89092f75-5fe9-4154-b649-b6bd21981214 ] Request (DeleteServersAdminTestJSON:test_delete_server_while_in_error_state): 200 GET http://10.180.1.21/compute/v2.1/servers/5ab4a4c1-b7d4-40cc-9046-a91eb9bbb3b9 0.055s
2025-02-12 05:41:23.333 63076 INFO tempest.lib.common.rest_client [req-6fb549d2-32f2-407f-bb58-1d5baa02178a req-6fb549d2-32f2-407f-bb58-1d5baa02178a ] Request (AttachInterfacesV270Test:test_create_get_list_interfaces): 200 GET http://10.180.1.21/compute/v2.1/servers/ba219d60-2e96-4f25-bb94-2ee38ad75d37 0.060s
2025-02-12 05:41:23.401 63124 INFO tempest.lib.common.rest_client [req-35390873-ad9b-4930-87b3-f5796586d31f req-35390873-ad9b-4930-87b3-f5796586d31f ] Request (ServerAddressesTestJSON:setUpClass): 200 GET http://10.180.1.21/compute/v2.1/servers/0eaee33b-e18d-4fc0-b0b3-c9e5a8877d20 0.054s
2025-02-12 05:41:23.557 63114 INFO tempest.lib.common.rest_client [req-eba9495f-a446-4703-b7fa-b73941ddacae req-eba9495f-a446-4703-b7fa-b73941ddacae ] Request (ServerTagsTestJSON:setUpClass): 200 GET http://10.180.1.21/compute/v2.1/servers/9e4b8141-2196-45c5-abd9-7926608c0693 0.136s
2025-02-12 05:41:23.573 63114 INFO tempest.common.waiters [-] State transition "BUILD/None" ==> "BUILD/networking" after 64 second wait
2025-02-12 05:41:23.743 63096 INFO tempest.lib.common.rest_client [req-b30abac4-a74d-4f3d-b78b-f583d06d259e req-b30abac4-a74d-4f3d-b78b-f583d06d259e ] Request (ListImageFiltersTestJSON:setUpClass): 200 GET http://10.180.1.21/compute/v2.1/servers/71299699-d75c-4271-8752-15f96c7940c2 0.189s
2025-02-12 05:41:23.774 63108 INFO tempest.lib.common.rest_client [req-e598cc0e-aa21-4961-8444-bd8056a9af25 req-e598cc0e-aa21-4961-8444-bd8056a9af25 ] Request (ServerGroupTestJSON:test_create_server_with_scheduler_hint_group): 200 GET http://10.180.1.21/compute/v2.1/servers/e13e8b36-5b13-4070-8c84-305adbd01866 0.165s
2025-02-12 05:41:23.820 63100 INFO tempest.lib.common.rest_client [req-438ce5bf-c311-4b98-ba7d-e1142995200f req-438ce5bf-c311-4b98-ba7d-e1142995200f ] Request (ListServersNegativeTestJSON:setUpClass): 200 GET http://10.180.1.21/compute/v2.1/servers/89452068-893d-4621-b837-92cbf34a2702 0.188s
2025-02-12 05:41:23.827 63082 INFO tempest.lib.common.rest_client [req-e8c4a89a-2308-470b-b801-8fcdfcc03e81 req-e8c4a89a-2308-470b-b801-8fcdfcc03e81 ] Request (FloatingIPsAssociationTestJSON:test_associate_already_associated_floating_ip): 200 GET http://10.180.1.21/compute/v2.1/servers/80eef591-a3f2-4b64-a2f7-4bf586f8a01d 0.175s
2025-02-12 05:41:23.877 63078 INFO tempest.lib.common.rest_client [req-25d886fc-2c9c-40ce-a406-8f1cb9acb3b2 req-25d886fc-2c9c-40ce-a406-8f1cb9acb3b2 ] Request (ImagesTestJSON:test_create_image_from_suspended_server): 200 GET http://10.180.1.21/compute/v2.1/servers/909c21a0-070c-4c98-923f-1a515a159acd 0.197s
2025-02-12 05:41:23.893 63112 INFO tempest.lib.common.rest_client [req-15fc04e2-cdb2-4554-8765-9861d2548582 req-15fc04e2-cdb2-4554-8765-9861d2548582 ] Request (InstanceActionsNegativeTestJSON:setUpClass): 200 GET http://10.180.1.21/compute/v2.1/servers/09d13f16-00fc-4dc9-bf6b-962c7c8a1885 0.156s
2025-02-12 05:41:23.932 63086 INFO tempest.lib.common.rest_client [req-6d182926-932a-44ae-b231-fff4b05098d8 req-6d182926-932a-44ae-b231-fff4b05098d8 ] Request (ServerActionsTestOtherA:setUpClass): 200 GET http://10.180.1.21/compute/v2.1/servers/d6337d35-b274-4c8d-b48a-2e2d2e351e2a 0.138s
2025-02-12 05:41:23.947 63122 INFO tempest.lib.common.rest_client [req-39f22734-02bb-4926-ad72-1831c0371b80 req-39f22734-02bb-4926-ad72-1831c0371b80 ] Request (ServersTestFqdnHostnames:test_create_server_with_fqdn_name): 200 GET http://10.180.1.21/compute/v2.1/servers/a38d520a-752a-47eb-bf4a-731857a603b7 0.150s
2025-02-12 05:41:24.000 63130 INFO tempest.lib.common.rest_client [req-e49b2c8d-9259-461b-9ba4-c6db9f7111b2 req-e49b2c8d-9259-461b-9ba4-c6db9f7111b2 ] Request (ServerShowV247Test:test_update_rebuild_list_server): 200 GET http://10.180.1.21/compute/v2.1/servers/78998147-5c0e-4668-9ee8-6b519479d644 0.150s
2025-02-12 05:41:24.003 63102 INFO tempest.lib.common.rest_client [req-591977fb-81f9-4227-93ca-513466f638ec req-591977fb-81f9-4227-93ca-513466f638ec ] Request (ImagesOneServerNegativeTestJSON:setUpClass): 200 GET http://10.180.1.21/compute/v2.1/servers/260ef9b5-2a7a-4d9c-92b8-26c905e6df44 0.152s
2025-02-12 05:41:24.056 63126 INFO tempest.lib.common.rest_client [req-da9eafc7-e27b-447f-b6c5-cf6fb33ef095 req-da9eafc7-e27b-447f-b6c5-cf6fb33ef095 ] Request (AttachVolumeNegativeTest:test_attach_attached_volume_to_different_server): 200 GET http://10.180.1.21/compute/v2.1/servers/160b53db-10d5-43ef-96d5-e9e56cdd8aa7 0.155s
2025-02-12 05:41:24.108 63072 INFO tempest.lib.common.rest_client [req-728b6fc1-4ffb-4785-8dba-00431777433d req-728b6fc1-4ffb-4785-8dba-00431777433d ] Request (ServerDiagnosticsTest:tearDownClass): 200 GET http://10.180.1.21/compute/v2.1/servers/f89bb1e5-203a-4181-b331-531979f22e84 0.159s
2025-02-12 05:41:24.117 63134 INFO tempest.lib.common.rest_client [req-e612df3c-7384-40e1-bac5-86288e1c92d2 req-e612df3c-7384-40e1-bac5-86288e1c92d2 ] Request (MigrationsAdminTest:test_list_migrations_in_flavor_resize_situation): 200 GET http://10.180.1.21/compute/v2.1/servers/264d4a15-f70a-40ca-99e2-2f88c92545d6 0.180s
2025-02-12 05:41:24.155 63106 INFO tempest.lib.common.rest_client [req-bcca64a8-5cde-4f46-bc29-37691af72380 req-bcca64a8-5cde-4f46-bc29-37691af72380 ] Request (ServersAdminTestJSON:test_inject_network_info): 200 GET http://10.180.1.21/compute/v2.1/servers/39c64601-2260-4270-806f-0ba20319908b 0.168s
2025-02-12 05:41:24.162 63106 INFO tempest.common.waiters [-] State transition "BUILD/scheduling" ==> "BUILD/None" after 38 second wait
2025-02-12 05:41:24.162 63084 INFO tempest.lib.common.rest_client [req-11117f9c-7566-4307-9b5d-f1e43fc58230 req-11117f9c-7566-4307-9b5d-f1e43fc58230 ] Request (SecurityGroupsTestJSON:test_list_security_groups_by_server): 200 GET http://10.180.1.21/compute/v2.1/servers/1e30471c-8313-47f7-93ae-ac23365b0186 0.169s
2025-02-12 05:41:24.198 63116 INFO tempest.lib.common.rest_client [req-37dea63f-c778-4095-84f9-b6c51a332674 req-37dea63f-c778-4095-84f9-b6c51a332674 ] Request (ServersAdminNegativeTestJSON:setUpClass): 200 GET http://10.180.1.21/compute/v2.1/servers/80a65e39-d08d-4ab6-ba4d-f3f2d501245a 0.164s
2025-02-12 05:41:24.302 63080 INFO tempest.lib.common.rest_client [req-af48658a-3da1-4c38-b468-7acd39b1a7b1 req-af48658a-3da1-4c38-b468-7acd39b1a7b1 ] Request (DeleteServersAdminTestJSON:test_delete_server_while_in_error_state): 200 GET http://10.180.1.21/compute/v2.1/servers/5ab4a4c1-b7d4-40cc-9046-a91eb9bbb3b9 0.056s
2025-02-12 05:41:24.398 63076 INFO tempest.lib.common.rest_client [req-0d8c1888-5fa8-421a-b0c2-b24402e2c2ec req-0d8c1888-5fa8-421a-b0c2-b24402e2c2ec ] Request (AttachInterfacesV270Test:test_create_get_list_interfaces): 200 GET http://10.180.1.21/compute/v2.1/servers/ba219d60-2e96-4f25-bb94-2ee38ad75d37 0.052s
2025-02-12 05:41:24.459 63124 INFO tempest.lib.common.rest_client [req-b7df93d7-7889-4477-8baf-bc51c7556efd req-b7df93d7-7889-4477-8baf-bc51c7556efd ] Request (ServerAddressesTestJSON:setUpClass): 200 GET http://10.180.1.21/compute/v2.1/servers/0eaee33b-e18d-4fc0-b0b3-c9e5a8877d20 0.051s
2025-02-12 05:41:24.671 63114 INFO tempest.lib.common.rest_client [req-7fbaae6f-1f42-4cdb-8a77-a6b2bb675b36 req-7fbaae6f-1f42-4cdb-8a77-a6b2bb675b36 ] Request (ServerTagsTestJSON:setUpClass): 200 GET http://10.180.1.21/compute/v2.1/servers/9e4b8141-2196-45c5-abd9-7926608c0693 0.097s
2025-02-12 05:41:24.679 63114 INFO tempest.common.waiters [-] State transition "BUILD/networking" ==> "BUILD/spawning" after 65 second wait
2025-02-12 05:41:24.900 63096 INFO tempest.lib.common.rest_client [req-e2a5132d-b3c2-46ba-9966-2eb5b14a59ea req-e2a5132d-b3c2-46ba-9966-2eb5b14a59ea ] Request (ListImageFiltersTestJSON:setUpClass): 200 GET http://10.180.1.21/compute/v2.1/servers/71299699-d75c-4271-8752-15f96c7940c2 0.145s
2025-02-12 05:41:24.913 63108 INFO tempest.lib.common.rest_client [req-b7a25d06-71d1-428f-b5bc-db2c0d13cd33 req-b7a25d06-71d1-428f-b5bc-db2c0d13cd33 ] Request (ServerGroupTestJSON:test_create_server_with_scheduler_hint_group): 200 GET http://10.180.1.21/compute/v2.1/servers/e13e8b36-5b13-4070-8c84-305adbd01866 0.125s
2025-02-12 05:41:24.971 63082 INFO tempest.lib.common.rest_client [req-f389d7ab-e553-45cc-97ad-15639e0152aa req-f389d7ab-e553-45cc-97ad-15639e0152aa ] Request (FloatingIPsAssociationTestJSON:test_associate_already_associated_floating_ip): 200 GET http://10.180.1.21/compute/v2.1/servers/80eef591-a3f2-4b64-a2f7-4bf586f8a01d 0.130s
2025-02-12 05:41:24.973 63100 INFO tempest.lib.common.rest_client [req-7196d8d0-3dc3-448f-b537-cbeea46a060c req-7196d8d0-3dc3-448f-b537-cbeea46a060c ] Request (ListServersNegativeTestJSON:setUpClass): 200 GET http://10.180.1.21/compute/v2.1/servers/89452068-893d-4621-b837-92cbf34a2702 0.146s
2025-02-12 05:41:25.030 63078 INFO tempest.lib.common.rest_client [req-46e1a848-5493-4e1e-86c7-0d9ea6825e87 req-46e1a848-5493-4e1e-86c7-0d9ea6825e87 ] Request (ImagesTestJSON:test_create_image_from_suspended_server): 200 GET http://10.180.1.21/compute/v2.1/servers/909c21a0-070c-4c98-923f-1a515a159acd 0.144s
2025-02-12 05:41:25.042 63112 INFO tempest.lib.common.rest_client [req-43ff6070-1b39-46b3-b8fc-e831baaa7ca4 req-43ff6070-1b39-46b3-b8fc-e831baaa7ca4 ] Request (InstanceActionsNegativeTestJSON:setUpClass): 200 GET http://10.180.1.21/compute/v2.1/servers/09d13f16-00fc-4dc9-bf6b-962c7c8a1885 0.140s
2025-02-12 05:41:25.085 63086 INFO tempest.lib.common.rest_client [req-8bf01413-0350-4492-bdad-8f9db185a59a req-8bf01413-0350-4492-bdad-8f9db185a59a ] Request (ServerActionsTestOtherA:setUpClass): 200 GET http://10.180.1.21/compute/v2.1/servers/d6337d35-b274-4c8d-b48a-2e2d2e351e2a 0.144s
2025-02-12 05:41:25.100 63122 INFO tempest.lib.common.rest_client [req-02e2ff97-d7d7-4ba4-a213-6dd198af8c7f req-02e2ff97-d7d7-4ba4-a213-6dd198af8c7f ] Request (ServersTestFqdnHostnames:test_create_server_with_fqdn_name): 200 GET http://10.180.1.21/compute/v2.1/servers/a38d520a-752a-47eb-bf4a-731857a603b7 0.145s
2025-02-12 05:41:25.153 63130 INFO tempest.lib.common.rest_client [req-9c19006d-26a6-47d8-b14d-1d6aaec930c7 req-9c19006d-26a6-47d8-b14d-1d6aaec930c7 ] Request (ServerShowV247Test:test_update_rebuild_list_server): 200 GET http://10.180.1.21/compute/v2.1/servers/78998147-5c0e-4668-9ee8-6b519479d644 0.144s
2025-02-12 05:41:25.162 63102 INFO tempest.lib.common.rest_client [req-53661bf8-ed23-45c8-a916-c91674cd0acd req-53661bf8-ed23-45c8-a916-c91674cd0acd ] Request (ImagesOneServerNegativeTestJSON:setUpClass): 200 GET http://10.180.1.21/compute/v2.1/servers/260ef9b5-2a7a-4d9c-92b8-26c905e6df44 0.150s
2025-02-12 05:41:25.205 63126 INFO tempest.lib.common.rest_client [req-b03942ec-3cc0-4a2f-948d-27a79038ea85 req-b03942ec-3cc0-4a2f-948d-27a79038ea85 ] Request (AttachVolumeNegativeTest:test_attach_attached_volume_to_different_server): 200 GET http://10.180.1.21/compute/v2.1/servers/160b53db-10d5-43ef-96d5-e9e56cdd8aa7 0.141s
2025-02-12 05:41:25.217 63072 INFO tempest.lib.common.rest_client [req-17fb26e0-c771-4846-984b-deccc9ae6dbe req-17fb26e0-c771-4846-984b-deccc9ae6dbe ] Request (ServerDiagnosticsTest:tearDownClass): 200 GET http://10.180.1.21/compute/v2.1/servers/f89bb1e5-203a-4181-b331-531979f22e84 0.101s
2025-02-12 05:41:25.266 63106 INFO tempest.lib.common.rest_client [req-1de5e450-b4e8-4780-9236-0012c258199c req-1de5e450-b4e8-4780-9236-0012c258199c ] Request (ServersAdminTestJSON:test_inject_network_info): 200 GET http://10.180.1.21/compute/v2.1/servers/39c64601-2260-4270-806f-0ba20319908b 0.102s
2025-02-12 05:41:25.301 63134 INFO tempest.lib.common.rest_client [req-78f883b1-9c59-4a7f-934d-d52619ea0a86 req-78f883b1-9c59-4a7f-934d-d52619ea0a86 ] Request (MigrationsAdminTest:test_list_migrations_in_flavor_resize_situation): 200 GET http://10.180.1.21/compute/v2.1/servers/264d4a15-f70a-40ca-99e2-2f88c92545d6 0.174s
2025-02-12 05:41:25.321 63084 INFO tempest.lib.common.rest_client [req-595eaf15-51fe-4407-8f78-df9f588025c5 req-595eaf15-51fe-4407-8f78-df9f588025c5 ] Request (SecurityGroupsTestJSON:test_list_security_groups_by_server): 200 GET http://10.180.1.21/compute/v2.1/servers/1e30471c-8313-47f7-93ae-ac23365b0186 0.151s
2025-02-12 05:41:25.350 63116 INFO tempest.lib.common.rest_client [req-ebf37413-4f2d-4c61-b86a-87e3cba32994 req-ebf37413-4f2d-4c61-b86a-87e3cba32994 ] Request (ServersAdminNegativeTestJSON:setUpClass): 200 GET http://10.180.1.21/compute/v2.1/servers/80a65e39-d08d-4ab6-ba4d-f3f2d501245a 0.144s
2025-02-12 05:41:25.357 63116 INFO tempest.common.waiters [-] State transition "BUILD/None" ==> "BUILD/networking" after 65 second wait
2025-02-12 05:41:25.369 63080 INFO tempest.lib.common.rest_client [req-473962e6-844e-49a6-9e4e-a25bb0dec9ff req-473962e6-844e-49a6-9e4e-a25bb0dec9ff ] Request (DeleteServersAdminTestJSON:test_delete_server_while_in_error_state): 200 GET http://10.180.1.21/compute/v2.1/servers/5ab4a4c1-b7d4-40cc-9046-a91eb9bbb3b9 0.059s
2025-02-12 05:41:25.467 63076 INFO tempest.lib.common.rest_client [req-e2591caa-a4ea-43e1-bfed-537490c00c0b req-e2591caa-a4ea-43e1-bfed-537490c00c0b ] Request (AttachInterfacesV270Test:test_create_get_list_interfaces): 200 GET http://10.180.1.21/compute/v2.1/servers/ba219d60-2e96-4f25-bb94-2ee38ad75d37 0.059s
2025-02-12 05:41:25.516 63124 INFO tempest.lib.common.rest_client [req-d698f413-e7f3-43b5-b563-0d1055691e03 req-d698f413-e7f3-43b5-b563-0d1055691e03 ] Request (ServerAddressesTestJSON:setUpClass): 200 GET http://10.180.1.21/compute/v2.1/servers/0eaee33b-e18d-4fc0-b0b3-c9e5a8877d20 0.050s
2025-02-12 05:41:25.774 63114 INFO tempest.lib.common.rest_client [req-94c3fc6b-05a5-40f9-81cb-5605f7ec6c31 req-94c3fc6b-05a5-40f9-81cb-5605f7ec6c31 ] Request (ServerTagsTestJSON:setUpClass): 200 GET http://10.180.1.21/compute/v2.1/servers/9e4b8141-2196-45c5-abd9-7926608c0693 0.094s
2025-02-12 05:41:26.123 63096 INFO tempest.lib.common.rest_client [req-f1447970-f592-4244-9a7d-e2f4e2b823b2 req-f1447970-f592-4244-9a7d-e2f4e2b823b2 ] Request (ListImageFiltersTestJSON:setUpClass): 200 GET http://10.180.1.21/compute/v2.1/servers/71299699-d75c-4271-8752-15f96c7940c2 0.215s
2025-02-12 05:41:26.171 63108 INFO tempest.lib.common.rest_client [req-f3efe258-c430-4621-92fc-23acbbd0d103 req-f3efe258-c430-4621-92fc-23acbbd0d103 ] Request (ServerGroupTestJSON:test_create_server_with_scheduler_hint_group): 200 GET http://10.180.1.21/compute/v2.1/servers/e13e8b36-5b13-4070-8c84-305adbd01866 0.251s
2025-02-12 05:41:26.194 63082 INFO tempest.lib.common.rest_client [req-bf15d7fd-6a73-4eb3-9a7c-89e68ddcf422 req-bf15d7fd-6a73-4eb3-9a7c-89e68ddcf422 ] Request (FloatingIPsAssociationTestJSON:test_associate_already_associated_floating_ip): 200 GET http://10.180.1.21/compute/v2.1/servers/80eef591-a3f2-4b64-a2f7-4bf586f8a01d 0.215s
2025-02-12 05:41:26.245 63100 INFO tempest.lib.common.rest_client [req-01a34bf8-8b29-4eab-a960-2ce890625109 req-01a34bf8-8b29-4eab-a960-2ce890625109 ] Request (ListServersNegativeTestJSON:setUpClass): 200 GET http://10.180.1.21/compute/v2.1/servers/89452068-893d-4621-b837-92cbf34a2702 0.265s
2025-02-12 05:41:26.263 63078 INFO tempest.lib.common.rest_client [req-4c571815-0b9e-4032-b993-e8d4a5c3fe2d req-4c571815-0b9e-4032-b993-e8d4a5c3fe2d ] Request (ImagesTestJSON:test_create_image_from_suspended_server): 200 GET http://10.180.1.21/compute/v2.1/servers/909c21a0-070c-4c98-923f-1a515a159acd 0.224s
2025-02-12 05:41:26.293 63112 INFO tempest.lib.common.rest_client [req-8af7a68e-ba4a-46b5-aa9b-41e7685f795d req-8af7a68e-ba4a-46b5-aa9b-41e7685f795d ] Request (InstanceActionsNegativeTestJSON:setUpClass): 200 GET http://10.180.1.21/compute/v2.1/servers/09d13f16-00fc-4dc9-bf6b-962c7c8a1885 0.241s
2025-02-12 05:41:26.308 63086 INFO tempest.lib.common.rest_client [req-ab6d4520-65ac-482a-bcc8-64397193b084 req-ab6d4520-65ac-482a-bcc8-64397193b084 ] Request (ServerActionsTestOtherA:setUpClass): 200 GET http://10.180.1.21/compute/v2.1/servers/d6337d35-b274-4c8d-b48a-2e2d2e351e2a 0.215s
2025-02-12 05:41:26.342 63122 INFO tempest.lib.common.rest_client [req-8ef91d27-a1f7-4444-afa6-e3c8de4a1921 req-8ef91d27-a1f7-4444-afa6-e3c8de4a1921 ] Request (ServersTestFqdnHostnames:test_create_server_with_fqdn_name): 200 GET http://10.180.1.21/compute/v2.1/servers/a38d520a-752a-47eb-bf4a-731857a603b7 0.232s
2025-02-12 05:41:26.351 63110 WARNING tempest.lib.common.ssh [-] Failed to establish authenticated ssh connection to cirros@10.180.180.204 ([Errno None] Unable to connect to port 22 on 10.180.180.204). Number attempts: 1. Retry after 2 seconds.: paramiko.ssh_exception.NoValidConnectionsError: [Errno None] Unable to connect to port 22 on 10.180.180.204
2025-02-12 05:41:26.373 63130 INFO tempest.lib.common.rest_client [req-82a7176d-d4bb-4112-b13b-7ecc468cca5a req-82a7176d-d4bb-4112-b13b-7ecc468cca5a ] Request (ServerShowV247Test:test_update_rebuild_list_server): 200 GET http://10.180.1.21/compute/v2.1/servers/78998147-5c0e-4668-9ee8-6b519479d644 0.207s
2025-02-12 05:41:26.396 63102 INFO tempest.lib.common.rest_client [req-a3e50e21-dc34-4e7f-af03-8d0349b40f8e req-a3e50e21-dc34-4e7f-af03-8d0349b40f8e ] Request (ImagesOneServerNegativeTestJSON:setUpClass): 200 GET http://10.180.1.21/compute/v2.1/servers/260ef9b5-2a7a-4d9c-92b8-26c905e6df44 0.227s
2025-02-12 05:41:26.427 63126 INFO tempest.lib.common.rest_client [req-b2d6c520-cbff-41b3-9118-6c195d7613d2 req-b2d6c520-cbff-41b3-9118-6c195d7613d2 ] Request (AttachVolumeNegativeTest:test_attach_attached_volume_to_different_server): 200 GET http://10.180.1.21/compute/v2.1/servers/160b53db-10d5-43ef-96d5-e9e56cdd8aa7 0.211s
2025-02-12 05:41:26.450 63072 INFO tempest.lib.common.rest_client [req-6bf12b8b-6d2b-41ab-bcd0-b6c6e566cbe9 req-6bf12b8b-6d2b-41ab-bcd0-b6c6e566cbe9 ] Request (ServerDiagnosticsTest:tearDownClass): 200 GET http://10.180.1.21/compute/v2.1/servers/f89bb1e5-203a-4181-b331-531979f22e84 0.224s
2025-02-12 05:41:26.475 63106 INFO tempest.lib.common.rest_client [req-e29b06a4-1f1c-4b85-851f-4cca6ecc4237 req-e29b06a4-1f1c-4b85-851f-4cca6ecc4237 ] Request (ServersAdminTestJSON:test_inject_network_info): 200 GET http://10.180.1.21/compute/v2.1/servers/39c64601-2260-4270-806f-0ba20319908b 0.201s
2025-02-12 05:41:26.530 63084 INFO tempest.lib.common.rest_client [req-2d63653f-705a-403b-ae36-27a09c9bffef req-2d63653f-705a-403b-ae36-27a09c9bffef ] Request (SecurityGroupsTestJSON:test_list_security_groups_by_server): 200 GET http://10.180.1.21/compute/v2.1/servers/1e30471c-8313-47f7-93ae-ac23365b0186 0.200s
2025-02-12 05:41:26.567 63134 INFO tempest.lib.common.rest_client [req-9a15969a-ddc7-49d2-a968-f72dcd7bfa4c req-9a15969a-ddc7-49d2-a968-f72dcd7bfa4c ] Request (MigrationsAdminTest:test_list_migrations_in_flavor_resize_situation): 200 GET http://10.180.1.21/compute/v2.1/servers/264d4a15-f70a-40ca-99e2-2f88c92545d6 0.258s
2025-02-12 05:41:26.619 63080 INFO tempest.lib.common.rest_client [req-ed36c7d2-a280-4ebc-b3a4-f5ec3e48d693 req-ed36c7d2-a280-4ebc-b3a4-f5ec3e48d693 ] Request (DeleteServersAdminTestJSON:test_delete_server_while_in_error_state): 200 GET http://10.180.1.21/compute/v2.1/servers/5ab4a4c1-b7d4-40cc-9046-a91eb9bbb3b9 0.243s
2025-02-12 05:41:26.623 63116 INFO tempest.lib.common.rest_client [req-9d50c6f6-a39a-49c5-8553-29965b4ee4e8 req-9d50c6f6-a39a-49c5-8553-29965b4ee4e8 ] Request (ServersAdminNegativeTestJSON:setUpClass): 200 GET http://10.180.1.21/compute/v2.1/servers/80a65e39-d08d-4ab6-ba4d-f3f2d501245a 0.265s
2025-02-12 05:41:26.630 63116 INFO tempest.common.waiters [-] State transition "BUILD/networking" ==> "BUILD/block_device_mapping" after 66 second wait
2025-02-12 05:41:26.667 63076 INFO tempest.lib.common.rest_client [req-3deb9aff-4cc8-4c10-a114-c59ae049c621 req-3deb9aff-4cc8-4c10-a114-c59ae049c621 ] Request (AttachInterfacesV270Test:test_create_get_list_interfaces): 200 GET http://10.180.1.21/compute/v2.1/servers/ba219d60-2e96-4f25-bb94-2ee38ad75d37 0.191s
2025-02-12 05:41:26.672 63124 INFO tempest.lib.common.rest_client [req-17fca04d-84cc-42a4-b44b-4188d14bfbfd req-17fca04d-84cc-42a4-b44b-4188d14bfbfd ] Request (ServerAddressesTestJSON:setUpClass): 200 GET http://10.180.1.21/compute/v2.1/servers/0eaee33b-e18d-4fc0-b0b3-c9e5a8877d20 0.144s
2025-02-12 05:41:26.915 63114 INFO tempest.lib.common.rest_client [req-db6e4b58-d8ba-41dd-95ad-443b3fbd63d2 req-db6e4b58-d8ba-41dd-95ad-443b3fbd63d2 ] Request (ServerTagsTestJSON:setUpClass): 200 GET http://10.180.1.21/compute/v2.1/servers/9e4b8141-2196-45c5-abd9-7926608c0693 0.131s
2025-02-12 05:41:27.240 63096 INFO tempest.lib.common.rest_client [req-97b241de-8370-4b68-9e42-335450de0a30 req-97b241de-8370-4b68-9e42-335450de0a30 ] Request (ListImageFiltersTestJSON:setUpClass): 200 GET http://10.180.1.21/compute/v2.1/servers/71299699-d75c-4271-8752-15f96c7940c2 0.106s
2025-02-12 05:41:27.293 63082 INFO tempest.lib.common.rest_client [req-6b483c9d-363d-456a-a095-6a80dd26b605 req-6b483c9d-363d-456a-a095-6a80dd26b605 ] Request (FloatingIPsAssociationTestJSON:test_associate_already_associated_floating_ip): 200 GET http://10.180.1.21/compute/v2.1/servers/80eef591-a3f2-4b64-a2f7-4bf586f8a01d 0.085s
2025-02-12 05:41:27.310 63108 INFO tempest.lib.common.rest_client [req-8d3983fd-2c6e-4050-a4c1-56209f18f17c req-8d3983fd-2c6e-4050-a4c1-56209f18f17c ] Request (ServerGroupTestJSON:test_create_server_with_scheduler_hint_group): 200 GET http://10.180.1.21/compute/v2.1/servers/e13e8b36-5b13-4070-8c84-305adbd01866 0.129s
2025-02-12 05:41:27.367 63100 INFO tempest.lib.common.rest_client [req-426e9336-0f47-4270-938f-b1a876933219 req-426e9336-0f47-4270-938f-b1a876933219 ] Request (ListServersNegativeTestJSON:setUpClass): 200 GET http://10.180.1.21/compute/v2.1/servers/89452068-893d-4621-b837-92cbf34a2702 0.115s
2025-02-12 05:41:27.381 63078 INFO tempest.lib.common.rest_client [req-8789aa2c-322a-4aa2-9fa2-ccb3dc706f35 req-8789aa2c-322a-4aa2-9fa2-ccb3dc706f35 ] Request (ImagesTestJSON:test_create_image_from_suspended_server): 200 GET http://10.180.1.21/compute/v2.1/servers/909c21a0-070c-4c98-923f-1a515a159acd 0.110s
2025-02-12 05:41:27.431 63112 INFO tempest.lib.common.rest_client [req-bcc21c9d-a713-473c-bd00-68f043c949a1 req-bcc21c9d-a713-473c-bd00-68f043c949a1 ] Request (InstanceActionsNegativeTestJSON:setUpClass): 200 GET http://10.180.1.21/compute/v2.1/servers/09d13f16-00fc-4dc9-bf6b-962c7c8a1885 0.126s
2025-02-12 05:41:27.451 63086 INFO tempest.lib.common.rest_client [req-d824a37e-bb87-48d6-854b-e40de6d33549 req-d824a37e-bb87-48d6-854b-e40de6d33549 ] Request (ServerActionsTestOtherA:setUpClass): 200 GET http://10.180.1.21/compute/v2.1/servers/d6337d35-b274-4c8d-b48a-2e2d2e351e2a 0.134s
2025-02-12 05:41:27.484 63122 INFO tempest.lib.common.rest_client [req-f24936ce-fe6c-4308-9074-62bf538aa978 req-f24936ce-fe6c-4308-9074-62bf538aa978 ] Request (ServersTestFqdnHostnames:test_create_server_with_fqdn_name): 200 GET http://10.180.1.21/compute/v2.1/servers/a38d520a-752a-47eb-bf4a-731857a603b7 0.132s
2025-02-12 05:41:27.522 63130 INFO tempest.lib.common.rest_client [req-4e01f043-27c1-4170-90c3-3a0008757dce req-4e01f043-27c1-4170-90c3-3a0008757dce ] Request (ServerShowV247Test:test_update_rebuild_list_server): 200 GET http://10.180.1.21/compute/v2.1/servers/78998147-5c0e-4668-9ee8-6b519479d644 0.139s
2025-02-12 05:41:27.548 63102 INFO tempest.lib.common.rest_client [req-04fe21ff-4409-44e7-90a0-7aaa6cebf587 req-04fe21ff-4409-44e7-90a0-7aaa6cebf587 ] Request (ImagesOneServerNegativeTestJSON:setUpClass): 200 GET http://10.180.1.21/compute/v2.1/servers/260ef9b5-2a7a-4d9c-92b8-26c905e6df44 0.141s
2025-02-12 05:41:27.577 63126 INFO tempest.lib.common.rest_client [req-a78a1d98-c1fc-45de-a6b1-a523e7163521 req-a78a1d98-c1fc-45de-a6b1-a523e7163521 ] Request (AttachVolumeNegativeTest:test_attach_attached_volume_to_different_server): 200 GET http://10.180.1.21/compute/v2.1/servers/160b53db-10d5-43ef-96d5-e9e56cdd8aa7 0.138s
2025-02-12 05:41:27.647 63106 INFO tempest.lib.common.rest_client [req-1e4f1bc0-393b-4153-9a09-f79944e5b408 req-1e4f1bc0-393b-4153-9a09-f79944e5b408 ] Request (ServersAdminTestJSON:test_inject_network_info): 200 GET http://10.180.1.21/compute/v2.1/servers/39c64601-2260-4270-806f-0ba20319908b 0.164s
2025-02-12 05:41:27.652 63072 INFO tempest.lib.common.rest_client [req-fff9dcb4-423b-46b5-9756-e7b9ce883209 req-fff9dcb4-423b-46b5-9756-e7b9ce883209 ] Request (ServerDiagnosticsTest:tearDownClass): 200 GET http://10.180.1.21/compute/v2.1/servers/f89bb1e5-203a-4181-b331-531979f22e84 0.194s
2025-02-12 05:41:27.721 63084 INFO tempest.lib.common.rest_client [req-f0c4497b-8ead-448b-9d26-e8c1f37a2a1c req-f0c4497b-8ead-448b-9d26-e8c1f37a2a1c ] Request (SecurityGroupsTestJSON:test_list_security_groups_by_server): 200 GET http://10.180.1.21/compute/v2.1/servers/1e30471c-8313-47f7-93ae-ac23365b0186 0.184s
2025-02-12 05:41:27.753 63080 INFO tempest.lib.common.rest_client [req-fd179b47-ff6d-4849-9fb6-1b4faa8ac5a2 req-fd179b47-ff6d-4849-9fb6-1b4faa8ac5a2 ] Request (DeleteServersAdminTestJSON:test_delete_server_while_in_error_state): 404 GET http://10.180.1.21/compute/v2.1/servers/5ab4a4c1-b7d4-40cc-9046-a91eb9bbb3b9 0.127s
2025-02-12 05:41:27.791 63134 INFO tempest.lib.common.rest_client [req-dec987fd-1c15-4483-9fe7-bdef28084189 req-dec987fd-1c15-4483-9fe7-bdef28084189 ] Request (MigrationsAdminTest:test_list_migrations_in_flavor_resize_situation): 200 GET http://10.180.1.21/compute/v2.1/servers/264d4a15-f70a-40ca-99e2-2f88c92545d6 0.216s
2025-02-12 05:41:27.858 63076 INFO tempest.lib.common.rest_client [req-665297e1-768c-4cfb-a5c1-165bf22308cc req-665297e1-768c-4cfb-a5c1-165bf22308cc ] Request (AttachInterfacesV270Test:test_create_get_list_interfaces): 200 GET http://10.180.1.21/compute/v2.1/servers/ba219d60-2e96-4f25-bb94-2ee38ad75d37 0.180s
2025-02-12 05:41:27.871 63116 INFO tempest.lib.common.rest_client [req-b9dc299d-f134-469c-8832-3d7cdec9871d req-b9dc299d-f134-469c-8832-3d7cdec9871d ] Request (ServersAdminNegativeTestJSON:setUpClass): 200 GET http://10.180.1.21/compute/v2.1/servers/80a65e39-d08d-4ab6-ba4d-f3f2d501245a 0.240s
2025-02-12 05:41:27.879 63116 INFO tempest.common.waiters [-] State transition "BUILD/block_device_mapping" ==> "BUILD/spawning" after 67 second wait
2025-02-12 05:41:27.890 63080 INFO tempest.lib.common.rest_client [req-e42cea63-33dc-495d-86e5-a972ba078ecf req-e42cea63-33dc-495d-86e5-a972ba078ecf ] Request (DeleteServersAdminTestJSON:tearDownClass): 404 DELETE http://10.180.1.21/compute/v2.1/servers/5ab4a4c1-b7d4-40cc-9046-a91eb9bbb3b9 0.135s
2025-02-12 05:41:27.905 63124 INFO tempest.lib.common.rest_client [req-1a314b94-b071-4d42-ae46-088edba855b1 req-1a314b94-b071-4d42-ae46-088edba855b1 ] Request (ServerAddressesTestJSON:setUpClass): 200 GET http://10.180.1.21/compute/v2.1/servers/0eaee33b-e18d-4fc0-b0b3-c9e5a8877d20 0.226s
2025-02-12 05:41:27.912 63080 INFO tempest.lib.common.rest_client [req-505bde32-25e2-4892-bc6f-b108132a9f58 req-505bde32-25e2-4892-bc6f-b108132a9f58 ] Request (DeleteServersAdminTestJSON:tearDownClass): 404 GET http://10.180.1.21/compute/v2.1/servers/5ab4a4c1-b7d4-40cc-9046-a91eb9bbb3b9 0.022s
2025-02-12 05:41:27.932 63080 INFO tempest.lib.common.rest_client [req-a031ed86-cd86-4875-82c1-ab78555097d0 req-a031ed86-cd86-4875-82c1-ab78555097d0 ] Request (DeleteServersAdminTestJSON:tearDownClass): 404 DELETE http://10.180.1.21/compute/v2.1/servers/3dc51346-02bd-4533-a39e-efa198c38248 0.020s
2025-02-12 05:41:27.952 63080 INFO tempest.lib.common.rest_client [req-597d481e-a23c-4c89-907c-8b8b154a152c req-597d481e-a23c-4c89-907c-8b8b154a152c ] Request (DeleteServersAdminTestJSON:tearDownClass): 404 GET http://10.180.1.21/compute/v2.1/servers/3dc51346-02bd-4533-a39e-efa198c38248 0.019s
2025-02-12 05:41:28.012 63114 INFO tempest.lib.common.rest_client [req-f90f92b3-d72c-4e75-81ad-67094b674c97 req-f90f92b3-d72c-4e75-81ad-67094b674c97 ] Request (ServerTagsTestJSON:setUpClass): 200 GET http://10.180.1.21/compute/v2.1/servers/9e4b8141-2196-45c5-abd9-7926608c0693 0.087s
2025-02-12 05:41:28.062 63080 INFO tempest.lib.common.rest_client [req-156f3946-c7c8-48a2-a322-036f331878d7 req-156f3946-c7c8-48a2-a322-036f331878d7 ] Request (DeleteServersAdminTestJSON:tearDownClass): 204 DELETE http://10.180.1.21/identity/v3/users/4920c7dc34c74744accddb3537dbd490 0.109s
2025-02-12 05:41:28.158 63080 INFO tempest.lib.common.rest_client [req-5c919517-eb87-44ec-a192-436d6a665952 req-5c919517-eb87-44ec-a192-436d6a665952 ] Request (DeleteServersAdminTestJSON:tearDownClass): 204 DELETE http://10.180.1.21/identity/v3/users/f9589e008449415e9ed0dcb3ea6eb43c 0.095s
2025-02-12 05:41:28.159 63080 INFO tempest.lib.common.dynamic_creds [-] Deleting project and security group for project: f3f7af5c037d481f9156b783de6eeeae
2025-02-12 05:41:28.213 63080 INFO tempest.lib.common.rest_client [req-fa6946cb-58c9-4a6e-8ad3-8a302c59ff05 req-fa6946cb-58c9-4a6e-8ad3-8a302c59ff05 ] Request (DeleteServersAdminTestJSON:tearDownClass): 201 POST http://10.180.1.21/identity/v3/auth/tokens 0.054s
2025-02-12 05:41:28.308 63080 INFO tempest.lib.common.rest_client [req-55f881d9-aafa-4c4f-be57-1fb311f546d1 req-55f881d9-aafa-4c4f-be57-1fb311f546d1 ] Request (DeleteServersAdminTestJSON:tearDownClass): 200 GET http://10.180.1.21:9696/networking/v2.0/security-groups?tenant_id=f3f7af5c037d481f9156b783de6eeeae&name=default 0.095s
