2025-02-12 05:39:40.523 63082 INFO tempest.lib.common.rest_client [req-18d9d9d9-69e3-44c0-b197-59a1950076f8 req-18d9d9d9-69e3-44c0-b197-59a1950076f8 ] Request (HostsAdminTestJSON:test_show_host_detail): 200 GET http://10.180.1.21/compute/v2.1/os-hosts/cpu-1 1.258s
2025-02-12 05:39:40.597 63082 INFO tempest.lib.common.rest_client [req-bf604c9e-70e6-4494-a873-c991c5a6e3d3 req-bf604c9e-70e6-4494-a873-c991c5a6e3d3 ] Request (HostsAdminTestJSON:tearDownClass): 204 DELETE http://10.180.1.21/identity/v3/users/0c831c5115234cfeb5d6f5cc361177e3 0.070s
2025-02-12 05:39:40.622 63084 INFO tempest.lib.common.rest_client [req-cb84969f-d524-4c2e-9311-bab1c3fb03a7 req-cb84969f-d524-4c2e-9311-bab1c3fb03a7 ] Request (ServerDiagnosticsNegativeTest:tearDownClass): 204 DELETE http://10.180.1.21/compute/v2.1/servers/7dba7ad9-a0a5-49cf-89af-68e1d9ec751e 1.328s
2025-02-12 05:39:40.686 63120 INFO tempest.lib.common.rest_client [req-7cbeb107-243d-489a-9e65-3b4e44b986a5 req-7cbeb107-243d-489a-9e65-3b4e44b986a5 ] Request (HypervisorAdminNegativeTestJSON:tearDownClass): 204 DELETE http://10.180.1.21:9696/networking/v2.0/security-groups/b8aa3011-bb36-44d1-a41f-7d48fc2ec5e2 0.298s
2025-02-12 05:39:40.698 63076 INFO tempest.lib.common.rest_client [req-ad4e1ade-ed3f-40b8-9c23-5a6d00015b4c req-ad4e1ade-ed3f-40b8-9c23-5a6d00015b4c ] Request (QuotasAdminTestV236:tearDownClass): 200 GET http://10.180.1.21:9696/networking/v2.0/security-groups?tenant_id=7a80974f834242808c0488180f3a39b2&name=default 0.454s
2025-02-12 05:39:40.702 63082 INFO tempest.lib.common.rest_client [req-7e26a9d4-22a5-4719-87f4-c01f1586f772 req-7e26a9d4-22a5-4719-87f4-c01f1586f772 ] Request (HostsAdminTestJSON:tearDownClass): 204 DELETE http://10.180.1.21/identity/v3/users/8384ebe8b09c4c55a90fef87c4842db5 0.104s
2025-02-12 05:39:40.702 63082 INFO tempest.lib.common.dynamic_creds [-] Deleting project and security group for project: dfcb9e2a674e48b9afcd48f79663c34b
2025-02-12 05:39:40.714 63074 INFO tempest.lib.common.rest_client [req-c2828457-3621-45f3-9e45-fd22e52d611d req-c2828457-3621-45f3-9e45-fd22e52d611d ] Request (InstanceActionsV221TestJSON:test_get_list_deleted_instance_actions): 200 GET http://10.180.1.21/compute/v2.1/servers/2043f3d8-7f16-4faa-9ed5-54465084c340 1.369s
2025-02-12 05:39:40.758 63082 INFO tempest.lib.common.rest_client [req-237a74e8-b91c-4b5d-ba8e-dbe8845d4837 req-237a74e8-b91c-4b5d-ba8e-dbe8845d4837 ] Request (HostsAdminTestJSON:tearDownClass): 201 POST http://10.180.1.21/identity/v3/auth/tokens 0.055s
2025-02-12 05:39:40.786 63120 INFO tempest.lib.common.rest_client [req-f268c3db-5202-4144-9bc1-1e639d1e6d8b req-f268c3db-5202-4144-9bc1-1e639d1e6d8b ] Request (HypervisorAdminNegativeTestJSON:tearDownClass): 204 DELETE http://10.180.1.21/identity/v3/projects/0b81721feec445f1b8200ab04cda2279 0.099s
2025-02-12 05:39:40.787 63120 INFO tempest.lib.common.dynamic_creds [-] Deleting project and security group for project: 37fbebde4d63430a8ea9592206f1c987
2025-02-12 05:39:40.835 63076 INFO tempest.lib.common.rest_client [req-1c3e5f0a-cd26-4db5-bb46-2e9500d7a199 req-1c3e5f0a-cd26-4db5-bb46-2e9500d7a199 ] Request (QuotasAdminTestV236:tearDownClass): 204 DELETE http://10.180.1.21:9696/networking/v2.0/security-groups/d7ca338c-977e-4e28-9b0c-fe5f1afe3c91 0.137s
2025-02-12 05:39:40.877 63090 INFO tempest.lib.common.rest_client [req-084c34df-e9a2-418e-a372-3fcfb0ca851a req-084c34df-e9a2-418e-a372-3fcfb0ca851a ] Request (ValidationResourcesFixture:setUp): 201 POST http://10.180.1.21:9696/networking/v2.0/floatingips 0.773s
2025-02-12 05:39:40.926 63120 INFO tempest.lib.common.rest_client [req-d6c3e3e2-29f8-47ac-9aa2-5ba6cf96b1ab req-d6c3e3e2-29f8-47ac-9aa2-5ba6cf96b1ab ] Request (HypervisorAdminNegativeTestJSON:tearDownClass): 200 GET http://10.180.1.21:9696/networking/v2.0/security-groups?tenant_id=37fbebde4d63430a8ea9592206f1c987&name=default 0.139s
2025-02-12 05:39:40.930 63090 INFO tempest.lib.common.rest_client [req-d1fd67d2-ac51-4732-bee9-b1b44c98ac66 req-d1fd67d2-ac51-4732-bee9-b1b44c98ac66 ] Request (ServersWithSpecificFlavorTestJSON:test_verify_created_server_ephemeral_disk): 201 POST http://10.180.1.21/identity/v3/auth/tokens 0.050s
2025-02-12 05:39:40.930 63090 INFO tempest.lib.common.fixed_network [-] (ServersWithSpecificFlavorTestJSON:test_verify_created_server_ephemeral_disk) Found network {'id': '7e448c87-c9a4-4f26-aee1-97b6e6da57bd', 'name': 'tempest-ServersWithSpecificFlavorTestJSON-1478911666-network', 'tenant_id': '2f5f4dce6c554c66a41cc52c44e7318c', 'admin_state_up': True, 'mtu': 8950, 'status': 'ACTIVE', 'subnets': [], 'shared': False, 'project_id': '2f5f4dce6c554c66a41cc52c44e7318c', 'port_security_enabled': True, 'router:external': False, 'provider:network_type': 'vlan', 'provider:physical_network': 'default', 'provider:segmentation_id': 667, 'availability_zone_hints': [], 'availability_zones': [], 'ipv4_address_scope': None, 'ipv6_address_scope': None, 'description': '', 'tags': [], 'created_at': '2025-02-12T05:39:10Z', 'updated_at': '2025-02-12T05:39:10Z', 'revision_number': 1} available for tenant
2025-02-12 05:39:40.944 63076 INFO tempest.lib.common.rest_client [req-c7fa3172-bf51-498b-8815-90ea974e0f28 req-c7fa3172-bf51-498b-8815-90ea974e0f28 ] Request (QuotasAdminTestV236:tearDownClass): 204 DELETE http://10.180.1.21/identity/v3/projects/7a80974f834242808c0488180f3a39b2 0.109s
2025-02-12 05:39:40.945 63076 INFO tempest.lib.common.dynamic_creds [-] Deleting project and security group for project: 1274e99325184990b23e444a4b0f4942
2025-02-12 05:39:41.035 63120 INFO tempest.lib.common.rest_client [req-c6c6d184-8f31-43f6-81a9-3870df827444 req-c6c6d184-8f31-43f6-81a9-3870df827444 ] Request (HypervisorAdminNegativeTestJSON:tearDownClass): 204 DELETE http://10.180.1.21:9696/networking/v2.0/security-groups/d82aa03e-aebc-4ad8-b9a9-70cca6a77674 0.109s
2025-02-12 05:39:41.063 63076 INFO tempest.lib.common.rest_client [req-85cf2d61-e0fb-40de-b45f-1605f20bd55a req-85cf2d61-e0fb-40de-b45f-1605f20bd55a ] Request (QuotasAdminTestV236:tearDownClass): 200 GET http://10.180.1.21:9696/networking/v2.0/security-groups?tenant_id=1274e99325184990b23e444a4b0f4942&name=default 0.118s
2025-02-12 05:39:41.133 63076 INFO tempest.lib.common.rest_client [req-5b25d814-7ab8-4efa-8bb9-82e29a4f4949 req-5b25d814-7ab8-4efa-8bb9-82e29a4f4949 ] Request (QuotasAdminTestV236:tearDownClass): 204 DELETE http://10.180.1.21:9696/networking/v2.0/security-groups/f1c3d17a-35ee-4732-ac15-054902054dd3 0.069s
2025-02-12 05:39:41.143 63120 INFO tempest.lib.common.rest_client [req-4577e879-7efa-42c3-9f8d-3327c538cebf req-4577e879-7efa-42c3-9f8d-3327c538cebf ] Request (HypervisorAdminNegativeTestJSON:tearDownClass): 204 DELETE http://10.180.1.21/identity/v3/projects/37fbebde4d63430a8ea9592206f1c987 0.107s
2025-02-12 05:39:41.148 63120 INFO tempest.test [-] raised in TestMultiAttachVolumeSwap.setUpClass. Invoking tearDownClass.
2025-02-12 05:39:41.216 63120 INFO tempest.lib.common.rest_client [req-6c962c54-547d-427d-8beb-668d2c34d756 req-6c962c54-547d-427d-8beb-668d2c34d756 ] Request (FlavorsV2TestJSON:setUpClass): 201 POST http://10.180.1.21/identity/v3/auth/tokens 0.062s
2025-02-12 05:39:41.241 63076 INFO tempest.lib.common.rest_client [req-c510b9a7-448b-4439-bff6-a4972975111a req-c510b9a7-448b-4439-bff6-a4972975111a ] Request (QuotasAdminTestV236:tearDownClass): 204 DELETE http://10.180.1.21/identity/v3/projects/1274e99325184990b23e444a4b0f4942 0.108s
2025-02-12 05:39:41.269 63082 INFO tempest.lib.common.rest_client [req-3ca83be4-2a2f-472a-95a3-6839024ac050 req-3ca83be4-2a2f-472a-95a3-6839024ac050 ] Request (HostsAdminTestJSON:tearDownClass): 200 GET http://10.180.1.21:9696/networking/v2.0/security-groups?tenant_id=dfcb9e2a674e48b9afcd48f79663c34b&name=default 0.511s
2025-02-12 05:39:41.276 63120 INFO tempest.lib.common.rest_client [req-dd200196-3352-478b-a64b-de213df73c69 req-dd200196-3352-478b-a64b-de213df73c69 ] Request (FlavorsV2TestJSON:setUpClass): 201 POST http://10.180.1.21/identity/v3/auth/tokens 0.055s
2025-02-12 05:39:41.302 63120 INFO tempest.lib.common.rest_client [req-554187c6-a11c-483e-9ad8-16a02e4a4d5a req-554187c6-a11c-483e-9ad8-16a02e4a4d5a ] Request (FlavorsV2TestJSON:setUpClass): 200 GET http://10.180.1.21/identity/v3/domains?name=Default 0.025s
2025-02-12 05:39:41.307 63076 INFO tempest.lib.common.rest_client [req-c681c2af-6137-4109-85a4-c304cfdf2faf req-c681c2af-6137-4109-85a4-c304cfdf2faf ] Request (TenantUsagesTestJSON:setUpClass): 201 POST http://10.180.1.21/identity/v3/auth/tokens 0.065s
2025-02-12 05:39:41.337 63120 INFO tempest.lib.common.rest_client [req-bc67841e-6e68-4baa-bb40-fbc692b5c967 req-bc67841e-6e68-4baa-bb40-fbc692b5c967 ] Request (FlavorsV2TestJSON:setUpClass): 201 POST http://10.180.1.21/identity/v3/projects 0.034s
2025-02-12 05:39:41.348 63082 INFO tempest.lib.common.rest_client [req-3be1e075-f89d-4220-bfe7-9d546f9226ad req-3be1e075-f89d-4220-bfe7-9d546f9226ad ] Request (HostsAdminTestJSON:tearDownClass): 204 DELETE http://10.180.1.21:9696/networking/v2.0/security-groups/c2c04259-8a71-4088-857a-45e88a829f11 0.078s
2025-02-12 05:39:41.372 63076 INFO tempest.lib.common.rest_client [req-148bb4e5-0f2d-487a-bbfe-2b68b54d037e req-148bb4e5-0f2d-487a-bbfe-2b68b54d037e ] Request (TenantUsagesTestJSON:setUpClass): 201 POST http://10.180.1.21/identity/v3/auth/tokens 0.062s
2025-02-12 05:39:41.395 63120 INFO tempest.lib.common.rest_client [req-ac6a6937-c537-488f-a07e-a48146a736f9 req-ac6a6937-c537-488f-a07e-a48146a736f9 ] Request (FlavorsV2TestJSON:setUpClass): 201 POST http://10.180.1.21/identity/v3/users 0.057s
2025-02-12 05:39:41.416 63076 INFO tempest.lib.common.rest_client [req-d55aa672-77ed-431c-b4f4-a9ef08ce600e req-d55aa672-77ed-431c-b4f4-a9ef08ce600e ] Request (TenantUsagesTestJSON:setUpClass): 200 GET http://10.180.1.21/identity/v3/domains?name=Default 0.043s
2025-02-12 05:39:41.428 63082 INFO tempest.lib.common.rest_client [req-1c9b368c-9dbb-4748-a4ec-b302884ba048 req-1c9b368c-9dbb-4748-a4ec-b302884ba048 ] Request (HostsAdminTestJSON:tearDownClass): 204 DELETE http://10.180.1.21/identity/v3/projects/dfcb9e2a674e48b9afcd48f79663c34b 0.079s
2025-02-12 05:39:41.428 63082 INFO tempest.lib.common.dynamic_creds [-] Deleting project and security group for project: 2feb8bf2635e47b29775041844905237
2025-02-12 05:39:41.470 63120 INFO tempest.lib.common.rest_client [req-33a82d52-d355-4a0b-86c2-d497b30954f3 req-33a82d52-d355-4a0b-86c2-d497b30954f3 ] Request (FlavorsV2TestJSON:setUpClass): 200 GET http://10.180.1.21/identity/v3/roles 0.074s
2025-02-12 05:39:41.490 63076 INFO tempest.lib.common.rest_client [req-6ea1ac7a-ccfe-4e6f-bec7-e924cfb8b1ed req-6ea1ac7a-ccfe-4e6f-bec7-e924cfb8b1ed ] Request (TenantUsagesTestJSON:setUpClass): 201 POST http://10.180.1.21/identity/v3/projects 0.073s
2025-02-12 05:39:41.512 63120 INFO tempest.lib.common.rest_client [req-c005f05f-7fc7-4eeb-ab76-1e7ffa0955c5 req-c005f05f-7fc7-4eeb-ab76-1e7ffa0955c5 ] Request (FlavorsV2TestJSON:setUpClass): 204 PUT http://10.180.1.21/identity/v3/projects/789d2d3c61d24e2cabede58a6f45f78e/users/dfa899417b86470b8c5cd0c9edd9b8b2/roles/a8a8ba553e5f46fca3c47abcbf7f7e6f 0.042s
2025-02-12 05:39:41.512 63120 INFO tempest.lib.common.dynamic_creds [-] Dynamic test user dfa899417b86470b8c5cd0c9edd9b8b2 is created with scope project and roles: ['member']
2025-02-12 05:39:41.512 63120 INFO tempest.lib.common.dynamic_creds [-] Acquired dynamic creds: credentials: Credentials: {'domain_id': 'default', 'domain_name': 'Default', 'username': 'tempest-FlavorsV2TestJSON-918106027-project-member', 'project_domain_id': 'default', 'project_domain_name': 'Default', 'project_id': '789d2d3c61d24e2cabede58a6f45f78e', 'project_name': 'tempest-FlavorsV2TestJSON-918106027', 'tenant_id': '789d2d3c61d24e2cabede58a6f45f78e', 'tenant_name': 'tempest-FlavorsV2TestJSON-918106027', 'user_domain_id': 'default', 'user_domain_name': 'Default', 'user_id': 'dfa899417b86470b8c5cd0c9edd9b8b2', 'system': None}, Network: None, Subnet: None, Router: None
2025-02-12 05:39:41.512 63120 INFO tempest.lib.common.dynamic_creds [-] Created isolated network resources for: credentials: Credentials: {'domain_id': 'default', 'domain_name': 'Default', 'username': 'tempest-FlavorsV2TestJSON-918106027-project-member', 'project_domain_id': 'default', 'project_domain_name': 'Default', 'project_id': '789d2d3c61d24e2cabede58a6f45f78e', 'project_name': 'tempest-FlavorsV2TestJSON-918106027', 'tenant_id': '789d2d3c61d24e2cabede58a6f45f78e', 'tenant_name': 'tempest-FlavorsV2TestJSON-918106027', 'user_domain_id': 'default', 'user_domain_name': 'Default', 'user_id': 'dfa899417b86470b8c5cd0c9edd9b8b2', 'system': None}, Network: None, Subnet: None, Router: None
2025-02-12 05:39:41.532 63082 INFO tempest.lib.common.rest_client [req-7d8a5f5e-744f-42ee-b49f-4fab552e2757 req-7d8a5f5e-744f-42ee-b49f-4fab552e2757 ] Request (HostsAdminTestJSON:tearDownClass): 200 GET http://10.180.1.21:9696/networking/v2.0/security-groups?tenant_id=2feb8bf2635e47b29775041844905237&name=default 0.104s
2025-02-12 05:39:41.582 63118 INFO tempest.lib.common.rest_client [req-191d36c6-d769-4285-8bf0-8ed1f11086ac req-191d36c6-d769-4285-8bf0-8ed1f11086ac ] Request (FloatingIPDetailsTestJSON:tearDownClass): 202 DELETE http://10.180.1.21/compute/v2.1/os-floating-ips/a1b531fd-838b-4763-95b4-0f9a1fa4761e 2.121s
2025-02-12 05:39:41.588 63120 INFO tempest.lib.common.rest_client [req-3f5b863d-5def-4678-b9c2-9139e05fdcf6 req-3f5b863d-5def-4678-b9c2-9139e05fdcf6 ] Request (FlavorsV2TestJSON:setUpClass): 201 POST http://10.180.1.21/identity/v3/auth/tokens 0.071s
2025-02-12 05:39:41.594 63076 INFO tempest.lib.common.rest_client [req-9c710e84-cb9b-4f7e-9730-85694f7b8e0a req-9c710e84-cb9b-4f7e-9730-85694f7b8e0a ] Request (TenantUsagesTestJSON:setUpClass): 201 POST http://10.180.1.21/identity/v3/users 0.102s
2025-02-12 05:39:41.605 63134 INFO tempest.lib.common.rest_client [req-0e4bcebb-6342-4b46-bb7b-604e8879ce7a req-0e4bcebb-6342-4b46-bb7b-604e8879ce7a ] Request (FlavorsAccessTestJSON:_run_cleanups): 202 DELETE http://10.180.1.21/compute/v2.1/flavors/153056519 2.101s
2025-02-12 05:39:41.617 63076 INFO tempest.lib.common.rest_client [req-ce03c6e4-3f74-4cdb-8fb8-694d1fd9e878 req-ce03c6e4-3f74-4cdb-8fb8-694d1fd9e878 ] Request (TenantUsagesTestJSON:setUpClass): 200 GET http://10.180.1.21/identity/v3/roles 0.023s
2025-02-12 05:39:41.627 63082 INFO tempest.lib.common.rest_client [req-06df8e46-aad6-49b8-a063-7fc5d1e6d9b2 req-06df8e46-aad6-49b8-a063-7fc5d1e6d9b2 ] Request (HostsAdminTestJSON:tearDownClass): 204 DELETE http://10.180.1.21:9696/networking/v2.0/security-groups/2ac9adb1-7da9-444d-915c-55e754a512a4 0.094s
2025-02-12 05:39:41.642 63076 INFO tempest.lib.common.rest_client [req-f6f0e5ba-7cfd-4e9c-9391-f9cf0c8e2804 req-f6f0e5ba-7cfd-4e9c-9391-f9cf0c8e2804 ] Request (TenantUsagesTestJSON:setUpClass): 204 PUT http://10.180.1.21/identity/v3/projects/65952b92758f4e2085bef44f9572d604/users/fd0aca61553342b1a265144b45fae25b/roles/a8a8ba553e5f46fca3c47abcbf7f7e6f 0.024s
2025-02-12 05:39:41.642 63076 INFO tempest.lib.common.dynamic_creds [-] Dynamic test user fd0aca61553342b1a265144b45fae25b is created with scope project and roles: ['member']
2025-02-12 05:39:41.643 63076 INFO tempest.lib.common.dynamic_creds [-] Acquired dynamic creds: credentials: Credentials: {'domain_id': 'default', 'domain_name': 'Default', 'username': 'tempest-TenantUsagesTestJSON-690065525-project-member', 'project_domain_id': 'default', 'project_domain_name': 'Default', 'project_id': '65952b92758f4e2085bef44f9572d604', 'project_name': 'tempest-TenantUsagesTestJSON-690065525', 'tenant_id': '65952b92758f4e2085bef44f9572d604', 'tenant_name': 'tempest-TenantUsagesTestJSON-690065525', 'user_domain_id': 'default', 'user_domain_name': 'Default', 'user_id': 'fd0aca61553342b1a265144b45fae25b', 'system': None}, Network: None, Subnet: None, Router: None
2025-02-12 05:39:41.643 63076 INFO tempest.lib.common.dynamic_creds [-] Created isolated network resources for: credentials: Credentials: {'domain_id': 'default', 'domain_name': 'Default', 'username': 'tempest-TenantUsagesTestJSON-690065525-project-member', 'project_domain_id': 'default', 'project_domain_name': 'Default', 'project_id': '65952b92758f4e2085bef44f9572d604', 'project_name': 'tempest-TenantUsagesTestJSON-690065525', 'tenant_id': '65952b92758f4e2085bef44f9572d604', 'tenant_name': 'tempest-TenantUsagesTestJSON-690065525', 'user_domain_id': 'default', 'user_domain_name': 'Default', 'user_id': 'fd0aca61553342b1a265144b45fae25b', 'system': None}, Network: None, Subnet: None, Router: None
2025-02-12 05:39:41.736 63082 INFO tempest.lib.common.rest_client [req-d9921d73-d43e-4b29-8048-166ee279c54f req-d9921d73-d43e-4b29-8048-166ee279c54f ] Request (HostsAdminTestJSON:tearDownClass): 204 DELETE http://10.180.1.21/identity/v3/projects/2feb8bf2635e47b29775041844905237 0.109s
2025-02-12 05:39:41.788 63078 INFO tempest.lib.common.rest_client [req-7ae10fa9-9dc8-484a-87f6-39bbeba63aa0 req-7ae10fa9-9dc8-484a-87f6-39bbeba63aa0 ] Request (QuotasAdminNegativeTest:test_create_server_when_memory_quota_is_full): 200 PUT http://10.180.1.21/compute/v2.1/os-quota-sets/7c4f96be5ece4e4488f1da8cc6163538 2.265s
2025-02-12 05:39:41.802 63076 INFO tempest.lib.common.rest_client [req-5cf592b5-08d5-41fb-a808-84a0e730a0b4 req-5cf592b5-08d5-41fb-a808-84a0e730a0b4 ] Request (TenantUsagesTestJSON:setUpClass): 201 POST http://10.180.1.21/identity/v3/auth/tokens 0.157s
2025-02-12 05:39:41.806 63082 INFO tempest.lib.common.rest_client [req-3d1c45f1-9e64-43c6-bc1e-e35267dcf957 req-3d1c45f1-9e64-43c6-bc1e-e35267dcf957 ] Request (HypervisorAdminTestJSON:setUpClass): 201 POST http://10.180.1.21/identity/v3/auth/tokens 0.069s
2025-02-12 05:39:41.818 63128 INFO tempest.lib.common.rest_client [req-a32048c0-c322-4fd6-b5ca-ef915a9f4660 req-a32048c0-c322-4fd6-b5ca-ef915a9f4660 ] Request (FlavorsV255TestJSON:_run_cleanups): 200 GET http://10.180.1.21/compute/v2.1/flavors/detail 2.234s
2025-02-12 05:39:41.840 63108 INFO tempest.lib.common.rest_client [req-0c9462f1-11f1-4da1-9e2b-e7744a7096ca req-0c9462f1-11f1-4da1-9e2b-e7744a7096ca ] Request (ServerGroup264TestJSON:test_create_get_server_group): 200 GET http://10.180.1.21/compute/v2.1/os-server-groups/66f9bdf3-43c7-4a86-a8e2-bab24f7c502d 2.229s
2025-02-12 05:39:41.842 63076 INFO tempest.lib.common.rest_client [req-fbd2b730-5092-4da2-98ca-3b06dcb5d7ec req-fbd2b730-5092-4da2-98ca-3b06dcb5d7ec ] Request (TenantUsagesTestJSON:setUpClass): 201 POST http://10.180.1.21/identity/v3/projects 0.039s
2025-02-12 05:39:41.862 63078 INFO tempest.lib.common.rest_client [req-9e50c926-5b04-4aeb-a52e-3b92f21492f8 req-9e50c926-5b04-4aeb-a52e-3b92f21492f8 ] Request (QuotasAdminNegativeTest:test_create_server_when_memory_quota_is_full): 201 POST http://10.180.1.21/identity/v3/auth/tokens 0.069s
2025-02-12 05:39:41.862 63078 INFO tempest.lib.common.fixed_network [-] (QuotasAdminNegativeTest:test_create_server_when_memory_quota_is_full) Found network None available for tenant
2025-02-12 05:39:41.883 63114 INFO tempest.lib.common.rest_client [req-ffea057d-abea-464b-9b85-be8575134c43 req-ffea057d-abea-464b-9b85-be8575134c43 ] Request (FloatingIPsTestJSON:tearDownClass): 200 PUT http://10.180.1.21:9696/networking/v2.0/routers/35e3c73a-d4bb-40d0-9814-3fbc2c5b5f79/remove_router_interface 2.245s
2025-02-12 05:39:41.909 63082 INFO tempest.lib.common.rest_client [req-5641b06b-6d19-4d0e-8eaa-934d97cf13c2 req-5641b06b-6d19-4d0e-8eaa-934d97cf13c2 ] Request (HypervisorAdminTestJSON:setUpClass): 201 POST http://10.180.1.21/identity/v3/auth/tokens 0.101s
2025-02-12 05:39:41.937 63076 INFO tempest.lib.common.rest_client [req-a67de905-02e7-4ddc-b4dc-36a6836e1ad6 req-a67de905-02e7-4ddc-b4dc-36a6836e1ad6 ] Request (TenantUsagesTestJSON:setUpClass): 201 POST http://10.180.1.21/identity/v3/users 0.094s
2025-02-12 05:39:41.965 63128 INFO tempest.lib.common.rest_client [req-41fe7d14-9459-4ede-b1cc-4cf658aa5fde req-41fe7d14-9459-4ede-b1cc-4cf658aa5fde ] Request (FlavorsV255TestJSON:tearDownClass): 204 DELETE http://10.180.1.21/identity/v3/users/380c62244a3e416fbf1b25a0662cb2cf 0.140s
2025-02-12 05:39:41.991 63082 INFO tempest.lib.common.rest_client [req-516abf34-46ae-439b-b505-95c4343fe473 req-516abf34-46ae-439b-b505-95c4343fe473 ] Request (HypervisorAdminTestJSON:setUpClass): 200 GET http://10.180.1.21/identity/v3/domains?name=Default 0.081s
2025-02-12 05:39:42.024 63076 INFO tempest.lib.common.rest_client [req-cc80ec83-8ecd-4210-b22e-319751c9a752 req-cc80ec83-8ecd-4210-b22e-319751c9a752 ] Request (TenantUsagesTestJSON:setUpClass): 200 GET http://10.180.1.21/identity/v3/roles 0.086s
2025-02-12 05:39:42.062 63128 INFO tempest.lib.common.rest_client [req-76a88719-d0f4-4c16-9964-bb5afa3fda0d req-76a88719-d0f4-4c16-9964-bb5afa3fda0d ] Request (FlavorsV255TestJSON:tearDownClass): 204 DELETE http://10.180.1.21/identity/v3/users/5dee3087421c4f68b7b45f585cf84153 0.097s
2025-02-12 05:39:42.062 63128 INFO tempest.lib.common.dynamic_creds [-] Deleting project and security group for project: 367b98c05b46492ea7635ec0b39e60eb
2025-02-12 05:39:42.097 63082 INFO tempest.lib.common.rest_client [req-06855570-b227-4d90-8ab6-28bf88edb86f req-06855570-b227-4d90-8ab6-28bf88edb86f ] Request (HypervisorAdminTestJSON:setUpClass): 201 POST http://10.180.1.21/identity/v3/projects 0.105s
2025-02-12 05:39:42.111 63088 INFO tempest.lib.common.rest_client [req-08d31526-7dd5-48f9-a75b-3183ba57748c req-08d31526-7dd5-48f9-a75b-3183ba57748c ] Request (ServerExternalEventsTest:test_create_server_external_events): 200 GET http://10.180.1.21/compute/v2.1/servers/3b3e9f91-4c18-4a56-a55c-a1e31af4277c 2.438s
2025-02-12 05:39:42.158 63128 INFO tempest.lib.common.rest_client [req-1767788f-81f1-4305-96dc-9974966c730b req-1767788f-81f1-4305-96dc-9974966c730b ] Request (FlavorsV255TestJSON:tearDownClass): 201 POST http://10.180.1.21/identity/v3/auth/tokens 0.094s
2025-02-12 05:39:42.167 63076 INFO tempest.lib.common.rest_client [req-d121e675-39ae-404b-901c-de33560e014a req-d121e675-39ae-404b-901c-de33560e014a ] Request (TenantUsagesTestJSON:setUpClass): 204 PUT http://10.180.1.21/identity/v3/projects/5c1adb76b3ce4c41a2c91e4587dcf966/users/9a681e7629de491285af2b6b97aad091/roles/91044118a5904b4b85ce05bc84ac4b9d 0.143s
2025-02-12 05:39:42.194 63124 INFO tempest.lib.common.rest_client [req-b7e7c5f8-fe83-4abf-9cdf-40da28c3d744 req-b7e7c5f8-fe83-4abf-9cdf-40da28c3d744 ] Request (ServersAdmin275Test:test_rebuild_update_server_275): 200 GET http://10.180.1.21/compute/v2.1/servers/a66775a2-de48-43b7-b71e-e3879dd77889 2.428s
2025-02-12 05:39:42.201 63094 INFO tempest.lib.common.rest_client [req-e53b6b0e-16da-421a-a3b7-337346bf04dd req-e53b6b0e-16da-421a-a3b7-337346bf04dd ] Request (HostsAdminNegativeTestJSON:test_update_host_with_invalid_maintenance_mode): 400 PUT http://10.180.1.21/compute/v2.1/os-hosts/devstack 2.269s
2025-02-12 05:39:42.206 63124 INFO tempest.common.waiters [-] State transition "BUILD/None" ==> "BUILD/spawning" after 7 second wait
2025-02-12 05:39:42.221 63082 INFO tempest.lib.common.rest_client [req-66ed4e57-ba29-457f-8c6e-ddbee4af9068 req-66ed4e57-ba29-457f-8c6e-ddbee4af9068 ] Request (HypervisorAdminTestJSON:setUpClass): 201 POST http://10.180.1.21/identity/v3/users 0.123s
2025-02-12 05:39:42.240 63076 INFO tempest.lib.common.rest_client [req-801bbd73-bb08-474e-bbe6-d200857e45f1 req-801bbd73-bb08-474e-bbe6-d200857e45f1 ] Request (TenantUsagesTestJSON:setUpClass): 200 GET http://10.180.1.21/identity/v3/roles 0.073s
2025-02-12 05:39:42.263 63082 INFO tempest.lib.common.rest_client [req-5c73e846-2204-4213-93e3-3e9231b49cc2 req-5c73e846-2204-4213-93e3-3e9231b49cc2 ] Request (HypervisorAdminTestJSON:setUpClass): 200 GET http://10.180.1.21/identity/v3/roles 0.042s
2025-02-12 05:39:42.287 63076 INFO tempest.lib.common.rest_client [req-4536da44-11fb-4ad9-b0c6-0931cd39cf2b req-4536da44-11fb-4ad9-b0c6-0931cd39cf2b ] Request (TenantUsagesTestJSON:setUpClass): 204 PUT http://10.180.1.21/identity/v3/projects/5c1adb76b3ce4c41a2c91e4587dcf966/users/9a681e7629de491285af2b6b97aad091/roles/91044118a5904b4b85ce05bc84ac4b9d 0.046s
2025-02-12 05:39:42.288 63076 INFO tempest.lib.common.dynamic_creds [-] Dynamic test user 9a681e7629de491285af2b6b97aad091 is created with scope project and roles: ['admin']
2025-02-12 05:39:42.288 63076 INFO tempest.lib.common.dynamic_creds [-] Acquired dynamic creds: credentials: Credentials: {'domain_id': 'default', 'domain_name': 'Default', 'username': 'tempest-TenantUsagesTestJSON-935404063-project-admin', 'project_domain_id': 'default', 'project_domain_name': 'Default', 'project_id': '5c1adb76b3ce4c41a2c91e4587dcf966', 'project_name': 'tempest-TenantUsagesTestJSON-935404063', 'tenant_id': '5c1adb76b3ce4c41a2c91e4587dcf966', 'tenant_name': 'tempest-TenantUsagesTestJSON-935404063', 'user_domain_id': 'default', 'user_domain_name': 'Default', 'user_id': '9a681e7629de491285af2b6b97aad091', 'system': None}, Network: None, Subnet: None, Router: None
2025-02-12 05:39:42.288 63076 INFO tempest.lib.common.dynamic_creds [-] Created isolated network resources for: credentials: Credentials: {'domain_id': 'default', 'domain_name': 'Default', 'username': 'tempest-TenantUsagesTestJSON-935404063-project-admin', 'project_domain_id': 'default', 'project_domain_name': 'Default', 'project_id': '5c1adb76b3ce4c41a2c91e4587dcf966', 'project_name': 'tempest-TenantUsagesTestJSON-935404063', 'tenant_id': '5c1adb76b3ce4c41a2c91e4587dcf966', 'tenant_name': 'tempest-TenantUsagesTestJSON-935404063', 'user_domain_id': 'default', 'user_domain_name': 'Default', 'user_id': '9a681e7629de491285af2b6b97aad091', 'system': None}, Network: None, Subnet: None, Router: None
2025-02-12 05:39:42.343 63082 INFO tempest.lib.common.rest_client [req-86ef29a0-bf30-4dc4-bdae-0faf56c1db00 req-86ef29a0-bf30-4dc4-bdae-0faf56c1db00 ] Request (HypervisorAdminTestJSON:setUpClass): 204 PUT http://10.180.1.21/identity/v3/projects/99f894b9ff914be8b9b38ccbd8f08c9d/users/43ef62cc04ac4dccb3a336b0b9d51f8b/roles/a8a8ba553e5f46fca3c47abcbf7f7e6f 0.078s
2025-02-12 05:39:42.343 63082 INFO tempest.lib.common.dynamic_creds [-] Dynamic test user 43ef62cc04ac4dccb3a336b0b9d51f8b is created with scope project and roles: ['member']
2025-02-12 05:39:42.343 63082 INFO tempest.lib.common.dynamic_creds [-] Acquired dynamic creds: credentials: Credentials: {'domain_id': 'default', 'domain_name': 'Default', 'username': 'tempest-HypervisorAdminTestJSON-863988715-project-member', 'project_domain_id': 'default', 'project_domain_name': 'Default', 'project_id': '99f894b9ff914be8b9b38ccbd8f08c9d', 'project_name': 'tempest-HypervisorAdminTestJSON-863988715', 'tenant_id': '99f894b9ff914be8b9b38ccbd8f08c9d', 'tenant_name': 'tempest-HypervisorAdminTestJSON-863988715', 'user_domain_id': 'default', 'user_domain_name': 'Default', 'user_id': '43ef62cc04ac4dccb3a336b0b9d51f8b', 'system': None}, Network: None, Subnet: None, Router: None
2025-02-12 05:39:42.343 63082 INFO tempest.lib.common.dynamic_creds [-] Created isolated network resources for: credentials: Credentials: {'domain_id': 'default', 'domain_name': 'Default', 'username': 'tempest-HypervisorAdminTestJSON-863988715-project-member', 'project_domain_id': 'default', 'project_domain_name': 'Default', 'project_id': '99f894b9ff914be8b9b38ccbd8f08c9d', 'project_name': 'tempest-HypervisorAdminTestJSON-863988715', 'tenant_id': '99f894b9ff914be8b9b38ccbd8f08c9d', 'tenant_name': 'tempest-HypervisorAdminTestJSON-863988715', 'user_domain_id': 'default', 'user_domain_name': 'Default', 'user_id': '43ef62cc04ac4dccb3a336b0b9d51f8b', 'system': None}, Network: None, Subnet: None, Router: None
2025-02-12 05:39:42.378 63114 INFO tempest.lib.common.rest_client [req-26cea73b-907d-4c43-9c59-57bba586ba9b req-26cea73b-907d-4c43-9c59-57bba586ba9b ] Request (FloatingIPsTestJSON:tearDownClass): 204 DELETE http://10.180.1.21:9696/networking/v2.0/routers/35e3c73a-d4bb-40d0-9814-3fbc2c5b5f79 0.495s
2025-02-12 05:39:42.401 63076 INFO tempest.lib.common.rest_client [req-276bc3ff-5a45-468f-91dc-594587050597 req-276bc3ff-5a45-468f-91dc-594587050597 ] Request (TenantUsagesTestJSON:setUpClass): 201 POST http://10.180.1.21/identity/v3/auth/tokens 0.109s
2025-02-12 05:39:42.412 63082 INFO tempest.lib.common.rest_client [req-af0cfae5-80cb-438c-aade-71d161586359 req-af0cfae5-80cb-438c-aade-71d161586359 ] Request (HypervisorAdminTestJSON:setUpClass): 201 POST http://10.180.1.21/identity/v3/auth/tokens 0.065s
2025-02-12 05:39:42.418 63128 INFO tempest.lib.common.rest_client [req-158267eb-c7a6-4bc9-bd8b-b68116751e4b req-158267eb-c7a6-4bc9-bd8b-b68116751e4b ] Request (FlavorsV255TestJSON:tearDownClass): 200 GET http://10.180.1.21:9696/networking/v2.0/security-groups?tenant_id=367b98c05b46492ea7635ec0b39e60eb&name=default 0.259s
2025-02-12 05:39:42.428 63080 INFO tempest.lib.common.rest_client [req-2d818355-898d-4bd1-8b00-23703fd3dc99 req-2d818355-898d-4bd1-8b00-23703fd3dc99 ] Request (DeleteServersAdminTestJSON:test_admin_delete_servers_of_others): 204 DELETE http://10.180.1.21/compute/v2.1/servers/3dc51346-02bd-4533-a39e-efa198c38248 2.475s
2025-02-12 05:39:42.467 63076 INFO tempest.lib.common.rest_client [req-5805930e-9b4b-489e-ab19-4bd64402771f req-5805930e-9b4b-489e-ab19-4bd64402771f ] Request (TenantUsagesTestJSON:setUpClass): 201 POST http://10.180.1.21/identity/v3/auth/tokens 0.060s
2025-02-12 05:39:42.468 63076 INFO tempest.lib.common.fixed_network [-] (TenantUsagesTestJSON:setUpClass) Found network None available for tenant
2025-02-12 05:39:42.469 63082 INFO tempest.lib.common.rest_client [req-7cf26740-d7e1-43c2-b842-00838326ad8a req-7cf26740-d7e1-43c2-b842-00838326ad8a ] Request (HypervisorAdminTestJSON:setUpClass): 201 POST http://10.180.1.21/identity/v3/projects 0.056s
2025-02-12 05:39:42.534 63082 INFO tempest.lib.common.rest_client [req-6f24a181-b256-4be0-965d-7990c5ecd525 req-6f24a181-b256-4be0-965d-7990c5ecd525 ] Request (HypervisorAdminTestJSON:setUpClass): 201 POST http://10.180.1.21/identity/v3/users 0.064s
2025-02-12 05:39:42.563 63082 INFO tempest.lib.common.rest_client [req-a7703af8-557e-4c6f-9a45-c55603cb0bb0 req-a7703af8-557e-4c6f-9a45-c55603cb0bb0 ] Request (HypervisorAdminTestJSON:setUpClass): 200 GET http://10.180.1.21/identity/v3/roles 0.028s
2025-02-12 05:39:42.566 63128 INFO tempest.lib.common.rest_client [req-ce876a46-675d-4d3b-8e73-9fcfc262000f req-ce876a46-675d-4d3b-8e73-9fcfc262000f ] Request (FlavorsV255TestJSON:tearDownClass): 204 DELETE http://10.180.1.21:9696/networking/v2.0/security-groups/ce62d554-a466-4088-b576-16ef45dc708e 0.148s
2025-02-12 05:39:42.576 63114 INFO tempest.lib.common.rest_client [req-c64a4df3-af7c-4740-b2d2-2c580abd716b req-c64a4df3-af7c-4740-b2d2-2c580abd716b ] Request (FloatingIPsTestJSON:tearDownClass): 204 DELETE http://10.180.1.21:9696/networking/v2.0/subnets/58f74b1a-ba09-44bb-beac-9943617f10d8 0.197s
2025-02-12 05:39:42.593 63082 INFO tempest.lib.common.rest_client [req-339ed509-2791-4dfe-8a35-59a33211a062 req-339ed509-2791-4dfe-8a35-59a33211a062 ] Request (HypervisorAdminTestJSON:setUpClass): 204 PUT http://10.180.1.21/identity/v3/projects/b15c1dffb53c4262b058ed616ef83d08/users/f74c9a8127cd42b8bef82bbba377ad1a/roles/91044118a5904b4b85ce05bc84ac4b9d 0.030s
2025-02-12 05:39:42.633 63128 INFO tempest.lib.common.rest_client [req-1d5341b2-d6e3-4de2-bf16-42949cc25e9d req-1d5341b2-d6e3-4de2-bf16-42949cc25e9d ] Request (FlavorsV255TestJSON:tearDownClass): 204 DELETE http://10.180.1.21/identity/v3/projects/367b98c05b46492ea7635ec0b39e60eb 0.066s
2025-02-12 05:39:42.633 63128 INFO tempest.lib.common.dynamic_creds [-] Deleting project and security group for project: 70d87a1438fb4c4eb22dc7d659f19311
2025-02-12 05:39:42.655 63100 INFO tempest.lib.common.rest_client [req-da071f11-312b-4aa3-a7d5-8ab2b369e987 req-da071f11-312b-4aa3-a7d5-8ab2b369e987 ] Request (SecurityGroupRulesTestJSON:test_security_group_rules_list): 200 POST http://10.180.1.21/compute/v2.1/os-security-groups 2.578s
2025-02-12 05:39:42.684 63082 INFO tempest.lib.common.rest_client [req-f90603cb-5edb-4905-ac4f-ec6a9a2c9703 req-f90603cb-5edb-4905-ac4f-ec6a9a2c9703 ] Request (HypervisorAdminTestJSON:setUpClass): 200 GET http://10.180.1.21/identity/v3/roles 0.091s
2025-02-12 05:39:42.689 63110 INFO tempest.lib.common.rest_client [req-1c69792f-8610-490b-af45-f0c0db6dd3fb req-1c69792f-8610-490b-af45-f0c0db6dd3fb ] Request (FlavorsAccessNegativeTestJSON:_run_cleanups): 200 GET http://10.180.1.21/compute/v2.1/flavors/detail 2.594s
2025-02-12 05:39:42.712 63082 INFO tempest.lib.common.rest_client [req-6ea0e844-a0d3-4741-9232-be2a9cbd8e8f req-6ea0e844-a0d3-4741-9232-be2a9cbd8e8f ] Request (HypervisorAdminTestJSON:setUpClass): 204 PUT http://10.180.1.21/identity/v3/projects/b15c1dffb53c4262b058ed616ef83d08/users/f74c9a8127cd42b8bef82bbba377ad1a/roles/91044118a5904b4b85ce05bc84ac4b9d 0.027s
2025-02-12 05:39:42.712 63082 INFO tempest.lib.common.dynamic_creds [-] Dynamic test user f74c9a8127cd42b8bef82bbba377ad1a is created with scope project and roles: ['admin']
2025-02-12 05:39:42.712 63082 INFO tempest.lib.common.dynamic_creds [-] Acquired dynamic creds: credentials: Credentials: {'domain_id': 'default', 'domain_name': 'Default', 'username': 'tempest-HypervisorAdminTestJSON-2084666089-project-admin', 'project_domain_id': 'default', 'project_domain_name': 'Default', 'project_id': 'b15c1dffb53c4262b058ed616ef83d08', 'project_name': 'tempest-HypervisorAdminTestJSON-2084666089', 'tenant_id': 'b15c1dffb53c4262b058ed616ef83d08', 'tenant_name': 'tempest-HypervisorAdminTestJSON-2084666089', 'user_domain_id': 'default', 'user_domain_name': 'Default', 'user_id': 'f74c9a8127cd42b8bef82bbba377ad1a', 'system': None}, Network: None, Subnet: None, Router: None
2025-02-12 05:39:42.713 63082 INFO tempest.lib.common.dynamic_creds [-] Created isolated network resources for: credentials: Credentials: {'domain_id': 'default', 'domain_name': 'Default', 'username': 'tempest-HypervisorAdminTestJSON-2084666089-project-admin', 'project_domain_id': 'default', 'project_domain_name': 'Default', 'project_id': 'b15c1dffb53c4262b058ed616ef83d08', 'project_name': 'tempest-HypervisorAdminTestJSON-2084666089', 'tenant_id': 'b15c1dffb53c4262b058ed616ef83d08', 'tenant_name': 'tempest-HypervisorAdminTestJSON-2084666089', 'user_domain_id': 'default', 'user_domain_name': 'Default', 'user_id': 'f74c9a8127cd42b8bef82bbba377ad1a', 'system': None}, Network: None, Subnet: None, Router: None
2025-02-12 05:39:42.778 63128 INFO tempest.lib.common.rest_client [req-9c31b9f9-c8f8-4bd1-ba95-cdf3cd5fd55e req-9c31b9f9-c8f8-4bd1-ba95-cdf3cd5fd55e ] Request (FlavorsV255TestJSON:tearDownClass): 200 GET http://10.180.1.21:9696/networking/v2.0/security-groups?tenant_id=70d87a1438fb4c4eb22dc7d659f19311&name=default 0.145s
2025-02-12 05:39:42.797 63082 INFO tempest.lib.common.rest_client [req-d31e6550-5bf9-4a6b-9d0d-7ee48d51c5f6 req-d31e6550-5bf9-4a6b-9d0d-7ee48d51c5f6 ] Request (HypervisorAdminTestJSON:setUpClass): 201 POST http://10.180.1.21/identity/v3/auth/tokens 0.080s
2025-02-12 05:39:42.923 63098 INFO tempest.lib.common.rest_client [req-b2010359-2231-46b8-88f9-a26daffb9f51 req-b2010359-2231-46b8-88f9-a26daffb9f51 ] Request (QuotasAdminTestV257:test_get_updated_quotas): 200 PUT http://10.180.1.21/compute/v2.1/os-quota-sets/6d6756cf937542c69a84ca6b7eb8689e 2.668s
2025-02-12 05:39:42.947 63122 INFO tempest.lib.common.rest_client [req-aad2f28b-b892-4738-9f29-fd0d1b3f0460 req-aad2f28b-b892-4738-9f29-fd0d1b3f0460 ] Request (AggregatesAdminNegativeTestJSON:test_aggregate_add_non_exist_host): 404 POST http://10.180.1.21/compute/v2.1/os-aggregates/3/action 2.491s
2025-02-12 05:39:42.971 63112 INFO tempest.lib.common.rest_client [req-46c92ea3-3a03-4daa-ac71-9f6285c4e0d6 req-46c92ea3-3a03-4daa-ac71-9f6285c4e0d6 ] Request (FlavorsAdminTestJSON:test_create_flavor_with_none_id): 200 POST http://10.180.1.21/compute/v2.1/flavors 2.487s
2025-02-12 05:39:43.007 63128 INFO tempest.lib.common.rest_client [req-aa4d09de-2af6-4ec5-9225-bcbfb0c1dd01 req-aa4d09de-2af6-4ec5-9225-bcbfb0c1dd01 ] Request (FlavorsV255TestJSON:tearDownClass): 204 DELETE http://10.180.1.21:9696/networking/v2.0/security-groups/9daf5dd1-7978-4b45-86df-7a8ae40faa92 0.227s
2025-02-12 05:39:43.049 63114 INFO tempest.lib.common.rest_client [req-7d14ed4e-6757-4898-8715-8b6c5f53446f req-7d14ed4e-6757-4898-8715-8b6c5f53446f ] Request (FloatingIPsTestJSON:tearDownClass): 204 DELETE http://10.180.1.21:9696/networking/v2.0/networks/aebc21fb-1b96-4073-b91a-f2f6a4c92a45 0.473s
2025-02-12 05:39:43.160 63102 INFO tempest.lib.common.rest_client [req-1811e49b-4537-47f6-86d1-ec02f88db39c req-1811e49b-4537-47f6-86d1-ec02f88db39c ] Request (ImagesOneServerTestJSON:setUpClass): 200 GET http://10.180.1.21/compute/v2.1/servers/d239075a-b9ac-4739-8257-2ffc01630af5 2.664s
2025-02-12 05:39:43.164 63128 INFO tempest.lib.common.rest_client [req-6ea82e29-e6bd-450f-9edf-ba6dabe2b230 req-6ea82e29-e6bd-450f-9edf-ba6dabe2b230 ] Request (FlavorsV255TestJSON:tearDownClass): 204 DELETE http://10.180.1.21/identity/v3/projects/70d87a1438fb4c4eb22dc7d659f19311 0.156s
2025-02-12 05:39:43.174 63114 INFO tempest.lib.common.rest_client [req-7de7addb-720a-4b4a-8160-8e40739eab37 req-7de7addb-720a-4b4a-8160-8e40739eab37 ] Request (FloatingIPsTestJSON:tearDownClass): 204 DELETE http://10.180.1.21/identity/v3/users/a37931deebeb42528e81e916d747028f 0.124s
2025-02-12 05:39:43.174 63114 INFO tempest.lib.common.dynamic_creds [-] Deleting project and security group for project: 4c7ea1ed00d54502980b004ec1c01575
2025-02-12 05:39:43.236 63096 INFO tempest.lib.common.rest_client [req-270a1a66-739e-480f-bf4d-11656731dd6d req-270a1a66-739e-480f-bf4d-11656731dd6d ] Request (SecurityGroupsTestAdminJSON:test_list_security_groups_list_all_tenants_filter): 200 GET http://10.180.1.21/compute/v2.1/os-security-groups?all_tenants=true 4.271s
2025-02-12 05:39:43.248 63104 INFO tempest.lib.common.rest_client [req-9ed1b609-78af-40cc-a51f-b5a1fb0a8d5c req-9ed1b609-78af-40cc-a51f-b5a1fb0a8d5c ] Request (VolumesAssistedSnapshotsTest:test_volume_assisted_snapshot_create_delete): 200 GET http://10.180.1.21/compute/v2.1/servers/ca18ec1c-bb74-4b66-9211-e62244ced588 2.646s
2025-02-12 05:39:43.248 63114 INFO tempest.lib.common.rest_client [req-23d85c3e-e251-4686-aa29-65fc6adb7582 req-23d85c3e-e251-4686-aa29-65fc6adb7582 ] Request (FloatingIPsTestJSON:tearDownClass): 200 GET http://10.180.1.21:9696/networking/v2.0/security-groups?tenant_id=4c7ea1ed00d54502980b004ec1c01575&name=default 0.074s
2025-02-12 05:39:43.254 63128 INFO tempest.lib.common.rest_client [req-74f3b1e7-98b2-477f-a18f-777fb207cb8f req-74f3b1e7-98b2-477f-a18f-777fb207cb8f ] Request (ServersTestJSON:setUpClass): 201 POST http://10.180.1.21/identity/v3/auth/tokens 0.088s
2025-02-12 05:39:43.293 63128 INFO tempest.lib.common.rest_client [req-856ea457-682d-439e-bf9b-e18dcb265557 req-856ea457-682d-439e-bf9b-e18dcb265557 ] Request (ServersTestJSON:setUpClass): 201 POST http://10.180.1.21/identity/v3/auth/tokens 0.037s
2025-02-12 05:39:43.327 63128 INFO tempest.lib.common.rest_client [req-2b8db988-e99d-4352-af82-575f9df6254f req-2b8db988-e99d-4352-af82-575f9df6254f ] Request (ServersTestJSON:setUpClass): 200 GET http://10.180.1.21/identity/v3/domains?name=Default 0.034s
2025-02-12 05:39:43.373 63128 INFO tempest.lib.common.rest_client [req-51c8331e-92ce-47b7-a1fe-e9292216b099 req-51c8331e-92ce-47b7-a1fe-e9292216b099 ] Request (ServersTestJSON:setUpClass): 201 POST http://10.180.1.21/identity/v3/projects 0.045s
2025-02-12 05:39:43.389 63114 INFO tempest.lib.common.rest_client [req-c0e571da-6250-473b-99ac-6ad5007c6faa req-c0e571da-6250-473b-99ac-6ad5007c6faa ] Request (FloatingIPsTestJSON:tearDownClass): 204 DELETE http://10.180.1.21:9696/networking/v2.0/security-groups/30657928-3060-4016-b2c3-bfa0a876e101 0.140s
2025-02-12 05:39:43.408 63106 INFO tempest.lib.common.rest_client [req-45641f40-3dec-4893-a77c-70614aa91879 req-45641f40-3dec-4893-a77c-70614aa91879 ] Request (ServersAdminTestJSON:setUpClass): 200 GET http://10.180.1.21/compute/v2.1/servers/f1bc3427-c0dd-4920-9e11-37f3f5033782 2.716s
2025-02-12 05:39:43.421 63106 INFO tempest.common.waiters [-] State transition "BUILD/None" ==> "BUILD/block_device_mapping" after 9 second wait
2025-02-12 05:39:43.424 63084 INFO tempest.lib.common.rest_client [req-942a3988-a63d-44db-ac36-97148c26dae1 req-942a3988-a63d-44db-ac36-97148c26dae1 ] Request (ServerDiagnosticsNegativeTest:tearDownClass): 200 GET http://10.180.1.21/compute/v2.1/servers/7dba7ad9-a0a5-49cf-89af-68e1d9ec751e 2.802s
2025-02-12 05:39:43.472 63092 INFO tempest.lib.common.rest_client [req-c9f97650-5887-4fc0-b14d-c3dd0f742f12 req-c9f97650-5887-4fc0-b14d-c3dd0f742f12 ] Request (ServerActionsTestOtherB:setUpClass): 200 GET http://10.180.1.21/compute/v2.1/servers/91680ef3-237d-486e-b7d2-ee8aab383eb4 2.710s
2025-02-12 05:39:43.473 63128 INFO tempest.lib.common.rest_client [req-a2514f38-a7d2-4360-b55c-86cd340a274e req-a2514f38-a7d2-4360-b55c-86cd340a274e ] Request (ServersTestJSON:setUpClass): 201 POST http://10.180.1.21/identity/v3/users 0.100s
2025-02-12 05:39:43.480 63092 INFO tempest.common.waiters [-] State transition "BUILD/scheduling" ==> "BUILD/None" after 4 second wait
2025-02-12 05:39:43.497 63128 INFO tempest.lib.common.rest_client [req-e23620e6-b6a7-4bc9-9fe4-5e950327c1b9 req-e23620e6-b6a7-4bc9-9fe4-5e950327c1b9 ] Request (ServersTestJSON:setUpClass): 200 GET http://10.180.1.21/identity/v3/roles 0.023s
2025-02-12 05:39:43.498 63130 INFO tempest.lib.common.rest_client [req-40495287-42c0-4aa8-ac10-0d060e27646a req-40495287-42c0-4aa8-ac10-0d060e27646a ] Request (FloatingIPsAssociationNegativeTestJSON:setUpClass): 200 GET http://10.180.1.21/compute/v2.1/servers/cb68aa07-da34-4080-a33c-5746ac4ab4bd 2.647s
2025-02-12 05:39:43.553 63114 INFO tempest.lib.common.rest_client [req-a6147253-5de4-4bb4-8989-443bcb33af03 req-a6147253-5de4-4bb4-8989-443bcb33af03 ] Request (FloatingIPsTestJSON:tearDownClass): 204 DELETE http://10.180.1.21/identity/v3/projects/4c7ea1ed00d54502980b004ec1c01575 0.163s
2025-02-12 05:39:43.576 63128 INFO tempest.lib.common.rest_client [req-3070b6d7-0336-4740-befd-ae828abb2b29 req-3070b6d7-0336-4740-befd-ae828abb2b29 ] Request (ServersTestJSON:setUpClass): 204 PUT http://10.180.1.21/identity/v3/projects/cc94b8481af54342a208176b5a4ae02f/users/1f30b14503df4054ad56ccda7fc422c9/roles/a8a8ba553e5f46fca3c47abcbf7f7e6f 0.078s
2025-02-12 05:39:43.577 63128 INFO tempest.lib.common.dynamic_creds [-] Dynamic test user 1f30b14503df4054ad56ccda7fc422c9 is created with scope project and roles: ['member']
2025-02-12 05:39:43.577 63128 INFO tempest.lib.common.dynamic_creds [-] Acquired dynamic creds: credentials: Credentials: {'domain_id': 'default', 'domain_name': 'Default', 'username': 'tempest-ServersTestJSON-1462567249-project-member', 'project_domain_id': 'default', 'project_domain_name': 'Default', 'project_id': 'cc94b8481af54342a208176b5a4ae02f', 'project_name': 'tempest-ServersTestJSON-1462567249', 'tenant_id': 'cc94b8481af54342a208176b5a4ae02f', 'tenant_name': 'tempest-ServersTestJSON-1462567249', 'user_domain_id': 'default', 'user_domain_name': 'Default', 'user_id': '1f30b14503df4054ad56ccda7fc422c9', 'system': None}, Network: None, Subnet: None, Router: None
2025-02-12 05:39:43.580 63086 INFO tempest.lib.common.rest_client [req-2f29321b-5baa-46b5-911d-5bf4e8dddc3f req-2f29321b-5baa-46b5-911d-5bf4e8dddc3f ] Request (InstanceActionsTestJSON:setUpClass): 200 GET http://10.180.1.21/compute/v2.1/servers/2e38f6ab-1536-4c20-a9b4-8ef5a82a7510 2.649s
2025-02-12 05:39:43.590 63086 INFO tempest.common.waiters [-] State transition "BUILD/scheduling" ==> "BUILD/None" after 4 second wait
2025-02-12 05:39:43.622 63114 INFO tempest.lib.common.rest_client [req-7e21d24c-753b-4737-9849-3facde5cb953 req-7e21d24c-753b-4737-9849-3facde5cb953 ] Request (KeyPairsV2TestJSON:setUpClass): 201 POST http://10.180.1.21/identity/v3/auth/tokens 0.067s
2025-02-12 05:39:43.638 63132 INFO tempest.lib.common.rest_client [req-f7955c4f-3396-4de0-9a40-148e059847d9 req-f7955c4f-3396-4de0-9a40-148e059847d9 ] Request (VolumesAdminNegativeTest:test_update_attached_volume_with_nonexistent_volume_in_body): 200 GET http://10.180.1.21/compute/v2.1/servers/a9681cb7-3590-4d93-a0f8-e2cd9a09a08f 2.280s
2025-02-12 05:39:43.640 63128 INFO tempest.lib.common.rest_client [req-8809fad9-ffb4-4ba6-95b9-cb33f673e5f2 req-8809fad9-ffb4-4ba6-95b9-cb33f673e5f2 ] Request (ServersTestJSON:setUpClass): 201 POST http://10.180.1.21/identity/v3/auth/tokens 0.063s
2025-02-12 05:39:43.694 63114 INFO tempest.lib.common.rest_client [req-47fc8e55-da95-4820-9081-cb297ddc0ce9 req-47fc8e55-da95-4820-9081-cb297ddc0ce9 ] Request (KeyPairsV2TestJSON:setUpClass): 201 POST http://10.180.1.21/identity/v3/auth/tokens 0.026s
2025-02-12 05:39:43.704 63126 INFO tempest.lib.common.rest_client [req-c362e387-92e9-4ec3-8516-586877c5a64b req-c362e387-92e9-4ec3-8516-586877c5a64b ] Request (ServerShowV254Test:test_rebuild_server): 200 GET http://10.180.1.21/compute/v2.1/servers/e920fe9e-5db7-4133-8ebf-db3b14426593 2.262s
2025-02-12 05:39:43.714 63126 INFO tempest.common.waiters [-] State transition "REBUILD/rebuilding" ==> "REBUILD/rebuild_spawning" after 3 second wait
2025-02-12 05:39:43.718 63114 INFO tempest.lib.common.rest_client [req-15fdea57-8c72-4b35-99ec-b49135306f01 req-15fdea57-8c72-4b35-99ec-b49135306f01 ] Request (KeyPairsV2TestJSON:setUpClass): 200 GET http://10.180.1.21/identity/v3/domains?name=Default 0.023s
2025-02-12 05:39:43.743 63114 INFO tempest.lib.common.rest_client [req-ad5b8566-7f60-4fb5-aed7-096cc79629dd req-ad5b8566-7f60-4fb5-aed7-096cc79629dd ] Request (KeyPairsV2TestJSON:setUpClass): 201 POST http://10.180.1.21/identity/v3/projects 0.025s
2025-02-12 05:39:43.803 63114 INFO tempest.lib.common.rest_client [req-3269d320-a52d-48c1-b597-1405a7a36fc6 req-3269d320-a52d-48c1-b597-1405a7a36fc6 ] Request (KeyPairsV2TestJSON:setUpClass): 201 POST http://10.180.1.21/identity/v3/users 0.059s
2025-02-12 05:39:43.825 63114 INFO tempest.lib.common.rest_client [req-79f65170-d8b2-4219-aff5-39493d53d006 req-79f65170-d8b2-4219-aff5-39493d53d006 ] Request (KeyPairsV2TestJSON:setUpClass): 200 GET http://10.180.1.21/identity/v3/roles 0.021s
2025-02-12 05:39:43.860 63114 INFO tempest.lib.common.rest_client [req-fbb9ee3e-b5a6-48a3-a3aa-d2ef02a52e42 req-fbb9ee3e-b5a6-48a3-a3aa-d2ef02a52e42 ] Request (KeyPairsV2TestJSON:setUpClass): 204 PUT http://10.180.1.21/identity/v3/projects/6db33197e2c043bfaf616447c565d957/users/20bf902f081b44bc9c22e5a8cf2b6d4f/roles/a8a8ba553e5f46fca3c47abcbf7f7e6f 0.034s
2025-02-12 05:39:43.860 63114 INFO tempest.lib.common.dynamic_creds [-] Dynamic test user 20bf902f081b44bc9c22e5a8cf2b6d4f is created with scope project and roles: ['member']
2025-02-12 05:39:43.860 63114 INFO tempest.lib.common.dynamic_creds [-] Acquired dynamic creds: credentials: Credentials: {'domain_id': 'default', 'domain_name': 'Default', 'username': 'tempest-KeyPairsV2TestJSON-1601050302-project-member', 'project_domain_id': 'default', 'project_domain_name': 'Default', 'project_id': '6db33197e2c043bfaf616447c565d957', 'project_name': 'tempest-KeyPairsV2TestJSON-1601050302', 'tenant_id': '6db33197e2c043bfaf616447c565d957', 'tenant_name': 'tempest-KeyPairsV2TestJSON-1601050302', 'user_domain_id': 'default', 'user_domain_name': 'Default', 'user_id': '20bf902f081b44bc9c22e5a8cf2b6d4f', 'system': None}, Network: None, Subnet: None, Router: None
2025-02-12 05:39:43.860 63114 INFO tempest.lib.common.dynamic_creds [-] Created isolated network resources for: credentials: Credentials: {'domain_id': 'default', 'domain_name': 'Default', 'username': 'tempest-KeyPairsV2TestJSON-1601050302-project-member', 'project_domain_id': 'default', 'project_domain_name': 'Default', 'project_id': '6db33197e2c043bfaf616447c565d957', 'project_name': 'tempest-KeyPairsV2TestJSON-1601050302', 'tenant_id': '6db33197e2c043bfaf616447c565d957', 'tenant_name': 'tempest-KeyPairsV2TestJSON-1601050302', 'user_domain_id': 'default', 'user_domain_name': 'Default', 'user_id': '20bf902f081b44bc9c22e5a8cf2b6d4f', 'system': None}, Network: None, Subnet: None, Router: None
2025-02-12 05:39:43.866 63128 INFO tempest.lib.common.rest_client [req-32985109-e9a1-4d81-984a-7e087dbb6602 req-32985109-e9a1-4d81-984a-7e087dbb6602 ] Request (ServersTestJSON:setUpClass): 201 POST http://10.180.1.21:9696/networking/v2.0/networks 0.225s
2025-02-12 05:39:43.915 63090 INFO tempest.lib.common.rest_client [req-ec8b34c8-f938-44c3-a7de-bb7719f112e0 req-ec8b34c8-f938-44c3-a7de-bb7719f112e0 ] Request (ServersWithSpecificFlavorTestJSON:test_verify_created_server_ephemeral_disk): 202 POST http://10.180.1.21/compute/v2.1/servers 2.983s
2025-02-12 05:39:43.954 63114 INFO tempest.lib.common.rest_client [req-bf7421ce-7516-4d9b-970b-4d12192a1135 req-bf7421ce-7516-4d9b-970b-4d12192a1135 ] Request (KeyPairsV2TestJSON:setUpClass): 201 POST http://10.180.1.21/identity/v3/auth/tokens 0.091s
2025-02-12 05:39:44.030 63120 INFO tempest.lib.common.rest_client [req-3955eee0-98fb-41c4-87cb-7946c70222ff req-3955eee0-98fb-41c4-87cb-7946c70222ff ] Request (FlavorsV2TestJSON:test_get_flavor): 200 GET http://10.180.1.21/compute/v2.1/flavors/42 2.438s
2025-02-12 05:39:44.054 63134 INFO tempest.lib.common.rest_client [req-ce60b922-060d-42f0-9457-b6fdc3646c13 req-ce60b922-060d-42f0-9457-b6fdc3646c13 ] Request (FlavorsAccessTestJSON:_run_cleanups): 200 GET http://10.180.1.21/compute/v2.1/flavors/detail 2.449s
2025-02-12 05:39:44.127 63074 INFO tempest.lib.common.rest_client [req-48307a1d-c954-4235-92ae-36b52ca92a12 req-48307a1d-c954-4235-92ae-36b52ca92a12 ] Request (InstanceActionsV221TestJSON:test_get_list_deleted_instance_actions): 200 GET http://10.180.1.21/compute/v2.1/servers/2043f3d8-7f16-4faa-9ed5-54465084c340 2.401s
2025-02-12 05:39:44.144 63128 INFO tempest.lib.common.rest_client [req-af649193-38a7-4215-8230-6c5e256a56ee req-af649193-38a7-4215-8230-6c5e256a56ee ] Request (ServersTestJSON:setUpClass): 201 POST http://10.180.1.21:9696/networking/v2.0/subnets 0.278s
