2025-02-12 05:40:03.144 63100 INFO tempest.lib.common.dynamic_creds [-] Deleting project and security group for project: 66441b2a00134f49baca67dfa222dc40
2025-02-12 05:40:03.175 63100 INFO tempest.lib.common.rest_client [req-56f21871-66e8-4d13-9f88-585830afb8c5 req-56f21871-66e8-4d13-9f88-585830afb8c5 ] Request (SecurityGroupRulesTestJSON:tearDownClass): 200 GET http://10.180.1.21:9696/networking/v2.0/security-groups?tenant_id=66441b2a00134f49baca67dfa222dc40&name=default 0.031s
2025-02-12 05:40:03.319 63096 INFO tempest.lib.common.rest_client [req-b2a3f5cc-025b-4dfa-842a-ba7b6908b94a req-b2a3f5cc-025b-4dfa-842a-ba7b6908b94a ] Request (ListImageFiltersTestJSON:setUpClass): 201 POST http://10.180.1.21/image/v2/images 0.484s
2025-02-12 05:40:03.350 63100 INFO tempest.lib.common.rest_client [req-e3ebd192-1929-4b85-8ded-539cd157f310 req-e3ebd192-1929-4b85-8ded-539cd157f310 ] Request (SecurityGroupRulesTestJSON:tearDownClass): 204 DELETE http://10.180.1.21:9696/networking/v2.0/security-groups/979c0d03-323c-4ef7-8780-d2c56644bec6 0.174s
2025-02-12 05:40:03.383 63124 INFO tempest.lib.common.rest_client [req-f03c1310-0ad0-463a-90fc-04852cacd3aa req-f03c1310-0ad0-463a-90fc-04852cacd3aa ] Request (ServersAdmin275Test:test_rebuild_update_server_275): 202 POST http://10.180.1.21/compute/v2.1/servers/a66775a2-de48-43b7-b71e-e3879dd77889/action 1.116s
2025-02-12 05:40:03.384 63110 INFO tempest.lib.common.rest_client [req-cb22bda0-737a-4199-bfd0-e09b8348509c req-cb22bda0-737a-4199-bfd0-e09b8348509c ] Request (FlavorsAccessNegativeTestJSON:tearDownClass): 200 GET http://10.180.1.21:9696/networking/v2.0/security-groups?tenant_id=4ec4591f358e492b85a994ce7bc35aaf&name=default 0.496s
2025-02-12 05:40:03.402 63108 INFO tempest.lib.common.rest_client [req-1b818f3c-6a9c-40b1-9b01-2ce2ff573e74 req-1b818f3c-6a9c-40b1-9b01-2ce2ff573e74 ] Request (ServerGroupTestJSON:test_create_delete_multiple_server_groups_with_same_name_policy): 200 GET http://10.180.1.21/compute/v2.1/os-server-groups 1.123s
2025-02-12 05:40:03.433 63098 INFO tempest.lib.common.rest_client [req-eb670f5f-e90d-412f-93ca-965bd0c363f9 req-eb670f5f-e90d-412f-93ca-965bd0c363f9 ] Request (ServicesAdminNegativeV253TestJSON:test_get_service_with_valid_service_and_invalid_host): 200 GET http://10.180.1.21/compute/v2.1/os-services 1.129s
2025-02-12 05:40:03.498 63100 INFO tempest.lib.common.rest_client [req-079fcb8a-0051-4cb0-88f3-3f56d3640671 req-079fcb8a-0051-4cb0-88f3-3f56d3640671 ] Request (SecurityGroupRulesTestJSON:tearDownClass): 204 DELETE http://10.180.1.21/identity/v3/projects/66441b2a00134f49baca67dfa222dc40 0.147s
2025-02-12 05:40:03.576 63100 INFO tempest.lib.common.rest_client [req-79d6e82e-6609-4d35-a33c-1d444fe21d38 req-79d6e82e-6609-4d35-a33c-1d444fe21d38 ] Request (ListServersNegativeTestJSON:setUpClass): 201 POST http://10.180.1.21/identity/v3/auth/tokens 0.076s
2025-02-12 05:40:03.631 63110 INFO tempest.lib.common.rest_client [req-25ed9f1e-0c18-432a-987e-02877652942c req-25ed9f1e-0c18-432a-987e-02877652942c ] Request (FlavorsAccessNegativeTestJSON:tearDownClass): 204 DELETE http://10.180.1.21:9696/networking/v2.0/security-groups/f3376680-8966-460e-88b1-6997f9a32a56 0.246s
2025-02-12 05:40:03.654 63100 INFO tempest.lib.common.rest_client [req-30621287-2e10-480d-bc85-87ac7f224121 req-30621287-2e10-480d-bc85-87ac7f224121 ] Request (ListServersNegativeTestJSON:setUpClass): 201 POST http://10.180.1.21/identity/v3/auth/tokens 0.028s
2025-02-12 05:40:03.684 63100 INFO tempest.lib.common.rest_client [req-72b5f5be-2424-42cf-bc1d-7ff8a63e5966 req-72b5f5be-2424-42cf-bc1d-7ff8a63e5966 ] Request (ListServersNegativeTestJSON:setUpClass): 200 GET http://10.180.1.21/identity/v3/domains?name=Default 0.029s
2025-02-12 05:40:03.686 63092 INFO tempest.lib.common.rest_client [req-a79c2d8c-b065-4913-808d-a61aa067f3e2 req-a79c2d8c-b065-4913-808d-a61aa067f3e2 ] Request (ServerActionsTestOtherB:setUpClass): 200 GET http://10.180.1.21/compute/v2.1/servers/91680ef3-237d-486e-b7d2-ee8aab383eb4 1.365s
2025-02-12 05:40:03.703 63120 INFO tempest.lib.common.rest_client [req-bc7d8752-1522-4abb-8dfa-748791034d3b req-bc7d8752-1522-4abb-8dfa-748791034d3b ] Request (FlavorsV2TestJSON:test_list_flavors_limit_results): 200 GET http://10.180.1.21/compute/v2.1/flavors?limit=1 1.369s
2025-02-12 05:40:03.710 63110 INFO tempest.lib.common.rest_client [req-e6d4c063-5860-459c-a2a7-130089f25ab5 req-e6d4c063-5860-459c-a2a7-130089f25ab5 ] Request (FlavorsAccessNegativeTestJSON:tearDownClass): 204 DELETE http://10.180.1.21/identity/v3/projects/4ec4591f358e492b85a994ce7bc35aaf 0.079s
2025-02-12 05:40:03.711 63110 INFO tempest.lib.common.dynamic_creds [-] Deleting project and security group for project: 5179b21d8d49407f967579c19ccf8e28
2025-02-12 05:40:03.773 63100 INFO tempest.lib.common.rest_client [req-59502dfa-55ed-4327-9c9b-b994710d9439 req-59502dfa-55ed-4327-9c9b-b994710d9439 ] Request (ListServersNegativeTestJSON:setUpClass): 201 POST http://10.180.1.21/identity/v3/projects 0.089s
2025-02-12 05:40:03.799 63078 INFO tempest.lib.common.rest_client [req-9cbd1525-7146-4c95-a9fc-aa851f26ff2f req-9cbd1525-7146-4c95-a9fc-aa851f26ff2f ] Request (ImagesTestJSON:test_create_image_from_stopped_server): 200 GET http://10.180.1.21/compute/v2.1/servers/c993e553-ca92-4928-93d3-a9f21a08b57b 1.410s
2025-02-12 05:40:03.806 63078 INFO tempest.common.waiters [-] State transition "BUILD/scheduling" ==> "BUILD/None" after 2 second wait
2025-02-12 05:40:03.817 63130 INFO tempest.lib.common.rest_client [req-8644b3a3-c29d-4ccf-a655-ed99b11fa9d4 req-8644b3a3-c29d-4ccf-a655-ed99b11fa9d4 ] Request (FloatingIPsAssociationNegativeTestJSON:test_associate_ip_to_server_with_floating_ip): 200 POST http://10.180.1.21/compute/v2.1/os-floating-ips 1.705s
2025-02-12 05:40:03.834 63122 INFO tempest.lib.common.rest_client [req-b735a58a-1156-4a92-ba73-fefaec01425a req-b735a58a-1156-4a92-ba73-fefaec01425a ] Request (AggregatesAdminNegativeTestJSON:test_aggregate_get_details_with_invalid_id): 404 GET http://10.180.1.21/compute/v2.1/os-aggregates/-1 1.422s
2025-02-12 05:40:03.853 63100 INFO tempest.lib.common.rest_client [req-57303999-3af4-4a32-8931-923ff9620788 req-57303999-3af4-4a32-8931-923ff9620788 ] Request (ListServersNegativeTestJSON:setUpClass): 201 POST http://10.180.1.21/identity/v3/users 0.079s
2025-02-12 05:40:03.858 63112 INFO tempest.lib.common.rest_client [req-ef260efa-8db7-49f0-8782-f313c30f9804 req-ef260efa-8db7-49f0-8782-f313c30f9804 ] Request (FlavorsAdminTestJSON:test_is_public_string_variations): 200 POST http://10.180.1.21/compute/v2.1/flavors 1.424s
2025-02-12 05:40:03.883 63110 INFO tempest.lib.common.rest_client [req-2b9b4afe-f012-4e4a-9d4e-f390d9c22612 req-2b9b4afe-f012-4e4a-9d4e-f390d9c22612 ] Request (FlavorsAccessNegativeTestJSON:tearDownClass): 200 GET http://10.180.1.21:9696/networking/v2.0/security-groups?tenant_id=5179b21d8d49407f967579c19ccf8e28&name=default 0.172s
2025-02-12 05:40:03.883 63114 INFO tempest.lib.common.rest_client [req-d8276fa5-cc84-411b-903d-3717e3e84ef2 req-d8276fa5-cc84-411b-903d-3717e3e84ef2 ] Request (KeyPairsV2TestJSON:_run_cleanups): 202 DELETE http://10.180.1.21/compute/v2.1/os-keypairs/tempest-KeyPairsV2TestJSON-keypair-761928321 1.435s
2025-02-12 05:40:03.886 63100 INFO tempest.lib.common.rest_client [req-36cc48a0-305b-40b5-bfb3-ed7cd30f2fea req-36cc48a0-305b-40b5-bfb3-ed7cd30f2fea ] Request (ListServersNegativeTestJSON:setUpClass): 200 GET http://10.180.1.21/identity/v3/roles 0.032s
2025-02-12 05:40:03.953 63072 INFO tempest.lib.common.rest_client [req-3c597068-dd30-4801-bc2b-2252f7fe2b58 req-3c597068-dd30-4801-bc2b-2252f7fe2b58 ] Request (QuotasAdminTestJSON:test_get_updated_quotas): 200 GET http://10.180.1.21/compute/v2.1/os-quota-sets/f3b5c2b6fa0a4d7c89bcc6ed6968170b?user_id=a091719e9ff24779b441a076290c0b5f 1.561s
2025-02-12 05:40:03.964 63114 INFO tempest.lib.common.rest_client [req-40975d80-06f2-4f20-9782-5f65cce307fe req-40975d80-06f2-4f20-9782-5f65cce307fe ] Request (KeyPairsV2TestJSON:tearDownClass): 204 DELETE http://10.180.1.21/identity/v3/users/20bf902f081b44bc9c22e5a8cf2b6d4f 0.079s
2025-02-12 05:40:03.964 63114 INFO tempest.lib.common.dynamic_creds [-] Deleting project and security group for project: 6db33197e2c043bfaf616447c565d957
2025-02-12 05:40:03.968 63084 INFO tempest.lib.common.rest_client [req-c6ea125f-efc1-42e5-b961-dc07191f189c req-c6ea125f-efc1-42e5-b961-dc07191f189c ] Request (ServerDiagnosticsNegativeTest:tearDownClass): 200 GET http://10.180.1.21/compute/v2.1/servers/7dba7ad9-a0a5-49cf-89af-68e1d9ec751e 1.503s
2025-02-12 05:40:03.989 63110 INFO tempest.lib.common.rest_client [req-f830e653-050f-4ef7-855c-73df6a149d92 req-f830e653-050f-4ef7-855c-73df6a149d92 ] Request (FlavorsAccessNegativeTestJSON:tearDownClass): 204 DELETE http://10.180.1.21:9696/networking/v2.0/security-groups/f280320a-f72d-429a-9f1c-c4ff27b1f297 0.106s
2025-02-12 05:40:04.002 63100 INFO tempest.lib.common.rest_client [req-4e3617e5-0e5b-4f31-bad1-04a2600890e1 req-4e3617e5-0e5b-4f31-bad1-04a2600890e1 ] Request (ListServersNegativeTestJSON:setUpClass): 204 PUT http://10.180.1.21/identity/v3/projects/37f23276a6d246c28f62a712d4ab0e56/users/196e1825577a45f489f600319dcb1a30/roles/a8a8ba553e5f46fca3c47abcbf7f7e6f 0.115s
2025-02-12 05:40:04.002 63100 INFO tempest.lib.common.dynamic_creds [-] Dynamic test user 196e1825577a45f489f600319dcb1a30 is created with scope project and roles: ['member']
2025-02-12 05:40:04.002 63100 INFO tempest.lib.common.dynamic_creds [-] Acquired dynamic creds: credentials: Credentials: {'domain_id': 'default', 'domain_name': 'Default', 'username': 'tempest-ListServersNegativeTestJSON-101416700-project-member', 'project_domain_id': 'default', 'project_domain_name': 'Default', 'project_id': '37f23276a6d246c28f62a712d4ab0e56', 'project_name': 'tempest-ListServersNegativeTestJSON-101416700', 'tenant_id': '37f23276a6d246c28f62a712d4ab0e56', 'tenant_name': 'tempest-ListServersNegativeTestJSON-101416700', 'user_domain_id': 'default', 'user_domain_name': 'Default', 'user_id': '196e1825577a45f489f600319dcb1a30', 'system': None}, Network: None, Subnet: None, Router: None
2025-02-12 05:40:04.027 63082 INFO tempest.lib.common.rest_client [req-d2ac8e68-fac6-4fca-ab43-0c8da73231f3 req-d2ac8e68-fac6-4fca-ab43-0c8da73231f3 ] Request (FloatingIPsAssociationTestJSON:setUpClass): 200 GET http://10.180.1.21/compute/v2.1/servers/173762f6-0408-4fe3-9bea-8f0f32a86f0e 1.494s
2025-02-12 05:40:04.037 63094 INFO tempest.lib.common.rest_client [req-dadc088f-2905-4a32-abdc-b8e9f88597bb req-dadc088f-2905-4a32-abdc-b8e9f88597bb ] Request (KeyPairsV22TestJSON:test_get_keypair_detail): 200 GET http://10.180.1.21/compute/v2.1/os-keypairs/tempest-keypair-1501797777 1.250s
2025-02-12 05:40:04.053 63116 INFO tempest.lib.common.rest_client [req-83fcb370-9c00-41a8-9ab9-1bc4cab39664 req-83fcb370-9c00-41a8-9ab9-1bc4cab39664 ] Request (ServerDiagnosticsV248Test:tearDownClass): 200 GET http://10.180.1.21/compute/v2.1/servers/625076b1-2a6b-4178-8439-8f0593fb113a 1.430s
2025-02-12 05:40:04.066 63114 INFO tempest.lib.common.rest_client [req-fe2a6b9e-89cb-4077-b07f-8ecb9f319347 req-fe2a6b9e-89cb-4077-b07f-8ecb9f319347 ] Request (KeyPairsV2TestJSON:tearDownClass): 201 POST http://10.180.1.21/identity/v3/auth/tokens 0.102s
2025-02-12 05:40:04.100 63128 INFO tempest.lib.common.rest_client [req-c7d49039-30f8-4ef9-854a-72f8e334ae0d req-c7d49039-30f8-4ef9-854a-72f8e334ae0d ] Request (ServersTestJSON:setUpClass): 200 GET http://10.180.1.21/compute/v2.1/servers/c79321d7-40fe-42ca-a2bb-6d43b1c5f8c3 1.224s
2025-02-12 05:40:04.116 63106 INFO tempest.lib.common.rest_client [req-2402588a-575f-4e22-bcf1-8461d5f617ba req-2402588a-575f-4e22-bcf1-8461d5f617ba ] Request (ServersAdminTestJSON:test_create_server_with_scheduling_hint): 200 GET http://10.180.1.21/compute/v2.1/servers/4518d435-1fbd-4a4c-be55-dcba1a1b66e8 1.210s
2025-02-12 05:40:04.146 63072 INFO tempest.lib.common.rest_client [req-df0046b4-a4d7-4a40-b201-ad63b9f90ff9 req-df0046b4-a4d7-4a40-b201-ad63b9f90ff9 ] Request (QuotasAdminTestJSON:_run_cleanups): 204 DELETE http://10.180.1.21/identity/v3/users/a091719e9ff24779b441a076290c0b5f 0.191s
2025-02-12 05:40:04.170 63110 INFO tempest.lib.common.rest_client [req-e13fa350-e111-4e5a-8108-854912c9c9c0 req-e13fa350-e111-4e5a-8108-854912c9c9c0 ] Request (FlavorsAccessNegativeTestJSON:tearDownClass): 204 DELETE http://10.180.1.21/identity/v3/projects/5179b21d8d49407f967579c19ccf8e28 0.180s
2025-02-12 05:40:04.170 63110 INFO tempest.lib.common.dynamic_creds [-] Deleting project and security group for project: 285b5f7fddc547bd91894569b20e86e8
2025-02-12 05:40:04.190 63126 INFO tempest.lib.common.rest_client [req-d58e6c5c-93cb-4bec-8b6d-ac42cf21351b req-d58e6c5c-93cb-4bec-8b6d-ac42cf21351b ] Request (ServerShowV254Test:tearDownClass): 200 GET http://10.180.1.21/compute/v2.1/servers/e920fe9e-5db7-4133-8ebf-db3b14426593 1.249s
2025-02-12 05:40:04.209 63100 INFO tempest.lib.common.rest_client [req-bedef0e0-daf9-41c5-b44e-389cd0eadac7 req-bedef0e0-daf9-41c5-b44e-389cd0eadac7 ] Request (ListServersNegativeTestJSON:setUpClass): 201 POST http://10.180.1.21/identity/v3/auth/tokens 0.206s
2025-02-12 05:40:04.245 63086 INFO tempest.lib.common.rest_client [req-7232aeb5-7a5a-4e11-9795-f462c5583900 req-7232aeb5-7a5a-4e11-9795-f462c5583900 ] Request (InstanceActionsTestJSON:setUpClass): 200 GET http://10.180.1.21/compute/v2.1/servers/2e38f6ab-1536-4c20-a9b4-8ef5a82a7510 1.282s
2025-02-12 05:40:04.252 63086 INFO tempest.common.waiters [-] State transition "BUILD/None" ==> "BUILD/spawning" after 25 second wait
2025-02-12 05:40:04.260 63076 INFO tempest.lib.common.rest_client [req-d8c872ac-6750-4b20-8302-33858cdab9e2 req-d8c872ac-6750-4b20-8302-33858cdab9e2 ] Request (TenantUsagesTestJSON:setUpClass): 200 GET http://10.180.1.21/compute/v2.1/servers/a0d0bb5e-774b-4608-9e60-699296e9224c 1.265s
2025-02-12 05:40:04.284 63110 INFO tempest.lib.common.rest_client [req-10af4a26-006c-4c13-843e-0ff3f8929804 req-10af4a26-006c-4c13-843e-0ff3f8929804 ] Request (FlavorsAccessNegativeTestJSON:tearDownClass): 200 GET http://10.180.1.21:9696/networking/v2.0/security-groups?tenant_id=285b5f7fddc547bd91894569b20e86e8&name=default 0.114s
2025-02-12 05:40:04.298 63102 INFO tempest.lib.common.rest_client [req-95a61191-eab7-4bd1-a50d-06f9a253ed42 req-95a61191-eab7-4bd1-a50d-06f9a253ed42 ] Request (ImagesOneServerTestJSON:test_create_delete_image): 200 GET http://10.180.1.21/compute/v2.1/images/48b68456-b218-4afc-a0ee-12c4ca24f50b 1.216s
2025-02-12 05:40:04.307 63072 INFO tempest.lib.common.rest_client [req-8dc12a50-9a5b-433e-a5be-0fc76d26eb54 req-8dc12a50-9a5b-433e-a5be-0fc76d26eb54 ] Request (QuotasAdminTestJSON:_run_cleanups): 204 DELETE http://10.180.1.21/identity/v3/projects/f3b5c2b6fa0a4d7c89bcc6ed6968170b 0.161s
2025-02-12 05:40:04.313 63074 INFO tempest.lib.common.rest_client [req-7f0670e9-85b9-41ac-86f6-397ed0634dbe req-7f0670e9-85b9-41ac-86f6-397ed0634dbe ] Request (InstanceActionsV221TestJSON:test_get_list_deleted_instance_actions): 200 GET http://10.180.1.21/compute/v2.1/servers/2043f3d8-7f16-4faa-9ed5-54465084c340 1.269s
2025-02-12 05:40:04.388 63080 INFO tempest.lib.common.rest_client [req-21d4d58d-c3df-4fba-952e-82393cb5779b req-21d4d58d-c3df-4fba-952e-82393cb5779b ] Request (DeleteServersAdminTestJSON:test_admin_delete_servers_of_others): 200 GET http://10.180.1.21/compute/v2.1/servers/3dc51346-02bd-4533-a39e-efa198c38248 1.218s
2025-02-12 05:40:04.394 63090 INFO tempest.lib.common.rest_client [req-337e4a3a-8a3f-48af-ae1f-3c17527f0f1e req-337e4a3a-8a3f-48af-ae1f-3c17527f0f1e ] Request (ServersWithSpecificFlavorTestJSON:test_verify_created_server_ephemeral_disk): 200 GET http://10.180.1.21/compute/v2.1/servers/608aecf3-925a-402c-9a2d-ef06a43594f0 1.217s
2025-02-12 05:40:04.459 63118 INFO tempest.lib.common.rest_client [req-cd1287b2-dd63-49ad-a272-dc31f382b7c9 req-cd1287b2-dd63-49ad-a272-dc31f382b7c9 ] Request (ServersTestManualDisk:setUpClass): 200 GET http://10.180.1.21/compute/v2.1/servers/30160624-7db0-4e61-9fda-227f2e7435ed 1.063s
2025-02-12 05:40:04.469 63110 INFO tempest.lib.common.rest_client [req-7c783f49-ff7c-4e4e-82e5-697b0a458017 req-7c783f49-ff7c-4e4e-82e5-697b0a458017 ] Request (FlavorsAccessNegativeTestJSON:tearDownClass): 204 DELETE http://10.180.1.21:9696/networking/v2.0/security-groups/877aa752-9364-468c-9a6f-5f79e7f6285a 0.185s
2025-02-12 05:40:04.469 63100 INFO tempest.lib.common.rest_client [req-fe4159bf-4395-481d-84ce-25e9dde9223d req-fe4159bf-4395-481d-84ce-25e9dde9223d ] Request (ListServersNegativeTestJSON:setUpClass): 201 POST http://10.180.1.21:9696/networking/v2.0/networks 0.259s
2025-02-12 05:40:04.481 63114 INFO tempest.lib.common.rest_client [req-2f6af86a-3866-4b01-8de2-5120bef62860 req-2f6af86a-3866-4b01-8de2-5120bef62860 ] Request (KeyPairsV2TestJSON:tearDownClass): 200 GET http://10.180.1.21:9696/networking/v2.0/security-groups?tenant_id=6db33197e2c043bfaf616447c565d957&name=default 0.413s
2025-02-12 05:40:04.485 63124 INFO tempest.lib.common.rest_client [req-d1c10234-6696-4b02-ac8f-bf558b33d0de req-d1c10234-6696-4b02-ac8f-bf558b33d0de ] Request (ServersAdmin275Test:_run_cleanups): 200 GET http://10.180.1.21/compute/v2.1/servers/a66775a2-de48-43b7-b71e-e3879dd77889 1.090s
2025-02-12 05:40:04.487 63108 INFO tempest.lib.common.rest_client [req-a1f4a06d-9d58-4cdf-82ec-deb111119220 req-a1f4a06d-9d58-4cdf-82ec-deb111119220 ] Request (ServerGroupTestJSON:test_create_delete_multiple_server_groups_with_same_name_policy): 204 DELETE http://10.180.1.21/compute/v2.1/os-server-groups/550cfbd8-0486-4071-98ec-3d540c51efd5 1.083s
2025-02-12 05:40:04.510 63098 INFO tempest.lib.common.rest_client [req-45272bbd-91d0-46bd-9393-3aa04c418c51 req-45272bbd-91d0-46bd-9393-3aa04c418c51 ] Request (ServicesAdminNegativeV253TestJSON:test_get_service_with_valid_service_and_invalid_host): 200 GET http://10.180.1.21/compute/v2.1/os-services?host=xxx&binary=nova-scheduler 1.074s
2025-02-12 05:40:04.590 63110 INFO tempest.lib.common.rest_client [req-59b03698-70a0-476a-b9ef-1d4e07f705f3 req-59b03698-70a0-476a-b9ef-1d4e07f705f3 ] Request (FlavorsAccessNegativeTestJSON:tearDownClass): 204 DELETE http://10.180.1.21/identity/v3/projects/285b5f7fddc547bd91894569b20e86e8 0.120s
2025-02-12 05:40:04.591 63110 INFO tempest.test [-] raised in ServersOnMultiNodesTest.setUpClass. Invoking tearDownClass.
2025-02-12 05:40:04.620 63114 INFO tempest.lib.common.rest_client [req-4e333d50-a04c-4b05-9d0e-760ab625f563 req-4e333d50-a04c-4b05-9d0e-760ab625f563 ] Request (KeyPairsV2TestJSON:tearDownClass): 204 DELETE http://10.180.1.21:9696/networking/v2.0/security-groups/03d23429-df96-46a6-bd23-42e5a1ff4e53 0.138s
2025-02-12 05:40:04.645 63088 INFO tempest.lib.common.rest_client [req-129fe556-0d6e-42b5-9cca-be5730cef021 req-129fe556-0d6e-42b5-9cca-be5730cef021 ] Request (ServerExternalEventsTest:test_create_server_external_events): 200 GET http://10.180.1.21/compute/v2.1/servers/3b3e9f91-4c18-4a56-a55c-a1e31af4277c 1.035s
2025-02-12 05:40:04.664 63110 INFO tempest.lib.common.rest_client [req-a4d85b0c-d8d8-46ad-8e54-eb90ffc9128e req-a4d85b0c-d8d8-46ad-8e54-eb90ffc9128e ] Request (ServersV294TestFqdnHostnames:setUpClass): 201 POST http://10.180.1.21/identity/v3/auth/tokens 0.067s
2025-02-12 05:40:04.689 63104 INFO tempest.lib.common.rest_client [req-fdcfd89a-cc58-4755-ad61-0f6df4b9d6a9 req-fdcfd89a-cc58-4755-ad61-0f6df4b9d6a9 ] Request (VolumesAssistedSnapshotsTest:test_volume_assisted_snapshot_create_delete): 200 GET http://10.180.1.21/compute/v2.1/servers/ca18ec1c-bb74-4b66-9211-e62244ced588 1.068s
2025-02-12 05:40:04.699 63134 INFO tempest.lib.common.rest_client [req-dbb0cd49-76f6-4b54-bc48-75079feb65e4 req-dbb0cd49-76f6-4b54-bc48-75079feb65e4 ] Request (MigrationsAdminTest:test_list_migrations_in_flavor_resize_situation): 200 GET http://10.180.1.21/compute/v2.1/servers/264d4a15-f70a-40ca-99e2-2f88c92545d6 1.029s
2025-02-12 05:40:04.717 63120 INFO tempest.lib.common.rest_client [req-2437f170-28db-4ea5-b78e-57a36ddaa8ff req-2437f170-28db-4ea5-b78e-57a36ddaa8ff ] Request (FlavorsV2TestJSON:test_list_flavors_using_marker): 200 GET http://10.180.1.21/compute/v2.1/flavors/42 1.011s
2025-02-12 05:40:04.726 63122 INFO tempest.lib.common.rest_client [req-5c39aea4-b557-4372-abf3-12f5b7bb1e10 req-5c39aea4-b557-4372-abf3-12f5b7bb1e10 ] Request (AggregatesAdminNegativeTestJSON:test_aggregate_list_as_user): 403 GET http://10.180.1.21/compute/v2.1/os-aggregates 0.890s
2025-02-12 05:40:04.732 63114 INFO tempest.lib.common.rest_client [req-d8738ab3-d93d-41e0-affc-df44d7238f7b req-d8738ab3-d93d-41e0-affc-df44d7238f7b ] Request (KeyPairsV2TestJSON:tearDownClass): 204 DELETE http://10.180.1.21/identity/v3/projects/6db33197e2c043bfaf616447c565d957 0.112s
2025-02-12 05:40:04.746 63112 INFO tempest.lib.common.rest_client [req-f36359d1-6d09-4846-92b3-bfa3b9d2b65f req-f36359d1-6d09-4846-92b3-bfa3b9d2b65f ] Request (FlavorsAdminTestJSON:test_is_public_string_variations): 200 POST http://10.180.1.21/compute/v2.1/flavors 0.884s
2025-02-12 05:40:04.757 63110 INFO tempest.lib.common.rest_client [req-735381a3-de72-4599-bb7e-812d3d03bb7c req-735381a3-de72-4599-bb7e-812d3d03bb7c ] Request (ServersV294TestFqdnHostnames:setUpClass): 201 POST http://10.180.1.21/identity/v3/auth/tokens 0.087s
2025-02-12 05:40:04.762 63100 INFO tempest.lib.common.rest_client [req-810af9c9-9b32-4ad5-b93f-c54787fa8ee6 req-810af9c9-9b32-4ad5-b93f-c54787fa8ee6 ] Request (ListServersNegativeTestJSON:setUpClass): 201 POST http://10.180.1.21:9696/networking/v2.0/subnets 0.292s
2025-02-12 05:40:04.773 63132 WARNING tempest.lib.common.ssh [-] Failed to establish authenticated ssh connection to cirros@10.180.180.232 ([Errno None] Unable to connect to port 22 on 10.180.180.232). Number attempts: 1. Retry after 2 seconds.: paramiko.ssh_exception.NoValidConnectionsError: [Errno None] Unable to connect to port 22 on 10.180.180.232
2025-02-12 05:40:04.782 63114 INFO tempest.lib.common.rest_client [req-f695a0e2-6a56-4a49-b64a-ad33142ef8e2 req-f695a0e2-6a56-4a49-b64a-ad33142ef8e2 ] Request (AbsoluteLimitsNegativeTestJSON:setUpClass): 201 POST http://10.180.1.21/identity/v3/auth/tokens 0.048s
2025-02-12 05:40:04.792 63094 INFO tempest.lib.common.rest_client [req-74ebc399-981c-4738-9bda-2e3d34b0e102 req-74ebc399-981c-4738-9bda-2e3d34b0e102 ] Request (KeyPairsV22TestJSON:_run_cleanups): 204 DELETE http://10.180.1.21/compute/v2.1/os-keypairs/tempest-keypair-1501797777 0.753s
2025-02-12 05:40:04.804 63110 INFO tempest.lib.common.rest_client [req-11ef2949-d4de-43b8-af59-edef9dbb5e25 req-11ef2949-d4de-43b8-af59-edef9dbb5e25 ] Request (ServersV294TestFqdnHostnames:setUpClass): 200 GET http://10.180.1.21/identity/v3/domains?name=Default 0.047s
2025-02-12 05:40:04.831 63114 INFO tempest.lib.common.rest_client [req-a016521d-a316-4de5-86b9-f57f549a599f req-a016521d-a316-4de5-86b9-f57f549a599f ] Request (AbsoluteLimitsNegativeTestJSON:setUpClass): 201 POST http://10.180.1.21/identity/v3/auth/tokens 0.047s
2025-02-12 05:40:04.839 63110 INFO tempest.lib.common.rest_client [req-97e384b0-ec04-4eec-95f6-201c5f034e30 req-97e384b0-ec04-4eec-95f6-201c5f034e30 ] Request (ServersV294TestFqdnHostnames:setUpClass): 201 POST http://10.180.1.21/identity/v3/projects 0.034s
2025-02-12 05:40:04.963 63114 INFO tempest.lib.common.rest_client [req-56a79d70-31f2-42a5-a319-82105c168c2d req-56a79d70-31f2-42a5-a319-82105c168c2d ] Request (AbsoluteLimitsNegativeTestJSON:setUpClass): 200 GET http://10.180.1.21/identity/v3/domains?name=Default 0.132s
2025-02-12 05:40:04.981 63072 INFO tempest.lib.common.rest_client [req-b6c68f9c-a43b-4d70-ae4c-a2ef49ecff0e req-b6c68f9c-a43b-4d70-ae4c-a2ef49ecff0e ] Request (QuotasAdminTestJSON:test_update_all_quota_resources_for_tenant): 200 GET http://10.180.1.21/compute/v2.1/os-quota-sets/2530974f64fb4f3dbca823cc638fdd6e/defaults 0.670s
2025-02-12 05:40:04.989 63110 INFO tempest.lib.common.rest_client [req-a242d0d7-5113-40d9-9811-b541bd409cc6 req-a242d0d7-5113-40d9-9811-b541bd409cc6 ] Request (ServersV294TestFqdnHostnames:setUpClass): 201 POST http://10.180.1.21/identity/v3/users 0.150s
2025-02-12 05:40:04.994 63108 INFO tempest.lib.common.rest_client [req-7de9a603-848f-4a08-9871-c376ce0c1aee req-7de9a603-848f-4a08-9871-c376ce0c1aee ] Request (ServerGroupTestJSON:test_create_delete_multiple_server_groups_with_same_name_policy): 200 GET http://10.180.1.21/compute/v2.1/os-server-groups 0.506s
2025-02-12 05:40:05.039 63114 INFO tempest.lib.common.rest_client [req-cc5b8787-10af-48bc-adbf-fbc5cea18574 req-cc5b8787-10af-48bc-adbf-fbc5cea18574 ] Request (AbsoluteLimitsNegativeTestJSON:setUpClass): 201 POST http://10.180.1.21/identity/v3/projects 0.075s
2025-02-12 05:40:05.104 63110 INFO tempest.lib.common.rest_client [req-5657fae3-dc15-4445-b202-c97fabe9eeaa req-5657fae3-dc15-4445-b202-c97fabe9eeaa ] Request (ServersV294TestFqdnHostnames:setUpClass): 200 GET http://10.180.1.21/identity/v3/roles 0.114s
2025-02-12 05:40:05.138 63114 INFO tempest.lib.common.rest_client [req-141f8cf6-d0b6-403b-a9d9-eaf13e8b83c7 req-141f8cf6-d0b6-403b-a9d9-eaf13e8b83c7 ] Request (AbsoluteLimitsNegativeTestJSON:setUpClass): 201 POST http://10.180.1.21/identity/v3/users 0.098s
2025-02-12 05:40:05.166 63098 INFO tempest.lib.common.rest_client [req-c8430e73-1185-4124-b3a4-c067a74d13d1 req-c8430e73-1185-4124-b3a4-c067a74d13d1 ] Request (ServicesAdminNegativeV253TestJSON:test_list_services_with_non_admin_user): 403 GET http://10.180.1.21/compute/v2.1/os-services 0.651s
2025-02-12 05:40:05.198 63110 INFO tempest.lib.common.rest_client [req-84f82ac8-082f-4fa1-8c39-b86ad928bf11 req-84f82ac8-082f-4fa1-8c39-b86ad928bf11 ] Request (ServersV294TestFqdnHostnames:setUpClass): 204 PUT http://10.180.1.21/identity/v3/projects/c849dd5710424b859b3d3a18478a8cd4/users/eb27959c98754119a364579260e3d648/roles/a8a8ba553e5f46fca3c47abcbf7f7e6f 0.094s
2025-02-12 05:40:05.199 63110 INFO tempest.lib.common.dynamic_creds [-] Dynamic test user eb27959c98754119a364579260e3d648 is created with scope project and roles: ['member']
2025-02-12 05:40:05.199 63110 INFO tempest.lib.common.dynamic_creds [-] Acquired dynamic creds: credentials: Credentials: {'domain_id': 'default', 'domain_name': 'Default', 'username': 'tempest-ServersV294TestFqdnHostnames-1717741604-project-member', 'project_domain_id': 'default', 'project_domain_name': 'Default', 'project_id': 'c849dd5710424b859b3d3a18478a8cd4', 'project_name': 'tempest-ServersV294TestFqdnHostnames-1717741604', 'tenant_id': 'c849dd5710424b859b3d3a18478a8cd4', 'tenant_name': 'tempest-ServersV294TestFqdnHostnames-1717741604', 'user_domain_id': 'default', 'user_domain_name': 'Default', 'user_id': 'eb27959c98754119a364579260e3d648', 'system': None}, Network: None, Subnet: None, Router: None
2025-02-12 05:40:05.249 63114 INFO tempest.lib.common.rest_client [req-75d89cd3-5cd7-4a89-aeae-7c82b31e22b4 req-75d89cd3-5cd7-4a89-aeae-7c82b31e22b4 ] Request (AbsoluteLimitsNegativeTestJSON:setUpClass): 200 GET http://10.180.1.21/identity/v3/roles 0.111s
2025-02-12 05:40:05.274 63096 INFO tempest.lib.common.rest_client [req-d54d5bcf-0474-4ef6-adc3-a0b2dbe91aa4 req-d54d5bcf-0474-4ef6-adc3-a0b2dbe91aa4 ] Request (ListImageFiltersTestJSON:setUpClass): 204 PUT http://10.180.1.21/image/v2/images/97119abb-3762-416d-a3eb-03caf359c9fa/file 0.954s
2025-02-12 05:40:05.277 63110 INFO tempest.lib.common.rest_client [req-06746179-ed45-4974-9b45-2f0f23480a41 req-06746179-ed45-4974-9b45-2f0f23480a41 ] Request (ServersV294TestFqdnHostnames:setUpClass): 201 POST http://10.180.1.21/identity/v3/auth/tokens 0.077s
2025-02-12 05:40:05.302 63114 INFO tempest.lib.common.rest_client [req-124cf42d-8aec-495e-9cb4-c5a25ba39c2a req-124cf42d-8aec-495e-9cb4-c5a25ba39c2a ] Request (AbsoluteLimitsNegativeTestJSON:setUpClass): 204 PUT http://10.180.1.21/identity/v3/projects/091c56d6dd8c46ab8f70a1e7503f9871/users/30e0d1c3db5f42b6b4b151b68c74daa4/roles/a8a8ba553e5f46fca3c47abcbf7f7e6f 0.051s
2025-02-12 05:40:05.302 63114 INFO tempest.lib.common.dynamic_creds [-] Dynamic test user 30e0d1c3db5f42b6b4b151b68c74daa4 is created with scope project and roles: ['member']
2025-02-12 05:40:05.302 63114 INFO tempest.lib.common.dynamic_creds [-] Acquired dynamic creds: credentials: Credentials: {'domain_id': 'default', 'domain_name': 'Default', 'username': 'tempest-AbsoluteLimitsNegativeTestJSON-1092953115-project-member', 'project_domain_id': 'default', 'project_domain_name': 'Default', 'project_id': '091c56d6dd8c46ab8f70a1e7503f9871', 'project_name': 'tempest-AbsoluteLimitsNegativeTestJSON-1092953115', 'tenant_id': '091c56d6dd8c46ab8f70a1e7503f9871', 'tenant_name': 'tempest-AbsoluteLimitsNegativeTestJSON-1092953115', 'user_domain_id': 'default', 'user_domain_name': 'Default', 'user_id': '30e0d1c3db5f42b6b4b151b68c74daa4', 'system': None}, Network: None, Subnet: None, Router: None
2025-02-12 05:40:05.302 63114 INFO tempest.lib.common.dynamic_creds [-] Created isolated network resources for: credentials: Credentials: {'domain_id': 'default', 'domain_name': 'Default', 'username': 'tempest-AbsoluteLimitsNegativeTestJSON-1092953115-project-member', 'project_domain_id': 'default', 'project_domain_name': 'Default', 'project_id': '091c56d6dd8c46ab8f70a1e7503f9871', 'project_name': 'tempest-AbsoluteLimitsNegativeTestJSON-1092953115', 'tenant_id': '091c56d6dd8c46ab8f70a1e7503f9871', 'tenant_name': 'tempest-AbsoluteLimitsNegativeTestJSON-1092953115', 'user_domain_id': 'default', 'user_domain_name': 'Default', 'user_id': '30e0d1c3db5f42b6b4b151b68c74daa4', 'system': None}, Network: None, Subnet: None, Router: None
2025-02-12 05:40:05.330 63098 INFO tempest.lib.common.rest_client [req-77ea2f81-66ee-4425-aa28-834d9f03e5aa req-77ea2f81-66ee-4425-aa28-834d9f03e5aa ] Request (ServicesAdminNegativeV253TestJSON:tearDownClass): 204 DELETE http://10.180.1.21/identity/v3/users/ff966dfa5ac84cbb8f88251e7167591d 0.162s
2025-02-12 05:40:05.445 63114 INFO tempest.lib.common.rest_client [req-f98d32c0-3b4c-49d6-819f-e8a95faf28ba req-f98d32c0-3b4c-49d6-819f-e8a95faf28ba ] Request (AbsoluteLimitsNegativeTestJSON:setUpClass): 201 POST http://10.180.1.21/identity/v3/auth/tokens 0.139s
2025-02-12 05:40:05.486 63098 INFO tempest.lib.common.rest_client [req-252b0a1a-a0c1-437c-8e47-f4939cc55d7d req-252b0a1a-a0c1-437c-8e47-f4939cc55d7d ] Request (ServicesAdminNegativeV253TestJSON:tearDownClass): 204 DELETE http://10.180.1.21/identity/v3/users/fcbcbcf7fcc542298594b94dd83cde3a 0.156s
2025-02-12 05:40:05.487 63098 INFO tempest.lib.common.dynamic_creds [-] Deleting project and security group for project: 8f7fa7124e164c03992c607653366639
2025-02-12 05:40:05.499 63092 INFO tempest.lib.common.rest_client [req-281837aa-05b7-4b6d-8fcf-8e761c27f67f req-281837aa-05b7-4b6d-8fcf-8e761c27f67f ] Request (ServerActionsTestOtherB:setUpClass): 200 GET http://10.180.1.21/compute/v2.1/servers/91680ef3-237d-486e-b7d2-ee8aab383eb4 0.804s
2025-02-12 05:40:05.530 63120 INFO tempest.lib.common.rest_client [req-d944292a-e1ae-4bd8-aa12-aa3a19bc9773 req-d944292a-e1ae-4bd8-aa12-aa3a19bc9773 ] Request (FlavorsV2TestJSON:test_list_flavors_using_marker): 200 GET http://10.180.1.21/compute/v2.1/flavors?marker=42 0.810s
2025-02-12 05:40:05.554 63098 INFO tempest.lib.common.rest_client [req-8f311e42-7e49-4519-ad45-f501242e4b51 req-8f311e42-7e49-4519-ad45-f501242e4b51 ] Request (ServicesAdminNegativeV253TestJSON:tearDownClass): 201 POST http://10.180.1.21/identity/v3/auth/tokens 0.067s
2025-02-12 05:40:05.562 63122 INFO tempest.lib.common.rest_client [req-6a319b8d-f491-4333-9960-3f346f63ed7a req-6a319b8d-f491-4333-9960-3f346f63ed7a ] Request (AggregatesAdminNegativeTestJSON:test_aggregate_remove_host_as_user): 200 POST http://10.180.1.21/compute/v2.1/os-aggregates 0.832s
2025-02-12 05:40:05.580 63112 INFO tempest.lib.common.rest_client [req-6ad80bdd-be4b-4f7b-b92d-d7261c566a9c req-6ad80bdd-be4b-4f7b-b92d-d7261c566a9c ] Request (FlavorsAdminTestJSON:test_is_public_string_variations): 200 GET http://10.180.1.21/compute/v2.1/flavors/detail?is_public=f 0.829s
2025-02-12 05:40:05.633 63094 INFO tempest.lib.common.rest_client [req-6af30f5e-707b-4df3-b97e-241270bea6ca req-6af30f5e-707b-4df3-b97e-241270bea6ca ] Request (KeyPairsV22TestJSON:test_keypair_create_delete): 201 POST http://10.180.1.21/compute/v2.1/os-keypairs 0.838s
2025-02-12 05:40:05.712 63078 INFO tempest.lib.common.rest_client [req-fc4c069b-58c2-4a92-818e-24417fea9fb7 req-fc4c069b-58c2-4a92-818e-24417fea9fb7 ] Request (ImagesTestJSON:test_create_image_from_stopped_server): 200 GET http://10.180.1.21/compute/v2.1/servers/c993e553-ca92-4928-93d3-a9f21a08b57b 0.905s
2025-02-12 05:40:05.738 63084 INFO tempest.lib.common.rest_client [req-058cb277-4f03-44cc-89d0-ae7347e8f66c req-058cb277-4f03-44cc-89d0-ae7347e8f66c ] Request (ServerDiagnosticsNegativeTest:tearDownClass): 404 GET http://10.180.1.21/compute/v2.1/servers/7dba7ad9-a0a5-49cf-89af-68e1d9ec751e 0.758s
2025-02-12 05:40:05.810 63084 INFO tempest.lib.common.rest_client [req-ee9b3c31-a4c3-4904-870b-6acd2cd80130 req-ee9b3c31-a4c3-4904-870b-6acd2cd80130 ] Request (ServerDiagnosticsNegativeTest:tearDownClass): 204 DELETE http://10.180.1.21/identity/v3/users/4251215ce1644b45b81951f3cf441509 0.072s
2025-02-12 05:40:05.860 63098 INFO tempest.lib.common.rest_client [req-0a8209b4-3c68-47e3-8d07-36706c679abb req-0a8209b4-3c68-47e3-8d07-36706c679abb ] Request (ServicesAdminNegativeV253TestJSON:tearDownClass): 200 GET http://10.180.1.21:9696/networking/v2.0/security-groups?tenant_id=8f7fa7124e164c03992c607653366639&name=default 0.306s
2025-02-12 05:40:06.005 63084 INFO tempest.lib.common.rest_client [req-534b4eca-0abe-44a9-bcf1-25c10d902067 req-534b4eca-0abe-44a9-bcf1-25c10d902067 ] Request (ServerDiagnosticsNegativeTest:tearDownClass): 204 DELETE http://10.180.1.21/identity/v3/users/4c794bf1d76c4b7d836f2104e5a33c43 0.194s
2025-02-12 05:40:06.005 63084 INFO tempest.lib.common.dynamic_creds [-] Deleting project and security group for project: cdce422172ab4c138810013d07a5b38a
2025-02-12 05:40:06.096 63084 INFO tempest.lib.common.rest_client [req-68d0ddcb-eb28-4d65-bf3b-b7cba7f7f9c9 req-68d0ddcb-eb28-4d65-bf3b-b7cba7f7f9c9 ] Request (ServerDiagnosticsNegativeTest:tearDownClass): 201 POST http://10.180.1.21/identity/v3/auth/tokens 0.090s
2025-02-12 05:40:06.107 63072 INFO tempest.lib.common.rest_client [req-fe63d2f9-3095-4462-af7e-75c0a912c1ac req-fe63d2f9-3095-4462-af7e-75c0a912c1ac ] Request (QuotasAdminTestJSON:test_update_all_quota_resources_for_tenant): 200 PUT http://10.180.1.21/compute/v2.1/os-quota-sets/2530974f64fb4f3dbca823cc638fdd6e 1.123s
2025-02-12 05:40:06.141 63098 INFO tempest.lib.common.rest_client [req-42ca32ac-cdb5-4df5-b7d7-830395e59d4b req-42ca32ac-cdb5-4df5-b7d7-830395e59d4b ] Request (ServicesAdminNegativeV253TestJSON:tearDownClass): 204 DELETE http://10.180.1.21:9696/networking/v2.0/security-groups/41f83564-e59b-4e01-8d3e-adee526fb041 0.281s
2025-02-12 05:40:06.146 63110 INFO tempest.lib.common.rest_client [req-0eb1cd1e-36c9-4613-b676-317dbfb67518 req-0eb1cd1e-36c9-4613-b676-317dbfb67518 ] Request (ServersV294TestFqdnHostnames:setUpClass): 201 POST http://10.180.1.21:9696/networking/v2.0/networks 0.868s
2025-02-12 05:40:06.150 63100 INFO tempest.lib.common.rest_client [req-323c7e80-9bf3-4028-a79d-94072fddf535 req-323c7e80-9bf3-4028-a79d-94072fddf535 ] Request (ListServersNegativeTestJSON:setUpClass): 201 POST http://10.180.1.21:9696/networking/v2.0/routers 1.388s
2025-02-12 05:40:06.183 63108 INFO tempest.lib.common.rest_client [req-28b139b7-dd2f-4581-bff4-e16c5fb5c723 req-28b139b7-dd2f-4581-bff4-e16c5fb5c723 ] Request (ServerGroupTestJSON:test_create_delete_server_group_with_affinity_policy): 200 POST http://10.180.1.21/compute/v2.1/os-server-groups 1.183s
2025-02-12 05:40:06.243 63098 INFO tempest.lib.common.rest_client [req-995a9a4e-8984-415a-a4b4-136bf621cbba req-995a9a4e-8984-415a-a4b4-136bf621cbba ] Request (ServicesAdminNegativeV253TestJSON:tearDownClass): 204 DELETE http://10.180.1.21/identity/v3/projects/8f7fa7124e164c03992c607653366639 0.101s
2025-02-12 05:40:06.243 63098 INFO tempest.lib.common.dynamic_creds [-] Deleting project and security group for project: 2ccacac1c3a348ada016c1449f4f2f01
2025-02-12 05:40:06.265 63082 INFO tempest.lib.common.rest_client [req-c6e8a73c-5f4c-4a1f-a1bb-100b73a97e70 req-c6e8a73c-5f4c-4a1f-a1bb-100b73a97e70 ] Request (FloatingIPsAssociationTestJSON:setUpClass): 200 GET http://10.180.1.21/compute/v2.1/servers/173762f6-0408-4fe3-9bea-8f0f32a86f0e 1.230s
2025-02-12 05:40:06.365 63116 INFO tempest.lib.common.rest_client [req-c0277135-a35e-42f4-9b11-a747bcc724bb req-c0277135-a35e-42f4-9b11-a747bcc724bb ] Request (ServerDiagnosticsV248Test:tearDownClass): 200 GET http://10.180.1.21/compute/v2.1/servers/625076b1-2a6b-4178-8439-8f0593fb113a 1.301s
2025-02-12 05:40:06.403 63084 INFO tempest.lib.common.rest_client [req-2d711f04-3485-4153-ad65-04bc7d155e37 req-2d711f04-3485-4153-ad65-04bc7d155e37 ] Request (ServerDiagnosticsNegativeTest:tearDownClass): 200 GET http://10.180.1.21:9696/networking/v2.0/security-groups?tenant_id=cdce422172ab4c138810013d07a5b38a&name=default 0.307s
2025-02-12 05:40:06.458 63128 INFO tempest.lib.common.rest_client [req-52ac0ae7-765a-497e-89fe-9c29b9eb2f62 req-52ac0ae7-765a-497e-89fe-9c29b9eb2f62 ] Request (ServersTestJSON:setUpClass): 200 GET http://10.180.1.21/compute/v2.1/servers/c79321d7-40fe-42ca-a2bb-6d43b1c5f8c3 1.347s
2025-02-12 05:40:06.464 63098 INFO tempest.lib.common.rest_client [req-fc85d70f-407b-4e95-b291-0aa111f95503 req-fc85d70f-407b-4e95-b291-0aa111f95503 ] Request (ServicesAdminNegativeV253TestJSON:tearDownClass): 200 GET http://10.180.1.21:9696/networking/v2.0/security-groups?tenant_id=2ccacac1c3a348ada016c1449f4f2f01&name=default 0.220s
2025-02-12 05:40:06.531 63110 INFO tempest.lib.common.rest_client [req-12fc1ad5-f06a-4179-b916-d22e046b631c req-12fc1ad5-f06a-4179-b916-d22e046b631c ] Request (ServersV294TestFqdnHostnames:setUpClass): 201 POST http://10.180.1.21:9696/networking/v2.0/subnets 0.385s
2025-02-12 05:40:06.544 63106 INFO tempest.lib.common.rest_client [req-c2c094c0-38e1-46dc-bc90-6b0b182f8711 req-c2c094c0-38e1-46dc-bc90-6b0b182f8711 ] Request (ServersAdminTestJSON:test_create_server_with_scheduling_hint): 200 GET http://10.180.1.21/compute/v2.1/servers/4518d435-1fbd-4a4c-be55-dcba1a1b66e8 1.419s
2025-02-12 05:40:06.563 63084 INFO tempest.lib.common.rest_client [req-6fb7c519-6f43-4caf-892d-b3810578b25c req-6fb7c519-6f43-4caf-892d-b3810578b25c ] Request (ServerDiagnosticsNegativeTest:tearDownClass): 204 DELETE http://10.180.1.21:9696/networking/v2.0/security-groups/8fc2f51a-815b-48a5-87cb-64ef2a90da99 0.159s
2025-02-12 05:40:06.569 63130 INFO tempest.lib.common.rest_client [req-123f6afe-2344-4415-8dd2-6c5f0d03ba4b req-123f6afe-2344-4415-8dd2-6c5f0d03ba4b ] Request (FloatingIPsAssociationNegativeTestJSON:test_associate_ip_to_server_with_floating_ip): 202 POST http://10.180.1.21/compute/v2.1/servers/cb68aa07-da34-4080-a33c-5746ac4ab4bd/action 2.750s
2025-02-12 05:40:06.621 63126 INFO tempest.lib.common.rest_client [req-942a3cde-d3e7-417c-9495-0754539fa4fa req-942a3cde-d3e7-417c-9495-0754539fa4fa ] Request (ServerShowV254Test:tearDownClass): 200 GET http://10.180.1.21/compute/v2.1/servers/e920fe9e-5db7-4133-8ebf-db3b14426593 1.418s
2025-02-12 05:40:06.659 63098 INFO tempest.lib.common.rest_client [req-285d7eef-9337-4f8f-9381-a56e1876c44f req-285d7eef-9337-4f8f-9381-a56e1876c44f ] Request (ServicesAdminNegativeV253TestJSON:tearDownClass): 204 DELETE http://10.180.1.21:9696/networking/v2.0/security-groups/bb8b2ade-a1e3-457d-8b60-b6a6eb570624 0.194s
2025-02-12 05:40:06.698 63076 INFO tempest.lib.common.rest_client [req-219cefc0-ff45-437a-9412-a30ead916673 req-219cefc0-ff45-437a-9412-a30ead916673 ] Request (TenantUsagesTestJSON:setUpClass): 200 GET http://10.180.1.21/compute/v2.1/servers/a0d0bb5e-774b-4608-9e60-699296e9224c 1.427s
2025-02-12 05:40:06.719 63084 INFO tempest.lib.common.rest_client [req-0da80540-f2b4-4ae1-b918-a3b9f7b0c886 req-0da80540-f2b4-4ae1-b918-a3b9f7b0c886 ] Request (ServerDiagnosticsNegativeTest:tearDownClass): 204 DELETE http://10.180.1.21/identity/v3/projects/cdce422172ab4c138810013d07a5b38a 0.156s
2025-02-12 05:40:06.719 63084 INFO tempest.lib.common.dynamic_creds [-] Deleting project and security group for project: 6fec14e033764c779583af1f1ced0f1e
2025-02-12 05:40:06.741 63098 INFO tempest.lib.common.rest_client [req-50aac8db-eb69-49ff-b4fb-c079d6586f1b req-50aac8db-eb69-49ff-b4fb-c079d6586f1b ] Request (ServicesAdminNegativeV253TestJSON:tearDownClass): 204 DELETE http://10.180.1.21/identity/v3/projects/2ccacac1c3a348ada016c1449f4f2f01 0.082s
2025-02-12 05:40:06.746 63096 INFO tempest.lib.common.rest_client [req-1e601f07-138c-4652-861f-a80fd0ad682f req-1e601f07-138c-4652-861f-a80fd0ad682f ] Request (ListImageFiltersTestJSON:setUpClass): 200 GET http://10.180.1.21/compute/v2.1/images/97119abb-3762-416d-a3eb-03caf359c9fa 1.471s
2025-02-12 05:40:06.772 63084 INFO tempest.lib.common.rest_client [req-0f8798db-5550-475c-a40a-9099b520e72b req-0f8798db-5550-475c-a40a-9099b520e72b ] Request (ServerDiagnosticsNegativeTest:tearDownClass): 200 GET http://10.180.1.21:9696/networking/v2.0/security-groups?tenant_id=6fec14e033764c779583af1f1ced0f1e&name=default 0.052s
2025-02-12 05:40:06.785 63102 INFO tempest.lib.common.rest_client [req-2292860c-8242-4b32-a0c2-cdf12698810b req-2292860c-8242-4b32-a0c2-cdf12698810b ] Request (ImagesOneServerTestJSON:test_create_delete_image): 200 GET http://10.180.1.21/compute/v2.1/images/48b68456-b218-4afc-a0ee-12c4ca24f50b 1.482s
2025-02-12 05:40:06.825 63098 INFO tempest.lib.common.rest_client [req-1fc9bc6c-f151-44c6-9c89-0527911fbd17 req-1fc9bc6c-f151-44c6-9c89-0527911fbd17 ] Request (AbsoluteLimitsTestJSON:setUpClass): 201 POST http://10.180.1.21/identity/v3/auth/tokens 0.082s
2025-02-12 05:40:06.859 63098 INFO tempest.lib.common.rest_client [req-ddeba6cc-31c9-49cd-8744-ccb68d68d049 req-ddeba6cc-31c9-49cd-8744-ccb68d68d049 ] Request (AbsoluteLimitsTestJSON:setUpClass): 201 POST http://10.180.1.21/identity/v3/auth/tokens 0.032s
2025-02-12 05:40:06.870 63074 INFO tempest.lib.common.rest_client [req-3aaa7d48-5fa8-4337-b136-f16db7d7bfd6 req-3aaa7d48-5fa8-4337-b136-f16db7d7bfd6 ] Request (InstanceActionsV221TestJSON:test_get_list_deleted_instance_actions): 200 GET http://10.180.1.21/compute/v2.1/servers/2043f3d8-7f16-4faa-9ed5-54465084c340 1.544s
2025-02-12 05:40:06.888 63098 INFO tempest.lib.common.rest_client [req-88991685-84b4-4f31-8d96-a1f34eea016d req-88991685-84b4-4f31-8d96-a1f34eea016d ] Request (AbsoluteLimitsTestJSON:setUpClass): 200 GET http://10.180.1.21/identity/v3/domains?name=Default 0.028s
2025-02-12 05:40:06.905 63080 INFO tempest.lib.common.rest_client [req-f77e6944-2e3d-48c5-9288-4fc5473be4c3 req-f77e6944-2e3d-48c5-9288-4fc5473be4c3 ] Request (DeleteServersAdminTestJSON:test_admin_delete_servers_of_others): 404 GET http://10.180.1.21/compute/v2.1/servers/3dc51346-02bd-4533-a39e-efa198c38248 1.509s
2025-02-12 05:40:06.934 63098 INFO tempest.lib.common.rest_client [req-5feeb436-aa80-45be-acaa-94ea86f30e8c req-5feeb436-aa80-45be-acaa-94ea86f30e8c ] Request (AbsoluteLimitsTestJSON:setUpClass): 201 POST http://10.180.1.21/identity/v3/projects 0.045s
2025-02-12 05:40:06.978 63090 INFO tempest.lib.common.rest_client [req-a55e4a76-d073-4238-8299-09a3b3ee188a req-a55e4a76-d073-4238-8299-09a3b3ee188a ] Request (ServersWithSpecificFlavorTestJSON:test_verify_created_server_ephemeral_disk): 200 GET http://10.180.1.21/compute/v2.1/servers/608aecf3-925a-402c-9a2d-ef06a43594f0 1.572s
2025-02-12 05:40:06.980 63086 INFO tempest.lib.common.rest_client [req-38ec0e79-ea39-4fb1-83d6-4a68e09b0831 req-38ec0e79-ea39-4fb1-83d6-4a68e09b0831 ] Request (InstanceActionsTestJSON:setUpClass): 200 GET http://10.180.1.21/compute/v2.1/servers/2e38f6ab-1536-4c20-a9b4-8ef5a82a7510 1.727s
2025-02-12 05:40:06.987 63080 INFO tempest.lib.common.rest_client [req-833d91bf-079e-40b7-9748-9681133f8022 req-833d91bf-079e-40b7-9748-9681133f8022 ] Request (DeleteServersAdminTestJSON:test_delete_server_while_in_error_state): 201 POST http://10.180.1.21/identity/v3/auth/tokens 0.071s
2025-02-12 05:40:06.987 63080 INFO tempest.lib.common.fixed_network [-] (DeleteServersAdminTestJSON:test_delete_server_while_in_error_state) Found network None available for tenant
2025-02-12 05:40:07.006 63084 INFO tempest.lib.common.rest_client [req-b2c009a0-2b83-4f66-a83c-37e18da2ab67 req-b2c009a0-2b83-4f66-a83c-37e18da2ab67 ] Request (ServerDiagnosticsNegativeTest:tearDownClass): 204 DELETE http://10.180.1.21:9696/networking/v2.0/security-groups/dcd1ddc4-0ebd-4a59-8fb6-94e972385847 0.233s
2025-02-12 05:40:07.013 63098 INFO tempest.lib.common.rest_client [req-b59bf49f-6c33-43f7-b464-3b7c57984d9a req-b59bf49f-6c33-43f7-b464-3b7c57984d9a ] Request (AbsoluteLimitsTestJSON:setUpClass): 201 POST http://10.180.1.21/identity/v3/users 0.078s
2025-02-12 05:40:07.043 63098 INFO tempest.lib.common.rest_client [req-5112cbfd-2067-4eeb-9630-a154918130c2 req-5112cbfd-2067-4eeb-9630-a154918130c2 ] Request (AbsoluteLimitsTestJSON:setUpClass): 200 GET http://10.180.1.21/identity/v3/roles 0.030s
2025-02-12 05:40:07.060 63118 INFO tempest.lib.common.rest_client [req-04e23118-adea-4f9f-829f-9d74c08b14d6 req-04e23118-adea-4f9f-829f-9d74c08b14d6 ] Request (ServersTestManualDisk:setUpClass): 200 GET http://10.180.1.21/compute/v2.1/servers/30160624-7db0-4e61-9fda-227f2e7435ed 1.588s
2025-02-12 05:40:07.088 63098 INFO tempest.lib.common.rest_client [req-2d9dc958-37d0-42d4-a5b5-73f23a537aa6 req-2d9dc958-37d0-42d4-a5b5-73f23a537aa6 ] Request (AbsoluteLimitsTestJSON:setUpClass): 204 PUT http://10.180.1.21/identity/v3/projects/92b5555507a44db68e9c76540da1f8f1/users/bdad8ae093ca4984b288a383e0140954/roles/a8a8ba553e5f46fca3c47abcbf7f7e6f 0.044s
2025-02-12 05:40:07.089 63098 INFO tempest.lib.common.dynamic_creds [-] Dynamic test user bdad8ae093ca4984b288a383e0140954 is created with scope project and roles: ['member']
2025-02-12 05:40:07.089 63098 INFO tempest.lib.common.dynamic_creds [-] Acquired dynamic creds: credentials: Credentials: {'domain_id': 'default', 'domain_name': 'Default', 'username': 'tempest-AbsoluteLimitsTestJSON-1515118764-project-member', 'project_domain_id': 'default', 'project_domain_name': 'Default', 'project_id': '92b5555507a44db68e9c76540da1f8f1', 'project_name': 'tempest-AbsoluteLimitsTestJSON-1515118764', 'tenant_id': '92b5555507a44db68e9c76540da1f8f1', 'tenant_name': 'tempest-AbsoluteLimitsTestJSON-1515118764', 'user_domain_id': 'default', 'user_domain_name': 'Default', 'user_id': 'bdad8ae093ca4984b288a383e0140954', 'system': None}, Network: None, Subnet: None, Router: None
2025-02-12 05:40:07.089 63098 INFO tempest.lib.common.dynamic_creds [-] Created isolated network resources for: credentials: Credentials: {'domain_id': 'default', 'domain_name': 'Default', 'username': 'tempest-AbsoluteLimitsTestJSON-1515118764-project-member', 'project_domain_id': 'default', 'project_domain_name': 'Default', 'project_id': '92b5555507a44db68e9c76540da1f8f1', 'project_name': 'tempest-AbsoluteLimitsTestJSON-1515118764', 'tenant_id': '92b5555507a44db68e9c76540da1f8f1', 'tenant_name': 'tempest-AbsoluteLimitsTestJSON-1515118764', 'user_domain_id': 'default', 'user_domain_name': 'Default', 'user_id': 'bdad8ae093ca4984b288a383e0140954', 'system': None}, Network: None, Subnet: None, Router: None
2025-02-12 05:40:07.105 63120 INFO tempest.lib.common.rest_client [req-535e4d0b-d87f-4814-8e25-d274203600cb req-535e4d0b-d87f-4814-8e25-d274203600cb ] Request (FlavorsV2TestJSON:test_list_flavors_with_detail): 200 GET http://10.180.1.21/compute/v2.1/flavors/detail 1.571s
2025-02-12 05:40:07.128 63124 INFO tempest.lib.common.rest_client [req-54c5e3c2-b3f8-4b77-b49d-fd2dc5af8146 req-54c5e3c2-b3f8-4b77-b49d-fd2dc5af8146 ] Request (ServersAdmin275Test:_run_cleanups): 200 GET http://10.180.1.21/compute/v2.1/servers/a66775a2-de48-43b7-b71e-e3879dd77889 1.630s
2025-02-12 05:40:07.147 63124 INFO tempest.common.waiters [-] State transition "REBUILD/rebuilding" ==> "REBUILD/rebuild_spawning" after 3 second wait
2025-02-12 05:40:07.159 63084 INFO tempest.lib.common.rest_client [req-da8a0eb5-70cd-41dc-923e-8875dee337d6 req-da8a0eb5-70cd-41dc-923e-8875dee337d6 ] Request (ServerDiagnosticsNegativeTest:tearDownClass): 204 DELETE http://10.180.1.21/identity/v3/projects/6fec14e033764c779583af1f1ced0f1e 0.153s
2025-02-12 05:40:07.160 63112 INFO tempest.lib.common.rest_client [req-dcb62394-442c-4c5c-98eb-9b9bab519bc8 req-dcb62394-442c-4c5c-98eb-9b9bab519bc8 ] Request (FlavorsAdminTestJSON:test_is_public_string_variations): 200 GET http://10.180.1.21/compute/v2.1/flavors/detail?is_public=false 1.575s
2025-02-12 05:40:07.191 63094 INFO tempest.lib.common.rest_client [req-a3466927-2962-4a8a-aa53-16814762ecbc req-a3466927-2962-4a8a-aa53-16814762ecbc ] Request (KeyPairsV22TestJSON:_run_cleanups): 204 DELETE http://10.180.1.21/compute/v2.1/os-keypairs/tempest-keypair-107839777 1.557s
2025-02-12 05:40:07.214 63098 INFO tempest.lib.common.rest_client [req-68a8cdfb-ef5e-4596-8d08-f7bce61765e5 req-68a8cdfb-ef5e-4596-8d08-f7bce61765e5 ] Request (AbsoluteLimitsTestJSON:setUpClass): 201 POST http://10.180.1.21/identity/v3/auth/tokens 0.118s
2025-02-12 05:40:07.316 63084 INFO tempest.lib.common.rest_client [req-77a3dd60-42c4-4d64-aee8-885f199bfeee req-77a3dd60-42c4-4d64-aee8-885f199bfeee ] Request (ImagesMetadataTestJSON:setUpClass): 201 POST http://10.180.1.21/identity/v3/auth/tokens 0.155s
2025-02-12 05:40:07.329 63122 INFO tempest.lib.common.rest_client [req-4356aac5-c317-4118-a442-767979c9244e req-4356aac5-c317-4118-a442-767979c9244e ] Request (AggregatesAdminNegativeTestJSON:test_aggregate_remove_host_as_user): 200 POST http://10.180.1.21/compute/v2.1/os-aggregates/7/action 1.763s
2025-02-12 05:40:07.370 63084 INFO tempest.lib.common.rest_client [req-65215ea5-febb-4b1d-9417-db3d1a476e2b req-65215ea5-febb-4b1d-9417-db3d1a476e2b ] Request (ImagesMetadataTestJSON:setUpClass): 201 POST http://10.180.1.21/identity/v3/auth/tokens 0.052s
