2025-04-07 03:01:44.732 69668 INFO tempest.lib.common.rest_client [req-a27ff9f2-7c76-4f1f-b6c7-96f827734f81 req-a27ff9f2-7c76-4f1f-b6c7-96f827734f81 ] Request (ServersWithSpecificFlavorTestJSON:test_verify_created_server_ephemeral_disk): 200 GET http://10.180.1.21/compute/v2.1/servers/dbb21929-e58a-45a0-934c-7ba9d5e11d7f 0.299s
2025-04-07 03:01:44.786 69694 INFO tempest.lib.common.rest_client [req-c44d583a-3dd5-44fe-8b42-c7b5894597d7 req-c44d583a-3dd5-44fe-8b42-c7b5894597d7 ] Request (ServerRescueNegativeTestJSON:setUpClass): 200 GET http://10.180.1.21/compute/v2.1/servers/466c7ef8-b12c-43b5-a319-e377f9c8e116 0.343s
2025-04-07 03:01:44.812 69722 INFO tempest.lib.common.rest_client [req-25740055-205f-47f9-af20-4ccb651a7f23 req-25740055-205f-47f9-af20-4ccb651a7f23 ] Request (AbsoluteLimitsTestJSON:tearDownClass): 204 DELETE http://10.180.1.21/identity/v3/projects/d06370fc283c428d999786788b5b2067 0.087s
2025-04-07 03:01:44.814 69722 INFO tempest.test [-] raised in ServerStableDeviceRescueTest.setUpClass. Invoking tearDownClass.
2025-04-07 03:01:44.851 69702 INFO tempest.lib.common.rest_client [req-f4c43a50-0b33-452f-bb83-b903e786ac3c req-f4c43a50-0b33-452f-bb83-b903e786ac3c ] Request (MultipleCreateTestJSON:test_multiple_create): 200 GET http://10.180.1.21/compute/v2.1/servers/74adec6b-a6c9-49f3-b0ed-34da300f7716 0.355s
2025-04-07 03:01:44.906 69677 INFO tempest.lib.common.rest_client [req-c23506f6-6e29-48e2-9b1d-aa3d0f1018a7 req-c23506f6-6e29-48e2-9b1d-aa3d0f1018a7 ] Request (FloatingIPsAssociationTestJSON:setUpClass): 200 GET http://10.180.1.21/compute/v2.1/servers/84573f5a-acde-4392-92f2-e7c08096d250 0.406s
2025-04-07 03:01:44.920 69664 INFO tempest.lib.common.rest_client [req-3cb9caf1-758b-4180-9d1f-fa1653f8e2c6 req-3cb9caf1-758b-4180-9d1f-fa1653f8e2c6 ] Request (ServersTestJSON:setUpClass): 200 GET http://10.180.1.21/compute/v2.1/servers/d13c0ca5-442b-4b4a-9c6f-1bd08d796ce7 0.526s
2025-04-07 03:01:44.966 69672 INFO tempest.lib.common.rest_client [req-41d3af8b-4403-4b63-af70-ddb5bd398d3b req-41d3af8b-4403-4b63-af70-ddb5bd398d3b ] Request (ServerDiskConfigTestJSON:test_resize_server_from_auto_to_manual): 200 GET http://10.180.1.21/compute/v2.1/servers/5dc95d89-a3dd-465c-98c2-45b14febd162 0.426s
2025-04-07 03:01:44.980 69670 INFO tempest.lib.common.rest_client [req-6c58ff8f-bb14-4b09-b19c-91336982457a req-6c58ff8f-bb14-4b09-b19c-91336982457a ] Request (ListServerFiltersTestJSON:setUpClass): 200 GET http://10.180.1.21/compute/v2.1/servers/c739cbea-b664-4175-abd6-086363e47b89 0.415s
2025-04-07 03:01:45.040 69716 INFO tempest.lib.common.rest_client [req-4c9841f8-ffaf-440e-88a6-1d313b48ca62 req-4c9841f8-ffaf-440e-88a6-1d313b48ca62 ] Request (ServerMetadataNegativeTestJSON:setUpClass): 200 GET http://10.180.1.21/compute/v2.1/servers/b3c1b6cf-75d0-4917-a825-bc8c7176130d 0.442s
2025-04-07 03:01:45.109 69686 INFO tempest.lib.common.rest_client [req-389c96a1-0e76-486c-8215-e8424b7f932e req-389c96a1-0e76-486c-8215-e8424b7f932e ] Request (ServerDiagnosticsNegativeTest:tearDownClass): 200 GET http://10.180.1.21/compute/v2.1/servers/4ec14ece-7f42-4c2f-9f5b-c8ba74c432b6 0.432s
2025-04-07 03:01:45.165 69666 INFO tempest.lib.common.rest_client [req-aacdd7f0-e1ba-405e-9ec2-d672d7d8c401 req-aacdd7f0-e1ba-405e-9ec2-d672d7d8c401 ] Request (SecurityGroupsTestJSON:test_list_security_groups_by_server): 200 GET http://10.180.1.21/compute/v2.1/servers/f2980e1b-a580-4b7a-aa93-3bb7e4e725fe 0.417s
2025-04-07 03:01:45.215 69692 INFO tempest.lib.common.rest_client [req-b87a40ad-1b7d-48f7-8b99-feb8dd56d05a req-b87a40ad-1b7d-48f7-8b99-feb8dd56d05a ] Request (ServerAddressesTestJSON:setUpClass): 200 GET http://10.180.1.21/compute/v2.1/servers/0988bcff-d0ed-43cb-994b-e870b9866634 0.403s
2025-04-07 03:01:45.264 69688 INFO tempest.lib.common.rest_client [req-99bb3754-1b6a-4512-a648-ea8831c96dca req-99bb3754-1b6a-4512-a648-ea8831c96dca ] Request (DeleteServersTestJSON:test_delete_active_server): 200 GET http://10.180.1.21/compute/v2.1/servers/f973c546-9245-4da6-8eab-fd26e12ee0f4 0.390s
2025-04-07 03:01:45.321 69698 INFO tempest.lib.common.rest_client [req-7fa5f8c1-057d-4341-98bb-3eaec24cb64f req-7fa5f8c1-057d-4341-98bb-3eaec24cb64f ] Request (ServersListShow298Test:test_list_show_update_rebuild_server_298): 200 GET http://10.180.1.21/compute/v2.1/servers/47a7edf1-6b45-48af-b53a-4ab6f1990bff 0.372s
2025-04-07 03:01:45.332 69698 INFO tempest.common.waiters [-] State transition "REBUILD/rebuild_spawning" ==> "ACTIVE/None" after 11 second wait
2025-04-07 03:01:45.372 69678 INFO tempest.lib.common.rest_client [req-dda17bb0-b180-4b93-bdab-1192fa9b4fc7 req-dda17bb0-b180-4b93-bdab-1192fa9b4fc7 ] Request (ServerDiagnosticsTest:tearDownClass): 200 GET http://10.180.1.21/compute/v2.1/servers/a815a5c3-fe3d-48d1-aeba-0952420d5862 0.369s
2025-04-07 03:01:45.417 69700 INFO tempest.lib.common.rest_client [req-b2fc6ef2-bab1-4ba7-95f7-031649dcf94f req-b2fc6ef2-bab1-4ba7-95f7-031649dcf94f ] Request (ServersAdminTestJSON:test_inject_network_info): 200 GET http://10.180.1.21/compute/v2.1/servers/e9eb8cae-bb7a-4028-b685-867115e498ea 0.353s
2025-04-07 03:01:45.465 69718 INFO tempest.lib.common.rest_client [req-08ab6b8d-b984-4e18-86ca-c39601827a4c req-08ab6b8d-b984-4e18-86ca-c39601827a4c ] Request (ServerShowV254Test:tearDownClass): 200 GET http://10.180.1.21/compute/v2.1/servers/93e805a4-34c8-4c38-a068-201bac8f4db7 0.333s
2025-04-07 03:01:45.509 69682 INFO tempest.lib.common.rest_client [req-b3e1dd3a-492a-492a-bdaf-7829c65b94e4 req-b3e1dd3a-492a-492a-bdaf-7829c65b94e4 ] Request (AttachVolumeTestJSON:test_attach_detach_volume): 200 GET http://10.180.1.21/compute/v2.1/servers/ae499731-184c-4b63-9993-3d5b229df920 0.255s
2025-04-07 03:01:45.558 69675 INFO tempest.lib.common.rest_client [req-6db46bc2-563a-43e8-909f-536cf450961a req-6db46bc2-563a-43e8-909f-536cf450961a ] Request (MigrationsAdminTest:test_resize_server_revert_deleted_flavor): 200 GET http://10.180.1.21/compute/v2.1/servers/3c5a9b6f-ee7b-421b-bafe-4044a4c4e479 0.241s
2025-04-07 03:01:45.616 69698 INFO tempest.lib.common.rest_client [req-631bf6a2-fd49-46f2-aa41-21dca526de0b req-631bf6a2-fd49-46f2-aa41-21dca526de0b ] Request (ServersListShow298Test:tearDownClass): 204 DELETE http://10.180.1.21/compute/v2.1/servers/47a7edf1-6b45-48af-b53a-4ab6f1990bff 0.280s
2025-04-07 03:01:45.665 69690 INFO tempest.lib.common.rest_client [req-f6f4a8c9-dd4a-44d5-89ab-62783b65de6e req-f6f4a8c9-dd4a-44d5-89ab-62783b65de6e ] Request (DeleteServersAdminTestJSON:test_delete_server_while_in_error_state): 200 GET http://10.180.1.21/compute/v2.1/servers/f2499b0d-3142-48df-b283-2d8ff453c5ee 0.284s
2025-04-07 03:01:45.781 69708 INFO tempest.lib.common.rest_client [req-003ddba0-b4aa-472f-8c27-92a3179c28c0 req-003ddba0-b4aa-472f-8c27-92a3179c28c0 ] Request (ServersTestFqdnHostnames:test_create_server_with_fqdn_name): 200 GET http://10.180.1.21/compute/v2.1/servers/ed58d1cb-00ca-485c-bf44-65b15c7a1a5d 0.389s
2025-04-07 03:01:45.876 69696 INFO tempest.lib.common.rest_client [req-a50175f1-dffa-4049-8deb-a5a8a2b5209a req-a50175f1-dffa-4049-8deb-a5a8a2b5209a ] Request (ImagesTestJSON:test_create_image_from_suspended_server): 200 GET http://10.180.1.21/compute/v2.1/servers/4456d60a-cd3f-45c8-b48f-13f45531fea6 0.382s
2025-04-07 03:01:45.883 69696 INFO tempest.common.waiters [-] State transition "BUILD/spawning" ==> "ACTIVE/None" after 79 second wait
2025-04-07 03:01:45.932 69680 INFO tempest.lib.common.rest_client [req-c5132825-1d27-4c15-8b64-b9f60d525c03 req-c5132825-1d27-4c15-8b64-b9f60d525c03 ] Request (ImagesNegativeTestJSON:test_create_image_from_deleted_server): 200 GET http://10.180.1.21/compute/v2.1/servers/d6d2fa3f-94c3-4014-9ac1-b3c41a793c0d 0.356s
2025-04-07 03:01:45.984 69698 INFO tempest.lib.common.rest_client [req-a6e80afb-c74c-4415-9bef-8711c5e75de1 req-a6e80afb-c74c-4415-9bef-8711c5e75de1 ] Request (ServersListShow298Test:tearDownClass): 200 GET http://10.180.1.21/compute/v2.1/servers/47a7edf1-6b45-48af-b53a-4ab6f1990bff 0.367s
2025-04-07 03:01:46.035 69660 INFO tempest.lib.common.rest_client [req-c4de2f20-5d1b-4dce-bda9-843419fab5b3 req-c4de2f20-5d1b-4dce-bda9-843419fab5b3 ] Request (ServersAdminNegativeTestJSON:tearDownClass): 200 GET http://10.180.1.21/compute/v2.1/servers/6c78162d-a0fa-4a65-ac65-a2373e077764 0.389s
2025-04-07 03:01:46.116 69662 INFO tempest.lib.common.rest_client [req-f991daa0-fc23-4e7d-9254-87b1158135d3 req-f991daa0-fc23-4e7d-9254-87b1158135d3 ] Request (ServerPasswordTestJSON:setUpClass): 200 GET http://10.180.1.21/compute/v2.1/servers/d1dbafdb-3130-40f9-93dc-f56e3da1bbc0 0.437s
2025-04-07 03:01:46.123 69662 INFO tempest.common.waiters [-] State transition "BUILD/networking" ==> "BUILD/spawning" after 73 second wait
2025-04-07 03:01:46.160 69668 INFO tempest.lib.common.rest_client [req-7e978e51-440c-4a98-be23-3e0f7e49f851 req-7e978e51-440c-4a98-be23-3e0f7e49f851 ] Request (ServersWithSpecificFlavorTestJSON:test_verify_created_server_ephemeral_disk): 200 GET http://10.180.1.21/compute/v2.1/servers/dbb21929-e58a-45a0-934c-7ba9d5e11d7f 0.420s
2025-04-07 03:01:46.202 69694 INFO tempest.lib.common.rest_client [req-2e600705-1240-4897-8990-7a2f3888a285 req-2e600705-1240-4897-8990-7a2f3888a285 ] Request (ServerRescueNegativeTestJSON:setUpClass): 200 GET http://10.180.1.21/compute/v2.1/servers/466c7ef8-b12c-43b5-a319-e377f9c8e116 0.406s
2025-04-07 03:01:46.250 69702 INFO tempest.lib.common.rest_client [req-06869e99-2d8b-4f36-9eb4-da849ba6c097 req-06869e99-2d8b-4f36-9eb4-da849ba6c097 ] Request (MultipleCreateTestJSON:test_multiple_create): 200 GET http://10.180.1.21/compute/v2.1/servers/74adec6b-a6c9-49f3-b0ed-34da300f7716 0.388s
2025-04-07 03:01:46.329 69696 INFO tempest.lib.common.rest_client [req-9eee9a64-da6b-4985-b0d8-2de743c87d6e req-9eee9a64-da6b-4985-b0d8-2de743c87d6e ] Request (ImagesTestJSON:test_create_image_from_suspended_server): 202 POST http://10.180.1.21/compute/v2.1/servers/4456d60a-cd3f-45c8-b48f-13f45531fea6/action 0.445s
2025-04-07 03:01:46.390 69677 INFO tempest.lib.common.rest_client [req-82a1dd34-3f3d-4ead-89aa-4714596462e5 req-82a1dd34-3f3d-4ead-89aa-4714596462e5 ] Request (FloatingIPsAssociationTestJSON:setUpClass): 200 GET http://10.180.1.21/compute/v2.1/servers/84573f5a-acde-4392-92f2-e7c08096d250 0.475s
2025-04-07 03:01:46.442 69664 INFO tempest.lib.common.rest_client [req-ebce1072-7668-49bf-9ab2-72bec91c2900 req-ebce1072-7668-49bf-9ab2-72bec91c2900 ] Request (ServersTestJSON:setUpClass): 200 GET http://10.180.1.21/compute/v2.1/servers/d13c0ca5-442b-4b4a-9c6f-1bd08d796ce7 0.514s
2025-04-07 03:01:46.487 69672 INFO tempest.lib.common.rest_client [req-f81e734e-90d9-4383-9d3d-eb1133d9d673 req-f81e734e-90d9-4383-9d3d-eb1133d9d673 ] Request (ServerDiskConfigTestJSON:test_resize_server_from_auto_to_manual): 200 GET http://10.180.1.21/compute/v2.1/servers/5dc95d89-a3dd-465c-98c2-45b14febd162 0.508s
2025-04-07 03:01:46.537 69670 INFO tempest.lib.common.rest_client [req-2590642a-d544-47bf-85ff-5cd36b6d850f req-2590642a-d544-47bf-85ff-5cd36b6d850f ] Request (ListServerFiltersTestJSON:setUpClass): 200 GET http://10.180.1.21/compute/v2.1/servers/c739cbea-b664-4175-abd6-086363e47b89 0.545s
2025-04-07 03:01:46.579 69716 INFO tempest.lib.common.rest_client [req-f7d2b6f0-ac8b-4539-b616-bd971104fc41 req-f7d2b6f0-ac8b-4539-b616-bd971104fc41 ] Request (ServerMetadataNegativeTestJSON:setUpClass): 200 GET http://10.180.1.21/compute/v2.1/servers/b3c1b6cf-75d0-4917-a825-bc8c7176130d 0.531s
2025-04-07 03:01:46.632 69686 INFO tempest.lib.common.rest_client [req-a2cbf26c-0927-49b5-926f-af34bfdde2f1 req-a2cbf26c-0927-49b5-926f-af34bfdde2f1 ] Request (ServerDiagnosticsNegativeTest:tearDownClass): 200 GET http://10.180.1.21/compute/v2.1/servers/4ec14ece-7f42-4c2f-9f5b-c8ba74c432b6 0.514s
2025-04-07 03:01:46.679 69666 INFO tempest.lib.common.rest_client [req-ac484422-5966-4df1-8566-2cf2857003cf req-ac484422-5966-4df1-8566-2cf2857003cf ] Request (SecurityGroupsTestJSON:test_list_security_groups_by_server): 200 GET http://10.180.1.21/compute/v2.1/servers/f2980e1b-a580-4b7a-aa93-3bb7e4e725fe 0.505s
2025-04-07 03:01:46.733 69692 INFO tempest.lib.common.rest_client [req-50503fbd-f5e7-455e-bade-bab16cb5d34f req-50503fbd-f5e7-455e-bade-bab16cb5d34f ] Request (ServerAddressesTestJSON:setUpClass): 200 GET http://10.180.1.21/compute/v2.1/servers/0988bcff-d0ed-43cb-994b-e870b9866634 0.510s
2025-04-07 03:01:46.796 69688 INFO tempest.lib.common.rest_client [req-0d264e01-b688-493e-98e7-fdf207935791 req-0d264e01-b688-493e-98e7-fdf207935791 ] Request (DeleteServersTestJSON:test_delete_active_server): 200 GET http://10.180.1.21/compute/v2.1/servers/f973c546-9245-4da6-8eab-fd26e12ee0f4 0.524s
2025-04-07 03:01:46.902 69684 WARNING tempest.lib.common.ssh [-] Failed to establish authenticated ssh connection to cirros@10.180.180.181 ([Errno None] Unable to connect to port 22 on 10.180.180.181). Number attempts: 3. Retry after 4 seconds.: paramiko.ssh_exception.NoValidConnectionsError: [Errno None] Unable to connect to port 22 on 10.180.180.181
2025-04-07 03:01:46.933 69696 INFO tempest.lib.common.rest_client [req-b87bd595-41d3-4a8b-9f12-20148aea39a7 req-b87bd595-41d3-4a8b-9f12-20148aea39a7 ] Request (ImagesTestJSON:test_create_image_from_suspended_server): 200 GET http://10.180.1.21/compute/v2.1/servers/4456d60a-cd3f-45c8-b48f-13f45531fea6 0.604s
2025-04-07 03:01:46.983 69678 INFO tempest.lib.common.rest_client [req-7ece7caa-ef96-4ec1-8cfa-1a54b2ba6d90 req-7ece7caa-ef96-4ec1-8cfa-1a54b2ba6d90 ] Request (ServerDiagnosticsTest:tearDownClass): 404 GET http://10.180.1.21/compute/v2.1/servers/a815a5c3-fe3d-48d1-aeba-0952420d5862 0.603s
2025-04-07 03:01:47.053 69700 INFO tempest.lib.common.rest_client [req-73c95743-2c62-478a-97c5-f2c1a6698059 req-73c95743-2c62-478a-97c5-f2c1a6698059 ] Request (ServersAdminTestJSON:test_inject_network_info): 200 GET http://10.180.1.21/compute/v2.1/servers/e9eb8cae-bb7a-4028-b685-867115e498ea 0.628s
2025-04-07 03:01:47.100 69678 INFO tempest.lib.common.rest_client [req-b64d1af3-31ef-4859-afc6-33ca6312309d req-b64d1af3-31ef-4859-afc6-33ca6312309d ] Request (ServerDiagnosticsTest:tearDownClass): 204 DELETE http://10.180.1.21/identity/v3/users/59586d53523c495ca73a7b5e207d0a44 0.116s
2025-04-07 03:01:47.127 69718 INFO tempest.lib.common.rest_client [req-c6325967-eec0-4737-b9b4-f0c0485f6527 req-c6325967-eec0-4737-b9b4-f0c0485f6527 ] Request (ServerShowV254Test:tearDownClass): 200 GET http://10.180.1.21/compute/v2.1/servers/93e805a4-34c8-4c38-a068-201bac8f4db7 0.652s
2025-04-07 03:01:47.187 69682 INFO tempest.lib.common.rest_client [req-9db615ad-3212-417e-ade3-e7c9e80612b1 req-9db615ad-3212-417e-ade3-e7c9e80612b1 ] Request (AttachVolumeTestJSON:test_attach_detach_volume): 200 GET http://10.180.1.21/compute/v2.1/servers/ae499731-184c-4b63-9993-3d5b229df920 0.670s
2025-04-07 03:01:47.196 69678 INFO tempest.lib.common.rest_client [req-8e17bca5-09af-4c03-b27b-779550509a3c req-8e17bca5-09af-4c03-b27b-779550509a3c ] Request (ServerDiagnosticsTest:tearDownClass): 204 DELETE http://10.180.1.21/identity/v3/users/86d12b8821644f70afa0d5e204c5ed15 0.096s
2025-04-07 03:01:47.196 69678 INFO tempest.lib.common.dynamic_creds [-] Deleting project and security group for project: 5832b88780c345b587ae22f3c4f2b508
2025-04-07 03:01:47.246 69675 INFO tempest.lib.common.rest_client [req-506ec4cd-2a96-486a-95c6-5b0254847aec req-506ec4cd-2a96-486a-95c6-5b0254847aec ] Request (MigrationsAdminTest:test_resize_server_revert_deleted_flavor): 200 GET http://10.180.1.21/compute/v2.1/servers/3c5a9b6f-ee7b-421b-bafe-4044a4c4e479 0.680s
2025-04-07 03:01:47.273 69678 INFO tempest.lib.common.rest_client [req-520d0265-17f2-4a8b-a8e6-42b5161356fc req-520d0265-17f2-4a8b-a8e6-42b5161356fc ] Request (ServerDiagnosticsTest:tearDownClass): 201 POST http://10.180.1.21/identity/v3/auth/tokens 0.076s
2025-04-07 03:01:47.310 69690 INFO tempest.lib.common.rest_client [req-f3ada6ac-6b9e-4429-82dd-72b4ba277924 req-f3ada6ac-6b9e-4429-82dd-72b4ba277924 ] Request (DeleteServersAdminTestJSON:test_delete_server_while_in_error_state): 200 GET http://10.180.1.21/compute/v2.1/servers/f2499b0d-3142-48df-b283-2d8ff453c5ee 0.637s
2025-04-07 03:01:47.353 69678 INFO tempest.lib.common.rest_client [req-f67045e6-d55e-4eb3-9926-293080843942 req-f67045e6-d55e-4eb3-9926-293080843942 ] Request (ServerDiagnosticsTest:tearDownClass): 200 GET http://10.180.1.21:9696/networking/v2.0/security-groups?tenant_id=5832b88780c345b587ae22f3c4f2b508&name=default 0.080s
2025-04-07 03:01:47.398 69708 INFO tempest.lib.common.rest_client [req-cf706972-5eba-4115-b65d-14ffb7953797 req-cf706972-5eba-4115-b65d-14ffb7953797 ] Request (ServersTestFqdnHostnames:test_create_server_with_fqdn_name): 200 GET http://10.180.1.21/compute/v2.1/servers/ed58d1cb-00ca-485c-bf44-65b15c7a1a5d 0.609s
2025-04-07 03:01:47.438 69678 INFO tempest.lib.common.rest_client [req-76d81cf1-7af2-4c5c-86ba-14ce891794b5 req-76d81cf1-7af2-4c5c-86ba-14ce891794b5 ] Request (ServerDiagnosticsTest:tearDownClass): 204 DELETE http://10.180.1.21:9696/networking/v2.0/security-groups/27982dea-837a-4c1e-9156-3d58e216d3b7 0.085s
2025-04-07 03:01:47.452 69680 INFO tempest.lib.common.rest_client [req-f3df4b39-9350-42be-b974-7c163f288ac0 req-f3df4b39-9350-42be-b974-7c163f288ac0 ] Request (ImagesNegativeTestJSON:test_create_image_from_deleted_server): 200 GET http://10.180.1.21/compute/v2.1/servers/d6d2fa3f-94c3-4014-9ac1-b3c41a793c0d 0.512s
2025-04-07 03:01:47.502 69678 INFO tempest.lib.common.rest_client [req-9845bb0f-3958-4e0e-ad16-b85da9a871f9 req-9845bb0f-3958-4e0e-ad16-b85da9a871f9 ] Request (ServerDiagnosticsTest:tearDownClass): 204 DELETE http://10.180.1.21/identity/v3/projects/5832b88780c345b587ae22f3c4f2b508 0.063s
2025-04-07 03:01:47.503 69678 INFO tempest.lib.common.dynamic_creds [-] Deleting project and security group for project: 857b1c28fbff4c3c908244f095fee912
2025-04-07 03:01:47.509 69698 INFO tempest.lib.common.rest_client [req-cd385935-4147-4452-abf4-23c87d7d6555 req-cd385935-4147-4452-abf4-23c87d7d6555 ] Request (ServersListShow298Test:tearDownClass): 200 GET http://10.180.1.21/compute/v2.1/servers/47a7edf1-6b45-48af-b53a-4ab6f1990bff 0.513s
2025-04-07 03:01:47.564 69660 INFO tempest.lib.common.rest_client [req-e523337d-7537-4041-86b4-8494cd6c7e7f req-e523337d-7537-4041-86b4-8494cd6c7e7f ] Request (ServersAdminNegativeTestJSON:tearDownClass): 200 GET http://10.180.1.21/compute/v2.1/servers/6c78162d-a0fa-4a65-ac65-a2373e077764 0.521s
2025-04-07 03:01:47.646 69662 INFO tempest.lib.common.rest_client [req-88d7fd40-d399-4344-997e-1db9ce516313 req-88d7fd40-d399-4344-997e-1db9ce516313 ] Request (ServerPasswordTestJSON:setUpClass): 200 GET http://10.180.1.21/compute/v2.1/servers/d1dbafdb-3130-40f9-93dc-f56e3da1bbc0 0.522s
2025-04-07 03:01:47.663 69678 INFO tempest.lib.common.rest_client [req-c01e250a-baff-45ac-bbc6-4922864ac83a req-c01e250a-baff-45ac-bbc6-4922864ac83a ] Request (ServerDiagnosticsTest:tearDownClass): 200 GET http://10.180.1.21:9696/networking/v2.0/security-groups?tenant_id=857b1c28fbff4c3c908244f095fee912&name=default 0.160s
2025-04-07 03:01:47.699 69668 INFO tempest.lib.common.rest_client [req-7ddecf8c-9c1b-487d-a6f2-209f07fb71a9 req-7ddecf8c-9c1b-487d-a6f2-209f07fb71a9 ] Request (ServersWithSpecificFlavorTestJSON:test_verify_created_server_ephemeral_disk): 200 GET http://10.180.1.21/compute/v2.1/servers/dbb21929-e58a-45a0-934c-7ba9d5e11d7f 0.530s
2025-04-07 03:01:47.746 69694 INFO tempest.lib.common.rest_client [req-3e62575f-1385-4252-b27b-98a193682206 req-3e62575f-1385-4252-b27b-98a193682206 ] Request (ServerRescueNegativeTestJSON:setUpClass): 200 GET http://10.180.1.21/compute/v2.1/servers/466c7ef8-b12c-43b5-a319-e377f9c8e116 0.536s
2025-04-07 03:01:47.751 69678 INFO tempest.lib.common.rest_client [req-6b4c9bde-62c0-4f8f-948c-c271cc739d78 req-6b4c9bde-62c0-4f8f-948c-c271cc739d78 ] Request (ServerDiagnosticsTest:tearDownClass): 204 DELETE http://10.180.1.21:9696/networking/v2.0/security-groups/9a745ef2-50f1-474b-a072-aeb2ba462f76 0.088s
2025-04-07 03:01:47.796 69702 INFO tempest.lib.common.rest_client [req-6e319e2a-f471-48dd-836a-dea5a3cbccb8 req-6e319e2a-f471-48dd-836a-dea5a3cbccb8 ] Request (MultipleCreateTestJSON:test_multiple_create): 200 GET http://10.180.1.21/compute/v2.1/servers/74adec6b-a6c9-49f3-b0ed-34da300f7716 0.537s
2025-04-07 03:01:47.837 69678 INFO tempest.lib.common.rest_client [req-85ba6bb4-8f4f-4e98-abf7-a6ce4af8e2f2 req-85ba6bb4-8f4f-4e98-abf7-a6ce4af8e2f2 ] Request (ServerDiagnosticsTest:tearDownClass): 204 DELETE http://10.180.1.21/identity/v3/projects/857b1c28fbff4c3c908244f095fee912 0.084s
2025-04-07 03:01:47.851 69677 INFO tempest.lib.common.rest_client [req-e1c83c54-f2b2-46ca-9aac-07e5c1ce92a2 req-e1c83c54-f2b2-46ca-9aac-07e5c1ce92a2 ] Request (FloatingIPsAssociationTestJSON:setUpClass): 200 GET http://10.180.1.21/compute/v2.1/servers/84573f5a-acde-4392-92f2-e7c08096d250 0.453s
2025-04-07 03:01:47.900 69664 INFO tempest.lib.common.rest_client [req-d75e84fa-1d4c-4c08-8a36-e4123db89ceb req-d75e84fa-1d4c-4c08-8a36-e4123db89ceb ] Request (ServersTestJSON:setUpClass): 200 GET http://10.180.1.21/compute/v2.1/servers/d13c0ca5-442b-4b4a-9c6f-1bd08d796ce7 0.450s
2025-04-07 03:01:47.905 69678 INFO tempest.lib.common.rest_client [req-cf4cbc51-2e27-4b32-bee4-e75ef9dca8c8 req-cf4cbc51-2e27-4b32-bee4-e75ef9dca8c8 ] Request (VolumesNegativeTest:setUpClass): 201 POST http://10.180.1.21/identity/v3/auth/tokens 0.066s
2025-04-07 03:01:47.935 69678 INFO tempest.lib.common.rest_client [req-595dc73d-d14e-4c2c-8128-cc35990fc0df req-595dc73d-d14e-4c2c-8128-cc35990fc0df ] Request (VolumesNegativeTest:setUpClass): 201 POST http://10.180.1.21/identity/v3/auth/tokens 0.027s
2025-04-07 03:01:47.949 69672 INFO tempest.lib.common.rest_client [req-fc8b2a81-f157-4d7f-842b-7081d2251b16 req-fc8b2a81-f157-4d7f-842b-7081d2251b16 ] Request (ServerDiskConfigTestJSON:test_resize_server_from_auto_to_manual): 200 GET http://10.180.1.21/compute/v2.1/servers/5dc95d89-a3dd-465c-98c2-45b14febd162 0.451s
2025-04-07 03:01:47.960 69678 INFO tempest.lib.common.rest_client [req-b487421e-ee92-4ddc-82ac-b437eb00d21a req-b487421e-ee92-4ddc-82ac-b437eb00d21a ] Request (VolumesNegativeTest:setUpClass): 200 GET http://10.180.1.21/identity/v3/domains?name=Default 0.025s
2025-04-07 03:01:47.990 69678 INFO tempest.lib.common.rest_client [req-87f54e84-ef1b-43f8-b06c-4dbb576e76e1 req-87f54e84-ef1b-43f8-b06c-4dbb576e76e1 ] Request (VolumesNegativeTest:setUpClass): 201 POST http://10.180.1.21/identity/v3/projects 0.029s
2025-04-07 03:01:47.995 69670 INFO tempest.lib.common.rest_client [req-c9000323-67b9-4b7b-99d5-dec3d308230f req-c9000323-67b9-4b7b-99d5-dec3d308230f ] Request (ListServerFiltersTestJSON:setUpClass): 200 GET http://10.180.1.21/compute/v2.1/servers/c739cbea-b664-4175-abd6-086363e47b89 0.450s
2025-04-07 03:01:48.041 69678 INFO tempest.lib.common.rest_client [req-5e6f261b-8da9-4e38-8d9b-ff5fd91253cc req-5e6f261b-8da9-4e38-8d9b-ff5fd91253cc ] Request (VolumesNegativeTest:setUpClass): 201 POST http://10.180.1.21/identity/v3/users 0.051s
2025-04-07 03:01:48.042 69716 INFO tempest.lib.common.rest_client [req-a57ebd8c-291a-4359-a74c-f34be640210b req-a57ebd8c-291a-4359-a74c-f34be640210b ] Request (ServerMetadataNegativeTestJSON:setUpClass): 200 GET http://10.180.1.21/compute/v2.1/servers/b3c1b6cf-75d0-4917-a825-bc8c7176130d 0.456s
2025-04-07 03:01:48.063 69678 INFO tempest.lib.common.rest_client [req-7c374297-b8c4-4744-b6b9-11a5a23a89a3 req-7c374297-b8c4-4744-b6b9-11a5a23a89a3 ] Request (VolumesNegativeTest:setUpClass): 200 GET http://10.180.1.21/identity/v3/roles 0.022s
2025-04-07 03:01:48.088 69678 INFO tempest.lib.common.rest_client [req-84723b0c-2447-4a5c-a788-d17d1ecfc2e7 req-84723b0c-2447-4a5c-a788-d17d1ecfc2e7 ] Request (VolumesNegativeTest:setUpClass): 204 PUT http://10.180.1.21/identity/v3/projects/698a9e17891d48a6bfcef0d99698731b/users/a68495b9a96e45908698735738beb2d9/roles/6b4006e4020c44e79432b46243f378f2 0.024s
2025-04-07 03:01:48.088 69678 INFO tempest.lib.common.dynamic_creds [-] Dynamic test user a68495b9a96e45908698735738beb2d9 is created with scope project and roles: ['member']
2025-04-07 03:01:48.088 69678 INFO tempest.lib.common.dynamic_creds [-] Acquired dynamic creds: credentials: Credentials: {'domain_id': 'default', 'domain_name': 'Default', 'username': 'tempest-VolumesNegativeTest-1746486567-project-member', 'project_domain_id': 'default', 'project_domain_name': 'Default', 'project_id': '698a9e17891d48a6bfcef0d99698731b', 'project_name': 'tempest-VolumesNegativeTest-1746486567', 'tenant_id': '698a9e17891d48a6bfcef0d99698731b', 'tenant_name': 'tempest-VolumesNegativeTest-1746486567', 'user_domain_id': 'default', 'user_domain_name': 'Default', 'user_id': 'a68495b9a96e45908698735738beb2d9', 'system': None}, Network: None, Subnet: None, Router: None
2025-04-07 03:01:48.088 69678 INFO tempest.lib.common.dynamic_creds [-] Created isolated network resources for: credentials: Credentials: {'domain_id': 'default', 'domain_name': 'Default', 'username': 'tempest-VolumesNegativeTest-1746486567-project-member', 'project_domain_id': 'default', 'project_domain_name': 'Default', 'project_id': '698a9e17891d48a6bfcef0d99698731b', 'project_name': 'tempest-VolumesNegativeTest-1746486567', 'tenant_id': '698a9e17891d48a6bfcef0d99698731b', 'tenant_name': 'tempest-VolumesNegativeTest-1746486567', 'user_domain_id': 'default', 'user_domain_name': 'Default', 'user_id': 'a68495b9a96e45908698735738beb2d9', 'system': None}, Network: None, Subnet: None, Router: None
2025-04-07 03:01:48.099 69686 INFO tempest.lib.common.rest_client [req-5ba5b160-e62a-4b64-b26f-e4d455351e97 req-5ba5b160-e62a-4b64-b26f-e4d455351e97 ] Request (ServerDiagnosticsNegativeTest:tearDownClass): 200 GET http://10.180.1.21/compute/v2.1/servers/4ec14ece-7f42-4c2f-9f5b-c8ba74c432b6 0.459s
2025-04-07 03:01:48.151 69666 INFO tempest.lib.common.rest_client [req-86967cd1-a3b0-4f23-9e24-e8d4b1ddb8f9 req-86967cd1-a3b0-4f23-9e24-e8d4b1ddb8f9 ] Request (SecurityGroupsTestJSON:test_list_security_groups_by_server): 200 GET http://10.180.1.21/compute/v2.1/servers/f2980e1b-a580-4b7a-aa93-3bb7e4e725fe 0.463s
2025-04-07 03:01:48.156 69678 INFO tempest.lib.common.rest_client [req-be367ce2-a895-4895-be77-698971609969 req-be367ce2-a895-4895-be77-698971609969 ] Request (VolumesNegativeTest:setUpClass): 201 POST http://10.180.1.21/identity/v3/auth/tokens 0.064s
2025-04-07 03:01:48.200 69692 INFO tempest.lib.common.rest_client [req-8aaa7743-1970-4b20-ac10-c49f7922ea08 req-8aaa7743-1970-4b20-ac10-c49f7922ea08 ] Request (ServerAddressesTestJSON:setUpClass): 200 GET http://10.180.1.21/compute/v2.1/servers/0988bcff-d0ed-43cb-994b-e870b9866634 0.448s
2025-04-07 03:01:48.246 69688 INFO tempest.lib.common.rest_client [req-22b98f34-f754-4997-b91c-72a21ecafbe3 req-22b98f34-f754-4997-b91c-72a21ecafbe3 ] Request (DeleteServersTestJSON:test_delete_active_server): 200 GET http://10.180.1.21/compute/v2.1/servers/f973c546-9245-4da6-8eab-fd26e12ee0f4 0.440s
2025-04-07 03:01:48.414 69696 INFO tempest.lib.common.rest_client [req-8e7ed8b9-3ecc-4ac2-8412-9615f449336d req-8e7ed8b9-3ecc-4ac2-8412-9615f449336d ] Request (ImagesTestJSON:test_create_image_from_suspended_server): 200 GET http://10.180.1.21/compute/v2.1/servers/4456d60a-cd3f-45c8-b48f-13f45531fea6 0.472s
2025-04-07 03:01:48.428 69696 INFO tempest.common.waiters [-] State transition "ACTIVE/suspending" ==> "SUSPENDED/None" after 2 second wait
2025-04-07 03:01:48.470 69700 INFO tempest.lib.common.rest_client [req-dd52169e-0350-40dd-9145-76fdf7ed5cc5 req-dd52169e-0350-40dd-9145-76fdf7ed5cc5 ] Request (ServersAdminTestJSON:test_inject_network_info): 200 GET http://10.180.1.21/compute/v2.1/servers/e9eb8cae-bb7a-4028-b685-867115e498ea 0.405s
2025-04-07 03:01:48.533 69718 INFO tempest.lib.common.rest_client [req-4ed849e8-d1a9-4c14-b8fe-e57a60493c1a req-4ed849e8-d1a9-4c14-b8fe-e57a60493c1a ] Request (ServerShowV254Test:tearDownClass): 200 GET http://10.180.1.21/compute/v2.1/servers/93e805a4-34c8-4c38-a068-201bac8f4db7 0.396s
2025-04-07 03:01:48.595 69678 INFO tempest.lib.common.rest_client [req-6d1dca3e-e0e5-4b14-851f-f4265455d737 req-6d1dca3e-e0e5-4b14-851f-f4265455d737 ] Request (VolumesNegativeTest:test_create_volume_with_invalid_size): 400 POST http://10.180.1.21/compute/v2.1/os-volumes 0.437s
2025-04-07 03:01:48.650 69682 INFO tempest.lib.common.rest_client [req-b8916863-f9b4-4a24-8deb-33f110ac82cb req-b8916863-f9b4-4a24-8deb-33f110ac82cb ] Request (AttachVolumeTestJSON:test_attach_detach_volume): 200 GET http://10.180.1.21/compute/v2.1/servers/ae499731-184c-4b63-9993-3d5b229df920 0.454s
2025-04-07 03:01:48.692 69675 INFO tempest.lib.common.rest_client [req-23cbed82-2588-4cfd-9289-0e824c621a87 req-23cbed82-2588-4cfd-9289-0e824c621a87 ] Request (MigrationsAdminTest:test_resize_server_revert_deleted_flavor): 200 GET http://10.180.1.21/compute/v2.1/servers/3c5a9b6f-ee7b-421b-bafe-4044a4c4e479 0.437s
2025-04-07 03:01:48.737 69690 INFO tempest.lib.common.rest_client [req-b19ff6f8-7d46-4be5-8030-5ce2b4c23678 req-b19ff6f8-7d46-4be5-8030-5ce2b4c23678 ] Request (DeleteServersAdminTestJSON:test_delete_server_while_in_error_state): 200 GET http://10.180.1.21/compute/v2.1/servers/f2499b0d-3142-48df-b283-2d8ff453c5ee 0.418s
2025-04-07 03:01:48.813 69708 INFO tempest.lib.common.rest_client [req-c90b307e-5fd3-4be6-ac36-8e39b277de6a req-c90b307e-5fd3-4be6-ac36-8e39b277de6a ] Request (ServersTestFqdnHostnames:test_create_server_with_fqdn_name): 200 GET http://10.180.1.21/compute/v2.1/servers/ed58d1cb-00ca-485c-bf44-65b15c7a1a5d 0.407s
2025-04-07 03:01:48.820 69708 INFO tempest.common.waiters [-] State transition "BUILD/spawning" ==> "ACTIVE/None" after 77 second wait
2025-04-07 03:01:49.196 69696 INFO tempest.lib.common.rest_client [req-781fe11c-f7a8-4d30-bb54-294d1f5f99c5 req-781fe11c-f7a8-4d30-bb54-294d1f5f99c5 ] Request (ImagesTestJSON:test_create_image_from_suspended_server): 202 POST http://10.180.1.21/compute/v2.1/servers/4456d60a-cd3f-45c8-b48f-13f45531fea6/action 0.768s
2025-04-07 03:01:49.258 69680 INFO tempest.lib.common.rest_client [req-20a67825-49b8-4181-aeb6-a6250a61f028 req-20a67825-49b8-4181-aeb6-a6250a61f028 ] Request (ImagesNegativeTestJSON:test_create_image_from_deleted_server): 200 GET http://10.180.1.21/compute/v2.1/servers/d6d2fa3f-94c3-4014-9ac1-b3c41a793c0d 0.793s
2025-04-07 03:01:49.312 69698 INFO tempest.lib.common.rest_client [req-6f310a1b-8edb-46e0-a404-31b8a71253f2 req-6f310a1b-8edb-46e0-a404-31b8a71253f2 ] Request (ServersListShow298Test:tearDownClass): 200 GET http://10.180.1.21/compute/v2.1/servers/47a7edf1-6b45-48af-b53a-4ab6f1990bff 0.792s
2025-04-07 03:01:49.361 69660 INFO tempest.lib.common.rest_client [req-373970a3-65da-47d1-b769-559600d69670 req-373970a3-65da-47d1-b769-559600d69670 ] Request (ServersAdminNegativeTestJSON:tearDownClass): 200 GET http://10.180.1.21/compute/v2.1/servers/6c78162d-a0fa-4a65-ac65-a2373e077764 0.789s
2025-04-07 03:01:49.367 69678 INFO tempest.lib.common.rest_client [req-1e04eb01-5bd1-458a-b4c8-0067e579b610 req-1e04eb01-5bd1-458a-b4c8-0067e579b610 ] Request (VolumesNegativeTest:test_create_volume_with_size_zero): 400 POST http://10.180.1.21/compute/v2.1/os-volumes 0.770s
2025-04-07 03:01:49.460 69662 INFO tempest.lib.common.rest_client [req-de8950af-df67-4a51-ac94-6cfa77ccb712 req-de8950af-df67-4a51-ac94-6cfa77ccb712 ] Request (ServerPasswordTestJSON:setUpClass): 200 GET http://10.180.1.21/compute/v2.1/servers/d1dbafdb-3130-40f9-93dc-f56e3da1bbc0 0.803s
2025-04-07 03:01:49.505 69668 INFO tempest.lib.common.rest_client [req-1e56bc30-2909-4501-a4cc-5dcd9fe200ce req-1e56bc30-2909-4501-a4cc-5dcd9fe200ce ] Request (ServersWithSpecificFlavorTestJSON:test_verify_created_server_ephemeral_disk): 200 GET http://10.180.1.21/compute/v2.1/servers/dbb21929-e58a-45a0-934c-7ba9d5e11d7f 0.797s
2025-04-07 03:01:49.545 69694 INFO tempest.lib.common.rest_client [req-481d1784-005d-4ceb-b0fb-90ad359024d1 req-481d1784-005d-4ceb-b0fb-90ad359024d1 ] Request (ServerRescueNegativeTestJSON:setUpClass): 200 GET http://10.180.1.21/compute/v2.1/servers/466c7ef8-b12c-43b5-a319-e377f9c8e116 0.791s
2025-04-07 03:01:49.587 69702 INFO tempest.lib.common.rest_client [req-3b12eae8-e667-4ea0-b5c4-9c9436bdab69 req-3b12eae8-e667-4ea0-b5c4-9c9436bdab69 ] Request (MultipleCreateTestJSON:test_multiple_create): 200 GET http://10.180.1.21/compute/v2.1/servers/74adec6b-a6c9-49f3-b0ed-34da300f7716 0.784s
2025-04-07 03:01:49.635 69708 INFO tempest.lib.common.rest_client [req-1d4d081f-f7aa-462a-a65e-bbefdd41278b req-1d4d081f-f7aa-462a-a65e-bbefdd41278b ] Request (ServersTestFqdnHostnames:test_create_server_with_fqdn_name): 200 GET http://10.180.1.21/compute/v2.1/servers/ed58d1cb-00ca-485c-bf44-65b15c7a1a5d/os-interface 0.814s
2025-04-07 03:01:49.698 69677 INFO tempest.lib.common.rest_client [req-265293b2-f95c-42ac-b71f-6918467fba16 req-265293b2-f95c-42ac-b71f-6918467fba16 ] Request (FloatingIPsAssociationTestJSON:setUpClass): 200 GET http://10.180.1.21/compute/v2.1/servers/84573f5a-acde-4392-92f2-e7c08096d250 0.839s
2025-04-07 03:01:49.705 69677 INFO tempest.common.waiters [-] State transition "BUILD/None" ==> "BUILD/networking" after 74 second wait
2025-04-07 03:01:49.758 69664 INFO tempest.lib.common.rest_client [req-c5843c5a-076c-48ea-9e6a-7bd6d588a409 req-c5843c5a-076c-48ea-9e6a-7bd6d588a409 ] Request (ServersTestJSON:setUpClass): 200 GET http://10.180.1.21/compute/v2.1/servers/d13c0ca5-442b-4b4a-9c6f-1bd08d796ce7 0.848s
2025-04-07 03:01:49.813 69672 INFO tempest.lib.common.rest_client [req-7aee3b41-adca-49d9-a69f-8786c3fca0a2 req-7aee3b41-adca-49d9-a69f-8786c3fca0a2 ] Request (ServerDiskConfigTestJSON:test_resize_server_from_auto_to_manual): 200 GET http://10.180.1.21/compute/v2.1/servers/5dc95d89-a3dd-465c-98c2-45b14febd162 0.854s
2025-04-07 03:01:49.910 69670 INFO tempest.lib.common.rest_client [req-273251de-e839-4d3b-8b64-7db7eb3177cb req-273251de-e839-4d3b-8b64-7db7eb3177cb ] Request (ListServerFiltersTestJSON:setUpClass): 200 GET http://10.180.1.21/compute/v2.1/servers/c739cbea-b664-4175-abd6-086363e47b89 0.904s
2025-04-07 03:01:49.971 69716 INFO tempest.lib.common.rest_client [req-8c7b486f-50a7-4812-a632-e9f89ab88b11 req-8c7b486f-50a7-4812-a632-e9f89ab88b11 ] Request (ServerMetadataNegativeTestJSON:setUpClass): 200 GET http://10.180.1.21/compute/v2.1/servers/b3c1b6cf-75d0-4917-a825-bc8c7176130d 0.920s
2025-04-07 03:01:50.050 69686 INFO tempest.lib.common.rest_client [req-1c85f04b-277b-46b6-babe-782c1d7c96cc req-1c85f04b-277b-46b6-babe-782c1d7c96cc ] Request (ServerDiagnosticsNegativeTest:tearDownClass): 200 GET http://10.180.1.21/compute/v2.1/servers/4ec14ece-7f42-4c2f-9f5b-c8ba74c432b6 0.944s
2025-04-07 03:01:50.106 69666 INFO tempest.lib.common.rest_client [req-23b40f81-f69c-48fe-ab2c-c6cd397e9725 req-23b40f81-f69c-48fe-ab2c-c6cd397e9725 ] Request (SecurityGroupsTestJSON:test_list_security_groups_by_server): 200 GET http://10.180.1.21/compute/v2.1/servers/f2980e1b-a580-4b7a-aa93-3bb7e4e725fe 0.947s
2025-04-07 03:01:50.137 69696 INFO tempest.lib.common.rest_client [req-9cc3b1f5-d392-4fc2-80f0-7c2b11c2af24 req-9cc3b1f5-d392-4fc2-80f0-7c2b11c2af24 ] Request (ImagesTestJSON:test_create_image_from_suspended_server): 200 GET http://10.180.1.21/compute/v2.1/images/792791d1-4782-47a5-a653-2eda140f7b6d 0.939s
2025-04-07 03:01:50.195 69692 INFO tempest.lib.common.rest_client [req-24c1dddc-aa57-4e2c-8da9-f364203359ec req-24c1dddc-aa57-4e2c-8da9-f364203359ec ] Request (ServerAddressesTestJSON:setUpClass): 200 GET http://10.180.1.21/compute/v2.1/servers/0988bcff-d0ed-43cb-994b-e870b9866634 0.987s
2025-04-07 03:01:50.249 69688 INFO tempest.lib.common.rest_client [req-7e7f038a-9981-4f16-a497-57ccd1c848a8 req-7e7f038a-9981-4f16-a497-57ccd1c848a8 ] Request (DeleteServersTestJSON:test_delete_active_server): 200 GET http://10.180.1.21/compute/v2.1/servers/f973c546-9245-4da6-8eab-fd26e12ee0f4 0.996s
2025-04-07 03:01:50.256 69678 INFO tempest.lib.common.rest_client [req-28e9921a-41b6-415a-9aca-33eef01214fe req-28e9921a-41b6-415a-9aca-33eef01214fe ] Request (VolumesNegativeTest:test_create_volume_without_passing_size): 400 POST http://10.180.1.21/compute/v2.1/os-volumes 0.888s
2025-04-07 03:01:50.309 69700 INFO tempest.lib.common.rest_client [req-4dca2cea-a8ab-4fba-be5e-66215ab96389 req-4dca2cea-a8ab-4fba-be5e-66215ab96389 ] Request (ServersAdminTestJSON:test_inject_network_info): 200 GET http://10.180.1.21/compute/v2.1/servers/e9eb8cae-bb7a-4028-b685-867115e498ea 0.827s
2025-04-07 03:01:50.380 69718 INFO tempest.lib.common.rest_client [req-373fba33-f533-4700-9a17-eb3382848db3 req-373fba33-f533-4700-9a17-eb3382848db3 ] Request (ServerShowV254Test:tearDownClass): 200 GET http://10.180.1.21/compute/v2.1/servers/93e805a4-34c8-4c38-a068-201bac8f4db7 0.835s
2025-04-07 03:01:50.399 69708 INFO tempest.lib.common.rest_client [req-6f39d6f7-42ae-4c6f-991d-b3c10766276b req-6f39d6f7-42ae-4c6f-991d-b3c10766276b ] Request (ServersTestFqdnHostnames:test_create_server_with_fqdn_name): 200 PUT http://10.180.1.21:9696/networking/v2.0/floatingips/3ffd573c-b360-46e7-930b-0f4714d52388 0.762s
2025-04-07 03:01:50.400 69708 INFO tempest.lib.common.ssh [-] Creating ssh connection to '10.180.180.144:22' as 'cirros' with public key authentication
2025-04-07 03:01:50.429 69682 INFO tempest.lib.common.rest_client [req-ec1ff966-1bf9-42d8-99fd-88615a7ca0dd req-ec1ff966-1bf9-42d8-99fd-88615a7ca0dd ] Request (AttachVolumeTestJSON:test_attach_detach_volume): 200 GET http://10.180.1.21/compute/v2.1/servers/ae499731-184c-4b63-9993-3d5b229df920 0.771s
2025-04-07 03:01:50.490 69675 INFO tempest.lib.common.rest_client [req-e29218bd-2985-4a43-8402-95bbd0ea98e1 req-e29218bd-2985-4a43-8402-95bbd0ea98e1 ] Request (MigrationsAdminTest:test_resize_server_revert_deleted_flavor): 200 GET http://10.180.1.21/compute/v2.1/servers/3c5a9b6f-ee7b-421b-bafe-4044a4c4e479 0.790s
2025-04-07 03:01:50.560 69690 INFO tempest.lib.common.rest_client [req-8275c57d-b286-4644-b233-cb8168febcc9 req-8275c57d-b286-4644-b233-cb8168febcc9 ] Request (DeleteServersAdminTestJSON:test_delete_server_while_in_error_state): 200 GET http://10.180.1.21/compute/v2.1/servers/f2499b0d-3142-48df-b283-2d8ff453c5ee 0.815s
2025-04-07 03:01:50.622 69678 INFO tempest.lib.common.rest_client [req-1b0327a6-29eb-4423-9219-62227efe1188 req-1b0327a6-29eb-4423-9219-62227efe1188 ] Request (VolumesNegativeTest:test_delete_invalid_volume_id): 404 DELETE http://10.180.1.21/compute/v2.1/os-volumes/tempest-invalid-590787576 0.364s
2025-04-07 03:01:50.685 69680 INFO tempest.lib.common.rest_client [req-4cc46577-8f53-46e8-ab3f-7aa52adf86b3 req-4cc46577-8f53-46e8-ab3f-7aa52adf86b3 ] Request (ImagesNegativeTestJSON:test_create_image_from_deleted_server): 200 GET http://10.180.1.21/compute/v2.1/servers/d6d2fa3f-94c3-4014-9ac1-b3c41a793c0d 0.420s
2025-04-07 03:01:50.756 69698 INFO tempest.lib.common.rest_client [req-c488fa84-07e3-4545-aee5-72f59be6b82e req-c488fa84-07e3-4545-aee5-72f59be6b82e ] Request (ServersListShow298Test:tearDownClass): 200 GET http://10.180.1.21/compute/v2.1/servers/47a7edf1-6b45-48af-b53a-4ab6f1990bff 0.433s
2025-04-07 03:01:50.767 69698 INFO tempest.common.waiters [-] State transition "ACTIVE/deleting" ==> "DELETED/None" after 5 second wait
2025-04-07 03:01:50.816 69660 INFO tempest.lib.common.rest_client [req-ed470770-c52e-4d4a-95a7-a0b1803309b7 req-ed470770-c52e-4d4a-95a7-a0b1803309b7 ] Request (ServersAdminNegativeTestJSON:tearDownClass): 200 GET http://10.180.1.21/compute/v2.1/servers/6c78162d-a0fa-4a65-ac65-a2373e077764 0.445s
2025-04-07 03:01:50.961 69662 INFO tempest.lib.common.rest_client [req-cf30dd36-128e-414e-9fa3-edd4887b4cbd req-cf30dd36-128e-414e-9fa3-edd4887b4cbd ] Request (ServerPasswordTestJSON:setUpClass): 200 GET http://10.180.1.21/compute/v2.1/servers/d1dbafdb-3130-40f9-93dc-f56e3da1bbc0 0.490s
2025-04-07 03:01:51.020 69668 INFO tempest.lib.common.rest_client [req-6e2c985e-efb4-4520-b0c9-5e2499c72698 req-6e2c985e-efb4-4520-b0c9-5e2499c72698 ] Request (ServersWithSpecificFlavorTestJSON:test_verify_created_server_ephemeral_disk): 200 GET http://10.180.1.21/compute/v2.1/servers/dbb21929-e58a-45a0-934c-7ba9d5e11d7f 0.507s
2025-04-07 03:01:51.077 69694 INFO tempest.lib.common.rest_client [req-2363acca-dd3f-4ab7-b3ba-936ed7c46a79 req-2363acca-dd3f-4ab7-b3ba-936ed7c46a79 ] Request (ServerRescueNegativeTestJSON:setUpClass): 200 GET http://10.180.1.21/compute/v2.1/servers/466c7ef8-b12c-43b5-a319-e377f9c8e116 0.524s
2025-04-07 03:01:51.084 69694 INFO tempest.common.waiters [-] State transition "BUILD/scheduling" ==> "BUILD/None" after 46 second wait
2025-04-07 03:01:51.103 69714 WARNING tempest.lib.common.ssh [-] Failed to establish authenticated ssh connection to cirros@10.180.180.160 ([Errno None] Unable to connect to port 22 on 10.180.180.160). Number attempts: 9. Retry after 10 seconds.: paramiko.ssh_exception.NoValidConnectionsError: [Errno None] Unable to connect to port 22 on 10.180.180.160
2025-04-07 03:01:51.125 69702 INFO tempest.lib.common.rest_client [req-087890b6-180b-4268-a447-bb37baded03f req-087890b6-180b-4268-a447-bb37baded03f ] Request (MultipleCreateTestJSON:test_multiple_create): 200 GET http://10.180.1.21/compute/v2.1/servers/74adec6b-a6c9-49f3-b0ed-34da300f7716 0.531s
2025-04-07 03:01:51.128 69678 INFO tempest.lib.common.rest_client [req-deafc785-fe95-4ed2-ba7c-728aec4f4e3e req-deafc785-fe95-4ed2-ba7c-728aec4f4e3e ] Request (VolumesNegativeTest:test_delete_volume_without_passing_volume_id): 404 DELETE http://10.180.1.21/compute/v2.1/os-volumes/ 0.505s
2025-04-07 03:01:51.237 69677 INFO tempest.lib.common.rest_client [req-0c153268-7bdf-42cf-9ecb-9a99ed27a57a req-0c153268-7bdf-42cf-9ecb-9a99ed27a57a ] Request (FloatingIPsAssociationTestJSON:setUpClass): 200 GET http://10.180.1.21/compute/v2.1/servers/84573f5a-acde-4392-92f2-e7c08096d250 0.531s
2025-04-07 03:01:51.244 69677 INFO tempest.common.waiters [-] State transition "BUILD/networking" ==> "BUILD/spawning" after 76 second wait
2025-04-07 03:01:51.285 69664 INFO tempest.lib.common.rest_client [req-b4f8c7e1-152a-4e14-ad60-613f4cd1b218 req-b4f8c7e1-152a-4e14-ad60-613f4cd1b218 ] Request (ServersTestJSON:setUpClass): 200 GET http://10.180.1.21/compute/v2.1/servers/d13c0ca5-442b-4b4a-9c6f-1bd08d796ce7 0.519s
2025-04-07 03:01:51.332 69672 INFO tempest.lib.common.rest_client [req-0bc62251-6f4e-43fb-99a2-bd920ab19e05 req-0bc62251-6f4e-43fb-99a2-bd920ab19e05 ] Request (ServerDiskConfigTestJSON:test_resize_server_from_auto_to_manual): 200 GET http://10.180.1.21/compute/v2.1/servers/5dc95d89-a3dd-465c-98c2-45b14febd162 0.511s
2025-04-07 03:01:51.377 69670 INFO tempest.lib.common.rest_client [req-a090ba92-21a4-4313-8b58-325d75992916 req-a090ba92-21a4-4313-8b58-325d75992916 ] Request (ListServerFiltersTestJSON:setUpClass): 200 GET http://10.180.1.21/compute/v2.1/servers/c739cbea-b664-4175-abd6-086363e47b89 0.457s
2025-04-07 03:01:51.423 69716 INFO tempest.lib.common.rest_client [req-0ef10e9e-114f-4231-bb1c-0e4432be3bd6 req-0ef10e9e-114f-4231-bb1c-0e4432be3bd6 ] Request (ServerMetadataNegativeTestJSON:setUpClass): 200 GET http://10.180.1.21/compute/v2.1/servers/b3c1b6cf-75d0-4917-a825-bc8c7176130d 0.434s
2025-04-07 03:01:51.476 69686 INFO tempest.lib.common.rest_client [req-8cac0fd9-aefb-4d65-8b53-c36d5a9c224c req-8cac0fd9-aefb-4d65-8b53-c36d5a9c224c ] Request (ServerDiagnosticsNegativeTest:tearDownClass): 200 GET http://10.180.1.21/compute/v2.1/servers/4ec14ece-7f42-4c2f-9f5b-c8ba74c432b6 0.417s
2025-04-07 03:01:51.526 69666 INFO tempest.lib.common.rest_client [req-f48aba66-49b3-4045-a293-848a9529f79e req-f48aba66-49b3-4045-a293-848a9529f79e ] Request (SecurityGroupsTestJSON:test_list_security_groups_by_server): 200 GET http://10.180.1.21/compute/v2.1/servers/f2980e1b-a580-4b7a-aa93-3bb7e4e725fe 0.411s
2025-04-07 03:01:51.529 69678 INFO tempest.lib.common.rest_client [req-af02577e-fb26-4d1c-a5cc-45574b313381 req-af02577e-fb26-4d1c-a5cc-45574b313381 ] Request (VolumesNegativeTest:test_get_volume_without_passing_volume_id): 404 GET http://10.180.1.21/compute/v2.1/os-volumes/ 0.399s
2025-04-07 03:01:51.557 69696 INFO tempest.lib.common.rest_client [req-4a1103ce-9eac-408f-9e4d-0e9568f0317c req-4a1103ce-9eac-408f-9e4d-0e9568f0317c ] Request (ImagesTestJSON:test_create_image_from_suspended_server): 200 GET http://10.180.1.21/compute/v2.1/images/792791d1-4782-47a5-a653-2eda140f7b6d 0.415s
2025-04-07 03:01:51.607 69692 INFO tempest.lib.common.rest_client [req-92560cd0-a1e8-4212-95b1-12faca9e6c5e req-92560cd0-a1e8-4212-95b1-12faca9e6c5e ] Request (ServerAddressesTestJSON:setUpClass): 200 GET http://10.180.1.21/compute/v2.1/servers/0988bcff-d0ed-43cb-994b-e870b9866634 0.404s
2025-04-07 03:01:51.665 69688 INFO tempest.lib.common.rest_client [req-c5ead6e7-c0eb-49f8-aa7a-f542ecaf04ea req-c5ead6e7-c0eb-49f8-aa7a-f542ecaf04ea ] Request (DeleteServersTestJSON:test_delete_active_server): 200 GET http://10.180.1.21/compute/v2.1/servers/f973c546-9245-4da6-8eab-fd26e12ee0f4 0.406s
2025-04-07 03:01:51.715 69700 INFO tempest.lib.common.rest_client [req-c228ee2c-ff4b-41a7-8464-0ca8b6d4c857 req-c228ee2c-ff4b-41a7-8464-0ca8b6d4c857 ] Request (ServersAdminTestJSON:test_inject_network_info): 200 GET http://10.180.1.21/compute/v2.1/servers/e9eb8cae-bb7a-4028-b685-867115e498ea 0.398s
2025-04-07 03:01:51.780 69718 INFO tempest.lib.common.rest_client [req-10a43c2f-d13d-4c6a-87d9-e78292d7bf21 req-10a43c2f-d13d-4c6a-87d9-e78292d7bf21 ] Request (ServerShowV254Test:tearDownClass): 200 GET http://10.180.1.21/compute/v2.1/servers/93e805a4-34c8-4c38-a068-201bac8f4db7 0.384s
2025-04-07 03:01:51.839 69682 INFO tempest.lib.common.rest_client [req-6570d3d4-f470-4286-923e-85e80b5e9d1c req-6570d3d4-f470-4286-923e-85e80b5e9d1c ] Request (AttachVolumeTestJSON:test_attach_detach_volume): 200 GET http://10.180.1.21/compute/v2.1/servers/ae499731-184c-4b63-9993-3d5b229df920 0.398s
2025-04-07 03:01:51.899 69675 INFO tempest.lib.common.rest_client [req-695919cc-08d6-40c8-8b3c-28b27895174a req-695919cc-08d6-40c8-8b3c-28b27895174a ] Request (MigrationsAdminTest:test_resize_server_revert_deleted_flavor): 200 GET http://10.180.1.21/compute/v2.1/servers/3c5a9b6f-ee7b-421b-bafe-4044a4c4e479 0.400s
2025-04-07 03:01:51.938 69678 INFO tempest.lib.common.rest_client [req-f003becd-93e3-42c2-9e22-567bf020e106 req-f003becd-93e3-42c2-9e22-567bf020e106 ] Request (VolumesNegativeTest:test_volume_delete_nonexistent_volume_id): 404 DELETE http://10.180.1.21/compute/v2.1/os-volumes/3011ef90-69dc-4917-8a38-134e7a77bc9e 0.408s
2025-04-07 03:01:51.994 69690 INFO tempest.lib.common.rest_client [req-58d40dd0-15f9-45ed-9c0f-a5181c415329 req-58d40dd0-15f9-45ed-9c0f-a5181c415329 ] Request (DeleteServersAdminTestJSON:test_delete_server_while_in_error_state): 200 GET http://10.180.1.21/compute/v2.1/servers/f2499b0d-3142-48df-b283-2d8ff453c5ee 0.425s
2025-04-07 03:01:52.063 69680 INFO tempest.lib.common.rest_client [req-4f3c5a55-2d49-4580-909f-bcf7768fe6d3 req-4f3c5a55-2d49-4580-909f-bcf7768fe6d3 ] Request (ImagesNegativeTestJSON:test_create_image_from_deleted_server): 200 GET http://10.180.1.21/compute/v2.1/servers/d6d2fa3f-94c3-4014-9ac1-b3c41a793c0d 0.369s
2025-04-07 03:01:52.121 69698 INFO tempest.lib.common.rest_client [req-b339c3ac-73a7-466b-a6a2-34a21899d58b req-b339c3ac-73a7-466b-a6a2-34a21899d58b ] Request (ServersListShow298Test:tearDownClass): 200 GET http://10.180.1.21/compute/v2.1/servers/47a7edf1-6b45-48af-b53a-4ab6f1990bff 0.353s
2025-04-07 03:01:52.171 69660 INFO tempest.lib.common.rest_client [req-3f4ec8be-5754-41fc-a98d-139deed47615 req-3f4ec8be-5754-41fc-a98d-139deed47615 ] Request (ServersAdminNegativeTestJSON:tearDownClass): 200 GET http://10.180.1.21/compute/v2.1/servers/6c78162d-a0fa-4a65-ac65-a2373e077764 0.341s
2025-04-07 03:01:52.211 69678 INFO tempest.lib.common.rest_client [req-5fef5d2c-7119-445a-a90f-10360ba4ed25 req-5fef5d2c-7119-445a-a90f-10360ba4ed25 ] Request (VolumesNegativeTest:test_volume_get_nonexistent_volume_id): 404 GET http://10.180.1.21/compute/v2.1/os-volumes/83cbf071-17d5-4934-8ee0-23a622e2426a 0.271s
2025-04-07 03:01:52.304 69662 INFO tempest.lib.common.rest_client [req-c96aaf27-bb32-4f04-9dc1-9c8bdac35b34 req-c96aaf27-bb32-4f04-9dc1-9c8bdac35b34 ] Request (ServerPasswordTestJSON:setUpClass): 200 GET http://10.180.1.21/compute/v2.1/servers/d1dbafdb-3130-40f9-93dc-f56e3da1bbc0 0.336s
2025-04-07 03:01:52.313 69678 INFO tempest.lib.common.rest_client [req-bc9aa3e2-c8c4-45bb-bc93-3e6e777b50a5 req-bc9aa3e2-c8c4-45bb-bc93-3e6e777b50a5 ] Request (VolumesNegativeTest:tearDownClass): 204 DELETE http://10.180.1.21/identity/v3/users/a68495b9a96e45908698735738beb2d9 0.098s
2025-04-07 03:01:52.313 69678 INFO tempest.lib.common.dynamic_creds [-] Deleting project and security group for project: 698a9e17891d48a6bfcef0d99698731b
2025-04-07 03:01:52.353 69668 INFO tempest.lib.common.rest_client [req-31d93e25-0443-4952-83ce-28227e310afe req-31d93e25-0443-4952-83ce-28227e310afe ] Request (ServersWithSpecificFlavorTestJSON:test_verify_created_server_ephemeral_disk): 200 GET http://10.180.1.21/compute/v2.1/servers/dbb21929-e58a-45a0-934c-7ba9d5e11d7f 0.320s
2025-04-07 03:01:52.364 69678 INFO tempest.lib.common.rest_client [req-953496fb-91f8-40b3-9f6b-a7a13140a3d3 req-953496fb-91f8-40b3-9f6b-a7a13140a3d3 ] Request (VolumesNegativeTest:tearDownClass): 201 POST http://10.180.1.21/identity/v3/auth/tokens 0.050s
2025-04-07 03:01:52.398 69694 INFO tempest.lib.common.rest_client [req-fa3ca663-fd62-4e70-878a-4c239990674b req-fa3ca663-fd62-4e70-878a-4c239990674b ] Request (ServerRescueNegativeTestJSON:setUpClass): 200 GET http://10.180.1.21/compute/v2.1/servers/466c7ef8-b12c-43b5-a319-e377f9c8e116 0.313s
2025-04-07 03:01:52.442 69702 INFO tempest.lib.common.rest_client [req-e0509428-1440-4da7-b5ae-d22b82dfce14 req-e0509428-1440-4da7-b5ae-d22b82dfce14 ] Request (MultipleCreateTestJSON:test_multiple_create): 200 GET http://10.180.1.21/compute/v2.1/servers/74adec6b-a6c9-49f3-b0ed-34da300f7716 0.308s
