2025-04-07 03:02:21.255 69677 INFO tempest.lib.common.rest_client [req-a8b3ed66-33cb-4626-baac-c8e8e7c6a839 req-a8b3ed66-33cb-4626-baac-c8e8e7c6a839 ] Request (FloatingIPsAssociationTestJSON:test_associate_already_associated_floating_ip): 200 GET http://10.180.1.21/compute/v2.1/servers/096070fc-9954-452b-8354-fdda19e1ed09 0.047s
2025-04-07 03:02:21.316 69680 INFO tempest.lib.common.rest_client [req-fc3db8d2-8c6b-4e4d-a685-5361b9ff356c req-fc3db8d2-8c6b-4e4d-a685-5361b9ff356c ] Request (ServerAddressesNegativeTestJSON:setUpClass): 200 GET http://10.180.1.21/compute/v2.1/servers/dc140836-f1cf-4c4d-9f29-ce849f969179 0.056s
2025-04-07 03:02:21.371 69668 INFO tempest.lib.common.rest_client [req-6c6d41ed-bd35-44bd-bec5-efb0000ce45a req-6c6d41ed-bd35-44bd-bec5-efb0000ce45a ] Request (ServersWithSpecificFlavorTestJSON:test_verify_created_server_ephemeral_disk): 200 GET http://10.180.1.21/compute/v2.1/servers/dbb21929-e58a-45a0-934c-7ba9d5e11d7f 0.071s
2025-04-07 03:02:21.390 69688 INFO tempest.lib.common.rest_client [req-c66a0637-f8f9-49a7-9f3c-dc732a9b302d req-c66a0637-f8f9-49a7-9f3c-dc732a9b302d ] Request (DeleteServersTestJSON:test_delete_active_server): 200 GET http://10.180.1.21/compute/v2.1/servers/f973c546-9245-4da6-8eab-fd26e12ee0f4 0.104s
2025-04-07 03:02:21.448 69698 INFO tempest.lib.common.rest_client [req-de5999d0-61e6-4246-952c-03dde7ebde34 req-de5999d0-61e6-4246-952c-03dde7ebde34 ] Request (ServersListShow298Test:tearDownClass): 200 GET http://10.180.1.21/compute/v2.1/servers/47a7edf1-6b45-48af-b53a-4ab6f1990bff 0.063s
2025-04-07 03:02:21.459 69712 INFO tempest.lib.common.rest_client [req-48d87211-a96e-4a47-8c1d-93e09031942e req-48d87211-a96e-4a47-8c1d-93e09031942e ] Request (AttachInterfacesTestJSON:_run_cleanups): 200 GET http://10.180.1.21/compute/v2.1/servers/813826c6-5135-45fb-a05d-5f079eab0d43 0.056s
2025-04-07 03:02:21.506 69675 INFO tempest.lib.common.rest_client [req-4feec396-2416-49ed-b1ed-a4b2ffe8acb4 req-4feec396-2416-49ed-b1ed-a4b2ffe8acb4 ] Request (MigrationsAdminTest:test_resize_server_revert_deleted_flavor): 200 GET http://10.180.1.21/compute/v2.1/servers/3c5a9b6f-ee7b-421b-bafe-4044a4c4e479 0.067s
2025-04-07 03:02:21.526 69690 INFO tempest.lib.common.rest_client [req-6e039684-267c-4086-9519-e8aeee48c335 req-6e039684-267c-4086-9519-e8aeee48c335 ] Request (ImagesOneServerNegativeTestJSON:setUpClass): 200 GET http://10.180.1.21/compute/v2.1/servers/2f432748-bd58-4546-816e-07a9aa271b65 0.052s
2025-04-07 03:02:21.575 69660 INFO tempest.lib.common.rest_client [req-ef70b389-19ce-42e3-8cde-ececb3222f10 req-ef70b389-19ce-42e3-8cde-ececb3222f10 ] Request (ServersAdminNegativeTestJSON:tearDownClass): 200 GET http://10.180.1.21/compute/v2.1/servers/6c78162d-a0fa-4a65-ac65-a2373e077764 0.059s
2025-04-07 03:02:21.583 69696 INFO tempest.lib.common.rest_client [req-d0c55946-2d46-45fe-a96b-0319e2c2692b req-d0c55946-2d46-45fe-a96b-0319e2c2692b ] Request (ImagesTestJSON:test_create_server_from_snapshot): 200 GET http://10.180.1.21/compute/v2.1/servers/01421166-37ef-4e1c-9de4-6bdd513d2ad2 0.053s
2025-04-07 03:02:21.619 69694 INFO tempest.lib.common.rest_client [req-4e771add-171b-4a93-84c2-338813710d01 req-4e771add-171b-4a93-84c2-338813710d01 ] Request (ServerRescueNegativeTestJSON:setUpClass): 200 GET http://10.180.1.21/compute/v2.1/servers/466c7ef8-b12c-43b5-a319-e377f9c8e116 0.057s
2025-04-07 03:02:21.633 69664 INFO tempest.lib.common.rest_client [req-28934b6f-b06d-414c-a3cb-daa2a7aad1be req-28934b6f-b06d-414c-a3cb-daa2a7aad1be ] Request (ServersTestJSON:setUpClass): 200 GET http://10.180.1.21/compute/v2.1/servers/d13c0ca5-442b-4b4a-9c6f-1bd08d796ce7 0.047s
2025-04-07 03:02:21.668 69666 INFO tempest.lib.common.rest_client [req-a41c49b0-0928-43b6-8cd1-77ed216dba90 req-a41c49b0-0928-43b6-8cd1-77ed216dba90 ] Request (SecurityGroupsTestJSON:test_server_security_groups): 200 GET http://10.180.1.21/compute/v2.1/servers/06d7ac4b-8cd7-45f1-8ffe-af293b8546eb 0.045s
2025-04-07 03:02:21.703 69672 INFO tempest.lib.common.rest_client [req-bdd7c92b-7818-48ce-a42d-c8f33db45c7d req-bdd7c92b-7818-48ce-a42d-c8f33db45c7d ] Request (ServerDiskConfigTestJSON:test_resize_server_from_auto_to_manual): 200 GET http://10.180.1.21/compute/v2.1/servers/5dc95d89-a3dd-465c-98c2-45b14febd162 0.046s
2025-04-07 03:02:21.748 69670 INFO tempest.lib.common.rest_client [req-8351d354-32d5-455f-ba1d-226549e7ca7e req-8351d354-32d5-455f-ba1d-226549e7ca7e ] Request (ListServerFiltersTestJSON:setUpClass): 200 GET http://10.180.1.21/compute/v2.1/servers/c739cbea-b664-4175-abd6-086363e47b89 0.046s
2025-04-07 03:02:21.754 69702 INFO tempest.lib.common.rest_client [req-7bf2b171-f37e-4747-9ea3-ec59d60b7b2a req-7bf2b171-f37e-4747-9ea3-ec59d60b7b2a ] Request (MultipleCreateTestJSON:_run_cleanups): 200 GET http://10.180.1.21/compute/v2.1/servers/a2780709-ed0a-4806-adfb-f8e148d6e156 0.053s
2025-04-07 03:02:21.789 69716 INFO tempest.lib.common.rest_client [req-e58e121a-9fdd-4cc5-aa83-6c216b705b67 req-e58e121a-9fdd-4cc5-aa83-6c216b705b67 ] Request (ServerMetadataNegativeTestJSON:setUpClass): 200 GET http://10.180.1.21/compute/v2.1/servers/b3c1b6cf-75d0-4917-a825-bc8c7176130d 0.043s
2025-04-07 03:02:22.080 69700 INFO tempest.lib.common.rest_client [req-1e8b97b0-66dd-49c8-8ea8-4d7428ae822c req-1e8b97b0-66dd-49c8-8ea8-4d7428ae822c ] Request (ServersAdminTestJSON:test_inject_network_info): 200 GET http://10.180.1.21/compute/v2.1/servers/e9eb8cae-bb7a-4028-b685-867115e498ea 0.049s
2025-04-07 03:02:22.127 69692 INFO tempest.lib.common.rest_client [req-d26cac4a-81d1-4365-b103-bfb00d0c1107 req-d26cac4a-81d1-4365-b103-bfb00d0c1107 ] Request (ServerAddressesTestJSON:setUpClass): 200 GET http://10.180.1.21/compute/v2.1/servers/0988bcff-d0ed-43cb-994b-e870b9866634 0.050s
2025-04-07 03:02:22.174 69682 INFO tempest.lib.common.rest_client [req-36f8dff0-3072-49c7-89ba-2a4e2ef15501 req-36f8dff0-3072-49c7-89ba-2a4e2ef15501 ] Request (AttachVolumeTestJSON:test_attach_detach_volume): 200 GET http://10.180.1.21/compute/v2.1/servers/ae499731-184c-4b63-9993-3d5b229df920 0.050s
2025-04-07 03:02:22.285 69662 INFO tempest.lib.common.rest_client [req-a6843daa-8121-4c6f-b355-c9a9a908ef6d req-a6843daa-8121-4c6f-b355-c9a9a908ef6d ] Request (ServerPasswordTestJSON:tearDownClass): 200 GET http://10.180.1.21/compute/v2.1/servers/d1dbafdb-3130-40f9-93dc-f56e3da1bbc0 0.058s
2025-04-07 03:02:22.308 69677 INFO tempest.lib.common.rest_client [req-9d9bf7ab-88ce-4f9f-897c-0d80a625f78c req-9d9bf7ab-88ce-4f9f-897c-0d80a625f78c ] Request (FloatingIPsAssociationTestJSON:test_associate_already_associated_floating_ip): 200 GET http://10.180.1.21/compute/v2.1/servers/096070fc-9954-452b-8354-fdda19e1ed09 0.045s
2025-04-07 03:02:22.369 69680 INFO tempest.lib.common.rest_client [req-0ab3e1f7-4c07-4803-846b-a5bc9cdf1ea2 req-0ab3e1f7-4c07-4803-846b-a5bc9cdf1ea2 ] Request (ServerAddressesNegativeTestJSON:setUpClass): 200 GET http://10.180.1.21/compute/v2.1/servers/dc140836-f1cf-4c4d-9f29-ce849f969179 0.044s
2025-04-07 03:02:22.424 69668 INFO tempest.lib.common.rest_client [req-03cde50a-9957-4f8a-9fb7-ccd9a44388ed req-03cde50a-9957-4f8a-9fb7-ccd9a44388ed ] Request (ServersWithSpecificFlavorTestJSON:test_verify_created_server_ephemeral_disk): 200 GET http://10.180.1.21/compute/v2.1/servers/dbb21929-e58a-45a0-934c-7ba9d5e11d7f 0.045s
2025-04-07 03:02:22.444 69688 INFO tempest.lib.common.rest_client [req-06232286-82e8-417a-921a-2225065b9595 req-06232286-82e8-417a-921a-2225065b9595 ] Request (DeleteServersTestJSON:test_delete_active_server): 200 GET http://10.180.1.21/compute/v2.1/servers/f973c546-9245-4da6-8eab-fd26e12ee0f4 0.047s
2025-04-07 03:02:22.519 69698 INFO tempest.lib.common.rest_client [req-8a8842c7-93a2-475d-8a43-42e9c0c62a44 req-8a8842c7-93a2-475d-8a43-42e9c0c62a44 ] Request (ServersListShow298Test:tearDownClass): 200 GET http://10.180.1.21/compute/v2.1/servers/47a7edf1-6b45-48af-b53a-4ab6f1990bff 0.061s
2025-04-07 03:02:22.522 69712 INFO tempest.lib.common.rest_client [req-4451f7fb-8012-47d9-9faf-2eb451d80165 req-4451f7fb-8012-47d9-9faf-2eb451d80165 ] Request (AttachInterfacesTestJSON:_run_cleanups): 200 GET http://10.180.1.21/compute/v2.1/servers/813826c6-5135-45fb-a05d-5f079eab0d43 0.055s
2025-04-07 03:02:22.552 69684 INFO paramiko.transport [-] Connected (version 2.0, client dropbear_2020.81)
2025-04-07 03:02:22.566 69675 INFO tempest.lib.common.rest_client [req-b8677068-cfc3-42eb-bcb0-4bf9ef983c56 req-b8677068-cfc3-42eb-bcb0-4bf9ef983c56 ] Request (MigrationsAdminTest:test_resize_server_revert_deleted_flavor): 200 GET http://10.180.1.21/compute/v2.1/servers/3c5a9b6f-ee7b-421b-bafe-4044a4c4e479 0.052s
2025-04-07 03:02:22.579 69690 INFO tempest.lib.common.rest_client [req-e340434d-0a95-479d-93a5-fe304b76aac7 req-e340434d-0a95-479d-93a5-fe304b76aac7 ] Request (ImagesOneServerNegativeTestJSON:setUpClass): 200 GET http://10.180.1.21/compute/v2.1/servers/2f432748-bd58-4546-816e-07a9aa271b65 0.047s
2025-04-07 03:02:22.639 69660 INFO tempest.lib.common.rest_client [req-b454878b-6775-4206-872f-7e4ecb0fbef1 req-b454878b-6775-4206-872f-7e4ecb0fbef1 ] Request (ServersAdminNegativeTestJSON:tearDownClass): 200 GET http://10.180.1.21/compute/v2.1/servers/6c78162d-a0fa-4a65-ac65-a2373e077764 0.056s
2025-04-07 03:02:22.639 69696 INFO tempest.lib.common.rest_client [req-f84637e8-368f-461c-a20f-8a68408bea94 req-f84637e8-368f-461c-a20f-8a68408bea94 ] Request (ImagesTestJSON:test_create_server_from_snapshot): 200 GET http://10.180.1.21/compute/v2.1/servers/01421166-37ef-4e1c-9de4-6bdd513d2ad2 0.047s
2025-04-07 03:02:22.654 69684 INFO paramiko.transport [-] Authentication (publickey) successful!
2025-04-07 03:02:22.654 69684 INFO tempest.lib.common.ssh [-] ssh connection to cirros@10.180.180.181 successfully created
2025-04-07 03:02:22.688 69694 INFO tempest.lib.common.rest_client [req-7eb97775-be4d-47e0-8856-4819a6839e23 req-7eb97775-be4d-47e0-8856-4819a6839e23 ] Request (ServerRescueNegativeTestJSON:setUpClass): 200 GET http://10.180.1.21/compute/v2.1/servers/466c7ef8-b12c-43b5-a319-e377f9c8e116 0.062s
2025-04-07 03:02:22.691 69664 INFO tempest.lib.common.rest_client [req-4e4e140d-eaab-4677-92b2-d1255d320ff7 req-4e4e140d-eaab-4677-92b2-d1255d320ff7 ] Request (ServersTestJSON:setUpClass): 200 GET http://10.180.1.21/compute/v2.1/servers/d13c0ca5-442b-4b4a-9c6f-1bd08d796ce7 0.052s
2025-04-07 03:02:22.736 69666 INFO tempest.lib.common.rest_client [req-3288abf4-dc2a-4e9e-8c0b-1cec45cf5d43 req-3288abf4-dc2a-4e9e-8c0b-1cec45cf5d43 ] Request (SecurityGroupsTestJSON:test_server_security_groups): 200 GET http://10.180.1.21/compute/v2.1/servers/06d7ac4b-8cd7-45f1-8ffe-af293b8546eb 0.060s
2025-04-07 03:02:22.776 69684 INFO tempest.lib.common.rest_client [req-266a575c-1d24-4c1a-a502-a94fbd500aa7 req-266a575c-1d24-4c1a-a502-a94fbd500aa7 ] Request (AttachInterfacesUnderV243Test:test_add_remove_fixed_ip): 200 GET http://10.180.1.21/compute/v2.1/servers/4a6f8144-9a73-4e24-a5ae-5a457aceb446/os-interface 0.121s
2025-04-07 03:02:22.781 69672 INFO tempest.lib.common.rest_client [req-289385e1-4ece-4d8d-acf9-992bf37530f5 req-289385e1-4ece-4d8d-acf9-992bf37530f5 ] Request (ServerDiskConfigTestJSON:test_resize_server_from_auto_to_manual): 200 GET http://10.180.1.21/compute/v2.1/servers/5dc95d89-a3dd-465c-98c2-45b14febd162 0.070s
2025-04-07 03:02:22.826 69670 INFO tempest.lib.common.rest_client [req-2bec2b43-4575-4b6f-953e-7d475f27c5a9 req-2bec2b43-4575-4b6f-953e-7d475f27c5a9 ] Request (ListServerFiltersTestJSON:setUpClass): 200 GET http://10.180.1.21/compute/v2.1/servers/c739cbea-b664-4175-abd6-086363e47b89 0.070s
2025-04-07 03:02:22.829 69702 INFO tempest.lib.common.rest_client [req-d2ff5460-7cbd-46fd-a9dd-17907eb2b0a1 req-d2ff5460-7cbd-46fd-a9dd-17907eb2b0a1 ] Request (MultipleCreateTestJSON:_run_cleanups): 200 GET http://10.180.1.21/compute/v2.1/servers/a2780709-ed0a-4806-adfb-f8e148d6e156 0.067s
2025-04-07 03:02:22.873 69716 INFO tempest.lib.common.rest_client [req-5887bd68-06cc-4dbb-8e14-623dd93c5889 req-5887bd68-06cc-4dbb-8e14-623dd93c5889 ] Request (ServerMetadataNegativeTestJSON:setUpClass): 200 GET http://10.180.1.21/compute/v2.1/servers/b3c1b6cf-75d0-4917-a825-bc8c7176130d 0.075s
2025-04-07 03:02:22.879 69684 INFO tempest.lib.common.rest_client [req-7a3734d5-30ef-45f0-b867-621322f283fc req-7a3734d5-30ef-45f0-b867-621322f283fc ] Request (AttachInterfacesUnderV243Test:test_add_remove_fixed_ip): 200 GET http://10.180.1.21/compute/v2.1/servers/4a6f8144-9a73-4e24-a5ae-5a457aceb446/os-interface/b44bfb3d-5c25-464a-8ebf-dbb25167a869 0.101s
2025-04-07 03:02:22.905 69684 INFO tempest.lib.common.rest_client [req-a46a957c-a320-45ff-8345-8f36a112529c req-a46a957c-a320-45ff-8345-8f36a112529c ] Request (AttachInterfacesUnderV243Test:test_add_remove_fixed_ip): 200 GET http://10.180.1.21/compute/v2.1/servers/4a6f8144-9a73-4e24-a5ae-5a457aceb446/ips 0.024s
2025-04-07 03:02:22.936 69684 INFO tempest.lib.common.rest_client [req-de32cf2c-d732-4bc1-b68c-c37c5be849d1 req-de32cf2c-d732-4bc1-b68c-c37c5be849d1 ] Request (AttachInterfacesUnderV243Test:test_add_remove_fixed_ip): 202 POST http://10.180.1.21/compute/v2.1/servers/4a6f8144-9a73-4e24-a5ae-5a457aceb446/action 0.029s
2025-04-07 03:02:22.960 69684 INFO tempest.lib.common.rest_client [req-1704cd24-06c2-4f6f-b896-3d412b0eb66c req-1704cd24-06c2-4f6f-b896-3d412b0eb66c ] Request (AttachInterfacesUnderV243Test:test_add_remove_fixed_ip): 200 GET http://10.180.1.21/compute/v2.1/servers/4a6f8144-9a73-4e24-a5ae-5a457aceb446/ips 0.024s
2025-04-07 03:02:23.138 69700 INFO tempest.lib.common.rest_client [req-6ad4a0a7-5f80-4965-ae30-c705d0a8a243 req-6ad4a0a7-5f80-4965-ae30-c705d0a8a243 ] Request (ServersAdminTestJSON:test_inject_network_info): 200 GET http://10.180.1.21/compute/v2.1/servers/e9eb8cae-bb7a-4028-b685-867115e498ea 0.050s
2025-04-07 03:02:23.179 69692 INFO tempest.lib.common.rest_client [req-dacd1d4c-0cd8-4ab8-ae7e-cf112fb99ab2 req-dacd1d4c-0cd8-4ab8-ae7e-cf112fb99ab2 ] Request (ServerAddressesTestJSON:setUpClass): 200 GET http://10.180.1.21/compute/v2.1/servers/0988bcff-d0ed-43cb-994b-e870b9866634 0.045s
2025-04-07 03:02:23.231 69682 INFO tempest.lib.common.rest_client [req-3c45185d-1284-4cd3-86d5-e36d0e31b8a2 req-3c45185d-1284-4cd3-86d5-e36d0e31b8a2 ] Request (AttachVolumeTestJSON:test_attach_detach_volume): 200 GET http://10.180.1.21/compute/v2.1/servers/ae499731-184c-4b63-9993-3d5b229df920 0.050s
2025-04-07 03:02:23.346 69662 INFO tempest.lib.common.rest_client [req-05e7b184-669c-497d-a3a6-0ac7642964fb req-05e7b184-669c-497d-a3a6-0ac7642964fb ] Request (ServerPasswordTestJSON:tearDownClass): 200 GET http://10.180.1.21/compute/v2.1/servers/d1dbafdb-3130-40f9-93dc-f56e3da1bbc0 0.054s
2025-04-07 03:02:23.362 69677 INFO tempest.lib.common.rest_client [req-7143474d-1cd5-4829-aa24-2f6dc3b10d06 req-7143474d-1cd5-4829-aa24-2f6dc3b10d06 ] Request (FloatingIPsAssociationTestJSON:test_associate_already_associated_floating_ip): 200 GET http://10.180.1.21/compute/v2.1/servers/096070fc-9954-452b-8354-fdda19e1ed09 0.047s
2025-04-07 03:02:23.423 69680 INFO tempest.lib.common.rest_client [req-9725968c-3c2b-4fe2-be2a-8ace2890a7b6 req-9725968c-3c2b-4fe2-be2a-8ace2890a7b6 ] Request (ServerAddressesNegativeTestJSON:setUpClass): 200 GET http://10.180.1.21/compute/v2.1/servers/dc140836-f1cf-4c4d-9f29-ce849f969179 0.046s
2025-04-07 03:02:23.484 69668 INFO tempest.lib.common.rest_client [req-77729529-0140-4051-a137-c44e10275866 req-77729529-0140-4051-a137-c44e10275866 ] Request (ServersWithSpecificFlavorTestJSON:test_verify_created_server_ephemeral_disk): 200 GET http://10.180.1.21/compute/v2.1/servers/dbb21929-e58a-45a0-934c-7ba9d5e11d7f 0.053s
2025-04-07 03:02:23.504 69688 INFO tempest.lib.common.rest_client [req-8eebac23-d11d-447a-978e-dff62d117c90 req-8eebac23-d11d-447a-978e-dff62d117c90 ] Request (DeleteServersTestJSON:test_delete_active_server): 200 GET http://10.180.1.21/compute/v2.1/servers/f973c546-9245-4da6-8eab-fd26e12ee0f4 0.052s
2025-04-07 03:02:23.511 69688 INFO tempest.common.waiters [-] State transition "ACTIVE/deleting" ==> "DELETED/None" after 4 second wait
2025-04-07 03:02:23.591 69712 INFO tempest.lib.common.rest_client [req-8472785c-f96e-4e56-8f38-7159aabe99d9 req-8472785c-f96e-4e56-8f38-7159aabe99d9 ] Request (AttachInterfacesTestJSON:_run_cleanups): 200 GET http://10.180.1.21/compute/v2.1/servers/813826c6-5135-45fb-a05d-5f079eab0d43 0.060s
2025-04-07 03:02:23.592 69698 INFO tempest.lib.common.rest_client [req-880060a9-7008-4fec-a0f6-05b74d203d42 req-880060a9-7008-4fec-a0f6-05b74d203d42 ] Request (ServersListShow298Test:tearDownClass): 200 GET http://10.180.1.21/compute/v2.1/servers/47a7edf1-6b45-48af-b53a-4ab6f1990bff 0.061s
2025-04-07 03:02:23.643 69690 INFO tempest.lib.common.rest_client [req-a4f6a9d5-31d0-4622-9e62-8ec21fc0875c req-a4f6a9d5-31d0-4622-9e62-8ec21fc0875c ] Request (ImagesOneServerNegativeTestJSON:setUpClass): 200 GET http://10.180.1.21/compute/v2.1/servers/2f432748-bd58-4546-816e-07a9aa271b65 0.057s
2025-04-07 03:02:23.648 69675 INFO tempest.lib.common.rest_client [req-cf05b1d4-b46a-4077-a220-15fca0318423 req-cf05b1d4-b46a-4077-a220-15fca0318423 ] Request (MigrationsAdminTest:test_resize_server_revert_deleted_flavor): 200 GET http://10.180.1.21/compute/v2.1/servers/3c5a9b6f-ee7b-421b-bafe-4044a4c4e479 0.074s
2025-04-07 03:02:23.701 69660 INFO tempest.lib.common.rest_client [req-c5a03a28-caf0-44c0-a7f4-45fd80f24601 req-c5a03a28-caf0-44c0-a7f4-45fd80f24601 ] Request (ServersAdminNegativeTestJSON:tearDownClass): 200 GET http://10.180.1.21/compute/v2.1/servers/6c78162d-a0fa-4a65-ac65-a2373e077764 0.054s
2025-04-07 03:02:23.703 69696 INFO tempest.lib.common.rest_client [req-5c3d7c2a-27c0-4782-8309-9d5b370fa00f req-5c3d7c2a-27c0-4782-8309-9d5b370fa00f ] Request (ImagesTestJSON:test_create_server_from_snapshot): 200 GET http://10.180.1.21/compute/v2.1/servers/01421166-37ef-4e1c-9de4-6bdd513d2ad2 0.056s
2025-04-07 03:02:23.748 69694 INFO tempest.lib.common.rest_client [req-8f16b396-48bc-4bc3-89d8-7335ab1f9ac1 req-8f16b396-48bc-4bc3-89d8-7335ab1f9ac1 ] Request (ServerRescueNegativeTestJSON:setUpClass): 200 GET http://10.180.1.21/compute/v2.1/servers/466c7ef8-b12c-43b5-a319-e377f9c8e116 0.052s
2025-04-07 03:02:23.751 69664 INFO tempest.lib.common.rest_client [req-66bcbbf7-a9f4-4df6-8b8c-ada79ce84a76 req-66bcbbf7-a9f4-4df6-8b8c-ada79ce84a76 ] Request (ServersTestJSON:setUpClass): 200 GET http://10.180.1.21/compute/v2.1/servers/d13c0ca5-442b-4b4a-9c6f-1bd08d796ce7 0.051s
2025-04-07 03:02:23.791 69666 INFO tempest.lib.common.rest_client [req-db6cc6ec-58e8-42bf-ab8f-5394281f74d9 req-db6cc6ec-58e8-42bf-ab8f-5394281f74d9 ] Request (SecurityGroupsTestJSON:test_server_security_groups): 200 GET http://10.180.1.21/compute/v2.1/servers/06d7ac4b-8cd7-45f1-8ffe-af293b8546eb 0.047s
2025-04-07 03:02:23.851 69672 INFO tempest.lib.common.rest_client [req-30ad9d7e-98bd-479b-9b91-7028c8906cf4 req-30ad9d7e-98bd-479b-9b91-7028c8906cf4 ] Request (ServerDiskConfigTestJSON:test_resize_server_from_auto_to_manual): 200 GET http://10.180.1.21/compute/v2.1/servers/5dc95d89-a3dd-465c-98c2-45b14febd162 0.063s
2025-04-07 03:02:23.890 69670 INFO tempest.lib.common.rest_client [req-7f908fb7-635b-4109-8b94-6aeac2a6a781 req-7f908fb7-635b-4109-8b94-6aeac2a6a781 ] Request (ListServerFiltersTestJSON:setUpClass): 200 GET http://10.180.1.21/compute/v2.1/servers/c739cbea-b664-4175-abd6-086363e47b89 0.056s
2025-04-07 03:02:23.912 69702 INFO tempest.lib.common.rest_client [req-c5e4d815-015a-4ed3-9e79-161d8676346a req-c5e4d815-015a-4ed3-9e79-161d8676346a ] Request (MultipleCreateTestJSON:_run_cleanups): 200 GET http://10.180.1.21/compute/v2.1/servers/a2780709-ed0a-4806-adfb-f8e148d6e156 0.073s
2025-04-07 03:02:23.954 69716 INFO tempest.lib.common.rest_client [req-d884bbe2-a19a-4450-8420-11876894ab49 req-d884bbe2-a19a-4450-8420-11876894ab49 ] Request (ServerMetadataNegativeTestJSON:setUpClass): 200 GET http://10.180.1.21/compute/v2.1/servers/b3c1b6cf-75d0-4917-a825-bc8c7176130d 0.073s
2025-04-07 03:02:23.988 69684 INFO tempest.lib.common.rest_client [req-b13f8cca-5205-454d-8589-48abaf0ef81c req-b13f8cca-5205-454d-8589-48abaf0ef81c ] Request (AttachInterfacesUnderV243Test:test_add_remove_fixed_ip): 200 GET http://10.180.1.21/compute/v2.1/servers/4a6f8144-9a73-4e24-a5ae-5a457aceb446/ips 0.025s
2025-04-07 03:02:24.192 69700 INFO tempest.lib.common.rest_client [req-35469d79-bfb3-4761-8193-5a340b0d3f01 req-35469d79-bfb3-4761-8193-5a340b0d3f01 ] Request (ServersAdminTestJSON:test_inject_network_info): 200 GET http://10.180.1.21/compute/v2.1/servers/e9eb8cae-bb7a-4028-b685-867115e498ea 0.046s
2025-04-07 03:02:24.231 69692 INFO tempest.lib.common.rest_client [req-2871f181-b595-4436-9ca0-e15b79a03413 req-2871f181-b595-4436-9ca0-e15b79a03413 ] Request (ServerAddressesTestJSON:setUpClass): 200 GET http://10.180.1.21/compute/v2.1/servers/0988bcff-d0ed-43cb-994b-e870b9866634 0.045s
2025-04-07 03:02:24.284 69682 INFO tempest.lib.common.rest_client [req-9c19d9fc-007a-41f4-8a08-3c69ab0ace9c req-9c19d9fc-007a-41f4-8a08-3c69ab0ace9c ] Request (AttachVolumeTestJSON:test_attach_detach_volume): 200 GET http://10.180.1.21/compute/v2.1/servers/ae499731-184c-4b63-9993-3d5b229df920 0.044s
2025-04-07 03:02:24.422 69662 INFO tempest.lib.common.rest_client [req-bcfa65d5-963e-4213-8ff5-935511a17065 req-bcfa65d5-963e-4213-8ff5-935511a17065 ] Request (ServerPasswordTestJSON:tearDownClass): 200 GET http://10.180.1.21/compute/v2.1/servers/d1dbafdb-3130-40f9-93dc-f56e3da1bbc0 0.068s
2025-04-07 03:02:24.429 69677 INFO tempest.lib.common.rest_client [req-cf025bfb-a86e-46e6-8fc4-3e145303c6a2 req-cf025bfb-a86e-46e6-8fc4-3e145303c6a2 ] Request (FloatingIPsAssociationTestJSON:test_associate_already_associated_floating_ip): 200 GET http://10.180.1.21/compute/v2.1/servers/096070fc-9954-452b-8354-fdda19e1ed09 0.059s
2025-04-07 03:02:24.492 69680 INFO tempest.lib.common.rest_client [req-378666cc-72b4-487c-bc62-760805e16e93 req-378666cc-72b4-487c-bc62-760805e16e93 ] Request (ServerAddressesNegativeTestJSON:setUpClass): 200 GET http://10.180.1.21/compute/v2.1/servers/dc140836-f1cf-4c4d-9f29-ce849f969179 0.062s
2025-04-07 03:02:24.542 69668 INFO tempest.lib.common.rest_client [req-eeda6ca7-7cc6-440a-9fda-875ffe640362 req-eeda6ca7-7cc6-440a-9fda-875ffe640362 ] Request (ServersWithSpecificFlavorTestJSON:test_verify_created_server_ephemeral_disk): 200 GET http://10.180.1.21/compute/v2.1/servers/dbb21929-e58a-45a0-934c-7ba9d5e11d7f 0.049s
2025-04-07 03:02:24.587 69688 INFO tempest.lib.common.rest_client [req-daadd2e9-3897-4f9b-9451-40e43600b120 req-daadd2e9-3897-4f9b-9451-40e43600b120 ] Request (DeleteServersTestJSON:test_delete_active_server): 200 GET http://10.180.1.21/compute/v2.1/servers/f973c546-9245-4da6-8eab-fd26e12ee0f4 0.075s
2025-04-07 03:02:24.663 69712 INFO tempest.lib.common.rest_client [req-a085d204-6cbd-4d76-b8b2-7bd6c9e64ec5 req-a085d204-6cbd-4d76-b8b2-7bd6c9e64ec5 ] Request (AttachInterfacesTestJSON:_run_cleanups): 200 GET http://10.180.1.21/compute/v2.1/servers/813826c6-5135-45fb-a05d-5f079eab0d43 0.064s
2025-04-07 03:02:24.672 69698 INFO tempest.lib.common.rest_client [req-ec1559ef-8f7d-4042-acdf-bb2ade653bc7 req-ec1559ef-8f7d-4042-acdf-bb2ade653bc7 ] Request (ServersListShow298Test:tearDownClass): 200 GET http://10.180.1.21/compute/v2.1/servers/47a7edf1-6b45-48af-b53a-4ab6f1990bff 0.068s
2025-04-07 03:02:24.712 69690 INFO tempest.lib.common.rest_client [req-31b45aa8-0127-4eb0-af7c-a57ea7383159 req-31b45aa8-0127-4eb0-af7c-a57ea7383159 ] Request (ImagesOneServerNegativeTestJSON:setUpClass): 200 GET http://10.180.1.21/compute/v2.1/servers/2f432748-bd58-4546-816e-07a9aa271b65 0.059s
2025-04-07 03:02:24.714 69675 INFO tempest.lib.common.rest_client [req-7a3b300a-26f0-44c0-af06-ebe763f1143b req-7a3b300a-26f0-44c0-af06-ebe763f1143b ] Request (MigrationsAdminTest:test_resize_server_revert_deleted_flavor): 200 GET http://10.180.1.21/compute/v2.1/servers/3c5a9b6f-ee7b-421b-bafe-4044a4c4e479 0.058s
2025-04-07 03:02:24.730 69660 INFO tempest.lib.common.rest_client [req-ddd0be10-163a-4485-bcce-8bc4f72a14e9 req-ddd0be10-163a-4485-bcce-8bc4f72a14e9 ] Request (ServersAdminNegativeTestJSON:tearDownClass): 404 GET http://10.180.1.21/compute/v2.1/servers/6c78162d-a0fa-4a65-ac65-a2373e077764 0.020s
2025-04-07 03:02:24.759 69696 INFO tempest.lib.common.rest_client [req-fecc6dbd-b3a8-4f57-8145-7ead4fe5f09d req-fecc6dbd-b3a8-4f57-8145-7ead4fe5f09d ] Request (ImagesTestJSON:test_create_server_from_snapshot): 200 GET http://10.180.1.21/compute/v2.1/servers/01421166-37ef-4e1c-9de4-6bdd513d2ad2 0.048s
2025-04-07 03:02:24.809 69664 INFO tempest.lib.common.rest_client [req-f4fb72b6-ebd7-4367-88d5-9fe9bcd96e26 req-f4fb72b6-ebd7-4367-88d5-9fe9bcd96e26 ] Request (ServersTestJSON:setUpClass): 200 GET http://10.180.1.21/compute/v2.1/servers/d13c0ca5-442b-4b4a-9c6f-1bd08d796ce7 0.048s
2025-04-07 03:02:24.812 69660 INFO tempest.lib.common.rest_client [req-0d7a0e9c-3959-4958-b066-24ce3fd2f229 req-0d7a0e9c-3959-4958-b066-24ce3fd2f229 ] Request (ServersAdminNegativeTestJSON:tearDownClass): 204 DELETE http://10.180.1.21/identity/v3/users/b3eed67ec700460197aa981ed0e6fcda 0.081s
2025-04-07 03:02:24.818 69694 INFO tempest.lib.common.rest_client [req-902683c0-4222-4a49-8b54-624b581d3f4d req-902683c0-4222-4a49-8b54-624b581d3f4d ] Request (ServerRescueNegativeTestJSON:setUpClass): 200 GET http://10.180.1.21/compute/v2.1/servers/466c7ef8-b12c-43b5-a319-e377f9c8e116 0.062s
2025-04-07 03:02:24.877 69666 INFO tempest.lib.common.rest_client [req-6e2bacce-b4f9-443b-a269-abccc4d36ed8 req-6e2bacce-b4f9-443b-a269-abccc4d36ed8 ] Request (SecurityGroupsTestJSON:test_server_security_groups): 200 GET http://10.180.1.21/compute/v2.1/servers/06d7ac4b-8cd7-45f1-8ffe-af293b8546eb 0.078s
2025-04-07 03:02:24.920 69660 INFO tempest.lib.common.rest_client [req-54dfc73d-f44c-497f-8bbf-ec3130bbb82a req-54dfc73d-f44c-497f-8bbf-ec3130bbb82a ] Request (ServersAdminNegativeTestJSON:tearDownClass): 204 DELETE http://10.180.1.21/identity/v3/users/d1d197c6fce14d369ee4d2ae150ce727 0.107s
2025-04-07 03:02:24.920 69660 INFO tempest.lib.common.dynamic_creds [-] Deleting project and security group for project: ce080879bf6c4fba8ef8018535e6aa9b
2025-04-07 03:02:24.920 69672 INFO tempest.lib.common.rest_client [req-51668aaa-4492-4e81-9531-1c338450faca req-51668aaa-4492-4e81-9531-1c338450faca ] Request (ServerDiskConfigTestJSON:test_resize_server_from_auto_to_manual): 200 GET http://10.180.1.21/compute/v2.1/servers/5dc95d89-a3dd-465c-98c2-45b14febd162 0.061s
2025-04-07 03:02:24.950 69670 INFO tempest.lib.common.rest_client [req-abbf4a95-92dd-4ccf-bf22-ea4830b37896 req-abbf4a95-92dd-4ccf-bf22-ea4830b37896 ] Request (ListServerFiltersTestJSON:setUpClass): 200 GET http://10.180.1.21/compute/v2.1/servers/c739cbea-b664-4175-abd6-086363e47b89 0.048s
2025-04-07 03:02:24.980 69660 INFO tempest.lib.common.rest_client [req-85d05229-d8b8-416b-acbc-5e5ab62cc441 req-85d05229-d8b8-416b-acbc-5e5ab62cc441 ] Request (ServersAdminNegativeTestJSON:tearDownClass): 201 POST http://10.180.1.21/identity/v3/auth/tokens 0.060s
2025-04-07 03:02:24.988 69702 INFO tempest.lib.common.rest_client [req-5d0896c6-f76e-47c7-8b06-7ee4b6ce8961 req-5d0896c6-f76e-47c7-8b06-7ee4b6ce8961 ] Request (MultipleCreateTestJSON:_run_cleanups): 200 GET http://10.180.1.21/compute/v2.1/servers/a2780709-ed0a-4806-adfb-f8e148d6e156 0.069s
2025-04-07 03:02:25.016 69716 INFO tempest.lib.common.rest_client [req-6571c279-3f4f-41ca-ae84-1b5193e68706 req-6571c279-3f4f-41ca-ae84-1b5193e68706 ] Request (ServerMetadataNegativeTestJSON:setUpClass): 200 GET http://10.180.1.21/compute/v2.1/servers/b3c1b6cf-75d0-4917-a825-bc8c7176130d 0.052s
2025-04-07 03:02:25.020 69684 INFO tempest.lib.common.rest_client [req-edceb8cc-7b94-4876-95f1-ce10267b2847 req-edceb8cc-7b94-4876-95f1-ce10267b2847 ] Request (AttachInterfacesUnderV243Test:test_add_remove_fixed_ip): 200 GET http://10.180.1.21/compute/v2.1/servers/4a6f8144-9a73-4e24-a5ae-5a457aceb446/ips 0.030s
2025-04-07 03:02:25.085 69660 INFO tempest.lib.common.rest_client [req-0ec31662-56f7-4371-920c-3bed0660d487 req-0ec31662-56f7-4371-920c-3bed0660d487 ] Request (ServersAdminNegativeTestJSON:tearDownClass): 200 GET http://10.180.1.21:9696/networking/v2.0/security-groups?tenant_id=ce080879bf6c4fba8ef8018535e6aa9b&name=default 0.105s
2025-04-07 03:02:25.132 69684 INFO tempest.lib.common.rest_client [req-d3985bbf-5580-4bee-aae3-3788e2254f49 req-d3985bbf-5580-4bee-aae3-3788e2254f49 ] Request (AttachInterfacesUnderV243Test:test_add_remove_fixed_ip): 200 GET http://10.180.1.21/compute/v2.1/servers/4a6f8144-9a73-4e24-a5ae-5a457aceb446 0.109s
2025-04-07 03:02:25.185 69684 INFO tempest.lib.common.rest_client [req-7cad4663-112d-434d-a029-cedbdb23310f req-7cad4663-112d-434d-a029-cedbdb23310f ] Request (AttachInterfacesUnderV243Test:test_add_remove_fixed_ip): 202 POST http://10.180.1.21/compute/v2.1/servers/4a6f8144-9a73-4e24-a5ae-5a457aceb446/action 0.043s
2025-04-07 03:02:25.214 69660 INFO tempest.lib.common.rest_client [req-4d52c2d1-891d-4922-95c4-86469d58f5c1 req-4d52c2d1-891d-4922-95c4-86469d58f5c1 ] Request (ServersAdminNegativeTestJSON:tearDownClass): 204 DELETE http://10.180.1.21:9696/networking/v2.0/security-groups/06016bf2-4828-417e-8d3a-33fbdf44049d 0.128s
2025-04-07 03:02:25.216 69684 INFO tempest.lib.common.rest_client [req-7ac822ad-fe16-41cd-bf2d-63b203b214d3 req-7ac822ad-fe16-41cd-bf2d-63b203b214d3 ] Request (AttachInterfacesUnderV243Test:test_add_remove_fixed_ip): 200 GET http://10.180.1.21/compute/v2.1/servers/4a6f8144-9a73-4e24-a5ae-5a457aceb446/ips 0.030s
2025-04-07 03:02:25.258 69700 INFO tempest.lib.common.rest_client [req-4681fa87-0fa0-4e60-bf65-d0af1acb611f req-4681fa87-0fa0-4e60-bf65-d0af1acb611f ] Request (ServersAdminTestJSON:test_inject_network_info): 200 GET http://10.180.1.21/compute/v2.1/servers/e9eb8cae-bb7a-4028-b685-867115e498ea 0.058s
2025-04-07 03:02:25.283 69660 INFO tempest.lib.common.rest_client [req-0bff0ace-373d-4567-8358-bc93e7738000 req-0bff0ace-373d-4567-8358-bc93e7738000 ] Request (ServersAdminNegativeTestJSON:tearDownClass): 204 DELETE http://10.180.1.21/identity/v3/projects/ce080879bf6c4fba8ef8018535e6aa9b 0.069s
2025-04-07 03:02:25.284 69660 INFO tempest.lib.common.dynamic_creds [-] Deleting project and security group for project: 6d11d1b2c6304aea9f11917e1eacb1af
2025-04-07 03:02:25.290 69692 INFO tempest.lib.common.rest_client [req-bba42d33-826d-477f-a781-25a2937598c5 req-bba42d33-826d-477f-a781-25a2937598c5 ] Request (ServerAddressesTestJSON:setUpClass): 200 GET http://10.180.1.21/compute/v2.1/servers/0988bcff-d0ed-43cb-994b-e870b9866634 0.051s
2025-04-07 03:02:25.308 69660 INFO tempest.lib.common.rest_client [req-a85d4ed5-6cbb-4479-95fb-43f142c12745 req-a85d4ed5-6cbb-4479-95fb-43f142c12745 ] Request (ServersAdminNegativeTestJSON:tearDownClass): 200 GET http://10.180.1.21:9696/networking/v2.0/security-groups?tenant_id=6d11d1b2c6304aea9f11917e1eacb1af&name=default 0.024s
2025-04-07 03:02:25.346 69682 INFO tempest.lib.common.rest_client [req-f0190492-bca0-48f5-b4eb-f8e0157dff95 req-f0190492-bca0-48f5-b4eb-f8e0157dff95 ] Request (AttachVolumeTestJSON:test_attach_detach_volume): 200 GET http://10.180.1.21/compute/v2.1/servers/ae499731-184c-4b63-9993-3d5b229df920 0.054s
2025-04-07 03:02:25.387 69660 INFO tempest.lib.common.rest_client [req-98d31824-c223-45fe-b026-ef23a1c02750 req-98d31824-c223-45fe-b026-ef23a1c02750 ] Request (ServersAdminNegativeTestJSON:tearDownClass): 204 DELETE http://10.180.1.21:9696/networking/v2.0/security-groups/6fdebf3f-2952-4f55-a32f-1fde599a2261 0.079s
2025-04-07 03:02:25.464 69660 INFO tempest.lib.common.rest_client [req-576dab08-58dc-42af-b1cb-7f1e20edec7c req-576dab08-58dc-42af-b1cb-7f1e20edec7c ] Request (ServersAdminNegativeTestJSON:tearDownClass): 204 DELETE http://10.180.1.21/identity/v3/projects/6d11d1b2c6304aea9f11917e1eacb1af 0.077s
2025-04-07 03:02:25.465 69660 INFO tempest.test [-] raised in UnshelveToHostMultiNodesTest.setUpClass. Invoking tearDownClass.
2025-04-07 03:02:25.489 69662 INFO tempest.lib.common.rest_client [req-01030aae-a5fc-47e3-83d9-1e1d4580dcda req-01030aae-a5fc-47e3-83d9-1e1d4580dcda ] Request (ServerPasswordTestJSON:tearDownClass): 200 GET http://10.180.1.21/compute/v2.1/servers/d1dbafdb-3130-40f9-93dc-f56e3da1bbc0 0.057s
2025-04-07 03:02:25.500 69677 INFO tempest.lib.common.rest_client [req-b2967095-57f1-47a6-b60c-8d0333fa8b9a req-b2967095-57f1-47a6-b60c-8d0333fa8b9a ] Request (FloatingIPsAssociationTestJSON:test_associate_already_associated_floating_ip): 200 GET http://10.180.1.21/compute/v2.1/servers/096070fc-9954-452b-8354-fdda19e1ed09 0.062s
2025-04-07 03:02:25.524 69660 INFO tempest.lib.common.rest_client [req-0d0013c2-7720-4b8c-ad7b-0276e5c84b58 req-0d0013c2-7720-4b8c-ad7b-0276e5c84b58 ] Request (VolumesAdminNegativeTest:setUpClass): 201 POST http://10.180.1.21/identity/v3/auth/tokens 0.057s
2025-04-07 03:02:25.552 69680 INFO tempest.lib.common.rest_client [req-0de9320e-57e1-4f9c-88e4-68ab91424367 req-0de9320e-57e1-4f9c-88e4-68ab91424367 ] Request (ServerAddressesNegativeTestJSON:setUpClass): 200 GET http://10.180.1.21/compute/v2.1/servers/dc140836-f1cf-4c4d-9f29-ce849f969179 0.051s
2025-04-07 03:02:25.559 69660 INFO tempest.lib.common.rest_client [req-8fbd7e53-1a67-4a9d-bb65-f23cb8cbf72f req-8fbd7e53-1a67-4a9d-bb65-f23cb8cbf72f ] Request (VolumesAdminNegativeTest:setUpClass): 201 POST http://10.180.1.21/identity/v3/auth/tokens 0.033s
2025-04-07 03:02:25.584 69660 INFO tempest.lib.common.rest_client [req-4db4a2fe-4ad1-42bc-8247-e395ba1e3bc6 req-4db4a2fe-4ad1-42bc-8247-e395ba1e3bc6 ] Request (VolumesAdminNegativeTest:setUpClass): 200 GET http://10.180.1.21/identity/v3/domains?name=Default 0.024s
2025-04-07 03:02:25.602 69668 INFO tempest.lib.common.rest_client [req-a96e44ab-3577-4bc8-9faa-7fa3d145d901 req-a96e44ab-3577-4bc8-9faa-7fa3d145d901 ] Request (ServersWithSpecificFlavorTestJSON:test_verify_created_server_ephemeral_disk): 200 GET http://10.180.1.21/compute/v2.1/servers/dbb21929-e58a-45a0-934c-7ba9d5e11d7f 0.052s
2025-04-07 03:02:25.612 69660 INFO tempest.lib.common.rest_client [req-3ca83712-6589-4b54-8459-bd8812efade9 req-3ca83712-6589-4b54-8459-bd8812efade9 ] Request (VolumesAdminNegativeTest:setUpClass): 201 POST http://10.180.1.21/identity/v3/projects 0.027s
2025-04-07 03:02:25.651 69714 INFO paramiko.transport [-] Connected (version 2.0, client dropbear_2020.81)
2025-04-07 03:02:25.653 69688 INFO tempest.lib.common.rest_client [req-ed2b28c7-8fd0-4161-bea1-01392850a76e req-ed2b28c7-8fd0-4161-bea1-01392850a76e ] Request (DeleteServersTestJSON:test_delete_active_server): 200 GET http://10.180.1.21/compute/v2.1/servers/f973c546-9245-4da6-8eab-fd26e12ee0f4 0.057s
2025-04-07 03:02:25.675 69660 INFO tempest.lib.common.rest_client [req-b8e22bc9-8896-42f6-8cda-6475eed9e11e req-b8e22bc9-8896-42f6-8cda-6475eed9e11e ] Request (VolumesAdminNegativeTest:setUpClass): 201 POST http://10.180.1.21/identity/v3/users 0.062s
2025-04-07 03:02:25.700 69660 INFO tempest.lib.common.rest_client [req-a5beb27f-440c-4101-91f2-c6c0e42b6258 req-a5beb27f-440c-4101-91f2-c6c0e42b6258 ] Request (VolumesAdminNegativeTest:setUpClass): 200 GET http://10.180.1.21/identity/v3/roles 0.024s
2025-04-07 03:02:25.734 69660 INFO tempest.lib.common.rest_client [req-f760304f-979a-4e7d-8086-42022e1a9150 req-f760304f-979a-4e7d-8086-42022e1a9150 ] Request (VolumesAdminNegativeTest:setUpClass): 204 PUT http://10.180.1.21/identity/v3/projects/14cb7fa339ac4a79b17c9d25a2b46a19/users/101885120a82481ba96f1e8967e33244/roles/6b4006e4020c44e79432b46243f378f2 0.034s
2025-04-07 03:02:25.734 69660 INFO tempest.lib.common.dynamic_creds [-] Dynamic test user 101885120a82481ba96f1e8967e33244 is created with scope project and roles: ['member']
2025-04-07 03:02:25.734 69660 INFO tempest.lib.common.dynamic_creds [-] Acquired dynamic creds: credentials: Credentials: {'domain_id': 'default', 'domain_name': 'Default', 'username': 'tempest-VolumesAdminNegativeTest-271123128-project-member', 'project_domain_id': 'default', 'project_domain_name': 'Default', 'project_id': '14cb7fa339ac4a79b17c9d25a2b46a19', 'project_name': 'tempest-VolumesAdminNegativeTest-271123128', 'tenant_id': '14cb7fa339ac4a79b17c9d25a2b46a19', 'tenant_name': 'tempest-VolumesAdminNegativeTest-271123128', 'user_domain_id': 'default', 'user_domain_name': 'Default', 'user_id': '101885120a82481ba96f1e8967e33244', 'system': None}, Network: None, Subnet: None, Router: None
2025-04-07 03:02:25.736 69712 INFO tempest.lib.common.rest_client [req-1d1aa778-f33a-4aac-8d19-ad87dd600ade req-1d1aa778-f33a-4aac-8d19-ad87dd600ade ] Request (AttachInterfacesTestJSON:_run_cleanups): 200 GET http://10.180.1.21/compute/v2.1/servers/813826c6-5135-45fb-a05d-5f079eab0d43 0.064s
2025-04-07 03:02:25.758 69714 INFO paramiko.transport [-] Authentication (publickey) successful!
2025-04-07 03:02:25.758 69714 INFO tempest.lib.common.ssh [-] ssh connection to cirros@10.180.180.160 successfully created
2025-04-07 03:02:25.763 69698 INFO tempest.lib.common.rest_client [req-fb7221ca-04f0-4d20-b1e5-6a1d3424652b req-fb7221ca-04f0-4d20-b1e5-6a1d3424652b ] Request (ServersListShow298Test:tearDownClass): 200 GET http://10.180.1.21/compute/v2.1/servers/47a7edf1-6b45-48af-b53a-4ab6f1990bff 0.078s
2025-04-07 03:02:25.783 69690 INFO tempest.lib.common.rest_client [req-0cc33b36-a6a7-4cbd-aa81-f59ff0e58b7e req-0cc33b36-a6a7-4cbd-aa81-f59ff0e58b7e ] Request (ImagesOneServerNegativeTestJSON:setUpClass): 200 GET http://10.180.1.21/compute/v2.1/servers/2f432748-bd58-4546-816e-07a9aa271b65 0.063s
2025-04-07 03:02:25.797 69660 INFO tempest.lib.common.rest_client [req-471ed251-9f49-4e42-96fc-df3f193092ea req-471ed251-9f49-4e42-96fc-df3f193092ea ] Request (VolumesAdminNegativeTest:setUpClass): 201 POST http://10.180.1.21/identity/v3/auth/tokens 0.062s
2025-04-07 03:02:25.831 69675 INFO tempest.lib.common.rest_client [req-7f9814e2-ca1c-458b-961c-9fc2be54783a req-7f9814e2-ca1c-458b-961c-9fc2be54783a ] Request (MigrationsAdminTest:test_resize_server_revert_deleted_flavor): 200 GET http://10.180.1.21/compute/v2.1/servers/3c5a9b6f-ee7b-421b-bafe-4044a4c4e479 0.109s
2025-04-07 03:02:25.897 69696 INFO tempest.lib.common.rest_client [req-52a7b468-b014-4270-aed8-376f2d669c1f req-52a7b468-b014-4270-aed8-376f2d669c1f ] Request (ImagesTestJSON:test_create_server_from_snapshot): 200 GET http://10.180.1.21/compute/v2.1/servers/01421166-37ef-4e1c-9de4-6bdd513d2ad2 0.130s
2025-04-07 03:02:25.946 69664 INFO tempest.lib.common.rest_client [req-e6707e05-ad92-4d2f-b13f-04f8b7e37146 req-e6707e05-ad92-4d2f-b13f-04f8b7e37146 ] Request (ServersTestJSON:setUpClass): 200 GET http://10.180.1.21/compute/v2.1/servers/d13c0ca5-442b-4b4a-9c6f-1bd08d796ce7 0.124s
2025-04-07 03:02:25.999 69694 INFO tempest.lib.common.rest_client [req-4becda93-6c37-43c8-9ae7-1a8b87b93039 req-4becda93-6c37-43c8-9ae7-1a8b87b93039 ] Request (ServerRescueNegativeTestJSON:setUpClass): 200 GET http://10.180.1.21/compute/v2.1/servers/466c7ef8-b12c-43b5-a319-e377f9c8e116 0.170s
2025-04-07 03:02:26.028 69660 INFO tempest.lib.common.rest_client [req-8b23ee15-0cdc-49ea-8a34-91760c6ae350 req-8b23ee15-0cdc-49ea-8a34-91760c6ae350 ] Request (VolumesAdminNegativeTest:setUpClass): 201 POST http://10.180.1.21:9696/networking/v2.0/networks 0.231s
2025-04-07 03:02:26.043 69666 INFO tempest.lib.common.rest_client [req-44d529ae-2969-4628-b92d-3570e25fa7fb req-44d529ae-2969-4628-b92d-3570e25fa7fb ] Request (SecurityGroupsTestJSON:test_server_security_groups): 200 GET http://10.180.1.21/compute/v2.1/servers/06d7ac4b-8cd7-45f1-8ffe-af293b8546eb 0.158s
2025-04-07 03:02:26.090 69672 INFO tempest.lib.common.rest_client [req-7827d837-a0eb-48c4-aa51-56d9812ec026 req-7827d837-a0eb-48c4-aa51-56d9812ec026 ] Request (ServerDiskConfigTestJSON:test_resize_server_from_auto_to_manual): 200 GET http://10.180.1.21/compute/v2.1/servers/5dc95d89-a3dd-465c-98c2-45b14febd162 0.161s
2025-04-07 03:02:26.137 69670 INFO tempest.lib.common.rest_client [req-4bee8258-f7aa-49f7-9685-bdd6c8709516 req-4bee8258-f7aa-49f7-9685-bdd6c8709516 ] Request (ListServerFiltersTestJSON:setUpClass): 200 GET http://10.180.1.21/compute/v2.1/servers/c739cbea-b664-4175-abd6-086363e47b89 0.179s
2025-04-07 03:02:26.162 69660 INFO tempest.lib.common.rest_client [req-e5cf76cc-d388-4eb9-be82-24fddb301eab req-e5cf76cc-d388-4eb9-be82-24fddb301eab ] Request (VolumesAdminNegativeTest:setUpClass): 201 POST http://10.180.1.21:9696/networking/v2.0/subnets 0.133s
2025-04-07 03:02:26.194 69702 INFO tempest.lib.common.rest_client [req-79bc6050-c197-4083-8a28-75a77199ec1c req-79bc6050-c197-4083-8a28-75a77199ec1c ] Request (MultipleCreateTestJSON:_run_cleanups): 200 GET http://10.180.1.21/compute/v2.1/servers/a2780709-ed0a-4806-adfb-f8e148d6e156 0.197s
2025-04-07 03:02:26.241 69716 INFO tempest.lib.common.rest_client [req-9eba9580-74f8-4da0-8dd8-80565e9fa99e req-9eba9580-74f8-4da0-8dd8-80565e9fa99e ] Request (ServerMetadataNegativeTestJSON:setUpClass): 200 GET http://10.180.1.21/compute/v2.1/servers/b3c1b6cf-75d0-4917-a825-bc8c7176130d 0.215s
2025-04-07 03:02:26.262 69684 INFO tempest.lib.common.rest_client [req-9b82f419-2753-4c29-9fba-b3ffca003646 req-9b82f419-2753-4c29-9fba-b3ffca003646 ] Request (AttachInterfacesUnderV243Test:test_add_remove_fixed_ip): 200 GET http://10.180.1.21/compute/v2.1/servers/4a6f8144-9a73-4e24-a5ae-5a457aceb446/ips 0.043s
2025-04-07 03:02:26.330 69700 INFO tempest.lib.common.rest_client [req-e30d788d-d3d2-4b7f-abec-81f5090c9e51 req-e30d788d-d3d2-4b7f-abec-81f5090c9e51 ] Request (ServersAdminTestJSON:test_inject_network_info): 200 GET http://10.180.1.21/compute/v2.1/servers/e9eb8cae-bb7a-4028-b685-867115e498ea 0.059s
2025-04-07 03:02:26.375 69692 INFO tempest.lib.common.rest_client [req-3f34cd84-a976-4ede-ab52-230ea9cfbd46 req-3f34cd84-a976-4ede-ab52-230ea9cfbd46 ] Request (ServerAddressesTestJSON:setUpClass): 200 GET http://10.180.1.21/compute/v2.1/servers/0988bcff-d0ed-43cb-994b-e870b9866634 0.077s
2025-04-07 03:02:26.431 69682 INFO tempest.lib.common.rest_client [req-1859e8f5-84d0-4872-bb3a-7902f92d1e15 req-1859e8f5-84d0-4872-bb3a-7902f92d1e15 ] Request (AttachVolumeTestJSON:test_attach_detach_volume): 200 GET http://10.180.1.21/compute/v2.1/servers/ae499731-184c-4b63-9993-3d5b229df920 0.078s
2025-04-07 03:02:26.568 69662 INFO tempest.lib.common.rest_client [req-fd224b72-4a70-4898-90e4-763c87f7dd13 req-fd224b72-4a70-4898-90e4-763c87f7dd13 ] Request (ServerPasswordTestJSON:tearDownClass): 200 GET http://10.180.1.21/compute/v2.1/servers/d1dbafdb-3130-40f9-93dc-f56e3da1bbc0 0.067s
2025-04-07 03:02:26.621 69677 INFO tempest.lib.common.rest_client [req-4ba50809-e570-4d19-8997-eea214bfdde8 req-4ba50809-e570-4d19-8997-eea214bfdde8 ] Request (FloatingIPsAssociationTestJSON:test_associate_already_associated_floating_ip): 200 GET http://10.180.1.21/compute/v2.1/servers/096070fc-9954-452b-8354-fdda19e1ed09 0.110s
2025-04-07 03:02:26.689 69680 INFO tempest.lib.common.rest_client [req-47c03aef-f52d-43ec-b4c9-e369f9b5c6ac req-47c03aef-f52d-43ec-b4c9-e369f9b5c6ac ] Request (ServerAddressesNegativeTestJSON:setUpClass): 200 GET http://10.180.1.21/compute/v2.1/servers/dc140836-f1cf-4c4d-9f29-ce849f969179 0.129s
2025-04-07 03:02:26.764 69668 INFO tempest.lib.common.rest_client [req-c8bad2af-0932-494c-af9f-11279554848f req-c8bad2af-0932-494c-af9f-11279554848f ] Request (ServersWithSpecificFlavorTestJSON:test_verify_created_server_ephemeral_disk): 200 GET http://10.180.1.21/compute/v2.1/servers/dbb21929-e58a-45a0-934c-7ba9d5e11d7f 0.154s
2025-04-07 03:02:27.071 69688 INFO tempest.lib.common.rest_client [req-95f50536-b899-4ba6-9ccf-64148b7d8300 req-95f50536-b899-4ba6-9ccf-64148b7d8300 ] Request (DeleteServersTestJSON:test_delete_active_server): 200 GET http://10.180.1.21/compute/v2.1/servers/f973c546-9245-4da6-8eab-fd26e12ee0f4 0.409s
2025-04-07 03:02:27.169 69712 INFO tempest.lib.common.rest_client [req-82b28b9a-19c1-4bef-b5cf-bc55791b87fa req-82b28b9a-19c1-4bef-b5cf-bc55791b87fa ] Request (AttachInterfacesTestJSON:_run_cleanups): 200 GET http://10.180.1.21/compute/v2.1/servers/813826c6-5135-45fb-a05d-5f079eab0d43 0.426s
2025-04-07 03:02:27.249 69698 INFO tempest.lib.common.rest_client [req-71f9b86f-f6ed-4162-8e74-2d993103ed09 req-71f9b86f-f6ed-4162-8e74-2d993103ed09 ] Request (ServersListShow298Test:tearDownClass): 200 GET http://10.180.1.21/compute/v2.1/servers/47a7edf1-6b45-48af-b53a-4ab6f1990bff 0.474s
2025-04-07 03:02:27.321 69690 INFO tempest.lib.common.rest_client [req-1b4bf9c2-a578-47e0-9e56-b369238d74e0 req-1b4bf9c2-a578-47e0-9e56-b369238d74e0 ] Request (ImagesOneServerNegativeTestJSON:setUpClass): 200 GET http://10.180.1.21/compute/v2.1/servers/2f432748-bd58-4546-816e-07a9aa271b65 0.528s
2025-04-07 03:02:27.349 69660 INFO tempest.lib.common.rest_client [req-40ea1dd6-9919-4cc5-8bb8-36811566cbc4 req-40ea1dd6-9919-4cc5-8bb8-36811566cbc4 ] Request (VolumesAdminNegativeTest:setUpClass): 201 POST http://10.180.1.21:9696/networking/v2.0/routers 1.187s
2025-04-07 03:02:27.371 69675 INFO tempest.lib.common.rest_client [req-ed70d98b-16e5-4460-a680-418b8fd442f3 req-ed70d98b-16e5-4460-a680-418b8fd442f3 ] Request (MigrationsAdminTest:test_resize_server_revert_deleted_flavor): 200 GET http://10.180.1.21/compute/v2.1/servers/3c5a9b6f-ee7b-421b-bafe-4044a4c4e479 0.531s
2025-04-07 03:02:27.431 69696 INFO tempest.lib.common.rest_client [req-d4669aef-2bd5-42a9-b723-96c8454153fe req-d4669aef-2bd5-42a9-b723-96c8454153fe ] Request (ImagesTestJSON:test_create_server_from_snapshot): 200 GET http://10.180.1.21/compute/v2.1/servers/01421166-37ef-4e1c-9de4-6bdd513d2ad2 0.524s
2025-04-07 03:02:27.461 69714 INFO tempest.lib.common.rest_client [req-f155862e-c7c2-43d3-9511-7e2bf4f92562 req-f155862e-c7c2-43d3-9511-7e2bf4f92562 ] Request (VolumesAssistedSnapshotsTest:test_volume_assisted_snapshot_create_delete): 200 POST http://10.180.1.21/compute/v2.1/servers/37a049c0-6b5e-4e0d-ab9a-6bae8ec56b19/os-volume_attachments 1.702s
2025-04-07 03:02:27.488 69664 INFO tempest.lib.common.rest_client [req-ee0a2442-67fa-413f-b307-0f8b6743ad49 req-ee0a2442-67fa-413f-b307-0f8b6743ad49 ] Request (ServersTestJSON:setUpClass): 200 GET http://10.180.1.21/compute/v2.1/servers/d13c0ca5-442b-4b4a-9c6f-1bd08d796ce7 0.534s
2025-04-07 03:02:27.523 69694 INFO tempest.lib.common.rest_client [req-f24bad85-af26-4f55-808d-bde1bb33a9cb req-f24bad85-af26-4f55-808d-bde1bb33a9cb ] Request (ServerRescueNegativeTestJSON:setUpClass): 200 GET http://10.180.1.21/compute/v2.1/servers/466c7ef8-b12c-43b5-a319-e377f9c8e116 0.516s
2025-04-07 03:02:27.558 69666 INFO tempest.lib.common.rest_client [req-0c7c0d1a-7d56-4095-9055-17cb517a085e req-0c7c0d1a-7d56-4095-9055-17cb517a085e ] Request (SecurityGroupsTestJSON:test_server_security_groups): 200 GET http://10.180.1.21/compute/v2.1/servers/06d7ac4b-8cd7-45f1-8ffe-af293b8546eb 0.506s
2025-04-07 03:02:27.589 69672 INFO tempest.lib.common.rest_client [req-cc863fdb-58c5-4e3f-8324-5932a7a393c6 req-cc863fdb-58c5-4e3f-8324-5932a7a393c6 ] Request (ServerDiskConfigTestJSON:test_resize_server_from_auto_to_manual): 200 GET http://10.180.1.21/compute/v2.1/servers/5dc95d89-a3dd-465c-98c2-45b14febd162 0.491s
2025-04-07 03:02:27.618 69708 INFO paramiko.transport [-] Connected (version 2.0, client dropbear_2020.81)
2025-04-07 03:02:27.633 69670 INFO tempest.lib.common.rest_client [req-d2c2a35b-7a71-466e-a865-2994f973ff4a req-d2c2a35b-7a71-466e-a865-2994f973ff4a ] Request (ListServerFiltersTestJSON:setUpClass): 200 GET http://10.180.1.21/compute/v2.1/servers/c739cbea-b664-4175-abd6-086363e47b89 0.488s
2025-04-07 03:02:27.647 69714 INFO tempest.lib.common.rest_client [req-917a4613-5ab0-4a8d-8327-92f2431b39d6 req-917a4613-5ab0-4a8d-8327-92f2431b39d6 ] Request (VolumesAssistedSnapshotsTest:test_volume_assisted_snapshot_create_delete): 200 GET http://10.180.1.21/volume/v3/volumes/ebe78b46-ade4-4a22-bc3e-4f5c597afaca 0.184s
2025-04-07 03:02:27.663 69702 INFO tempest.lib.common.rest_client [req-5f609f08-4747-4340-bb5e-3c32c02a4824 req-5f609f08-4747-4340-bb5e-3c32c02a4824 ] Request (MultipleCreateTestJSON:_run_cleanups): 200 GET http://10.180.1.21/compute/v2.1/servers/a2780709-ed0a-4806-adfb-f8e148d6e156 0.458s
2025-04-07 03:02:27.697 69684 INFO tempest.lib.common.rest_client [req-82287d17-5219-46c1-9c33-20e3fe32ece5 req-82287d17-5219-46c1-9c33-20e3fe32ece5 ] Request (AttachInterfacesUnderV243Test:test_add_remove_fixed_ip): 200 GET http://10.180.1.21/compute/v2.1/servers/4a6f8144-9a73-4e24-a5ae-5a457aceb446/ips 0.432s
2025-04-07 03:02:27.719 69716 INFO tempest.lib.common.rest_client [req-bc621499-f291-4a3b-8885-d0ff6eaa1399 req-bc621499-f291-4a3b-8885-d0ff6eaa1399 ] Request (ServerMetadataNegativeTestJSON:setUpClass): 200 GET http://10.180.1.21/compute/v2.1/servers/b3c1b6cf-75d0-4917-a825-bc8c7176130d 0.470s
2025-04-07 03:02:27.720 69708 INFO paramiko.transport [-] Authentication (publickey) successful!
2025-04-07 03:02:27.721 69708 INFO tempest.lib.common.ssh [-] ssh connection to cirros@10.180.180.144 successfully created
2025-04-07 03:02:27.775 69692 INFO tempest.lib.common.rest_client [req-12968ad5-88ee-45b0-a1e8-5e17fc2d980b req-12968ad5-88ee-45b0-a1e8-5e17fc2d980b ] Request (ServerAddressesTestJSON:setUpClass): 200 GET http://10.180.1.21/compute/v2.1/servers/0988bcff-d0ed-43cb-994b-e870b9866634 0.393s
2025-04-07 03:02:27.785 69700 INFO tempest.lib.common.rest_client [req-22776cee-3e8b-4234-9094-e43855e4a659 req-22776cee-3e8b-4234-9094-e43855e4a659 ] Request (ServersAdminTestJSON:test_inject_network_info): 200 GET http://10.180.1.21/compute/v2.1/servers/e9eb8cae-bb7a-4028-b685-867115e498ea 0.445s
2025-04-07 03:02:27.836 69682 INFO tempest.lib.common.rest_client [req-97aa1b8d-65f8-4ae5-b86c-4032f0a360f2 req-97aa1b8d-65f8-4ae5-b86c-4032f0a360f2 ] Request (AttachVolumeTestJSON:test_attach_detach_volume): 200 GET http://10.180.1.21/compute/v2.1/servers/ae499731-184c-4b63-9993-3d5b229df920 0.396s
2025-04-07 03:02:27.844 69662 INFO tempest.lib.common.rest_client [req-36589730-a874-4ac9-99bd-6daa63aaaf48 req-36589730-a874-4ac9-99bd-6daa63aaaf48 ] Request (ServerPasswordTestJSON:tearDownClass): 200 GET http://10.180.1.21/compute/v2.1/servers/d1dbafdb-3130-40f9-93dc-f56e3da1bbc0 0.266s
