2025-04-07 03:00:18.642 69662 INFO tempest.lib.common.rest_client [req-f468ef30-be5d-4ece-bf04-5a97892049d8 req-f468ef30-be5d-4ece-bf04-5a97892049d8 ] Request (KeyPairsV2TestJSON:test_keypair_create_delete): 200 POST http://10.180.1.21/compute/v2.1/os-keypairs 0.631s
2025-04-07 03:00:18.685 69666 INFO tempest.lib.common.rest_client [req-3f11319b-6910-442c-8029-3f530f30a4df req-3f11319b-6910-442c-8029-3f530f30a4df ] Request (AggregatesAdminNegativeTestJSON:_run_cleanups): 200 POST http://10.180.1.21/compute/v2.1/os-aggregates/7/action 0.907s
2025-04-07 03:00:18.697 69710 INFO tempest.lib.common.rest_client [req-eda2ed3a-4b4d-440d-90f5-a5c01f168dee req-eda2ed3a-4b4d-440d-90f5-a5c01f168dee ] Request (QuotasSecurityGroupAdminNegativeTest:tearDownClass): 204 DELETE http://10.180.1.21/identity/v3/projects/17751d3b171f40a99832e044d3396c02 0.114s
2025-04-07 03:00:18.698 69710 INFO tempest.lib.common.dynamic_creds [-] Deleting project and security group for project: 1ceacc22cf6c4aaaa50ac15cf1809058
2025-04-07 03:00:18.703 69698 INFO tempest.lib.common.rest_client [req-b6aca8b1-3cc5-433f-a0b7-13efc71e01fc req-b6aca8b1-3cc5-433f-a0b7-13efc71e01fc ] Request (QuotasAdminTestV236:tearDownClass): 204 DELETE http://10.180.1.21/identity/v3/projects/8f5ee312c4d24248a488231e24fc08ed 0.089s
2025-04-07 03:00:18.703 69698 INFO tempest.lib.common.dynamic_creds [-] Deleting project and security group for project: 612028c17ea4445480cb5be55c8b89a3
2025-04-07 03:00:18.713 69660 INFO tempest.lib.common.rest_client [req-232ab25c-a52c-4da7-af2e-bc6f4e617a6b req-232ab25c-a52c-4da7-af2e-bc6f4e617a6b ] Request (ServersAdminNegativeTestJSON:test_migrate_server_invalid_state): 200 GET http://10.180.1.21/compute/v2.1/servers/bf04c9de-9bdb-4d08-be0d-54c3986f075f 0.620s
2025-04-07 03:00:18.721 69708 INFO tempest.lib.common.rest_client [req-69a956e9-583d-4578-ac19-e9a3d85f56bd req-69a956e9-583d-4578-ac19-e9a3d85f56bd ] Request (SecurityGroupsNegativeTestJSON:test_update_non_existent_security_group): 404 PUT http://10.180.1.21/compute/v2.1/os-security-groups/989a0056-2331-435f-8400-fc9ba2a0a8b3 0.532s
2025-04-07 03:00:18.814 69702 INFO tempest.lib.common.rest_client [req-69e659ca-7060-4f1c-9f46-a576276934b4 req-69e659ca-7060-4f1c-9f46-a576276934b4 ] Request (InstanceActionsNegativeTestJSON:tearDownClass): 200 GET http://10.180.1.21/compute/v2.1/servers/2d9b419c-060f-443b-a18b-d210f9391f4d 0.544s
2025-04-07 03:00:18.830 69704 INFO tempest.lib.common.rest_client [req-16965979-7fb8-4901-a5f8-359c6836b1f2 req-16965979-7fb8-4901-a5f8-359c6836b1f2 ] Request (FlavorsV2TestJSON:test_list_flavors_with_detail): 200 GET http://10.180.1.21/compute/v2.1/flavors/42 0.534s
2025-04-07 03:00:18.884 69698 INFO tempest.lib.common.rest_client [req-cd9bf57e-ee89-4f34-a946-0742ff26ee83 req-cd9bf57e-ee89-4f34-a946-0742ff26ee83 ] Request (QuotasAdminTestV236:tearDownClass): 200 GET http://10.180.1.21:9696/networking/v2.0/security-groups?tenant_id=612028c17ea4445480cb5be55c8b89a3&name=default 0.181s
2025-04-07 03:00:18.966 69710 INFO tempest.lib.common.rest_client [req-b93b930a-5495-48fc-b9a8-eb164cb970c4 req-b93b930a-5495-48fc-b9a8-eb164cb970c4 ] Request (QuotasSecurityGroupAdminNegativeTest:tearDownClass): 200 GET http://10.180.1.21:9696/networking/v2.0/security-groups?tenant_id=1ceacc22cf6c4aaaa50ac15cf1809058&name=default 0.268s
2025-04-07 03:00:18.997 69704 INFO tempest.lib.common.rest_client [req-7c23b802-5528-4afc-a119-57c2ee32cd04 req-7c23b802-5528-4afc-a119-57c2ee32cd04 ] Request (FlavorsV2TestJSON:tearDownClass): 204 DELETE http://10.180.1.21/identity/v3/users/a157a7de04c24b46b24781bc760ac568 0.159s
2025-04-07 03:00:18.997 69704 INFO tempest.lib.common.dynamic_creds [-] Deleting project and security group for project: 0f6374a1f963404996c67178f08697ab
2025-04-07 03:00:19.031 69694 INFO tempest.lib.common.rest_client [req-311d5882-529b-43e4-b1b9-9f52382d0052 req-311d5882-529b-43e4-b1b9-9f52382d0052 ] Request (ServerExternalEventsTest:test_create_server_external_events): 200 GET http://10.180.1.21/compute/v2.1/servers/f6e3ddc8-0f4d-41ab-8844-e7e8f6a82870 0.593s
2025-04-07 03:00:19.082 69704 INFO tempest.lib.common.rest_client [req-8081bcfe-ccb2-42ec-b233-c78335987431 req-8081bcfe-ccb2-42ec-b233-c78335987431 ] Request (FlavorsV2TestJSON:tearDownClass): 201 POST http://10.180.1.21/identity/v3/auth/tokens 0.084s
2025-04-07 03:00:19.126 69698 INFO tempest.lib.common.rest_client [req-92eda71d-dae8-4f5f-a648-d1196f0e1a17 req-92eda71d-dae8-4f5f-a648-d1196f0e1a17 ] Request (QuotasAdminTestV236:tearDownClass): 204 DELETE http://10.180.1.21:9696/networking/v2.0/security-groups/0eee91fc-a31f-4bd6-ad1d-d0e820e2b769 0.241s
2025-04-07 03:00:19.127 69688 INFO tempest.lib.common.rest_client [req-a8ef26d7-57ee-4228-8116-33ae4d29b7b4 req-a8ef26d7-57ee-4228-8116-33ae4d29b7b4 ] Request (ServerDiagnosticsV248Test:tearDownClass): 200 GET http://10.180.1.21/compute/v2.1/servers/096c9c90-970a-4fb8-8e9b-524d880f0dda 0.651s
2025-04-07 03:00:19.172 69710 INFO tempest.lib.common.rest_client [req-8bc0c341-5c08-4cfd-83a9-52f2e26fbfa9 req-8bc0c341-5c08-4cfd-83a9-52f2e26fbfa9 ] Request (QuotasSecurityGroupAdminNegativeTest:tearDownClass): 204 DELETE http://10.180.1.21:9696/networking/v2.0/security-groups/d67f2646-9ddc-4440-b42d-0bdaa987bde9 0.205s
2025-04-07 03:00:19.198 69718 INFO tempest.lib.common.rest_client [req-33cee1aa-3af1-428b-bc83-795a6e5614b7 req-33cee1aa-3af1-428b-bc83-795a6e5614b7 ] Request (ServerShowV254Test:test_rebuild_server): 200 GET http://10.180.1.21/compute/v2.1/servers/93e805a4-34c8-4c38-a068-201bac8f4db7 0.668s
2025-04-07 03:00:19.219 69698 INFO tempest.lib.common.rest_client [req-a1e50b31-903f-4e4e-97b9-3df0564b710f req-a1e50b31-903f-4e4e-97b9-3df0564b710f ] Request (QuotasAdminTestV236:tearDownClass): 204 DELETE http://10.180.1.21/identity/v3/projects/612028c17ea4445480cb5be55c8b89a3 0.092s
2025-04-07 03:00:19.220 69698 INFO tempest.test [-] raised in ServersOnMultiNodesTest.setUpClass. Invoking tearDownClass.
2025-04-07 03:00:19.263 69698 INFO tempest.lib.common.rest_client [req-85b097d2-46da-4a0e-bdef-9347ef801d8b req-85b097d2-46da-4a0e-bdef-9347ef801d8b ] Request (FlavorsV2NegativeTest:setUpClass): 201 POST http://10.180.1.21/identity/v3/auth/tokens 0.040s
2025-04-07 03:00:19.286 69672 INFO tempest.lib.common.rest_client [req-dbda46e2-4152-4dfe-87ec-33fd073d3cf2 req-dbda46e2-4152-4dfe-87ec-33fd073d3cf2 ] Request (ServerDiskConfigTestJSON:test_rebuild_server_with_manual_disk_config): 202 POST http://10.180.1.21/compute/v2.1/servers 1.025s
2025-04-07 03:00:19.295 69710 INFO tempest.lib.common.rest_client [req-06e8d04a-e81e-4813-bf4d-ed3c56100099 req-06e8d04a-e81e-4813-bf4d-ed3c56100099 ] Request (QuotasSecurityGroupAdminNegativeTest:tearDownClass): 204 DELETE http://10.180.1.21/identity/v3/projects/1ceacc22cf6c4aaaa50ac15cf1809058 0.122s
2025-04-07 03:00:19.300 69677 INFO tempest.lib.common.rest_client [req-9b54aca1-7155-455b-a7c9-750dd6d0a747 req-9b54aca1-7155-455b-a7c9-750dd6d0a747 ] Request (QuotaClassesAdmin257Test:test_update_default_quotas): 200 PUT http://10.180.1.21/compute/v2.1/os-quota-class-sets/default 0.762s
2025-04-07 03:00:19.324 69662 INFO tempest.lib.common.rest_client [req-eab3bdd7-ddaf-4cad-a397-ba142031c16c req-eab3bdd7-ddaf-4cad-a397-ba142031c16c ] Request (KeyPairsV2TestJSON:_run_cleanups): 202 DELETE http://10.180.1.21/compute/v2.1/os-keypairs/tempest-keypair-334801698 0.680s
2025-04-07 03:00:19.352 69698 INFO tempest.lib.common.rest_client [req-af747622-8f9f-4f90-abff-cac0ff9113b1 req-af747622-8f9f-4f90-abff-cac0ff9113b1 ] Request (FlavorsV2NegativeTest:setUpClass): 201 POST http://10.180.1.21/identity/v3/auth/tokens 0.086s
2025-04-07 03:00:19.367 69700 INFO tempest.lib.common.rest_client [req-1a15d90d-daf8-497b-9dde-33b6e58bedfc req-1a15d90d-daf8-497b-9dde-33b6e58bedfc ] Request (ServersAdminTestJSON:test_create_server_with_scheduling_hint): 200 GET http://10.180.1.21/compute/v2.1/servers/1180e248-cb8e-46d8-b0e0-f82304723954 0.741s
2025-04-07 03:00:19.371 69710 INFO tempest.lib.common.rest_client [req-ea3f951c-0287-4783-ac2e-a95d728252d5 req-ea3f951c-0287-4783-ac2e-a95d728252d5 ] Request (AZV2TestJSON:setUpClass): 201 POST http://10.180.1.21/identity/v3/auth/tokens 0.073s
2025-04-07 03:00:19.399 69704 INFO tempest.lib.common.rest_client [req-74d502bf-5547-470f-aa6b-2080289daa43 req-74d502bf-5547-470f-aa6b-2080289daa43 ] Request (FlavorsV2TestJSON:tearDownClass): 200 GET http://10.180.1.21:9696/networking/v2.0/security-groups?tenant_id=0f6374a1f963404996c67178f08697ab&name=default 0.316s
2025-04-07 03:00:19.405 69698 INFO tempest.lib.common.rest_client [req-0c0d0d02-9c1a-418d-a480-902cc6c26264 req-0c0d0d02-9c1a-418d-a480-902cc6c26264 ] Request (FlavorsV2NegativeTest:setUpClass): 200 GET http://10.180.1.21/identity/v3/domains?name=Default 0.052s
2025-04-07 03:00:19.422 69666 INFO tempest.lib.common.rest_client [req-1ceeea07-8c6c-44cf-a55b-404a1e5ff95f req-1ceeea07-8c6c-44cf-a55b-404a1e5ff95f ] Request (AggregatesAdminNegativeTestJSON:_run_cleanups): 200 DELETE http://10.180.1.21/compute/v2.1/os-aggregates/7 0.734s
2025-04-07 03:00:19.430 69710 INFO tempest.lib.common.rest_client [req-c8aa8dab-df42-4dbf-9107-0ed3cd678db3 req-c8aa8dab-df42-4dbf-9107-0ed3cd678db3 ] Request (AZV2TestJSON:setUpClass): 201 POST http://10.180.1.21/identity/v3/auth/tokens 0.057s
2025-04-07 03:00:19.444 69698 INFO tempest.lib.common.rest_client [req-67d6bdae-d05d-4011-b728-a4b69f9cae5a req-67d6bdae-d05d-4011-b728-a4b69f9cae5a ] Request (FlavorsV2NegativeTest:setUpClass): 201 POST http://10.180.1.21/identity/v3/projects 0.038s
2025-04-07 03:00:19.496 69670 INFO tempest.lib.common.rest_client [req-cc823770-d4b5-4930-a31b-86d803146987 req-cc823770-d4b5-4930-a31b-86d803146987 ] Request (TenantUsagesTestJSON:setUpClass): 200 GET http://10.180.1.21/compute/v2.1/servers/3d1c0d44-5ddc-465f-9e7e-ad787491bf99 0.816s
2025-04-07 03:00:19.524 69710 INFO tempest.lib.common.rest_client [req-0bc483f6-6010-4c73-a2bb-7c17818277f7 req-0bc483f6-6010-4c73-a2bb-7c17818277f7 ] Request (AZV2TestJSON:setUpClass): 200 GET http://10.180.1.21/identity/v3/domains?name=Default 0.093s
2025-04-07 03:00:19.533 69698 INFO tempest.lib.common.rest_client [req-41e76f41-c01a-4dfb-82c7-f9ffdcb73561 req-41e76f41-c01a-4dfb-82c7-f9ffdcb73561 ] Request (FlavorsV2NegativeTest:setUpClass): 201 POST http://10.180.1.21/identity/v3/users 0.088s
2025-04-07 03:00:19.558 69698 INFO tempest.lib.common.rest_client [req-72683521-51e9-428c-834c-1732d943cbfc req-72683521-51e9-428c-834c-1732d943cbfc ] Request (FlavorsV2NegativeTest:setUpClass): 200 GET http://10.180.1.21/identity/v3/roles 0.024s
2025-04-07 03:00:19.559 69710 INFO tempest.lib.common.rest_client [req-498036dc-793e-4673-a38d-4d9a2f71d756 req-498036dc-793e-4673-a38d-4d9a2f71d756 ] Request (AZV2TestJSON:setUpClass): 201 POST http://10.180.1.21/identity/v3/projects 0.034s
2025-04-07 03:00:19.586 69716 INFO tempest.lib.common.rest_client [req-aabac6f9-5b69-4595-9055-84dad3debb91 req-aabac6f9-5b69-4595-9055-84dad3debb91 ] Request (AttachInterfacesV270Test:test_create_get_list_interfaces): 200 GET http://10.180.1.21/compute/v2.1/servers/38e764ad-9cbc-4cd8-95d3-6c6e733dcf16 0.795s
2025-04-07 03:00:19.626 69698 INFO tempest.lib.common.rest_client [req-58b535c4-d670-4fcd-8df6-b6f7a422f46b req-58b535c4-d670-4fcd-8df6-b6f7a422f46b ] Request (FlavorsV2NegativeTest:setUpClass): 204 PUT http://10.180.1.21/identity/v3/projects/33909477979f49a3a936791ee823bd75/users/ec098a9ed9ec4c94a997c375d463380c/roles/6b4006e4020c44e79432b46243f378f2 0.068s
2025-04-07 03:00:19.626 69698 INFO tempest.lib.common.dynamic_creds [-] Dynamic test user ec098a9ed9ec4c94a997c375d463380c is created with scope project and roles: ['member']
2025-04-07 03:00:19.627 69698 INFO tempest.lib.common.dynamic_creds [-] Acquired dynamic creds: credentials: Credentials: {'domain_id': 'default', 'domain_name': 'Default', 'username': 'tempest-FlavorsV2NegativeTest-1753542313-project-member', 'project_domain_id': 'default', 'project_domain_name': 'Default', 'project_id': '33909477979f49a3a936791ee823bd75', 'project_name': 'tempest-FlavorsV2NegativeTest-1753542313', 'tenant_id': '33909477979f49a3a936791ee823bd75', 'tenant_name': 'tempest-FlavorsV2NegativeTest-1753542313', 'user_domain_id': 'default', 'user_domain_name': 'Default', 'user_id': 'ec098a9ed9ec4c94a997c375d463380c', 'system': None}, Network: None, Subnet: None, Router: None
2025-04-07 03:00:19.627 69698 INFO tempest.lib.common.dynamic_creds [-] Created isolated network resources for: credentials: Credentials: {'domain_id': 'default', 'domain_name': 'Default', 'username': 'tempest-FlavorsV2NegativeTest-1753542313-project-member', 'project_domain_id': 'default', 'project_domain_name': 'Default', 'project_id': '33909477979f49a3a936791ee823bd75', 'project_name': 'tempest-FlavorsV2NegativeTest-1753542313', 'tenant_id': '33909477979f49a3a936791ee823bd75', 'tenant_name': 'tempest-FlavorsV2NegativeTest-1753542313', 'user_domain_id': 'default', 'user_domain_name': 'Default', 'user_id': 'ec098a9ed9ec4c94a997c375d463380c', 'system': None}, Network: None, Subnet: None, Router: None
2025-04-07 03:00:19.635 69710 INFO tempest.lib.common.rest_client [req-6edffcec-cdfc-4a44-a7fa-cab712344209 req-6edffcec-cdfc-4a44-a7fa-cab712344209 ] Request (AZV2TestJSON:setUpClass): 201 POST http://10.180.1.21/identity/v3/users 0.076s
2025-04-07 03:00:19.646 69722 INFO tempest.lib.common.rest_client [req-ab283c27-755a-4d76-afc0-2b4ad24edc60 req-ab283c27-755a-4d76-afc0-2b4ad24edc60 ] Request (ImagesOneServerTestJSON:setUpClass): 200 GET http://10.180.1.21/compute/v2.1/servers/7a6c15e6-6305-4fce-83b4-887a46d06a26 0.877s
2025-04-07 03:00:19.672 69678 INFO tempest.lib.common.rest_client [req-5aea4a17-caf0-4266-8adc-cca9a8aa427e req-5aea4a17-caf0-4266-8adc-cca9a8aa427e ] Request (ServerDiagnosticsTest:test_get_server_diagnostics): 200 GET http://10.180.1.21/compute/v2.1/servers/a815a5c3-fe3d-48d1-aeba-0952420d5862 0.793s
2025-04-07 03:00:19.673 69704 INFO tempest.lib.common.rest_client [req-65dafc9d-02f9-41d3-a119-96ee60126dcd req-65dafc9d-02f9-41d3-a119-96ee60126dcd ] Request (FlavorsV2TestJSON:tearDownClass): 204 DELETE http://10.180.1.21:9696/networking/v2.0/security-groups/d927c8fa-d017-4b1d-9bc8-840f5584c64a 0.273s
2025-04-07 03:00:19.690 69684 INFO tempest.lib.common.rest_client [req-72bba70a-0741-4a19-890a-0dd6adc20ca9 req-72bba70a-0741-4a19-890a-0dd6adc20ca9 ] Request (AttachInterfacesUnderV243Test:setUpClass): 200 PUT http://10.180.1.21:9696/networking/v2.0/routers/9b5026aa-7b27-4323-af41-0dd99e75dee8/add_router_interface 1.741s
2025-04-07 03:00:19.690 69684 INFO tempest.lib.common.dynamic_creds [-] Created isolated network resources for: credentials: Credentials: {'domain_id': 'default', 'domain_name': 'Default', 'username': 'tempest-AttachInterfacesUnderV243Test-1083809723-project-member', 'project_domain_id': 'default', 'project_domain_name': 'Default', 'project_id': 'bd3da85090e7495fa15d268c1a1a196a', 'project_name': 'tempest-AttachInterfacesUnderV243Test-1083809723', 'tenant_id': 'bd3da85090e7495fa15d268c1a1a196a', 'tenant_name': 'tempest-AttachInterfacesUnderV243Test-1083809723', 'user_domain_id': 'default', 'user_domain_name': 'Default', 'user_id': 'beb666bf1fa6401c8987161faac145dc', 'system': None}, Network: {'id': '520a16cc-0ec7-47c0-96fd-cb76becd851b', 'name': 'tempest-AttachInterfacesUnderV243Test-1653876829-network', 'tenant_id': 'bd3da85090e7495fa15d268c1a1a196a', 'admin_state_up': True, 'mtu': 8950, 'status': 'ACTIVE', 'subnets': [], 'shared': False, 'project_id': 'bd3da85090e7495fa15d268c1a1a196a', 'port_security_enabled': True, 'router:external': False, 'provider:network_type': 'vlan', 'provider:physical_network': 'default', 'provider:segmentation_id': 358, 'availability_zone_hints': [], 'availability_zones': [], 'ipv4_address_scope': None, 'ipv6_address_scope': None, 'description': '', 'tags': [], 'created_at': '2025-04-07T03:00:16Z', 'updated_at': '2025-04-07T03:00:16Z', 'revision_number': 1}, Subnet: {'id': '35b3dd31-59d1-4571-b6ab-0b94add1d4c1', 'name': 'tempest-AttachInterfacesUnderV243Test-1653876829-subnet', 'tenant_id': 'bd3da85090e7495fa15d268c1a1a196a', 'network_id': '520a16cc-0ec7-47c0-96fd-cb76becd851b', 'ip_version': 4, 'subnetpool_id': None, 'enable_dhcp': True, 'ipv6_ra_mode': None, 'ipv6_address_mode': None, 'gateway_ip': '192.168.128.1', 'cidr': '192.168.128.0/28', 'allocation_pools': [{'start': '192.168.128.2', 'end': '192.168.128.14'}], 'host_routes': [], 'dns_nameservers': [], 'description': '', 'router:external': False, 'service_types': [], 'tags': [], 'created_at': '2025-04-07T03:00:16Z', 'updated_at': '2025-04-07T03:00:16Z', 'revision_number': 0, 'project_id': 'bd3da85090e7495fa15d268c1a1a196a'}, Router: {'id': '9b5026aa-7b27-4323-af41-0dd99e75dee8', 'name': 'tempest-AttachInterfacesUnderV243Test-1653876829-router', 'tenant_id': 'bd3da85090e7495fa15d268c1a1a196a', 'admin_state_up': True, 'status': 'ACTIVE', 'external_gateway_info': {'network_id': '16681a81-3060-4169-afe4-6683cddddbfc', 'external_fixed_ips': [{'subnet_id': '52a60b02-6ca1-43af-ba58-3d0cde5a2756', 'ip_address': '10.180.180.199'}], 'enable_snat': True}, 'description': '', 'availability_zones': [], 'distributed': False, 'ha': False, 'availability_zone_hints': [], 'routes': [], 'flavor_id': None, 'tags': [], 'created_at': '2025-04-07T03:00:16Z', 'updated_at': '2025-04-07T03:00:17Z', 'revision_number': 2, 'project_id': 'bd3da85090e7495fa15d268c1a1a196a'}
2025-04-07 03:00:19.711 69698 INFO tempest.lib.common.rest_client [req-e177a51f-82a8-4b1b-afba-b74c1af1e705 req-e177a51f-82a8-4b1b-afba-b74c1af1e705 ] Request (FlavorsV2NegativeTest:setUpClass): 201 POST http://10.180.1.21/identity/v3/auth/tokens 0.078s
2025-04-07 03:00:19.741 69686 INFO tempest.lib.common.rest_client [req-8721f84c-9cae-49c3-ac0b-b4be8879e71e req-8721f84c-9cae-49c3-ac0b-b4be8879e71e ] Request (ServerDiagnosticsNegativeTest:test_get_server_diagnostics_by_non_admin): 200 GET http://10.180.1.21/compute/v2.1/servers/4ec14ece-7f42-4c2f-9f5b-c8ba74c432b6 0.746s
2025-04-07 03:00:19.747 69710 INFO tempest.lib.common.rest_client [req-01564edb-9dbd-4fb2-993f-5aa9ceb2684c req-01564edb-9dbd-4fb2-993f-5aa9ceb2684c ] Request (AZV2TestJSON:setUpClass): 200 GET http://10.180.1.21/identity/v3/roles 0.112s
2025-04-07 03:00:19.840 69664 INFO tempest.lib.common.rest_client [req-a85dbc77-6a03-41ac-9cfa-66086dabbc9c req-a85dbc77-6a03-41ac-9cfa-66086dabbc9c ] Request (FloatingIPsAssociationNegativeTestJSON:setUpClass): 200 GET http://10.180.1.21/compute/v2.1/servers/920d668d-1947-40bd-9c94-9398ee4a4acc 0.774s
2025-04-07 03:00:19.845 69714 INFO tempest.lib.common.rest_client [req-612184a7-def0-415f-b2fe-bdc9471b6efe req-612184a7-def0-415f-b2fe-bdc9471b6efe ] Request (VolumesAssistedSnapshotsTest:test_volume_assisted_snapshot_create_delete): 200 GET http://10.180.1.21/compute/v2.1/servers/37a049c0-6b5e-4e0d-ab9a-6bae8ec56b19 0.753s
2025-04-07 03:00:19.851 69664 INFO tempest.common.waiters [-] State transition "BUILD/block_device_mapping" ==> "BUILD/spawning" after 25 second wait
2025-04-07 03:00:19.864 69704 INFO tempest.lib.common.rest_client [req-c55b047c-a5dc-46b7-bacc-9f7bb59334c1 req-c55b047c-a5dc-46b7-bacc-9f7bb59334c1 ] Request (FlavorsV2TestJSON:tearDownClass): 204 DELETE http://10.180.1.21/identity/v3/projects/0f6374a1f963404996c67178f08697ab 0.191s
2025-04-07 03:00:19.893 69684 INFO tempest.lib.common.rest_client [req-9126fb36-3fab-403d-baed-6a2f8e6b233c req-9126fb36-3fab-403d-baed-6a2f8e6b233c ] Request (AttachInterfacesUnderV243Test:setUpClass): 201 POST http://10.180.1.21/identity/v3/auth/tokens 0.199s
2025-04-07 03:00:19.944 69704 INFO tempest.lib.common.rest_client [req-fb67e951-9fa7-47d2-976a-e31974e6bf8a req-fb67e951-9fa7-47d2-976a-e31974e6bf8a ] Request (QuotasTestJSON:setUpClass): 201 POST http://10.180.1.21/identity/v3/auth/tokens 0.078s
2025-04-07 03:00:19.945 69706 INFO tempest.lib.common.rest_client [req-4ec4afd5-4329-40a9-92d0-2ab0af1fc147 req-4ec4afd5-4329-40a9-92d0-2ab0af1fc147 ] Request (ServerActionsTestJSON:setUpClass): 200 GET http://10.180.1.21/compute/v2.1/servers/2b369931-313e-49c3-a555-937110bb700e 0.660s
2025-04-07 03:00:19.995 69710 INFO tempest.lib.common.rest_client [req-861ad8d0-2075-48c0-8d86-5b0a18e5e36c req-861ad8d0-2075-48c0-8d86-5b0a18e5e36c ] Request (AZV2TestJSON:setUpClass): 204 PUT http://10.180.1.21/identity/v3/projects/53be7dc8d6b446a7a49d970011650cdf/users/226989bb145d404b883df3c5c587376c/roles/6b4006e4020c44e79432b46243f378f2 0.247s
2025-04-07 03:00:19.995 69710 INFO tempest.lib.common.dynamic_creds [-] Dynamic test user 226989bb145d404b883df3c5c587376c is created with scope project and roles: ['member']
2025-04-07 03:00:19.995 69710 INFO tempest.lib.common.dynamic_creds [-] Acquired dynamic creds: credentials: Credentials: {'domain_id': 'default', 'domain_name': 'Default', 'username': 'tempest-AZV2TestJSON-1547049434-project-member', 'project_domain_id': 'default', 'project_domain_name': 'Default', 'project_id': '53be7dc8d6b446a7a49d970011650cdf', 'project_name': 'tempest-AZV2TestJSON-1547049434', 'tenant_id': '53be7dc8d6b446a7a49d970011650cdf', 'tenant_name': 'tempest-AZV2TestJSON-1547049434', 'user_domain_id': 'default', 'user_domain_name': 'Default', 'user_id': '226989bb145d404b883df3c5c587376c', 'system': None}, Network: None, Subnet: None, Router: None
2025-04-07 03:00:19.995 69710 INFO tempest.lib.common.dynamic_creds [-] Created isolated network resources for: credentials: Credentials: {'domain_id': 'default', 'domain_name': 'Default', 'username': 'tempest-AZV2TestJSON-1547049434-project-member', 'project_domain_id': 'default', 'project_domain_name': 'Default', 'project_id': '53be7dc8d6b446a7a49d970011650cdf', 'project_name': 'tempest-AZV2TestJSON-1547049434', 'tenant_id': '53be7dc8d6b446a7a49d970011650cdf', 'tenant_name': 'tempest-AZV2TestJSON-1547049434', 'user_domain_id': 'default', 'user_domain_name': 'Default', 'user_id': '226989bb145d404b883df3c5c587376c', 'system': None}, Network: None, Subnet: None, Router: None
2025-04-07 03:00:20.012 69672 INFO tempest.lib.common.rest_client [req-20793b92-e606-4952-b050-9d57ee39c8e5 req-20793b92-e606-4952-b050-9d57ee39c8e5 ] Request (ServerDiskConfigTestJSON:test_rebuild_server_with_manual_disk_config): 200 GET http://10.180.1.21/compute/v2.1/servers/cf4ff2cc-d2f6-41dd-83b5-e89d2e65a372 0.723s
2025-04-07 03:00:20.031 69677 INFO tempest.lib.common.rest_client [req-0e496166-1d27-4a4a-a9f8-1d95dfbe962b req-0e496166-1d27-4a4a-a9f8-1d95dfbe962b ] Request (QuotaClassesAdmin257Test:test_update_default_quotas): 200 GET http://10.180.1.21/compute/v2.1/os-quota-class-sets/default 0.728s
2025-04-07 03:00:20.053 69704 INFO tempest.lib.common.rest_client [req-55fd64c9-4785-40d3-8dd9-b9ac3bdb3225 req-55fd64c9-4785-40d3-8dd9-b9ac3bdb3225 ] Request (QuotasTestJSON:setUpClass): 201 POST http://10.180.1.21/identity/v3/auth/tokens 0.107s
2025-04-07 03:00:20.056 69675 INFO tempest.lib.common.rest_client [req-7d717cbc-e399-43e4-bc46-929c230180a7 req-7d717cbc-e399-43e4-bc46-929c230180a7 ] Request (MigrationsAdminTest:test_list_migrations_in_flavor_resize_situation): 200 GET http://10.180.1.21/compute/v2.1/servers/112dc1fc-247c-4305-95d4-7791d39efcd2 0.813s
2025-04-07 03:00:20.078 69662 INFO tempest.lib.common.rest_client [req-d04fcbbf-e520-42e8-8105-a182cfd22ddd req-d04fcbbf-e520-42e8-8105-a182cfd22ddd ] Request (KeyPairsV2TestJSON:test_keypair_create_with_pub_key): 200 POST http://10.180.1.21/compute/v2.1/os-keypairs 0.752s
2025-04-07 03:00:20.097 69710 INFO tempest.lib.common.rest_client [req-ca94e76b-6551-4510-9da9-0672fc3924f4 req-ca94e76b-6551-4510-9da9-0672fc3924f4 ] Request (AZV2TestJSON:setUpClass): 201 POST http://10.180.1.21/identity/v3/auth/tokens 0.098s
2025-04-07 03:00:20.106 69704 INFO tempest.lib.common.rest_client [req-33f61270-8643-416b-adaa-553973c90111 req-33f61270-8643-416b-adaa-553973c90111 ] Request (QuotasTestJSON:setUpClass): 200 GET http://10.180.1.21/identity/v3/domains?name=Default 0.052s
2025-04-07 03:00:20.146 69704 INFO tempest.lib.common.rest_client [req-a94062c4-f8d3-4f0d-9453-11a2fe921e29 req-a94062c4-f8d3-4f0d-9453-11a2fe921e29 ] Request (QuotasTestJSON:setUpClass): 201 POST http://10.180.1.21/identity/v3/projects 0.039s
2025-04-07 03:00:20.155 69680 INFO tempest.lib.common.rest_client [req-a2ee975d-2a68-4510-b74c-24f7f85e32c0 req-a2ee975d-2a68-4510-b74c-24f7f85e32c0 ] Request (ImagesNegativeTestJSON:test_create_image_from_deleted_server): 200 GET http://10.180.1.21/compute/v2.1/servers/d6d2fa3f-94c3-4014-9ac1-b3c41a793c0d 0.799s
2025-04-07 03:00:20.187 69666 INFO tempest.lib.common.rest_client [req-149f06a4-9997-4591-a84b-6af6473e6d29 req-149f06a4-9997-4591-a84b-6af6473e6d29 ] Request (AggregatesAdminNegativeTestJSON:test_aggregate_remove_nonexistent_host): 200 POST http://10.180.1.21/compute/v2.1/os-aggregates 0.763s
2025-04-07 03:00:20.218 69704 INFO tempest.lib.common.rest_client [req-0e5089b6-0261-46c0-9b84-a704e3ba6519 req-0e5089b6-0261-46c0-9b84-a704e3ba6519 ] Request (QuotasTestJSON:setUpClass): 201 POST http://10.180.1.21/identity/v3/users 0.072s
2025-04-07 03:00:20.247 69704 INFO tempest.lib.common.rest_client [req-4e2ba33b-f03c-4de0-bbcb-ea1d3deab626 req-4e2ba33b-f03c-4de0-bbcb-ea1d3deab626 ] Request (QuotasTestJSON:setUpClass): 200 GET http://10.180.1.21/identity/v3/roles 0.028s
2025-04-07 03:00:20.254 69668 INFO tempest.lib.common.rest_client [req-adf1d89a-1e73-4c2d-92b4-2b4f79223a4b req-adf1d89a-1e73-4c2d-92b4-2b4f79223a4b ] Request (ServersWithSpecificFlavorTestJSON:test_verify_created_server_ephemeral_disk): 200 GET http://10.180.1.21/compute/v2.1/servers/a233c308-e579-4de8-892f-8874d85acd7c 0.827s
2025-04-07 03:00:20.278 69704 INFO tempest.lib.common.rest_client [req-71a723af-1bf9-4555-b98c-e6b850c4c142 req-71a723af-1bf9-4555-b98c-e6b850c4c142 ] Request (QuotasTestJSON:setUpClass): 204 PUT http://10.180.1.21/identity/v3/projects/b708d657d65e48f19027ffd665577f80/users/74c1e54d6dbe4cdb883453cd1ccf537c/roles/6b4006e4020c44e79432b46243f378f2 0.030s
2025-04-07 03:00:20.278 69704 INFO tempest.lib.common.dynamic_creds [-] Dynamic test user 74c1e54d6dbe4cdb883453cd1ccf537c is created with scope project and roles: ['member']
2025-04-07 03:00:20.279 69704 INFO tempest.lib.common.dynamic_creds [-] Acquired dynamic creds: credentials: Credentials: {'domain_id': 'default', 'domain_name': 'Default', 'username': 'tempest-QuotasTestJSON-1281585665-project-member', 'project_domain_id': 'default', 'project_domain_name': 'Default', 'project_id': 'b708d657d65e48f19027ffd665577f80', 'project_name': 'tempest-QuotasTestJSON-1281585665', 'tenant_id': 'b708d657d65e48f19027ffd665577f80', 'tenant_name': 'tempest-QuotasTestJSON-1281585665', 'user_domain_id': 'default', 'user_domain_name': 'Default', 'user_id': '74c1e54d6dbe4cdb883453cd1ccf537c', 'system': None}, Network: None, Subnet: None, Router: None
2025-04-07 03:00:20.279 69704 INFO tempest.lib.common.dynamic_creds [-] Created isolated network resources for: credentials: Credentials: {'domain_id': 'default', 'domain_name': 'Default', 'username': 'tempest-QuotasTestJSON-1281585665-project-member', 'project_domain_id': 'default', 'project_domain_name': 'Default', 'project_id': 'b708d657d65e48f19027ffd665577f80', 'project_name': 'tempest-QuotasTestJSON-1281585665', 'tenant_id': 'b708d657d65e48f19027ffd665577f80', 'tenant_name': 'tempest-QuotasTestJSON-1281585665', 'user_domain_id': 'default', 'user_domain_name': 'Default', 'user_id': '74c1e54d6dbe4cdb883453cd1ccf537c', 'system': None}, Network: None, Subnet: None, Router: None
2025-04-07 03:00:20.312 69692 INFO tempest.lib.common.rest_client [req-975be658-a2c1-4a39-afdd-46fa148fd8ee req-975be658-a2c1-4a39-afdd-46fa148fd8ee ] Request (InstanceActionsTestJSON:setUpClass): 200 GET http://10.180.1.21/compute/v2.1/servers/b0e68d62-c0dd-4510-943e-dbee2b51ec0c 0.862s
2025-04-07 03:00:20.321 69692 INFO tempest.common.waiters [-] State transition "BUILD/None" ==> "BUILD/networking" after 22 second wait
2025-04-07 03:00:20.384 69690 INFO tempest.lib.common.rest_client [req-6877ac31-1e21-41e8-8016-1965de55c705 req-6877ac31-1e21-41e8-8016-1965de55c705 ] Request (DeleteServersAdminTestJSON:test_admin_delete_servers_of_others): 200 GET http://10.180.1.21/compute/v2.1/servers/dd4c8664-8216-46b7-8a31-2b113a68cfa7 1.008s
2025-04-07 03:00:20.396 69682 INFO tempest.lib.common.rest_client [req-7bc9b0eb-78b9-48fc-a78b-be6ebbeb77d4 req-7bc9b0eb-78b9-48fc-a78b-be6ebbeb77d4 ] Request (InstanceActionsV221TestJSON:test_get_list_deleted_instance_actions): 200 GET http://10.180.1.21/compute/v2.1/servers/6de45726-892f-4c16-88fd-67e9f4b24259 0.864s
2025-04-07 03:00:20.407 69704 INFO tempest.lib.common.rest_client [req-e0ec0c74-5dca-400b-a4aa-5838b2edae09 req-e0ec0c74-5dca-400b-a4aa-5838b2edae09 ] Request (QuotasTestJSON:setUpClass): 201 POST http://10.180.1.21/identity/v3/auth/tokens 0.124s
2025-04-07 03:00:20.438 69696 INFO tempest.lib.common.rest_client [req-55967d7b-4775-495a-b738-ea5fd409ca94 req-55967d7b-4775-495a-b738-ea5fd409ca94 ] Request (ImagesTestJSON:test_create_image_from_stopped_server): 200 GET http://10.180.1.21/compute/v2.1/images/19e04fad-4937-47e6-a503-f5eb9ffb5879 0.848s
2025-04-07 03:00:20.505 69660 INFO tempest.lib.common.rest_client [req-f2f61e05-6de4-4c83-b2e3-3b245d98f76b req-f2f61e05-6de4-4c83-b2e3-3b245d98f76b ] Request (ServersAdminNegativeTestJSON:test_migrate_server_invalid_state): 200 GET http://10.180.1.21/compute/v2.1/servers/bf04c9de-9bdb-4d08-be0d-54c3986f075f 0.772s
2025-04-07 03:00:20.537 69708 INFO tempest.lib.common.rest_client [req-1625e515-48ed-4002-9408-86a153720991 req-1625e515-48ed-4002-9408-86a153720991 ] Request (SecurityGroupsNegativeTestJSON:tearDownClass): 200 PUT http://10.180.1.21:9696/networking/v2.0/routers/ed8470a8-6a02-4589-816f-e0ea61435530/remove_router_interface 1.808s
2025-04-07 03:00:20.540 69698 INFO tempest.lib.common.rest_client [req-ed1c8c8f-b58f-43de-bbf9-d44b2a416e3d req-ed1c8c8f-b58f-43de-bbf9-d44b2a416e3d ] Request (FlavorsV2NegativeTest:test_boot_with_low_ram): 200 GET http://10.180.1.21/compute/v2.1/flavors/42 0.827s
2025-04-07 03:00:20.579 69702 INFO tempest.lib.common.rest_client [req-a9086b67-9ef5-467f-a909-10e4f34d95f2 req-a9086b67-9ef5-467f-a909-10e4f34d95f2 ] Request (InstanceActionsNegativeTestJSON:tearDownClass): 200 GET http://10.180.1.21/compute/v2.1/servers/2d9b419c-060f-443b-a18b-d210f9391f4d 0.755s
2025-04-07 03:00:20.622 69677 INFO tempest.lib.common.rest_client [req-29ae3467-22cb-417c-be93-e630146f2b0d req-29ae3467-22cb-417c-be93-e630146f2b0d ] Request (QuotaClassesAdmin257Test:_run_cleanups): 200 PUT http://10.180.1.21/compute/v2.1/os-quota-class-sets/default 0.589s
2025-04-07 03:00:20.666 69684 INFO tempest.lib.common.rest_client [req-a5014cfb-eab1-44f5-91cc-8bdf245de921 req-a5014cfb-eab1-44f5-91cc-8bdf245de921 ] Request (ValidationResourcesFixture:setUp): 200 POST http://10.180.1.21/compute/v2.1/os-keypairs 0.770s
2025-04-07 03:00:20.689 69662 INFO tempest.lib.common.rest_client [req-975072e8-d54a-4de7-b232-dbfe0bef5f82 req-975072e8-d54a-4de7-b232-dbfe0bef5f82 ] Request (KeyPairsV2TestJSON:_run_cleanups): 202 DELETE http://10.180.1.21/compute/v2.1/os-keypairs/tempest-keypair-991902323 0.610s
2025-04-07 03:00:20.781 69677 INFO tempest.lib.common.rest_client [req-3a1378cc-e076-49d9-af8f-f2b48e38ab74 req-3a1378cc-e076-49d9-af8f-f2b48e38ab74 ] Request (QuotaClassesAdmin257Test:tearDownClass): 204 DELETE http://10.180.1.21/identity/v3/users/31e8f6b9bf8a4663b8c8333e093a9323 0.155s
2025-04-07 03:00:20.869 69694 INFO tempest.lib.common.rest_client [req-78537ea6-8e8d-4b46-a186-d5cd1408b94c req-78537ea6-8e8d-4b46-a186-d5cd1408b94c ] Request (ServerExternalEventsTest:test_create_server_external_events): 200 GET http://10.180.1.21/compute/v2.1/servers/f6e3ddc8-0f4d-41ab-8844-e7e8f6a82870 0.830s
2025-04-07 03:00:20.939 69710 INFO tempest.lib.common.rest_client [req-5b42e777-00dd-470a-a015-a0d5c08d8ae2 req-5b42e777-00dd-470a-a015-a0d5c08d8ae2 ] Request (AZV2TestJSON:test_get_availability_zone_list_with_non_admin_user): 200 GET http://10.180.1.21/compute/v2.1/os-availability-zone 0.841s
2025-04-07 03:00:20.960 69684 INFO tempest.lib.common.rest_client [req-5c20ecd4-82df-43d7-8eb2-2ff6b31b4a5d req-5c20ecd4-82df-43d7-8eb2-2ff6b31b4a5d ] Request (ValidationResourcesFixture:setUp): 201 POST http://10.180.1.21:9696/networking/v2.0/security-groups 0.289s
2025-04-07 03:00:20.965 69666 INFO tempest.lib.common.rest_client [req-a65f94d5-bdd6-4289-b062-dc0074b5f791 req-a65f94d5-bdd6-4289-b062-dc0074b5f791 ] Request (AggregatesAdminNegativeTestJSON:test_aggregate_remove_nonexistent_host): 404 POST http://10.180.1.21/compute/v2.1/os-aggregates/8/action 0.776s
2025-04-07 03:00:20.987 69688 INFO tempest.lib.common.rest_client [req-b5bce06c-0ba1-4650-811a-d4ce77387dc0 req-b5bce06c-0ba1-4650-811a-d4ce77387dc0 ] Request (ServerDiagnosticsV248Test:tearDownClass): 200 GET http://10.180.1.21/compute/v2.1/servers/096c9c90-970a-4fb8-8e9b-524d880f0dda 0.847s
2025-04-07 03:00:20.997 69698 INFO tempest.lib.common.rest_client [req-05d49b5c-2aae-45a7-9d12-604a0ae89e0d req-05d49b5c-2aae-45a7-9d12-604a0ae89e0d ] Request (FlavorsV2NegativeTest:test_boot_with_low_ram): 201 POST http://10.180.1.21/image/v2/images 0.445s
2025-04-07 03:00:21.021 69710 INFO tempest.lib.common.rest_client [req-099cb45a-3c0f-4366-94fc-067702eddbd6 req-099cb45a-3c0f-4366-94fc-067702eddbd6 ] Request (AZV2TestJSON:tearDownClass): 204 DELETE http://10.180.1.21/identity/v3/users/226989bb145d404b883df3c5c587376c 0.076s
2025-04-07 03:00:21.021 69710 INFO tempest.lib.common.dynamic_creds [-] Deleting project and security group for project: 53be7dc8d6b446a7a49d970011650cdf
2025-04-07 03:00:21.033 69677 INFO tempest.lib.common.rest_client [req-5a763a88-13ca-4f6a-87aa-6593d77abb1a req-5a763a88-13ca-4f6a-87aa-6593d77abb1a ] Request (QuotaClassesAdmin257Test:tearDownClass): 204 DELETE http://10.180.1.21/identity/v3/users/0798201a3ac34f089f6ff9e34c402ea1 0.252s
2025-04-07 03:00:21.034 69677 INFO tempest.lib.common.dynamic_creds [-] Deleting project and security group for project: 30c24c778b6c41f5a90db7543cd4d770
2025-04-07 03:00:21.041 69718 INFO tempest.lib.common.rest_client [req-b256c039-24b5-4f65-a807-e6ce94d0a87d req-b256c039-24b5-4f65-a807-e6ce94d0a87d ] Request (ServerShowV254Test:test_rebuild_server): 200 GET http://10.180.1.21/compute/v2.1/servers/93e805a4-34c8-4c38-a068-201bac8f4db7 0.827s
2025-04-07 03:00:21.091 69700 INFO tempest.lib.common.rest_client [req-d9464f89-cb21-43c1-b40d-1e57f450e932 req-d9464f89-cb21-43c1-b40d-1e57f450e932 ] Request (ServersAdminTestJSON:test_create_server_with_scheduling_hint): 200 GET http://10.180.1.21/compute/v2.1/servers/1180e248-cb8e-46d8-b0e0-f82304723954 0.712s
2025-04-07 03:00:21.129 69710 INFO tempest.lib.common.rest_client [req-c20d7dbf-c23f-4f68-9b4d-0c3494842297 req-c20d7dbf-c23f-4f68-9b4d-0c3494842297 ] Request (AZV2TestJSON:tearDownClass): 201 POST http://10.180.1.21/identity/v3/auth/tokens 0.108s
2025-04-07 03:00:21.159 69677 INFO tempest.lib.common.rest_client [req-5fd73b02-6072-46eb-bc3a-60727cba9e1c req-5fd73b02-6072-46eb-bc3a-60727cba9e1c ] Request (QuotaClassesAdmin257Test:tearDownClass): 201 POST http://10.180.1.21/identity/v3/auth/tokens 0.125s
2025-04-07 03:00:21.178 69716 INFO tempest.lib.common.rest_client [req-47e3bb9c-f6b6-46d0-a2db-efd7b547a575 req-47e3bb9c-f6b6-46d0-a2db-efd7b547a575 ] Request (AttachInterfacesV270Test:test_create_get_list_interfaces): 200 GET http://10.180.1.21/compute/v2.1/servers/38e764ad-9cbc-4cd8-95d3-6c6e733dcf16 0.576s
2025-04-07 03:00:21.221 69684 INFO tempest.lib.common.rest_client [req-1277e772-6f88-482d-ab29-064278279288 req-1277e772-6f88-482d-ab29-064278279288 ] Request (ValidationResourcesFixture:setUp): 201 POST http://10.180.1.21:9696/networking/v2.0/security-group-rules 0.260s
2025-04-07 03:00:21.328 69670 INFO tempest.lib.common.rest_client [req-fd71a87a-64c8-4088-9ab2-c5f644da6277 req-fd71a87a-64c8-4088-9ab2-c5f644da6277 ] Request (TenantUsagesTestJSON:setUpClass): 200 GET http://10.180.1.21/compute/v2.1/servers/3d1c0d44-5ddc-465f-9e7e-ad787491bf99 0.823s
2025-04-07 03:00:21.389 69678 INFO tempest.lib.common.rest_client [req-61588db6-c3d4-42b1-aa9f-062afc713577 req-61588db6-c3d4-42b1-aa9f-062afc713577 ] Request (ServerDiagnosticsTest:test_get_server_diagnostics): 200 GET http://10.180.1.21/compute/v2.1/servers/a815a5c3-fe3d-48d1-aeba-0952420d5862 0.708s
2025-04-07 03:00:21.429 69708 INFO tempest.lib.common.rest_client [req-e5abfc92-6466-4a6e-9848-6310962e09e2 req-e5abfc92-6466-4a6e-9848-6310962e09e2 ] Request (SecurityGroupsNegativeTestJSON:tearDownClass): 204 DELETE http://10.180.1.21:9696/networking/v2.0/routers/ed8470a8-6a02-4589-816f-e0ea61435530 0.892s
2025-04-07 03:00:21.435 69662 INFO tempest.lib.common.rest_client [req-d29d5831-0b35-409a-b14c-69009804352a req-d29d5831-0b35-409a-b14c-69009804352a ] Request (KeyPairsV2TestJSON:test_keypairs_create_list_delete): 200 POST http://10.180.1.21/compute/v2.1/os-keypairs 0.745s
2025-04-07 03:00:21.541 69722 INFO tempest.lib.common.rest_client [req-22cbe58b-1d90-46b1-9094-3ee118316a8e req-22cbe58b-1d90-46b1-9094-3ee118316a8e ] Request (ImagesOneServerTestJSON:setUpClass): 200 GET http://10.180.1.21/compute/v2.1/servers/7a6c15e6-6305-4fce-83b4-887a46d06a26 0.882s
2025-04-07 03:00:21.547 69708 INFO tempest.lib.common.rest_client [req-8531dc95-7877-4e87-9be6-de34340d0ea6 req-8531dc95-7877-4e87-9be6-de34340d0ea6 ] Request (SecurityGroupsNegativeTestJSON:tearDownClass): 204 DELETE http://10.180.1.21:9696/networking/v2.0/subnets/689bf5ca-82bc-40e9-a952-fc9c690b3dad 0.118s
2025-04-07 03:00:21.589 69710 INFO tempest.lib.common.rest_client [req-416440c1-8754-403f-ba17-802d17c60ca8 req-416440c1-8754-403f-ba17-802d17c60ca8 ] Request (AZV2TestJSON:tearDownClass): 200 GET http://10.180.1.21:9696/networking/v2.0/security-groups?tenant_id=53be7dc8d6b446a7a49d970011650cdf&name=default 0.460s
2025-04-07 03:00:21.593 69684 INFO tempest.lib.common.rest_client [req-4f0697c9-f0e3-40c4-b68c-5d3fbf699aa2 req-4f0697c9-f0e3-40c4-b68c-5d3fbf699aa2 ] Request (ValidationResourcesFixture:setUp): 201 POST http://10.180.1.21:9696/networking/v2.0/security-group-rules 0.372s
2025-04-07 03:00:21.600 69704 INFO tempest.lib.common.rest_client [req-71081ef6-5647-4737-ba61-d87c8f4d0c93 req-71081ef6-5647-4737-ba61-d87c8f4d0c93 ] Request (QuotasTestJSON:test_compare_tenant_quotas_with_default_quotas): 200 GET http://10.180.1.21/compute/v2.1/os-quota-sets/b708d657d65e48f19027ffd665577f80/defaults 0.909s
2025-04-07 03:00:21.622 69677 INFO tempest.lib.common.rest_client [req-fdc89184-4471-40d0-a623-ad083b31b14d req-fdc89184-4471-40d0-a623-ad083b31b14d ] Request (QuotaClassesAdmin257Test:tearDownClass): 200 GET http://10.180.1.21:9696/networking/v2.0/security-groups?tenant_id=30c24c778b6c41f5a90db7543cd4d770&name=default 0.462s
2025-04-07 03:00:21.672 69686 INFO tempest.lib.common.rest_client [req-3b7e1308-6f8d-4b70-bec1-54f61ad6fbc4 req-3b7e1308-6f8d-4b70-bec1-54f61ad6fbc4 ] Request (ServerDiagnosticsNegativeTest:test_get_server_diagnostics_by_non_admin): 200 GET http://10.180.1.21/compute/v2.1/servers/4ec14ece-7f42-4c2f-9f5b-c8ba74c432b6 0.919s
2025-04-07 03:00:21.756 69714 INFO tempest.lib.common.rest_client [req-6d5e2fc2-0f69-4310-b8d1-c06d9f2ca5b5 req-6d5e2fc2-0f69-4310-b8d1-c06d9f2ca5b5 ] Request (VolumesAssistedSnapshotsTest:test_volume_assisted_snapshot_create_delete): 200 GET http://10.180.1.21/compute/v2.1/servers/37a049c0-6b5e-4e0d-ab9a-6bae8ec56b19 0.901s
2025-04-07 03:00:21.762 69708 INFO tempest.lib.common.rest_client [req-0aff2bba-8239-4c51-a15a-52f9fe2fd83c req-0aff2bba-8239-4c51-a15a-52f9fe2fd83c ] Request (SecurityGroupsNegativeTestJSON:tearDownClass): 204 DELETE http://10.180.1.21:9696/networking/v2.0/networks/a3f0eb7d-a1b2-4679-a2d7-7737d7f360b5 0.215s
2025-04-07 03:00:21.775 69698 INFO tempest.lib.common.rest_client [req-b58192d1-3715-4737-a6a4-e25b79faf478 req-b58192d1-3715-4737-a6a4-e25b79faf478 ] Request (FlavorsV2NegativeTest:test_boot_with_low_ram): 204 PUT http://10.180.1.21/image/v2/images/83fc23de-fc3d-4783-8339-46284029a40b/file 0.778s
2025-04-07 03:00:21.776 69664 INFO tempest.lib.common.rest_client [req-f777f311-ec81-4737-9fab-2d98adac3b88 req-f777f311-ec81-4737-9fab-2d98adac3b88 ] Request (FloatingIPsAssociationNegativeTestJSON:setUpClass): 200 GET http://10.180.1.21/compute/v2.1/servers/920d668d-1947-40bd-9c94-9398ee4a4acc 0.924s
2025-04-07 03:00:21.824 69666 INFO tempest.lib.common.rest_client [req-1f19d1bc-fd84-4239-b348-02241a96ced6 req-1f19d1bc-fd84-4239-b348-02241a96ced6 ] Request (AggregatesAdminNegativeTestJSON:_run_cleanups): 200 DELETE http://10.180.1.21/compute/v2.1/os-aggregates/8 0.858s
2025-04-07 03:00:21.863 69698 INFO tempest.lib.common.rest_client [req-ccf7bb9e-0e16-49a5-aa3b-fad7ebf6c21e req-ccf7bb9e-0e16-49a5-aa3b-fad7ebf6c21e ] Request (FlavorsV2NegativeTest:test_boot_with_low_ram): 201 POST http://10.180.1.21/identity/v3/auth/tokens 0.080s
2025-04-07 03:00:21.863 69698 INFO tempest.lib.common.fixed_network [-] (FlavorsV2NegativeTest:test_boot_with_low_ram) Found network None available for tenant
2025-04-07 03:00:21.867 69706 INFO tempest.lib.common.rest_client [req-9ff90b9e-b46d-4833-bd99-6ea52f66d9d3 req-9ff90b9e-b46d-4833-bd99-6ea52f66d9d3 ] Request (ServerActionsTestJSON:setUpClass): 200 GET http://10.180.1.21/compute/v2.1/servers/2b369931-313e-49c3-a555-937110bb700e 0.911s
2025-04-07 03:00:21.912 69677 INFO tempest.lib.common.rest_client [req-fe7baadb-c979-40b3-aa36-dbccf71899be req-fe7baadb-c979-40b3-aa36-dbccf71899be ] Request (QuotaClassesAdmin257Test:tearDownClass): 204 DELETE http://10.180.1.21:9696/networking/v2.0/security-groups/8a2298c9-df64-4bae-99ee-e2729f6ea0ab 0.289s
2025-04-07 03:00:21.922 69672 INFO tempest.lib.common.rest_client [req-4ed771c9-6190-400e-8a45-586a813160fd req-4ed771c9-6190-400e-8a45-586a813160fd ] Request (ServerDiskConfigTestJSON:test_rebuild_server_with_manual_disk_config): 200 GET http://10.180.1.21/compute/v2.1/servers/cf4ff2cc-d2f6-41dd-83b5-e89d2e65a372 0.898s
2025-04-07 03:00:21.928 69708 INFO tempest.lib.common.rest_client [req-fae9eec8-8b45-4d18-b5cd-fcb7e21fc971 req-fae9eec8-8b45-4d18-b5cd-fcb7e21fc971 ] Request (SecurityGroupsNegativeTestJSON:tearDownClass): 204 DELETE http://10.180.1.21/identity/v3/users/a583171630714d1db16d4b46945a67ad 0.165s
2025-04-07 03:00:21.928 69708 INFO tempest.lib.common.dynamic_creds [-] Deleting project and security group for project: 592942c14d30406db5b792a94d2700ff
2025-04-07 03:00:21.930 69710 INFO tempest.lib.common.rest_client [req-7fa90f3e-ec69-418b-8a2e-9d8a0b13b04e req-7fa90f3e-ec69-418b-8a2e-9d8a0b13b04e ] Request (AZV2TestJSON:tearDownClass): 204 DELETE http://10.180.1.21:9696/networking/v2.0/security-groups/72790530-4f98-43c3-9a89-b6c9ee107dfe 0.336s
2025-04-07 03:00:21.978 69666 INFO tempest.lib.common.rest_client [req-ce7467b8-145b-447a-8f33-108a6dd1d427 req-ce7467b8-145b-447a-8f33-108a6dd1d427 ] Request (AggregatesAdminNegativeTestJSON:tearDownClass): 204 DELETE http://10.180.1.21/identity/v3/users/43f855f8506047a7b2a07dca0ed36426 0.149s
2025-04-07 03:00:21.980 69708 INFO tempest.lib.common.rest_client [req-3213eb27-e459-4433-8fd2-6e2c6c45e89c req-3213eb27-e459-4433-8fd2-6e2c6c45e89c ] Request (SecurityGroupsNegativeTestJSON:tearDownClass): 200 GET http://10.180.1.21:9696/networking/v2.0/security-groups?tenant_id=592942c14d30406db5b792a94d2700ff&name=default 0.052s
2025-04-07 03:00:21.988 69680 INFO tempest.lib.common.rest_client [req-b80e2ec7-00e7-4ed4-a08d-b7060db9953d req-b80e2ec7-00e7-4ed4-a08d-b7060db9953d ] Request (ImagesNegativeTestJSON:test_create_image_from_deleted_server): 200 GET http://10.180.1.21/compute/v2.1/servers/d6d2fa3f-94c3-4014-9ac1-b3c41a793c0d 0.825s
2025-04-07 03:00:22.031 69675 INFO tempest.lib.common.rest_client [req-32162626-ff5f-41d2-a1de-beea1c042860 req-32162626-ff5f-41d2-a1de-beea1c042860 ] Request (MigrationsAdminTest:test_list_migrations_in_flavor_resize_situation): 200 GET http://10.180.1.21/compute/v2.1/servers/112dc1fc-247c-4305-95d4-7791d39efcd2 0.964s
2025-04-07 03:00:22.080 69710 INFO tempest.lib.common.rest_client [req-30ae19a5-db6f-4c78-bfbd-0b04cc617aff req-30ae19a5-db6f-4c78-bfbd-0b04cc617aff ] Request (AZV2TestJSON:tearDownClass): 204 DELETE http://10.180.1.21/identity/v3/projects/53be7dc8d6b446a7a49d970011650cdf 0.149s
2025-04-07 03:00:22.083 69710 INFO tempest.test [-] raised in ServerBootFromVolumeStableRescueTest.setUpClass. Invoking tearDownClass.
2025-04-07 03:00:22.095 69668 INFO tempest.lib.common.rest_client [req-510dbffd-11cb-46e9-9719-e44dfcac62af req-510dbffd-11cb-46e9-9719-e44dfcac62af ] Request (ServersWithSpecificFlavorTestJSON:test_verify_created_server_ephemeral_disk): 200 GET http://10.180.1.21/compute/v2.1/servers/a233c308-e579-4de8-892f-8874d85acd7c 0.825s
2025-04-07 03:00:22.117 69677 INFO tempest.lib.common.rest_client [req-a771f83e-ccc7-4b09-8efe-6080bbee3192 req-a771f83e-ccc7-4b09-8efe-6080bbee3192 ] Request (QuotaClassesAdmin257Test:tearDownClass): 204 DELETE http://10.180.1.21/identity/v3/projects/30c24c778b6c41f5a90db7543cd4d770 0.205s
2025-04-07 03:00:22.117 69677 INFO tempest.lib.common.dynamic_creds [-] Deleting project and security group for project: bc59830ff1164c24a644fb9302849a7c
2025-04-07 03:00:22.134 69690 INFO tempest.lib.common.rest_client [req-f7ad516f-5c2a-4704-83b1-48e2e31cee2b req-f7ad516f-5c2a-4704-83b1-48e2e31cee2b ] Request (DeleteServersAdminTestJSON:test_admin_delete_servers_of_others): 404 GET http://10.180.1.21/compute/v2.1/servers/dd4c8664-8216-46b7-8a31-2b113a68cfa7 0.733s
2025-04-07 03:00:22.147 69708 INFO tempest.lib.common.rest_client [req-7281f554-7315-42fc-ad9a-f0f29d30d864 req-7281f554-7315-42fc-ad9a-f0f29d30d864 ] Request (SecurityGroupsNegativeTestJSON:tearDownClass): 204 DELETE http://10.180.1.21:9696/networking/v2.0/security-groups/085c78ba-45f7-48b2-ab0c-2be5832220d0 0.166s
2025-04-07 03:00:22.220 69682 INFO tempest.lib.common.rest_client [req-9d278732-4742-414f-9eea-8a693b2bb21f req-9d278732-4742-414f-9eea-8a693b2bb21f ] Request (InstanceActionsV221TestJSON:test_get_list_deleted_instance_actions): 200 GET http://10.180.1.21/compute/v2.1/servers/6de45726-892f-4c16-88fd-67e9f4b24259 0.798s
2025-04-07 03:00:22.259 69708 INFO tempest.lib.common.rest_client [req-296f4304-53c4-40ae-979a-972462e85e01 req-296f4304-53c4-40ae-979a-972462e85e01 ] Request (SecurityGroupsNegativeTestJSON:tearDownClass): 204 DELETE http://10.180.1.21/identity/v3/projects/592942c14d30406db5b792a94d2700ff 0.111s
2025-04-07 03:00:22.273 69662 INFO tempest.lib.common.rest_client [req-ad5f8756-75a5-4fed-81c5-d95da26bb6cf req-ad5f8756-75a5-4fed-81c5-d95da26bb6cf ] Request (KeyPairsV2TestJSON:test_keypairs_create_list_delete): 200 POST http://10.180.1.21/compute/v2.1/os-keypairs 0.836s
2025-04-07 03:00:22.285 69692 INFO tempest.lib.common.rest_client [req-261de177-24e8-4584-ae67-7edf455d1ed4 req-261de177-24e8-4584-ae67-7edf455d1ed4 ] Request (InstanceActionsTestJSON:setUpClass): 200 GET http://10.180.1.21/compute/v2.1/servers/b0e68d62-c0dd-4510-943e-dbee2b51ec0c 0.964s
2025-04-07 03:00:22.291 69677 INFO tempest.lib.common.rest_client [req-346665e7-317f-4104-8640-1af0202c20f0 req-346665e7-317f-4104-8640-1af0202c20f0 ] Request (QuotaClassesAdmin257Test:tearDownClass): 200 GET http://10.180.1.21:9696/networking/v2.0/security-groups?tenant_id=bc59830ff1164c24a644fb9302849a7c&name=default 0.174s
2025-04-07 03:00:22.298 69692 INFO tempest.common.waiters [-] State transition "BUILD/networking" ==> "BUILD/spawning" after 24 second wait
2025-04-07 03:00:22.300 69666 INFO tempest.lib.common.rest_client [req-8ee69769-bfbe-479c-b8d5-5124a20aea55 req-8ee69769-bfbe-479c-b8d5-5124a20aea55 ] Request (AggregatesAdminNegativeTestJSON:tearDownClass): 204 DELETE http://10.180.1.21/identity/v3/users/027be16a6bd248eaa804d5b1f2d21bb6 0.321s
2025-04-07 03:00:22.300 69666 INFO tempest.lib.common.dynamic_creds [-] Deleting project and security group for project: f30c7b79ba1f417cb73af0b6315c8018
2025-04-07 03:00:22.324 69690 INFO tempest.lib.common.rest_client [req-adcf2853-ab93-4962-9b7b-c839f01b4606 req-adcf2853-ab93-4962-9b7b-c839f01b4606 ] Request (DeleteServersAdminTestJSON:test_delete_server_while_in_error_state): 201 POST http://10.180.1.21/identity/v3/auth/tokens 0.172s
2025-04-07 03:00:22.325 69690 INFO tempest.lib.common.fixed_network [-] (DeleteServersAdminTestJSON:test_delete_server_while_in_error_state) Found network None available for tenant
2025-04-07 03:00:22.333 69696 INFO tempest.lib.common.rest_client [req-9ebe98cd-c331-47d2-96a4-4e22df16b381 req-9ebe98cd-c331-47d2-96a4-4e22df16b381 ] Request (ImagesTestJSON:test_create_image_from_stopped_server): 200 GET http://10.180.1.21/compute/v2.1/images/19e04fad-4937-47e6-a503-f5eb9ffb5879 0.887s
2025-04-07 03:00:22.372 69708 INFO tempest.lib.common.rest_client [req-ed462c52-19aa-4312-bd39-7fa1edfd2ff0 req-ed462c52-19aa-4312-bd39-7fa1edfd2ff0 ] Request (ServersTestFqdnHostnames:setUpClass): 201 POST http://10.180.1.21/identity/v3/auth/tokens 0.111s
2025-04-07 03:00:22.375 69666 INFO tempest.lib.common.rest_client [req-74b34ff1-756f-40b5-aee6-a85fa616a4cf req-74b34ff1-756f-40b5-aee6-a85fa616a4cf ] Request (AggregatesAdminNegativeTestJSON:tearDownClass): 201 POST http://10.180.1.21/identity/v3/auth/tokens 0.074s
2025-04-07 03:00:22.383 69660 INFO tempest.lib.common.rest_client [req-f5c5052c-dee1-4bdc-8fc4-70e71aa80210 req-f5c5052c-dee1-4bdc-8fc4-70e71aa80210 ] Request (ServersAdminNegativeTestJSON:test_migrate_server_invalid_state): 200 GET http://10.180.1.21/compute/v2.1/servers/bf04c9de-9bdb-4d08-be0d-54c3986f075f 0.867s
2025-04-07 03:00:22.411 69708 INFO tempest.lib.common.rest_client [req-77e4dc50-482a-48da-8816-33319f40541b req-77e4dc50-482a-48da-8816-33319f40541b ] Request (ServersTestFqdnHostnames:setUpClass): 201 POST http://10.180.1.21/identity/v3/auth/tokens 0.033s
