2025-04-07 03:01:04.991 69678 INFO tempest.lib.common.rest_client [req-57cdfc13-04a9-4bfe-a6bb-ce7cff395c02 req-57cdfc13-04a9-4bfe-a6bb-ce7cff395c02 ] Request (ServerDiagnosticsTest:test_get_server_diagnostics): 200 GET http://10.180.1.21/compute/v2.1/servers/a815a5c3-fe3d-48d1-aeba-0952420d5862/diagnostics 1.039s
2025-04-07 03:01:05.039 69718 INFO tempest.lib.common.rest_client [req-285020c8-6151-40cf-8a91-b8bde12006cb req-285020c8-6151-40cf-8a91-b8bde12006cb ] Request (ServerShowV254Test:test_rebuild_server): 200 GET http://10.180.1.21/compute/v2.1/servers/93e805a4-34c8-4c38-a068-201bac8f4db7 0.817s
2025-04-07 03:01:05.049 69718 INFO tempest.common.waiters [-] State transition "BUILD/spawning" ==> "ACTIVE/None" after 52 second wait
2025-04-07 03:01:05.092 69686 INFO tempest.lib.common.rest_client [req-31ce86bd-3253-4209-9519-23f5f382c6d2 req-31ce86bd-3253-4209-9519-23f5f382c6d2 ] Request (ServerDiagnosticsNegativeTest:test_get_server_diagnostics_by_non_admin): 200 GET http://10.180.1.21/compute/v2.1/servers/4ec14ece-7f42-4c2f-9f5b-c8ba74c432b6 0.767s
2025-04-07 03:01:05.165 69682 INFO tempest.lib.common.rest_client [req-d15bdf3b-f273-45c0-a2f9-b9ea2ee24fb2 req-d15bdf3b-f273-45c0-a2f9-b9ea2ee24fb2 ] Request (InstanceActionsV221TestJSON:test_get_list_deleted_instance_actions): 200 GET http://10.180.1.21/compute/v2.1/servers/6de45726-892f-4c16-88fd-67e9f4b24259 0.437s
2025-04-07 03:01:05.212 69708 INFO tempest.lib.common.rest_client [req-e85c1235-4d9e-4c57-8a74-93c4a53bd501 req-e85c1235-4d9e-4c57-8a74-93c4a53bd501 ] Request (ServersTestFqdnHostnames:test_create_server_with_fqdn_name): 200 GET http://10.180.1.21/compute/v2.1/servers/ed58d1cb-00ca-485c-bf44-65b15c7a1a5d 0.470s
2025-04-07 03:01:05.219 69708 INFO tempest.common.waiters [-] State transition "BUILD/scheduling" ==> "BUILD/None" after 34 second wait
2025-04-07 03:01:05.248 69694 INFO tempest.lib.common.rest_client [req-7aa88ade-b0ce-4368-9834-e6f00ae7ea86 req-7aa88ade-b0ce-4368-9834-e6f00ae7ea86 ] Request (ServerRescueNegativeTestJSON:setUpClass): 200 GET http://10.180.1.21/compute/v2.1/servers/466c7ef8-b12c-43b5-a319-e377f9c8e116 0.478s
2025-04-07 03:01:05.267 69670 INFO tempest.lib.common.rest_client [req-1736ff25-eb0a-4226-896a-c96131ead094 req-1736ff25-eb0a-4226-896a-c96131ead094 ] Request (ListServerFiltersTestJSON:setUpClass): 202 POST http://10.180.1.21/compute/v2.1/servers 1.006s
2025-04-07 03:01:05.296 69672 INFO tempest.lib.common.rest_client [req-17069a7c-3a1b-45a9-ac5d-21bf519133d9 req-17069a7c-3a1b-45a9-ac5d-21bf519133d9 ] Request (ServerDiskConfigTestJSON:test_rebuild_server_with_manual_disk_config): 200 GET http://10.180.1.21/compute/v2.1/servers/cf4ff2cc-d2f6-41dd-83b5-e89d2e65a372 0.502s
2025-04-07 03:01:05.326 69664 INFO tempest.lib.common.rest_client [req-650a2e44-6bb6-42d6-ba38-968676e79a1f req-650a2e44-6bb6-42d6-ba38-968676e79a1f ] Request (FloatingIPsAssociationNegativeTestJSON:tearDownClass): 200 GET http://10.180.1.21/compute/v2.1/servers/920d668d-1947-40bd-9c94-9398ee4a4acc 0.533s
2025-04-07 03:01:05.386 69722 INFO tempest.lib.common.rest_client [req-5cbf3c24-235f-4859-b492-0158889a35ff req-5cbf3c24-235f-4859-b492-0158889a35ff ] Request (ImagesOneServerTestJSON:tearDownClass): 200 GET http://10.180.1.21/compute/v2.1/servers/7a6c15e6-6305-4fce-83b4-887a46d06a26 0.464s
2025-04-07 03:01:05.393 69722 INFO tempest.common.waiters [-] State transition "ACTIVE/deleting" ==> "DELETED/None" after 4 second wait
2025-04-07 03:01:05.427 69680 INFO tempest.lib.common.rest_client [req-66ac500a-1d13-4b59-970e-7c45a66498a1 req-66ac500a-1d13-4b59-970e-7c45a66498a1 ] Request (ImagesNegativeTestJSON:test_create_image_from_deleted_server): 200 GET http://10.180.1.21/compute/v2.1/servers/d6d2fa3f-94c3-4014-9ac1-b3c41a793c0d 0.573s
2025-04-07 03:01:05.434 69680 INFO tempest.common.waiters [-] State transition "BUILD/networking" ==> "BUILD/spawning" after 51 second wait
2025-04-07 03:01:05.454 69718 INFO tempest.lib.common.rest_client [req-ff805ef5-4c8d-479c-949d-3ef6ddb6cd57 req-ff805ef5-4c8d-479c-949d-3ef6ddb6cd57 ] Request (ServerShowV254Test:test_rebuild_server): 201 POST http://10.180.1.21/compute/v2.1/os-keypairs 0.404s
2025-04-07 03:01:05.455 69678 INFO tempest.lib.common.rest_client [req-be686853-1589-4f57-b469-db6826d30cff req-be686853-1589-4f57-b469-db6826d30cff ] Request (ServerDiagnosticsTest:tearDownClass): 204 DELETE http://10.180.1.21/compute/v2.1/servers/a815a5c3-fe3d-48d1-aeba-0952420d5862 0.461s
2025-04-07 03:01:05.494 69668 WARNING tempest.lib.common.ssh [-] Failed to establish authenticated ssh connection to cirros@10.180.180.161 ([Errno None] Unable to connect to port 22 on 10.180.180.161). Number attempts: 4. Retry after 5 seconds.: paramiko.ssh_exception.NoValidConnectionsError: [Errno None] Unable to connect to port 22 on 10.180.180.161
2025-04-07 03:01:05.501 69662 INFO tempest.lib.common.rest_client [req-edcf9482-504e-494e-9c90-8c31373038f8 req-edcf9482-504e-494e-9c90-8c31373038f8 ] Request (ServerPasswordTestJSON:setUpClass): 200 GET http://10.180.1.21/compute/v2.1/servers/d1dbafdb-3130-40f9-93dc-f56e3da1bbc0 0.392s
2025-04-07 03:01:05.507 69662 INFO tempest.common.waiters [-] State transition "BUILD/scheduling" ==> "BUILD/None" after 32 second wait
2025-04-07 03:01:05.509 69698 INFO tempest.lib.common.rest_client [req-0eb4555c-7f62-4a77-9a9c-7f780e40a345 req-0eb4555c-7f62-4a77-9a9c-7f780e40a345 ] Request (ServersListShow298Test:test_list_show_update_rebuild_server_298): 200 GET http://10.180.1.21/compute/v2.1/servers/47a7edf1-6b45-48af-b53a-4ab6f1990bff 0.455s
2025-04-07 03:01:05.545 69702 INFO tempest.lib.common.rest_client [req-2719ef1c-a5b2-44e1-bb67-3d5a6e3879a0 req-2719ef1c-a5b2-44e1-bb67-3d5a6e3879a0 ] Request (MultipleCreateTestJSON:test_multiple_create): 200 GET http://10.180.1.21/compute/v2.1/servers/74adec6b-a6c9-49f3-b0ed-34da300f7716 0.382s
2025-04-07 03:01:05.550 69690 INFO tempest.lib.common.rest_client [req-4ad63304-54d8-445f-93af-d2ef06c96912 req-4ad63304-54d8-445f-93af-d2ef06c96912 ] Request (DeleteServersAdminTestJSON:test_delete_server_while_in_error_state): 200 GET http://10.180.1.21/compute/v2.1/servers/f2499b0d-3142-48df-b283-2d8ff453c5ee 0.333s
2025-04-07 03:01:05.579 69670 INFO tempest.lib.common.rest_client [req-bac360f7-406c-4da5-98fc-f79c111416f6 req-bac360f7-406c-4da5-98fc-f79c111416f6 ] Request (ListServerFiltersTestJSON:setUpClass): 200 GET http://10.180.1.21/compute/v2.1/servers/c739cbea-b664-4175-abd6-086363e47b89 0.310s
2025-04-07 03:01:05.596 69688 INFO tempest.lib.common.rest_client [req-37d12333-cf99-4062-8c94-bce83ee70eda req-37d12333-cf99-4062-8c94-bce83ee70eda ] Request (DeleteServersTestJSON:test_delete_active_server): 200 GET http://10.180.1.21/compute/v2.1/servers/f973c546-9245-4da6-8eab-fd26e12ee0f4 0.315s
2025-04-07 03:01:05.639 69677 INFO tempest.lib.common.rest_client [req-13af6933-8131-4515-bf01-2fefe92f8ee3 req-13af6933-8131-4515-bf01-2fefe92f8ee3 ] Request (FloatingIPsAssociationTestJSON:setUpClass): 200 GET http://10.180.1.21/compute/v2.1/servers/84573f5a-acde-4392-92f2-e7c08096d250 0.298s
2025-04-07 03:01:05.681 69684 INFO tempest.lib.common.rest_client [req-af1d68d1-4ed4-4d7b-ba87-1aa130b26fb3 req-af1d68d1-4ed4-4d7b-ba87-1aa130b26fb3 ] Request (AttachInterfacesUnderV243Test:test_add_remove_fixed_ip): 200 GET http://10.180.1.21/compute/v2.1/servers/4a6f8144-9a73-4e24-a5ae-5a457aceb446 0.277s
2025-04-07 03:01:05.709 69675 INFO tempest.lib.common.rest_client [req-3686d1f7-4b23-49ac-b77a-4f8f8f4f059e req-3686d1f7-4b23-49ac-b77a-4f8f8f4f059e ] Request (MigrationsAdminTest:test_list_migrations_in_flavor_resize_situation): 200 GET http://10.180.1.21/compute/v2.1/servers/112dc1fc-247c-4305-95d4-7791d39efcd2 0.368s
2025-04-07 03:01:05.723 69666 INFO tempest.lib.common.rest_client [req-63607f43-2a51-43df-ada2-848d235d632e req-63607f43-2a51-43df-ada2-848d235d632e ] Request (SecurityGroupsTestJSON:test_list_security_groups_by_server): 200 GET http://10.180.1.21/compute/v2.1/servers/f2980e1b-a580-4b7a-aa93-3bb7e4e725fe 0.318s
2025-04-07 03:01:05.818 69678 INFO tempest.lib.common.rest_client [req-82850bb0-dc6e-4b73-bf3b-c21ee559282a req-82850bb0-dc6e-4b73-bf3b-c21ee559282a ] Request (ServerDiagnosticsTest:tearDownClass): 200 GET http://10.180.1.21/compute/v2.1/servers/a815a5c3-fe3d-48d1-aeba-0952420d5862 0.362s
2025-04-07 03:01:05.973 69696 INFO tempest.lib.common.rest_client [req-daa2202e-da9e-434d-894a-604a22cadfb7 req-daa2202e-da9e-434d-894a-604a22cadfb7 ] Request (ImagesTestJSON:test_create_image_from_suspended_server): 200 GET http://10.180.1.21/compute/v2.1/servers/4456d60a-cd3f-45c8-b48f-13f45531fea6 0.527s
2025-04-07 03:01:06.009 69718 INFO tempest.lib.common.rest_client [req-a259a7bd-37af-46c5-995e-cdc7261c90b0 req-a259a7bd-37af-46c5-995e-cdc7261c90b0 ] Request (ServerShowV254Test:test_rebuild_server): 202 POST http://10.180.1.21/compute/v2.1/servers/93e805a4-34c8-4c38-a068-201bac8f4db7/action 0.552s
2025-04-07 03:01:06.050 69692 INFO tempest.lib.common.rest_client [req-35acde89-0c97-444e-bb7f-86094f238092 req-35acde89-0c97-444e-bb7f-86094f238092 ] Request (InstanceActionsTestJSON:tearDownClass): 200 GET http://10.180.1.21/compute/v2.1/servers/b0e68d62-c0dd-4510-943e-dbee2b51ec0c 0.536s
2025-04-07 03:01:06.057 69700 INFO tempest.lib.common.rest_client [req-83898bac-f9ad-4a73-befd-d18d9b61d5e6 req-83898bac-f9ad-4a73-befd-d18d9b61d5e6 ] Request (ServersAdminTestJSON:test_create_server_with_scheduling_hint): 200 GET http://10.180.1.21/compute/v2.1/servers/1180e248-cb8e-46d8-b0e0-f82304723954 0.219s
2025-04-07 03:01:06.121 69716 INFO tempest.lib.common.rest_client [req-aef2cf56-4e90-4b54-86a5-98a71f3156b5 req-aef2cf56-4e90-4b54-86a5-98a71f3156b5 ] Request (AttachInterfacesV270Test:tearDownClass): 200 GET http://10.180.1.21/compute/v2.1/servers/38e764ad-9cbc-4cd8-95d3-6c6e733dcf16 0.201s
2025-04-07 03:01:06.131 69660 INFO tempest.lib.common.rest_client [req-8f2ba706-4f6f-4efb-9b61-cf8c8f18c9e0 req-8f2ba706-4f6f-4efb-9b61-cf8c8f18c9e0 ] Request (ServersAdminNegativeTestJSON:tearDownClass): 200 GET http://10.180.1.21/compute/v2.1/servers/bf04c9de-9bdb-4d08-be0d-54c3986f075f 0.149s
2025-04-07 03:01:06.182 69718 INFO tempest.lib.common.rest_client [req-29150a94-b455-4eda-aaa1-ed41b1a7d399 req-29150a94-b455-4eda-aaa1-ed41b1a7d399 ] Request (ServerShowV254Test:test_rebuild_server): 200 GET http://10.180.1.21/compute/v2.1/servers/93e805a4-34c8-4c38-a068-201bac8f4db7 0.167s
2025-04-07 03:01:06.183 69686 INFO tempest.lib.common.rest_client [req-7a3aba84-c602-405c-98f0-cf8160865035 req-7a3aba84-c602-405c-98f0-cf8160865035 ] Request (ServerDiagnosticsNegativeTest:test_get_server_diagnostics_by_non_admin): 200 GET http://10.180.1.21/compute/v2.1/servers/4ec14ece-7f42-4c2f-9f5b-c8ba74c432b6 0.083s
2025-04-07 03:01:06.245 69682 INFO tempest.lib.common.rest_client [req-92905953-0e58-4bb0-9035-ad997ef099ff req-92905953-0e58-4bb0-9035-ad997ef099ff ] Request (InstanceActionsV221TestJSON:test_get_list_deleted_instance_actions): 200 GET http://10.180.1.21/compute/v2.1/servers/6de45726-892f-4c16-88fd-67e9f4b24259 0.072s
2025-04-07 03:01:06.273 69708 INFO tempest.lib.common.rest_client [req-77c7dd54-ec9c-4fb2-8fbd-91b5e435131f req-77c7dd54-ec9c-4fb2-8fbd-91b5e435131f ] Request (ServersTestFqdnHostnames:test_create_server_with_fqdn_name): 200 GET http://10.180.1.21/compute/v2.1/servers/ed58d1cb-00ca-485c-bf44-65b15c7a1a5d 0.053s
2025-04-07 03:01:06.302 69694 INFO tempest.lib.common.rest_client [req-56adbbc7-476c-426c-90bb-3a838a65a90d req-56adbbc7-476c-426c-90bb-3a838a65a90d ] Request (ServerRescueNegativeTestJSON:setUpClass): 200 GET http://10.180.1.21/compute/v2.1/servers/466c7ef8-b12c-43b5-a319-e377f9c8e116 0.048s
2025-04-07 03:01:06.362 69672 INFO tempest.lib.common.rest_client [req-c5ddcf8a-a012-416c-a1c1-f5f5b5e71ee2 req-c5ddcf8a-a012-416c-a1c1-f5f5b5e71ee2 ] Request (ServerDiskConfigTestJSON:test_rebuild_server_with_manual_disk_config): 200 GET http://10.180.1.21/compute/v2.1/servers/cf4ff2cc-d2f6-41dd-83b5-e89d2e65a372 0.056s
2025-04-07 03:01:06.392 69664 INFO tempest.lib.common.rest_client [req-891dc713-e17a-42d6-ad00-eeebed2ece43 req-891dc713-e17a-42d6-ad00-eeebed2ece43 ] Request (FloatingIPsAssociationNegativeTestJSON:tearDownClass): 200 GET http://10.180.1.21/compute/v2.1/servers/920d668d-1947-40bd-9c94-9398ee4a4acc 0.056s
2025-04-07 03:01:06.455 69722 INFO tempest.lib.common.rest_client [req-d0173c1e-6f80-4978-9c9e-edb4d4858f48 req-d0173c1e-6f80-4978-9c9e-edb4d4858f48 ] Request (ImagesOneServerTestJSON:tearDownClass): 200 GET http://10.180.1.21/compute/v2.1/servers/7a6c15e6-6305-4fce-83b4-887a46d06a26 0.061s
2025-04-07 03:01:06.522 69680 INFO tempest.lib.common.rest_client [req-afb6001c-1bb6-4df1-991a-5db6a3392a35 req-afb6001c-1bb6-4df1-991a-5db6a3392a35 ] Request (ImagesNegativeTestJSON:test_create_image_from_deleted_server): 200 GET http://10.180.1.21/compute/v2.1/servers/d6d2fa3f-94c3-4014-9ac1-b3c41a793c0d 0.088s
2025-04-07 03:01:06.559 69662 INFO tempest.lib.common.rest_client [req-b343fe35-86c6-4b08-82f9-f9137f3a71cd req-b343fe35-86c6-4b08-82f9-f9137f3a71cd ] Request (ServerPasswordTestJSON:setUpClass): 200 GET http://10.180.1.21/compute/v2.1/servers/d1dbafdb-3130-40f9-93dc-f56e3da1bbc0 0.050s
2025-04-07 03:01:06.585 69698 INFO tempest.lib.common.rest_client [req-050b55a0-ea78-4116-a1e5-5ad93edd7633 req-050b55a0-ea78-4116-a1e5-5ad93edd7633 ] Request (ServersListShow298Test:test_list_show_update_rebuild_server_298): 200 GET http://10.180.1.21/compute/v2.1/servers/47a7edf1-6b45-48af-b53a-4ab6f1990bff 0.065s
2025-04-07 03:01:06.617 69702 INFO tempest.lib.common.rest_client [req-5412b4bb-735c-467b-9c17-69537afe324e req-5412b4bb-735c-467b-9c17-69537afe324e ] Request (MultipleCreateTestJSON:test_multiple_create): 200 GET http://10.180.1.21/compute/v2.1/servers/74adec6b-a6c9-49f3-b0ed-34da300f7716 0.065s
2025-04-07 03:01:06.649 69690 INFO tempest.lib.common.rest_client [req-0e1c55ab-f85f-4283-833b-c0ca4e2405b8 req-0e1c55ab-f85f-4283-833b-c0ca4e2405b8 ] Request (DeleteServersAdminTestJSON:test_delete_server_while_in_error_state): 200 GET http://10.180.1.21/compute/v2.1/servers/f2499b0d-3142-48df-b283-2d8ff453c5ee 0.090s
2025-04-07 03:01:06.669 69670 INFO tempest.lib.common.rest_client [req-cd09a412-7fe8-46a4-9be9-7969f4d1e95e req-cd09a412-7fe8-46a4-9be9-7969f4d1e95e ] Request (ListServerFiltersTestJSON:setUpClass): 200 GET http://10.180.1.21/compute/v2.1/servers/c739cbea-b664-4175-abd6-086363e47b89 0.081s
2025-04-07 03:01:06.698 69688 INFO tempest.lib.common.rest_client [req-b9bf8628-01ef-4ed1-9b4a-01b5343f6ab5 req-b9bf8628-01ef-4ed1-9b4a-01b5343f6ab5 ] Request (DeleteServersTestJSON:test_delete_active_server): 200 GET http://10.180.1.21/compute/v2.1/servers/f973c546-9245-4da6-8eab-fd26e12ee0f4 0.094s
2025-04-07 03:01:06.725 69677 INFO tempest.lib.common.rest_client [req-ccdebef7-bec7-43f2-b2c8-8abdcf7df944 req-ccdebef7-bec7-43f2-b2c8-8abdcf7df944 ] Request (FloatingIPsAssociationTestJSON:setUpClass): 200 GET http://10.180.1.21/compute/v2.1/servers/84573f5a-acde-4392-92f2-e7c08096d250 0.078s
2025-04-07 03:01:06.761 69684 INFO tempest.lib.common.rest_client [req-17cc156e-4848-42e7-952a-082a73ab6a6f req-17cc156e-4848-42e7-952a-082a73ab6a6f ] Request (AttachInterfacesUnderV243Test:test_add_remove_fixed_ip): 200 GET http://10.180.1.21/compute/v2.1/servers/4a6f8144-9a73-4e24-a5ae-5a457aceb446 0.071s
2025-04-07 03:01:06.822 69666 INFO tempest.lib.common.rest_client [req-eef8d834-1a99-47c0-8ac7-6c9ecce45f43 req-eef8d834-1a99-47c0-8ac7-6c9ecce45f43 ] Request (SecurityGroupsTestJSON:test_list_security_groups_by_server): 200 GET http://10.180.1.21/compute/v2.1/servers/f2980e1b-a580-4b7a-aa93-3bb7e4e725fe 0.089s
2025-04-07 03:01:06.826 69675 INFO tempest.lib.common.rest_client [req-b070b867-4e6e-47b5-8e47-f4861ebae078 req-b070b867-4e6e-47b5-8e47-f4861ebae078 ] Request (MigrationsAdminTest:test_list_migrations_in_flavor_resize_situation): 200 GET http://10.180.1.21/compute/v2.1/servers/112dc1fc-247c-4305-95d4-7791d39efcd2 0.108s
2025-04-07 03:01:06.955 69678 INFO tempest.lib.common.rest_client [req-faedabf9-b790-45e2-8a51-19e33db957a4 req-faedabf9-b790-45e2-8a51-19e33db957a4 ] Request (ServerDiagnosticsTest:tearDownClass): 200 GET http://10.180.1.21/compute/v2.1/servers/a815a5c3-fe3d-48d1-aeba-0952420d5862 0.127s
2025-04-07 03:01:07.037 69696 INFO tempest.lib.common.rest_client [req-89a30365-2c56-4ca7-93f6-4771fb638730 req-89a30365-2c56-4ca7-93f6-4771fb638730 ] Request (ImagesTestJSON:test_create_image_from_suspended_server): 200 GET http://10.180.1.21/compute/v2.1/servers/4456d60a-cd3f-45c8-b48f-13f45531fea6 0.056s
2025-04-07 03:01:07.131 69692 INFO tempest.lib.common.rest_client [req-b7152f27-1cfc-4e1f-a022-186a151779bf req-b7152f27-1cfc-4e1f-a022-186a151779bf ] Request (InstanceActionsTestJSON:tearDownClass): 200 GET http://10.180.1.21/compute/v2.1/servers/b0e68d62-c0dd-4510-943e-dbee2b51ec0c 0.071s
2025-04-07 03:01:07.198 69700 INFO tempest.lib.common.rest_client [req-fce568d8-dada-46f4-b621-8943287ff813 req-fce568d8-dada-46f4-b621-8943287ff813 ] Request (ServersAdminTestJSON:test_create_server_with_scheduling_hint): 200 GET http://10.180.1.21/compute/v2.1/servers/1180e248-cb8e-46d8-b0e0-f82304723954 0.132s
2025-04-07 03:01:07.211 69700 INFO tempest.common.waiters [-] State transition "BUILD/None" ==> "BUILD/networking" after 52 second wait
2025-04-07 03:01:07.225 69716 INFO tempest.lib.common.rest_client [req-c961f1a2-3220-469a-a3aa-e0fd37819d35 req-c961f1a2-3220-469a-a3aa-e0fd37819d35 ] Request (AttachInterfacesV270Test:tearDownClass): 200 GET http://10.180.1.21/compute/v2.1/servers/38e764ad-9cbc-4cd8-95d3-6c6e733dcf16 0.092s
2025-04-07 03:01:07.263 69660 INFO tempest.lib.common.rest_client [req-8b78661d-7cd9-40cd-a68e-ab7eb0c7af35 req-8b78661d-7cd9-40cd-a68e-ab7eb0c7af35 ] Request (ServersAdminNegativeTestJSON:tearDownClass): 200 GET http://10.180.1.21/compute/v2.1/servers/bf04c9de-9bdb-4d08-be0d-54c3986f075f 0.122s
2025-04-07 03:01:07.296 69686 INFO tempest.lib.common.rest_client [req-d9f5cc80-dc3c-4083-a2f9-1f1bee5a8bb3 req-d9f5cc80-dc3c-4083-a2f9-1f1bee5a8bb3 ] Request (ServerDiagnosticsNegativeTest:test_get_server_diagnostics_by_non_admin): 200 GET http://10.180.1.21/compute/v2.1/servers/4ec14ece-7f42-4c2f-9f5b-c8ba74c432b6 0.103s
2025-04-07 03:01:07.317 69718 INFO tempest.lib.common.rest_client [req-84da3caf-28bf-4aac-972e-7a2f1783f1ca req-84da3caf-28bf-4aac-972e-7a2f1783f1ca ] Request (ServerShowV254Test:test_rebuild_server): 200 GET http://10.180.1.21/compute/v2.1/servers/93e805a4-34c8-4c38-a068-201bac8f4db7 0.123s
2025-04-07 03:01:07.369 69708 INFO tempest.lib.common.rest_client [req-a8ee3e47-f1a0-4d75-9523-868ba3a7d7d1 req-a8ee3e47-f1a0-4d75-9523-868ba3a7d7d1 ] Request (ServersTestFqdnHostnames:test_create_server_with_fqdn_name): 200 GET http://10.180.1.21/compute/v2.1/servers/ed58d1cb-00ca-485c-bf44-65b15c7a1a5d 0.087s
2025-04-07 03:01:07.371 69682 INFO tempest.lib.common.rest_client [req-3ecbf977-68a8-4df4-b28b-b2e3675179c6 req-3ecbf977-68a8-4df4-b28b-b2e3675179c6 ] Request (InstanceActionsV221TestJSON:test_get_list_deleted_instance_actions): 200 GET http://10.180.1.21/compute/v2.1/servers/6de45726-892f-4c16-88fd-67e9f4b24259 0.116s
2025-04-07 03:01:07.432 69694 INFO tempest.lib.common.rest_client [req-c7882565-8a4f-418e-b511-1d79f52ccacd req-c7882565-8a4f-418e-b511-1d79f52ccacd ] Request (ServerRescueNegativeTestJSON:setUpClass): 200 GET http://10.180.1.21/compute/v2.1/servers/466c7ef8-b12c-43b5-a319-e377f9c8e116 0.120s
2025-04-07 03:01:07.434 69672 INFO tempest.lib.common.rest_client [req-252fd3c2-daaa-4b4c-8107-0416ec2d6a0c req-252fd3c2-daaa-4b4c-8107-0416ec2d6a0c ] Request (ServerDiskConfigTestJSON:test_rebuild_server_with_manual_disk_config): 200 GET http://10.180.1.21/compute/v2.1/servers/cf4ff2cc-d2f6-41dd-83b5-e89d2e65a372 0.061s
2025-04-07 03:01:07.489 69664 INFO tempest.lib.common.rest_client [req-2e03308d-a4a6-4c02-a29e-73f9d11c8e28 req-2e03308d-a4a6-4c02-a29e-73f9d11c8e28 ] Request (FloatingIPsAssociationNegativeTestJSON:tearDownClass): 200 GET http://10.180.1.21/compute/v2.1/servers/920d668d-1947-40bd-9c94-9398ee4a4acc 0.088s
2025-04-07 03:01:07.522 69722 INFO tempest.lib.common.rest_client [req-af1376c8-5b37-403d-bc08-980cb4f45444 req-af1376c8-5b37-403d-bc08-980cb4f45444 ] Request (ImagesOneServerTestJSON:tearDownClass): 200 GET http://10.180.1.21/compute/v2.1/servers/7a6c15e6-6305-4fce-83b4-887a46d06a26 0.059s
2025-04-07 03:01:07.618 69680 INFO tempest.lib.common.rest_client [req-4bff7252-61f2-4b32-b64f-800db01942de req-4bff7252-61f2-4b32-b64f-800db01942de ] Request (ImagesNegativeTestJSON:test_create_image_from_deleted_server): 200 GET http://10.180.1.21/compute/v2.1/servers/d6d2fa3f-94c3-4014-9ac1-b3c41a793c0d 0.088s
2025-04-07 03:01:07.619 69662 INFO tempest.lib.common.rest_client [req-42062901-c922-47b7-af03-4d9b8357f2d5 req-42062901-c922-47b7-af03-4d9b8357f2d5 ] Request (ServerPasswordTestJSON:setUpClass): 200 GET http://10.180.1.21/compute/v2.1/servers/d1dbafdb-3130-40f9-93dc-f56e3da1bbc0 0.053s
2025-04-07 03:01:07.678 69698 INFO tempest.lib.common.rest_client [req-638d6980-ee69-40ba-a7d1-9d7ea926f439 req-638d6980-ee69-40ba-a7d1-9d7ea926f439 ] Request (ServersListShow298Test:test_list_show_update_rebuild_server_298): 200 GET http://10.180.1.21/compute/v2.1/servers/47a7edf1-6b45-48af-b53a-4ab6f1990bff 0.080s
2025-04-07 03:01:07.682 69702 INFO tempest.lib.common.rest_client [req-13db6237-e765-47ce-aade-01f90cef5565 req-13db6237-e765-47ce-aade-01f90cef5565 ] Request (MultipleCreateTestJSON:test_multiple_create): 200 GET http://10.180.1.21/compute/v2.1/servers/74adec6b-a6c9-49f3-b0ed-34da300f7716 0.051s
2025-04-07 03:01:07.729 69670 INFO tempest.lib.common.rest_client [req-4f86be50-c55b-484c-b79f-918a1b451765 req-4f86be50-c55b-484c-b79f-918a1b451765 ] Request (ListServerFiltersTestJSON:setUpClass): 200 GET http://10.180.1.21/compute/v2.1/servers/c739cbea-b664-4175-abd6-086363e47b89 0.052s
2025-04-07 03:01:07.730 69690 INFO tempest.lib.common.rest_client [req-043d338f-00b6-4974-9ab2-c19646e05561 req-043d338f-00b6-4974-9ab2-c19646e05561 ] Request (DeleteServersAdminTestJSON:test_delete_server_while_in_error_state): 200 GET http://10.180.1.21/compute/v2.1/servers/f2499b0d-3142-48df-b283-2d8ff453c5ee 0.071s
2025-04-07 03:01:07.773 69688 INFO tempest.lib.common.rest_client [req-37c5e488-ff14-4fd7-a010-e8fa0444472e req-37c5e488-ff14-4fd7-a010-e8fa0444472e ] Request (DeleteServersTestJSON:test_delete_active_server): 200 GET http://10.180.1.21/compute/v2.1/servers/f973c546-9245-4da6-8eab-fd26e12ee0f4 0.065s
2025-04-07 03:01:07.784 69677 INFO tempest.lib.common.rest_client [req-8adda544-eaa8-47b3-aac2-82d3293a1397 req-8adda544-eaa8-47b3-aac2-82d3293a1397 ] Request (FloatingIPsAssociationTestJSON:setUpClass): 200 GET http://10.180.1.21/compute/v2.1/servers/84573f5a-acde-4392-92f2-e7c08096d250 0.047s
2025-04-07 03:01:07.819 69684 INFO tempest.lib.common.rest_client [req-71b03548-d0f4-4dd8-82cd-e467c715a280 req-71b03548-d0f4-4dd8-82cd-e467c715a280 ] Request (AttachInterfacesUnderV243Test:test_add_remove_fixed_ip): 200 GET http://10.180.1.21/compute/v2.1/servers/4a6f8144-9a73-4e24-a5ae-5a457aceb446 0.048s
2025-04-07 03:01:07.877 69666 INFO tempest.lib.common.rest_client [req-c64892a1-9c94-42c8-bac8-e08f71d98726 req-c64892a1-9c94-42c8-bac8-e08f71d98726 ] Request (SecurityGroupsTestJSON:test_list_security_groups_by_server): 200 GET http://10.180.1.21/compute/v2.1/servers/f2980e1b-a580-4b7a-aa93-3bb7e4e725fe 0.046s
2025-04-07 03:01:07.933 69675 INFO tempest.lib.common.rest_client [req-389fdbe7-0f06-4688-8324-887a50811f69 req-389fdbe7-0f06-4688-8324-887a50811f69 ] Request (MigrationsAdminTest:test_list_migrations_in_flavor_resize_situation): 200 GET http://10.180.1.21/compute/v2.1/servers/112dc1fc-247c-4305-95d4-7791d39efcd2 0.098s
2025-04-07 03:01:08.054 69678 INFO tempest.lib.common.rest_client [req-f9863c45-fbb4-406e-9efd-e28383a0fbdc req-f9863c45-fbb4-406e-9efd-e28383a0fbdc ] Request (ServerDiagnosticsTest:tearDownClass): 200 GET http://10.180.1.21/compute/v2.1/servers/a815a5c3-fe3d-48d1-aeba-0952420d5862 0.086s
2025-04-07 03:01:08.106 69696 INFO tempest.lib.common.rest_client [req-8b170954-1bd7-494f-b305-6f65795a3015 req-8b170954-1bd7-494f-b305-6f65795a3015 ] Request (ImagesTestJSON:test_create_image_from_suspended_server): 200 GET http://10.180.1.21/compute/v2.1/servers/4456d60a-cd3f-45c8-b48f-13f45531fea6 0.060s
2025-04-07 03:01:08.203 69692 INFO tempest.lib.common.rest_client [req-d80a26d2-410a-4f8e-9dd4-292647b8e96c req-d80a26d2-410a-4f8e-9dd4-292647b8e96c ] Request (InstanceActionsTestJSON:tearDownClass): 200 GET http://10.180.1.21/compute/v2.1/servers/b0e68d62-c0dd-4510-943e-dbee2b51ec0c 0.063s
2025-04-07 03:01:08.306 69716 INFO tempest.lib.common.rest_client [req-0af8a7bd-a6ea-456a-8221-fd4111f13b66 req-0af8a7bd-a6ea-456a-8221-fd4111f13b66 ] Request (AttachInterfacesV270Test:tearDownClass): 200 GET http://10.180.1.21/compute/v2.1/servers/38e764ad-9cbc-4cd8-95d3-6c6e733dcf16 0.068s
2025-04-07 03:01:08.310 69700 INFO tempest.lib.common.rest_client [req-51951fb1-ad28-4499-98d1-dffbedf974d2 req-51951fb1-ad28-4499-98d1-dffbedf974d2 ] Request (ServersAdminTestJSON:test_create_server_with_scheduling_hint): 200 GET http://10.180.1.21/compute/v2.1/servers/1180e248-cb8e-46d8-b0e0-f82304723954 0.096s
2025-04-07 03:01:08.319 69700 INFO tempest.common.waiters [-] State transition "BUILD/networking" ==> "BUILD/spawning" after 53 second wait
2025-04-07 03:01:08.363 69686 INFO tempest.lib.common.rest_client [req-39160fc8-face-4015-9c60-597c402c3df8 req-39160fc8-face-4015-9c60-597c402c3df8 ] Request (ServerDiagnosticsNegativeTest:test_get_server_diagnostics_by_non_admin): 200 GET http://10.180.1.21/compute/v2.1/servers/4ec14ece-7f42-4c2f-9f5b-c8ba74c432b6 0.058s
2025-04-07 03:01:08.368 69660 INFO tempest.lib.common.rest_client [req-602ba755-ff73-4d78-9a06-c698feefcf4f req-602ba755-ff73-4d78-9a06-c698feefcf4f ] Request (ServersAdminNegativeTestJSON:tearDownClass): 200 GET http://10.180.1.21/compute/v2.1/servers/bf04c9de-9bdb-4d08-be0d-54c3986f075f 0.092s
2025-04-07 03:01:08.421 69718 INFO tempest.lib.common.rest_client [req-fb10c4f0-cf16-4b2c-9bc0-3d4b4ad6a00e req-fb10c4f0-cf16-4b2c-9bc0-3d4b4ad6a00e ] Request (ServerShowV254Test:test_rebuild_server): 200 GET http://10.180.1.21/compute/v2.1/servers/93e805a4-34c8-4c38-a068-201bac8f4db7 0.088s
2025-04-07 03:01:08.435 69708 INFO tempest.lib.common.rest_client [req-1f32856a-155d-4cd9-a734-2dc989e31c7e req-1f32856a-155d-4cd9-a734-2dc989e31c7e ] Request (ServersTestFqdnHostnames:test_create_server_with_fqdn_name): 200 GET http://10.180.1.21/compute/v2.1/servers/ed58d1cb-00ca-485c-bf44-65b15c7a1a5d 0.058s
2025-04-07 03:01:08.478 69682 INFO tempest.lib.common.rest_client [req-a246fcdf-944c-4614-9910-971aeb6c4117 req-a246fcdf-944c-4614-9910-971aeb6c4117 ] Request (InstanceActionsV221TestJSON:test_get_list_deleted_instance_actions): 200 GET http://10.180.1.21/compute/v2.1/servers/6de45726-892f-4c16-88fd-67e9f4b24259 0.097s
2025-04-07 03:01:08.489 69694 INFO tempest.lib.common.rest_client [req-61af0c7e-5a86-46e2-ac86-15e07ef2d41a req-61af0c7e-5a86-46e2-ac86-15e07ef2d41a ] Request (ServerRescueNegativeTestJSON:setUpClass): 200 GET http://10.180.1.21/compute/v2.1/servers/466c7ef8-b12c-43b5-a319-e377f9c8e116 0.050s
2025-04-07 03:01:08.529 69672 INFO tempest.lib.common.rest_client [req-95f9c0ca-a096-47d4-b549-7646e814d863 req-95f9c0ca-a096-47d4-b549-7646e814d863 ] Request (ServerDiskConfigTestJSON:test_rebuild_server_with_manual_disk_config): 200 GET http://10.180.1.21/compute/v2.1/servers/cf4ff2cc-d2f6-41dd-83b5-e89d2e65a372 0.085s
2025-04-07 03:01:08.551 69664 INFO tempest.lib.common.rest_client [req-53452c63-e631-4f16-8357-698aa9162e2a req-53452c63-e631-4f16-8357-698aa9162e2a ] Request (FloatingIPsAssociationNegativeTestJSON:tearDownClass): 200 GET http://10.180.1.21/compute/v2.1/servers/920d668d-1947-40bd-9c94-9398ee4a4acc 0.054s
2025-04-07 03:01:08.593 69722 INFO tempest.lib.common.rest_client [req-58c3c5ca-40e4-4993-858d-3c40bbfc63ab req-58c3c5ca-40e4-4993-858d-3c40bbfc63ab ] Request (ImagesOneServerTestJSON:tearDownClass): 200 GET http://10.180.1.21/compute/v2.1/servers/7a6c15e6-6305-4fce-83b4-887a46d06a26 0.062s
2025-04-07 03:01:08.680 69662 INFO tempest.lib.common.rest_client [req-9940a79e-3a08-42c1-a69e-15712ad4675a req-9940a79e-3a08-42c1-a69e-15712ad4675a ] Request (ServerPasswordTestJSON:setUpClass): 200 GET http://10.180.1.21/compute/v2.1/servers/d1dbafdb-3130-40f9-93dc-f56e3da1bbc0 0.050s
2025-04-07 03:01:08.713 69680 INFO tempest.lib.common.rest_client [req-559ecf46-8154-4f26-b685-2068ae412444 req-559ecf46-8154-4f26-b685-2068ae412444 ] Request (ImagesNegativeTestJSON:test_create_image_from_deleted_server): 200 GET http://10.180.1.21/compute/v2.1/servers/d6d2fa3f-94c3-4014-9ac1-b3c41a793c0d 0.086s
2025-04-07 03:01:08.769 69702 INFO tempest.lib.common.rest_client [req-d63f0678-8d79-49cc-b532-fcf69bb4db87 req-d63f0678-8d79-49cc-b532-fcf69bb4db87 ] Request (MultipleCreateTestJSON:test_multiple_create): 200 GET http://10.180.1.21/compute/v2.1/servers/74adec6b-a6c9-49f3-b0ed-34da300f7716 0.076s
2025-04-07 03:01:08.769 69698 INFO tempest.lib.common.rest_client [req-e9db593a-90ce-4db8-8302-720de6a3d0c5 req-e9db593a-90ce-4db8-8302-720de6a3d0c5 ] Request (ServersListShow298Test:test_list_show_update_rebuild_server_298): 200 GET http://10.180.1.21/compute/v2.1/servers/47a7edf1-6b45-48af-b53a-4ab6f1990bff 0.080s
2025-04-07 03:01:08.817 69690 INFO tempest.lib.common.rest_client [req-7fbc0c16-ad26-4a84-976e-9dab31d94405 req-7fbc0c16-ad26-4a84-976e-9dab31d94405 ] Request (DeleteServersAdminTestJSON:test_delete_server_while_in_error_state): 200 GET http://10.180.1.21/compute/v2.1/servers/f2499b0d-3142-48df-b283-2d8ff453c5ee 0.079s
2025-04-07 03:01:08.817 69670 INFO tempest.lib.common.rest_client [req-57fc5b93-c426-4281-8414-de7ac6cd5219 req-57fc5b93-c426-4281-8414-de7ac6cd5219 ] Request (ListServerFiltersTestJSON:setUpClass): 200 GET http://10.180.1.21/compute/v2.1/servers/c739cbea-b664-4175-abd6-086363e47b89 0.081s
2025-04-07 03:01:08.867 69677 INFO tempest.lib.common.rest_client [req-17f5eb6d-790d-4e2f-bd0a-532d80bd6b5d req-17f5eb6d-790d-4e2f-bd0a-532d80bd6b5d ] Request (FloatingIPsAssociationTestJSON:setUpClass): 200 GET http://10.180.1.21/compute/v2.1/servers/84573f5a-acde-4392-92f2-e7c08096d250 0.075s
2025-04-07 03:01:08.868 69688 INFO tempest.lib.common.rest_client [req-859ef75a-f95b-4302-9142-2dc768c1d3bc req-859ef75a-f95b-4302-9142-2dc768c1d3bc ] Request (DeleteServersTestJSON:test_delete_active_server): 200 GET http://10.180.1.21/compute/v2.1/servers/f973c546-9245-4da6-8eab-fd26e12ee0f4 0.086s
2025-04-07 03:01:08.911 69684 INFO tempest.lib.common.rest_client [req-9fffb6ea-9fb2-4766-b647-0944f85bb3de req-9fffb6ea-9fb2-4766-b647-0944f85bb3de ] Request (AttachInterfacesUnderV243Test:test_add_remove_fixed_ip): 200 GET http://10.180.1.21/compute/v2.1/servers/4a6f8144-9a73-4e24-a5ae-5a457aceb446 0.085s
2025-04-07 03:01:08.933 69666 INFO tempest.lib.common.rest_client [req-e790ec7a-73c8-4415-a6ea-efe06f527e27 req-e790ec7a-73c8-4415-a6ea-efe06f527e27 ] Request (SecurityGroupsTestJSON:test_list_security_groups_by_server): 200 GET http://10.180.1.21/compute/v2.1/servers/f2980e1b-a580-4b7a-aa93-3bb7e4e725fe 0.048s
2025-04-07 03:01:09.039 69675 INFO tempest.lib.common.rest_client [req-c8040788-0094-479f-843e-e012d644941c req-c8040788-0094-479f-843e-e012d644941c ] Request (MigrationsAdminTest:test_list_migrations_in_flavor_resize_situation): 200 GET http://10.180.1.21/compute/v2.1/servers/112dc1fc-247c-4305-95d4-7791d39efcd2 0.097s
2025-04-07 03:01:09.117 69678 INFO tempest.lib.common.rest_client [req-cc4fc0a9-a0ca-4fe2-8aca-61ced67d94b7 req-cc4fc0a9-a0ca-4fe2-8aca-61ced67d94b7 ] Request (ServerDiagnosticsTest:tearDownClass): 200 GET http://10.180.1.21/compute/v2.1/servers/a815a5c3-fe3d-48d1-aeba-0952420d5862 0.055s
2025-04-07 03:01:09.160 69696 INFO tempest.lib.common.rest_client [req-a3a2c023-416c-4cb6-b7ea-bef6feb629e7 req-a3a2c023-416c-4cb6-b7ea-bef6feb629e7 ] Request (ImagesTestJSON:test_create_image_from_suspended_server): 200 GET http://10.180.1.21/compute/v2.1/servers/4456d60a-cd3f-45c8-b48f-13f45531fea6 0.046s
2025-04-07 03:01:09.272 69692 INFO tempest.lib.common.rest_client [req-72bce8ae-1f5b-478f-9eac-9da002f13785 req-72bce8ae-1f5b-478f-9eac-9da002f13785 ] Request (InstanceActionsTestJSON:tearDownClass): 200 GET http://10.180.1.21/compute/v2.1/servers/b0e68d62-c0dd-4510-943e-dbee2b51ec0c 0.061s
2025-04-07 03:01:09.373 69716 INFO tempest.lib.common.rest_client [req-f1d5e567-9893-4265-a233-9fca86d3e7cd req-f1d5e567-9893-4265-a233-9fca86d3e7cd ] Request (AttachInterfacesV270Test:tearDownClass): 200 GET http://10.180.1.21/compute/v2.1/servers/38e764ad-9cbc-4cd8-95d3-6c6e733dcf16 0.057s
2025-04-07 03:01:09.416 69686 INFO tempest.lib.common.rest_client [req-7d7b7556-5e95-47d8-914a-7e044d4ecb41 req-7d7b7556-5e95-47d8-914a-7e044d4ecb41 ] Request (ServerDiagnosticsNegativeTest:test_get_server_diagnostics_by_non_admin): 200 GET http://10.180.1.21/compute/v2.1/servers/4ec14ece-7f42-4c2f-9f5b-c8ba74c432b6 0.045s
2025-04-07 03:01:09.424 69686 INFO tempest.common.waiters [-] State transition "BUILD/None" ==> "BUILD/networking" after 52 second wait
2025-04-07 03:01:09.433 69700 INFO tempest.lib.common.rest_client [req-59b54c97-73dc-4495-a4b7-0e682c77dfd5 req-59b54c97-73dc-4495-a4b7-0e682c77dfd5 ] Request (ServersAdminTestJSON:test_create_server_with_scheduling_hint): 200 GET http://10.180.1.21/compute/v2.1/servers/1180e248-cb8e-46d8-b0e0-f82304723954 0.113s
2025-04-07 03:01:09.468 69660 INFO tempest.lib.common.rest_client [req-f72ac86d-458e-4c67-b758-1ad2bb611644 req-f72ac86d-458e-4c67-b758-1ad2bb611644 ] Request (ServersAdminNegativeTestJSON:tearDownClass): 200 GET http://10.180.1.21/compute/v2.1/servers/bf04c9de-9bdb-4d08-be0d-54c3986f075f 0.092s
2025-04-07 03:01:09.489 69718 INFO tempest.lib.common.rest_client [req-e39ec9ac-85c6-41e7-8174-9057f4effa91 req-e39ec9ac-85c6-41e7-8174-9057f4effa91 ] Request (ServerShowV254Test:test_rebuild_server): 200 GET http://10.180.1.21/compute/v2.1/servers/93e805a4-34c8-4c38-a068-201bac8f4db7 0.057s
2025-04-07 03:01:09.498 69718 INFO tempest.common.waiters [-] State transition "REBUILD/rebuilding" ==> "REBUILD/rebuild_spawning" after 3 second wait
2025-04-07 03:01:09.531 69708 INFO tempest.lib.common.rest_client [req-367fe282-6f7f-4a87-977f-d958d8b55400 req-367fe282-6f7f-4a87-977f-d958d8b55400 ] Request (ServersTestFqdnHostnames:test_create_server_with_fqdn_name): 200 GET http://10.180.1.21/compute/v2.1/servers/ed58d1cb-00ca-485c-bf44-65b15c7a1a5d 0.086s
2025-04-07 03:01:09.560 69682 INFO tempest.lib.common.rest_client [req-491ad99f-f196-4f19-a88c-671c775eb406 req-491ad99f-f196-4f19-a88c-671c775eb406 ] Request (InstanceActionsV221TestJSON:test_get_list_deleted_instance_actions): 200 GET http://10.180.1.21/compute/v2.1/servers/6de45726-892f-4c16-88fd-67e9f4b24259 0.072s
2025-04-07 03:01:09.593 69694 INFO tempest.lib.common.rest_client [req-b61408b9-b8d0-4d7f-925a-c3d7ca5d432a req-b61408b9-b8d0-4d7f-925a-c3d7ca5d432a ] Request (ServerRescueNegativeTestJSON:setUpClass): 200 GET http://10.180.1.21/compute/v2.1/servers/466c7ef8-b12c-43b5-a319-e377f9c8e116 0.096s
2025-04-07 03:01:09.613 69672 INFO tempest.lib.common.rest_client [req-923af847-2ad5-454d-8474-03fb3ed348b1 req-923af847-2ad5-454d-8474-03fb3ed348b1 ] Request (ServerDiskConfigTestJSON:test_rebuild_server_with_manual_disk_config): 200 GET http://10.180.1.21/compute/v2.1/servers/cf4ff2cc-d2f6-41dd-83b5-e89d2e65a372 0.075s
2025-04-07 03:01:09.653 69664 INFO tempest.lib.common.rest_client [req-acb35778-9dec-4c08-a90c-c400748cd37e req-acb35778-9dec-4c08-a90c-c400748cd37e ] Request (FloatingIPsAssociationNegativeTestJSON:tearDownClass): 200 GET http://10.180.1.21/compute/v2.1/servers/920d668d-1947-40bd-9c94-9398ee4a4acc 0.091s
2025-04-07 03:01:09.668 69722 INFO tempest.lib.common.rest_client [req-d1a364bb-9f7c-4e0a-a634-4db84c0fa5fa req-d1a364bb-9f7c-4e0a-a634-4db84c0fa5fa ] Request (ImagesOneServerTestJSON:tearDownClass): 200 GET http://10.180.1.21/compute/v2.1/servers/7a6c15e6-6305-4fce-83b4-887a46d06a26 0.066s
2025-04-07 03:01:09.744 69662 INFO tempest.lib.common.rest_client [req-49476fb6-af9e-403f-bcbb-9e0b76651b98 req-49476fb6-af9e-403f-bcbb-9e0b76651b98 ] Request (ServerPasswordTestJSON:setUpClass): 200 GET http://10.180.1.21/compute/v2.1/servers/d1dbafdb-3130-40f9-93dc-f56e3da1bbc0 0.056s
2025-04-07 03:01:09.846 69714 WARNING tempest.lib.common.ssh [-] Failed to establish authenticated ssh connection to cirros@10.180.180.160 ([Errno None] Unable to connect to port 22 on 10.180.180.160). Number attempts: 5. Retry after 6 seconds.: paramiko.ssh_exception.NoValidConnectionsError: [Errno None] Unable to connect to port 22 on 10.180.180.160
2025-04-07 03:01:09.864 69702 INFO tempest.lib.common.rest_client [req-36fdb35c-8e15-40e6-9730-da3508990f7a req-36fdb35c-8e15-40e6-9730-da3508990f7a ] Request (MultipleCreateTestJSON:test_multiple_create): 200 GET http://10.180.1.21/compute/v2.1/servers/74adec6b-a6c9-49f3-b0ed-34da300f7716 0.085s
2025-04-07 03:01:09.890 69680 INFO tempest.lib.common.rest_client [req-1b91a091-f097-47eb-98bc-f6c8eed14f9d req-1b91a091-f097-47eb-98bc-f6c8eed14f9d ] Request (ImagesNegativeTestJSON:test_create_image_from_deleted_server): 200 GET http://10.180.1.21/compute/v2.1/servers/d6d2fa3f-94c3-4014-9ac1-b3c41a793c0d 0.169s
2025-04-07 03:01:09.933 69698 INFO tempest.lib.common.rest_client [req-1ef9dcaf-ea90-41ce-b013-06b5bd054e4b req-1ef9dcaf-ea90-41ce-b013-06b5bd054e4b ] Request (ServersListShow298Test:test_list_show_update_rebuild_server_298): 200 GET http://10.180.1.21/compute/v2.1/servers/47a7edf1-6b45-48af-b53a-4ab6f1990bff 0.153s
2025-04-07 03:01:09.944 69670 INFO tempest.lib.common.rest_client [req-0fbeb00f-91c4-4c8f-8942-74dcf70af4f9 req-0fbeb00f-91c4-4c8f-8942-74dcf70af4f9 ] Request (ListServerFiltersTestJSON:setUpClass): 200 GET http://10.180.1.21/compute/v2.1/servers/c739cbea-b664-4175-abd6-086363e47b89 0.118s
2025-04-07 03:01:09.982 69690 INFO tempest.lib.common.rest_client [req-f498957e-6044-4532-80fd-30c58d388b7c req-f498957e-6044-4532-80fd-30c58d388b7c ] Request (DeleteServersAdminTestJSON:test_delete_server_while_in_error_state): 200 GET http://10.180.1.21/compute/v2.1/servers/f2499b0d-3142-48df-b283-2d8ff453c5ee 0.154s
2025-04-07 03:01:09.996 69677 INFO tempest.lib.common.rest_client [req-753ef2d4-c1bd-4265-8b97-2a541ecd4b2d req-753ef2d4-c1bd-4265-8b97-2a541ecd4b2d ] Request (FloatingIPsAssociationTestJSON:setUpClass): 200 GET http://10.180.1.21/compute/v2.1/servers/84573f5a-acde-4392-92f2-e7c08096d250 0.122s
2025-04-07 03:01:10.029 69688 INFO tempest.lib.common.rest_client [req-528e5db0-b715-4eb4-b4ed-97e9589e9647 req-528e5db0-b715-4eb4-b4ed-97e9589e9647 ] Request (DeleteServersTestJSON:test_delete_active_server): 200 GET http://10.180.1.21/compute/v2.1/servers/f973c546-9245-4da6-8eab-fd26e12ee0f4 0.153s
2025-04-07 03:01:10.045 69684 INFO tempest.lib.common.rest_client [req-930cdbd7-abd8-4856-85f5-5d1feec0a0b5 req-930cdbd7-abd8-4856-85f5-5d1feec0a0b5 ] Request (AttachInterfacesUnderV243Test:test_add_remove_fixed_ip): 200 GET http://10.180.1.21/compute/v2.1/servers/4a6f8144-9a73-4e24-a5ae-5a457aceb446 0.125s
2025-04-07 03:01:10.076 69666 INFO tempest.lib.common.rest_client [req-5cd06f3c-0006-4810-8635-fd34f04adbdc req-5cd06f3c-0006-4810-8635-fd34f04adbdc ] Request (SecurityGroupsTestJSON:test_list_security_groups_by_server): 200 GET http://10.180.1.21/compute/v2.1/servers/f2980e1b-a580-4b7a-aa93-3bb7e4e725fe 0.135s
2025-04-07 03:01:10.142 69675 INFO tempest.lib.common.rest_client [req-dbe410ea-e1a8-41c6-a793-2a0ad1714bbc req-dbe410ea-e1a8-41c6-a793-2a0ad1714bbc ] Request (MigrationsAdminTest:test_list_migrations_in_flavor_resize_situation): 200 GET http://10.180.1.21/compute/v2.1/servers/112dc1fc-247c-4305-95d4-7791d39efcd2 0.096s
2025-04-07 03:01:10.187 69678 INFO tempest.lib.common.rest_client [req-b5474ad3-33d8-4a56-a6bd-0576b3b43f38 req-b5474ad3-33d8-4a56-a6bd-0576b3b43f38 ] Request (ServerDiagnosticsTest:tearDownClass): 200 GET http://10.180.1.21/compute/v2.1/servers/a815a5c3-fe3d-48d1-aeba-0952420d5862 0.061s
2025-04-07 03:01:10.194 69678 INFO tempest.common.waiters [-] State transition "ACTIVE/deleting" ==> "DELETED/None" after 5 second wait
2025-04-07 03:01:10.217 69696 INFO tempest.lib.common.rest_client [req-51ac47ef-6f76-435a-a874-b3f9ff91f1e1 req-51ac47ef-6f76-435a-a874-b3f9ff91f1e1 ] Request (ImagesTestJSON:test_create_image_from_suspended_server): 200 GET http://10.180.1.21/compute/v2.1/servers/4456d60a-cd3f-45c8-b48f-13f45531fea6 0.048s
2025-04-07 03:01:10.352 69692 INFO tempest.lib.common.rest_client [req-8e4c8743-7e24-40d8-a32f-d9f01f96103d req-8e4c8743-7e24-40d8-a32f-d9f01f96103d ] Request (InstanceActionsTestJSON:tearDownClass): 200 GET http://10.180.1.21/compute/v2.1/servers/b0e68d62-c0dd-4510-943e-dbee2b51ec0c 0.072s
2025-04-07 03:01:10.455 69716 INFO tempest.lib.common.rest_client [req-fab12be9-b73d-4a04-ba5b-96493638ac13 req-fab12be9-b73d-4a04-ba5b-96493638ac13 ] Request (AttachInterfacesV270Test:tearDownClass): 200 GET http://10.180.1.21/compute/v2.1/servers/38e764ad-9cbc-4cd8-95d3-6c6e733dcf16 0.072s
2025-04-07 03:01:10.563 69700 INFO tempest.lib.common.rest_client [req-7775bd2c-ac7b-455d-b323-e3c7f060affb req-7775bd2c-ac7b-455d-b323-e3c7f060affb ] Request (ServersAdminTestJSON:test_create_server_with_scheduling_hint): 200 GET http://10.180.1.21/compute/v2.1/servers/1180e248-cb8e-46d8-b0e0-f82304723954 0.123s
2025-04-07 03:01:10.614 69686 INFO tempest.lib.common.rest_client [req-889725e3-c8a9-4849-8a60-bba8caea504f req-889725e3-c8a9-4849-8a60-bba8caea504f ] Request (ServerDiagnosticsNegativeTest:test_get_server_diagnostics_by_non_admin): 200 GET http://10.180.1.21/compute/v2.1/servers/4ec14ece-7f42-4c2f-9f5b-c8ba74c432b6 0.188s
2025-04-07 03:01:10.621 69686 INFO tempest.common.waiters [-] State transition "BUILD/networking" ==> "BUILD/spawning" after 53 second wait
2025-04-07 03:01:10.634 69660 INFO tempest.lib.common.rest_client [req-123539e8-124e-40e2-a938-217e17108e68 req-123539e8-124e-40e2-a938-217e17108e68 ] Request (ServersAdminNegativeTestJSON:tearDownClass): 200 GET http://10.180.1.21/compute/v2.1/servers/bf04c9de-9bdb-4d08-be0d-54c3986f075f 0.159s
2025-04-07 03:01:10.671 69718 INFO tempest.lib.common.rest_client [req-c4316cbb-d3d8-4eea-9955-2236d3f50013 req-c4316cbb-d3d8-4eea-9955-2236d3f50013 ] Request (ServerShowV254Test:test_rebuild_server): 200 GET http://10.180.1.21/compute/v2.1/servers/93e805a4-34c8-4c38-a068-201bac8f4db7 0.172s
2025-04-07 03:01:10.686 69708 INFO tempest.lib.common.rest_client [req-ca79f0e2-d638-4f89-9016-f3312f8506d3 req-ca79f0e2-d638-4f89-9016-f3312f8506d3 ] Request (ServersTestFqdnHostnames:test_create_server_with_fqdn_name): 200 GET http://10.180.1.21/compute/v2.1/servers/ed58d1cb-00ca-485c-bf44-65b15c7a1a5d 0.147s
2025-04-07 03:01:10.729 69694 INFO tempest.lib.common.rest_client [req-04e5fe64-a052-4118-8c71-e78ef226514b req-04e5fe64-a052-4118-8c71-e78ef226514b ] Request (ServerRescueNegativeTestJSON:setUpClass): 200 GET http://10.180.1.21/compute/v2.1/servers/466c7ef8-b12c-43b5-a319-e377f9c8e116 0.127s
2025-04-07 03:01:10.730 69682 INFO tempest.lib.common.rest_client [req-a9319288-7528-4147-8f76-17a48281e3bf req-a9319288-7528-4147-8f76-17a48281e3bf ] Request (InstanceActionsV221TestJSON:test_get_list_deleted_instance_actions): 200 GET http://10.180.1.21/compute/v2.1/servers/6de45726-892f-4c16-88fd-67e9f4b24259 0.155s
2025-04-07 03:01:10.780 69672 INFO tempest.lib.common.rest_client [req-6ca279ff-068b-46fa-868d-ea8624e620b9 req-6ca279ff-068b-46fa-868d-ea8624e620b9 ] Request (ServerDiskConfigTestJSON:test_rebuild_server_with_manual_disk_config): 200 GET http://10.180.1.21/compute/v2.1/servers/cf4ff2cc-d2f6-41dd-83b5-e89d2e65a372 0.158s
2025-04-07 03:01:10.782 69664 INFO tempest.lib.common.rest_client [req-21fa5977-e819-4647-8ee7-49c0b01f5208 req-21fa5977-e819-4647-8ee7-49c0b01f5208 ] Request (FloatingIPsAssociationNegativeTestJSON:tearDownClass): 200 GET http://10.180.1.21/compute/v2.1/servers/920d668d-1947-40bd-9c94-9398ee4a4acc 0.117s
2025-04-07 03:01:10.836 69662 INFO tempest.lib.common.rest_client [req-67108256-1523-4baa-a6d7-1b183cf4d8be req-67108256-1523-4baa-a6d7-1b183cf4d8be ] Request (ServerPasswordTestJSON:setUpClass): 200 GET http://10.180.1.21/compute/v2.1/servers/d1dbafdb-3130-40f9-93dc-f56e3da1bbc0 0.082s
2025-04-07 03:01:10.838 69722 INFO tempest.lib.common.rest_client [req-4a8cabf9-aa58-49cb-b2ed-0814b5a695be req-4a8cabf9-aa58-49cb-b2ed-0814b5a695be ] Request (ImagesOneServerTestJSON:tearDownClass): 200 GET http://10.180.1.21/compute/v2.1/servers/7a6c15e6-6305-4fce-83b4-887a46d06a26 0.162s
2025-04-07 03:01:10.925 69702 INFO tempest.lib.common.rest_client [req-5d23e6cb-ce41-446b-b626-676ef2108076 req-5d23e6cb-ce41-446b-b626-676ef2108076 ] Request (MultipleCreateTestJSON:test_multiple_create): 200 GET http://10.180.1.21/compute/v2.1/servers/74adec6b-a6c9-49f3-b0ed-34da300f7716 0.047s
2025-04-07 03:01:10.986 69680 INFO tempest.lib.common.rest_client [req-6bddd223-4d91-4a7b-bdcd-fde1e1c7d4fe req-6bddd223-4d91-4a7b-bdcd-fde1e1c7d4fe ] Request (ImagesNegativeTestJSON:test_create_image_from_deleted_server): 200 GET http://10.180.1.21/compute/v2.1/servers/d6d2fa3f-94c3-4014-9ac1-b3c41a793c0d 0.086s
2025-04-07 03:01:10.997 69698 INFO tempest.lib.common.rest_client [req-b2ecc8de-7453-472e-9586-d94052e18404 req-b2ecc8de-7453-472e-9586-d94052e18404 ] Request (ServersListShow298Test:test_list_show_update_rebuild_server_298): 200 GET http://10.180.1.21/compute/v2.1/servers/47a7edf1-6b45-48af-b53a-4ab6f1990bff 0.052s
2025-04-07 03:01:11.001 69668 WARNING tempest.lib.common.ssh [-] Failed to establish authenticated ssh connection to cirros@10.180.180.161 ([Errno None] Unable to connect to port 22 on 10.180.180.161). Number attempts: 5. Retry after 6 seconds.: paramiko.ssh_exception.NoValidConnectionsError: [Errno None] Unable to connect to port 22 on 10.180.180.161
2025-04-07 03:01:11.038 69670 INFO tempest.lib.common.rest_client [req-4fc2ec5a-a1a7-42ca-8473-81628573f284 req-4fc2ec5a-a1a7-42ca-8473-81628573f284 ] Request (ListServerFiltersTestJSON:setUpClass): 200 GET http://10.180.1.21/compute/v2.1/servers/c739cbea-b664-4175-abd6-086363e47b89 0.086s
2025-04-07 03:01:11.039 69690 INFO tempest.lib.common.rest_client [req-360073f7-e3bc-48b9-8379-b49d237067e1 req-360073f7-e3bc-48b9-8379-b49d237067e1 ] Request (DeleteServersAdminTestJSON:test_delete_server_while_in_error_state): 200 GET http://10.180.1.21/compute/v2.1/servers/f2499b0d-3142-48df-b283-2d8ff453c5ee 0.047s
2025-04-07 03:01:11.082 69677 INFO tempest.lib.common.rest_client [req-01cd13d0-aefa-4040-bf31-5bf3c2b5a1e6 req-01cd13d0-aefa-4040-bf31-5bf3c2b5a1e6 ] Request (FloatingIPsAssociationTestJSON:setUpClass): 200 GET http://10.180.1.21/compute/v2.1/servers/84573f5a-acde-4392-92f2-e7c08096d250 0.077s
2025-04-07 03:01:11.083 69688 INFO tempest.lib.common.rest_client [req-586d1cec-44c8-421f-80f8-cdbbd342ebbe req-586d1cec-44c8-421f-80f8-cdbbd342ebbe ] Request (DeleteServersTestJSON:test_delete_active_server): 200 GET http://10.180.1.21/compute/v2.1/servers/f973c546-9245-4da6-8eab-fd26e12ee0f4 0.045s
2025-04-07 03:01:11.129 69684 INFO tempest.lib.common.rest_client [req-8df31791-7f19-42b4-890d-d5074cf4a29c req-8df31791-7f19-42b4-890d-d5074cf4a29c ] Request (AttachInterfacesUnderV243Test:test_add_remove_fixed_ip): 200 GET http://10.180.1.21/compute/v2.1/servers/4a6f8144-9a73-4e24-a5ae-5a457aceb446 0.076s
2025-04-07 03:01:11.145 69666 INFO tempest.lib.common.rest_client [req-dfd958b8-6503-4439-aeb9-1b68d9288ffe req-dfd958b8-6503-4439-aeb9-1b68d9288ffe ] Request (SecurityGroupsTestJSON:test_list_security_groups_by_server): 200 GET http://10.180.1.21/compute/v2.1/servers/f2980e1b-a580-4b7a-aa93-3bb7e4e725fe 0.055s
2025-04-07 03:01:11.258 69678 INFO tempest.lib.common.rest_client [req-c7f652cb-7405-4fc4-b359-9cad69863fa0 req-c7f652cb-7405-4fc4-b359-9cad69863fa0 ] Request (ServerDiagnosticsTest:tearDownClass): 200 GET http://10.180.1.21/compute/v2.1/servers/a815a5c3-fe3d-48d1-aeba-0952420d5862 0.063s
2025-04-07 03:01:11.298 69696 INFO tempest.lib.common.rest_client [req-7cbbee08-dbb2-4138-8bc0-23db2458eebd req-7cbbee08-dbb2-4138-8bc0-23db2458eebd ] Request (ImagesTestJSON:test_create_image_from_suspended_server): 200 GET http://10.180.1.21/compute/v2.1/servers/4456d60a-cd3f-45c8-b48f-13f45531fea6 0.073s
2025-04-07 03:01:11.299 69675 INFO tempest.lib.common.rest_client [req-2e1b7414-071a-478d-82bf-dabf2dbf6ebe req-2e1b7414-071a-478d-82bf-dabf2dbf6ebe ] Request (MigrationsAdminTest:test_list_migrations_in_flavor_resize_situation): 200 GET http://10.180.1.21/compute/v2.1/servers/112dc1fc-247c-4305-95d4-7791d39efcd2 0.148s
2025-04-07 03:01:11.414 69692 INFO tempest.lib.common.rest_client [req-fae321e6-889e-4d4f-9c46-77e206ef93b2 req-fae321e6-889e-4d4f-9c46-77e206ef93b2 ] Request (InstanceActionsTestJSON:tearDownClass): 200 GET http://10.180.1.21/compute/v2.1/servers/b0e68d62-c0dd-4510-943e-dbee2b51ec0c 0.055s
2025-04-07 03:01:11.518 69716 INFO tempest.lib.common.rest_client [req-4b959fdc-d3dc-4ddf-95be-2df1d32a0fce req-4b959fdc-d3dc-4ddf-95be-2df1d32a0fce ] Request (AttachInterfacesV270Test:tearDownClass): 200 GET http://10.180.1.21/compute/v2.1/servers/38e764ad-9cbc-4cd8-95d3-6c6e733dcf16 0.052s
2025-04-07 03:01:11.574 69706 WARNING tempest.lib.common.ssh [-] Failed to establish authenticated ssh connection to cirros@10.180.180.203 ([Errno None] Unable to connect to port 22 on 10.180.180.203). Number attempts: 5. Retry after 6 seconds.: paramiko.ssh_exception.NoValidConnectionsError: [Errno None] Unable to connect to port 22 on 10.180.180.203
2025-04-07 03:01:11.659 69700 INFO tempest.lib.common.rest_client [req-fb04fb4a-35b9-49cf-99fe-9894221da289 req-fb04fb4a-35b9-49cf-99fe-9894221da289 ] Request (ServersAdminTestJSON:test_create_server_with_scheduling_hint): 200 GET http://10.180.1.21/compute/v2.1/servers/1180e248-cb8e-46d8-b0e0-f82304723954 0.081s
