2025-04-07 03:01:58.664 69700 INFO tempest.lib.common.rest_client [req-bb8e474e-87cb-40a4-b4c5-5ae8dbbeab9c req-bb8e474e-87cb-40a4-b4c5-5ae8dbbeab9c ] Request (ServersAdminTestJSON:test_inject_network_info): 200 GET http://10.180.1.21/compute/v2.1/servers/e9eb8cae-bb7a-4028-b685-867115e498ea 0.049s
2025-04-07 03:01:58.735 69692 INFO tempest.lib.common.rest_client [req-21b1d43b-a0f3-4298-a4d2-351f4ecb5fdc req-21b1d43b-a0f3-4298-a4d2-351f4ecb5fdc ] Request (ServerAddressesTestJSON:setUpClass): 200 GET http://10.180.1.21/compute/v2.1/servers/0988bcff-d0ed-43cb-994b-e870b9866634 0.058s
2025-04-07 03:01:58.808 69682 INFO tempest.lib.common.rest_client [req-ae97d404-5c36-4f66-86df-f86816fe6440 req-ae97d404-5c36-4f66-86df-f86816fe6440 ] Request (AttachVolumeTestJSON:test_attach_detach_volume): 200 GET http://10.180.1.21/compute/v2.1/servers/ae499731-184c-4b63-9993-3d5b229df920 0.055s
2025-04-07 03:01:58.837 69666 INFO tempest.lib.common.rest_client [req-0d8f7826-13e6-42ff-a901-63138e13cad5 req-0d8f7826-13e6-42ff-a901-63138e13cad5 ] Request (SecurityGroupsTestJSON:test_list_security_groups_by_server): 200 GET http://10.180.1.21/compute/v2.1/servers/f2980e1b-a580-4b7a-aa93-3bb7e4e725fe 0.140s
2025-04-07 03:01:58.879 69718 INFO tempest.lib.common.rest_client [req-67ca4418-46db-4dbe-bb7f-fa234cab1947 req-67ca4418-46db-4dbe-bb7f-fa234cab1947 ] Request (ServerShowV254Test:tearDownClass): 200 GET http://10.180.1.21/compute/v2.1/servers/93e805a4-34c8-4c38-a068-201bac8f4db7 0.112s
2025-04-07 03:01:58.897 69675 INFO tempest.lib.common.rest_client [req-771e0d8a-208a-48bb-a437-f2a03895d7ac req-771e0d8a-208a-48bb-a437-f2a03895d7ac ] Request (MigrationsAdminTest:test_resize_server_revert_deleted_flavor): 200 GET http://10.180.1.21/compute/v2.1/servers/3c5a9b6f-ee7b-421b-bafe-4044a4c4e479 0.069s
2025-04-07 03:01:58.951 69690 INFO tempest.lib.common.rest_client [req-1b541c79-2ac8-4793-b704-561317b150b0 req-1b541c79-2ac8-4793-b704-561317b150b0 ] Request (DeleteServersAdminTestJSON:test_delete_server_while_in_error_state): 200 GET http://10.180.1.21/compute/v2.1/servers/f2499b0d-3142-48df-b283-2d8ff453c5ee 0.106s
2025-04-07 03:01:58.956 69680 INFO tempest.lib.common.rest_client [req-ebb2d66b-a5ed-4adf-8218-4ac2c3d4abff req-ebb2d66b-a5ed-4adf-8218-4ac2c3d4abff ] Request (ServerAddressesNegativeTestJSON:setUpClass): 201 POST http://10.180.1.21:9696/networking/v2.0/routers 1.186s
2025-04-07 03:01:59.039 69662 INFO tempest.lib.common.rest_client [req-7ca713d4-180e-4da2-9381-65907979ed0a req-7ca713d4-180e-4da2-9381-65907979ed0a ] Request (ServerPasswordTestJSON:tearDownClass): 200 GET http://10.180.1.21/compute/v2.1/servers/d1dbafdb-3130-40f9-93dc-f56e3da1bbc0 0.062s
2025-04-07 03:01:59.154 69698 INFO tempest.lib.common.rest_client [req-2f474ca2-e4c3-4804-aa23-79489a4c28d9 req-2f474ca2-e4c3-4804-aa23-79489a4c28d9 ] Request (ServersListShow298Test:tearDownClass): 200 GET http://10.180.1.21/compute/v2.1/servers/47a7edf1-6b45-48af-b53a-4ab6f1990bff 0.086s
2025-04-07 03:01:59.188 69668 INFO tempest.lib.common.rest_client [req-f51e1e15-2fbc-48a3-a412-12a9b318a797 req-f51e1e15-2fbc-48a3-a412-12a9b318a797 ] Request (ServersWithSpecificFlavorTestJSON:test_verify_created_server_ephemeral_disk): 200 GET http://10.180.1.21/compute/v2.1/servers/dbb21929-e58a-45a0-934c-7ba9d5e11d7f 0.070s
2025-04-07 03:01:59.245 69660 INFO tempest.lib.common.rest_client [req-e7b85165-644b-4859-9d71-73b22584107a req-e7b85165-644b-4859-9d71-73b22584107a ] Request (ServersAdminNegativeTestJSON:tearDownClass): 200 GET http://10.180.1.21/compute/v2.1/servers/6c78162d-a0fa-4a65-ac65-a2373e077764 0.087s
2025-04-07 03:01:59.249 69694 INFO tempest.lib.common.rest_client [req-1bb85ed5-38d1-487e-9944-abc54b2877b9 req-1bb85ed5-38d1-487e-9944-abc54b2877b9 ] Request (ServerRescueNegativeTestJSON:setUpClass): 200 GET http://10.180.1.21/compute/v2.1/servers/466c7ef8-b12c-43b5-a319-e377f9c8e116 0.076s
2025-04-07 03:01:59.303 69664 INFO tempest.lib.common.rest_client [req-dc92b8a0-be6e-4aae-a4cb-11f7c718c09c req-dc92b8a0-be6e-4aae-a4cb-11f7c718c09c ] Request (ServersTestJSON:setUpClass): 200 GET http://10.180.1.21/compute/v2.1/servers/d13c0ca5-442b-4b4a-9c6f-1bd08d796ce7 0.065s
2025-04-07 03:01:59.307 69702 INFO tempest.lib.common.rest_client [req-e7e25ead-ae3e-4ecd-aafb-8966fd4c54c6 req-e7e25ead-ae3e-4ecd-aafb-8966fd4c54c6 ] Request (MultipleCreateTestJSON:test_multiple_create): 200 GET http://10.180.1.21/compute/v2.1/servers/74adec6b-a6c9-49f3-b0ed-34da300f7716 0.065s
2025-04-07 03:01:59.362 69672 INFO tempest.lib.common.rest_client [req-a0d70e3d-20ee-4666-b2de-0caf51200628 req-a0d70e3d-20ee-4666-b2de-0caf51200628 ] Request (ServerDiskConfigTestJSON:test_resize_server_from_auto_to_manual): 200 GET http://10.180.1.21/compute/v2.1/servers/5dc95d89-a3dd-465c-98c2-45b14febd162 0.067s
2025-04-07 03:01:59.400 69670 INFO tempest.lib.common.rest_client [req-d2cc751c-a1c8-4907-aebb-0988024ff49e req-d2cc751c-a1c8-4907-aebb-0988024ff49e ] Request (ListServerFiltersTestJSON:setUpClass): 200 GET http://10.180.1.21/compute/v2.1/servers/c739cbea-b664-4175-abd6-086363e47b89 0.057s
2025-04-07 03:01:59.450 69716 INFO tempest.lib.common.rest_client [req-e1076c13-8e22-4e6e-9eab-8b7208d2be29 req-e1076c13-8e22-4e6e-9eab-8b7208d2be29 ] Request (ServerMetadataNegativeTestJSON:setUpClass): 200 GET http://10.180.1.21/compute/v2.1/servers/b3c1b6cf-75d0-4917-a825-bc8c7176130d 0.064s
2025-04-07 03:01:59.525 69686 INFO tempest.lib.common.rest_client [req-518bc13a-15c1-42c0-81e6-b9cface00078 req-518bc13a-15c1-42c0-81e6-b9cface00078 ] Request (ServerDiagnosticsNegativeTest:tearDownClass): 200 GET http://10.180.1.21/compute/v2.1/servers/4ec14ece-7f42-4c2f-9f5b-c8ba74c432b6 0.071s
2025-04-07 03:01:59.546 69696 INFO tempest.lib.common.rest_client [req-7092abcc-f59c-4a9f-b023-679ab435ba88 req-7092abcc-f59c-4a9f-b023-679ab435ba88 ] Request (ImagesTestJSON:test_create_image_from_suspended_server): 200 GET http://10.180.1.21/compute/v2.1/images/792791d1-4782-47a5-a653-2eda140f7b6d 0.055s
2025-04-07 03:01:59.660 69712 INFO tempest.lib.common.rest_client [req-5ff8a818-a5d6-4fce-9f5c-4d8a8fb7d940 req-5ff8a818-a5d6-4fce-9f5c-4d8a8fb7d940 ] Request (AttachInterfacesTestJSON:test_create_list_show_delete_interfaces_by_fixed_ip): 200 GET http://10.180.1.21/compute/v2.1/servers/813826c6-5135-45fb-a05d-5f079eab0d43/os-interface 0.092s
2025-04-07 03:01:59.717 69688 INFO tempest.lib.common.rest_client [req-c6a648b0-afc9-4534-a43b-6438e1e15933 req-c6a648b0-afc9-4534-a43b-6438e1e15933 ] Request (DeleteServersTestJSON:test_delete_active_server): 200 GET http://10.180.1.21/compute/v2.1/servers/f973c546-9245-4da6-8eab-fd26e12ee0f4 0.128s
2025-04-07 03:01:59.764 69700 INFO tempest.lib.common.rest_client [req-2df8fe00-0156-429e-a227-dfd7d6b6a2cf req-2df8fe00-0156-429e-a227-dfd7d6b6a2cf ] Request (ServersAdminTestJSON:test_inject_network_info): 200 GET http://10.180.1.21/compute/v2.1/servers/e9eb8cae-bb7a-4028-b685-867115e498ea 0.092s
2025-04-07 03:01:59.773 69677 INFO tempest.lib.common.rest_client [req-1f6159f7-454e-4dd3-9f8e-fcd87247e583 req-1f6159f7-454e-4dd3-9f8e-fcd87247e583 ] Request (FloatingIPsAssociationTestJSON:setUpClass): 200 GET http://10.180.1.21/compute/v2.1/servers/84573f5a-acde-4392-92f2-e7c08096d250 0.240s
2025-04-07 03:01:59.821 69692 INFO tempest.lib.common.rest_client [req-59fcce86-df3e-432f-aa5e-fff8749e3fc6 req-59fcce86-df3e-432f-aa5e-fff8749e3fc6 ] Request (ServerAddressesTestJSON:setUpClass): 200 GET http://10.180.1.21/compute/v2.1/servers/0988bcff-d0ed-43cb-994b-e870b9866634 0.073s
2025-04-07 03:01:59.921 69682 INFO tempest.lib.common.rest_client [req-47e46477-470d-4664-8915-30ce2992fcf3 req-47e46477-470d-4664-8915-30ce2992fcf3 ] Request (AttachVolumeTestJSON:test_attach_detach_volume): 200 GET http://10.180.1.21/compute/v2.1/servers/ae499731-184c-4b63-9993-3d5b229df920 0.101s
2025-04-07 03:01:59.966 69718 INFO tempest.lib.common.rest_client [req-e290cf73-4759-4eb6-937f-594d541fcae9 req-e290cf73-4759-4eb6-937f-594d541fcae9 ] Request (ServerShowV254Test:tearDownClass): 404 GET http://10.180.1.21/compute/v2.1/servers/93e805a4-34c8-4c38-a068-201bac8f4db7 0.074s
2025-04-07 03:01:59.993 69666 INFO tempest.lib.common.rest_client [req-9e439592-7f5e-4d1f-b15c-43f2de837e42 req-9e439592-7f5e-4d1f-b15c-43f2de837e42 ] Request (SecurityGroupsTestJSON:test_list_security_groups_by_server): 200 GET http://10.180.1.21/compute/v2.1/servers/f2980e1b-a580-4b7a-aa93-3bb7e4e725fe 0.147s
2025-04-07 03:02:00.032 69684 WARNING tempest.lib.common.ssh [-] Failed to establish authenticated ssh connection to cirros@10.180.180.181 ([Errno None] Unable to connect to port 22 on 10.180.180.181). Number attempts: 5. Retry after 6 seconds.: paramiko.ssh_exception.NoValidConnectionsError: [Errno None] Unable to connect to port 22 on 10.180.180.181
2025-04-07 03:02:00.063 69690 INFO tempest.lib.common.rest_client [req-8999b925-9744-4f06-8464-214da983c9ff req-8999b925-9744-4f06-8464-214da983c9ff ] Request (DeleteServersAdminTestJSON:test_delete_server_while_in_error_state): 200 GET http://10.180.1.21/compute/v2.1/servers/f2499b0d-3142-48df-b283-2d8ff453c5ee 0.103s
2025-04-07 03:02:00.070 69718 INFO tempest.lib.common.rest_client [req-6c9e17dc-6ba7-44c3-9fc0-bf4856125e96 req-6c9e17dc-6ba7-44c3-9fc0-bf4856125e96 ] Request (ServerShowV254Test:tearDownClass): 204 DELETE http://10.180.1.21/identity/v3/users/2bdb872e4b8a4274a95575001966292b 0.104s
2025-04-07 03:02:00.070 69718 INFO tempest.lib.common.dynamic_creds [-] Deleting project and security group for project: ee6e6a65b6b94a49b9bba79391c86245
2025-04-07 03:02:00.087 69708 WARNING tempest.lib.common.ssh [-] Failed to establish authenticated ssh connection to cirros@10.180.180.144 ([Errno None] Unable to connect to port 22 on 10.180.180.144). Number attempts: 2. Retry after 3 seconds.: paramiko.ssh_exception.NoValidConnectionsError: [Errno None] Unable to connect to port 22 on 10.180.180.144
2025-04-07 03:02:00.125 69662 INFO tempest.lib.common.rest_client [req-a3fb1285-cda3-49ce-90db-1e9bdd3c28fb req-a3fb1285-cda3-49ce-90db-1e9bdd3c28fb ] Request (ServerPasswordTestJSON:tearDownClass): 200 GET http://10.180.1.21/compute/v2.1/servers/d1dbafdb-3130-40f9-93dc-f56e3da1bbc0 0.073s
2025-04-07 03:02:00.133 69662 INFO tempest.common.waiters [-] State transition "ACTIVE/deleting" ==> "DELETED/None" after 5 second wait
2025-04-07 03:02:00.145 69718 INFO tempest.lib.common.rest_client [req-0b8bc85f-f354-4dca-8332-93b4465b5b03 req-0b8bc85f-f354-4dca-8332-93b4465b5b03 ] Request (ServerShowV254Test:tearDownClass): 201 POST http://10.180.1.21/identity/v3/auth/tokens 0.075s
2025-04-07 03:02:00.246 69698 INFO tempest.lib.common.rest_client [req-439c9612-2acd-4145-8a33-804e0ad8e7cb req-439c9612-2acd-4145-8a33-804e0ad8e7cb ] Request (ServersListShow298Test:tearDownClass): 200 GET http://10.180.1.21/compute/v2.1/servers/47a7edf1-6b45-48af-b53a-4ab6f1990bff 0.077s
2025-04-07 03:02:00.305 69668 INFO tempest.lib.common.rest_client [req-c20cbac4-1363-451e-a5c3-3702fb8d4b92 req-c20cbac4-1363-451e-a5c3-3702fb8d4b92 ] Request (ServersWithSpecificFlavorTestJSON:test_verify_created_server_ephemeral_disk): 200 GET http://10.180.1.21/compute/v2.1/servers/dbb21929-e58a-45a0-934c-7ba9d5e11d7f 0.105s
2025-04-07 03:02:00.317 69675 INFO tempest.lib.common.rest_client [req-37ec61b2-c94d-41d6-ab72-aa2de409cf30 req-37ec61b2-c94d-41d6-ab72-aa2de409cf30 ] Request (MigrationsAdminTest:test_resize_server_revert_deleted_flavor): 200 GET http://10.180.1.21/compute/v2.1/servers/3c5a9b6f-ee7b-421b-bafe-4044a4c4e479 0.411s
2025-04-07 03:02:00.361 69680 INFO tempest.lib.common.rest_client [req-d40c1760-868c-4d3b-84a5-3fca695f0216 req-d40c1760-868c-4d3b-84a5-3fca695f0216 ] Request (ServerAddressesNegativeTestJSON:setUpClass): 200 PUT http://10.180.1.21:9696/networking/v2.0/routers/c431a1cd-ca35-4460-adff-f6ae5439c05a/add_router_interface 1.404s
2025-04-07 03:02:00.361 69680 INFO tempest.lib.common.dynamic_creds [-] Created isolated network resources for: credentials: Credentials: {'domain_id': 'default', 'domain_name': 'Default', 'username': 'tempest-ServerAddressesNegativeTestJSON-1475968245-project-member', 'project_domain_id': 'default', 'project_domain_name': 'Default', 'project_id': 'd76ef8d6e62d45418c88a4458c0eaa27', 'project_name': 'tempest-ServerAddressesNegativeTestJSON-1475968245', 'tenant_id': 'd76ef8d6e62d45418c88a4458c0eaa27', 'tenant_name': 'tempest-ServerAddressesNegativeTestJSON-1475968245', 'user_domain_id': 'default', 'user_domain_name': 'Default', 'user_id': '0a19a8c484ec4d42a852d5ee3d096768', 'system': None}, Network: {'id': 'cd2c5e90-9f4b-4143-9453-4885667117bb', 'name': 'tempest-ServerAddressesNegativeTestJSON-1367619980-network', 'tenant_id': 'd76ef8d6e62d45418c88a4458c0eaa27', 'admin_state_up': True, 'mtu': 8950, 'status': 'ACTIVE', 'subnets': [], 'shared': False, 'project_id': 'd76ef8d6e62d45418c88a4458c0eaa27', 'port_security_enabled': True, 'router:external': False, 'provider:network_type': 'vlan', 'provider:physical_network': 'default', 'provider:segmentation_id': 315, 'availability_zone_hints': [], 'availability_zones': [], 'ipv4_address_scope': None, 'ipv6_address_scope': None, 'description': '', 'tags': [], 'created_at': '2025-04-07T03:01:57Z', 'updated_at': '2025-04-07T03:01:57Z', 'revision_number': 1}, Subnet: {'id': '24c3f84a-4c8c-4893-bbd5-400eadc21af4', 'name': 'tempest-ServerAddressesNegativeTestJSON-1367619980-subnet', 'tenant_id': 'd76ef8d6e62d45418c88a4458c0eaa27', 'network_id': 'cd2c5e90-9f4b-4143-9453-4885667117bb', 'ip_version': 4, 'subnetpool_id': None, 'enable_dhcp': True, 'ipv6_ra_mode': None, 'ipv6_address_mode': None, 'gateway_ip': '192.168.128.1', 'cidr': '192.168.128.0/28', 'allocation_pools': [{'start': '192.168.128.2', 'end': '192.168.128.14'}], 'host_routes': [], 'dns_nameservers': [], 'description': '', 'router:external': False, 'service_types': [], 'tags': [], 'created_at': '2025-04-07T03:01:57Z', 'updated_at': '2025-04-07T03:01:57Z', 'revision_number': 0, 'project_id': 'd76ef8d6e62d45418c88a4458c0eaa27'}, Router: {'id': 'c431a1cd-ca35-4460-adff-f6ae5439c05a', 'name': 'tempest-ServerAddressesNegativeTestJSON-1367619980-router', 'tenant_id': 'd76ef8d6e62d45418c88a4458c0eaa27', 'admin_state_up': True, 'status': 'ACTIVE', 'external_gateway_info': {'network_id': '16681a81-3060-4169-afe4-6683cddddbfc', 'external_fixed_ips': [{'subnet_id': '52a60b02-6ca1-43af-ba58-3d0cde5a2756', 'ip_address': '10.180.180.192'}], 'enable_snat': True}, 'description': '', 'availability_zones': [], 'distributed': False, 'ha': False, 'availability_zone_hints': [], 'routes': [], 'flavor_id': None, 'tags': [], 'created_at': '2025-04-07T03:01:57Z', 'updated_at': '2025-04-07T03:01:58Z', 'revision_number': 2, 'project_id': 'd76ef8d6e62d45418c88a4458c0eaa27'}
2025-04-07 03:02:00.373 69660 INFO tempest.lib.common.rest_client [req-6cb2b549-3ad2-4861-a316-12f8118c5115 req-6cb2b549-3ad2-4861-a316-12f8118c5115 ] Request (ServersAdminNegativeTestJSON:tearDownClass): 200 GET http://10.180.1.21/compute/v2.1/servers/6c78162d-a0fa-4a65-ac65-a2373e077764 0.111s
2025-04-07 03:02:00.392 69694 INFO tempest.lib.common.rest_client [req-bbaf2d7f-45f2-45a1-ab82-6db85c7b911f req-bbaf2d7f-45f2-45a1-ab82-6db85c7b911f ] Request (ServerRescueNegativeTestJSON:setUpClass): 200 GET http://10.180.1.21/compute/v2.1/servers/466c7ef8-b12c-43b5-a319-e377f9c8e116 0.130s
2025-04-07 03:02:00.397 69718 INFO tempest.lib.common.rest_client [req-90cdb544-be57-49c6-bb53-54d6d756f28e req-90cdb544-be57-49c6-bb53-54d6d756f28e ] Request (ServerShowV254Test:tearDownClass): 200 GET http://10.180.1.21:9696/networking/v2.0/security-groups?tenant_id=ee6e6a65b6b94a49b9bba79391c86245&name=default 0.251s
2025-04-07 03:02:00.441 69664 INFO tempest.lib.common.rest_client [req-7adb15af-04ad-40fe-b3c9-4d53d306e251 req-7adb15af-04ad-40fe-b3c9-4d53d306e251 ] Request (ServersTestJSON:setUpClass): 200 GET http://10.180.1.21/compute/v2.1/servers/d13c0ca5-442b-4b4a-9c6f-1bd08d796ce7 0.128s
2025-04-07 03:02:00.466 69702 INFO tempest.lib.common.rest_client [req-1622eeb3-2043-460c-921d-498ceac613df req-1622eeb3-2043-460c-921d-498ceac613df ] Request (MultipleCreateTestJSON:test_multiple_create): 200 GET http://10.180.1.21/compute/v2.1/servers/74adec6b-a6c9-49f3-b0ed-34da300f7716 0.149s
2025-04-07 03:02:00.487 69680 INFO tempest.lib.common.rest_client [req-8a011ae7-9dac-4e12-b18a-cc2fd6e15c5a req-8a011ae7-9dac-4e12-b18a-cc2fd6e15c5a ] Request (ServerAddressesNegativeTestJSON:setUpClass): 201 POST http://10.180.1.21/identity/v3/auth/tokens 0.121s
2025-04-07 03:02:00.500 69672 INFO tempest.lib.common.rest_client [req-6a6350ef-9b21-4dd6-bc18-22fcf72335e8 req-6a6350ef-9b21-4dd6-bc18-22fcf72335e8 ] Request (ServerDiskConfigTestJSON:test_resize_server_from_auto_to_manual): 200 GET http://10.180.1.21/compute/v2.1/servers/5dc95d89-a3dd-465c-98c2-45b14febd162 0.122s
2025-04-07 03:02:00.523 69680 INFO tempest.lib.common.rest_client [req-64705c6b-e931-4f64-83fc-afa97f7f3409 req-64705c6b-e931-4f64-83fc-afa97f7f3409 ] Request (ServerAddressesNegativeTestJSON:setUpClass): 201 POST http://10.180.1.21/identity/v3/auth/tokens 0.033s
2025-04-07 03:02:00.523 69680 INFO tempest.lib.common.fixed_network [-] (ServerAddressesNegativeTestJSON:setUpClass) Found network {'id': 'cd2c5e90-9f4b-4143-9453-4885667117bb', 'name': 'tempest-ServerAddressesNegativeTestJSON-1367619980-network', 'tenant_id': 'd76ef8d6e62d45418c88a4458c0eaa27', 'admin_state_up': True, 'mtu': 8950, 'status': 'ACTIVE', 'subnets': [], 'shared': False, 'project_id': 'd76ef8d6e62d45418c88a4458c0eaa27', 'port_security_enabled': True, 'router:external': False, 'provider:network_type': 'vlan', 'provider:physical_network': 'default', 'provider:segmentation_id': 315, 'availability_zone_hints': [], 'availability_zones': [], 'ipv4_address_scope': None, 'ipv6_address_scope': None, 'description': '', 'tags': [], 'created_at': '2025-04-07T03:01:57Z', 'updated_at': '2025-04-07T03:01:57Z', 'revision_number': 1} available for tenant
2025-04-07 03:02:00.530 69670 INFO tempest.lib.common.rest_client [req-2ab94f0c-6b04-4bba-9cff-d526fa7ce0c2 req-2ab94f0c-6b04-4bba-9cff-d526fa7ce0c2 ] Request (ListServerFiltersTestJSON:setUpClass): 200 GET http://10.180.1.21/compute/v2.1/servers/c739cbea-b664-4175-abd6-086363e47b89 0.121s
2025-04-07 03:02:00.532 69718 INFO tempest.lib.common.rest_client [req-0bbb209c-e551-448a-9d0c-576ebf700050 req-0bbb209c-e551-448a-9d0c-576ebf700050 ] Request (ServerShowV254Test:tearDownClass): 204 DELETE http://10.180.1.21:9696/networking/v2.0/security-groups/ecac07b6-b9b9-4cfc-bc87-40958558d14c 0.135s
2025-04-07 03:02:00.557 69716 INFO tempest.lib.common.rest_client [req-f28d4480-9a09-4ad1-b5e3-8839a2f8073d req-f28d4480-9a09-4ad1-b5e3-8839a2f8073d ] Request (ServerMetadataNegativeTestJSON:setUpClass): 200 GET http://10.180.1.21/compute/v2.1/servers/b3c1b6cf-75d0-4917-a825-bc8c7176130d 0.096s
2025-04-07 03:02:00.603 69718 INFO tempest.lib.common.rest_client [req-3b71f54d-42fc-4ff8-bb8d-f87a707d8fca req-3b71f54d-42fc-4ff8-bb8d-f87a707d8fca ] Request (ServerShowV254Test:tearDownClass): 204 DELETE http://10.180.1.21/identity/v3/projects/ee6e6a65b6b94a49b9bba79391c86245 0.071s
2025-04-07 03:02:00.619 69686 INFO tempest.lib.common.rest_client [req-c3cc00f8-586d-47e7-ae25-39534da347ce req-c3cc00f8-586d-47e7-ae25-39534da347ce ] Request (ServerDiagnosticsNegativeTest:tearDownClass): 200 GET http://10.180.1.21/compute/v2.1/servers/4ec14ece-7f42-4c2f-9f5b-c8ba74c432b6 0.085s
2025-04-07 03:02:00.665 69696 INFO tempest.lib.common.rest_client [req-c7eab21c-4c25-419f-93ff-cbaa49064ab3 req-c7eab21c-4c25-419f-93ff-cbaa49064ab3 ] Request (ImagesTestJSON:test_create_image_from_suspended_server): 200 GET http://10.180.1.21/compute/v2.1/images/792791d1-4782-47a5-a653-2eda140f7b6d 0.107s
2025-04-07 03:02:00.742 69712 INFO tempest.lib.common.rest_client [req-2bc41d6c-45b7-46fe-86a0-ec4958ffb069 req-2bc41d6c-45b7-46fe-86a0-ec4958ffb069 ] Request (AttachInterfacesTestJSON:test_create_list_show_delete_interfaces_by_fixed_ip): 200 GET http://10.180.1.21/compute/v2.1/servers/813826c6-5135-45fb-a05d-5f079eab0d43/os-interface 0.079s
2025-04-07 03:02:00.807 69688 INFO tempest.lib.common.rest_client [req-18b8bd53-4854-44ff-8d34-4a8b7c389a02 req-18b8bd53-4854-44ff-8d34-4a8b7c389a02 ] Request (DeleteServersTestJSON:test_delete_active_server): 200 GET http://10.180.1.21/compute/v2.1/servers/f973c546-9245-4da6-8eab-fd26e12ee0f4 0.082s
2025-04-07 03:02:00.876 69700 INFO tempest.lib.common.rest_client [req-005990ab-bc39-4087-b0c5-78540ceba713 req-005990ab-bc39-4087-b0c5-78540ceba713 ] Request (ServersAdminTestJSON:test_inject_network_info): 200 GET http://10.180.1.21/compute/v2.1/servers/e9eb8cae-bb7a-4028-b685-867115e498ea 0.101s
2025-04-07 03:02:00.994 69680 INFO tempest.lib.common.rest_client [req-ddef356b-79e7-42e2-9c69-27b94f776691 req-ddef356b-79e7-42e2-9c69-27b94f776691 ] Request (ServerAddressesNegativeTestJSON:setUpClass): 202 POST http://10.180.1.21/compute/v2.1/servers 0.469s
2025-04-07 03:02:01.009 69677 INFO tempest.lib.common.rest_client [req-e152b5c4-1edd-4b36-820b-7b51876f84f6 req-e152b5c4-1edd-4b36-820b-7b51876f84f6 ] Request (FloatingIPsAssociationTestJSON:setUpClass): 200 GET http://10.180.1.21/compute/v2.1/servers/84573f5a-acde-4392-92f2-e7c08096d250 0.228s
2025-04-07 03:02:01.018 69677 INFO tempest.common.waiters [-] State transition "BUILD/spawning" ==> "ACTIVE/None" after 86 second wait
2025-04-07 03:02:01.058 69692 INFO tempest.lib.common.rest_client [req-9fa3f893-a032-46a3-9ede-69e8f03e03aa req-9fa3f893-a032-46a3-9ede-69e8f03e03aa ] Request (ServerAddressesTestJSON:setUpClass): 200 GET http://10.180.1.21/compute/v2.1/servers/0988bcff-d0ed-43cb-994b-e870b9866634 0.226s
2025-04-07 03:02:01.065 69682 INFO tempest.lib.common.rest_client [req-bc36541c-69ae-4e61-b408-97dde45d4947 req-bc36541c-69ae-4e61-b408-97dde45d4947 ] Request (AttachVolumeTestJSON:test_attach_detach_volume): 200 GET http://10.180.1.21/compute/v2.1/servers/ae499731-184c-4b63-9993-3d5b229df920 0.134s
2025-04-07 03:02:01.097 69680 INFO tempest.lib.common.rest_client [req-06809696-48ca-43dc-aa7a-7b5e28071880 req-06809696-48ca-43dc-aa7a-7b5e28071880 ] Request (ServerAddressesNegativeTestJSON:setUpClass): 200 GET http://10.180.1.21/compute/v2.1/servers/dc140836-f1cf-4c4d-9f29-ce849f969179 0.102s
2025-04-07 03:02:01.188 69666 INFO tempest.lib.common.rest_client [req-83301932-5ed0-44b7-b166-6bccbfdcd5e9 req-83301932-5ed0-44b7-b166-6bccbfdcd5e9 ] Request (SecurityGroupsTestJSON:test_list_security_groups_by_server): 200 GET http://10.180.1.21/compute/v2.1/servers/f2980e1b-a580-4b7a-aa93-3bb7e4e725fe 0.187s
2025-04-07 03:02:01.246 69690 INFO tempest.lib.common.rest_client [req-0871e456-3f9d-432f-ad0c-83848ee04ee4 req-0871e456-3f9d-432f-ad0c-83848ee04ee4 ] Request (DeleteServersAdminTestJSON:test_delete_server_while_in_error_state): 200 GET http://10.180.1.21/compute/v2.1/servers/f2499b0d-3142-48df-b283-2d8ff453c5ee 0.173s
2025-04-07 03:02:01.303 69662 INFO tempest.lib.common.rest_client [req-357bbbeb-119d-4ad8-9dea-a7d9edaad265 req-357bbbeb-119d-4ad8-9dea-a7d9edaad265 ] Request (ServerPasswordTestJSON:tearDownClass): 200 GET http://10.180.1.21/compute/v2.1/servers/d1dbafdb-3130-40f9-93dc-f56e3da1bbc0 0.168s
2025-04-07 03:02:01.368 69698 INFO tempest.lib.common.rest_client [req-91d724b6-4af3-4713-b5fa-bd18664c92f0 req-91d724b6-4af3-4713-b5fa-bd18664c92f0 ] Request (ServersListShow298Test:tearDownClass): 200 GET http://10.180.1.21/compute/v2.1/servers/47a7edf1-6b45-48af-b53a-4ab6f1990bff 0.107s
2025-04-07 03:02:01.616 69714 WARNING tempest.lib.common.ssh [-] Failed to establish authenticated ssh connection to cirros@10.180.180.160 ([Errno None] Unable to connect to port 22 on 10.180.180.160). Number attempts: 10. Retry after 11 seconds.: paramiko.ssh_exception.NoValidConnectionsError: [Errno None] Unable to connect to port 22 on 10.180.180.160
2025-04-07 03:02:01.677 69668 INFO tempest.lib.common.rest_client [req-d0966067-a770-4fd3-83a6-4778c20cd976 req-d0966067-a770-4fd3-83a6-4778c20cd976 ] Request (ServersWithSpecificFlavorTestJSON:test_verify_created_server_ephemeral_disk): 200 GET http://10.180.1.21/compute/v2.1/servers/dbb21929-e58a-45a0-934c-7ba9d5e11d7f 0.359s
2025-04-07 03:02:01.729 69675 INFO tempest.lib.common.rest_client [req-ac579f40-f6ee-426e-a461-b3b8a8c4dbb0 req-ac579f40-f6ee-426e-a461-b3b8a8c4dbb0 ] Request (MigrationsAdminTest:test_resize_server_revert_deleted_flavor): 200 GET http://10.180.1.21/compute/v2.1/servers/3c5a9b6f-ee7b-421b-bafe-4044a4c4e479 0.403s
2025-04-07 03:02:01.773 69677 INFO tempest.lib.common.rest_client [req-3a7f8b1b-4296-4bbb-b574-304573207cd4 req-3a7f8b1b-4296-4bbb-b574-304573207cd4 ] Request (FloatingIPsAssociationTestJSON:setUpClass): 200 POST http://10.180.1.21/compute/v2.1/os-floating-ips 0.755s
2025-04-07 03:02:01.800 69660 INFO tempest.lib.common.rest_client [req-20d0e5d5-1ea7-44e3-9089-3191dbd991a7 req-20d0e5d5-1ea7-44e3-9089-3191dbd991a7 ] Request (ServersAdminNegativeTestJSON:tearDownClass): 200 GET http://10.180.1.21/compute/v2.1/servers/6c78162d-a0fa-4a65-ac65-a2373e077764 0.415s
2025-04-07 03:02:01.852 69677 INFO tempest.lib.common.rest_client [req-f018c090-ff3b-4dc4-ab68-20e96e4725b5 req-f018c090-ff3b-4dc4-ab68-20e96e4725b5 ] Request (FloatingIPsAssociationTestJSON:test_associate_already_associated_floating_ip): 201 POST http://10.180.1.21/identity/v3/auth/tokens 0.073s
2025-04-07 03:02:01.853 69677 INFO tempest.lib.common.fixed_network [-] (FloatingIPsAssociationTestJSON:test_associate_already_associated_floating_ip) Found network {'id': 'f3d66057-ea3d-4df7-a7f3-324909540573', 'name': 'tempest-FloatingIPsAssociationTestJSON-1182491949-network', 'tenant_id': '9c1abc7cee4246fbbdf631eb1e8148c9', 'admin_state_up': True, 'mtu': 8950, 'status': 'ACTIVE', 'subnets': [], 'shared': False, 'project_id': '9c1abc7cee4246fbbdf631eb1e8148c9', 'port_security_enabled': True, 'router:external': False, 'provider:network_type': 'vlan', 'provider:physical_network': 'default', 'provider:segmentation_id': 91, 'availability_zone_hints': [], 'availability_zones': [], 'ipv4_address_scope': None, 'ipv6_address_scope': None, 'description': '', 'tags': [], 'created_at': '2025-04-07T03:00:28Z', 'updated_at': '2025-04-07T03:00:29Z', 'revision_number': 1} available for tenant
2025-04-07 03:02:01.860 69694 INFO tempest.lib.common.rest_client [req-771c0036-1be6-4a66-ab3d-312696a1e62c req-771c0036-1be6-4a66-ab3d-312696a1e62c ] Request (ServerRescueNegativeTestJSON:setUpClass): 200 GET http://10.180.1.21/compute/v2.1/servers/466c7ef8-b12c-43b5-a319-e377f9c8e116 0.459s
2025-04-07 03:02:01.872 69664 INFO tempest.lib.common.rest_client [req-f0ebd970-e4a5-48eb-a9be-181010e94146 req-f0ebd970-e4a5-48eb-a9be-181010e94146 ] Request (ServersTestJSON:setUpClass): 200 GET http://10.180.1.21/compute/v2.1/servers/d13c0ca5-442b-4b4a-9c6f-1bd08d796ce7 0.421s
2025-04-07 03:02:01.917 69702 INFO tempest.lib.common.rest_client [req-9c023171-b12f-482b-9c88-f469c30b420f req-9c023171-b12f-482b-9c88-f469c30b420f ] Request (MultipleCreateTestJSON:test_multiple_create): 200 GET http://10.180.1.21/compute/v2.1/servers/74adec6b-a6c9-49f3-b0ed-34da300f7716 0.441s
2025-04-07 03:02:01.928 69672 INFO tempest.lib.common.rest_client [req-8c58909e-05fd-4662-a477-f0d87c379e57 req-8c58909e-05fd-4662-a477-f0d87c379e57 ] Request (ServerDiskConfigTestJSON:test_resize_server_from_auto_to_manual): 200 GET http://10.180.1.21/compute/v2.1/servers/5dc95d89-a3dd-465c-98c2-45b14febd162 0.416s
2025-04-07 03:02:01.980 69716 INFO tempest.lib.common.rest_client [req-bd0a3308-4b7d-46b1-a798-4151ee4578ab req-bd0a3308-4b7d-46b1-a798-4151ee4578ab ] Request (ServerMetadataNegativeTestJSON:setUpClass): 200 GET http://10.180.1.21/compute/v2.1/servers/b3c1b6cf-75d0-4917-a825-bc8c7176130d 0.413s
2025-04-07 03:02:01.982 69670 INFO tempest.lib.common.rest_client [req-8db354ac-e9dd-413d-93b0-de6f77abfeba req-8db354ac-e9dd-413d-93b0-de6f77abfeba ] Request (ListServerFiltersTestJSON:setUpClass): 200 GET http://10.180.1.21/compute/v2.1/servers/c739cbea-b664-4175-abd6-086363e47b89 0.441s
2025-04-07 03:02:02.025 69696 INFO tempest.lib.common.rest_client [req-85d62f93-702f-4aa7-9709-a6b5a27587bc req-85d62f93-702f-4aa7-9709-a6b5a27587bc ] Request (ImagesTestJSON:test_create_image_from_suspended_server): 200 GET http://10.180.1.21/compute/v2.1/images/792791d1-4782-47a5-a653-2eda140f7b6d 0.356s
2025-04-07 03:02:02.052 69686 INFO tempest.lib.common.rest_client [req-4a4d9e70-3266-414e-8a37-6feba08b1567 req-4a4d9e70-3266-414e-8a37-6feba08b1567 ] Request (ServerDiagnosticsNegativeTest:tearDownClass): 200 GET http://10.180.1.21/compute/v2.1/servers/4ec14ece-7f42-4c2f-9f5b-c8ba74c432b6 0.424s
2025-04-07 03:02:02.091 69712 INFO tempest.lib.common.rest_client [req-62dc034d-2758-40c6-bf20-b4f93be23f0e req-62dc034d-2758-40c6-bf20-b4f93be23f0e ] Request (AttachInterfacesTestJSON:test_create_list_show_delete_interfaces_by_fixed_ip): 200 GET http://10.180.1.21/compute/v2.1/servers/813826c6-5135-45fb-a05d-5f079eab0d43/os-interface 0.346s
2025-04-07 03:02:02.111 69712 INFO tempest.lib.common.rest_client [req-d53606c3-19fe-470c-9d68-d1bc452520ba req-d53606c3-19fe-470c-9d68-d1bc452520ba ] Request (AttachInterfacesTestJSON:_run_cleanups): 404 DELETE http://10.180.1.21:9696/networking/v2.0/ports/ad340f47-f5e5-42e0-aeea-13eb8909e413 0.016s
2025-04-07 03:02:02.113 69688 INFO tempest.lib.common.rest_client [req-dad6173e-5c11-4ab0-8565-cec708f13a94 req-dad6173e-5c11-4ab0-8565-cec708f13a94 ] Request (DeleteServersTestJSON:test_delete_active_server): 200 GET http://10.180.1.21/compute/v2.1/servers/f973c546-9245-4da6-8eab-fd26e12ee0f4 0.291s
2025-04-07 03:02:02.169 69700 INFO tempest.lib.common.rest_client [req-7d7214c9-046e-456a-af3d-927b8b66e258 req-7d7214c9-046e-456a-af3d-927b8b66e258 ] Request (ServersAdminTestJSON:test_inject_network_info): 200 GET http://10.180.1.21/compute/v2.1/servers/e9eb8cae-bb7a-4028-b685-867115e498ea 0.283s
2025-04-07 03:02:02.176 69700 INFO tempest.common.waiters [-] State transition "BUILD/scheduling" ==> "BUILD/None" after 44 second wait
2025-04-07 03:02:02.229 69692 INFO tempest.lib.common.rest_client [req-0027b1a4-5c62-42bc-8798-6dd891338966 req-0027b1a4-5c62-42bc-8798-6dd891338966 ] Request (ServerAddressesTestJSON:setUpClass): 200 GET http://10.180.1.21/compute/v2.1/servers/0988bcff-d0ed-43cb-994b-e870b9866634 0.162s
2025-04-07 03:02:02.283 69682 INFO tempest.lib.common.rest_client [req-3d9e7f57-3136-41ca-b311-13c69d765891 req-3d9e7f57-3136-41ca-b311-13c69d765891 ] Request (AttachVolumeTestJSON:test_attach_detach_volume): 200 GET http://10.180.1.21/compute/v2.1/servers/ae499731-184c-4b63-9993-3d5b229df920 0.208s
2025-04-07 03:02:02.332 69680 INFO tempest.lib.common.rest_client [req-a9cb64d6-7718-4eff-912c-3a005f3a671b req-a9cb64d6-7718-4eff-912c-3a005f3a671b ] Request (ServerAddressesNegativeTestJSON:setUpClass): 200 GET http://10.180.1.21/compute/v2.1/servers/dc140836-f1cf-4c4d-9f29-ce849f969179 0.226s
2025-04-07 03:02:02.420 69712 INFO tempest.lib.common.rest_client [req-9000fa24-7d24-4506-9cc9-1441bf430d8d req-9000fa24-7d24-4506-9cc9-1441bf430d8d ] Request (AttachInterfacesTestJSON:_run_cleanups): 204 DELETE http://10.180.1.21/compute/v2.1/servers/813826c6-5135-45fb-a05d-5f079eab0d43 0.308s
2025-04-07 03:02:02.510 69666 INFO tempest.lib.common.rest_client [req-778241b3-1cbb-48f3-87b2-4ab24a1793c9 req-778241b3-1cbb-48f3-87b2-4ab24a1793c9 ] Request (SecurityGroupsTestJSON:test_list_security_groups_by_server): 200 GET http://10.180.1.21/compute/v2.1/servers/f2980e1b-a580-4b7a-aa93-3bb7e4e725fe 0.312s
2025-04-07 03:02:02.515 69677 INFO tempest.lib.common.rest_client [req-3200589f-e376-4484-9ba6-9a6def1f6141 req-3200589f-e376-4484-9ba6-9a6def1f6141 ] Request (FloatingIPsAssociationTestJSON:test_associate_already_associated_floating_ip): 202 POST http://10.180.1.21/compute/v2.1/servers 0.660s
2025-04-07 03:02:02.566 69690 INFO tempest.lib.common.rest_client [req-8009e17c-a552-4186-a4fe-a7a4d964df76 req-8009e17c-a552-4186-a4fe-a7a4d964df76 ] Request (DeleteServersAdminTestJSON:test_delete_server_while_in_error_state): 200 GET http://10.180.1.21/compute/v2.1/servers/f2499b0d-3142-48df-b283-2d8ff453c5ee 0.312s
2025-04-07 03:02:02.578 69662 INFO tempest.lib.common.rest_client [req-4b66ac74-639d-43df-b237-647c57cc204f req-4b66ac74-639d-43df-b237-647c57cc204f ] Request (ServerPasswordTestJSON:tearDownClass): 200 GET http://10.180.1.21/compute/v2.1/servers/d1dbafdb-3130-40f9-93dc-f56e3da1bbc0 0.267s
2025-04-07 03:02:02.638 69698 INFO tempest.lib.common.rest_client [req-4898249f-01ad-4990-a139-2f1aff66acd9 req-4898249f-01ad-4990-a139-2f1aff66acd9 ] Request (ServersListShow298Test:tearDownClass): 200 GET http://10.180.1.21/compute/v2.1/servers/47a7edf1-6b45-48af-b53a-4ab6f1990bff 0.257s
2025-04-07 03:02:02.673 69712 INFO tempest.lib.common.rest_client [req-9df8a19d-4757-4df8-9c07-c722470ca3e6 req-9df8a19d-4757-4df8-9c07-c722470ca3e6 ] Request (AttachInterfacesTestJSON:_run_cleanups): 200 GET http://10.180.1.21/compute/v2.1/servers/813826c6-5135-45fb-a05d-5f079eab0d43 0.253s
2025-04-07 03:02:02.676 69677 INFO tempest.lib.common.rest_client [req-22de05bc-705c-4c4a-8f66-4ddb4d5956d0 req-22de05bc-705c-4c4a-8f66-4ddb4d5956d0 ] Request (FloatingIPsAssociationTestJSON:test_associate_already_associated_floating_ip): 200 GET http://10.180.1.21/compute/v2.1/servers/096070fc-9954-452b-8354-fdda19e1ed09 0.160s
2025-04-07 03:02:02.742 69668 INFO tempest.lib.common.rest_client [req-a73f71d0-a01e-40ff-9f40-307a33cd7c0f req-a73f71d0-a01e-40ff-9f40-307a33cd7c0f ] Request (ServersWithSpecificFlavorTestJSON:test_verify_created_server_ephemeral_disk): 200 GET http://10.180.1.21/compute/v2.1/servers/dbb21929-e58a-45a0-934c-7ba9d5e11d7f 0.056s
2025-04-07 03:02:02.799 69675 INFO tempest.lib.common.rest_client [req-95b47a9c-3ade-4aa0-ac23-06e6d917c627 req-95b47a9c-3ade-4aa0-ac23-06e6d917c627 ] Request (MigrationsAdminTest:test_resize_server_revert_deleted_flavor): 200 GET http://10.180.1.21/compute/v2.1/servers/3c5a9b6f-ee7b-421b-bafe-4044a4c4e479 0.059s
2025-04-07 03:02:02.888 69660 INFO tempest.lib.common.rest_client [req-4298b4f7-ebe7-4366-99b2-29205f334fef req-4298b4f7-ebe7-4366-99b2-29205f334fef ] Request (ServersAdminNegativeTestJSON:tearDownClass): 200 GET http://10.180.1.21/compute/v2.1/servers/6c78162d-a0fa-4a65-ac65-a2373e077764 0.071s
2025-04-07 03:02:02.934 69694 INFO tempest.lib.common.rest_client [req-1550be65-b4c6-4890-b2c6-ca82ee1c4a59 req-1550be65-b4c6-4890-b2c6-ca82ee1c4a59 ] Request (ServerRescueNegativeTestJSON:setUpClass): 200 GET http://10.180.1.21/compute/v2.1/servers/466c7ef8-b12c-43b5-a319-e377f9c8e116 0.065s
2025-04-07 03:02:02.952 69664 INFO tempest.lib.common.rest_client [req-0dc6393a-1d8e-4049-952d-d1ebb67125d7 req-0dc6393a-1d8e-4049-952d-d1ebb67125d7 ] Request (ServersTestJSON:setUpClass): 200 GET http://10.180.1.21/compute/v2.1/servers/d13c0ca5-442b-4b4a-9c6f-1bd08d796ce7 0.070s
2025-04-07 03:02:03.003 69702 INFO tempest.lib.common.rest_client [req-e7edfa6b-4696-4ee6-99b0-f322a5783044 req-e7edfa6b-4696-4ee6-99b0-f322a5783044 ] Request (MultipleCreateTestJSON:test_multiple_create): 200 GET http://10.180.1.21/compute/v2.1/servers/74adec6b-a6c9-49f3-b0ed-34da300f7716 0.077s
2025-04-07 03:02:03.007 69672 INFO tempest.lib.common.rest_client [req-86dc6499-3d55-4adb-9e57-6ff58d516a8a req-86dc6499-3d55-4adb-9e57-6ff58d516a8a ] Request (ServerDiskConfigTestJSON:test_resize_server_from_auto_to_manual): 200 GET http://10.180.1.21/compute/v2.1/servers/5dc95d89-a3dd-465c-98c2-45b14febd162 0.071s
2025-04-07 03:02:03.011 69702 INFO tempest.common.waiters [-] State transition "BUILD/None" ==> "BUILD/networking" after 74 second wait
2025-04-07 03:02:03.068 69670 INFO tempest.lib.common.rest_client [req-2731c0ae-41f5-4d97-8f32-1c012edb6913 req-2731c0ae-41f5-4d97-8f32-1c012edb6913 ] Request (ListServerFiltersTestJSON:setUpClass): 200 GET http://10.180.1.21/compute/v2.1/servers/c739cbea-b664-4175-abd6-086363e47b89 0.070s
2025-04-07 03:02:03.073 69716 INFO tempest.lib.common.rest_client [req-e5784784-b644-4360-9fbe-d4bc78e2be3d req-e5784784-b644-4360-9fbe-d4bc78e2be3d ] Request (ServerMetadataNegativeTestJSON:setUpClass): 200 GET http://10.180.1.21/compute/v2.1/servers/b3c1b6cf-75d0-4917-a825-bc8c7176130d 0.080s
2025-04-07 03:02:03.117 69696 INFO tempest.lib.common.rest_client [req-58379c8c-ac1c-4527-ad4b-6df56749ca3a req-58379c8c-ac1c-4527-ad4b-6df56749ca3a ] Request (ImagesTestJSON:test_create_image_from_suspended_server): 200 GET http://10.180.1.21/compute/v2.1/images/792791d1-4782-47a5-a653-2eda140f7b6d 0.087s
2025-04-07 03:02:03.145 69686 INFO tempest.lib.common.rest_client [req-3cea8b14-39fd-4a74-9635-1b2d2e662623 req-3cea8b14-39fd-4a74-9635-1b2d2e662623 ] Request (ServerDiagnosticsNegativeTest:tearDownClass): 200 GET http://10.180.1.21/compute/v2.1/servers/4ec14ece-7f42-4c2f-9f5b-c8ba74c432b6 0.084s
2025-04-07 03:02:03.190 69688 INFO tempest.lib.common.rest_client [req-41f92444-b3c2-412c-8207-3024caa21004 req-41f92444-b3c2-412c-8207-3024caa21004 ] Request (DeleteServersTestJSON:test_delete_active_server): 200 GET http://10.180.1.21/compute/v2.1/servers/f973c546-9245-4da6-8eab-fd26e12ee0f4 0.069s
2025-04-07 03:02:03.241 69700 INFO tempest.lib.common.rest_client [req-39af3888-97d8-47f5-a85b-acb07e814aa3 req-39af3888-97d8-47f5-a85b-acb07e814aa3 ] Request (ServersAdminTestJSON:test_inject_network_info): 200 GET http://10.180.1.21/compute/v2.1/servers/e9eb8cae-bb7a-4028-b685-867115e498ea 0.063s
2025-04-07 03:02:03.297 69692 INFO tempest.lib.common.rest_client [req-101b5a7d-8d74-4bde-8e97-39233a161a15 req-101b5a7d-8d74-4bde-8e97-39233a161a15 ] Request (ServerAddressesTestJSON:setUpClass): 200 GET http://10.180.1.21/compute/v2.1/servers/0988bcff-d0ed-43cb-994b-e870b9866634 0.060s
2025-04-07 03:02:03.350 69682 INFO tempest.lib.common.rest_client [req-7859b818-ca07-48dd-b91b-f356c0e6f6d4 req-7859b818-ca07-48dd-b91b-f356c0e6f6d4 ] Request (AttachVolumeTestJSON:test_attach_detach_volume): 200 GET http://10.180.1.21/compute/v2.1/servers/ae499731-184c-4b63-9993-3d5b229df920 0.060s
2025-04-07 03:02:03.406 69680 INFO tempest.lib.common.rest_client [req-e1219933-32dc-4001-b2f6-9a7ccbc76d60 req-e1219933-32dc-4001-b2f6-9a7ccbc76d60 ] Request (ServerAddressesNegativeTestJSON:setUpClass): 200 GET http://10.180.1.21/compute/v2.1/servers/dc140836-f1cf-4c4d-9f29-ce849f969179 0.063s
2025-04-07 03:02:03.594 69708 WARNING tempest.lib.common.ssh [-] Failed to establish authenticated ssh connection to cirros@10.180.180.144 ([Errno None] Unable to connect to port 22 on 10.180.180.144). Number attempts: 3. Retry after 4 seconds.: paramiko.ssh_exception.NoValidConnectionsError: [Errno None] Unable to connect to port 22 on 10.180.180.144
2025-04-07 03:02:03.617 69666 INFO tempest.lib.common.rest_client [req-2912c4c5-2cc5-4d75-b584-832342181f6f req-2912c4c5-2cc5-4d75-b584-832342181f6f ] Request (SecurityGroupsTestJSON:test_list_security_groups_by_server): 200 GET http://10.180.1.21/compute/v2.1/servers/f2980e1b-a580-4b7a-aa93-3bb7e4e725fe 0.098s
2025-04-07 03:02:03.631 69690 INFO tempest.lib.common.rest_client [req-8a333125-d514-4ad2-aca2-5e971273167d req-8a333125-d514-4ad2-aca2-5e971273167d ] Request (DeleteServersAdminTestJSON:test_delete_server_while_in_error_state): 200 GET http://10.180.1.21/compute/v2.1/servers/f2499b0d-3142-48df-b283-2d8ff453c5ee 0.057s
2025-04-07 03:02:03.667 69662 INFO tempest.lib.common.rest_client [req-0e78b03e-7d73-4c43-a3a2-f5dd6b4fb7c8 req-0e78b03e-7d73-4c43-a3a2-f5dd6b4fb7c8 ] Request (ServerPasswordTestJSON:tearDownClass): 200 GET http://10.180.1.21/compute/v2.1/servers/d1dbafdb-3130-40f9-93dc-f56e3da1bbc0 0.082s
2025-04-07 03:02:03.713 69698 INFO tempest.lib.common.rest_client [req-977639f0-ae0f-4e76-b6a1-9f3a23e6a439 req-977639f0-ae0f-4e76-b6a1-9f3a23e6a439 ] Request (ServersListShow298Test:tearDownClass): 200 GET http://10.180.1.21/compute/v2.1/servers/47a7edf1-6b45-48af-b53a-4ab6f1990bff 0.063s
2025-04-07 03:02:03.759 69677 INFO tempest.lib.common.rest_client [req-d61cc92e-b8a0-48d2-bb2f-cb0dc8b0d601 req-d61cc92e-b8a0-48d2-bb2f-cb0dc8b0d601 ] Request (FloatingIPsAssociationTestJSON:test_associate_already_associated_floating_ip): 200 GET http://10.180.1.21/compute/v2.1/servers/096070fc-9954-452b-8354-fdda19e1ed09 0.073s
2025-04-07 03:02:03.774 69712 INFO tempest.lib.common.rest_client [req-9a72ea51-3547-48fe-8d7c-4299709f082c req-9a72ea51-3547-48fe-8d7c-4299709f082c ] Request (AttachInterfacesTestJSON:_run_cleanups): 200 GET http://10.180.1.21/compute/v2.1/servers/813826c6-5135-45fb-a05d-5f079eab0d43 0.092s
2025-04-07 03:02:03.803 69668 INFO tempest.lib.common.rest_client [req-1b5069d9-fd21-4901-8a23-8edbab401619 req-1b5069d9-fd21-4901-8a23-8edbab401619 ] Request (ServersWithSpecificFlavorTestJSON:test_verify_created_server_ephemeral_disk): 200 GET http://10.180.1.21/compute/v2.1/servers/dbb21929-e58a-45a0-934c-7ba9d5e11d7f 0.052s
2025-04-07 03:02:03.855 69675 INFO tempest.lib.common.rest_client [req-6b6ab304-b4c0-4ea4-844e-1c67fa02585d req-6b6ab304-b4c0-4ea4-844e-1c67fa02585d ] Request (MigrationsAdminTest:test_resize_server_revert_deleted_flavor): 200 GET http://10.180.1.21/compute/v2.1/servers/3c5a9b6f-ee7b-421b-bafe-4044a4c4e479 0.047s
2025-04-07 03:02:03.953 69660 INFO tempest.lib.common.rest_client [req-0b2e9b66-3833-45cb-a7fa-e06a5a58d6d6 req-0b2e9b66-3833-45cb-a7fa-e06a5a58d6d6 ] Request (ServersAdminNegativeTestJSON:tearDownClass): 200 GET http://10.180.1.21/compute/v2.1/servers/6c78162d-a0fa-4a65-ac65-a2373e077764 0.056s
2025-04-07 03:02:03.991 69694 INFO tempest.lib.common.rest_client [req-a233a5ef-4969-4a00-89ca-91ab1f1756f1 req-a233a5ef-4969-4a00-89ca-91ab1f1756f1 ] Request (ServerRescueNegativeTestJSON:setUpClass): 200 GET http://10.180.1.21/compute/v2.1/servers/466c7ef8-b12c-43b5-a319-e377f9c8e116 0.049s
2025-04-07 03:02:04.013 69664 INFO tempest.lib.common.rest_client [req-bad87b53-9139-40d1-a7e3-dc1bdb7ed6ad req-bad87b53-9139-40d1-a7e3-dc1bdb7ed6ad ] Request (ServersTestJSON:setUpClass): 200 GET http://10.180.1.21/compute/v2.1/servers/d13c0ca5-442b-4b4a-9c6f-1bd08d796ce7 0.053s
2025-04-07 03:02:04.077 69672 INFO tempest.lib.common.rest_client [req-c202ec7a-0648-490c-a0a1-6b935ca3ffd4 req-c202ec7a-0648-490c-a0a1-6b935ca3ffd4 ] Request (ServerDiskConfigTestJSON:test_resize_server_from_auto_to_manual): 200 GET http://10.180.1.21/compute/v2.1/servers/5dc95d89-a3dd-465c-98c2-45b14febd162 0.057s
2025-04-07 03:02:04.135 69670 INFO tempest.lib.common.rest_client [req-eb18a998-624d-419d-b63f-dfbd8ad137db req-eb18a998-624d-419d-b63f-dfbd8ad137db ] Request (ListServerFiltersTestJSON:setUpClass): 200 GET http://10.180.1.21/compute/v2.1/servers/c739cbea-b664-4175-abd6-086363e47b89 0.054s
2025-04-07 03:02:04.149 69702 INFO tempest.lib.common.rest_client [req-d4ef848b-2b66-4a53-a8cc-e2a6067c3d03 req-d4ef848b-2b66-4a53-a8cc-e2a6067c3d03 ] Request (MultipleCreateTestJSON:test_multiple_create): 200 GET http://10.180.1.21/compute/v2.1/servers/74adec6b-a6c9-49f3-b0ed-34da300f7716 0.138s
2025-04-07 03:02:04.156 69702 INFO tempest.common.waiters [-] State transition "BUILD/networking" ==> "BUILD/spawning" after 75 second wait
2025-04-07 03:02:04.188 69696 INFO tempest.lib.common.rest_client [req-4e592c57-b85e-4319-a53e-4d5656aaa4c0 req-4e592c57-b85e-4319-a53e-4d5656aaa4c0 ] Request (ImagesTestJSON:test_create_image_from_suspended_server): 200 GET http://10.180.1.21/compute/v2.1/images/792791d1-4782-47a5-a653-2eda140f7b6d 0.064s
2025-04-07 03:02:04.189 69716 INFO tempest.lib.common.rest_client [req-52333c7f-9d88-4741-9511-d0f5b14f1b6f req-52333c7f-9d88-4741-9511-d0f5b14f1b6f ] Request (ServerMetadataNegativeTestJSON:setUpClass): 200 GET http://10.180.1.21/compute/v2.1/servers/b3c1b6cf-75d0-4917-a825-bc8c7176130d 0.107s
2025-04-07 03:02:04.226 69696 INFO tempest.lib.common.rest_client [req-f83258c7-2d17-483c-bafb-0bd15d91a4db req-f83258c7-2d17-483c-bafb-0bd15d91a4db ] Request (ImagesTestJSON:test_create_image_from_suspended_server): 200 GET http://10.180.1.21/compute/v2.1/images/792791d1-4782-47a5-a653-2eda140f7b6d 0.035s
2025-04-07 03:02:04.260 69686 INFO tempest.lib.common.rest_client [req-ea24674b-c331-4b3f-870e-4ef98f1fd74d req-ea24674b-c331-4b3f-870e-4ef98f1fd74d ] Request (ServerDiagnosticsNegativeTest:tearDownClass): 200 GET http://10.180.1.21/compute/v2.1/servers/4ec14ece-7f42-4c2f-9f5b-c8ba74c432b6 0.105s
2025-04-07 03:02:04.261 69696 INFO tempest.lib.common.rest_client [req-63468082-72af-4ea8-8f38-97b2a9eee4d7 req-63468082-72af-4ea8-8f38-97b2a9eee4d7 ] Request (ImagesTestJSON:test_create_image_from_suspended_server): 200 GET http://10.180.1.21/image/v2/images/792791d1-4782-47a5-a653-2eda140f7b6d/tasks 0.031s
2025-04-07 03:02:04.279 69688 INFO tempest.lib.common.rest_client [req-58547335-28ca-49cf-86cd-2bc8d48fde63 req-58547335-28ca-49cf-86cd-2bc8d48fde63 ] Request (DeleteServersTestJSON:test_delete_active_server): 200 GET http://10.180.1.21/compute/v2.1/servers/f973c546-9245-4da6-8eab-fd26e12ee0f4 0.077s
2025-04-07 03:02:04.313 69700 INFO tempest.lib.common.rest_client [req-d846b547-8e6d-4a6b-8779-2b6576ebf0e6 req-d846b547-8e6d-4a6b-8779-2b6576ebf0e6 ] Request (ServersAdminTestJSON:test_inject_network_info): 200 GET http://10.180.1.21/compute/v2.1/servers/e9eb8cae-bb7a-4028-b685-867115e498ea 0.061s
2025-04-07 03:02:04.364 69692 INFO tempest.lib.common.rest_client [req-ebdcc2f9-d94d-4e21-8c19-5bb9b19b88b3 req-ebdcc2f9-d94d-4e21-8c19-5bb9b19b88b3 ] Request (ServerAddressesTestJSON:setUpClass): 200 GET http://10.180.1.21/compute/v2.1/servers/0988bcff-d0ed-43cb-994b-e870b9866634 0.056s
2025-04-07 03:02:04.390 69696 INFO tempest.lib.common.rest_client [req-d1947e41-f697-4c51-a713-a6c7847c422c req-d1947e41-f697-4c51-a713-a6c7847c422c ] Request (ImagesTestJSON:_run_cleanups): 204 DELETE http://10.180.1.21/compute/v2.1/images/792791d1-4782-47a5-a653-2eda140f7b6d 0.128s
2025-04-07 03:02:04.415 69682 INFO tempest.lib.common.rest_client [req-7f3d542a-88d2-475d-afab-1779edc3fe09 req-7f3d542a-88d2-475d-afab-1779edc3fe09 ] Request (AttachVolumeTestJSON:test_attach_detach_volume): 200 GET http://10.180.1.21/compute/v2.1/servers/ae499731-184c-4b63-9993-3d5b229df920 0.056s
2025-04-07 03:02:04.465 69680 INFO tempest.lib.common.rest_client [req-b84fe29c-be4e-4e07-8d84-f6e302fd307b req-b84fe29c-be4e-4e07-8d84-f6e302fd307b ] Request (ServerAddressesNegativeTestJSON:setUpClass): 200 GET http://10.180.1.21/compute/v2.1/servers/dc140836-f1cf-4c4d-9f29-ce849f969179 0.051s
2025-04-07 03:02:04.475 69696 INFO tempest.lib.common.rest_client [req-3fce09f7-0372-4862-af51-7ee8579ffcea req-3fce09f7-0372-4862-af51-7ee8579ffcea ] Request (ImagesTestJSON:_run_cleanups): 204 DELETE http://10.180.1.21/compute/v2.1/servers/4456d60a-cd3f-45c8-b48f-13f45531fea6 0.084s
2025-04-07 03:02:04.537 69696 INFO tempest.lib.common.rest_client [req-318d91f9-55c3-47ac-ac41-9d68777cd7dc req-318d91f9-55c3-47ac-ac41-9d68777cd7dc ] Request (ImagesTestJSON:test_create_server_from_snapshot): 201 POST http://10.180.1.21/identity/v3/auth/tokens 0.058s
2025-04-07 03:02:04.538 69696 INFO tempest.lib.common.fixed_network [-] (ImagesTestJSON:test_create_server_from_snapshot) Found network {'id': '4c4aed9e-dd94-4094-8c2b-53f9bc59b429', 'name': 'tempest-ImagesTestJSON-982003183-network', 'tenant_id': '0bb20c7ea76a4c728323406d23768e89', 'admin_state_up': True, 'mtu': 8950, 'status': 'ACTIVE', 'subnets': [], 'shared': False, 'project_id': '0bb20c7ea76a4c728323406d23768e89', 'port_security_enabled': True, 'router:external': False, 'provider:network_type': 'vlan', 'provider:physical_network': 'default', 'provider:segmentation_id': 800, 'availability_zone_hints': [], 'availability_zones': [], 'ipv4_address_scope': None, 'ipv6_address_scope': None, 'description': '', 'tags': [], 'created_at': '2025-04-07T02:59:25Z', 'updated_at': '2025-04-07T02:59:25Z', 'revision_number': 1} available for tenant
2025-04-07 03:02:04.723 69666 INFO tempest.lib.common.rest_client [req-6d3e1356-3a7f-40ea-bbf7-adef01ddbd3d req-6d3e1356-3a7f-40ea-bbf7-adef01ddbd3d ] Request (SecurityGroupsTestJSON:test_list_security_groups_by_server): 200 GET http://10.180.1.21/compute/v2.1/servers/f2980e1b-a580-4b7a-aa93-3bb7e4e725fe 0.098s
2025-04-07 03:02:04.734 69666 INFO tempest.common.waiters [-] State transition "BUILD/spawning" ==> "ACTIVE/None" after 87 second wait
2025-04-07 03:02:04.778 69690 INFO tempest.lib.common.rest_client [req-01cb6596-263c-40a6-ab0f-f909633f5018 req-01cb6596-263c-40a6-ab0f-f909633f5018 ] Request (DeleteServersAdminTestJSON:test_delete_server_while_in_error_state): 200 GET http://10.180.1.21/compute/v2.1/servers/f2499b0d-3142-48df-b283-2d8ff453c5ee 0.140s
2025-04-07 03:02:04.844 69662 INFO tempest.lib.common.rest_client [req-32891147-19e9-4f9e-a344-14ddee876bb6 req-32891147-19e9-4f9e-a344-14ddee876bb6 ] Request (ServerPasswordTestJSON:tearDownClass): 200 GET http://10.180.1.21/compute/v2.1/servers/d1dbafdb-3130-40f9-93dc-f56e3da1bbc0 0.168s
2025-04-07 03:02:04.914 69698 INFO tempest.lib.common.rest_client [req-f87e571e-a31b-4bef-aae9-5e3b159c285d req-f87e571e-a31b-4bef-aae9-5e3b159c285d ] Request (ServersListShow298Test:tearDownClass): 200 GET http://10.180.1.21/compute/v2.1/servers/47a7edf1-6b45-48af-b53a-4ab6f1990bff 0.188s
2025-04-07 03:02:04.965 69696 INFO tempest.lib.common.rest_client [req-404d28e6-b1ff-404d-a920-eb685667b273 req-404d28e6-b1ff-404d-a920-eb685667b273 ] Request (ImagesTestJSON:test_create_server_from_snapshot): 202 POST http://10.180.1.21/compute/v2.1/servers 0.427s
2025-04-07 03:02:05.025 69677 INFO tempest.lib.common.rest_client [req-b443d653-a25f-4f73-948f-5cd1815602d9 req-b443d653-a25f-4f73-948f-5cd1815602d9 ] Request (FloatingIPsAssociationTestJSON:test_associate_already_associated_floating_ip): 200 GET http://10.180.1.21/compute/v2.1/servers/096070fc-9954-452b-8354-fdda19e1ed09 0.258s
2025-04-07 03:02:05.083 69712 INFO tempest.lib.common.rest_client [req-96a95ca1-6a15-40ce-8aaa-7035075b9567 req-96a95ca1-6a15-40ce-8aaa-7035075b9567 ] Request (AttachInterfacesTestJSON:_run_cleanups): 200 GET http://10.180.1.21/compute/v2.1/servers/813826c6-5135-45fb-a05d-5f079eab0d43 0.301s
