2025-04-03 04:39:48.923 70622 INFO tempest.lib.common.dynamic_creds [-] Created isolated network resources for: credentials: Credentials: {'domain_id': 'default', 'domain_name': 'Default', 'username': 'tempest-ServicesAdminTestJSON-1296569373-project-admin', 'project_domain_id': 'default', 'project_domain_name': 'Default', 'project_id': '6b228f939471470eb29b0aa1b7cb3144', 'project_name': 'tempest-ServicesAdminTestJSON-1296569373', 'tenant_id': '6b228f939471470eb29b0aa1b7cb3144', 'tenant_name': 'tempest-ServicesAdminTestJSON-1296569373', 'user_domain_id': 'default', 'user_domain_name': 'Default', 'user_id': '4c5f38f86a9146b1a4004f6c43c8ec2a', 'system': None}, Network: None, Subnet: None, Router: None
2025-04-03 04:39:48.935 70662 INFO tempest.lib.common.rest_client [req-74bebe96-39b8-4c65-8aa1-a18e5c01c0b7 req-74bebe96-39b8-4c65-8aa1-a18e5c01c0b7 ] Request (HypervisorAdminNegativeUnderV252Test:setUpClass): 201 POST http://10.180.1.21/identity/v3/auth/tokens 0.409s
2025-04-03 04:39:48.971 70660 INFO tempest.lib.common.rest_client [req-a757a65d-26e9-43c0-a2fb-338b47976c09 req-a757a65d-26e9-43c0-a2fb-338b47976c09 ] Request (HypervisorAdminV228Test:setUpClass): 204 PUT http://10.180.1.21/identity/v3/projects/78cd24672fbd435985deae861e60f630/users/327be06b07e74343875ebb57b90bd5e3/roles/32c702b4796e4a878413c7901bc2bd05 0.366s
2025-04-03 04:39:48.971 70660 INFO tempest.lib.common.dynamic_creds [-] Dynamic test user 327be06b07e74343875ebb57b90bd5e3 is created with scope project and roles: ['admin']
2025-04-03 04:39:48.971 70660 INFO tempest.lib.common.dynamic_creds [-] Acquired dynamic creds: credentials: Credentials: {'domain_id': 'default', 'domain_name': 'Default', 'username': 'tempest-HypervisorAdminV228Test-1531788389-project-admin', 'project_domain_id': 'default', 'project_domain_name': 'Default', 'project_id': '78cd24672fbd435985deae861e60f630', 'project_name': 'tempest-HypervisorAdminV228Test-1531788389', 'tenant_id': '78cd24672fbd435985deae861e60f630', 'tenant_name': 'tempest-HypervisorAdminV228Test-1531788389', 'user_domain_id': 'default', 'user_domain_name': 'Default', 'user_id': '327be06b07e74343875ebb57b90bd5e3', 'system': None}, Network: None, Subnet: None, Router: None
2025-04-03 04:39:48.971 70660 INFO tempest.lib.common.dynamic_creds [-] Created isolated network resources for: credentials: Credentials: {'domain_id': 'default', 'domain_name': 'Default', 'username': 'tempest-HypervisorAdminV228Test-1531788389-project-admin', 'project_domain_id': 'default', 'project_domain_name': 'Default', 'project_id': '78cd24672fbd435985deae861e60f630', 'project_name': 'tempest-HypervisorAdminV228Test-1531788389', 'tenant_id': '78cd24672fbd435985deae861e60f630', 'tenant_name': 'tempest-HypervisorAdminV228Test-1531788389', 'user_domain_id': 'default', 'user_domain_name': 'Default', 'user_id': '327be06b07e74343875ebb57b90bd5e3', 'system': None}, Network: None, Subnet: None, Router: None
2025-04-03 04:39:48.992 70626 INFO tempest.lib.common.rest_client [req-6e40d59f-d392-4f13-94e5-5eed55bbebd1 req-6e40d59f-d392-4f13-94e5-5eed55bbebd1 ] Request (FlavorMetadataValidation:tearDownClass): 200 GET http://10.180.1.21:9696/networking/v2.0/security-groups?tenant_id=e0527b54c4c84a27bed5c54f4cb6cb64&name=default 0.318s
2025-04-03 04:39:49.001 70634 INFO tempest.lib.common.rest_client [req-e144eede-eaa7-487d-a292-7614b32b842c req-e144eede-eaa7-487d-a292-7614b32b842c ] Request (HypervisorAdminTestJSON:setUpClass): 201 POST http://10.180.1.21/identity/v3/auth/tokens 0.380s
2025-04-03 04:39:49.066 70644 INFO tempest.lib.common.rest_client [req-4499fe27-019d-41b5-91ed-741d30d0154e req-4499fe27-019d-41b5-91ed-741d30d0154e ] Request (ServerExternalEventsTest:setUpClass): 201 POST http://10.180.1.21/identity/v3/auth/tokens 0.370s
2025-04-03 04:39:49.129 70652 INFO tempest.lib.common.rest_client [req-a9dea3ad-e75a-427a-889f-9757d3adb4c3 req-a9dea3ad-e75a-427a-889f-9757d3adb4c3 ] Request (AggregatesAdminNegativeTestJSON:setUpClass): 201 POST http://10.180.1.21/identity/v3/auth/tokens 0.369s
2025-04-03 04:39:49.152 70642 INFO tempest.lib.common.rest_client [req-a2552cb9-eb0d-41a0-9bed-0d055f58530b req-a2552cb9-eb0d-41a0-9bed-0d055f58530b ] Request (FloatingIPsTestJSON:setUpClass): 201 POST http://10.180.1.21:9696/networking/v2.0/routers 2.154s
2025-04-03 04:39:49.176 70636 INFO tempest.lib.common.rest_client [req-f8276e6f-4fac-42a6-9a45-f6b35a7fed3c req-f8276e6f-4fac-42a6-9a45-f6b35a7fed3c ] Request (FlavorsV261TestJSON:setUpClass): 201 POST http://10.180.1.21/identity/v3/auth/tokens 0.363s
2025-04-03 04:39:49.197 70628 INFO tempest.lib.common.rest_client [req-8f3ff84a-e091-46de-807e-33bf7d6d6229 req-8f3ff84a-e091-46de-807e-33bf7d6d6229 ] Request (ServersAdminNegativeTestJSON:setUpClass): 201 POST http://10.180.1.21/identity/v3/auth/tokens 0.376s
2025-04-03 04:39:49.198 70628 WARNING tempest.lib.common.rest_client [-] Deprecated: "tenant_id" property is deprecated for removal, use "project_id" instead
2025-04-03 04:39:49.237 70610 INFO tempest.lib.common.rest_client [req-d3863950-b09d-48ea-bc96-1ccd6b9976b8 req-d3863950-b09d-48ea-bc96-1ccd6b9976b8 ] Request (FlavorsAccessNegativeTestJSON:setUpClass): 201 POST http://10.180.1.21/identity/v3/projects 0.367s
2025-04-03 04:39:49.263 70622 INFO tempest.lib.common.rest_client [req-9cbcaed0-a0dc-4b6e-9d89-c6f97e7a29f4 req-9cbcaed0-a0dc-4b6e-9d89-c6f97e7a29f4 ] Request (ServicesAdminTestJSON:setUpClass): 201 POST http://10.180.1.21/identity/v3/auth/tokens 0.337s
2025-04-03 04:39:49.298 70660 INFO tempest.lib.common.rest_client [req-9d16215a-ec73-4fe7-98f8-edac97440ffc req-9d16215a-ec73-4fe7-98f8-edac97440ffc ] Request (HypervisorAdminV228Test:setUpClass): 201 POST http://10.180.1.21/identity/v3/auth/tokens 0.324s
2025-04-03 04:39:49.325 70644 INFO tempest.lib.common.rest_client [req-adc7dad2-aaef-4ccf-bb2c-ea30f437d4e1 req-adc7dad2-aaef-4ccf-bb2c-ea30f437d4e1 ] Request (ServerExternalEventsTest:setUpClass): 201 POST http://10.180.1.21/identity/v3/projects 0.257s
2025-04-03 04:39:49.333 70626 INFO tempest.lib.common.rest_client [req-b28596bc-15eb-4bc2-9690-a71b096effde req-b28596bc-15eb-4bc2-9690-a71b096effde ] Request (FlavorMetadataValidation:tearDownClass): 204 DELETE http://10.180.1.21:9696/networking/v2.0/security-groups/dbbc7f61-ff5f-4c26-80fd-22bbd2c791da 0.340s
2025-04-03 04:39:49.375 70628 INFO tempest.lib.common.rest_client [req-a80cbd05-d35f-4540-ab32-442131bf9dd1 req-a80cbd05-d35f-4540-ab32-442131bf9dd1 ] Request (ServersAdminNegativeTestJSON:setUpClass): 201 POST http://10.180.1.21/identity/v3/auth/tokens 0.173s
2025-04-03 04:39:49.375 70628 INFO tempest.lib.common.fixed_network [-] (ServersAdminNegativeTestJSON:setUpClass) Found network None available for tenant
2025-04-03 04:39:49.435 70610 INFO tempest.lib.common.rest_client [req-7eaa8faf-5b3d-408a-a669-ee511b66449f req-7eaa8faf-5b3d-408a-a669-ee511b66449f ] Request (FlavorsAccessNegativeTestJSON:setUpClass): 201 POST http://10.180.1.21/identity/v3/users 0.198s
2025-04-03 04:39:49.458 70644 INFO tempest.lib.common.rest_client [req-b53b03d6-ecb3-4883-8564-baf082e01081 req-b53b03d6-ecb3-4883-8564-baf082e01081 ] Request (ServerExternalEventsTest:setUpClass): 201 POST http://10.180.1.21/identity/v3/users 0.129s
2025-04-03 04:39:49.490 70610 INFO tempest.lib.common.rest_client [req-3b6fa49c-e5f9-4bd0-b08b-df51e5c6f9ce req-3b6fa49c-e5f9-4bd0-b08b-df51e5c6f9ce ] Request (FlavorsAccessNegativeTestJSON:setUpClass): 200 GET http://10.180.1.21/identity/v3/roles 0.055s
2025-04-03 04:39:49.530 70626 INFO tempest.lib.common.rest_client [req-8b5ff449-7ba2-4962-a6a1-186bf689d840 req-8b5ff449-7ba2-4962-a6a1-186bf689d840 ] Request (FlavorMetadataValidation:tearDownClass): 204 DELETE http://10.180.1.21/identity/v3/projects/e0527b54c4c84a27bed5c54f4cb6cb64 0.197s
2025-04-03 04:39:49.586 70644 INFO tempest.lib.common.rest_client [req-66d94728-2f89-4bdc-8825-737ee6e17f60 req-66d94728-2f89-4bdc-8825-737ee6e17f60 ] Request (ServerExternalEventsTest:setUpClass): 200 GET http://10.180.1.21/identity/v3/roles 0.125s
2025-04-03 04:39:49.594 70604 INFO tempest.lib.common.rest_client [req-fbc786f3-140d-4c7d-803c-edb58d3ac1ae req-fbc786f3-140d-4c7d-803c-edb58d3ac1ae ] Request (ServersAdmin275Test:test_rebuild_update_server_275): 202 POST http://10.180.1.21/compute/v2.1/servers 3.169s
2025-04-03 04:39:49.612 70626 INFO tempest.lib.common.rest_client [req-95d5727d-258a-4d42-a613-629914899a07 req-95d5727d-258a-4d42-a613-629914899a07 ] Request (FlavorsExtraSpecsNegativeTestJSON:setUpClass): 201 POST http://10.180.1.21/identity/v3/auth/tokens 0.080s
2025-04-03 04:39:49.625 70610 INFO tempest.lib.common.rest_client [req-7f6b7e34-4e55-47ff-9096-ca1105ebf625 req-7f6b7e34-4e55-47ff-9096-ca1105ebf625 ] Request (FlavorsAccessNegativeTestJSON:setUpClass): 204 PUT http://10.180.1.21/identity/v3/projects/8933a3e1995c4f16a4fbb016fea73760/users/73477e1a7018485db1003f64c8451e54/roles/f687191b69b8409eabc6a45e1c71e414 0.135s
2025-04-03 04:39:49.626 70610 INFO tempest.lib.common.dynamic_creds [-] Dynamic test user 73477e1a7018485db1003f64c8451e54 is created with scope project and roles: ['member']
2025-04-03 04:39:49.626 70610 INFO tempest.lib.common.dynamic_creds [-] Acquired dynamic creds: credentials: Credentials: {'domain_id': 'default', 'domain_name': 'Default', 'username': 'tempest-FlavorsAccessNegativeTestJSON-2094831519-project-member', 'project_domain_id': 'default', 'project_domain_name': 'Default', 'project_id': '8933a3e1995c4f16a4fbb016fea73760', 'project_name': 'tempest-FlavorsAccessNegativeTestJSON-2094831519', 'tenant_id': '8933a3e1995c4f16a4fbb016fea73760', 'tenant_name': 'tempest-FlavorsAccessNegativeTestJSON-2094831519', 'user_domain_id': 'default', 'user_domain_name': 'Default', 'user_id': '73477e1a7018485db1003f64c8451e54', 'system': None}, Network: None, Subnet: None, Router: None
2025-04-03 04:39:49.626 70610 INFO tempest.lib.common.dynamic_creds [-] Created isolated network resources for: credentials: Credentials: {'domain_id': 'default', 'domain_name': 'Default', 'username': 'tempest-FlavorsAccessNegativeTestJSON-2094831519-project-member', 'project_domain_id': 'default', 'project_domain_name': 'Default', 'project_id': '8933a3e1995c4f16a4fbb016fea73760', 'project_name': 'tempest-FlavorsAccessNegativeTestJSON-2094831519', 'tenant_id': '8933a3e1995c4f16a4fbb016fea73760', 'tenant_name': 'tempest-FlavorsAccessNegativeTestJSON-2094831519', 'user_domain_id': 'default', 'user_domain_name': 'Default', 'user_id': '73477e1a7018485db1003f64c8451e54', 'system': None}, Network: None, Subnet: None, Router: None
2025-04-03 04:39:49.652 70621 INFO tempest.lib.common.rest_client [req-f09a4e5b-470f-487d-a977-e964b88f70a2 req-f09a4e5b-470f-487d-a977-e964b88f70a2 ] Request (DeleteServersAdminTestJSON:test_admin_delete_servers_of_others): 202 POST http://10.180.1.21/compute/v2.1/servers 1.713s
2025-04-03 04:39:49.682 70644 INFO tempest.lib.common.rest_client [req-e11cb336-a7fa-459f-83b8-159562e9a850 req-e11cb336-a7fa-459f-83b8-159562e9a850 ] Request (ServerExternalEventsTest:setUpClass): 204 PUT http://10.180.1.21/identity/v3/projects/a528ba0752594fb29b1a7fe4a888e4e7/users/e8e82c926a2b4af89f90bc32a83741d6/roles/2a7321a049c9482c9368462a6198205d 0.096s
2025-04-03 04:39:49.744 70626 INFO tempest.lib.common.rest_client [req-e5b81b49-38b0-4d19-b672-2e318c869f57 req-e5b81b49-38b0-4d19-b672-2e318c869f57 ] Request (FlavorsExtraSpecsNegativeTestJSON:setUpClass): 201 POST http://10.180.1.21/identity/v3/auth/tokens 0.129s
2025-04-03 04:39:49.809 70610 INFO tempest.lib.common.rest_client [req-ec0c363c-a506-4608-a1bd-246041990a0e req-ec0c363c-a506-4608-a1bd-246041990a0e ] Request (FlavorsAccessNegativeTestJSON:setUpClass): 201 POST http://10.180.1.21/identity/v3/auth/tokens 0.180s
2025-04-03 04:39:49.810 70610 WARNING tempest.lib.common.rest_client [-] Deprecated: "tenant_id" property is deprecated for removal, use "project_id" instead
2025-04-03 04:39:49.854 70644 INFO tempest.lib.common.rest_client [req-ad4152a5-ed69-4139-a0e0-345e9e278210 req-ad4152a5-ed69-4139-a0e0-345e9e278210 ] Request (ServerExternalEventsTest:setUpClass): 200 GET http://10.180.1.21/identity/v3/roles 0.171s
2025-04-03 04:39:49.882 70644 INFO tempest.lib.common.rest_client [req-7f52b0c1-a46d-4de4-996d-7933e736ee47 req-7f52b0c1-a46d-4de4-996d-7933e736ee47 ] Request (ServerExternalEventsTest:setUpClass): 204 PUT http://10.180.1.21/identity/v3/projects/a528ba0752594fb29b1a7fe4a888e4e7/users/e8e82c926a2b4af89f90bc32a83741d6/roles/32c702b4796e4a878413c7901bc2bd05 0.027s
2025-04-03 04:39:49.882 70644 INFO tempest.lib.common.dynamic_creds [-] Dynamic test user e8e82c926a2b4af89f90bc32a83741d6 is created with scope project and roles: ['service', 'admin']
2025-04-03 04:39:49.882 70644 INFO tempest.lib.common.dynamic_creds [-] Acquired dynamic creds: credentials: Credentials: {'domain_id': 'default', 'domain_name': 'Default', 'username': 'tempest-ServerExternalEventsTest-1059992687-project', 'project_domain_id': 'default', 'project_domain_name': 'Default', 'project_id': 'a528ba0752594fb29b1a7fe4a888e4e7', 'project_name': 'tempest-ServerExternalEventsTest-1059992687', 'tenant_id': 'a528ba0752594fb29b1a7fe4a888e4e7', 'tenant_name': 'tempest-ServerExternalEventsTest-1059992687', 'user_domain_id': 'default', 'user_domain_name': 'Default', 'user_id': 'e8e82c926a2b4af89f90bc32a83741d6', 'system': None}, Network: None, Subnet: None, Router: None
2025-04-03 04:39:49.882 70644 INFO tempest.lib.common.dynamic_creds [-] Created isolated network resources for: credentials: Credentials: {'domain_id': 'default', 'domain_name': 'Default', 'username': 'tempest-ServerExternalEventsTest-1059992687-project', 'project_domain_id': 'default', 'project_domain_name': 'Default', 'project_id': 'a528ba0752594fb29b1a7fe4a888e4e7', 'project_name': 'tempest-ServerExternalEventsTest-1059992687', 'tenant_id': 'a528ba0752594fb29b1a7fe4a888e4e7', 'tenant_name': 'tempest-ServerExternalEventsTest-1059992687', 'user_domain_id': 'default', 'user_domain_name': 'Default', 'user_id': 'e8e82c926a2b4af89f90bc32a83741d6', 'system': None}, Network: None, Subnet: None, Router: None
2025-04-03 04:39:49.883 70600 INFO tempest.lib.common.rest_client [req-1c788948-3c10-4008-be1e-3c424ffdaa1b req-1c788948-3c10-4008-be1e-3c424ffdaa1b ] Request (MigrationsAdminTest:test_list_migrations): 200 GET http://10.180.1.21/compute/v2.1/os-migrations 1.811s
2025-04-03 04:39:49.881 70626 INFO tempest.lib.common.rest_client [req-5270c4d4-35c6-4053-9aee-9cb0f73e7d09 req-5270c4d4-35c6-4053-9aee-9cb0f73e7d09 ] Request (FlavorsExtraSpecsNegativeTestJSON:setUpClass): 200 GET http://10.180.1.21/identity/v3/domains?name=Default 0.137s
2025-04-03 04:39:50.020 70632 INFO tempest.lib.common.rest_client [req-16ab3a3a-a854-4c71-8aa0-639af442785b req-16ab3a3a-a854-4c71-8aa0-639af442785b ] Request (QuotasAdminTestV236:test_get_updated_quotas): 200 PUT http://10.180.1.21/compute/v2.1/os-quota-sets/39ddadbd2f1d4434aed733f2e41485fa 2.012s
2025-04-03 04:39:50.021 70638 INFO tempest.lib.common.rest_client [req-b4d3a34d-2f9f-480d-aec0-b7c7369f50d0 req-b4d3a34d-2f9f-480d-aec0-b7c7369f50d0 ] Request (FlavorsV255TestJSON:test_crud_flavor): 200 POST http://10.180.1.21/compute/v2.1/flavors 1.730s
2025-04-03 04:39:50.033 70626 INFO tempest.lib.common.rest_client [req-85e79def-fa0b-4780-98c9-0cde8f6483e8 req-85e79def-fa0b-4780-98c9-0cde8f6483e8 ] Request (FlavorsExtraSpecsNegativeTestJSON:setUpClass): 201 POST http://10.180.1.21/identity/v3/projects 0.146s
2025-04-03 04:39:50.079 70644 INFO tempest.lib.common.rest_client [req-f3807b4f-8188-4536-af23-8334da1e569d req-f3807b4f-8188-4536-af23-8334da1e569d ] Request (ServerExternalEventsTest:setUpClass): 201 POST http://10.180.1.21/identity/v3/auth/tokens 0.190s
2025-04-03 04:39:50.082 70600 INFO tempest.lib.common.rest_client [req-0be13abe-32af-4073-918e-7004a1124165 req-0be13abe-32af-4073-918e-7004a1124165 ] Request (MigrationsAdminTest:test_list_migrations_in_flavor_resize_situation): 201 POST http://10.180.1.21/identity/v3/auth/tokens 0.188s
2025-04-03 04:39:50.082 70600 INFO tempest.lib.common.fixed_network [-] (MigrationsAdminTest:test_list_migrations_in_flavor_resize_situation) Found network None available for tenant
2025-04-03 04:39:50.101 70658 INFO tempest.lib.common.rest_client [req-78608959-524b-4677-aacf-a7460425d941 req-78608959-524b-4677-aacf-a7460425d941 ] Request (ServersWithSpecificFlavorTestJSON:setUpClass): 201 POST http://10.180.1.21:9696/networking/v2.0/routers 2.622s
2025-04-03 04:39:50.183 70650 INFO tempest.lib.common.rest_client [req-8abd1290-4b15-410b-a979-e7ecf765fcfe req-8abd1290-4b15-410b-a979-e7ecf765fcfe ] Request (VolumesAssistedSnapshotsTest:setUpClass): 201 POST http://10.180.1.21:9696/networking/v2.0/routers 2.614s
2025-04-03 04:39:50.228 70654 INFO tempest.lib.common.rest_client [req-717069b4-208c-46d8-919e-b00f68272e3b req-717069b4-208c-46d8-919e-b00f68272e3b ] Request (HostsAdminNegativeTestJSON:setUpClass): 200 GET http://10.180.1.21/compute/v2.1/os-hosts 1.849s
2025-04-03 04:39:50.235 70612 INFO tempest.lib.common.rest_client [req-4d7fe227-b0d3-4eaf-afa4-50e263b40897 req-4d7fe227-b0d3-4eaf-afa4-50e263b40897 ] Request (FlavorsAdminTestJSON:test_create_flavor_using_string_ram): 200 POST http://10.180.1.21/compute/v2.1/flavors 1.763s
2025-04-03 04:39:50.236 70626 INFO tempest.lib.common.rest_client [req-637b7f19-b15e-4937-8bb1-8aff9aa627df req-637b7f19-b15e-4937-8bb1-8aff9aa627df ] Request (FlavorsExtraSpecsNegativeTestJSON:setUpClass): 201 POST http://10.180.1.21/identity/v3/users 0.202s
2025-04-03 04:39:50.257 70624 INFO tempest.lib.common.rest_client [req-d020daa4-b002-40f2-92bf-397fc5671d15 req-d020daa4-b002-40f2-92bf-397fc5671d15 ] Request (ImagesDeleteNegativeTestJSON:test_delete_image_non_hex_string_id): 404 DELETE http://10.180.1.21/compute/v2.1/images/a0d06cc7-43f5-4dec-bb3e-4ea216a42a0j 1.639s
2025-04-03 04:39:50.262 70644 INFO tempest.lib.common.rest_client [req-e0099773-e8ca-43e3-930c-4033f031e4cc req-e0099773-e8ca-43e3-930c-4033f031e4cc ] Request (ServerExternalEventsTest:test_create_server_external_events): 201 POST http://10.180.1.21/identity/v3/auth/tokens 0.176s
2025-04-03 04:39:50.262 70644 INFO tempest.lib.common.fixed_network [-] (ServerExternalEventsTest:test_create_server_external_events) Found network None available for tenant
2025-04-03 04:39:50.265 70626 INFO tempest.lib.common.rest_client [req-e0f1b4a3-1602-4e1c-8c9e-ec223ef2759b req-e0f1b4a3-1602-4e1c-8c9e-ec223ef2759b ] Request (FlavorsExtraSpecsNegativeTestJSON:setUpClass): 200 GET http://10.180.1.21/identity/v3/roles 0.028s
2025-04-03 04:39:50.280 70608 INFO tempest.lib.common.rest_client [req-21d17dfa-1bb2-40fc-a80d-1c3981679cb0 req-21d17dfa-1bb2-40fc-a80d-1c3981679cb0 ] Request (FlavorsAccessTestJSON:_run_cleanups): 200 GET http://10.180.1.21/compute/v2.1/flavors/detail 1.632s
2025-04-03 04:39:50.293 70630 INFO tempest.lib.common.rest_client [req-73eac345-0292-4cda-9f75-8dfca0594a2d req-73eac345-0292-4cda-9f75-8dfca0594a2d ] Request (HostsAdminTestJSON:test_list_hosts_with_zone): 200 GET http://10.180.1.21/compute/v2.1/os-hosts 1.617s
2025-04-03 04:39:50.304 70602 INFO tempest.lib.common.rest_client [req-c049999b-f700-4917-8feb-962c3f93e834 req-c049999b-f700-4917-8feb-962c3f93e834 ] Request (FlavorsV2TestJSON:test_list_flavors_detailed_filter_by_min_disk): 200 GET http://10.180.1.21/compute/v2.1/flavors/42 1.612s
2025-04-03 04:39:50.312 70626 INFO tempest.lib.common.rest_client [req-b96b577f-fe78-4877-be6e-b3c37dd3fa9e req-b96b577f-fe78-4877-be6e-b3c37dd3fa9e ] Request (FlavorsExtraSpecsNegativeTestJSON:setUpClass): 204 PUT http://10.180.1.21/identity/v3/projects/d6518e92c69e4b118f73bc32014816df/users/b1cd06793c6c4a7c8913268fbb10b92c/roles/f687191b69b8409eabc6a45e1c71e414 0.046s
2025-04-03 04:39:50.312 70626 INFO tempest.lib.common.dynamic_creds [-] Dynamic test user b1cd06793c6c4a7c8913268fbb10b92c is created with scope project and roles: ['member']
2025-04-03 04:39:50.312 70626 INFO tempest.lib.common.dynamic_creds [-] Acquired dynamic creds: credentials: Credentials: {'domain_id': 'default', 'domain_name': 'Default', 'username': 'tempest-FlavorsExtraSpecsNegativeTestJSON-189761565-project-member', 'project_domain_id': 'default', 'project_domain_name': 'Default', 'project_id': 'd6518e92c69e4b118f73bc32014816df', 'project_name': 'tempest-FlavorsExtraSpecsNegativeTestJSON-189761565', 'tenant_id': 'd6518e92c69e4b118f73bc32014816df', 'tenant_name': 'tempest-FlavorsExtraSpecsNegativeTestJSON-189761565', 'user_domain_id': 'default', 'user_domain_name': 'Default', 'user_id': 'b1cd06793c6c4a7c8913268fbb10b92c', 'system': None}, Network: None, Subnet: None, Router: None
2025-04-03 04:39:50.312 70626 INFO tempest.lib.common.dynamic_creds [-] Created isolated network resources for: credentials: Credentials: {'domain_id': 'default', 'domain_name': 'Default', 'username': 'tempest-FlavorsExtraSpecsNegativeTestJSON-189761565-project-member', 'project_domain_id': 'default', 'project_domain_name': 'Default', 'project_id': 'd6518e92c69e4b118f73bc32014816df', 'project_name': 'tempest-FlavorsExtraSpecsNegativeTestJSON-189761565', 'tenant_id': 'd6518e92c69e4b118f73bc32014816df', 'tenant_name': 'tempest-FlavorsExtraSpecsNegativeTestJSON-189761565', 'user_domain_id': 'default', 'user_domain_name': 'Default', 'user_id': 'b1cd06793c6c4a7c8913268fbb10b92c', 'system': None}, Network: None, Subnet: None, Router: None
2025-04-03 04:39:50.322 70648 INFO tempest.lib.common.rest_client [req-c77be3b2-0a35-4d56-ad43-51bf63d4e98a req-c77be3b2-0a35-4d56-ad43-51bf63d4e98a ] Request (SecurityGroupRulesTestJSON:setUpClass): 201 POST http://10.180.1.21:9696/networking/v2.0/routers 2.531s
2025-04-03 04:39:50.367 70618 INFO tempest.lib.common.rest_client [req-4f72a54f-2d61-406d-b675-44fe8a445526 req-4f72a54f-2d61-406d-b675-44fe8a445526 ] Request (AZAdminNegativeTestJSON:test_get_availability_zone_list_detail_with_non_admin_user): 403 GET http://10.180.1.21/compute/v2.1/os-availability-zone/detail 1.607s
2025-04-03 04:39:50.429 70626 INFO tempest.lib.common.rest_client [req-8ff97f3e-d681-4890-a8d9-18a0fd093080 req-8ff97f3e-d681-4890-a8d9-18a0fd093080 ] Request (FlavorsExtraSpecsNegativeTestJSON:setUpClass): 201 POST http://10.180.1.21/identity/v3/auth/tokens 0.107s
2025-04-03 04:39:50.432 70616 INFO tempest.lib.common.rest_client [req-6d41fa2a-9aeb-4d4a-ac30-7c7aca788ea5 req-6d41fa2a-9aeb-4d4a-ac30-7c7aca788ea5 ] Request (ServersTestMultiNic:setUpClass): 201 POST http://10.180.1.21:9696/networking/v2.0/routers 2.437s
2025-04-03 04:39:50.452 70606 INFO tempest.lib.common.rest_client [req-fd7dc9c2-3a44-41e3-9a7f-f5067c33c1bc req-fd7dc9c2-3a44-41e3-9a7f-f5067c33c1bc ] Request (HypervisorAdminUnderV252Test:test_get_hypervisor_show_servers): 200 GET http://10.180.1.21/compute/v2.1/os-hypervisors 1.574s
2025-04-03 04:39:50.504 70662 INFO tempest.lib.common.rest_client [req-81306125-3ea7-492d-b4ad-d19f0c363425 req-81306125-3ea7-492d-b4ad-d19f0c363425 ] Request (HypervisorAdminNegativeUnderV252Test:test_search_hypervisor_with_non_admin_user): 200 GET http://10.180.1.21/compute/v2.1/os-hypervisors 1.568s
2025-04-03 04:39:50.520 70626 INFO tempest.lib.common.rest_client [req-d4a25083-0ce9-49c8-ad19-6e87891ab44f req-d4a25083-0ce9-49c8-ad19-6e87891ab44f ] Request (FlavorsExtraSpecsNegativeTestJSON:setUpClass): 201 POST http://10.180.1.21/identity/v3/projects 0.091s
2025-04-03 04:39:50.559 70618 INFO tempest.lib.common.rest_client [req-87a13e28-9173-4083-8c85-69c03ffb0e75 req-87a13e28-9173-4083-8c85-69c03ffb0e75 ] Request (AZAdminNegativeTestJSON:tearDownClass): 204 DELETE http://10.180.1.21/identity/v3/users/79148a86449249f8a265da18011b9099 0.180s
2025-04-03 04:39:50.695 70652 INFO tempest.lib.common.rest_client [req-faa1486c-ed1c-4a49-b16c-6b62c06fdeff req-faa1486c-ed1c-4a49-b16c-6b62c06fdeff ] Request (AggregatesAdminNegativeTestJSON:setUpClass): 200 GET http://10.180.1.21/compute/v2.1/os-services?binary=nova-compute 1.565s
2025-04-03 04:39:50.703 70634 INFO tempest.lib.common.rest_client [req-0230dd74-c3fc-40df-a426-03c7209ea13c req-0230dd74-c3fc-40df-a426-03c7209ea13c ] Request (HypervisorAdminTestJSON:test_get_hypervisor_list): 200 GET http://10.180.1.21/compute/v2.1/os-hypervisors 1.700s
2025-04-03 04:39:50.734 70626 INFO tempest.lib.common.rest_client [req-940a28d3-6f3e-485b-87bc-67882400f361 req-940a28d3-6f3e-485b-87bc-67882400f361 ] Request (FlavorsExtraSpecsNegativeTestJSON:setUpClass): 201 POST http://10.180.1.21/identity/v3/users 0.212s
2025-04-03 04:39:50.820 70636 INFO tempest.lib.common.rest_client [req-2c762dc9-bfe5-41af-8d95-fb1203423fe5 req-2c762dc9-bfe5-41af-8d95-fb1203423fe5 ] Request (FlavorsV261TestJSON:test_crud_flavor): 200 POST http://10.180.1.21/compute/v2.1/flavors 1.642s
2025-04-03 04:39:50.846 70618 INFO tempest.lib.common.rest_client [req-5b29aea3-e715-48e5-980a-3ac54bff1dd5 req-5b29aea3-e715-48e5-980a-3ac54bff1dd5 ] Request (AZAdminNegativeTestJSON:tearDownClass): 204 DELETE http://10.180.1.21/identity/v3/users/0309e7305ae64036b4eab2e364dad40c 0.286s
2025-04-03 04:39:50.846 70618 INFO tempest.lib.common.dynamic_creds [-] Deleting project and security group for project: b3dc637f43b840649dbfc6eeb1cc54e8
2025-04-03 04:39:50.904 70618 INFO tempest.lib.common.rest_client [req-28741b7d-c702-433e-a933-7d63031a4cae req-28741b7d-c702-433e-a933-7d63031a4cae ] Request (AZAdminNegativeTestJSON:tearDownClass): 201 POST http://10.180.1.21/identity/v3/auth/tokens 0.057s
2025-04-03 04:39:50.915 70626 INFO tempest.lib.common.rest_client [req-e054b9f6-4d0b-4fa1-b326-8cb407fe0937 req-e054b9f6-4d0b-4fa1-b326-8cb407fe0937 ] Request (FlavorsExtraSpecsNegativeTestJSON:setUpClass): 200 GET http://10.180.1.21/identity/v3/roles 0.181s
2025-04-03 04:39:50.919 70622 INFO tempest.lib.common.rest_client [req-41c84995-bcb1-43fc-a06f-9c7652191c1f req-41c84995-bcb1-43fc-a06f-9c7652191c1f ] Request (ServicesAdminTestJSON:test_get_service_by_host_name): 200 GET http://10.180.1.21/compute/v2.1/os-services 1.654s
2025-04-03 04:39:50.947 70626 INFO tempest.lib.common.rest_client [req-49388dfa-c805-4d6d-b4ca-b6d6a5429c12 req-49388dfa-c805-4d6d-b4ca-b6d6a5429c12 ] Request (FlavorsExtraSpecsNegativeTestJSON:setUpClass): 204 PUT http://10.180.1.21/identity/v3/projects/c444740e52fa444cb720cd6a69e51750/users/00628ac5c2d1460e99d0c08d7bb924ea/roles/32c702b4796e4a878413c7901bc2bd05 0.031s
2025-04-03 04:39:51.074 70626 INFO tempest.lib.common.rest_client [req-b54fc381-d72a-473e-a6ad-e3591ca6053c req-b54fc381-d72a-473e-a6ad-e3591ca6053c ] Request (FlavorsExtraSpecsNegativeTestJSON:setUpClass): 200 GET http://10.180.1.21/identity/v3/roles 0.126s
2025-04-03 04:39:51.086 70646 INFO tempest.lib.common.rest_client [req-6dfc2d26-e33d-4568-b683-d4a05dac42d6 req-6dfc2d26-e33d-4568-b683-d4a05dac42d6 ] Request (VolumesAdminNegativeTest:setUpClass): 201 POST http://10.180.1.21:9696/networking/v2.0/routers 2.554s
2025-04-03 04:39:51.093 70626 INFO tempest.lib.common.rest_client [req-91c5d725-45a9-4a70-88ce-d80bc3df9483 req-91c5d725-45a9-4a70-88ce-d80bc3df9483 ] Request (FlavorsExtraSpecsNegativeTestJSON:setUpClass): 204 PUT http://10.180.1.21/identity/v3/projects/c444740e52fa444cb720cd6a69e51750/users/00628ac5c2d1460e99d0c08d7bb924ea/roles/32c702b4796e4a878413c7901bc2bd05 0.019s
2025-04-03 04:39:51.094 70626 INFO tempest.lib.common.dynamic_creds [-] Dynamic test user 00628ac5c2d1460e99d0c08d7bb924ea is created with scope project and roles: ['admin']
2025-04-03 04:39:51.094 70626 INFO tempest.lib.common.dynamic_creds [-] Acquired dynamic creds: credentials: Credentials: {'domain_id': 'default', 'domain_name': 'Default', 'username': 'tempest-FlavorsExtraSpecsNegativeTestJSON-2066073161-project-admin', 'project_domain_id': 'default', 'project_domain_name': 'Default', 'project_id': 'c444740e52fa444cb720cd6a69e51750', 'project_name': 'tempest-FlavorsExtraSpecsNegativeTestJSON-2066073161', 'tenant_id': 'c444740e52fa444cb720cd6a69e51750', 'tenant_name': 'tempest-FlavorsExtraSpecsNegativeTestJSON-2066073161', 'user_domain_id': 'default', 'user_domain_name': 'Default', 'user_id': '00628ac5c2d1460e99d0c08d7bb924ea', 'system': None}, Network: None, Subnet: None, Router: None
2025-04-03 04:39:51.094 70626 INFO tempest.lib.common.dynamic_creds [-] Created isolated network resources for: credentials: Credentials: {'domain_id': 'default', 'domain_name': 'Default', 'username': 'tempest-FlavorsExtraSpecsNegativeTestJSON-2066073161-project-admin', 'project_domain_id': 'default', 'project_domain_name': 'Default', 'project_id': 'c444740e52fa444cb720cd6a69e51750', 'project_name': 'tempest-FlavorsExtraSpecsNegativeTestJSON-2066073161', 'tenant_id': 'c444740e52fa444cb720cd6a69e51750', 'tenant_name': 'tempest-FlavorsExtraSpecsNegativeTestJSON-2066073161', 'user_domain_id': 'default', 'user_domain_name': 'Default', 'user_id': '00628ac5c2d1460e99d0c08d7bb924ea', 'system': None}, Network: None, Subnet: None, Router: None
2025-04-03 04:39:51.149 70660 INFO tempest.lib.common.rest_client [req-89350fc6-d8bb-47a4-8a47-2e00412dc988 req-89350fc6-d8bb-47a4-8a47-2e00412dc988 ] Request (HypervisorAdminV228Test:test_get_list_hypervisor_details): 200 GET http://10.180.1.21/compute/v2.1/os-hypervisors 1.849s
2025-04-03 04:39:51.182 70626 INFO tempest.lib.common.rest_client [req-562cee95-9ef2-4a0e-92a2-2fc1f6d26b74 req-562cee95-9ef2-4a0e-92a2-2fc1f6d26b74 ] Request (FlavorsExtraSpecsNegativeTestJSON:setUpClass): 201 POST http://10.180.1.21/identity/v3/auth/tokens 0.085s
2025-04-03 04:39:51.235 70640 INFO tempest.lib.common.rest_client [req-879cd6b2-bba2-429e-828f-129de2eba953 req-879cd6b2-bba2-429e-828f-129de2eba953 ] Request (ServersAdminTestJSON:setUpClass): 201 POST http://10.180.1.21:9696/networking/v2.0/routers 2.594s
2025-04-03 04:39:51.290 70604 INFO tempest.lib.common.rest_client [req-f59bd05d-ce7e-41d5-9dcb-cd9d9a7e40a5 req-f59bd05d-ce7e-41d5-9dcb-cd9d9a7e40a5 ] Request (ServersAdmin275Test:test_rebuild_update_server_275): 200 PUT http://10.180.1.21/compute/v2.1/servers/99c5100f-890c-496c-b40a-2cd4a2be72e5 1.694s
2025-04-03 04:39:51.372 70621 INFO tempest.lib.common.rest_client [req-615a97cf-a91c-4809-b42e-bc8803d05037 req-615a97cf-a91c-4809-b42e-bc8803d05037 ] Request (DeleteServersAdminTestJSON:test_admin_delete_servers_of_others): 200 GET http://10.180.1.21/compute/v2.1/servers/6f43f01e-4d19-43f0-9b8f-1a34247ea436 1.718s
2025-04-03 04:39:51.488 70610 INFO tempest.lib.common.rest_client [req-e7b29db3-87fc-4df7-9c31-94a9eb0ef79f req-e7b29db3-87fc-4df7-9c31-94a9eb0ef79f ] Request (FlavorsAccessNegativeTestJSON:test_add_flavor_access_duplicate): 200 POST http://10.180.1.21/compute/v2.1/flavors 1.676s
2025-04-03 04:39:51.526 70656 INFO tempest.lib.common.rest_client [req-ed9c150c-122c-4999-88a1-469eb3d9d112 req-ed9c150c-122c-4999-88a1-469eb3d9d112 ] Request (SecurityGroupRulesNegativeTestJSON:setUpClass): 200 PUT http://10.180.1.21:9696/networking/v2.0/routers/6c537381-f16a-4760-b32f-46d4a7b632cb/add_router_interface 3.092s
2025-04-03 04:39:51.527 70656 INFO tempest.lib.common.dynamic_creds [-] Created isolated network resources for: credentials: Credentials: {'domain_id': 'default', 'domain_name': 'Default', 'username': 'tempest-SecurityGroupRulesNegativeTestJSON-1198861070-project-member', 'project_domain_id': 'default', 'project_domain_name': 'Default', 'project_id': 'c7533dc62d684994965876bc65b42aa3', 'project_name': 'tempest-SecurityGroupRulesNegativeTestJSON-1198861070', 'tenant_id': 'c7533dc62d684994965876bc65b42aa3', 'tenant_name': 'tempest-SecurityGroupRulesNegativeTestJSON-1198861070', 'user_domain_id': 'default', 'user_domain_name': 'Default', 'user_id': 'd0247659e7a04ad5911b46d4947932dc', 'system': None}, Network: {'id': 'b5845628-fcd6-4c36-b267-562d992e045b', 'name': 'tempest-SecurityGroupRulesNegativeTestJSON-1135857699-network', 'tenant_id': 'c7533dc62d684994965876bc65b42aa3', 'admin_state_up': True, 'mtu': 8950, 'status': 'ACTIVE', 'subnets': [], 'shared': False, 'project_id': 'c7533dc62d684994965876bc65b42aa3', 'port_security_enabled': True, 'router:external': False, 'provider:network_type': 'vlan', 'provider:physical_network': 'default', 'provider:segmentation_id': 618, 'availability_zone_hints': [], 'availability_zones': [], 'ipv4_address_scope': None, 'ipv6_address_scope': None, 'description': '', 'tags': [], 'created_at': '2025-04-03T04:39:46Z', 'updated_at': '2025-04-03T04:39:46Z', 'revision_number': 1}, Subnet: {'id': 'cff202c9-de04-4dde-8e3b-d94769792ed2', 'name': 'tempest-SecurityGroupRulesNegativeTestJSON-1135857699-subnet', 'tenant_id': 'c7533dc62d684994965876bc65b42aa3', 'network_id': 'b5845628-fcd6-4c36-b267-562d992e045b', 'ip_version': 4, 'subnetpool_id': None, 'enable_dhcp': True, 'ipv6_ra_mode': None, 'ipv6_address_mode': None, 'gateway_ip': '192.168.128.1', 'cidr': '192.168.128.0/28', 'allocation_pools': [{'start': '192.168.128.2', 'end': '192.168.128.14'}], 'host_routes': [], 'dns_nameservers': [], 'description': '', 'router:external': False, 'service_types': [], 'tags': [], 'created_at': '2025-04-03T04:39:47Z', 'updated_at': '2025-04-03T04:39:47Z', 'revision_number': 0, 'project_id': 'c7533dc62d684994965876bc65b42aa3'}, Router: {'id': '6c537381-f16a-4760-b32f-46d4a7b632cb', 'name': 'tempest-SecurityGroupRulesNegativeTestJSON-1135857699-router', 'tenant_id': 'c7533dc62d684994965876bc65b42aa3', 'admin_state_up': True, 'status': 'ACTIVE', 'external_gateway_info': {'network_id': 'd3a9fad6-a4cf-47dd-989a-1883eb66c932', 'external_fixed_ips': [{'subnet_id': 'ccc35dcc-2d5c-40cf-a49e-6f1fbe169883', 'ip_address': '10.180.180.128'}], 'enable_snat': True}, 'description': '', 'availability_zones': [], 'distributed': False, 'ha': False, 'availability_zone_hints': [], 'routes': [], 'flavor_id': None, 'tags': [], 'created_at': '2025-04-03T04:39:47Z', 'updated_at': '2025-04-03T04:39:48Z', 'revision_number': 2, 'project_id': 'c7533dc62d684994965876bc65b42aa3'}
2025-04-03 04:39:51.616 70618 INFO tempest.lib.common.rest_client [req-153ce272-61e0-4a6d-ac3b-7555e6273628 req-153ce272-61e0-4a6d-ac3b-7555e6273628 ] Request (AZAdminNegativeTestJSON:tearDownClass): 200 GET http://10.180.1.21:9696/networking/v2.0/security-groups?tenant_id=b3dc637f43b840649dbfc6eeb1cc54e8&name=default 0.712s
2025-04-03 04:39:51.635 70632 INFO tempest.lib.common.rest_client [req-30e6cefd-caa0-4595-8381-74cfbbd59a27 req-30e6cefd-caa0-4595-8381-74cfbbd59a27 ] Request (QuotasAdminTestV236:test_get_updated_quotas): 200 GET http://10.180.1.21/compute/v2.1/os-quota-sets/39ddadbd2f1d4434aed733f2e41485fa/detail 1.613s
2025-04-03 04:39:51.688 70628 INFO tempest.lib.common.rest_client [req-ec694824-6853-4fcd-8d0a-2b340a8b7685 req-ec694824-6853-4fcd-8d0a-2b340a8b7685 ] Request (ServersAdminNegativeTestJSON:setUpClass): 202 POST http://10.180.1.21/compute/v2.1/servers 2.312s
2025-04-03 04:39:51.693 70656 INFO tempest.lib.common.rest_client [req-c099ff35-1b48-493e-a7d3-47c5d78dc041 req-c099ff35-1b48-493e-a7d3-47c5d78dc041 ] Request (SecurityGroupRulesNegativeTestJSON:setUpClass): 201 POST http://10.180.1.21/identity/v3/auth/tokens 0.107s
2025-04-03 04:39:51.714 70632 INFO tempest.lib.common.rest_client [req-50a6dd16-22f2-4af0-b7d8-63a2c598c988 req-50a6dd16-22f2-4af0-b7d8-63a2c598c988 ] Request (QuotasAdminTestV236:test_get_updated_quotas): 200 GET http://10.180.1.21/identity/v3/domains?name=Default 0.071s
2025-04-03 04:39:51.742 70638 INFO tempest.lib.common.rest_client [req-4f6e2484-0475-41d7-aa1c-c0c845de82c0 req-4f6e2484-0475-41d7-aa1c-c0c845de82c0 ] Request (FlavorsV255TestJSON:test_crud_flavor): 200 GET http://10.180.1.21/compute/v2.1/flavors/2073078300 1.718s
2025-04-03 04:39:51.750 70632 INFO tempest.lib.common.rest_client [req-c63a55f5-19c2-43f1-bac7-2c37ac780efc req-c63a55f5-19c2-43f1-bac7-2c37ac780efc ] Request (QuotasAdminTestV236:test_get_updated_quotas): 201 POST http://10.180.1.21/identity/v3/users 0.035s
2025-04-03 04:39:51.797 70632 INFO tempest.lib.common.rest_client [req-17bbffd3-a745-407d-bd3e-2678c3eb086e req-17bbffd3-a745-407d-bd3e-2678c3eb086e ] Request (QuotasAdminTestV236:test_get_updated_quotas): 200 GET http://10.180.1.21/identity/v3/domains?name=Default 0.047s
2025-04-03 04:39:51.825 70654 INFO tempest.lib.common.rest_client [req-663e4b15-b1ee-4300-96a8-9b845cc0a426 req-663e4b15-b1ee-4300-96a8-9b845cc0a426 ] Request (HostsAdminNegativeTestJSON:test_list_hosts_with_non_admin_user): 403 GET http://10.180.1.21/compute/v2.1/os-hosts 1.595s
2025-04-03 04:39:51.846 70612 INFO tempest.lib.common.rest_client [req-e1c26755-a88c-4bec-baca-c520c5d91028 req-e1c26755-a88c-4bec-baca-c520c5d91028 ] Request (FlavorsAdminTestJSON:_run_cleanups): 202 DELETE http://10.180.1.21/compute/v2.1/flavors/767485412 1.607s
2025-04-03 04:39:51.864 70624 INFO tempest.lib.common.rest_client [req-60199560-f6f0-400c-a6c9-3128ea6c8162 req-60199560-f6f0-400c-a6c9-3128ea6c8162 ] Request (ImagesDeleteNegativeTestJSON:test_delete_image_with_id_over_character_limit): 404 DELETE http://10.180.1.21/compute/v2.1/images/704af6a6-34a1-42b4-a54d-b52cf866e7951 1.605s
2025-04-03 04:39:51.920 70618 INFO tempest.lib.common.rest_client [req-9baee48c-5d35-4383-b3b6-df8ce3c8d7b6 req-9baee48c-5d35-4383-b3b6-df8ce3c8d7b6 ] Request (AZAdminNegativeTestJSON:tearDownClass): 204 DELETE http://10.180.1.21:9696/networking/v2.0/security-groups/58497007-26bb-428d-b0da-a18c084069e7 0.303s
2025-04-03 04:39:52.021 70618 INFO tempest.lib.common.rest_client [req-c9e6dd17-131b-4fee-a781-b2ebe819f3fe req-c9e6dd17-131b-4fee-a781-b2ebe819f3fe ] Request (AZAdminNegativeTestJSON:tearDownClass): 204 DELETE http://10.180.1.21/identity/v3/projects/b3dc637f43b840649dbfc6eeb1cc54e8 0.101s
2025-04-03 04:39:52.022 70618 INFO tempest.lib.common.dynamic_creds [-] Deleting project and security group for project: 2ce482db14a84d6498b7aff44729e3ce
2025-04-03 04:39:52.415 70600 INFO tempest.lib.common.rest_client [req-6dbb0202-3c64-4a88-bc05-5cf9e74d6df0 req-6dbb0202-3c64-4a88-bc05-5cf9e74d6df0 ] Request (MigrationsAdminTest:test_list_migrations_in_flavor_resize_situation): 202 POST http://10.180.1.21/compute/v2.1/servers 2.332s
2025-04-03 04:39:52.445 70630 INFO tempest.lib.common.rest_client [req-87d03a25-11b3-4ca1-8825-48546d4fd551 req-87d03a25-11b3-4ca1-8825-48546d4fd551 ] Request (HostsAdminTestJSON:test_list_hosts_with_zone): 200 GET http://10.180.1.21/compute/v2.1/os-hosts?zone=internal 2.150s
2025-04-03 04:39:52.459 70618 INFO tempest.lib.common.rest_client [req-0de89113-757e-4b25-a94a-afb37df4f9f8 req-0de89113-757e-4b25-a94a-afb37df4f9f8 ] Request (AZAdminNegativeTestJSON:tearDownClass): 200 GET http://10.180.1.21:9696/networking/v2.0/security-groups?tenant_id=2ce482db14a84d6498b7aff44729e3ce&name=default 0.436s
2025-04-03 04:39:52.475 70644 INFO tempest.lib.common.rest_client [req-eee0e5b1-1e7a-4adb-8bbe-4b820bfcffce req-eee0e5b1-1e7a-4adb-8bbe-4b820bfcffce ] Request (ServerExternalEventsTest:test_create_server_external_events): 202 POST http://10.180.1.21/compute/v2.1/servers 2.211s
2025-04-03 04:39:52.488 70602 INFO tempest.lib.common.rest_client [req-b4e5e122-c181-4c02-82c1-61d74a0e763e req-b4e5e122-c181-4c02-82c1-61d74a0e763e ] Request (FlavorsV2TestJSON:test_list_flavors_detailed_filter_by_min_disk): 200 GET http://10.180.1.21/compute/v2.1/flavors/detail?minDisk=2 2.179s
2025-04-03 04:39:52.522 70608 INFO tempest.lib.common.rest_client [req-2c71a69b-b7c8-47f5-b5a7-51aa7e5a6e0a req-2c71a69b-b7c8-47f5-b5a7-51aa7e5a6e0a ] Request (FlavorsAccessTestJSON:test_flavor_access_list_with_private_flavor): 200 POST http://10.180.1.21/compute/v2.1/flavors 2.221s
2025-04-03 04:39:52.579 70606 INFO tempest.lib.common.rest_client [req-37416a22-e51a-4b77-85d5-8d8c8b05029d req-37416a22-e51a-4b77-85d5-8d8c8b05029d ] Request (HypervisorAdminUnderV252Test:test_get_hypervisor_show_servers): 200 GET http://10.180.1.21/compute/v2.1/os-hypervisors/domain-c8.fc996f14-c53b-4953-92e3-bdfa48f5cc28/servers 2.124s
2025-04-03 04:39:52.617 70634 INFO tempest.lib.common.rest_client [req-4c663e98-0a5b-4183-8c82-f8242891c789 req-4c663e98-0a5b-4183-8c82-f8242891c789 ] Request (HypervisorAdminTestJSON:test_get_hypervisor_list_details): 200 GET http://10.180.1.21/compute/v2.1/os-hypervisors/detail 1.907s
2025-04-03 04:39:52.706 70662 INFO tempest.lib.common.rest_client [req-62ba12be-62d7-42d4-a517-b1838d27bb78 req-62ba12be-62d7-42d4-a517-b1838d27bb78 ] Request (HypervisorAdminNegativeUnderV252Test:test_search_hypervisor_with_non_admin_user): 403 GET http://10.180.1.21/compute/v2.1/os-hypervisors/domain-c8.fc996f14-c53b-4953-92e3-bdfa48f5cc28/search 2.200s
2025-04-03 04:39:52.733 70642 INFO tempest.lib.common.rest_client [req-a5953069-cf5b-4158-ab74-577487169ee7 req-a5953069-cf5b-4158-ab74-577487169ee7 ] Request (FloatingIPsTestJSON:setUpClass): 200 PUT http://10.180.1.21:9696/networking/v2.0/routers/198181de-7b02-4ff8-8bc7-f7dad9265aa7/add_router_interface 3.580s
2025-04-03 04:39:52.734 70642 INFO tempest.lib.common.dynamic_creds [-] Created isolated network resources for: credentials: Credentials: {'domain_id': 'default', 'domain_name': 'Default', 'username': 'tempest-FloatingIPsTestJSON-2096034679-project-member', 'project_domain_id': 'default', 'project_domain_name': 'Default', 'project_id': 'fb0eb8b0b03b4447b714e41a0666c97d', 'project_name': 'tempest-FloatingIPsTestJSON-2096034679', 'tenant_id': 'fb0eb8b0b03b4447b714e41a0666c97d', 'tenant_name': 'tempest-FloatingIPsTestJSON-2096034679', 'user_domain_id': 'default', 'user_domain_name': 'Default', 'user_id': '42fa1b2e1169490284811ab8574c270a', 'system': None}, Network: {'id': '593167d2-2900-4409-8def-d37deb6d1320', 'name': 'tempest-FloatingIPsTestJSON-83202214-network', 'tenant_id': 'fb0eb8b0b03b4447b714e41a0666c97d', 'admin_state_up': True, 'mtu': 8950, 'status': 'ACTIVE', 'subnets': [], 'shared': False, 'project_id': 'fb0eb8b0b03b4447b714e41a0666c97d', 'port_security_enabled': True, 'router:external': False, 'provider:network_type': 'vlan', 'provider:physical_network': 'default', 'provider:segmentation_id': 266, 'availability_zone_hints': [], 'availability_zones': [], 'ipv4_address_scope': None, 'ipv6_address_scope': None, 'description': '', 'tags': [], 'created_at': '2025-04-03T04:39:46Z', 'updated_at': '2025-04-03T04:39:46Z', 'revision_number': 1}, Subnet: {'id': 'c40eac4f-eb0a-434e-bc15-6260f9e9c32b', 'name': 'tempest-FloatingIPsTestJSON-83202214-subnet', 'tenant_id': 'fb0eb8b0b03b4447b714e41a0666c97d', 'network_id': '593167d2-2900-4409-8def-d37deb6d1320', 'ip_version': 4, 'subnetpool_id': None, 'enable_dhcp': True, 'ipv6_ra_mode': None, 'ipv6_address_mode': None, 'gateway_ip': '192.168.128.1', 'cidr': '192.168.128.0/28', 'allocation_pools': [{'start': '192.168.128.2', 'end': '192.168.128.14'}], 'host_routes': [], 'dns_nameservers': [], 'description': '', 'router:external': False, 'service_types': [], 'tags': [], 'created_at': '2025-04-03T04:39:46Z', 'updated_at': '2025-04-03T04:39:46Z', 'revision_number': 0, 'project_id': 'fb0eb8b0b03b4447b714e41a0666c97d'}, Router: {'id': '198181de-7b02-4ff8-8bc7-f7dad9265aa7', 'name': 'tempest-FloatingIPsTestJSON-83202214-router', 'tenant_id': 'fb0eb8b0b03b4447b714e41a0666c97d', 'admin_state_up': True, 'status': 'ACTIVE', 'external_gateway_info': {'network_id': 'd3a9fad6-a4cf-47dd-989a-1883eb66c932', 'external_fixed_ips': [{'subnet_id': 'ccc35dcc-2d5c-40cf-a49e-6f1fbe169883', 'ip_address': '10.180.180.236'}], 'enable_snat': True}, 'description': '', 'availability_zones': [], 'distributed': False, 'ha': False, 'availability_zone_hints': [], 'routes': [], 'flavor_id': None, 'tags': [], 'created_at': '2025-04-03T04:39:47Z', 'updated_at': '2025-04-03T04:39:47Z', 'revision_number': 2, 'project_id': 'fb0eb8b0b03b4447b714e41a0666c97d'}
2025-04-03 04:39:52.739 70622 INFO tempest.lib.common.rest_client [req-f9553f85-a31b-4dcf-a850-029217a9dd4a req-f9553f85-a31b-4dcf-a850-029217a9dd4a ] Request (ServicesAdminTestJSON:test_get_service_by_host_name): 200 GET http://10.180.1.21/compute/v2.1/os-services?host=devstack 1.817s
2025-04-03 04:39:52.775 70636 INFO tempest.lib.common.rest_client [req-8fda1c17-76d2-4a6b-83b0-93ec09fbd433 req-8fda1c17-76d2-4a6b-83b0-93ec09fbd433 ] Request (FlavorsV261TestJSON:test_crud_flavor): 200 GET http://10.180.1.21/compute/v2.1/flavors/1289768715 1.951s
2025-04-03 04:39:52.796 70660 INFO tempest.lib.common.rest_client [req-630722ce-bb88-478a-9fd4-39194b51524b req-630722ce-bb88-478a-9fd4-39194b51524b ] Request (HypervisorAdminV228Test:test_get_list_hypervisor_details): 200 GET http://10.180.1.21/compute/v2.1/os-hypervisors/1 1.646s
2025-04-03 04:39:52.859 70618 INFO tempest.lib.common.rest_client [req-657fd697-a568-44fd-85c6-27bed2ab16ad req-657fd697-a568-44fd-85c6-27bed2ab16ad ] Request (AZAdminNegativeTestJSON:tearDownClass): 204 DELETE http://10.180.1.21:9696/networking/v2.0/security-groups/b5327dd4-8887-412e-816d-0295d0c7502e 0.400s
2025-04-03 04:39:52.912 70626 INFO tempest.lib.common.rest_client [req-0cbc97f7-f123-4618-85a6-32d8bd4e51c9 req-0cbc97f7-f123-4618-85a6-32d8bd4e51c9 ] Request (FlavorsExtraSpecsNegativeTestJSON:setUpClass): 200 POST http://10.180.1.21/compute/v2.1/flavors 1.730s
2025-04-03 04:39:52.927 70616 INFO tempest.lib.common.rest_client [req-c8899ed9-b673-438b-98c0-2d19b7ee3a23 req-c8899ed9-b673-438b-98c0-2d19b7ee3a23 ] Request (ServersTestMultiNic:setUpClass): 200 PUT http://10.180.1.21:9696/networking/v2.0/routers/3f507867-517f-4875-b826-ec8970b79807/add_router_interface 2.493s
2025-04-03 04:39:52.927 70616 INFO tempest.lib.common.dynamic_creds [-] Created isolated network resources for: credentials: Credentials: {'domain_id': 'default', 'domain_name': 'Default', 'username': 'tempest-ServersTestMultiNic-230157736-project-member', 'project_domain_id': 'default', 'project_domain_name': 'Default', 'project_id': 'ae53c0e3f8ad4a00a9f9fe236da22fc1', 'project_name': 'tempest-ServersTestMultiNic-230157736', 'tenant_id': 'ae53c0e3f8ad4a00a9f9fe236da22fc1', 'tenant_name': 'tempest-ServersTestMultiNic-230157736', 'user_domain_id': 'default', 'user_domain_name': 'Default', 'user_id': '82bcaaeb7b1240d58c16cc712bf3a6fb', 'system': None}, Network: {'id': '5d317692-e328-4461-bdd5-80573c198675', 'name': 'tempest-ServersTestMultiNic-7935907-network', 'tenant_id': 'ae53c0e3f8ad4a00a9f9fe236da22fc1', 'admin_state_up': True, 'mtu': 8950, 'status': 'ACTIVE', 'subnets': [], 'shared': False, 'project_id': 'ae53c0e3f8ad4a00a9f9fe236da22fc1', 'port_security_enabled': True, 'router:external': False, 'provider:network_type': 'vlan', 'provider:physical_network': 'default', 'provider:segmentation_id': 725, 'availability_zone_hints': [], 'availability_zones': [], 'ipv4_address_scope': None, 'ipv6_address_scope': None, 'description': '', 'tags': [], 'created_at': '2025-04-03T04:39:47Z', 'updated_at': '2025-04-03T04:39:47Z', 'revision_number': 1}, Subnet: {'id': '386cfff9-024f-4248-ae37-2c2c70a5dd88', 'name': 'tempest-ServersTestMultiNic-7935907-subnet', 'tenant_id': 'ae53c0e3f8ad4a00a9f9fe236da22fc1', 'network_id': '5d317692-e328-4461-bdd5-80573c198675', 'ip_version': 4, 'subnetpool_id': None, 'enable_dhcp': True, 'ipv6_ra_mode': None, 'ipv6_address_mode': None, 'gateway_ip': '192.168.128.1', 'cidr': '192.168.128.0/28', 'allocation_pools': [{'start': '192.168.128.2', 'end': '192.168.128.14'}], 'host_routes': [], 'dns_nameservers': [], 'description': '', 'router:external': False, 'service_types': [], 'tags': [], 'created_at': '2025-04-03T04:39:47Z', 'updated_at': '2025-04-03T04:39:47Z', 'revision_number': 0, 'project_id': 'ae53c0e3f8ad4a00a9f9fe236da22fc1'}, Router: {'id': '3f507867-517f-4875-b826-ec8970b79807', 'name': 'tempest-ServersTestMultiNic-7935907-router', 'tenant_id': 'ae53c0e3f8ad4a00a9f9fe236da22fc1', 'admin_state_up': True, 'status': 'ACTIVE', 'external_gateway_info': {'network_id': 'd3a9fad6-a4cf-47dd-989a-1883eb66c932', 'external_fixed_ips': [{'subnet_id': 'ccc35dcc-2d5c-40cf-a49e-6f1fbe169883', 'ip_address': '10.180.180.239'}], 'enable_snat': True}, 'description': '', 'availability_zones': [], 'distributed': False, 'ha': False, 'availability_zone_hints': [], 'routes': [], 'flavor_id': None, 'tags': [], 'created_at': '2025-04-03T04:39:48Z', 'updated_at': '2025-04-03T04:39:49Z', 'revision_number': 2, 'project_id': 'ae53c0e3f8ad4a00a9f9fe236da22fc1'}
2025-04-03 04:39:52.975 70642 INFO tempest.lib.common.rest_client [req-4c40119a-2f3f-42e0-821b-7fe1e8ce8492 req-4c40119a-2f3f-42e0-821b-7fe1e8ce8492 ] Request (FloatingIPsTestJSON:setUpClass): 201 POST http://10.180.1.21/identity/v3/auth/tokens 0.157s
2025-04-03 04:39:52.978 70660 INFO tempest.lib.common.rest_client [req-ec7aa571-da3a-4043-af45-dcaeb371d93c req-ec7aa571-da3a-4043-af45-dcaeb371d93c ] Request (HypervisorAdminV228Test:tearDownClass): 204 DELETE http://10.180.1.21/identity/v3/users/025ae2a8c4fe47d7b331d7786704b8a5 0.165s
2025-04-03 04:39:52.978 70604 INFO tempest.lib.common.rest_client [req-e911263a-5f45-4a11-bb81-aaad8a2b6b2b req-e911263a-5f45-4a11-bb81-aaad8a2b6b2b ] Request (ServersAdmin275Test:test_rebuild_update_server_275): 200 GET http://10.180.1.21/compute/v2.1/servers/99c5100f-890c-496c-b40a-2cd4a2be72e5 1.672s
2025-04-03 04:39:53.116 70628 INFO tempest.lib.common.rest_client [req-b92b4042-0d96-4ef0-96fd-d4b36fcd1076 req-b92b4042-0d96-4ef0-96fd-d4b36fcd1076 ] Request (ServersAdminNegativeTestJSON:setUpClass): 200 GET http://10.180.1.21/compute/v2.1/servers/0a84cbbb-8a36-4c53-bb72-d715abb4ac48 1.425s
2025-04-03 04:39:53.126 70660 INFO tempest.lib.common.rest_client [req-ae96f4bd-62b7-4b83-b23b-cb93fdeeb0b8 req-ae96f4bd-62b7-4b83-b23b-cb93fdeeb0b8 ] Request (HypervisorAdminV228Test:tearDownClass): 204 DELETE http://10.180.1.21/identity/v3/users/327be06b07e74343875ebb57b90bd5e3 0.148s
2025-04-03 04:39:53.127 70660 INFO tempest.lib.common.dynamic_creds [-] Deleting project and security group for project: 78cd24672fbd435985deae861e60f630
2025-04-03 04:39:53.145 70650 INFO tempest.lib.common.rest_client [req-3b966db9-ae1a-49d1-858a-60758d2808ed req-3b966db9-ae1a-49d1-858a-60758d2808ed ] Request (VolumesAssistedSnapshotsTest:setUpClass): 200 PUT http://10.180.1.21:9696/networking/v2.0/routers/8f75442d-2264-48da-98ff-df7fd8b7b133/add_router_interface 2.961s
