2025-04-03 04:41:34.001 70600 INFO tempest.lib.common.rest_client [req-4f67d83f-14d7-4c03-aaed-b9fa3c594bb4 req-4f67d83f-14d7-4c03-aaed-b9fa3c594bb4 ] Request (MigrationsAdminTest:test_list_migrations_in_flavor_resize_situation): 200 POST http://10.180.1.21/compute/v2.1/os-keypairs 0.693s
2025-04-03 04:41:34.040 70608 INFO tempest.lib.common.rest_client [req-5cea54ea-d4d5-47f2-a8a8-d5244553f191 req-5cea54ea-d4d5-47f2-a8a8-d5244553f191 ] Request (ServersNegativeTestMultiTenantJSON:setUpClass): 200 GET http://10.180.1.21/compute/v2.1/servers/b8e86b56-da33-4ae5-92fa-c4eb330b4679 0.719s
2025-04-03 04:41:34.065 70621 INFO tempest.lib.common.rest_client [req-b7caf021-c23f-4923-9fad-1c00a5988694 req-b7caf021-c23f-4923-9fad-1c00a5988694 ] Request (DeleteServersAdminTestJSON:test_delete_server_while_in_error_state): 200 GET http://10.180.1.21/compute/v2.1/servers/8d3a4e3f-033e-4ed0-a67c-99d0f9a3d753 0.680s
2025-04-03 04:41:34.106 70644 INFO tempest.lib.common.rest_client [req-ec74bcb6-4220-49a9-93bb-ced385e90cad req-ec74bcb6-4220-49a9-93bb-ced385e90cad ] Request (ServerActionsTestOtherB:setUpClass): 200 GET http://10.180.1.21/compute/v2.1/servers/94af8883-9a40-4929-8b36-16c400b3d18a 0.668s
2025-04-03 04:41:34.152 70636 INFO tempest.lib.common.rest_client [req-91bdd0cc-5db6-4023-b438-42aca39f999b req-91bdd0cc-5db6-4023-b438-42aca39f999b ] Request (ListServerFiltersTestJSON:setUpClass): 200 GET http://10.180.1.21/compute/v2.1/servers/1ad77931-f385-45f3-bbe1-dd6e8b986631 0.669s
2025-04-03 04:41:34.158 70640 INFO tempest.lib.common.rest_client [req-4a9d0418-fdc9-42fb-ad19-c6a887634999 req-4a9d0418-fdc9-42fb-ad19-c6a887634999 ] Request (ServersAdminTestJSON:test_inject_network_info): 200 GET http://10.180.1.21/compute/v2.1/servers/9632e467-f678-4808-97f7-f228e9bc52bc 0.623s
2025-04-03 04:41:34.163 70600 INFO tempest.lib.common.rest_client [req-d3c695aa-4497-4eaf-baca-17cc0e0a77c3 req-d3c695aa-4497-4eaf-baca-17cc0e0a77c3 ] Request (MigrationsAdminTest:test_list_migrations_in_flavor_resize_situation): 201 POST http://10.180.1.21:9696/networking/v2.0/security-groups 0.160s
2025-04-03 04:41:34.219 70606 INFO tempest.lib.common.rest_client [req-51802f49-35cf-4f9c-a567-df4457679f8b req-51802f49-35cf-4f9c-a567-df4457679f8b ] Request (DeleteServersTestJSON:test_delete_active_server): 200 GET http://10.180.1.21/compute/v2.1/servers/2d5cedee-6995-4e7f-b542-7379821901e1 0.649s
2025-04-03 04:41:34.223 70654 INFO tempest.lib.common.rest_client [req-1e4bd934-40e9-4b8b-8d04-7ac3fccbb4a7 req-1e4bd934-40e9-4b8b-8d04-7ac3fccbb4a7 ] Request (ServersListShow298Test:test_list_show_update_rebuild_server_298): 200 GET http://10.180.1.21/compute/v2.1/servers/9a2373d0-4c30-4811-8cfb-41cc23028535 0.473s
2025-04-03 04:41:34.267 70600 INFO tempest.lib.common.rest_client [req-e59c4494-9d23-4d4d-b2f1-5110174aece8 req-e59c4494-9d23-4d4d-b2f1-5110174aece8 ] Request (MigrationsAdminTest:test_list_migrations_in_flavor_resize_situation): 201 POST http://10.180.1.21:9696/networking/v2.0/security-group-rules 0.103s
2025-04-03 04:41:34.293 70652 INFO tempest.lib.common.rest_client [req-5f6c57a1-a14c-4474-95ba-4433473cca1d req-5f6c57a1-a14c-4474-95ba-4433473cca1d ] Request (AttachInterfacesV270Test:test_create_get_list_interfaces): 200 GET http://10.180.1.21/compute/v2.1/servers/a5ca6c00-0437-4f80-b0fa-65b6b68df973 0.499s
2025-04-03 04:41:34.308 70652 INFO tempest.common.waiters [-] State transition "BUILD/scheduling" ==> "BUILD/None" after 27 second wait
2025-04-03 04:41:34.324 70614 INFO tempest.lib.common.rest_client [req-21cb6d1e-3a95-4eed-87cc-132b250da67f req-21cb6d1e-3a95-4eed-87cc-132b250da67f ] Request (ServersTestFqdnHostnames:tearDownClass): 204 DELETE http://10.180.1.21/compute/v2.1/servers/2eb42f40-1b49-496b-8f23-3d7298666d77 0.362s
2025-04-03 04:41:34.352 70656 INFO tempest.lib.common.rest_client [req-8d412baa-88de-41ca-8986-688d77ad379b req-8d412baa-88de-41ca-8986-688d77ad379b ] Request (InstanceActionsTestJSON:setUpClass): 200 GET http://10.180.1.21/compute/v2.1/servers/c7e021c9-0f12-43e5-b66a-73335865fc11 0.355s
2025-04-03 04:41:34.376 70600 INFO tempest.lib.common.rest_client [req-e8e11731-530f-4e40-b2a8-d845c22d74f7 req-e8e11731-530f-4e40-b2a8-d845c22d74f7 ] Request (MigrationsAdminTest:test_list_migrations_in_flavor_resize_situation): 201 POST http://10.180.1.21:9696/networking/v2.0/security-group-rules 0.108s
2025-04-03 04:41:34.382 70630 INFO tempest.lib.common.rest_client [req-478b9c87-7d0d-4187-86d1-16ebf7614591 req-478b9c87-7d0d-4187-86d1-16ebf7614591 ] Request (ServerRescueTestJSONUnderV235:setUpClass): 200 GET http://10.180.1.21/compute/v2.1/servers/015b62f4-f233-4d72-89fd-221d8e381082 0.334s
2025-04-03 04:41:34.459 70612 INFO tempest.lib.common.rest_client [req-4aad3755-ced5-4bf4-beab-1acf7ab91b7d req-4aad3755-ced5-4bf4-beab-1acf7ab91b7d ] Request (ServerRescueTestJSON:setUpClass): 200 GET http://10.180.1.21/compute/v2.1/servers/a48068d4-716f-4df7-b75b-d522cbf99d46 0.214s
2025-04-03 04:41:34.472 70654 INFO tempest.lib.common.rest_client [req-79211f55-341d-4044-a47e-9068462cbb65 req-79211f55-341d-4044-a47e-9068462cbb65 ] Request (ServersListShow298Test:test_list_show_update_rebuild_server_298): 200 PUT http://10.180.1.21/compute/v2.1/servers/9a2373d0-4c30-4811-8cfb-41cc23028535 0.238s
2025-04-03 04:41:34.533 70660 INFO tempest.lib.common.rest_client [req-6579a5b6-93e7-4899-b64d-70ec1b43a093 req-6579a5b6-93e7-4899-b64d-70ec1b43a093 ] Request (FloatingIPsAssociationTestJSON:test_associate_already_associated_floating_ip): 200 GET http://10.180.1.21/compute/v2.1/servers/95850796-4c82-4e1f-b169-c2122a5c4950 0.172s
2025-04-03 04:41:34.635 70614 INFO tempest.lib.common.rest_client [req-114fbe19-7c60-45fa-b0df-b7cd590bfe8e req-114fbe19-7c60-45fa-b0df-b7cd590bfe8e ] Request (ServersTestFqdnHostnames:tearDownClass): 200 GET http://10.180.1.21/compute/v2.1/servers/2eb42f40-1b49-496b-8f23-3d7298666d77 0.310s
2025-04-03 04:41:34.664 70662 INFO tempest.lib.common.rest_client [req-b0393f88-9da1-4ba2-805d-07d9a537dbd6 req-b0393f88-9da1-4ba2-805d-07d9a537dbd6 ] Request (AttachInterfacesUnderV243Test:_run_cleanups): 200 GET http://10.180.1.21/compute/v2.1/servers/16c3a117-e725-45e2-94e9-fbc0156fbadd 0.283s
2025-04-03 04:41:34.704 70602 INFO tempest.lib.common.rest_client [req-05c6d292-0cd5-4ace-80d5-d73552d1690b req-05c6d292-0cd5-4ace-80d5-d73552d1690b ] Request (ImagesOneServerTestJSON:setUpClass): 200 GET http://10.180.1.21/compute/v2.1/servers/f5583748-c6c5-4da3-a4c6-d685472511d4 0.279s
2025-04-03 04:41:34.712 70602 INFO tempest.common.waiters [-] State transition "BUILD/None" ==> "BUILD/networking" after 42 second wait
2025-04-03 04:41:34.728 70610 INFO tempest.lib.common.rest_client [req-39c02fea-76b2-432b-a830-0df72f67bacf req-39c02fea-76b2-432b-a830-0df72f67bacf ] Request (ServerActionsTestJSON:setUpClass): 200 GET http://10.180.1.21/compute/v2.1/servers/dd793706-95da-42f2-b9fc-ee37f04e6923 0.295s
2025-04-03 04:41:34.738 70604 INFO tempest.lib.common.rest_client [req-3461c069-e4e6-473b-8c61-ad9630a1f6e6 req-3461c069-e4e6-473b-8c61-ad9630a1f6e6 ] Request (FloatingIPDetailsTestJSON:tearDownClass): 200 PUT http://10.180.1.21:9696/networking/v2.0/routers/9ce84853-1d19-447a-8928-3a0c531665fd/remove_router_interface 0.838s
2025-04-03 04:41:34.751 70642 INFO tempest.lib.common.rest_client [req-f5586b86-bfdb-4bf1-96e7-fe018787c6dd req-f5586b86-bfdb-4bf1-96e7-fe018787c6dd ] Request (ImagesTestJSON:test_create_image_from_suspended_server): 200 GET http://10.180.1.21/compute/v2.1/servers/982522d9-dee1-4251-a7a3-4bad81acc442 0.273s
2025-04-03 04:41:34.782 70616 INFO tempest.lib.common.rest_client [req-aa968f90-2eb6-4e11-bf35-c5bc0ff3bfcc req-aa968f90-2eb6-4e11-bf35-c5bc0ff3bfcc ] Request (ServersTestMultiNic:test_verify_multiple_nics_order): 200 GET http://10.180.1.21/compute/v2.1/servers/7be2da39-a762-4d2f-a520-44120528267c 0.302s
2025-04-03 04:41:34.839 70632 INFO tempest.lib.common.rest_client [req-920748ee-29d4-41e6-8cac-ad53bc761189 req-920748ee-29d4-41e6-8cac-ad53bc761189 ] Request (SecurityGroupsTestJSON:test_server_security_groups): 200 GET http://10.180.1.21/compute/v2.1/servers/a0a8df6e-572a-4874-9b2e-119e9a8933e6 0.307s
2025-04-03 04:41:34.904 70600 INFO tempest.lib.common.rest_client [req-9722cde2-1043-47b5-b594-a5522f069ccb req-9722cde2-1043-47b5-b594-a5522f069ccb ] Request (MigrationsAdminTest:test_list_migrations_in_flavor_resize_situation): 201 POST http://10.180.1.21:9696/networking/v2.0/floatingips 0.527s
2025-04-03 04:41:34.911 70618 INFO tempest.lib.common.rest_client [req-7599cf9c-79c9-4134-a320-f973ee7bcb83 req-7599cf9c-79c9-4134-a320-f973ee7bcb83 ] Request (AttachInterfacesTestJSON:test_create_list_show_delete_interfaces_by_fixed_ip): 200 GET http://10.180.1.21/compute/v2.1/servers/17e07646-9826-43d9-9295-3a70b541c534 0.328s
2025-04-03 04:41:34.945 70654 INFO tempest.lib.common.rest_client [req-946e0cd1-cf47-42f6-867f-289aec3b6d45 req-946e0cd1-cf47-42f6-867f-289aec3b6d45 ] Request (ServersListShow298Test:test_list_show_update_rebuild_server_298): 202 POST http://10.180.1.21/compute/v2.1/servers/9a2373d0-4c30-4811-8cfb-41cc23028535/action 0.462s
2025-04-03 04:41:34.964 70600 INFO tempest.lib.common.rest_client [req-7c8658fd-176a-4c12-9426-0e94695ce043 req-7c8658fd-176a-4c12-9426-0e94695ce043 ] Request (MigrationsAdminTest:test_list_migrations_in_flavor_resize_situation): 200 GET http://10.180.1.21/compute/v2.1/os-migrations 0.059s
2025-04-03 04:41:35.024 70638 INFO tempest.lib.common.rest_client [req-53a10f37-bc2c-4402-ba30-d8261d4ea199 req-53a10f37-bc2c-4402-ba30-d8261d4ea199 ] Request (InstanceActionsNegativeTestJSON:setUpClass): 200 GET http://10.180.1.21/compute/v2.1/servers/7b398910-13db-4ed9-b743-6f25046af2dc 0.103s
2025-04-03 04:41:35.097 70654 INFO tempest.lib.common.rest_client [req-119895d4-8887-457c-9872-80f7386b9196 req-119895d4-8887-457c-9872-80f7386b9196 ] Request (ServersListShow298Test:test_list_show_update_rebuild_server_298): 200 GET http://10.180.1.21/compute/v2.1/servers/9a2373d0-4c30-4811-8cfb-41cc23028535 0.139s
2025-04-03 04:41:35.104 70626 INFO tempest.lib.common.rest_client [req-c289618a-77fd-40e5-ac99-ff9f338f17a5 req-c289618a-77fd-40e5-ac99-ff9f338f17a5 ] Request (ServerDiskConfigTestJSON:test_rebuild_server_with_auto_disk_config): 200 GET http://10.180.1.21/compute/v2.1/servers/aad7167e-9a30-4fb0-bbbc-c57066db3311 0.245s
2025-04-03 04:41:35.111 70600 INFO tempest.lib.common.rest_client [req-b3a22625-de55-48c6-970a-929cf684ec66 req-b3a22625-de55-48c6-970a-929cf684ec66 ] Request (MigrationsAdminTest:test_resize_server_revert_deleted_flavor): 200 GET http://10.180.1.21/compute/v2.1/flavors/42 0.142s
2025-04-03 04:41:35.179 70634 INFO tempest.lib.common.rest_client [req-da6bcbdc-97ee-4600-909b-8a13faad6a2b req-da6bcbdc-97ee-4600-909b-8a13faad6a2b ] Request (ServerShowV257Test:test_rebuild_server): 200 GET http://10.180.1.21/compute/v2.1/servers/8f4f1690-4ef8-4178-8ed1-cd1e5b3da928 0.192s
2025-04-03 04:41:35.192 70628 INFO tempest.lib.common.rest_client [req-c643a4b8-f6fd-464c-a0e8-44a0b28e8358 req-c643a4b8-f6fd-464c-a0e8-44a0b28e8358 ] Request (ServersAdminNegativeTestJSON:tearDownClass): 200 GET http://10.180.1.21/compute/v2.1/servers/cf16c077-6f47-4ad4-b4b2-f14ae99e335a 0.218s
2025-04-03 04:41:35.228 70608 INFO tempest.lib.common.rest_client [req-30767c04-6044-4d21-ba65-4105c2de14b8 req-30767c04-6044-4d21-ba65-4105c2de14b8 ] Request (ServersNegativeTestMultiTenantJSON:setUpClass): 200 GET http://10.180.1.21/compute/v2.1/servers/b8e86b56-da33-4ae5-92fa-c4eb330b4679 0.177s
2025-04-03 04:41:35.246 70600 INFO tempest.lib.common.rest_client [req-ac8a791e-e4d9-477f-af4d-16e93261a2fe req-ac8a791e-e4d9-477f-af4d-16e93261a2fe ] Request (MigrationsAdminTest:test_resize_server_revert_deleted_flavor): 200 POST http://10.180.1.21/compute/v2.1/flavors 0.132s
2025-04-03 04:41:35.300 70644 INFO tempest.lib.common.rest_client [req-dbb4ee38-acc2-4c3d-8a27-0dd81e5f9c70 req-dbb4ee38-acc2-4c3d-8a27-0dd81e5f9c70 ] Request (ServerActionsTestOtherB:setUpClass): 200 GET http://10.180.1.21/compute/v2.1/servers/94af8883-9a40-4929-8b36-16c400b3d18a 0.186s
2025-04-03 04:41:35.360 70636 INFO tempest.lib.common.rest_client [req-4446d01c-908a-4fb5-ae3a-8bdfaf1ebb63 req-4446d01c-908a-4fb5-ae3a-8bdfaf1ebb63 ] Request (ListServerFiltersTestJSON:setUpClass): 200 GET http://10.180.1.21/compute/v2.1/servers/1ad77931-f385-45f3-bbe1-dd6e8b986631 0.197s
2025-04-03 04:41:35.418 70640 INFO tempest.lib.common.rest_client [req-824fd06f-4b63-481e-a406-00c670a423f9 req-824fd06f-4b63-481e-a406-00c670a423f9 ] Request (ServersAdminTestJSON:test_inject_network_info): 200 GET http://10.180.1.21/compute/v2.1/servers/9632e467-f678-4808-97f7-f228e9bc52bc 0.251s
2025-04-03 04:41:35.482 70606 INFO tempest.lib.common.rest_client [req-f69e17c0-a283-480e-85fe-186d4a0b0a57 req-f69e17c0-a283-480e-85fe-186d4a0b0a57 ] Request (DeleteServersTestJSON:test_delete_active_server): 200 GET http://10.180.1.21/compute/v2.1/servers/2d5cedee-6995-4e7f-b542-7379821901e1 0.254s
2025-04-03 04:41:35.495 70600 INFO tempest.lib.common.rest_client [req-88d33698-62bd-454c-a91f-43b6045c9298 req-88d33698-62bd-454c-a91f-43b6045c9298 ] Request (MigrationsAdminTest:test_resize_server_revert_deleted_flavor): 200 GET http://10.180.1.21/compute/v2.1/flavors/42/os-extra_specs 0.246s
2025-04-03 04:41:35.521 70621 INFO tempest.lib.common.rest_client [req-a004eea4-7c6a-44a6-849d-a0063663abf4 req-a004eea4-7c6a-44a6-849d-a0063663abf4 ] Request (DeleteServersAdminTestJSON:test_delete_server_while_in_error_state): 200 GET http://10.180.1.21/compute/v2.1/servers/8d3a4e3f-033e-4ed0-a67c-99d0f9a3d753 0.445s
2025-04-03 04:41:35.565 70652 INFO tempest.lib.common.rest_client [req-0ff9c32f-0694-498c-8846-ad5169db262f req-0ff9c32f-0694-498c-8846-ad5169db262f ] Request (AttachInterfacesV270Test:test_create_get_list_interfaces): 200 GET http://10.180.1.21/compute/v2.1/servers/a5ca6c00-0437-4f80-b0fa-65b6b68df973 0.255s
2025-04-03 04:41:35.601 70656 INFO tempest.lib.common.rest_client [req-45a9048c-1d00-4935-a20a-1225e42748ff req-45a9048c-1d00-4935-a20a-1225e42748ff ] Request (InstanceActionsTestJSON:setUpClass): 200 GET http://10.180.1.21/compute/v2.1/servers/c7e021c9-0f12-43e5-b66a-73335865fc11 0.237s
2025-04-03 04:41:35.612 70630 INFO tempest.lib.common.rest_client [req-d1006f28-9a4e-4076-b1c0-f356896bea47 req-d1006f28-9a4e-4076-b1c0-f356896bea47 ] Request (ServerRescueTestJSONUnderV235:setUpClass): 200 GET http://10.180.1.21/compute/v2.1/servers/015b62f4-f233-4d72-89fd-221d8e381082 0.219s
2025-04-03 04:41:35.634 70600 INFO tempest.lib.common.rest_client [req-19a74957-ca4a-4ee1-aa39-570c66fc0591 req-19a74957-ca4a-4ee1-aa39-570c66fc0591 ] Request (MigrationsAdminTest:test_resize_server_revert_deleted_flavor): 200 POST http://10.180.1.21/compute/v2.1/flavors/7e340323-1c44-4146-8647-99950ea9e727/os-extra_specs 0.137s
2025-04-03 04:41:35.673 70612 INFO tempest.lib.common.rest_client [req-5c19100f-3fbf-4426-92bd-d8245e884b9a req-5c19100f-3fbf-4426-92bd-d8245e884b9a ] Request (ServerRescueTestJSON:setUpClass): 200 GET http://10.180.1.21/compute/v2.1/servers/a48068d4-716f-4df7-b75b-d522cbf99d46 0.201s
2025-04-03 04:41:35.683 70660 INFO tempest.lib.common.rest_client [req-b5a140d1-bf27-4f2c-bd08-028b7a257069 req-b5a140d1-bf27-4f2c-bd08-028b7a257069 ] Request (FloatingIPsAssociationTestJSON:test_associate_already_associated_floating_ip): 200 GET http://10.180.1.21/compute/v2.1/servers/95850796-4c82-4e1f-b169-c2122a5c4950 0.141s
2025-04-03 04:41:35.727 70600 INFO tempest.lib.common.rest_client [req-d751e310-9925-4574-8810-3e44b3d44280 req-d751e310-9925-4574-8810-3e44b3d44280 ] Request (MigrationsAdminTest:test_resize_server_revert_deleted_flavor): 201 POST http://10.180.1.21/identity/v3/auth/tokens 0.089s
2025-04-03 04:41:35.727 70600 INFO tempest.lib.common.fixed_network [-] (MigrationsAdminTest:test_resize_server_revert_deleted_flavor) Found network None available for tenant
2025-04-03 04:41:35.776 70662 INFO tempest.lib.common.rest_client [req-adaba3db-b9df-4169-a9ac-3f49fcfd9557 req-adaba3db-b9df-4169-a9ac-3f49fcfd9557 ] Request (AttachInterfacesUnderV243Test:_run_cleanups): 200 GET http://10.180.1.21/compute/v2.1/servers/16c3a117-e725-45e2-94e9-fbc0156fbadd 0.101s
2025-04-03 04:41:35.861 70602 INFO tempest.lib.common.rest_client [req-1f1a3e10-956a-422c-8f35-ed71bd5566c5 req-1f1a3e10-956a-422c-8f35-ed71bd5566c5 ] Request (ImagesOneServerTestJSON:setUpClass): 200 GET http://10.180.1.21/compute/v2.1/servers/f5583748-c6c5-4da3-a4c6-d685472511d4 0.148s
2025-04-03 04:41:35.868 70658 WARNING tempest.lib.common.ssh [-] Failed to establish authenticated ssh connection to cirros@10.180.180.252 ([Errno None] Unable to connect to port 22 on 10.180.180.252). Number attempts: 5. Retry after 6 seconds.: paramiko.ssh_exception.NoValidConnectionsError: [Errno None] Unable to connect to port 22 on 10.180.180.252
2025-04-03 04:41:35.870 70602 INFO tempest.common.waiters [-] State transition "BUILD/networking" ==> "BUILD/block_device_mapping" after 43 second wait
2025-04-03 04:41:35.927 70604 INFO tempest.lib.common.rest_client [req-6d9b3d9b-85de-49e4-a02b-e3324d7d7c8a req-6d9b3d9b-85de-49e4-a02b-e3324d7d7c8a ] Request (FloatingIPDetailsTestJSON:tearDownClass): 204 DELETE http://10.180.1.21:9696/networking/v2.0/routers/9ce84853-1d19-447a-8928-3a0c531665fd 1.189s
2025-04-03 04:41:35.991 70614 INFO tempest.lib.common.rest_client [req-2fde3ac8-0b41-41a0-877b-d6bcec44726e req-2fde3ac8-0b41-41a0-877b-d6bcec44726e ] Request (ServersTestFqdnHostnames:tearDownClass): 200 GET http://10.180.1.21/compute/v2.1/servers/2eb42f40-1b49-496b-8f23-3d7298666d77 0.340s
2025-04-03 04:41:36.069 70610 INFO tempest.lib.common.rest_client [req-2ec76060-8b1a-49e2-b3bd-63fdca45e3d9 req-2ec76060-8b1a-49e2-b3bd-63fdca45e3d9 ] Request (ServerActionsTestJSON:setUpClass): 200 GET http://10.180.1.21/compute/v2.1/servers/dd793706-95da-42f2-b9fc-ee37f04e6923 0.332s
2025-04-03 04:41:36.123 70600 INFO tempest.lib.common.rest_client [req-da7af8eb-4abd-43e3-a9d8-09aee165e53d req-da7af8eb-4abd-43e3-a9d8-09aee165e53d ] Request (MigrationsAdminTest:test_resize_server_revert_deleted_flavor): 202 POST http://10.180.1.21/compute/v2.1/servers 0.395s
2025-04-03 04:41:36.148 70642 INFO tempest.lib.common.rest_client [req-14aaa809-a282-45a2-9c4f-55447e95c28a req-14aaa809-a282-45a2-9c4f-55447e95c28a ] Request (ImagesTestJSON:test_create_image_from_suspended_server): 200 GET http://10.180.1.21/compute/v2.1/servers/982522d9-dee1-4251-a7a3-4bad81acc442 0.384s
2025-04-03 04:41:36.149 70604 INFO tempest.lib.common.rest_client [req-fbd6a7de-c06d-4ea5-a333-d99fd1b9973c req-fbd6a7de-c06d-4ea5-a333-d99fd1b9973c ] Request (FloatingIPDetailsTestJSON:tearDownClass): 204 DELETE http://10.180.1.21:9696/networking/v2.0/subnets/4456d9ba-d4f8-45c6-9f8a-157da7941fe7 0.220s
2025-04-03 04:41:36.189 70616 INFO tempest.lib.common.rest_client [req-ae709c94-6650-4cf7-87bc-530e1d3b59de req-ae709c94-6650-4cf7-87bc-530e1d3b59de ] Request (ServersTestMultiNic:test_verify_multiple_nics_order): 200 GET http://10.180.1.21/compute/v2.1/servers/7be2da39-a762-4d2f-a520-44120528267c 0.394s
2025-04-03 04:41:36.208 70632 INFO tempest.lib.common.rest_client [req-9d2eab81-c6b9-4be4-94ff-3aac9edb74be req-9d2eab81-c6b9-4be4-94ff-3aac9edb74be ] Request (SecurityGroupsTestJSON:test_server_security_groups): 200 GET http://10.180.1.21/compute/v2.1/servers/a0a8df6e-572a-4874-9b2e-119e9a8933e6 0.360s
2025-04-03 04:41:36.249 70618 INFO tempest.lib.common.rest_client [req-c01f780f-129b-4732-9798-1123a27690d2 req-c01f780f-129b-4732-9798-1123a27690d2 ] Request (AttachInterfacesTestJSON:test_create_list_show_delete_interfaces_by_fixed_ip): 200 GET http://10.180.1.21/compute/v2.1/servers/17e07646-9826-43d9-9295-3a70b541c534 0.324s
2025-04-03 04:41:36.261 70638 INFO tempest.lib.common.rest_client [req-3d063706-cdf3-42e2-9c76-59c92e1d6198 req-3d063706-cdf3-42e2-9c76-59c92e1d6198 ] Request (InstanceActionsNegativeTestJSON:setUpClass): 200 GET http://10.180.1.21/compute/v2.1/servers/7b398910-13db-4ed9-b743-6f25046af2dc 0.229s
2025-04-03 04:41:36.306 70654 INFO tempest.lib.common.rest_client [req-217fbdd0-ae77-4a3f-a990-ae904ce24c40 req-217fbdd0-ae77-4a3f-a990-ae904ce24c40 ] Request (ServersListShow298Test:test_list_show_update_rebuild_server_298): 200 GET http://10.180.1.21/compute/v2.1/servers/9a2373d0-4c30-4811-8cfb-41cc23028535 0.197s
2025-04-03 04:41:36.329 70604 INFO tempest.lib.common.rest_client [req-a5dfb7b1-121f-43a4-a13e-9f8c4d5ca8d3 req-a5dfb7b1-121f-43a4-a13e-9f8c4d5ca8d3 ] Request (FloatingIPDetailsTestJSON:tearDownClass): 204 DELETE http://10.180.1.21:9696/networking/v2.0/networks/e485259e-f0a5-4675-92ed-f9a5f8d884a0 0.179s
2025-04-03 04:41:36.339 70600 INFO tempest.lib.common.rest_client [req-b1126e77-cc03-493e-b145-19fca9496c8b req-b1126e77-cc03-493e-b145-19fca9496c8b ] Request (MigrationsAdminTest:test_resize_server_revert_deleted_flavor): 200 GET http://10.180.1.21/compute/v2.1/servers/3cd24ffc-62ba-465a-8663-efbce0e593f5 0.214s
2025-04-03 04:41:36.389 70634 INFO tempest.lib.common.rest_client [req-c51ea622-3194-4efe-b6a8-81a6c366727e req-c51ea622-3194-4efe-b6a8-81a6c366727e ] Request (ServerShowV257Test:test_rebuild_server): 200 GET http://10.180.1.21/compute/v2.1/servers/8f4f1690-4ef8-4178-8ed1-cd1e5b3da928 0.201s
2025-04-03 04:41:36.391 70626 INFO tempest.lib.common.rest_client [req-bff52034-be1a-4e36-ae4f-7ab5ca3020b3 req-bff52034-be1a-4e36-ae4f-7ab5ca3020b3 ] Request (ServerDiskConfigTestJSON:test_rebuild_server_with_auto_disk_config): 200 GET http://10.180.1.21/compute/v2.1/servers/aad7167e-9a30-4fb0-bbbc-c57066db3311 0.275s
2025-04-03 04:41:36.411 70604 INFO tempest.lib.common.rest_client [req-3b17e8d7-0737-4084-bd7e-02bde0484787 req-3b17e8d7-0737-4084-bd7e-02bde0484787 ] Request (FloatingIPDetailsTestJSON:tearDownClass): 204 DELETE http://10.180.1.21/identity/v3/users/42d13a989b8c435ab4cc6dd6f0eab422 0.082s
2025-04-03 04:41:36.412 70604 INFO tempest.lib.common.dynamic_creds [-] Deleting project and security group for project: 0dd27579c6044ec79d2233724c0d0ddd
2025-04-03 04:41:36.441 70604 INFO tempest.lib.common.rest_client [req-49a0f12a-4972-4e69-8083-976d0e58f8a9 req-49a0f12a-4972-4e69-8083-976d0e58f8a9 ] Request (FloatingIPDetailsTestJSON:tearDownClass): 200 GET http://10.180.1.21:9696/networking/v2.0/security-groups?tenant_id=0dd27579c6044ec79d2233724c0d0ddd&name=default 0.029s
2025-04-03 04:41:36.453 70628 INFO tempest.lib.common.rest_client [req-ed97dfd2-2745-44cd-adf8-f3923bdfa01c req-ed97dfd2-2745-44cd-adf8-f3923bdfa01c ] Request (ServersAdminNegativeTestJSON:tearDownClass): 200 GET http://10.180.1.21/compute/v2.1/servers/cf16c077-6f47-4ad4-b4b2-f14ae99e335a 0.252s
2025-04-03 04:41:36.472 70608 INFO tempest.lib.common.rest_client [req-985c2664-2a8e-4940-a2b4-60b1245122c1 req-985c2664-2a8e-4940-a2b4-60b1245122c1 ] Request (ServersNegativeTestMultiTenantJSON:setUpClass): 200 GET http://10.180.1.21/compute/v2.1/servers/b8e86b56-da33-4ae5-92fa-c4eb330b4679 0.235s
2025-04-03 04:41:36.498 70644 INFO tempest.lib.common.rest_client [req-bb397841-f4bd-456a-bb46-360f0f8f4d15 req-bb397841-f4bd-456a-bb46-360f0f8f4d15 ] Request (ServerActionsTestOtherB:setUpClass): 200 GET http://10.180.1.21/compute/v2.1/servers/94af8883-9a40-4929-8b36-16c400b3d18a 0.187s
2025-04-03 04:41:36.531 70636 INFO tempest.lib.common.rest_client [req-8a844697-e5b3-4a61-b6e7-c83ea7c0e150 req-8a844697-e5b3-4a61-b6e7-c83ea7c0e150 ] Request (ListServerFiltersTestJSON:setUpClass): 200 GET http://10.180.1.21/compute/v2.1/servers/1ad77931-f385-45f3-bbe1-dd6e8b986631 0.155s
2025-04-03 04:41:36.554 70640 INFO tempest.lib.common.rest_client [req-069a2536-eba7-4145-922d-29dbd5f1caba req-069a2536-eba7-4145-922d-29dbd5f1caba ] Request (ServersAdminTestJSON:test_inject_network_info): 200 GET http://10.180.1.21/compute/v2.1/servers/9632e467-f678-4808-97f7-f228e9bc52bc 0.123s
2025-04-03 04:41:36.616 70606 INFO tempest.lib.common.rest_client [req-6ad21f8d-eb10-42b0-a7b0-58c84f30c606 req-6ad21f8d-eb10-42b0-a7b0-58c84f30c606 ] Request (DeleteServersTestJSON:test_delete_active_server): 200 GET http://10.180.1.21/compute/v2.1/servers/2d5cedee-6995-4e7f-b542-7379821901e1 0.127s
2025-04-03 04:41:36.618 70621 INFO tempest.lib.common.rest_client [req-5b76dc93-a874-4d4d-b4cc-e445d98fbe61 req-5b76dc93-a874-4d4d-b4cc-e445d98fbe61 ] Request (DeleteServersAdminTestJSON:test_delete_server_while_in_error_state): 200 GET http://10.180.1.21/compute/v2.1/servers/8d3a4e3f-033e-4ed0-a67c-99d0f9a3d753 0.087s
2025-04-03 04:41:36.622 70604 INFO tempest.lib.common.rest_client [req-09fb2f3f-2720-45f7-af19-8e4ef7365a8e req-09fb2f3f-2720-45f7-af19-8e4ef7365a8e ] Request (FloatingIPDetailsTestJSON:tearDownClass): 204 DELETE http://10.180.1.21:9696/networking/v2.0/security-groups/5030a8c3-e8f1-420c-9811-6d9409ac604b 0.180s
2025-04-03 04:41:36.692 70656 INFO tempest.lib.common.rest_client [req-d522522c-80ea-44ee-bf24-22442bc72659 req-d522522c-80ea-44ee-bf24-22442bc72659 ] Request (InstanceActionsTestJSON:setUpClass): 200 GET http://10.180.1.21/compute/v2.1/servers/c7e021c9-0f12-43e5-b66a-73335865fc11 0.074s
2025-04-03 04:41:36.701 70652 INFO tempest.lib.common.rest_client [req-657a9ece-3325-45ae-9bb5-7a744edaff26 req-657a9ece-3325-45ae-9bb5-7a744edaff26 ] Request (AttachInterfacesV270Test:test_create_get_list_interfaces): 200 GET http://10.180.1.21/compute/v2.1/servers/a5ca6c00-0437-4f80-b0fa-65b6b68df973 0.123s
2025-04-03 04:41:36.741 70604 INFO tempest.lib.common.rest_client [req-719f7906-8247-4923-82e0-48d4338a15a3 req-719f7906-8247-4923-82e0-48d4338a15a3 ] Request (FloatingIPDetailsTestJSON:tearDownClass): 204 DELETE http://10.180.1.21/identity/v3/projects/0dd27579c6044ec79d2233724c0d0ddd 0.119s
2025-04-03 04:41:36.762 70630 INFO tempest.lib.common.rest_client [req-2a722bd6-a8df-490d-be33-eae39f0600a8 req-2a722bd6-a8df-490d-be33-eae39f0600a8 ] Request (ServerRescueTestJSONUnderV235:setUpClass): 200 GET http://10.180.1.21/compute/v2.1/servers/015b62f4-f233-4d72-89fd-221d8e381082 0.137s
2025-04-03 04:41:36.801 70612 INFO tempest.lib.common.rest_client [req-f31e3fd2-cd85-4deb-b5f6-81bc18116101 req-f31e3fd2-cd85-4deb-b5f6-81bc18116101 ] Request (ServerRescueTestJSON:setUpClass): 200 GET http://10.180.1.21/compute/v2.1/servers/a48068d4-716f-4df7-b75b-d522cbf99d46 0.117s
2025-04-03 04:41:36.816 70660 INFO tempest.lib.common.rest_client [req-c72efa74-d735-459e-a509-869d497eb56d req-c72efa74-d735-459e-a509-869d497eb56d ] Request (FloatingIPsAssociationTestJSON:test_associate_already_associated_floating_ip): 200 GET http://10.180.1.21/compute/v2.1/servers/95850796-4c82-4e1f-b169-c2122a5c4950 0.121s
2025-04-03 04:41:36.823 70604 INFO tempest.lib.common.rest_client [req-0c83f441-35ab-4904-951a-c2ec9881dcdb req-0c83f441-35ab-4904-951a-c2ec9881dcdb ] Request (ListImageFiltersTestJSON:setUpClass): 201 POST http://10.180.1.21/identity/v3/auth/tokens 0.080s
2025-04-03 04:41:36.864 70604 INFO tempest.lib.common.rest_client [req-a0a2302d-6f63-4047-ae00-1cbfee324dbc req-a0a2302d-6f63-4047-ae00-1cbfee324dbc ] Request (ListImageFiltersTestJSON:setUpClass): 201 POST http://10.180.1.21/identity/v3/auth/tokens 0.033s
2025-04-03 04:41:36.888 70662 INFO tempest.lib.common.rest_client [req-7aaec7a8-b366-42a3-bad5-ded1cff2541d req-7aaec7a8-b366-42a3-bad5-ded1cff2541d ] Request (AttachInterfacesUnderV243Test:_run_cleanups): 200 GET http://10.180.1.21/compute/v2.1/servers/16c3a117-e725-45e2-94e9-fbc0156fbadd 0.101s
2025-04-03 04:41:36.896 70604 INFO tempest.lib.common.rest_client [req-a416b13f-1c55-4ad1-ab78-4190940ac2ea req-a416b13f-1c55-4ad1-ab78-4190940ac2ea ] Request (ListImageFiltersTestJSON:setUpClass): 200 GET http://10.180.1.21/identity/v3/domains?name=Default 0.031s
2025-04-03 04:41:36.935 70604 INFO tempest.lib.common.rest_client [req-682da35a-00f4-4123-887d-97bd3060d9ed req-682da35a-00f4-4123-887d-97bd3060d9ed ] Request (ListImageFiltersTestJSON:setUpClass): 201 POST http://10.180.1.21/identity/v3/projects 0.038s
2025-04-03 04:41:37.011 70602 INFO tempest.lib.common.rest_client [req-ab26f93e-6146-434d-9f07-3afc4d804396 req-ab26f93e-6146-434d-9f07-3afc4d804396 ] Request (ImagesOneServerTestJSON:setUpClass): 200 GET http://10.180.1.21/compute/v2.1/servers/f5583748-c6c5-4da3-a4c6-d685472511d4 0.141s
2025-04-03 04:41:37.021 70602 INFO tempest.common.waiters [-] State transition "BUILD/block_device_mapping" ==> "BUILD/spawning" after 45 second wait
2025-04-03 04:41:37.021 70604 INFO tempest.lib.common.rest_client [req-577fa977-31d5-4790-b24b-0a1ff5a658be req-577fa977-31d5-4790-b24b-0a1ff5a658be ] Request (ListImageFiltersTestJSON:setUpClass): 201 POST http://10.180.1.21/identity/v3/users 0.085s
2025-04-03 04:41:37.054 70604 INFO tempest.lib.common.rest_client [req-a91a7c26-9748-4395-9757-7eb37f765386 req-a91a7c26-9748-4395-9757-7eb37f765386 ] Request (ListImageFiltersTestJSON:setUpClass): 200 GET http://10.180.1.21/identity/v3/roles 0.033s
2025-04-03 04:41:37.076 70614 INFO tempest.lib.common.rest_client [req-b5763d54-d873-4fdd-8295-4f5ce8b57f3f req-b5763d54-d873-4fdd-8295-4f5ce8b57f3f ] Request (ServersTestFqdnHostnames:tearDownClass): 200 GET http://10.180.1.21/compute/v2.1/servers/2eb42f40-1b49-496b-8f23-3d7298666d77 0.075s
2025-04-03 04:41:37.112 70604 INFO tempest.lib.common.rest_client [req-e84727b4-cc4e-4a09-ade0-9d6eeca004df req-e84727b4-cc4e-4a09-ade0-9d6eeca004df ] Request (ListImageFiltersTestJSON:setUpClass): 204 PUT http://10.180.1.21/identity/v3/projects/a7213b2b38ac4bc7a6227065d7c29e00/users/18dbd26d62384317a308840e3817a5a8/roles/f687191b69b8409eabc6a45e1c71e414 0.057s
2025-04-03 04:41:37.112 70604 INFO tempest.lib.common.dynamic_creds [-] Dynamic test user 18dbd26d62384317a308840e3817a5a8 is created with scope project and roles: ['member']
2025-04-03 04:41:37.112 70604 INFO tempest.lib.common.dynamic_creds [-] Acquired dynamic creds: credentials: Credentials: {'domain_id': 'default', 'domain_name': 'Default', 'username': 'tempest-ListImageFiltersTestJSON-247641553-project-member', 'project_domain_id': 'default', 'project_domain_name': 'Default', 'project_id': 'a7213b2b38ac4bc7a6227065d7c29e00', 'project_name': 'tempest-ListImageFiltersTestJSON-247641553', 'tenant_id': 'a7213b2b38ac4bc7a6227065d7c29e00', 'tenant_name': 'tempest-ListImageFiltersTestJSON-247641553', 'user_domain_id': 'default', 'user_domain_name': 'Default', 'user_id': '18dbd26d62384317a308840e3817a5a8', 'system': None}, Network: None, Subnet: None, Router: None
2025-04-03 04:41:37.113 70604 INFO tempest.lib.common.dynamic_creds [-] Created isolated network resources for: credentials: Credentials: {'domain_id': 'default', 'domain_name': 'Default', 'username': 'tempest-ListImageFiltersTestJSON-247641553-project-member', 'project_domain_id': 'default', 'project_domain_name': 'Default', 'project_id': 'a7213b2b38ac4bc7a6227065d7c29e00', 'project_name': 'tempest-ListImageFiltersTestJSON-247641553', 'tenant_id': 'a7213b2b38ac4bc7a6227065d7c29e00', 'tenant_name': 'tempest-ListImageFiltersTestJSON-247641553', 'user_domain_id': 'default', 'user_domain_name': 'Default', 'user_id': '18dbd26d62384317a308840e3817a5a8', 'system': None}, Network: None, Subnet: None, Router: None
2025-04-03 04:41:37.142 70610 INFO tempest.lib.common.rest_client [req-0e41041f-15d8-4d50-8f1a-fbc9a120c541 req-0e41041f-15d8-4d50-8f1a-fbc9a120c541 ] Request (ServerActionsTestJSON:setUpClass): 200 GET http://10.180.1.21/compute/v2.1/servers/dd793706-95da-42f2-b9fc-ee37f04e6923 0.061s
2025-04-03 04:41:37.192 70604 INFO tempest.lib.common.rest_client [req-e18a09af-f699-4aa6-aeac-3b636fa40742 req-e18a09af-f699-4aa6-aeac-3b636fa40742 ] Request (ListImageFiltersTestJSON:setUpClass): 201 POST http://10.180.1.21/identity/v3/auth/tokens 0.072s
2025-04-03 04:41:37.208 70642 INFO tempest.lib.common.rest_client [req-7662e665-837d-4014-a082-5e98c5500111 req-7662e665-837d-4014-a082-5e98c5500111 ] Request (ImagesTestJSON:test_create_image_from_suspended_server): 200 GET http://10.180.1.21/compute/v2.1/servers/982522d9-dee1-4251-a7a3-4bad81acc442 0.050s
2025-04-03 04:41:37.256 70616 INFO tempest.lib.common.rest_client [req-1aa607ed-0803-48a3-9006-016f052b878a req-1aa607ed-0803-48a3-9006-016f052b878a ] Request (ServersTestMultiNic:test_verify_multiple_nics_order): 200 GET http://10.180.1.21/compute/v2.1/servers/7be2da39-a762-4d2f-a520-44120528267c 0.056s
2025-04-03 04:41:37.271 70632 INFO tempest.lib.common.rest_client [req-0919685f-5ebd-429e-a9e8-3cb8c9fd6539 req-0919685f-5ebd-429e-a9e8-3cb8c9fd6539 ] Request (SecurityGroupsTestJSON:test_server_security_groups): 200 GET http://10.180.1.21/compute/v2.1/servers/a0a8df6e-572a-4874-9b2e-119e9a8933e6 0.056s
2025-04-03 04:41:37.326 70618 INFO tempest.lib.common.rest_client [req-656073a9-0920-49b9-b38f-4f2d6d1467be req-656073a9-0920-49b9-b38f-4f2d6d1467be ] Request (AttachInterfacesTestJSON:test_create_list_show_delete_interfaces_by_fixed_ip): 200 GET http://10.180.1.21/compute/v2.1/servers/17e07646-9826-43d9-9295-3a70b541c534 0.067s
2025-04-03 04:41:37.335 70638 INFO tempest.lib.common.rest_client [req-eb37be67-2425-4a97-a662-f64d578a670c req-eb37be67-2425-4a97-a662-f64d578a670c ] Request (InstanceActionsNegativeTestJSON:setUpClass): 200 GET http://10.180.1.21/compute/v2.1/servers/7b398910-13db-4ed9-b743-6f25046af2dc 0.064s
2025-04-03 04:41:37.391 70654 INFO tempest.lib.common.rest_client [req-8b7ab3ca-ae77-49f6-8c5c-bc96650abcd3 req-8b7ab3ca-ae77-49f6-8c5c-bc96650abcd3 ] Request (ServersListShow298Test:test_list_show_update_rebuild_server_298): 200 GET http://10.180.1.21/compute/v2.1/servers/9a2373d0-4c30-4811-8cfb-41cc23028535 0.074s
2025-04-03 04:41:37.405 70600 INFO tempest.lib.common.rest_client [req-9e496a32-89f7-4b4a-b293-795f355b13c1 req-9e496a32-89f7-4b4a-b293-795f355b13c1 ] Request (MigrationsAdminTest:test_resize_server_revert_deleted_flavor): 200 GET http://10.180.1.21/compute/v2.1/servers/3cd24ffc-62ba-465a-8663-efbce0e593f5 0.058s
2025-04-03 04:41:37.446 70634 INFO tempest.lib.common.rest_client [req-0aeae0bb-5445-403e-9857-197905299b6b req-0aeae0bb-5445-403e-9857-197905299b6b ] Request (ServerShowV257Test:test_rebuild_server): 200 GET http://10.180.1.21/compute/v2.1/servers/8f4f1690-4ef8-4178-8ed1-cd1e5b3da928 0.048s
2025-04-03 04:41:37.489 70626 INFO tempest.lib.common.rest_client [req-a9c93dde-a170-4f71-a402-ba355b17a29b req-a9c93dde-a170-4f71-a402-ba355b17a29b ] Request (ServerDiskConfigTestJSON:test_rebuild_server_with_auto_disk_config): 200 GET http://10.180.1.21/compute/v2.1/servers/aad7167e-9a30-4fb0-bbbc-c57066db3311 0.089s
2025-04-03 04:41:37.518 70628 INFO tempest.lib.common.rest_client [req-233caf91-632d-4f9c-9e4c-877e38ef72c3 req-233caf91-632d-4f9c-9e4c-877e38ef72c3 ] Request (ServersAdminNegativeTestJSON:tearDownClass): 200 GET http://10.180.1.21/compute/v2.1/servers/cf16c077-6f47-4ad4-b4b2-f14ae99e335a 0.054s
2025-04-03 04:41:37.533 70608 INFO tempest.lib.common.rest_client [req-170ae3d8-b254-4422-ab75-ecd0f0ea2822 req-170ae3d8-b254-4422-ab75-ecd0f0ea2822 ] Request (ServersNegativeTestMultiTenantJSON:setUpClass): 200 GET http://10.180.1.21/compute/v2.1/servers/b8e86b56-da33-4ae5-92fa-c4eb330b4679 0.054s
2025-04-03 04:41:37.555 70604 INFO tempest.lib.common.rest_client [req-71414ec8-61b5-44d9-9220-ad05804ecf46 req-71414ec8-61b5-44d9-9220-ad05804ecf46 ] Request (ListImageFiltersTestJSON:setUpClass): 201 POST http://10.180.1.21/image/v2/images 0.363s
2025-04-03 04:41:37.574 70644 INFO tempest.lib.common.rest_client [req-0ea5ccff-653a-4197-ae6a-2b0905c929ae req-0ea5ccff-653a-4197-ae6a-2b0905c929ae ] Request (ServerActionsTestOtherB:setUpClass): 200 GET http://10.180.1.21/compute/v2.1/servers/94af8883-9a40-4929-8b36-16c400b3d18a 0.069s
2025-04-03 04:41:37.599 70636 INFO tempest.lib.common.rest_client [req-de04abab-30be-44d8-b642-cd5c5a32889a req-de04abab-30be-44d8-b642-cd5c5a32889a ] Request (ListServerFiltersTestJSON:setUpClass): 200 GET http://10.180.1.21/compute/v2.1/servers/1ad77931-f385-45f3-bbe1-dd6e8b986631 0.057s
2025-04-03 04:41:37.621 70640 INFO tempest.lib.common.rest_client [req-a59b1139-5f86-469c-9cb5-9c46acf9d030 req-a59b1139-5f86-469c-9cb5-9c46acf9d030 ] Request (ServersAdminTestJSON:test_inject_network_info): 200 GET http://10.180.1.21/compute/v2.1/servers/9632e467-f678-4808-97f7-f228e9bc52bc 0.057s
2025-04-03 04:41:37.700 70606 INFO tempest.lib.common.rest_client [req-5cfe8a77-129a-4b7e-91e8-8bc6834a6201 req-5cfe8a77-129a-4b7e-91e8-8bc6834a6201 ] Request (DeleteServersTestJSON:test_delete_active_server): 200 GET http://10.180.1.21/compute/v2.1/servers/2d5cedee-6995-4e7f-b542-7379821901e1 0.067s
2025-04-03 04:41:37.701 70621 INFO tempest.lib.common.rest_client [req-521ac5d9-3976-4a12-9c2f-2dc4a0a5575c req-521ac5d9-3976-4a12-9c2f-2dc4a0a5575c ] Request (DeleteServersAdminTestJSON:test_delete_server_while_in_error_state): 200 GET http://10.180.1.21/compute/v2.1/servers/8d3a4e3f-033e-4ed0-a67c-99d0f9a3d753 0.071s
2025-04-03 04:41:37.759 70656 INFO tempest.lib.common.rest_client [req-af1b2b51-55f5-4075-b84b-b2e341a9b0d4 req-af1b2b51-55f5-4075-b84b-b2e341a9b0d4 ] Request (InstanceActionsTestJSON:setUpClass): 200 GET http://10.180.1.21/compute/v2.1/servers/c7e021c9-0f12-43e5-b66a-73335865fc11 0.052s
2025-04-03 04:41:37.762 70652 INFO tempest.lib.common.rest_client [req-bb11f78c-84cd-489a-8557-c86515344a71 req-bb11f78c-84cd-489a-8557-c86515344a71 ] Request (AttachInterfacesV270Test:test_create_get_list_interfaces): 200 GET http://10.180.1.21/compute/v2.1/servers/a5ca6c00-0437-4f80-b0fa-65b6b68df973 0.048s
2025-04-03 04:41:37.765 70656 INFO tempest.common.waiters [-] State transition "BUILD/None" ==> "BUILD/networking" after 43 second wait
2025-04-03 04:41:37.821 70630 INFO tempest.lib.common.rest_client [req-9ddf2753-4e1c-454b-932e-bc3d9fe6da17 req-9ddf2753-4e1c-454b-932e-bc3d9fe6da17 ] Request (ServerRescueTestJSONUnderV235:setUpClass): 200 GET http://10.180.1.21/compute/v2.1/servers/015b62f4-f233-4d72-89fd-221d8e381082 0.049s
2025-04-03 04:41:37.870 70660 INFO tempest.lib.common.rest_client [req-77585386-bc4f-43f5-b9e5-859247b5b432 req-77585386-bc4f-43f5-b9e5-859247b5b432 ] Request (FloatingIPsAssociationTestJSON:test_associate_already_associated_floating_ip): 200 GET http://10.180.1.21/compute/v2.1/servers/95850796-4c82-4e1f-b169-c2122a5c4950 0.045s
2025-04-03 04:41:37.870 70612 INFO tempest.lib.common.rest_client [req-7fb6a0ab-d31c-49dd-8642-85c9d7726959 req-7fb6a0ab-d31c-49dd-8642-85c9d7726959 ] Request (ServerRescueTestJSON:setUpClass): 200 GET http://10.180.1.21/compute/v2.1/servers/a48068d4-716f-4df7-b75b-d522cbf99d46 0.057s
2025-04-03 04:41:37.950 70662 INFO tempest.lib.common.rest_client [req-e54b8c92-9e75-44d3-bde5-6c57aa044ff8 req-e54b8c92-9e75-44d3-bde5-6c57aa044ff8 ] Request (AttachInterfacesUnderV243Test:_run_cleanups): 200 GET http://10.180.1.21/compute/v2.1/servers/16c3a117-e725-45e2-94e9-fbc0156fbadd 0.051s
2025-04-03 04:41:37.958 70662 INFO tempest.common.waiters [-] State transition "ACTIVE/deleting" ==> "DELETED/None" after 4 second wait
2025-04-03 04:41:38.163 70614 INFO tempest.lib.common.rest_client [req-a3a5684d-0e7d-4be3-8166-95e9956d119c req-a3a5684d-0e7d-4be3-8166-95e9956d119c ] Request (ServersTestFqdnHostnames:tearDownClass): 200 GET http://10.180.1.21/compute/v2.1/servers/2eb42f40-1b49-496b-8f23-3d7298666d77 0.079s
2025-04-03 04:41:38.192 70602 INFO tempest.lib.common.rest_client [req-535b6ce0-6086-4f1b-9b37-8957f668febe req-535b6ce0-6086-4f1b-9b37-8957f668febe ] Request (ImagesOneServerTestJSON:setUpClass): 200 GET http://10.180.1.21/compute/v2.1/servers/f5583748-c6c5-4da3-a4c6-d685472511d4 0.171s
2025-04-03 04:41:38.215 70610 INFO tempest.lib.common.rest_client [req-56d5e0f3-317a-4bdf-b482-4fdc76e77024 req-56d5e0f3-317a-4bdf-b482-4fdc76e77024 ] Request (ServerActionsTestJSON:setUpClass): 200 GET http://10.180.1.21/compute/v2.1/servers/dd793706-95da-42f2-b9fc-ee37f04e6923 0.064s
2025-04-03 04:41:38.265 70642 INFO tempest.lib.common.rest_client [req-33a6d0eb-2508-4bb9-801f-fbbdcd9fa333 req-33a6d0eb-2508-4bb9-801f-fbbdcd9fa333 ] Request (ImagesTestJSON:test_create_image_from_suspended_server): 200 GET http://10.180.1.21/compute/v2.1/servers/982522d9-dee1-4251-a7a3-4bad81acc442 0.050s
2025-04-03 04:41:38.315 70616 INFO tempest.lib.common.rest_client [req-c65c4aaf-bc17-46f5-be3f-f3b4134021c9 req-c65c4aaf-bc17-46f5-be3f-f3b4134021c9 ] Request (ServersTestMultiNic:test_verify_multiple_nics_order): 200 GET http://10.180.1.21/compute/v2.1/servers/7be2da39-a762-4d2f-a520-44120528267c 0.050s
2025-04-03 04:41:38.326 70632 INFO tempest.lib.common.rest_client [req-23ebc572-6038-42f9-8714-fe6543557485 req-23ebc572-6038-42f9-8714-fe6543557485 ] Request (SecurityGroupsTestJSON:test_server_security_groups): 200 GET http://10.180.1.21/compute/v2.1/servers/a0a8df6e-572a-4874-9b2e-119e9a8933e6 0.045s
2025-04-03 04:41:38.380 70618 INFO tempest.lib.common.rest_client [req-6b40c86e-45d6-4395-9a3a-2f253040d69a req-6b40c86e-45d6-4395-9a3a-2f253040d69a ] Request (AttachInterfacesTestJSON:test_create_list_show_delete_interfaces_by_fixed_ip): 200 GET http://10.180.1.21/compute/v2.1/servers/17e07646-9826-43d9-9295-3a70b541c534 0.047s
2025-04-03 04:41:38.388 70638 INFO tempest.lib.common.rest_client [req-81260eae-8c5e-4ead-bc44-d842c66fcc50 req-81260eae-8c5e-4ead-bc44-d842c66fcc50 ] Request (InstanceActionsNegativeTestJSON:setUpClass): 200 GET http://10.180.1.21/compute/v2.1/servers/7b398910-13db-4ed9-b743-6f25046af2dc 0.045s
2025-04-03 04:41:38.460 70654 INFO tempest.lib.common.rest_client [req-8fcf1a88-a891-4bf8-9e80-be533edbefc0 req-8fcf1a88-a891-4bf8-9e80-be533edbefc0 ] Request (ServersListShow298Test:test_list_show_update_rebuild_server_298): 200 GET http://10.180.1.21/compute/v2.1/servers/9a2373d0-4c30-4811-8cfb-41cc23028535 0.055s
2025-04-03 04:41:38.460 70600 INFO tempest.lib.common.rest_client [req-e895007f-6624-4925-af5c-a8f450b55b65 req-e895007f-6624-4925-af5c-a8f450b55b65 ] Request (MigrationsAdminTest:test_resize_server_revert_deleted_flavor): 200 GET http://10.180.1.21/compute/v2.1/servers/3cd24ffc-62ba-465a-8663-efbce0e593f5 0.047s
2025-04-03 04:41:38.470 70654 INFO tempest.common.waiters [-] State transition "REBUILD/rebuilding" ==> "REBUILD/rebuild_spawning" after 3 second wait
2025-04-03 04:41:38.509 70634 INFO tempest.lib.common.rest_client [req-182313ec-96df-4c76-9835-a6e64400e4e0 req-182313ec-96df-4c76-9835-a6e64400e4e0 ] Request (ServerShowV257Test:test_rebuild_server): 200 GET http://10.180.1.21/compute/v2.1/servers/8f4f1690-4ef8-4178-8ed1-cd1e5b3da928 0.054s
2025-04-03 04:41:38.557 70650 WARNING tempest.lib.common.ssh [-] Failed to establish authenticated ssh connection to cirros@10.180.180.195 ([Errno None] Unable to connect to port 22 on 10.180.180.195). Number attempts: 6. Retry after 7 seconds.: paramiko.ssh_exception.NoValidConnectionsError: [Errno None] Unable to connect to port 22 on 10.180.180.195
2025-04-03 04:41:38.583 70628 INFO tempest.lib.common.rest_client [req-5fc552b2-acb8-48f2-8067-be1cc79612cb req-5fc552b2-acb8-48f2-8067-be1cc79612cb ] Request (ServersAdminNegativeTestJSON:tearDownClass): 200 GET http://10.180.1.21/compute/v2.1/servers/cf16c077-6f47-4ad4-b4b2-f14ae99e335a 0.057s
2025-04-03 04:41:38.618 70626 INFO tempest.lib.common.rest_client [req-5dbdcadc-15eb-4885-b15f-050f0632b7cc req-5dbdcadc-15eb-4885-b15f-050f0632b7cc ] Request (ServerDiskConfigTestJSON:test_rebuild_server_with_auto_disk_config): 200 GET http://10.180.1.21/compute/v2.1/servers/aad7167e-9a30-4fb0-bbbc-c57066db3311 0.121s
2025-04-03 04:41:38.633 70608 INFO tempest.lib.common.rest_client [req-2d568e29-f7ac-44de-99df-78b385b7a14e req-2d568e29-f7ac-44de-99df-78b385b7a14e ] Request (ServersNegativeTestMultiTenantJSON:setUpClass): 200 GET http://10.180.1.21/compute/v2.1/servers/b8e86b56-da33-4ae5-92fa-c4eb330b4679 0.091s
2025-04-03 04:41:38.666 70644 INFO tempest.lib.common.rest_client [req-dc32a08c-9abb-4610-a8f6-a4159dd00e40 req-dc32a08c-9abb-4610-a8f6-a4159dd00e40 ] Request (ServerActionsTestOtherB:setUpClass): 200 GET http://10.180.1.21/compute/v2.1/servers/94af8883-9a40-4929-8b36-16c400b3d18a 0.082s
2025-04-03 04:41:38.681 70636 INFO tempest.lib.common.rest_client [req-625b9beb-bc1e-4d07-89d7-f3dfb22eb32f req-625b9beb-bc1e-4d07-89d7-f3dfb22eb32f ] Request (ListServerFiltersTestJSON:setUpClass): 200 GET http://10.180.1.21/compute/v2.1/servers/1ad77931-f385-45f3-bbe1-dd6e8b986631 0.074s
2025-04-03 04:41:38.715 70640 INFO tempest.lib.common.rest_client [req-bff6d658-1dda-460e-93be-4de7994e5740 req-bff6d658-1dda-460e-93be-4de7994e5740 ] Request (ServersAdminTestJSON:test_inject_network_info): 200 GET http://10.180.1.21/compute/v2.1/servers/9632e467-f678-4808-97f7-f228e9bc52bc 0.086s
2025-04-03 04:41:38.762 70606 INFO tempest.lib.common.rest_client [req-d27511cd-4e96-44c4-b6e2-11d51f90ca83 req-d27511cd-4e96-44c4-b6e2-11d51f90ca83 ] Request (DeleteServersTestJSON:test_delete_active_server): 200 GET http://10.180.1.21/compute/v2.1/servers/2d5cedee-6995-4e7f-b542-7379821901e1 0.055s
2025-04-03 04:41:38.769 70621 INFO tempest.lib.common.rest_client [req-340ed999-1963-44d3-a005-72972fae99e2 req-340ed999-1963-44d3-a005-72972fae99e2 ] Request (DeleteServersAdminTestJSON:test_delete_server_while_in_error_state): 200 GET http://10.180.1.21/compute/v2.1/servers/8d3a4e3f-033e-4ed0-a67c-99d0f9a3d753 0.059s
2025-04-03 04:41:38.829 70652 INFO tempest.lib.common.rest_client [req-24f7eef2-a355-451b-88c4-3de506001290 req-24f7eef2-a355-451b-88c4-3de506001290 ] Request (AttachInterfacesV270Test:test_create_get_list_interfaces): 200 GET http://10.180.1.21/compute/v2.1/servers/a5ca6c00-0437-4f80-b0fa-65b6b68df973 0.057s
2025-04-03 04:41:38.862 70656 INFO tempest.lib.common.rest_client [req-d3aff47d-7e57-4e62-8ed7-12d4388e49f7 req-d3aff47d-7e57-4e62-8ed7-12d4388e49f7 ] Request (InstanceActionsTestJSON:setUpClass): 200 GET http://10.180.1.21/compute/v2.1/servers/c7e021c9-0f12-43e5-b66a-73335865fc11 0.095s
2025-04-03 04:41:38.869 70656 INFO tempest.common.waiters [-] State transition "BUILD/networking" ==> "BUILD/spawning" after 44 second wait
2025-04-03 04:41:38.885 70630 INFO tempest.lib.common.rest_client [req-454ef457-9a53-4ffe-9a36-98fa5f396b30 req-454ef457-9a53-4ffe-9a36-98fa5f396b30 ] Request (ServerRescueTestJSONUnderV235:setUpClass): 200 GET http://10.180.1.21/compute/v2.1/servers/015b62f4-f233-4d72-89fd-221d8e381082 0.051s
2025-04-03 04:41:38.930 70660 INFO tempest.lib.common.rest_client [req-87bc7908-a15b-4bb9-af2c-7c9632da7714 req-87bc7908-a15b-4bb9-af2c-7c9632da7714 ] Request (FloatingIPsAssociationTestJSON:test_associate_already_associated_floating_ip): 200 GET http://10.180.1.21/compute/v2.1/servers/95850796-4c82-4e1f-b169-c2122a5c4950 0.052s
2025-04-03 04:41:38.931 70612 INFO tempest.lib.common.rest_client [req-53987530-2453-46f3-9320-b70b6f30bae6 req-53987530-2453-46f3-9320-b70b6f30bae6 ] Request (ServerRescueTestJSON:setUpClass): 200 GET http://10.180.1.21/compute/v2.1/servers/a48068d4-716f-4df7-b75b-d522cbf99d46 0.053s
2025-04-03 04:41:39.018 70662 INFO tempest.lib.common.rest_client [req-15bc6445-e948-4d34-bb4d-6803aafcd497 req-15bc6445-e948-4d34-bb4d-6803aafcd497 ] Request (AttachInterfacesUnderV243Test:_run_cleanups): 200 GET http://10.180.1.21/compute/v2.1/servers/16c3a117-e725-45e2-94e9-fbc0156fbadd 0.058s
2025-04-03 04:41:39.093 70604 INFO tempest.lib.common.rest_client [req-f5ada218-77e0-4135-8b4f-27062bf59a71 req-f5ada218-77e0-4135-8b4f-27062bf59a71 ] Request (ListImageFiltersTestJSON:setUpClass): 204 PUT http://10.180.1.21/image/v2/images/ae156dec-d73a-4e52-b930-030188cbb3dd/file 0.537s
2025-04-03 04:41:39.121 70604 INFO tempest.lib.common.rest_client [req-91b1c19e-41ff-44d7-8dc2-2892802601b4 req-91b1c19e-41ff-44d7-8dc2-2892802601b4 ] Request (ListImageFiltersTestJSON:setUpClass): 200 GET http://10.180.1.21/compute/v2.1/images/ae156dec-d73a-4e52-b930-030188cbb3dd 0.028s
2025-04-03 04:41:39.152 70604 INFO tempest.lib.common.rest_client [req-0cd29f21-ece3-470e-98a1-05b848df6755 req-0cd29f21-ece3-470e-98a1-05b848df6755 ] Request (ListImageFiltersTestJSON:setUpClass): 200 GET http://10.180.1.21/compute/v2.1/images/ae156dec-d73a-4e52-b930-030188cbb3dd 0.027s
2025-04-03 04:41:39.242 70614 INFO tempest.lib.common.rest_client [req-8d06416f-f7ba-4126-9a60-5c244928857d req-8d06416f-f7ba-4126-9a60-5c244928857d ] Request (ServersTestFqdnHostnames:tearDownClass): 200 GET http://10.180.1.21/compute/v2.1/servers/2eb42f40-1b49-496b-8f23-3d7298666d77 0.070s
2025-04-03 04:41:39.252 70614 INFO tempest.common.waiters [-] State transition "ACTIVE/deleting" ==> "DELETED/None" after 5 second wait
2025-04-03 04:41:39.292 70610 INFO tempest.lib.common.rest_client [req-564b32f3-6d98-4233-94e2-eeb81099a957 req-564b32f3-6d98-4233-94e2-eeb81099a957 ] Request (ServerActionsTestJSON:setUpClass): 200 GET http://10.180.1.21/compute/v2.1/servers/dd793706-95da-42f2-b9fc-ee37f04e6923 0.067s
2025-04-03 04:41:39.312 70602 INFO tempest.lib.common.rest_client [req-4f37f1b5-1b5c-4f6c-8fa2-d7587ebe5405 req-4f37f1b5-1b5c-4f6c-8fa2-d7587ebe5405 ] Request (ImagesOneServerTestJSON:setUpClass): 200 GET http://10.180.1.21/compute/v2.1/servers/f5583748-c6c5-4da3-a4c6-d685472511d4 0.112s
2025-04-03 04:41:39.343 70642 INFO tempest.lib.common.rest_client [req-696b0aa7-be1f-4f6a-9a98-8de8d3936e04 req-696b0aa7-be1f-4f6a-9a98-8de8d3936e04 ] Request (ImagesTestJSON:test_create_image_from_suspended_server): 200 GET http://10.180.1.21/compute/v2.1/servers/982522d9-dee1-4251-a7a3-4bad81acc442 0.070s
2025-04-03 04:41:39.372 70616 INFO tempest.lib.common.rest_client [req-9d72eeec-6939-4f97-9d1c-40a38c4afa61 req-9d72eeec-6939-4f97-9d1c-40a38c4afa61 ] Request (ServersTestMultiNic:test_verify_multiple_nics_order): 200 GET http://10.180.1.21/compute/v2.1/servers/7be2da39-a762-4d2f-a520-44120528267c 0.049s
2025-04-03 04:41:39.388 70632 INFO tempest.lib.common.rest_client [req-76d6e2a2-31e5-4a1f-878e-7b8a5d06addb req-76d6e2a2-31e5-4a1f-878e-7b8a5d06addb ] Request (SecurityGroupsTestJSON:test_server_security_groups): 200 GET http://10.180.1.21/compute/v2.1/servers/a0a8df6e-572a-4874-9b2e-119e9a8933e6 0.053s
