2025-04-03 04:42:19.853 70638 INFO tempest.lib.common.rest_client [req-9390ed1e-6c9e-42eb-819f-87077be4d116 req-9390ed1e-6c9e-42eb-819f-87077be4d116 ] Request (InstanceActionsNegativeTestJSON:setUpClass): 200 GET http://10.180.1.21/compute/v2.1/servers/7b398910-13db-4ed9-b743-6f25046af2dc 0.409s
2025-04-03 04:42:19.860 70638 INFO tempest.common.waiters [-] State transition "BUILD/scheduling" ==> "BUILD/None" after 46 second wait
2025-04-03 04:42:19.901 70626 INFO tempest.lib.common.rest_client [req-cc166ea1-434c-4a9a-b6d7-33d8a479cc9b req-cc166ea1-434c-4a9a-b6d7-33d8a479cc9b ] Request (ServerDiskConfigTestJSON:test_rebuild_server_with_manual_disk_config): 200 GET http://10.180.1.21/compute/v2.1/servers/4a2a0594-39e2-4e91-bba9-954662de5f77 0.384s
2025-04-03 04:42:19.948 70662 INFO tempest.lib.common.rest_client [req-91485f1e-7101-4345-b0cf-c9ba0cbf6f4e req-91485f1e-7101-4345-b0cf-c9ba0cbf6f4e ] Request (ServersTestJSON:setUpClass): 200 GET http://10.180.1.21/compute/v2.1/servers/344d5579-628b-4a56-aedf-d9ecaa2c5c9f 0.374s
2025-04-03 04:42:19.992 70606 INFO tempest.lib.common.rest_client [req-ad66c944-f2bb-4dc0-9354-4d71690e329b req-ad66c944-f2bb-4dc0-9354-4d71690e329b ] Request (DeleteServersTestJSON:test_delete_server_while_in_attached_volume): 200 GET http://10.180.1.21/compute/v2.1/servers/248f0a9f-88ae-4c02-8870-57422c9f8ac3 0.394s
2025-04-03 04:42:20.041 70600 INFO tempest.lib.common.rest_client [req-33d1da09-4484-47dc-9e4f-96672032c77f req-33d1da09-4484-47dc-9e4f-96672032c77f ] Request (MigrationsAdminTest:test_resize_server_revert_deleted_flavor): 200 GET http://10.180.1.21/compute/v2.1/servers/3cd24ffc-62ba-465a-8663-efbce0e593f5 0.387s
2025-04-03 04:42:20.284 70622 WARNING tempest.lib.common.ssh [-] Failed to establish authenticated ssh connection to cirros@10.180.180.167 ([Errno None] Unable to connect to port 22 on 10.180.180.167). Number attempts: 8. Retry after 9 seconds.: paramiko.ssh_exception.NoValidConnectionsError: [Errno None] Unable to connect to port 22 on 10.180.180.167
2025-04-03 04:42:20.383 70632 INFO tempest.lib.common.rest_client [req-8395974d-d2be-467e-93cd-51dda84baa37 req-8395974d-d2be-467e-93cd-51dda84baa37 ] Request (SecurityGroupsTestJSON:test_server_security_groups): 202 POST http://10.180.1.21/compute/v2.1/servers/a0a8df6e-572a-4874-9b2e-119e9a8933e6/action 0.567s
2025-04-03 04:42:20.437 70636 INFO tempest.lib.common.rest_client [req-3d540ab3-532f-4783-8885-0afb1633f213 req-3d540ab3-532f-4783-8885-0afb1633f213 ] Request (ListServerFiltersTestJSON:setUpClass): 200 GET http://10.180.1.21/compute/v2.1/servers/1ad77931-f385-45f3-bbe1-dd6e8b986631 0.604s
2025-04-03 04:42:20.487 70644 INFO tempest.lib.common.rest_client [req-249aaa4a-8bb7-4bdc-b2b3-7f0bf575a8f5 req-249aaa4a-8bb7-4bdc-b2b3-7f0bf575a8f5 ] Request (ServerActionsTestOtherB:setUpClass): 200 GET http://10.180.1.21/compute/v2.1/servers/94af8883-9a40-4929-8b36-16c400b3d18a 0.597s
2025-04-03 04:42:20.538 70621 INFO tempest.lib.common.rest_client [req-9c62ce07-1a06-485b-94ac-edd37c0df335 req-9c62ce07-1a06-485b-94ac-edd37c0df335 ] Request (ServerTagsTestJSON:setUpClass): 200 GET http://10.180.1.21/compute/v2.1/servers/b3f9b17f-4e9b-4d78-954d-a6eee9613900 0.585s
2025-04-03 04:42:20.586 70604 INFO tempest.lib.common.rest_client [req-e7a5bbb5-f68e-4e17-b695-e7be1f73bf48 req-e7a5bbb5-f68e-4e17-b695-e7be1f73bf48 ] Request (ListImageFiltersTestJSON:setUpClass): 200 GET http://10.180.1.21/compute/v2.1/servers/0b934777-cba1-4d08-b077-bfdb23c35dec 0.583s
2025-04-03 04:42:20.632 70640 INFO tempest.lib.common.rest_client [req-11689eaa-cac4-4117-ac7c-5b4738fde5ff req-11689eaa-cac4-4117-ac7c-5b4738fde5ff ] Request (ServersAdminTestJSON:test_inject_network_info): 200 GET http://10.180.1.21/compute/v2.1/servers/9632e467-f678-4808-97f7-f228e9bc52bc 0.580s
2025-04-03 04:42:20.691 70608 INFO tempest.lib.common.rest_client [req-4e286162-8c40-45a4-aa6e-60a565847e36 req-4e286162-8c40-45a4-aa6e-60a565847e36 ] Request (ServersNegativeTestMultiTenantJSON:tearDownClass): 200 GET http://10.180.1.21/compute/v2.1/servers/b8e86b56-da33-4ae5-92fa-c4eb330b4679 0.569s
2025-04-03 04:42:20.725 70650 WARNING tempest.lib.common.ssh [-] Failed to establish authenticated ssh connection to cirros@10.180.180.195 ([Errno None] Unable to connect to port 22 on 10.180.180.195). Number attempts: 10. Retry after 11 seconds.: paramiko.ssh_exception.NoValidConnectionsError: [Errno None] Unable to connect to port 22 on 10.180.180.195
2025-04-03 04:42:20.740 70612 INFO tempest.lib.common.rest_client [req-a7c240ec-d7f6-4ff6-8e9e-278a68bdb95d req-a7c240ec-d7f6-4ff6-8e9e-278a68bdb95d ] Request (ServerRescueTestJSON:setUpClass): 200 GET http://10.180.1.21/compute/v2.1/servers/a48068d4-716f-4df7-b75b-d522cbf99d46 0.553s
2025-04-03 04:42:20.802 70634 INFO tempest.lib.common.rest_client [req-ae974cf3-463f-4189-8b5b-851ec776f921 req-ae974cf3-463f-4189-8b5b-851ec776f921 ] Request (ServerShowV257Test:test_rebuild_server): 200 GET http://10.180.1.21/compute/v2.1/servers/8f4f1690-4ef8-4178-8ed1-cd1e5b3da928 0.549s
2025-04-03 04:42:20.810 70634 INFO tempest.common.waiters [-] State transition "REBUILD/rebuild_spawning" ==> "ACTIVE/None" after 12 second wait
2025-04-03 04:42:20.850 70614 INFO tempest.lib.common.rest_client [req-552274b6-97fe-478f-82b2-a2b77af6f2fa req-552274b6-97fe-478f-82b2-a2b77af6f2fa ] Request (ServerActionsTestOtherA:setUpClass): 200 GET http://10.180.1.21/compute/v2.1/servers/7da61593-5cdd-4a3b-8999-754b6090bff7 0.552s
2025-04-03 04:42:20.903 70656 INFO tempest.lib.common.rest_client [req-b16d7a0f-9634-471b-9d86-3c9901346ed6 req-b16d7a0f-9634-471b-9d86-3c9901346ed6 ] Request (InstanceActionsTestJSON:tearDownClass): 200 GET http://10.180.1.21/compute/v2.1/servers/c7e021c9-0f12-43e5-b66a-73335865fc11 0.548s
2025-04-03 04:42:20.968 70632 INFO tempest.lib.common.rest_client [req-31f47eb8-18e7-42c4-86c2-9cea0710cf21 req-31f47eb8-18e7-42c4-86c2-9cea0710cf21 ] Request (SecurityGroupsTestJSON:test_server_security_groups): 400 DELETE http://10.180.1.21/compute/v2.1/os-security-groups/f5cf3148-4391-4a77-8f41-e12666080445 0.584s
2025-04-03 04:42:21.016 70660 INFO tempest.lib.common.rest_client [req-e235e281-24e7-4ec3-8eb6-7ea5f1b3aba3 req-e235e281-24e7-4ec3-8eb6-7ea5f1b3aba3 ] Request (FloatingIPsAssociationTestJSON:test_associate_already_associated_floating_ip): 200 GET http://10.180.1.21/compute/v2.1/servers/95850796-4c82-4e1f-b169-c2122a5c4950 0.612s
2025-04-03 04:42:21.072 70630 INFO tempest.lib.common.rest_client [req-e5804c62-d5f8-4843-bafe-358fc778575d req-e5804c62-d5f8-4843-bafe-358fc778575d ] Request (ServerRescueTestJSONUnderV235:tearDownClass): 200 GET http://10.180.1.21/compute/v2.1/servers/015b62f4-f233-4d72-89fd-221d8e381082 0.614s
2025-04-03 04:42:21.102 70602 INFO tempest.lib.common.rest_client [req-094288d6-2923-40b2-ab45-7e1ef3278f6f req-094288d6-2923-40b2-ab45-7e1ef3278f6f ] Request (ImagesOneServerTestJSON:test_create_image_specify_multibyte_character_image_name): 200 GET http://10.180.1.21/compute/v2.1/images/d8983495-1c94-4d06-94b7-e124b6f83077 0.612s
2025-04-03 04:42:21.159 70628 INFO tempest.lib.common.rest_client [req-d94da7d0-1b51-4ef2-bb11-4fdc644a9f74 req-d94da7d0-1b51-4ef2-bb11-4fdc644a9f74 ] Request (ServersAdminNegativeTestJSON:tearDownClass): 200 GET http://10.180.1.21/compute/v2.1/servers/0a84cbbb-8a36-4c53-bb72-d715abb4ac48 0.606s
2025-04-03 04:42:21.210 70642 INFO tempest.lib.common.rest_client [req-8dc84f41-34d9-4e17-92d3-5b7d7801cb8b req-8dc84f41-34d9-4e17-92d3-5b7d7801cb8b ] Request (ImagesTestJSON:test_create_image_from_suspended_server): 200 GET http://10.180.1.21/compute/v2.1/servers/982522d9-dee1-4251-a7a3-4bad81acc442 0.613s
2025-04-03 04:42:21.276 70654 INFO tempest.lib.common.rest_client [req-6460dfa2-bdbe-45d0-93e3-8ca0fe57e06a req-6460dfa2-bdbe-45d0-93e3-8ca0fe57e06a ] Request (ServersListShow298Test:tearDownClass): 200 GET http://10.180.1.21/compute/v2.1/servers/9a2373d0-4c30-4811-8cfb-41cc23028535 0.615s
2025-04-03 04:42:21.320 70616 INFO tempest.lib.common.rest_client [req-a9c62e48-a572-4b56-9257-d9daeff44c9b req-a9c62e48-a572-4b56-9257-d9daeff44c9b ] Request (ServersTestMultiNic:test_verify_multiple_nics_order): 200 GET http://10.180.1.21/compute/v2.1/servers/7be2da39-a762-4d2f-a520-44120528267c 0.617s
2025-04-03 04:42:21.383 70634 INFO tempest.lib.common.rest_client [req-32957b55-471b-4b26-a4ea-c51072fca861 req-32957b55-471b-4b26-a4ea-c51072fca861 ] Request (ServerShowV257Test:tearDownClass): 204 DELETE http://10.180.1.21/compute/v2.1/servers/8f4f1690-4ef8-4178-8ed1-cd1e5b3da928 0.567s
2025-04-03 04:42:21.428 70638 INFO tempest.lib.common.rest_client [req-c8123ef1-69e5-4bd1-9934-2f035c4626eb req-c8123ef1-69e5-4bd1-9934-2f035c4626eb ] Request (InstanceActionsNegativeTestJSON:setUpClass): 200 GET http://10.180.1.21/compute/v2.1/servers/7b398910-13db-4ed9-b743-6f25046af2dc 0.566s
2025-04-03 04:42:21.470 70626 INFO tempest.lib.common.rest_client [req-893201b2-6c44-4323-ba90-331e6ba988bf req-893201b2-6c44-4323-ba90-331e6ba988bf ] Request (ServerDiskConfigTestJSON:test_rebuild_server_with_manual_disk_config): 200 GET http://10.180.1.21/compute/v2.1/servers/4a2a0594-39e2-4e91-bba9-954662de5f77 0.562s
2025-04-03 04:42:21.516 70662 INFO tempest.lib.common.rest_client [req-e094cb57-abc0-4203-a4c5-053e46bc6ecc req-e094cb57-abc0-4203-a4c5-053e46bc6ecc ] Request (ServersTestJSON:setUpClass): 200 GET http://10.180.1.21/compute/v2.1/servers/344d5579-628b-4a56-aedf-d9ecaa2c5c9f 0.560s
2025-04-03 04:42:21.578 70632 INFO tempest.lib.common.rest_client [req-5fe3d6a9-fab5-414a-931e-4eade5c2a114 req-5fe3d6a9-fab5-414a-931e-4eade5c2a114 ] Request (SecurityGroupsTestJSON:test_server_security_groups): 204 DELETE http://10.180.1.21/compute/v2.1/servers/a0a8df6e-572a-4874-9b2e-119e9a8933e6 0.609s
2025-04-03 04:42:21.627 70606 INFO tempest.lib.common.rest_client [req-ae6b1843-4088-47f9-87be-f16c2193595b req-ae6b1843-4088-47f9-87be-f16c2193595b ] Request (DeleteServersTestJSON:test_delete_server_while_in_attached_volume): 200 GET http://10.180.1.21/compute/v2.1/servers/248f0a9f-88ae-4c02-8870-57422c9f8ac3 0.627s
2025-04-03 04:42:21.672 70600 INFO tempest.lib.common.rest_client [req-f89b203c-018e-4120-97f8-2664d4ca1178 req-f89b203c-018e-4120-97f8-2664d4ca1178 ] Request (MigrationsAdminTest:test_resize_server_revert_deleted_flavor): 200 GET http://10.180.1.21/compute/v2.1/servers/3cd24ffc-62ba-465a-8663-efbce0e593f5 0.622s
2025-04-03 04:42:21.701 70602 INFO tempest.lib.common.rest_client [req-be44fa99-ff2d-4a08-be03-7c885ae46e56 req-be44fa99-ff2d-4a08-be03-7c885ae46e56 ] Request (ImagesOneServerTestJSON:test_create_image_specify_multibyte_character_image_name): 200 GET http://10.180.1.21/compute/v2.1/images/d8983495-1c94-4d06-94b7-e124b6f83077 0.596s
2025-04-03 04:42:21.749 70634 INFO tempest.lib.common.rest_client [req-ab53e25c-5b6c-4fd8-9073-49b7bb448591 req-ab53e25c-5b6c-4fd8-9073-49b7bb448591 ] Request (ServerShowV257Test:tearDownClass): 200 GET http://10.180.1.21/compute/v2.1/servers/8f4f1690-4ef8-4178-8ed1-cd1e5b3da928 0.366s
2025-04-03 04:42:21.797 70636 INFO tempest.lib.common.rest_client [req-998e0e6c-09b6-4406-aac4-422108a771e7 req-998e0e6c-09b6-4406-aac4-422108a771e7 ] Request (ListServerFiltersTestJSON:setUpClass): 200 GET http://10.180.1.21/compute/v2.1/servers/1ad77931-f385-45f3-bbe1-dd6e8b986631 0.351s
2025-04-03 04:42:21.844 70644 INFO tempest.lib.common.rest_client [req-5e4ea2db-d9c8-4413-8702-58f0d9fd1224 req-5e4ea2db-d9c8-4413-8702-58f0d9fd1224 ] Request (ServerActionsTestOtherB:setUpClass): 200 GET http://10.180.1.21/compute/v2.1/servers/94af8883-9a40-4929-8b36-16c400b3d18a 0.349s
2025-04-03 04:42:21.880 70652 INFO tempest.lib.common.rest_client [req-66ca4b11-cb1f-4750-9f3c-f688432c73fe req-66ca4b11-cb1f-4750-9f3c-f688432c73fe ] Request (AttachInterfacesV270Test:test_create_get_list_interfaces): 400 POST http://10.180.1.21/compute/v2.1/servers/a5ca6c00-0437-4f80-b0fa-65b6b68df973/os-interface 3.039s
2025-04-03 04:42:21.892 70621 INFO tempest.lib.common.rest_client [req-be4005c0-d231-431c-b313-6dfbdc54b3d9 req-be4005c0-d231-431c-b313-6dfbdc54b3d9 ] Request (ServerTagsTestJSON:setUpClass): 200 GET http://10.180.1.21/compute/v2.1/servers/b3f9b17f-4e9b-4d78-954d-a6eee9613900 0.344s
2025-04-03 04:42:21.941 70604 INFO tempest.lib.common.rest_client [req-7160ca72-0805-4972-9995-9d02256b1583 req-7160ca72-0805-4972-9995-9d02256b1583 ] Request (ListImageFiltersTestJSON:setUpClass): 200 GET http://10.180.1.21/compute/v2.1/servers/0b934777-cba1-4d08-b077-bfdb23c35dec 0.348s
2025-04-03 04:42:21.985 70640 INFO tempest.lib.common.rest_client [req-32581275-2b32-4ae6-acae-a786ebdeae37 req-32581275-2b32-4ae6-acae-a786ebdeae37 ] Request (ServersAdminTestJSON:test_inject_network_info): 200 GET http://10.180.1.21/compute/v2.1/servers/9632e467-f678-4808-97f7-f228e9bc52bc 0.346s
2025-04-03 04:42:21.992 70632 INFO tempest.lib.common.rest_client [req-ef4ed402-41b9-4903-a1bf-f5b90a7b68ac req-ef4ed402-41b9-4903-a1bf-f5b90a7b68ac ] Request (SecurityGroupsTestJSON:test_server_security_groups): 200 GET http://10.180.1.21/compute/v2.1/servers/a0a8df6e-572a-4874-9b2e-119e9a8933e6 0.414s
2025-04-03 04:42:22.039 70608 INFO tempest.lib.common.rest_client [req-9b9f24c7-8102-47bf-a323-691fc086d2c8 req-9b9f24c7-8102-47bf-a323-691fc086d2c8 ] Request (ServersNegativeTestMultiTenantJSON:tearDownClass): 200 GET http://10.180.1.21/compute/v2.1/servers/b8e86b56-da33-4ae5-92fa-c4eb330b4679 0.341s
2025-04-03 04:42:22.095 70612 INFO tempest.lib.common.rest_client [req-305b65de-cfa1-4071-a768-ef6351af10fb req-305b65de-cfa1-4071-a768-ef6351af10fb ] Request (ServerRescueTestJSON:setUpClass): 200 GET http://10.180.1.21/compute/v2.1/servers/a48068d4-716f-4df7-b75b-d522cbf99d46 0.346s
2025-04-03 04:42:22.110 70602 INFO tempest.lib.common.rest_client [req-70c62d35-c7f4-4edb-b070-5e25e0e3cd4a req-70c62d35-c7f4-4edb-b070-5e25e0e3cd4a ] Request (ImagesOneServerTestJSON:test_create_image_specify_multibyte_character_image_name): 200 GET http://10.180.1.21/compute/v2.1/servers/f5583748-c6c5-4da3-a4c6-d685472511d4 0.405s
2025-04-03 04:42:22.147 70614 INFO tempest.lib.common.rest_client [req-23293436-8a24-44e3-8a8d-52e6ac621cb4 req-23293436-8a24-44e3-8a8d-52e6ac621cb4 ] Request (ServerActionsTestOtherA:setUpClass): 200 GET http://10.180.1.21/compute/v2.1/servers/7da61593-5cdd-4a3b-8999-754b6090bff7 0.290s
2025-04-03 04:42:22.175 70652 INFO tempest.lib.common.rest_client [req-9424b4de-a9d2-476a-9183-a692790ba7d3 req-9424b4de-a9d2-476a-9183-a692790ba7d3 ] Request (AttachInterfacesV270Test:tearDownClass): 204 DELETE http://10.180.1.21/compute/v2.1/servers/a5ca6c00-0437-4f80-b0fa-65b6b68df973 0.291s
2025-04-03 04:42:22.201 70656 INFO tempest.lib.common.rest_client [req-76c83437-0073-4e76-b680-0fe33aeeac36 req-76c83437-0073-4e76-b680-0fe33aeeac36 ] Request (InstanceActionsTestJSON:tearDownClass): 200 GET http://10.180.1.21/compute/v2.1/servers/c7e021c9-0f12-43e5-b66a-73335865fc11 0.291s
2025-04-03 04:42:22.220 70660 INFO tempest.lib.common.rest_client [req-0bef8916-5b0a-401c-aa2e-252877be5115 req-0bef8916-5b0a-401c-aa2e-252877be5115 ] Request (FloatingIPsAssociationTestJSON:test_associate_already_associated_floating_ip): 200 GET http://10.180.1.21/compute/v2.1/servers/95850796-4c82-4e1f-b169-c2122a5c4950 0.193s
2025-04-03 04:42:22.254 70630 INFO tempest.lib.common.rest_client [req-a89dc15c-5ef4-41cc-ad05-b11181896595 req-a89dc15c-5ef4-41cc-ad05-b11181896595 ] Request (ServerRescueTestJSONUnderV235:tearDownClass): 200 GET http://10.180.1.21/compute/v2.1/servers/015b62f4-f233-4d72-89fd-221d8e381082 0.171s
2025-04-03 04:42:22.273 70628 INFO tempest.lib.common.rest_client [req-06707f32-a535-4c2a-9a5f-c02b59ff70ff req-06707f32-a535-4c2a-9a5f-c02b59ff70ff ] Request (ServersAdminNegativeTestJSON:tearDownClass): 200 GET http://10.180.1.21/compute/v2.1/servers/0a84cbbb-8a36-4c53-bb72-d715abb4ac48 0.103s
2025-04-03 04:42:22.316 70642 INFO tempest.lib.common.rest_client [req-729c8f59-92a0-44c3-91ae-5977075b9fe1 req-729c8f59-92a0-44c3-91ae-5977075b9fe1 ] Request (ImagesTestJSON:test_create_image_from_suspended_server): 200 GET http://10.180.1.21/compute/v2.1/servers/982522d9-dee1-4251-a7a3-4bad81acc442 0.099s
2025-04-03 04:42:22.377 70654 INFO tempest.lib.common.rest_client [req-e5871c91-9a64-4ed4-848a-0f0696fcea2f req-e5871c91-9a64-4ed4-848a-0f0696fcea2f ] Request (ServersListShow298Test:tearDownClass): 200 GET http://10.180.1.21/compute/v2.1/servers/9a2373d0-4c30-4811-8cfb-41cc23028535 0.090s
2025-04-03 04:42:22.382 70652 INFO tempest.lib.common.rest_client [req-e4d9c190-9556-4560-a70c-7528a54fe1ef req-e4d9c190-9556-4560-a70c-7528a54fe1ef ] Request (AttachInterfacesV270Test:tearDownClass): 200 GET http://10.180.1.21/compute/v2.1/servers/a5ca6c00-0437-4f80-b0fa-65b6b68df973 0.207s
2025-04-03 04:42:22.421 70616 INFO tempest.lib.common.rest_client [req-31790bdd-1709-46b0-b406-465519d789b7 req-31790bdd-1709-46b0-b406-465519d789b7 ] Request (ServersTestMultiNic:test_verify_multiple_nics_order): 200 GET http://10.180.1.21/compute/v2.1/servers/7be2da39-a762-4d2f-a520-44120528267c 0.093s
2025-04-03 04:42:22.482 70638 INFO tempest.lib.common.rest_client [req-2018c865-b35e-4c5e-ba4c-48b5d183283e req-2018c865-b35e-4c5e-ba4c-48b5d183283e ] Request (InstanceActionsNegativeTestJSON:setUpClass): 200 GET http://10.180.1.21/compute/v2.1/servers/7b398910-13db-4ed9-b743-6f25046af2dc 0.047s
2025-04-03 04:42:22.523 70626 INFO tempest.lib.common.rest_client [req-82b20d91-6f37-4ac8-927c-c71a86d9775a req-82b20d91-6f37-4ac8-927c-c71a86d9775a ] Request (ServerDiskConfigTestJSON:test_rebuild_server_with_manual_disk_config): 200 GET http://10.180.1.21/compute/v2.1/servers/4a2a0594-39e2-4e91-bba9-954662de5f77 0.046s
2025-04-03 04:42:22.574 70662 INFO tempest.lib.common.rest_client [req-fdf116a1-c737-412e-a0b6-d605318d78a8 req-fdf116a1-c737-412e-a0b6-d605318d78a8 ] Request (ServersTestJSON:setUpClass): 200 GET http://10.180.1.21/compute/v2.1/servers/344d5579-628b-4a56-aedf-d9ecaa2c5c9f 0.050s
2025-04-03 04:42:22.686 70606 INFO tempest.lib.common.rest_client [req-df99af18-f774-4702-b88d-1e043c139278 req-df99af18-f774-4702-b88d-1e043c139278 ] Request (DeleteServersTestJSON:test_delete_server_while_in_attached_volume): 200 GET http://10.180.1.21/compute/v2.1/servers/248f0a9f-88ae-4c02-8870-57422c9f8ac3 0.050s
2025-04-03 04:42:22.731 70600 INFO tempest.lib.common.rest_client [req-f705fd47-cca8-4596-bfc1-f61f67dd25a5 req-f705fd47-cca8-4596-bfc1-f61f67dd25a5 ] Request (MigrationsAdminTest:test_resize_server_revert_deleted_flavor): 200 GET http://10.180.1.21/compute/v2.1/servers/3cd24ffc-62ba-465a-8663-efbce0e593f5 0.052s
2025-04-03 04:42:22.810 70634 INFO tempest.lib.common.rest_client [req-510de60e-47d9-4434-810b-42f8c89c4827 req-510de60e-47d9-4434-810b-42f8c89c4827 ] Request (ServerShowV257Test:tearDownClass): 200 GET http://10.180.1.21/compute/v2.1/servers/8f4f1690-4ef8-4178-8ed1-cd1e5b3da928 0.051s
2025-04-03 04:42:22.850 70636 INFO tempest.lib.common.rest_client [req-e75c393b-e102-4a1d-8f80-a7862f6e9154 req-e75c393b-e102-4a1d-8f80-a7862f6e9154 ] Request (ListServerFiltersTestJSON:setUpClass): 200 GET http://10.180.1.21/compute/v2.1/servers/1ad77931-f385-45f3-bbe1-dd6e8b986631 0.045s
2025-04-03 04:42:22.902 70644 INFO tempest.lib.common.rest_client [req-07abefa3-2051-4665-b8f2-298a58739abd req-07abefa3-2051-4665-b8f2-298a58739abd ] Request (ServerActionsTestOtherB:setUpClass): 200 GET http://10.180.1.21/compute/v2.1/servers/94af8883-9a40-4929-8b36-16c400b3d18a 0.049s
2025-04-03 04:42:22.953 70621 INFO tempest.lib.common.rest_client [req-7554e7c1-be7d-44b7-8236-9d464aa0fb94 req-7554e7c1-be7d-44b7-8236-9d464aa0fb94 ] Request (ServerTagsTestJSON:setUpClass): 200 GET http://10.180.1.21/compute/v2.1/servers/b3f9b17f-4e9b-4d78-954d-a6eee9613900 0.049s
2025-04-03 04:42:23.001 70604 INFO tempest.lib.common.rest_client [req-1b88da50-de8e-4584-8ede-b28961b2b338 req-1b88da50-de8e-4584-8ede-b28961b2b338 ] Request (ListImageFiltersTestJSON:setUpClass): 200 GET http://10.180.1.21/compute/v2.1/servers/0b934777-cba1-4d08-b077-bfdb23c35dec 0.051s
2025-04-03 04:42:23.041 70640 INFO tempest.lib.common.rest_client [req-f5aa04a3-c501-4ac8-ad2e-6dc9e6087ae2 req-f5aa04a3-c501-4ac8-ad2e-6dc9e6087ae2 ] Request (ServersAdminTestJSON:test_inject_network_info): 200 GET http://10.180.1.21/compute/v2.1/servers/9632e467-f678-4808-97f7-f228e9bc52bc 0.047s
2025-04-03 04:42:23.088 70632 INFO tempest.lib.common.rest_client [req-a2216ee6-1590-4b3f-a5dd-3eda63496928 req-a2216ee6-1590-4b3f-a5dd-3eda63496928 ] Request (SecurityGroupsTestJSON:test_server_security_groups): 200 GET http://10.180.1.21/compute/v2.1/servers/a0a8df6e-572a-4874-9b2e-119e9a8933e6 0.087s
2025-04-03 04:42:23.103 70608 INFO tempest.lib.common.rest_client [req-84663fd9-1e4b-4b84-8779-bd6a6b7b03ec req-84663fd9-1e4b-4b84-8779-bd6a6b7b03ec ] Request (ServersNegativeTestMultiTenantJSON:tearDownClass): 200 GET http://10.180.1.21/compute/v2.1/servers/b8e86b56-da33-4ae5-92fa-c4eb330b4679 0.054s
2025-04-03 04:42:23.154 70612 INFO tempest.lib.common.rest_client [req-a8880dd1-986c-4c5f-892b-3e685ce0d0b3 req-a8880dd1-986c-4c5f-892b-3e685ce0d0b3 ] Request (ServerRescueTestJSON:setUpClass): 200 GET http://10.180.1.21/compute/v2.1/servers/a48068d4-716f-4df7-b75b-d522cbf99d46 0.051s
2025-04-03 04:42:23.205 70614 INFO tempest.lib.common.rest_client [req-32bd090f-f204-4340-9cd2-1867cda680ca req-32bd090f-f204-4340-9cd2-1867cda680ca ] Request (ServerActionsTestOtherA:setUpClass): 200 GET http://10.180.1.21/compute/v2.1/servers/7da61593-5cdd-4a3b-8999-754b6090bff7 0.050s
2025-04-03 04:42:23.228 70602 INFO tempest.lib.common.rest_client [req-08b9d72c-392f-490a-8767-0e2878a83ca5 req-08b9d72c-392f-490a-8767-0e2878a83ca5 ] Request (ImagesOneServerTestJSON:test_create_image_specify_multibyte_character_image_name): 200 GET http://10.180.1.21/compute/v2.1/servers/f5583748-c6c5-4da3-a4c6-d685472511d4 0.109s
2025-04-03 04:42:23.237 70602 INFO tempest.common.waiters [-] State transition "ACTIVE/image_uploading" ==> "ACTIVE/None" after 1 second wait
2025-04-03 04:42:23.273 70656 INFO tempest.lib.common.rest_client [req-16682ad1-42dc-4779-85d9-5c4ad3cca087 req-16682ad1-42dc-4779-85d9-5c4ad3cca087 ] Request (InstanceActionsTestJSON:tearDownClass): 200 GET http://10.180.1.21/compute/v2.1/servers/c7e021c9-0f12-43e5-b66a-73335865fc11 0.064s
2025-04-03 04:42:23.275 70660 INFO tempest.lib.common.rest_client [req-f87edcde-b573-4ebf-a77b-6b328ba441c4 req-f87edcde-b573-4ebf-a77b-6b328ba441c4 ] Request (FloatingIPsAssociationTestJSON:test_associate_already_associated_floating_ip): 200 GET http://10.180.1.21/compute/v2.1/servers/95850796-4c82-4e1f-b169-c2122a5c4950 0.048s
2025-04-03 04:42:23.326 70630 INFO tempest.lib.common.rest_client [req-44f0d94d-dc96-429c-b69a-0463ffc79d41 req-44f0d94d-dc96-429c-b69a-0463ffc79d41 ] Request (ServerRescueTestJSONUnderV235:tearDownClass): 200 GET http://10.180.1.21/compute/v2.1/servers/015b62f4-f233-4d72-89fd-221d8e381082 0.060s
2025-04-03 04:42:23.378 70602 INFO tempest.lib.common.rest_client [req-6a1b2f7f-9329-4180-98d0-2bb33d9592c1 req-6a1b2f7f-9329-4180-98d0-2bb33d9592c1 ] Request (ImagesOneServerTestJSON:tearDownClass): 204 DELETE http://10.180.1.21/compute/v2.1/images/d8983495-1c94-4d06-94b7-e124b6f83077 0.140s
2025-04-03 04:42:23.381 70628 INFO tempest.lib.common.rest_client [req-a20be592-b4ff-4063-8a50-58bded89886d req-a20be592-b4ff-4063-8a50-58bded89886d ] Request (ServersAdminNegativeTestJSON:tearDownClass): 200 GET http://10.180.1.21/compute/v2.1/servers/0a84cbbb-8a36-4c53-bb72-d715abb4ac48 0.101s
2025-04-03 04:42:23.398 70602 INFO tempest.lib.common.rest_client [req-aee78c27-b8c4-4dff-8702-74e887761a24 req-aee78c27-b8c4-4dff-8702-74e887761a24 ] Request (ImagesOneServerTestJSON:tearDownClass): 404 DELETE http://10.180.1.21/compute/v2.1/images/9f00df21-dfb1-42e3-a840-ee1c82d5eaa8 0.019s
2025-04-03 04:42:23.425 70642 INFO tempest.lib.common.rest_client [req-398d0573-c7e3-4904-8bc1-50642a7ae1f2 req-398d0573-c7e3-4904-8bc1-50642a7ae1f2 ] Request (ImagesTestJSON:test_create_image_from_suspended_server): 200 GET http://10.180.1.21/compute/v2.1/servers/982522d9-dee1-4251-a7a3-4bad81acc442 0.101s
2025-04-03 04:42:23.458 70654 INFO tempest.lib.common.rest_client [req-97ba9382-30fa-4e03-9271-7a131cd0cf12 req-97ba9382-30fa-4e03-9271-7a131cd0cf12 ] Request (ServersListShow298Test:tearDownClass): 200 GET http://10.180.1.21/compute/v2.1/servers/9a2373d0-4c30-4811-8cfb-41cc23028535 0.069s
2025-04-03 04:42:23.520 70602 INFO tempest.lib.common.rest_client [req-bace8af2-3cb3-4795-92e8-d50c9479155b req-bace8af2-3cb3-4795-92e8-d50c9479155b ] Request (ImagesOneServerTestJSON:tearDownClass): 204 DELETE http://10.180.1.21/compute/v2.1/servers/f5583748-c6c5-4da3-a4c6-d685472511d4 0.121s
2025-04-03 04:42:23.535 70652 INFO tempest.lib.common.rest_client [req-a0255be0-e902-49e7-ab2b-de4e3b1f6ffc req-a0255be0-e902-49e7-ab2b-de4e3b1f6ffc ] Request (AttachInterfacesV270Test:tearDownClass): 200 GET http://10.180.1.21/compute/v2.1/servers/a5ca6c00-0437-4f80-b0fa-65b6b68df973 0.143s
2025-04-03 04:42:23.565 70616 INFO tempest.lib.common.rest_client [req-4a89a1c9-c1e7-4d13-85f8-af8e2f20885a req-4a89a1c9-c1e7-4d13-85f8-af8e2f20885a ] Request (ServersTestMultiNic:test_verify_multiple_nics_order): 200 GET http://10.180.1.21/compute/v2.1/servers/7be2da39-a762-4d2f-a520-44120528267c 0.137s
2025-04-03 04:42:23.582 70638 INFO tempest.lib.common.rest_client [req-20e4f42c-cead-4611-910b-24f8d5cea27e req-20e4f42c-cead-4611-910b-24f8d5cea27e ] Request (InstanceActionsNegativeTestJSON:setUpClass): 200 GET http://10.180.1.21/compute/v2.1/servers/7b398910-13db-4ed9-b743-6f25046af2dc 0.092s
2025-04-03 04:42:23.627 70626 INFO tempest.lib.common.rest_client [req-02e1adb6-b981-4d2b-91bd-7c8d4f5ac754 req-02e1adb6-b981-4d2b-91bd-7c8d4f5ac754 ] Request (ServerDiskConfigTestJSON:test_rebuild_server_with_manual_disk_config): 200 GET http://10.180.1.21/compute/v2.1/servers/4a2a0594-39e2-4e91-bba9-954662de5f77 0.095s
2025-04-03 04:42:23.653 70602 INFO tempest.lib.common.rest_client [req-63f702f4-334f-4e22-a424-8dec830975f6 req-63f702f4-334f-4e22-a424-8dec830975f6 ] Request (ImagesOneServerTestJSON:tearDownClass): 200 GET http://10.180.1.21/compute/v2.1/servers/f5583748-c6c5-4da3-a4c6-d685472511d4 0.133s
2025-04-03 04:42:23.674 70662 INFO tempest.lib.common.rest_client [req-e8826c2b-7027-44b0-a26e-bf663ec24909 req-e8826c2b-7027-44b0-a26e-bf663ec24909 ] Request (ServersTestJSON:setUpClass): 200 GET http://10.180.1.21/compute/v2.1/servers/344d5579-628b-4a56-aedf-d9ecaa2c5c9f 0.092s
2025-04-03 04:42:23.762 70606 INFO tempest.lib.common.rest_client [req-9aa6c427-6393-423c-b0cb-fae42a50b09c req-9aa6c427-6393-423c-b0cb-fae42a50b09c ] Request (DeleteServersTestJSON:test_delete_server_while_in_attached_volume): 200 GET http://10.180.1.21/compute/v2.1/servers/248f0a9f-88ae-4c02-8870-57422c9f8ac3 0.068s
2025-04-03 04:42:23.794 70600 INFO tempest.lib.common.rest_client [req-14d2888f-ad93-422b-8fc3-3fc2ad0ed719 req-14d2888f-ad93-422b-8fc3-3fc2ad0ed719 ] Request (MigrationsAdminTest:test_resize_server_revert_deleted_flavor): 200 GET http://10.180.1.21/compute/v2.1/servers/3cd24ffc-62ba-465a-8663-efbce0e593f5 0.055s
2025-04-03 04:42:23.886 70634 INFO tempest.lib.common.rest_client [req-dccf312f-2029-4dff-823f-d8642a9d5984 req-dccf312f-2029-4dff-823f-d8642a9d5984 ] Request (ServerShowV257Test:tearDownClass): 200 GET http://10.180.1.21/compute/v2.1/servers/8f4f1690-4ef8-4178-8ed1-cd1e5b3da928 0.066s
2025-04-03 04:42:23.913 70636 INFO tempest.lib.common.rest_client [req-1c45efae-83f4-4c0e-8532-00e67d14ed55 req-1c45efae-83f4-4c0e-8532-00e67d14ed55 ] Request (ListServerFiltersTestJSON:setUpClass): 200 GET http://10.180.1.21/compute/v2.1/servers/1ad77931-f385-45f3-bbe1-dd6e8b986631 0.056s
2025-04-03 04:42:24.053 70621 INFO tempest.lib.common.rest_client [req-3ef88e78-e04b-4073-9b32-8e6171bdc38c req-3ef88e78-e04b-4073-9b32-8e6171bdc38c ] Request (ServerTagsTestJSON:setUpClass): 200 GET http://10.180.1.21/compute/v2.1/servers/b3f9b17f-4e9b-4d78-954d-a6eee9613900 0.084s
2025-04-03 04:42:24.060 70644 INFO tempest.lib.common.rest_client [req-c2db5f40-fe45-40c8-9faa-4ffbe5cc0d78 req-c2db5f40-fe45-40c8-9faa-4ffbe5cc0d78 ] Request (ServerActionsTestOtherB:setUpClass): 200 GET http://10.180.1.21/compute/v2.1/servers/94af8883-9a40-4929-8b36-16c400b3d18a 0.151s
2025-04-03 04:42:24.073 70644 INFO tempest.common.waiters [-] State transition "BUILD/None" ==> "BUILD/networking" after 75 second wait
2025-04-03 04:42:24.117 70640 INFO tempest.lib.common.rest_client [req-6c0b675c-fa8e-4f86-9cbc-3e1cb8d2176f req-6c0b675c-fa8e-4f86-9cbc-3e1cb8d2176f ] Request (ServersAdminTestJSON:test_inject_network_info): 200 GET http://10.180.1.21/compute/v2.1/servers/9632e467-f678-4808-97f7-f228e9bc52bc 0.068s
2025-04-03 04:42:24.119 70604 INFO tempest.lib.common.rest_client [req-c2b564cc-3df3-4e78-8f09-439ad0e5c6e6 req-c2b564cc-3df3-4e78-8f09-439ad0e5c6e6 ] Request (ListImageFiltersTestJSON:setUpClass): 200 GET http://10.180.1.21/compute/v2.1/servers/0b934777-cba1-4d08-b077-bfdb23c35dec 0.110s
2025-04-03 04:42:24.180 70632 INFO tempest.lib.common.rest_client [req-7dd449fb-7b72-4504-8ecb-b39a5bcdfa3f req-7dd449fb-7b72-4504-8ecb-b39a5bcdfa3f ] Request (SecurityGroupsTestJSON:test_server_security_groups): 200 GET http://10.180.1.21/compute/v2.1/servers/a0a8df6e-572a-4874-9b2e-119e9a8933e6 0.085s
2025-04-03 04:42:24.182 70608 INFO tempest.lib.common.rest_client [req-224dd850-651f-49ff-8d42-d02993fd864d req-224dd850-651f-49ff-8d42-d02993fd864d ] Request (ServersNegativeTestMultiTenantJSON:tearDownClass): 200 GET http://10.180.1.21/compute/v2.1/servers/b8e86b56-da33-4ae5-92fa-c4eb330b4679 0.072s
2025-04-03 04:42:24.235 70612 INFO tempest.lib.common.rest_client [req-886fcb2b-3731-4efc-98b6-2804fef0a780 req-886fcb2b-3731-4efc-98b6-2804fef0a780 ] Request (ServerRescueTestJSON:setUpClass): 200 GET http://10.180.1.21/compute/v2.1/servers/a48068d4-716f-4df7-b75b-d522cbf99d46 0.073s
2025-04-03 04:42:24.347 70656 INFO tempest.lib.common.rest_client [req-a66dfd7d-5fe8-4c2e-b3db-9b3c253f9cde req-a66dfd7d-5fe8-4c2e-b3db-9b3c253f9cde ] Request (InstanceActionsTestJSON:tearDownClass): 200 GET http://10.180.1.21/compute/v2.1/servers/c7e021c9-0f12-43e5-b66a-73335865fc11 0.066s
2025-04-03 04:42:24.380 70610 WARNING tempest.lib.common.ssh [-] Failed to establish authenticated ssh connection to cirros@10.180.180.160 ([Errno None] Unable to connect to port 22 on 10.180.180.160). Number attempts: 3. Retry after 4 seconds.: paramiko.ssh_exception.NoValidConnectionsError: [Errno None] Unable to connect to port 22 on 10.180.180.160
2025-04-03 04:42:24.400 70660 INFO tempest.lib.common.rest_client [req-39a346f8-160a-495f-b492-7bbbffa65bec req-39a346f8-160a-495f-b492-7bbbffa65bec ] Request (FloatingIPsAssociationTestJSON:test_associate_already_associated_floating_ip): 200 GET http://10.180.1.21/compute/v2.1/servers/95850796-4c82-4e1f-b169-c2122a5c4950 0.115s
2025-04-03 04:42:24.457 70630 INFO tempest.lib.common.rest_client [req-44484182-4460-4003-8979-477a1c841df4 req-44484182-4460-4003-8979-477a1c841df4 ] Request (ServerRescueTestJSONUnderV235:tearDownClass): 200 GET http://10.180.1.21/compute/v2.1/servers/015b62f4-f233-4d72-89fd-221d8e381082 0.123s
2025-04-03 04:42:24.486 70614 INFO tempest.lib.common.rest_client [req-b01a8619-cad7-4fea-aeb6-ff37f1ea621b req-b01a8619-cad7-4fea-aeb6-ff37f1ea621b ] Request (ServerActionsTestOtherA:setUpClass): 200 GET http://10.180.1.21/compute/v2.1/servers/7da61593-5cdd-4a3b-8999-754b6090bff7 0.272s
2025-04-03 04:42:24.520 70628 INFO tempest.lib.common.rest_client [req-4fbf6d03-d53d-48a3-aa77-d64dfb413325 req-4fbf6d03-d53d-48a3-aa77-d64dfb413325 ] Request (ServersAdminNegativeTestJSON:tearDownClass): 200 GET http://10.180.1.21/compute/v2.1/servers/0a84cbbb-8a36-4c53-bb72-d715abb4ac48 0.130s
2025-04-03 04:42:24.542 70642 INFO tempest.lib.common.rest_client [req-3ec63164-5ef7-4fc6-8919-7838cab06ffa req-3ec63164-5ef7-4fc6-8919-7838cab06ffa ] Request (ImagesTestJSON:test_create_image_from_suspended_server): 200 GET http://10.180.1.21/compute/v2.1/servers/982522d9-dee1-4251-a7a3-4bad81acc442 0.109s
2025-04-03 04:42:24.601 70654 INFO tempest.lib.common.rest_client [req-4ed5c159-dc2d-442c-ad59-0bc782ce2fd6 req-4ed5c159-dc2d-442c-ad59-0bc782ce2fd6 ] Request (ServersListShow298Test:tearDownClass): 200 GET http://10.180.1.21/compute/v2.1/servers/9a2373d0-4c30-4811-8cfb-41cc23028535 0.130s
2025-04-03 04:42:24.611 70652 INFO tempest.lib.common.rest_client [req-60e11d7a-b970-48b4-b8fb-39ddf9b04091 req-60e11d7a-b970-48b4-b8fb-39ddf9b04091 ] Request (AttachInterfacesV270Test:tearDownClass): 200 GET http://10.180.1.21/compute/v2.1/servers/a5ca6c00-0437-4f80-b0fa-65b6b68df973 0.066s
2025-04-03 04:42:24.636 70618 WARNING tempest.lib.common.ssh [-] Failed to establish authenticated ssh connection to cirros@10.180.180.226 ([Errno None] Unable to connect to port 22 on 10.180.180.226). Number attempts: 5. Retry after 6 seconds.: paramiko.ssh_exception.NoValidConnectionsError: [Errno None] Unable to connect to port 22 on 10.180.180.226
2025-04-03 04:42:24.652 70616 INFO tempest.lib.common.rest_client [req-2c5b6c7f-c163-4fc8-bbe3-4f99454f6ca9 req-2c5b6c7f-c163-4fc8-bbe3-4f99454f6ca9 ] Request (ServersTestMultiNic:test_verify_multiple_nics_order): 200 GET http://10.180.1.21/compute/v2.1/servers/7be2da39-a762-4d2f-a520-44120528267c 0.076s
2025-04-03 04:42:24.675 70638 INFO tempest.lib.common.rest_client [req-2a317f81-c041-4291-9e04-eb0b493c2d8c req-2a317f81-c041-4291-9e04-eb0b493c2d8c ] Request (InstanceActionsNegativeTestJSON:setUpClass): 200 GET http://10.180.1.21/compute/v2.1/servers/7b398910-13db-4ed9-b743-6f25046af2dc 0.084s
2025-04-03 04:42:24.701 70626 INFO tempest.lib.common.rest_client [req-4bc20397-a4ef-449a-a5c8-fe96600ddf78 req-4bc20397-a4ef-449a-a5c8-fe96600ddf78 ] Request (ServerDiskConfigTestJSON:test_rebuild_server_with_manual_disk_config): 200 GET http://10.180.1.21/compute/v2.1/servers/4a2a0594-39e2-4e91-bba9-954662de5f77 0.066s
2025-04-03 04:42:24.752 70662 INFO tempest.lib.common.rest_client [req-8011b855-2f74-41e6-8dce-0a5aa3f3d817 req-8011b855-2f74-41e6-8dce-0a5aa3f3d817 ] Request (ServersTestJSON:setUpClass): 200 GET http://10.180.1.21/compute/v2.1/servers/344d5579-628b-4a56-aedf-d9ecaa2c5c9f 0.070s
2025-04-03 04:42:24.764 70646 WARNING tempest.lib.common.ssh [-] Failed to establish authenticated ssh connection to cirros@10.180.180.222 ([Errno None] Unable to connect to port 22 on 10.180.180.222). Number attempts: 11. Retry after 12 seconds.: paramiko.ssh_exception.NoValidConnectionsError: [Errno None] Unable to connect to port 22 on 10.180.180.222
2025-04-03 04:42:24.767 70602 INFO tempest.lib.common.rest_client [req-1bc78a1a-bdf8-4ace-9772-bafe5fb06e60 req-1bc78a1a-bdf8-4ace-9772-bafe5fb06e60 ] Request (ImagesOneServerTestJSON:tearDownClass): 200 GET http://10.180.1.21/compute/v2.1/servers/f5583748-c6c5-4da3-a4c6-d685472511d4 0.105s
2025-04-03 04:42:24.819 70606 INFO tempest.lib.common.rest_client [req-0858c434-b677-43a7-b516-06a5e6a2b90b req-0858c434-b677-43a7-b516-06a5e6a2b90b ] Request (DeleteServersTestJSON:test_delete_server_while_in_attached_volume): 200 GET http://10.180.1.21/compute/v2.1/servers/248f0a9f-88ae-4c02-8870-57422c9f8ac3 0.049s
2025-04-03 04:42:24.849 70600 INFO tempest.lib.common.rest_client [req-a6250d36-3ee8-4ac0-9ab2-c2dd6e562b09 req-a6250d36-3ee8-4ac0-9ab2-c2dd6e562b09 ] Request (MigrationsAdminTest:test_resize_server_revert_deleted_flavor): 200 GET http://10.180.1.21/compute/v2.1/servers/3cd24ffc-62ba-465a-8663-efbce0e593f5 0.048s
2025-04-03 04:42:24.948 70634 INFO tempest.lib.common.rest_client [req-b93bc3c4-3f6c-4801-bb33-7797e02aa0d7 req-b93bc3c4-3f6c-4801-bb33-7797e02aa0d7 ] Request (ServerShowV257Test:tearDownClass): 200 GET http://10.180.1.21/compute/v2.1/servers/8f4f1690-4ef8-4178-8ed1-cd1e5b3da928 0.052s
2025-04-03 04:42:24.968 70636 INFO tempest.lib.common.rest_client [req-ba33b410-42d8-4c1d-ada6-623bc7a33041 req-ba33b410-42d8-4c1d-ada6-623bc7a33041 ] Request (ListServerFiltersTestJSON:setUpClass): 200 GET http://10.180.1.21/compute/v2.1/servers/1ad77931-f385-45f3-bbe1-dd6e8b986631 0.047s
2025-04-03 04:42:25.136 70621 INFO tempest.lib.common.rest_client [req-83b563c2-79ef-4abf-a00b-747cd820ad8d req-83b563c2-79ef-4abf-a00b-747cd820ad8d ] Request (ServerTagsTestJSON:setUpClass): 200 GET http://10.180.1.21/compute/v2.1/servers/b3f9b17f-4e9b-4d78-954d-a6eee9613900 0.070s
2025-04-03 04:42:25.185 70644 INFO tempest.lib.common.rest_client [req-8f3e7520-f3b4-42d7-b689-a172af98c21a req-8f3e7520-f3b4-42d7-b689-a172af98c21a ] Request (ServerActionsTestOtherB:setUpClass): 200 GET http://10.180.1.21/compute/v2.1/servers/94af8883-9a40-4929-8b36-16c400b3d18a 0.111s
2025-04-03 04:42:25.193 70644 INFO tempest.common.waiters [-] State transition "BUILD/networking" ==> "BUILD/spawning" after 76 second wait
2025-04-03 04:42:25.196 70640 INFO tempest.lib.common.rest_client [req-6786617f-ce80-451c-9a84-39f8b1ff5469 req-6786617f-ce80-451c-9a84-39f8b1ff5469 ] Request (ServersAdminTestJSON:test_inject_network_info): 200 GET http://10.180.1.21/compute/v2.1/servers/9632e467-f678-4808-97f7-f228e9bc52bc 0.071s
2025-04-03 04:42:25.241 70604 INFO tempest.lib.common.rest_client [req-0316afe3-80e0-4bed-b30e-bd1dc0a41291 req-0316afe3-80e0-4bed-b30e-bd1dc0a41291 ] Request (ListImageFiltersTestJSON:setUpClass): 200 GET http://10.180.1.21/compute/v2.1/servers/0b934777-cba1-4d08-b077-bfdb23c35dec 0.111s
2025-04-03 04:42:25.259 70632 INFO tempest.lib.common.rest_client [req-628a8493-324a-4fe8-998e-3beed7f8c49d req-628a8493-324a-4fe8-998e-3beed7f8c49d ] Request (SecurityGroupsTestJSON:test_server_security_groups): 200 GET http://10.180.1.21/compute/v2.1/servers/a0a8df6e-572a-4874-9b2e-119e9a8933e6 0.071s
2025-04-03 04:42:25.269 70632 INFO tempest.common.waiters [-] State transition "ACTIVE/deleting" ==> "DELETED/None" after 4 second wait
2025-04-03 04:42:25.305 70608 INFO tempest.lib.common.rest_client [req-019ab70b-354e-4762-a639-10d80f3c0da0 req-019ab70b-354e-4762-a639-10d80f3c0da0 ] Request (ServersNegativeTestMultiTenantJSON:tearDownClass): 200 GET http://10.180.1.21/compute/v2.1/servers/b8e86b56-da33-4ae5-92fa-c4eb330b4679 0.114s
2025-04-03 04:42:25.314 70612 INFO tempest.lib.common.rest_client [req-5dc5df73-c754-41a9-b52f-63539f3db112 req-5dc5df73-c754-41a9-b52f-63539f3db112 ] Request (ServerRescueTestJSON:setUpClass): 200 GET http://10.180.1.21/compute/v2.1/servers/a48068d4-716f-4df7-b75b-d522cbf99d46 0.071s
2025-04-03 04:42:25.423 70656 INFO tempest.lib.common.rest_client [req-55b30a5d-4e60-4871-95bf-d108b0a689a7 req-55b30a5d-4e60-4871-95bf-d108b0a689a7 ] Request (InstanceActionsTestJSON:tearDownClass): 200 GET http://10.180.1.21/compute/v2.1/servers/c7e021c9-0f12-43e5-b66a-73335865fc11 0.066s
2025-04-03 04:42:25.459 70660 INFO tempest.lib.common.rest_client [req-8f4085d6-5a6a-4e8b-a7f1-8caf21f00d0b req-8f4085d6-5a6a-4e8b-a7f1-8caf21f00d0b ] Request (FloatingIPsAssociationTestJSON:test_associate_already_associated_floating_ip): 200 GET http://10.180.1.21/compute/v2.1/servers/95850796-4c82-4e1f-b169-c2122a5c4950 0.051s
2025-04-03 04:42:25.522 70630 INFO tempest.lib.common.rest_client [req-e0e963cd-a950-4a1e-904c-30af59701183 req-e0e963cd-a950-4a1e-904c-30af59701183 ] Request (ServerRescueTestJSONUnderV235:tearDownClass): 200 GET http://10.180.1.21/compute/v2.1/servers/015b62f4-f233-4d72-89fd-221d8e381082 0.056s
2025-04-03 04:42:25.558 70614 INFO tempest.lib.common.rest_client [req-5d0ba42e-e142-4aac-b8fe-71c149ebad42 req-5d0ba42e-e142-4aac-b8fe-71c149ebad42 ] Request (ServerActionsTestOtherA:setUpClass): 200 GET http://10.180.1.21/compute/v2.1/servers/7da61593-5cdd-4a3b-8999-754b6090bff7 0.058s
2025-04-03 04:42:25.601 70628 INFO tempest.lib.common.rest_client [req-b36093fe-829c-478c-8dee-619e33a4fb2c req-b36093fe-829c-478c-8dee-619e33a4fb2c ] Request (ServersAdminNegativeTestJSON:tearDownClass): 200 GET http://10.180.1.21/compute/v2.1/servers/0a84cbbb-8a36-4c53-bb72-d715abb4ac48 0.072s
2025-04-03 04:42:25.616 70642 INFO tempest.lib.common.rest_client [req-398f46e9-c737-458f-aec9-4e7845ac9e44 req-398f46e9-c737-458f-aec9-4e7845ac9e44 ] Request (ImagesTestJSON:test_create_image_from_suspended_server): 200 GET http://10.180.1.21/compute/v2.1/servers/982522d9-dee1-4251-a7a3-4bad81acc442 0.065s
2025-04-03 04:42:25.704 70654 INFO tempest.lib.common.rest_client [req-400fe791-c12c-4779-9c8c-a07dd48ed8f6 req-400fe791-c12c-4779-9c8c-a07dd48ed8f6 ] Request (ServersListShow298Test:tearDownClass): 200 GET http://10.180.1.21/compute/v2.1/servers/9a2373d0-4c30-4811-8cfb-41cc23028535 0.090s
2025-04-03 04:42:25.711 70652 INFO tempest.lib.common.rest_client [req-416edf67-478b-47fb-8664-a500f8762ab6 req-416edf67-478b-47fb-8664-a500f8762ab6 ] Request (AttachInterfacesV270Test:tearDownClass): 200 GET http://10.180.1.21/compute/v2.1/servers/a5ca6c00-0437-4f80-b0fa-65b6b68df973 0.088s
2025-04-03 04:42:25.732 70652 INFO tempest.common.waiters [-] State transition "ACTIVE/deleting" ==> "DELETED/None" after 3 second wait
2025-04-03 04:42:25.772 70638 INFO tempest.lib.common.rest_client [req-37dc3a2e-b35b-45d5-affc-b470ae9b5d3b req-37dc3a2e-b35b-45d5-affc-b470ae9b5d3b ] Request (InstanceActionsNegativeTestJSON:setUpClass): 200 GET http://10.180.1.21/compute/v2.1/servers/7b398910-13db-4ed9-b743-6f25046af2dc 0.089s
2025-04-03 04:42:25.775 70616 INFO tempest.lib.common.rest_client [req-4ea34db8-85de-4457-97ca-e8f695e1d067 req-4ea34db8-85de-4457-97ca-e8f695e1d067 ] Request (ServersTestMultiNic:test_verify_multiple_nics_order): 200 GET http://10.180.1.21/compute/v2.1/servers/7be2da39-a762-4d2f-a520-44120528267c 0.114s
2025-04-03 04:42:25.829 70626 INFO tempest.lib.common.rest_client [req-df33c89a-0a1e-45f6-8adb-337d4c44688d req-df33c89a-0a1e-45f6-8adb-337d4c44688d ] Request (ServerDiskConfigTestJSON:test_rebuild_server_with_manual_disk_config): 200 GET http://10.180.1.21/compute/v2.1/servers/4a2a0594-39e2-4e91-bba9-954662de5f77 0.113s
2025-04-03 04:42:25.864 70662 INFO tempest.lib.common.rest_client [req-2bb60e6b-f731-4276-997a-c7fa04ea1c27 req-2bb60e6b-f731-4276-997a-c7fa04ea1c27 ] Request (ServersTestJSON:setUpClass): 200 GET http://10.180.1.21/compute/v2.1/servers/344d5579-628b-4a56-aedf-d9ecaa2c5c9f 0.105s
2025-04-03 04:42:25.920 70606 INFO tempest.lib.common.rest_client [req-29c5bb54-b45a-4b5c-9ea0-dd895e546485 req-29c5bb54-b45a-4b5c-9ea0-dd895e546485 ] Request (DeleteServersTestJSON:test_delete_server_while_in_attached_volume): 200 GET http://10.180.1.21/compute/v2.1/servers/248f0a9f-88ae-4c02-8870-57422c9f8ac3 0.094s
2025-04-03 04:42:25.947 70602 INFO tempest.lib.common.rest_client [req-db363688-5e43-410f-8116-e2e36703b108 req-db363688-5e43-410f-8116-e2e36703b108 ] Request (ImagesOneServerTestJSON:tearDownClass): 200 GET http://10.180.1.21/compute/v2.1/servers/f5583748-c6c5-4da3-a4c6-d685472511d4 0.172s
2025-04-03 04:42:25.969 70600 INFO tempest.lib.common.rest_client [req-0e2b64aa-4136-45bc-8ef8-f38a5032f415 req-0e2b64aa-4136-45bc-8ef8-f38a5032f415 ] Request (MigrationsAdminTest:test_resize_server_revert_deleted_flavor): 200 GET http://10.180.1.21/compute/v2.1/servers/3cd24ffc-62ba-465a-8663-efbce0e593f5 0.111s
2025-04-03 04:42:26.022 70634 INFO tempest.lib.common.rest_client [req-64027ae7-33cc-483f-87e1-9184f8e77d4d req-64027ae7-33cc-483f-87e1-9184f8e77d4d ] Request (ServerShowV257Test:tearDownClass): 200 GET http://10.180.1.21/compute/v2.1/servers/8f4f1690-4ef8-4178-8ed1-cd1e5b3da928 0.064s
2025-04-03 04:42:26.027 70636 INFO tempest.lib.common.rest_client [req-c4a710d4-e0ef-452d-8174-580b3d679cdb req-c4a710d4-e0ef-452d-8174-580b3d679cdb ] Request (ListServerFiltersTestJSON:setUpClass): 200 GET http://10.180.1.21/compute/v2.1/servers/1ad77931-f385-45f3-bbe1-dd6e8b986631 0.050s
2025-04-03 04:42:26.031 70634 INFO tempest.common.waiters [-] State transition "ACTIVE/deleting" ==> "DELETED/None" after 5 second wait
2025-04-03 04:42:26.206 70621 INFO tempest.lib.common.rest_client [req-7e6c7a91-f8e1-4b60-b75f-8ab7845ef749 req-7e6c7a91-f8e1-4b60-b75f-8ab7845ef749 ] Request (ServerTagsTestJSON:setUpClass): 200 GET http://10.180.1.21/compute/v2.1/servers/b3f9b17f-4e9b-4d78-954d-a6eee9613900 0.060s
2025-04-03 04:42:26.256 70640 INFO tempest.lib.common.rest_client [req-61f468ad-0205-4b93-b165-2287f6d02e71 req-61f468ad-0205-4b93-b165-2287f6d02e71 ] Request (ServersAdminTestJSON:test_inject_network_info): 200 GET http://10.180.1.21/compute/v2.1/servers/9632e467-f678-4808-97f7-f228e9bc52bc 0.052s
2025-04-03 04:42:26.305 70604 INFO tempest.lib.common.rest_client [req-9765a124-ee8d-4a8b-9f47-b24d78e318cd req-9765a124-ee8d-4a8b-9f47-b24d78e318cd ] Request (ListImageFiltersTestJSON:setUpClass): 200 GET http://10.180.1.21/compute/v2.1/servers/0b934777-cba1-4d08-b077-bfdb23c35dec 0.054s
2025-04-03 04:42:26.313 70644 INFO tempest.lib.common.rest_client [req-bf587b8c-17dc-4037-a910-60992b0d06fc req-bf587b8c-17dc-4037-a910-60992b0d06fc ] Request (ServerActionsTestOtherB:setUpClass): 200 GET http://10.180.1.21/compute/v2.1/servers/94af8883-9a40-4929-8b36-16c400b3d18a 0.118s
2025-04-03 04:42:26.371 70608 INFO tempest.lib.common.rest_client [req-b4339254-28d4-4b87-b189-b33e89ce018d req-b4339254-28d4-4b87-b189-b33e89ce018d ] Request (ServersNegativeTestMultiTenantJSON:tearDownClass): 200 GET http://10.180.1.21/compute/v2.1/servers/b8e86b56-da33-4ae5-92fa-c4eb330b4679 0.058s
2025-04-03 04:42:26.427 70612 INFO tempest.lib.common.rest_client [req-f8781a8a-b0bb-476a-82a5-fe254a7ee793 req-f8781a8a-b0bb-476a-82a5-fe254a7ee793 ] Request (ServerRescueTestJSON:setUpClass): 200 GET http://10.180.1.21/compute/v2.1/servers/a48068d4-716f-4df7-b75b-d522cbf99d46 0.105s
2025-04-03 04:42:26.488 70656 INFO tempest.lib.common.rest_client [req-e5909933-8a52-45ac-976c-d81e73a087ea req-e5909933-8a52-45ac-976c-d81e73a087ea ] Request (InstanceActionsTestJSON:tearDownClass): 200 GET http://10.180.1.21/compute/v2.1/servers/c7e021c9-0f12-43e5-b66a-73335865fc11 0.057s
2025-04-03 04:42:26.542 70660 INFO tempest.lib.common.rest_client [req-f2eefe66-dad2-40e9-9f78-08b98517ad57 req-f2eefe66-dad2-40e9-9f78-08b98517ad57 ] Request (FloatingIPsAssociationTestJSON:test_associate_already_associated_floating_ip): 200 GET http://10.180.1.21/compute/v2.1/servers/95850796-4c82-4e1f-b169-c2122a5c4950 0.076s
2025-04-03 04:42:26.586 70632 INFO tempest.lib.common.rest_client [req-13873b88-4427-4f0b-9847-dc6228ea9ab1 req-13873b88-4427-4f0b-9847-dc6228ea9ab1 ] Request (SecurityGroupsTestJSON:test_server_security_groups): 200 GET http://10.180.1.21/compute/v2.1/servers/a0a8df6e-572a-4874-9b2e-119e9a8933e6 0.317s
2025-04-03 04:42:26.594 70630 INFO tempest.lib.common.rest_client [req-da9ac757-678e-43b8-976e-3a500eb940fe req-da9ac757-678e-43b8-976e-3a500eb940fe ] Request (ServerRescueTestJSONUnderV235:tearDownClass): 200 GET http://10.180.1.21/compute/v2.1/servers/015b62f4-f233-4d72-89fd-221d8e381082 0.064s
2025-04-03 04:42:26.630 70614 INFO tempest.lib.common.rest_client [req-dc5afb9d-163b-40c2-bcad-1fbac4ee5b79 req-dc5afb9d-163b-40c2-bcad-1fbac4ee5b79 ] Request (ServerActionsTestOtherA:setUpClass): 200 GET http://10.180.1.21/compute/v2.1/servers/7da61593-5cdd-4a3b-8999-754b6090bff7 0.065s
2025-04-03 04:42:26.670 70628 INFO tempest.lib.common.rest_client [req-68eb3839-da35-432f-9ea2-a5a8866d81bb req-68eb3839-da35-432f-9ea2-a5a8866d81bb ] Request (ServersAdminNegativeTestJSON:tearDownClass): 200 GET http://10.180.1.21/compute/v2.1/servers/0a84cbbb-8a36-4c53-bb72-d715abb4ac48 0.061s
2025-04-03 04:42:26.675 70642 INFO tempest.lib.common.rest_client [req-2d796913-5eaa-426b-98f8-f1e0f23c3eb0 req-2d796913-5eaa-426b-98f8-f1e0f23c3eb0 ] Request (ImagesTestJSON:test_create_image_from_suspended_server): 200 GET http://10.180.1.21/compute/v2.1/servers/982522d9-dee1-4251-a7a3-4bad81acc442 0.049s
2025-04-03 04:42:26.789 70654 INFO tempest.lib.common.rest_client [req-83cf1619-5bac-4841-a046-24b24e484fa1 req-83cf1619-5bac-4841-a046-24b24e484fa1 ] Request (ServersListShow298Test:tearDownClass): 200 GET http://10.180.1.21/compute/v2.1/servers/9a2373d0-4c30-4811-8cfb-41cc23028535 0.063s
2025-04-03 04:42:26.791 70652 INFO tempest.lib.common.rest_client [req-23756c22-ca38-4fa6-b6f1-b1af227b4697 req-23756c22-ca38-4fa6-b6f1-b1af227b4697 ] Request (AttachInterfacesV270Test:tearDownClass): 200 GET http://10.180.1.21/compute/v2.1/servers/a5ca6c00-0437-4f80-b0fa-65b6b68df973 0.058s
2025-04-03 04:42:26.833 70638 INFO tempest.lib.common.rest_client [req-0c1870e5-bdd2-4875-aaa3-55492196a9a6 req-0c1870e5-bdd2-4875-aaa3-55492196a9a6 ] Request (InstanceActionsNegativeTestJSON:setUpClass): 200 GET http://10.180.1.21/compute/v2.1/servers/7b398910-13db-4ed9-b743-6f25046af2dc 0.049s
2025-04-03 04:42:26.835 70616 INFO tempest.lib.common.rest_client [req-271a35c8-e1ab-4217-843b-13a8071137d0 req-271a35c8-e1ab-4217-843b-13a8071137d0 ] Request (ServersTestMultiNic:test_verify_multiple_nics_order): 200 GET http://10.180.1.21/compute/v2.1/servers/7be2da39-a762-4d2f-a520-44120528267c 0.051s
2025-04-03 04:42:26.883 70626 INFO tempest.lib.common.rest_client [req-3f88d758-b4d6-4e09-bd66-255db522df87 req-3f88d758-b4d6-4e09-bd66-255db522df87 ] Request (ServerDiskConfigTestJSON:test_rebuild_server_with_manual_disk_config): 200 GET http://10.180.1.21/compute/v2.1/servers/4a2a0594-39e2-4e91-bba9-954662de5f77 0.045s
2025-04-03 04:42:26.922 70662 INFO tempest.lib.common.rest_client [req-570c62ab-1952-4068-b997-4a8462ae071e req-570c62ab-1952-4068-b997-4a8462ae071e ] Request (ServersTestJSON:setUpClass): 200 GET http://10.180.1.21/compute/v2.1/servers/344d5579-628b-4a56-aedf-d9ecaa2c5c9f 0.049s
2025-04-03 04:42:26.982 70606 INFO tempest.lib.common.rest_client [req-3aaf0b0c-115b-4e4d-91b4-ffa4b8839414 req-3aaf0b0c-115b-4e4d-91b4-ffa4b8839414 ] Request (DeleteServersTestJSON:test_delete_server_while_in_attached_volume): 200 GET http://10.180.1.21/compute/v2.1/servers/248f0a9f-88ae-4c02-8870-57422c9f8ac3 0.053s
