2025-04-03 04:40:37.618 70642 INFO tempest.lib.common.rest_client [req-b3534c58-ae91-4e6f-b03c-835b607df3b7 req-b3534c58-ae91-4e6f-b03c-835b607df3b7 ] Request (ImagesTestJSON:test_create_image_from_stopped_server): 200 GET http://10.180.1.21/compute/v2.1/servers/d8409f2b-0740-4d4c-a604-0c818a196445 2.976s
2025-04-03 04:40:37.805 70654 INFO tempest.lib.common.rest_client [req-c741ebe5-ce68-4ad5-8758-4e742af17996 req-c741ebe5-ce68-4ad5-8758-4e742af17996 ] Request (FloatingIPDetailsNegativeTestJSON:tearDownClass): 204 DELETE http://10.180.1.21/identity/v3/projects/3b95ae3f5c4244bbb8157d0fe4fddf89 0.210s
2025-04-03 04:40:37.812 70626 INFO tempest.lib.common.rest_client [req-b6b64ab3-ff47-4478-8313-543053dc3779 req-b6b64ab3-ff47-4478-8313-543053dc3779 ] Request (QuotaClassesAdminTestJSON:tearDownClass): 204 DELETE http://10.180.1.21/identity/v3/users/593fe35746d74a2ab7df011706b35007 0.269s
2025-04-03 04:40:37.823 70600 INFO tempest.lib.common.rest_client [req-5cf0e673-eee1-4594-8383-e7521ccee3ab req-5cf0e673-eee1-4594-8383-e7521ccee3ab ] Request (MigrationsAdminTest:test_list_migrations_in_flavor_resize_situation): 200 GET http://10.180.1.21/compute/v2.1/servers/e38249fe-4114-40a6-9cdb-8ec5917bec83 3.009s
2025-04-03 04:40:37.834 70600 INFO tempest.common.waiters [-] State transition "RESIZE/resize_prep" ==> "RESIZE/resize_migrating" after 18 second wait
2025-04-03 04:40:37.875 70654 INFO tempest.lib.common.rest_client [req-901d45df-afe1-49dc-9c7b-1012fa84bc9a req-901d45df-afe1-49dc-9c7b-1012fa84bc9a ] Request (ServersListShow298Test:setUpClass): 201 POST http://10.180.1.21/identity/v3/auth/tokens 0.067s
2025-04-03 04:40:37.902 70622 INFO tempest.lib.common.rest_client [req-14c05655-b0ff-40d0-bfa2-ddf5edc5ddea req-14c05655-b0ff-40d0-bfa2-ddf5edc5ddea ] Request (AttachVolumeTestJSON:test_attach_detach_volume): 200 GET http://10.180.1.21/compute/v2.1/servers/86114837-8210-4063-9fe5-6e867ae7b252 3.003s
2025-04-03 04:40:37.912 70654 INFO tempest.lib.common.rest_client [req-5dd50a8c-6a7f-4acc-a1d7-2cc867258f48 req-5dd50a8c-6a7f-4acc-a1d7-2cc867258f48 ] Request (ServersListShow298Test:setUpClass): 201 POST http://10.180.1.21/identity/v3/auth/tokens 0.034s
2025-04-03 04:40:37.925 70612 INFO tempest.lib.common.rest_client [req-41a4ba47-4637-4644-a524-e0e7999a8d64 req-41a4ba47-4637-4644-a524-e0e7999a8d64 ] Request (FlavorsAdminTestJSON:test_create_server_with_non_public_flavor): 400 POST http://10.180.1.21/compute/v2.1/servers 2.994s
2025-04-03 04:40:37.943 70654 INFO tempest.lib.common.rest_client [req-273713d3-7480-4881-9920-0ce4dced7a3c req-273713d3-7480-4881-9920-0ce4dced7a3c ] Request (ServersListShow298Test:setUpClass): 200 GET http://10.180.1.21/identity/v3/domains?name=Default 0.031s
2025-04-03 04:40:37.987 70626 INFO tempest.lib.common.rest_client [req-a3ab6849-d214-4db3-95c2-d1e6ba6f358d req-a3ab6849-d214-4db3-95c2-d1e6ba6f358d ] Request (QuotaClassesAdminTestJSON:tearDownClass): 204 DELETE http://10.180.1.21/identity/v3/users/4960c60db0f64de7a97d563ba4467303 0.174s
2025-04-03 04:40:37.987 70626 INFO tempest.lib.common.dynamic_creds [-] Deleting project and security group for project: cc8882cdff9647da8e69f3afdfec0183
2025-04-03 04:40:38.046 70604 INFO tempest.lib.common.rest_client [req-da741c05-2a8b-4ee3-adf7-fe17882a2088 req-da741c05-2a8b-4ee3-adf7-fe17882a2088 ] Request (ServersAdmin275Test:_run_cleanups): 200 GET http://10.180.1.21/compute/v2.1/servers/99c5100f-890c-496c-b40a-2cd4a2be72e5 3.079s
2025-04-03 04:40:38.057 70604 INFO tempest.common.waiters [-] State transition "REBUILD/rebuilding" ==> "REBUILD/rebuild_spawning" after 5 second wait
2025-04-03 04:40:38.059 70654 INFO tempest.lib.common.rest_client [req-273e9c80-5430-4634-9ccc-80e2e26b459f req-273e9c80-5430-4634-9ccc-80e2e26b459f ] Request (ServersListShow298Test:setUpClass): 201 POST http://10.180.1.21/identity/v3/projects 0.115s
2025-04-03 04:40:38.081 70626 INFO tempest.lib.common.rest_client [req-effb36b7-1438-4785-9f26-998b1ec76d93 req-effb36b7-1438-4785-9f26-998b1ec76d93 ] Request (QuotaClassesAdminTestJSON:tearDownClass): 201 POST http://10.180.1.21/identity/v3/auth/tokens 0.094s
2025-04-03 04:40:38.091 70636 INFO tempest.lib.common.rest_client [req-c1d8cc85-f898-4f07-8fa6-d9dc4546f08c req-c1d8cc85-f898-4f07-8fa6-d9dc4546f08c ] Request (ServerDiagnosticsV248Test:test_get_server_diagnostics): 200 GET http://10.180.1.21/compute/v2.1/servers/6e9a0b80-0d5c-4d95-9a3d-728424ef852e/diagnostics 3.300s
2025-04-03 04:40:38.166 70654 INFO tempest.lib.common.rest_client [req-552a603b-0a3f-4e7e-bc52-28e9c93ca51f req-552a603b-0a3f-4e7e-bc52-28e9c93ca51f ] Request (ServersListShow298Test:setUpClass): 201 POST http://10.180.1.21/identity/v3/users 0.106s
2025-04-03 04:40:38.200 70654 INFO tempest.lib.common.rest_client [req-62c3244f-7ebe-4708-adf3-3822d4ac17f4 req-62c3244f-7ebe-4708-adf3-3822d4ac17f4 ] Request (ServersListShow298Test:setUpClass): 200 GET http://10.180.1.21/identity/v3/roles 0.033s
2025-04-03 04:40:38.247 70654 INFO tempest.lib.common.rest_client [req-33ca7067-c1c4-4fcb-9afe-5106c02b015c req-33ca7067-c1c4-4fcb-9afe-5106c02b015c ] Request (ServersListShow298Test:setUpClass): 204 PUT http://10.180.1.21/identity/v3/projects/56ad7d45dcff47fd89ebb101044c886b/users/08896da1eee1435fbdb02ad22e9b1dc8/roles/f687191b69b8409eabc6a45e1c71e414 0.047s
2025-04-03 04:40:38.247 70654 INFO tempest.lib.common.dynamic_creds [-] Dynamic test user 08896da1eee1435fbdb02ad22e9b1dc8 is created with scope project and roles: ['member']
2025-04-03 04:40:38.248 70654 INFO tempest.lib.common.dynamic_creds [-] Acquired dynamic creds: credentials: Credentials: {'domain_id': 'default', 'domain_name': 'Default', 'username': 'tempest-ServersListShow298Test-1817627195-project-member', 'project_domain_id': 'default', 'project_domain_name': 'Default', 'project_id': '56ad7d45dcff47fd89ebb101044c886b', 'project_name': 'tempest-ServersListShow298Test-1817627195', 'tenant_id': '56ad7d45dcff47fd89ebb101044c886b', 'tenant_name': 'tempest-ServersListShow298Test-1817627195', 'user_domain_id': 'default', 'user_domain_name': 'Default', 'user_id': '08896da1eee1435fbdb02ad22e9b1dc8', 'system': None}, Network: None, Subnet: None, Router: None
2025-04-03 04:40:38.248 70654 INFO tempest.lib.common.dynamic_creds [-] Created isolated network resources for: credentials: Credentials: {'domain_id': 'default', 'domain_name': 'Default', 'username': 'tempest-ServersListShow298Test-1817627195-project-member', 'project_domain_id': 'default', 'project_domain_name': 'Default', 'project_id': '56ad7d45dcff47fd89ebb101044c886b', 'project_name': 'tempest-ServersListShow298Test-1817627195', 'tenant_id': '56ad7d45dcff47fd89ebb101044c886b', 'tenant_name': 'tempest-ServersListShow298Test-1817627195', 'user_domain_id': 'default', 'user_domain_name': 'Default', 'user_id': '08896da1eee1435fbdb02ad22e9b1dc8', 'system': None}, Network: None, Subnet: None, Router: None
2025-04-03 04:40:38.260 70644 INFO tempest.lib.common.rest_client [req-7a4b98dd-b8e8-41eb-9814-8eb647463136 req-7a4b98dd-b8e8-41eb-9814-8eb647463136 ] Request (ServerExternalEventsTest:tearDownClass): 200 GET http://10.180.1.21/compute/v2.1/servers/e9534202-ee8f-414b-a4cc-3c98bd4fc273 3.007s
2025-04-03 04:40:38.271 70656 INFO tempest.lib.common.rest_client [req-7c8f7520-4b2a-4e4b-8e17-7612362f06b5 req-7c8f7520-4b2a-4e4b-8e17-7612362f06b5 ] Request (SecurityGroupRulesNegativeTestJSON:tearDownClass): 200 PUT http://10.180.1.21:9696/networking/v2.0/routers/6c537381-f16a-4760-b32f-46d4a7b632cb/remove_router_interface 1.424s
2025-04-03 04:40:38.273 70644 INFO tempest.common.waiters [-] State transition "ACTIVE/deleting" ==> "DELETED/None" after 4 second wait
2025-04-03 04:40:38.363 70654 INFO tempest.lib.common.rest_client [req-cebf8cdc-0bde-40ec-985e-a8ac0899fa5f req-cebf8cdc-0bde-40ec-985e-a8ac0899fa5f ] Request (ServersListShow298Test:setUpClass): 201 POST http://10.180.1.21/identity/v3/auth/tokens 0.108s
2025-04-03 04:40:38.399 70624 INFO tempest.lib.common.rest_client [req-af806dd2-14c2-4926-aec2-2233a2774c47 req-af806dd2-14c2-4926-aec2-2233a2774c47 ] Request (ImagesNegativeTestJSON:test_create_image_from_deleted_server): 204 DELETE http://10.180.1.21/compute/v2.1/servers/cce3978e-29ec-42c6-8190-d02f082e3b62 3.111s
2025-04-03 04:40:38.400 70654 INFO tempest.lib.common.rest_client [req-af6d517f-0a94-4fc7-afd5-c33a7d3ca18b req-af6d517f-0a94-4fc7-afd5-c33a7d3ca18b ] Request (ServersListShow298Test:test_list_show_update_rebuild_server_298): 201 POST http://10.180.1.21/identity/v3/auth/tokens 0.032s
2025-04-03 04:40:38.400 70654 INFO tempest.lib.common.fixed_network [-] (ServersListShow298Test:test_list_show_update_rebuild_server_298) Found network None available for tenant
2025-04-03 04:40:38.605 70626 INFO tempest.lib.common.rest_client [req-410c5e2b-ec0c-4ac1-b39e-4c4d15ac2b8e req-410c5e2b-ec0c-4ac1-b39e-4c4d15ac2b8e ] Request (QuotaClassesAdminTestJSON:tearDownClass): 200 GET http://10.180.1.21:9696/networking/v2.0/security-groups?tenant_id=cc8882cdff9647da8e69f3afdfec0183&name=default 0.524s
2025-04-03 04:40:38.611 70638 INFO tempest.lib.common.rest_client [req-54cc1d5c-bab5-4b27-8448-360984243e3b req-54cc1d5c-bab5-4b27-8448-360984243e3b ] Request (TenantUsagesTestJSON:setUpClass): 200 GET http://10.180.1.21/compute/v2.1/servers/f80ff45c-767d-4771-876e-d4cf7f06718a 3.138s
2025-04-03 04:40:38.645 70648 INFO tempest.lib.common.rest_client [req-fda56034-d568-49a4-8c88-59d11e6e4b48 req-fda56034-d568-49a4-8c88-59d11e6e4b48 ] Request (SecurityGroupRulesTestJSON:tearDownClass): 404 DELETE http://10.180.1.21/compute/v2.1/os-security-groups/ab6b7b3a-dd13-4fce-8cfc-ad9d75ff90b2 3.065s
2025-04-03 04:40:38.664 70652 INFO tempest.lib.common.rest_client [req-823168ec-244c-4543-8d75-68e225022c0f req-823168ec-244c-4543-8d75-68e225022c0f ] Request (AggregatesAdminNegativeTestJSON:test_aggregate_delete_with_invalid_id): 404 DELETE http://10.180.1.21/compute/v2.1/os-aggregates/-1 2.929s
2025-04-03 04:40:38.751 70626 INFO tempest.lib.common.rest_client [req-14930cee-e618-4bca-868d-5fcfeadb27a8 req-14930cee-e618-4bca-868d-5fcfeadb27a8 ] Request (QuotaClassesAdminTestJSON:tearDownClass): 204 DELETE http://10.180.1.21:9696/networking/v2.0/security-groups/55536bdf-3042-47bc-b998-434c8d3d7e83 0.145s
2025-04-03 04:40:38.777 70608 INFO tempest.lib.common.rest_client [req-8226c0d3-6d5f-41f6-aca2-0d33aa2eb95f req-8226c0d3-6d5f-41f6-aca2-0d33aa2eb95f ] Request (KeyPairsV2TestJSON:test_keypairs_create_list_delete): 200 POST http://10.180.1.21/compute/v2.1/os-keypairs 2.993s
2025-04-03 04:40:38.814 70610 INFO tempest.lib.common.rest_client [req-ac534836-7970-45b4-a4ae-d7136d307cb3 req-ac534836-7970-45b4-a4ae-d7136d307cb3 ] Request (FlavorsAccessNegativeTestJSON:_run_cleanups): 202 DELETE http://10.180.1.21/compute/v2.1/flavors/277860149 2.859s
2025-04-03 04:40:38.861 70618 INFO tempest.lib.common.rest_client [req-908f29e4-ecfc-4c34-84c0-5b396cc7b65d req-908f29e4-ecfc-4c34-84c0-5b396cc7b65d ] Request (KeyPairsV210TestJSON:test_admin_manage_keypairs_for_other_users): 201 POST http://10.180.1.21/compute/v2.1/os-keypairs 2.706s
2025-04-03 04:40:38.895 70602 INFO tempest.lib.common.rest_client [req-f15ac18f-8805-4f02-94e4-a5ad8241a8f7 req-f15ac18f-8805-4f02-94e4-a5ad8241a8f7 ] Request (FloatingIPsNegativeTestJSON:tearDownClass): 200 PUT http://10.180.1.21:9696/networking/v2.0/routers/e6e3ef39-940c-4503-a1ec-c29e9f17c0c8/remove_router_interface 1.803s
2025-04-03 04:40:38.913 70626 INFO tempest.lib.common.rest_client [req-7e69f327-22df-433b-bb0d-62fbc5c41ff5 req-7e69f327-22df-433b-bb0d-62fbc5c41ff5 ] Request (QuotaClassesAdminTestJSON:tearDownClass): 204 DELETE http://10.180.1.21/identity/v3/projects/cc8882cdff9647da8e69f3afdfec0183 0.162s
2025-04-03 04:40:38.914 70626 INFO tempest.lib.common.dynamic_creds [-] Deleting project and security group for project: 8a82fe78729349ebb9fce7263220a51b
2025-04-03 04:40:38.930 70660 INFO tempest.lib.common.rest_client [req-086dba7c-1298-416c-b965-ddd260caa322 req-086dba7c-1298-416c-b965-ddd260caa322 ] Request (FloatingIPsAssociationTestJSON:setUpClass): 202 POST http://10.180.1.21/compute/v2.1/servers 3.699s
2025-04-03 04:40:39.005 70640 INFO tempest.lib.common.rest_client [req-a5dcad72-b69e-4271-8636-e2254c3f525b req-a5dcad72-b69e-4271-8636-e2254c3f525b ] Request (ServersAdminTestJSON:test_create_server_with_scheduling_hint): 200 GET http://10.180.1.21/compute/v2.1/servers/3c352840-697b-43ea-8abb-83f6c856e7ec 2.389s
2025-04-03 04:40:39.170 70630 INFO tempest.lib.common.rest_client [req-18ee16fe-ee9b-42df-9776-3666b116ace4 req-18ee16fe-ee9b-42df-9776-3666b116ace4 ] Request (SecurityGroupsTestAdminJSON:test_list_security_groups_list_all_tenants_filter): 200 GET http://10.180.1.21/compute/v2.1/os-security-groups?all_tenants=true 2.175s
2025-04-03 04:40:39.203 70634 INFO tempest.lib.common.rest_client [req-a5031ca0-1be2-4790-a500-e2d310341db9 req-a5031ca0-1be2-4790-a500-e2d310341db9 ] Request (KeyPairsV22TestJSON:_run_cleanups): 204 DELETE http://10.180.1.21/compute/v2.1/os-keypairs/tempest-keypair-541700586 2.140s
2025-04-03 04:40:39.206 70626 INFO tempest.lib.common.rest_client [req-d39a9318-0bd6-4acf-8149-ce796291cdf9 req-d39a9318-0bd6-4acf-8149-ce796291cdf9 ] Request (QuotaClassesAdminTestJSON:tearDownClass): 200 GET http://10.180.1.21:9696/networking/v2.0/security-groups?tenant_id=8a82fe78729349ebb9fce7263220a51b&name=default 0.292s
2025-04-03 04:40:39.255 70662 INFO tempest.lib.common.rest_client [req-5fe4f25a-0c62-4d91-8b7f-67b3cbefbe07 req-5fe4f25a-0c62-4d91-8b7f-67b3cbefbe07 ] Request (AttachInterfacesUnderV243Test:test_add_remove_fixed_ip): 200 GET http://10.180.1.21/compute/v2.1/servers/16c3a117-e725-45e2-94e9-fbc0156fbadd 2.558s
2025-04-03 04:40:39.267 70662 INFO tempest.common.waiters [-] State transition "BUILD/None" ==> "BUILD/spawning" after 19 second wait
2025-04-03 04:40:39.318 70656 INFO tempest.lib.common.rest_client [req-78bb67fe-b6ce-451f-b6c6-ee425ccd5277 req-78bb67fe-b6ce-451f-b6c6-ee425ccd5277 ] Request (SecurityGroupRulesNegativeTestJSON:tearDownClass): 204 DELETE http://10.180.1.21:9696/networking/v2.0/routers/6c537381-f16a-4760-b32f-46d4a7b632cb 1.046s
2025-04-03 04:40:39.407 70626 INFO tempest.lib.common.rest_client [req-24316784-e6cd-42a0-9cac-cc90da26edc9 req-24316784-e6cd-42a0-9cac-cc90da26edc9 ] Request (QuotaClassesAdminTestJSON:tearDownClass): 204 DELETE http://10.180.1.21:9696/networking/v2.0/security-groups/6b6a1617-bc12-43d2-bb3e-930324ae54df 0.200s
2025-04-03 04:40:39.431 70632 INFO tempest.lib.common.rest_client [req-07e66e7c-dc80-41ac-9536-89228201beaa req-07e66e7c-dc80-41ac-9536-89228201beaa ] Request (SecurityGroupsTestJSON:test_list_security_groups_by_server): 200 GET http://10.180.1.21/compute/v2.1/servers/2c9fda7c-de29-4b8a-b950-cfd429a16e18 2.290s
2025-04-03 04:40:39.442 70646 INFO tempest.lib.common.rest_client [req-8bb7c3b5-a063-449c-8598-88ec51659432 req-8bb7c3b5-a063-449c-8598-88ec51659432 ] Request (VolumesAdminNegativeTest:test_update_attached_volume_with_nonexistent_volume_in_body): 200 GET http://10.180.1.21/compute/v2.1/servers/19fddddc-9657-463c-b24d-7ae457fdb870/os-interface 2.300s
2025-04-03 04:40:39.445 70632 INFO tempest.common.waiters [-] State transition "BUILD/spawning" ==> "ACTIVE/None" after 22 second wait
2025-04-03 04:40:39.579 70606 INFO tempest.lib.common.rest_client [req-74ddcb7f-df4c-4b35-81a8-652476237fdf req-74ddcb7f-df4c-4b35-81a8-652476237fdf ] Request (DeleteServersTestJSON:test_delete_active_server): 200 GET http://10.180.1.21/compute/v2.1/servers/2d5cedee-6995-4e7f-b542-7379821901e1 1.850s
2025-04-03 04:40:39.617 70612 INFO tempest.lib.common.rest_client [req-ec9b26e9-6ef0-451f-bd76-b8d760a2adf5 req-ec9b26e9-6ef0-451f-bd76-b8d760a2adf5 ] Request (FlavorsAdminTestJSON:_run_cleanups): 202 DELETE http://10.180.1.21/compute/v2.1/flavors/864599785 1.692s
2025-04-03 04:40:39.675 70626 INFO tempest.lib.common.rest_client [req-6b53ff5d-40e4-4dca-b871-ab830779cb18 req-6b53ff5d-40e4-4dca-b871-ab830779cb18 ] Request (QuotaClassesAdminTestJSON:tearDownClass): 204 DELETE http://10.180.1.21/identity/v3/projects/8a82fe78729349ebb9fce7263220a51b 0.267s
2025-04-03 04:40:39.711 70658 INFO tempest.lib.common.rest_client [req-69050cdd-a1cd-4e81-8903-2e6eefa0f3e0 req-69050cdd-a1cd-4e81-8903-2e6eefa0f3e0 ] Request (ServersWithSpecificFlavorTestJSON:test_verify_created_server_ephemeral_disk): 200 GET http://10.180.1.21/compute/v2.1/servers/9bb398f8-6536-4a13-b46f-ea083c4cf5d1 1.742s
2025-04-03 04:40:39.765 70626 INFO tempest.lib.common.rest_client [req-479874d0-fe12-4774-974d-106541a129b1 req-479874d0-fe12-4774-974d-106541a129b1 ] Request (ServerDiskConfigTestJSON:setUpClass): 201 POST http://10.180.1.21/identity/v3/auth/tokens 0.089s
2025-04-03 04:40:39.798 70650 INFO tempest.lib.common.rest_client [req-695e6ef5-be44-4a58-bde9-770d98159052 req-695e6ef5-be44-4a58-bde9-770d98159052 ] Request (VolumesAssistedSnapshotsTest:test_volume_assisted_snapshot_create_delete): 200 GET http://10.180.1.21/compute/v2.1/servers/ba5dd49c-50d4-4dee-b428-9d4300ab43af 1.742s
2025-04-03 04:40:39.803 70626 INFO tempest.lib.common.rest_client [req-22aef1d6-c2b1-4660-b2fe-8735d7b7a3f8 req-22aef1d6-c2b1-4660-b2fe-8735d7b7a3f8 ] Request (ServerDiskConfigTestJSON:setUpClass): 201 POST http://10.180.1.21/identity/v3/auth/tokens 0.033s
2025-04-03 04:40:39.832 70656 INFO tempest.lib.common.rest_client [req-9b9b327c-3a26-4b80-ac09-eaa2d529528a req-9b9b327c-3a26-4b80-ac09-eaa2d529528a ] Request (SecurityGroupRulesNegativeTestJSON:tearDownClass): 204 DELETE http://10.180.1.21:9696/networking/v2.0/subnets/cff202c9-de04-4dde-8e3b-d94769792ed2 0.514s
2025-04-03 04:40:39.833 70626 INFO tempest.lib.common.rest_client [req-51d29ef8-16c1-45b0-a211-8c0232422236 req-51d29ef8-16c1-45b0-a211-8c0232422236 ] Request (ServerDiskConfigTestJSON:setUpClass): 200 GET http://10.180.1.21/identity/v3/domains?name=Default 0.030s
2025-04-03 04:40:39.879 70626 INFO tempest.lib.common.rest_client [req-6590b5f0-6be7-4a82-9c17-92fbd4239ed9 req-6590b5f0-6be7-4a82-9c17-92fbd4239ed9 ] Request (ServerDiskConfigTestJSON:setUpClass): 201 POST http://10.180.1.21/identity/v3/projects 0.045s
2025-04-03 04:40:39.917 70602 INFO tempest.lib.common.rest_client [req-5c6e1522-d302-44fb-9341-c55f4de76d5b req-5c6e1522-d302-44fb-9341-c55f4de76d5b ] Request (FloatingIPsNegativeTestJSON:tearDownClass): 204 DELETE http://10.180.1.21:9696/networking/v2.0/routers/e6e3ef39-940c-4503-a1ec-c29e9f17c0c8 1.022s
2025-04-03 04:40:39.984 70626 INFO tempest.lib.common.rest_client [req-289986ad-63a4-436e-b724-55fd2d79e53e req-289986ad-63a4-436e-b724-55fd2d79e53e ] Request (ServerDiskConfigTestJSON:setUpClass): 201 POST http://10.180.1.21/identity/v3/users 0.104s
2025-04-03 04:40:40.000 70636 INFO tempest.lib.common.rest_client [req-6663dfc2-fe4a-46eb-a708-e544235d7e33 req-6663dfc2-fe4a-46eb-a708-e544235d7e33 ] Request (ServerDiagnosticsV248Test:tearDownClass): 204 DELETE http://10.180.1.21/compute/v2.1/servers/6e9a0b80-0d5c-4d95-9a3d-728424ef852e 1.900s
2025-04-03 04:40:40.014 70626 INFO tempest.lib.common.rest_client [req-46865a97-803f-4711-893e-dcb96b547401 req-46865a97-803f-4711-893e-dcb96b547401 ] Request (ServerDiskConfigTestJSON:setUpClass): 200 GET http://10.180.1.21/identity/v3/roles 0.029s
2025-04-03 04:40:40.032 70616 INFO tempest.lib.common.rest_client [req-3a078038-42ef-4659-856a-deb1c398d59a req-3a078038-42ef-4659-856a-deb1c398d59a ] Request (ServersTestMultiNic:_run_cleanups): 200 GET http://10.180.1.21/compute/v2.1/servers/6c11ec80-43e4-4b24-9a6c-40a13011c9b3 2.568s
2025-04-03 04:40:40.055 70626 INFO tempest.lib.common.rest_client [req-69329955-477e-472d-801d-f618c851c522 req-69329955-477e-472d-801d-f618c851c522 ] Request (ServerDiskConfigTestJSON:setUpClass): 204 PUT http://10.180.1.21/identity/v3/projects/9442610b28a7452a8b29d013bd021928/users/3c189b5a8657472fabf068670f677af9/roles/f687191b69b8409eabc6a45e1c71e414 0.041s
2025-04-03 04:40:40.055 70626 INFO tempest.lib.common.dynamic_creds [-] Dynamic test user 3c189b5a8657472fabf068670f677af9 is created with scope project and roles: ['member']
2025-04-03 04:40:40.056 70626 INFO tempest.lib.common.dynamic_creds [-] Acquired dynamic creds: credentials: Credentials: {'domain_id': 'default', 'domain_name': 'Default', 'username': 'tempest-ServerDiskConfigTestJSON-314686981-project-member', 'project_domain_id': 'default', 'project_domain_name': 'Default', 'project_id': '9442610b28a7452a8b29d013bd021928', 'project_name': 'tempest-ServerDiskConfigTestJSON-314686981', 'tenant_id': '9442610b28a7452a8b29d013bd021928', 'tenant_name': 'tempest-ServerDiskConfigTestJSON-314686981', 'user_domain_id': 'default', 'user_domain_name': 'Default', 'user_id': '3c189b5a8657472fabf068670f677af9', 'system': None}, Network: None, Subnet: None, Router: None
2025-04-03 04:40:40.085 70621 INFO tempest.lib.common.rest_client [req-865b7038-f731-4ae1-be52-44f388edc6a0 req-865b7038-f731-4ae1-be52-44f388edc6a0 ] Request (DeleteServersAdminTestJSON:test_delete_server_while_in_error_state): 200 GET http://10.180.1.21/compute/v2.1/servers/8d3a4e3f-033e-4ed0-a67c-99d0f9a3d753 1.866s
2025-04-03 04:40:40.104 70628 INFO tempest.lib.common.rest_client [req-3da24c07-aa14-4359-b098-809c96b8a0f5 req-3da24c07-aa14-4359-b098-809c96b8a0f5 ] Request (ServersAdminNegativeTestJSON:test_migrate_server_invalid_state): 200 GET http://10.180.1.21/compute/v2.1/servers/cf16c077-6f47-4ad4-b4b2-f14ae99e335a 1.820s
2025-04-03 04:40:40.145 70626 INFO tempest.lib.common.rest_client [req-1e61f6f4-115c-4fc1-81ff-3e8e645b7b15 req-1e61f6f4-115c-4fc1-81ff-3e8e645b7b15 ] Request (ServerDiskConfigTestJSON:setUpClass): 201 POST http://10.180.1.21/identity/v3/auth/tokens 0.089s
2025-04-03 04:40:40.240 70602 INFO tempest.lib.common.rest_client [req-ab5a78eb-38c6-4043-b135-bd973dec80dc req-ab5a78eb-38c6-4043-b135-bd973dec80dc ] Request (FloatingIPsNegativeTestJSON:tearDownClass): 204 DELETE http://10.180.1.21:9696/networking/v2.0/subnets/2d7a55d6-f8fe-436c-b000-b11254a76b08 0.323s
2025-04-03 04:40:40.381 70624 INFO tempest.lib.common.rest_client [req-e27ff16d-e673-44c8-914a-2999646b4def req-e27ff16d-e673-44c8-914a-2999646b4def ] Request (ImagesNegativeTestJSON:test_create_image_from_deleted_server): 200 GET http://10.180.1.21/compute/v2.1/servers/cce3978e-29ec-42c6-8190-d02f082e3b62 1.981s
2025-04-03 04:40:40.410 70654 INFO tempest.lib.common.rest_client [req-5cacb616-a2a1-494d-96df-eb151c199b46 req-5cacb616-a2a1-494d-96df-eb151c199b46 ] Request (ServersListShow298Test:test_list_show_update_rebuild_server_298): 202 POST http://10.180.1.21/compute/v2.1/servers 2.009s
2025-04-03 04:40:40.712 70642 INFO tempest.lib.common.rest_client [req-9f07784b-16b1-4d96-881d-4ceac8f053d8 req-9f07784b-16b1-4d96-881d-4ceac8f053d8 ] Request (ImagesTestJSON:test_create_image_from_stopped_server): 200 GET http://10.180.1.21/compute/v2.1/servers/d8409f2b-0740-4d4c-a604-0c818a196445 2.080s
2025-04-03 04:40:40.833 70656 INFO tempest.lib.common.rest_client [req-d41ecba3-3ab0-4b8a-b679-726910a7f856 req-d41ecba3-3ab0-4b8a-b679-726910a7f856 ] Request (SecurityGroupRulesNegativeTestJSON:tearDownClass): 204 DELETE http://10.180.1.21:9696/networking/v2.0/networks/b5845628-fcd6-4c36-b267-562d992e045b 1.000s
2025-04-03 04:40:40.870 70602 INFO tempest.lib.common.rest_client [req-af8ce5f9-1a84-41d0-b8ab-d61f8acaa50c req-af8ce5f9-1a84-41d0-b8ab-d61f8acaa50c ] Request (FloatingIPsNegativeTestJSON:tearDownClass): 204 DELETE http://10.180.1.21:9696/networking/v2.0/networks/97567261-2f82-475d-8673-9c884bf25361 0.629s
2025-04-03 04:40:40.967 70614 INFO tempest.lib.common.rest_client [req-eff3dc96-1aab-407a-9de6-1d172825f927 req-eff3dc96-1aab-407a-9de6-1d172825f927 ] Request (ServersTestFqdnHostnames:test_create_server_with_fqdn_name): 200 GET http://10.180.1.21/compute/v2.1/servers/2eb42f40-1b49-496b-8f23-3d7298666d77 2.431s
2025-04-03 04:40:40.980 70614 INFO tempest.common.waiters [-] State transition "BUILD/spawning" ==> "ACTIVE/None" after 22 second wait
2025-04-03 04:40:40.988 70648 INFO tempest.lib.common.rest_client [req-b2a87499-2e88-4ec7-a3b6-2c45df5a4068 req-b2a87499-2e88-4ec7-a3b6-2c45df5a4068 ] Request (SecurityGroupRulesTestJSON:tearDownClass): 202 DELETE http://10.180.1.21/compute/v2.1/os-security-groups/d98e8a97-65cd-46a8-9cf6-0ba3f80e8065 2.342s
2025-04-03 04:40:40.989 70602 INFO tempest.lib.common.rest_client [req-152968b3-e027-4bc6-af36-f29b7dcc1d56 req-152968b3-e027-4bc6-af36-f29b7dcc1d56 ] Request (FloatingIPsNegativeTestJSON:tearDownClass): 204 DELETE http://10.180.1.21/identity/v3/users/b37a5fe133a34932ae70d1f82747908b 0.118s
2025-04-03 04:40:40.989 70602 INFO tempest.lib.common.dynamic_creds [-] Deleting project and security group for project: 17bfaf4509b849feb5f18913b778a9c7
2025-04-03 04:40:40.995 70656 INFO tempest.lib.common.rest_client [req-77eef721-fd02-4401-b426-1e42a83f1139 req-77eef721-fd02-4401-b426-1e42a83f1139 ] Request (SecurityGroupRulesNegativeTestJSON:tearDownClass): 204 DELETE http://10.180.1.21/identity/v3/users/d0247659e7a04ad5911b46d4947932dc 0.161s
2025-04-03 04:40:40.995 70656 INFO tempest.lib.common.dynamic_creds [-] Deleting project and security group for project: c7533dc62d684994965876bc65b42aa3
2025-04-03 04:40:41.014 70608 INFO tempest.lib.common.rest_client [req-47465cc2-6ce3-44a9-a850-9a2164bba16d req-47465cc2-6ce3-44a9-a850-9a2164bba16d ] Request (KeyPairsV2TestJSON:test_keypairs_create_list_delete): 200 GET http://10.180.1.21/compute/v2.1/os-keypairs 2.235s
2025-04-03 04:40:41.033 70652 INFO tempest.lib.common.rest_client [req-6a8d12f9-3464-4f7c-96ef-4e0174d1d0ef req-6a8d12f9-3464-4f7c-96ef-4e0174d1d0ef ] Request (AggregatesAdminNegativeTestJSON:test_aggregate_get_details_as_user): 200 POST http://10.180.1.21/compute/v2.1/os-aggregates 2.367s
2025-04-03 04:40:41.049 70610 INFO tempest.lib.common.rest_client [req-a43fb617-2435-48fe-9c55-38831a5bc909 req-a43fb617-2435-48fe-9c55-38831a5bc909 ] Request (FlavorsAccessNegativeTestJSON:_run_cleanups): 200 GET http://10.180.1.21/compute/v2.1/flavors/detail 2.235s
2025-04-03 04:40:41.052 70626 INFO tempest.lib.common.rest_client [req-9da6fd55-d53f-43e4-8c8c-ae620820ca9a req-9da6fd55-d53f-43e4-8c8c-ae620820ca9a ] Request (ServerDiskConfigTestJSON:setUpClass): 201 POST http://10.180.1.21:9696/networking/v2.0/networks 0.907s
2025-04-03 04:40:41.064 70656 INFO tempest.lib.common.rest_client [req-834bde3c-fcf3-40b7-8319-3351673bf3bb req-834bde3c-fcf3-40b7-8319-3351673bf3bb ] Request (SecurityGroupRulesNegativeTestJSON:tearDownClass): 200 GET http://10.180.1.21:9696/networking/v2.0/security-groups?tenant_id=c7533dc62d684994965876bc65b42aa3&name=default 0.068s
2025-04-03 04:40:41.064 70618 INFO tempest.lib.common.rest_client [req-f3c9dcf3-ac3d-417d-a648-e993f1aa578a req-f3c9dcf3-ac3d-417d-a648-e993f1aa578a ] Request (KeyPairsV210TestJSON:test_admin_manage_keypairs_for_other_users): 200 GET http://10.180.1.21/compute/v2.1/os-keypairs?user_id=38f3cfa8a4c743f69c332179cadfaf1a 2.201s
2025-04-03 04:40:41.094 70602 INFO tempest.lib.common.rest_client [req-e290d73b-1721-4b52-8bf9-4f6f71b7c609 req-e290d73b-1721-4b52-8bf9-4f6f71b7c609 ] Request (FloatingIPsNegativeTestJSON:tearDownClass): 200 GET http://10.180.1.21:9696/networking/v2.0/security-groups?tenant_id=17bfaf4509b849feb5f18913b778a9c7&name=default 0.105s
2025-04-03 04:40:41.174 70622 INFO tempest.lib.common.rest_client [req-3b23f2ac-464a-403e-854b-128149baf49d req-3b23f2ac-464a-403e-854b-128149baf49d ] Request (AttachVolumeTestJSON:test_attach_detach_volume): 200 GET http://10.180.1.21/compute/v2.1/servers/86114837-8210-4063-9fe5-6e867ae7b252 2.263s
2025-04-03 04:40:41.264 70646 INFO tempest.lib.common.rest_client [req-0f8de53d-9cfa-44f6-ba3e-cf325ac503a3 req-0f8de53d-9cfa-44f6-ba3e-cf325ac503a3 ] Request (VolumesAdminNegativeTest:test_update_attached_volume_with_nonexistent_volume_in_body): 200 PUT http://10.180.1.21:9696/networking/v2.0/floatingips/747ad55d-e7cd-4f6b-aaaa-42f06ee58d6a 1.820s
2025-04-03 04:40:41.266 70646 INFO tempest.lib.common.ssh [-] Creating ssh connection to '10.180.180.222:22' as 'cirros' with public key authentication
2025-04-03 04:40:41.280 70660 INFO tempest.lib.common.rest_client [req-3a228f37-6553-4b5c-9b1e-aee43b8cdd85 req-3a228f37-6553-4b5c-9b1e-aee43b8cdd85 ] Request (FloatingIPsAssociationTestJSON:setUpClass): 200 GET http://10.180.1.21/compute/v2.1/servers/bfea592a-7cc8-4944-b8ce-ba28d64d5ed7 2.347s
2025-04-03 04:40:41.305 70602 INFO tempest.lib.common.rest_client [req-f6ee67a3-6d6c-4d44-9954-b8d4310ebde6 req-f6ee67a3-6d6c-4d44-9954-b8d4310ebde6 ] Request (FloatingIPsNegativeTestJSON:tearDownClass): 204 DELETE http://10.180.1.21:9696/networking/v2.0/security-groups/6321fd2c-202d-48ad-8b28-fede9065d1b4 0.210s
2025-04-03 04:40:41.317 70656 INFO tempest.lib.common.rest_client [req-aadfd13b-a66f-46a2-8e96-57c664a721f1 req-aadfd13b-a66f-46a2-8e96-57c664a721f1 ] Request (SecurityGroupRulesNegativeTestJSON:tearDownClass): 204 DELETE http://10.180.1.21:9696/networking/v2.0/security-groups/0fe685a3-fc3c-4a48-a60a-f9f51e5a7ed4 0.253s
2025-04-03 04:40:41.325 70600 INFO tempest.lib.common.rest_client [req-ddb3b507-87af-4e66-ab76-7507794cdca4 req-ddb3b507-87af-4e66-ab76-7507794cdca4 ] Request (MigrationsAdminTest:test_list_migrations_in_flavor_resize_situation): 200 GET http://10.180.1.21/compute/v2.1/servers/e38249fe-4114-40a6-9cdb-8ec5917bec83 2.489s
2025-04-03 04:40:41.345 70610 INFO tempest.lib.common.rest_client [req-cf570a46-19df-4f3a-a3a5-b0276d231013 req-cf570a46-19df-4f3a-a3a5-b0276d231013 ] Request (FlavorsAccessNegativeTestJSON:tearDownClass): 204 DELETE http://10.180.1.21/identity/v3/users/6a375258a8dc402291062c2d15630ffe 0.285s
2025-04-03 04:40:41.388 70604 INFO tempest.lib.common.rest_client [req-2610216b-0596-4984-902f-d40655eabd5f req-2610216b-0596-4984-902f-d40655eabd5f ] Request (ServersAdmin275Test:_run_cleanups): 200 GET http://10.180.1.21/compute/v2.1/servers/99c5100f-890c-496c-b40a-2cd4a2be72e5 2.330s
2025-04-03 04:40:41.440 70634 INFO tempest.lib.common.rest_client [req-e4057c23-fc69-472a-b897-46623ea0ad2b req-e4057c23-fc69-472a-b897-46623ea0ad2b ] Request (KeyPairsV22TestJSON:test_keypair_create_delete): 201 POST http://10.180.1.21/compute/v2.1/os-keypairs 2.234s
2025-04-03 04:40:41.457 70656 INFO tempest.lib.common.rest_client [req-e2377acc-436c-4bf0-b7cb-338c155d47aa req-e2377acc-436c-4bf0-b7cb-338c155d47aa ] Request (SecurityGroupRulesNegativeTestJSON:tearDownClass): 204 DELETE http://10.180.1.21/identity/v3/projects/c7533dc62d684994965876bc65b42aa3 0.137s
2025-04-03 04:40:41.474 70602 INFO tempest.lib.common.rest_client [req-4edc21dd-c561-4c7e-973f-08e2c5cd52d8 req-4edc21dd-c561-4c7e-973f-08e2c5cd52d8 ] Request (FloatingIPsNegativeTestJSON:tearDownClass): 204 DELETE http://10.180.1.21/identity/v3/projects/17bfaf4509b849feb5f18913b778a9c7 0.169s
2025-04-03 04:40:41.543 70644 INFO tempest.lib.common.rest_client [req-7d4babcd-5d3f-41bc-993e-a746b1189b05 req-7d4babcd-5d3f-41bc-993e-a746b1189b05 ] Request (ServerExternalEventsTest:tearDownClass): 200 GET http://10.180.1.21/compute/v2.1/servers/e9534202-ee8f-414b-a4cc-3c98bd4fc273 2.269s
2025-04-03 04:40:41.573 70656 INFO tempest.lib.common.rest_client [req-cbb79c56-6065-4eb5-8ba2-7755eb9e51ce req-cbb79c56-6065-4eb5-8ba2-7755eb9e51ce ] Request (InstanceActionsTestJSON:setUpClass): 201 POST http://10.180.1.21/identity/v3/auth/tokens 0.114s
2025-04-03 04:40:41.609 70602 INFO tempest.lib.common.rest_client [req-652b26f9-d4cb-4836-b4bd-090c846d5167 req-652b26f9-d4cb-4836-b4bd-090c846d5167 ] Request (ImagesOneServerTestJSON:setUpClass): 201 POST http://10.180.1.21/identity/v3/auth/tokens 0.133s
2025-04-03 04:40:41.638 70656 INFO tempest.lib.common.rest_client [req-e00cdff5-cf1b-426e-9b73-2b368f6e898f req-e00cdff5-cf1b-426e-9b73-2b368f6e898f ] Request (InstanceActionsTestJSON:setUpClass): 201 POST http://10.180.1.21/identity/v3/auth/tokens 0.063s
2025-04-03 04:40:41.670 70630 INFO tempest.lib.common.rest_client [req-f61e8dcd-4fb9-40d4-8aae-6563f761b406 req-f61e8dcd-4fb9-40d4-8aae-6563f761b406 ] Request (SecurityGroupsTestAdminJSON:_run_cleanups): 202 DELETE http://10.180.1.21/compute/v2.1/os-security-groups/f79d11a7-1e64-4d1a-a71f-49ce866bc957 2.495s
2025-04-03 04:40:41.706 70610 INFO tempest.lib.common.rest_client [req-b4c861c1-8e84-4fe7-8219-4d8b151dab1a req-b4c861c1-8e84-4fe7-8219-4d8b151dab1a ] Request (FlavorsAccessNegativeTestJSON:tearDownClass): 204 DELETE http://10.180.1.21/identity/v3/users/bb8c8ea785ce4c2a9c6472a94306a581 0.360s
2025-04-03 04:40:41.707 70612 INFO tempest.lib.common.rest_client [req-915d9dfa-6161-47ac-8466-f9f9a2cfbabe req-915d9dfa-6161-47ac-8466-f9f9a2cfbabe ] Request (FlavorsAdminTestJSON:_run_cleanups): 200 GET http://10.180.1.21/compute/v2.1/flavors/detail 2.089s
2025-04-03 04:40:41.712 70626 INFO tempest.lib.common.rest_client [req-7a1cb60e-321f-43f8-8526-8c5a2ee3b287 req-7a1cb60e-321f-43f8-8526-8c5a2ee3b287 ] Request (ServerDiskConfigTestJSON:setUpClass): 201 POST http://10.180.1.21:9696/networking/v2.0/subnets 0.659s
2025-04-03 04:40:41.729 70602 INFO tempest.lib.common.rest_client [req-e7274cd0-ea98-4f79-8fc2-053136b3c4f9 req-e7274cd0-ea98-4f79-8fc2-053136b3c4f9 ] Request (ImagesOneServerTestJSON:setUpClass): 201 POST http://10.180.1.21/identity/v3/auth/tokens 0.118s
2025-04-03 04:40:41.801 70656 INFO tempest.lib.common.rest_client [req-eb252363-5474-4907-ae87-d1433db34a95 req-eb252363-5474-4907-ae87-d1433db34a95 ] Request (InstanceActionsTestJSON:setUpClass): 200 GET http://10.180.1.21/identity/v3/domains?name=Default 0.163s
2025-04-03 04:40:41.826 70602 INFO tempest.lib.common.rest_client [req-e531790d-6bf5-4d5b-ac59-86a8b853b105 req-e531790d-6bf5-4d5b-ac59-86a8b853b105 ] Request (ImagesOneServerTestJSON:setUpClass): 200 GET http://10.180.1.21/identity/v3/domains?name=Default 0.096s
2025-04-03 04:40:41.871 70656 INFO tempest.lib.common.rest_client [req-c7c53d88-78c4-4856-843a-4384a4970362 req-c7c53d88-78c4-4856-843a-4384a4970362 ] Request (InstanceActionsTestJSON:setUpClass): 201 POST http://10.180.1.21/identity/v3/projects 0.069s
2025-04-03 04:40:41.878 70638 INFO tempest.lib.common.rest_client [req-540746fe-5ebd-43c7-90e2-aae6e502b718 req-540746fe-5ebd-43c7-90e2-aae6e502b718 ] Request (TenantUsagesTestJSON:setUpClass): 200 GET http://10.180.1.21/compute/v2.1/servers/f80ff45c-767d-4771-876e-d4cf7f06718a 2.255s
2025-04-03 04:40:41.924 70610 INFO tempest.lib.common.rest_client [req-13886930-414e-4255-bc79-f98b5b3f94b5 req-13886930-414e-4255-bc79-f98b5b3f94b5 ] Request (FlavorsAccessNegativeTestJSON:tearDownClass): 204 DELETE http://10.180.1.21/identity/v3/users/73477e1a7018485db1003f64c8451e54 0.218s
2025-04-03 04:40:41.925 70610 INFO tempest.lib.common.dynamic_creds [-] Deleting project and security group for project: 8933a3e1995c4f16a4fbb016fea73760
2025-04-03 04:40:41.945 70602 INFO tempest.lib.common.rest_client [req-06659a47-cc84-4726-a9d9-5cc26f76a280 req-06659a47-cc84-4726-a9d9-5cc26f76a280 ] Request (ImagesOneServerTestJSON:setUpClass): 201 POST http://10.180.1.21/identity/v3/projects 0.118s
2025-04-03 04:40:41.997 70636 INFO tempest.lib.common.rest_client [req-c3e46f31-b9d1-4a5f-b2f1-4cb0b793bef5 req-c3e46f31-b9d1-4a5f-b2f1-4cb0b793bef5 ] Request (ServerDiagnosticsV248Test:tearDownClass): 200 GET http://10.180.1.21/compute/v2.1/servers/6e9a0b80-0d5c-4d95-9a3d-728424ef852e 1.996s
2025-04-03 04:40:42.034 70610 INFO tempest.lib.common.rest_client [req-0db9b912-2d03-4678-b146-87b1948df123 req-0db9b912-2d03-4678-b146-87b1948df123 ] Request (FlavorsAccessNegativeTestJSON:tearDownClass): 201 POST http://10.180.1.21/identity/v3/auth/tokens 0.109s
2025-04-03 04:40:42.074 70602 INFO tempest.lib.common.rest_client [req-be10e25a-8738-482b-baf1-522f2e633f78 req-be10e25a-8738-482b-baf1-522f2e633f78 ] Request (ImagesOneServerTestJSON:setUpClass): 201 POST http://10.180.1.21/identity/v3/users 0.128s
2025-04-03 04:40:42.077 70656 INFO tempest.lib.common.rest_client [req-9d01270b-41dd-4cc6-834d-c336d4cfdcb1 req-9d01270b-41dd-4cc6-834d-c336d4cfdcb1 ] Request (InstanceActionsTestJSON:setUpClass): 201 POST http://10.180.1.21/identity/v3/users 0.206s
2025-04-03 04:40:42.092 70640 INFO tempest.lib.common.rest_client [req-6a380e4a-116b-4c6a-bee2-c6043fd4d75f req-6a380e4a-116b-4c6a-bee2-c6043fd4d75f ] Request (ServersAdminTestJSON:test_create_server_with_scheduling_hint): 200 GET http://10.180.1.21/compute/v2.1/servers/3c352840-697b-43ea-8abb-83f6c856e7ec 2.072s
2025-04-03 04:40:42.101 70632 INFO tempest.lib.common.rest_client [req-a45c6e85-de20-434e-9938-91f4b96426fa req-a45c6e85-de20-434e-9938-91f4b96426fa ] Request (SecurityGroupsTestJSON:test_list_security_groups_by_server): 202 POST http://10.180.1.21/compute/v2.1/servers/2c9fda7c-de29-4b8a-b950-cfd429a16e18/action 2.654s
2025-04-03 04:40:42.102 70640 INFO tempest.common.waiters [-] State transition "BUILD/scheduling" ==> "BUILD/None" after 3 second wait
2025-04-03 04:40:42.116 70602 INFO tempest.lib.common.rest_client [req-b82eb50b-6157-44ae-9512-49b7676e053f req-b82eb50b-6157-44ae-9512-49b7676e053f ] Request (ImagesOneServerTestJSON:setUpClass): 200 GET http://10.180.1.21/identity/v3/roles 0.042s
2025-04-03 04:40:42.140 70656 INFO tempest.lib.common.rest_client [req-bdd0bc91-a9e8-473b-a0bc-5c7eda18940d req-bdd0bc91-a9e8-473b-a0bc-5c7eda18940d ] Request (InstanceActionsTestJSON:setUpClass): 200 GET http://10.180.1.21/identity/v3/roles 0.063s
2025-04-03 04:40:42.174 70602 INFO tempest.lib.common.rest_client [req-e227b4ce-05f3-43cc-86b8-c868139ce629 req-e227b4ce-05f3-43cc-86b8-c868139ce629 ] Request (ImagesOneServerTestJSON:setUpClass): 204 PUT http://10.180.1.21/identity/v3/projects/da23b3ead21f4522aaf2b5218f964b52/users/4938e92f06fb4acf947353482e7fa8bb/roles/f687191b69b8409eabc6a45e1c71e414 0.057s
2025-04-03 04:40:42.175 70602 INFO tempest.lib.common.dynamic_creds [-] Dynamic test user 4938e92f06fb4acf947353482e7fa8bb is created with scope project and roles: ['member']
2025-04-03 04:40:42.175 70656 INFO tempest.lib.common.rest_client [req-bdfe10d5-fb8e-4202-8274-e708242645bf req-bdfe10d5-fb8e-4202-8274-e708242645bf ] Request (InstanceActionsTestJSON:setUpClass): 204 PUT http://10.180.1.21/identity/v3/projects/14813f58434e45b78bc00e43aa3fd48e/users/9e4d0e849a16489ebf123d07eac45fb8/roles/f687191b69b8409eabc6a45e1c71e414 0.034s
2025-04-03 04:40:42.175 70602 INFO tempest.lib.common.dynamic_creds [-] Acquired dynamic creds: credentials: Credentials: {'domain_id': 'default', 'domain_name': 'Default', 'username': 'tempest-ImagesOneServerTestJSON-60803836-project-member', 'project_domain_id': 'default', 'project_domain_name': 'Default', 'project_id': 'da23b3ead21f4522aaf2b5218f964b52', 'project_name': 'tempest-ImagesOneServerTestJSON-60803836', 'tenant_id': 'da23b3ead21f4522aaf2b5218f964b52', 'tenant_name': 'tempest-ImagesOneServerTestJSON-60803836', 'user_domain_id': 'default', 'user_domain_name': 'Default', 'user_id': '4938e92f06fb4acf947353482e7fa8bb', 'system': None}, Network: None, Subnet: None, Router: None
2025-04-03 04:40:42.175 70656 INFO tempest.lib.common.dynamic_creds [-] Dynamic test user 9e4d0e849a16489ebf123d07eac45fb8 is created with scope project and roles: ['member']
2025-04-03 04:40:42.175 70656 INFO tempest.lib.common.dynamic_creds [-] Acquired dynamic creds: credentials: Credentials: {'domain_id': 'default', 'domain_name': 'Default', 'username': 'tempest-InstanceActionsTestJSON-1500479348-project-member', 'project_domain_id': 'default', 'project_domain_name': 'Default', 'project_id': '14813f58434e45b78bc00e43aa3fd48e', 'project_name': 'tempest-InstanceActionsTestJSON-1500479348', 'tenant_id': '14813f58434e45b78bc00e43aa3fd48e', 'tenant_name': 'tempest-InstanceActionsTestJSON-1500479348', 'user_domain_id': 'default', 'user_domain_name': 'Default', 'user_id': '9e4d0e849a16489ebf123d07eac45fb8', 'system': None}, Network: None, Subnet: None, Router: None
2025-04-03 04:40:42.193 70654 INFO tempest.lib.common.rest_client [req-81a6baaf-aade-4ecc-b060-c9fddc412ac9 req-81a6baaf-aade-4ecc-b060-c9fddc412ac9 ] Request (ServersListShow298Test:test_list_show_update_rebuild_server_298): 200 GET http://10.180.1.21/compute/v2.1/servers/9a2373d0-4c30-4811-8cfb-41cc23028535 1.781s
2025-04-03 04:40:42.261 70662 INFO tempest.lib.common.rest_client [req-ed899380-c8a3-44bf-8352-03cd97b9defa req-ed899380-c8a3-44bf-8352-03cd97b9defa ] Request (AttachInterfacesUnderV243Test:test_add_remove_fixed_ip): 200 GET http://10.180.1.21/compute/v2.1/servers/16c3a117-e725-45e2-94e9-fbc0156fbadd 1.994s
2025-04-03 04:40:42.276 70656 INFO tempest.lib.common.rest_client [req-9aaa763e-6d81-4b55-895e-b4965807ba6e req-9aaa763e-6d81-4b55-895e-b4965807ba6e ] Request (InstanceActionsTestJSON:setUpClass): 201 POST http://10.180.1.21/identity/v3/auth/tokens 0.100s
2025-04-03 04:40:42.277 70606 INFO tempest.lib.common.rest_client [req-adce4b5e-0b7e-465f-a65f-72425688d578 req-adce4b5e-0b7e-465f-a65f-72425688d578 ] Request (DeleteServersTestJSON:test_delete_active_server): 200 GET http://10.180.1.21/compute/v2.1/servers/2d5cedee-6995-4e7f-b542-7379821901e1 1.685s
2025-04-03 04:40:42.280 70602 INFO tempest.lib.common.rest_client [req-9488bec7-1836-4073-86bb-13345e887d97 req-9488bec7-1836-4073-86bb-13345e887d97 ] Request (ImagesOneServerTestJSON:setUpClass): 201 POST http://10.180.1.21/identity/v3/auth/tokens 0.104s
2025-04-03 04:40:42.340 70610 INFO tempest.lib.common.rest_client [req-7bb66912-6269-469b-8ece-c6ff3b5a196d req-7bb66912-6269-469b-8ece-c6ff3b5a196d ] Request (FlavorsAccessNegativeTestJSON:tearDownClass): 200 GET http://10.180.1.21:9696/networking/v2.0/security-groups?tenant_id=8933a3e1995c4f16a4fbb016fea73760&name=default 0.305s
2025-04-03 04:40:42.362 70658 INFO tempest.lib.common.rest_client [req-ef5eec83-0f3f-4315-a5aa-65ccc0467386 req-ef5eec83-0f3f-4315-a5aa-65ccc0467386 ] Request (ServersWithSpecificFlavorTestJSON:test_verify_created_server_ephemeral_disk): 200 GET http://10.180.1.21/compute/v2.1/servers/9bb398f8-6536-4a13-b46f-ea083c4cf5d1 1.636s
2025-04-03 04:40:42.371 70650 INFO tempest.lib.common.rest_client [req-fb756d05-aa91-41db-be9a-e2d0ce733a99 req-fb756d05-aa91-41db-be9a-e2d0ce733a99 ] Request (VolumesAssistedSnapshotsTest:test_volume_assisted_snapshot_create_delete): 200 GET http://10.180.1.21/compute/v2.1/servers/ba5dd49c-50d4-4dee-b428-9d4300ab43af 1.562s
2025-04-03 04:40:42.564 70614 INFO tempest.lib.common.rest_client [req-a296c9f8-1817-4887-ac94-4492bf2d84a1 req-a296c9f8-1817-4887-ac94-4492bf2d84a1 ] Request (ServersTestFqdnHostnames:test_create_server_with_fqdn_name): 200 GET http://10.180.1.21/compute/v2.1/servers/2eb42f40-1b49-496b-8f23-3d7298666d77/os-interface 1.583s
2025-04-03 04:40:42.591 70608 INFO tempest.lib.common.rest_client [req-f9c136a0-d55b-41cb-a3ce-7713ad29df6f req-f9c136a0-d55b-41cb-a3ce-7713ad29df6f ] Request (KeyPairsV2TestJSON:_run_cleanups): 202 DELETE http://10.180.1.21/compute/v2.1/os-keypairs/tempest-KeyPairsV2TestJSON-keypair-1011158307 1.574s
2025-04-03 04:40:42.603 70652 INFO tempest.lib.common.rest_client [req-40bd0ca6-e36d-47f7-8398-c9481f53d733 req-40bd0ca6-e36d-47f7-8398-c9481f53d733 ] Request (AggregatesAdminNegativeTestJSON:test_aggregate_get_details_as_user): 403 GET http://10.180.1.21/compute/v2.1/os-aggregates/6 1.563s
2025-04-03 04:40:42.621 70610 INFO tempest.lib.common.rest_client [req-91123db5-7517-4ff6-9fff-238f828e9d93 req-91123db5-7517-4ff6-9fff-238f828e9d93 ] Request (FlavorsAccessNegativeTestJSON:tearDownClass): 204 DELETE http://10.180.1.21:9696/networking/v2.0/security-groups/75859d04-3589-4f64-b998-7be609276356 0.280s
2025-04-03 04:40:42.672 70616 INFO tempest.lib.common.rest_client [req-c80a67c3-90be-4c14-9e0e-c347501e6b7b req-c80a67c3-90be-4c14-9e0e-c347501e6b7b ] Request (ServersTestMultiNic:_run_cleanups): 200 GET http://10.180.1.21/compute/v2.1/servers/6c11ec80-43e4-4b24-9a6c-40a13011c9b3 1.626s
2025-04-03 04:40:42.676 70648 INFO tempest.lib.common.rest_client [req-0fcda1fb-19a2-445a-8e48-4bfc16efca44 req-0fcda1fb-19a2-445a-8e48-4bfc16efca44 ] Request (SecurityGroupRulesTestJSON:tearDownClass): 202 DELETE http://10.180.1.21/compute/v2.1/os-security-groups/668e52a7-b66a-4ade-ae81-f54ace66f42b 1.688s
2025-04-03 04:40:42.692 70618 INFO tempest.lib.common.rest_client [req-b94149c0-9eb3-4e81-9a92-0841d35a0ef4 req-b94149c0-9eb3-4e81-9a92-0841d35a0ef4 ] Request (KeyPairsV210TestJSON:_run_cleanups): 204 DELETE http://10.180.1.21/compute/v2.1/os-keypairs/tempest-KeyPairsV210TestJSON-keypair-75984200 1.625s
2025-04-03 04:40:42.738 70610 INFO tempest.lib.common.rest_client [req-f6ff5038-0acd-438a-b9e8-0fa7017c12dd req-f6ff5038-0acd-438a-b9e8-0fa7017c12dd ] Request (FlavorsAccessNegativeTestJSON:tearDownClass): 204 DELETE http://10.180.1.21/identity/v3/projects/8933a3e1995c4f16a4fbb016fea73760 0.117s
2025-04-03 04:40:42.738 70610 INFO tempest.lib.common.dynamic_creds [-] Deleting project and security group for project: 3d421573729647878b7c61eaeb75b3f2
2025-04-03 04:40:42.757 70628 INFO tempest.lib.common.rest_client [req-bac4ae41-a71d-4ae3-a78f-02c10ad18a14 req-bac4ae41-a71d-4ae3-a78f-02c10ad18a14 ] Request (ServersAdminNegativeTestJSON:test_migrate_server_invalid_state): 200 GET http://10.180.1.21/compute/v2.1/servers/cf16c077-6f47-4ad4-b4b2-f14ae99e335a 1.641s
2025-04-03 04:40:42.769 70621 INFO tempest.lib.common.rest_client [req-81152753-f4e7-4884-9a10-24d860802760 req-81152753-f4e7-4884-9a10-24d860802760 ] Request (DeleteServersAdminTestJSON:test_delete_server_while_in_error_state): 200 GET http://10.180.1.21/compute/v2.1/servers/8d3a4e3f-033e-4ed0-a67c-99d0f9a3d753 1.672s
2025-04-03 04:40:42.774 70656 INFO tempest.lib.common.rest_client [req-d58a432f-3d84-41c5-9e5c-7fed930d764a req-d58a432f-3d84-41c5-9e5c-7fed930d764a ] Request (InstanceActionsTestJSON:setUpClass): 201 POST http://10.180.1.21:9696/networking/v2.0/networks 0.498s
2025-04-03 04:40:42.786 70602 INFO tempest.lib.common.rest_client [req-bf87836d-d205-455a-992d-dd02984c05bf req-bf87836d-d205-455a-992d-dd02984c05bf ] Request (ImagesOneServerTestJSON:setUpClass): 201 POST http://10.180.1.21:9696/networking/v2.0/networks 0.506s
2025-04-03 04:40:42.796 70634 INFO tempest.lib.common.rest_client [req-9fd50cb3-2812-47c2-85bc-10b80e09eca4 req-9fd50cb3-2812-47c2-85bc-10b80e09eca4 ] Request (KeyPairsV22TestJSON:_run_cleanups): 204 DELETE http://10.180.1.21/compute/v2.1/os-keypairs/tempest-keypair-1500048408 1.354s
2025-04-03 04:40:42.832 70624 INFO tempest.lib.common.rest_client [req-6535ef56-c0b8-4779-8c88-56de7851f180 req-6535ef56-c0b8-4779-8c88-56de7851f180 ] Request (ImagesNegativeTestJSON:test_create_image_from_deleted_server): 200 GET http://10.180.1.21/compute/v2.1/servers/cce3978e-29ec-42c6-8190-d02f082e3b62 1.444s
2025-04-03 04:40:42.843 70624 INFO tempest.common.waiters [-] State transition "ACTIVE/deleting" ==> "DELETED/None" after 2 second wait
2025-04-03 04:40:42.861 70612 INFO tempest.lib.common.rest_client [req-c90a3a4a-0f1d-47b4-9ffd-d66f8bad712b req-c90a3a4a-0f1d-47b4-9ffd-d66f8bad712b ] Request (FlavorsAdminTestJSON:test_is_public_string_variations): 200 POST http://10.180.1.21/compute/v2.1/flavors 1.143s
2025-04-03 04:40:42.917 70642 INFO tempest.lib.common.rest_client [req-421c9250-3dba-47cc-bb0e-8093ab37a4d2 req-421c9250-3dba-47cc-bb0e-8093ab37a4d2 ] Request (ImagesTestJSON:test_create_image_from_stopped_server): 200 GET http://10.180.1.21/compute/v2.1/servers/d8409f2b-0740-4d4c-a604-0c818a196445 1.188s
2025-04-03 04:40:43.070 70602 INFO tempest.lib.common.rest_client [req-12fb0cfd-b1ca-4972-bc29-edccca3d3224 req-12fb0cfd-b1ca-4972-bc29-edccca3d3224 ] Request (ImagesOneServerTestJSON:setUpClass): 201 POST http://10.180.1.21:9696/networking/v2.0/subnets 0.283s
2025-04-03 04:40:43.410 70610 INFO tempest.lib.common.rest_client [req-298222b2-1427-4543-ba44-d5e5b381197c req-298222b2-1427-4543-ba44-d5e5b381197c ] Request (FlavorsAccessNegativeTestJSON:tearDownClass): 200 GET http://10.180.1.21:9696/networking/v2.0/security-groups?tenant_id=3d421573729647878b7c61eaeb75b3f2&name=default 0.671s
2025-04-03 04:40:43.467 70630 INFO tempest.lib.common.rest_client [req-28290faf-7679-4b2f-bf24-becd4f9babf9 req-28290faf-7679-4b2f-bf24-becd4f9babf9 ] Request (SecurityGroupsTestAdminJSON:_run_cleanups): 202 DELETE http://10.180.1.21/compute/v2.1/os-security-groups/32c59cc7-4668-4673-a788-bdb08fdd76d2 1.796s
2025-04-03 04:40:43.514 70632 INFO tempest.lib.common.rest_client [req-0adca9f4-627e-40b3-9e56-e11af20c4a41 req-0adca9f4-627e-40b3-9e56-e11af20c4a41 ] Request (SecurityGroupsTestJSON:test_list_security_groups_by_server): 202 POST http://10.180.1.21/compute/v2.1/servers/2c9fda7c-de29-4b8a-b950-cfd429a16e18/action 1.413s
2025-04-03 04:40:43.552 70622 INFO tempest.lib.common.rest_client [req-e9c1fd9b-7df5-4bf7-9436-3236f0756cd1 req-e9c1fd9b-7df5-4bf7-9436-3236f0756cd1 ] Request (AttachVolumeTestJSON:test_attach_detach_volume): 200 GET http://10.180.1.21/compute/v2.1/servers/86114837-8210-4063-9fe5-6e867ae7b252 1.366s
2025-04-03 04:40:43.566 70610 INFO tempest.lib.common.rest_client [req-488809ee-16b5-4654-939b-c167881bb972 req-488809ee-16b5-4654-939b-c167881bb972 ] Request (FlavorsAccessNegativeTestJSON:tearDownClass): 204 DELETE http://10.180.1.21:9696/networking/v2.0/security-groups/ffd7248f-2559-450a-ae38-7f3851ad5382 0.155s
2025-04-03 04:40:43.581 70660 INFO tempest.lib.common.rest_client [req-4c090ce3-0fff-435a-bb9e-e99c30a1e14e req-4c090ce3-0fff-435a-bb9e-e99c30a1e14e ] Request (FloatingIPsAssociationTestJSON:setUpClass): 200 GET http://10.180.1.21/compute/v2.1/servers/bfea592a-7cc8-4944-b8ce-ba28d64d5ed7 1.286s
2025-04-03 04:40:43.591 70660 INFO tempest.common.waiters [-] State transition "BUILD/scheduling" ==> "BUILD/None" after 2 second wait
2025-04-03 04:40:43.659 70604 INFO tempest.lib.common.rest_client [req-b74a678c-f6ba-4a07-b0e5-72e75cfa1dda req-b74a678c-f6ba-4a07-b0e5-72e75cfa1dda ] Request (ServersAdmin275Test:_run_cleanups): 200 GET http://10.180.1.21/compute/v2.1/servers/99c5100f-890c-496c-b40a-2cd4a2be72e5 1.254s
2025-04-03 04:40:43.672 70604 INFO tempest.common.waiters [-] State transition "REBUILD/rebuild_spawning" ==> "ACTIVE/None" after 10 second wait
