2025-04-03 04:41:56.574 70626 INFO tempest.lib.common.rest_client [req-bb97287e-8e73-4693-857f-5d5735fbe01e req-bb97287e-8e73-4693-857f-5d5735fbe01e ] Request (ServerDiskConfigTestJSON:test_rebuild_server_with_manual_disk_config): 202 POST http://10.180.1.21/compute/v2.1/servers 0.373s
2025-04-03 04:41:56.604 70646 WARNING tempest.lib.common.ssh [-] Failed to establish authenticated ssh connection to cirros@10.180.180.222 ([Errno None] Unable to connect to port 22 on 10.180.180.222). Number attempts: 9. Retry after 10 seconds.: paramiko.ssh_exception.NoValidConnectionsError: [Errno None] Unable to connect to port 22 on 10.180.180.222
2025-04-03 04:41:56.625 70642 INFO tempest.lib.common.rest_client [req-e6958e13-6b78-4e1c-a9bb-a2334d4ccd86 req-e6958e13-6b78-4e1c-a9bb-a2334d4ccd86 ] Request (ImagesTestJSON:test_create_image_from_suspended_server): 200 GET http://10.180.1.21/compute/v2.1/servers/982522d9-dee1-4251-a7a3-4bad81acc442 0.299s
2025-04-03 04:41:56.630 70621 INFO tempest.lib.common.rest_client [req-b6ce54d4-996e-4cc0-ad03-63127a2c4f8d req-b6ce54d4-996e-4cc0-ad03-63127a2c4f8d ] Request (QuotasAdminTestJSON:_run_cleanups): 204 DELETE http://10.180.1.21/identity/v3/projects/5ea25e9d115d4384b1ad5404d351d0de 0.090s
2025-04-03 04:41:56.636 70610 INFO tempest.lib.common.rest_client [req-276448bc-0dd1-4c21-916a-3361f7c5444c req-276448bc-0dd1-4c21-916a-3361f7c5444c ] Request (ServerActionsTestJSON:setUpClass): 200 GET http://10.180.1.21/compute/v2.1/servers/dd793706-95da-42f2-b9fc-ee37f04e6923 0.363s
2025-04-03 04:41:56.643 70610 INFO tempest.common.waiters [-] State transition "BUILD/networking" ==> "BUILD/spawning" after 53 second wait
2025-04-03 04:41:56.678 70616 INFO tempest.lib.common.rest_client [req-cf59cf8a-46dd-447d-8108-506cd83071a1 req-cf59cf8a-46dd-447d-8108-506cd83071a1 ] Request (ServersTestMultiNic:test_verify_multiple_nics_order): 200 GET http://10.180.1.21/compute/v2.1/servers/7be2da39-a762-4d2f-a520-44120528267c 0.295s
2025-04-03 04:41:56.692 70638 INFO tempest.lib.common.rest_client [req-28aa203b-0176-458e-bbca-ec3edd3f116f req-28aa203b-0176-458e-bbca-ec3edd3f116f ] Request (InstanceActionsNegativeTestJSON:setUpClass): 200 GET http://10.180.1.21/compute/v2.1/servers/7b398910-13db-4ed9-b743-6f25046af2dc 0.253s
2025-04-03 04:41:56.728 70606 INFO tempest.lib.common.rest_client [req-e2c4065b-d1f1-4f2c-a76c-0d5fac52b469 req-e2c4065b-d1f1-4f2c-a76c-0d5fac52b469 ] Request (DeleteServersTestJSON:test_delete_server_while_in_attached_volume): 200 GET http://10.180.1.21/compute/v2.1/servers/248f0a9f-88ae-4c02-8870-57422c9f8ac3 0.260s
2025-04-03 04:41:56.743 70600 INFO tempest.lib.common.rest_client [req-7da27062-1024-42d3-a85c-27ae3ad4fd39 req-7da27062-1024-42d3-a85c-27ae3ad4fd39 ] Request (MigrationsAdminTest:test_resize_server_revert_deleted_flavor): 200 GET http://10.180.1.21/compute/v2.1/servers/3cd24ffc-62ba-465a-8663-efbce0e593f5 0.247s
2025-04-03 04:41:56.779 70626 INFO tempest.lib.common.rest_client [req-879c8227-6207-4c11-92e1-f895c18ff6be req-879c8227-6207-4c11-92e1-f895c18ff6be ] Request (ServerDiskConfigTestJSON:test_rebuild_server_with_manual_disk_config): 200 GET http://10.180.1.21/compute/v2.1/servers/4a2a0594-39e2-4e91-bba9-954662de5f77 0.203s
2025-04-03 04:41:56.780 70632 INFO tempest.lib.common.rest_client [req-ef3589a4-6e6e-43e8-8756-946e57c9be4e req-ef3589a4-6e6e-43e8-8756-946e57c9be4e ] Request (SecurityGroupsTestJSON:test_server_security_groups): 200 GET http://10.180.1.21/compute/v2.1/servers/a0a8df6e-572a-4874-9b2e-119e9a8933e6 0.253s
2025-04-03 04:41:56.883 70621 INFO tempest.lib.common.rest_client [req-a3f1a44c-ffa4-475a-bb51-76b43bb3cfbc req-a3f1a44c-ffa4-475a-bb51-76b43bb3cfbc ] Request (QuotasAdminTestJSON:test_update_all_quota_resources_for_tenant): 200 GET http://10.180.1.21/compute/v2.1/os-quota-sets/34e933352ea34fcaad0420c33e529649/defaults 0.251s
2025-04-03 04:41:56.897 70630 INFO tempest.lib.common.rest_client [req-0762f819-3fd9-49b6-9751-a1ddc63f3d77 req-0762f819-3fd9-49b6-9751-a1ddc63f3d77 ] Request (ServerRescueTestJSONUnderV235:setUpClass): 200 GET http://10.180.1.21/compute/v2.1/servers/015b62f4-f233-4d72-89fd-221d8e381082 0.291s
2025-04-03 04:41:56.935 70634 INFO tempest.lib.common.rest_client [req-32756d7a-cf69-41fb-a598-51f926c61bcb req-32756d7a-cf69-41fb-a598-51f926c61bcb ] Request (ServerShowV257Test:test_rebuild_server): 200 GET http://10.180.1.21/compute/v2.1/servers/8f4f1690-4ef8-4178-8ed1-cd1e5b3da928 0.138s
2025-04-03 04:41:56.945 70636 INFO tempest.lib.common.rest_client [req-4505108b-6fa6-480b-af7d-1ec70645862b req-4505108b-6fa6-480b-af7d-1ec70645862b ] Request (ListServerFiltersTestJSON:setUpClass): 200 GET http://10.180.1.21/compute/v2.1/servers/1ad77931-f385-45f3-bbe1-dd6e8b986631 0.125s
2025-04-03 04:41:57.108 70621 INFO tempest.lib.common.rest_client [req-8469287a-f2a8-4d80-9d95-21f1f32d7c51 req-8469287a-f2a8-4d80-9d95-21f1f32d7c51 ] Request (QuotasAdminTestJSON:test_update_all_quota_resources_for_tenant): 200 PUT http://10.180.1.21/compute/v2.1/os-quota-sets/34e933352ea34fcaad0420c33e529649 0.221s
2025-04-03 04:41:57.143 70608 INFO tempest.lib.common.rest_client [req-431210fe-3484-4e44-a172-95eb19dfa383 req-431210fe-3484-4e44-a172-95eb19dfa383 ] Request (ServersNegativeTestMultiTenantJSON:setUpClass): 200 GET http://10.180.1.21/compute/v2.1/servers/b8e86b56-da33-4ae5-92fa-c4eb330b4679 0.157s
2025-04-03 04:41:57.176 70644 INFO tempest.lib.common.rest_client [req-8953456e-87c4-4a6f-96f9-5bb2629b789c req-8953456e-87c4-4a6f-96f9-5bb2629b789c ] Request (ServerActionsTestOtherB:setUpClass): 200 GET http://10.180.1.21/compute/v2.1/servers/94af8883-9a40-4929-8b36-16c400b3d18a 0.176s
2025-04-03 04:41:57.208 70640 INFO tempest.lib.common.rest_client [req-a11c9ff2-27b2-4efb-896d-f5b07e9a3472 req-a11c9ff2-27b2-4efb-896d-f5b07e9a3472 ] Request (ServersAdminTestJSON:test_inject_network_info): 200 GET http://10.180.1.21/compute/v2.1/servers/9632e467-f678-4808-97f7-f228e9bc52bc 0.161s
2025-04-03 04:41:57.235 70604 INFO tempest.lib.common.rest_client [req-0ce9c84a-5877-420f-a0de-44fcfa3c3c7e req-0ce9c84a-5877-420f-a0de-44fcfa3c3c7e ] Request (ListImageFiltersTestJSON:setUpClass): 200 GET http://10.180.1.21/compute/v2.1/servers/0b934777-cba1-4d08-b077-bfdb23c35dec 0.172s
2025-04-03 04:41:57.294 70652 INFO tempest.lib.common.rest_client [req-0d7f298e-74c8-4e7e-9e13-7e5be7a6667c req-0d7f298e-74c8-4e7e-9e13-7e5be7a6667c ] Request (AttachInterfacesV270Test:test_create_get_list_interfaces): 200 GET http://10.180.1.21/compute/v2.1/servers/a5ca6c00-0437-4f80-b0fa-65b6b68df973 0.180s
2025-04-03 04:41:57.354 70660 INFO tempest.lib.common.rest_client [req-ef24f112-6b49-4774-8b0e-81f042a10573 req-ef24f112-6b49-4774-8b0e-81f042a10573 ] Request (FloatingIPsAssociationTestJSON:test_associate_already_associated_floating_ip): 200 GET http://10.180.1.21/compute/v2.1/servers/95850796-4c82-4e1f-b169-c2122a5c4950 0.193s
2025-04-03 04:41:57.400 70602 INFO tempest.lib.common.rest_client [req-6698effa-ec33-43e9-a903-2e7ef5809726 req-6698effa-ec33-43e9-a903-2e7ef5809726 ] Request (ImagesOneServerTestJSON:test_create_delete_image): 200 GET http://10.180.1.21/compute/v2.1/images/9f00df21-dfb1-42e3-a840-ee1c82d5eaa8 0.205s
2025-04-03 04:41:57.426 70621 INFO tempest.lib.common.rest_client [req-c89a4311-3233-4aa4-8706-94e17af50e05 req-c89a4311-3233-4aa4-8706-94e17af50e05 ] Request (QuotasAdminTestJSON:_run_cleanups): 200 PUT http://10.180.1.21/compute/v2.1/os-quota-sets/34e933352ea34fcaad0420c33e529649 0.316s
2025-04-03 04:41:57.488 70628 INFO tempest.lib.common.rest_client [req-831e2c90-15a1-47a7-8696-7267a802dd88 req-831e2c90-15a1-47a7-8696-7267a802dd88 ] Request (ServersAdminNegativeTestJSON:tearDownClass): 200 GET http://10.180.1.21/compute/v2.1/servers/0a84cbbb-8a36-4c53-bb72-d715abb4ac48 0.195s
2025-04-03 04:41:57.493 70656 INFO tempest.lib.common.rest_client [req-7b7f21a0-6333-4c51-8903-6cee00f3b972 req-7b7f21a0-6333-4c51-8903-6cee00f3b972 ] Request (InstanceActionsTestJSON:tearDownClass): 200 GET http://10.180.1.21/compute/v2.1/servers/c7e021c9-0f12-43e5-b66a-73335865fc11 0.240s
2025-04-03 04:41:57.500 70656 INFO tempest.common.waiters [-] State transition "ACTIVE/deleting" ==> "DELETED/None" after 4 second wait
2025-04-03 04:41:57.541 70612 INFO tempest.lib.common.rest_client [req-ec3b73bb-5dd1-478c-b96e-be75baba56ec req-ec3b73bb-5dd1-478c-b96e-be75baba56ec ] Request (ServerRescueTestJSON:setUpClass): 200 GET http://10.180.1.21/compute/v2.1/servers/a48068d4-716f-4df7-b75b-d522cbf99d46 0.240s
2025-04-03 04:41:57.558 70662 INFO tempest.lib.common.rest_client [req-d10539d9-cf5c-448b-80a9-ce5af8241b56 req-d10539d9-cf5c-448b-80a9-ce5af8241b56 ] Request (AttachInterfacesUnderV243Test:_run_cleanups): 200 GET http://10.180.1.21/compute/v2.1/servers/16c3a117-e725-45e2-94e9-fbc0156fbadd 0.200s
2025-04-03 04:41:57.561 70621 INFO tempest.lib.common.rest_client [req-d9653e65-1e63-4be0-90bd-40d6323e2a98 req-d9653e65-1e63-4be0-90bd-40d6323e2a98 ] Request (QuotasAdminTestJSON:tearDownClass): 204 DELETE http://10.180.1.21/identity/v3/users/d0d769f4eaa54ddf972e0c5ac34d45d9 0.128s
2025-04-03 04:41:57.607 70654 INFO tempest.lib.common.rest_client [req-b37a2468-e1e4-49e8-888e-d423821a168e req-b37a2468-e1e4-49e8-888e-d423821a168e ] Request (ServersListShow298Test:tearDownClass): 200 GET http://10.180.1.21/compute/v2.1/servers/9a2373d0-4c30-4811-8cfb-41cc23028535 0.182s
2025-04-03 04:41:57.618 70614 INFO tempest.lib.common.rest_client [req-cebe6e9f-f507-4ace-bc45-cb4c93ae9c55 req-cebe6e9f-f507-4ace-bc45-cb4c93ae9c55 ] Request (ServersTestFqdnHostnames:tearDownClass): 200 GET http://10.180.1.21/compute/v2.1/servers/2eb42f40-1b49-496b-8f23-3d7298666d77 0.101s
2025-04-03 04:41:57.667 70621 INFO tempest.lib.common.rest_client [req-c6bc5430-4377-474c-abb8-7e59c5f99b75 req-c6bc5430-4377-474c-abb8-7e59c5f99b75 ] Request (QuotasAdminTestJSON:tearDownClass): 204 DELETE http://10.180.1.21/identity/v3/users/718f098a73b24aa4a126c3166f85eb09 0.106s
2025-04-03 04:41:57.668 70621 INFO tempest.lib.common.dynamic_creds [-] Deleting project and security group for project: 34e933352ea34fcaad0420c33e529649
2025-04-03 04:41:57.688 70642 INFO tempest.lib.common.rest_client [req-6bd9de47-1aa1-4135-ba41-be01e5032ae2 req-6bd9de47-1aa1-4135-ba41-be01e5032ae2 ] Request (ImagesTestJSON:test_create_image_from_suspended_server): 200 GET http://10.180.1.21/compute/v2.1/servers/982522d9-dee1-4251-a7a3-4bad81acc442 0.056s
2025-04-03 04:41:57.721 70621 INFO tempest.lib.common.rest_client [req-644ccb04-7b7c-4142-a3af-c37c186bdc4a req-644ccb04-7b7c-4142-a3af-c37c186bdc4a ] Request (QuotasAdminTestJSON:tearDownClass): 201 POST http://10.180.1.21/identity/v3/auth/tokens 0.053s
2025-04-03 04:41:57.740 70616 INFO tempest.lib.common.rest_client [req-ccd3e0e1-87cf-4729-8931-22e3bfa38b14 req-ccd3e0e1-87cf-4729-8931-22e3bfa38b14 ] Request (ServersTestMultiNic:test_verify_multiple_nics_order): 200 GET http://10.180.1.21/compute/v2.1/servers/7be2da39-a762-4d2f-a520-44120528267c 0.052s
2025-04-03 04:41:57.749 70610 INFO tempest.lib.common.rest_client [req-5c735c85-6509-4764-a417-04200e7e895c req-5c735c85-6509-4764-a417-04200e7e895c ] Request (ServerActionsTestJSON:setUpClass): 200 GET http://10.180.1.21/compute/v2.1/servers/dd793706-95da-42f2-b9fc-ee37f04e6923 0.105s
2025-04-03 04:41:57.793 70638 INFO tempest.lib.common.rest_client [req-3241936e-7983-4468-9bfc-93f757ed30ee req-3241936e-7983-4468-9bfc-93f757ed30ee ] Request (InstanceActionsNegativeTestJSON:setUpClass): 200 GET http://10.180.1.21/compute/v2.1/servers/7b398910-13db-4ed9-b743-6f25046af2dc 0.093s
2025-04-03 04:41:57.798 70606 INFO tempest.lib.common.rest_client [req-88534cf4-efaf-4f0e-98d3-175b496706f2 req-88534cf4-efaf-4f0e-98d3-175b496706f2 ] Request (DeleteServersTestJSON:test_delete_server_while_in_attached_volume): 200 GET http://10.180.1.21/compute/v2.1/servers/248f0a9f-88ae-4c02-8870-57422c9f8ac3 0.062s
2025-04-03 04:41:57.847 70626 INFO tempest.lib.common.rest_client [req-f5aaabdc-dd5a-4917-87f0-9162052101b9 req-f5aaabdc-dd5a-4917-87f0-9162052101b9 ] Request (ServerDiskConfigTestJSON:test_rebuild_server_with_manual_disk_config): 200 GET http://10.180.1.21/compute/v2.1/servers/4a2a0594-39e2-4e91-bba9-954662de5f77 0.060s
2025-04-03 04:41:57.847 70600 INFO tempest.lib.common.rest_client [req-bfa273f6-e5cf-4989-b980-28ed96412ff7 req-bfa273f6-e5cf-4989-b980-28ed96412ff7 ] Request (MigrationsAdminTest:test_resize_server_revert_deleted_flavor): 200 GET http://10.180.1.21/compute/v2.1/servers/3cd24ffc-62ba-465a-8663-efbce0e593f5 0.096s
2025-04-03 04:41:57.907 70632 INFO tempest.lib.common.rest_client [req-6fc2f1d8-d193-4824-9039-ff8290f358e4 req-6fc2f1d8-d193-4824-9039-ff8290f358e4 ] Request (SecurityGroupsTestJSON:test_server_security_groups): 200 GET http://10.180.1.21/compute/v2.1/servers/a0a8df6e-572a-4874-9b2e-119e9a8933e6 0.119s
2025-04-03 04:41:57.927 70621 INFO tempest.lib.common.rest_client [req-23d45c33-2263-4873-98f2-20a760157843 req-23d45c33-2263-4873-98f2-20a760157843 ] Request (QuotasAdminTestJSON:tearDownClass): 200 GET http://10.180.1.21:9696/networking/v2.0/security-groups?tenant_id=34e933352ea34fcaad0420c33e529649&name=default 0.205s
2025-04-03 04:41:58.000 70634 INFO tempest.lib.common.rest_client [req-26d505a9-fccb-48fe-9693-ca6ca148594f req-26d505a9-fccb-48fe-9693-ca6ca148594f ] Request (ServerShowV257Test:test_rebuild_server): 200 GET http://10.180.1.21/compute/v2.1/servers/8f4f1690-4ef8-4178-8ed1-cd1e5b3da928 0.056s
2025-04-03 04:41:58.003 70630 INFO tempest.lib.common.rest_client [req-316f9607-30ad-4b6d-a04e-766b08e52773 req-316f9607-30ad-4b6d-a04e-766b08e52773 ] Request (ServerRescueTestJSONUnderV235:setUpClass): 200 GET http://10.180.1.21/compute/v2.1/servers/015b62f4-f233-4d72-89fd-221d8e381082 0.097s
2025-04-03 04:41:58.010 70634 INFO tempest.common.waiters [-] State transition "BUILD/None" ==> "BUILD/networking" after 53 second wait
2025-04-03 04:41:58.016 70621 INFO tempest.lib.common.rest_client [req-c52e54f8-2ae6-45e3-a285-fa2b2b9fd3e1 req-c52e54f8-2ae6-45e3-a285-fa2b2b9fd3e1 ] Request (QuotasAdminTestJSON:tearDownClass): 204 DELETE http://10.180.1.21:9696/networking/v2.0/security-groups/9974148f-409d-4da5-a525-f5c0f735db3a 0.089s
2025-04-03 04:41:58.058 70636 INFO tempest.lib.common.rest_client [req-2b5bf7eb-34fb-4b1d-9639-a3431c537895 req-2b5bf7eb-34fb-4b1d-9639-a3431c537895 ] Request (ListServerFiltersTestJSON:setUpClass): 200 GET http://10.180.1.21/compute/v2.1/servers/1ad77931-f385-45f3-bbe1-dd6e8b986631 0.102s
2025-04-03 04:41:58.094 70621 INFO tempest.lib.common.rest_client [req-00d4d82c-c959-4c1b-8ad8-169c305d5df8 req-00d4d82c-c959-4c1b-8ad8-169c305d5df8 ] Request (QuotasAdminTestJSON:tearDownClass): 204 DELETE http://10.180.1.21/identity/v3/projects/34e933352ea34fcaad0420c33e529649 0.077s
2025-04-03 04:41:58.094 70621 INFO tempest.lib.common.dynamic_creds [-] Deleting project and security group for project: 4bbeeeaad35f4393b253fe2531a7cef3
2025-04-03 04:41:58.140 70622 WARNING tempest.lib.common.ssh [-] Failed to establish authenticated ssh connection to cirros@10.180.180.167 ([Errno None] Unable to connect to port 22 on 10.180.180.167). Number attempts: 6. Retry after 7 seconds.: paramiko.ssh_exception.NoValidConnectionsError: [Errno None] Unable to connect to port 22 on 10.180.180.167
2025-04-03 04:41:58.200 70621 INFO tempest.lib.common.rest_client [req-47ea556a-e253-4f7d-9ebb-2edf103e281b req-47ea556a-e253-4f7d-9ebb-2edf103e281b ] Request (QuotasAdminTestJSON:tearDownClass): 200 GET http://10.180.1.21:9696/networking/v2.0/security-groups?tenant_id=4bbeeeaad35f4393b253fe2531a7cef3&name=default 0.105s
2025-04-03 04:41:58.241 70644 INFO tempest.lib.common.rest_client [req-509b057f-ad85-43f3-8983-64ba2ebe0f5e req-509b057f-ad85-43f3-8983-64ba2ebe0f5e ] Request (ServerActionsTestOtherB:setUpClass): 200 GET http://10.180.1.21/compute/v2.1/servers/94af8883-9a40-4929-8b36-16c400b3d18a 0.056s
2025-04-03 04:41:58.306 70640 INFO tempest.lib.common.rest_client [req-9ca2b078-bd6f-42b2-a0d6-2716d5c054f0 req-9ca2b078-bd6f-42b2-a0d6-2716d5c054f0 ] Request (ServersAdminTestJSON:test_inject_network_info): 200 GET http://10.180.1.21/compute/v2.1/servers/9632e467-f678-4808-97f7-f228e9bc52bc 0.089s
2025-04-03 04:41:58.326 70621 INFO tempest.lib.common.rest_client [req-05008091-c9db-4169-8e12-373e9c5769a5 req-05008091-c9db-4169-8e12-373e9c5769a5 ] Request (QuotasAdminTestJSON:tearDownClass): 204 DELETE http://10.180.1.21:9696/networking/v2.0/security-groups/da4a843b-fe7c-4f34-9fd6-f6e1d1e51eaa 0.125s
2025-04-03 04:41:58.338 70608 INFO tempest.lib.common.rest_client [req-afbe474d-3167-43ff-8418-52f818b5961b req-afbe474d-3167-43ff-8418-52f818b5961b ] Request (ServersNegativeTestMultiTenantJSON:setUpClass): 200 GET http://10.180.1.21/compute/v2.1/servers/b8e86b56-da33-4ae5-92fa-c4eb330b4679 0.182s
2025-04-03 04:41:58.380 70604 INFO tempest.lib.common.rest_client [req-a2c501d0-2581-4587-9298-3ba2848f5d10 req-a2c501d0-2581-4587-9298-3ba2848f5d10 ] Request (ListImageFiltersTestJSON:setUpClass): 200 GET http://10.180.1.21/compute/v2.1/servers/0b934777-cba1-4d08-b077-bfdb23c35dec 0.137s
2025-04-03 04:41:58.389 70652 INFO tempest.lib.common.rest_client [req-9ba51e17-1f5e-4206-a152-5eca75febc7e req-9ba51e17-1f5e-4206-a152-5eca75febc7e ] Request (AttachInterfacesV270Test:test_create_get_list_interfaces): 200 GET http://10.180.1.21/compute/v2.1/servers/a5ca6c00-0437-4f80-b0fa-65b6b68df973 0.084s
2025-04-03 04:41:58.435 70660 INFO tempest.lib.common.rest_client [req-cd4132a3-3c71-418a-a5a0-63a179bffad2 req-cd4132a3-3c71-418a-a5a0-63a179bffad2 ] Request (FloatingIPsAssociationTestJSON:test_associate_already_associated_floating_ip): 200 GET http://10.180.1.21/compute/v2.1/servers/95850796-4c82-4e1f-b169-c2122a5c4950 0.069s
2025-04-03 04:41:58.446 70621 INFO tempest.lib.common.rest_client [req-c4ae4ba5-f041-4d1d-80d1-f6f97bfc435e req-c4ae4ba5-f041-4d1d-80d1-f6f97bfc435e ] Request (QuotasAdminTestJSON:tearDownClass): 204 DELETE http://10.180.1.21/identity/v3/projects/4bbeeeaad35f4393b253fe2531a7cef3 0.119s
2025-04-03 04:41:58.447 70602 INFO tempest.lib.common.rest_client [req-1a4276f9-f4b5-4e05-bfa8-a6c494d2df69 req-1a4276f9-f4b5-4e05-bfa8-a6c494d2df69 ] Request (ImagesOneServerTestJSON:test_create_delete_image): 200 GET http://10.180.1.21/compute/v2.1/images/9f00df21-dfb1-42e3-a840-ee1c82d5eaa8 0.043s
2025-04-03 04:41:58.538 70621 INFO tempest.lib.common.rest_client [req-37bd0128-3926-4644-afa7-0389309dc4d6 req-37bd0128-3926-4644-afa7-0389309dc4d6 ] Request (ImagesMetadataNegativeTestJSON:setUpClass): 201 POST http://10.180.1.21/identity/v3/auth/tokens 0.091s
2025-04-03 04:41:58.574 70621 INFO tempest.lib.common.rest_client [req-01bc5794-6740-47b4-9b6c-7177d372dbcf req-01bc5794-6740-47b4-9b6c-7177d372dbcf ] Request (ImagesMetadataNegativeTestJSON:setUpClass): 201 POST http://10.180.1.21/identity/v3/auth/tokens 0.033s
2025-04-03 04:41:58.590 70656 INFO tempest.lib.common.rest_client [req-b3f53024-c566-4a14-abbe-471388752b8f req-b3f53024-c566-4a14-abbe-471388752b8f ] Request (InstanceActionsTestJSON:tearDownClass): 200 GET http://10.180.1.21/compute/v2.1/servers/c7e021c9-0f12-43e5-b66a-73335865fc11 0.086s
2025-04-03 04:41:58.602 70621 INFO tempest.lib.common.rest_client [req-79bf29db-f795-4459-9c0c-dbffa07fdf09 req-79bf29db-f795-4459-9c0c-dbffa07fdf09 ] Request (ImagesMetadataNegativeTestJSON:setUpClass): 200 GET http://10.180.1.21/identity/v3/domains?name=Default 0.028s
2025-04-03 04:41:58.634 70621 INFO tempest.lib.common.rest_client [req-41a3d0a1-3e6d-4b82-bf3d-7c52964175a2 req-41a3d0a1-3e6d-4b82-bf3d-7c52964175a2 ] Request (ImagesMetadataNegativeTestJSON:setUpClass): 201 POST http://10.180.1.21/identity/v3/projects 0.031s
2025-04-03 04:41:58.644 70612 INFO tempest.lib.common.rest_client [req-3ef8c3a5-29ec-4b7b-a58f-4b49028ddacd req-3ef8c3a5-29ec-4b7b-a58f-4b49028ddacd ] Request (ServerRescueTestJSON:setUpClass): 200 GET http://10.180.1.21/compute/v2.1/servers/a48068d4-716f-4df7-b75b-d522cbf99d46 0.094s
2025-04-03 04:41:58.704 70621 INFO tempest.lib.common.rest_client [req-05bb3a40-83fc-483f-a26a-684e0729034b req-05bb3a40-83fc-483f-a26a-684e0729034b ] Request (ImagesMetadataNegativeTestJSON:setUpClass): 201 POST http://10.180.1.21/identity/v3/users 0.070s
2025-04-03 04:41:58.706 70662 INFO tempest.lib.common.rest_client [req-ecd9d671-4f84-413e-9951-8a4b5e24d191 req-ecd9d671-4f84-413e-9951-8a4b5e24d191 ] Request (AttachInterfacesUnderV243Test:_run_cleanups): 200 GET http://10.180.1.21/compute/v2.1/servers/16c3a117-e725-45e2-94e9-fbc0156fbadd 0.140s
2025-04-03 04:41:58.729 70621 INFO tempest.lib.common.rest_client [req-3aa83693-f091-45ef-9d92-9c8298b6c950 req-3aa83693-f091-45ef-9d92-9c8298b6c950 ] Request (ImagesMetadataNegativeTestJSON:setUpClass): 200 GET http://10.180.1.21/identity/v3/roles 0.024s
2025-04-03 04:41:58.759 70621 INFO tempest.lib.common.rest_client [req-fe10f384-71e8-4e3f-baf2-c881151234ba req-fe10f384-71e8-4e3f-baf2-c881151234ba ] Request (ImagesMetadataNegativeTestJSON:setUpClass): 204 PUT http://10.180.1.21/identity/v3/projects/5258979c12e94b21b1bbf5f983047cf2/users/e283127b851b467bbf554358a100aa27/roles/f687191b69b8409eabc6a45e1c71e414 0.030s
2025-04-03 04:41:58.760 70621 INFO tempest.lib.common.dynamic_creds [-] Dynamic test user e283127b851b467bbf554358a100aa27 is created with scope project and roles: ['member']
2025-04-03 04:41:58.760 70621 INFO tempest.lib.common.dynamic_creds [-] Acquired dynamic creds: credentials: Credentials: {'domain_id': 'default', 'domain_name': 'Default', 'username': 'tempest-ImagesMetadataNegativeTestJSON-1443574522-project-member', 'project_domain_id': 'default', 'project_domain_name': 'Default', 'project_id': '5258979c12e94b21b1bbf5f983047cf2', 'project_name': 'tempest-ImagesMetadataNegativeTestJSON-1443574522', 'tenant_id': '5258979c12e94b21b1bbf5f983047cf2', 'tenant_name': 'tempest-ImagesMetadataNegativeTestJSON-1443574522', 'user_domain_id': 'default', 'user_domain_name': 'Default', 'user_id': 'e283127b851b467bbf554358a100aa27', 'system': None}, Network: None, Subnet: None, Router: None
2025-04-03 04:41:58.760 70621 INFO tempest.lib.common.dynamic_creds [-] Created isolated network resources for: credentials: Credentials: {'domain_id': 'default', 'domain_name': 'Default', 'username': 'tempest-ImagesMetadataNegativeTestJSON-1443574522-project-member', 'project_domain_id': 'default', 'project_domain_name': 'Default', 'project_id': '5258979c12e94b21b1bbf5f983047cf2', 'project_name': 'tempest-ImagesMetadataNegativeTestJSON-1443574522', 'tenant_id': '5258979c12e94b21b1bbf5f983047cf2', 'tenant_name': 'tempest-ImagesMetadataNegativeTestJSON-1443574522', 'user_domain_id': 'default', 'user_domain_name': 'Default', 'user_id': 'e283127b851b467bbf554358a100aa27', 'system': None}, Network: None, Subnet: None, Router: None
2025-04-03 04:41:58.777 70654 INFO tempest.lib.common.rest_client [req-9bd9d4c4-b088-4441-b8fb-9e0c9f57a68f req-9bd9d4c4-b088-4441-b8fb-9e0c9f57a68f ] Request (ServersListShow298Test:tearDownClass): 200 GET http://10.180.1.21/compute/v2.1/servers/9a2373d0-4c30-4811-8cfb-41cc23028535 0.158s
2025-04-03 04:41:58.782 70618 WARNING tempest.lib.common.ssh [-] Failed to establish authenticated ssh connection to cirros@10.180.180.226 ([Errno None] Unable to connect to port 22 on 10.180.180.226). Number attempts: 1. Retry after 2 seconds.: paramiko.ssh_exception.NoValidConnectionsError: [Errno None] Unable to connect to port 22 on 10.180.180.226
2025-04-03 04:41:58.783 70628 INFO tempest.lib.common.rest_client [req-e6e6fd66-c253-49f1-9cec-70f7265a12b3 req-e6e6fd66-c253-49f1-9cec-70f7265a12b3 ] Request (ServersAdminNegativeTestJSON:tearDownClass): 200 GET http://10.180.1.21/compute/v2.1/servers/0a84cbbb-8a36-4c53-bb72-d715abb4ac48 0.285s
2025-04-03 04:41:58.835 70642 INFO tempest.lib.common.rest_client [req-a7181108-a8d1-4213-91f6-56de40e6f3de req-a7181108-a8d1-4213-91f6-56de40e6f3de ] Request (ImagesTestJSON:test_create_image_from_suspended_server): 200 GET http://10.180.1.21/compute/v2.1/servers/982522d9-dee1-4251-a7a3-4bad81acc442 0.138s
2025-04-03 04:41:58.839 70614 INFO tempest.lib.common.rest_client [req-c5b4cddd-a12e-4513-b478-9c148b9bc23d req-c5b4cddd-a12e-4513-b478-9c148b9bc23d ] Request (ServersTestFqdnHostnames:tearDownClass): 200 GET http://10.180.1.21/compute/v2.1/servers/2eb42f40-1b49-496b-8f23-3d7298666d77 0.212s
2025-04-03 04:41:58.849 70621 INFO tempest.lib.common.rest_client [req-2f1457c7-999c-4a8b-992b-723e798487a6 req-2f1457c7-999c-4a8b-992b-723e798487a6 ] Request (ImagesMetadataNegativeTestJSON:setUpClass): 201 POST http://10.180.1.21/identity/v3/auth/tokens 0.084s
2025-04-03 04:41:58.881 70616 INFO tempest.lib.common.rest_client [req-dc9981b8-9d89-4dda-a766-a238043ebbfd req-dc9981b8-9d89-4dda-a766-a238043ebbfd ] Request (ServersTestMultiNic:test_verify_multiple_nics_order): 200 GET http://10.180.1.21/compute/v2.1/servers/7be2da39-a762-4d2f-a520-44120528267c 0.131s
2025-04-03 04:41:58.928 70638 INFO tempest.lib.common.rest_client [req-6a02c26e-93cc-4b08-81d6-f61a4eb489c3 req-6a02c26e-93cc-4b08-81d6-f61a4eb489c3 ] Request (InstanceActionsNegativeTestJSON:setUpClass): 200 GET http://10.180.1.21/compute/v2.1/servers/7b398910-13db-4ed9-b743-6f25046af2dc 0.128s
2025-04-03 04:41:58.934 70610 INFO tempest.lib.common.rest_client [req-486ad4b9-d6f6-4b53-9276-542ba1d588d8 req-486ad4b9-d6f6-4b53-9276-542ba1d588d8 ] Request (ServerActionsTestJSON:setUpClass): 200 GET http://10.180.1.21/compute/v2.1/servers/dd793706-95da-42f2-b9fc-ee37f04e6923 0.173s
2025-04-03 04:41:58.977 70606 INFO tempest.lib.common.rest_client [req-486ec892-53c3-4308-ad1f-4b56b8ddb76d req-486ec892-53c3-4308-ad1f-4b56b8ddb76d ] Request (DeleteServersTestJSON:test_delete_server_while_in_attached_volume): 200 GET http://10.180.1.21/compute/v2.1/servers/248f0a9f-88ae-4c02-8870-57422c9f8ac3 0.172s
2025-04-03 04:41:59.010 70621 INFO tempest.lib.common.rest_client [req-aa48289c-861d-4732-8f14-af2e8765c452 req-aa48289c-861d-4732-8f14-af2e8765c452 ] Request (ImagesMetadataNegativeTestJSON:test_delete_nonexistent_image_metadata_item): 404 DELETE http://10.180.1.21/compute/v2.1/images/f9205637-757f-4db4-82ab-1190c8477450/metadata/os_distro 0.160s
2025-04-03 04:41:59.030 70626 INFO tempest.lib.common.rest_client [req-952bba6d-74c1-456e-99fa-382d06cda12a req-952bba6d-74c1-456e-99fa-382d06cda12a ] Request (ServerDiskConfigTestJSON:test_rebuild_server_with_manual_disk_config): 200 GET http://10.180.1.21/compute/v2.1/servers/4a2a0594-39e2-4e91-bba9-954662de5f77 0.175s
2025-04-03 04:41:59.075 70600 INFO tempest.lib.common.rest_client [req-0c153bb9-b08f-4f1e-a025-381800251868 req-0c153bb9-b08f-4f1e-a025-381800251868 ] Request (MigrationsAdminTest:test_resize_server_revert_deleted_flavor): 200 GET http://10.180.1.21/compute/v2.1/servers/3cd24ffc-62ba-465a-8663-efbce0e593f5 0.219s
2025-04-03 04:41:59.090 70632 INFO tempest.lib.common.rest_client [req-cb123678-30b8-4fc8-a297-afde8f50b1d9 req-cb123678-30b8-4fc8-a297-afde8f50b1d9 ] Request (SecurityGroupsTestJSON:test_server_security_groups): 200 GET http://10.180.1.21/compute/v2.1/servers/a0a8df6e-572a-4874-9b2e-119e9a8933e6 0.174s
2025-04-03 04:41:59.107 70621 INFO tempest.lib.common.rest_client [req-142599d6-bd1f-429c-8322-47b653baa027 req-142599d6-bd1f-429c-8322-47b653baa027 ] Request (ImagesMetadataNegativeTestJSON:test_get_nonexistent_image_metadata_item): 404 GET http://10.180.1.21/compute/v2.1/images/ceb4ff2d-4696-4e86-89de-5bfbf32ba040/metadata/os_version 0.094s
2025-04-03 04:41:59.157 70634 INFO tempest.lib.common.rest_client [req-6bed8fcd-b8d3-4645-b1ac-e95cd4df1f44 req-6bed8fcd-b8d3-4645-b1ac-e95cd4df1f44 ] Request (ServerShowV257Test:test_rebuild_server): 200 GET http://10.180.1.21/compute/v2.1/servers/8f4f1690-4ef8-4178-8ed1-cd1e5b3da928 0.145s
2025-04-03 04:41:59.167 70634 INFO tempest.common.waiters [-] State transition "BUILD/networking" ==> "BUILD/spawning" after 54 second wait
2025-04-03 04:41:59.175 70630 INFO tempest.lib.common.rest_client [req-fa5cd951-ad15-45dc-9aeb-fda4fc5bc388 req-fa5cd951-ad15-45dc-9aeb-fda4fc5bc388 ] Request (ServerRescueTestJSONUnderV235:setUpClass): 200 GET http://10.180.1.21/compute/v2.1/servers/015b62f4-f233-4d72-89fd-221d8e381082 0.163s
2025-04-03 04:41:59.192 70621 INFO tempest.lib.common.rest_client [req-3bd724bd-4e43-4838-8a06-7262ddb40c03 req-3bd724bd-4e43-4838-8a06-7262ddb40c03 ] Request (ImagesMetadataNegativeTestJSON:test_list_nonexistent_image_metadata): 404 GET http://10.180.1.21/compute/v2.1/images/8b98a500-141f-43e3-b50b-26481c440a2f/metadata 0.084s
2025-04-03 04:41:59.202 70636 INFO tempest.lib.common.rest_client [req-46440d29-d173-4bef-baa3-7bfb2fc55e8d req-46440d29-d173-4bef-baa3-7bfb2fc55e8d ] Request (ListServerFiltersTestJSON:setUpClass): 200 GET http://10.180.1.21/compute/v2.1/servers/1ad77931-f385-45f3-bbe1-dd6e8b986631 0.134s
2025-04-03 04:41:59.217 70621 INFO tempest.lib.common.rest_client [req-ac3152dd-b4f4-4904-a4d7-962f548e9ad7 req-ac3152dd-b4f4-4904-a4d7-962f548e9ad7 ] Request (ImagesMetadataNegativeTestJSON:test_set_nonexistent_image_metadata): 404 PUT http://10.180.1.21/compute/v2.1/images/1b2cec02-4c86-42ac-a68e-d2dab5ac4de8/metadata 0.023s
2025-04-03 04:41:59.238 70621 INFO tempest.lib.common.rest_client [req-fccbbf9a-ca0f-40a9-9d10-99d2a28bae50 req-fccbbf9a-ca0f-40a9-9d10-99d2a28bae50 ] Request (ImagesMetadataNegativeTestJSON:test_set_nonexistent_image_metadata_item): 404 PUT http://10.180.1.21/compute/v2.1/images/5a2c4be4-d2dc-4292-9a31-f4142ff4f17a/metadata/os_distro 0.019s
2025-04-03 04:41:59.262 70621 INFO tempest.lib.common.rest_client [req-f8425b6e-1277-4c3f-b7a6-bbb562cbdec2 req-f8425b6e-1277-4c3f-b7a6-bbb562cbdec2 ] Request (ImagesMetadataNegativeTestJSON:test_update_nonexistent_image_metadata): 404 POST http://10.180.1.21/compute/v2.1/images/b1a65044-c3f9-4aeb-a684-3ab8cf3d7b38/metadata 0.022s
2025-04-03 04:41:59.300 70644 INFO tempest.lib.common.rest_client [req-c2633cd5-f2b8-4ae1-951c-f8b3c8c6be79 req-c2633cd5-f2b8-4ae1-951c-f8b3c8c6be79 ] Request (ServerActionsTestOtherB:setUpClass): 200 GET http://10.180.1.21/compute/v2.1/servers/94af8883-9a40-4929-8b36-16c400b3d18a 0.052s
2025-04-03 04:41:59.376 70640 INFO tempest.lib.common.rest_client [req-a6e1b0af-d36f-42b6-bbb1-c2270abb0abf req-a6e1b0af-d36f-42b6-bbb1-c2270abb0abf ] Request (ServersAdminTestJSON:test_inject_network_info): 200 GET http://10.180.1.21/compute/v2.1/servers/9632e467-f678-4808-97f7-f228e9bc52bc 0.061s
2025-04-03 04:41:59.377 70621 INFO tempest.lib.common.rest_client [req-31e57355-a0de-4620-842a-f161aec43b51 req-31e57355-a0de-4620-842a-f161aec43b51 ] Request (ImagesMetadataNegativeTestJSON:tearDownClass): 204 DELETE http://10.180.1.21/identity/v3/users/e283127b851b467bbf554358a100aa27 0.113s
2025-04-03 04:41:59.377 70621 INFO tempest.lib.common.dynamic_creds [-] Deleting project and security group for project: 5258979c12e94b21b1bbf5f983047cf2
2025-04-03 04:41:59.430 70621 INFO tempest.lib.common.rest_client [req-ecde8ee9-7e61-4f7a-b729-76ec1e1ba341 req-ecde8ee9-7e61-4f7a-b729-76ec1e1ba341 ] Request (ImagesMetadataNegativeTestJSON:tearDownClass): 201 POST http://10.180.1.21/identity/v3/auth/tokens 0.052s
2025-04-03 04:41:59.441 70604 INFO tempest.lib.common.rest_client [req-c65b1c37-2c34-49c9-a7da-0adc0e03c37a req-c65b1c37-2c34-49c9-a7da-0adc0e03c37a ] Request (ListImageFiltersTestJSON:setUpClass): 200 GET http://10.180.1.21/compute/v2.1/servers/0b934777-cba1-4d08-b077-bfdb23c35dec 0.048s
2025-04-03 04:41:59.494 70608 INFO tempest.lib.common.rest_client [req-78244641-4152-40f4-b802-798aeca52b5e req-78244641-4152-40f4-b802-798aeca52b5e ] Request (ServersNegativeTestMultiTenantJSON:setUpClass): 200 GET http://10.180.1.21/compute/v2.1/servers/b8e86b56-da33-4ae5-92fa-c4eb330b4679 0.148s
2025-04-03 04:41:59.494 70652 INFO tempest.lib.common.rest_client [req-60f37f35-31fb-4ab6-81ea-b395d69af335 req-60f37f35-31fb-4ab6-81ea-b395d69af335 ] Request (AttachInterfacesV270Test:test_create_get_list_interfaces): 200 GET http://10.180.1.21/compute/v2.1/servers/a5ca6c00-0437-4f80-b0fa-65b6b68df973 0.093s
2025-04-03 04:41:59.502 70608 INFO tempest.common.waiters [-] State transition "BUILD/spawning" ==> "ACTIVE/None" after 58 second wait
2025-04-03 04:41:59.549 70660 INFO tempest.lib.common.rest_client [req-f684809a-82a6-4a1f-b0d0-4660bf9e5b7d req-f684809a-82a6-4a1f-b0d0-4660bf9e5b7d ] Request (FloatingIPsAssociationTestJSON:test_associate_already_associated_floating_ip): 200 GET http://10.180.1.21/compute/v2.1/servers/95850796-4c82-4e1f-b169-c2122a5c4950 0.106s
2025-04-03 04:41:59.557 70602 INFO tempest.lib.common.rest_client [req-7ad9a289-d763-4685-998b-239294149046 req-7ad9a289-d763-4685-998b-239294149046 ] Request (ImagesOneServerTestJSON:test_create_delete_image): 200 GET http://10.180.1.21/compute/v2.1/images/9f00df21-dfb1-42e3-a840-ee1c82d5eaa8 0.106s
2025-04-03 04:41:59.610 70621 INFO tempest.lib.common.rest_client [req-12cd053d-3750-4424-a44f-2bf9f42dec96 req-12cd053d-3750-4424-a44f-2bf9f42dec96 ] Request (ImagesMetadataNegativeTestJSON:tearDownClass): 200 GET http://10.180.1.21:9696/networking/v2.0/security-groups?tenant_id=5258979c12e94b21b1bbf5f983047cf2&name=default 0.179s
2025-04-03 04:41:59.664 70656 INFO tempest.lib.common.rest_client [req-34421ed6-520e-4b75-bc0b-feb09e836281 req-34421ed6-520e-4b75-bc0b-feb09e836281 ] Request (InstanceActionsTestJSON:tearDownClass): 200 GET http://10.180.1.21/compute/v2.1/servers/c7e021c9-0f12-43e5-b66a-73335865fc11 0.066s
2025-04-03 04:41:59.680 70608 INFO tempest.lib.common.rest_client [req-dbfdd249-a306-47b4-acaa-65013c0aafd0 req-dbfdd249-a306-47b4-acaa-65013c0aafd0 ] Request (ServersNegativeTestMultiTenantJSON:setUp): 200 GET http://10.180.1.21/compute/v2.1/servers/b8e86b56-da33-4ae5-92fa-c4eb330b4679 0.177s
2025-04-03 04:41:59.718 70612 INFO tempest.lib.common.rest_client [req-618a7bca-71d3-4b48-a73c-308e6a505c9a req-618a7bca-71d3-4b48-a73c-308e6a505c9a ] Request (ServerRescueTestJSON:setUpClass): 200 GET http://10.180.1.21/compute/v2.1/servers/a48068d4-716f-4df7-b75b-d522cbf99d46 0.055s
2025-04-03 04:41:59.725 70621 INFO tempest.lib.common.rest_client [req-3eb3ef4d-36a1-47b6-8485-371e3b27d017 req-3eb3ef4d-36a1-47b6-8485-371e3b27d017 ] Request (ImagesMetadataNegativeTestJSON:tearDownClass): 204 DELETE http://10.180.1.21:9696/networking/v2.0/security-groups/b03bca6f-0687-485d-a222-1bfc18667dab 0.115s
2025-04-03 04:41:59.779 70662 INFO tempest.lib.common.rest_client [req-6983244c-6321-4ca5-bbf5-30601def6c77 req-6983244c-6321-4ca5-bbf5-30601def6c77 ] Request (AttachInterfacesUnderV243Test:_run_cleanups): 200 GET http://10.180.1.21/compute/v2.1/servers/16c3a117-e725-45e2-94e9-fbc0156fbadd 0.066s
2025-04-03 04:41:59.808 70621 INFO tempest.lib.common.rest_client [req-beda718e-ce30-4ef4-85d7-2637c9afc9b9 req-beda718e-ce30-4ef4-85d7-2637c9afc9b9 ] Request (ImagesMetadataNegativeTestJSON:tearDownClass): 204 DELETE http://10.180.1.21/identity/v3/projects/5258979c12e94b21b1bbf5f983047cf2 0.083s
2025-04-03 04:41:59.816 70608 INFO tempest.lib.common.rest_client [req-2b521745-64fc-4435-8340-e88bedd986d9 req-2b521745-64fc-4435-8340-e88bedd986d9 ] Request (ServersNegativeTestMultiTenantJSON:test_delete_a_server_of_another_tenant): 404 DELETE http://10.180.1.21/compute/v2.1/servers/b8e86b56-da33-4ae5-92fa-c4eb330b4679 0.126s
2025-04-03 04:41:59.862 70654 INFO tempest.lib.common.rest_client [req-13813614-2e3d-4728-b1a3-eba9b5966d41 req-13813614-2e3d-4728-b1a3-eba9b5966d41 ] Request (ServersListShow298Test:tearDownClass): 200 GET http://10.180.1.21/compute/v2.1/servers/9a2373d0-4c30-4811-8cfb-41cc23028535 0.071s
2025-04-03 04:41:59.873 70621 INFO tempest.lib.common.rest_client [req-462001dd-7e39-4049-9caa-931b263dca70 req-462001dd-7e39-4049-9caa-931b263dca70 ] Request (ServerTagsTestJSON:setUpClass): 201 POST http://10.180.1.21/identity/v3/auth/tokens 0.062s
2025-04-03 04:41:59.879 70628 INFO tempest.lib.common.rest_client [req-8b53959e-0c95-4359-8e2f-0bc86074086b req-8b53959e-0c95-4359-8e2f-0bc86074086b ] Request (ServersAdminNegativeTestJSON:tearDownClass): 200 GET http://10.180.1.21/compute/v2.1/servers/0a84cbbb-8a36-4c53-bb72-d715abb4ac48 0.087s
2025-04-03 04:41:59.912 70621 INFO tempest.lib.common.rest_client [req-01fd1bf8-63da-42b7-8589-303aff374a9e req-01fd1bf8-63da-42b7-8589-303aff374a9e ] Request (ServerTagsTestJSON:setUpClass): 201 POST http://10.180.1.21/identity/v3/auth/tokens 0.037s
2025-04-03 04:41:59.936 70614 INFO tempest.lib.common.rest_client [req-98274ff8-07b9-4aac-99a0-a1ee181bd27f req-98274ff8-07b9-4aac-99a0-a1ee181bd27f ] Request (ServersTestFqdnHostnames:tearDownClass): 200 GET http://10.180.1.21/compute/v2.1/servers/2eb42f40-1b49-496b-8f23-3d7298666d77 0.085s
2025-04-03 04:41:59.939 70621 INFO tempest.lib.common.rest_client [req-efb8d07f-2f93-4563-ae65-329c20a52a69 req-efb8d07f-2f93-4563-ae65-329c20a52a69 ] Request (ServerTagsTestJSON:setUpClass): 200 GET http://10.180.1.21/identity/v3/domains?name=Default 0.026s
2025-04-03 04:41:59.960 70608 INFO tempest.lib.common.rest_client [req-0452bcb4-8200-4c5f-a9f6-19f24273675d req-0452bcb4-8200-4c5f-a9f6-19f24273675d ] Request (ServersNegativeTestMultiTenantJSON:setUp): 200 GET http://10.180.1.21/compute/v2.1/servers/b8e86b56-da33-4ae5-92fa-c4eb330b4679 0.143s
2025-04-03 04:41:59.970 70621 INFO tempest.lib.common.rest_client [req-5359e416-d7c0-4109-a716-dab9545165f1 req-5359e416-d7c0-4109-a716-dab9545165f1 ] Request (ServerTagsTestJSON:setUpClass): 201 POST http://10.180.1.21/identity/v3/projects 0.031s
2025-04-03 04:41:59.988 70642 INFO tempest.lib.common.rest_client [req-69f0dc01-f645-4dde-9513-cc361f993b58 req-69f0dc01-f645-4dde-9513-cc361f993b58 ] Request (ImagesTestJSON:test_create_image_from_suspended_server): 200 GET http://10.180.1.21/compute/v2.1/servers/982522d9-dee1-4251-a7a3-4bad81acc442 0.133s
2025-04-03 04:42:00.012 70616 INFO tempest.lib.common.rest_client [req-6f00c423-7fa2-4beb-9bdd-b8c7274f3481 req-6f00c423-7fa2-4beb-9bdd-b8c7274f3481 ] Request (ServersTestMultiNic:test_verify_multiple_nics_order): 200 GET http://10.180.1.21/compute/v2.1/servers/7be2da39-a762-4d2f-a520-44120528267c 0.118s
2025-04-03 04:42:00.033 70621 INFO tempest.lib.common.rest_client [req-988255f3-6b7f-478c-9e68-5eceba471fbd req-988255f3-6b7f-478c-9e68-5eceba471fbd ] Request (ServerTagsTestJSON:setUpClass): 201 POST http://10.180.1.21/identity/v3/users 0.062s
2025-04-03 04:42:00.043 70638 INFO tempest.lib.common.rest_client [req-9f5bbecf-f6dd-40d0-8707-4354fb7a5be0 req-9f5bbecf-f6dd-40d0-8707-4354fb7a5be0 ] Request (InstanceActionsNegativeTestJSON:setUpClass): 200 GET http://10.180.1.21/compute/v2.1/servers/7b398910-13db-4ed9-b743-6f25046af2dc 0.108s
2025-04-03 04:42:00.053 70621 INFO tempest.lib.common.rest_client [req-5d71ce80-367d-4753-8542-8e8296b59000 req-5d71ce80-367d-4753-8542-8e8296b59000 ] Request (ServerTagsTestJSON:setUpClass): 200 GET http://10.180.1.21/identity/v3/roles 0.019s
2025-04-03 04:42:00.064 70608 INFO tempest.lib.common.rest_client [req-111d5cac-f79b-46fb-86ba-46715ab6e61e req-111d5cac-f79b-46fb-86ba-46715ab6e61e ] Request (ServersNegativeTestMultiTenantJSON:test_update_server_of_another_tenant): 404 PUT http://10.180.1.21/compute/v2.1/servers/b8e86b56-da33-4ae5-92fa-c4eb330b4679 0.096s
2025-04-03 04:42:00.081 70621 INFO tempest.lib.common.rest_client [req-f61e0064-18d4-40a5-9b29-55f3e7165d54 req-f61e0064-18d4-40a5-9b29-55f3e7165d54 ] Request (ServerTagsTestJSON:setUpClass): 204 PUT http://10.180.1.21/identity/v3/projects/480c985126fe4af59bd4d732357ed2e6/users/dd3fa6e3241548d09be2567c5292ca6d/roles/f687191b69b8409eabc6a45e1c71e414 0.028s
2025-04-03 04:42:00.082 70621 INFO tempest.lib.common.dynamic_creds [-] Dynamic test user dd3fa6e3241548d09be2567c5292ca6d is created with scope project and roles: ['member']
2025-04-03 04:42:00.082 70621 INFO tempest.lib.common.dynamic_creds [-] Acquired dynamic creds: credentials: Credentials: {'domain_id': 'default', 'domain_name': 'Default', 'username': 'tempest-ServerTagsTestJSON-441301692-project-member', 'project_domain_id': 'default', 'project_domain_name': 'Default', 'project_id': '480c985126fe4af59bd4d732357ed2e6', 'project_name': 'tempest-ServerTagsTestJSON-441301692', 'tenant_id': '480c985126fe4af59bd4d732357ed2e6', 'tenant_name': 'tempest-ServerTagsTestJSON-441301692', 'user_domain_id': 'default', 'user_domain_name': 'Default', 'user_id': 'dd3fa6e3241548d09be2567c5292ca6d', 'system': None}, Network: None, Subnet: None, Router: None
2025-04-03 04:42:00.115 70610 INFO tempest.lib.common.rest_client [req-641413a4-50ad-449c-8e73-7e1518ce50db req-641413a4-50ad-449c-8e73-7e1518ce50db ] Request (ServerActionsTestJSON:setUpClass): 200 GET http://10.180.1.21/compute/v2.1/servers/dd793706-95da-42f2-b9fc-ee37f04e6923 0.170s
2025-04-03 04:42:00.122 70606 INFO tempest.lib.common.rest_client [req-5858b289-d1e8-4499-9755-ecbe20e92654 req-5858b289-d1e8-4499-9755-ecbe20e92654 ] Request (DeleteServersTestJSON:test_delete_server_while_in_attached_volume): 200 GET http://10.180.1.21/compute/v2.1/servers/248f0a9f-88ae-4c02-8870-57422c9f8ac3 0.137s
2025-04-03 04:42:00.140 70621 INFO tempest.lib.common.rest_client [req-1eca4207-db8e-4f28-8f91-6aabe8fa4796 req-1eca4207-db8e-4f28-8f91-6aabe8fa4796 ] Request (ServerTagsTestJSON:setUpClass): 201 POST http://10.180.1.21/identity/v3/auth/tokens 0.058s
2025-04-03 04:42:00.170 70626 INFO tempest.lib.common.rest_client [req-ba196cac-a946-457e-840a-28e73c09b766 req-ba196cac-a946-457e-840a-28e73c09b766 ] Request (ServerDiskConfigTestJSON:test_rebuild_server_with_manual_disk_config): 200 GET http://10.180.1.21/compute/v2.1/servers/4a2a0594-39e2-4e91-bba9-954662de5f77 0.127s
2025-04-03 04:42:00.220 70608 INFO tempest.lib.common.rest_client [req-880fb157-0f51-4ec1-8145-d1411e21f629 req-880fb157-0f51-4ec1-8145-d1411e21f629 ] Request (ServersNegativeTestMultiTenantJSON:tearDownClass): 204 DELETE http://10.180.1.21/compute/v2.1/servers/b8e86b56-da33-4ae5-92fa-c4eb330b4679 0.146s
2025-04-03 04:42:00.240 70600 INFO tempest.lib.common.rest_client [req-9e420c63-6f49-47ed-a366-be57966cdced req-9e420c63-6f49-47ed-a366-be57966cdced ] Request (MigrationsAdminTest:test_resize_server_revert_deleted_flavor): 200 GET http://10.180.1.21/compute/v2.1/servers/3cd24ffc-62ba-465a-8663-efbce0e593f5 0.155s
2025-04-03 04:42:00.282 70632 INFO tempest.lib.common.rest_client [req-33ca3135-cba8-4ff0-8ef4-7e938170e01a req-33ca3135-cba8-4ff0-8ef4-7e938170e01a ] Request (SecurityGroupsTestJSON:test_server_security_groups): 200 GET http://10.180.1.21/compute/v2.1/servers/a0a8df6e-572a-4874-9b2e-119e9a8933e6 0.185s
2025-04-03 04:42:00.290 70632 INFO tempest.common.waiters [-] State transition "BUILD/None" ==> "BUILD/networking" after 54 second wait
2025-04-03 04:42:00.300 70634 INFO tempest.lib.common.rest_client [req-1b4b1cdc-60b2-4d03-bedc-b802fb0d320e req-1b4b1cdc-60b2-4d03-bedc-b802fb0d320e ] Request (ServerShowV257Test:test_rebuild_server): 200 GET http://10.180.1.21/compute/v2.1/servers/8f4f1690-4ef8-4178-8ed1-cd1e5b3da928 0.131s
2025-04-03 04:42:00.347 70636 INFO tempest.lib.common.rest_client [req-eca1f6bd-7f86-46a0-949d-25d414a40cb4 req-eca1f6bd-7f86-46a0-949d-25d414a40cb4 ] Request (ListServerFiltersTestJSON:setUpClass): 200 GET http://10.180.1.21/compute/v2.1/servers/1ad77931-f385-45f3-bbe1-dd6e8b986631 0.137s
2025-04-03 04:42:00.368 70630 INFO tempest.lib.common.rest_client [req-4f9d4b84-9035-45a4-b32c-dc3f09a3b41e req-4f9d4b84-9035-45a4-b32c-dc3f09a3b41e ] Request (ServerRescueTestJSONUnderV235:setUpClass): 200 GET http://10.180.1.21/compute/v2.1/servers/015b62f4-f233-4d72-89fd-221d8e381082 0.181s
2025-04-03 04:42:00.376 70630 INFO tempest.common.waiters [-] State transition "ACTIVE/rescuing" ==> "RESCUE/None" after 9 second wait
2025-04-03 04:42:00.421 70644 INFO tempest.lib.common.rest_client [req-4cbb418f-bccb-41c0-a619-f6e06c50aff7 req-4cbb418f-bccb-41c0-a619-f6e06c50aff7 ] Request (ServerActionsTestOtherB:setUpClass): 200 GET http://10.180.1.21/compute/v2.1/servers/94af8883-9a40-4929-8b36-16c400b3d18a 0.113s
2025-04-03 04:42:00.458 70608 INFO tempest.lib.common.rest_client [req-66b72bad-114b-4153-a052-cdc5c345a6a2 req-66b72bad-114b-4153-a052-cdc5c345a6a2 ] Request (ServersNegativeTestMultiTenantJSON:tearDownClass): 200 GET http://10.180.1.21/compute/v2.1/servers/b8e86b56-da33-4ae5-92fa-c4eb330b4679 0.237s
2025-04-03 04:42:00.508 70621 INFO tempest.lib.common.rest_client [req-25a6c6b5-8411-4a5b-b015-a0525b11510b req-25a6c6b5-8411-4a5b-b015-a0525b11510b ] Request (ServerTagsTestJSON:setUpClass): 201 POST http://10.180.1.21:9696/networking/v2.0/networks 0.368s
2025-04-03 04:42:00.511 70640 INFO tempest.lib.common.rest_client [req-03fd0234-0591-486d-a61b-6a258531222c req-03fd0234-0591-486d-a61b-6a258531222c ] Request (ServersAdminTestJSON:test_inject_network_info): 200 GET http://10.180.1.21/compute/v2.1/servers/9632e467-f678-4808-97f7-f228e9bc52bc 0.120s
2025-04-03 04:42:00.536 70630 INFO tempest.lib.common.rest_client [req-4aa31abe-9a9f-46e2-954f-062e70a17a70 req-4aa31abe-9a9f-46e2-954f-062e70a17a70 ] Request (ServerRescueTestJSONUnderV235:test_rescued_vm_add_remove_security_group): 200 POST http://10.180.1.21/compute/v2.1/os-security-groups 0.159s
2025-04-03 04:42:00.562 70604 INFO tempest.lib.common.rest_client [req-718458ed-b834-4ae0-932a-36b7d5bc1817 req-718458ed-b834-4ae0-932a-36b7d5bc1817 ] Request (ListImageFiltersTestJSON:setUpClass): 200 GET http://10.180.1.21/compute/v2.1/servers/0b934777-cba1-4d08-b077-bfdb23c35dec 0.112s
2025-04-03 04:42:00.588 70652 INFO tempest.lib.common.rest_client [req-c0ab97f0-7c0d-4b27-9717-cbce1b8c4bed req-c0ab97f0-7c0d-4b27-9717-cbce1b8c4bed ] Request (AttachInterfacesV270Test:test_create_get_list_interfaces): 200 GET http://10.180.1.21/compute/v2.1/servers/a5ca6c00-0437-4f80-b0fa-65b6b68df973 0.083s
2025-04-03 04:42:00.636 70660 INFO tempest.lib.common.rest_client [req-4fb16166-efcc-4637-85ca-b43027903d63 req-4fb16166-efcc-4637-85ca-b43027903d63 ] Request (FloatingIPsAssociationTestJSON:test_associate_already_associated_floating_ip): 200 GET http://10.180.1.21/compute/v2.1/servers/95850796-4c82-4e1f-b169-c2122a5c4950 0.076s
2025-04-03 04:42:00.669 70602 INFO tempest.lib.common.rest_client [req-8980f526-7769-45d5-96b0-37d8e67564bf req-8980f526-7769-45d5-96b0-37d8e67564bf ] Request (ImagesOneServerTestJSON:test_create_delete_image): 200 GET http://10.180.1.21/compute/v2.1/images/9f00df21-dfb1-42e3-a840-ee1c82d5eaa8 0.107s
2025-04-03 04:42:00.700 70650 WARNING tempest.lib.common.ssh [-] Failed to establish authenticated ssh connection to cirros@10.180.180.195 ([Errno None] Unable to connect to port 22 on 10.180.180.195). Number attempts: 8. Retry after 9 seconds.: paramiko.ssh_exception.NoValidConnectionsError: [Errno None] Unable to connect to port 22 on 10.180.180.195
2025-04-03 04:42:00.749 70621 INFO tempest.lib.common.rest_client [req-89d5da97-c865-48e0-bfef-f9656d245e91 req-89d5da97-c865-48e0-bfef-f9656d245e91 ] Request (ServerTagsTestJSON:setUpClass): 201 POST http://10.180.1.21:9696/networking/v2.0/subnets 0.240s
2025-04-03 04:42:00.752 70656 INFO tempest.lib.common.rest_client [req-99080987-a6b0-42be-b4f9-63aae816754b req-99080987-a6b0-42be-b4f9-63aae816754b ] Request (InstanceActionsTestJSON:tearDownClass): 200 GET http://10.180.1.21/compute/v2.1/servers/c7e021c9-0f12-43e5-b66a-73335865fc11 0.081s
2025-04-03 04:42:00.820 70612 INFO tempest.lib.common.rest_client [req-a376ba91-a955-49d3-8724-bca3fd0f3a5e req-a376ba91-a955-49d3-8724-bca3fd0f3a5e ] Request (ServerRescueTestJSON:setUpClass): 200 GET http://10.180.1.21/compute/v2.1/servers/a48068d4-716f-4df7-b75b-d522cbf99d46 0.090s
2025-04-03 04:42:00.908 70662 INFO tempest.lib.common.rest_client [req-c7e8633f-7715-4599-bfc2-00a8c88cb617 req-c7e8633f-7715-4599-bfc2-00a8c88cb617 ] Request (AttachInterfacesUnderV243Test:_run_cleanups): 200 GET http://10.180.1.21/compute/v2.1/servers/16c3a117-e725-45e2-94e9-fbc0156fbadd 0.120s
2025-04-03 04:42:00.971 70630 INFO tempest.lib.common.rest_client [req-e9f33bef-5747-44a1-b131-1c54bf6b4cd0 req-e9f33bef-5747-44a1-b131-1c54bf6b4cd0 ] Request (ServerRescueTestJSONUnderV235:test_rescued_vm_add_remove_security_group): 202 POST http://10.180.1.21/compute/v2.1/servers/015b62f4-f233-4d72-89fd-221d8e381082/action 0.432s
2025-04-03 04:42:00.999 70654 INFO tempest.lib.common.rest_client [req-41d7e99e-574f-4cb5-b341-907f31ba73a1 req-41d7e99e-574f-4cb5-b341-907f31ba73a1 ] Request (ServersListShow298Test:tearDownClass): 200 GET http://10.180.1.21/compute/v2.1/servers/9a2373d0-4c30-4811-8cfb-41cc23028535 0.124s
2025-04-03 04:42:01.057 70628 INFO tempest.lib.common.rest_client [req-3e6145c9-2861-4891-a479-3863bb0f8d95 req-3e6145c9-2861-4891-a479-3863bb0f8d95 ] Request (ServersAdminNegativeTestJSON:tearDownClass): 200 GET http://10.180.1.21/compute/v2.1/servers/0a84cbbb-8a36-4c53-bb72-d715abb4ac48 0.170s
2025-04-03 04:42:01.072 70614 INFO tempest.lib.common.rest_client [req-a6de9efc-6ef9-473a-b280-9e4ca22873d3 req-a6de9efc-6ef9-473a-b280-9e4ca22873d3 ] Request (ServersTestFqdnHostnames:tearDownClass): 200 GET http://10.180.1.21/compute/v2.1/servers/2eb42f40-1b49-496b-8f23-3d7298666d77 0.127s
2025-04-03 04:42:01.140 70642 INFO tempest.lib.common.rest_client [req-cfff613f-dbba-4a6c-87be-e1a4bcdea2ab req-cfff613f-dbba-4a6c-87be-e1a4bcdea2ab ] Request (ImagesTestJSON:test_create_image_from_suspended_server): 200 GET http://10.180.1.21/compute/v2.1/servers/982522d9-dee1-4251-a7a3-4bad81acc442 0.145s
2025-04-03 04:42:01.210 70616 INFO tempest.lib.common.rest_client [req-9a908387-fa06-459a-95f2-e52e96729ba8 req-9a908387-fa06-459a-95f2-e52e96729ba8 ] Request (ServersTestMultiNic:test_verify_multiple_nics_order): 200 GET http://10.180.1.21/compute/v2.1/servers/7be2da39-a762-4d2f-a520-44120528267c 0.187s
2025-04-03 04:42:01.271 70638 INFO tempest.lib.common.rest_client [req-b50c2703-4559-46c8-96a8-426520dcb6d8 req-b50c2703-4559-46c8-96a8-426520dcb6d8 ] Request (InstanceActionsNegativeTestJSON:setUpClass): 200 GET http://10.180.1.21/compute/v2.1/servers/7b398910-13db-4ed9-b743-6f25046af2dc 0.217s
