2025-04-03 04:40:18.104 70654 INFO tempest.lib.common.rest_client [req-c7dce192-073b-4499-a73a-11f42f97beef req-c7dce192-073b-4499-a73a-11f42f97beef ] Request (HostsAdminNegativeTestJSON:tearDownClass): 204 DELETE http://10.180.1.21:9696/networking/v2.0/security-groups/15f76061-1566-4ac5-bc4f-93028381ce27 0.200s
2025-04-03 04:40:18.160 70642 INFO tempest.lib.common.rest_client [req-e7c8bc14-efce-44bf-8660-497499458aad req-e7c8bc14-efce-44bf-8660-497499458aad ] Request (ImagesTestJSON:setUpClass): 200 GET http://10.180.1.21/identity/v3/roles 0.155s
2025-04-03 04:40:18.167 70614 INFO tempest.lib.common.rest_client [req-32b234c4-3853-4e76-9319-9d045658ed5a req-32b234c4-3853-4e76-9319-9d045658ed5a ] Request (ServersTestFqdnHostnames:test_create_server_with_fqdn_name): 200 GET http://10.180.1.21/compute/v2.1/servers/2eb42f40-1b49-496b-8f23-3d7298666d77 2.147s
2025-04-03 04:40:18.206 70654 INFO tempest.lib.common.rest_client [req-559fad6a-e827-4928-86ba-cf44b5507564 req-559fad6a-e827-4928-86ba-cf44b5507564 ] Request (HostsAdminNegativeTestJSON:tearDownClass): 204 DELETE http://10.180.1.21/identity/v3/projects/aa8ff816aed74f76ae0aa4e374455a8e 0.101s
2025-04-03 04:40:18.206 70654 INFO tempest.lib.common.dynamic_creds [-] Deleting project and security group for project: e438a7fd4e6a4229aecaa852dd35b692
2025-04-03 04:40:18.214 70642 INFO tempest.lib.common.rest_client [req-3279f225-81d4-463a-bb27-bfa228001677 req-3279f225-81d4-463a-bb27-bfa228001677 ] Request (ImagesTestJSON:setUpClass): 204 PUT http://10.180.1.21/identity/v3/projects/26eec41d408a409ebaed6d2b945fe8b8/users/fa4cb92a248148b6a6c7120f44609fb5/roles/f687191b69b8409eabc6a45e1c71e414 0.053s
2025-04-03 04:40:18.214 70642 INFO tempest.lib.common.dynamic_creds [-] Dynamic test user fa4cb92a248148b6a6c7120f44609fb5 is created with scope project and roles: ['member']
2025-04-03 04:40:18.214 70642 INFO tempest.lib.common.dynamic_creds [-] Acquired dynamic creds: credentials: Credentials: {'domain_id': 'default', 'domain_name': 'Default', 'username': 'tempest-ImagesTestJSON-1654752205-project-member', 'project_domain_id': 'default', 'project_domain_name': 'Default', 'project_id': '26eec41d408a409ebaed6d2b945fe8b8', 'project_name': 'tempest-ImagesTestJSON-1654752205', 'tenant_id': '26eec41d408a409ebaed6d2b945fe8b8', 'tenant_name': 'tempest-ImagesTestJSON-1654752205', 'user_domain_id': 'default', 'user_domain_name': 'Default', 'user_id': 'fa4cb92a248148b6a6c7120f44609fb5', 'system': None}, Network: None, Subnet: None, Router: None
2025-04-03 04:40:18.286 70642 INFO tempest.lib.common.rest_client [req-72cdad7b-1dae-4010-a39f-2fb91aff625b req-72cdad7b-1dae-4010-a39f-2fb91aff625b ] Request (ImagesTestJSON:setUpClass): 201 POST http://10.180.1.21/identity/v3/auth/tokens 0.071s
2025-04-03 04:40:18.364 70644 INFO tempest.lib.common.rest_client [req-75b69b4f-944b-40d7-a1cb-b51be260ead8 req-75b69b4f-944b-40d7-a1cb-b51be260ead8 ] Request (ServerExternalEventsTest:test_create_server_external_events): 200 GET http://10.180.1.21/compute/v2.1/servers/e9534202-ee8f-414b-a4cc-3c98bd4fc273 2.190s
2025-04-03 04:40:18.385 70622 INFO tempest.lib.common.rest_client [req-2fd99070-a488-4b0d-9f7f-9ea1c9d5c82b req-2fd99070-a488-4b0d-9f7f-9ea1c9d5c82b ] Request (AttachVolumeTestJSON:setUpClass): 201 POST http://10.180.1.21:9696/networking/v2.0/networks 0.648s
2025-04-03 04:40:18.496 70630 INFO tempest.lib.common.rest_client [req-4f90cb4c-29b1-4531-94d2-6a19bac05517 req-4f90cb4c-29b1-4531-94d2-6a19bac05517 ] Request (HypervisorAdminNegativeTestJSON:tearDownClass): 200 GET http://10.180.1.21:9696/networking/v2.0/security-groups?tenant_id=11339f92655f4e30b094004cab4de1f7&name=default 0.439s
2025-04-03 04:40:18.508 70648 INFO tempest.lib.common.rest_client [req-5fa4fd75-c5ca-4288-852b-be3000bb330a req-5fa4fd75-c5ca-4288-852b-be3000bb330a ] Request (SecurityGroupRulesTestJSON:test_security_group_rules_delete_when_peer_group_deleted): 200 GET http://10.180.1.21/compute/v2.1/os-security-groups/d98e8a97-65cd-46a8-9cf6-0ba3f80e8065 2.298s
2025-04-03 04:40:18.720 70654 INFO tempest.lib.common.rest_client [req-2153b265-d31b-4d6d-a4c6-4629d600d524 req-2153b265-d31b-4d6d-a4c6-4629d600d524 ] Request (HostsAdminNegativeTestJSON:tearDownClass): 200 GET http://10.180.1.21:9696/networking/v2.0/security-groups?tenant_id=e438a7fd4e6a4229aecaa852dd35b692&name=default 0.514s
2025-04-03 04:40:18.732 70656 INFO tempest.lib.common.rest_client [req-0339ca5b-9e93-476c-a2a2-933961133f98 req-0339ca5b-9e93-476c-a2a2-933961133f98 ] Request (SecurityGroupRulesNegativeTestJSON:test_create_security_group_rule_with_invalid_to_port): 400 POST http://10.180.1.21/compute/v2.1/os-security-group-rules 2.477s
2025-04-03 04:40:18.881 70658 INFO tempest.lib.common.rest_client [req-c0014e0f-c095-46c2-8fd6-3458d38d3907 req-c0014e0f-c095-46c2-8fd6-3458d38d3907 ] Request (ValidationResourcesFixture:setUp): 201 POST http://10.180.1.21:9696/networking/v2.0/floatingips 1.097s
2025-04-03 04:40:18.888 70650 INFO tempest.lib.common.rest_client [req-2a651b42-9549-4b63-9faf-ab4b39434832 req-2a651b42-9549-4b63-9faf-ab4b39434832 ] Request (VolumesAssistedSnapshotsTest:test_volume_assisted_snapshot_create_delete): 202 POST http://10.180.1.21/compute/v2.1/servers 2.856s
2025-04-03 04:40:18.919 70630 INFO tempest.lib.common.rest_client [req-d23931a6-3a6a-4448-bc07-5cfeead23f19 req-d23931a6-3a6a-4448-bc07-5cfeead23f19 ] Request (HypervisorAdminNegativeTestJSON:tearDownClass): 204 DELETE http://10.180.1.21:9696/networking/v2.0/security-groups/6555c090-c749-41b8-9867-b7a03e2781e4 0.422s
2025-04-03 04:40:18.988 70658 INFO tempest.lib.common.rest_client [req-1da7fb8f-44af-460e-be5d-49f7837199d4 req-1da7fb8f-44af-460e-be5d-49f7837199d4 ] Request (ServersWithSpecificFlavorTestJSON:test_verify_created_server_ephemeral_disk): 201 POST http://10.180.1.21/identity/v3/auth/tokens 0.103s
2025-04-03 04:40:18.988 70658 INFO tempest.lib.common.fixed_network [-] (ServersWithSpecificFlavorTestJSON:test_verify_created_server_ephemeral_disk) Found network {'id': '3a37b8ea-1622-4150-8c84-f9129779c932', 'name': 'tempest-ServersWithSpecificFlavorTestJSON-1356469403-network', 'tenant_id': '7fc2de174b7245a6a8241261abf3ca86', 'admin_state_up': True, 'mtu': 8950, 'status': 'ACTIVE', 'subnets': [], 'shared': False, 'project_id': '7fc2de174b7245a6a8241261abf3ca86', 'port_security_enabled': True, 'router:external': False, 'provider:network_type': 'vlan', 'provider:physical_network': 'default', 'provider:segmentation_id': 729, 'availability_zone_hints': [], 'availability_zones': [], 'ipv4_address_scope': None, 'ipv6_address_scope': None, 'description': '', 'tags': [], 'created_at': '2025-04-03T04:39:47Z', 'updated_at': '2025-04-03T04:39:47Z', 'revision_number': 1} available for tenant
2025-04-03 04:40:19.032 70654 INFO tempest.lib.common.rest_client [req-14235ce4-84bf-4f1b-b52d-48dcd6b5d2c0 req-14235ce4-84bf-4f1b-b52d-48dcd6b5d2c0 ] Request (HostsAdminNegativeTestJSON:tearDownClass): 204 DELETE http://10.180.1.21:9696/networking/v2.0/security-groups/4011a169-b907-40f0-800b-8600f5d7aaff 0.311s
2025-04-03 04:40:19.076 70622 INFO tempest.lib.common.rest_client [req-b910a5f0-c973-40ca-9a86-2150a93ad57f req-b910a5f0-c973-40ca-9a86-2150a93ad57f ] Request (AttachVolumeTestJSON:setUpClass): 201 POST http://10.180.1.21:9696/networking/v2.0/subnets 0.691s
2025-04-03 04:40:19.084 70630 INFO tempest.lib.common.rest_client [req-8dcca6b8-aa3b-43b1-81d1-ab0ab0eb8be3 req-8dcca6b8-aa3b-43b1-81d1-ab0ab0eb8be3 ] Request (HypervisorAdminNegativeTestJSON:tearDownClass): 204 DELETE http://10.180.1.21/identity/v3/projects/11339f92655f4e30b094004cab4de1f7 0.164s
2025-04-03 04:40:19.121 70630 INFO tempest.lib.common.rest_client [req-7a521aea-41c0-4434-bde7-f5d7fa296bf1 req-7a521aea-41c0-4434-bde7-f5d7fa296bf1 ] Request (SecurityGroupsTestAdminJSON:setUpClass): 201 POST http://10.180.1.21/identity/v3/auth/tokens 0.035s
2025-04-03 04:40:19.124 70660 INFO tempest.lib.common.rest_client [req-a1882951-9577-4011-9ee9-8cc9b5f1bdc2 req-a1882951-9577-4011-9ee9-8cc9b5f1bdc2 ] Request (QuotasAdminNegativeTest:test_create_server_when_memory_quota_is_full): 200 PUT http://10.180.1.21/compute/v2.1/os-quota-sets/b78334819a9e42768473ba03bc670ab0 2.503s
2025-04-03 04:40:19.138 70618 INFO tempest.lib.common.rest_client [req-2b80823e-cac7-41b6-ac9d-58a1ba0fcb16 req-2b80823e-cac7-41b6-ac9d-58a1ba0fcb16 ] Request (FlavorsExtraSpecsTestJSON:test_flavor_set_get_update_show_unset_keys): 200 GET http://10.180.1.21/compute/v2.1/flavors/2040415814/os-extra_specs 2.438s
2025-04-03 04:40:19.156 70642 INFO tempest.lib.common.rest_client [req-da73ed94-f8cf-4841-ab72-24a402244fc5 req-da73ed94-f8cf-4841-ab72-24a402244fc5 ] Request (ImagesTestJSON:setUpClass): 201 POST http://10.180.1.21:9696/networking/v2.0/networks 0.870s
2025-04-03 04:40:19.167 70654 INFO tempest.lib.common.rest_client [req-ef62bb4c-9c89-4376-8f4f-8cce48df7ccd req-ef62bb4c-9c89-4376-8f4f-8cce48df7ccd ] Request (HostsAdminNegativeTestJSON:tearDownClass): 204 DELETE http://10.180.1.21/identity/v3/projects/e438a7fd4e6a4229aecaa852dd35b692 0.134s
2025-04-03 04:40:19.197 70630 INFO tempest.lib.common.rest_client [req-a69e65b4-9009-472d-84c3-bc402ab76797 req-a69e65b4-9009-472d-84c3-bc402ab76797 ] Request (SecurityGroupsTestAdminJSON:setUpClass): 201 POST http://10.180.1.21/identity/v3/auth/tokens 0.072s
2025-04-03 04:40:19.232 70654 INFO tempest.lib.common.rest_client [req-2337224a-fbb9-4ec7-8e3e-886bafa56f0e req-2337224a-fbb9-4ec7-8e3e-886bafa56f0e ] Request (QuotasSecurityGroupAdminNegativeTest:setUpClass): 201 POST http://10.180.1.21/identity/v3/auth/tokens 0.064s
2025-04-03 04:40:19.246 70660 INFO tempest.lib.common.rest_client [req-96a7b66d-00f3-491c-94b9-1360a827f907 req-96a7b66d-00f3-491c-94b9-1360a827f907 ] Request (QuotasAdminNegativeTest:test_create_server_when_memory_quota_is_full): 201 POST http://10.180.1.21/identity/v3/auth/tokens 0.116s
2025-04-03 04:40:19.246 70660 INFO tempest.lib.common.fixed_network [-] (QuotasAdminNegativeTest:test_create_server_when_memory_quota_is_full) Found network None available for tenant
2025-04-03 04:40:19.266 70630 INFO tempest.lib.common.rest_client [req-a18678d9-0db9-479d-8a0d-4f8889095f27 req-a18678d9-0db9-479d-8a0d-4f8889095f27 ] Request (SecurityGroupsTestAdminJSON:setUpClass): 200 GET http://10.180.1.21/identity/v3/domains?name=Default 0.069s
2025-04-03 04:40:19.270 70636 INFO tempest.lib.common.rest_client [req-2b79a288-683b-450e-a97e-7fbbecc9f2d6 req-2b79a288-683b-450e-a97e-7fbbecc9f2d6 ] Request (ServerDiagnosticsV248Test:test_get_server_diagnostics): 200 GET http://10.180.1.21/compute/v2.1/servers/6e9a0b80-0d5c-4d95-9a3d-728424ef852e 2.394s
2025-04-03 04:40:19.282 70628 INFO tempest.lib.common.rest_client [req-472a7be6-7825-4e65-8ab3-0d915d98d634 req-472a7be6-7825-4e65-8ab3-0d915d98d634 ] Request (ServersAdminNegativeTestJSON:test_migrate_server_invalid_state): 202 POST http://10.180.1.21/compute/v2.1/servers 2.693s
2025-04-03 04:40:19.294 70654 INFO tempest.lib.common.rest_client [req-c4fa1d60-82fe-4f3e-af6d-736e140eb3d2 req-c4fa1d60-82fe-4f3e-af6d-736e140eb3d2 ] Request (QuotasSecurityGroupAdminNegativeTest:setUpClass): 201 POST http://10.180.1.21/identity/v3/auth/tokens 0.057s
2025-04-03 04:40:19.308 70612 INFO tempest.lib.common.rest_client [req-3e35f2e5-edb3-473e-b3ae-114295ef590c req-3e35f2e5-edb3-473e-b3ae-114295ef590c ] Request (FlavorsAdminTestJSON:_run_cleanups): 200 GET http://10.180.1.21/compute/v2.1/flavors/detail 2.149s
2025-04-03 04:40:19.331 70630 INFO tempest.lib.common.rest_client [req-72e95403-462c-43b9-ab9b-e7129d225b85 req-72e95403-462c-43b9-ab9b-e7129d225b85 ] Request (SecurityGroupsTestAdminJSON:setUpClass): 201 POST http://10.180.1.21/identity/v3/projects 0.063s
2025-04-03 04:40:19.336 70654 INFO tempest.lib.common.rest_client [req-48c1ef0f-69c2-48ef-841b-9cbb8fc5af85 req-48c1ef0f-69c2-48ef-841b-9cbb8fc5af85 ] Request (QuotasSecurityGroupAdminNegativeTest:setUpClass): 200 GET http://10.180.1.21/identity/v3/domains?name=Default 0.042s
2025-04-03 04:40:19.349 70608 INFO tempest.lib.common.rest_client [req-0d713ff9-72e5-4981-a952-7d6054000f97 req-0d713ff9-72e5-4981-a952-7d6054000f97 ] Request (KeyPairsV2TestJSON:_run_cleanups): 202 DELETE http://10.180.1.21/compute/v2.1/os-keypairs/tempest-keypair-2137058171 2.090s
2025-04-03 04:40:19.419 70654 INFO tempest.lib.common.rest_client [req-21046746-8b70-400b-b919-6feeb32ce84d req-21046746-8b70-400b-b919-6feeb32ce84d ] Request (QuotasSecurityGroupAdminNegativeTest:setUpClass): 201 POST http://10.180.1.21/identity/v3/projects 0.082s
2025-04-03 04:40:19.427 70630 INFO tempest.lib.common.rest_client [req-f2e94837-8120-4c7e-a216-80ccd798b0e8 req-f2e94837-8120-4c7e-a216-80ccd798b0e8 ] Request (SecurityGroupsTestAdminJSON:setUpClass): 201 POST http://10.180.1.21/identity/v3/users 0.095s
2025-04-03 04:40:19.433 70642 INFO tempest.lib.common.rest_client [req-bf62d68d-a6af-49a1-abd2-1213cb9136ef req-bf62d68d-a6af-49a1-abd2-1213cb9136ef ] Request (ImagesTestJSON:setUpClass): 201 POST http://10.180.1.21:9696/networking/v2.0/subnets 0.277s
2025-04-03 04:40:19.487 70654 INFO tempest.lib.common.rest_client [req-c14c65bd-0c23-4e0c-aca5-9c27f5e74d10 req-c14c65bd-0c23-4e0c-aca5-9c27f5e74d10 ] Request (QuotasSecurityGroupAdminNegativeTest:setUpClass): 201 POST http://10.180.1.21/identity/v3/users 0.068s
2025-04-03 04:40:19.502 70630 INFO tempest.lib.common.rest_client [req-728e0801-cfab-4958-8443-db12b57cc713 req-728e0801-cfab-4958-8443-db12b57cc713 ] Request (SecurityGroupsTestAdminJSON:setUpClass): 200 GET http://10.180.1.21/identity/v3/roles 0.074s
2025-04-03 04:40:19.509 70640 INFO tempest.lib.common.rest_client [req-7d7a2c64-fa2c-44e1-a342-dbd19b85ae01 req-7d7a2c64-fa2c-44e1-a342-dbd19b85ae01 ] Request (ServersAdminTestJSON:setUpClass): 200 GET http://10.180.1.21/compute/v2.1/servers/72e4392e-ac35-41a0-b0b8-66088e62a055 2.171s
2025-04-03 04:40:19.511 70654 INFO tempest.lib.common.rest_client [req-9abe2ce3-45f5-46bd-b869-28c44d60e216 req-9abe2ce3-45f5-46bd-b869-28c44d60e216 ] Request (QuotasSecurityGroupAdminNegativeTest:setUpClass): 200 GET http://10.180.1.21/identity/v3/roles 0.023s
2025-04-03 04:40:19.518 70640 INFO tempest.common.waiters [-] State transition "BUILD/networking" ==> "BUILD/spawning" after 9 second wait
2025-04-03 04:40:19.530 70602 INFO tempest.lib.common.rest_client [req-649fd29c-d77e-4b34-bd6d-764e1e4efa5a req-649fd29c-d77e-4b34-bd6d-764e1e4efa5a ] Request (FlavorsV2TestJSON:test_list_flavors_with_detail): 200 GET http://10.180.1.21/compute/v2.1/flavors/42 2.176s
2025-04-03 04:40:19.541 70654 INFO tempest.lib.common.rest_client [req-5eb0d21d-5549-486f-af32-dfc00d4374c3 req-5eb0d21d-5549-486f-af32-dfc00d4374c3 ] Request (QuotasSecurityGroupAdminNegativeTest:setUpClass): 204 PUT http://10.180.1.21/identity/v3/projects/4c4ad1df4a3945f9811d59666202f2f8/users/f3bba7e694644e969e851c93f8e14541/roles/f687191b69b8409eabc6a45e1c71e414 0.030s
2025-04-03 04:40:19.542 70654 INFO tempest.lib.common.dynamic_creds [-] Dynamic test user f3bba7e694644e969e851c93f8e14541 is created with scope project and roles: ['member']
2025-04-03 04:40:19.542 70652 INFO tempest.lib.common.rest_client [req-0d143af3-ed8c-4b5e-b9c1-d05b06d44edf req-0d143af3-ed8c-4b5e-b9c1-d05b06d44edf ] Request (AggregatesAdminNegativeTestJSON:test_aggregate_create_as_user): 403 POST http://10.180.1.21/compute/v2.1/os-aggregates 2.183s
2025-04-03 04:40:19.542 70654 INFO tempest.lib.common.dynamic_creds [-] Acquired dynamic creds: credentials: Credentials: {'domain_id': 'default', 'domain_name': 'Default', 'username': 'tempest-QuotasSecurityGroupAdminNegativeTest-1006793426-project-member', 'project_domain_id': 'default', 'project_domain_name': 'Default', 'project_id': '4c4ad1df4a3945f9811d59666202f2f8', 'project_name': 'tempest-QuotasSecurityGroupAdminNegativeTest-1006793426', 'tenant_id': '4c4ad1df4a3945f9811d59666202f2f8', 'tenant_name': 'tempest-QuotasSecurityGroupAdminNegativeTest-1006793426', 'user_domain_id': 'default', 'user_domain_name': 'Default', 'user_id': 'f3bba7e694644e969e851c93f8e14541', 'system': None}, Network: None, Subnet: None, Router: None
2025-04-03 04:40:19.542 70654 INFO tempest.lib.common.dynamic_creds [-] Created isolated network resources for: credentials: Credentials: {'domain_id': 'default', 'domain_name': 'Default', 'username': 'tempest-QuotasSecurityGroupAdminNegativeTest-1006793426-project-member', 'project_domain_id': 'default', 'project_domain_name': 'Default', 'project_id': '4c4ad1df4a3945f9811d59666202f2f8', 'project_name': 'tempest-QuotasSecurityGroupAdminNegativeTest-1006793426', 'tenant_id': '4c4ad1df4a3945f9811d59666202f2f8', 'tenant_name': 'tempest-QuotasSecurityGroupAdminNegativeTest-1006793426', 'user_domain_id': 'default', 'user_domain_name': 'Default', 'user_id': 'f3bba7e694644e969e851c93f8e14541', 'system': None}, Network: None, Subnet: None, Router: None
2025-04-03 04:40:19.552 70630 INFO tempest.lib.common.rest_client [req-901a2741-8a95-43dc-bdce-090167ce97dd req-901a2741-8a95-43dc-bdce-090167ce97dd ] Request (SecurityGroupsTestAdminJSON:setUpClass): 204 PUT http://10.180.1.21/identity/v3/projects/356820bf85b843ebaa103ad9eac08aa2/users/84c7cf71d3e84349bcee1b50f225e4f9/roles/f687191b69b8409eabc6a45e1c71e414 0.049s
2025-04-03 04:40:19.552 70630 INFO tempest.lib.common.dynamic_creds [-] Dynamic test user 84c7cf71d3e84349bcee1b50f225e4f9 is created with scope project and roles: ['member']
2025-04-03 04:40:19.552 70630 INFO tempest.lib.common.dynamic_creds [-] Acquired dynamic creds: credentials: Credentials: {'domain_id': 'default', 'domain_name': 'Default', 'username': 'tempest-SecurityGroupsTestAdminJSON-2014445396-project-member', 'project_domain_id': 'default', 'project_domain_name': 'Default', 'project_id': '356820bf85b843ebaa103ad9eac08aa2', 'project_name': 'tempest-SecurityGroupsTestAdminJSON-2014445396', 'tenant_id': '356820bf85b843ebaa103ad9eac08aa2', 'tenant_name': 'tempest-SecurityGroupsTestAdminJSON-2014445396', 'user_domain_id': 'default', 'user_domain_name': 'Default', 'user_id': '84c7cf71d3e84349bcee1b50f225e4f9', 'system': None}, Network: None, Subnet: None, Router: None
2025-04-03 04:40:19.552 70630 INFO tempest.lib.common.dynamic_creds [-] Created isolated network resources for: credentials: Credentials: {'domain_id': 'default', 'domain_name': 'Default', 'username': 'tempest-SecurityGroupsTestAdminJSON-2014445396-project-member', 'project_domain_id': 'default', 'project_domain_name': 'Default', 'project_id': '356820bf85b843ebaa103ad9eac08aa2', 'project_name': 'tempest-SecurityGroupsTestAdminJSON-2014445396', 'tenant_id': '356820bf85b843ebaa103ad9eac08aa2', 'tenant_name': 'tempest-SecurityGroupsTestAdminJSON-2014445396', 'user_domain_id': 'default', 'user_domain_name': 'Default', 'user_id': '84c7cf71d3e84349bcee1b50f225e4f9', 'system': None}, Network: None, Subnet: None, Router: None
2025-04-03 04:40:19.640 70654 INFO tempest.lib.common.rest_client [req-b5688a9f-b26d-4898-ab02-7b5e6feb857e req-b5688a9f-b26d-4898-ab02-7b5e6feb857e ] Request (QuotasSecurityGroupAdminNegativeTest:setUpClass): 201 POST http://10.180.1.21/identity/v3/auth/tokens 0.092s
2025-04-03 04:40:19.739 70630 INFO tempest.lib.common.rest_client [req-8a81a2e9-d8db-4911-8eda-a20d2072f748 req-8a81a2e9-d8db-4911-8eda-a20d2072f748 ] Request (SecurityGroupsTestAdminJSON:setUpClass): 201 POST http://10.180.1.21/identity/v3/auth/tokens 0.184s
2025-04-03 04:40:19.740 70602 INFO tempest.lib.common.rest_client [req-385e6377-786a-47b6-baa8-d0819bf82582 req-385e6377-786a-47b6-baa8-d0819bf82582 ] Request (FlavorsV2TestJSON:tearDownClass): 204 DELETE http://10.180.1.21/identity/v3/users/ce44043cfa284db291f6ca4ff6b235ad 0.205s
2025-04-03 04:40:19.740 70602 INFO tempest.lib.common.dynamic_creds [-] Deleting project and security group for project: 73fba9660e824b98bcbc1edb8cd3af70
2025-04-03 04:40:19.790 70654 INFO tempest.lib.common.rest_client [req-e87d2cf9-dadc-4579-9374-408a45f51d81 req-e87d2cf9-dadc-4579-9374-408a45f51d81 ] Request (QuotasSecurityGroupAdminNegativeTest:setUpClass): 201 POST http://10.180.1.21/identity/v3/projects 0.150s
2025-04-03 04:40:19.802 70600 INFO tempest.lib.common.rest_client [req-1431a9fe-e860-4388-a9c9-71790f987ad6 req-1431a9fe-e860-4388-a9c9-71790f987ad6 ] Request (MigrationsAdminTest:test_list_migrations_in_flavor_resize_situation): 200 GET http://10.180.1.21/compute/v2.1/servers/e38249fe-4114-40a6-9cdb-8ec5917bec83 2.842s
2025-04-03 04:40:19.849 70602 INFO tempest.lib.common.rest_client [req-c4001269-6ac9-4298-9b43-cea8b235a5f8 req-c4001269-6ac9-4298-9b43-cea8b235a5f8 ] Request (FlavorsV2TestJSON:tearDownClass): 201 POST http://10.180.1.21/identity/v3/auth/tokens 0.108s
2025-04-03 04:40:19.890 70630 INFO tempest.lib.common.rest_client [req-a4b5c3af-13d9-4271-956f-34f9beb415cd req-a4b5c3af-13d9-4271-956f-34f9beb415cd ] Request (SecurityGroupsTestAdminJSON:setUpClass): 201 POST http://10.180.1.21/identity/v3/projects 0.150s
2025-04-03 04:40:19.901 70610 INFO tempest.lib.common.rest_client [req-4cc22ed0-2f19-45ec-99d8-ec2b7500ae69 req-4cc22ed0-2f19-45ec-99d8-ec2b7500ae69 ] Request (FlavorsAccessNegativeTestJSON:test_flavor_non_admin_remove): 200 POST http://10.180.1.21/compute/v2.1/flavors/935375217/action 2.517s
2025-04-03 04:40:19.903 70654 INFO tempest.lib.common.rest_client [req-9f7db40e-e9b4-4b5b-93d2-4209a7157f5c req-9f7db40e-e9b4-4b5b-93d2-4209a7157f5c ] Request (QuotasSecurityGroupAdminNegativeTest:setUpClass): 201 POST http://10.180.1.21/identity/v3/users 0.112s
2025-04-03 04:40:19.959 70630 INFO tempest.lib.common.rest_client [req-b24b71a0-e8b5-468c-81cf-3d06133b1453 req-b24b71a0-e8b5-468c-81cf-3d06133b1453 ] Request (SecurityGroupsTestAdminJSON:setUpClass): 201 POST http://10.180.1.21/identity/v3/users 0.068s
2025-04-03 04:40:19.980 70654 INFO tempest.lib.common.rest_client [req-8a6e5ff7-4731-4a34-b2c7-6ad3347aafaf req-8a6e5ff7-4731-4a34-b2c7-6ad3347aafaf ] Request (QuotasSecurityGroupAdminNegativeTest:setUpClass): 200 GET http://10.180.1.21/identity/v3/roles 0.076s
2025-04-03 04:40:19.981 70630 INFO tempest.lib.common.rest_client [req-c399538d-255a-46af-835e-a62946d1c954 req-c399538d-255a-46af-835e-a62946d1c954 ] Request (SecurityGroupsTestAdminJSON:setUpClass): 200 GET http://10.180.1.21/identity/v3/roles 0.021s
2025-04-03 04:40:19.986 70638 INFO tempest.lib.common.rest_client [req-6715cf42-5038-404a-9ec9-67eea9c16fa9 req-6715cf42-5038-404a-9ec9-67eea9c16fa9 ] Request (TenantUsagesTestJSON:setUpClass): 200 GET http://10.180.1.21/compute/v2.1/servers/f80ff45c-767d-4771-876e-d4cf7f06718a 2.513s
2025-04-03 04:40:20.009 70624 INFO tempest.lib.common.rest_client [req-07851184-0977-4643-8847-e0fcdd86c00f req-07851184-0977-4643-8847-e0fcdd86c00f ] Request (ImagesNegativeTestJSON:test_create_image_from_deleted_server): 200 GET http://10.180.1.21/compute/v2.1/servers/cce3978e-29ec-42c6-8190-d02f082e3b62 2.603s
2025-04-03 04:40:20.012 70654 INFO tempest.lib.common.rest_client [req-647f423b-bd5f-44c4-9c35-1278a34e9795 req-647f423b-bd5f-44c4-9c35-1278a34e9795 ] Request (QuotasSecurityGroupAdminNegativeTest:setUpClass): 204 PUT http://10.180.1.21/identity/v3/projects/7811f70dd1674a8aba2540c5b1447f23/users/672dcaeadf674237a23569f8480ef49a/roles/32c702b4796e4a878413c7901bc2bd05 0.032s
2025-04-03 04:40:20.015 70630 INFO tempest.lib.common.rest_client [req-c64364b7-5afe-460e-a1af-bf519e0b9174 req-c64364b7-5afe-460e-a1af-bf519e0b9174 ] Request (SecurityGroupsTestAdminJSON:setUpClass): 204 PUT http://10.180.1.21/identity/v3/projects/ad1c92bb522542e68ab72d0eb961baf9/users/92eb61c67b5c48bdb6c6a513d77d6ffa/roles/32c702b4796e4a878413c7901bc2bd05 0.034s
2025-04-03 04:40:20.020 70624 INFO tempest.common.waiters [-] State transition "BUILD/None" ==> "BUILD/spawning" after 10 second wait
2025-04-03 04:40:20.077 70654 INFO tempest.lib.common.rest_client [req-0b31192a-112a-4733-b3a6-f487feede51b req-0b31192a-112a-4733-b3a6-f487feede51b ] Request (QuotasSecurityGroupAdminNegativeTest:setUpClass): 200 GET http://10.180.1.21/identity/v3/roles 0.064s
2025-04-03 04:40:20.093 70630 INFO tempest.lib.common.rest_client [req-b9a7a3aa-82bd-4441-86f5-b5c9d0a630fa req-b9a7a3aa-82bd-4441-86f5-b5c9d0a630fa ] Request (SecurityGroupsTestAdminJSON:setUpClass): 200 GET http://10.180.1.21/identity/v3/roles 0.077s
2025-04-03 04:40:20.097 70654 INFO tempest.lib.common.rest_client [req-9afc808a-6917-4fab-ae30-09666d904523 req-9afc808a-6917-4fab-ae30-09666d904523 ] Request (QuotasSecurityGroupAdminNegativeTest:setUpClass): 204 PUT http://10.180.1.21/identity/v3/projects/7811f70dd1674a8aba2540c5b1447f23/users/672dcaeadf674237a23569f8480ef49a/roles/32c702b4796e4a878413c7901bc2bd05 0.020s
2025-04-03 04:40:20.097 70654 INFO tempest.lib.common.dynamic_creds [-] Dynamic test user 672dcaeadf674237a23569f8480ef49a is created with scope project and roles: ['admin']
2025-04-03 04:40:20.097 70654 INFO tempest.lib.common.dynamic_creds [-] Acquired dynamic creds: credentials: Credentials: {'domain_id': 'default', 'domain_name': 'Default', 'username': 'tempest-QuotasSecurityGroupAdminNegativeTest-1009324629-project-admin', 'project_domain_id': 'default', 'project_domain_name': 'Default', 'project_id': '7811f70dd1674a8aba2540c5b1447f23', 'project_name': 'tempest-QuotasSecurityGroupAdminNegativeTest-1009324629', 'tenant_id': '7811f70dd1674a8aba2540c5b1447f23', 'tenant_name': 'tempest-QuotasSecurityGroupAdminNegativeTest-1009324629', 'user_domain_id': 'default', 'user_domain_name': 'Default', 'user_id': '672dcaeadf674237a23569f8480ef49a', 'system': None}, Network: None, Subnet: None, Router: None
2025-04-03 04:40:20.097 70654 INFO tempest.lib.common.dynamic_creds [-] Created isolated network resources for: credentials: Credentials: {'domain_id': 'default', 'domain_name': 'Default', 'username': 'tempest-QuotasSecurityGroupAdminNegativeTest-1009324629-project-admin', 'project_domain_id': 'default', 'project_domain_name': 'Default', 'project_id': '7811f70dd1674a8aba2540c5b1447f23', 'project_name': 'tempest-QuotasSecurityGroupAdminNegativeTest-1009324629', 'tenant_id': '7811f70dd1674a8aba2540c5b1447f23', 'tenant_name': 'tempest-QuotasSecurityGroupAdminNegativeTest-1009324629', 'user_domain_id': 'default', 'user_domain_name': 'Default', 'user_id': '672dcaeadf674237a23569f8480ef49a', 'system': None}, Network: None, Subnet: None, Router: None
2025-04-03 04:40:20.143 70630 INFO tempest.lib.common.rest_client [req-fed4bc30-bd51-4d99-91b1-69af1d29e96e req-fed4bc30-bd51-4d99-91b1-69af1d29e96e ] Request (SecurityGroupsTestAdminJSON:setUpClass): 204 PUT http://10.180.1.21/identity/v3/projects/ad1c92bb522542e68ab72d0eb961baf9/users/92eb61c67b5c48bdb6c6a513d77d6ffa/roles/32c702b4796e4a878413c7901bc2bd05 0.049s
2025-04-03 04:40:20.143 70630 INFO tempest.lib.common.dynamic_creds [-] Dynamic test user 92eb61c67b5c48bdb6c6a513d77d6ffa is created with scope project and roles: ['admin']
2025-04-03 04:40:20.143 70630 INFO tempest.lib.common.dynamic_creds [-] Acquired dynamic creds: credentials: Credentials: {'domain_id': 'default', 'domain_name': 'Default', 'username': 'tempest-SecurityGroupsTestAdminJSON-987343780-project-admin', 'project_domain_id': 'default', 'project_domain_name': 'Default', 'project_id': 'ad1c92bb522542e68ab72d0eb961baf9', 'project_name': 'tempest-SecurityGroupsTestAdminJSON-987343780', 'tenant_id': 'ad1c92bb522542e68ab72d0eb961baf9', 'tenant_name': 'tempest-SecurityGroupsTestAdminJSON-987343780', 'user_domain_id': 'default', 'user_domain_name': 'Default', 'user_id': '92eb61c67b5c48bdb6c6a513d77d6ffa', 'system': None}, Network: None, Subnet: None, Router: None
2025-04-03 04:40:20.143 70630 INFO tempest.lib.common.dynamic_creds [-] Created isolated network resources for: credentials: Credentials: {'domain_id': 'default', 'domain_name': 'Default', 'username': 'tempest-SecurityGroupsTestAdminJSON-987343780-project-admin', 'project_domain_id': 'default', 'project_domain_name': 'Default', 'project_id': 'ad1c92bb522542e68ab72d0eb961baf9', 'project_name': 'tempest-SecurityGroupsTestAdminJSON-987343780', 'tenant_id': 'ad1c92bb522542e68ab72d0eb961baf9', 'tenant_name': 'tempest-SecurityGroupsTestAdminJSON-987343780', 'user_domain_id': 'default', 'user_domain_name': 'Default', 'user_id': '92eb61c67b5c48bdb6c6a513d77d6ffa', 'system': None}, Network: None, Subnet: None, Router: None
2025-04-03 04:40:20.174 70654 INFO tempest.lib.common.rest_client [req-88303bcc-a09a-470e-88f4-879fb8dd1741 req-88303bcc-a09a-470e-88f4-879fb8dd1741 ] Request (QuotasSecurityGroupAdminNegativeTest:setUpClass): 201 POST http://10.180.1.21/identity/v3/auth/tokens 0.073s
2025-04-03 04:40:20.175 70654 WARNING tempest.lib.common.rest_client [-] Deprecated: "tenant_id" property is deprecated for removal, use "project_id" instead
2025-04-03 04:40:20.216 70606 INFO tempest.lib.common.rest_client [req-98d191c3-84a3-4ff2-9169-d551a56a0d6e req-98d191c3-84a3-4ff2-9169-d551a56a0d6e ] Request (FlavorsV2NegativeTest:test_boot_with_low_ram): 400 POST http://10.180.1.21/compute/v2.1/servers 2.662s
2025-04-03 04:40:20.232 70630 INFO tempest.lib.common.rest_client [req-1675a1fb-e2eb-4849-bcdd-b152cf6f21d8 req-1675a1fb-e2eb-4849-bcdd-b152cf6f21d8 ] Request (SecurityGroupsTestAdminJSON:setUpClass): 201 POST http://10.180.1.21/identity/v3/auth/tokens 0.086s
2025-04-03 04:40:20.277 70654 INFO tempest.lib.common.rest_client [req-c98671f4-1731-492b-a30f-622538130df4 req-c98671f4-1731-492b-a30f-622538130df4 ] Request (QuotasSecurityGroupAdminNegativeTest:tearDownClass): 204 DELETE http://10.180.1.21/identity/v3/users/f3bba7e694644e969e851c93f8e14541 0.099s
2025-04-03 04:40:20.282 70606 INFO tempest.lib.common.rest_client [req-034eeb01-419a-412d-80c4-431746a89aff req-034eeb01-419a-412d-80c4-431746a89aff ] Request (FlavorsV2NegativeTest:_run_cleanups): 204 DELETE http://10.180.1.21/image/v2/images/5ec3ce8c-2877-4d51-a5bb-1d4f17820f8e 0.066s
2025-04-03 04:40:20.301 70602 INFO tempest.lib.common.rest_client [req-bd065722-cfe6-4e3d-bb16-d36a464d320e req-bd065722-cfe6-4e3d-bb16-d36a464d320e ] Request (FlavorsV2TestJSON:tearDownClass): 200 GET http://10.180.1.21:9696/networking/v2.0/security-groups?tenant_id=73fba9660e824b98bcbc1edb8cd3af70&name=default 0.452s
2025-04-03 04:40:20.303 70621 INFO tempest.lib.common.rest_client [req-9b55b1cd-4d74-4f53-bf21-bc691ffa91d1 req-9b55b1cd-4d74-4f53-bf21-bc691ffa91d1 ] Request (DeleteServersAdminTestJSON:test_admin_delete_servers_of_others): 200 GET http://10.180.1.21/compute/v2.1/servers/6f43f01e-4d19-43f0-9b8f-1a34247ea436 2.504s
2025-04-03 04:40:20.310 70621 INFO tempest.common.waiters [-] State transition "ACTIVE/deleting" ==> "DELETED/None" after 4 second wait
2025-04-03 04:40:20.339 70616 INFO tempest.lib.common.rest_client [req-16cc4835-ec07-4cce-b368-204fb003878c req-16cc4835-ec07-4cce-b368-204fb003878c ] Request (ServersTestMultiNic:test_verify_duplicate_network_nics): 200 GET http://10.180.1.21/compute/v2.1/servers/6c11ec80-43e4-4b24-9a6c-40a13011c9b3 2.661s
2025-04-03 04:40:20.374 70654 INFO tempest.lib.common.rest_client [req-4c5e4e66-76c5-4be0-8c0d-855b523c86c7 req-4c5e4e66-76c5-4be0-8c0d-855b523c86c7 ] Request (QuotasSecurityGroupAdminNegativeTest:tearDownClass): 204 DELETE http://10.180.1.21/identity/v3/users/672dcaeadf674237a23569f8480ef49a 0.097s
2025-04-03 04:40:20.375 70654 INFO tempest.lib.common.dynamic_creds [-] Deleting project and security group for project: 7811f70dd1674a8aba2540c5b1447f23
2025-04-03 04:40:20.380 70606 INFO tempest.lib.common.rest_client [req-31defb54-83f0-448d-be2e-5ae979269ab2 req-31defb54-83f0-448d-be2e-5ae979269ab2 ] Request (FlavorsV2NegativeTest:tearDownClass): 204 DELETE http://10.180.1.21/identity/v3/users/783779c20af947939ade04b0cdb04a42 0.095s
2025-04-03 04:40:20.380 70606 INFO tempest.lib.common.dynamic_creds [-] Deleting project and security group for project: c32771879d254e29b7344a72cf2e94ff
2025-04-03 04:40:20.412 70662 INFO tempest.lib.common.rest_client [req-f4ed3d46-bc19-41f4-b366-4243bd8a2520 req-f4ed3d46-bc19-41f4-b366-4243bd8a2520 ] Request (AttachInterfacesUnderV243Test:test_add_remove_fixed_ip): 200 GET http://10.180.1.21/compute/v2.1/servers/16c3a117-e725-45e2-94e9-fbc0156fbadd 2.506s
2025-04-03 04:40:20.425 70602 INFO tempest.lib.common.rest_client [req-0cba934a-979e-4418-8ec8-180d0b52b74a req-0cba934a-979e-4418-8ec8-180d0b52b74a ] Request (FlavorsV2TestJSON:tearDownClass): 204 DELETE http://10.180.1.21:9696/networking/v2.0/security-groups/3bbfc218-51b0-464e-bfcd-13ad11ce2acf 0.124s
2025-04-03 04:40:20.436 70654 INFO tempest.lib.common.rest_client [req-b06c9657-d82f-4e72-96aa-9ab73ff9e0d0 req-b06c9657-d82f-4e72-96aa-9ab73ff9e0d0 ] Request (QuotasSecurityGroupAdminNegativeTest:tearDownClass): 201 POST http://10.180.1.21/identity/v3/auth/tokens 0.061s
2025-04-03 04:40:20.455 70606 INFO tempest.lib.common.rest_client [req-deb9dea6-602a-4fcd-a516-8ca674f66732 req-deb9dea6-602a-4fcd-a516-8ca674f66732 ] Request (FlavorsV2NegativeTest:tearDownClass): 201 POST http://10.180.1.21/identity/v3/auth/tokens 0.075s
2025-04-03 04:40:20.487 70646 INFO tempest.lib.common.rest_client [req-81c4547a-0d09-4fc8-ba38-e674511997a9 req-81c4547a-0d09-4fc8-ba38-e674511997a9 ] Request (VolumesAdminNegativeTest:test_update_attached_volume_with_nonexistent_volume_in_body): 200 GET http://10.180.1.21/compute/v2.1/servers/19fddddc-9657-463c-b24d-7ae457fdb870 2.416s
2025-04-03 04:40:20.495 70642 INFO tempest.lib.common.rest_client [req-2513e2e1-f70d-4560-b00d-ba65413c1353 req-2513e2e1-f70d-4560-b00d-ba65413c1353 ] Request (ImagesTestJSON:setUpClass): 201 POST http://10.180.1.21:9696/networking/v2.0/routers 1.061s
2025-04-03 04:40:20.498 70646 INFO tempest.common.waiters [-] State transition "BUILD/None" ==> "BUILD/networking" after 9 second wait
2025-04-03 04:40:20.513 70634 INFO tempest.lib.common.rest_client [req-283e2056-5d9f-45f8-b653-bea1d7950d64 req-283e2056-5d9f-45f8-b653-bea1d7950d64 ] Request (QuotasAdminTestV257:test_get_updated_quotas): 200 GET http://10.180.1.21/compute/v2.1/os-quota-sets/aeb7bbc7949b49cca1af3ff98799e963/detail 2.615s
2025-04-03 04:40:20.520 70602 INFO tempest.lib.common.rest_client [req-d0f81723-ac97-496c-864c-88b30dfa6227 req-d0f81723-ac97-496c-864c-88b30dfa6227 ] Request (FlavorsV2TestJSON:tearDownClass): 204 DELETE http://10.180.1.21/identity/v3/projects/73fba9660e824b98bcbc1edb8cd3af70 0.094s
2025-04-03 04:40:20.580 70632 INFO tempest.lib.common.rest_client [req-9c8c1c5f-5848-4f57-a927-36e3616d3d23 req-9c8c1c5f-5848-4f57-a927-36e3616d3d23 ] Request (SecurityGroupsTestJSON:test_list_security_groups_by_server): 200 GET http://10.180.1.21/compute/v2.1/servers/2c9fda7c-de29-4b8a-b950-cfd429a16e18 2.425s
2025-04-03 04:40:20.583 70604 INFO tempest.lib.common.rest_client [req-f1f859a3-85c1-4274-bf88-4fbe36242474 req-f1f859a3-85c1-4274-bf88-4fbe36242474 ] Request (ServersAdmin275Test:test_rebuild_update_server_275): 200 GET http://10.180.1.21/compute/v2.1/servers/99c5100f-890c-496c-b40a-2cd4a2be72e5 2.322s
2025-04-03 04:40:20.659 70602 INFO tempest.lib.common.rest_client [req-a6654b0c-5a15-4fdf-bcdf-38846516aa69 req-a6654b0c-5a15-4fdf-bcdf-38846516aa69 ] Request (FloatingIPsNegativeTestJSON:setUpClass): 201 POST http://10.180.1.21/identity/v3/auth/tokens 0.137s
2025-04-03 04:40:20.663 70634 INFO tempest.lib.common.rest_client [req-8530d300-4298-4546-b4c7-b890a555b54f req-8530d300-4298-4546-b4c7-b890a555b54f ] Request (QuotasAdminTestV257:test_get_updated_quotas): 200 GET http://10.180.1.21/identity/v3/domains?name=Default 0.146s
2025-04-03 04:40:20.669 70656 INFO tempest.lib.common.rest_client [req-0a9b0a7a-9280-4134-89f7-60f75f7fe85f req-0a9b0a7a-9280-4134-89f7-60f75f7fe85f ] Request (SecurityGroupRulesNegativeTestJSON:test_create_security_group_rule_with_non_existent_id): 404 POST http://10.180.1.21/compute/v2.1/os-security-group-rules 1.935s
2025-04-03 04:40:20.712 70602 INFO tempest.lib.common.rest_client [req-61ac5bfb-2811-4cb8-b155-34cca83c3b07 req-61ac5bfb-2811-4cb8-b155-34cca83c3b07 ] Request (FloatingIPsNegativeTestJSON:setUpClass): 201 POST http://10.180.1.21/identity/v3/auth/tokens 0.048s
2025-04-03 04:40:20.715 70634 INFO tempest.lib.common.rest_client [req-e974dac8-f92b-4d2d-8887-992d7208ec09 req-e974dac8-f92b-4d2d-8887-992d7208ec09 ] Request (QuotasAdminTestV257:test_get_updated_quotas): 201 POST http://10.180.1.21/identity/v3/users 0.051s
2025-04-03 04:40:20.739 70602 INFO tempest.lib.common.rest_client [req-06d2de94-b356-4ea2-8605-56fd9ecf1331 req-06d2de94-b356-4ea2-8605-56fd9ecf1331 ] Request (FloatingIPsNegativeTestJSON:setUpClass): 200 GET http://10.180.1.21/identity/v3/domains?name=Default 0.027s
2025-04-03 04:40:20.742 70634 INFO tempest.lib.common.rest_client [req-d936761f-a67d-4729-9501-f418f8de2f13 req-d936761f-a67d-4729-9501-f418f8de2f13 ] Request (QuotasAdminTestV257:test_get_updated_quotas): 200 GET http://10.180.1.21/identity/v3/domains?name=Default 0.026s
2025-04-03 04:40:20.760 70650 INFO tempest.lib.common.rest_client [req-09068919-63d8-43c0-adde-d78f933425c1 req-09068919-63d8-43c0-adde-d78f933425c1 ] Request (VolumesAssistedSnapshotsTest:test_volume_assisted_snapshot_create_delete): 200 GET http://10.180.1.21/compute/v2.1/servers/ba5dd49c-50d4-4dee-b428-9d4300ab43af 1.871s
2025-04-03 04:40:20.777 70602 INFO tempest.lib.common.rest_client [req-e43a99c1-1c6a-429f-bca0-71f1df6ce716 req-e43a99c1-1c6a-429f-bca0-71f1df6ce716 ] Request (FloatingIPsNegativeTestJSON:setUpClass): 201 POST http://10.180.1.21/identity/v3/projects 0.037s
2025-04-03 04:40:20.858 70602 INFO tempest.lib.common.rest_client [req-6fb75d36-b031-46f2-866d-c0f173e1d260 req-6fb75d36-b031-46f2-866d-c0f173e1d260 ] Request (FloatingIPsNegativeTestJSON:setUpClass): 201 POST http://10.180.1.21/identity/v3/users 0.081s
2025-04-03 04:40:20.880 70602 INFO tempest.lib.common.rest_client [req-d16d130f-8099-473a-908f-9e692dcbf2a8 req-d16d130f-8099-473a-908f-9e692dcbf2a8 ] Request (FloatingIPsNegativeTestJSON:setUpClass): 200 GET http://10.180.1.21/identity/v3/roles 0.021s
2025-04-03 04:40:20.910 70602 INFO tempest.lib.common.rest_client [req-d0ced563-9a7d-4dc4-b5f3-0b81c9abac04 req-d0ced563-9a7d-4dc4-b5f3-0b81c9abac04 ] Request (FloatingIPsNegativeTestJSON:setUpClass): 204 PUT http://10.180.1.21/identity/v3/projects/17bfaf4509b849feb5f18913b778a9c7/users/b37a5fe133a34932ae70d1f82747908b/roles/f687191b69b8409eabc6a45e1c71e414 0.030s
2025-04-03 04:40:20.910 70602 INFO tempest.lib.common.dynamic_creds [-] Dynamic test user b37a5fe133a34932ae70d1f82747908b is created with scope project and roles: ['member']
2025-04-03 04:40:20.911 70602 INFO tempest.lib.common.dynamic_creds [-] Acquired dynamic creds: credentials: Credentials: {'domain_id': 'default', 'domain_name': 'Default', 'username': 'tempest-FloatingIPsNegativeTestJSON-1549268473-project-member', 'project_domain_id': 'default', 'project_domain_name': 'Default', 'project_id': '17bfaf4509b849feb5f18913b778a9c7', 'project_name': 'tempest-FloatingIPsNegativeTestJSON-1549268473', 'tenant_id': '17bfaf4509b849feb5f18913b778a9c7', 'tenant_name': 'tempest-FloatingIPsNegativeTestJSON-1549268473', 'user_domain_id': 'default', 'user_domain_name': 'Default', 'user_id': 'b37a5fe133a34932ae70d1f82747908b', 'system': None}, Network: None, Subnet: None, Router: None
2025-04-03 04:40:20.914 70654 INFO tempest.lib.common.rest_client [req-9bcd09b0-b662-40c4-a881-87684c964ffc req-9bcd09b0-b662-40c4-a881-87684c964ffc ] Request (QuotasSecurityGroupAdminNegativeTest:tearDownClass): 200 GET http://10.180.1.21:9696/networking/v2.0/security-groups?tenant_id=7811f70dd1674a8aba2540c5b1447f23&name=default 0.478s
2025-04-03 04:40:20.923 70606 INFO tempest.lib.common.rest_client [req-4527fb37-d1fb-4a67-8bbd-b8965a8a34bd req-4527fb37-d1fb-4a67-8bbd-b8965a8a34bd ] Request (FlavorsV2NegativeTest:tearDownClass): 200 GET http://10.180.1.21:9696/networking/v2.0/security-groups?tenant_id=c32771879d254e29b7344a72cf2e94ff&name=default 0.467s
2025-04-03 04:40:20.943 70648 INFO tempest.lib.common.rest_client [req-9cb9a6d5-b81e-4a95-b7b7-074b71ab2858 req-9cb9a6d5-b81e-4a95-b7b7-074b71ab2858 ] Request (SecurityGroupRulesTestJSON:test_security_group_rules_list): 200 POST http://10.180.1.21/compute/v2.1/os-security-groups 2.428s
2025-04-03 04:40:20.962 70618 INFO tempest.lib.common.rest_client [req-9dbd0e84-bf76-49f2-b2bb-fb40f928790a req-9dbd0e84-bf76-49f2-b2bb-fb40f928790a ] Request (FlavorsExtraSpecsTestJSON:tearDownClass): 202 DELETE http://10.180.1.21/compute/v2.1/flavors/2040415814 1.822s
2025-04-03 04:40:20.970 70602 INFO tempest.lib.common.rest_client [req-2fe88261-bbd5-4323-867a-724e22fd6e07 req-2fe88261-bbd5-4323-867a-724e22fd6e07 ] Request (FloatingIPsNegativeTestJSON:setUpClass): 201 POST http://10.180.1.21/identity/v3/auth/tokens 0.059s
2025-04-03 04:40:21.053 70614 INFO tempest.lib.common.rest_client [req-fe331c34-a50d-4dfc-b988-2d6ddda51e93 req-fe331c34-a50d-4dfc-b988-2d6ddda51e93 ] Request (ServersTestFqdnHostnames:test_create_server_with_fqdn_name): 200 GET http://10.180.1.21/compute/v2.1/servers/2eb42f40-1b49-496b-8f23-3d7298666d77 1.868s
2025-04-03 04:40:21.222 70654 INFO tempest.lib.common.rest_client [req-2ec82912-115a-4830-b8da-7f5687a2d2fe req-2ec82912-115a-4830-b8da-7f5687a2d2fe ] Request (QuotasSecurityGroupAdminNegativeTest:tearDownClass): 204 DELETE http://10.180.1.21:9696/networking/v2.0/security-groups/8af7c41a-3a32-46c9-a123-f07b092d96b2 0.308s
2025-04-03 04:40:21.226 70606 INFO tempest.lib.common.rest_client [req-e154e30b-7d05-4b0d-b970-31326f9acf8f req-e154e30b-7d05-4b0d-b970-31326f9acf8f ] Request (FlavorsV2NegativeTest:tearDownClass): 204 DELETE http://10.180.1.21:9696/networking/v2.0/security-groups/f67e1e20-de2a-405e-be01-107648c2310c 0.302s
2025-04-03 04:40:21.308 70606 INFO tempest.lib.common.rest_client [req-025d7d84-f5ae-4536-9baf-0b69397b4896 req-025d7d84-f5ae-4536-9baf-0b69397b4896 ] Request (FlavorsV2NegativeTest:tearDownClass): 204 DELETE http://10.180.1.21/identity/v3/projects/c32771879d254e29b7344a72cf2e94ff 0.081s
2025-04-03 04:40:21.318 70654 INFO tempest.lib.common.rest_client [req-a13ae67c-dfb5-4ba8-9e2d-39c8de582b5c req-a13ae67c-dfb5-4ba8-9e2d-39c8de582b5c ] Request (QuotasSecurityGroupAdminNegativeTest:tearDownClass): 204 DELETE http://10.180.1.21/identity/v3/projects/7811f70dd1674a8aba2540c5b1447f23 0.095s
2025-04-03 04:40:21.318 70654 INFO tempest.lib.common.dynamic_creds [-] Deleting project and security group for project: 4c4ad1df4a3945f9811d59666202f2f8
2025-04-03 04:40:21.363 70622 INFO tempest.lib.common.rest_client [req-3a6857b7-9714-4b8a-b4c7-0afbae2ffdc1 req-3a6857b7-9714-4b8a-b4c7-0afbae2ffdc1 ] Request (AttachVolumeTestJSON:setUpClass): 201 POST http://10.180.1.21:9696/networking/v2.0/routers 2.286s
2025-04-03 04:40:21.384 70606 INFO tempest.lib.common.rest_client [req-9e463fff-607c-4dca-b61b-1f14e3674b7d req-9e463fff-607c-4dca-b61b-1f14e3674b7d ] Request (DeleteServersTestJSON:setUpClass): 201 POST http://10.180.1.21/identity/v3/auth/tokens 0.074s
2025-04-03 04:40:21.425 70606 INFO tempest.lib.common.rest_client [req-dcc696b1-f5a5-4e60-b02e-6d6fc9d74baf req-dcc696b1-f5a5-4e60-b02e-6d6fc9d74baf ] Request (DeleteServersTestJSON:setUpClass): 201 POST http://10.180.1.21/identity/v3/auth/tokens 0.036s
2025-04-03 04:40:21.460 70606 INFO tempest.lib.common.rest_client [req-86863367-ca2a-42b0-b8ed-16cc1ee8f74d req-86863367-ca2a-42b0-b8ed-16cc1ee8f74d ] Request (DeleteServersTestJSON:setUpClass): 200 GET http://10.180.1.21/identity/v3/domains?name=Default 0.035s
2025-04-03 04:40:21.497 70660 INFO tempest.lib.common.rest_client [req-658d00d6-aaa3-4f0b-9470-8184b843f440 req-658d00d6-aaa3-4f0b-9470-8184b843f440 ] Request (QuotasAdminNegativeTest:test_create_server_when_memory_quota_is_full): 403 POST http://10.180.1.21/compute/v2.1/servers 2.250s
2025-04-03 04:40:21.511 70606 INFO tempest.lib.common.rest_client [req-ecb8d3c3-f0ba-479b-9e80-578002b87ad5 req-ecb8d3c3-f0ba-479b-9e80-578002b87ad5 ] Request (DeleteServersTestJSON:setUpClass): 201 POST http://10.180.1.21/identity/v3/projects 0.049s
2025-04-03 04:40:21.600 70628 INFO tempest.lib.common.rest_client [req-abc91ba0-b28c-42c3-bbb9-1cf366364b8e req-abc91ba0-b28c-42c3-bbb9-1cf366364b8e ] Request (ServersAdminNegativeTestJSON:test_migrate_server_invalid_state): 200 GET http://10.180.1.21/compute/v2.1/servers/cf16c077-6f47-4ad4-b4b2-f14ae99e335a 2.315s
2025-04-03 04:40:21.624 70606 INFO tempest.lib.common.rest_client [req-dbde3e69-817f-4fec-9350-5be06b3e8b75 req-dbde3e69-817f-4fec-9350-5be06b3e8b75 ] Request (DeleteServersTestJSON:setUpClass): 201 POST http://10.180.1.21/identity/v3/users 0.113s
2025-04-03 04:40:21.627 70658 INFO tempest.lib.common.rest_client [req-47a3b96a-526a-4f6f-a478-b98bd5508f9d req-47a3b96a-526a-4f6f-a478-b98bd5508f9d ] Request (ServersWithSpecificFlavorTestJSON:test_verify_created_server_ephemeral_disk): 202 POST http://10.180.1.21/compute/v2.1/servers 2.638s
2025-04-03 04:40:21.630 70602 INFO tempest.lib.common.rest_client [req-0c59c5af-955d-4a4e-98b6-e56b9f0978a3 req-0c59c5af-955d-4a4e-98b6-e56b9f0978a3 ] Request (FloatingIPsNegativeTestJSON:setUpClass): 201 POST http://10.180.1.21:9696/networking/v2.0/networks 0.660s
2025-04-03 04:40:21.643 70612 INFO tempest.lib.common.rest_client [req-dc1524c3-8af5-4e95-b783-7f1623630169 req-dc1524c3-8af5-4e95-b783-7f1623630169 ] Request (FlavorsAdminTestJSON:test_create_list_flavor_without_extra_data): 200 POST http://10.180.1.21/compute/v2.1/flavors 2.326s
2025-04-03 04:40:21.654 70606 INFO tempest.lib.common.rest_client [req-2b867b25-9906-4830-a776-78770693c51f req-2b867b25-9906-4830-a776-78770693c51f ] Request (DeleteServersTestJSON:setUpClass): 200 GET http://10.180.1.21/identity/v3/roles 0.029s
2025-04-03 04:40:21.684 70608 INFO tempest.lib.common.rest_client [req-25c5046c-1ce6-4b6b-9548-e86c1ce8d261 req-25c5046c-1ce6-4b6b-9548-e86c1ce8d261 ] Request (KeyPairsV2TestJSON:test_keypair_create_delete): 200 POST http://10.180.1.21/compute/v2.1/os-keypairs 2.329s
2025-04-03 04:40:21.699 70606 INFO tempest.lib.common.rest_client [req-93907f45-5a65-4763-9b93-feb246586dbb req-93907f45-5a65-4763-9b93-feb246586dbb ] Request (DeleteServersTestJSON:setUpClass): 204 PUT http://10.180.1.21/identity/v3/projects/8ad05435c7e44f548e1a19eccac2b460/users/041fbcbe67a240ffaccf482b7ceca85f/roles/f687191b69b8409eabc6a45e1c71e414 0.045s
2025-04-03 04:40:21.700 70606 INFO tempest.lib.common.dynamic_creds [-] Dynamic test user 041fbcbe67a240ffaccf482b7ceca85f is created with scope project and roles: ['member']
2025-04-03 04:40:21.700 70606 INFO tempest.lib.common.dynamic_creds [-] Acquired dynamic creds: credentials: Credentials: {'domain_id': 'default', 'domain_name': 'Default', 'username': 'tempest-DeleteServersTestJSON-1531553836-project-member', 'project_domain_id': 'default', 'project_domain_name': 'Default', 'project_id': '8ad05435c7e44f548e1a19eccac2b460', 'project_name': 'tempest-DeleteServersTestJSON-1531553836', 'tenant_id': '8ad05435c7e44f548e1a19eccac2b460', 'tenant_name': 'tempest-DeleteServersTestJSON-1531553836', 'user_domain_id': 'default', 'user_domain_name': 'Default', 'user_id': '041fbcbe67a240ffaccf482b7ceca85f', 'system': None}, Network: None, Subnet: None, Router: None
2025-04-03 04:40:21.723 70652 INFO tempest.lib.common.rest_client [req-432da861-b663-4e3f-8dc3-86d9b729dd98 req-432da861-b663-4e3f-8dc3-86d9b729dd98 ] Request (AggregatesAdminNegativeTestJSON:test_aggregate_create_with_existent_aggregate_name): 200 POST http://10.180.1.21/compute/v2.1/os-aggregates 2.179s
2025-04-03 04:40:21.730 70610 INFO tempest.lib.common.rest_client [req-f1889b98-6d55-4c75-b7d9-53715c9f7882 req-f1889b98-6d55-4c75-b7d9-53715c9f7882 ] Request (FlavorsAccessNegativeTestJSON:test_flavor_non_admin_remove): 403 POST http://10.180.1.21/compute/v2.1/flavors/935375217/action 1.828s
2025-04-03 04:40:21.794 70606 INFO tempest.lib.common.rest_client [req-e1755600-e5d0-4b70-b599-48ad594d855a req-e1755600-e5d0-4b70-b599-48ad594d855a ] Request (DeleteServersTestJSON:setUpClass): 201 POST http://10.180.1.21/identity/v3/auth/tokens 0.094s
2025-04-03 04:40:21.814 70654 INFO tempest.lib.common.rest_client [req-041e9557-5115-46a4-b668-1f00177f7bd2 req-041e9557-5115-46a4-b668-1f00177f7bd2 ] Request (QuotasSecurityGroupAdminNegativeTest:tearDownClass): 200 GET http://10.180.1.21:9696/networking/v2.0/security-groups?tenant_id=4c4ad1df4a3945f9811d59666202f2f8&name=default 0.495s
2025-04-03 04:40:22.053 70654 INFO tempest.lib.common.rest_client [req-d6288342-cbec-4837-9306-eef306ccde05 req-d6288342-cbec-4837-9306-eef306ccde05 ] Request (QuotasSecurityGroupAdminNegativeTest:tearDownClass): 204 DELETE http://10.180.1.21:9696/networking/v2.0/security-groups/0559d06d-5ea4-488b-9715-215d79517c0a 0.239s
2025-04-03 04:40:22.128 70644 INFO tempest.lib.common.rest_client [req-701a00e1-3f63-416a-a886-bd3e1a5993bd req-701a00e1-3f63-416a-a886-bd3e1a5993bd ] Request (ServerExternalEventsTest:test_create_server_external_events): 200 GET http://10.180.1.21/compute/v2.1/servers/e9534202-ee8f-414b-a4cc-3c98bd4fc273 2.755s
2025-04-03 04:40:22.155 70602 INFO tempest.lib.common.rest_client [req-8d905b68-f8f7-4719-84af-09ad5eb97f94 req-8d905b68-f8f7-4719-84af-09ad5eb97f94 ] Request (FloatingIPsNegativeTestJSON:setUpClass): 201 POST http://10.180.1.21:9696/networking/v2.0/subnets 0.524s
2025-04-03 04:40:22.164 70654 INFO tempest.lib.common.rest_client [req-5c783769-9c06-40ef-9bb2-def67557793c req-5c783769-9c06-40ef-9bb2-def67557793c ] Request (QuotasSecurityGroupAdminNegativeTest:tearDownClass): 204 DELETE http://10.180.1.21/identity/v3/projects/4c4ad1df4a3945f9811d59666202f2f8 0.110s
2025-04-03 04:40:22.232 70636 INFO tempest.lib.common.rest_client [req-29c74e23-ea28-459d-b9c0-b2b3f948d809 req-29c74e23-ea28-459d-b9c0-b2b3f948d809 ] Request (ServerDiagnosticsV248Test:test_get_server_diagnostics): 200 GET http://10.180.1.21/compute/v2.1/servers/6e9a0b80-0d5c-4d95-9a3d-728424ef852e 1.947s
2025-04-03 04:40:22.249 70636 INFO tempest.common.waiters [-] State transition "BUILD/spawning" ==> "ACTIVE/None" after 12 second wait
