2025-04-03 04:41:23.083 70604 INFO tempest.lib.common.rest_client [req-5678aa39-e85a-44bf-9604-624690ff5817 req-5678aa39-e85a-44bf-9604-624690ff5817 ] Request (FloatingIPDetailsTestJSON:setUpClass): 201 POST http://10.180.1.21/identity/v3/auth/tokens 0.075s
2025-04-03 04:41:23.088 70621 INFO tempest.lib.common.rest_client [req-df40d2f7-6155-4fee-997c-891e294c250f req-df40d2f7-6155-4fee-997c-891e294c250f ] Request (DeleteServersAdminTestJSON:test_delete_server_while_in_error_state): 200 GET http://10.180.1.21/compute/v2.1/servers/8d3a4e3f-033e-4ed0-a67c-99d0f9a3d753 0.074s
2025-04-03 04:41:23.132 70636 INFO tempest.lib.common.rest_client [req-013c2c2a-b124-40e6-9a37-969875c60338 req-013c2c2a-b124-40e6-9a37-969875c60338 ] Request (ServicesAdminNegativeV253TestJSON:tearDownClass): 204 DELETE http://10.180.1.21/identity/v3/projects/cf19eef1026e4b99a037d63614bf405c 0.139s
2025-04-03 04:41:23.139 70600 INFO tempest.lib.common.rest_client [req-09cfdeb1-d359-4cb1-b9e2-426904eecd39 req-09cfdeb1-d359-4cb1-b9e2-426904eecd39 ] Request (MigrationsAdminTest:test_list_migrations_in_flavor_resize_situation): 200 GET http://10.180.1.21/compute/v2.1/servers/e38249fe-4114-40a6-9cdb-8ec5917bec83 0.135s
2025-04-03 04:41:23.152 70640 INFO tempest.lib.common.rest_client [req-1099219e-442b-4322-b153-42ba1e9b995d req-1099219e-442b-4322-b153-42ba1e9b995d ] Request (ServersAdminTestJSON:test_inject_network_info): 200 GET http://10.180.1.21/compute/v2.1/servers/9632e467-f678-4808-97f7-f228e9bc52bc 0.092s
2025-04-03 04:41:23.152 70604 INFO tempest.lib.common.rest_client [req-1d2b63b8-ce7d-4e8e-a566-c1301ba9e5a0 req-1d2b63b8-ce7d-4e8e-a566-c1301ba9e5a0 ] Request (FloatingIPDetailsTestJSON:setUpClass): 201 POST http://10.180.1.21/identity/v3/auth/tokens 0.067s
2025-04-03 04:41:23.161 70636 INFO tempest.lib.common.rest_client [req-9296f609-9cb0-451a-83cd-12cbe4819010 req-9296f609-9cb0-451a-83cd-12cbe4819010 ] Request (ListServerFiltersTestJSON:setUpClass): 201 POST http://10.180.1.21/identity/v3/auth/tokens 0.028s
2025-04-03 04:41:23.181 70604 INFO tempest.lib.common.rest_client [req-f18bacc7-3d5c-4dc4-beb4-2cbed04dd684 req-f18bacc7-3d5c-4dc4-beb4-2cbed04dd684 ] Request (FloatingIPDetailsTestJSON:setUpClass): 200 GET http://10.180.1.21/identity/v3/domains?name=Default 0.028s
2025-04-03 04:41:23.193 70636 INFO tempest.lib.common.rest_client [req-121f775e-5b4d-4f42-8148-14769f5cee93 req-121f775e-5b4d-4f42-8148-14769f5cee93 ] Request (ListServerFiltersTestJSON:setUpClass): 201 POST http://10.180.1.21/identity/v3/auth/tokens 0.029s
2025-04-03 04:41:23.211 70644 INFO tempest.lib.common.rest_client [req-706e9fee-1b49-4d41-8999-85441900b0de req-706e9fee-1b49-4d41-8999-85441900b0de ] Request (ServerActionsTestOtherB:setUpClass): 200 GET http://10.180.1.21/compute/v2.1/servers/94af8883-9a40-4929-8b36-16c400b3d18a 0.056s
2025-04-03 04:41:23.218 70636 INFO tempest.lib.common.rest_client [req-33c99bf8-7b3e-4a62-bd34-6ecb2f603743 req-33c99bf8-7b3e-4a62-bd34-6ecb2f603743 ] Request (ListServerFiltersTestJSON:setUpClass): 200 GET http://10.180.1.21/identity/v3/domains?name=Default 0.024s
2025-04-03 04:41:23.223 70604 INFO tempest.lib.common.rest_client [req-030a8bc5-9003-4271-8a7a-c695086fa2ff req-030a8bc5-9003-4271-8a7a-c695086fa2ff ] Request (FloatingIPDetailsTestJSON:setUpClass): 201 POST http://10.180.1.21/identity/v3/projects 0.041s
2025-04-03 04:41:23.237 70606 INFO tempest.lib.common.rest_client [req-34087edb-db32-455e-a702-1fe939b9648f req-34087edb-db32-455e-a702-1fe939b9648f ] Request (DeleteServersTestJSON:test_delete_active_server): 200 GET http://10.180.1.21/compute/v2.1/servers/2d5cedee-6995-4e7f-b542-7379821901e1 0.068s
2025-04-03 04:41:23.273 70636 INFO tempest.lib.common.rest_client [req-a338445d-dbb4-43e6-ad87-f959329fd89c req-a338445d-dbb4-43e6-ad87-f959329fd89c ] Request (ListServerFiltersTestJSON:setUpClass): 201 POST http://10.180.1.21/identity/v3/projects 0.055s
2025-04-03 04:41:23.274 70652 INFO tempest.lib.common.rest_client [req-378e9ec3-f116-4d85-9474-6cffb7a14e8b req-378e9ec3-f116-4d85-9474-6cffb7a14e8b ] Request (AttachInterfacesV270Test:test_create_get_list_interfaces): 200 GET http://10.180.1.21/compute/v2.1/servers/a5ca6c00-0437-4f80-b0fa-65b6b68df973 0.056s
2025-04-03 04:41:23.290 70604 INFO tempest.lib.common.rest_client [req-f4699a76-aed5-4c9e-9d4c-859b46544a4b req-f4699a76-aed5-4c9e-9d4c-859b46544a4b ] Request (FloatingIPDetailsTestJSON:setUpClass): 201 POST http://10.180.1.21/identity/v3/users 0.067s
2025-04-03 04:41:23.292 70656 INFO tempest.lib.common.rest_client [req-b2311f7a-7e64-4f8f-aaa4-1d203dd3f969 req-b2311f7a-7e64-4f8f-aaa4-1d203dd3f969 ] Request (InstanceActionsTestJSON:setUpClass): 200 GET http://10.180.1.21/compute/v2.1/servers/c7e021c9-0f12-43e5-b66a-73335865fc11 0.066s
2025-04-03 04:41:23.323 70636 INFO tempest.lib.common.rest_client [req-b8049935-15db-4fb0-bd8c-e528f3f4e19b req-b8049935-15db-4fb0-bd8c-e528f3f4e19b ] Request (ListServerFiltersTestJSON:setUpClass): 201 POST http://10.180.1.21/identity/v3/users 0.050s
2025-04-03 04:41:23.343 70636 INFO tempest.lib.common.rest_client [req-9a30ed5c-95fd-43f1-942c-66c61ea2da61 req-9a30ed5c-95fd-43f1-942c-66c61ea2da61 ] Request (ListServerFiltersTestJSON:setUpClass): 200 GET http://10.180.1.21/identity/v3/roles 0.019s
2025-04-03 04:41:23.353 70604 INFO tempest.lib.common.rest_client [req-b9e5463b-8009-4537-b360-7873e0ad0491 req-b9e5463b-8009-4537-b360-7873e0ad0491 ] Request (FloatingIPDetailsTestJSON:setUpClass): 200 GET http://10.180.1.21/identity/v3/roles 0.063s
2025-04-03 04:41:23.359 70630 INFO tempest.lib.common.rest_client [req-c538330d-4cd1-4664-9ba9-b7f2a5610ae3 req-c538330d-4cd1-4664-9ba9-b7f2a5610ae3 ] Request (ServerRescueTestJSONUnderV235:setUpClass): 200 GET http://10.180.1.21/compute/v2.1/servers/015b62f4-f233-4d72-89fd-221d8e381082 0.053s
2025-04-03 04:41:23.366 70636 INFO tempest.lib.common.rest_client [req-3418d42a-8cf4-4c28-bf6d-6cb64390542e req-3418d42a-8cf4-4c28-bf6d-6cb64390542e ] Request (ListServerFiltersTestJSON:setUpClass): 204 PUT http://10.180.1.21/identity/v3/projects/153de9abfecf4dc4a84167304d44418f/users/2b021c179e184c3ebe99ad61fd272fe3/roles/f687191b69b8409eabc6a45e1c71e414 0.023s
2025-04-03 04:41:23.367 70636 INFO tempest.lib.common.dynamic_creds [-] Dynamic test user 2b021c179e184c3ebe99ad61fd272fe3 is created with scope project and roles: ['member']
2025-04-03 04:41:23.367 70636 INFO tempest.lib.common.dynamic_creds [-] Acquired dynamic creds: credentials: Credentials: {'domain_id': 'default', 'domain_name': 'Default', 'username': 'tempest-ListServerFiltersTestJSON-695349035-project-member', 'project_domain_id': 'default', 'project_domain_name': 'Default', 'project_id': '153de9abfecf4dc4a84167304d44418f', 'project_name': 'tempest-ListServerFiltersTestJSON-695349035', 'tenant_id': '153de9abfecf4dc4a84167304d44418f', 'tenant_name': 'tempest-ListServerFiltersTestJSON-695349035', 'user_domain_id': 'default', 'user_domain_name': 'Default', 'user_id': '2b021c179e184c3ebe99ad61fd272fe3', 'system': None}, Network: None, Subnet: None, Router: None
2025-04-03 04:41:23.377 70604 INFO tempest.lib.common.rest_client [req-5021372b-ea14-4c7f-9cdc-8ecd0209f742 req-5021372b-ea14-4c7f-9cdc-8ecd0209f742 ] Request (FloatingIPDetailsTestJSON:setUpClass): 204 PUT http://10.180.1.21/identity/v3/projects/0dd27579c6044ec79d2233724c0d0ddd/users/42d13a989b8c435ab4cc6dd6f0eab422/roles/f687191b69b8409eabc6a45e1c71e414 0.023s
2025-04-03 04:41:23.377 70604 INFO tempest.lib.common.dynamic_creds [-] Dynamic test user 42d13a989b8c435ab4cc6dd6f0eab422 is created with scope project and roles: ['member']
2025-04-03 04:41:23.378 70604 INFO tempest.lib.common.dynamic_creds [-] Acquired dynamic creds: credentials: Credentials: {'domain_id': 'default', 'domain_name': 'Default', 'username': 'tempest-FloatingIPDetailsTestJSON-2009952120-project-member', 'project_domain_id': 'default', 'project_domain_name': 'Default', 'project_id': '0dd27579c6044ec79d2233724c0d0ddd', 'project_name': 'tempest-FloatingIPDetailsTestJSON-2009952120', 'tenant_id': '0dd27579c6044ec79d2233724c0d0ddd', 'tenant_name': 'tempest-FloatingIPDetailsTestJSON-2009952120', 'user_domain_id': 'default', 'user_domain_name': 'Default', 'user_id': '42d13a989b8c435ab4cc6dd6f0eab422', 'system': None}, Network: None, Subnet: None, Router: None
2025-04-03 04:41:23.379 70654 INFO tempest.lib.common.rest_client [req-a1aac5b7-97fb-4c6d-8c48-07d84d6cb991 req-a1aac5b7-97fb-4c6d-8c48-07d84d6cb991 ] Request (ServersListShow298Test:test_list_show_update_rebuild_server_298): 200 GET http://10.180.1.21/compute/v2.1/servers/9a2373d0-4c30-4811-8cfb-41cc23028535 0.062s
2025-04-03 04:41:23.420 70636 INFO tempest.lib.common.rest_client [req-817558c4-83aa-4b30-a43b-16ce28c1db9e req-817558c4-83aa-4b30-a43b-16ce28c1db9e ] Request (ListServerFiltersTestJSON:setUpClass): 201 POST http://10.180.1.21/identity/v3/auth/tokens 0.052s
2025-04-03 04:41:23.430 70604 INFO tempest.lib.common.rest_client [req-649ee177-0784-44dc-9b2d-7ebef298af30 req-649ee177-0784-44dc-9b2d-7ebef298af30 ] Request (FloatingIPDetailsTestJSON:setUpClass): 201 POST http://10.180.1.21/identity/v3/auth/tokens 0.052s
2025-04-03 04:41:23.431 70612 INFO tempest.lib.common.rest_client [req-abc4a183-fae3-4a5c-a3ae-5adecb6b8f37 req-abc4a183-fae3-4a5c-a3ae-5adecb6b8f37 ] Request (ServerRescueTestJSON:setUpClass): 200 GET http://10.180.1.21/compute/v2.1/servers/a48068d4-716f-4df7-b75b-d522cbf99d46 0.052s
2025-04-03 04:41:23.458 70638 INFO tempest.lib.common.rest_client [req-eee181ec-a258-4bc3-9014-275a02b5e0b1 req-eee181ec-a258-4bc3-9014-275a02b5e0b1 ] Request (TenantUsagesTestJSON:tearDownClass): 200 GET http://10.180.1.21/compute/v2.1/servers/f80ff45c-767d-4771-876e-d4cf7f06718a 0.059s
2025-04-03 04:41:23.491 70602 INFO tempest.lib.common.rest_client [req-9fda3a7e-8040-4c7b-8b16-90aa1ebdfc1e req-9fda3a7e-8040-4c7b-8b16-90aa1ebdfc1e ] Request (ImagesOneServerTestJSON:setUpClass): 200 GET http://10.180.1.21/compute/v2.1/servers/f5583748-c6c5-4da3-a4c6-d685472511d4 0.056s
2025-04-03 04:41:23.523 70610 INFO tempest.lib.common.rest_client [req-537e6b4d-e690-4f06-b6e1-a72df2167894 req-537e6b4d-e690-4f06-b6e1-a72df2167894 ] Request (ServerActionsTestJSON:setUpClass): 200 GET http://10.180.1.21/compute/v2.1/servers/dd793706-95da-42f2-b9fc-ee37f04e6923 0.058s
2025-04-03 04:41:23.585 70616 INFO tempest.lib.common.rest_client [req-850eefd2-b561-42a5-bca7-63aba8a1859b req-850eefd2-b561-42a5-bca7-63aba8a1859b ] Request (ServersTestMultiNic:test_verify_multiple_nics_order): 200 GET http://10.180.1.21/compute/v2.1/servers/7be2da39-a762-4d2f-a520-44120528267c 0.055s
2025-04-03 04:41:23.649 70618 INFO tempest.lib.common.rest_client [req-e320a7ae-6348-4eaf-a81b-afdf7f6dca18 req-e320a7ae-6348-4eaf-a81b-afdf7f6dca18 ] Request (AttachInterfacesTestJSON:test_create_list_show_delete_interfaces_by_fixed_ip): 200 GET http://10.180.1.21/compute/v2.1/servers/17e07646-9826-43d9-9295-3a70b541c534 0.072s
2025-04-03 04:41:23.672 70642 INFO tempest.lib.common.rest_client [req-280d0df6-adf4-4741-ab55-2f29ea8c7766 req-280d0df6-adf4-4741-ab55-2f29ea8c7766 ] Request (ImagesTestJSON:test_create_image_from_stopped_server): 200 GET http://10.180.1.21/compute/v2.1/images/8a21eca6-baef-410b-b74d-af9209788499 0.056s
2025-04-03 04:41:23.752 70632 INFO tempest.lib.common.rest_client [req-05ca91ef-cd29-48b5-9535-f5a7cfe84298 req-05ca91ef-cd29-48b5-9535-f5a7cfe84298 ] Request (SecurityGroupsTestJSON:test_server_security_groups): 200 GET http://10.180.1.21/compute/v2.1/servers/a0a8df6e-572a-4874-9b2e-119e9a8933e6 0.062s
2025-04-03 04:41:23.811 70636 INFO tempest.lib.common.rest_client [req-1aff7a03-fcce-4d1f-94eb-ca3dd193f00e req-1aff7a03-fcce-4d1f-94eb-ca3dd193f00e ] Request (ListServerFiltersTestJSON:setUpClass): 201 POST http://10.180.1.21:9696/networking/v2.0/networks 0.391s
2025-04-03 04:41:23.818 70626 INFO tempest.lib.common.rest_client [req-481f7624-81a9-4dfc-b0ed-921d92b1b176 req-481f7624-81a9-4dfc-b0ed-921d92b1b176 ] Request (ServerDiskConfigTestJSON:test_rebuild_server_with_auto_disk_config): 200 GET http://10.180.1.21/compute/v2.1/servers/aad7167e-9a30-4fb0-bbbc-c57066db3311 0.061s
2025-04-03 04:41:23.820 70604 INFO tempest.lib.common.rest_client [req-a0a5fc51-766c-4c72-9577-3848379fb491 req-a0a5fc51-766c-4c72-9577-3848379fb491 ] Request (FloatingIPDetailsTestJSON:setUpClass): 201 POST http://10.180.1.21:9696/networking/v2.0/networks 0.390s
2025-04-03 04:41:23.883 70628 INFO tempest.lib.common.rest_client [req-7f55d9ea-eb24-4af7-86fa-38df7c1426b0 req-7f55d9ea-eb24-4af7-86fa-38df7c1426b0 ] Request (ServersAdminNegativeTestJSON:tearDownClass): 200 GET http://10.180.1.21/compute/v2.1/servers/cf16c077-6f47-4ad4-b4b2-f14ae99e335a 0.122s
2025-04-03 04:41:23.890 70660 INFO tempest.lib.common.rest_client [req-074999c5-3762-4d1d-88dc-2c59d885ccd0 req-074999c5-3762-4d1d-88dc-2c59d885ccd0 ] Request (FloatingIPsAssociationTestJSON:setUpClass): 200 GET http://10.180.1.21/compute/v2.1/servers/bfea592a-7cc8-4944-b8ce-ba28d64d5ed7 0.215s
2025-04-03 04:41:23.946 70634 INFO tempest.lib.common.rest_client [req-fa3f1403-7500-4ff0-a0da-03cc9da99fbf req-fa3f1403-7500-4ff0-a0da-03cc9da99fbf ] Request (ServerShowV257Test:test_rebuild_server): 200 GET http://10.180.1.21/compute/v2.1/servers/8f4f1690-4ef8-4178-8ed1-cd1e5b3da928 0.114s
2025-04-03 04:41:23.984 70604 INFO tempest.lib.common.rest_client [req-a116178e-0926-494a-ac07-ed9826dbd475 req-a116178e-0926-494a-ac07-ed9826dbd475 ] Request (FloatingIPDetailsTestJSON:setUpClass): 201 POST http://10.180.1.21:9696/networking/v2.0/subnets 0.163s
2025-04-03 04:41:23.984 70636 INFO tempest.lib.common.rest_client [req-65b896af-8e67-4a76-9c70-ad7a48751cb1 req-65b896af-8e67-4a76-9c70-ad7a48751cb1 ] Request (ListServerFiltersTestJSON:setUpClass): 201 POST http://10.180.1.21:9696/networking/v2.0/subnets 0.172s
2025-04-03 04:41:23.984 70636 INFO tempest.lib.common.dynamic_creds [-] Created isolated network resources for: credentials: Credentials: {'domain_id': 'default', 'domain_name': 'Default', 'username': 'tempest-ListServerFiltersTestJSON-695349035-project-member', 'project_domain_id': 'default', 'project_domain_name': 'Default', 'project_id': '153de9abfecf4dc4a84167304d44418f', 'project_name': 'tempest-ListServerFiltersTestJSON-695349035', 'tenant_id': '153de9abfecf4dc4a84167304d44418f', 'tenant_name': 'tempest-ListServerFiltersTestJSON-695349035', 'user_domain_id': 'default', 'user_domain_name': 'Default', 'user_id': '2b021c179e184c3ebe99ad61fd272fe3', 'system': None}, Network: {'id': '296cf2a8-12d0-495a-8b5a-938c7cfc1ddc', 'name': 'tempest-ListServerFiltersTestJSON-455843028-network', 'tenant_id': '153de9abfecf4dc4a84167304d44418f', 'admin_state_up': True, 'mtu': 8950, 'status': 'ACTIVE', 'subnets': [], 'shared': False, 'project_id': '153de9abfecf4dc4a84167304d44418f', 'port_security_enabled': True, 'router:external': False, 'provider:network_type': 'vlan', 'provider:physical_network': 'default', 'provider:segmentation_id': 840, 'availability_zone_hints': [], 'availability_zones': [], 'ipv4_address_scope': None, 'ipv6_address_scope': None, 'description': '', 'tags': [], 'created_at': '2025-04-03T04:41:23Z', 'updated_at': '2025-04-03T04:41:23Z', 'revision_number': 1}, Subnet: {'id': 'e6e2a4e2-1394-4ebd-b476-0d8de0c6b2b9', 'name': 'tempest-ListServerFiltersTestJSON-455843028-subnet', 'tenant_id': '153de9abfecf4dc4a84167304d44418f', 'network_id': '296cf2a8-12d0-495a-8b5a-938c7cfc1ddc', 'ip_version': 4, 'subnetpool_id': None, 'enable_dhcp': True, 'ipv6_ra_mode': None, 'ipv6_address_mode': None, 'gateway_ip': '192.168.128.1', 'cidr': '192.168.128.0/28', 'allocation_pools': [{'start': '192.168.128.2', 'end': '192.168.128.14'}], 'host_routes': [], 'dns_nameservers': [], 'description': '', 'router:external': False, 'service_types': [], 'tags': [], 'created_at': '2025-04-03T04:41:23Z', 'updated_at': '2025-04-03T04:41:23Z', 'revision_number': 0, 'project_id': '153de9abfecf4dc4a84167304d44418f'}, Router: None
2025-04-03 04:41:24.070 70608 INFO tempest.lib.common.rest_client [req-bd0fbaa1-8cda-4542-8125-1342985b7ac6 req-bd0fbaa1-8cda-4542-8125-1342985b7ac6 ] Request (ServersNegativeTestMultiTenantJSON:setUpClass): 200 GET http://10.180.1.21/compute/v2.1/servers/b8e86b56-da33-4ae5-92fa-c4eb330b4679 0.065s
2025-04-03 04:41:24.088 70662 INFO paramiko.transport [-] Connected (version 2.0, client dropbear_2020.81)
2025-04-03 04:41:24.147 70662 INFO paramiko.transport [-] Authentication (publickey) successful!
2025-04-03 04:41:24.147 70662 INFO tempest.lib.common.ssh [-] ssh connection to cirros@10.180.180.147 successfully created
2025-04-03 04:41:24.164 70621 INFO tempest.lib.common.rest_client [req-cae5f327-177c-46ce-b71c-7aa3edc754a6 req-cae5f327-177c-46ce-b71c-7aa3edc754a6 ] Request (DeleteServersAdminTestJSON:test_delete_server_while_in_error_state): 200 GET http://10.180.1.21/compute/v2.1/servers/8d3a4e3f-033e-4ed0-a67c-99d0f9a3d753 0.067s
2025-04-03 04:41:24.237 70636 INFO tempest.lib.common.rest_client [req-3268da05-63cf-4a46-9595-b7fb11a36f44 req-3268da05-63cf-4a46-9595-b7fb11a36f44 ] Request (ListServerFiltersTestJSON:setUpClass): 201 POST http://10.180.1.21/identity/v3/auth/tokens 0.250s
2025-04-03 04:41:24.268 70636 INFO tempest.lib.common.rest_client [req-94556d13-6aba-4e99-9ac3-a9a3bafe1437 req-94556d13-6aba-4e99-9ac3-a9a3bafe1437 ] Request (ListServerFiltersTestJSON:setUpClass): 201 POST http://10.180.1.21/identity/v3/auth/tokens 0.027s
2025-04-03 04:41:24.269 70636 INFO tempest.lib.common.fixed_network [-] (ListServerFiltersTestJSON:setUpClass) Found network {'id': '296cf2a8-12d0-495a-8b5a-938c7cfc1ddc', 'name': 'tempest-ListServerFiltersTestJSON-455843028-network', 'tenant_id': '153de9abfecf4dc4a84167304d44418f', 'admin_state_up': True, 'mtu': 8950, 'status': 'ACTIVE', 'subnets': [], 'shared': False, 'project_id': '153de9abfecf4dc4a84167304d44418f', 'port_security_enabled': True, 'router:external': False, 'provider:network_type': 'vlan', 'provider:physical_network': 'default', 'provider:segmentation_id': 840, 'availability_zone_hints': [], 'availability_zones': [], 'ipv4_address_scope': None, 'ipv6_address_scope': None, 'description': '', 'tags': [], 'created_at': '2025-04-03T04:41:23Z', 'updated_at': '2025-04-03T04:41:23Z', 'revision_number': 1} available for tenant
2025-04-03 04:41:24.275 70600 INFO tempest.lib.common.rest_client [req-2871c47d-7557-42d7-bfd0-82108e85e3c1 req-2871c47d-7557-42d7-bfd0-82108e85e3c1 ] Request (MigrationsAdminTest:test_list_migrations_in_flavor_resize_situation): 200 GET http://10.180.1.21/compute/v2.1/servers/e38249fe-4114-40a6-9cdb-8ec5917bec83 0.127s
2025-04-03 04:41:24.287 70662 INFO tempest.lib.common.rest_client [req-02aad054-3809-42af-91eb-6f3b7ff97eca req-02aad054-3809-42af-91eb-6f3b7ff97eca ] Request (AttachInterfacesUnderV243Test:test_add_remove_fixed_ip): 200 GET http://10.180.1.21/compute/v2.1/servers/16c3a117-e725-45e2-94e9-fbc0156fbadd/os-interface 0.140s
2025-04-03 04:41:24.306 70636 INFO tempest.lib.common.rest_client [req-a13e28e3-761e-461e-aae8-a5bd835f0276 req-a13e28e3-761e-461e-aae8-a5bd835f0276 ] Request (ListServerFiltersTestJSON:setUpClass): 201 POST http://10.180.1.21/identity/v3/auth/tokens 0.034s
2025-04-03 04:41:24.306 70636 INFO tempest.lib.common.fixed_network [-] (ListServerFiltersTestJSON:setUpClass) Found network {'id': '296cf2a8-12d0-495a-8b5a-938c7cfc1ddc', 'name': 'tempest-ListServerFiltersTestJSON-455843028-network', 'tenant_id': '153de9abfecf4dc4a84167304d44418f', 'admin_state_up': True, 'mtu': 8950, 'status': 'ACTIVE', 'subnets': [], 'shared': False, 'project_id': '153de9abfecf4dc4a84167304d44418f', 'port_security_enabled': True, 'router:external': False, 'provider:network_type': 'vlan', 'provider:physical_network': 'default', 'provider:segmentation_id': 840, 'availability_zone_hints': [], 'availability_zones': [], 'ipv4_address_scope': None, 'ipv6_address_scope': None, 'description': '', 'tags': [], 'created_at': '2025-04-03T04:41:23Z', 'updated_at': '2025-04-03T04:41:23Z', 'revision_number': 1} available for tenant
2025-04-03 04:41:24.322 70640 INFO tempest.lib.common.rest_client [req-c96ed325-fb51-418c-a2cf-dc7c777cf954 req-c96ed325-fb51-418c-a2cf-dc7c777cf954 ] Request (ServersAdminTestJSON:test_inject_network_info): 200 GET http://10.180.1.21/compute/v2.1/servers/9632e467-f678-4808-97f7-f228e9bc52bc 0.161s
2025-04-03 04:41:24.338 70644 INFO tempest.lib.common.rest_client [req-678b21a5-dfe3-4792-94d1-3fc61144dc9e req-678b21a5-dfe3-4792-94d1-3fc61144dc9e ] Request (ServerActionsTestOtherB:setUpClass): 200 GET http://10.180.1.21/compute/v2.1/servers/94af8883-9a40-4929-8b36-16c400b3d18a 0.119s
2025-04-03 04:41:24.378 70606 INFO tempest.lib.common.rest_client [req-c9ed8e80-f1a1-4528-ad23-591c3cc246f9 req-c9ed8e80-f1a1-4528-ad23-591c3cc246f9 ] Request (DeleteServersTestJSON:test_delete_active_server): 200 GET http://10.180.1.21/compute/v2.1/servers/2d5cedee-6995-4e7f-b542-7379821901e1 0.131s
2025-04-03 04:41:24.396 70652 INFO tempest.lib.common.rest_client [req-e797949c-5e89-4057-afaa-7b7f6e1d9b47 req-e797949c-5e89-4057-afaa-7b7f6e1d9b47 ] Request (AttachInterfacesV270Test:test_create_get_list_interfaces): 200 GET http://10.180.1.21/compute/v2.1/servers/a5ca6c00-0437-4f80-b0fa-65b6b68df973 0.110s
2025-04-03 04:41:24.452 70656 INFO tempest.lib.common.rest_client [req-70f13179-c473-4fe9-84e7-5b7c053ae1ba req-70f13179-c473-4fe9-84e7-5b7c053ae1ba ] Request (InstanceActionsTestJSON:setUpClass): 200 GET http://10.180.1.21/compute/v2.1/servers/c7e021c9-0f12-43e5-b66a-73335865fc11 0.154s
2025-04-03 04:41:24.472 70662 INFO tempest.lib.common.rest_client [req-ec54e230-54f8-4863-90cb-2f2baddf9e7d req-ec54e230-54f8-4863-90cb-2f2baddf9e7d ] Request (AttachInterfacesUnderV243Test:test_add_remove_fixed_ip): 200 GET http://10.180.1.21/compute/v2.1/servers/16c3a117-e725-45e2-94e9-fbc0156fbadd/os-interface/d7d7cac9-4a63-444e-a66e-53d0da9294bd 0.181s
2025-04-03 04:41:24.527 70630 INFO tempest.lib.common.rest_client [req-d0c6fa65-1293-48a9-a073-d5231440c8e1 req-d0c6fa65-1293-48a9-a073-d5231440c8e1 ] Request (ServerRescueTestJSONUnderV235:setUpClass): 200 GET http://10.180.1.21/compute/v2.1/servers/015b62f4-f233-4d72-89fd-221d8e381082 0.160s
2025-04-03 04:41:24.588 70654 INFO tempest.lib.common.rest_client [req-fec8b686-a28c-4f5d-9276-27266b23bade req-fec8b686-a28c-4f5d-9276-27266b23bade ] Request (ServersListShow298Test:test_list_show_update_rebuild_server_298): 200 GET http://10.180.1.21/compute/v2.1/servers/9a2373d0-4c30-4811-8cfb-41cc23028535 0.198s
2025-04-03 04:41:24.607 70654 INFO tempest.common.waiters [-] State transition "BUILD/None" ==> "BUILD/networking" after 42 second wait
2025-04-03 04:41:24.652 70612 INFO tempest.lib.common.rest_client [req-1190d6fd-12ed-4596-8861-751fea9e645f req-1190d6fd-12ed-4596-8861-751fea9e645f ] Request (ServerRescueTestJSON:setUpClass): 200 GET http://10.180.1.21/compute/v2.1/servers/a48068d4-716f-4df7-b75b-d522cbf99d46 0.213s
2025-04-03 04:41:24.707 70638 INFO tempest.lib.common.rest_client [req-e2f5c3d7-6e5f-4a5a-9f65-fcd68bbcfeed req-e2f5c3d7-6e5f-4a5a-9f65-fcd68bbcfeed ] Request (TenantUsagesTestJSON:tearDownClass): 200 GET http://10.180.1.21/compute/v2.1/servers/f80ff45c-767d-4771-876e-d4cf7f06718a 0.235s
2025-04-03 04:41:24.733 70662 INFO tempest.lib.common.rest_client [req-0cff8322-61de-4ea8-8495-3f0bcf12ac7e req-0cff8322-61de-4ea8-8495-3f0bcf12ac7e ] Request (AttachInterfacesUnderV243Test:test_add_remove_fixed_ip): 200 GET http://10.180.1.21/compute/v2.1/servers/16c3a117-e725-45e2-94e9-fbc0156fbadd/ips 0.259s
2025-04-03 04:41:24.782 70602 INFO tempest.lib.common.rest_client [req-43e16adc-85b9-4850-a389-7d0e04868d50 req-43e16adc-85b9-4850-a389-7d0e04868d50 ] Request (ImagesOneServerTestJSON:setUpClass): 200 GET http://10.180.1.21/compute/v2.1/servers/f5583748-c6c5-4da3-a4c6-d685472511d4 0.284s
2025-04-03 04:41:24.813 70604 INFO tempest.lib.common.rest_client [req-308630ef-49d5-4331-a38c-ed497d2cb262 req-308630ef-49d5-4331-a38c-ed497d2cb262 ] Request (FloatingIPDetailsTestJSON:setUpClass): 201 POST http://10.180.1.21:9696/networking/v2.0/routers 0.828s
2025-04-03 04:41:24.836 70610 INFO tempest.lib.common.rest_client [req-73038f8a-ce51-4a61-b415-9a812f15ab03 req-73038f8a-ce51-4a61-b415-9a812f15ab03 ] Request (ServerActionsTestJSON:setUpClass): 200 GET http://10.180.1.21/compute/v2.1/servers/dd793706-95da-42f2-b9fc-ee37f04e6923 0.304s
2025-04-03 04:41:24.871 70636 INFO tempest.lib.common.rest_client [req-8b035288-7352-4852-972c-c8e29bc8a00d req-8b035288-7352-4852-972c-c8e29bc8a00d ] Request (ListServerFiltersTestJSON:setUpClass): 202 POST http://10.180.1.21/compute/v2.1/servers 0.564s
2025-04-03 04:41:24.897 70616 INFO tempest.lib.common.rest_client [req-810923e1-e962-46b4-a9a2-98d5ee871c31 req-810923e1-e962-46b4-a9a2-98d5ee871c31 ] Request (ServersTestMultiNic:test_verify_multiple_nics_order): 200 GET http://10.180.1.21/compute/v2.1/servers/7be2da39-a762-4d2f-a520-44120528267c 0.303s
2025-04-03 04:41:24.927 70636 INFO tempest.lib.common.rest_client [req-30eec805-0412-4a38-a894-0b0d36292cbc req-30eec805-0412-4a38-a894-0b0d36292cbc ] Request (ListServerFiltersTestJSON:setUpClass): 201 POST http://10.180.1.21/identity/v3/auth/tokens 0.043s
2025-04-03 04:41:24.928 70636 INFO tempest.lib.common.fixed_network [-] (ListServerFiltersTestJSON:setUpClass) Found network {'id': '296cf2a8-12d0-495a-8b5a-938c7cfc1ddc', 'name': 'tempest-ListServerFiltersTestJSON-455843028-network', 'tenant_id': '153de9abfecf4dc4a84167304d44418f', 'admin_state_up': True, 'mtu': 8950, 'status': 'ACTIVE', 'subnets': [], 'shared': False, 'project_id': '153de9abfecf4dc4a84167304d44418f', 'port_security_enabled': True, 'router:external': False, 'provider:network_type': 'vlan', 'provider:physical_network': 'default', 'provider:segmentation_id': 840, 'availability_zone_hints': [], 'availability_zones': [], 'ipv4_address_scope': None, 'ipv6_address_scope': None, 'description': '', 'tags': [], 'created_at': '2025-04-03T04:41:23Z', 'updated_at': '2025-04-03T04:41:23Z', 'revision_number': 1} available for tenant
2025-04-03 04:41:24.931 70642 INFO tempest.lib.common.rest_client [req-7a648a5b-af7a-4c50-bfc7-7200bab2365b req-7a648a5b-af7a-4c50-bfc7-7200bab2365b ] Request (ImagesTestJSON:test_create_image_from_stopped_server): 200 GET http://10.180.1.21/compute/v2.1/images/8a21eca6-baef-410b-b74d-af9209788499 0.255s
2025-04-03 04:41:24.947 70618 INFO tempest.lib.common.rest_client [req-1c897fb9-3a99-4c70-9236-caa5832ba9cb req-1c897fb9-3a99-4c70-9236-caa5832ba9cb ] Request (AttachInterfacesTestJSON:test_create_list_show_delete_interfaces_by_fixed_ip): 200 GET http://10.180.1.21/compute/v2.1/servers/17e07646-9826-43d9-9295-3a70b541c534 0.280s
2025-04-03 04:41:24.962 70662 INFO tempest.lib.common.rest_client [req-488aa28a-b492-4957-b0e8-101ecf6141b7 req-488aa28a-b492-4957-b0e8-101ecf6141b7 ] Request (AttachInterfacesUnderV243Test:test_add_remove_fixed_ip): 202 POST http://10.180.1.21/compute/v2.1/servers/16c3a117-e725-45e2-94e9-fbc0156fbadd/action 0.227s
2025-04-03 04:41:25.006 70632 INFO tempest.lib.common.rest_client [req-03443e65-5233-40de-9764-7f317b3db422 req-03443e65-5233-40de-9764-7f317b3db422 ] Request (SecurityGroupsTestJSON:test_server_security_groups): 200 GET http://10.180.1.21/compute/v2.1/servers/a0a8df6e-572a-4874-9b2e-119e9a8933e6 0.242s
2025-04-03 04:41:25.020 70626 INFO tempest.lib.common.rest_client [req-0a077ecb-86f0-48b2-822a-a6b76b15c7f8 req-0a077ecb-86f0-48b2-822a-a6b76b15c7f8 ] Request (ServerDiskConfigTestJSON:test_rebuild_server_with_auto_disk_config): 200 GET http://10.180.1.21/compute/v2.1/servers/aad7167e-9a30-4fb0-bbbc-c57066db3311 0.191s
2025-04-03 04:41:25.089 70628 INFO tempest.lib.common.rest_client [req-2a3eaaea-a942-4004-8e8f-f93bce3509ba req-2a3eaaea-a942-4004-8e8f-f93bce3509ba ] Request (ServersAdminNegativeTestJSON:tearDownClass): 200 GET http://10.180.1.21/compute/v2.1/servers/cf16c077-6f47-4ad4-b4b2-f14ae99e335a 0.197s
2025-04-03 04:41:25.126 70660 INFO tempest.lib.common.rest_client [req-d969499e-6f50-4107-8bca-e17973b497ce req-d969499e-6f50-4107-8bca-e17973b497ce ] Request (FloatingIPsAssociationTestJSON:setUpClass): 200 GET http://10.180.1.21/compute/v2.1/servers/bfea592a-7cc8-4944-b8ce-ba28d64d5ed7 0.223s
2025-04-03 04:41:25.181 70634 INFO tempest.lib.common.rest_client [req-73b3df46-fdeb-4de2-89c4-45de0e2e7635 req-73b3df46-fdeb-4de2-89c4-45de0e2e7635 ] Request (ServerShowV257Test:test_rebuild_server): 200 GET http://10.180.1.21/compute/v2.1/servers/8f4f1690-4ef8-4178-8ed1-cd1e5b3da928 0.224s
2025-04-03 04:41:25.218 70662 INFO tempest.lib.common.rest_client [req-1ab68890-fe52-45f6-a84f-4d1818241fa1 req-1ab68890-fe52-45f6-a84f-4d1818241fa1 ] Request (AttachInterfacesUnderV243Test:test_add_remove_fixed_ip): 200 GET http://10.180.1.21/compute/v2.1/servers/16c3a117-e725-45e2-94e9-fbc0156fbadd/ips 0.255s
2025-04-03 04:41:25.268 70608 INFO tempest.lib.common.rest_client [req-3564462a-6564-45de-b352-722d63983b79 req-3564462a-6564-45de-b352-722d63983b79 ] Request (ServersNegativeTestMultiTenantJSON:setUpClass): 200 GET http://10.180.1.21/compute/v2.1/servers/b8e86b56-da33-4ae5-92fa-c4eb330b4679 0.191s
2025-04-03 04:41:25.335 70621 INFO tempest.lib.common.rest_client [req-74d20962-6906-48ff-8e8e-b90c35b51ee0 req-74d20962-6906-48ff-8e8e-b90c35b51ee0 ] Request (DeleteServersAdminTestJSON:test_delete_server_while_in_error_state): 200 GET http://10.180.1.21/compute/v2.1/servers/8d3a4e3f-033e-4ed0-a67c-99d0f9a3d753 0.162s
2025-04-03 04:41:25.341 70614 WARNING tempest.lib.common.ssh [-] Failed to establish authenticated ssh connection to cirros@10.180.180.214 ([Errno None] Unable to connect to port 22 on 10.180.180.214). Number attempts: 7. Retry after 8 seconds.: paramiko.ssh_exception.NoValidConnectionsError: [Errno None] Unable to connect to port 22 on 10.180.180.214
2025-04-03 04:41:25.441 70600 INFO tempest.lib.common.rest_client [req-c24008ec-23bc-47f0-814f-508c1aeaecbb req-c24008ec-23bc-47f0-814f-508c1aeaecbb ] Request (MigrationsAdminTest:test_list_migrations_in_flavor_resize_situation): 200 GET http://10.180.1.21/compute/v2.1/servers/e38249fe-4114-40a6-9cdb-8ec5917bec83 0.158s
2025-04-03 04:41:25.469 70636 INFO tempest.lib.common.rest_client [req-8e486a58-065e-4f4a-bb76-c9ac1c034178 req-8e486a58-065e-4f4a-bb76-c9ac1c034178 ] Request (ListServerFiltersTestJSON:setUpClass): 202 POST http://10.180.1.21/compute/v2.1/servers 0.540s
2025-04-03 04:41:25.516 70636 INFO tempest.lib.common.rest_client [req-69346911-caa3-4267-8dcc-5f3a13306784 req-69346911-caa3-4267-8dcc-5f3a13306784 ] Request (ListServerFiltersTestJSON:setUpClass): 201 POST http://10.180.1.21/identity/v3/auth/tokens 0.042s
2025-04-03 04:41:25.516 70636 INFO tempest.lib.common.fixed_network [-] (ListServerFiltersTestJSON:setUpClass) Found network {'id': '296cf2a8-12d0-495a-8b5a-938c7cfc1ddc', 'name': 'tempest-ListServerFiltersTestJSON-455843028-network', 'tenant_id': '153de9abfecf4dc4a84167304d44418f', 'admin_state_up': True, 'mtu': 8950, 'status': 'ACTIVE', 'subnets': [], 'shared': False, 'project_id': '153de9abfecf4dc4a84167304d44418f', 'port_security_enabled': True, 'router:external': False, 'provider:network_type': 'vlan', 'provider:physical_network': 'default', 'provider:segmentation_id': 840, 'availability_zone_hints': [], 'availability_zones': [], 'ipv4_address_scope': None, 'ipv6_address_scope': None, 'description': '', 'tags': [], 'created_at': '2025-04-03T04:41:23Z', 'updated_at': '2025-04-03T04:41:23Z', 'revision_number': 1} available for tenant
2025-04-03 04:41:25.533 70644 INFO tempest.lib.common.rest_client [req-18a577d0-47d8-418c-bea6-5f8656c2dcb3 req-18a577d0-47d8-418c-bea6-5f8656c2dcb3 ] Request (ServerActionsTestOtherB:setUpClass): 200 GET http://10.180.1.21/compute/v2.1/servers/94af8883-9a40-4929-8b36-16c400b3d18a 0.186s
2025-04-03 04:41:25.552 70640 INFO tempest.lib.common.rest_client [req-bd7e5dea-9aec-4e78-b10c-672372ba5b8d req-bd7e5dea-9aec-4e78-b10c-672372ba5b8d ] Request (ServersAdminTestJSON:test_inject_network_info): 200 GET http://10.180.1.21/compute/v2.1/servers/9632e467-f678-4808-97f7-f228e9bc52bc 0.222s
2025-04-03 04:41:25.611 70606 INFO tempest.lib.common.rest_client [req-76179746-cfb8-44fe-b60e-40cb91496dbd req-76179746-cfb8-44fe-b60e-40cb91496dbd ] Request (DeleteServersTestJSON:test_delete_active_server): 200 GET http://10.180.1.21/compute/v2.1/servers/2d5cedee-6995-4e7f-b542-7379821901e1 0.222s
2025-04-03 04:41:25.636 70652 INFO tempest.lib.common.rest_client [req-4a66942e-cd2e-42ce-881c-07fd40ecb5a6 req-4a66942e-cd2e-42ce-881c-07fd40ecb5a6 ] Request (AttachInterfacesV270Test:test_create_get_list_interfaces): 200 GET http://10.180.1.21/compute/v2.1/servers/a5ca6c00-0437-4f80-b0fa-65b6b68df973 0.230s
2025-04-03 04:41:25.688 70656 INFO tempest.lib.common.rest_client [req-7de3d4d4-c4b9-48bc-be12-f651fcd48a4d req-7de3d4d4-c4b9-48bc-be12-f651fcd48a4d ] Request (InstanceActionsTestJSON:setUpClass): 200 GET http://10.180.1.21/compute/v2.1/servers/c7e021c9-0f12-43e5-b66a-73335865fc11 0.225s
2025-04-03 04:41:25.749 70630 INFO tempest.lib.common.rest_client [req-35ec4408-67fe-4430-b69c-40d49b144073 req-35ec4408-67fe-4430-b69c-40d49b144073 ] Request (ServerRescueTestJSONUnderV235:setUpClass): 200 GET http://10.180.1.21/compute/v2.1/servers/015b62f4-f233-4d72-89fd-221d8e381082 0.213s
2025-04-03 04:41:25.757 70622 WARNING tempest.lib.common.ssh [-] Failed to establish authenticated ssh connection to cirros@10.180.180.167 ([Errno None] Unable to connect to port 22 on 10.180.180.167). Number attempts: 2. Retry after 3 seconds.: paramiko.ssh_exception.NoValidConnectionsError: [Errno None] Unable to connect to port 22 on 10.180.180.167
2025-04-03 04:41:25.825 70654 INFO tempest.lib.common.rest_client [req-4b6f5852-aefd-4a58-8206-31996a13fed8 req-4b6f5852-aefd-4a58-8206-31996a13fed8 ] Request (ServersListShow298Test:test_list_show_update_rebuild_server_298): 200 GET http://10.180.1.21/compute/v2.1/servers/9a2373d0-4c30-4811-8cfb-41cc23028535 0.216s
2025-04-03 04:41:25.842 70654 INFO tempest.common.waiters [-] State transition "BUILD/networking" ==> "BUILD/spawning" after 43 second wait
2025-04-03 04:41:25.888 70612 INFO tempest.lib.common.rest_client [req-b787e85d-dbb3-4d67-97b4-54a21c5050e3 req-b787e85d-dbb3-4d67-97b4-54a21c5050e3 ] Request (ServerRescueTestJSON:setUpClass): 200 GET http://10.180.1.21/compute/v2.1/servers/a48068d4-716f-4df7-b75b-d522cbf99d46 0.228s
2025-04-03 04:41:25.898 70604 INFO tempest.lib.common.rest_client [req-ae1ae84b-6938-4e0c-a64f-3510b3949abd req-ae1ae84b-6938-4e0c-a64f-3510b3949abd ] Request (FloatingIPDetailsTestJSON:setUpClass): 200 PUT http://10.180.1.21:9696/networking/v2.0/routers/9ce84853-1d19-447a-8928-3a0c531665fd/add_router_interface 1.085s
2025-04-03 04:41:25.898 70604 INFO tempest.lib.common.dynamic_creds [-] Created isolated network resources for: credentials: Credentials: {'domain_id': 'default', 'domain_name': 'Default', 'username': 'tempest-FloatingIPDetailsTestJSON-2009952120-project-member', 'project_domain_id': 'default', 'project_domain_name': 'Default', 'project_id': '0dd27579c6044ec79d2233724c0d0ddd', 'project_name': 'tempest-FloatingIPDetailsTestJSON-2009952120', 'tenant_id': '0dd27579c6044ec79d2233724c0d0ddd', 'tenant_name': 'tempest-FloatingIPDetailsTestJSON-2009952120', 'user_domain_id': 'default', 'user_domain_name': 'Default', 'user_id': '42d13a989b8c435ab4cc6dd6f0eab422', 'system': None}, Network: {'id': 'e485259e-f0a5-4675-92ed-f9a5f8d884a0', 'name': 'tempest-FloatingIPDetailsTestJSON-1132552568-network', 'tenant_id': '0dd27579c6044ec79d2233724c0d0ddd', 'admin_state_up': True, 'mtu': 8950, 'status': 'ACTIVE', 'subnets': [], 'shared': False, 'project_id': '0dd27579c6044ec79d2233724c0d0ddd', 'port_security_enabled': True, 'router:external': False, 'provider:network_type': 'vlan', 'provider:physical_network': 'default', 'provider:segmentation_id': 337, 'availability_zone_hints': [], 'availability_zones': [], 'ipv4_address_scope': None, 'ipv6_address_scope': None, 'description': '', 'tags': [], 'created_at': '2025-04-03T04:41:23Z', 'updated_at': '2025-04-03T04:41:23Z', 'revision_number': 1}, Subnet: {'id': '4456d9ba-d4f8-45c6-9f8a-157da7941fe7', 'name': 'tempest-FloatingIPDetailsTestJSON-1132552568-subnet', 'tenant_id': '0dd27579c6044ec79d2233724c0d0ddd', 'network_id': 'e485259e-f0a5-4675-92ed-f9a5f8d884a0', 'ip_version': 4, 'subnetpool_id': None, 'enable_dhcp': True, 'ipv6_ra_mode': None, 'ipv6_address_mode': None, 'gateway_ip': '192.168.128.1', 'cidr': '192.168.128.0/28', 'allocation_pools': [{'start': '192.168.128.2', 'end': '192.168.128.14'}], 'host_routes': [], 'dns_nameservers': [], 'description': '', 'router:external': False, 'service_types': [], 'tags': [], 'created_at': '2025-04-03T04:41:23Z', 'updated_at': '2025-04-03T04:41:23Z', 'revision_number': 0, 'project_id': '0dd27579c6044ec79d2233724c0d0ddd'}, Router: {'id': '9ce84853-1d19-447a-8928-3a0c531665fd', 'name': 'tempest-FloatingIPDetailsTestJSON-1132552568-router', 'tenant_id': '0dd27579c6044ec79d2233724c0d0ddd', 'admin_state_up': True, 'status': 'ACTIVE', 'external_gateway_info': {'network_id': 'd3a9fad6-a4cf-47dd-989a-1883eb66c932', 'external_fixed_ips': [{'subnet_id': 'ccc35dcc-2d5c-40cf-a49e-6f1fbe169883', 'ip_address': '10.180.180.134'}], 'enable_snat': True}, 'description': '', 'availability_zones': [], 'distributed': False, 'ha': False, 'availability_zone_hints': [], 'routes': [], 'flavor_id': None, 'tags': [], 'created_at': '2025-04-03T04:41:24Z', 'updated_at': '2025-04-03T04:41:24Z', 'revision_number': 2, 'project_id': '0dd27579c6044ec79d2233724c0d0ddd'}
2025-04-03 04:41:25.980 70638 INFO tempest.lib.common.rest_client [req-cdc01871-8fc7-4aff-bad2-56ec0cccf0ab req-cdc01871-8fc7-4aff-bad2-56ec0cccf0ab ] Request (TenantUsagesTestJSON:tearDownClass): 200 GET http://10.180.1.21/compute/v2.1/servers/f80ff45c-767d-4771-876e-d4cf7f06718a 0.259s
2025-04-03 04:41:26.037 70604 INFO tempest.lib.common.rest_client [req-18e7a73d-61f7-4c56-89db-17eadd08ed00 req-18e7a73d-61f7-4c56-89db-17eadd08ed00 ] Request (FloatingIPDetailsTestJSON:setUpClass): 201 POST http://10.180.1.21/identity/v3/auth/tokens 0.135s
2025-04-03 04:41:26.053 70602 INFO tempest.lib.common.rest_client [req-1ba80bcc-4477-498c-8c50-8cddab03f894 req-1ba80bcc-4477-498c-8c50-8cddab03f894 ] Request (ImagesOneServerTestJSON:setUpClass): 200 GET http://10.180.1.21/compute/v2.1/servers/f5583748-c6c5-4da3-a4c6-d685472511d4 0.259s
2025-04-03 04:41:26.119 70610 INFO tempest.lib.common.rest_client [req-73aefd1e-e079-4ee4-8918-058762a53b0f req-73aefd1e-e079-4ee4-8918-058762a53b0f ] Request (ServerActionsTestJSON:setUpClass): 200 GET http://10.180.1.21/compute/v2.1/servers/dd793706-95da-42f2-b9fc-ee37f04e6923 0.275s
2025-04-03 04:41:26.200 70616 INFO tempest.lib.common.rest_client [req-7e624a67-a254-4f3a-8582-21f9f61a98dc req-7e624a67-a254-4f3a-8582-21f9f61a98dc ] Request (ServersTestMultiNic:test_verify_multiple_nics_order): 200 GET http://10.180.1.21/compute/v2.1/servers/7be2da39-a762-4d2f-a520-44120528267c 0.293s
2025-04-03 04:41:26.244 70642 INFO tempest.lib.common.rest_client [req-3b1d5b14-b9df-4914-808f-0b6fe322573b req-3b1d5b14-b9df-4914-808f-0b6fe322573b ] Request (ImagesTestJSON:test_create_image_from_stopped_server): 200 GET http://10.180.1.21/compute/v2.1/images/8a21eca6-baef-410b-b74d-af9209788499 0.309s
2025-04-03 04:41:26.306 70618 INFO tempest.lib.common.rest_client [req-4c768e8c-3ab6-48a5-b919-4c3631c1dc81 req-4c768e8c-3ab6-48a5-b919-4c3631c1dc81 ] Request (AttachInterfacesTestJSON:test_create_list_show_delete_interfaces_by_fixed_ip): 200 GET http://10.180.1.21/compute/v2.1/servers/17e07646-9826-43d9-9295-3a70b541c534 0.347s
2025-04-03 04:41:26.353 70636 INFO tempest.lib.common.rest_client [req-8d8bfba6-234a-4ffa-84fb-e3517d1d9ace req-8d8bfba6-234a-4ffa-84fb-e3517d1d9ace ] Request (ListServerFiltersTestJSON:setUpClass): 202 POST http://10.180.1.21/compute/v2.1/servers 0.836s
2025-04-03 04:41:26.378 70632 INFO tempest.lib.common.rest_client [req-298f9946-e61a-4937-b642-868c519d58a1 req-298f9946-e61a-4937-b642-868c519d58a1 ] Request (SecurityGroupsTestJSON:test_server_security_groups): 200 GET http://10.180.1.21/compute/v2.1/servers/a0a8df6e-572a-4874-9b2e-119e9a8933e6 0.358s
2025-04-03 04:41:26.435 70626 INFO tempest.lib.common.rest_client [req-db4b81fa-65f6-40ff-b6ad-b4fc4c55bf6a req-db4b81fa-65f6-40ff-b6ad-b4fc4c55bf6a ] Request (ServerDiskConfigTestJSON:test_rebuild_server_with_auto_disk_config): 200 GET http://10.180.1.21/compute/v2.1/servers/aad7167e-9a30-4fb0-bbbc-c57066db3311 0.400s
2025-04-03 04:41:26.528 70628 INFO tempest.lib.common.rest_client [req-c699af89-0914-4246-a8d1-7dec4f3cfeec req-c699af89-0914-4246-a8d1-7dec4f3cfeec ] Request (ServersAdminNegativeTestJSON:tearDownClass): 200 GET http://10.180.1.21/compute/v2.1/servers/cf16c077-6f47-4ad4-b4b2-f14ae99e335a 0.429s
2025-04-03 04:41:26.630 70660 INFO tempest.lib.common.rest_client [req-39a9b1cf-b4f4-44b8-bb77-065aa859269f req-39a9b1cf-b4f4-44b8-bb77-065aa859269f ] Request (FloatingIPsAssociationTestJSON:setUpClass): 200 GET http://10.180.1.21/compute/v2.1/servers/bfea592a-7cc8-4944-b8ce-ba28d64d5ed7 0.492s
2025-04-03 04:41:26.638 70660 INFO tempest.common.waiters [-] State transition "BUILD/spawning" ==> "ACTIVE/None" after 45 second wait
2025-04-03 04:41:26.680 70634 INFO tempest.lib.common.rest_client [req-077718dd-775b-4427-bf66-ecea003ac7ef req-077718dd-775b-4427-bf66-ecea003ac7ef ] Request (ServerShowV257Test:test_rebuild_server): 200 GET http://10.180.1.21/compute/v2.1/servers/8f4f1690-4ef8-4178-8ed1-cd1e5b3da928 0.487s
2025-04-03 04:41:26.703 70662 INFO tempest.lib.common.rest_client [req-9fd59ed6-25a8-42a0-b613-09b8c72e4149 req-9fd59ed6-25a8-42a0-b613-09b8c72e4149 ] Request (AttachInterfacesUnderV243Test:test_add_remove_fixed_ip): 200 GET http://10.180.1.21/compute/v2.1/servers/16c3a117-e725-45e2-94e9-fbc0156fbadd/ips 0.481s
2025-04-03 04:41:26.743 70642 INFO tempest.lib.common.rest_client [req-f6e3f5e2-ad51-41ce-8da1-de69d4f8df83 req-f6e3f5e2-ad51-41ce-8da1-de69d4f8df83 ] Request (ImagesTestJSON:test_create_image_from_stopped_server): 200 GET http://10.180.1.21/compute/v2.1/images/8a21eca6-baef-410b-b74d-af9209788499 0.493s
2025-04-03 04:41:26.786 70642 INFO tempest.lib.common.rest_client [req-971fe427-b2bf-4fee-af9d-362d937f9f58 req-971fe427-b2bf-4fee-af9d-362d937f9f58 ] Request (ImagesTestJSON:test_create_image_from_stopped_server): 200 GET http://10.180.1.21/image/v2/images/8a21eca6-baef-410b-b74d-af9209788499/tasks 0.039s
2025-04-03 04:41:26.806 70608 INFO tempest.lib.common.rest_client [req-fc012570-e870-4c78-96d1-59739fd15d21 req-fc012570-e870-4c78-96d1-59739fd15d21 ] Request (ServersNegativeTestMultiTenantJSON:setUpClass): 200 GET http://10.180.1.21/compute/v2.1/servers/b8e86b56-da33-4ae5-92fa-c4eb330b4679 0.518s
2025-04-03 04:41:26.872 70621 INFO tempest.lib.common.rest_client [req-d61a9cf2-39c1-4d8b-ad49-d3ca142f742f req-d61a9cf2-39c1-4d8b-ad49-d3ca142f742f ] Request (DeleteServersAdminTestJSON:test_delete_server_while_in_error_state): 200 GET http://10.180.1.21/compute/v2.1/servers/8d3a4e3f-033e-4ed0-a67c-99d0f9a3d753 0.526s
2025-04-03 04:41:26.921 70636 INFO tempest.lib.common.rest_client [req-88092dd9-a446-4aff-98ea-f73dfc948237 req-88092dd9-a446-4aff-98ea-f73dfc948237 ] Request (ListServerFiltersTestJSON:setUpClass): 200 GET http://10.180.1.21/compute/v2.1/servers/1ad77931-f385-45f3-bbe1-dd6e8b986631 0.567s
2025-04-03 04:41:26.955 70604 INFO tempest.lib.common.rest_client [req-4f0128f8-c90a-41f5-b289-c8c6773377ff req-4f0128f8-c90a-41f5-b289-c8c6773377ff ] Request (FloatingIPDetailsTestJSON:setUpClass): 200 POST http://10.180.1.21/compute/v2.1/os-floating-ips 0.916s
2025-04-03 04:41:27.004 70644 INFO tempest.lib.common.rest_client [req-ba52fb7d-8562-4407-84db-bfaf5db94e49 req-ba52fb7d-8562-4407-84db-bfaf5db94e49 ] Request (ServerActionsTestOtherB:setUpClass): 200 GET http://10.180.1.21/compute/v2.1/servers/94af8883-9a40-4929-8b36-16c400b3d18a 0.461s
2025-04-03 04:41:27.061 70640 INFO tempest.lib.common.rest_client [req-3823202d-35d9-469f-afe9-d29f6886f816 req-3823202d-35d9-469f-afe9-d29f6886f816 ] Request (ServersAdminTestJSON:test_inject_network_info): 200 GET http://10.180.1.21/compute/v2.1/servers/9632e467-f678-4808-97f7-f228e9bc52bc 0.500s
2025-04-03 04:41:27.082 70600 INFO tempest.lib.common.rest_client [req-bac6384e-83b1-4d19-9981-929ef3dff0dd req-bac6384e-83b1-4d19-9981-929ef3dff0dd ] Request (MigrationsAdminTest:test_list_migrations_in_flavor_resize_situation): 200 GET http://10.180.1.21/compute/v2.1/servers/e38249fe-4114-40a6-9cdb-8ec5917bec83 0.632s
2025-04-03 04:41:27.131 70606 INFO tempest.lib.common.rest_client [req-492f4ccb-661d-470e-9f7e-de1ce417121a req-492f4ccb-661d-470e-9f7e-de1ce417121a ] Request (DeleteServersTestJSON:test_delete_active_server): 200 GET http://10.180.1.21/compute/v2.1/servers/2d5cedee-6995-4e7f-b542-7379821901e1 0.507s
2025-04-03 04:41:27.185 70652 INFO tempest.lib.common.rest_client [req-8d598306-c058-474b-996b-b053f5d8019f req-8d598306-c058-474b-996b-b053f5d8019f ] Request (AttachInterfacesV270Test:test_create_get_list_interfaces): 200 GET http://10.180.1.21/compute/v2.1/servers/a5ca6c00-0437-4f80-b0fa-65b6b68df973 0.532s
2025-04-03 04:41:27.252 70656 INFO tempest.lib.common.rest_client [req-a1d7efc4-c750-4e55-b37b-3251168ef89b req-a1d7efc4-c750-4e55-b37b-3251168ef89b ] Request (InstanceActionsTestJSON:setUpClass): 200 GET http://10.180.1.21/compute/v2.1/servers/c7e021c9-0f12-43e5-b66a-73335865fc11 0.554s
2025-04-03 04:41:27.294 70658 WARNING tempest.lib.common.ssh [-] Failed to establish authenticated ssh connection to cirros@10.180.180.252 ([Errno None] Unable to connect to port 22 on 10.180.180.252). Number attempts: 4. Retry after 5 seconds.: paramiko.ssh_exception.NoValidConnectionsError: [Errno None] Unable to connect to port 22 on 10.180.180.252
2025-04-03 04:41:27.313 70630 INFO tempest.lib.common.rest_client [req-823a5b75-3880-4d79-ab82-43255eb694ed req-823a5b75-3880-4d79-ab82-43255eb694ed ] Request (ServerRescueTestJSONUnderV235:setUpClass): 200 GET http://10.180.1.21/compute/v2.1/servers/015b62f4-f233-4d72-89fd-221d8e381082 0.555s
2025-04-03 04:41:27.461 70642 INFO tempest.lib.common.rest_client [req-6e1694f0-852b-4aca-9650-950e2236f73d req-6e1694f0-852b-4aca-9650-950e2236f73d ] Request (ImagesTestJSON:_run_cleanups): 204 DELETE http://10.180.1.21/compute/v2.1/images/8a21eca6-baef-410b-b74d-af9209788499 0.674s
2025-04-03 04:41:27.529 70654 INFO tempest.lib.common.rest_client [req-ef3a7d16-e34d-4528-989a-3e6481b60dc5 req-ef3a7d16-e34d-4528-989a-3e6481b60dc5 ] Request (ServersListShow298Test:test_list_show_update_rebuild_server_298): 200 GET http://10.180.1.21/compute/v2.1/servers/9a2373d0-4c30-4811-8cfb-41cc23028535 0.684s
2025-04-03 04:41:27.581 70612 INFO tempest.lib.common.rest_client [req-eca412ac-bf73-4583-ae25-f22423f3275a req-eca412ac-bf73-4583-ae25-f22423f3275a ] Request (ServerRescueTestJSON:setUpClass): 200 GET http://10.180.1.21/compute/v2.1/servers/a48068d4-716f-4df7-b75b-d522cbf99d46 0.676s
2025-04-03 04:41:27.720 70660 INFO tempest.lib.common.rest_client [req-0cdd2861-a6eb-4835-bdec-6ec880d667fe req-0cdd2861-a6eb-4835-bdec-6ec880d667fe ] Request (FloatingIPsAssociationTestJSON:setUpClass): 200 POST http://10.180.1.21/compute/v2.1/os-floating-ips 1.081s
2025-04-03 04:41:27.755 70638 INFO tempest.lib.common.rest_client [req-ce563372-bdba-4f9d-ada0-7e77eafb32bf req-ce563372-bdba-4f9d-ada0-7e77eafb32bf ] Request (TenantUsagesTestJSON:tearDownClass): 404 GET http://10.180.1.21/compute/v2.1/servers/f80ff45c-767d-4771-876e-d4cf7f06718a 0.766s
2025-04-03 04:41:27.815 70660 INFO tempest.lib.common.rest_client [req-268103f0-487e-440f-9e03-6b4b92c1d329 req-268103f0-487e-440f-9e03-6b4b92c1d329 ] Request (FloatingIPsAssociationTestJSON:test_associate_already_associated_floating_ip): 201 POST http://10.180.1.21/identity/v3/auth/tokens 0.085s
2025-04-03 04:41:27.815 70660 INFO tempest.lib.common.fixed_network [-] (FloatingIPsAssociationTestJSON:test_associate_already_associated_floating_ip) Found network {'id': '57b074fb-ae9f-449a-be68-d0afa9aef005', 'name': 'tempest-FloatingIPsAssociationTestJSON-1214923628-network', 'tenant_id': '2101efea82524d34a4cc4cccc2d6f7ec', 'admin_state_up': True, 'mtu': 8950, 'status': 'ACTIVE', 'subnets': [], 'shared': False, 'project_id': '2101efea82524d34a4cc4cccc2d6f7ec', 'port_security_enabled': True, 'router:external': False, 'provider:network_type': 'vlan', 'provider:physical_network': 'default', 'provider:segmentation_id': 154, 'availability_zone_hints': [], 'availability_zones': [], 'ipv4_address_scope': None, 'ipv6_address_scope': None, 'description': '', 'tags': [], 'created_at': '2025-04-03T04:40:31Z', 'updated_at': '2025-04-03T04:40:31Z', 'revision_number': 1} available for tenant
2025-04-03 04:41:27.819 70602 INFO tempest.lib.common.rest_client [req-946bc315-7578-4b54-8d1d-2cc46d19d311 req-946bc315-7578-4b54-8d1d-2cc46d19d311 ] Request (ImagesOneServerTestJSON:setUpClass): 200 GET http://10.180.1.21/compute/v2.1/servers/f5583748-c6c5-4da3-a4c6-d685472511d4 0.754s
2025-04-03 04:41:27.840 70638 INFO tempest.lib.common.rest_client [req-d2289c72-4614-4e00-8b30-4bb2e35855cb req-d2289c72-4614-4e00-8b30-4bb2e35855cb ] Request (TenantUsagesTestJSON:tearDownClass): 204 DELETE http://10.180.1.21/identity/v3/users/47f5c167691d49378170fccae8137cf4 0.084s
2025-04-03 04:41:27.880 70610 INFO tempest.lib.common.rest_client [req-eb1a74e0-a9a6-4ef9-bc90-558bcec78305 req-eb1a74e0-a9a6-4ef9-bc90-558bcec78305 ] Request (ServerActionsTestJSON:setUpClass): 200 GET http://10.180.1.21/compute/v2.1/servers/dd793706-95da-42f2-b9fc-ee37f04e6923 0.745s
2025-04-03 04:41:27.943 70616 INFO tempest.lib.common.rest_client [req-6afe8fa1-5729-4d26-89be-6f0ff46a7630 req-6afe8fa1-5729-4d26-89be-6f0ff46a7630 ] Request (ServersTestMultiNic:test_verify_multiple_nics_order): 200 GET http://10.180.1.21/compute/v2.1/servers/7be2da39-a762-4d2f-a520-44120528267c 0.732s
