2025-05-13 17:02:05.052 70333 INFO tempest.lib.common.rest_client [req-a5945c18-ea9a-4848-9f65-d6c709422179 req-a5945c18-ea9a-4848-9f65-d6c709422179 ] Request (SecurityGroupRulesTestJSON:tearDownClass): 200 GET http://10.180.1.21:9696/networking/v2.0/security-groups?tenant_id=4d9085e81a5f471cb46132c71230ae68&name=default 0.051s
2025-05-13 17:02:05.061 70297 INFO tempest.lib.common.rest_client [req-256fe0d4-553e-4d15-97a2-bfd918a7ae16 req-256fe0d4-553e-4d15-97a2-bfd918a7ae16 ] Request (FloatingIPsAssociationTestJSON:test_associate_already_associated_floating_ip): 201 POST http://10.180.1.21/identity/v3/auth/tokens 0.097s
2025-05-13 17:02:05.061 70297 INFO tempest.lib.common.fixed_network [-] (FloatingIPsAssociationTestJSON:test_associate_already_associated_floating_ip) Found network {'id': 'a512b8be-0b39-40ed-81dd-669282412b34', 'name': 'tempest-FloatingIPsAssociationTestJSON-503866336-network', 'tenant_id': '75f38d9959844315978b6e7ea56bd9fb', 'admin_state_up': True, 'mtu': 8950, 'status': 'ACTIVE', 'subnets': [], 'shared': False, 'project_id': '75f38d9959844315978b6e7ea56bd9fb', 'port_security_enabled': True, 'router:external': False, 'provider:network_type': 'vlan', 'provider:physical_network': 'default', 'provider:segmentation_id': 836, 'availability_zone_hints': [], 'availability_zones': [], 'ipv4_address_scope': None, 'ipv6_address_scope': None, 'description': '', 'tags': [], 'created_at': '2025-05-13T17:01:07Z', 'updated_at': '2025-05-13T17:01:07Z', 'revision_number': 1} available for tenant
2025-05-13 17:02:05.072 70289 INFO tempest.lib.common.rest_client [req-f388d71e-3ab9-477b-93f6-05f6f772a710 req-f388d71e-3ab9-477b-93f6-05f6f772a710 ] Request (ServerActionsTestOtherA:setUpClass): 200 GET http://10.180.1.21/compute/v2.1/servers/e8a8267c-9619-4668-8ac1-e485a202a451 0.973s
2025-05-13 17:02:05.075 70285 INFO tempest.lib.common.rest_client [req-580ef368-d459-4c5f-b780-8cb5c9270a77 req-580ef368-d459-4c5f-b780-8cb5c9270a77 ] Request (ServerShowV257Test:tearDownClass): 200 GET http://10.180.1.21/compute/v2.1/servers/e2c6a4f3-29a3-44d2-8f12-f5e1d2d31f6e 0.991s
2025-05-13 17:02:05.147 70325 INFO tempest.lib.common.rest_client [req-cb808b94-ee4f-4804-aeef-49fb23e58b06 req-cb808b94-ee4f-4804-aeef-49fb23e58b06 ] Request (ServersTestBootFromVolume:setUpClass): 200 GET http://10.180.1.21/compute/v2.1/servers/989e07aa-00f8-48d4-8a6c-1ffbf153e66e 0.927s
2025-05-13 17:02:05.157 70325 INFO tempest.common.waiters [-] State transition "BUILD/None" ==> "BUILD/networking" after 37 second wait
2025-05-13 17:02:05.159 70317 INFO tempest.lib.common.rest_client [req-ad9a25ff-b759-4899-8cd5-18b4732624e3 req-ad9a25ff-b759-4899-8cd5-18b4732624e3 ] Request (TenantUsagesTestJSON:tearDownClass): 200 GET http://10.180.1.21/compute/v2.1/servers/91126fa6-9e98-4c41-917b-a2fc6ed3d9db 1.021s
2025-05-13 17:02:05.231 70277 INFO tempest.lib.common.rest_client [req-a7a61103-31d3-4a25-a8f3-1225d7481e3e req-a7a61103-31d3-4a25-a8f3-1225d7481e3e ] Request (ServersTestManualDisk:setUpClass): 200 GET http://10.180.1.21/compute/v2.1/servers/98ca6f56-599f-4f61-b544-cbc1e593f9c2 0.897s
2025-05-13 17:02:05.305 70295 INFO tempest.lib.common.rest_client [req-fccc9887-59ee-481c-86fc-1a019cc54971 req-fccc9887-59ee-481c-86fc-1a019cc54971 ] Request (ServersWithSpecificFlavorTestJSON:test_verify_created_server_ephemeral_disk): 200 GET http://10.180.1.21/compute/v2.1/servers/42d73292-1bab-4883-9e24-7ffa41e676e8 1.072s
2025-05-13 17:02:05.313 70333 INFO tempest.lib.common.rest_client [req-74833eb2-79bd-4ef3-92f8-4f551e7cc128 req-74833eb2-79bd-4ef3-92f8-4f551e7cc128 ] Request (SecurityGroupRulesTestJSON:tearDownClass): 204 DELETE http://10.180.1.21:9696/networking/v2.0/security-groups/493b0671-42e8-447b-815c-870ed5ff640f 0.261s
2025-05-13 17:02:05.331 70329 INFO tempest.lib.common.rest_client [req-0196574f-c432-4cb9-bbce-a68816dcf170 req-0196574f-c432-4cb9-bbce-a68816dcf170 ] Request (FlavorsAdminTestJSON:_run_cleanups): 200 GET http://10.180.1.21/compute/v2.1/flavors/detail 0.821s
2025-05-13 17:02:05.400 70281 INFO tempest.lib.common.rest_client [req-0d059e76-ca30-4450-9560-cba65e78641c req-0d059e76-ca30-4450-9560-cba65e78641c ] Request (AttachInterfacesTestJSON:test_create_list_show_delete_interfaces_by_fixed_ip): 200 GET http://10.180.1.21/compute/v2.1/servers/c9a3fe9a-ec34-4625-9571-3b708815ee1e 0.886s
2025-05-13 17:02:05.401 70301 INFO tempest.lib.common.rest_client [req-65b9c43f-0445-4dfa-879a-444461fd95c3 req-65b9c43f-0445-4dfa-879a-444461fd95c3 ] Request (ServersTestFqdnHostnames:test_create_server_with_fqdn_name): 200 GET http://10.180.1.21/compute/v2.1/servers/5f010cf7-c829-4264-93ba-c0db09cf0c46 0.964s
2025-05-13 17:02:05.458 70329 INFO tempest.lib.common.rest_client [req-de869e26-fa49-419c-9a70-2e595041807f req-de869e26-fa49-419c-9a70-2e595041807f ] Request (FlavorsAdminTestJSON:tearDownClass): 204 DELETE http://10.180.1.21/identity/v3/users/bea2e759fa8c4496a0c6416eb24a5d82 0.122s
2025-05-13 17:02:05.463 70333 INFO tempest.lib.common.rest_client [req-18283800-39be-4858-90c5-faa6a0e8d432 req-18283800-39be-4858-90c5-faa6a0e8d432 ] Request (SecurityGroupRulesTestJSON:tearDownClass): 204 DELETE http://10.180.1.21/identity/v3/projects/4d9085e81a5f471cb46132c71230ae68 0.149s
2025-05-13 17:02:05.468 70323 INFO tempest.lib.common.rest_client [req-8bd18dea-15c3-46da-a68f-0c5fd0f9aadb req-8bd18dea-15c3-46da-a68f-0c5fd0f9aadb ] Request (ServerActionsV293TestJSON:setUpClass): 200 GET http://10.180.1.21/volume/v3/volumes/76bb7345-5750-47a2-b602-354b30899134 0.045s
2025-05-13 17:02:05.479 70327 INFO tempest.lib.common.rest_client [req-f0e68c62-3c3e-4f26-aa14-14c3bdeb0786 req-f0e68c62-3c3e-4f26-aa14-14c3bdeb0786 ] Request (ServersAdminTestJSON:setUpClass): 200 GET http://10.180.1.21/compute/v2.1/servers/44a14aaa-9828-4064-be67-b3b432790f05 0.872s
2025-05-13 17:02:05.536 70333 INFO tempest.lib.common.rest_client [req-7b290c1b-01ca-42fd-80fe-ff8ec7e9f10f req-7b290c1b-01ca-42fd-80fe-ff8ec7e9f10f ] Request (ServerDiskConfigTestJSON:setUpClass): 201 POST http://10.180.1.21/identity/v3/auth/tokens 0.071s
2025-05-13 17:02:05.561 70304 INFO tempest.lib.common.rest_client [req-2ee99519-0f41-451e-a274-c16cbd8d89eb req-2ee99519-0f41-451e-a274-c16cbd8d89eb ] Request (AttachInterfacesUnderV243Test:test_add_remove_fixed_ip): 200 GET http://10.180.1.21/compute/v2.1/servers/852d306a-2d59-45dc-8d7b-695084a42bf3 0.884s
2025-05-13 17:02:05.567 70339 INFO tempest.lib.common.rest_client [req-637f98e1-2de6-4ddb-ac90-cf1de4d6ddb3 req-637f98e1-2de6-4ddb-ac90-cf1de4d6ddb3 ] Request (SecurityGroupsTestJSON:test_list_security_groups_by_server): 200 GET http://10.180.1.21/compute/v2.1/servers/b02c6408-c7ab-4f56-8d50-ef6392028b5a 0.930s
2025-05-13 17:02:05.577 70304 INFO tempest.common.waiters [-] State transition "BUILD/scheduling" ==> "BUILD/None" after 20 second wait
2025-05-13 17:02:05.612 70329 INFO tempest.lib.common.rest_client [req-c0d4a319-14ee-47d0-9479-f2d41541985d req-c0d4a319-14ee-47d0-9479-f2d41541985d ] Request (FlavorsAdminTestJSON:tearDownClass): 204 DELETE http://10.180.1.21/identity/v3/users/d8822dc1c2184a24a425ae5f26f9aead 0.153s
2025-05-13 17:02:05.612 70329 INFO tempest.lib.common.dynamic_creds [-] Deleting project and security group for project: c527e39a0d49480ca75612f0588b6f89
2025-05-13 17:02:05.624 70333 INFO tempest.lib.common.rest_client [req-8f5b1cf0-8322-421b-9e8f-054ee23df5e2 req-8f5b1cf0-8322-421b-9e8f-054ee23df5e2 ] Request (ServerDiskConfigTestJSON:setUpClass): 201 POST http://10.180.1.21/identity/v3/auth/tokens 0.085s
2025-05-13 17:02:05.679 70329 INFO tempest.lib.common.rest_client [req-ddb9ca50-bbc6-447f-bf66-e53c8b68a1c9 req-ddb9ca50-bbc6-447f-bf66-e53c8b68a1c9 ] Request (FlavorsAdminTestJSON:tearDownClass): 201 POST http://10.180.1.21/identity/v3/auth/tokens 0.067s
2025-05-13 17:02:05.711 70333 INFO tempest.lib.common.rest_client [req-9aa3c9a5-a7e9-4c83-a350-ef5732104b09 req-9aa3c9a5-a7e9-4c83-a350-ef5732104b09 ] Request (ServerDiskConfigTestJSON:setUpClass): 200 GET http://10.180.1.21/identity/v3/domains?name=Default 0.086s
2025-05-13 17:02:05.716 70279 INFO tempest.lib.common.rest_client [req-ae590ad5-ab2d-4c9c-aaeb-e81fbd83a9a1 req-ae590ad5-ab2d-4c9c-aaeb-e81fbd83a9a1 ] Request (ServersAdmin275Test:tearDownClass): 200 GET http://10.180.1.21/compute/v2.1/servers/ea45ff56-3dbd-4db3-a9bc-889800f28ede 0.968s
2025-05-13 17:02:05.726 70319 INFO tempest.lib.common.rest_client [req-53ae64ce-4a52-4a24-9106-964d91e2f5ad req-53ae64ce-4a52-4a24-9106-964d91e2f5ad ] Request (ServerTagsTestJSON:tearDownClass): 200 GET http://10.180.1.21/compute/v2.1/servers/2c5c2005-452b-40bf-adcf-b1765600702b 1.047s
2025-05-13 17:02:05.756 70333 INFO tempest.lib.common.rest_client [req-522efeae-49bc-49d5-99be-72cee770e0fb req-522efeae-49bc-49d5-99be-72cee770e0fb ] Request (ServerDiskConfigTestJSON:setUpClass): 201 POST http://10.180.1.21/identity/v3/projects 0.044s
2025-05-13 17:02:05.798 70309 INFO tempest.lib.common.rest_client [req-a3bc5c23-7d35-4b6c-8c94-0b2cb8c2c725 req-a3bc5c23-7d35-4b6c-8c94-0b2cb8c2c725 ] Request (ImagesTestJSON:test_create_image_from_stopped_server): 200 GET http://10.180.1.21/compute/v2.1/servers/6d653768-205c-4819-8498-ae0617302a31 0.953s
2025-05-13 17:02:05.805 70293 INFO tempest.lib.common.rest_client [req-a39e782b-5923-420b-914b-28b9eb7e36b8 req-a39e782b-5923-420b-914b-28b9eb7e36b8 ] Request (ServersAdminNegativeTestJSON:setUpClass): 200 GET http://10.180.1.21/compute/v2.1/servers/edc30bb6-6257-4e62-8c00-f6169a4b31cc 0.982s
2025-05-13 17:02:05.855 70331 INFO tempest.lib.common.rest_client [req-00aadefa-2e31-46fa-9a39-24dc92eaabe4 req-00aadefa-2e31-46fa-9a39-24dc92eaabe4 ] Request (KeyPairsV22TestJSON:test_keypairs_create_list_delete): 201 POST http://10.180.1.21/compute/v2.1/os-keypairs 1.006s
2025-05-13 17:02:05.864 70333 INFO tempest.lib.common.rest_client [req-8c568a58-918c-4b50-a7af-dec7da4d3952 req-8c568a58-918c-4b50-a7af-dec7da4d3952 ] Request (ServerDiskConfigTestJSON:setUpClass): 201 POST http://10.180.1.21/identity/v3/users 0.108s
2025-05-13 17:02:05.918 70287 INFO tempest.lib.common.rest_client [req-3e8c755b-1e2b-4950-a51b-89762ccd79c8 req-3e8c755b-1e2b-4950-a51b-89762ccd79c8 ] Request (ImagesOneServerNegativeTestJSON:setUpClass): 200 GET http://10.180.1.21/compute/v2.1/servers/8eab418d-7191-42f9-8048-11edab75a8c0 1.002s
2025-05-13 17:02:06.033 70335 INFO tempest.lib.common.rest_client [req-c411d80e-0952-4b71-af20-4e9ee089f9e6 req-c411d80e-0952-4b71-af20-4e9ee089f9e6 ] Request (ListServerFiltersTestJSON:test_list_servers_filter_by_server_name): 200 GET http://10.180.1.21/compute/v2.1/servers?name=tempest-ListServerFiltersTestJSON-instance-781780814 1.029s
2025-05-13 17:02:06.062 70333 INFO tempest.lib.common.rest_client [req-90523e81-d1b2-4290-ba35-57716ec11160 req-90523e81-d1b2-4290-ba35-57716ec11160 ] Request (ServerDiskConfigTestJSON:setUpClass): 200 GET http://10.180.1.21/identity/v3/roles 0.197s
2025-05-13 17:02:06.063 70311 INFO tempest.lib.common.rest_client [req-d5009efd-0528-4f22-b66a-32f31192ffbc req-d5009efd-0528-4f22-b66a-32f31192ffbc ] Request (VolumesAssistedSnapshotsTest:test_volume_assisted_snapshot_create_delete): 200 GET http://10.180.1.21/compute/v2.1/servers/94296ced-6adc-4f28-9c10-e23a8dd05464 1.060s
2025-05-13 17:02:06.110 70333 INFO tempest.lib.common.rest_client [req-30720240-052b-44b6-b58b-2a5b9f9aec35 req-30720240-052b-44b6-b58b-2a5b9f9aec35 ] Request (ServerDiskConfigTestJSON:setUpClass): 204 PUT http://10.180.1.21/identity/v3/projects/821a975702c241188388bfc0eb600481/users/508213a6e70e46c39a6662d96fabf034/roles/90ed858a2dc048fe895692d64020b1f6 0.046s
2025-05-13 17:02:06.110 70333 INFO tempest.lib.common.dynamic_creds [-] Dynamic test user 508213a6e70e46c39a6662d96fabf034 is created with scope project and roles: ['member']
2025-05-13 17:02:06.110 70333 INFO tempest.lib.common.dynamic_creds [-] Acquired dynamic creds: credentials: Credentials: {'domain_id': 'default', 'domain_name': 'Default', 'username': 'tempest-ServerDiskConfigTestJSON-1455486434-project-member', 'project_domain_id': 'default', 'project_domain_name': 'Default', 'project_id': '821a975702c241188388bfc0eb600481', 'project_name': 'tempest-ServerDiskConfigTestJSON-1455486434', 'tenant_id': '821a975702c241188388bfc0eb600481', 'tenant_name': 'tempest-ServerDiskConfigTestJSON-1455486434', 'user_domain_id': 'default', 'user_domain_name': 'Default', 'user_id': '508213a6e70e46c39a6662d96fabf034', 'system': None}, Network: None, Subnet: None, Router: None
2025-05-13 17:02:06.203 70333 INFO tempest.lib.common.rest_client [req-0fd878db-cbc7-4402-a350-9ecea5ae20f7 req-0fd878db-cbc7-4402-a350-9ecea5ae20f7 ] Request (ServerDiskConfigTestJSON:setUpClass): 201 POST http://10.180.1.21/identity/v3/auth/tokens 0.092s
2025-05-13 17:02:06.209 70329 INFO tempest.lib.common.rest_client [req-ecabc081-dd1b-4145-9a71-7da3ff176676 req-ecabc081-dd1b-4145-9a71-7da3ff176676 ] Request (FlavorsAdminTestJSON:tearDownClass): 200 GET http://10.180.1.21:9696/networking/v2.0/security-groups?tenant_id=c527e39a0d49480ca75612f0588b6f89&name=default 0.529s
2025-05-13 17:02:06.307 70313 INFO tempest.lib.common.rest_client [req-779574da-d1f2-4dc6-94a7-898b81efde3b req-779574da-d1f2-4dc6-94a7-898b81efde3b ] Request (MigrationsAdminTest:test_list_migrations_in_flavor_resize_situation): 200 GET http://10.180.1.21/compute/v2.1/servers/e51fd4e8-c2ba-46aa-8df2-2748bd45e53b 1.089s
2025-05-13 17:02:06.384 70315 INFO tempest.lib.common.rest_client [req-29ec884a-9fd4-4df5-9b51-433608bbe158 req-29ec884a-9fd4-4df5-9b51-433608bbe158 ] Request (FloatingIPsAssociationNegativeTestJSON:setUpClass): 200 GET http://10.180.1.21/compute/v2.1/servers/cce1a170-4a15-4b02-b745-b22ad8fb694c 1.069s
2025-05-13 17:02:06.457 70307 INFO tempest.lib.common.rest_client [req-77a067bd-d715-4ef9-baab-89165fef62d8 req-77a067bd-d715-4ef9-baab-89165fef62d8 ] Request (ServerExternalEventsTest:tearDownClass): 200 GET http://10.180.1.21/compute/v2.1/servers/d9c64ac2-593a-4a14-8e6b-bbe9bef1baf2 1.043s
2025-05-13 17:02:06.507 70323 INFO tempest.lib.common.rest_client [req-d57839fc-3280-403b-bda9-ad5c9de4948a req-d57839fc-3280-403b-bda9-ad5c9de4948a ] Request (ServerActionsV293TestJSON:setUpClass): 200 GET http://10.180.1.21/volume/v3/volumes/76bb7345-5750-47a2-b602-354b30899134 0.029s
2025-05-13 17:02:06.525 70299 INFO tempest.lib.common.rest_client [req-cadac23a-9874-403f-ad1d-4e357d61c057 req-cadac23a-9874-403f-ad1d-4e357d61c057 ] Request (ServerDiagnosticsV248Test:test_get_server_diagnostics): 200 GET http://10.180.1.21/compute/v2.1/servers/cb557354-aef6-493d-b1a1-5a588e5f354a 1.024s
2025-05-13 17:02:06.544 70297 INFO tempest.lib.common.rest_client [req-3d2029dc-386b-4c96-98c6-3a56452cbb2e req-3d2029dc-386b-4c96-98c6-3a56452cbb2e ] Request (FloatingIPsAssociationTestJSON:test_associate_already_associated_floating_ip): 202 POST http://10.180.1.21/compute/v2.1/servers 1.482s
2025-05-13 17:02:06.581 70321 INFO tempest.lib.common.rest_client [req-196ba840-2d3d-42fe-8175-63370f51bd9f req-196ba840-2d3d-42fe-8175-63370f51bd9f ] Request (VolumesAdminNegativeTest:test_update_attached_volume_with_nonexistent_volume_in_body): 200 GET http://10.180.1.21/compute/v2.1/servers/821205fe-7909-41d0-83ce-6f711906093a 1.001s
2025-05-13 17:02:06.643 70283 INFO tempest.lib.common.rest_client [req-006da6c8-2413-4cc0-93fc-276d8938bc1e req-006da6c8-2413-4cc0-93fc-276d8938bc1e ] Request (ServerRescueTestJSON:setUpClass): 200 GET http://10.180.1.21/compute/v2.1/servers/7b977ddd-db1f-49dc-aa2b-13559e67e932 0.896s
2025-05-13 17:02:06.654 70291 INFO tempest.lib.common.rest_client [req-dc112755-86cb-47cc-81ac-3705773bfbc6 req-dc112755-86cb-47cc-81ac-3705773bfbc6 ] Request (DeleteServersAdminTestJSON:test_delete_server_while_in_error_state): 200 GET http://10.180.1.21/compute/v2.1/servers/cf385d59-a953-4dd8-a4e5-3ff6369c27d7 0.837s
2025-05-13 17:02:06.656 70331 INFO tempest.lib.common.rest_client [req-cdc72d28-58a1-4c3b-ba63-fc0b4e08be34 req-cdc72d28-58a1-4c3b-ba63-fc0b4e08be34 ] Request (KeyPairsV22TestJSON:test_keypairs_create_list_delete): 200 GET http://10.180.1.21/compute/v2.1/os-keypairs 0.799s
2025-05-13 17:02:06.722 70329 INFO tempest.lib.common.rest_client [req-554ac954-7718-496e-9d01-c3e6c151f40f req-554ac954-7718-496e-9d01-c3e6c151f40f ] Request (FlavorsAdminTestJSON:tearDownClass): 204 DELETE http://10.180.1.21:9696/networking/v2.0/security-groups/7cab2989-cd87-484b-a0e0-09c1536596bb 0.513s
2025-05-13 17:02:06.724 70337 INFO tempest.lib.common.rest_client [req-5069d825-9986-4d82-8acf-8814a0592f55 req-5069d825-9986-4d82-8acf-8814a0592f55 ] Request (ServerDiagnosticsNegativeTest:tearDownClass): 200 GET http://10.180.1.21/compute/v2.1/servers/54797e67-1bde-45e4-b12a-50b1287244c6 0.778s
2025-05-13 17:02:06.745 70335 INFO tempest.lib.common.rest_client [req-97ddb498-1cfc-42d0-9ba5-c2deac6b4dd3 req-97ddb498-1cfc-42d0-9ba5-c2deac6b4dd3 ] Request (ListServerFiltersTestJSON:test_list_servers_filter_by_shutoff_status): 202 POST http://10.180.1.21/compute/v2.1/servers/bee65c60-c104-4523-9e3a-1e41ead05854/action 0.708s
2025-05-13 17:02:06.789 70289 INFO tempest.lib.common.rest_client [req-523c1005-bf6f-4e52-9ee9-d1713dcf8513 req-523c1005-bf6f-4e52-9ee9-d1713dcf8513 ] Request (ServerActionsTestOtherA:setUpClass): 200 GET http://10.180.1.21/compute/v2.1/servers/e8a8267c-9619-4668-8ac1-e485a202a451 0.706s
2025-05-13 17:02:06.825 70285 INFO tempest.lib.common.rest_client [req-497f957a-7cf2-4156-b534-c73d580b1438 req-497f957a-7cf2-4156-b534-c73d580b1438 ] Request (ServerShowV257Test:tearDownClass): 200 GET http://10.180.1.21/compute/v2.1/servers/e2c6a4f3-29a3-44d2-8f12-f5e1d2d31f6e 0.736s
2025-05-13 17:02:06.830 70329 INFO tempest.lib.common.rest_client [req-fe9710ea-b2ad-4baf-938c-f7a6d647865a req-fe9710ea-b2ad-4baf-938c-f7a6d647865a ] Request (FlavorsAdminTestJSON:tearDownClass): 204 DELETE http://10.180.1.21/identity/v3/projects/c527e39a0d49480ca75612f0588b6f89 0.107s
2025-05-13 17:02:06.830 70329 INFO tempest.lib.common.dynamic_creds [-] Deleting project and security group for project: 35c99b3fa95447c58570feb9174beeac
2025-05-13 17:02:06.905 70317 INFO tempest.lib.common.rest_client [req-91d416a6-9857-4bb7-b13d-89ac5ae87889 req-91d416a6-9857-4bb7-b13d-89ac5ae87889 ] Request (TenantUsagesTestJSON:tearDownClass): 200 GET http://10.180.1.21/compute/v2.1/servers/91126fa6-9e98-4c41-917b-a2fc6ed3d9db 0.731s
2025-05-13 17:02:06.970 70277 INFO tempest.lib.common.rest_client [req-4c3a64bc-1096-4856-bf70-9ebdb4777e93 req-4c3a64bc-1096-4856-bf70-9ebdb4777e93 ] Request (ServersTestManualDisk:setUpClass): 200 GET http://10.180.1.21/compute/v2.1/servers/98ca6f56-599f-4f61-b544-cbc1e593f9c2 0.721s
2025-05-13 17:02:07.115 70325 INFO tempest.lib.common.rest_client [req-c7dcb5c8-5fa9-4fe8-a0f4-488592f2caa3 req-c7dcb5c8-5fa9-4fe8-a0f4-488592f2caa3 ] Request (ServersTestBootFromVolume:setUpClass): 200 GET http://10.180.1.21/compute/v2.1/servers/989e07aa-00f8-48d4-8a6c-1ffbf153e66e 0.955s
2025-05-13 17:02:07.124 70329 INFO tempest.lib.common.rest_client [req-9cecc0ea-ff26-45bd-aef0-14378d081f04 req-9cecc0ea-ff26-45bd-aef0-14378d081f04 ] Request (FlavorsAdminTestJSON:tearDownClass): 200 GET http://10.180.1.21:9696/networking/v2.0/security-groups?tenant_id=35c99b3fa95447c58570feb9174beeac&name=default 0.292s
2025-05-13 17:02:07.131 70325 INFO tempest.common.waiters [-] State transition "BUILD/networking" ==> "BUILD/block_device_mapping" after 39 second wait
2025-05-13 17:02:07.374 70333 INFO tempest.lib.common.rest_client [req-05e059e1-39f9-42e6-97b8-78a33ff23093 req-05e059e1-39f9-42e6-97b8-78a33ff23093 ] Request (ServerDiskConfigTestJSON:setUpClass): 201 POST http://10.180.1.21:9696/networking/v2.0/networks 1.170s
2025-05-13 17:02:07.451 70281 INFO tempest.lib.common.rest_client [req-3532a2f4-5afe-4bd6-ab5b-1e5ce19367db req-3532a2f4-5afe-4bd6-ab5b-1e5ce19367db ] Request (AttachInterfacesTestJSON:test_create_list_show_delete_interfaces_by_fixed_ip): 200 GET http://10.180.1.21/compute/v2.1/servers/c9a3fe9a-ec34-4625-9571-3b708815ee1e 1.038s
2025-05-13 17:02:07.558 70323 INFO tempest.lib.common.rest_client [req-c05b4070-f029-4e35-9fef-71eef95f7152 req-c05b4070-f029-4e35-9fef-71eef95f7152 ] Request (ServerActionsV293TestJSON:setUpClass): 200 GET http://10.180.1.21/volume/v3/volumes/76bb7345-5750-47a2-b602-354b30899134 0.037s
2025-05-13 17:02:07.575 70295 INFO tempest.lib.common.rest_client [req-a1872787-bce5-4779-8a8e-6dc7e203e6e6 req-a1872787-bce5-4779-8a8e-6dc7e203e6e6 ] Request (ServersWithSpecificFlavorTestJSON:test_verify_created_server_ephemeral_disk): 200 GET http://10.180.1.21/compute/v2.1/servers/42d73292-1bab-4883-9e24-7ffa41e676e8 1.261s
2025-05-13 17:02:07.584 70295 INFO tempest.common.waiters [-] State transition "BUILD/spawning" ==> "ACTIVE/None" after 49 second wait
2025-05-13 17:02:07.620 70329 INFO tempest.lib.common.rest_client [req-54003c07-521b-4d21-a753-1504c1803723 req-54003c07-521b-4d21-a753-1504c1803723 ] Request (FlavorsAdminTestJSON:tearDownClass): 204 DELETE http://10.180.1.21:9696/networking/v2.0/security-groups/f8b88015-9cd1-42e8-acdc-649481d6733f 0.496s
2025-05-13 17:02:07.628 70301 INFO tempest.lib.common.rest_client [req-164aeb37-b5f3-4ae2-9ad6-08ca19e7a324 req-164aeb37-b5f3-4ae2-9ad6-08ca19e7a324 ] Request (ServersTestFqdnHostnames:test_create_server_with_fqdn_name): 200 GET http://10.180.1.21/compute/v2.1/servers/5f010cf7-c829-4264-93ba-c0db09cf0c46 1.213s
2025-05-13 17:02:07.637 70305 INFO tempest.lib.common.rest_client [req-f0f0abbf-f0dc-4e6f-916a-e0067be19944 req-f0f0abbf-f0dc-4e6f-916a-e0067be19944 ] Request (ServerAddressesNegativeTestJSON:setUpClass): 200 PUT http://10.180.1.21:9696/networking/v2.0/routers/172fa256-9391-40f5-a420-3c99a292d5de/add_router_interface 2.936s
2025-05-13 17:02:07.638 70305 INFO tempest.lib.common.dynamic_creds [-] Created isolated network resources for: credentials: Credentials: {'domain_id': 'default', 'domain_name': 'Default', 'username': 'tempest-ServerAddressesNegativeTestJSON-1147857398-project-member', 'project_domain_id': 'default', 'project_domain_name': 'Default', 'project_id': '3dbf85cb09054b22bdba895e70de2101', 'project_name': 'tempest-ServerAddressesNegativeTestJSON-1147857398', 'tenant_id': '3dbf85cb09054b22bdba895e70de2101', 'tenant_name': 'tempest-ServerAddressesNegativeTestJSON-1147857398', 'user_domain_id': 'default', 'user_domain_name': 'Default', 'user_id': '34a4badead0e48f1b3addc776d7024c3', 'system': None}, Network: {'id': 'c0ec6185-b03e-4b6e-b8d3-b9dc432d172c', 'name': 'tempest-ServerAddressesNegativeTestJSON-1846226073-network', 'tenant_id': '3dbf85cb09054b22bdba895e70de2101', 'admin_state_up': True, 'mtu': 8950, 'status': 'ACTIVE', 'subnets': [], 'shared': False, 'project_id': '3dbf85cb09054b22bdba895e70de2101', 'port_security_enabled': True, 'router:external': False, 'provider:network_type': 'vlan', 'provider:physical_network': 'default', 'provider:segmentation_id': 611, 'availability_zone_hints': [], 'availability_zones': [], 'ipv4_address_scope': None, 'ipv6_address_scope': None, 'description': '', 'tags': [], 'created_at': '2025-05-13T17:02:02Z', 'updated_at': '2025-05-13T17:02:02Z', 'revision_number': 1}, Subnet: {'id': '7d42da50-15a8-45fb-932a-14b203c79503', 'name': 'tempest-ServerAddressesNegativeTestJSON-1846226073-subnet', 'tenant_id': '3dbf85cb09054b22bdba895e70de2101', 'network_id': 'c0ec6185-b03e-4b6e-b8d3-b9dc432d172c', 'ip_version': 4, 'subnetpool_id': None, 'enable_dhcp': True, 'ipv6_ra_mode': None, 'ipv6_address_mode': None, 'gateway_ip': '192.168.128.1', 'cidr': '192.168.128.0/28', 'allocation_pools': [{'start': '192.168.128.2', 'end': '192.168.128.14'}], 'host_routes': [], 'dns_nameservers': [], 'description': '', 'router:external': False, 'service_types': [], 'tags': [], 'created_at': '2025-05-13T17:02:02Z', 'updated_at': '2025-05-13T17:02:02Z', 'revision_number': 0, 'project_id': '3dbf85cb09054b22bdba895e70de2101'}, Router: {'id': '172fa256-9391-40f5-a420-3c99a292d5de', 'name': 'tempest-ServerAddressesNegativeTestJSON-1846226073-router', 'tenant_id': '3dbf85cb09054b22bdba895e70de2101', 'admin_state_up': True, 'status': 'ACTIVE', 'external_gateway_info': {'network_id': 'd1b0d137-89d6-4181-afd4-fe923ec01c9d', 'external_fixed_ips': [{'subnet_id': 'ca2e8275-7f23-480b-b05d-a13a3c2aead1', 'ip_address': '10.180.180.151'}], 'enable_snat': True}, 'description': '', 'availability_zones': [], 'distributed': False, 'ha': False, 'availability_zone_hints': [], 'routes': [], 'flavor_id': None, 'tags': [], 'created_at': '2025-05-13T17:02:03Z', 'updated_at': '2025-05-13T17:02:04Z', 'revision_number': 2, 'project_id': '3dbf85cb09054b22bdba895e70de2101'}
2025-05-13 17:02:07.652 70327 INFO tempest.lib.common.rest_client [req-f2ba2047-9372-411a-a9cc-f054f90c29b5 req-f2ba2047-9372-411a-a9cc-f054f90c29b5 ] Request (ServersAdminTestJSON:setUpClass): 200 GET http://10.180.1.21/compute/v2.1/servers/44a14aaa-9828-4064-be67-b3b432790f05 1.156s
2025-05-13 17:02:07.694 70297 INFO tempest.lib.common.rest_client [req-8d516c82-220c-4527-bece-3303d9bb4d95 req-8d516c82-220c-4527-bece-3303d9bb4d95 ] Request (FloatingIPsAssociationTestJSON:test_associate_already_associated_floating_ip): 200 GET http://10.180.1.21/compute/v2.1/servers/7f191b9f-fc7d-44c7-a16c-e2bc6a137e9e 1.148s
2025-05-13 17:02:07.702 70333 INFO tempest.lib.common.rest_client [req-070ae360-27bb-4b32-8f1d-9c66fec2dd14 req-070ae360-27bb-4b32-8f1d-9c66fec2dd14 ] Request (ServerDiskConfigTestJSON:setUpClass): 201 POST http://10.180.1.21:9696/networking/v2.0/subnets 0.327s
2025-05-13 17:02:07.719 70304 INFO tempest.lib.common.rest_client [req-e67db35a-bd58-4efd-9f7c-5fcac8ce8d48 req-e67db35a-bd58-4efd-9f7c-5fcac8ce8d48 ] Request (AttachInterfacesUnderV243Test:test_add_remove_fixed_ip): 200 GET http://10.180.1.21/compute/v2.1/servers/852d306a-2d59-45dc-8d7b-695084a42bf3 1.141s
2025-05-13 17:02:07.743 70331 INFO tempest.lib.common.rest_client [req-8aea69dd-4c4e-42a2-8774-195c1b75e8f5 req-8aea69dd-4c4e-42a2-8774-195c1b75e8f5 ] Request (KeyPairsV22TestJSON:_run_cleanups): 204 DELETE http://10.180.1.21/compute/v2.1/os-keypairs/tempest-KeyPairsV22TestJSON-keypair-289220061 1.085s
2025-05-13 17:02:07.770 70305 INFO tempest.lib.common.rest_client [req-77324cd1-0b06-4ce9-b814-aa189338584e req-77324cd1-0b06-4ce9-b814-aa189338584e ] Request (ServerAddressesNegativeTestJSON:setUpClass): 201 POST http://10.180.1.21/identity/v3/auth/tokens 0.125s
2025-05-13 17:02:07.777 70329 INFO tempest.lib.common.rest_client [req-b8975021-c1c8-4956-89c4-c8baf7462780 req-b8975021-c1c8-4956-89c4-c8baf7462780 ] Request (FlavorsAdminTestJSON:tearDownClass): 204 DELETE http://10.180.1.21/identity/v3/projects/35c99b3fa95447c58570feb9174beeac 0.156s
2025-05-13 17:02:07.806 70339 INFO tempest.lib.common.rest_client [req-ee747ce6-76a2-4073-ada4-27952b36b204 req-ee747ce6-76a2-4073-ada4-27952b36b204 ] Request (SecurityGroupsTestJSON:test_list_security_groups_by_server): 200 GET http://10.180.1.21/compute/v2.1/servers/b02c6408-c7ab-4f56-8d50-ef6392028b5a 1.222s
2025-05-13 17:02:07.822 70319 INFO tempest.lib.common.rest_client [req-62088837-3929-4ec9-a1c7-bd3328b0f94b req-62088837-3929-4ec9-a1c7-bd3328b0f94b ] Request (ServerTagsTestJSON:tearDownClass): 200 GET http://10.180.1.21/compute/v2.1/servers/2c5c2005-452b-40bf-adcf-b1765600702b 1.082s
2025-05-13 17:02:07.853 70305 INFO tempest.lib.common.rest_client [req-8f4ae932-61e6-4adf-96b2-02c2d9c7071a req-8f4ae932-61e6-4adf-96b2-02c2d9c7071a ] Request (ServerAddressesNegativeTestJSON:setUpClass): 201 POST http://10.180.1.21/identity/v3/auth/tokens 0.078s
2025-05-13 17:02:07.854 70305 INFO tempest.lib.common.fixed_network [-] (ServerAddressesNegativeTestJSON:setUpClass) Found network {'id': 'c0ec6185-b03e-4b6e-b8d3-b9dc432d172c', 'name': 'tempest-ServerAddressesNegativeTestJSON-1846226073-network', 'tenant_id': '3dbf85cb09054b22bdba895e70de2101', 'admin_state_up': True, 'mtu': 8950, 'status': 'ACTIVE', 'subnets': [], 'shared': False, 'project_id': '3dbf85cb09054b22bdba895e70de2101', 'port_security_enabled': True, 'router:external': False, 'provider:network_type': 'vlan', 'provider:physical_network': 'default', 'provider:segmentation_id': 611, 'availability_zone_hints': [], 'availability_zones': [], 'ipv4_address_scope': None, 'ipv6_address_scope': None, 'description': '', 'tags': [], 'created_at': '2025-05-13T17:02:02Z', 'updated_at': '2025-05-13T17:02:02Z', 'revision_number': 1} available for tenant
2025-05-13 17:02:07.873 70329 INFO tempest.lib.common.rest_client [req-9c52d569-4709-48c5-ab39-78c95cd33273 req-9c52d569-4709-48c5-ab39-78c95cd33273 ] Request (FlavorsV255TestJSON:setUpClass): 201 POST http://10.180.1.21/identity/v3/auth/tokens 0.095s
2025-05-13 17:02:07.898 70279 INFO tempest.lib.common.rest_client [req-e67d7d1c-d05b-459a-b543-5e4c1347e6b7 req-e67d7d1c-d05b-459a-b543-5e4c1347e6b7 ] Request (ServersAdmin275Test:tearDownClass): 200 GET http://10.180.1.21/compute/v2.1/servers/ea45ff56-3dbd-4db3-a9bc-889800f28ede 1.156s
2025-05-13 17:02:07.911 70329 INFO tempest.lib.common.rest_client [req-be19aedd-4ac7-4fa6-b32f-47ec0c55526b req-be19aedd-4ac7-4fa6-b32f-47ec0c55526b ] Request (FlavorsV255TestJSON:setUpClass): 201 POST http://10.180.1.21/identity/v3/auth/tokens 0.033s
2025-05-13 17:02:07.940 70329 INFO tempest.lib.common.rest_client [req-6c269576-4426-4566-8e82-82aafe6bb677 req-6c269576-4426-4566-8e82-82aafe6bb677 ] Request (FlavorsV255TestJSON:setUpClass): 200 GET http://10.180.1.21/identity/v3/domains?name=Default 0.028s
2025-05-13 17:02:07.955 70309 INFO tempest.lib.common.rest_client [req-093c685b-1c4e-4ddc-b601-42c865f2d679 req-093c685b-1c4e-4ddc-b601-42c865f2d679 ] Request (ImagesTestJSON:test_create_image_from_stopped_server): 200 GET http://10.180.1.21/compute/v2.1/servers/6d653768-205c-4819-8498-ae0617302a31 1.141s
2025-05-13 17:02:07.978 70335 INFO tempest.lib.common.rest_client [req-878fba94-3d38-4cbe-aea5-c0f7ab566fd9 req-878fba94-3d38-4cbe-aea5-c0f7ab566fd9 ] Request (ListServerFiltersTestJSON:test_list_servers_filter_by_shutoff_status): 200 GET http://10.180.1.21/compute/v2.1/servers/bee65c60-c104-4523-9e3a-1e41ead05854 1.230s
2025-05-13 17:02:07.984 70329 INFO tempest.lib.common.rest_client [req-2a1368e7-4946-4965-b056-adda27ca2c4f req-2a1368e7-4946-4965-b056-adda27ca2c4f ] Request (FlavorsV255TestJSON:setUpClass): 201 POST http://10.180.1.21/identity/v3/projects 0.043s
2025-05-13 17:02:08.019 70293 INFO tempest.lib.common.rest_client [req-64e6a97b-cf2d-48e0-afb6-5d6100717536 req-64e6a97b-cf2d-48e0-afb6-5d6100717536 ] Request (ServersAdminNegativeTestJSON:setUpClass): 200 GET http://10.180.1.21/compute/v2.1/servers/edc30bb6-6257-4e62-8c00-f6169a4b31cc 1.203s
2025-05-13 17:02:08.050 70287 INFO tempest.lib.common.rest_client [req-0630d6dd-db90-4f99-954a-7f6883081030 req-0630d6dd-db90-4f99-954a-7f6883081030 ] Request (ImagesOneServerNegativeTestJSON:setUpClass): 200 GET http://10.180.1.21/compute/v2.1/servers/8eab418d-7191-42f9-8048-11edab75a8c0 1.121s
2025-05-13 17:02:08.060 70329 INFO tempest.lib.common.rest_client [req-9389d1b4-8e41-44bf-9a91-2ecfd381b9c9 req-9389d1b4-8e41-44bf-9a91-2ecfd381b9c9 ] Request (FlavorsV255TestJSON:setUpClass): 201 POST http://10.180.1.21/identity/v3/users 0.076s
2025-05-13 17:02:08.092 70329 INFO tempest.lib.common.rest_client [req-0447b4ab-eb95-448c-b09d-c7b0e75b768f req-0447b4ab-eb95-448c-b09d-c7b0e75b768f ] Request (FlavorsV255TestJSON:setUpClass): 200 GET http://10.180.1.21/identity/v3/roles 0.031s
2025-05-13 17:02:08.141 70329 INFO tempest.lib.common.rest_client [req-57ac410b-133a-4864-b749-1464021ab5f9 req-57ac410b-133a-4864-b749-1464021ab5f9 ] Request (FlavorsV255TestJSON:setUpClass): 204 PUT http://10.180.1.21/identity/v3/projects/9441dc64ddb24a0ebf6f07c26fce4ea2/users/072d567b311b46bebdb663ed1829c87c/roles/90ed858a2dc048fe895692d64020b1f6 0.049s
2025-05-13 17:02:08.142 70329 INFO tempest.lib.common.dynamic_creds [-] Dynamic test user 072d567b311b46bebdb663ed1829c87c is created with scope project and roles: ['member']
2025-05-13 17:02:08.142 70329 INFO tempest.lib.common.dynamic_creds [-] Acquired dynamic creds: credentials: Credentials: {'domain_id': 'default', 'domain_name': 'Default', 'username': 'tempest-FlavorsV255TestJSON-1299505450-project-member', 'project_domain_id': 'default', 'project_domain_name': 'Default', 'project_id': '9441dc64ddb24a0ebf6f07c26fce4ea2', 'project_name': 'tempest-FlavorsV255TestJSON-1299505450', 'tenant_id': '9441dc64ddb24a0ebf6f07c26fce4ea2', 'tenant_name': 'tempest-FlavorsV255TestJSON-1299505450', 'user_domain_id': 'default', 'user_domain_name': 'Default', 'user_id': '072d567b311b46bebdb663ed1829c87c', 'system': None}, Network: None, Subnet: None, Router: None
2025-05-13 17:02:08.142 70329 INFO tempest.lib.common.dynamic_creds [-] Created isolated network resources for: credentials: Credentials: {'domain_id': 'default', 'domain_name': 'Default', 'username': 'tempest-FlavorsV255TestJSON-1299505450-project-member', 'project_domain_id': 'default', 'project_domain_name': 'Default', 'project_id': '9441dc64ddb24a0ebf6f07c26fce4ea2', 'project_name': 'tempest-FlavorsV255TestJSON-1299505450', 'tenant_id': '9441dc64ddb24a0ebf6f07c26fce4ea2', 'tenant_name': 'tempest-FlavorsV255TestJSON-1299505450', 'user_domain_id': 'default', 'user_domain_name': 'Default', 'user_id': '072d567b311b46bebdb663ed1829c87c', 'system': None}, Network: None, Subnet: None, Router: None
2025-05-13 17:02:08.161 70311 INFO tempest.lib.common.rest_client [req-e73ea0f5-8ada-4d8f-9ce6-d70a4ac60b92 req-e73ea0f5-8ada-4d8f-9ce6-d70a4ac60b92 ] Request (VolumesAssistedSnapshotsTest:test_volume_assisted_snapshot_create_delete): 200 GET http://10.180.1.21/compute/v2.1/servers/94296ced-6adc-4f28-9c10-e23a8dd05464 1.087s
2025-05-13 17:02:08.170 70311 INFO tempest.common.waiters [-] State transition "BUILD/spawning" ==> "ACTIVE/None" after 49 second wait
2025-05-13 17:02:08.182 70313 INFO tempest.lib.common.rest_client [req-97d75527-f307-4f47-8442-3386a84fce2c req-97d75527-f307-4f47-8442-3386a84fce2c ] Request (MigrationsAdminTest:test_list_migrations_in_flavor_resize_situation): 200 GET http://10.180.1.21/compute/v2.1/servers/e51fd4e8-c2ba-46aa-8df2-2748bd45e53b 0.862s
2025-05-13 17:02:08.258 70315 INFO tempest.lib.common.rest_client [req-b75b71ed-84d9-4cf6-a286-a804187eaf02 req-b75b71ed-84d9-4cf6-a286-a804187eaf02 ] Request (FloatingIPsAssociationNegativeTestJSON:setUpClass): 200 GET http://10.180.1.21/compute/v2.1/servers/cce1a170-4a15-4b02-b745-b22ad8fb694c 0.862s
2025-05-13 17:02:08.283 70307 INFO tempest.lib.common.rest_client [req-0cee1bcd-0309-44ec-8e94-7de2e7dff888 req-0cee1bcd-0309-44ec-8e94-7de2e7dff888 ] Request (ServerExternalEventsTest:tearDownClass): 200 GET http://10.180.1.21/compute/v2.1/servers/d9c64ac2-593a-4a14-8e6b-bbe9bef1baf2 0.816s
2025-05-13 17:02:08.291 70329 INFO tempest.lib.common.rest_client [req-62b7fbcb-cc57-4053-82f1-6d1eaf31ec38 req-62b7fbcb-cc57-4053-82f1-6d1eaf31ec38 ] Request (FlavorsV255TestJSON:setUpClass): 201 POST http://10.180.1.21/identity/v3/auth/tokens 0.146s
2025-05-13 17:02:08.386 70299 INFO tempest.lib.common.rest_client [req-13d1701b-d21c-4b6c-a510-6886700f07e4 req-13d1701b-d21c-4b6c-a510-6886700f07e4 ] Request (ServerDiagnosticsV248Test:test_get_server_diagnostics): 200 GET http://10.180.1.21/compute/v2.1/servers/cb557354-aef6-493d-b1a1-5a588e5f354a 0.850s
2025-05-13 17:02:08.393 70295 INFO tempest.lib.common.rest_client [req-3bdfabe1-98d1-4591-9011-a8541b0868b0 req-3bdfabe1-98d1-4591-9011-a8541b0868b0 ] Request (ServersWithSpecificFlavorTestJSON:test_verify_created_server_ephemeral_disk): 200 GET http://10.180.1.21/compute/v2.1/servers/42d73292-1bab-4883-9e24-7ffa41e676e8/os-interface 0.809s
2025-05-13 17:02:08.407 70329 INFO tempest.lib.common.rest_client [req-feadde50-98ca-4576-9603-d20e491592c3 req-feadde50-98ca-4576-9603-d20e491592c3 ] Request (FlavorsV255TestJSON:setUpClass): 201 POST http://10.180.1.21/identity/v3/projects 0.115s
2025-05-13 17:02:08.489 70329 INFO tempest.lib.common.rest_client [req-4c941598-e090-4c0c-9068-017bf5c5122c req-4c941598-e090-4c0c-9068-017bf5c5122c ] Request (FlavorsV255TestJSON:setUpClass): 201 POST http://10.180.1.21/identity/v3/users 0.082s
2025-05-13 17:02:08.503 70283 INFO tempest.lib.common.rest_client [req-791793eb-719c-4419-aa42-0d454fa72d1a req-791793eb-719c-4419-aa42-0d454fa72d1a ] Request (ServerRescueTestJSON:setUpClass): 200 GET http://10.180.1.21/compute/v2.1/servers/7b977ddd-db1f-49dc-aa2b-13559e67e932 0.848s
2025-05-13 17:02:08.510 70321 INFO tempest.lib.common.rest_client [req-3e602c42-5121-4796-82f7-7dd15c902f37 req-3e602c42-5121-4796-82f7-7dd15c902f37 ] Request (VolumesAdminNegativeTest:test_update_attached_volume_with_nonexistent_volume_in_body): 200 GET http://10.180.1.21/compute/v2.1/servers/821205fe-7909-41d0-83ce-6f711906093a 0.920s
2025-05-13 17:02:08.515 70283 INFO tempest.common.waiters [-] State transition "BUILD/scheduling" ==> "BUILD/None" after 22 second wait
2025-05-13 17:02:08.523 70329 INFO tempest.lib.common.rest_client [req-5cbf280c-d151-4035-a36a-3f898f5d1218 req-5cbf280c-d151-4035-a36a-3f898f5d1218 ] Request (FlavorsV255TestJSON:setUpClass): 200 GET http://10.180.1.21/identity/v3/roles 0.033s
2025-05-13 17:02:08.573 70329 INFO tempest.lib.common.rest_client [req-c9f89abe-ac2f-4d64-af60-923b54b40c61 req-c9f89abe-ac2f-4d64-af60-923b54b40c61 ] Request (FlavorsV255TestJSON:setUpClass): 204 PUT http://10.180.1.21/identity/v3/projects/5e40db462cdd4d3aa384978ed0a0921c/users/d83246d1f9cd4719bcf9633acc828f4a/roles/855b62fa12ee4b80942e0aded3d876f7 0.049s
2025-05-13 17:02:08.608 70323 INFO tempest.lib.common.rest_client [req-6242b747-86d1-411f-b5d8-601c02185233 req-6242b747-86d1-411f-b5d8-601c02185233 ] Request (ServerActionsV293TestJSON:setUpClass): 200 GET http://10.180.1.21/volume/v3/volumes/76bb7345-5750-47a2-b602-354b30899134 0.039s
2025-05-13 17:02:08.631 70291 INFO tempest.lib.common.rest_client [req-9a6c3db2-3ce9-41dd-bddd-5a5417b84da4 req-9a6c3db2-3ce9-41dd-bddd-5a5417b84da4 ] Request (DeleteServersAdminTestJSON:test_delete_server_while_in_error_state): 200 GET http://10.180.1.21/compute/v2.1/servers/cf385d59-a953-4dd8-a4e5-3ff6369c27d7 0.970s
2025-05-13 17:02:08.643 70333 INFO tempest.lib.common.rest_client [req-e5925882-fbc5-4007-ba41-351b3a3e3a80 req-e5925882-fbc5-4007-ba41-351b3a3e3a80 ] Request (ServerDiskConfigTestJSON:setUpClass): 201 POST http://10.180.1.21:9696/networking/v2.0/routers 0.940s
2025-05-13 17:02:08.662 70331 INFO tempest.lib.common.rest_client [req-a91b6bf2-1c0d-4be4-9515-324e37b045b0 req-a91b6bf2-1c0d-4be4-9515-324e37b045b0 ] Request (KeyPairsV22TestJSON:_run_cleanups): 204 DELETE http://10.180.1.21/compute/v2.1/os-keypairs/tempest-KeyPairsV22TestJSON-keypair-1390563285 0.918s
2025-05-13 17:02:08.667 70337 INFO tempest.lib.common.rest_client [req-4089703d-db0e-4ce4-890b-ed9b3fafefb6 req-4089703d-db0e-4ce4-890b-ed9b3fafefb6 ] Request (ServerDiagnosticsNegativeTest:tearDownClass): 200 GET http://10.180.1.21/compute/v2.1/servers/54797e67-1bde-45e4-b12a-50b1287244c6 0.935s
2025-05-13 17:02:08.669 70329 INFO tempest.lib.common.rest_client [req-86350b75-a2d5-4f16-bd95-301f298726bc req-86350b75-a2d5-4f16-bd95-301f298726bc ] Request (FlavorsV255TestJSON:setUpClass): 200 GET http://10.180.1.21/identity/v3/roles 0.096s
2025-05-13 17:02:08.715 70329 INFO tempest.lib.common.rest_client [req-8a6108a1-7e7e-45f3-8835-67b1eae78552 req-8a6108a1-7e7e-45f3-8835-67b1eae78552 ] Request (FlavorsV255TestJSON:setUpClass): 204 PUT http://10.180.1.21/identity/v3/projects/5e40db462cdd4d3aa384978ed0a0921c/users/d83246d1f9cd4719bcf9633acc828f4a/roles/855b62fa12ee4b80942e0aded3d876f7 0.046s
2025-05-13 17:02:08.716 70329 INFO tempest.lib.common.dynamic_creds [-] Dynamic test user d83246d1f9cd4719bcf9633acc828f4a is created with scope project and roles: ['admin']
2025-05-13 17:02:08.716 70329 INFO tempest.lib.common.dynamic_creds [-] Acquired dynamic creds: credentials: Credentials: {'domain_id': 'default', 'domain_name': 'Default', 'username': 'tempest-FlavorsV255TestJSON-357761142-project-admin', 'project_domain_id': 'default', 'project_domain_name': 'Default', 'project_id': '5e40db462cdd4d3aa384978ed0a0921c', 'project_name': 'tempest-FlavorsV255TestJSON-357761142', 'tenant_id': '5e40db462cdd4d3aa384978ed0a0921c', 'tenant_name': 'tempest-FlavorsV255TestJSON-357761142', 'user_domain_id': 'default', 'user_domain_name': 'Default', 'user_id': 'd83246d1f9cd4719bcf9633acc828f4a', 'system': None}, Network: None, Subnet: None, Router: None
2025-05-13 17:02:08.716 70329 INFO tempest.lib.common.dynamic_creds [-] Created isolated network resources for: credentials: Credentials: {'domain_id': 'default', 'domain_name': 'Default', 'username': 'tempest-FlavorsV255TestJSON-357761142-project-admin', 'project_domain_id': 'default', 'project_domain_name': 'Default', 'project_id': '5e40db462cdd4d3aa384978ed0a0921c', 'project_name': 'tempest-FlavorsV255TestJSON-357761142', 'tenant_id': '5e40db462cdd4d3aa384978ed0a0921c', 'tenant_name': 'tempest-FlavorsV255TestJSON-357761142', 'user_domain_id': 'default', 'user_domain_name': 'Default', 'user_id': 'd83246d1f9cd4719bcf9633acc828f4a', 'system': None}, Network: None, Subnet: None, Router: None
2025-05-13 17:02:08.846 70329 INFO tempest.lib.common.rest_client [req-d5ba5e0e-4131-4773-8f46-3c6f3e7c669e req-d5ba5e0e-4131-4773-8f46-3c6f3e7c669e ] Request (FlavorsV255TestJSON:setUpClass): 201 POST http://10.180.1.21/identity/v3/auth/tokens 0.127s
2025-05-13 17:02:08.851 70289 INFO tempest.lib.common.rest_client [req-ee2caaca-5c24-42b5-9728-aeb3d54e4e96 req-ee2caaca-5c24-42b5-9728-aeb3d54e4e96 ] Request (ServerActionsTestOtherA:setUpClass): 200 GET http://10.180.1.21/compute/v2.1/servers/e8a8267c-9619-4668-8ac1-e485a202a451 1.048s
2025-05-13 17:02:08.857 70285 INFO tempest.lib.common.rest_client [req-a852724f-14f2-428e-9fc7-b84a8f3b4bae req-a852724f-14f2-428e-9fc7-b84a8f3b4bae ] Request (ServerShowV257Test:tearDownClass): 200 GET http://10.180.1.21/compute/v2.1/servers/e2c6a4f3-29a3-44d2-8f12-f5e1d2d31f6e 1.018s
2025-05-13 17:02:08.980 70317 INFO tempest.lib.common.rest_client [req-3168dad8-5289-4326-8584-435f8877cc00 req-3168dad8-5289-4326-8584-435f8877cc00 ] Request (TenantUsagesTestJSON:tearDownClass): 200 GET http://10.180.1.21/compute/v2.1/servers/91126fa6-9e98-4c41-917b-a2fc6ed3d9db 1.066s
2025-05-13 17:02:09.068 70277 INFO tempest.lib.common.rest_client [req-47b58641-c290-4b42-afa7-cc775a719598 req-47b58641-c290-4b42-afa7-cc775a719598 ] Request (ServersTestManualDisk:setUpClass): 200 GET http://10.180.1.21/compute/v2.1/servers/98ca6f56-599f-4f61-b544-cbc1e593f9c2 1.089s
2025-05-13 17:02:09.340 70325 INFO tempest.lib.common.rest_client [req-d9b45805-59a8-45f1-95f2-fc829a06d5a8 req-d9b45805-59a8-45f1-95f2-fc829a06d5a8 ] Request (ServersTestBootFromVolume:setUpClass): 200 GET http://10.180.1.21/compute/v2.1/servers/989e07aa-00f8-48d4-8a6c-1ffbf153e66e 1.208s
2025-05-13 17:02:09.347 70325 INFO tempest.common.waiters [-] State transition "BUILD/block_device_mapping" ==> "BUILD/spawning" after 41 second wait
2025-05-13 17:02:09.457 70311 INFO tempest.lib.common.rest_client [req-6e9e1025-1087-45b0-8f7a-cb95c27861a3 req-6e9e1025-1087-45b0-8f7a-cb95c27861a3 ] Request (VolumesAssistedSnapshotsTest:test_volume_assisted_snapshot_create_delete): 200 GET http://10.180.1.21/compute/v2.1/servers/94296ced-6adc-4f28-9c10-e23a8dd05464/os-interface 1.286s
2025-05-13 17:02:09.532 70281 INFO tempest.lib.common.rest_client [req-6956b1de-971d-452d-b8d3-c8e90493fdd5 req-6956b1de-971d-452d-b8d3-c8e90493fdd5 ] Request (AttachInterfacesTestJSON:test_create_list_show_delete_interfaces_by_fixed_ip): 200 GET http://10.180.1.21/compute/v2.1/servers/c9a3fe9a-ec34-4625-9571-3b708815ee1e 1.070s
2025-05-13 17:02:09.668 70323 INFO tempest.lib.common.rest_client [req-ec443473-a7aa-46ba-bc0d-ab7c09fab86a req-ec443473-a7aa-46ba-bc0d-ab7c09fab86a ] Request (ServerActionsV293TestJSON:setUpClass): 200 GET http://10.180.1.21/volume/v3/volumes/76bb7345-5750-47a2-b602-354b30899134 0.049s
2025-05-13 17:02:09.716 70305 INFO tempest.lib.common.rest_client [req-f6fef7ac-c735-4b39-81a8-edcdf8f236ab req-f6fef7ac-c735-4b39-81a8-edcdf8f236ab ] Request (ServerAddressesNegativeTestJSON:setUpClass): 202 POST http://10.180.1.21/compute/v2.1/servers 1.862s
2025-05-13 17:02:09.737 70331 INFO tempest.lib.common.rest_client [req-82962e4c-56c2-4071-9b46-67bfd90067f0 req-82962e4c-56c2-4071-9b46-67bfd90067f0 ] Request (KeyPairsV22TestJSON:_run_cleanups): 204 DELETE http://10.180.1.21/compute/v2.1/os-keypairs/tempest-KeyPairsV22TestJSON-keypair-109040083 1.071s
2025-05-13 17:02:09.928 70295 INFO tempest.lib.common.rest_client [req-deeaece9-f182-417b-a872-974dc06f6ad8 req-deeaece9-f182-417b-a872-974dc06f6ad8 ] Request (ServersWithSpecificFlavorTestJSON:test_verify_created_server_ephemeral_disk): 200 PUT http://10.180.1.21:9696/networking/v2.0/floatingips/20464179-b7b5-4b43-9e27-1a3715cd10d3 1.532s
2025-05-13 17:02:09.932 70327 INFO tempest.lib.common.rest_client [req-c53e587e-4143-43f6-8415-caaa1d8d647f req-c53e587e-4143-43f6-8415-caaa1d8d647f ] Request (ServersAdminTestJSON:setUpClass): 200 GET http://10.180.1.21/compute/v2.1/servers/44a14aaa-9828-4064-be67-b3b432790f05 1.265s
2025-05-13 17:02:09.942 70301 INFO tempest.lib.common.rest_client [req-0779593e-9960-43d2-9b4f-7f12ef654008 req-0779593e-9960-43d2-9b4f-7f12ef654008 ] Request (ServersTestFqdnHostnames:test_create_server_with_fqdn_name): 200 GET http://10.180.1.21/compute/v2.1/servers/5f010cf7-c829-4264-93ba-c0db09cf0c46 1.302s
2025-05-13 17:02:10.013 70297 INFO tempest.lib.common.rest_client [req-9f9b82ab-bf14-419f-a99e-1f42c2bda11c req-9f9b82ab-bf14-419f-a99e-1f42c2bda11c ] Request (FloatingIPsAssociationTestJSON:test_associate_already_associated_floating_ip): 200 GET http://10.180.1.21/compute/v2.1/servers/7f191b9f-fc7d-44c7-a16c-e2bc6a137e9e 1.309s
2025-05-13 17:02:10.025 70304 INFO tempest.lib.common.rest_client [req-7c3b83e1-7fbe-4061-bb09-11e8843c3a4e req-7c3b83e1-7fbe-4061-bb09-11e8843c3a4e ] Request (AttachInterfacesUnderV243Test:test_add_remove_fixed_ip): 200 GET http://10.180.1.21/compute/v2.1/servers/852d306a-2d59-45dc-8d7b-695084a42bf3 1.296s
2025-05-13 17:02:10.125 70319 INFO tempest.lib.common.rest_client [req-e538fafc-51f9-4a8c-9879-d7a000304d20 req-e538fafc-51f9-4a8c-9879-d7a000304d20 ] Request (ServerTagsTestJSON:tearDownClass): 200 GET http://10.180.1.21/compute/v2.1/servers/2c5c2005-452b-40bf-adcf-b1765600702b 1.289s
2025-05-13 17:02:10.135 70319 INFO tempest.common.waiters [-] State transition "ACTIVE/deleting" ==> "DELETED/None" after 5 second wait
2025-05-13 17:02:10.204 70329 INFO tempest.lib.common.rest_client [req-8020b8fe-4bd7-4cae-ae41-4cbd7d503eef req-8020b8fe-4bd7-4cae-ae41-4cbd7d503eef ] Request (FlavorsV255TestJSON:test_crud_flavor): 200 POST http://10.180.1.21/compute/v2.1/flavors 1.357s
2025-05-13 17:02:10.226 70339 INFO tempest.lib.common.rest_client [req-4bc9c625-603f-4846-a646-dfc8759e44f0 req-4bc9c625-603f-4846-a646-dfc8759e44f0 ] Request (SecurityGroupsTestJSON:test_list_security_groups_by_server): 200 GET http://10.180.1.21/compute/v2.1/servers/b02c6408-c7ab-4f56-8d50-ef6392028b5a 1.411s
2025-05-13 17:02:10.333 70309 INFO tempest.lib.common.rest_client [req-34f58202-ec5a-4c31-806f-f1757bd48fe0 req-34f58202-ec5a-4c31-806f-f1757bd48fe0 ] Request (ImagesTestJSON:test_create_image_from_stopped_server): 200 GET http://10.180.1.21/compute/v2.1/servers/6d653768-205c-4819-8498-ae0617302a31 1.364s
2025-05-13 17:02:10.347 70279 INFO tempest.lib.common.rest_client [req-86c41294-fb38-4762-9a33-9d41e1ce3112 req-86c41294-fb38-4762-9a33-9d41e1ce3112 ] Request (ServersAdmin275Test:tearDownClass): 200 GET http://10.180.1.21/compute/v2.1/servers/ea45ff56-3dbd-4db3-a9bc-889800f28ede 1.437s
2025-05-13 17:02:10.419 70333 INFO tempest.lib.common.rest_client [req-0de36f98-dff1-458c-9cca-f1f70f3ce1fa req-0de36f98-dff1-458c-9cca-f1f70f3ce1fa ] Request (ServerDiskConfigTestJSON:setUpClass): 200 PUT http://10.180.1.21:9696/networking/v2.0/routers/5a68dc78-6efc-4df1-b7e2-7e8022b3a52c/add_router_interface 1.776s
