2025-05-13 17:03:11.436 70327 INFO tempest.lib.common.rest_client [req-4885df1b-e3a7-4ccc-bb4c-e1cf37b1117b req-4885df1b-e3a7-4ccc-bb4c-e1cf37b1117b ] Request (ServersAdminTestJSON:setUpClass): 200 GET http://10.180.1.21/compute/v2.1/servers/44a14aaa-9828-4064-be67-b3b432790f05 0.265s
2025-05-13 17:03:11.497 70285 INFO tempest.lib.common.rest_client [req-1ba6183d-b3fc-4347-83aa-ed48749141e3 req-1ba6183d-b3fc-4347-83aa-ed48749141e3 ] Request (AttachVolumeTestJSON:test_attach_detach_volume): 200 GET http://10.180.1.21/compute/v2.1/servers/0a9ce531-68c9-4033-bbd5-9b5dec9f73c5 0.188s
2025-05-13 17:03:11.500 70333 INFO tempest.lib.common.rest_client [req-4b874208-a9cc-47e4-925c-81daa0d6b8a2 req-4b874208-a9cc-47e4-925c-81daa0d6b8a2 ] Request (ServerDiskConfigTestJSON:test_rebuild_server_with_auto_disk_config): 200 GET http://10.180.1.21/compute/v2.1/servers/82f7fa6c-e2b6-4e9d-b2c5-b8e0e246f8c6 0.139s
2025-05-13 17:03:11.552 70299 INFO tempest.lib.common.rest_client [req-48c34a77-a0dc-4bf8-b6b4-e49db7e4dc76 req-48c34a77-a0dc-4bf8-b6b4-e49db7e4dc76 ] Request (ServerDiagnosticsV248Test:tearDownClass): 200 GET http://10.180.1.21:9696/networking/v2.0/security-groups?tenant_id=e531716ceead46d0a93c49f98a4672a7&name=default 0.245s
2025-05-13 17:03:11.567 70323 INFO tempest.lib.common.rest_client [req-0e416560-5448-4133-b1e6-f3c2327eeb72 req-0e416560-5448-4133-b1e6-f3c2327eeb72 ] Request (ServerActionsV293TestJSON:setUpClass): 200 GET http://10.180.1.21/compute/v2.1/servers/6468b8f3-ad85-4e14-acad-94ba367e2629 0.148s
2025-05-13 17:03:11.604 70309 INFO tempest.lib.common.rest_client [req-f31b136b-19bd-4fa2-bb90-e15544b378c0 req-f31b136b-19bd-4fa2-bb90-e15544b378c0 ] Request (ImagesTestJSON:test_create_image_from_stopped_server): 200 GET http://10.180.1.21/compute/v2.1/servers/6d653768-205c-4819-8498-ae0617302a31 0.234s
2025-05-13 17:03:11.613 70313 INFO tempest.lib.common.rest_client [req-ae7bcb54-cebb-4ea7-81f0-5e679386f966 req-ae7bcb54-cebb-4ea7-81f0-5e679386f966 ] Request (MigrationsAdminTest:test_resize_server_revert_deleted_flavor): 200 GET http://10.180.1.21/compute/v2.1/servers/debf70b0-ab28-479a-9928-024b5c0ae947 0.181s
2025-05-13 17:03:11.647 70299 INFO tempest.lib.common.rest_client [req-d88c8c09-7953-4164-a70f-3edafc4acdc0 req-d88c8c09-7953-4164-a70f-3edafc4acdc0 ] Request (ServerDiagnosticsV248Test:tearDownClass): 204 DELETE http://10.180.1.21:9696/networking/v2.0/security-groups/4ee1c8b9-cf32-4642-9171-d4be7f5033e7 0.094s
2025-05-13 17:03:11.669 70293 INFO tempest.lib.common.rest_client [req-a89f4c2c-f143-4b56-a622-ae520e4697af req-a89f4c2c-f143-4b56-a622-ae520e4697af ] Request (ServersAdminNegativeTestJSON:test_migrate_server_invalid_state): 200 GET http://10.180.1.21/compute/v2.1/servers/b3b002b6-4835-4e08-b66c-6185be72dd66 0.165s
2025-05-13 17:03:11.674 70283 INFO tempest.lib.common.rest_client [req-07779851-f940-4c46-bbc2-45f95b36a0b4 req-07779851-f940-4c46-bbc2-45f95b36a0b4 ] Request (ServerRescueTestJSON:test_rescue_unrescue_instance): 200 GET http://10.180.1.21/compute/v2.1/servers/0daccc65-92c2-4373-889b-2985ae46bcd3 0.099s
2025-05-13 17:03:11.719 70299 INFO tempest.lib.common.rest_client [req-8559d098-ec52-44cb-83bc-ae0a1f2e6f0f req-8559d098-ec52-44cb-83bc-ae0a1f2e6f0f ] Request (ServerDiagnosticsV248Test:tearDownClass): 204 DELETE http://10.180.1.21/identity/v3/projects/e531716ceead46d0a93c49f98a4672a7 0.071s
2025-05-13 17:03:11.719 70299 INFO tempest.lib.common.dynamic_creds [-] Deleting project and security group for project: 928db1aa8ca4426baf786e93b8864e80
2025-05-13 17:03:11.722 70279 INFO tempest.lib.common.rest_client [req-46b02d31-fb1e-4c77-b609-989a65024944 req-46b02d31-fb1e-4c77-b609-989a65024944 ] Request (ServerActionsTestOtherB:setUpClass): 200 GET http://10.180.1.21/compute/v2.1/servers/db9e828d-2231-429d-bc03-f60d03e7897a 0.079s
2025-05-13 17:03:11.774 70297 INFO tempest.lib.common.rest_client [req-6ce9d7e3-a60d-4f58-817b-b6df3a878ec2 req-6ce9d7e3-a60d-4f58-817b-b6df3a878ec2 ] Request (FloatingIPsAssociationTestJSON:test_associate_already_associated_floating_ip): 200 GET http://10.180.1.21/compute/v2.1/servers/7f191b9f-fc7d-44c7-a16c-e2bc6a137e9e 0.121s
2025-05-13 17:03:11.785 70315 INFO tempest.lib.common.rest_client [req-3d76da94-2d7b-41b3-b8a1-e05625ac2f0c req-3d76da94-2d7b-41b3-b8a1-e05625ac2f0c ] Request (FloatingIPsAssociationNegativeTestJSON:setUpClass): 200 GET http://10.180.1.21/compute/v2.1/servers/cce1a170-4a15-4b02-b745-b22ad8fb694c 0.200s
2025-05-13 17:03:11.828 70299 INFO tempest.lib.common.rest_client [req-464f7fd0-e60d-44e8-8a1d-ce17caa66efc req-464f7fd0-e60d-44e8-8a1d-ce17caa66efc ] Request (ServerDiagnosticsV248Test:tearDownClass): 200 GET http://10.180.1.21:9696/networking/v2.0/security-groups?tenant_id=928db1aa8ca4426baf786e93b8864e80&name=default 0.108s
2025-05-13 17:03:11.855 70295 WARNING tempest.lib.common.ssh [-] Failed to establish authenticated ssh connection to cirros@10.180.180.181 ([Errno None] Unable to connect to port 22 on 10.180.180.181). Number attempts: 8. Retry after 9 seconds.: paramiko.ssh_exception.NoValidConnectionsError: [Errno None] Unable to connect to port 22 on 10.180.180.181
2025-05-13 17:03:11.909 70299 INFO tempest.lib.common.rest_client [req-40dfa6d8-1d29-4c2b-8228-9f5011b0619a req-40dfa6d8-1d29-4c2b-8228-9f5011b0619a ] Request (ServerDiagnosticsV248Test:tearDownClass): 204 DELETE http://10.180.1.21:9696/networking/v2.0/security-groups/201ec3b9-388d-4d50-b146-b0198b5bdf0f 0.081s
2025-05-13 17:03:12.006 70299 INFO tempest.lib.common.rest_client [req-81522fe8-753e-4fbe-8ade-893a6880c90c req-81522fe8-753e-4fbe-8ade-893a6880c90c ] Request (ServerDiagnosticsV248Test:tearDownClass): 204 DELETE http://10.180.1.21/identity/v3/projects/928db1aa8ca4426baf786e93b8864e80 0.097s
2025-05-13 17:03:12.007 70299 INFO tempest.test [-] raised in ServersOnMultiNodesTest.setUpClass. Invoking tearDownClass.
2025-05-13 17:03:12.050 70339 INFO tempest.lib.common.rest_client [req-1c5ae0e1-4d75-401f-8441-d4b99f79c184 req-1c5ae0e1-4d75-401f-8441-d4b99f79c184 ] Request (SecurityGroupsTestJSON:test_server_security_groups): 200 GET http://10.180.1.21/compute/v2.1/servers/be5c5429-3f71-49c8-8585-b622a7f423a3 0.095s
2025-05-13 17:03:12.078 70291 INFO tempest.lib.common.rest_client [req-b6b7b8b4-e35c-4eca-911c-ef583d659544 req-b6b7b8b4-e35c-4eca-911c-ef583d659544 ] Request (DeleteServersAdminTestJSON:test_delete_server_while_in_error_state): 200 GET http://10.180.1.21/compute/v2.1/servers/cf385d59-a953-4dd8-a4e5-3ff6369c27d7 0.109s
2025-05-13 17:03:12.091 70299 INFO tempest.lib.common.rest_client [req-55f8f946-8c14-49da-9c51-5a9aad4a7e60 req-55f8f946-8c14-49da-9c51-5a9aad4a7e60 ] Request (ImagesOneServerTestJSON:setUpClass): 201 POST http://10.180.1.21/identity/v3/auth/tokens 0.081s
2025-05-13 17:03:12.124 70305 INFO tempest.lib.common.rest_client [req-ec045104-13e4-4b74-bafb-6e0b6b5b4f77 req-ec045104-13e4-4b74-bafb-6e0b6b5b4f77 ] Request (ServerAddressesNegativeTestJSON:setUpClass): 200 GET http://10.180.1.21/compute/v2.1/servers/8501d05c-e4f1-45ba-bcca-15b8def23472 0.111s
2025-05-13 17:03:12.134 70299 INFO tempest.lib.common.rest_client [req-f40866e2-9ccf-46bf-b18d-65da51597488 req-f40866e2-9ccf-46bf-b18d-65da51597488 ] Request (ImagesOneServerTestJSON:setUpClass): 201 POST http://10.180.1.21/identity/v3/auth/tokens 0.041s
2025-05-13 17:03:12.160 70335 INFO tempest.lib.common.rest_client [req-7c5dc56f-9ced-442d-99d2-5892e9a83677 req-7c5dc56f-9ced-442d-99d2-5892e9a83677 ] Request (ListServerFiltersTestJSON:tearDownClass): 200 GET http://10.180.1.21/compute/v2.1/servers/29558655-499e-4dee-b322-5de67728670a 0.096s
2025-05-13 17:03:12.162 70299 INFO tempest.lib.common.rest_client [req-3890d7ee-eb58-45b0-9d1d-8c36f30cf2c6 req-3890d7ee-eb58-45b0-9d1d-8c36f30cf2c6 ] Request (ImagesOneServerTestJSON:setUpClass): 200 GET http://10.180.1.21/identity/v3/domains?name=Default 0.027s
2025-05-13 17:03:12.196 70299 INFO tempest.lib.common.rest_client [req-c956318f-efba-4e6c-aeb8-10d7779ef39e req-c956318f-efba-4e6c-aeb8-10d7779ef39e ] Request (ImagesOneServerTestJSON:setUpClass): 201 POST http://10.180.1.21/identity/v3/projects 0.034s
2025-05-13 17:03:12.199 70329 INFO tempest.lib.common.rest_client [req-59494443-c206-4598-83fd-7d1e62fc9e3c req-59494443-c206-4598-83fd-7d1e62fc9e3c ] Request (ServerShowV254Test:test_rebuild_server): 200 GET http://10.180.1.21/compute/v2.1/servers/62f9b943-e4b9-4350-adeb-93a8fcd8110d 0.115s
2025-05-13 17:03:12.219 70307 INFO tempest.lib.common.rest_client [req-e64b0578-1041-447a-8862-65b692964965 req-e64b0578-1041-447a-8862-65b692964965 ] Request (ServerGroupTestJSON:test_create_server_with_scheduler_hint_group): 200 GET http://10.180.1.21/compute/v2.1/servers/81bf191a-8bd1-4e58-a172-7663063d4c6c 0.085s
2025-05-13 17:03:12.265 70337 INFO tempest.lib.common.rest_client [req-c6d51fe8-fc86-499d-ad90-66cbe776a078 req-c6d51fe8-fc86-499d-ad90-66cbe776a078 ] Request (ServerPasswordTestJSON:setUpClass): 200 GET http://10.180.1.21/compute/v2.1/servers/e91a0217-bc9b-4a26-b725-5c8ce2ee3549 0.066s
2025-05-13 17:03:12.276 70299 INFO tempest.lib.common.rest_client [req-a811e993-ece9-4af3-aabf-1c5844d0b4af req-a811e993-ece9-4af3-aabf-1c5844d0b4af ] Request (ImagesOneServerTestJSON:setUpClass): 201 POST http://10.180.1.21/identity/v3/users 0.079s
2025-05-13 17:03:12.305 70299 INFO tempest.lib.common.rest_client [req-83590c64-90cc-404d-a077-00254aa00d02 req-83590c64-90cc-404d-a077-00254aa00d02 ] Request (ImagesOneServerTestJSON:setUpClass): 200 GET http://10.180.1.21/identity/v3/roles 0.028s
2025-05-13 17:03:12.335 70299 INFO tempest.lib.common.rest_client [req-303e3898-cf02-4db9-99dd-733a6755b99c req-303e3898-cf02-4db9-99dd-733a6755b99c ] Request (ImagesOneServerTestJSON:setUpClass): 204 PUT http://10.180.1.21/identity/v3/projects/946fffb95b0442c8807a1debe8a7870f/users/2f460d52ec3d4a649dc018d418851d22/roles/90ed858a2dc048fe895692d64020b1f6 0.029s
2025-05-13 17:03:12.335 70299 INFO tempest.lib.common.dynamic_creds [-] Dynamic test user 2f460d52ec3d4a649dc018d418851d22 is created with scope project and roles: ['member']
2025-05-13 17:03:12.335 70299 INFO tempest.lib.common.dynamic_creds [-] Acquired dynamic creds: credentials: Credentials: {'domain_id': 'default', 'domain_name': 'Default', 'username': 'tempest-ImagesOneServerTestJSON-1585328689-project-member', 'project_domain_id': 'default', 'project_domain_name': 'Default', 'project_id': '946fffb95b0442c8807a1debe8a7870f', 'project_name': 'tempest-ImagesOneServerTestJSON-1585328689', 'tenant_id': '946fffb95b0442c8807a1debe8a7870f', 'tenant_name': 'tempest-ImagesOneServerTestJSON-1585328689', 'user_domain_id': 'default', 'user_domain_name': 'Default', 'user_id': '2f460d52ec3d4a649dc018d418851d22', 'system': None}, Network: None, Subnet: None, Router: None
2025-05-13 17:03:12.343 70281 INFO paramiko.transport [-] Connected (version 2.0, client dropbear_2020.81)
2025-05-13 17:03:12.351 70301 INFO tempest.lib.common.rest_client [req-f4a70b9a-dc52-4598-882b-9780410f0b04 req-f4a70b9a-dc52-4598-882b-9780410f0b04 ] Request (ServersTestFqdnHostnames:tearDownClass): 200 GET http://10.180.1.21/compute/v2.1/servers/5f010cf7-c829-4264-93ba-c0db09cf0c46 0.067s
2025-05-13 17:03:12.404 70281 INFO paramiko.transport [-] Authentication (publickey) successful!
2025-05-13 17:03:12.404 70281 INFO tempest.lib.common.ssh [-] ssh connection to cirros@10.180.180.156 successfully created
2025-05-13 17:03:12.410 70299 INFO tempest.lib.common.rest_client [req-5779fd9e-50d9-4144-9829-4404529e6490 req-5779fd9e-50d9-4144-9829-4404529e6490 ] Request (ImagesOneServerTestJSON:setUpClass): 201 POST http://10.180.1.21/identity/v3/auth/tokens 0.074s
2025-05-13 17:03:12.431 70311 WARNING tempest.lib.common.ssh [-] Failed to establish authenticated ssh connection to cirros@10.180.180.140 ([Errno None] Unable to connect to port 22 on 10.180.180.140). Number attempts: 8. Retry after 9 seconds.: paramiko.ssh_exception.NoValidConnectionsError: [Errno None] Unable to connect to port 22 on 10.180.180.140
2025-05-13 17:03:12.433 70319 INFO tempest.lib.common.rest_client [req-c488edd9-07da-49a6-9bd7-14181e7bb709 req-c488edd9-07da-49a6-9bd7-14181e7bb709 ] Request (ServersTestJSON:test_create_server_specify_multibyte_character_name): 200 GET http://10.180.1.21/compute/v2.1/servers/a363197e-38b3-48fb-a1fe-6664f613458b 0.066s
2025-05-13 17:03:12.439 70287 INFO tempest.lib.common.rest_client [req-b529c1da-b64f-40e4-9e91-040d0c442097 req-b529c1da-b64f-40e4-9e91-040d0c442097 ] Request (ImagesOneServerNegativeTestJSON:tearDown): 200 GET http://10.180.1.21/compute/v2.1/servers/8eab418d-7191-42f9-8048-11edab75a8c0 0.134s
2025-05-13 17:03:12.496 70317 INFO tempest.lib.common.rest_client [req-577f7f4f-46a0-4601-b3ff-ab454ca657ee req-577f7f4f-46a0-4601-b3ff-ab454ca657ee ] Request (ListImageFiltersTestJSON:setUpClass): 200 GET http://10.180.1.21/compute/v2.1/servers/b4f0359b-2f16-410b-b8d0-b1faed9c5913 0.063s
2025-05-13 17:03:12.535 70281 INFO tempest.lib.common.rest_client [req-54d161cc-b22f-436d-8fd1-88d4f42f7339 req-54d161cc-b22f-436d-8fd1-88d4f42f7339 ] Request (AttachInterfacesTestJSON:test_create_list_show_delete_interfaces_by_fixed_ip): 200 GET http://10.180.1.21/compute/v2.1/servers/c9a3fe9a-ec34-4625-9571-3b708815ee1e/os-interface 0.130s
2025-05-13 17:03:12.537 70321 INFO paramiko.transport [-] Connected (version 2.0, client dropbear_2020.81)
2025-05-13 17:03:12.591 70285 INFO tempest.lib.common.rest_client [req-5bd2fe89-9941-4b44-87ca-b13a649ce294 req-5bd2fe89-9941-4b44-87ca-b13a649ce294 ] Request (AttachVolumeTestJSON:test_attach_detach_volume): 200 GET http://10.180.1.21/compute/v2.1/servers/0a9ce531-68c9-4033-bbd5-9b5dec9f73c5 0.085s
2025-05-13 17:03:12.640 70333 INFO tempest.lib.common.rest_client [req-37a7719a-33eb-4b00-a914-db46553a27b4 req-37a7719a-33eb-4b00-a914-db46553a27b4 ] Request (ServerDiskConfigTestJSON:test_rebuild_server_with_auto_disk_config): 200 GET http://10.180.1.21/compute/v2.1/servers/82f7fa6c-e2b6-4e9d-b2c5-b8e0e246f8c6 0.132s
2025-05-13 17:03:12.642 70321 INFO paramiko.transport [-] Authentication (publickey) successful!
2025-05-13 17:03:12.642 70299 INFO tempest.lib.common.rest_client [req-d6c9638a-f854-4f9d-8a8e-0e155eade053 req-d6c9638a-f854-4f9d-8a8e-0e155eade053 ] Request (ImagesOneServerTestJSON:setUpClass): 201 POST http://10.180.1.21:9696/networking/v2.0/networks 0.232s
2025-05-13 17:03:12.643 70327 INFO tempest.lib.common.rest_client [req-da553ef5-648c-43a4-bc26-8e31dcda2342 req-da553ef5-648c-43a4-bc26-8e31dcda2342 ] Request (ServersAdminTestJSON:setUpClass): 200 GET http://10.180.1.21/compute/v2.1/servers/44a14aaa-9828-4064-be67-b3b432790f05 0.199s
2025-05-13 17:03:12.644 70321 INFO tempest.lib.common.ssh [-] ssh connection to cirros@10.180.180.174 successfully created
2025-05-13 17:03:12.650 70327 INFO tempest.common.waiters [-] State transition "BUILD/spawning" ==> "ACTIVE/None" after 73 second wait
2025-05-13 17:03:12.702 70304 WARNING tempest.lib.common.ssh [-] Failed to establish authenticated ssh connection to cirros@10.180.180.146 ([Errno None] Unable to connect to port 22 on 10.180.180.146). Number attempts: 5. Retry after 6 seconds.: paramiko.ssh_exception.NoValidConnectionsError: [Errno None] Unable to connect to port 22 on 10.180.180.146
2025-05-13 17:03:12.716 70323 INFO tempest.lib.common.rest_client [req-264eb1f4-add3-4665-8295-3d33d77941b0 req-264eb1f4-add3-4665-8295-3d33d77941b0 ] Request (ServerActionsV293TestJSON:setUpClass): 200 GET http://10.180.1.21/compute/v2.1/servers/6468b8f3-ad85-4e14-acad-94ba367e2629 0.139s
2025-05-13 17:03:12.727 70281 INFO tempest.lib.common.rest_client [req-68b4d4ed-5a9c-413a-88ca-2fada8a4d1bd req-68b4d4ed-5a9c-413a-88ca-2fada8a4d1bd ] Request (AttachInterfacesTestJSON:test_create_list_show_delete_interfaces_by_fixed_ip): 200 GET http://10.180.1.21/compute/v2.1/servers/c9a3fe9a-ec34-4625-9571-3b708815ee1e/os-interface/53c3f7be-75ff-4f77-a863-451d82192783 0.189s
2025-05-13 17:03:12.797 70313 INFO tempest.lib.common.rest_client [req-8e8a54ab-08af-474a-9ad8-501a2908200c req-8e8a54ab-08af-474a-9ad8-501a2908200c ] Request (MigrationsAdminTest:test_resize_server_revert_deleted_flavor): 200 GET http://10.180.1.21/compute/v2.1/servers/debf70b0-ab28-479a-9928-024b5c0ae947 0.176s
2025-05-13 17:03:12.806 70321 INFO tempest.lib.common.rest_client [req-e45b0edf-e154-44db-bdca-334319ad09a7 req-e45b0edf-e154-44db-bdca-334319ad09a7 ] Request (VolumesAdminNegativeTest:test_update_attached_volume_with_nonexistent_volume_in_body): 202 POST http://10.180.1.21/volume/v3/volumes 0.162s
2025-05-13 17:03:12.838 70281 INFO tempest.lib.common.rest_client [req-a63a5164-7cda-4db5-9af8-ff2efcd2023c req-a63a5164-7cda-4db5-9af8-ff2efcd2023c ] Request (AttachInterfacesTestJSON:test_create_list_show_delete_interfaces_by_fixed_ip): 200 GET http://10.180.1.21:9696/networking/v2.0/ports?network_id=22305619-c081-4b48-991e-69909e91ae94 0.109s
2025-05-13 17:03:12.855 70321 INFO tempest.lib.common.rest_client [req-5eafecd5-ec64-4eae-8112-4c26dfebb4fb req-5eafecd5-ec64-4eae-8112-4c26dfebb4fb ] Request (VolumesAdminNegativeTest:test_update_attached_volume_with_nonexistent_volume_in_body): 200 GET http://10.180.1.21/volume/v3/volumes/54f04474-baf3-493a-a441-7d2c5caa90be 0.036s
2025-05-13 17:03:12.869 70281 INFO tempest.lib.common.rest_client [req-9314aa92-4360-42e9-af61-f33fe9514cfc req-9314aa92-4360-42e9-af61-f33fe9514cfc ] Request (AttachInterfacesTestJSON:test_create_list_show_delete_interfaces_by_fixed_ip): 200 GET http://10.180.1.21:9696/networking/v2.0/subnets/3649fad7-843a-4176-9d92-d7c58db7446f 0.030s
2025-05-13 17:03:12.879 70309 INFO tempest.lib.common.rest_client [req-051f49b1-ffe4-4813-94db-7c14af5e5a0f req-051f49b1-ffe4-4813-94db-7c14af5e5a0f ] Request (ImagesTestJSON:test_create_image_from_stopped_server): 200 GET http://10.180.1.21/compute/v2.1/servers/6d653768-205c-4819-8498-ae0617302a31 0.266s
2025-05-13 17:03:12.959 70293 INFO tempest.lib.common.rest_client [req-10b37ac2-d700-44cc-9cf6-6db1add41658 req-10b37ac2-d700-44cc-9cf6-6db1add41658 ] Request (ServersAdminNegativeTestJSON:test_migrate_server_invalid_state): 200 GET http://10.180.1.21/compute/v2.1/servers/b3b002b6-4835-4e08-b66c-6185be72dd66 0.280s
2025-05-13 17:03:12.973 70327 INFO tempest.lib.common.rest_client [req-29da52ee-c005-40ac-86e4-f5a51927d471 req-29da52ee-c005-40ac-86e4-f5a51927d471 ] Request (ServersAdminTestJSON:setUpClass): 200 GET http://10.180.1.21/compute/v2.1/servers/c629d989-53cd-45e5-858f-847b696aa872 0.322s
2025-05-13 17:03:13.035 70283 INFO tempest.lib.common.rest_client [req-b97b9650-29ef-4ebb-bec4-dbd5fc579d6a req-b97b9650-29ef-4ebb-bec4-dbd5fc579d6a ] Request (ServerRescueTestJSON:test_rescue_unrescue_instance): 200 GET http://10.180.1.21/compute/v2.1/servers/0daccc65-92c2-4373-889b-2985ae46bcd3 0.352s
2025-05-13 17:03:13.042 70299 INFO tempest.lib.common.rest_client [req-77ccccc1-a03b-4fcb-be94-73fcd4f09a11 req-77ccccc1-a03b-4fcb-be94-73fcd4f09a11 ] Request (ImagesOneServerTestJSON:setUpClass): 201 POST http://10.180.1.21:9696/networking/v2.0/subnets 0.399s
2025-05-13 17:03:13.049 70279 INFO tempest.lib.common.rest_client [req-1d34944d-8407-4129-ba9d-6ec92d90bcf7 req-1d34944d-8407-4129-ba9d-6ec92d90bcf7 ] Request (ServerActionsTestOtherB:setUpClass): 200 GET http://10.180.1.21/compute/v2.1/servers/db9e828d-2231-429d-bc03-f60d03e7897a 0.316s
2025-05-13 17:03:13.066 70327 INFO tempest.lib.common.rest_client [req-80fed0aa-318b-4478-9fc4-f7d212bcf787 req-80fed0aa-318b-4478-9fc4-f7d212bcf787 ] Request (ServersAdminTestJSON:test_create_server_with_scheduling_hint): 201 POST http://10.180.1.21/identity/v3/auth/tokens 0.079s
2025-05-13 17:03:13.066 70327 INFO tempest.lib.common.fixed_network [-] (ServersAdminTestJSON:test_create_server_with_scheduling_hint) Found network {'id': 'db2fdd91-acfc-4603-a095-5a8bce2f8b82', 'name': 'tempest-ServersAdminTestJSON-166293157-network', 'tenant_id': 'ba192a7106d5432bb209fb8164f73eff', 'admin_state_up': True, 'mtu': 8950, 'status': 'ACTIVE', 'subnets': [], 'shared': False, 'project_id': 'ba192a7106d5432bb209fb8164f73eff', 'port_security_enabled': True, 'router:external': False, 'provider:network_type': 'vlan', 'provider:physical_network': 'default', 'provider:segmentation_id': 220, 'availability_zone_hints': [], 'availability_zones': [], 'ipv4_address_scope': None, 'ipv6_address_scope': None, 'description': '', 'tags': [], 'created_at': '2025-05-13T17:01:41Z', 'updated_at': '2025-05-13T17:01:41Z', 'revision_number': 1} available for tenant
2025-05-13 17:03:13.099 70297 INFO tempest.lib.common.rest_client [req-c26dee1e-f727-4cb3-8f36-af8957f53040 req-c26dee1e-f727-4cb3-8f36-af8957f53040 ] Request (FloatingIPsAssociationTestJSON:test_associate_already_associated_floating_ip): 200 GET http://10.180.1.21/compute/v2.1/servers/7f191b9f-fc7d-44c7-a16c-e2bc6a137e9e 0.314s
2025-05-13 17:03:13.106 70297 INFO tempest.common.waiters [-] State transition "BUILD/None" ==> "BUILD/networking" after 66 second wait
2025-05-13 17:03:13.179 70315 INFO tempest.lib.common.rest_client [req-022a485d-ed6b-4df0-b83e-9eb208a9b576 req-022a485d-ed6b-4df0-b83e-9eb208a9b576 ] Request (FloatingIPsAssociationNegativeTestJSON:setUpClass): 200 GET http://10.180.1.21/compute/v2.1/servers/cce1a170-4a15-4b02-b745-b22ad8fb694c 0.382s
2025-05-13 17:03:13.238 70339 INFO tempest.lib.common.rest_client [req-def0a8a7-5928-444e-9e35-712efe91be61 req-def0a8a7-5928-444e-9e35-712efe91be61 ] Request (SecurityGroupsTestJSON:test_server_security_groups): 200 GET http://10.180.1.21/compute/v2.1/servers/be5c5429-3f71-49c8-8585-b622a7f423a3 0.174s
2025-05-13 17:03:13.630 70327 INFO tempest.lib.common.rest_client [req-ce5e52d4-6028-4256-9642-73c0fc8d4702 req-ce5e52d4-6028-4256-9642-73c0fc8d4702 ] Request (ServersAdminTestJSON:test_create_server_with_scheduling_hint): 202 POST http://10.180.1.21/compute/v2.1/servers 0.563s
2025-05-13 17:03:13.712 70291 INFO tempest.lib.common.rest_client [req-9a61d3e2-29af-49e5-8560-f98f4f5de75d req-9a61d3e2-29af-49e5-8560-f98f4f5de75d ] Request (DeleteServersAdminTestJSON:test_delete_server_while_in_error_state): 200 GET http://10.180.1.21/compute/v2.1/servers/cf385d59-a953-4dd8-a4e5-3ff6369c27d7 0.625s
2025-05-13 17:03:13.712 70277 WARNING tempest.lib.common.ssh [-] Failed to establish authenticated ssh connection to cirros@10.180.180.175 ([Errno None] Unable to connect to port 22 on 10.180.180.175). Number attempts: 2. Retry after 3 seconds.: paramiko.ssh_exception.NoValidConnectionsError: [Errno None] Unable to connect to port 22 on 10.180.180.175
2025-05-13 17:03:13.749 70299 INFO tempest.lib.common.rest_client [req-6c9bbd13-e82c-4927-bc65-f45583d32c65 req-6c9bbd13-e82c-4927-bc65-f45583d32c65 ] Request (ImagesOneServerTestJSON:setUpClass): 201 POST http://10.180.1.21:9696/networking/v2.0/routers 0.706s
2025-05-13 17:03:13.774 70305 INFO tempest.lib.common.rest_client [req-1d867c63-40f4-4338-81ec-d1f4accd3c24 req-1d867c63-40f4-4338-81ec-d1f4accd3c24 ] Request (ServerAddressesNegativeTestJSON:setUpClass): 200 GET http://10.180.1.21/compute/v2.1/servers/8501d05c-e4f1-45ba-bcca-15b8def23472 0.636s
2025-05-13 17:03:13.839 70335 INFO tempest.lib.common.rest_client [req-c63ac5c4-e992-46ee-b2c3-46eb48b24970 req-c63ac5c4-e992-46ee-b2c3-46eb48b24970 ] Request (ListServerFiltersTestJSON:tearDownClass): 200 GET http://10.180.1.21/compute/v2.1/servers/29558655-499e-4dee-b322-5de67728670a 0.669s
2025-05-13 17:03:13.899 70321 INFO tempest.lib.common.rest_client [req-f4104464-4107-4606-b230-2cc30994039d req-f4104464-4107-4606-b230-2cc30994039d ] Request (VolumesAdminNegativeTest:test_update_attached_volume_with_nonexistent_volume_in_body): 200 GET http://10.180.1.21/volume/v3/volumes/54f04474-baf3-493a-a441-7d2c5caa90be 0.034s
2025-05-13 17:03:13.900 70329 INFO tempest.lib.common.rest_client [req-53b8a450-bf39-4e9d-a04c-0f86b06bfac8 req-53b8a450-bf39-4e9d-a04c-0f86b06bfac8 ] Request (ServerShowV254Test:test_rebuild_server): 200 GET http://10.180.1.21/compute/v2.1/servers/62f9b943-e4b9-4350-adeb-93a8fcd8110d 0.691s
2025-05-13 17:03:13.908 70321 INFO tempest.common.waiters [-] volume 54f04474-baf3-493a-a441-7d2c5caa90be reached available after waiting for 1.908012 seconds
2025-05-13 17:03:13.923 70289 WARNING tempest.lib.common.ssh [-] Failed to establish authenticated ssh connection to cirros@10.180.180.232 ([Errno None] Unable to connect to port 22 on 10.180.180.232). Number attempts: 4. Retry after 5 seconds.: paramiko.ssh_exception.NoValidConnectionsError: [Errno None] Unable to connect to port 22 on 10.180.180.232
2025-05-13 17:03:13.956 70307 INFO tempest.lib.common.rest_client [req-5f642749-140e-4fc2-927c-ef77b10b468d req-5f642749-140e-4fc2-927c-ef77b10b468d ] Request (ServerGroupTestJSON:test_create_server_with_scheduler_hint_group): 200 GET http://10.180.1.21/compute/v2.1/servers/81bf191a-8bd1-4e58-a172-7663063d4c6c 0.726s
2025-05-13 17:03:14.003 70337 INFO tempest.lib.common.rest_client [req-70e08a09-30c7-4e1f-aa45-528c9134584e req-70e08a09-30c7-4e1f-aa45-528c9134584e ] Request (ServerPasswordTestJSON:setUpClass): 200 GET http://10.180.1.21/compute/v2.1/servers/e91a0217-bc9b-4a26-b725-5c8ce2ee3549 0.729s
2025-05-13 17:03:14.062 70301 INFO tempest.lib.common.rest_client [req-d1b95678-aff1-41a0-9c85-e288c6c245e1 req-d1b95678-aff1-41a0-9c85-e288c6c245e1 ] Request (ServersTestFqdnHostnames:tearDownClass): 200 GET http://10.180.1.21/compute/v2.1/servers/5f010cf7-c829-4264-93ba-c0db09cf0c46 0.703s
2025-05-13 17:03:14.116 70319 INFO tempest.lib.common.rest_client [req-83ce1a92-9ae9-4e40-bbab-61926a70c273 req-83ce1a92-9ae9-4e40-bbab-61926a70c273 ] Request (ServersTestJSON:test_create_server_specify_multibyte_character_name): 200 GET http://10.180.1.21/compute/v2.1/servers/a363197e-38b3-48fb-a1fe-6664f613458b 0.675s
2025-05-13 17:03:14.251 70287 INFO tempest.lib.common.rest_client [req-e625cecd-d8e7-4643-bc46-6d213ae3ea2d req-e625cecd-d8e7-4643-bc46-6d213ae3ea2d ] Request (ImagesOneServerNegativeTestJSON:tearDown): 200 GET http://10.180.1.21/compute/v2.1/servers/8eab418d-7191-42f9-8048-11edab75a8c0 0.804s
2025-05-13 17:03:14.263 70287 INFO tempest.common.waiters [-] State transition "ACTIVE/image_uploading" ==> "ACTIVE/None" after 9 second wait
2025-05-13 17:03:14.329 70317 INFO tempest.lib.common.rest_client [req-82712096-ae85-43e6-bd10-ee2ea897ab21 req-82712096-ae85-43e6-bd10-ee2ea897ab21 ] Request (ListImageFiltersTestJSON:setUpClass): 200 GET http://10.180.1.21/compute/v2.1/servers/b4f0359b-2f16-410b-b8d0-b1faed9c5913 0.824s
2025-05-13 17:03:14.388 70285 INFO tempest.lib.common.rest_client [req-c30082fa-3f6d-4b8c-b59b-dd300d9056f5 req-c30082fa-3f6d-4b8c-b59b-dd300d9056f5 ] Request (AttachVolumeTestJSON:test_attach_detach_volume): 200 GET http://10.180.1.21/compute/v2.1/servers/0a9ce531-68c9-4033-bbd5-9b5dec9f73c5 0.789s
2025-05-13 17:03:14.450 70327 INFO tempest.lib.common.rest_client [req-3207d16c-c6c3-4875-987a-b75231c9bdea req-3207d16c-c6c3-4875-987a-b75231c9bdea ] Request (ServersAdminTestJSON:test_create_server_with_scheduling_hint): 200 GET http://10.180.1.21/compute/v2.1/servers/6afbc757-f826-4806-9a18-87326532db2c 0.818s
2025-05-13 17:03:14.508 70333 INFO tempest.lib.common.rest_client [req-d8501833-31a9-434c-819d-11a89be3211b req-d8501833-31a9-434c-819d-11a89be3211b ] Request (ServerDiskConfigTestJSON:test_rebuild_server_with_auto_disk_config): 200 GET http://10.180.1.21/compute/v2.1/servers/82f7fa6c-e2b6-4e9d-b2c5-b8e0e246f8c6 0.861s
2025-05-13 17:03:14.571 70323 INFO tempest.lib.common.rest_client [req-7ddc7bc6-978d-434f-afe3-6574d3c4cfbf req-7ddc7bc6-978d-434f-afe3-6574d3c4cfbf ] Request (ServerActionsV293TestJSON:setUpClass): 200 GET http://10.180.1.21/compute/v2.1/servers/6468b8f3-ad85-4e14-acad-94ba367e2629 0.842s
2025-05-13 17:03:14.619 70313 INFO tempest.lib.common.rest_client [req-b3bbb3a1-8228-46de-b59a-d29af683091f req-b3bbb3a1-8228-46de-b59a-d29af683091f ] Request (MigrationsAdminTest:test_resize_server_revert_deleted_flavor): 200 GET http://10.180.1.21/compute/v2.1/servers/debf70b0-ab28-479a-9928-024b5c0ae947 0.811s
2025-05-13 17:03:14.625 70299 INFO tempest.lib.common.rest_client [req-8eae7525-7d84-4fd0-a3aa-984d15ac6002 req-8eae7525-7d84-4fd0-a3aa-984d15ac6002 ] Request (ImagesOneServerTestJSON:setUpClass): 200 PUT http://10.180.1.21:9696/networking/v2.0/routers/2178747d-37f9-4b6e-b8d7-c005038ccc8d/add_router_interface 0.875s
2025-05-13 17:03:14.625 70299 INFO tempest.lib.common.dynamic_creds [-] Created isolated network resources for: credentials: Credentials: {'domain_id': 'default', 'domain_name': 'Default', 'username': 'tempest-ImagesOneServerTestJSON-1585328689-project-member', 'project_domain_id': 'default', 'project_domain_name': 'Default', 'project_id': '946fffb95b0442c8807a1debe8a7870f', 'project_name': 'tempest-ImagesOneServerTestJSON-1585328689', 'tenant_id': '946fffb95b0442c8807a1debe8a7870f', 'tenant_name': 'tempest-ImagesOneServerTestJSON-1585328689', 'user_domain_id': 'default', 'user_domain_name': 'Default', 'user_id': '2f460d52ec3d4a649dc018d418851d22', 'system': None}, Network: {'id': 'a613b9d7-b30a-421f-a6d9-6ee7659a65d8', 'name': 'tempest-ImagesOneServerTestJSON-991837036-network', 'tenant_id': '946fffb95b0442c8807a1debe8a7870f', 'admin_state_up': True, 'mtu': 8950, 'status': 'ACTIVE', 'subnets': [], 'shared': False, 'project_id': '946fffb95b0442c8807a1debe8a7870f', 'port_security_enabled': True, 'router:external': False, 'provider:network_type': 'vlan', 'provider:physical_network': 'default', 'provider:segmentation_id': 573, 'availability_zone_hints': [], 'availability_zones': [], 'ipv4_address_scope': None, 'ipv6_address_scope': None, 'description': '', 'tags': [], 'created_at': '2025-05-13T17:03:12Z', 'updated_at': '2025-05-13T17:03:12Z', 'revision_number': 1}, Subnet: {'id': '1d13eb62-0fef-46c0-9fcc-ff6f797f0de4', 'name': 'tempest-ImagesOneServerTestJSON-991837036-subnet', 'tenant_id': '946fffb95b0442c8807a1debe8a7870f', 'network_id': 'a613b9d7-b30a-421f-a6d9-6ee7659a65d8', 'ip_version': 4, 'subnetpool_id': None, 'enable_dhcp': True, 'ipv6_ra_mode': None, 'ipv6_address_mode': None, 'gateway_ip': '192.168.128.1', 'cidr': '192.168.128.0/28', 'allocation_pools': [{'start': '192.168.128.2', 'end': '192.168.128.14'}], 'host_routes': [], 'dns_nameservers': [], 'description': '', 'router:external': False, 'service_types': [], 'tags': [], 'created_at': '2025-05-13T17:03:12Z', 'updated_at': '2025-05-13T17:03:12Z', 'revision_number': 0, 'project_id': '946fffb95b0442c8807a1debe8a7870f'}, Router: {'id': '2178747d-37f9-4b6e-b8d7-c005038ccc8d', 'name': 'tempest-ImagesOneServerTestJSON-991837036-router', 'tenant_id': '946fffb95b0442c8807a1debe8a7870f', 'admin_state_up': True, 'status': 'ACTIVE', 'external_gateway_info': {'network_id': 'd1b0d137-89d6-4181-afd4-fe923ec01c9d', 'external_fixed_ips': [{'subnet_id': 'ca2e8275-7f23-480b-b05d-a13a3c2aead1', 'ip_address': '10.180.180.210'}], 'enable_snat': True}, 'description': '', 'availability_zones': [], 'distributed': False, 'ha': False, 'availability_zone_hints': [], 'routes': [], 'flavor_id': None, 'tags': [], 'created_at': '2025-05-13T17:03:13Z', 'updated_at': '2025-05-13T17:03:13Z', 'revision_number': 2, 'project_id': '946fffb95b0442c8807a1debe8a7870f'}
2025-05-13 17:03:14.700 70299 INFO tempest.lib.common.rest_client [req-2158f92b-a66b-49d0-a83d-bf5672c57a1d req-2158f92b-a66b-49d0-a83d-bf5672c57a1d ] Request (ImagesOneServerTestJSON:setUpClass): 201 POST http://10.180.1.21/identity/v3/auth/tokens 0.072s
2025-05-13 17:03:14.731 70299 INFO tempest.lib.common.rest_client [req-e9edfa87-d80c-45fb-bb21-124e67f796d9 req-e9edfa87-d80c-45fb-bb21-124e67f796d9 ] Request (ImagesOneServerTestJSON:setUpClass): 201 POST http://10.180.1.21/identity/v3/auth/tokens 0.027s
2025-05-13 17:03:14.732 70299 INFO tempest.lib.common.fixed_network [-] (ImagesOneServerTestJSON:setUpClass) Found network {'id': 'a613b9d7-b30a-421f-a6d9-6ee7659a65d8', 'name': 'tempest-ImagesOneServerTestJSON-991837036-network', 'tenant_id': '946fffb95b0442c8807a1debe8a7870f', 'admin_state_up': True, 'mtu': 8950, 'status': 'ACTIVE', 'subnets': [], 'shared': False, 'project_id': '946fffb95b0442c8807a1debe8a7870f', 'port_security_enabled': True, 'router:external': False, 'provider:network_type': 'vlan', 'provider:physical_network': 'default', 'provider:segmentation_id': 573, 'availability_zone_hints': [], 'availability_zones': [], 'ipv4_address_scope': None, 'ipv6_address_scope': None, 'description': '', 'tags': [], 'created_at': '2025-05-13T17:03:12Z', 'updated_at': '2025-05-13T17:03:12Z', 'revision_number': 1} available for tenant
2025-05-13 17:03:14.733 70309 INFO tempest.lib.common.rest_client [req-5c934a9c-04ae-445d-bd80-64ab7b2e9411 req-5c934a9c-04ae-445d-bd80-64ab7b2e9411 ] Request (ImagesTestJSON:test_create_image_from_stopped_server): 200 GET http://10.180.1.21/compute/v2.1/servers/6d653768-205c-4819-8498-ae0617302a31 0.839s
2025-05-13 17:03:16.390 70321 INFO tempest.lib.common.rest_client [req-097d6974-6ff5-4892-9a23-d85d80f45e3e req-097d6974-6ff5-4892-9a23-d85d80f45e3e ] Request (VolumesAdminNegativeTest:test_update_attached_volume_with_nonexistent_volume_in_body): 200 POST http://10.180.1.21/compute/v2.1/servers/821205fe-7909-41d0-83ce-6f711906093a/os-volume_attachments 2.482s
2025-05-13 17:03:16.421 70321 INFO tempest.lib.common.rest_client [req-0bef9473-a920-40da-98e9-a51eb1d8622d req-0bef9473-a920-40da-98e9-a51eb1d8622d ] Request (VolumesAdminNegativeTest:test_update_attached_volume_with_nonexistent_volume_in_body): 200 GET http://10.180.1.21/volume/v3/volumes/54f04474-baf3-493a-a441-7d2c5caa90be 0.029s
2025-05-13 17:03:16.453 70293 INFO tempest.lib.common.rest_client [req-600d4c84-adb4-47fa-ac89-b53243e7a21f req-600d4c84-adb4-47fa-ac89-b53243e7a21f ] Request (ServersAdminNegativeTestJSON:test_migrate_server_invalid_state): 200 GET http://10.180.1.21/compute/v2.1/servers/b3b002b6-4835-4e08-b66c-6185be72dd66 2.486s
2025-05-13 17:03:16.462 70293 INFO tempest.common.waiters [-] State transition "BUILD/scheduling" ==> "BUILD/None" after 47 second wait
2025-05-13 17:03:16.503 70283 INFO tempest.lib.common.rest_client [req-775bfa78-fb99-4969-be70-b42054da633e req-775bfa78-fb99-4969-be70-b42054da633e ] Request (ServerRescueTestJSON:test_rescue_unrescue_instance): 200 GET http://10.180.1.21/compute/v2.1/servers/0daccc65-92c2-4373-889b-2985ae46bcd3 2.458s
2025-05-13 17:03:16.548 70279 INFO tempest.lib.common.rest_client [req-2c45f66c-d19c-4296-b5e9-bcb7bdd40b29 req-2c45f66c-d19c-4296-b5e9-bcb7bdd40b29 ] Request (ServerActionsTestOtherB:setUpClass): 200 GET http://10.180.1.21/compute/v2.1/servers/db9e828d-2231-429d-bc03-f60d03e7897a 2.488s
2025-05-13 17:03:16.645 70297 INFO tempest.lib.common.rest_client [req-c399d95b-6773-471e-8950-1a3dc5863b4f req-c399d95b-6773-471e-8950-1a3dc5863b4f ] Request (FloatingIPsAssociationTestJSON:test_associate_already_associated_floating_ip): 200 GET http://10.180.1.21/compute/v2.1/servers/7f191b9f-fc7d-44c7-a16c-e2bc6a137e9e 2.537s
2025-05-13 17:03:16.652 70297 INFO tempest.common.waiters [-] State transition "BUILD/networking" ==> "BUILD/spawning" after 69 second wait
2025-05-13 17:03:16.759 70315 INFO tempest.lib.common.rest_client [req-a17081b4-e069-46ab-9464-85e7a1374823 req-a17081b4-e069-46ab-9464-85e7a1374823 ] Request (FloatingIPsAssociationNegativeTestJSON:setUpClass): 200 GET http://10.180.1.21/compute/v2.1/servers/cce1a170-4a15-4b02-b745-b22ad8fb694c 2.570s
2025-05-13 17:03:16.767 70315 INFO tempest.common.waiters [-] State transition "BUILD/spawning" ==> "ACTIVE/None" after 76 second wait
2025-05-13 17:03:16.815 70339 INFO tempest.lib.common.rest_client [req-8d4cd69d-0398-4aa6-b91b-289015414b38 req-8d4cd69d-0398-4aa6-b91b-289015414b38 ] Request (SecurityGroupsTestJSON:test_server_security_groups): 200 GET http://10.180.1.21/compute/v2.1/servers/be5c5429-3f71-49c8-8585-b622a7f423a3 2.567s
2025-05-13 17:03:16.912 70287 INFO tempest.lib.common.rest_client [req-8d1ad173-e683-40b7-878f-6ff9151d21ad req-8d1ad173-e683-40b7-878f-6ff9151d21ad ] Request (ImagesOneServerNegativeTestJSON:_run_cleanups): 204 DELETE http://10.180.1.21/compute/v2.1/servers/8eab418d-7191-42f9-8048-11edab75a8c0 2.648s
2025-05-13 17:03:16.987 70291 INFO tempest.lib.common.rest_client [req-0c0be950-caff-47c7-9823-f25545d4ec17 req-0c0be950-caff-47c7-9823-f25545d4ec17 ] Request (DeleteServersAdminTestJSON:test_delete_server_while_in_error_state): 200 GET http://10.180.1.21/compute/v2.1/servers/cf385d59-a953-4dd8-a4e5-3ff6369c27d7 2.267s
2025-05-13 17:03:17.438 70299 INFO tempest.lib.common.rest_client [req-4afc7906-5345-4afb-9e9e-c0c5cb6d0426 req-4afc7906-5345-4afb-9e9e-c0c5cb6d0426 ] Request (ImagesOneServerTestJSON:setUpClass): 202 POST http://10.180.1.21/compute/v2.1/servers 2.705s
2025-05-13 17:03:17.460 70321 INFO tempest.lib.common.rest_client [req-e1aee9de-0bb3-4abf-af98-6b992a4651e5 req-e1aee9de-0bb3-4abf-af98-6b992a4651e5 ] Request (VolumesAdminNegativeTest:test_update_attached_volume_with_nonexistent_volume_in_body): 200 GET http://10.180.1.21/volume/v3/volumes/54f04474-baf3-493a-a441-7d2c5caa90be 0.031s
2025-05-13 17:03:17.573 70305 INFO tempest.lib.common.rest_client [req-30dd9ded-e3ab-41b7-8788-1a82255eb14a req-30dd9ded-e3ab-41b7-8788-1a82255eb14a ] Request (ServerAddressesNegativeTestJSON:setUpClass): 200 GET http://10.180.1.21/compute/v2.1/servers/8501d05c-e4f1-45ba-bcca-15b8def23472 2.788s
2025-05-13 17:03:17.580 70305 INFO tempest.common.waiters [-] State transition "BUILD/None" ==> "BUILD/spawning" after 67 second wait
2025-05-13 17:03:17.644 70335 INFO tempest.lib.common.rest_client [req-532800f9-d86f-4c1d-b134-ecff867ec81d req-532800f9-d86f-4c1d-b134-ecff867ec81d ] Request (ListServerFiltersTestJSON:tearDownClass): 200 GET http://10.180.1.21/compute/v2.1/servers/29558655-499e-4dee-b322-5de67728670a 2.794s
2025-05-13 17:03:17.698 70329 INFO tempest.lib.common.rest_client [req-83148c97-6b5e-4725-af17-e93f02a8c8a8 req-83148c97-6b5e-4725-af17-e93f02a8c8a8 ] Request (ServerShowV254Test:test_rebuild_server): 200 GET http://10.180.1.21/compute/v2.1/servers/62f9b943-e4b9-4350-adeb-93a8fcd8110d 2.785s
2025-05-13 17:03:17.770 70307 INFO tempest.lib.common.rest_client [req-60b5e9ea-5c59-4c24-b2a9-e60ed670510c req-60b5e9ea-5c59-4c24-b2a9-e60ed670510c ] Request (ServerGroupTestJSON:test_create_server_with_scheduler_hint_group): 200 GET http://10.180.1.21/compute/v2.1/servers/81bf191a-8bd1-4e58-a172-7663063d4c6c 2.801s
2025-05-13 17:03:17.819 70337 INFO tempest.lib.common.rest_client [req-d7f7e95a-5b8d-4c65-b715-df96c24db34d req-d7f7e95a-5b8d-4c65-b715-df96c24db34d ] Request (ServerPasswordTestJSON:setUpClass): 200 GET http://10.180.1.21/compute/v2.1/servers/e91a0217-bc9b-4a26-b725-5c8ce2ee3549 2.808s
2025-05-13 17:03:17.873 70301 INFO tempest.lib.common.rest_client [req-c5086631-341a-4f0f-8f65-a57e2ae87033 req-c5086631-341a-4f0f-8f65-a57e2ae87033 ] Request (ServersTestFqdnHostnames:tearDownClass): 200 GET http://10.180.1.21/compute/v2.1/servers/5f010cf7-c829-4264-93ba-c0db09cf0c46 2.803s
2025-05-13 17:03:17.932 70319 INFO tempest.lib.common.rest_client [req-52c79b5d-f3a3-4897-9786-18ada84e1658 req-52c79b5d-f3a3-4897-9786-18ada84e1658 ] Request (ServersTestJSON:test_create_server_specify_multibyte_character_name): 200 GET http://10.180.1.21/compute/v2.1/servers/a363197e-38b3-48fb-a1fe-6664f613458b 2.799s
2025-05-13 17:03:17.993 70317 INFO tempest.lib.common.rest_client [req-37c19e79-3db8-4823-804f-3099d5818257 req-37c19e79-3db8-4823-804f-3099d5818257 ] Request (ListImageFiltersTestJSON:setUpClass): 200 GET http://10.180.1.21/compute/v2.1/servers/b4f0359b-2f16-410b-b8d0-b1faed9c5913 2.654s
2025-05-13 17:03:18.059 70285 INFO tempest.lib.common.rest_client [req-98b6d309-53ce-456d-b33e-142ebebb9350 req-98b6d309-53ce-456d-b33e-142ebebb9350 ] Request (AttachVolumeTestJSON:test_attach_detach_volume): 200 GET http://10.180.1.21/compute/v2.1/servers/0a9ce531-68c9-4033-bbd5-9b5dec9f73c5 2.661s
2025-05-13 17:03:18.137 70327 INFO tempest.lib.common.rest_client [req-24966bad-6cce-4520-961c-b1c8a934cedb req-24966bad-6cce-4520-961c-b1c8a934cedb ] Request (ServersAdminTestJSON:test_create_server_with_scheduling_hint): 200 GET http://10.180.1.21/compute/v2.1/servers/6afbc757-f826-4806-9a18-87326532db2c 2.676s
2025-05-13 17:03:18.202 70333 INFO tempest.lib.common.rest_client [req-b603b56e-83ee-44a3-8bc1-297493403efc req-b603b56e-83ee-44a3-8bc1-297493403efc ] Request (ServerDiskConfigTestJSON:test_rebuild_server_with_auto_disk_config): 200 GET http://10.180.1.21/compute/v2.1/servers/82f7fa6c-e2b6-4e9d-b2c5-b8e0e246f8c6 2.684s
2025-05-13 17:03:18.275 70323 INFO tempest.lib.common.rest_client [req-005060cf-c54a-44f1-826d-228ef87d7d78 req-005060cf-c54a-44f1-826d-228ef87d7d78 ] Request (ServerActionsV293TestJSON:setUpClass): 200 GET http://10.180.1.21/compute/v2.1/servers/6468b8f3-ad85-4e14-acad-94ba367e2629 2.688s
2025-05-13 17:03:18.338 70313 INFO tempest.lib.common.rest_client [req-473b17d2-aee5-4ee1-8019-1aaa975e99a5 req-473b17d2-aee5-4ee1-8019-1aaa975e99a5 ] Request (MigrationsAdminTest:test_resize_server_revert_deleted_flavor): 200 GET http://10.180.1.21/compute/v2.1/servers/debf70b0-ab28-479a-9928-024b5c0ae947 2.713s
2025-05-13 17:03:18.444 70309 INFO tempest.lib.common.rest_client [req-64dce43b-8ee5-4a7c-b759-b7dca1b1bc34 req-64dce43b-8ee5-4a7c-b759-b7dca1b1bc34 ] Request (ImagesTestJSON:test_create_image_from_stopped_server): 200 GET http://10.180.1.21/compute/v2.1/servers/6d653768-205c-4819-8498-ae0617302a31 2.702s
2025-05-13 17:03:18.453 70309 INFO tempest.common.waiters [-] State transition "BUILD/spawning" ==> "ACTIVE/None" after 75 second wait
2025-05-13 17:03:18.512 70321 INFO tempest.lib.common.rest_client [req-e46a8ba0-15d2-45d4-9763-58f926ee49b5 req-e46a8ba0-15d2-45d4-9763-58f926ee49b5 ] Request (VolumesAdminNegativeTest:test_update_attached_volume_with_nonexistent_volume_in_body): 200 GET http://10.180.1.21/volume/v3/volumes/54f04474-baf3-493a-a441-7d2c5caa90be 0.042s
2025-05-13 17:03:19.163 70315 INFO tempest.lib.common.rest_client [req-c2c50115-96e2-4a72-906e-2ba40913b2eb req-c2c50115-96e2-4a72-906e-2ba40913b2eb ] Request (FloatingIPsAssociationNegativeTestJSON:test_associate_ip_to_server_with_floating_ip): 200 POST http://10.180.1.21/compute/v2.1/os-floating-ips 2.395s
2025-05-13 17:03:19.210 70304 WARNING tempest.lib.common.ssh [-] Failed to establish authenticated ssh connection to cirros@10.180.180.146 ([Errno None] Unable to connect to port 22 on 10.180.180.146). Number attempts: 6. Retry after 7 seconds.: paramiko.ssh_exception.NoValidConnectionsError: [Errno None] Unable to connect to port 22 on 10.180.180.146
2025-05-13 17:03:19.283 70287 INFO tempest.lib.common.rest_client [req-636c471f-cdc6-41c6-891c-9581e181eb13 req-636c471f-cdc6-41c6-891c-9581e181eb13 ] Request (ImagesOneServerNegativeTestJSON:_run_cleanups): 200 GET http://10.180.1.21/compute/v2.1/servers/8eab418d-7191-42f9-8048-11edab75a8c0 2.370s
2025-05-13 17:03:19.345 70299 INFO tempest.lib.common.rest_client [req-0e636e9e-5417-4b83-94c8-f3a9893fc930 req-0e636e9e-5417-4b83-94c8-f3a9893fc930 ] Request (ImagesOneServerTestJSON:setUpClass): 200 GET http://10.180.1.21/compute/v2.1/servers/a1e6be92-58e5-4d18-85a0-2e336bdafc87 1.905s
2025-05-13 17:03:19.403 70293 INFO tempest.lib.common.rest_client [req-2de690b0-9456-47b0-b1df-4aedde38d15a req-2de690b0-9456-47b0-b1df-4aedde38d15a ] Request (ServersAdminNegativeTestJSON:test_migrate_server_invalid_state): 200 GET http://10.180.1.21/compute/v2.1/servers/b3b002b6-4835-4e08-b66c-6185be72dd66 1.939s
2025-05-13 17:03:19.430 70289 WARNING tempest.lib.common.ssh [-] Failed to establish authenticated ssh connection to cirros@10.180.180.232 ([Errno None] Unable to connect to port 22 on 10.180.180.232). Number attempts: 5. Retry after 6 seconds.: paramiko.ssh_exception.NoValidConnectionsError: [Errno None] Unable to connect to port 22 on 10.180.180.232
2025-05-13 17:03:19.458 70283 INFO tempest.lib.common.rest_client [req-1a35d083-3ad4-451b-bff4-26cb1da4324c req-1a35d083-3ad4-451b-bff4-26cb1da4324c ] Request (ServerRescueTestJSON:test_rescue_unrescue_instance): 200 GET http://10.180.1.21/compute/v2.1/servers/0daccc65-92c2-4373-889b-2985ae46bcd3 1.947s
2025-05-13 17:03:19.510 70279 INFO tempest.lib.common.rest_client [req-5e15c4f1-e0ba-4f5a-8ecb-18afd4e969ba req-5e15c4f1-e0ba-4f5a-8ecb-18afd4e969ba ] Request (ServerActionsTestOtherB:setUpClass): 200 GET http://10.180.1.21/compute/v2.1/servers/db9e828d-2231-429d-bc03-f60d03e7897a 1.954s
2025-05-13 17:03:19.555 70321 INFO tempest.lib.common.rest_client [req-7c7d24b1-23d6-43e1-af78-276ab7fd4d2b req-7c7d24b1-23d6-43e1-af78-276ab7fd4d2b ] Request (VolumesAdminNegativeTest:test_update_attached_volume_with_nonexistent_volume_in_body): 200 GET http://10.180.1.21/volume/v3/volumes/54f04474-baf3-493a-a441-7d2c5caa90be 0.035s
2025-05-13 17:03:19.637 70297 INFO tempest.lib.common.rest_client [req-f04b0031-e490-487f-aed2-553ec8f30eac req-f04b0031-e490-487f-aed2-553ec8f30eac ] Request (FloatingIPsAssociationTestJSON:test_associate_already_associated_floating_ip): 200 GET http://10.180.1.21/compute/v2.1/servers/7f191b9f-fc7d-44c7-a16c-e2bc6a137e9e 1.984s
2025-05-13 17:03:19.689 70339 INFO tempest.lib.common.rest_client [req-7f1f5912-aedc-4362-a6f6-02d985d69ec5 req-7f1f5912-aedc-4362-a6f6-02d985d69ec5 ] Request (SecurityGroupsTestJSON:test_server_security_groups): 200 GET http://10.180.1.21/compute/v2.1/servers/be5c5429-3f71-49c8-8585-b622a7f423a3 1.863s
2025-05-13 17:03:19.748 70291 INFO tempest.lib.common.rest_client [req-0e7fd88b-0fb6-4c6b-aec4-d1cbc23be3eb req-0e7fd88b-0fb6-4c6b-aec4-d1cbc23be3eb ] Request (DeleteServersAdminTestJSON:test_delete_server_while_in_error_state): 200 GET http://10.180.1.21/compute/v2.1/servers/cf385d59-a953-4dd8-a4e5-3ff6369c27d7 1.753s
2025-05-13 17:03:19.792 70309 INFO tempest.lib.common.rest_client [req-600d6c9d-b3d8-4aa1-a7b6-945dec76dee3 req-600d6c9d-b3d8-4aa1-a7b6-945dec76dee3 ] Request (ImagesTestJSON:test_create_image_from_stopped_server): 202 POST http://10.180.1.21/compute/v2.1/servers/6d653768-205c-4819-8498-ae0617302a31/action 1.339s
2025-05-13 17:03:19.895 70305 INFO tempest.lib.common.rest_client [req-8e899eef-87e2-4850-b0d8-3d3add3bf804 req-8e899eef-87e2-4850-b0d8-3d3add3bf804 ] Request (ServerAddressesNegativeTestJSON:setUpClass): 200 GET http://10.180.1.21/compute/v2.1/servers/8501d05c-e4f1-45ba-bcca-15b8def23472 1.314s
2025-05-13 17:03:19.975 70335 INFO tempest.lib.common.rest_client [req-23739191-34c5-4bc6-ab79-14a43ea06551 req-23739191-34c5-4bc6-ab79-14a43ea06551 ] Request (ListServerFiltersTestJSON:tearDownClass): 200 GET http://10.180.1.21/compute/v2.1/servers/29558655-499e-4dee-b322-5de67728670a 1.323s
2025-05-13 17:03:20.030 70329 INFO tempest.lib.common.rest_client [req-725b73f2-1100-49c2-8934-079921a2caca req-725b73f2-1100-49c2-8934-079921a2caca ] Request (ServerShowV254Test:test_rebuild_server): 200 GET http://10.180.1.21/compute/v2.1/servers/62f9b943-e4b9-4350-adeb-93a8fcd8110d 1.324s
2025-05-13 17:03:20.305 70277 WARNING tempest.lib.common.ssh [-] Failed to establish authenticated ssh connection to cirros@10.180.180.175 ([Errno None] Unable to connect to port 22 on 10.180.180.175). Number attempts: 3. Retry after 4 seconds.: paramiko.ssh_exception.NoValidConnectionsError: [Errno None] Unable to connect to port 22 on 10.180.180.175
2025-05-13 17:03:20.333 70307 INFO tempest.lib.common.rest_client [req-129ea770-9fc6-43d0-a713-890a1678185b req-129ea770-9fc6-43d0-a713-890a1678185b ] Request (ServerGroupTestJSON:test_create_server_with_scheduler_hint_group): 200 GET http://10.180.1.21/compute/v2.1/servers/81bf191a-8bd1-4e58-a172-7663063d4c6c 1.552s
2025-05-13 17:03:20.341 70307 INFO tempest.common.waiters [-] State transition "BUILD/scheduling" ==> "BUILD/None" after 42 second wait
2025-05-13 17:03:20.388 70337 INFO tempest.lib.common.rest_client [req-cc358c45-350b-47b0-89d9-0035c4266432 req-cc358c45-350b-47b0-89d9-0035c4266432 ] Request (ServerPasswordTestJSON:setUpClass): 200 GET http://10.180.1.21/compute/v2.1/servers/e91a0217-bc9b-4a26-b725-5c8ce2ee3549 1.561s
2025-05-13 17:03:20.408 70301 INFO tempest.lib.common.rest_client [req-d0269a44-3472-4451-8a20-680a2a4f197b req-d0269a44-3472-4451-8a20-680a2a4f197b ] Request (ServersTestFqdnHostnames:tearDownClass): 404 GET http://10.180.1.21/compute/v2.1/servers/5f010cf7-c829-4264-93ba-c0db09cf0c46 1.527s
2025-05-13 17:03:20.457 70319 INFO tempest.lib.common.rest_client [req-ba415845-cca4-4d81-9455-e6599b5ca27e req-ba415845-cca4-4d81-9455-e6599b5ca27e ] Request (ServersTestJSON:test_create_server_specify_multibyte_character_name): 200 GET http://10.180.1.21/compute/v2.1/servers/a363197e-38b3-48fb-a1fe-6664f613458b 1.517s
2025-05-13 17:03:20.509 70317 INFO tempest.lib.common.rest_client [req-7bddefab-bc07-410b-ae20-ae6b35042ae2 req-7bddefab-bc07-410b-ae20-ae6b35042ae2 ] Request (ListImageFiltersTestJSON:setUpClass): 200 GET http://10.180.1.21/compute/v2.1/servers/b4f0359b-2f16-410b-b8d0-b1faed9c5913 1.504s
2025-05-13 17:03:20.558 70285 INFO tempest.lib.common.rest_client [req-87573fb2-2c89-496b-b8cf-3d249d3bf51f req-87573fb2-2c89-496b-b8cf-3d249d3bf51f ] Request (AttachVolumeTestJSON:test_attach_detach_volume): 200 GET http://10.180.1.21/compute/v2.1/servers/0a9ce531-68c9-4033-bbd5-9b5dec9f73c5 1.490s
2025-05-13 17:03:20.606 70321 INFO tempest.lib.common.rest_client [req-4659619c-384e-40f3-a1e8-9b21addec92e req-4659619c-384e-40f3-a1e8-9b21addec92e ] Request (VolumesAdminNegativeTest:test_update_attached_volume_with_nonexistent_volume_in_body): 200 GET http://10.180.1.21/volume/v3/volumes/54f04474-baf3-493a-a441-7d2c5caa90be 0.040s
2025-05-13 17:03:20.610 70327 INFO tempest.lib.common.rest_client [req-af932d50-14cd-426c-8874-cb927a893542 req-af932d50-14cd-426c-8874-cb927a893542 ] Request (ServersAdminTestJSON:test_create_server_with_scheduling_hint): 200 GET http://10.180.1.21/compute/v2.1/servers/6afbc757-f826-4806-9a18-87326532db2c 1.461s
