2025-05-13 17:00:51.454 70283 INFO tempest.lib.common.rest_client [req-34b2fb3e-5fd1-44a3-a300-6b974f16b167 req-34b2fb3e-5fd1-44a3-a300-6b974f16b167 ] Request (AZAdminV2TestJSON:setUpClass): 200 GET http://10.180.1.21/identity/v3/roles 0.812s
2025-05-13 17:00:51.475 70319 INFO tempest.lib.common.rest_client [req-e64209a4-7296-490e-b2f7-4c61ecdcccbe req-e64209a4-7296-490e-b2f7-4c61ecdcccbe ] Request (ServerTagsTestJSON:setUpClass): 201 POST http://10.180.1.21/identity/v3/projects 0.852s
2025-05-13 17:00:51.476 70297 INFO tempest.lib.common.rest_client [req-f5511910-dbbd-460c-8b71-b491a753b49a req-f5511910-dbbd-460c-8b71-b491a753b49a ] Request (InstanceUsageAuditLogTestJSON:setUpClass): 201 POST http://10.180.1.21/identity/v3/users 0.832s
2025-05-13 17:00:51.523 70279 INFO tempest.lib.common.rest_client [req-6f76d79c-05a2-4f3f-9102-a3dda3e53225 req-6f76d79c-05a2-4f3f-9102-a3dda3e53225 ] Request (ServersAdmin275Test:setUpClass): 201 POST http://10.180.1.21/identity/v3/users 0.802s
2025-05-13 17:00:51.524 70295 INFO tempest.lib.common.rest_client [req-db7448ac-3a2e-4fce-b848-01cbbe51cbd7 req-db7448ac-3a2e-4fce-b848-01cbbe51cbd7 ] Request (ServersWithSpecificFlavorTestJSON:setUpClass): 201 POST http://10.180.1.21/identity/v3/users 0.750s
2025-05-13 17:00:51.542 70317 INFO tempest.lib.common.rest_client [req-90ee7246-86ff-47c3-8745-6f43b470235d req-90ee7246-86ff-47c3-8745-6f43b470235d ] Request (QuotasSecurityGroupAdminNegativeTest:setUpClass): 200 GET http://10.180.1.21/identity/v3/roles 0.709s
2025-05-13 17:00:51.547 70339 INFO tempest.lib.common.rest_client [req-79e2bc82-a763-451f-9bbb-1b2c012bcca4 req-79e2bc82-a763-451f-9bbb-1b2c012bcca4 ] Request (ImagesDeleteNegativeTestJSON:setUpClass): 201 POST http://10.180.1.21/identity/v3/projects 0.722s
2025-05-13 17:00:51.572 70335 INFO tempest.lib.common.rest_client [req-c0727415-207a-48ad-bc4f-0bb70a1bae76 req-c0727415-207a-48ad-bc4f-0bb70a1bae76 ] Request (FloatingIPDetailsNegativeTestJSON:setUpClass): 201 POST http://10.180.1.21:9696/networking/v2.0/routers 0.730s
2025-05-13 17:00:51.596 70321 INFO tempest.lib.common.rest_client [req-ce7f3e6a-c8eb-4cf9-a4f4-15a928f57a99 req-ce7f3e6a-c8eb-4cf9-a4f4-15a928f57a99 ] Request (FlavorsExtraSpecsTestJSON:setUpClass): 201 POST http://10.180.1.21/identity/v3/users 0.739s
2025-05-13 17:00:51.600 70327 INFO tempest.lib.common.rest_client [req-65e30bbf-15e4-4b5e-ab27-b40db906a34f req-65e30bbf-15e4-4b5e-ab27-b40db906a34f ] Request (FlavorMetadataValidation:setUpClass): 201 POST http://10.180.1.21/identity/v3/users 0.751s
2025-05-13 17:00:51.617 70293 INFO tempest.lib.common.rest_client [req-5df089a8-5b97-412c-8eb7-f64f06ffeaf4 req-5df089a8-5b97-412c-8eb7-f64f06ffeaf4 ] Request (FlavorsAccessTestJSON:setUpClass): 201 POST http://10.180.1.21/identity/v3/users 0.709s
2025-05-13 17:00:51.620 70331 INFO tempest.lib.common.rest_client [req-040e1f92-8100-4569-b042-ee8fdecf4ba0 req-040e1f92-8100-4569-b042-ee8fdecf4ba0 ] Request (ServerDiagnosticsTest:setUpClass): 201 POST http://10.180.1.21/identity/v3/users 0.693s
2025-05-13 17:00:51.638 70307 INFO tempest.lib.common.rest_client [req-3b293616-9bbc-43e7-909a-013d4bf7f6ba req-3b293616-9bbc-43e7-909a-013d4bf7f6ba ] Request (ServerExternalEventsTest:setUpClass): 201 POST http://10.180.1.21/identity/v3/users 0.662s
2025-05-13 17:00:51.640 70315 INFO tempest.lib.common.rest_client [req-351cbaa5-9c4f-4a91-8e4c-dfb47c42c998 req-351cbaa5-9c4f-4a91-8e4c-dfb47c42c998 ] Request (AggregatesAdminNegativeTestJSON:setUpClass): 201 POST http://10.180.1.21/identity/v3/users 0.654s
2025-05-13 17:00:51.658 70323 INFO tempest.lib.common.rest_client [req-f852d5ec-a147-4ecf-bdb8-18ef4a8a39c9 req-f852d5ec-a147-4ecf-bdb8-18ef4a8a39c9 ] Request (QuotaClassesAdminTestJSON:setUpClass): 201 POST http://10.180.1.21/identity/v3/users 0.597s
2025-05-13 17:00:51.677 70301 INFO tempest.lib.common.rest_client [req-425a2cc6-608e-4d75-88ba-9c7fa50ad43c req-425a2cc6-608e-4d75-88ba-9c7fa50ad43c ] Request (TenantUsagesNegativeTestJSON:setUpClass): 201 POST http://10.180.1.21/identity/v3/users 0.567s
2025-05-13 17:00:51.694 70305 INFO tempest.lib.common.rest_client [req-2e931be6-0709-4129-87b8-cdf02308c982 req-2e931be6-0709-4129-87b8-cdf02308c982 ] Request (HypervisorAdminV253TestBase:setUpClass): 200 GET http://10.180.1.21/identity/v3/roles 0.571s
2025-05-13 17:00:51.699 70277 INFO tempest.lib.common.rest_client [req-6ac07201-16da-4ace-b38b-def3feba9a93 req-6ac07201-16da-4ace-b38b-def3feba9a93 ] Request (HypervisorAdminNegativeUnderV252Test:setUpClass): 201 POST http://10.180.1.21/identity/v3/auth/tokens 0.608s
2025-05-13 17:00:51.721 70313 INFO tempest.lib.common.rest_client [req-b5500e4f-ce48-4213-a956-12e4fc73240f req-b5500e4f-ce48-4213-a956-12e4fc73240f ] Request (MigrationsAdminTest:setUpClass): 204 PUT http://10.180.1.21/identity/v3/projects/e913ef49d7c44e409eb3d2f6e98212cb/users/d178b50473844af1aa04b53ce504c3d0/roles/90ed858a2dc048fe895692d64020b1f6 0.564s
2025-05-13 17:00:51.721 70313 INFO tempest.lib.common.dynamic_creds [-] Dynamic test user d178b50473844af1aa04b53ce504c3d0 is created with scope project and roles: ['member']
2025-05-13 17:00:51.722 70313 INFO tempest.lib.common.dynamic_creds [-] Acquired dynamic creds: credentials: Credentials: {'domain_id': 'default', 'domain_name': 'Default', 'username': 'tempest-MigrationsAdminTest-1738953914-project-member', 'project_domain_id': 'default', 'project_domain_name': 'Default', 'project_id': 'e913ef49d7c44e409eb3d2f6e98212cb', 'project_name': 'tempest-MigrationsAdminTest-1738953914', 'tenant_id': 'e913ef49d7c44e409eb3d2f6e98212cb', 'tenant_name': 'tempest-MigrationsAdminTest-1738953914', 'user_domain_id': 'default', 'user_domain_name': 'Default', 'user_id': 'd178b50473844af1aa04b53ce504c3d0', 'system': None}, Network: None, Subnet: None, Router: None
2025-05-13 17:00:51.722 70313 INFO tempest.lib.common.dynamic_creds [-] Created isolated network resources for: credentials: Credentials: {'domain_id': 'default', 'domain_name': 'Default', 'username': 'tempest-MigrationsAdminTest-1738953914-project-member', 'project_domain_id': 'default', 'project_domain_name': 'Default', 'project_id': 'e913ef49d7c44e409eb3d2f6e98212cb', 'project_name': 'tempest-MigrationsAdminTest-1738953914', 'tenant_id': 'e913ef49d7c44e409eb3d2f6e98212cb', 'tenant_name': 'tempest-MigrationsAdminTest-1738953914', 'user_domain_id': 'default', 'user_domain_name': 'Default', 'user_id': 'd178b50473844af1aa04b53ce504c3d0', 'system': None}, Network: None, Subnet: None, Router: None
2025-05-13 17:00:51.722 70333 INFO tempest.lib.common.rest_client [req-9ebf8a7a-3640-4ab4-b3d9-ee24d51eb2e5 req-9ebf8a7a-3640-4ab4-b3d9-ee24d51eb2e5 ] Request (HostsAdminNegativeTestJSON:setUpClass): 201 POST http://10.180.1.21/identity/v3/users 0.549s
2025-05-13 17:00:51.781 70289 INFO tempest.lib.common.rest_client [req-b9a3dee0-e75f-449f-affa-cd4450fb2559 req-b9a3dee0-e75f-449f-affa-cd4450fb2559 ] Request (AZAdminNegativeTestJSON:setUpClass): 201 POST http://10.180.1.21/identity/v3/auth/tokens 0.562s
2025-05-13 17:00:51.782 70287 INFO tempest.lib.common.rest_client [req-c866470c-bfd0-4335-8cfa-5274dae5af87 req-c866470c-bfd0-4335-8cfa-5274dae5af87 ] Request (QuotasAdminTestJSON:setUpClass): 204 PUT http://10.180.1.21/identity/v3/projects/dcb1df53e2cb485c9c0b0851a1b023f8/users/0f482b634d314740a7c5692be6072779/roles/855b62fa12ee4b80942e0aded3d876f7 0.559s
2025-05-13 17:00:51.832 70309 INFO tempest.lib.common.rest_client [req-85700c02-c997-4cde-9631-09912d06e5fb req-85700c02-c997-4cde-9631-09912d06e5fb ] Request (FlavorsV261TestJSON:setUpClass): 201 POST http://10.180.1.21/identity/v3/users 0.587s
2025-05-13 17:00:51.834 70285 INFO tempest.lib.common.rest_client [req-c3e8608f-bb20-4fa9-bbb3-0ef6c12d6ccb req-c3e8608f-bb20-4fa9-bbb3-0ef6c12d6ccb ] Request (HypervisorAdminV228Test:setUpClass): 201 POST http://10.180.1.21/identity/v3/projects 0.604s
2025-05-13 17:00:51.888 70337 INFO tempest.lib.common.rest_client [req-d3ac1f51-fb6c-4ba7-84f9-08e4b9b762dc req-d3ac1f51-fb6c-4ba7-84f9-08e4b9b762dc ] Request (ServerDiagnosticsNegativeTest:setUpClass): 201 POST http://10.180.1.21/identity/v3/users 0.584s
2025-05-13 17:00:51.890 70329 INFO tempest.lib.common.rest_client [req-4db6c3e2-d497-4e4a-aa75-3d62f84422fc req-4db6c3e2-d497-4e4a-aa75-3d62f84422fc ] Request (FlavorsAdminTestJSON:setUpClass): 201 POST http://10.180.1.21/identity/v3/users 0.636s
2025-05-13 17:00:51.912 70325 INFO tempest.lib.common.rest_client [req-64470759-b4ad-4bcc-bba3-4117b92fad02 req-64470759-b4ad-4bcc-bba3-4117b92fad02 ] Request (ServersTestBootFromVolume:setUpClass): 201 POST http://10.180.1.21/identity/v3/users 0.592s
2025-05-13 17:00:51.912 70281 INFO tempest.lib.common.rest_client [req-5dd9d878-6a35-4926-9879-f88ba55d157e req-5dd9d878-6a35-4926-9879-f88ba55d157e ] Request (FlavorsExtraSpecsNegativeTestJSON:setUpClass): 200 GET http://10.180.1.21/identity/v3/roles 0.545s
2025-05-13 17:00:51.929 70291 INFO tempest.lib.common.rest_client [req-4ae57cd0-0505-4aab-907c-8dfbf413c9e2 req-4ae57cd0-0505-4aab-907c-8dfbf413c9e2 ] Request (DeleteServersAdminTestJSON:setUpClass): 200 GET http://10.180.1.21/identity/v3/roles 0.542s
2025-05-13 17:00:51.931 70299 INFO tempest.lib.common.rest_client [req-a5311d87-ce3e-4ba9-b5a3-f0b57b64e073 req-a5311d87-ce3e-4ba9-b5a3-f0b57b64e073 ] Request (QuotasAdminTestV257:setUpClass): 200 GET http://10.180.1.21/identity/v3/roles 0.544s
2025-05-13 17:00:51.951 70311 INFO tempest.lib.common.rest_client [req-fe04b5d5-0092-48b0-983e-1ddd62f8addc req-fe04b5d5-0092-48b0-983e-1ddd62f8addc ] Request (VolumesAssistedSnapshotsTest:setUpClass): 201 POST http://10.180.1.21/identity/v3/users 0.540s
2025-05-13 17:00:51.971 70283 INFO tempest.lib.common.rest_client [req-9d270772-fbaf-42c4-b9a9-8a32f4a64aeb req-9d270772-fbaf-42c4-b9a9-8a32f4a64aeb ] Request (AZAdminV2TestJSON:setUpClass): 204 PUT http://10.180.1.21/identity/v3/projects/996c57e822aa4b34bf6f053b994a2be5/users/201a04d471c348e6822ae96171fc328b/roles/855b62fa12ee4b80942e0aded3d876f7 0.516s
2025-05-13 17:00:51.971 70283 INFO tempest.lib.common.dynamic_creds [-] Dynamic test user 201a04d471c348e6822ae96171fc328b is created with scope project and roles: ['admin']
2025-05-13 17:00:51.971 70283 INFO tempest.lib.common.dynamic_creds [-] Acquired dynamic creds: credentials: Credentials: {'domain_id': 'default', 'domain_name': 'Default', 'username': 'tempest-AZAdminV2TestJSON-1318647253-project-admin', 'project_domain_id': 'default', 'project_domain_name': 'Default', 'project_id': '996c57e822aa4b34bf6f053b994a2be5', 'project_name': 'tempest-AZAdminV2TestJSON-1318647253', 'tenant_id': '996c57e822aa4b34bf6f053b994a2be5', 'tenant_name': 'tempest-AZAdminV2TestJSON-1318647253', 'user_domain_id': 'default', 'user_domain_name': 'Default', 'user_id': '201a04d471c348e6822ae96171fc328b', 'system': None}, Network: None, Subnet: None, Router: None
2025-05-13 17:00:51.971 70283 INFO tempest.lib.common.dynamic_creds [-] Created isolated network resources for: credentials: Credentials: {'domain_id': 'default', 'domain_name': 'Default', 'username': 'tempest-AZAdminV2TestJSON-1318647253-project-admin', 'project_domain_id': 'default', 'project_domain_name': 'Default', 'project_id': '996c57e822aa4b34bf6f053b994a2be5', 'project_name': 'tempest-AZAdminV2TestJSON-1318647253', 'tenant_id': '996c57e822aa4b34bf6f053b994a2be5', 'tenant_name': 'tempest-AZAdminV2TestJSON-1318647253', 'user_domain_id': 'default', 'user_domain_name': 'Default', 'user_id': '201a04d471c348e6822ae96171fc328b', 'system': None}, Network: None, Subnet: None, Router: None
2025-05-13 17:00:52.004 70304 INFO tempest.lib.common.rest_client [req-69f18167-dd3a-418d-bb4f-79e177c71152 req-69f18167-dd3a-418d-bb4f-79e177c71152 ] Request (HypervisorAdminNegativeTestJSON:setUpClass): 201 POST http://10.180.1.21/identity/v3/auth/tokens 0.602s
2025-05-13 17:00:52.021 70297 INFO tempest.lib.common.rest_client [req-0617117d-b89c-4fe6-9d79-a3bc1a1a384c req-0617117d-b89c-4fe6-9d79-a3bc1a1a384c ] Request (InstanceUsageAuditLogTestJSON:setUpClass): 200 GET http://10.180.1.21/identity/v3/roles 0.544s
2025-05-13 17:00:52.023 70319 INFO tempest.lib.common.rest_client [req-0b7e23ae-d060-44d3-89d9-d0ec53910975 req-0b7e23ae-d060-44d3-89d9-d0ec53910975 ] Request (ServerTagsTestJSON:setUpClass): 201 POST http://10.180.1.21/identity/v3/users 0.547s
2025-05-13 17:00:52.039 70279 INFO tempest.lib.common.rest_client [req-125af871-d988-4ac1-b3d6-1c73511f6138 req-125af871-d988-4ac1-b3d6-1c73511f6138 ] Request (ServersAdmin275Test:setUpClass): 200 GET http://10.180.1.21/identity/v3/roles 0.515s
2025-05-13 17:00:52.040 70295 INFO tempest.lib.common.rest_client [req-cd5cd322-806e-4805-9cd8-1756a913f905 req-cd5cd322-806e-4805-9cd8-1756a913f905 ] Request (ServersWithSpecificFlavorTestJSON:setUpClass): 200 GET http://10.180.1.21/identity/v3/roles 0.515s
2025-05-13 17:00:52.060 70339 INFO tempest.lib.common.rest_client [req-4417a555-a8cc-4ac0-a982-1b0e994b0532 req-4417a555-a8cc-4ac0-a982-1b0e994b0532 ] Request (ImagesDeleteNegativeTestJSON:setUpClass): 201 POST http://10.180.1.21/identity/v3/users 0.513s
2025-05-13 17:00:52.063 70317 INFO tempest.lib.common.rest_client [req-fd4d21e0-7817-4508-b74f-f7511cec5fd7 req-fd4d21e0-7817-4508-b74f-f7511cec5fd7 ] Request (QuotasSecurityGroupAdminNegativeTest:setUpClass): 204 PUT http://10.180.1.21/identity/v3/projects/bb29b3a73d334cd9baaf3e6a20252b33/users/afc8ad5cdad94b0fb30a9fe0b0881e31/roles/90ed858a2dc048fe895692d64020b1f6 0.521s
2025-05-13 17:00:52.063 70317 INFO tempest.lib.common.dynamic_creds [-] Dynamic test user afc8ad5cdad94b0fb30a9fe0b0881e31 is created with scope project and roles: ['member']
2025-05-13 17:00:52.064 70317 INFO tempest.lib.common.dynamic_creds [-] Acquired dynamic creds: credentials: Credentials: {'domain_id': 'default', 'domain_name': 'Default', 'username': 'tempest-QuotasSecurityGroupAdminNegativeTest-1607647950-project-member', 'project_domain_id': 'default', 'project_domain_name': 'Default', 'project_id': 'bb29b3a73d334cd9baaf3e6a20252b33', 'project_name': 'tempest-QuotasSecurityGroupAdminNegativeTest-1607647950', 'tenant_id': 'bb29b3a73d334cd9baaf3e6a20252b33', 'tenant_name': 'tempest-QuotasSecurityGroupAdminNegativeTest-1607647950', 'user_domain_id': 'default', 'user_domain_name': 'Default', 'user_id': 'afc8ad5cdad94b0fb30a9fe0b0881e31', 'system': None}, Network: None, Subnet: None, Router: None
2025-05-13 17:00:52.064 70317 INFO tempest.lib.common.dynamic_creds [-] Created isolated network resources for: credentials: Credentials: {'domain_id': 'default', 'domain_name': 'Default', 'username': 'tempest-QuotasSecurityGroupAdminNegativeTest-1607647950-project-member', 'project_domain_id': 'default', 'project_domain_name': 'Default', 'project_id': 'bb29b3a73d334cd9baaf3e6a20252b33', 'project_name': 'tempest-QuotasSecurityGroupAdminNegativeTest-1607647950', 'tenant_id': 'bb29b3a73d334cd9baaf3e6a20252b33', 'tenant_name': 'tempest-QuotasSecurityGroupAdminNegativeTest-1607647950', 'user_domain_id': 'default', 'user_domain_name': 'Default', 'user_id': 'afc8ad5cdad94b0fb30a9fe0b0881e31', 'system': None}, Network: None, Subnet: None, Router: None
2025-05-13 17:00:52.114 70321 INFO tempest.lib.common.rest_client [req-e2c7df62-fb58-430e-826e-5bf58990083c req-e2c7df62-fb58-430e-826e-5bf58990083c ] Request (FlavorsExtraSpecsTestJSON:setUpClass): 200 GET http://10.180.1.21/identity/v3/roles 0.517s
2025-05-13 17:00:52.115 70327 INFO tempest.lib.common.rest_client [req-6f6d49fa-1ea3-4518-b0c3-f013948194cc req-6f6d49fa-1ea3-4518-b0c3-f013948194cc ] Request (FlavorMetadataValidation:setUpClass): 200 GET http://10.180.1.21/identity/v3/roles 0.515s
2025-05-13 17:00:52.137 70293 INFO tempest.lib.common.rest_client [req-16d832b1-6e58-4167-bdad-0c3076e2d64b req-16d832b1-6e58-4167-bdad-0c3076e2d64b ] Request (FlavorsAccessTestJSON:setUpClass): 200 GET http://10.180.1.21/identity/v3/roles 0.519s
2025-05-13 17:00:52.139 70331 INFO tempest.lib.common.rest_client [req-44e10b6e-b517-4627-adff-dd0daac732be req-44e10b6e-b517-4627-adff-dd0daac732be ] Request (ServerDiagnosticsTest:setUpClass): 200 GET http://10.180.1.21/identity/v3/roles 0.518s
2025-05-13 17:00:52.155 70307 INFO tempest.lib.common.rest_client [req-5d2d094c-6d8a-45ed-b7f3-b1e18bed201c req-5d2d094c-6d8a-45ed-b7f3-b1e18bed201c ] Request (ServerExternalEventsTest:setUpClass): 200 GET http://10.180.1.21/identity/v3/roles 0.517s
2025-05-13 17:00:52.157 70315 INFO tempest.lib.common.rest_client [req-4688bc03-2a3e-412e-a77b-297736590997 req-4688bc03-2a3e-412e-a77b-297736590997 ] Request (AggregatesAdminNegativeTestJSON:setUpClass): 200 GET http://10.180.1.21/identity/v3/roles 0.516s
2025-05-13 17:00:52.171 70323 INFO tempest.lib.common.rest_client [req-edfe3c6b-3c5e-4815-8ad7-a3739b85bbb1 req-edfe3c6b-3c5e-4815-8ad7-a3739b85bbb1 ] Request (QuotaClassesAdminTestJSON:setUpClass): 200 GET http://10.180.1.21/identity/v3/roles 0.512s
2025-05-13 17:00:52.178 70301 INFO tempest.lib.common.rest_client [req-cb6b65b0-e7a0-4a2a-972c-5b7e1a17881f req-cb6b65b0-e7a0-4a2a-972c-5b7e1a17881f ] Request (TenantUsagesNegativeTestJSON:setUpClass): 200 GET http://10.180.1.21/identity/v3/roles 0.500s
2025-05-13 17:00:52.199 70305 INFO tempest.lib.common.rest_client [req-ef1e8708-94c4-4644-9246-9df958d8631b req-ef1e8708-94c4-4644-9246-9df958d8631b ] Request (HypervisorAdminV253TestBase:setUpClass): 204 PUT http://10.180.1.21/identity/v3/projects/08af4dc71c4d4e1a9a63c8ce548cec07/users/000ba3b57be046ba8d23e40ed56988d6/roles/90ed858a2dc048fe895692d64020b1f6 0.504s
2025-05-13 17:00:52.199 70305 INFO tempest.lib.common.dynamic_creds [-] Dynamic test user 000ba3b57be046ba8d23e40ed56988d6 is created with scope project and roles: ['member']
2025-05-13 17:00:52.200 70305 INFO tempest.lib.common.dynamic_creds [-] Acquired dynamic creds: credentials: Credentials: {'domain_id': 'default', 'domain_name': 'Default', 'username': 'tempest-HypervisorAdminV253TestBase-753011184-project-member', 'project_domain_id': 'default', 'project_domain_name': 'Default', 'project_id': '08af4dc71c4d4e1a9a63c8ce548cec07', 'project_name': 'tempest-HypervisorAdminV253TestBase-753011184', 'tenant_id': '08af4dc71c4d4e1a9a63c8ce548cec07', 'tenant_name': 'tempest-HypervisorAdminV253TestBase-753011184', 'user_domain_id': 'default', 'user_domain_name': 'Default', 'user_id': '000ba3b57be046ba8d23e40ed56988d6', 'system': None}, Network: None, Subnet: None, Router: None
2025-05-13 17:00:52.200 70305 INFO tempest.lib.common.dynamic_creds [-] Created isolated network resources for: credentials: Credentials: {'domain_id': 'default', 'domain_name': 'Default', 'username': 'tempest-HypervisorAdminV253TestBase-753011184-project-member', 'project_domain_id': 'default', 'project_domain_name': 'Default', 'project_id': '08af4dc71c4d4e1a9a63c8ce548cec07', 'project_name': 'tempest-HypervisorAdminV253TestBase-753011184', 'tenant_id': '08af4dc71c4d4e1a9a63c8ce548cec07', 'tenant_name': 'tempest-HypervisorAdminV253TestBase-753011184', 'user_domain_id': 'default', 'user_domain_name': 'Default', 'user_id': '000ba3b57be046ba8d23e40ed56988d6', 'system': None}, Network: None, Subnet: None, Router: None
2025-05-13 17:00:52.206 70277 INFO tempest.lib.common.rest_client [req-e135185f-266a-46d8-b38d-a7a3f4dca7dc req-e135185f-266a-46d8-b38d-a7a3f4dca7dc ] Request (HypervisorAdminNegativeUnderV252Test:setUpClass): 201 POST http://10.180.1.21/identity/v3/projects 0.506s
2025-05-13 17:00:52.268 70313 INFO tempest.lib.common.rest_client [req-9759a606-5295-43b6-8181-44225f6eb782 req-9759a606-5295-43b6-8181-44225f6eb782 ] Request (MigrationsAdminTest:setUpClass): 201 POST http://10.180.1.21/identity/v3/auth/tokens 0.487s
2025-05-13 17:00:52.284 70333 INFO tempest.lib.common.rest_client [req-198d4fa1-ddb7-4306-ba08-1f38ab216284 req-198d4fa1-ddb7-4306-ba08-1f38ab216284 ] Request (HostsAdminNegativeTestJSON:setUpClass): 200 GET http://10.180.1.21/identity/v3/roles 0.561s
2025-05-13 17:00:52.295 70289 INFO tempest.lib.common.rest_client [req-3bd6bd38-04ed-4843-94f1-25b49fe73190 req-3bd6bd38-04ed-4843-94f1-25b49fe73190 ] Request (AZAdminNegativeTestJSON:setUpClass): 201 POST http://10.180.1.21/identity/v3/projects 0.513s
2025-05-13 17:00:52.302 70287 INFO tempest.lib.common.rest_client [req-bfdbd2c3-514d-48db-8ce7-40b842529052 req-bfdbd2c3-514d-48db-8ce7-40b842529052 ] Request (QuotasAdminTestJSON:setUpClass): 200 GET http://10.180.1.21/identity/v3/roles 0.520s
2025-05-13 17:00:52.335 70335 INFO tempest.lib.common.rest_client [req-b9745752-2411-4a09-9ff0-c5ea764b46e4 req-b9745752-2411-4a09-9ff0-c5ea764b46e4 ] Request (FloatingIPDetailsNegativeTestJSON:setUpClass): 200 PUT http://10.180.1.21:9696/networking/v2.0/routers/ead1bb27-206b-4d26-853a-d9fde621725e/add_router_interface 0.762s
2025-05-13 17:00:52.335 70335 INFO tempest.lib.common.dynamic_creds [-] Created isolated network resources for: credentials: Credentials: {'domain_id': 'default', 'domain_name': 'Default', 'username': 'tempest-FloatingIPDetailsNegativeTestJSON-1190183574-project-member', 'project_domain_id': 'default', 'project_domain_name': 'Default', 'project_id': 'bbd3b84f11c344d1b49a8ae16c4838fc', 'project_name': 'tempest-FloatingIPDetailsNegativeTestJSON-1190183574', 'tenant_id': 'bbd3b84f11c344d1b49a8ae16c4838fc', 'tenant_name': 'tempest-FloatingIPDetailsNegativeTestJSON-1190183574', 'user_domain_id': 'default', 'user_domain_name': 'Default', 'user_id': '10c8b4e0317a4d078e17c0d464e09641', 'system': None}, Network: {'id': '917b398b-942f-4a51-9e1c-91bccc17121b', 'name': 'tempest-FloatingIPDetailsNegativeTestJSON-1626039539-network', 'tenant_id': 'bbd3b84f11c344d1b49a8ae16c4838fc', 'admin_state_up': True, 'mtu': 8950, 'status': 'ACTIVE', 'subnets': [], 'shared': False, 'project_id': 'bbd3b84f11c344d1b49a8ae16c4838fc', 'port_security_enabled': True, 'router:external': False, 'provider:network_type': 'vlan', 'provider:physical_network': 'default', 'provider:segmentation_id': 813, 'availability_zone_hints': [], 'availability_zones': [], 'ipv4_address_scope': None, 'ipv6_address_scope': None, 'description': '', 'tags': [], 'created_at': '2025-05-13T17:00:50Z', 'updated_at': '2025-05-13T17:00:50Z', 'revision_number': 1}, Subnet: {'id': '25da90a4-cd24-4442-85bf-0783a923f261', 'name': 'tempest-FloatingIPDetailsNegativeTestJSON-1626039539-subnet', 'tenant_id': 'bbd3b84f11c344d1b49a8ae16c4838fc', 'network_id': '917b398b-942f-4a51-9e1c-91bccc17121b', 'ip_version': 4, 'subnetpool_id': None, 'enable_dhcp': True, 'ipv6_ra_mode': None, 'ipv6_address_mode': None, 'gateway_ip': '192.168.128.1', 'cidr': '192.168.128.0/28', 'allocation_pools': [{'start': '192.168.128.2', 'end': '192.168.128.14'}], 'host_routes': [], 'dns_nameservers': [], 'description': '', 'router:external': False, 'service_types': [], 'tags': [], 'created_at': '2025-05-13T17:00:50Z', 'updated_at': '2025-05-13T17:00:50Z', 'revision_number': 0, 'project_id': 'bbd3b84f11c344d1b49a8ae16c4838fc'}, Router: {'id': 'ead1bb27-206b-4d26-853a-d9fde621725e', 'name': 'tempest-FloatingIPDetailsNegativeTestJSON-1626039539-router', 'tenant_id': 'bbd3b84f11c344d1b49a8ae16c4838fc', 'admin_state_up': True, 'status': 'ACTIVE', 'external_gateway_info': {'network_id': 'd1b0d137-89d6-4181-afd4-fe923ec01c9d', 'external_fixed_ips': [{'subnet_id': 'ca2e8275-7f23-480b-b05d-a13a3c2aead1', 'ip_address': '10.180.180.145'}], 'enable_snat': True}, 'description': '', 'availability_zones': [], 'distributed': False, 'ha': False, 'availability_zone_hints': [], 'routes': [], 'flavor_id': None, 'tags': [], 'created_at': '2025-05-13T17:00:50Z', 'updated_at': '2025-05-13T17:00:51Z', 'revision_number': 2, 'project_id': 'bbd3b84f11c344d1b49a8ae16c4838fc'}
2025-05-13 17:00:52.345 70309 INFO tempest.lib.common.rest_client [req-85910359-8ef8-42b7-9615-110216c1db2c req-85910359-8ef8-42b7-9615-110216c1db2c ] Request (FlavorsV261TestJSON:setUpClass): 200 GET http://10.180.1.21/identity/v3/roles 0.512s
2025-05-13 17:00:52.362 70285 INFO tempest.lib.common.rest_client [req-dbde82e2-7651-4954-b913-3ef9349b2443 req-dbde82e2-7651-4954-b913-3ef9349b2443 ] Request (HypervisorAdminV228Test:setUpClass): 201 POST http://10.180.1.21/identity/v3/users 0.527s
2025-05-13 17:00:52.361 70337 INFO tempest.lib.common.rest_client [req-2b65937c-3ce0-446a-a62f-8ce3f9e818b2 req-2b65937c-3ce0-446a-a62f-8ce3f9e818b2 ] Request (ServerDiagnosticsNegativeTest:setUpClass): 200 GET http://10.180.1.21/identity/v3/roles 0.473s
2025-05-13 17:00:52.377 70329 INFO tempest.lib.common.rest_client [req-dd368f2a-a019-4f11-a5cf-dc9b74c2b14f req-dd368f2a-a019-4f11-a5cf-dc9b74c2b14f ] Request (FlavorsAdminTestJSON:setUpClass): 200 GET http://10.180.1.21/identity/v3/roles 0.487s
2025-05-13 17:00:52.379 70325 INFO tempest.lib.common.rest_client [req-08506f2e-c5a2-4e33-9f38-764383dcac9b req-08506f2e-c5a2-4e33-9f38-764383dcac9b ] Request (ServersTestBootFromVolume:setUpClass): 200 GET http://10.180.1.21/identity/v3/roles 0.467s
2025-05-13 17:00:52.402 70281 INFO tempest.lib.common.rest_client [req-20a14e9e-0fab-4df9-a57e-b19669d33053 req-20a14e9e-0fab-4df9-a57e-b19669d33053 ] Request (FlavorsExtraSpecsNegativeTestJSON:setUpClass): 204 PUT http://10.180.1.21/identity/v3/projects/ab2ffd82ad8f4e12b3626c5b0de51e5e/users/c19f61f9cb4a4acfa9c38b7218ffa63f/roles/90ed858a2dc048fe895692d64020b1f6 0.489s
2025-05-13 17:00:52.402 70281 INFO tempest.lib.common.dynamic_creds [-] Dynamic test user c19f61f9cb4a4acfa9c38b7218ffa63f is created with scope project and roles: ['member']
2025-05-13 17:00:52.402 70291 INFO tempest.lib.common.rest_client [req-40d4d80c-55ee-4b49-948c-9aeb0347c1c4 req-40d4d80c-55ee-4b49-948c-9aeb0347c1c4 ] Request (DeleteServersAdminTestJSON:setUpClass): 204 PUT http://10.180.1.21/identity/v3/projects/88997eb1e0174d6e9b729694dd994470/users/65fdee6d05bb46cda158fde55e5980b8/roles/90ed858a2dc048fe895692d64020b1f6 0.473s
2025-05-13 17:00:52.402 70281 INFO tempest.lib.common.dynamic_creds [-] Acquired dynamic creds: credentials: Credentials: {'domain_id': 'default', 'domain_name': 'Default', 'username': 'tempest-FlavorsExtraSpecsNegativeTestJSON-949583621-project-member', 'project_domain_id': 'default', 'project_domain_name': 'Default', 'project_id': 'ab2ffd82ad8f4e12b3626c5b0de51e5e', 'project_name': 'tempest-FlavorsExtraSpecsNegativeTestJSON-949583621', 'tenant_id': 'ab2ffd82ad8f4e12b3626c5b0de51e5e', 'tenant_name': 'tempest-FlavorsExtraSpecsNegativeTestJSON-949583621', 'user_domain_id': 'default', 'user_domain_name': 'Default', 'user_id': 'c19f61f9cb4a4acfa9c38b7218ffa63f', 'system': None}, Network: None, Subnet: None, Router: None
2025-05-13 17:00:52.403 70291 INFO tempest.lib.common.dynamic_creds [-] Dynamic test user 65fdee6d05bb46cda158fde55e5980b8 is created with scope project and roles: ['member']
2025-05-13 17:00:52.403 70281 INFO tempest.lib.common.dynamic_creds [-] Created isolated network resources for: credentials: Credentials: {'domain_id': 'default', 'domain_name': 'Default', 'username': 'tempest-FlavorsExtraSpecsNegativeTestJSON-949583621-project-member', 'project_domain_id': 'default', 'project_domain_name': 'Default', 'project_id': 'ab2ffd82ad8f4e12b3626c5b0de51e5e', 'project_name': 'tempest-FlavorsExtraSpecsNegativeTestJSON-949583621', 'tenant_id': 'ab2ffd82ad8f4e12b3626c5b0de51e5e', 'tenant_name': 'tempest-FlavorsExtraSpecsNegativeTestJSON-949583621', 'user_domain_id': 'default', 'user_domain_name': 'Default', 'user_id': 'c19f61f9cb4a4acfa9c38b7218ffa63f', 'system': None}, Network: None, Subnet: None, Router: None
2025-05-13 17:00:52.403 70291 INFO tempest.lib.common.dynamic_creds [-] Acquired dynamic creds: credentials: Credentials: {'domain_id': 'default', 'domain_name': 'Default', 'username': 'tempest-DeleteServersAdminTestJSON-1565959929-project-member', 'project_domain_id': 'default', 'project_domain_name': 'Default', 'project_id': '88997eb1e0174d6e9b729694dd994470', 'project_name': 'tempest-DeleteServersAdminTestJSON-1565959929', 'tenant_id': '88997eb1e0174d6e9b729694dd994470', 'tenant_name': 'tempest-DeleteServersAdminTestJSON-1565959929', 'user_domain_id': 'default', 'user_domain_name': 'Default', 'user_id': '65fdee6d05bb46cda158fde55e5980b8', 'system': None}, Network: None, Subnet: None, Router: None
2025-05-13 17:00:52.403 70291 INFO tempest.lib.common.dynamic_creds [-] Created isolated network resources for: credentials: Credentials: {'domain_id': 'default', 'domain_name': 'Default', 'username': 'tempest-DeleteServersAdminTestJSON-1565959929-project-member', 'project_domain_id': 'default', 'project_domain_name': 'Default', 'project_id': '88997eb1e0174d6e9b729694dd994470', 'project_name': 'tempest-DeleteServersAdminTestJSON-1565959929', 'tenant_id': '88997eb1e0174d6e9b729694dd994470', 'tenant_name': 'tempest-DeleteServersAdminTestJSON-1565959929', 'user_domain_id': 'default', 'user_domain_name': 'Default', 'user_id': '65fdee6d05bb46cda158fde55e5980b8', 'system': None}, Network: None, Subnet: None, Router: None
2025-05-13 17:00:52.447 70311 INFO tempest.lib.common.rest_client [req-6270d7c1-e52d-4182-a513-506261a6885d req-6270d7c1-e52d-4182-a513-506261a6885d ] Request (VolumesAssistedSnapshotsTest:setUpClass): 200 GET http://10.180.1.21/identity/v3/roles 0.496s
2025-05-13 17:00:52.476 70299 INFO tempest.lib.common.rest_client [req-b5207c37-5462-4d40-a688-64d6e645aad3 req-b5207c37-5462-4d40-a688-64d6e645aad3 ] Request (QuotasAdminTestV257:setUpClass): 204 PUT http://10.180.1.21/identity/v3/projects/158b209d2d034524a1f800b16d72414d/users/0574a5ace99645e4a9d1379536d07044/roles/90ed858a2dc048fe895692d64020b1f6 0.544s
2025-05-13 17:00:52.476 70299 INFO tempest.lib.common.dynamic_creds [-] Dynamic test user 0574a5ace99645e4a9d1379536d07044 is created with scope project and roles: ['member']
2025-05-13 17:00:52.477 70299 INFO tempest.lib.common.dynamic_creds [-] Acquired dynamic creds: credentials: Credentials: {'domain_id': 'default', 'domain_name': 'Default', 'username': 'tempest-QuotasAdminTestV257-442551225-project-member', 'project_domain_id': 'default', 'project_domain_name': 'Default', 'project_id': '158b209d2d034524a1f800b16d72414d', 'project_name': 'tempest-QuotasAdminTestV257-442551225', 'tenant_id': '158b209d2d034524a1f800b16d72414d', 'tenant_name': 'tempest-QuotasAdminTestV257-442551225', 'user_domain_id': 'default', 'user_domain_name': 'Default', 'user_id': '0574a5ace99645e4a9d1379536d07044', 'system': None}, Network: None, Subnet: None, Router: None
2025-05-13 17:00:52.477 70299 INFO tempest.lib.common.dynamic_creds [-] Created isolated network resources for: credentials: Credentials: {'domain_id': 'default', 'domain_name': 'Default', 'username': 'tempest-QuotasAdminTestV257-442551225-project-member', 'project_domain_id': 'default', 'project_domain_name': 'Default', 'project_id': '158b209d2d034524a1f800b16d72414d', 'project_name': 'tempest-QuotasAdminTestV257-442551225', 'tenant_id': '158b209d2d034524a1f800b16d72414d', 'tenant_name': 'tempest-QuotasAdminTestV257-442551225', 'user_domain_id': 'default', 'user_domain_name': 'Default', 'user_id': '0574a5ace99645e4a9d1379536d07044', 'system': None}, Network: None, Subnet: None, Router: None
2025-05-13 17:00:52.504 70283 INFO tempest.lib.common.rest_client [req-afcbe15d-5594-49da-8679-870503cd0732 req-afcbe15d-5594-49da-8679-870503cd0732 ] Request (AZAdminV2TestJSON:setUpClass): 201 POST http://10.180.1.21/identity/v3/auth/tokens 0.529s
2025-05-13 17:00:52.552 70297 INFO tempest.lib.common.rest_client [req-26d6d15e-2e25-4228-8f0f-86b0194d78e2 req-26d6d15e-2e25-4228-8f0f-86b0194d78e2 ] Request (InstanceUsageAuditLogTestJSON:setUpClass): 204 PUT http://10.180.1.21/identity/v3/projects/487348a2460c4b1a8a5b6c2e47d19d68/users/e8cbcb1a94ba408a84543119a777d1d2/roles/90ed858a2dc048fe895692d64020b1f6 0.530s
2025-05-13 17:00:52.553 70304 INFO tempest.lib.common.rest_client [req-d7356e15-b79d-4771-837c-a3c329033266 req-d7356e15-b79d-4771-837c-a3c329033266 ] Request (HypervisorAdminNegativeTestJSON:test_get_hypervisor_list_details_with_non_admin_user): 403 GET http://10.180.1.21/compute/v2.1/os-hypervisors/detail 0.547s
2025-05-13 17:00:52.553 70297 INFO tempest.lib.common.dynamic_creds [-] Dynamic test user e8cbcb1a94ba408a84543119a777d1d2 is created with scope project and roles: ['member']
2025-05-13 17:00:52.553 70297 INFO tempest.lib.common.dynamic_creds [-] Acquired dynamic creds: credentials: Credentials: {'domain_id': 'default', 'domain_name': 'Default', 'username': 'tempest-InstanceUsageAuditLogTestJSON-1485552847-project-member', 'project_domain_id': 'default', 'project_domain_name': 'Default', 'project_id': '487348a2460c4b1a8a5b6c2e47d19d68', 'project_name': 'tempest-InstanceUsageAuditLogTestJSON-1485552847', 'tenant_id': '487348a2460c4b1a8a5b6c2e47d19d68', 'tenant_name': 'tempest-InstanceUsageAuditLogTestJSON-1485552847', 'user_domain_id': 'default', 'user_domain_name': 'Default', 'user_id': 'e8cbcb1a94ba408a84543119a777d1d2', 'system': None}, Network: None, Subnet: None, Router: None
2025-05-13 17:00:52.553 70297 INFO tempest.lib.common.dynamic_creds [-] Created isolated network resources for: credentials: Credentials: {'domain_id': 'default', 'domain_name': 'Default', 'username': 'tempest-InstanceUsageAuditLogTestJSON-1485552847-project-member', 'project_domain_id': 'default', 'project_domain_name': 'Default', 'project_id': '487348a2460c4b1a8a5b6c2e47d19d68', 'project_name': 'tempest-InstanceUsageAuditLogTestJSON-1485552847', 'tenant_id': '487348a2460c4b1a8a5b6c2e47d19d68', 'tenant_name': 'tempest-InstanceUsageAuditLogTestJSON-1485552847', 'user_domain_id': 'default', 'user_domain_name': 'Default', 'user_id': 'e8cbcb1a94ba408a84543119a777d1d2', 'system': None}, Network: None, Subnet: None, Router: None
2025-05-13 17:00:52.566 70304 INFO tempest.lib.common.rest_client [req-9dccc236-eb6e-435c-af96-fdae2343db52 req-9dccc236-eb6e-435c-af96-fdae2343db52 ] Request (HypervisorAdminNegativeTestJSON:test_get_hypervisor_list_with_non_admin_user): 403 GET http://10.180.1.21/compute/v2.1/os-hypervisors 0.008s
2025-05-13 17:00:52.566 70319 INFO tempest.lib.common.rest_client [req-7a41de54-55a5-4830-8364-f3fe11530404 req-7a41de54-55a5-4830-8364-f3fe11530404 ] Request (ServerTagsTestJSON:setUpClass): 200 GET http://10.180.1.21/identity/v3/roles 0.543s
2025-05-13 17:00:52.576 70304 INFO tempest.lib.common.rest_client [req-68a0894d-7e85-4949-8ed8-3bea7c878004 req-68a0894d-7e85-4949-8ed8-3bea7c878004 ] Request (HypervisorAdminNegativeTestJSON:test_get_hypervisor_stats_with_non_admin_user): 403 GET http://10.180.1.21/compute/v2.1/os-hypervisors/statistics 0.008s
2025-05-13 17:00:52.603 70279 INFO tempest.lib.common.rest_client [req-536f94f5-3c0c-48a3-8f50-c73409eb836b req-536f94f5-3c0c-48a3-8f50-c73409eb836b ] Request (ServersAdmin275Test:setUpClass): 204 PUT http://10.180.1.21/identity/v3/projects/43fa4cdceec24580949e261983e95aba/users/5f3a5a00f77e4f1c9fbd8a6dcefe95a1/roles/90ed858a2dc048fe895692d64020b1f6 0.563s
2025-05-13 17:00:52.603 70279 INFO tempest.lib.common.dynamic_creds [-] Dynamic test user 5f3a5a00f77e4f1c9fbd8a6dcefe95a1 is created with scope project and roles: ['member']
2025-05-13 17:00:52.604 70279 INFO tempest.lib.common.dynamic_creds [-] Acquired dynamic creds: credentials: Credentials: {'domain_id': 'default', 'domain_name': 'Default', 'username': 'tempest-ServersAdmin275Test-1273749351-project-member', 'project_domain_id': 'default', 'project_domain_name': 'Default', 'project_id': '43fa4cdceec24580949e261983e95aba', 'project_name': 'tempest-ServersAdmin275Test-1273749351', 'tenant_id': '43fa4cdceec24580949e261983e95aba', 'tenant_name': 'tempest-ServersAdmin275Test-1273749351', 'user_domain_id': 'default', 'user_domain_name': 'Default', 'user_id': '5f3a5a00f77e4f1c9fbd8a6dcefe95a1', 'system': None}, Network: None, Subnet: None, Router: None
2025-05-13 17:00:52.604 70279 INFO tempest.lib.common.dynamic_creds [-] Created isolated network resources for: credentials: Credentials: {'domain_id': 'default', 'domain_name': 'Default', 'username': 'tempest-ServersAdmin275Test-1273749351-project-member', 'project_domain_id': 'default', 'project_domain_name': 'Default', 'project_id': '43fa4cdceec24580949e261983e95aba', 'project_name': 'tempest-ServersAdmin275Test-1273749351', 'tenant_id': '43fa4cdceec24580949e261983e95aba', 'tenant_name': 'tempest-ServersAdmin275Test-1273749351', 'user_domain_id': 'default', 'user_domain_name': 'Default', 'user_id': '5f3a5a00f77e4f1c9fbd8a6dcefe95a1', 'system': None}, Network: None, Subnet: None, Router: None
2025-05-13 17:00:52.616 70295 INFO tempest.lib.common.rest_client [req-4ad5b8a0-a38c-413d-8364-d6f6618b1ccf req-4ad5b8a0-a38c-413d-8364-d6f6618b1ccf ] Request (ServersWithSpecificFlavorTestJSON:setUpClass): 204 PUT http://10.180.1.21/identity/v3/projects/c55ebfd27dda4bfd81b563d7de97b2dc/users/b97953bc7b854955ae9dbcac98cc4c85/roles/90ed858a2dc048fe895692d64020b1f6 0.576s
2025-05-13 17:00:52.617 70295 INFO tempest.lib.common.dynamic_creds [-] Dynamic test user b97953bc7b854955ae9dbcac98cc4c85 is created with scope project and roles: ['member']
2025-05-13 17:00:52.617 70295 INFO tempest.lib.common.dynamic_creds [-] Acquired dynamic creds: credentials: Credentials: {'domain_id': 'default', 'domain_name': 'Default', 'username': 'tempest-ServersWithSpecificFlavorTestJSON-271663348-project-member', 'project_domain_id': 'default', 'project_domain_name': 'Default', 'project_id': 'c55ebfd27dda4bfd81b563d7de97b2dc', 'project_name': 'tempest-ServersWithSpecificFlavorTestJSON-271663348', 'tenant_id': 'c55ebfd27dda4bfd81b563d7de97b2dc', 'tenant_name': 'tempest-ServersWithSpecificFlavorTestJSON-271663348', 'user_domain_id': 'default', 'user_domain_name': 'Default', 'user_id': 'b97953bc7b854955ae9dbcac98cc4c85', 'system': None}, Network: None, Subnet: None, Router: None
2025-05-13 17:00:52.673 70321 INFO tempest.lib.common.rest_client [req-287a205c-8304-493a-959d-9ed31ebcb7b9 req-287a205c-8304-493a-959d-9ed31ebcb7b9 ] Request (FlavorsExtraSpecsTestJSON:setUpClass): 204 PUT http://10.180.1.21/identity/v3/projects/57377a30ea6d4365a2f38e59354fac81/users/845feaa33a4748fbbeee46e5cbeec26d/roles/90ed858a2dc048fe895692d64020b1f6 0.558s
2025-05-13 17:00:52.673 70321 INFO tempest.lib.common.dynamic_creds [-] Dynamic test user 845feaa33a4748fbbeee46e5cbeec26d is created with scope project and roles: ['member']
2025-05-13 17:00:52.673 70321 INFO tempest.lib.common.dynamic_creds [-] Acquired dynamic creds: credentials: Credentials: {'domain_id': 'default', 'domain_name': 'Default', 'username': 'tempest-FlavorsExtraSpecsTestJSON-273711193-project-member', 'project_domain_id': 'default', 'project_domain_name': 'Default', 'project_id': '57377a30ea6d4365a2f38e59354fac81', 'project_name': 'tempest-FlavorsExtraSpecsTestJSON-273711193', 'tenant_id': '57377a30ea6d4365a2f38e59354fac81', 'tenant_name': 'tempest-FlavorsExtraSpecsTestJSON-273711193', 'user_domain_id': 'default', 'user_domain_name': 'Default', 'user_id': '845feaa33a4748fbbeee46e5cbeec26d', 'system': None}, Network: None, Subnet: None, Router: None
2025-05-13 17:00:52.673 70321 INFO tempest.lib.common.dynamic_creds [-] Created isolated network resources for: credentials: Credentials: {'domain_id': 'default', 'domain_name': 'Default', 'username': 'tempest-FlavorsExtraSpecsTestJSON-273711193-project-member', 'project_domain_id': 'default', 'project_domain_name': 'Default', 'project_id': '57377a30ea6d4365a2f38e59354fac81', 'project_name': 'tempest-FlavorsExtraSpecsTestJSON-273711193', 'tenant_id': '57377a30ea6d4365a2f38e59354fac81', 'tenant_name': 'tempest-FlavorsExtraSpecsTestJSON-273711193', 'user_domain_id': 'default', 'user_domain_name': 'Default', 'user_id': '845feaa33a4748fbbeee46e5cbeec26d', 'system': None}, Network: None, Subnet: None, Router: None
2025-05-13 17:00:52.681 70339 INFO tempest.lib.common.rest_client [req-2b80fe81-6558-4265-8189-a8471164421e req-2b80fe81-6558-4265-8189-a8471164421e ] Request (ImagesDeleteNegativeTestJSON:setUpClass): 200 GET http://10.180.1.21/identity/v3/roles 0.620s
2025-05-13 17:00:52.721 70327 INFO tempest.lib.common.rest_client [req-4579c809-d931-4d54-9a07-d999dc48e093 req-4579c809-d931-4d54-9a07-d999dc48e093 ] Request (FlavorMetadataValidation:setUpClass): 204 PUT http://10.180.1.21/identity/v3/projects/5a38420a00294e9bbbdab44c29166b4c/users/d509590b0ef24dc6be72ffe5b4bc3caa/roles/90ed858a2dc048fe895692d64020b1f6 0.605s
2025-05-13 17:00:52.721 70327 INFO tempest.lib.common.dynamic_creds [-] Dynamic test user d509590b0ef24dc6be72ffe5b4bc3caa is created with scope project and roles: ['member']
2025-05-13 17:00:52.722 70327 INFO tempest.lib.common.dynamic_creds [-] Acquired dynamic creds: credentials: Credentials: {'domain_id': 'default', 'domain_name': 'Default', 'username': 'tempest-FlavorMetadataValidation-1655436853-project-member', 'project_domain_id': 'default', 'project_domain_name': 'Default', 'project_id': '5a38420a00294e9bbbdab44c29166b4c', 'project_name': 'tempest-FlavorMetadataValidation-1655436853', 'tenant_id': '5a38420a00294e9bbbdab44c29166b4c', 'tenant_name': 'tempest-FlavorMetadataValidation-1655436853', 'user_domain_id': 'default', 'user_domain_name': 'Default', 'user_id': 'd509590b0ef24dc6be72ffe5b4bc3caa', 'system': None}, Network: None, Subnet: None, Router: None
2025-05-13 17:00:52.722 70327 INFO tempest.lib.common.dynamic_creds [-] Created isolated network resources for: credentials: Credentials: {'domain_id': 'default', 'domain_name': 'Default', 'username': 'tempest-FlavorMetadataValidation-1655436853-project-member', 'project_domain_id': 'default', 'project_domain_name': 'Default', 'project_id': '5a38420a00294e9bbbdab44c29166b4c', 'project_name': 'tempest-FlavorMetadataValidation-1655436853', 'tenant_id': '5a38420a00294e9bbbdab44c29166b4c', 'tenant_name': 'tempest-FlavorMetadataValidation-1655436853', 'user_domain_id': 'default', 'user_domain_name': 'Default', 'user_id': 'd509590b0ef24dc6be72ffe5b4bc3caa', 'system': None}, Network: None, Subnet: None, Router: None
2025-05-13 17:00:52.739 70317 INFO tempest.lib.common.rest_client [req-d34fe1fa-c239-49d4-a6ec-3a49a1e814cd req-d34fe1fa-c239-49d4-a6ec-3a49a1e814cd ] Request (QuotasSecurityGroupAdminNegativeTest:setUpClass): 201 POST http://10.180.1.21/identity/v3/auth/tokens 0.612s
2025-05-13 17:00:52.783 70293 INFO tempest.lib.common.rest_client [req-f2997fa9-9c2e-4763-80dc-f8c01fa3601d req-f2997fa9-9c2e-4763-80dc-f8c01fa3601d ] Request (FlavorsAccessTestJSON:setUpClass): 204 PUT http://10.180.1.21/identity/v3/projects/383d2328346c46a5a00a5dcc4292b4ff/users/9abb280d1f8f4dd9b689340a77843c42/roles/90ed858a2dc048fe895692d64020b1f6 0.645s
2025-05-13 17:00:52.783 70293 INFO tempest.lib.common.dynamic_creds [-] Dynamic test user 9abb280d1f8f4dd9b689340a77843c42 is created with scope project and roles: ['member']
2025-05-13 17:00:52.783 70293 INFO tempest.lib.common.dynamic_creds [-] Acquired dynamic creds: credentials: Credentials: {'domain_id': 'default', 'domain_name': 'Default', 'username': 'tempest-FlavorsAccessTestJSON-822503271-project-member', 'project_domain_id': 'default', 'project_domain_name': 'Default', 'project_id': '383d2328346c46a5a00a5dcc4292b4ff', 'project_name': 'tempest-FlavorsAccessTestJSON-822503271', 'tenant_id': '383d2328346c46a5a00a5dcc4292b4ff', 'tenant_name': 'tempest-FlavorsAccessTestJSON-822503271', 'user_domain_id': 'default', 'user_domain_name': 'Default', 'user_id': '9abb280d1f8f4dd9b689340a77843c42', 'system': None}, Network: None, Subnet: None, Router: None
2025-05-13 17:00:52.783 70293 INFO tempest.lib.common.dynamic_creds [-] Created isolated network resources for: credentials: Credentials: {'domain_id': 'default', 'domain_name': 'Default', 'username': 'tempest-FlavorsAccessTestJSON-822503271-project-member', 'project_domain_id': 'default', 'project_domain_name': 'Default', 'project_id': '383d2328346c46a5a00a5dcc4292b4ff', 'project_name': 'tempest-FlavorsAccessTestJSON-822503271', 'tenant_id': '383d2328346c46a5a00a5dcc4292b4ff', 'tenant_name': 'tempest-FlavorsAccessTestJSON-822503271', 'user_domain_id': 'default', 'user_domain_name': 'Default', 'user_id': '9abb280d1f8f4dd9b689340a77843c42', 'system': None}, Network: None, Subnet: None, Router: None
2025-05-13 17:00:52.786 70331 INFO tempest.lib.common.rest_client [req-97a682e5-b316-4b3f-880f-e1992a66a913 req-97a682e5-b316-4b3f-880f-e1992a66a913 ] Request (ServerDiagnosticsTest:setUpClass): 204 PUT http://10.180.1.21/identity/v3/projects/dad4c2bc4712453db86289cc94d8d1fd/users/5880b769fbc74c8e9e6f8780f5ea890f/roles/90ed858a2dc048fe895692d64020b1f6 0.647s
2025-05-13 17:00:52.787 70331 INFO tempest.lib.common.dynamic_creds [-] Dynamic test user 5880b769fbc74c8e9e6f8780f5ea890f is created with scope project and roles: ['member']
2025-05-13 17:00:52.787 70331 INFO tempest.lib.common.dynamic_creds [-] Acquired dynamic creds: credentials: Credentials: {'domain_id': 'default', 'domain_name': 'Default', 'username': 'tempest-ServerDiagnosticsTest-854473779-project-member', 'project_domain_id': 'default', 'project_domain_name': 'Default', 'project_id': 'dad4c2bc4712453db86289cc94d8d1fd', 'project_name': 'tempest-ServerDiagnosticsTest-854473779', 'tenant_id': 'dad4c2bc4712453db86289cc94d8d1fd', 'tenant_name': 'tempest-ServerDiagnosticsTest-854473779', 'user_domain_id': 'default', 'user_domain_name': 'Default', 'user_id': '5880b769fbc74c8e9e6f8780f5ea890f', 'system': None}, Network: None, Subnet: None, Router: None
2025-05-13 17:00:52.787 70331 INFO tempest.lib.common.dynamic_creds [-] Created isolated network resources for: credentials: Credentials: {'domain_id': 'default', 'domain_name': 'Default', 'username': 'tempest-ServerDiagnosticsTest-854473779-project-member', 'project_domain_id': 'default', 'project_domain_name': 'Default', 'project_id': 'dad4c2bc4712453db86289cc94d8d1fd', 'project_name': 'tempest-ServerDiagnosticsTest-854473779', 'tenant_id': 'dad4c2bc4712453db86289cc94d8d1fd', 'tenant_name': 'tempest-ServerDiagnosticsTest-854473779', 'user_domain_id': 'default', 'user_domain_name': 'Default', 'user_id': '5880b769fbc74c8e9e6f8780f5ea890f', 'system': None}, Network: None, Subnet: None, Router: None
2025-05-13 17:00:52.839 70315 INFO tempest.lib.common.rest_client [req-cfecb032-99c8-403c-afde-6b90cd4008d0 req-cfecb032-99c8-403c-afde-6b90cd4008d0 ] Request (AggregatesAdminNegativeTestJSON:setUpClass): 204 PUT http://10.180.1.21/identity/v3/projects/57ae70c819424f2190327e3d3e9e23e2/users/c8ab46208efc4b4a8d73a544d65c5b58/roles/90ed858a2dc048fe895692d64020b1f6 0.682s
2025-05-13 17:00:52.839 70307 INFO tempest.lib.common.rest_client [req-c00df915-e4f3-40df-b149-d92ecfc16e95 req-c00df915-e4f3-40df-b149-d92ecfc16e95 ] Request (ServerExternalEventsTest:setUpClass): 204 PUT http://10.180.1.21/identity/v3/projects/cce20f80baba44358f22cc3be65d2c4d/users/2cb3bb0cf13f447c9d093a248db6aa0c/roles/90ed858a2dc048fe895692d64020b1f6 0.682s
2025-05-13 17:00:52.840 70307 INFO tempest.lib.common.dynamic_creds [-] Dynamic test user 2cb3bb0cf13f447c9d093a248db6aa0c is created with scope project and roles: ['member']
2025-05-13 17:00:52.840 70315 INFO tempest.lib.common.dynamic_creds [-] Dynamic test user c8ab46208efc4b4a8d73a544d65c5b58 is created with scope project and roles: ['member']
2025-05-13 17:00:52.840 70307 INFO tempest.lib.common.dynamic_creds [-] Acquired dynamic creds: credentials: Credentials: {'domain_id': 'default', 'domain_name': 'Default', 'username': 'tempest-ServerExternalEventsTest-678032887-project-member', 'project_domain_id': 'default', 'project_domain_name': 'Default', 'project_id': 'cce20f80baba44358f22cc3be65d2c4d', 'project_name': 'tempest-ServerExternalEventsTest-678032887', 'tenant_id': 'cce20f80baba44358f22cc3be65d2c4d', 'tenant_name': 'tempest-ServerExternalEventsTest-678032887', 'user_domain_id': 'default', 'user_domain_name': 'Default', 'user_id': '2cb3bb0cf13f447c9d093a248db6aa0c', 'system': None}, Network: None, Subnet: None, Router: None
2025-05-13 17:00:52.840 70315 INFO tempest.lib.common.dynamic_creds [-] Acquired dynamic creds: credentials: Credentials: {'domain_id': 'default', 'domain_name': 'Default', 'username': 'tempest-AggregatesAdminNegativeTestJSON-823512965-project-member', 'project_domain_id': 'default', 'project_domain_name': 'Default', 'project_id': '57ae70c819424f2190327e3d3e9e23e2', 'project_name': 'tempest-AggregatesAdminNegativeTestJSON-823512965', 'tenant_id': '57ae70c819424f2190327e3d3e9e23e2', 'tenant_name': 'tempest-AggregatesAdminNegativeTestJSON-823512965', 'user_domain_id': 'default', 'user_domain_name': 'Default', 'user_id': 'c8ab46208efc4b4a8d73a544d65c5b58', 'system': None}, Network: None, Subnet: None, Router: None
2025-05-13 17:00:52.840 70307 INFO tempest.lib.common.dynamic_creds [-] Created isolated network resources for: credentials: Credentials: {'domain_id': 'default', 'domain_name': 'Default', 'username': 'tempest-ServerExternalEventsTest-678032887-project-member', 'project_domain_id': 'default', 'project_domain_name': 'Default', 'project_id': 'cce20f80baba44358f22cc3be65d2c4d', 'project_name': 'tempest-ServerExternalEventsTest-678032887', 'tenant_id': 'cce20f80baba44358f22cc3be65d2c4d', 'tenant_name': 'tempest-ServerExternalEventsTest-678032887', 'user_domain_id': 'default', 'user_domain_name': 'Default', 'user_id': '2cb3bb0cf13f447c9d093a248db6aa0c', 'system': None}, Network: None, Subnet: None, Router: None
2025-05-13 17:00:52.840 70315 INFO tempest.lib.common.dynamic_creds [-] Created isolated network resources for: credentials: Credentials: {'domain_id': 'default', 'domain_name': 'Default', 'username': 'tempest-AggregatesAdminNegativeTestJSON-823512965-project-member', 'project_domain_id': 'default', 'project_domain_name': 'Default', 'project_id': '57ae70c819424f2190327e3d3e9e23e2', 'project_name': 'tempest-AggregatesAdminNegativeTestJSON-823512965', 'tenant_id': '57ae70c819424f2190327e3d3e9e23e2', 'tenant_name': 'tempest-AggregatesAdminNegativeTestJSON-823512965', 'user_domain_id': 'default', 'user_domain_name': 'Default', 'user_id': 'c8ab46208efc4b4a8d73a544d65c5b58', 'system': None}, Network: None, Subnet: None, Router: None
