2025-05-13 17:01:10.175 70307 INFO tempest.lib.common.rest_client [req-38e2f27e-8165-4ffd-b189-e789363b6876 req-38e2f27e-8165-4ffd-b189-e789363b6876 ] Request (ServerExternalEventsTest:test_create_server_external_events): 200 GET http://10.180.1.21/compute/v2.1/servers/d9c64ac2-593a-4a14-8e6b-bbe9bef1baf2 0.491s
2025-05-13 17:01:10.198 70309 INFO tempest.lib.common.rest_client [req-99171c33-bbf7-4b78-9b39-91191c8ba26d req-99171c33-bbf7-4b78-9b39-91191c8ba26d ] Request (FlavorsV261TestJSON:tearDownClass): 204 DELETE http://10.180.1.21/identity/v3/users/ce998f3c993c484a96e06272df107c6b 0.188s
2025-05-13 17:01:10.218 70321 INFO tempest.lib.common.rest_client [req-ee724536-5642-44f7-b131-df341532d608 req-ee724536-5642-44f7-b131-df341532d608 ] Request (FlavorsExtraSpecsTestJSON:test_flavor_set_get_update_show_unset_keys): 200 PUT http://10.180.1.21/compute/v2.1/flavors/381067657/os-extra_specs/hw:numa_nodes 0.482s
2025-05-13 17:01:10.299 70327 INFO tempest.lib.common.rest_client [req-44ca38ce-9094-465c-8e26-e4d1cb2f0c38 req-44ca38ce-9094-465c-8e26-e4d1cb2f0c38 ] Request (QuotasAdminTestV236:setUpClass): 201 POST http://10.180.1.21/identity/v3/auth/tokens 0.155s
2025-05-13 17:01:10.310 70279 INFO tempest.lib.common.rest_client [req-44284136-d174-4a31-a018-a668073fe678 req-44284136-d174-4a31-a018-a668073fe678 ] Request (ServersAdmin275Test:test_rebuild_update_server_275): 200 GET http://10.180.1.21/compute/v2.1/servers/ea45ff56-3dbd-4db3-a9bc-889800f28ede 0.529s
2025-05-13 17:01:10.322 70301 INFO tempest.lib.common.rest_client [req-51851696-ec68-47d7-b54e-f020598e023c req-51851696-ec68-47d7-b54e-f020598e023c ] Request (ServersTestFqdnHostnames:setUpClass): 201 POST http://10.180.1.21:9696/networking/v2.0/subnets 0.941s
2025-05-13 17:01:10.369 70339 INFO tempest.lib.common.rest_client [req-8343fc39-e621-472f-9600-cb3d45d75e5b req-8343fc39-e621-472f-9600-cb3d45d75e5b ] Request (SecurityGroupsTestJSON:setUpClass): 201 POST http://10.180.1.21:9696/networking/v2.0/networks 0.735s
2025-05-13 17:01:10.377 70287 INFO tempest.lib.common.rest_client [req-6ef8eb59-fd5a-4a68-8516-9e3333422ce2 req-6ef8eb59-fd5a-4a68-8516-9e3333422ce2 ] Request (QuotasAdminTestJSON:test_get_updated_quotas): 200 GET http://10.180.1.21/compute/v2.1/os-quota-sets/1d05ec861a634e5da881c29df2f26d98/detail 0.656s
2025-05-13 17:01:10.417 70277 INFO tempest.lib.common.rest_client [req-a22a72d8-6424-4c78-9a3d-ff2b1176d65c req-a22a72d8-6424-4c78-9a3d-ff2b1176d65c ] Request (HypervisorAdminNegativeUnderV252Test:tearDownClass): 200 GET http://10.180.1.21:9696/networking/v2.0/security-groups?tenant_id=8f651a7684b84be8950784017ad996bb&name=default 0.601s
2025-05-13 17:01:10.425 70327 INFO tempest.lib.common.rest_client [req-88de2f7c-0109-4e36-8d32-60914cda5e15 req-88de2f7c-0109-4e36-8d32-60914cda5e15 ] Request (QuotasAdminTestV236:setUpClass): 201 POST http://10.180.1.21/identity/v3/projects 0.125s
2025-05-13 17:01:10.454 70309 INFO tempest.lib.common.rest_client [req-50a33db8-6741-4ba6-adfc-10cd38a07480 req-50a33db8-6741-4ba6-adfc-10cd38a07480 ] Request (FlavorsV261TestJSON:tearDownClass): 204 DELETE http://10.180.1.21/identity/v3/users/729a95d938d24a3fae073e4290670cfc 0.256s
2025-05-13 17:01:10.454 70309 INFO tempest.lib.common.dynamic_creds [-] Deleting project and security group for project: ef41c0da4b8a47adbda4dee280d51910
2025-05-13 17:01:10.483 70317 INFO tempest.lib.common.rest_client [req-bbff9175-f766-45b7-b9b9-db88f16bc7bd req-bbff9175-f766-45b7-b9b9-db88f16bc7bd ] Request (TenantUsagesTestJSON:setUpClass): 200 GET http://10.180.1.21/compute/v2.1/servers/91126fa6-9e98-4c41-917b-a2fc6ed3d9db 0.629s
2025-05-13 17:01:10.515 70287 INFO tempest.lib.common.rest_client [req-de33f457-1950-460c-ac04-56cb6241351c req-de33f457-1950-460c-ac04-56cb6241351c ] Request (QuotasAdminTestJSON:test_get_updated_quotas): 200 GET http://10.180.1.21/identity/v3/domains?name=Default 0.131s
2025-05-13 17:01:10.521 70327 INFO tempest.lib.common.rest_client [req-988de19b-0ff9-4a7f-9e5c-cf551b754097 req-988de19b-0ff9-4a7f-9e5c-cf551b754097 ] Request (QuotasAdminTestV236:setUpClass): 201 POST http://10.180.1.21/identity/v3/users 0.096s
2025-05-13 17:01:10.539 70309 INFO tempest.lib.common.rest_client [req-b0c5982c-dd04-4223-8ae0-58194f45b739 req-b0c5982c-dd04-4223-8ae0-58194f45b739 ] Request (FlavorsV261TestJSON:tearDownClass): 201 POST http://10.180.1.21/identity/v3/auth/tokens 0.084s
2025-05-13 17:01:10.552 70287 INFO tempest.lib.common.rest_client [req-0ab77713-1910-4fdc-9860-de4221dc8949 req-0ab77713-1910-4fdc-9860-de4221dc8949 ] Request (QuotasAdminTestJSON:test_get_updated_quotas): 201 POST http://10.180.1.21/identity/v3/users 0.037s
2025-05-13 17:01:10.558 70327 INFO tempest.lib.common.rest_client [req-d7418325-aa61-4ba0-b917-ee3209d531d7 req-d7418325-aa61-4ba0-b917-ee3209d531d7 ] Request (QuotasAdminTestV236:setUpClass): 200 GET http://10.180.1.21/identity/v3/roles 0.036s
2025-05-13 17:01:10.578 70285 INFO tempest.lib.common.rest_client [req-dda2a602-aad2-4246-8189-427f672af88a req-dda2a602-aad2-4246-8189-427f672af88a ] Request (ServerShowV257Test:test_rebuild_server): 200 GET http://10.180.1.21/compute/v2.1/servers/e2c6a4f3-29a3-44d2-8f12-f5e1d2d31f6e 0.714s
2025-05-13 17:01:10.585 70287 INFO tempest.lib.common.rest_client [req-ae7bf301-cbda-4e8d-bf03-6707a1072ad2 req-ae7bf301-cbda-4e8d-bf03-6707a1072ad2 ] Request (QuotasAdminTestJSON:test_get_updated_quotas): 200 GET http://10.180.1.21/identity/v3/domains?name=Default 0.032s
2025-05-13 17:01:10.591 70283 INFO tempest.lib.common.rest_client [req-dd5dc692-f718-4923-82d8-7542e41aeda3 req-dd5dc692-f718-4923-82d8-7542e41aeda3 ] Request (SecurityGroupRulesNegativeTestJSON:test_create_security_group_rule_with_invalid_from_port): 200 POST http://10.180.1.21/compute/v2.1/os-security-groups 0.806s
2025-05-13 17:01:10.610 70333 INFO tempest.lib.common.rest_client [req-da2ba534-5b17-477a-929e-c2b371ad911f req-da2ba534-5b17-477a-929e-c2b371ad911f ] Request (HostsAdminNegativeTestJSON:test_shutdown_nonexistent_host): 404 GET http://10.180.1.21/compute/v2.1/os-hosts/nonexistent_hostname/shutdown 0.614s
2025-05-13 17:01:10.612 70325 INFO tempest.lib.common.rest_client [req-862a5202-3718-42ca-8f8b-c3364c48b0e1 req-862a5202-3718-42ca-8f8b-c3364c48b0e1 ] Request (ServersTestBootFromVolume:setUpClass): 200 GET http://10.180.1.21/volume/v3/volumes/d615d0db-6747-43ca-8d40-088309114594 0.041s
2025-05-13 17:01:10.627 70327 INFO tempest.lib.common.rest_client [req-9c23e6d3-79b7-407a-8c52-78819db2ede6 req-9c23e6d3-79b7-407a-8c52-78819db2ede6 ] Request (QuotasAdminTestV236:setUpClass): 204 PUT http://10.180.1.21/identity/v3/projects/396f301197e94881b144d968af623547/users/76d4d0bce0d847c1afc22e39f96b3ec4/roles/855b62fa12ee4b80942e0aded3d876f7 0.069s
2025-05-13 17:01:10.635 70289 INFO tempest.lib.common.rest_client [req-02e7800f-79fa-43f9-8449-1166fb95d04a req-02e7800f-79fa-43f9-8449-1166fb95d04a ] Request (FlavorsAccessNegativeTestJSON:_run_cleanups): 200 GET http://10.180.1.21/compute/v2.1/flavors/detail 0.620s
2025-05-13 17:01:10.687 70327 INFO tempest.lib.common.rest_client [req-87f125f3-3e46-4c63-8702-1e5819dec409 req-87f125f3-3e46-4c63-8702-1e5819dec409 ] Request (QuotasAdminTestV236:setUpClass): 200 GET http://10.180.1.21/identity/v3/roles 0.059s
2025-05-13 17:01:10.750 70315 INFO tempest.lib.common.rest_client [req-936bea0d-05bd-449b-8496-03da7651cf62 req-936bea0d-05bd-449b-8496-03da7651cf62 ] Request (AggregatesAdminNegativeTestJSON:test_aggregate_add_host_as_user): 403 POST http://10.180.1.21/compute/v2.1/os-aggregates/2/action 0.707s
2025-05-13 17:01:10.751 70327 INFO tempest.lib.common.rest_client [req-6df1f3dd-9f30-43a5-b93b-75c4b1c0d138 req-6df1f3dd-9f30-43a5-b93b-75c4b1c0d138 ] Request (QuotasAdminTestV236:setUpClass): 204 PUT http://10.180.1.21/identity/v3/projects/396f301197e94881b144d968af623547/users/76d4d0bce0d847c1afc22e39f96b3ec4/roles/855b62fa12ee4b80942e0aded3d876f7 0.063s
2025-05-13 17:01:10.751 70327 INFO tempest.lib.common.dynamic_creds [-] Dynamic test user 76d4d0bce0d847c1afc22e39f96b3ec4 is created with scope project and roles: ['admin']
2025-05-13 17:01:10.751 70327 INFO tempest.lib.common.dynamic_creds [-] Acquired dynamic creds: credentials: Credentials: {'domain_id': 'default', 'domain_name': 'Default', 'username': 'tempest-QuotasAdminTestV236-1171382195-project-admin', 'project_domain_id': 'default', 'project_domain_name': 'Default', 'project_id': '396f301197e94881b144d968af623547', 'project_name': 'tempest-QuotasAdminTestV236-1171382195', 'tenant_id': '396f301197e94881b144d968af623547', 'tenant_name': 'tempest-QuotasAdminTestV236-1171382195', 'user_domain_id': 'default', 'user_domain_name': 'Default', 'user_id': '76d4d0bce0d847c1afc22e39f96b3ec4', 'system': None}, Network: None, Subnet: None, Router: None
2025-05-13 17:01:10.751 70327 INFO tempest.lib.common.dynamic_creds [-] Created isolated network resources for: credentials: Credentials: {'domain_id': 'default', 'domain_name': 'Default', 'username': 'tempest-QuotasAdminTestV236-1171382195-project-admin', 'project_domain_id': 'default', 'project_domain_name': 'Default', 'project_id': '396f301197e94881b144d968af623547', 'project_name': 'tempest-QuotasAdminTestV236-1171382195', 'tenant_id': '396f301197e94881b144d968af623547', 'tenant_name': 'tempest-QuotasAdminTestV236-1171382195', 'user_domain_id': 'default', 'user_domain_name': 'Default', 'user_id': '76d4d0bce0d847c1afc22e39f96b3ec4', 'system': None}, Network: None, Subnet: None, Router: None
2025-05-13 17:01:10.773 70339 INFO tempest.lib.common.rest_client [req-03dd1a8f-76c5-487d-9a15-24755ade2a23 req-03dd1a8f-76c5-487d-9a15-24755ade2a23 ] Request (SecurityGroupsTestJSON:setUpClass): 201 POST http://10.180.1.21:9696/networking/v2.0/subnets 0.403s
2025-05-13 17:01:10.782 70311 INFO tempest.lib.common.rest_client [req-470fac29-ae3f-4708-8c28-f27181e7cd44 req-470fac29-ae3f-4708-8c28-f27181e7cd44 ] Request (VolumesAssistedSnapshotsTest:test_volume_assisted_snapshot_create_delete): 200 POST http://10.180.1.21/compute/v2.1/os-keypairs 0.917s
2025-05-13 17:01:10.783 70295 INFO tempest.lib.common.rest_client [req-4b3ce5cc-9d93-4120-9865-6aa25add5daf req-4b3ce5cc-9d93-4120-9865-6aa25add5daf ] Request (ServersWithSpecificFlavorTestJSON:test_verify_created_server_ephemeral_disk): 200 POST http://10.180.1.21/compute/v2.1/flavors/1767751946/os-extra_specs 0.720s
2025-05-13 17:01:10.800 70277 INFO tempest.lib.common.rest_client [req-83e8ddb4-137f-4159-8410-d8fb1a06df2b req-83e8ddb4-137f-4159-8410-d8fb1a06df2b ] Request (HypervisorAdminNegativeUnderV252Test:tearDownClass): 204 DELETE http://10.180.1.21:9696/networking/v2.0/security-groups/b45f7ae4-4f42-4c86-94b2-1f8d0c69fcc6 0.382s
2025-05-13 17:01:10.804 70293 INFO tempest.lib.common.rest_client [req-e5382727-eca6-4c61-b775-6ea8addaa2a4 req-e5382727-eca6-4c61-b775-6ea8addaa2a4 ] Request (FlavorsAccessTestJSON:test_flavor_access_list_with_private_flavor): 200 POST http://10.180.1.21/compute/v2.1/flavors 0.734s
2025-05-13 17:01:10.815 70281 INFO tempest.lib.common.rest_client [req-abc5205e-4d3b-438e-be95-dd161634341d req-abc5205e-4d3b-438e-be95-dd161634341d ] Request (FlavorsExtraSpecsNegativeTestJSON:test_flavor_update_mismatch_key): 400 PUT http://10.180.1.21/compute/v2.1/flavors/1934430688/os-extra_specs/hw:numa_nodes 0.719s
2025-05-13 17:01:10.839 70329 INFO tempest.lib.common.rest_client [req-d5606369-953f-4cf0-b262-6d4a888ea021 req-d5606369-953f-4cf0-b262-6d4a888ea021 ] Request (FlavorsAdminTestJSON:test_create_flavor_with_int_id): 200 POST http://10.180.1.21/compute/v2.1/flavors 0.736s
2025-05-13 17:01:10.857 70321 INFO tempest.lib.common.rest_client [req-532651fc-916b-43f9-aca6-dcbc8b59467e req-532651fc-916b-43f9-aca6-dcbc8b59467e ] Request (FlavorsExtraSpecsTestJSON:test_flavor_set_get_update_show_unset_keys): 200 GET http://10.180.1.21/compute/v2.1/flavors/381067657/os-extra_specs 0.638s
2025-05-13 17:01:10.865 70327 INFO tempest.lib.common.rest_client [req-97593a91-1bb7-4463-8045-0450bb684625 req-97593a91-1bb7-4463-8045-0450bb684625 ] Request (QuotasAdminTestV236:setUpClass): 201 POST http://10.180.1.21/identity/v3/auth/tokens 0.110s
2025-05-13 17:01:10.866 70327 WARNING tempest.lib.common.rest_client [-] Deprecated: "tenant_id" property is deprecated for removal, use "project_id" instead
2025-05-13 17:01:10.872 70291 INFO tempest.lib.common.rest_client [req-3be2505a-5117-4847-8a84-32ad35309a0b req-3be2505a-5117-4847-8a84-32ad35309a0b ] Request (DeleteServersAdminTestJSON:test_admin_delete_servers_of_others): 200 GET http://10.180.1.21/compute/v2.1/servers/aeb9eb73-6a1a-4788-8762-f83f2ccc05fc 0.786s
2025-05-13 17:01:10.941 70277 INFO tempest.lib.common.rest_client [req-61c6c2db-23ae-40c5-b342-6648bc8c9916 req-61c6c2db-23ae-40c5-b342-6648bc8c9916 ] Request (HypervisorAdminNegativeUnderV252Test:tearDownClass): 204 DELETE http://10.180.1.21/identity/v3/projects/8f651a7684b84be8950784017ad996bb 0.140s
2025-05-13 17:01:10.956 70331 INFO tempest.lib.common.rest_client [req-454e1172-a9b1-4131-a81f-ca3eced255e8 req-454e1172-a9b1-4131-a81f-ca3eced255e8 ] Request (ServerDiagnosticsTest:test_get_server_diagnostics): 200 GET http://10.180.1.21/compute/v2.1/servers/ef8c1409-a960-4ff0-924f-07f3df4e4bff 0.587s
2025-05-13 17:01:10.964 70331 INFO tempest.common.waiters [-] State transition "BUILD/networking" ==> "BUILD/spawning" after 6 second wait
2025-05-13 17:01:10.984 70337 INFO tempest.lib.common.rest_client [req-2879cde7-405c-40a2-92ee-ccb8212c3f1b req-2879cde7-405c-40a2-92ee-ccb8212c3f1b ] Request (ServerDiagnosticsNegativeTest:test_get_server_diagnostics_by_non_admin): 200 GET http://10.180.1.21/compute/v2.1/servers/54797e67-1bde-45e4-b12a-50b1287244c6 0.504s
2025-05-13 17:01:11.024 70277 INFO tempest.lib.common.rest_client [req-e9a7b3d2-d79d-4f4a-bef1-5d02d70fc007 req-e9a7b3d2-d79d-4f4a-bef1-5d02d70fc007 ] Request (KeyPairsV210TestJSON:setUpClass): 201 POST http://10.180.1.21/identity/v3/auth/tokens 0.081s
2025-05-13 17:01:11.033 70309 INFO tempest.lib.common.rest_client [req-8fac843f-6ab3-4c1a-a3e4-3b5ada5566ad req-8fac843f-6ab3-4c1a-a3e4-3b5ada5566ad ] Request (FlavorsV261TestJSON:tearDownClass): 200 GET http://10.180.1.21:9696/networking/v2.0/security-groups?tenant_id=ef41c0da4b8a47adbda4dee280d51910&name=default 0.494s
2025-05-13 17:01:11.063 70277 INFO tempest.lib.common.rest_client [req-c152544d-670e-41b0-8a32-5fc6805926fe req-c152544d-670e-41b0-8a32-5fc6805926fe ] Request (KeyPairsV210TestJSON:setUpClass): 201 POST http://10.180.1.21/identity/v3/auth/tokens 0.035s
2025-05-13 17:01:11.067 70319 INFO tempest.lib.common.rest_client [req-8a9cd4e6-1307-4f88-8ed6-08ae07f1f107 req-8a9cd4e6-1307-4f88-8ed6-08ae07f1f107 ] Request (ServerTagsTestJSON:setUpClass): 200 GET http://10.180.1.21/compute/v2.1/servers/2c5c2005-452b-40bf-adcf-b1765600702b 0.501s
2025-05-13 17:01:11.103 70277 INFO tempest.lib.common.rest_client [req-eef08fbf-2528-4637-b716-64b05c996e23 req-eef08fbf-2528-4637-b716-64b05c996e23 ] Request (KeyPairsV210TestJSON:setUpClass): 200 GET http://10.180.1.21/identity/v3/domains?name=Default 0.039s
2025-05-13 17:01:11.106 70311 INFO tempest.lib.common.rest_client [req-420ad861-69d5-464c-a967-c552804bf63c req-420ad861-69d5-464c-a967-c552804bf63c ] Request (VolumesAssistedSnapshotsTest:test_volume_assisted_snapshot_create_delete): 201 POST http://10.180.1.21:9696/networking/v2.0/security-groups 0.321s
2025-05-13 17:01:11.155 70277 INFO tempest.lib.common.rest_client [req-db719c9c-9ab7-4b4c-951f-cd51495e7468 req-db719c9c-9ab7-4b4c-951f-cd51495e7468 ] Request (KeyPairsV210TestJSON:setUpClass): 201 POST http://10.180.1.21/identity/v3/projects 0.052s
2025-05-13 17:01:11.157 70283 INFO tempest.lib.common.rest_client [req-1f8d4f60-c504-4274-aaff-221297b09852 req-1f8d4f60-c504-4274-aaff-221297b09852 ] Request (SecurityGroupRulesNegativeTestJSON:test_create_security_group_rule_with_invalid_from_port): 400 POST http://10.180.1.21/compute/v2.1/os-security-group-rules 0.563s
2025-05-13 17:01:11.172 70333 INFO tempest.lib.common.rest_client [req-d59d5b5f-7126-4bb2-bc2d-1057f66ced38 req-d59d5b5f-7126-4bb2-bc2d-1057f66ced38 ] Request (HostsAdminNegativeTestJSON:test_startup_host_with_non_admin_user): 403 GET http://10.180.1.21/compute/v2.1/os-hosts/devstack/startup 0.561s
2025-05-13 17:01:11.201 70289 INFO tempest.lib.common.rest_client [req-f41c8c6b-b5f3-4813-a374-ffc041e2fe6d req-f41c8c6b-b5f3-4813-a374-ffc041e2fe6d ] Request (FlavorsAccessNegativeTestJSON:test_flavor_access_list_with_public_flavor): 200 POST http://10.180.1.21/compute/v2.1/flavors 0.556s
2025-05-13 17:01:11.239 70277 INFO tempest.lib.common.rest_client [req-3629cc06-b76f-4972-9ec1-183809421da1 req-3629cc06-b76f-4972-9ec1-183809421da1 ] Request (KeyPairsV210TestJSON:setUpClass): 201 POST http://10.180.1.21/identity/v3/users 0.082s
2025-05-13 17:01:11.240 70315 INFO tempest.lib.common.rest_client [req-932ce0a6-f37c-4451-b8be-492720faaf4b req-932ce0a6-f37c-4451-b8be-492720faaf4b ] Request (AggregatesAdminNegativeTestJSON:_run_cleanups): 200 DELETE http://10.180.1.21/compute/v2.1/os-aggregates/2 0.488s
2025-05-13 17:01:11.284 70277 INFO tempest.lib.common.rest_client [req-bcf942d8-8621-4c42-a6de-0a69351ab92d req-bcf942d8-8621-4c42-a6de-0a69351ab92d ] Request (KeyPairsV210TestJSON:setUpClass): 200 GET http://10.180.1.21/identity/v3/roles 0.044s
2025-05-13 17:01:11.295 70295 INFO tempest.lib.common.rest_client [req-8e01c226-a71b-48c2-815f-a66bb9ad1fe4 req-8e01c226-a71b-48c2-815f-a66bb9ad1fe4 ] Request (ValidationResourcesFixture:setUp): 200 POST http://10.180.1.21/compute/v2.1/os-keypairs 0.510s
2025-05-13 17:01:11.317 70293 INFO tempest.lib.common.rest_client [req-6461f381-d5cb-4b43-beec-145a8c40ede6 req-6461f381-d5cb-4b43-beec-145a8c40ede6 ] Request (FlavorsAccessTestJSON:test_flavor_access_list_with_private_flavor): 200 GET http://10.180.1.21/compute/v2.1/flavors/1726180729/os-flavor-access 0.506s
2025-05-13 17:01:11.325 70281 INFO tempest.lib.common.rest_client [req-3bc7b287-0c1e-4e9b-a5bb-3d0bf4ea2b89 req-3bc7b287-0c1e-4e9b-a5bb-3d0bf4ea2b89 ] Request (FlavorsExtraSpecsNegativeTestJSON:test_flavor_update_more_key): 400 PUT http://10.180.1.21/compute/v2.1/flavors/1934430688/os-extra_specs/hw:numa_nodes 0.508s
2025-05-13 17:01:11.333 70277 INFO tempest.lib.common.rest_client [req-5f177b19-4ed6-427b-a32a-574ac1fd0012 req-5f177b19-4ed6-427b-a32a-574ac1fd0012 ] Request (KeyPairsV210TestJSON:setUpClass): 204 PUT http://10.180.1.21/identity/v3/projects/a4c8f133b4b24f20b8698b6c721278dc/users/872117eb71a94e599edff94e485af527/roles/90ed858a2dc048fe895692d64020b1f6 0.049s
2025-05-13 17:01:11.334 70277 INFO tempest.lib.common.dynamic_creds [-] Dynamic test user 872117eb71a94e599edff94e485af527 is created with scope project and roles: ['member']
2025-05-13 17:01:11.334 70277 INFO tempest.lib.common.dynamic_creds [-] Acquired dynamic creds: credentials: Credentials: {'domain_id': 'default', 'domain_name': 'Default', 'username': 'tempest-KeyPairsV210TestJSON-723117169-project-member', 'project_domain_id': 'default', 'project_domain_name': 'Default', 'project_id': 'a4c8f133b4b24f20b8698b6c721278dc', 'project_name': 'tempest-KeyPairsV210TestJSON-723117169', 'tenant_id': 'a4c8f133b4b24f20b8698b6c721278dc', 'tenant_name': 'tempest-KeyPairsV210TestJSON-723117169', 'user_domain_id': 'default', 'user_domain_name': 'Default', 'user_id': '872117eb71a94e599edff94e485af527', 'system': None}, Network: None, Subnet: None, Router: None
2025-05-13 17:01:11.334 70277 INFO tempest.lib.common.dynamic_creds [-] Created isolated network resources for: credentials: Credentials: {'domain_id': 'default', 'domain_name': 'Default', 'username': 'tempest-KeyPairsV210TestJSON-723117169-project-member', 'project_domain_id': 'default', 'project_domain_name': 'Default', 'project_id': 'a4c8f133b4b24f20b8698b6c721278dc', 'project_name': 'tempest-KeyPairsV210TestJSON-723117169', 'tenant_id': 'a4c8f133b4b24f20b8698b6c721278dc', 'tenant_name': 'tempest-KeyPairsV210TestJSON-723117169', 'user_domain_id': 'default', 'user_domain_name': 'Default', 'user_id': '872117eb71a94e599edff94e485af527', 'system': None}, Network: None, Subnet: None, Router: None
2025-05-13 17:01:11.344 70329 INFO tempest.lib.common.rest_client [req-14998206-f7c4-40e7-8568-7579be52440c req-14998206-f7c4-40e7-8568-7579be52440c ] Request (FlavorsAdminTestJSON:_run_cleanups): 202 DELETE http://10.180.1.21/compute/v2.1/flavors/1832953636 0.502s
2025-05-13 17:01:11.377 70287 INFO tempest.lib.common.rest_client [req-5b2de179-b470-48dc-bb2e-076c7d9976bc req-5b2de179-b470-48dc-bb2e-076c7d9976bc ] Request (QuotasAdminTestJSON:test_get_updated_quotas): 200 PUT http://10.180.1.21/compute/v2.1/os-quota-sets/1d05ec861a634e5da881c29df2f26d98?user_id=ff1fe73dde2d4788bd74d1d31dc39e22 0.792s
2025-05-13 17:01:11.383 70321 INFO tempest.lib.common.rest_client [req-39b7db54-5d23-4dc2-90ee-f923148d3c22 req-39b7db54-5d23-4dc2-90ee-f923148d3c22 ] Request (FlavorsExtraSpecsTestJSON:test_flavor_set_get_update_show_unset_keys): 200 DELETE http://10.180.1.21/compute/v2.1/flavors/381067657/os-extra_specs/hw:numa_nodes 0.524s
2025-05-13 17:01:11.434 70309 INFO tempest.lib.common.rest_client [req-4f397d98-8cd5-4d89-b754-416334b8a9b3 req-4f397d98-8cd5-4d89-b754-416334b8a9b3 ] Request (FlavorsV261TestJSON:tearDownClass): 204 DELETE http://10.180.1.21:9696/networking/v2.0/security-groups/b62adb07-f7e1-4490-9009-7795df327773 0.399s
2025-05-13 17:01:11.452 70277 INFO tempest.lib.common.rest_client [req-d5fab5d3-0c30-4920-aa1c-6289730bfda8 req-d5fab5d3-0c30-4920-aa1c-6289730bfda8 ] Request (KeyPairsV210TestJSON:setUpClass): 201 POST http://10.180.1.21/identity/v3/auth/tokens 0.114s
2025-05-13 17:01:11.491 70335 INFO tempest.lib.common.rest_client [req-5a49b2c5-1dec-4321-9657-4f74a17c1c83 req-5a49b2c5-1dec-4321-9657-4f74a17c1c83 ] Request (ListServerFiltersTestJSON:setUpClass): 200 GET http://10.180.1.21/compute/v2.1/servers/2d37ccad-5d6d-43c7-a428-7be96b6fd625 0.491s
2025-05-13 17:01:11.491 70313 INFO tempest.lib.common.rest_client [req-0e93b953-568e-473a-94b0-98f8f3351719 req-0e93b953-568e-473a-94b0-98f8f3351719 ] Request (MigrationsAdminTest:test_list_migrations_in_flavor_resize_situation): 200 GET http://10.180.1.21/compute/v2.1/servers/e51fd4e8-c2ba-46aa-8df2-2748bd45e53b 0.515s
2025-05-13 17:01:11.496 70283 INFO tempest.lib.common.rest_client [req-673a0c74-ea8d-49f7-be15-d00ca4da61f9 req-673a0c74-ea8d-49f7-be15-d00ca4da61f9 ] Request (SecurityGroupRulesNegativeTestJSON:test_create_security_group_rule_with_invalid_id): 400 POST http://10.180.1.21/compute/v2.1/os-security-group-rules 0.334s
2025-05-13 17:01:11.508 70333 INFO tempest.lib.common.rest_client [req-dd0395e4-70f5-4fa0-9282-dbdc3b12eee4 req-dd0395e4-70f5-4fa0-9282-dbdc3b12eee4 ] Request (HostsAdminNegativeTestJSON:test_startup_nonexistent_host): 404 GET http://10.180.1.21/compute/v2.1/os-hosts/nonexistent_hostname/startup 0.335s
2025-05-13 17:01:11.524 70277 INFO tempest.lib.common.rest_client [req-4df2f978-4707-4c6d-88d8-84dae23b2606 req-4df2f978-4707-4c6d-88d8-84dae23b2606 ] Request (KeyPairsV210TestJSON:setUpClass): 201 POST http://10.180.1.21/identity/v3/projects 0.071s
2025-05-13 17:01:11.531 70289 INFO tempest.lib.common.rest_client [req-053ebca4-af33-40b1-8e65-a739b197d5dc req-053ebca4-af33-40b1-8e65-a739b197d5dc ] Request (FlavorsAccessNegativeTestJSON:test_flavor_access_list_with_public_flavor): 404 GET http://10.180.1.21/compute/v2.1/flavors/1362758273/os-flavor-access 0.323s
2025-05-13 17:01:11.536 70311 INFO tempest.lib.common.rest_client [req-8ad0b349-60d8-484e-9d90-42fda898b454 req-8ad0b349-60d8-484e-9d90-42fda898b454 ] Request (VolumesAssistedSnapshotsTest:test_volume_assisted_snapshot_create_delete): 201 POST http://10.180.1.21:9696/networking/v2.0/security-group-rules 0.430s
2025-05-13 17:01:11.568 70315 INFO tempest.lib.common.rest_client [req-1f847c7f-e4d6-466f-ba5c-0eca1a77e091 req-1f847c7f-e4d6-466f-ba5c-0eca1a77e091 ] Request (AggregatesAdminNegativeTestJSON:test_aggregate_add_non_exist_host): 200 POST http://10.180.1.21/compute/v2.1/os-aggregates 0.326s
2025-05-13 17:01:11.582 70309 INFO tempest.lib.common.rest_client [req-51239d59-139d-494a-a450-86188f9c6dcb req-51239d59-139d-494a-a450-86188f9c6dcb ] Request (FlavorsV261TestJSON:tearDownClass): 204 DELETE http://10.180.1.21/identity/v3/projects/ef41c0da4b8a47adbda4dee280d51910 0.148s
2025-05-13 17:01:11.583 70309 INFO tempest.lib.common.dynamic_creds [-] Deleting project and security group for project: ede821d22838438b9c5dc49342c34634
2025-05-13 17:01:11.586 70293 INFO tempest.lib.common.rest_client [req-a9d96da0-412d-4a33-97d1-05bd7a875bf4 req-a9d96da0-412d-4a33-97d1-05bd7a875bf4 ] Request (FlavorsAccessTestJSON:_run_cleanups): 202 DELETE http://10.180.1.21/compute/v2.1/flavors/1726180729 0.268s
2025-05-13 17:01:11.603 70307 INFO tempest.lib.common.rest_client [req-52988114-b5fe-4338-a650-b31e1338d84d req-52988114-b5fe-4338-a650-b31e1338d84d ] Request (ServerExternalEventsTest:test_create_server_external_events): 200 GET http://10.180.1.21/compute/v2.1/servers/d9c64ac2-593a-4a14-8e6b-bbe9bef1baf2 0.415s
2025-05-13 17:01:11.619 70281 INFO tempest.lib.common.rest_client [req-c48ef89a-877d-4252-90e4-d8409ab09a87 req-c48ef89a-877d-4252-90e4-d8409ab09a87 ] Request (FlavorsExtraSpecsNegativeTestJSON:tearDownClass): 202 DELETE http://10.180.1.21/compute/v2.1/flavors/1934430688 0.291s
2025-05-13 17:01:11.653 70329 INFO tempest.lib.common.rest_client [req-9976a185-4f45-4312-9f11-cd1b86e4dba5 req-9976a185-4f45-4312-9f11-cd1b86e4dba5 ] Request (FlavorsAdminTestJSON:_run_cleanups): 200 GET http://10.180.1.21/compute/v2.1/flavors/detail 0.308s
2025-05-13 17:01:11.668 70277 INFO tempest.lib.common.rest_client [req-320548ce-0356-423b-824c-f5b8dbcec7e4 req-320548ce-0356-423b-824c-f5b8dbcec7e4 ] Request (KeyPairsV210TestJSON:setUpClass): 201 POST http://10.180.1.21/identity/v3/users 0.143s
2025-05-13 17:01:11.669 70325 INFO tempest.lib.common.rest_client [req-460730a6-6449-4a05-acdc-331550233115 req-460730a6-6449-4a05-acdc-331550233115 ] Request (ServersTestBootFromVolume:setUpClass): 200 GET http://10.180.1.21/volume/v3/volumes/d615d0db-6747-43ca-8d40-088309114594 0.045s
2025-05-13 17:01:11.683 70305 INFO tempest.lib.common.rest_client [req-6affdf54-569f-4721-90c7-f6173d6866c7 req-6affdf54-569f-4721-90c7-f6173d6866c7 ] Request (FloatingIPDetailsTestJSON:setUpClass): 201 POST http://10.180.1.21:9696/networking/v2.0/routers 2.666s
2025-05-13 17:01:11.706 70279 INFO tempest.lib.common.rest_client [req-306924d3-1d96-4356-baf5-a45065c0106b req-306924d3-1d96-4356-baf5-a45065c0106b ] Request (ServersAdmin275Test:test_rebuild_update_server_275): 200 GET http://10.180.1.21/compute/v2.1/servers/ea45ff56-3dbd-4db3-a9bc-889800f28ede 0.379s
2025-05-13 17:01:11.712 70277 INFO tempest.lib.common.rest_client [req-0e570d83-0659-445a-95ff-6667b814f7b4 req-0e570d83-0659-445a-95ff-6667b814f7b4 ] Request (KeyPairsV210TestJSON:setUpClass): 200 GET http://10.180.1.21/identity/v3/roles 0.044s
2025-05-13 17:01:11.731 70321 INFO tempest.lib.common.rest_client [req-2a184910-9e6a-4545-8329-aab0a4a68ae3 req-2a184910-9e6a-4545-8329-aab0a4a68ae3 ] Request (FlavorsExtraSpecsTestJSON:test_flavor_set_get_update_show_unset_keys): 200 DELETE http://10.180.1.21/compute/v2.1/flavors/381067657/os-extra_specs/hw:cpu_policy 0.346s
2025-05-13 17:01:11.761 70287 INFO tempest.lib.common.rest_client [req-073c0edf-3273-40fd-bcd2-9d4b2421286d req-073c0edf-3273-40fd-bcd2-9d4b2421286d ] Request (QuotasAdminTestJSON:test_get_updated_quotas): 200 GET http://10.180.1.21/compute/v2.1/os-quota-sets/1d05ec861a634e5da881c29df2f26d98?user_id=ff1fe73dde2d4788bd74d1d31dc39e22 0.382s
2025-05-13 17:01:11.763 70277 INFO tempest.lib.common.rest_client [req-57ca7402-b898-45f8-a661-e7a25635d81c req-57ca7402-b898-45f8-a661-e7a25635d81c ] Request (KeyPairsV210TestJSON:setUpClass): 204 PUT http://10.180.1.21/identity/v3/projects/f3df0027d7224b3db7f127e991389667/users/10ff8e8f4b2c478c98fb0e9ce9fe0a59/roles/855b62fa12ee4b80942e0aded3d876f7 0.050s
2025-05-13 17:01:11.794 70295 INFO tempest.lib.common.rest_client [req-65c61b56-ec06-478f-b7e6-d466efa854ac req-65c61b56-ec06-478f-b7e6-d466efa854ac ] Request (ValidationResourcesFixture:setUp): 201 POST http://10.180.1.21:9696/networking/v2.0/security-groups 0.495s
2025-05-13 17:01:11.822 70277 INFO tempest.lib.common.rest_client [req-bd9ca277-1a3d-4c4e-820c-9307fa47ceeb req-bd9ca277-1a3d-4c4e-820c-9307fa47ceeb ] Request (KeyPairsV210TestJSON:setUpClass): 200 GET http://10.180.1.21/identity/v3/roles 0.058s
2025-05-13 17:01:11.840 70277 INFO tempest.lib.common.rest_client [req-d8f6c2c3-11dc-481b-9505-f0164a6625d5 req-d8f6c2c3-11dc-481b-9505-f0164a6625d5 ] Request (KeyPairsV210TestJSON:setUpClass): 204 PUT http://10.180.1.21/identity/v3/projects/f3df0027d7224b3db7f127e991389667/users/10ff8e8f4b2c478c98fb0e9ce9fe0a59/roles/855b62fa12ee4b80942e0aded3d876f7 0.018s
2025-05-13 17:01:11.841 70277 INFO tempest.lib.common.dynamic_creds [-] Dynamic test user 10ff8e8f4b2c478c98fb0e9ce9fe0a59 is created with scope project and roles: ['admin']
2025-05-13 17:01:11.841 70277 INFO tempest.lib.common.dynamic_creds [-] Acquired dynamic creds: credentials: Credentials: {'domain_id': 'default', 'domain_name': 'Default', 'username': 'tempest-KeyPairsV210TestJSON-219123021-project-admin', 'project_domain_id': 'default', 'project_domain_name': 'Default', 'project_id': 'f3df0027d7224b3db7f127e991389667', 'project_name': 'tempest-KeyPairsV210TestJSON-219123021', 'tenant_id': 'f3df0027d7224b3db7f127e991389667', 'tenant_name': 'tempest-KeyPairsV210TestJSON-219123021', 'user_domain_id': 'default', 'user_domain_name': 'Default', 'user_id': '10ff8e8f4b2c478c98fb0e9ce9fe0a59', 'system': None}, Network: None, Subnet: None, Router: None
2025-05-13 17:01:11.841 70277 INFO tempest.lib.common.dynamic_creds [-] Created isolated network resources for: credentials: Credentials: {'domain_id': 'default', 'domain_name': 'Default', 'username': 'tempest-KeyPairsV210TestJSON-219123021-project-admin', 'project_domain_id': 'default', 'project_domain_name': 'Default', 'project_id': 'f3df0027d7224b3db7f127e991389667', 'project_name': 'tempest-KeyPairsV210TestJSON-219123021', 'tenant_id': 'f3df0027d7224b3db7f127e991389667', 'tenant_name': 'tempest-KeyPairsV210TestJSON-219123021', 'user_domain_id': 'default', 'user_domain_name': 'Default', 'user_id': '10ff8e8f4b2c478c98fb0e9ce9fe0a59', 'system': None}, Network: None, Subnet: None, Router: None
2025-05-13 17:01:11.851 70317 INFO tempest.lib.common.rest_client [req-9eaa2f7a-9034-4799-9818-a7f11919d968 req-9eaa2f7a-9034-4799-9818-a7f11919d968 ] Request (TenantUsagesTestJSON:setUpClass): 200 GET http://10.180.1.21/compute/v2.1/servers/91126fa6-9e98-4c41-917b-a2fc6ed3d9db 0.353s
2025-05-13 17:01:11.856 70333 INFO tempest.lib.common.rest_client [req-69b2acf8-d368-4b6b-a1c2-bb83a05c8dd9 req-69b2acf8-d368-4b6b-a1c2-bb83a05c8dd9 ] Request (HostsAdminNegativeTestJSON:test_update_host_with_invalid_maintenance_mode): 400 PUT http://10.180.1.21/compute/v2.1/os-hosts/devstack 0.345s
2025-05-13 17:01:11.904 70289 INFO tempest.lib.common.rest_client [req-47cd5522-7aea-4fd9-9dba-86319095d4b3 req-47cd5522-7aea-4fd9-9dba-86319095d4b3 ] Request (FlavorsAccessNegativeTestJSON:_run_cleanups): 202 DELETE http://10.180.1.21/compute/v2.1/flavors/1362758273 0.372s
2025-05-13 17:01:11.930 70287 INFO tempest.lib.common.rest_client [req-db68dad8-d1f0-4311-b943-19ac36e76804 req-db68dad8-d1f0-4311-b943-19ac36e76804 ] Request (QuotasAdminTestJSON:_run_cleanups): 204 DELETE http://10.180.1.21/identity/v3/users/ff1fe73dde2d4788bd74d1d31dc39e22 0.167s
2025-05-13 17:01:11.945 70315 INFO tempest.lib.common.rest_client [req-0b40660f-91c9-4260-ad6a-88ebe47ce380 req-0b40660f-91c9-4260-ad6a-88ebe47ce380 ] Request (AggregatesAdminNegativeTestJSON:test_aggregate_add_non_exist_host): 404 POST http://10.180.1.21/compute/v2.1/os-aggregates/3/action 0.373s
2025-05-13 17:01:11.980 70293 INFO tempest.lib.common.rest_client [req-5e7733be-703f-4073-894c-4f8457c9c049 req-5e7733be-703f-4073-894c-4f8457c9c049 ] Request (FlavorsAccessTestJSON:_run_cleanups): 200 GET http://10.180.1.21/compute/v2.1/flavors/detail 0.393s
2025-05-13 17:01:12.016 70277 INFO tempest.lib.common.rest_client [req-68e313bb-22eb-4cfb-9de2-d487f1af42ce req-68e313bb-22eb-4cfb-9de2-d487f1af42ce ] Request (KeyPairsV210TestJSON:setUpClass): 201 POST http://10.180.1.21/identity/v3/auth/tokens 0.169s
2025-05-13 17:01:12.103 70285 INFO tempest.lib.common.rest_client [req-c32e12be-4c94-42c4-a25a-7eb1e4dea3d8 req-c32e12be-4c94-42c4-a25a-7eb1e4dea3d8 ] Request (ServerShowV257Test:test_rebuild_server): 200 GET http://10.180.1.21/compute/v2.1/servers/e2c6a4f3-29a3-44d2-8f12-f5e1d2d31f6e 0.514s
2025-05-13 17:01:12.117 70287 INFO tempest.lib.common.rest_client [req-0531b924-f850-43a5-8a87-0cd5c6516194 req-0531b924-f850-43a5-8a87-0cd5c6516194 ] Request (QuotasAdminTestJSON:_run_cleanups): 204 DELETE http://10.180.1.21/identity/v3/projects/1d05ec861a634e5da881c29df2f26d98 0.186s
2025-05-13 17:01:12.140 70281 INFO tempest.lib.common.rest_client [req-381c431d-6b3a-413e-bb27-f29a2ef8edf2 req-381c431d-6b3a-413e-bb27-f29a2ef8edf2 ] Request (FlavorsExtraSpecsNegativeTestJSON:tearDownClass): 200 GET http://10.180.1.21/compute/v2.1/flavors/detail 0.509s
2025-05-13 17:01:12.191 70309 INFO tempest.lib.common.rest_client [req-075b98ee-9486-41f4-a3b7-ceaf970eef59 req-075b98ee-9486-41f4-a3b7-ceaf970eef59 ] Request (FlavorsV261TestJSON:tearDownClass): 200 GET http://10.180.1.21:9696/networking/v2.0/security-groups?tenant_id=ede821d22838438b9c5dc49342c34634&name=default 0.605s
2025-05-13 17:01:12.268 70311 INFO tempest.lib.common.rest_client [req-87391d28-a172-4025-bc45-c1be2233feae req-87391d28-a172-4025-bc45-c1be2233feae ] Request (VolumesAssistedSnapshotsTest:test_volume_assisted_snapshot_create_delete): 201 POST http://10.180.1.21:9696/networking/v2.0/security-group-rules 0.732s
2025-05-13 17:01:12.274 70329 INFO tempest.lib.common.rest_client [req-57d11825-a855-452a-ad41-a98df070414c req-57d11825-a855-452a-ad41-a98df070414c ] Request (FlavorsAdminTestJSON:test_create_flavor_with_none_id): 200 POST http://10.180.1.21/compute/v2.1/flavors 0.608s
2025-05-13 17:01:12.293 70321 INFO tempest.lib.common.rest_client [req-ae877f94-77a1-4a11-8d8a-3c6a1de624b7 req-ae877f94-77a1-4a11-8d8a-3c6a1de624b7 ] Request (FlavorsExtraSpecsTestJSON:test_flavor_set_get_update_show_unset_keys): 200 GET http://10.180.1.21/compute/v2.1/flavors/381067657/os-extra_specs 0.562s
2025-05-13 17:01:12.297 70333 INFO tempest.lib.common.rest_client [req-b941de6d-7e01-4edc-8b10-72a450b9a636 req-b941de6d-7e01-4edc-8b10-72a450b9a636 ] Request (HostsAdminNegativeTestJSON:test_update_host_with_invalid_status): 400 PUT http://10.180.1.21/compute/v2.1/os-hosts/devstack 0.439s
2025-05-13 17:01:12.329 70281 INFO tempest.lib.common.rest_client [req-090c87fb-0a44-415a-9dca-53c5d066a47c req-090c87fb-0a44-415a-9dca-53c5d066a47c ] Request (FlavorsExtraSpecsNegativeTestJSON:tearDownClass): 204 DELETE http://10.180.1.21/identity/v3/users/c19f61f9cb4a4acfa9c38b7218ffa63f 0.181s
2025-05-13 17:01:12.331 70293 INFO tempest.lib.common.rest_client [req-d8aaa850-d36e-4701-aa21-07e950e5d3c5 req-d8aaa850-d36e-4701-aa21-07e950e5d3c5 ] Request (FlavorsAccessTestJSON:tearDownClass): 204 DELETE http://10.180.1.21/identity/v3/users/9abb280d1f8f4dd9b689340a77843c42 0.341s
2025-05-13 17:01:12.393 70295 INFO tempest.lib.common.rest_client [req-81c8f33a-c966-4fab-bc67-c296582955b8 req-81c8f33a-c966-4fab-bc67-c296582955b8 ] Request (ValidationResourcesFixture:setUp): 201 POST http://10.180.1.21:9696/networking/v2.0/security-group-rules 0.599s
2025-05-13 17:01:12.409 70283 INFO tempest.lib.common.rest_client [req-1ddafd49-df0a-4ca6-b527-d20b84c06b3d req-1ddafd49-df0a-4ca6-b527-d20b84c06b3d ] Request (SecurityGroupRulesNegativeTestJSON:test_create_security_group_rule_with_invalid_ip_protocol): 200 POST http://10.180.1.21/compute/v2.1/os-security-groups 0.911s
2025-05-13 17:01:12.438 70291 INFO tempest.lib.common.rest_client [req-79743235-3857-4ecb-8d4a-c1038d1d27a8 req-79743235-3857-4ecb-8d4a-c1038d1d27a8 ] Request (DeleteServersAdminTestJSON:test_admin_delete_servers_of_others): 200 GET http://10.180.1.21/compute/v2.1/servers/aeb9eb73-6a1a-4788-8762-f83f2ccc05fc 0.555s
2025-05-13 17:01:12.442 70289 INFO tempest.lib.common.rest_client [req-7523c05b-c3e9-456b-80b7-12635d4ac4ff req-7523c05b-c3e9-456b-80b7-12635d4ac4ff ] Request (FlavorsAccessNegativeTestJSON:_run_cleanups): 200 GET http://10.180.1.21/compute/v2.1/flavors/detail 0.538s
2025-05-13 17:01:12.461 70293 INFO tempest.lib.common.rest_client [req-6e18d9fb-c1a6-406c-899f-b99027c72d84 req-6e18d9fb-c1a6-406c-899f-b99027c72d84 ] Request (FlavorsAccessTestJSON:tearDownClass): 204 DELETE http://10.180.1.21/identity/v3/users/2582c0ca2fd4476fa2e8435d7f60c058 0.130s
2025-05-13 17:01:12.462 70293 INFO tempest.lib.common.dynamic_creds [-] Deleting project and security group for project: c1cdb0ac68b9438fb3e33cc160c603f6
2025-05-13 17:01:12.465 70315 INFO tempest.lib.common.rest_client [req-5e55a7fd-31af-430c-b258-78b426c7c5cb req-5e55a7fd-31af-430c-b258-78b426c7c5cb ] Request (AggregatesAdminNegativeTestJSON:_run_cleanups): 200 DELETE http://10.180.1.21/compute/v2.1/os-aggregates/3 0.519s
2025-05-13 17:01:12.479 70281 INFO tempest.lib.common.rest_client [req-699f4de4-0c40-47bf-8f1b-8b27271c182c req-699f4de4-0c40-47bf-8f1b-8b27271c182c ] Request (FlavorsExtraSpecsNegativeTestJSON:tearDownClass): 204 DELETE http://10.180.1.21/identity/v3/users/1ae9690a20384480b2bae374eab7a565 0.150s
2025-05-13 17:01:12.479 70281 INFO tempest.lib.common.dynamic_creds [-] Deleting project and security group for project: ee0d554688534873bc2001cc4a76474f
2025-05-13 17:01:12.526 70293 INFO tempest.lib.common.rest_client [req-f0170ba1-ec4e-42b5-ac5d-c69e867a5858 req-f0170ba1-ec4e-42b5-ac5d-c69e867a5858 ] Request (FlavorsAccessTestJSON:tearDownClass): 201 POST http://10.180.1.21/identity/v3/auth/tokens 0.064s
2025-05-13 17:01:12.537 70281 INFO tempest.lib.common.rest_client [req-7d087d58-753c-4944-8d99-e746d582262a req-7d087d58-753c-4944-8d99-e746d582262a ] Request (FlavorsExtraSpecsNegativeTestJSON:tearDownClass): 201 POST http://10.180.1.21/identity/v3/auth/tokens 0.058s
2025-05-13 17:01:12.578 70337 INFO tempest.lib.common.rest_client [req-05a9d70c-7e9b-47f2-8c8a-c0815c2fdaed req-05a9d70c-7e9b-47f2-8c8a-c0815c2fdaed ] Request (ServerDiagnosticsNegativeTest:test_get_server_diagnostics_by_non_admin): 200 GET http://10.180.1.21/compute/v2.1/servers/54797e67-1bde-45e4-b12a-50b1287244c6 0.586s
2025-05-13 17:01:12.582 70309 INFO tempest.lib.common.rest_client [req-5712a3e9-2dc9-4cb4-9033-3374e722f37d req-5712a3e9-2dc9-4cb4-9033-3374e722f37d ] Request (FlavorsV261TestJSON:tearDownClass): 204 DELETE http://10.180.1.21:9696/networking/v2.0/security-groups/49875c49-44ad-4a0b-a83f-8ea5b71eb837 0.391s
2025-05-13 17:01:12.689 70309 INFO tempest.lib.common.rest_client [req-583fd699-e20a-4ba9-8fa2-44da0d660076 req-583fd699-e20a-4ba9-8fa2-44da0d660076 ] Request (FlavorsV261TestJSON:tearDownClass): 204 DELETE http://10.180.1.21/identity/v3/projects/ede821d22838438b9c5dc49342c34634 0.106s
2025-05-13 17:01:12.729 70325 INFO tempest.lib.common.rest_client [req-78727bd7-9f5a-4f2b-9b28-5f8187f50740 req-78727bd7-9f5a-4f2b-9b28-5f8187f50740 ] Request (ServersTestBootFromVolume:setUpClass): 200 GET http://10.180.1.21/volume/v3/volumes/d615d0db-6747-43ca-8d40-088309114594 0.048s
2025-05-13 17:01:12.741 70295 INFO tempest.lib.common.rest_client [req-2cd056f8-0d5f-43d6-aad5-6e381f35ad85 req-2cd056f8-0d5f-43d6-aad5-6e381f35ad85 ] Request (ValidationResourcesFixture:setUp): 201 POST http://10.180.1.21:9696/networking/v2.0/security-group-rules 0.348s
2025-05-13 17:01:12.751 70301 INFO tempest.lib.common.rest_client [req-73741820-0eb6-46a6-bee2-7f3b5d2cc200 req-73741820-0eb6-46a6-bee2-7f3b5d2cc200 ] Request (ServersTestFqdnHostnames:setUpClass): 201 POST http://10.180.1.21:9696/networking/v2.0/routers 2.428s
2025-05-13 17:01:12.760 70309 INFO tempest.lib.common.rest_client [req-6cb2405f-825c-48f1-a447-e5962f248907 req-6cb2405f-825c-48f1-a447-e5962f248907 ] Request (HypervisorAdminTestJSON:setUpClass): 201 POST http://10.180.1.21/identity/v3/auth/tokens 0.068s
2025-05-13 17:01:12.787 70309 INFO tempest.lib.common.rest_client [req-3b149694-58c9-4252-8c65-9562e92a63ce req-3b149694-58c9-4252-8c65-9562e92a63ce ] Request (HypervisorAdminTestJSON:setUpClass): 201 POST http://10.180.1.21/identity/v3/auth/tokens 0.025s
2025-05-13 17:01:12.796 70277 INFO tempest.lib.common.rest_client [req-4c5957cc-7185-4054-ad21-fcbaba5d0f71 req-4c5957cc-7185-4054-ad21-fcbaba5d0f71 ] Request (KeyPairsV210TestJSON:test_admin_manage_keypairs_for_other_users): 201 POST http://10.180.1.21/compute/v2.1/os-keypairs 0.775s
2025-05-13 17:01:12.821 70309 INFO tempest.lib.common.rest_client [req-84a17335-9805-4237-a4e2-5263f1368966 req-84a17335-9805-4237-a4e2-5263f1368966 ] Request (HypervisorAdminTestJSON:setUpClass): 200 GET http://10.180.1.21/identity/v3/domains?name=Default 0.033s
2025-05-13 17:01:12.832 70331 INFO tempest.lib.common.rest_client [req-68e4354a-f29f-48ca-b6b8-dab93dd67152 req-68e4354a-f29f-48ca-b6b8-dab93dd67152 ] Request (ServerDiagnosticsTest:test_get_server_diagnostics): 200 GET http://10.180.1.21/compute/v2.1/servers/ef8c1409-a960-4ff0-924f-07f3df4e4bff 0.866s
2025-05-13 17:01:12.855 70309 INFO tempest.lib.common.rest_client [req-67d2f47e-ec8e-4033-aec7-624754d6ac52 req-67d2f47e-ec8e-4033-aec7-624754d6ac52 ] Request (HypervisorAdminTestJSON:setUpClass): 201 POST http://10.180.1.21/identity/v3/projects 0.034s
2025-05-13 17:01:12.881 70319 INFO tempest.lib.common.rest_client [req-0ddbca99-d023-4b31-b6f5-170f2f9f93f2 req-0ddbca99-d023-4b31-b6f5-170f2f9f93f2 ] Request (ServerTagsTestJSON:setUpClass): 200 GET http://10.180.1.21/compute/v2.1/servers/2c5c2005-452b-40bf-adcf-b1765600702b 0.802s
2025-05-13 17:01:12.902 70329 INFO tempest.lib.common.rest_client [req-c087ea05-5e3a-49f3-b7fd-077367c51d75 req-c087ea05-5e3a-49f3-b7fd-077367c51d75 ] Request (FlavorsAdminTestJSON:_run_cleanups): 202 DELETE http://10.180.1.21/compute/v2.1/flavors/89b67e75-9d8c-4ef6-b06b-772b5693f2ef 0.623s
2025-05-13 17:01:12.919 70321 INFO tempest.lib.common.rest_client [req-2b95f15d-59c2-43c0-82ab-5ead3e64dfbb req-2b95f15d-59c2-43c0-82ab-5ead3e64dfbb ] Request (FlavorsExtraSpecsTestJSON:tearDownClass): 202 DELETE http://10.180.1.21/compute/v2.1/flavors/381067657 0.623s
2025-05-13 17:01:12.924 70333 INFO tempest.lib.common.rest_client [req-a2693f27-38f8-4d0b-9944-a81a53cc4352 req-a2693f27-38f8-4d0b-9944-a81a53cc4352 ] Request (HostsAdminNegativeTestJSON:test_update_host_with_non_admin_user): 403 PUT http://10.180.1.21/compute/v2.1/os-hosts/devstack 0.625s
2025-05-13 17:01:12.926 70309 INFO tempest.lib.common.rest_client [req-8e6d034f-1753-422f-b13f-9d7cfc7fe112 req-8e6d034f-1753-422f-b13f-9d7cfc7fe112 ] Request (HypervisorAdminTestJSON:setUpClass): 201 POST http://10.180.1.21/identity/v3/users 0.071s
2025-05-13 17:01:12.944 70287 INFO tempest.lib.common.rest_client [req-50892e73-db8e-469d-9616-e130a3da9757 req-50892e73-db8e-469d-9616-e130a3da9757 ] Request (QuotasAdminTestJSON:test_update_all_quota_resources_for_tenant): 200 GET http://10.180.1.21/compute/v2.1/os-quota-sets/f98e066a37cb45a0b6c631606b66cbde/defaults 0.825s
2025-05-13 17:01:12.948 70309 INFO tempest.lib.common.rest_client [req-925c2c5f-480c-4388-b1ca-994ad087eaaf req-925c2c5f-480c-4388-b1ca-994ad087eaaf ] Request (HypervisorAdminTestJSON:setUpClass): 200 GET http://10.180.1.21/identity/v3/roles 0.021s
2025-05-13 17:01:12.962 70289 INFO tempest.lib.common.rest_client [req-1af4a02d-2f5a-4fb1-808a-2aad6b8cfc29 req-1af4a02d-2f5a-4fb1-808a-2aad6b8cfc29 ] Request (FlavorsAccessNegativeTestJSON:test_flavor_non_admin_add): 200 POST http://10.180.1.21/compute/v2.1/flavors 0.511s
2025-05-13 17:01:12.969 70315 INFO tempest.lib.common.rest_client [req-e87c1645-e69e-48a1-b63a-7f66a0ffb23f req-e87c1645-e69e-48a1-b63a-7f66a0ffb23f ] Request (AggregatesAdminNegativeTestJSON:test_aggregate_create_aggregate_name_length_exceeds_255): 400 POST http://10.180.1.21/compute/v2.1/os-aggregates 0.502s
2025-05-13 17:01:12.984 70309 INFO tempest.lib.common.rest_client [req-5d24ead3-f49e-4765-b08e-294cacb145ce req-5d24ead3-f49e-4765-b08e-294cacb145ce ] Request (HypervisorAdminTestJSON:setUpClass): 204 PUT http://10.180.1.21/identity/v3/projects/c81773f0ae4f492c9819339bce6c2db0/users/07f2054fcd0d4f61b0aabdbb86f24501/roles/90ed858a2dc048fe895692d64020b1f6 0.036s
2025-05-13 17:01:12.984 70309 INFO tempest.lib.common.dynamic_creds [-] Dynamic test user 07f2054fcd0d4f61b0aabdbb86f24501 is created with scope project and roles: ['member']
2025-05-13 17:01:12.985 70309 INFO tempest.lib.common.dynamic_creds [-] Acquired dynamic creds: credentials: Credentials: {'domain_id': 'default', 'domain_name': 'Default', 'username': 'tempest-HypervisorAdminTestJSON-1991725060-project-member', 'project_domain_id': 'default', 'project_domain_name': 'Default', 'project_id': 'c81773f0ae4f492c9819339bce6c2db0', 'project_name': 'tempest-HypervisorAdminTestJSON-1991725060', 'tenant_id': 'c81773f0ae4f492c9819339bce6c2db0', 'tenant_name': 'tempest-HypervisorAdminTestJSON-1991725060', 'user_domain_id': 'default', 'user_domain_name': 'Default', 'user_id': '07f2054fcd0d4f61b0aabdbb86f24501', 'system': None}, Network: None, Subnet: None, Router: None
2025-05-13 17:01:12.985 70309 INFO tempest.lib.common.dynamic_creds [-] Created isolated network resources for: credentials: Credentials: {'domain_id': 'default', 'domain_name': 'Default', 'username': 'tempest-HypervisorAdminTestJSON-1991725060-project-member', 'project_domain_id': 'default', 'project_domain_name': 'Default', 'project_id': 'c81773f0ae4f492c9819339bce6c2db0', 'project_name': 'tempest-HypervisorAdminTestJSON-1991725060', 'tenant_id': 'c81773f0ae4f492c9819339bce6c2db0', 'tenant_name': 'tempest-HypervisorAdminTestJSON-1991725060', 'user_domain_id': 'default', 'user_domain_name': 'Default', 'user_id': '07f2054fcd0d4f61b0aabdbb86f24501', 'system': None}, Network: None, Subnet: None, Router: None
2025-05-13 17:01:12.988 70283 INFO tempest.lib.common.rest_client [req-57925e9b-c8bd-40ca-820a-7bf4c813b3fc req-57925e9b-c8bd-40ca-820a-7bf4c813b3fc ] Request (SecurityGroupRulesNegativeTestJSON:test_create_security_group_rule_with_invalid_ip_protocol): 400 POST http://10.180.1.21/compute/v2.1/os-security-group-rules 0.571s
2025-05-13 17:01:12.990 70293 INFO tempest.lib.common.rest_client [req-9c587c56-d572-4eb6-beb8-02fa0bf8af18 req-9c587c56-d572-4eb6-beb8-02fa0bf8af18 ] Request (FlavorsAccessTestJSON:tearDownClass): 200 GET http://10.180.1.21:9696/networking/v2.0/security-groups?tenant_id=c1cdb0ac68b9438fb3e33cc160c603f6&name=default 0.464s
2025-05-13 17:01:13.063 70309 INFO tempest.lib.common.rest_client [req-2a72b1c9-5f0d-4bf7-8eba-a4ae5d2859f1 req-2a72b1c9-5f0d-4bf7-8eba-a4ae5d2859f1 ] Request (HypervisorAdminTestJSON:setUpClass): 201 POST http://10.180.1.21/identity/v3/auth/tokens 0.072s
2025-05-13 17:01:13.069 70313 INFO tempest.lib.common.rest_client [req-2d37f58f-0e2a-49e1-82db-37af084b99db req-2d37f58f-0e2a-49e1-82db-37af084b99db ] Request (MigrationsAdminTest:test_list_migrations_in_flavor_resize_situation): 200 GET http://10.180.1.21/compute/v2.1/servers/e51fd4e8-c2ba-46aa-8df2-2748bd45e53b 0.564s
2025-05-13 17:01:13.086 70335 INFO tempest.lib.common.rest_client [req-901bacc9-1f9c-42a3-88f9-6774ad9e4025 req-901bacc9-1f9c-42a3-88f9-6774ad9e4025 ] Request (ListServerFiltersTestJSON:setUpClass): 200 GET http://10.180.1.21/compute/v2.1/servers/2d37ccad-5d6d-43c7-a428-7be96b6fd625 0.574s
2025-05-13 17:01:13.089 70281 INFO tempest.lib.common.rest_client [req-4ff70048-2d97-4c03-803f-0f814a13881d req-4ff70048-2d97-4c03-803f-0f814a13881d ] Request (FlavorsExtraSpecsNegativeTestJSON:tearDownClass): 200 GET http://10.180.1.21:9696/networking/v2.0/security-groups?tenant_id=ee0d554688534873bc2001cc4a76474f&name=default 0.551s
2025-05-13 17:01:13.153 70309 INFO tempest.lib.common.rest_client [req-1a21bba3-efd0-4d8a-8ba0-7dfa408707d1 req-1a21bba3-efd0-4d8a-8ba0-7dfa408707d1 ] Request (HypervisorAdminTestJSON:setUpClass): 201 POST http://10.180.1.21/identity/v3/projects 0.089s
2025-05-13 17:01:13.179 70307 INFO tempest.lib.common.rest_client [req-370f6817-b2fc-42db-8e63-e92135cbb46c req-370f6817-b2fc-42db-8e63-e92135cbb46c ] Request (ServerExternalEventsTest:test_create_server_external_events): 200 GET http://10.180.1.21/compute/v2.1/servers/d9c64ac2-593a-4a14-8e6b-bbe9bef1baf2 0.563s
2025-05-13 17:01:13.210 70279 INFO tempest.lib.common.rest_client [req-d8c1811f-fbd8-4ccd-afd3-b898105cd195 req-d8c1811f-fbd8-4ccd-afd3-b898105cd195 ] Request (ServersAdmin275Test:test_rebuild_update_server_275): 200 GET http://10.180.1.21/compute/v2.1/servers/ea45ff56-3dbd-4db3-a9bc-889800f28ede 0.488s
2025-05-13 17:01:13.246 70277 INFO tempest.lib.common.rest_client [req-b9874d26-2c6e-4ab3-b845-f44f14000daa req-b9874d26-2c6e-4ab3-b845-f44f14000daa ] Request (KeyPairsV210TestJSON:test_admin_manage_keypairs_for_other_users): 201 POST http://10.180.1.21/compute/v2.1/os-keypairs 0.448s
2025-05-13 17:01:13.266 70309 INFO tempest.lib.common.rest_client [req-962a9f1c-34c2-4859-a9d5-da135cab3193 req-962a9f1c-34c2-4859-a9d5-da135cab3193 ] Request (HypervisorAdminTestJSON:setUpClass): 201 POST http://10.180.1.21/identity/v3/users 0.112s
2025-05-13 17:01:13.278 70329 INFO tempest.lib.common.rest_client [req-a4d92082-22a1-4726-82e7-7236c7f684dc req-a4d92082-22a1-4726-82e7-7236c7f684dc ] Request (FlavorsAdminTestJSON:_run_cleanups): 200 GET http://10.180.1.21/compute/v2.1/flavors/detail 0.375s
2025-05-13 17:01:13.306 70321 INFO tempest.lib.common.rest_client [req-5971510a-cfa8-4138-a493-9a900b98ffb7 req-5971510a-cfa8-4138-a493-9a900b98ffb7 ] Request (FlavorsExtraSpecsTestJSON:tearDownClass): 200 GET http://10.180.1.21/compute/v2.1/flavors/detail 0.387s
