2025-05-13 17:04:02.026 70309 INFO tempest.lib.common.rest_client [req-95aea992-919b-4905-a677-3a4c0cc2558b req-95aea992-919b-4905-a677-3a4c0cc2558b ] Request (ImagesTestJSON:test_create_image_from_suspended_server): 200 GET http://10.180.1.21/compute/v2.1/servers/8df65b1a-9bd1-460f-8ba0-64d4804df21c 0.489s
2025-05-13 17:04:02.105 70315 INFO tempest.lib.common.rest_client [req-8519a615-0772-47b4-a542-99136c4b56fd req-8519a615-0772-47b4-a542-99136c4b56fd ] Request (FloatingIPsAssociationNegativeTestJSON:tearDownClass): 200 GET http://10.180.1.21/compute/v2.1/servers/cce1a170-4a15-4b02-b745-b22ad8fb694c 0.489s
2025-05-13 17:04:02.131 70287 INFO tempest.lib.common.rest_client [req-a779004b-e63f-4b8a-855b-39f32ef489fc req-a779004b-e63f-4b8a-855b-39f32ef489fc ] Request (ImagesOneServerNegativeTestJSON:_run_cleanups): 202 POST http://10.180.1.21/compute/v2.1/servers 0.753s
2025-05-13 17:04:02.168 70277 INFO tempest.lib.common.rest_client [req-993c40f6-c56b-4e0f-a359-f6c161d23868 req-993c40f6-c56b-4e0f-a359-f6c161d23868 ] Request (ServersTestManualDisk:tearDownClass): 200 GET http://10.180.1.21/compute/v2.1/servers/98ca6f56-599f-4f61-b544-cbc1e593f9c2 0.544s
2025-05-13 17:04:02.193 70281 INFO tempest.lib.common.rest_client [req-af1758f2-e6aa-40da-8a2f-a3dc49c8da38 req-af1758f2-e6aa-40da-8a2f-a3dc49c8da38 ] Request (AttachInterfacesTestJSON:_run_cleanups): 200 GET http://10.180.1.21/compute/v2.1/servers/c9a3fe9a-ec34-4625-9571-3b708815ee1e 0.491s
2025-05-13 17:04:02.231 70304 INFO tempest.lib.common.rest_client [req-b14d116b-e4f3-4377-b0c7-6748b2296aa9 req-b14d116b-e4f3-4377-b0c7-6748b2296aa9 ] Request (AttachInterfacesUnderV243Test:_run_cleanups): 200 GET http://10.180.1.21/compute/v2.1/servers/852d306a-2d59-45dc-8d7b-695084a42bf3 0.459s
2025-05-13 17:04:02.250 70283 INFO tempest.lib.common.rest_client [req-53803d64-20e5-4705-8b0a-11d525e9a146 req-53803d64-20e5-4705-8b0a-11d525e9a146 ] Request (ServerRescueTestJSON:test_rescue_unrescue_instance): 200 GET http://10.180.1.21/compute/v2.1/servers/0daccc65-92c2-4373-889b-2985ae46bcd3 0.403s
2025-05-13 17:04:02.285 70299 INFO tempest.lib.common.rest_client [req-cdb0d57a-1551-4ab0-874a-506ccc4876f3 req-cdb0d57a-1551-4ab0-874a-506ccc4876f3 ] Request (ImagesOneServerTestJSON:setUpClass): 200 GET http://10.180.1.21/compute/v2.1/servers/a1e6be92-58e5-4d18-85a0-2e336bdafc87 0.373s
2025-05-13 17:04:02.306 70279 INFO tempest.lib.common.rest_client [req-22600995-d954-4374-9d89-0f5fdf7cab7e req-22600995-d954-4374-9d89-0f5fdf7cab7e ] Request (ServerActionsTestOtherB:setUpClass): 200 GET http://10.180.1.21/compute/v2.1/servers/db9e828d-2231-429d-bc03-f60d03e7897a 0.327s
2025-05-13 17:04:02.352 70319 INFO tempest.lib.common.rest_client [req-68c2e357-622e-4d48-8555-97bfe75939f9 req-68c2e357-622e-4d48-8555-97bfe75939f9 ] Request (ServersTestJSON:test_create_server_specify_multibyte_character_name): 200 GET http://10.180.1.21/compute/v2.1/servers/a363197e-38b3-48fb-a1fe-6664f613458b 0.309s
2025-05-13 17:04:02.357 70287 INFO tempest.lib.common.rest_client [req-98912e1c-42a8-4378-8bb2-f0f1792c1fa3 req-98912e1c-42a8-4378-8bb2-f0f1792c1fa3 ] Request (ImagesOneServerNegativeTestJSON:_run_cleanups): 200 GET http://10.180.1.21/compute/v2.1/servers/1b0d13ea-ee22-4206-abf1-3278824589ae 0.224s
2025-05-13 17:04:02.430 70339 INFO tempest.lib.common.rest_client [req-f86f7377-f5e5-4e24-ab97-b620eb58e677 req-f86f7377-f5e5-4e24-ab97-b620eb58e677 ] Request (SecurityGroupsTestJSON:test_server_security_groups): 200 GET http://10.180.1.21/compute/v2.1/servers/be5c5429-3f71-49c8-8585-b622a7f423a3 0.099s
2025-05-13 17:04:02.486 70317 INFO tempest.lib.common.rest_client [req-5f22b0bd-57b3-4392-b161-37dddf7737a8 req-5f22b0bd-57b3-4392-b161-37dddf7737a8 ] Request (ListImageFiltersTestJSON:setUpClass): 200 GET http://10.180.1.21/compute/v2.1/servers/b4f0359b-2f16-410b-b8d0-b1faed9c5913 0.088s
2025-05-13 17:04:02.492 70293 INFO tempest.lib.common.rest_client [req-84cfeb46-71e1-466a-bbb2-ff596118d4f6 req-84cfeb46-71e1-466a-bbb2-ff596118d4f6 ] Request (ServersAdminNegativeTestJSON:test_migrate_server_invalid_state): 200 GET http://10.180.1.21/compute/v2.1/servers/b3b002b6-4835-4e08-b66c-6185be72dd66 0.235s
2025-05-13 17:04:02.498 70317 INFO tempest.common.waiters [-] State transition "BUILD/None" ==> "BUILD/networking" after 84 second wait
2025-05-13 17:04:02.570 70311 INFO tempest.lib.common.rest_client [req-b5f652d9-7d63-4f63-b11e-79df3f8aaf96 req-b5f652d9-7d63-4f63-b11e-79df3f8aaf96 ] Request (VolumesAssistedSnapshotsTest:test_volume_assisted_snapshot_create_delete): 200 GET http://10.180.1.21/volume/v3/volumes/95ce0bff-a0ab-4229-b2e5-09db9e4996c8 0.039s
2025-05-13 17:04:02.575 70301 INFO tempest.lib.common.rest_client [req-bf06ab68-c97a-415d-8a48-0016b7d8484d req-bf06ab68-c97a-415d-8a48-0016b7d8484d ] Request (InstanceActionsNegativeTestJSON:setUpClass): 200 GET http://10.180.1.21/compute/v2.1/servers/fd855e92-f7b0-4a40-8e01-151722833c1d 0.115s
2025-05-13 17:04:02.593 70307 INFO tempest.lib.common.rest_client [req-ffd71193-97d4-4fef-aa9f-811f7ee0d12e req-ffd71193-97d4-4fef-aa9f-811f7ee0d12e ] Request (ServerGroupTestJSON:test_create_server_with_scheduler_hint_group): 200 GET http://10.180.1.21/compute/v2.1/servers/81bf191a-8bd1-4e58-a172-7663063d4c6c 0.170s
2025-05-13 17:04:02.608 70323 WARNING tempest.lib.common.ssh [-] Failed to establish authenticated ssh connection to cirros@10.180.180.235 ([Errno None] Unable to connect to port 22 on 10.180.180.235). Number attempts: 4. Retry after 5 seconds.: paramiko.ssh_exception.NoValidConnectionsError: [Errno None] Unable to connect to port 22 on 10.180.180.235
2025-05-13 17:04:02.635 70285 INFO tempest.lib.common.rest_client [req-19656593-70a5-42ea-847a-01d2ee349ed5 req-19656593-70a5-42ea-847a-01d2ee349ed5 ] Request (AttachVolumeTestJSON:test_attach_detach_volume): 200 GET http://10.180.1.21/compute/v2.1/servers/0a9ce531-68c9-4033-bbd5-9b5dec9f73c5 0.159s
2025-05-13 17:04:02.661 70337 INFO tempest.lib.common.rest_client [req-636b8e91-7946-4cb2-a4d0-56eb7cd8b476 req-636b8e91-7946-4cb2-a4d0-56eb7cd8b476 ] Request (ServerPasswordTestJSON:tearDownClass): 200 GET http://10.180.1.21/compute/v2.1/servers/e91a0217-bc9b-4a26-b725-5c8ce2ee3549 0.145s
2025-05-13 17:04:02.707 70333 INFO tempest.lib.common.rest_client [req-266e425d-1ac6-4b7c-ac58-43d7dedeed5e req-266e425d-1ac6-4b7c-ac58-43d7dedeed5e ] Request (ServerDiskConfigTestJSON:test_rebuild_server_with_manual_disk_config): 200 GET http://10.180.1.21/compute/v2.1/servers/356edde7-dae3-416e-b55c-cffa9d1a9f66 0.171s
2025-05-13 17:04:02.737 70329 INFO tempest.lib.common.rest_client [req-5326fc10-491b-45c1-bb2a-eb39957224d1 req-5326fc10-491b-45c1-bb2a-eb39957224d1 ] Request (ServerShowV254Test:tearDownClass): 200 GET http://10.180.1.21/compute/v2.1/servers/62f9b943-e4b9-4350-adeb-93a8fcd8110d 0.153s
2025-05-13 17:04:02.767 70321 INFO tempest.lib.common.rest_client [req-f8e3ddeb-2bd4-4723-8391-845b598ca63a req-f8e3ddeb-2bd4-4723-8391-845b598ca63a ] Request (VolumesAdminNegativeTest:test_update_attached_volume_with_nonexistent_volume_in_uri): 200 GET http://10.180.1.21/compute/v2.1/servers/f2b76bbc-9eae-4f1d-b057-9a260ba4d14a 0.160s
2025-05-13 17:04:02.800 70291 INFO tempest.lib.common.rest_client [req-da7fa326-4fc1-4b52-945f-e78450372f72 req-da7fa326-4fc1-4b52-945f-e78450372f72 ] Request (ServersNegativeTestMultiTenantJSON:setUpClass): 200 GET http://10.180.1.21/compute/v2.1/servers/0f73e4ec-b912-4aca-9c5b-6c3e556c263a 0.180s
2025-05-13 17:04:02.864 70297 INFO tempest.lib.common.rest_client [req-86efb9c8-55f9-4a12-87b5-32db4eafd4d1 req-86efb9c8-55f9-4a12-87b5-32db4eafd4d1 ] Request (FloatingIPsAssociationTestJSON:tearDownClass): 200 GET http://10.180.1.21/compute/v2.1/servers/7f191b9f-fc7d-44c7-a16c-e2bc6a137e9e 0.190s
2025-05-13 17:04:02.874 70295 INFO tempest.lib.common.rest_client [req-c8acd21b-cb42-4198-83e3-82c9372c41ae req-c8acd21b-cb42-4198-83e3-82c9372c41ae ] Request (ServersWithSpecificFlavorTestJSON:test_verify_created_server_ephemeral_disk): 200 GET http://10.180.1.21/compute/v2.1/servers/56ea1960-7814-40c3-abac-aac3ab73872d 0.195s
2025-05-13 17:04:02.936 70327 INFO tempest.lib.common.rest_client [req-1cc29b21-bfd0-4d7d-9929-c246b7b87713 req-1cc29b21-bfd0-4d7d-9929-c246b7b87713 ] Request (ServersAdminTestJSON:test_create_server_with_scheduling_hint): 200 GET http://10.180.1.21/compute/v2.1/servers/6afbc757-f826-4806-9a18-87326532db2c 0.205s
2025-05-13 17:04:02.955 70305 INFO tempest.lib.common.rest_client [req-7479ae96-3603-4248-b208-377bca1c7063 req-7479ae96-3603-4248-b208-377bca1c7063 ] Request (ServerAddressesNegativeTestJSON:tearDownClass): 200 GET http://10.180.1.21/compute/v2.1/servers/8501d05c-e4f1-45ba-bcca-15b8def23472 0.191s
2025-05-13 17:04:02.999 70289 INFO tempest.lib.common.rest_client [req-c65bba1a-78e7-4e0e-911d-0498a6670a34 req-c65bba1a-78e7-4e0e-911d-0498a6670a34 ] Request (ServerActionsTestOtherA:test_rebuild_server_in_stop_state): 200 GET http://10.180.1.21/compute/v2.1/servers/f695740d-8fc4-431a-85cf-48c33380f99d 0.171s
2025-05-13 17:04:03.062 70335 INFO tempest.lib.common.rest_client [req-3da569ce-a3fc-4641-bbad-92b131e9fcae req-3da569ce-a3fc-4641-bbad-92b131e9fcae ] Request (ListServerFiltersTestJSON:tearDownClass): 200 GET http://10.180.1.21/compute/v2.1/servers/bee65c60-c104-4523-9e3a-1e41ead05854 0.159s
2025-05-13 17:04:03.068 70313 INFO tempest.lib.common.rest_client [req-e58e0d93-8a6e-4b46-9496-b45b3f01abb2 req-e58e0d93-8a6e-4b46-9496-b45b3f01abb2 ] Request (MigrationsAdminTest:test_resize_server_revert_deleted_flavor): 200 GET http://10.180.1.21/compute/v2.1/servers/debf70b0-ab28-479a-9928-024b5c0ae947 0.100s
2025-05-13 17:04:03.120 70309 INFO tempest.lib.common.rest_client [req-b0a17156-9b22-47fb-95d4-e386fe8c92cf req-b0a17156-9b22-47fb-95d4-e386fe8c92cf ] Request (ImagesTestJSON:test_create_image_from_suspended_server): 200 GET http://10.180.1.21/compute/v2.1/servers/8df65b1a-9bd1-460f-8ba0-64d4804df21c 0.086s
2025-05-13 17:04:03.180 70315 INFO tempest.lib.common.rest_client [req-65e745db-53bc-488e-ad27-3cddaf12cb52 req-65e745db-53bc-488e-ad27-3cddaf12cb52 ] Request (FloatingIPsAssociationNegativeTestJSON:tearDownClass): 200 GET http://10.180.1.21/compute/v2.1/servers/cce1a170-4a15-4b02-b745-b22ad8fb694c 0.066s
2025-05-13 17:04:03.238 70277 INFO tempest.lib.common.rest_client [req-99a4e7c3-89df-4b3b-abcf-721e7f71b234 req-99a4e7c3-89df-4b3b-abcf-721e7f71b234 ] Request (ServersTestManualDisk:tearDownClass): 200 GET http://10.180.1.21/compute/v2.1/servers/98ca6f56-599f-4f61-b544-cbc1e593f9c2 0.062s
2025-05-13 17:04:03.265 70281 INFO tempest.lib.common.rest_client [req-8622de19-a7c5-457d-a4fd-6da3f0980fa8 req-8622de19-a7c5-457d-a4fd-6da3f0980fa8 ] Request (AttachInterfacesTestJSON:_run_cleanups): 200 GET http://10.180.1.21/compute/v2.1/servers/c9a3fe9a-ec34-4625-9571-3b708815ee1e 0.063s
2025-05-13 17:04:03.314 70304 INFO tempest.lib.common.rest_client [req-e149c0db-de0a-4df7-970a-d4762001681b req-e149c0db-de0a-4df7-970a-d4762001681b ] Request (AttachInterfacesUnderV243Test:_run_cleanups): 200 GET http://10.180.1.21/compute/v2.1/servers/852d306a-2d59-45dc-8d7b-695084a42bf3 0.072s
2025-05-13 17:04:03.331 70283 INFO tempest.lib.common.rest_client [req-c575f411-c364-450e-bec4-d35ec05ad42e req-c575f411-c364-450e-bec4-d35ec05ad42e ] Request (ServerRescueTestJSON:test_rescue_unrescue_instance): 200 GET http://10.180.1.21/compute/v2.1/servers/0daccc65-92c2-4373-889b-2985ae46bcd3 0.068s
2025-05-13 17:04:03.369 70299 INFO tempest.lib.common.rest_client [req-9eca57e6-77f5-4508-9cc4-314e6cd337cf req-9eca57e6-77f5-4508-9cc4-314e6cd337cf ] Request (ImagesOneServerTestJSON:setUpClass): 200 GET http://10.180.1.21/compute/v2.1/servers/a1e6be92-58e5-4d18-85a0-2e336bdafc87 0.074s
2025-05-13 17:04:03.381 70279 INFO tempest.lib.common.rest_client [req-ba8ddb14-5bb8-46bd-a4d3-dce23dc0a67f req-ba8ddb14-5bb8-46bd-a4d3-dce23dc0a67f ] Request (ServerActionsTestOtherB:setUpClass): 200 GET http://10.180.1.21/compute/v2.1/servers/db9e828d-2231-429d-bc03-f60d03e7897a 0.065s
2025-05-13 17:04:03.416 70319 INFO tempest.lib.common.rest_client [req-35590088-da44-4799-a23d-fc020e6b12ed req-35590088-da44-4799-a23d-fc020e6b12ed ] Request (ServersTestJSON:test_create_server_specify_multibyte_character_name): 200 GET http://10.180.1.21/compute/v2.1/servers/a363197e-38b3-48fb-a1fe-6664f613458b 0.055s
2025-05-13 17:04:03.429 70287 INFO tempest.lib.common.rest_client [req-f37ae4b7-b932-4c71-b889-fb769fa8eead req-f37ae4b7-b932-4c71-b889-fb769fa8eead ] Request (ImagesOneServerNegativeTestJSON:_run_cleanups): 200 GET http://10.180.1.21/compute/v2.1/servers/1b0d13ea-ee22-4206-abf1-3278824589ae 0.063s
2025-05-13 17:04:03.497 70339 INFO tempest.lib.common.rest_client [req-725dfb65-fac7-44f1-8a43-53d5db541e2f req-725dfb65-fac7-44f1-8a43-53d5db541e2f ] Request (SecurityGroupsTestJSON:test_server_security_groups): 200 GET http://10.180.1.21/compute/v2.1/servers/be5c5429-3f71-49c8-8585-b622a7f423a3 0.059s
2025-05-13 17:04:03.611 70311 INFO tempest.lib.common.rest_client [req-678582b0-e5b4-45f7-b51b-f828f0211e12 req-678582b0-e5b4-45f7-b51b-f828f0211e12 ] Request (VolumesAssistedSnapshotsTest:test_volume_assisted_snapshot_create_delete): 200 GET http://10.180.1.21/volume/v3/volumes/95ce0bff-a0ab-4229-b2e5-09db9e4996c8 0.032s
2025-05-13 17:04:03.634 70317 INFO tempest.lib.common.rest_client [req-4272c514-dec0-4472-b5ff-6a1c6138516c req-4272c514-dec0-4472-b5ff-6a1c6138516c ] Request (ListImageFiltersTestJSON:setUpClass): 200 GET http://10.180.1.21/compute/v2.1/servers/b4f0359b-2f16-410b-b8d0-b1faed9c5913 0.135s
2025-05-13 17:04:03.637 70293 INFO tempest.lib.common.rest_client [req-6587f239-e031-4ed9-a457-d07445b52726 req-6587f239-e031-4ed9-a457-d07445b52726 ] Request (ServersAdminNegativeTestJSON:test_migrate_server_invalid_state): 200 GET http://10.180.1.21/compute/v2.1/servers/b3b002b6-4835-4e08-b66c-6185be72dd66 0.134s
2025-05-13 17:04:03.641 70317 INFO tempest.common.waiters [-] State transition "BUILD/networking" ==> "BUILD/spawning" after 85 second wait
2025-05-13 17:04:03.645 70293 INFO tempest.common.waiters [-] State transition "BUILD/spawning" ==> "ACTIVE/None" after 94 second wait
2025-05-13 17:04:03.685 70301 INFO tempest.lib.common.rest_client [req-9b6fa3ea-269b-4ff5-9c57-cf7f658d801e req-9b6fa3ea-269b-4ff5-9c57-cf7f658d801e ] Request (InstanceActionsNegativeTestJSON:setUpClass): 200 GET http://10.180.1.21/compute/v2.1/servers/fd855e92-f7b0-4a40-8e01-151722833c1d 0.101s
2025-05-13 17:04:03.732 70307 INFO tempest.lib.common.rest_client [req-987425f2-50f5-4c4b-b15b-ec872669f348 req-987425f2-50f5-4c4b-b15b-ec872669f348 ] Request (ServerGroupTestJSON:test_create_server_with_scheduler_hint_group): 200 GET http://10.180.1.21/compute/v2.1/servers/81bf191a-8bd1-4e58-a172-7663063d4c6c 0.127s
2025-05-13 17:04:03.769 70293 INFO tempest.lib.common.rest_client [req-bd66debe-5548-48c9-96ad-5d5f35751a89 req-bd66debe-5548-48c9-96ad-5d5f35751a89 ] Request (ServersAdminNegativeTestJSON:test_migrate_server_invalid_state): 202 POST http://10.180.1.21/compute/v2.1/servers/b3b002b6-4835-4e08-b66c-6185be72dd66/action 0.123s
2025-05-13 17:04:03.781 70285 INFO tempest.lib.common.rest_client [req-9757af27-f864-4593-8f5a-176c2c79eeed req-9757af27-f864-4593-8f5a-176c2c79eeed ] Request (AttachVolumeTestJSON:test_attach_detach_volume): 200 GET http://10.180.1.21/compute/v2.1/servers/0a9ce531-68c9-4033-bbd5-9b5dec9f73c5 0.134s
2025-05-13 17:04:03.825 70337 INFO tempest.lib.common.rest_client [req-3c2c62fc-6abc-462d-8fca-c1c209c194c1 req-3c2c62fc-6abc-462d-8fca-c1c209c194c1 ] Request (ServerPasswordTestJSON:tearDownClass): 200 GET http://10.180.1.21/compute/v2.1/servers/e91a0217-bc9b-4a26-b725-5c8ce2ee3549 0.151s
2025-05-13 17:04:03.850 70333 INFO tempest.lib.common.rest_client [req-879a7063-e117-47a1-ab00-9905a58a2537 req-879a7063-e117-47a1-ab00-9905a58a2537 ] Request (ServerDiskConfigTestJSON:test_rebuild_server_with_manual_disk_config): 200 GET http://10.180.1.21/compute/v2.1/servers/356edde7-dae3-416e-b55c-cffa9d1a9f66 0.134s
2025-05-13 17:04:03.889 70329 INFO tempest.lib.common.rest_client [req-533ff8fb-de2b-4e74-93f1-58bd6b85a465 req-533ff8fb-de2b-4e74-93f1-58bd6b85a465 ] Request (ServerShowV254Test:tearDownClass): 200 GET http://10.180.1.21/compute/v2.1/servers/62f9b943-e4b9-4350-adeb-93a8fcd8110d 0.141s
2025-05-13 17:04:03.976 70321 INFO tempest.lib.common.rest_client [req-109e32a2-0981-4d85-ad7d-9b33e05841a7 req-109e32a2-0981-4d85-ad7d-9b33e05841a7 ] Request (VolumesAdminNegativeTest:test_update_attached_volume_with_nonexistent_volume_in_uri): 200 GET http://10.180.1.21/compute/v2.1/servers/f2b76bbc-9eae-4f1d-b057-9a260ba4d14a 0.199s
2025-05-13 17:04:04.050 70291 INFO tempest.lib.common.rest_client [req-8d66a1a8-14d6-4f60-a33e-0531168348ae req-8d66a1a8-14d6-4f60-a33e-0531168348ae ] Request (ServersNegativeTestMultiTenantJSON:setUpClass): 200 GET http://10.180.1.21/compute/v2.1/servers/0f73e4ec-b912-4aca-9c5b-6c3e556c263a 0.240s
2025-05-13 17:04:04.125 70297 INFO tempest.lib.common.rest_client [req-cea64c9b-a304-47fd-8b31-6d012bf8eef7 req-cea64c9b-a304-47fd-8b31-6d012bf8eef7 ] Request (FloatingIPsAssociationTestJSON:tearDownClass): 200 GET http://10.180.1.21/compute/v2.1/servers/7f191b9f-fc7d-44c7-a16c-e2bc6a137e9e 0.252s
2025-05-13 17:04:04.186 70295 INFO tempest.lib.common.rest_client [req-2b56c19e-26ef-4a67-91d6-e15acec2b681 req-2b56c19e-26ef-4a67-91d6-e15acec2b681 ] Request (ServersWithSpecificFlavorTestJSON:test_verify_created_server_ephemeral_disk): 200 GET http://10.180.1.21/compute/v2.1/servers/56ea1960-7814-40c3-abac-aac3ab73872d 0.301s
2025-05-13 17:04:04.208 70293 INFO tempest.lib.common.rest_client [req-5c5cc5c4-7949-4e34-93d9-7dc19b3850a7 req-5c5cc5c4-7949-4e34-93d9-7dc19b3850a7 ] Request (ServersAdminNegativeTestJSON:test_migrate_server_invalid_state): 200 GET http://10.180.1.21/compute/v2.1/servers/b3b002b6-4835-4e08-b66c-6185be72dd66 0.439s
2025-05-13 17:04:04.243 70327 INFO tempest.lib.common.rest_client [req-ad0f31e0-7f45-4d67-b7e0-91a22ec4f5b8 req-ad0f31e0-7f45-4d67-b7e0-91a22ec4f5b8 ] Request (ServersAdminTestJSON:test_create_server_with_scheduling_hint): 200 GET http://10.180.1.21/compute/v2.1/servers/6afbc757-f826-4806-9a18-87326532db2c 0.298s
2025-05-13 17:04:04.277 70305 INFO tempest.lib.common.rest_client [req-37481c12-f972-4675-9afa-193c330ab3e3 req-37481c12-f972-4675-9afa-193c330ab3e3 ] Request (ServerAddressesNegativeTestJSON:tearDownClass): 200 GET http://10.180.1.21/compute/v2.1/servers/8501d05c-e4f1-45ba-bcca-15b8def23472 0.310s
2025-05-13 17:04:04.299 70289 INFO tempest.lib.common.rest_client [req-b71731eb-8ac4-4563-92be-817ec036bd6a req-b71731eb-8ac4-4563-92be-817ec036bd6a ] Request (ServerActionsTestOtherA:test_rebuild_server_in_stop_state): 200 GET http://10.180.1.21/compute/v2.1/servers/f695740d-8fc4-431a-85cf-48c33380f99d 0.290s
2025-05-13 17:04:04.350 70335 INFO tempest.lib.common.rest_client [req-2f3f61f5-46e0-4f06-97c7-be4886d20714 req-2f3f61f5-46e0-4f06-97c7-be4886d20714 ] Request (ListServerFiltersTestJSON:tearDownClass): 200 GET http://10.180.1.21/compute/v2.1/servers/bee65c60-c104-4523-9e3a-1e41ead05854 0.280s
2025-05-13 17:04:04.417 70309 INFO tempest.lib.common.rest_client [req-804fea66-f10b-4610-8da7-50e7291497b0 req-804fea66-f10b-4610-8da7-50e7291497b0 ] Request (ImagesTestJSON:test_create_image_from_suspended_server): 200 GET http://10.180.1.21/compute/v2.1/servers/8df65b1a-9bd1-460f-8ba0-64d4804df21c 0.287s
2025-05-13 17:04:04.498 70315 INFO tempest.lib.common.rest_client [req-45c8e330-8d16-49d1-b9c5-4e31e06406d0 req-45c8e330-8d16-49d1-b9c5-4e31e06406d0 ] Request (FloatingIPsAssociationNegativeTestJSON:tearDownClass): 200 GET http://10.180.1.21/compute/v2.1/servers/cce1a170-4a15-4b02-b745-b22ad8fb694c 0.310s
2025-05-13 17:04:04.559 70277 INFO tempest.lib.common.rest_client [req-bd4a1f4d-394a-4448-be4b-f49b7af568a4 req-bd4a1f4d-394a-4448-be4b-f49b7af568a4 ] Request (ServersTestManualDisk:tearDownClass): 200 GET http://10.180.1.21/compute/v2.1/servers/98ca6f56-599f-4f61-b544-cbc1e593f9c2 0.313s
2025-05-13 17:04:04.634 70313 INFO tempest.lib.common.rest_client [req-10f73e1d-b59a-49a2-8d5c-c96c7dd5fae0 req-10f73e1d-b59a-49a2-8d5c-c96c7dd5fae0 ] Request (MigrationsAdminTest:test_resize_server_revert_deleted_flavor): 200 GET http://10.180.1.21/compute/v2.1/servers/debf70b0-ab28-479a-9928-024b5c0ae947 0.555s
2025-05-13 17:04:04.649 70311 INFO tempest.lib.common.rest_client [req-cf2552f3-4cd7-47f7-9570-886cbf6dc104 req-cf2552f3-4cd7-47f7-9570-886cbf6dc104 ] Request (VolumesAssistedSnapshotsTest:test_volume_assisted_snapshot_create_delete): 200 GET http://10.180.1.21/volume/v3/volumes/95ce0bff-a0ab-4229-b2e5-09db9e4996c8 0.031s
2025-05-13 17:04:04.651 70281 INFO tempest.lib.common.rest_client [req-b66a4470-d190-478c-9176-3db49e7bde2e req-b66a4470-d190-478c-9176-3db49e7bde2e ] Request (AttachInterfacesTestJSON:_run_cleanups): 200 GET http://10.180.1.21/compute/v2.1/servers/c9a3fe9a-ec34-4625-9571-3b708815ee1e 0.378s
2025-05-13 17:04:04.693 70304 INFO tempest.lib.common.rest_client [req-2e7a204e-61c8-42fa-8d87-d38a503786a1 req-2e7a204e-61c8-42fa-8d87-d38a503786a1 ] Request (AttachInterfacesUnderV243Test:_run_cleanups): 200 GET http://10.180.1.21/compute/v2.1/servers/852d306a-2d59-45dc-8d7b-695084a42bf3 0.370s
2025-05-13 17:04:04.714 70283 INFO tempest.lib.common.rest_client [req-899a3497-99cb-44e5-8ef9-61c474ab2d02 req-899a3497-99cb-44e5-8ef9-61c474ab2d02 ] Request (ServerRescueTestJSON:test_rescue_unrescue_instance): 200 GET http://10.180.1.21/compute/v2.1/servers/0daccc65-92c2-4373-889b-2985ae46bcd3 0.372s
2025-05-13 17:04:04.747 70299 INFO tempest.lib.common.rest_client [req-3fcf9d80-be06-48ea-a192-d00b669f431f req-3fcf9d80-be06-48ea-a192-d00b669f431f ] Request (ImagesOneServerTestJSON:setUpClass): 200 GET http://10.180.1.21/compute/v2.1/servers/a1e6be92-58e5-4d18-85a0-2e336bdafc87 0.370s
2025-05-13 17:04:04.756 70299 INFO tempest.common.waiters [-] State transition "BUILD/scheduling" ==> "BUILD/None" after 45 second wait
2025-05-13 17:04:04.770 70279 INFO tempest.lib.common.rest_client [req-498b5cb0-e224-4918-ab62-69bc11930e10 req-498b5cb0-e224-4918-ab62-69bc11930e10 ] Request (ServerActionsTestOtherB:setUpClass): 200 GET http://10.180.1.21/compute/v2.1/servers/db9e828d-2231-429d-bc03-f60d03e7897a 0.381s
2025-05-13 17:04:04.808 70319 INFO tempest.lib.common.rest_client [req-4d6ba005-6a31-4440-924e-20156d49363e req-4d6ba005-6a31-4440-924e-20156d49363e ] Request (ServersTestJSON:test_create_server_specify_multibyte_character_name): 200 GET http://10.180.1.21/compute/v2.1/servers/a363197e-38b3-48fb-a1fe-6664f613458b 0.383s
2025-05-13 17:04:04.843 70287 INFO tempest.lib.common.rest_client [req-284aa261-d387-4e37-b60e-1c48fddea013 req-284aa261-d387-4e37-b60e-1c48fddea013 ] Request (ImagesOneServerNegativeTestJSON:_run_cleanups): 200 GET http://10.180.1.21/compute/v2.1/servers/1b0d13ea-ee22-4206-abf1-3278824589ae 0.405s
2025-05-13 17:04:04.872 70339 INFO tempest.lib.common.rest_client [req-780e6207-8398-4d68-839e-7a13ae782473 req-780e6207-8398-4d68-839e-7a13ae782473 ] Request (SecurityGroupsTestJSON:test_server_security_groups): 200 GET http://10.180.1.21/compute/v2.1/servers/be5c5429-3f71-49c8-8585-b622a7f423a3 0.367s
2025-05-13 17:04:04.931 70301 INFO tempest.lib.common.rest_client [req-dd7ae2f0-a155-4995-ba96-bda6275ff8c5 req-dd7ae2f0-a155-4995-ba96-bda6275ff8c5 ] Request (InstanceActionsNegativeTestJSON:setUpClass): 200 GET http://10.180.1.21/compute/v2.1/servers/fd855e92-f7b0-4a40-8e01-151722833c1d 0.238s
2025-05-13 17:04:04.956 70317 INFO tempest.lib.common.rest_client [req-2c79aeca-4d8f-46ae-ad75-68ac67fa3d1a req-2c79aeca-4d8f-46ae-ad75-68ac67fa3d1a ] Request (ListImageFiltersTestJSON:setUpClass): 200 GET http://10.180.1.21/compute/v2.1/servers/b4f0359b-2f16-410b-b8d0-b1faed9c5913 0.313s
2025-05-13 17:04:05.012 70285 INFO tempest.lib.common.rest_client [req-66d6f7e9-29ed-4591-9224-a29e16d3f0e7 req-66d6f7e9-29ed-4591-9224-a29e16d3f0e7 ] Request (AttachVolumeTestJSON:test_attach_detach_volume): 200 GET http://10.180.1.21/compute/v2.1/servers/0a9ce531-68c9-4033-bbd5-9b5dec9f73c5 0.223s
2025-05-13 17:04:05.046 70307 INFO tempest.lib.common.rest_client [req-88ecf08e-8509-449e-9f09-37cb4bd369aa req-88ecf08e-8509-449e-9f09-37cb4bd369aa ] Request (ServerGroupTestJSON:test_create_server_with_scheduler_hint_group): 200 GET http://10.180.1.21/compute/v2.1/servers/81bf191a-8bd1-4e58-a172-7663063d4c6c 0.305s
2025-05-13 17:04:05.074 70337 INFO tempest.lib.common.rest_client [req-b6658c82-6763-41e8-b2f2-1654e11e9bb5 req-b6658c82-6763-41e8-b2f2-1654e11e9bb5 ] Request (ServerPasswordTestJSON:tearDownClass): 200 GET http://10.180.1.21/compute/v2.1/servers/e91a0217-bc9b-4a26-b725-5c8ce2ee3549 0.240s
2025-05-13 17:04:05.102 70333 INFO tempest.lib.common.rest_client [req-a2aabec8-80b1-4f03-8af0-bd220e868d07 req-a2aabec8-80b1-4f03-8af0-bd220e868d07 ] Request (ServerDiskConfigTestJSON:test_rebuild_server_with_manual_disk_config): 200 GET http://10.180.1.21/compute/v2.1/servers/356edde7-dae3-416e-b55c-cffa9d1a9f66 0.244s
2025-05-13 17:04:05.135 70329 INFO tempest.lib.common.rest_client [req-77e5a3be-3443-4599-8376-e8d85e7f883c req-77e5a3be-3443-4599-8376-e8d85e7f883c ] Request (ServerShowV254Test:tearDownClass): 200 GET http://10.180.1.21/compute/v2.1/servers/62f9b943-e4b9-4350-adeb-93a8fcd8110d 0.235s
2025-05-13 17:04:05.155 70321 INFO tempest.lib.common.rest_client [req-6d486b98-487f-4001-8999-feea67758ebb req-6d486b98-487f-4001-8999-feea67758ebb ] Request (VolumesAdminNegativeTest:test_update_attached_volume_with_nonexistent_volume_in_uri): 200 GET http://10.180.1.21/compute/v2.1/servers/f2b76bbc-9eae-4f1d-b057-9a260ba4d14a 0.164s
2025-05-13 17:04:05.188 70291 INFO tempest.lib.common.rest_client [req-25e0ae46-515a-465a-9e79-caf174c5e6f7 req-25e0ae46-515a-465a-9e79-caf174c5e6f7 ] Request (ServersNegativeTestMultiTenantJSON:setUpClass): 200 GET http://10.180.1.21/compute/v2.1/servers/0f73e4ec-b912-4aca-9c5b-6c3e556c263a 0.127s
2025-05-13 17:04:05.214 70297 INFO tempest.lib.common.rest_client [req-fc7624a1-387b-487c-9013-49ed0e193d27 req-fc7624a1-387b-487c-9013-49ed0e193d27 ] Request (FloatingIPsAssociationTestJSON:tearDownClass): 200 GET http://10.180.1.21/compute/v2.1/servers/7f191b9f-fc7d-44c7-a16c-e2bc6a137e9e 0.077s
2025-05-13 17:04:05.252 70295 INFO tempest.lib.common.rest_client [req-566409d8-ce6a-48a6-8ebf-872fd3801f14 req-566409d8-ce6a-48a6-8ebf-872fd3801f14 ] Request (ServersWithSpecificFlavorTestJSON:test_verify_created_server_ephemeral_disk): 200 GET http://10.180.1.21/compute/v2.1/servers/56ea1960-7814-40c3-abac-aac3ab73872d 0.056s
2025-05-13 17:04:05.315 70327 INFO tempest.lib.common.rest_client [req-f7f88e6b-fb7c-4bdd-a1fa-3713927a5d6d req-f7f88e6b-fb7c-4bdd-a1fa-3713927a5d6d ] Request (ServersAdminTestJSON:test_create_server_with_scheduling_hint): 200 GET http://10.180.1.21/compute/v2.1/servers/6afbc757-f826-4806-9a18-87326532db2c 0.063s
2025-05-13 17:04:05.351 70293 INFO tempest.lib.common.rest_client [req-548170fc-869f-4f85-892b-71b879be4f75 req-548170fc-869f-4f85-892b-71b879be4f75 ] Request (ServersAdminNegativeTestJSON:test_migrate_server_invalid_state): 200 GET http://10.180.1.21/compute/v2.1/servers/b3b002b6-4835-4e08-b66c-6185be72dd66 0.135s
2025-05-13 17:04:05.377 70305 INFO tempest.lib.common.rest_client [req-7f75d018-9fbc-4d63-9921-bdb7bb214f1d req-7f75d018-9fbc-4d63-9921-bdb7bb214f1d ] Request (ServerAddressesNegativeTestJSON:tearDownClass): 200 GET http://10.180.1.21/compute/v2.1/servers/8501d05c-e4f1-45ba-bcca-15b8def23472 0.089s
2025-05-13 17:04:05.399 70289 INFO tempest.lib.common.rest_client [req-41f51f8c-3f58-47fd-8e1a-12fbed2911c0 req-41f51f8c-3f58-47fd-8e1a-12fbed2911c0 ] Request (ServerActionsTestOtherA:test_rebuild_server_in_stop_state): 200 GET http://10.180.1.21/compute/v2.1/servers/f695740d-8fc4-431a-85cf-48c33380f99d 0.091s
2025-05-13 17:04:05.435 70335 INFO tempest.lib.common.rest_client [req-c266e9a6-476e-4cba-978e-c0308ae0099d req-c266e9a6-476e-4cba-978e-c0308ae0099d ] Request (ListServerFiltersTestJSON:tearDownClass): 200 GET http://10.180.1.21/compute/v2.1/servers/bee65c60-c104-4523-9e3a-1e41ead05854 0.074s
2025-05-13 17:04:05.473 70309 INFO tempest.lib.common.rest_client [req-2cdf0019-a859-4ece-b142-67c1ab2a79f8 req-2cdf0019-a859-4ece-b142-67c1ab2a79f8 ] Request (ImagesTestJSON:test_create_image_from_suspended_server): 200 GET http://10.180.1.21/compute/v2.1/servers/8df65b1a-9bd1-460f-8ba0-64d4804df21c 0.047s
2025-05-13 17:04:05.565 70315 INFO tempest.lib.common.rest_client [req-715957fa-e114-401d-858b-db02d8396be0 req-715957fa-e114-401d-858b-db02d8396be0 ] Request (FloatingIPsAssociationNegativeTestJSON:tearDownClass): 200 GET http://10.180.1.21/compute/v2.1/servers/cce1a170-4a15-4b02-b745-b22ad8fb694c 0.057s
2025-05-13 17:04:05.630 70277 INFO tempest.lib.common.rest_client [req-9c42c857-f908-484f-a809-dbd2b14a14f7 req-9c42c857-f908-484f-a809-dbd2b14a14f7 ] Request (ServersTestManualDisk:tearDownClass): 200 GET http://10.180.1.21/compute/v2.1/servers/98ca6f56-599f-4f61-b544-cbc1e593f9c2 0.061s
2025-05-13 17:04:05.691 70311 INFO tempest.lib.common.rest_client [req-32cc6aff-5f00-41be-b523-ee851d436e90 req-32cc6aff-5f00-41be-b523-ee851d436e90 ] Request (VolumesAssistedSnapshotsTest:test_volume_assisted_snapshot_create_delete): 200 GET http://10.180.1.21/volume/v3/volumes/95ce0bff-a0ab-4229-b2e5-09db9e4996c8 0.034s
2025-05-13 17:04:05.696 70313 INFO tempest.lib.common.rest_client [req-1a837fd4-1a32-45da-ac66-23687017445d req-1a837fd4-1a32-45da-ac66-23687017445d ] Request (MigrationsAdminTest:test_resize_server_revert_deleted_flavor): 200 GET http://10.180.1.21/compute/v2.1/servers/debf70b0-ab28-479a-9928-024b5c0ae947 0.053s
2025-05-13 17:04:05.718 70281 INFO tempest.lib.common.rest_client [req-67e1d5ff-335c-451a-a244-2801252872f1 req-67e1d5ff-335c-451a-a244-2801252872f1 ] Request (AttachInterfacesTestJSON:_run_cleanups): 200 GET http://10.180.1.21/compute/v2.1/servers/c9a3fe9a-ec34-4625-9571-3b708815ee1e 0.060s
2025-05-13 17:04:05.765 70304 INFO tempest.lib.common.rest_client [req-fed018e0-8d84-4708-a4ed-712ea57ca64e req-fed018e0-8d84-4708-a4ed-712ea57ca64e ] Request (AttachInterfacesUnderV243Test:_run_cleanups): 200 GET http://10.180.1.21/compute/v2.1/servers/852d306a-2d59-45dc-8d7b-695084a42bf3 0.062s
2025-05-13 17:04:05.779 70283 INFO tempest.lib.common.rest_client [req-8d203429-347c-483d-a16b-93833d8c923e req-8d203429-347c-483d-a16b-93833d8c923e ] Request (ServerRescueTestJSON:test_rescue_unrescue_instance): 200 GET http://10.180.1.21/compute/v2.1/servers/0daccc65-92c2-4373-889b-2985ae46bcd3 0.056s
2025-05-13 17:04:05.817 70299 INFO tempest.lib.common.rest_client [req-7f6eb58a-ebd8-441b-b2d1-e0534eb23fc6 req-7f6eb58a-ebd8-441b-b2d1-e0534eb23fc6 ] Request (ImagesOneServerTestJSON:setUpClass): 200 GET http://10.180.1.21/compute/v2.1/servers/a1e6be92-58e5-4d18-85a0-2e336bdafc87 0.061s
2025-05-13 17:04:05.833 70279 INFO tempest.lib.common.rest_client [req-b38acf7e-b664-4aa2-b9eb-e4349d3ad1f1 req-b38acf7e-b664-4aa2-b9eb-e4349d3ad1f1 ] Request (ServerActionsTestOtherB:setUpClass): 200 GET http://10.180.1.21/compute/v2.1/servers/db9e828d-2231-429d-bc03-f60d03e7897a 0.054s
2025-05-13 17:04:05.883 70319 INFO tempest.lib.common.rest_client [req-bea767d1-506d-4280-b82b-99b04d169a35 req-bea767d1-506d-4280-b82b-99b04d169a35 ] Request (ServersTestJSON:test_create_server_specify_multibyte_character_name): 200 GET http://10.180.1.21/compute/v2.1/servers/a363197e-38b3-48fb-a1fe-6664f613458b 0.064s
2025-05-13 17:04:05.910 70287 INFO tempest.lib.common.rest_client [req-0474b5e0-b7da-4c7b-a803-d64b14471741 req-0474b5e0-b7da-4c7b-a803-d64b14471741 ] Request (ImagesOneServerNegativeTestJSON:_run_cleanups): 200 GET http://10.180.1.21/compute/v2.1/servers/1b0d13ea-ee22-4206-abf1-3278824589ae 0.059s
2025-05-13 17:04:05.938 70339 INFO tempest.lib.common.rest_client [req-ae875080-6f40-4964-a612-ab63c39fa2f7 req-ae875080-6f40-4964-a612-ab63c39fa2f7 ] Request (SecurityGroupsTestJSON:test_server_security_groups): 200 GET http://10.180.1.21/compute/v2.1/servers/be5c5429-3f71-49c8-8585-b622a7f423a3 0.056s
2025-05-13 17:04:05.989 70301 INFO tempest.lib.common.rest_client [req-eca53b8e-e0e0-468a-a27f-bec8a2499f17 req-eca53b8e-e0e0-468a-a27f-bec8a2499f17 ] Request (InstanceActionsNegativeTestJSON:setUpClass): 200 GET http://10.180.1.21/compute/v2.1/servers/fd855e92-f7b0-4a40-8e01-151722833c1d 0.049s
2025-05-13 17:04:06.053 70317 INFO tempest.lib.common.rest_client [req-5fb55737-984a-4a40-b91b-a232b03e78a5 req-5fb55737-984a-4a40-b91b-a232b03e78a5 ] Request (ListImageFiltersTestJSON:setUpClass): 200 GET http://10.180.1.21/compute/v2.1/servers/b4f0359b-2f16-410b-b8d0-b1faed9c5913 0.088s
2025-05-13 17:04:06.072 70285 INFO tempest.lib.common.rest_client [req-b13b57e8-fb2d-4c23-bb1e-ec2a0de4da01 req-b13b57e8-fb2d-4c23-bb1e-ec2a0de4da01 ] Request (AttachVolumeTestJSON:test_attach_detach_volume): 200 GET http://10.180.1.21/compute/v2.1/servers/0a9ce531-68c9-4033-bbd5-9b5dec9f73c5 0.052s
2025-05-13 17:04:06.147 70337 INFO tempest.lib.common.rest_client [req-2835d3e2-0fdc-456e-b37d-a688937fa0c2 req-2835d3e2-0fdc-456e-b37d-a688937fa0c2 ] Request (ServerPasswordTestJSON:tearDownClass): 200 GET http://10.180.1.21/compute/v2.1/servers/e91a0217-bc9b-4a26-b725-5c8ce2ee3549 0.065s
2025-05-13 17:04:06.161 70307 INFO tempest.lib.common.rest_client [req-f6e3b716-d733-4620-9547-0b02cc731a0d req-f6e3b716-d733-4620-9547-0b02cc731a0d ] Request (ServerGroupTestJSON:test_create_server_with_scheduler_hint_group): 200 GET http://10.180.1.21/compute/v2.1/servers/81bf191a-8bd1-4e58-a172-7663063d4c6c 0.105s
2025-05-13 17:04:06.199 70333 INFO tempest.lib.common.rest_client [req-a9939ad8-964e-43e7-8221-764ddc0ec45e req-a9939ad8-964e-43e7-8221-764ddc0ec45e ] Request (ServerDiskConfigTestJSON:test_rebuild_server_with_manual_disk_config): 200 GET http://10.180.1.21/compute/v2.1/servers/356edde7-dae3-416e-b55c-cffa9d1a9f66 0.088s
2025-05-13 17:04:06.221 70329 INFO tempest.lib.common.rest_client [req-d134acf2-586f-4b87-a497-47380908532d req-d134acf2-586f-4b87-a497-47380908532d ] Request (ServerShowV254Test:tearDownClass): 200 GET http://10.180.1.21/compute/v2.1/servers/62f9b943-e4b9-4350-adeb-93a8fcd8110d 0.076s
2025-05-13 17:04:06.243 70321 INFO tempest.lib.common.rest_client [req-accfa053-e94b-4ea1-a1ce-6d38558f0ec2 req-accfa053-e94b-4ea1-a1ce-6d38558f0ec2 ] Request (VolumesAdminNegativeTest:test_update_attached_volume_with_nonexistent_volume_in_uri): 200 GET http://10.180.1.21/compute/v2.1/servers/f2b76bbc-9eae-4f1d-b057-9a260ba4d14a 0.078s
2025-05-13 17:04:06.264 70291 INFO tempest.lib.common.rest_client [req-289bf751-a906-463a-8c4b-6074394f8796 req-289bf751-a906-463a-8c4b-6074394f8796 ] Request (ServersNegativeTestMultiTenantJSON:setUpClass): 200 GET http://10.180.1.21/compute/v2.1/servers/0f73e4ec-b912-4aca-9c5b-6c3e556c263a 0.068s
2025-05-13 17:04:06.298 70297 INFO tempest.lib.common.rest_client [req-dfd35fc6-cf43-4c24-9306-7e56cb1c41d3 req-dfd35fc6-cf43-4c24-9306-7e56cb1c41d3 ] Request (FloatingIPsAssociationTestJSON:tearDownClass): 200 GET http://10.180.1.21/compute/v2.1/servers/7f191b9f-fc7d-44c7-a16c-e2bc6a137e9e 0.076s
2025-05-13 17:04:06.311 70295 INFO tempest.lib.common.rest_client [req-ac51dcc0-ab91-489d-b70f-54e9ef82c6b5 req-ac51dcc0-ab91-489d-b70f-54e9ef82c6b5 ] Request (ServersWithSpecificFlavorTestJSON:test_verify_created_server_ephemeral_disk): 200 GET http://10.180.1.21/compute/v2.1/servers/56ea1960-7814-40c3-abac-aac3ab73872d 0.049s
2025-05-13 17:04:06.381 70327 INFO tempest.lib.common.rest_client [req-cef7f87d-0a78-4ee9-b3b0-381d5283537e req-cef7f87d-0a78-4ee9-b3b0-381d5283537e ] Request (ServersAdminTestJSON:test_create_server_with_scheduling_hint): 200 GET http://10.180.1.21/compute/v2.1/servers/6afbc757-f826-4806-9a18-87326532db2c 0.054s
2025-05-13 17:04:06.459 70305 INFO tempest.lib.common.rest_client [req-d02073a1-cac6-4e9e-8260-e681fcaf9e6e req-d02073a1-cac6-4e9e-8260-e681fcaf9e6e ] Request (ServerAddressesNegativeTestJSON:tearDownClass): 200 GET http://10.180.1.21/compute/v2.1/servers/8501d05c-e4f1-45ba-bcca-15b8def23472 0.074s
2025-05-13 17:04:06.479 70293 INFO tempest.lib.common.rest_client [req-eac8b181-f13b-46d7-b1e1-5c9bfded9224 req-eac8b181-f13b-46d7-b1e1-5c9bfded9224 ] Request (ServersAdminNegativeTestJSON:test_migrate_server_invalid_state): 200 GET http://10.180.1.21/compute/v2.1/servers/b3b002b6-4835-4e08-b66c-6185be72dd66 0.120s
2025-05-13 17:04:06.487 70293 INFO tempest.common.waiters [-] State transition "ACTIVE/suspending" ==> "SUSPENDED/None" after 2 second wait
2025-05-13 17:04:06.509 70289 INFO tempest.lib.common.rest_client [req-e98fe8a0-95d5-4c76-b578-14e4c65707bc req-e98fe8a0-95d5-4c76-b578-14e4c65707bc ] Request (ServerActionsTestOtherA:test_rebuild_server_in_stop_state): 200 GET http://10.180.1.21/compute/v2.1/servers/f695740d-8fc4-431a-85cf-48c33380f99d 0.102s
2025-05-13 17:04:06.540 70335 INFO tempest.lib.common.rest_client [req-3775cb37-8bcd-4469-bd30-2bf19809b801 req-3775cb37-8bcd-4469-bd30-2bf19809b801 ] Request (ListServerFiltersTestJSON:tearDownClass): 200 GET http://10.180.1.21/compute/v2.1/servers/bee65c60-c104-4523-9e3a-1e41ead05854 0.098s
2025-05-13 17:04:06.556 70309 INFO tempest.lib.common.rest_client [req-b06db7d1-8409-45e8-b2e5-97dc443e0b96 req-b06db7d1-8409-45e8-b2e5-97dc443e0b96 ] Request (ImagesTestJSON:test_create_image_from_suspended_server): 200 GET http://10.180.1.21/compute/v2.1/servers/8df65b1a-9bd1-460f-8ba0-64d4804df21c 0.074s
2025-05-13 17:04:06.625 70293 INFO tempest.lib.common.rest_client [req-2daef2ed-d974-4ee8-8f13-b9369264c67c req-2daef2ed-d974-4ee8-8f13-b9369264c67c ] Request (ServersAdminNegativeTestJSON:test_migrate_server_invalid_state): 409 POST http://10.180.1.21/compute/v2.1/servers/b3b002b6-4835-4e08-b66c-6185be72dd66/action 0.137s
2025-05-13 17:04:06.638 70293 INFO tempest.lib.common.rest_client [req-eccd2feb-e00b-4ae5-bbba-ea5b0f8fc8ed req-eccd2feb-e00b-4ae5-bbba-ea5b0f8fc8ed ] Request (ServersAdminNegativeTestJSON:test_reset_state_server_invalid_state): 400 POST http://10.180.1.21/compute/v2.1/servers/edc30bb6-6257-4e62-8c00-f6169a4b31cc/action 0.011s
2025-05-13 17:04:06.654 70315 INFO tempest.lib.common.rest_client [req-2af049bc-5eaf-4b07-8928-a8cc523ed98c req-2af049bc-5eaf-4b07-8928-a8cc523ed98c ] Request (FloatingIPsAssociationNegativeTestJSON:tearDownClass): 200 GET http://10.180.1.21/compute/v2.1/servers/cce1a170-4a15-4b02-b745-b22ad8fb694c 0.081s
2025-05-13 17:04:06.659 70293 INFO tempest.lib.common.rest_client [req-232fd657-947d-42bc-baca-958bbea23f67 req-232fd657-947d-42bc-baca-958bbea23f67 ] Request (ServersAdminNegativeTestJSON:test_reset_state_server_invalid_type): 400 POST http://10.180.1.21/compute/v2.1/servers/edc30bb6-6257-4e62-8c00-f6169a4b31cc/action 0.019s
2025-05-13 17:04:06.670 70293 INFO tempest.lib.common.rest_client [req-a2c8f1bf-8840-4d64-bb55-88d59cf10069 req-a2c8f1bf-8840-4d64-bb55-88d59cf10069 ] Request (ServersAdminNegativeTestJSON:test_reset_state_server_nonexistent_server): 404 POST http://10.180.1.21/compute/v2.1/servers/999/action 0.009s
2025-05-13 17:04:06.702 70277 INFO tempest.lib.common.rest_client [req-4ef0cbbc-a246-4bdf-8173-dbbb9e1e7bf0 req-4ef0cbbc-a246-4bdf-8173-dbbb9e1e7bf0 ] Request (ServersTestManualDisk:tearDownClass): 200 GET http://10.180.1.21/compute/v2.1/servers/98ca6f56-599f-4f61-b544-cbc1e593f9c2 0.064s
2025-05-13 17:04:06.727 70311 INFO tempest.lib.common.rest_client [req-5b656479-a219-4fdc-a271-68c064f9b1f5 req-5b656479-a219-4fdc-a271-68c064f9b1f5 ] Request (VolumesAssistedSnapshotsTest:test_volume_assisted_snapshot_create_delete): 200 GET http://10.180.1.21/volume/v3/volumes/95ce0bff-a0ab-4229-b2e5-09db9e4996c8 0.028s
2025-05-13 17:04:06.734 70311 INFO tempest.common.waiters [-] Attachment 97e64dbd-70fe-445c-8dbe-334cc59cda31 created for volume 95ce0bff-a0ab-4229-b2e5-09db9e4996c8 to server 94296ced-6adc-4f28-9c10-e23a8dd05464 after waiting for 7.734049 seconds
2025-05-13 17:04:06.759 70311 INFO tempest.lib.common.rest_client [req-70eebbd8-2c9e-4317-a7b2-3a0b475db92d req-70eebbd8-2c9e-4317-a7b2-3a0b475db92d ] Request (VolumesAssistedSnapshotsTest:test_volume_assisted_snapshot_create_delete): 200 GET http://10.180.1.21/volume/v3/volumes/95ce0bff-a0ab-4229-b2e5-09db9e4996c8 0.024s
2025-05-13 17:04:06.760 70313 INFO tempest.lib.common.rest_client [req-4524c43d-77c9-47bb-beca-c67601262de6 req-4524c43d-77c9-47bb-beca-c67601262de6 ] Request (MigrationsAdminTest:test_resize_server_revert_deleted_flavor): 200 GET http://10.180.1.21/compute/v2.1/servers/debf70b0-ab28-479a-9928-024b5c0ae947 0.056s
2025-05-13 17:04:06.765 70311 INFO tempest.common.waiters [-] volume 95ce0bff-a0ab-4229-b2e5-09db9e4996c8 reached in-use after waiting for 0.765451 seconds
2025-05-13 17:04:06.771 70293 INFO tempest.lib.common.rest_client [req-dc53eb36-e356-4f35-a31d-c37a00cd5876 req-dc53eb36-e356-4f35-a31d-c37a00cd5876 ] Request (ServersAdminNegativeTestJSON:test_resize_server_using_overlimit_ram): 200 GET http://10.180.1.21/compute/v2.1/os-quota-sets/7e11a8fb0aad4cbcb944f4f223fefedd 0.099s
2025-05-13 17:04:06.814 70281 INFO tempest.lib.common.rest_client [req-4983d374-c649-48f4-89a8-553c0678790a req-4983d374-c649-48f4-89a8-553c0678790a ] Request (AttachInterfacesTestJSON:_run_cleanups): 200 GET http://10.180.1.21/compute/v2.1/servers/c9a3fe9a-ec34-4625-9571-3b708815ee1e 0.087s
2025-05-13 17:04:06.833 70293 INFO tempest.lib.common.rest_client [req-d492ecd4-979b-43e8-992b-e1692e1b0e4d req-d492ecd4-979b-43e8-992b-e1692e1b0e4d ] Request (ServersAdminNegativeTestJSON:test_resize_server_using_overlimit_ram): 200 POST http://10.180.1.21/compute/v2.1/flavors 0.060s
2025-05-13 17:04:06.863 70325 INFO paramiko.transport [-] Connected (version 2.0, client dropbear_2020.81)
2025-05-13 17:04:06.884 70311 INFO tempest.lib.common.rest_client [req-af273e46-70d7-4c03-85be-495019a80b7e req-af273e46-70d7-4c03-85be-495019a80b7e ] Request (VolumesAssistedSnapshotsTest:test_volume_assisted_snapshot_create_delete): 200 POST http://10.180.1.21/compute/v2.1/os-assisted-volume-snapshots 0.118s
2025-05-13 17:04:06.892 70304 INFO tempest.lib.common.rest_client [req-db229514-a87e-42c0-b146-c5a5aa5a3fdb req-db229514-a87e-42c0-b146-c5a5aa5a3fdb ] Request (AttachInterfacesUnderV243Test:_run_cleanups): 200 GET http://10.180.1.21/compute/v2.1/servers/852d306a-2d59-45dc-8d7b-695084a42bf3 0.117s
2025-05-13 17:04:06.923 70325 INFO paramiko.transport [-] Authentication (publickey) successful!
2025-05-13 17:04:06.924 70325 INFO tempest.lib.common.ssh [-] ssh connection to cirros@10.180.180.190 successfully created
2025-05-13 17:04:06.955 70283 INFO tempest.lib.common.rest_client [req-39a48d86-d086-41bc-b64e-479ba78b2f42 req-39a48d86-d086-41bc-b64e-479ba78b2f42 ] Request (ServerRescueTestJSON:test_rescue_unrescue_instance): 200 GET http://10.180.1.21/compute/v2.1/servers/0daccc65-92c2-4373-889b-2985ae46bcd3 0.168s
2025-05-13 17:04:06.960 70299 INFO tempest.lib.common.rest_client [req-83bbee78-b12f-4c00-bcb6-5d4cfd20156a req-83bbee78-b12f-4c00-bcb6-5d4cfd20156a ] Request (ImagesOneServerTestJSON:setUpClass): 200 GET http://10.180.1.21/compute/v2.1/servers/a1e6be92-58e5-4d18-85a0-2e336bdafc87 0.133s
2025-05-13 17:04:07.027 70279 INFO tempest.lib.common.rest_client [req-563bffa0-0aaf-4f84-9c91-297ad1663a08 req-563bffa0-0aaf-4f84-9c91-297ad1663a08 ] Request (ServerActionsTestOtherB:setUpClass): 200 GET http://10.180.1.21/compute/v2.1/servers/db9e828d-2231-429d-bc03-f60d03e7897a 0.186s
2025-05-13 17:04:07.074 70311 INFO tempest.lib.common.rest_client [req-7d1a0de1-0ead-4163-99f3-e7ed89b66e09 req-7d1a0de1-0ead-4163-99f3-e7ed89b66e09 ] Request (VolumesAssistedSnapshotsTest:test_volume_assisted_snapshot_create_delete): 204 DELETE http://10.180.1.21/compute/v2.1/os-assisted-volume-snapshots/None?delete_info=%7B%22volume_id%22%3A+%2295ce0bff-a0ab-4229-b2e5-09db9e4996c8%22%7D 0.190s
2025-05-13 17:04:07.077 70293 INFO tempest.lib.common.rest_client [req-11b45b3e-04bf-4bfe-a446-722c9c2750a3 req-11b45b3e-04bf-4bfe-a446-722c9c2750a3 ] Request (ServersAdminNegativeTestJSON:test_resize_server_using_overlimit_ram): 403 POST http://10.180.1.21/compute/v2.1/servers/edc30bb6-6257-4e62-8c00-f6169a4b31cc/action 0.242s
2025-05-13 17:04:07.122 70311 INFO tempest.lib.common.rest_client [req-ab664ea3-87ea-408d-bcc4-7fa87f25b808 req-ab664ea3-87ea-408d-bcc4-7fa87f25b808 ] Request (VolumesAssistedSnapshotsTest:_run_cleanups): 200 GET http://10.180.1.21/volume/v3/volumes/95ce0bff-a0ab-4229-b2e5-09db9e4996c8 0.048s
2025-05-13 17:04:07.139 70287 INFO tempest.lib.common.rest_client [req-78acc3a4-9387-46d0-9498-18d9bd09a4c4 req-78acc3a4-9387-46d0-9498-18d9bd09a4c4 ] Request (ImagesOneServerNegativeTestJSON:_run_cleanups): 200 GET http://10.180.1.21/compute/v2.1/servers/1b0d13ea-ee22-4206-abf1-3278824589ae 0.222s
2025-05-13 17:04:07.151 70319 INFO tempest.lib.common.rest_client [req-f7827216-1519-44b5-a759-94d6d55e2c0d req-f7827216-1519-44b5-a759-94d6d55e2c0d ] Request (ServersTestJSON:test_create_server_specify_multibyte_character_name): 200 GET http://10.180.1.21/compute/v2.1/servers/a363197e-38b3-48fb-a1fe-6664f613458b 0.260s
2025-05-13 17:04:07.188 70325 INFO tempest.lib.common.rest_client [req-939f0a4b-83a4-45b8-8ba1-6c558da692de req-939f0a4b-83a4-45b8-8ba1-6c558da692de ] Request (ServersTestBootFromVolume:test_list_servers): 200 GET http://10.180.1.21/compute/v2.1/servers 0.254s
2025-05-13 17:04:07.218 70339 INFO tempest.lib.common.rest_client [req-782d49a9-b203-4f76-9208-2425c20af4bb req-782d49a9-b203-4f76-9208-2425c20af4bb ] Request (SecurityGroupsTestJSON:test_server_security_groups): 200 GET http://10.180.1.21/compute/v2.1/servers/be5c5429-3f71-49c8-8585-b622a7f423a3 0.271s
2025-05-13 17:04:07.250 70301 INFO tempest.lib.common.rest_client [req-dd74e85a-3a2b-4228-81d2-0bd8590c8559 req-dd74e85a-3a2b-4228-81d2-0bd8590c8559 ] Request (InstanceActionsNegativeTestJSON:setUpClass): 200 GET http://10.180.1.21/compute/v2.1/servers/fd855e92-f7b0-4a40-8e01-151722833c1d 0.253s
2025-05-13 17:04:07.271 70293 INFO tempest.lib.common.rest_client [req-2fd453ec-5ee8-4fba-b794-90212af0e0c6 req-2fd453ec-5ee8-4fba-b794-90212af0e0c6 ] Request (ServersAdminNegativeTestJSON:_run_cleanups): 202 DELETE http://10.180.1.21/compute/v2.1/flavors/420502031 0.193s
2025-05-13 17:04:07.387 70317 INFO tempest.lib.common.rest_client [req-d827a55d-c206-41dc-a239-0a06ec6ea427 req-d827a55d-c206-41dc-a239-0a06ec6ea427 ] Request (ListImageFiltersTestJSON:setUpClass): 200 GET http://10.180.1.21/compute/v2.1/servers/b4f0359b-2f16-410b-b8d0-b1faed9c5913 0.326s
2025-05-13 17:04:07.428 70285 INFO tempest.lib.common.rest_client [req-3f05320c-6639-45fc-81fe-293bb333c718 req-3f05320c-6639-45fc-81fe-293bb333c718 ] Request (AttachVolumeTestJSON:test_attach_detach_volume): 200 GET http://10.180.1.21/compute/v2.1/servers/0a9ce531-68c9-4033-bbd5-9b5dec9f73c5 0.349s
2025-05-13 17:04:07.438 70285 INFO tempest.common.waiters [-] State transition "BUILD/None" ==> "BUILD/block_device_mapping" after 87 second wait
2025-05-13 17:04:07.487 70337 INFO tempest.lib.common.rest_client [req-60b4bea2-5410-4a6a-99c8-f83065474c4e req-60b4bea2-5410-4a6a-99c8-f83065474c4e ] Request (ServerPasswordTestJSON:tearDownClass): 200 GET http://10.180.1.21/compute/v2.1/servers/e91a0217-bc9b-4a26-b725-5c8ce2ee3549 0.330s
2025-05-13 17:04:07.521 70311 INFO tempest.lib.common.rest_client [req-5548864a-3cd6-441b-898a-204ca0af0dfe req-5548864a-3cd6-441b-898a-204ca0af0dfe ] Request (VolumesAssistedSnapshotsTest:_run_cleanups): 202 DELETE http://10.180.1.21/compute/v2.1/servers/94296ced-6adc-4f28-9c10-e23a8dd05464/os-volume_attachments/95ce0bff-a0ab-4229-b2e5-09db9e4996c8 0.391s
2025-05-13 17:04:07.605 70307 INFO tempest.lib.common.rest_client [req-69c2ee34-1767-4d18-8b62-99497cb726a3 req-69c2ee34-1767-4d18-8b62-99497cb726a3 ] Request (ServerGroupTestJSON:test_create_server_with_scheduler_hint_group): 200 GET http://10.180.1.21/compute/v2.1/servers/81bf191a-8bd1-4e58-a172-7663063d4c6c 0.435s
2025-05-13 17:04:07.666 70333 INFO tempest.lib.common.rest_client [req-26a6e848-062a-4227-9ea8-d26cebd013f8 req-26a6e848-062a-4227-9ea8-d26cebd013f8 ] Request (ServerDiskConfigTestJSON:test_rebuild_server_with_manual_disk_config): 200 GET http://10.180.1.21/compute/v2.1/servers/356edde7-dae3-416e-b55c-cffa9d1a9f66 0.458s
2025-05-13 17:04:07.716 70325 INFO tempest.lib.common.rest_client [req-4d488d2f-ddb2-4e49-a9c6-9869242df0c8 req-4d488d2f-ddb2-4e49-a9c6-9869242df0c8 ] Request (ServersTestBootFromVolume:test_list_servers_with_detail): 200 GET http://10.180.1.21/compute/v2.1/servers/detail 0.524s
2025-05-13 17:04:07.730 70329 INFO tempest.lib.common.rest_client [req-56758d99-3b22-4457-bd81-066324cedba9 req-56758d99-3b22-4457-bd81-066324cedba9 ] Request (ServerShowV254Test:tearDownClass): 200 GET http://10.180.1.21/compute/v2.1/servers/62f9b943-e4b9-4350-adeb-93a8fcd8110d 0.501s
2025-05-13 17:04:07.753 70293 INFO tempest.lib.common.rest_client [req-91884746-2543-4e8e-bf49-33c26b35b4d0 req-91884746-2543-4e8e-bf49-33c26b35b4d0 ] Request (ServersAdminNegativeTestJSON:_run_cleanups): 200 GET http://10.180.1.21/compute/v2.1/flavors/detail 0.482s
2025-05-13 17:04:07.772 70321 INFO tempest.lib.common.rest_client [req-31833bac-9f5a-4285-9b55-fbcc92eb632c req-31833bac-9f5a-4285-9b55-fbcc92eb632c ] Request (VolumesAdminNegativeTest:test_update_attached_volume_with_nonexistent_volume_in_uri): 200 GET http://10.180.1.21/compute/v2.1/servers/f2b76bbc-9eae-4f1d-b057-9a260ba4d14a 0.518s
2025-05-13 17:04:07.813 70291 INFO tempest.lib.common.rest_client [req-744cc770-d461-4014-824d-5bd293ab114a req-744cc770-d461-4014-824d-5bd293ab114a ] Request (ServersNegativeTestMultiTenantJSON:setUpClass): 200 GET http://10.180.1.21/compute/v2.1/servers/0f73e4ec-b912-4aca-9c5b-6c3e556c263a 0.541s
2025-05-13 17:04:07.841 70297 INFO tempest.lib.common.rest_client [req-9f6f15da-d9b0-4435-b0ea-92a500b3755b req-9f6f15da-d9b0-4435-b0ea-92a500b3755b ] Request (FloatingIPsAssociationTestJSON:tearDownClass): 200 GET http://10.180.1.21/compute/v2.1/servers/7f191b9f-fc7d-44c7-a16c-e2bc6a137e9e 0.534s
