2025-05-13 17:02:50.703 70329 INFO tempest.lib.common.rest_client [req-4a17be5b-8fd2-4d9d-b171-7fb9092d279f req-4a17be5b-8fd2-4d9d-b171-7fb9092d279f ] Request (ServerShowV254Test:test_rebuild_server): 200 GET http://10.180.1.21/compute/v2.1/servers/62f9b943-e4b9-4350-adeb-93a8fcd8110d 0.341s
2025-05-13 17:02:50.714 70301 INFO tempest.lib.common.rest_client [req-41da7ed0-1134-4384-b47f-bd1e3b1fa7ba req-41da7ed0-1134-4384-b47f-bd1e3b1fa7ba ] Request (ServersTestFqdnHostnames:tearDownClass): 200 GET http://10.180.1.21/compute/v2.1/servers/5f010cf7-c829-4264-93ba-c0db09cf0c46 0.433s
2025-05-13 17:02:50.801 70307 INFO tempest.lib.common.rest_client [req-2c965f41-7787-430a-8258-01694b182d8a req-2c965f41-7787-430a-8258-01694b182d8a ] Request (ServerGroupTestJSON:test_create_server_with_scheduler_hint_group): 200 GET http://10.180.1.21/compute/v2.1/servers/81bf191a-8bd1-4e58-a172-7663063d4c6c 0.362s
2025-05-13 17:02:50.832 70289 INFO tempest.lib.common.rest_client [req-f614c5a9-3487-4be6-9083-480a803a6364 req-f614c5a9-3487-4be6-9083-480a803a6364 ] Request (ServerActionsTestOtherA:setUpClass): 200 GET http://10.180.1.21/compute/v2.1/servers/e8a8267c-9619-4668-8ac1-e485a202a451 0.463s
2025-05-13 17:02:50.868 70337 INFO tempest.lib.common.rest_client [req-8a4c3f60-381b-473b-a9a2-c27f463561a8 req-8a4c3f60-381b-473b-a9a2-c27f463561a8 ] Request (ServerPasswordTestJSON:setUpClass): 200 GET http://10.180.1.21/compute/v2.1/servers/e91a0217-bc9b-4a26-b725-5c8ce2ee3549 0.428s
2025-05-13 17:02:50.912 70283 INFO tempest.lib.common.rest_client [req-c16b26a1-7c82-4c03-9972-e60c5bd183e8 req-c16b26a1-7c82-4c03-9972-e60c5bd183e8 ] Request (ServerRescueTestJSON:setUpClass): 200 POST http://10.180.1.21/compute/v2.1/servers/7b977ddd-db1f-49dc-aa2b-13559e67e932/action 0.421s
2025-05-13 17:02:50.929 70319 INFO tempest.lib.common.rest_client [req-e2ce3e9e-a8f9-4f3a-99b7-6db18d0cbeb6 req-e2ce3e9e-a8f9-4f3a-99b7-6db18d0cbeb6 ] Request (ServersTestJSON:test_create_server_specify_multibyte_character_name): 200 GET http://10.180.1.21/compute/v2.1/servers/a363197e-38b3-48fb-a1fe-6664f613458b 0.422s
2025-05-13 17:02:50.986 70335 INFO tempest.lib.common.rest_client [req-c86904ae-2dba-4986-af1f-8a841b8e534e req-c86904ae-2dba-4986-af1f-8a841b8e534e ] Request (ListServerFiltersTestJSON:tearDownClass): 200 GET http://10.180.1.21/compute/v2.1/servers/2d37ccad-5d6d-43c7-a428-7be96b6fd625 0.404s
2025-05-13 17:02:51.054 70317 INFO tempest.lib.common.rest_client [req-c1b0e06c-fd62-45c9-ac4e-0a26628a2650 req-c1b0e06c-fd62-45c9-ac4e-0a26628a2650 ] Request (ListImageFiltersTestJSON:setUpClass): 200 GET http://10.180.1.21/compute/v2.1/servers/b4f0359b-2f16-410b-b8d0-b1faed9c5913 0.408s
2025-05-13 17:02:51.057 70325 WARNING tempest.lib.common.ssh [-] Failed to establish authenticated ssh connection to cirros@10.180.180.190 ([Errno None] Unable to connect to port 22 on 10.180.180.190). Number attempts: 5. Retry after 6 seconds.: paramiko.ssh_exception.NoValidConnectionsError: [Errno None] Unable to connect to port 22 on 10.180.180.190
2025-05-13 17:02:51.072 70287 INFO tempest.lib.common.rest_client [req-8ac62180-f007-4fd0-9f72-3961299cd272 req-8ac62180-f007-4fd0-9f72-3961299cd272 ] Request (ImagesOneServerNegativeTestJSON:setUpClass): 200 GET http://10.180.1.21/compute/v2.1/servers/8eab418d-7191-42f9-8048-11edab75a8c0 0.479s
2025-05-13 17:02:51.080 70287 INFO tempest.common.waiters [-] State transition "BUILD/block_device_mapping" ==> "BUILD/spawning" after 54 second wait
2025-05-13 17:02:51.127 70309 INFO tempest.lib.common.rest_client [req-2d1f57a1-b886-4a8c-8cb2-90fe8b10334e req-2d1f57a1-b886-4a8c-8cb2-90fe8b10334e ] Request (ImagesTestJSON:test_create_image_from_stopped_server): 200 GET http://10.180.1.21/compute/v2.1/servers/6d653768-205c-4819-8498-ae0617302a31 0.466s
2025-05-13 17:02:51.138 70315 INFO tempest.lib.common.rest_client [req-58542f81-23f9-49f2-9a39-c62bfda98c26 req-58542f81-23f9-49f2-9a39-c62bfda98c26 ] Request (FloatingIPsAssociationNegativeTestJSON:setUpClass): 200 GET http://10.180.1.21/compute/v2.1/servers/cce1a170-4a15-4b02-b745-b22ad8fb694c 0.399s
2025-05-13 17:02:51.212 70333 INFO tempest.lib.common.rest_client [req-ceef3962-b6ed-4781-9447-db8d33757337 req-ceef3962-b6ed-4781-9447-db8d33757337 ] Request (ServerDiskConfigTestJSON:test_rebuild_server_with_auto_disk_config): 200 GET http://10.180.1.21/compute/v2.1/servers/82f7fa6c-e2b6-4e9d-b2c5-b8e0e246f8c6 0.405s
2025-05-13 17:02:51.284 70285 INFO tempest.lib.common.rest_client [req-cc6e9abe-a71c-4965-a2c1-6536aed97a97 req-cc6e9abe-a71c-4965-a2c1-6536aed97a97 ] Request (AttachVolumeTestJSON:test_attach_detach_volume): 200 GET http://10.180.1.21/compute/v2.1/servers/0a9ce531-68c9-4033-bbd5-9b5dec9f73c5 0.394s
2025-05-13 17:02:51.318 70304 INFO tempest.lib.common.rest_client [req-85554e76-54b1-4d63-a5c3-b1fc31be7bf1 req-85554e76-54b1-4d63-a5c3-b1fc31be7bf1 ] Request (AttachInterfacesUnderV243Test:test_add_remove_fixed_ip): 200 PUT http://10.180.1.21:9696/networking/v2.0/floatingips/57273a88-e797-42f3-a256-cf4aed222231 0.856s
2025-05-13 17:02:51.399 70313 INFO tempest.lib.common.rest_client [req-690fdb57-fde8-46dc-8e23-2c3ad7e7c4f9 req-690fdb57-fde8-46dc-8e23-2c3ad7e7c4f9 ] Request (MigrationsAdminTest:test_list_migrations_in_flavor_resize_situation): 200 GET http://10.180.1.21/compute/v2.1/servers/e51fd4e8-c2ba-46aa-8df2-2748bd45e53b 0.574s
2025-05-13 17:02:51.401 70323 INFO tempest.lib.common.rest_client [req-4066c109-4ddc-4730-b4ff-d29b344e39aa req-4066c109-4ddc-4730-b4ff-d29b344e39aa ] Request (ServerActionsV293TestJSON:setUpClass): 200 GET http://10.180.1.21/compute/v2.1/servers/6468b8f3-ad85-4e14-acad-94ba367e2629 0.506s
2025-05-13 17:02:51.478 70293 INFO tempest.lib.common.rest_client [req-d766b4e6-d759-4474-92ba-f05a49007831 req-d766b4e6-d759-4474-92ba-f05a49007831 ] Request (ServersAdminNegativeTestJSON:test_migrate_server_invalid_state): 200 GET http://10.180.1.21/compute/v2.1/servers/b3b002b6-4835-4e08-b66c-6185be72dd66 0.507s
2025-05-13 17:02:51.537 70279 INFO tempest.lib.common.rest_client [req-66fa10ad-bc26-428a-87d9-7bd29f244de4 req-66fa10ad-bc26-428a-87d9-7bd29f244de4 ] Request (ServerActionsTestOtherB:setUpClass): 200 GET http://10.180.1.21/compute/v2.1/servers/db9e828d-2231-429d-bc03-f60d03e7897a 0.508s
2025-05-13 17:02:51.634 70283 INFO tempest.lib.common.rest_client [req-c557639b-245f-4d08-a020-656e92b52c95 req-c557639b-245f-4d08-a020-656e92b52c95 ] Request (ServerRescueTestJSON:setUpClass): 200 GET http://10.180.1.21/compute/v2.1/servers/7b977ddd-db1f-49dc-aa2b-13559e67e932 0.721s
2025-05-13 17:02:51.685 70304 INFO tempest.lib.common.rest_client [req-36139bbb-a415-40e7-b54e-879670c8fb58 req-36139bbb-a415-40e7-b54e-879670c8fb58 ] Request (AttachInterfacesUnderV243Test:test_add_remove_fixed_ip): 200 GET http://10.180.1.21/compute/v2.1/servers/852d306a-2d59-45dc-8d7b-695084a42bf3 0.366s
2025-05-13 17:02:51.701 70304 INFO tempest.lib.common.ssh [-] Creating ssh connection to '10.180.180.146:22' as 'cirros' with public key authentication
2025-05-13 17:02:51.719 70299 INFO tempest.lib.common.rest_client [req-72b40749-d5ce-48fe-9a2b-77f8e8b87e1e req-72b40749-d5ce-48fe-9a2b-77f8e8b87e1e ] Request (ServerDiagnosticsV248Test:tearDownClass): 200 GET http://10.180.1.21/compute/v2.1/servers/cb557354-aef6-493d-b1a1-5a588e5f354a 0.371s
2025-05-13 17:02:51.841 70277 INFO tempest.lib.common.rest_client [req-f0be07cf-bce6-497a-8a01-420f2e2acaff req-f0be07cf-bce6-497a-8a01-420f2e2acaff ] Request (ServersTestManualDisk:setUpClass): 200 GET http://10.180.1.21/compute/v2.1/servers/98ca6f56-599f-4f61-b544-cbc1e593f9c2 0.439s
2025-05-13 17:02:51.870 70291 INFO tempest.lib.common.rest_client [req-7602e9cb-257e-41e4-8e37-b0df995b94d2 req-7602e9cb-257e-41e4-8e37-b0df995b94d2 ] Request (DeleteServersAdminTestJSON:test_delete_server_while_in_error_state): 200 GET http://10.180.1.21/compute/v2.1/servers/cf385d59-a953-4dd8-a4e5-3ff6369c27d7 0.490s
2025-05-13 17:02:51.904 70339 INFO tempest.lib.common.rest_client [req-79af2082-aeac-4899-ae35-0b51625ea0df req-79af2082-aeac-4899-ae35-0b51625ea0df ] Request (SecurityGroupsTestJSON:test_server_security_groups): 200 GET http://10.180.1.21/compute/v2.1/servers/be5c5429-3f71-49c8-8585-b622a7f423a3 0.369s
2025-05-13 17:02:51.940 70305 INFO tempest.lib.common.rest_client [req-93f47c4b-877b-412c-bd95-ebc633ab77a7 req-93f47c4b-877b-412c-bd95-ebc633ab77a7 ] Request (ServerAddressesNegativeTestJSON:setUpClass): 200 GET http://10.180.1.21/compute/v2.1/servers/8501d05c-e4f1-45ba-bcca-15b8def23472 0.395s
2025-05-13 17:02:51.952 70305 INFO tempest.common.waiters [-] State transition "BUILD/scheduling" ==> "BUILD/None" after 41 second wait
2025-05-13 17:02:51.967 70297 INFO tempest.lib.common.rest_client [req-6d6e116f-644e-42df-aec6-6fc61c4101d8 req-6d6e116f-644e-42df-aec6-6fc61c4101d8 ] Request (FloatingIPsAssociationTestJSON:test_associate_already_associated_floating_ip): 200 GET http://10.180.1.21/compute/v2.1/servers/7f191b9f-fc7d-44c7-a16c-e2bc6a137e9e 0.380s
2025-05-13 17:02:51.975 70297 INFO tempest.common.waiters [-] State transition "BUILD/scheduling" ==> "BUILD/None" after 44 second wait
2025-05-13 17:02:52.007 70327 INFO tempest.lib.common.rest_client [req-c477ea7b-8620-4291-b51c-59f03284c6bc req-c477ea7b-8620-4291-b51c-59f03284c6bc ] Request (ServersAdminTestJSON:setUpClass): 200 GET http://10.180.1.21/compute/v2.1/servers/44a14aaa-9828-4064-be67-b3b432790f05 0.400s
2025-05-13 17:02:52.031 70329 INFO tempest.lib.common.rest_client [req-ad9635a6-e812-4038-a7c8-4d35a53a46a0 req-ad9635a6-e812-4038-a7c8-4d35a53a46a0 ] Request (ServerShowV254Test:test_rebuild_server): 200 GET http://10.180.1.21/compute/v2.1/servers/62f9b943-e4b9-4350-adeb-93a8fcd8110d 0.317s
2025-05-13 17:02:52.075 70301 INFO tempest.lib.common.rest_client [req-c6726a05-c09c-4629-bf63-72964772fd11 req-c6726a05-c09c-4629-bf63-72964772fd11 ] Request (ServersTestFqdnHostnames:tearDownClass): 200 GET http://10.180.1.21/compute/v2.1/servers/5f010cf7-c829-4264-93ba-c0db09cf0c46 0.349s
2025-05-13 17:02:52.086 70307 INFO tempest.lib.common.rest_client [req-62864dad-6ecb-4129-a3c7-a66fd78695a0 req-62864dad-6ecb-4129-a3c7-a66fd78695a0 ] Request (ServerGroupTestJSON:test_create_server_with_scheduler_hint_group): 200 GET http://10.180.1.21/compute/v2.1/servers/81bf191a-8bd1-4e58-a172-7663063d4c6c 0.274s
2025-05-13 17:02:52.159 70337 INFO tempest.lib.common.rest_client [req-42e77e57-84cc-4924-b6ed-e8a7a25657df req-42e77e57-84cc-4924-b6ed-e8a7a25657df ] Request (ServerPasswordTestJSON:setUpClass): 200 GET http://10.180.1.21/compute/v2.1/servers/e91a0217-bc9b-4a26-b725-5c8ce2ee3549 0.280s
2025-05-13 17:02:52.201 70289 INFO tempest.lib.common.rest_client [req-e437cb90-3251-4cab-bb6f-5c9ee472051e req-e437cb90-3251-4cab-bb6f-5c9ee472051e ] Request (ServerActionsTestOtherA:setUpClass): 200 GET http://10.180.1.21/compute/v2.1/servers/e8a8267c-9619-4668-8ac1-e485a202a451 0.360s
2025-05-13 17:02:52.219 70319 INFO tempest.lib.common.rest_client [req-6bc9d744-6511-44b7-9914-b3ff08852221 req-6bc9d744-6511-44b7-9914-b3ff08852221 ] Request (ServersTestJSON:test_create_server_specify_multibyte_character_name): 200 GET http://10.180.1.21/compute/v2.1/servers/a363197e-38b3-48fb-a1fe-6664f613458b 0.281s
2025-05-13 17:02:52.298 70317 INFO tempest.lib.common.rest_client [req-01498f84-4738-40f2-9e47-5fea71f9c143 req-01498f84-4738-40f2-9e47-5fea71f9c143 ] Request (ListImageFiltersTestJSON:setUpClass): 200 GET http://10.180.1.21/compute/v2.1/servers/b4f0359b-2f16-410b-b8d0-b1faed9c5913 0.234s
2025-05-13 17:02:52.310 70335 INFO tempest.lib.common.rest_client [req-95f5ca96-ff3b-41a8-b67a-997d4516d4ba req-95f5ca96-ff3b-41a8-b67a-997d4516d4ba ] Request (ListServerFiltersTestJSON:tearDownClass): 200 GET http://10.180.1.21/compute/v2.1/servers/2d37ccad-5d6d-43c7-a428-7be96b6fd625 0.304s
2025-05-13 17:02:52.396 70309 INFO tempest.lib.common.rest_client [req-a0a44b6e-e794-493d-968f-0e09dd57d094 req-a0a44b6e-e794-493d-968f-0e09dd57d094 ] Request (ImagesTestJSON:test_create_image_from_stopped_server): 200 GET http://10.180.1.21/compute/v2.1/servers/6d653768-205c-4819-8498-ae0617302a31 0.259s
2025-05-13 17:02:52.454 70315 INFO tempest.lib.common.rest_client [req-73ca0408-de08-42b6-8cf0-49af4627d785 req-73ca0408-de08-42b6-8cf0-49af4627d785 ] Request (FloatingIPsAssociationNegativeTestJSON:setUpClass): 200 GET http://10.180.1.21/compute/v2.1/servers/cce1a170-4a15-4b02-b745-b22ad8fb694c 0.304s
2025-05-13 17:02:52.472 70287 INFO tempest.lib.common.rest_client [req-e4f92255-94b5-45de-9ef6-1505d76e7f79 req-e4f92255-94b5-45de-9ef6-1505d76e7f79 ] Request (ImagesOneServerNegativeTestJSON:setUpClass): 200 GET http://10.180.1.21/compute/v2.1/servers/8eab418d-7191-42f9-8048-11edab75a8c0 0.390s
2025-05-13 17:02:52.512 70333 INFO tempest.lib.common.rest_client [req-b2e89f0e-0ea2-4909-8008-d2dff7f9119d req-b2e89f0e-0ea2-4909-8008-d2dff7f9119d ] Request (ServerDiskConfigTestJSON:test_rebuild_server_with_auto_disk_config): 200 GET http://10.180.1.21/compute/v2.1/servers/82f7fa6c-e2b6-4e9d-b2c5-b8e0e246f8c6 0.286s
2025-05-13 17:02:52.540 70285 INFO tempest.lib.common.rest_client [req-550fa359-e3f3-472e-a5fe-afce13eb52df req-550fa359-e3f3-472e-a5fe-afce13eb52df ] Request (AttachVolumeTestJSON:test_attach_detach_volume): 200 GET http://10.180.1.21/compute/v2.1/servers/0a9ce531-68c9-4033-bbd5-9b5dec9f73c5 0.246s
2025-05-13 17:02:52.609 70323 INFO tempest.lib.common.rest_client [req-ed430766-ec61-4333-860f-169e987c1c67 req-ed430766-ec61-4333-860f-169e987c1c67 ] Request (ServerActionsV293TestJSON:setUpClass): 200 GET http://10.180.1.21/compute/v2.1/servers/6468b8f3-ad85-4e14-acad-94ba367e2629 0.192s
2025-05-13 17:02:52.649 70313 INFO tempest.lib.common.rest_client [req-585a6654-873a-4ed1-9796-cd3e8e7d1c4c req-585a6654-873a-4ed1-9796-cd3e8e7d1c4c ] Request (MigrationsAdminTest:test_list_migrations_in_flavor_resize_situation): 200 GET http://10.180.1.21/compute/v2.1/servers/e51fd4e8-c2ba-46aa-8df2-2748bd45e53b 0.241s
2025-05-13 17:02:52.672 70293 INFO tempest.lib.common.rest_client [req-4da9c6d4-5bff-4656-b46e-2298253f9d1b req-4da9c6d4-5bff-4656-b46e-2298253f9d1b ] Request (ServersAdminNegativeTestJSON:test_migrate_server_invalid_state): 200 GET http://10.180.1.21/compute/v2.1/servers/b3b002b6-4835-4e08-b66c-6185be72dd66 0.184s
2025-05-13 17:02:52.715 70279 INFO tempest.lib.common.rest_client [req-f843d8c2-d112-4541-abbb-b086f59cf8ab req-f843d8c2-d112-4541-abbb-b086f59cf8ab ] Request (ServerActionsTestOtherB:setUpClass): 200 GET http://10.180.1.21/compute/v2.1/servers/db9e828d-2231-429d-bc03-f60d03e7897a 0.169s
2025-05-13 17:02:52.804 70299 INFO tempest.lib.common.rest_client [req-25e01418-aaf5-47eb-90f3-039edfed173c req-25e01418-aaf5-47eb-90f3-039edfed173c ] Request (ServerDiagnosticsV248Test:tearDownClass): 200 GET http://10.180.1.21/compute/v2.1/servers/cb557354-aef6-493d-b1a1-5a588e5f354a 0.076s
2025-05-13 17:02:52.806 70283 INFO tempest.lib.common.rest_client [req-47a804f2-dba3-46fd-8843-c1ae7694d479 req-47a804f2-dba3-46fd-8843-c1ae7694d479 ] Request (ServerRescueTestJSON:setUpClass): 200 GET http://10.180.1.21/compute/v2.1/servers/7b977ddd-db1f-49dc-aa2b-13559e67e932 0.164s
2025-05-13 17:02:52.819 70281 WARNING tempest.lib.common.ssh [-] Failed to establish authenticated ssh connection to cirros@10.180.180.156 ([Errno None] Unable to connect to port 22 on 10.180.180.156). Number attempts: 4. Retry after 5 seconds.: paramiko.ssh_exception.NoValidConnectionsError: [Errno None] Unable to connect to port 22 on 10.180.180.156
2025-05-13 17:02:52.901 70277 INFO tempest.lib.common.rest_client [req-d487a660-e854-4dae-9481-91c02691714c req-d487a660-e854-4dae-9481-91c02691714c ] Request (ServersTestManualDisk:setUpClass): 200 GET http://10.180.1.21/compute/v2.1/servers/98ca6f56-599f-4f61-b544-cbc1e593f9c2 0.050s
2025-05-13 17:02:52.968 70339 INFO tempest.lib.common.rest_client [req-bb86a8d1-620a-48c1-a903-f114fe4ea8e6 req-bb86a8d1-620a-48c1-a903-f114fe4ea8e6 ] Request (SecurityGroupsTestJSON:test_server_security_groups): 200 GET http://10.180.1.21/compute/v2.1/servers/be5c5429-3f71-49c8-8585-b622a7f423a3 0.056s
2025-05-13 17:02:52.980 70291 INFO tempest.lib.common.rest_client [req-77ffbcb2-2fb0-474c-932b-f2d0c7ded067 req-77ffbcb2-2fb0-474c-932b-f2d0c7ded067 ] Request (DeleteServersAdminTestJSON:test_delete_server_while_in_error_state): 200 GET http://10.180.1.21/compute/v2.1/servers/cf385d59-a953-4dd8-a4e5-3ff6369c27d7 0.100s
2025-05-13 17:02:53.014 70305 INFO tempest.lib.common.rest_client [req-1ac65153-68b7-4d52-9b3b-0befb56fa254 req-1ac65153-68b7-4d52-9b3b-0befb56fa254 ] Request (ServerAddressesNegativeTestJSON:setUpClass): 200 GET http://10.180.1.21/compute/v2.1/servers/8501d05c-e4f1-45ba-bcca-15b8def23472 0.060s
2025-05-13 17:02:53.014 70321 WARNING tempest.lib.common.ssh [-] Failed to establish authenticated ssh connection to cirros@10.180.180.174 ([Errno None] Unable to connect to port 22 on 10.180.180.174). Number attempts: 4. Retry after 5 seconds.: paramiko.ssh_exception.NoValidConnectionsError: [Errno None] Unable to connect to port 22 on 10.180.180.174
2025-05-13 17:02:53.029 70297 INFO tempest.lib.common.rest_client [req-bf49eae1-f68f-40b5-b256-a00c263308de req-bf49eae1-f68f-40b5-b256-a00c263308de ] Request (FloatingIPsAssociationTestJSON:test_associate_already_associated_floating_ip): 200 GET http://10.180.1.21/compute/v2.1/servers/7f191b9f-fc7d-44c7-a16c-e2bc6a137e9e 0.052s
2025-05-13 17:02:53.065 70327 INFO tempest.lib.common.rest_client [req-652a8820-547d-4971-a844-b603edc816d4 req-652a8820-547d-4971-a844-b603edc816d4 ] Request (ServersAdminTestJSON:setUpClass): 200 GET http://10.180.1.21/compute/v2.1/servers/44a14aaa-9828-4064-be67-b3b432790f05 0.050s
2025-05-13 17:02:53.098 70329 INFO tempest.lib.common.rest_client [req-81c97297-7427-4e70-8fe5-a5f4f20d2dd9 req-81c97297-7427-4e70-8fe5-a5f4f20d2dd9 ] Request (ServerShowV254Test:test_rebuild_server): 200 GET http://10.180.1.21/compute/v2.1/servers/62f9b943-e4b9-4350-adeb-93a8fcd8110d 0.057s
2025-05-13 17:02:53.154 70301 INFO tempest.lib.common.rest_client [req-e7bf49cc-3fc9-43a9-925c-bd338eb87f30 req-e7bf49cc-3fc9-43a9-925c-bd338eb87f30 ] Request (ServersTestFqdnHostnames:tearDownClass): 200 GET http://10.180.1.21/compute/v2.1/servers/5f010cf7-c829-4264-93ba-c0db09cf0c46 0.069s
2025-05-13 17:02:53.161 70301 INFO tempest.common.waiters [-] State transition "ACTIVE/deleting" ==> "DELETED/None" after 4 second wait
2025-05-13 17:02:53.161 70307 INFO tempest.lib.common.rest_client [req-ca4fbf30-c5d8-4540-bec6-5701663e6dd6 req-ca4fbf30-c5d8-4540-bec6-5701663e6dd6 ] Request (ServerGroupTestJSON:test_create_server_with_scheduler_hint_group): 200 GET http://10.180.1.21/compute/v2.1/servers/81bf191a-8bd1-4e58-a172-7663063d4c6c 0.066s
2025-05-13 17:02:53.221 70337 INFO tempest.lib.common.rest_client [req-3a70d8c7-7e90-496e-ad3a-a1751322c8af req-3a70d8c7-7e90-496e-ad3a-a1751322c8af ] Request (ServerPasswordTestJSON:setUpClass): 200 GET http://10.180.1.21/compute/v2.1/servers/e91a0217-bc9b-4a26-b725-5c8ce2ee3549 0.053s
2025-05-13 17:02:53.289 70319 INFO tempest.lib.common.rest_client [req-97ec2657-09e3-4777-a939-c7ddc6596abe req-97ec2657-09e3-4777-a939-c7ddc6596abe ] Request (ServersTestJSON:test_create_server_specify_multibyte_character_name): 200 GET http://10.180.1.21/compute/v2.1/servers/a363197e-38b3-48fb-a1fe-6664f613458b 0.057s
2025-05-13 17:02:53.338 70289 INFO tempest.lib.common.rest_client [req-c832fdc8-6759-40c8-a226-0c0176b1584c req-c832fdc8-6759-40c8-a226-0c0176b1584c ] Request (ServerActionsTestOtherA:setUpClass): 200 GET http://10.180.1.21/compute/v2.1/servers/e8a8267c-9619-4668-8ac1-e485a202a451 0.122s
2025-05-13 17:02:53.364 70317 INFO tempest.lib.common.rest_client [req-a7d661fc-6afb-4be7-a659-4a5d7b51a8d7 req-a7d661fc-6afb-4be7-a659-4a5d7b51a8d7 ] Request (ListImageFiltersTestJSON:setUpClass): 200 GET http://10.180.1.21/compute/v2.1/servers/b4f0359b-2f16-410b-b8d0-b1faed9c5913 0.051s
2025-05-13 17:02:53.422 70335 INFO tempest.lib.common.rest_client [req-67da8edd-03b4-440c-a158-2dbf88f8f232 req-67da8edd-03b4-440c-a158-2dbf88f8f232 ] Request (ListServerFiltersTestJSON:tearDownClass): 200 GET http://10.180.1.21/compute/v2.1/servers/2d37ccad-5d6d-43c7-a428-7be96b6fd625 0.099s
2025-05-13 17:02:53.455 70309 INFO tempest.lib.common.rest_client [req-a35fdec2-94ad-4eec-b127-49927f02d9ea req-a35fdec2-94ad-4eec-b127-49927f02d9ea ] Request (ImagesTestJSON:test_create_image_from_stopped_server): 200 GET http://10.180.1.21/compute/v2.1/servers/6d653768-205c-4819-8498-ae0617302a31 0.051s
2025-05-13 17:02:53.516 70315 INFO tempest.lib.common.rest_client [req-32c427a2-c135-4559-830c-d4b75ebf6983 req-32c427a2-c135-4559-830c-d4b75ebf6983 ] Request (FloatingIPsAssociationNegativeTestJSON:setUpClass): 200 GET http://10.180.1.21/compute/v2.1/servers/cce1a170-4a15-4b02-b745-b22ad8fb694c 0.051s
2025-05-13 17:02:53.583 70333 INFO tempest.lib.common.rest_client [req-a0c63a64-ca8f-4db9-9b91-67a3b559de03 req-a0c63a64-ca8f-4db9-9b91-67a3b559de03 ] Request (ServerDiskConfigTestJSON:test_rebuild_server_with_auto_disk_config): 200 GET http://10.180.1.21/compute/v2.1/servers/82f7fa6c-e2b6-4e9d-b2c5-b8e0e246f8c6 0.060s
2025-05-13 17:02:53.590 70287 INFO tempest.lib.common.rest_client [req-e73ae3e9-042a-440a-9d06-02106bc194af req-e73ae3e9-042a-440a-9d06-02106bc194af ] Request (ImagesOneServerNegativeTestJSON:setUpClass): 200 GET http://10.180.1.21/compute/v2.1/servers/8eab418d-7191-42f9-8048-11edab75a8c0 0.107s
2025-05-13 17:02:53.630 70285 INFO tempest.lib.common.rest_client [req-5b368d8a-7024-4de1-a39f-a616e48dd1a4 req-5b368d8a-7024-4de1-a39f-a616e48dd1a4 ] Request (AttachVolumeTestJSON:test_attach_detach_volume): 200 GET http://10.180.1.21/compute/v2.1/servers/0a9ce531-68c9-4033-bbd5-9b5dec9f73c5 0.082s
2025-05-13 17:02:53.694 70323 INFO tempest.lib.common.rest_client [req-e2e5a7df-59fb-4083-838a-3cdac1d08288 req-e2e5a7df-59fb-4083-838a-3cdac1d08288 ] Request (ServerActionsV293TestJSON:setUpClass): 200 GET http://10.180.1.21/compute/v2.1/servers/6468b8f3-ad85-4e14-acad-94ba367e2629 0.072s
2025-05-13 17:02:53.758 70293 INFO tempest.lib.common.rest_client [req-e76f0b8a-2952-4388-a157-38075d7c7ce9 req-e76f0b8a-2952-4388-a157-38075d7c7ce9 ] Request (ServersAdminNegativeTestJSON:test_migrate_server_invalid_state): 200 GET http://10.180.1.21/compute/v2.1/servers/b3b002b6-4835-4e08-b66c-6185be72dd66 0.077s
2025-05-13 17:02:53.777 70313 INFO tempest.lib.common.rest_client [req-bb2f70d7-f810-4490-a67c-75c2e6eba3de req-bb2f70d7-f810-4490-a67c-75c2e6eba3de ] Request (MigrationsAdminTest:test_list_migrations_in_flavor_resize_situation): 200 GET http://10.180.1.21/compute/v2.1/servers/e51fd4e8-c2ba-46aa-8df2-2748bd45e53b 0.113s
2025-05-13 17:02:53.819 70279 INFO tempest.lib.common.rest_client [req-21b08d55-a614-4dbf-820a-2c73c719e773 req-21b08d55-a614-4dbf-820a-2c73c719e773 ] Request (ServerActionsTestOtherB:setUpClass): 200 GET http://10.180.1.21/compute/v2.1/servers/db9e828d-2231-429d-bc03-f60d03e7897a 0.092s
2025-05-13 17:02:53.918 70299 INFO tempest.lib.common.rest_client [req-0d1242e4-de68-4302-981b-c6a6972c21c9 req-0d1242e4-de68-4302-981b-c6a6972c21c9 ] Request (ServerDiagnosticsV248Test:tearDownClass): 200 GET http://10.180.1.21/compute/v2.1/servers/cb557354-aef6-493d-b1a1-5a588e5f354a 0.099s
2025-05-13 17:02:53.976 70283 INFO tempest.lib.common.rest_client [req-ae5ca66b-a0e0-423e-9b43-be969dca3c64 req-ae5ca66b-a0e0-423e-9b43-be969dca3c64 ] Request (ServerRescueTestJSON:setUpClass): 200 GET http://10.180.1.21/compute/v2.1/servers/7b977ddd-db1f-49dc-aa2b-13559e67e932 0.161s
2025-05-13 17:02:54.000 70277 INFO tempest.lib.common.rest_client [req-bb69c606-d160-4807-b52b-ff6bcbe9d87f req-bb69c606-d160-4807-b52b-ff6bcbe9d87f ] Request (ServersTestManualDisk:setUpClass): 200 GET http://10.180.1.21/compute/v2.1/servers/98ca6f56-599f-4f61-b544-cbc1e593f9c2 0.089s
2025-05-13 17:02:54.041 70339 INFO tempest.lib.common.rest_client [req-63bfe711-6879-463d-bfe9-217a6d10271b req-63bfe711-6879-463d-bfe9-217a6d10271b ] Request (SecurityGroupsTestJSON:test_server_security_groups): 200 GET http://10.180.1.21/compute/v2.1/servers/be5c5429-3f71-49c8-8585-b622a7f423a3 0.066s
2025-05-13 17:02:54.106 70305 INFO tempest.lib.common.rest_client [req-2d46a235-58bd-4922-9a2f-e4aa1ca1410b req-2d46a235-58bd-4922-9a2f-e4aa1ca1410b ] Request (ServerAddressesNegativeTestJSON:setUpClass): 200 GET http://10.180.1.21/compute/v2.1/servers/8501d05c-e4f1-45ba-bcca-15b8def23472 0.080s
2025-05-13 17:02:54.171 70297 INFO tempest.lib.common.rest_client [req-ad9ceb40-a009-4fe6-94aa-c85e06b229ed req-ad9ceb40-a009-4fe6-94aa-c85e06b229ed ] Request (FloatingIPsAssociationTestJSON:test_associate_already_associated_floating_ip): 200 GET http://10.180.1.21/compute/v2.1/servers/7f191b9f-fc7d-44c7-a16c-e2bc6a137e9e 0.134s
2025-05-13 17:02:54.185 70291 INFO tempest.lib.common.rest_client [req-d9358156-06ee-41ef-8779-422b80fc7f29 req-d9358156-06ee-41ef-8779-422b80fc7f29 ] Request (DeleteServersAdminTestJSON:test_delete_server_while_in_error_state): 200 GET http://10.180.1.21/compute/v2.1/servers/cf385d59-a953-4dd8-a4e5-3ff6369c27d7 0.197s
2025-05-13 17:02:54.229 70327 INFO tempest.lib.common.rest_client [req-1eb9ba32-b173-41d3-ad3e-6c53ff8fa389 req-1eb9ba32-b173-41d3-ad3e-6c53ff8fa389 ] Request (ServersAdminTestJSON:setUpClass): 200 GET http://10.180.1.21/compute/v2.1/servers/44a14aaa-9828-4064-be67-b3b432790f05 0.155s
2025-05-13 17:02:54.247 70329 INFO tempest.lib.common.rest_client [req-b3b272fc-65f7-4312-a338-36074e3e0683 req-b3b272fc-65f7-4312-a338-36074e3e0683 ] Request (ServerShowV254Test:test_rebuild_server): 200 GET http://10.180.1.21/compute/v2.1/servers/62f9b943-e4b9-4350-adeb-93a8fcd8110d 0.138s
2025-05-13 17:02:54.298 70301 INFO tempest.lib.common.rest_client [req-e5d455e0-fafa-4a88-85b8-4fa58646000e req-e5d455e0-fafa-4a88-85b8-4fa58646000e ] Request (ServersTestFqdnHostnames:tearDownClass): 200 GET http://10.180.1.21/compute/v2.1/servers/5f010cf7-c829-4264-93ba-c0db09cf0c46 0.135s
2025-05-13 17:02:54.306 70307 INFO tempest.lib.common.rest_client [req-6038dbd2-84f1-433b-b9a3-f9230c50b5d8 req-6038dbd2-84f1-433b-b9a3-f9230c50b5d8 ] Request (ServerGroupTestJSON:test_create_server_with_scheduler_hint_group): 200 GET http://10.180.1.21/compute/v2.1/servers/81bf191a-8bd1-4e58-a172-7663063d4c6c 0.137s
2025-05-13 17:02:54.371 70337 INFO tempest.lib.common.rest_client [req-e73944a0-e7cb-4bbc-a534-d7ad35a7aa65 req-e73944a0-e7cb-4bbc-a534-d7ad35a7aa65 ] Request (ServerPasswordTestJSON:setUpClass): 200 GET http://10.180.1.21/compute/v2.1/servers/e91a0217-bc9b-4a26-b725-5c8ce2ee3549 0.143s
2025-05-13 17:02:54.372 70319 INFO tempest.lib.common.rest_client [req-c9f69e92-6712-4edd-a5c4-2f2a3c5fc3c9 req-c9f69e92-6712-4edd-a5c4-2f2a3c5fc3c9 ] Request (ServersTestJSON:test_create_server_specify_multibyte_character_name): 200 GET http://10.180.1.21/compute/v2.1/servers/a363197e-38b3-48fb-a1fe-6664f613458b 0.075s
2025-05-13 17:02:54.428 70317 INFO tempest.lib.common.rest_client [req-556d72e2-58e4-4ff7-b7fa-e022adf9af8e req-556d72e2-58e4-4ff7-b7fa-e022adf9af8e ] Request (ListImageFiltersTestJSON:setUpClass): 200 GET http://10.180.1.21/compute/v2.1/servers/b4f0359b-2f16-410b-b8d0-b1faed9c5913 0.056s
2025-05-13 17:02:54.508 70335 INFO tempest.lib.common.rest_client [req-e747770e-df0d-45bb-92b0-85de89dc3b10 req-e747770e-df0d-45bb-92b0-85de89dc3b10 ] Request (ListServerFiltersTestJSON:tearDownClass): 200 GET http://10.180.1.21/compute/v2.1/servers/2d37ccad-5d6d-43c7-a428-7be96b6fd625 0.079s
2025-05-13 17:02:54.576 70309 INFO tempest.lib.common.rest_client [req-2fde6f72-610b-488d-8f0e-dca0324d39d4 req-2fde6f72-610b-488d-8f0e-dca0324d39d4 ] Request (ImagesTestJSON:test_create_image_from_stopped_server): 200 GET http://10.180.1.21/compute/v2.1/servers/6d653768-205c-4819-8498-ae0617302a31 0.113s
2025-05-13 17:02:54.598 70289 INFO tempest.lib.common.rest_client [req-f701cf8a-2ee3-4cbd-9b9a-cfd07a38eb32 req-f701cf8a-2ee3-4cbd-9b9a-cfd07a38eb32 ] Request (ServerActionsTestOtherA:setUpClass): 200 GET http://10.180.1.21/compute/v2.1/servers/e8a8267c-9619-4668-8ac1-e485a202a451 0.251s
2025-05-13 17:02:54.639 70315 INFO tempest.lib.common.rest_client [req-7eedc235-25f5-4c79-99eb-b6fe2db20397 req-7eedc235-25f5-4c79-99eb-b6fe2db20397 ] Request (FloatingIPsAssociationNegativeTestJSON:setUpClass): 200 GET http://10.180.1.21/compute/v2.1/servers/cce1a170-4a15-4b02-b745-b22ad8fb694c 0.115s
2025-05-13 17:02:54.672 70333 INFO tempest.lib.common.rest_client [req-dbe02c3e-3fff-41f7-9919-913aaeef9fb7 req-dbe02c3e-3fff-41f7-9919-913aaeef9fb7 ] Request (ServerDiskConfigTestJSON:test_rebuild_server_with_auto_disk_config): 200 GET http://10.180.1.21/compute/v2.1/servers/82f7fa6c-e2b6-4e9d-b2c5-b8e0e246f8c6 0.081s
2025-05-13 17:02:54.753 70285 INFO tempest.lib.common.rest_client [req-40982feb-5299-4c3d-99c7-1c58ffcb7c34 req-40982feb-5299-4c3d-99c7-1c58ffcb7c34 ] Request (AttachVolumeTestJSON:test_attach_detach_volume): 200 GET http://10.180.1.21/compute/v2.1/servers/0a9ce531-68c9-4033-bbd5-9b5dec9f73c5 0.114s
2025-05-13 17:02:54.825 70323 INFO tempest.lib.common.rest_client [req-d9d178ba-48d1-4845-a6c7-cb283736e3ca req-d9d178ba-48d1-4845-a6c7-cb283736e3ca ] Request (ServerActionsV293TestJSON:setUpClass): 200 GET http://10.180.1.21/compute/v2.1/servers/6468b8f3-ad85-4e14-acad-94ba367e2629 0.118s
2025-05-13 17:02:54.870 70287 INFO tempest.lib.common.rest_client [req-0809b6dd-ec33-42b9-8204-3269c1a7f22b req-0809b6dd-ec33-42b9-8204-3269c1a7f22b ] Request (ImagesOneServerNegativeTestJSON:setUpClass): 200 GET http://10.180.1.21/compute/v2.1/servers/8eab418d-7191-42f9-8048-11edab75a8c0 0.272s
2025-05-13 17:02:54.889 70293 INFO tempest.lib.common.rest_client [req-e799b1e6-a084-4402-beea-9f172bd412d8 req-e799b1e6-a084-4402-beea-9f172bd412d8 ] Request (ServersAdminNegativeTestJSON:test_migrate_server_invalid_state): 200 GET http://10.180.1.21/compute/v2.1/servers/b3b002b6-4835-4e08-b66c-6185be72dd66 0.121s
2025-05-13 17:02:54.950 70279 INFO tempest.lib.common.rest_client [req-cf35557c-df3b-4644-ac50-b406f3ee415f req-cf35557c-df3b-4644-ac50-b406f3ee415f ] Request (ServerActionsTestOtherB:setUpClass): 200 GET http://10.180.1.21/compute/v2.1/servers/db9e828d-2231-429d-bc03-f60d03e7897a 0.119s
2025-05-13 17:02:55.013 70299 INFO tempest.lib.common.rest_client [req-3b06c246-334f-49a0-879b-c8b9e363402a req-3b06c246-334f-49a0-879b-c8b9e363402a ] Request (ServerDiagnosticsV248Test:tearDownClass): 200 GET http://10.180.1.21/compute/v2.1/servers/cb557354-aef6-493d-b1a1-5a588e5f354a 0.084s
2025-05-13 17:02:55.023 70313 INFO tempest.lib.common.rest_client [req-272f2e0a-c79e-47db-a3af-19c6f21b2029 req-272f2e0a-c79e-47db-a3af-19c6f21b2029 ] Request (MigrationsAdminTest:test_list_migrations_in_flavor_resize_situation): 200 GET http://10.180.1.21/compute/v2.1/servers/e51fd4e8-c2ba-46aa-8df2-2748bd45e53b 0.237s
2025-05-13 17:02:55.169 70283 INFO tempest.lib.common.rest_client [req-cffd9605-4651-4f32-9ef3-856ad574ff17 req-cffd9605-4651-4f32-9ef3-856ad574ff17 ] Request (ServerRescueTestJSON:setUpClass): 200 GET http://10.180.1.21/compute/v2.1/servers/7b977ddd-db1f-49dc-aa2b-13559e67e932 0.184s
2025-05-13 17:02:55.482 70339 INFO tempest.lib.common.rest_client [req-fafa0c46-07e0-4a75-bf93-4aa630eedd3a req-fafa0c46-07e0-4a75-bf93-4aa630eedd3a ] Request (SecurityGroupsTestJSON:test_server_security_groups): 200 GET http://10.180.1.21/compute/v2.1/servers/be5c5429-3f71-49c8-8585-b622a7f423a3 0.423s
2025-05-13 17:02:55.489 70277 INFO tempest.lib.common.rest_client [req-7dbddf2a-8a24-4463-9068-48953597a947 req-7dbddf2a-8a24-4463-9068-48953597a947 ] Request (ServersTestManualDisk:setUpClass): 200 GET http://10.180.1.21/compute/v2.1/servers/98ca6f56-599f-4f61-b544-cbc1e593f9c2 0.479s
2025-05-13 17:02:55.507 70277 INFO tempest.common.waiters [-] State transition "BUILD/None" ==> "BUILD/block_device_mapping" after 56 second wait
2025-05-13 17:02:55.571 70305 INFO tempest.lib.common.rest_client [req-ad010e90-0f04-43f4-97e3-8ba59d759389 req-ad010e90-0f04-43f4-97e3-8ba59d759389 ] Request (ServerAddressesNegativeTestJSON:setUpClass): 200 GET http://10.180.1.21/compute/v2.1/servers/8501d05c-e4f1-45ba-bcca-15b8def23472 0.451s
2025-05-13 17:02:55.579 70297 INFO tempest.lib.common.rest_client [req-831e6e99-0077-4641-9689-4581b625fe87 req-831e6e99-0077-4641-9689-4581b625fe87 ] Request (FloatingIPsAssociationTestJSON:test_associate_already_associated_floating_ip): 200 GET http://10.180.1.21/compute/v2.1/servers/7f191b9f-fc7d-44c7-a16c-e2bc6a137e9e 0.401s
2025-05-13 17:02:55.673 70327 INFO tempest.lib.common.rest_client [req-c8554fe0-311b-4fd6-abdf-76ecc7c43951 req-c8554fe0-311b-4fd6-abdf-76ecc7c43951 ] Request (ServersAdminTestJSON:setUpClass): 200 GET http://10.180.1.21/compute/v2.1/servers/44a14aaa-9828-4064-be67-b3b432790f05 0.436s
2025-05-13 17:02:55.753 70329 INFO tempest.lib.common.rest_client [req-69cb532c-41f0-4850-871c-b9d752103561 req-69cb532c-41f0-4850-871c-b9d752103561 ] Request (ServerShowV254Test:test_rebuild_server): 200 GET http://10.180.1.21/compute/v2.1/servers/62f9b943-e4b9-4350-adeb-93a8fcd8110d 0.496s
2025-05-13 17:02:55.773 70291 INFO tempest.lib.common.rest_client [req-341ea15f-1825-4753-9052-9dc91804de88 req-341ea15f-1825-4753-9052-9dc91804de88 ] Request (DeleteServersAdminTestJSON:test_delete_server_while_in_error_state): 200 GET http://10.180.1.21/compute/v2.1/servers/cf385d59-a953-4dd8-a4e5-3ff6369c27d7 0.578s
2025-05-13 17:02:55.797 70304 WARNING tempest.lib.common.ssh [-] Failed to establish authenticated ssh connection to cirros@10.180.180.146 ([Errno None] Unable to connect to port 22 on 10.180.180.146). Number attempts: 1. Retry after 2 seconds.: paramiko.ssh_exception.NoValidConnectionsError: [Errno None] Unable to connect to port 22 on 10.180.180.146
2025-05-13 17:02:55.832 70307 INFO tempest.lib.common.rest_client [req-51357f4e-c896-4934-8d10-2b0977dccb19 req-51357f4e-c896-4934-8d10-2b0977dccb19 ] Request (ServerGroupTestJSON:test_create_server_with_scheduler_hint_group): 200 GET http://10.180.1.21/compute/v2.1/servers/81bf191a-8bd1-4e58-a172-7663063d4c6c 0.518s
2025-05-13 17:02:55.861 70301 INFO tempest.lib.common.rest_client [req-570c6a6e-f2e2-4c7a-98c6-43b1260d7e9a req-570c6a6e-f2e2-4c7a-98c6-43b1260d7e9a ] Request (ServersTestFqdnHostnames:tearDownClass): 200 GET http://10.180.1.21/compute/v2.1/servers/5f010cf7-c829-4264-93ba-c0db09cf0c46 0.546s
2025-05-13 17:02:55.913 70337 INFO tempest.lib.common.rest_client [req-25ca5e7d-3516-4e1b-bf9f-f947635303c5 req-25ca5e7d-3516-4e1b-bf9f-f947635303c5 ] Request (ServerPasswordTestJSON:setUpClass): 200 GET http://10.180.1.21/compute/v2.1/servers/e91a0217-bc9b-4a26-b725-5c8ce2ee3549 0.532s
2025-05-13 17:02:55.921 70319 INFO tempest.lib.common.rest_client [req-90f26468-6cb6-4101-97ce-ebee5fb5e189 req-90f26468-6cb6-4101-97ce-ebee5fb5e189 ] Request (ServersTestJSON:test_create_server_specify_multibyte_character_name): 200 GET http://10.180.1.21/compute/v2.1/servers/a363197e-38b3-48fb-a1fe-6664f613458b 0.538s
2025-05-13 17:02:55.965 70317 INFO tempest.lib.common.rest_client [req-2293247e-4a76-47eb-84e0-1810a8a9db60 req-2293247e-4a76-47eb-84e0-1810a8a9db60 ] Request (ListImageFiltersTestJSON:setUpClass): 200 GET http://10.180.1.21/compute/v2.1/servers/b4f0359b-2f16-410b-b8d0-b1faed9c5913 0.528s
2025-05-13 17:02:55.997 70335 INFO tempest.lib.common.rest_client [req-64178f1c-83ba-4e51-a067-849a43258515 req-64178f1c-83ba-4e51-a067-849a43258515 ] Request (ListServerFiltersTestJSON:tearDownClass): 200 GET http://10.180.1.21/compute/v2.1/servers/2d37ccad-5d6d-43c7-a428-7be96b6fd625 0.481s
2025-05-13 17:02:56.024 70309 INFO tempest.lib.common.rest_client [req-b6f282b9-1418-4c87-b162-ee5d10443454 req-b6f282b9-1418-4c87-b162-ee5d10443454 ] Request (ImagesTestJSON:test_create_image_from_stopped_server): 200 GET http://10.180.1.21/compute/v2.1/servers/6d653768-205c-4819-8498-ae0617302a31 0.438s
2025-05-13 17:02:56.084 70315 INFO tempest.lib.common.rest_client [req-1277bd08-ae43-4069-b8e4-c4bd34786f39 req-1277bd08-ae43-4069-b8e4-c4bd34786f39 ] Request (FloatingIPsAssociationNegativeTestJSON:setUpClass): 200 GET http://10.180.1.21/compute/v2.1/servers/cce1a170-4a15-4b02-b745-b22ad8fb694c 0.434s
2025-05-13 17:02:56.102 70289 INFO tempest.lib.common.rest_client [req-8ddf5a06-e97a-4091-9683-f4a0f4bb789c req-8ddf5a06-e97a-4091-9683-f4a0f4bb789c ] Request (ServerActionsTestOtherA:setUpClass): 200 GET http://10.180.1.21/compute/v2.1/servers/e8a8267c-9619-4668-8ac1-e485a202a451 0.492s
2025-05-13 17:02:56.110 70289 INFO tempest.common.waiters [-] State transition "BUILD/spawning" ==> "ACTIVE/None" after 65 second wait
2025-05-13 17:02:56.133 70333 INFO tempest.lib.common.rest_client [req-23e658b1-bd9b-4721-ba72-e34e3d9ce835 req-23e658b1-bd9b-4721-ba72-e34e3d9ce835 ] Request (ServerDiskConfigTestJSON:test_rebuild_server_with_auto_disk_config): 200 GET http://10.180.1.21/compute/v2.1/servers/82f7fa6c-e2b6-4e9d-b2c5-b8e0e246f8c6 0.450s
2025-05-13 17:02:56.141 70333 INFO tempest.common.waiters [-] State transition "BUILD/scheduling" ==> "BUILD/None" after 44 second wait
2025-05-13 17:02:56.150 70285 INFO tempest.lib.common.rest_client [req-1c849bd4-8da5-480a-a454-f1d7d84c2b82 req-1c849bd4-8da5-480a-a454-f1d7d84c2b82 ] Request (AttachVolumeTestJSON:test_attach_detach_volume): 200 GET http://10.180.1.21/compute/v2.1/servers/0a9ce531-68c9-4033-bbd5-9b5dec9f73c5 0.389s
2025-05-13 17:02:56.189 70323 INFO tempest.lib.common.rest_client [req-59521913-34dc-4ab4-b8dc-7c4ab979c2aa req-59521913-34dc-4ab4-b8dc-7c4ab979c2aa ] Request (ServerActionsV293TestJSON:setUpClass): 200 GET http://10.180.1.21/compute/v2.1/servers/6468b8f3-ad85-4e14-acad-94ba367e2629 0.347s
2025-05-13 17:02:56.248 70293 INFO tempest.lib.common.rest_client [req-31fa3989-0bc8-4ec2-93a0-9f8f91ab260c req-31fa3989-0bc8-4ec2-93a0-9f8f91ab260c ] Request (ServersAdminNegativeTestJSON:test_migrate_server_invalid_state): 200 GET http://10.180.1.21/compute/v2.1/servers/b3b002b6-4835-4e08-b66c-6185be72dd66 0.343s
2025-05-13 17:02:56.255 70287 INFO tempest.lib.common.rest_client [req-a046d762-6f1f-4f64-896b-9ec5b835ac3b req-a046d762-6f1f-4f64-896b-9ec5b835ac3b ] Request (ImagesOneServerNegativeTestJSON:setUpClass): 200 GET http://10.180.1.21/compute/v2.1/servers/8eab418d-7191-42f9-8048-11edab75a8c0 0.375s
2025-05-13 17:02:56.306 70279 INFO tempest.lib.common.rest_client [req-b7b20e09-7a9f-4171-a12f-fc7b4ff0043f req-b7b20e09-7a9f-4171-a12f-fc7b4ff0043f ] Request (ServerActionsTestOtherB:setUpClass): 200 GET http://10.180.1.21/compute/v2.1/servers/db9e828d-2231-429d-bc03-f60d03e7897a 0.346s
2025-05-13 17:02:56.322 70299 INFO tempest.lib.common.rest_client [req-10d5a0e4-ea4a-4a7e-bfb7-20db59cd4fba req-10d5a0e4-ea4a-4a7e-bfb7-20db59cd4fba ] Request (ServerDiagnosticsV248Test:tearDownClass): 200 GET http://10.180.1.21/compute/v2.1/servers/cb557354-aef6-493d-b1a1-5a588e5f354a 0.298s
2025-05-13 17:02:56.399 70289 INFO tempest.lib.common.rest_client [req-ccc7f2be-7b91-4041-bc26-b6db86f6e1ef req-ccc7f2be-7b91-4041-bc26-b6db86f6e1ef ] Request (ServerActionsTestOtherA:setUpClass): 200 GET http://10.180.1.21/compute/v2.1/servers/e8a8267c-9619-4668-8ac1-e485a202a451/os-interface 0.288s
2025-05-13 17:02:56.505 70313 INFO tempest.lib.common.rest_client [req-63a15b06-b3c7-4109-9d4c-02ba579a9453 req-63a15b06-b3c7-4109-9d4c-02ba579a9453 ] Request (MigrationsAdminTest:test_list_migrations_in_flavor_resize_situation): 200 GET http://10.180.1.21/compute/v2.1/servers/e51fd4e8-c2ba-46aa-8df2-2748bd45e53b 0.471s
2025-05-13 17:02:56.526 70283 INFO tempest.lib.common.rest_client [req-71b8b40f-171f-4b8b-aeac-f5c072d6169f req-71b8b40f-171f-4b8b-aeac-f5c072d6169f ] Request (ServerRescueTestJSON:setUpClass): 200 GET http://10.180.1.21/compute/v2.1/servers/7b977ddd-db1f-49dc-aa2b-13559e67e932 0.348s
2025-05-13 17:02:56.564 70339 INFO tempest.lib.common.rest_client [req-6114fd66-9e86-4260-9382-ea910f30ac63 req-6114fd66-9e86-4260-9382-ea910f30ac63 ] Request (SecurityGroupsTestJSON:test_server_security_groups): 200 GET http://10.180.1.21/compute/v2.1/servers/be5c5429-3f71-49c8-8585-b622a7f423a3 0.070s
2025-05-13 17:02:56.618 70277 INFO tempest.lib.common.rest_client [req-f1c0ba28-e47e-4d4b-86db-24b874261cd1 req-f1c0ba28-e47e-4d4b-86db-24b874261cd1 ] Request (ServersTestManualDisk:setUpClass): 200 GET http://10.180.1.21/compute/v2.1/servers/98ca6f56-599f-4f61-b544-cbc1e593f9c2 0.110s
2025-05-13 17:02:56.627 70277 INFO tempest.common.waiters [-] State transition "BUILD/block_device_mapping" ==> "BUILD/spawning" after 57 second wait
2025-05-13 17:02:56.634 70305 INFO tempest.lib.common.rest_client [req-f96dc792-d530-4738-824e-696c477957a8 req-f96dc792-d530-4738-824e-696c477957a8 ] Request (ServerAddressesNegativeTestJSON:setUpClass): 200 GET http://10.180.1.21/compute/v2.1/servers/8501d05c-e4f1-45ba-bcca-15b8def23472 0.051s
2025-05-13 17:02:56.668 70297 INFO tempest.lib.common.rest_client [req-3aa158b6-9401-4d39-9c69-eb3c79f9d9c1 req-3aa158b6-9401-4d39-9c69-eb3c79f9d9c1 ] Request (FloatingIPsAssociationTestJSON:test_associate_already_associated_floating_ip): 200 GET http://10.180.1.21/compute/v2.1/servers/7f191b9f-fc7d-44c7-a16c-e2bc6a137e9e 0.070s
2025-05-13 17:02:56.729 70327 INFO tempest.lib.common.rest_client [req-35ddb2fc-fe4c-43c5-900f-34310011cf32 req-35ddb2fc-fe4c-43c5-900f-34310011cf32 ] Request (ServersAdminTestJSON:setUpClass): 200 GET http://10.180.1.21/compute/v2.1/servers/44a14aaa-9828-4064-be67-b3b432790f05 0.048s
2025-05-13 17:02:56.829 70329 INFO tempest.lib.common.rest_client [req-2b310b5a-0572-48b9-80b1-efa24b402296 req-2b310b5a-0572-48b9-80b1-efa24b402296 ] Request (ServerShowV254Test:test_rebuild_server): 200 GET http://10.180.1.21/compute/v2.1/servers/62f9b943-e4b9-4350-adeb-93a8fcd8110d 0.065s
2025-05-13 17:02:56.910 70307 INFO tempest.lib.common.rest_client [req-3781bc92-5dea-4c10-9e2b-01f6525e3784 req-3781bc92-5dea-4c10-9e2b-01f6525e3784 ] Request (ServerGroupTestJSON:test_create_server_with_scheduler_hint_group): 200 GET http://10.180.1.21/compute/v2.1/servers/81bf191a-8bd1-4e58-a172-7663063d4c6c 0.066s
2025-05-13 17:02:56.918 70291 INFO tempest.lib.common.rest_client [req-0499d006-f6b2-44f3-812c-1692bca29775 req-0499d006-f6b2-44f3-812c-1692bca29775 ] Request (DeleteServersAdminTestJSON:test_delete_server_while_in_error_state): 200 GET http://10.180.1.21/compute/v2.1/servers/cf385d59-a953-4dd8-a4e5-3ff6369c27d7 0.134s
2025-05-13 17:02:56.995 70337 INFO tempest.lib.common.rest_client [req-d7507266-7886-4e96-96d5-0d2b96e4c17d req-d7507266-7886-4e96-96d5-0d2b96e4c17d ] Request (ServerPasswordTestJSON:setUpClass): 200 GET http://10.180.1.21/compute/v2.1/servers/e91a0217-bc9b-4a26-b725-5c8ce2ee3549 0.070s
2025-05-13 17:02:56.996 70301 INFO tempest.lib.common.rest_client [req-485e0da7-1033-4b11-954f-da6388947d76 req-485e0da7-1033-4b11-954f-da6388947d76 ] Request (ServersTestFqdnHostnames:tearDownClass): 200 GET http://10.180.1.21/compute/v2.1/servers/5f010cf7-c829-4264-93ba-c0db09cf0c46 0.120s
2025-05-13 17:02:57.051 70317 INFO tempest.lib.common.rest_client [req-85b74da1-491a-4610-a7b8-c22916a98def req-85b74da1-491a-4610-a7b8-c22916a98def ] Request (ListImageFiltersTestJSON:setUpClass): 200 GET http://10.180.1.21/compute/v2.1/servers/b4f0359b-2f16-410b-b8d0-b1faed9c5913 0.074s
2025-05-13 17:02:57.061 70319 INFO tempest.lib.common.rest_client [req-d72e43fb-ca6f-4a6b-8602-c1054e22036b req-d72e43fb-ca6f-4a6b-8602-c1054e22036b ] Request (ServersTestJSON:test_create_server_specify_multibyte_character_name): 200 GET http://10.180.1.21/compute/v2.1/servers/a363197e-38b3-48fb-a1fe-6664f613458b 0.132s
2025-05-13 17:02:57.123 70335 INFO tempest.lib.common.rest_client [req-3bcf27fb-fccd-4570-af3f-95c4e154f1dc req-3bcf27fb-fccd-4570-af3f-95c4e154f1dc ] Request (ListServerFiltersTestJSON:tearDownClass): 200 GET http://10.180.1.21/compute/v2.1/servers/2d37ccad-5d6d-43c7-a428-7be96b6fd625 0.116s
2025-05-13 17:02:57.131 70309 INFO tempest.lib.common.rest_client [req-24e65ae0-86e1-489f-9c05-64d68ea54462 req-24e65ae0-86e1-489f-9c05-64d68ea54462 ] Request (ImagesTestJSON:test_create_image_from_stopped_server): 200 GET http://10.180.1.21/compute/v2.1/servers/6d653768-205c-4819-8498-ae0617302a31 0.098s
2025-05-13 17:02:57.186 70315 INFO tempest.lib.common.rest_client [req-1a4fb9fc-64e4-409e-bab7-357549a2483b req-1a4fb9fc-64e4-409e-bab7-357549a2483b ] Request (FloatingIPsAssociationNegativeTestJSON:setUpClass): 200 GET http://10.180.1.21/compute/v2.1/servers/cce1a170-4a15-4b02-b745-b22ad8fb694c 0.094s
2025-05-13 17:02:57.190 70289 INFO tempest.lib.common.rest_client [req-5ff5b8f3-2afa-451f-a827-7e52858723ad req-5ff5b8f3-2afa-451f-a827-7e52858723ad ] Request (ServerActionsTestOtherA:setUpClass): 200 PUT http://10.180.1.21:9696/networking/v2.0/floatingips/166f611e-f485-47e2-943d-e99fa66f3b54 0.787s
2025-05-13 17:02:57.191 70289 INFO tempest.lib.common.ssh [-] Creating ssh connection to '10.180.180.232:22' as 'cirros' with public key authentication
2025-05-13 17:02:57.219 70333 INFO tempest.lib.common.rest_client [req-96e1d179-3a0d-40a3-9175-99904fc84f88 req-96e1d179-3a0d-40a3-9175-99904fc84f88 ] Request (ServerDiskConfigTestJSON:test_rebuild_server_with_auto_disk_config): 200 GET http://10.180.1.21/compute/v2.1/servers/82f7fa6c-e2b6-4e9d-b2c5-b8e0e246f8c6 0.077s
2025-05-13 17:02:57.242 70285 INFO tempest.lib.common.rest_client [req-e8c64f6d-2141-4171-b6a1-6ba0f29a3b86 req-e8c64f6d-2141-4171-b6a1-6ba0f29a3b86 ] Request (AttachVolumeTestJSON:test_attach_detach_volume): 200 GET http://10.180.1.21/compute/v2.1/servers/0a9ce531-68c9-4033-bbd5-9b5dec9f73c5 0.082s
2025-05-13 17:02:57.284 70323 INFO tempest.lib.common.rest_client [req-9c5dfd2d-be22-46c2-9216-86bf7e09f640 req-9c5dfd2d-be22-46c2-9216-86bf7e09f640 ] Request (ServerActionsV293TestJSON:setUpClass): 200 GET http://10.180.1.21/compute/v2.1/servers/6468b8f3-ad85-4e14-acad-94ba367e2629 0.083s
2025-05-13 17:02:57.322 70293 INFO tempest.lib.common.rest_client [req-98f79848-f342-4923-b0bb-7446c5fef868 req-98f79848-f342-4923-b0bb-7446c5fef868 ] Request (ServersAdminNegativeTestJSON:test_migrate_server_invalid_state): 200 GET http://10.180.1.21/compute/v2.1/servers/b3b002b6-4835-4e08-b66c-6185be72dd66 0.064s
2025-05-13 17:02:57.390 70279 INFO tempest.lib.common.rest_client [req-19f17a6f-e1c1-4683-b215-eed2cc4f7c2d req-19f17a6f-e1c1-4683-b215-eed2cc4f7c2d ] Request (ServerActionsTestOtherB:setUpClass): 200 GET http://10.180.1.21/compute/v2.1/servers/db9e828d-2231-429d-bc03-f60d03e7897a 0.073s
2025-05-13 17:02:57.411 70287 INFO tempest.lib.common.rest_client [req-d7ebb356-a116-4b25-8b58-44e00251298e req-d7ebb356-a116-4b25-8b58-44e00251298e ] Request (ImagesOneServerNegativeTestJSON:setUpClass): 200 GET http://10.180.1.21/compute/v2.1/servers/8eab418d-7191-42f9-8048-11edab75a8c0 0.145s
2025-05-13 17:02:57.456 70299 INFO tempest.lib.common.rest_client [req-68172b78-ad35-4696-8d01-725ad3bf6aff req-68172b78-ad35-4696-8d01-725ad3bf6aff ] Request (ServerDiagnosticsV248Test:tearDownClass): 200 GET http://10.180.1.21/compute/v2.1/servers/cb557354-aef6-493d-b1a1-5a588e5f354a 0.122s
2025-05-13 17:02:57.631 70313 INFO tempest.lib.common.rest_client [req-29081f4a-963b-4ce1-a98a-daa71ea28f74 req-29081f4a-963b-4ce1-a98a-daa71ea28f74 ] Request (MigrationsAdminTest:test_list_migrations_in_flavor_resize_situation): 200 GET http://10.180.1.21/compute/v2.1/servers/e51fd4e8-c2ba-46aa-8df2-2748bd45e53b 0.117s
2025-05-13 17:02:57.638 70313 INFO tempest.common.waiters [-] State transition "VERIFY_RESIZE/None" ==> "ACTIVE/None" after 33 second wait
2025-05-13 17:02:57.695 70339 INFO tempest.lib.common.rest_client [req-9d9d81e4-c29b-48d8-92d7-9652faaac0f5 req-9d9d81e4-c29b-48d8-92d7-9652faaac0f5 ] Request (SecurityGroupsTestJSON:test_server_security_groups): 200 GET http://10.180.1.21/compute/v2.1/servers/be5c5429-3f71-49c8-8585-b622a7f423a3 0.123s
2025-05-13 17:02:57.699 70283 INFO tempest.lib.common.rest_client [req-509353cf-678a-47a9-a692-96946f33658e req-509353cf-678a-47a9-a692-96946f33658e ] Request (ServerRescueTestJSON:setUpClass): 200 GET http://10.180.1.21/compute/v2.1/servers/7b977ddd-db1f-49dc-aa2b-13559e67e932 0.160s
2025-05-13 17:02:57.828 70313 INFO tempest.lib.common.rest_client [req-c29a2d0e-c058-4325-9a8e-7e4035db265c req-c29a2d0e-c058-4325-9a8e-7e4035db265c ] Request (MigrationsAdminTest:test_list_migrations_in_flavor_resize_situation): 200 GET http://10.180.1.21/compute/v2.1/servers/e51fd4e8-c2ba-46aa-8df2-2748bd45e53b 0.190s
2025-05-13 17:02:57.836 70277 INFO tempest.lib.common.rest_client [req-3d93905b-98e4-409e-bffc-08bf0eb3f9a0 req-3d93905b-98e4-409e-bffc-08bf0eb3f9a0 ] Request (ServersTestManualDisk:setUpClass): 200 GET http://10.180.1.21/compute/v2.1/servers/98ca6f56-599f-4f61-b544-cbc1e593f9c2 0.207s
2025-05-13 17:02:57.893 70305 INFO tempest.lib.common.rest_client [req-27ddf5b1-6ff2-47ec-92c8-a64efe64c1a0 req-27ddf5b1-6ff2-47ec-92c8-a64efe64c1a0 ] Request (ServerAddressesNegativeTestJSON:setUpClass): 200 GET http://10.180.1.21/compute/v2.1/servers/8501d05c-e4f1-45ba-bcca-15b8def23472 0.244s
2025-05-13 17:02:57.895 70297 INFO tempest.lib.common.rest_client [req-0065d880-e398-4f09-a85c-23290a2d53e7 req-0065d880-e398-4f09-a85c-23290a2d53e7 ] Request (FloatingIPsAssociationTestJSON:test_associate_already_associated_floating_ip): 200 GET http://10.180.1.21/compute/v2.1/servers/7f191b9f-fc7d-44c7-a16c-e2bc6a137e9e 0.220s
2025-05-13 17:02:57.936 70313 INFO tempest.lib.common.rest_client [req-7c051c9d-7393-4d8f-bebf-3f4c45d4eace req-7c051c9d-7393-4d8f-bebf-3f4c45d4eace ] Request (MigrationsAdminTest:test_list_migrations_in_flavor_resize_situation): 200 POST http://10.180.1.21/compute/v2.1/os-keypairs 0.100s
2025-05-13 17:02:57.949 70327 INFO tempest.lib.common.rest_client [req-25ee0a26-3bfa-449e-953b-9523a99f61f1 req-25ee0a26-3bfa-449e-953b-9523a99f61f1 ] Request (ServersAdminTestJSON:setUpClass): 200 GET http://10.180.1.21/compute/v2.1/servers/44a14aaa-9828-4064-be67-b3b432790f05 0.212s
