2025-04-03 05:08:56.835 69081 INFO tempest.lib.common.rest_client [req-892c4d65-687a-486f-afb8-bd918cc19bef req-892c4d65-687a-486f-afb8-bd918cc19bef ] Request (QuotasAdminTestV236:test_get_updated_quotas): 200 GET http://10.180.1.21/compute/v2.1/os-quota-sets/72992babcafe4cf5a779fa845f9ad66b?user_id=50a9c88ca24944339e3e648da57be433 2.036s
2025-04-03 05:08:56.842 69089 INFO tempest.lib.common.rest_client [req-54df12ad-0cf4-49d7-a45f-221276e9f25d req-54df12ad-0cf4-49d7-a45f-221276e9f25d ] Request (HostsAdminTestJSON:test_show_host_detail): 200 GET http://10.180.1.21/compute/v2.1/os-hosts 2.014s
2025-04-03 05:08:56.861 69093 INFO tempest.lib.common.rest_client [req-e8c8164b-f3b7-423f-8f32-50a6aa949433 req-e8c8164b-f3b7-423f-8f32-50a6aa949433 ] Request (AggregatesAdminNegativeTestJSON:_run_cleanups): 200 DELETE http://10.180.1.21/compute/v2.1/os-aggregates/2 1.933s
2025-04-03 05:08:56.864 69047 INFO tempest.lib.common.rest_client [req-661ee679-c2cb-4911-85c0-bd2eb1cda62c req-661ee679-c2cb-4911-85c0-bd2eb1cda62c ] Request (FlavorsAccessTestJSON:_run_cleanups): 202 DELETE http://10.180.1.21/compute/v2.1/flavors/88931208 1.916s
2025-04-03 05:08:56.864 69049 INFO tempest.lib.common.rest_client [req-c06cae49-72ab-4154-a138-4f3571af2109 req-c06cae49-72ab-4154-a138-4f3571af2109 ] Request (ValidationResourcesFixture:setUp): 201 POST http://10.180.1.21:9696/networking/v2.0/security-groups 0.130s
2025-04-03 05:08:56.910 69041 INFO tempest.lib.common.rest_client [req-ff47535a-2e93-4fdf-be55-74352c90391f req-ff47535a-2e93-4fdf-be55-74352c90391f ] Request (HypervisorAdminV253TestBase:test_list_show_detail_hypervisors): 200 GET http://10.180.1.21/compute/v2.1/os-hypervisors?with_servers=True 1.805s
2025-04-03 05:08:56.921 69037 INFO tempest.lib.common.rest_client [req-427ebea8-cba2-40cb-9c46-6a5bf5d0c76d req-427ebea8-cba2-40cb-9c46-6a5bf5d0c76d ] Request (InstanceActionsNegativeTestJSON:setUpClass): 201 POST http://10.180.1.21/identity/v3/auth/tokens 0.116s
2025-04-03 05:08:56.947 69081 INFO tempest.lib.common.rest_client [req-b0efed07-085c-4349-8369-d9c4a8ed6675 req-b0efed07-085c-4349-8369-d9c4a8ed6675 ] Request (QuotasAdminTestV236:_run_cleanups): 204 DELETE http://10.180.1.21/identity/v3/users/50a9c88ca24944339e3e648da57be433 0.110s
2025-04-03 05:08:56.986 69037 INFO tempest.lib.common.rest_client [req-161e9481-ed8f-4d09-be79-c8690bf2d37e req-161e9481-ed8f-4d09-be79-c8690bf2d37e ] Request (InstanceActionsNegativeTestJSON:setUpClass): 201 POST http://10.180.1.21/identity/v3/auth/tokens 0.058s
2025-04-03 05:08:56.987 69037 INFO tempest.lib.common.fixed_network [-] (InstanceActionsNegativeTestJSON:setUpClass) Found network {'id': '56f074af-4bd7-4631-99db-67e54fbacd87', 'name': 'tempest-InstanceActionsNegativeTestJSON-1260654094-network', 'tenant_id': 'f4e00d84fe4c498495a4dc06ada7d4a4', 'admin_state_up': True, 'mtu': 8950, 'status': 'ACTIVE', 'subnets': [], 'shared': False, 'project_id': 'f4e00d84fe4c498495a4dc06ada7d4a4', 'port_security_enabled': True, 'router:external': False, 'provider:network_type': 'vlan', 'provider:physical_network': 'default', 'provider:segmentation_id': 786, 'availability_zone_hints': [], 'availability_zones': [], 'ipv4_address_scope': None, 'ipv6_address_scope': None, 'description': '', 'tags': [], 'created_at': '2025-04-03T05:08:51Z', 'updated_at': '2025-04-03T05:08:51Z', 'revision_number': 1} available for tenant
2025-04-03 05:08:56.989 69051 INFO tempest.lib.common.rest_client [req-461ae450-3965-408a-bd5e-e2d8ec5c3505 req-461ae450-3965-408a-bd5e-e2d8ec5c3505 ] Request (VolumesAssistedSnapshotsTest:test_volume_assisted_snapshot_create_delete): 200 GET http://10.180.1.21/compute/v2.1/servers/b6e647b8-eb3c-4239-982d-ca62b54c75e7 1.745s
2025-04-03 05:08:57.009 69043 INFO tempest.lib.common.rest_client [req-cc682628-d0f0-4cee-a916-495fcad0ef67 req-cc682628-d0f0-4cee-a916-495fcad0ef67 ] Request (ServersAdminNegativeTestJSON:setUpClass): 200 GET http://10.180.1.21/compute/v2.1/servers/200c7a4e-3a97-430d-84db-d794454fbe0c 1.841s
2025-04-03 05:08:57.013 69049 INFO tempest.lib.common.rest_client [req-78adc3ac-9d43-499d-89f2-1a42fdd005a7 req-78adc3ac-9d43-499d-89f2-1a42fdd005a7 ] Request (ValidationResourcesFixture:setUp): 201 POST http://10.180.1.21:9696/networking/v2.0/security-group-rules 0.148s
2025-04-03 05:08:57.052 69035 INFO tempest.lib.common.rest_client [req-869feb25-8a33-49fb-b0c6-362a82279fdd req-869feb25-8a33-49fb-b0c6-362a82279fdd ] Request (ServerExternalEventsTest:test_create_server_external_events): 200 GET http://10.180.1.21/compute/v2.1/servers/bb10c136-09ea-45c8-8340-8a63efb396ff 1.711s
2025-04-03 05:08:57.061 69035 INFO tempest.common.waiters [-] State transition "BUILD/None" ==> "BUILD/networking" after 12 second wait
2025-04-03 05:08:57.062 69081 INFO tempest.lib.common.rest_client [req-165120f7-6e76-4263-8b6a-052c489ba260 req-165120f7-6e76-4263-8b6a-052c489ba260 ] Request (QuotasAdminTestV236:_run_cleanups): 204 DELETE http://10.180.1.21/identity/v3/projects/72992babcafe4cf5a779fa845f9ad66b 0.114s
2025-04-03 05:08:57.107 69055 INFO tempest.lib.common.rest_client [req-169c5993-4ab5-45d1-a7ea-3f72616b0c40 req-169c5993-4ab5-45d1-a7ea-3f72616b0c40 ] Request (ServerDiskConfigTestJSON:test_rebuild_server_with_auto_disk_config): 200 GET http://10.180.1.21/compute/v2.1/servers/374d0650-ce2d-4a13-89e0-e0575bb71d25 1.670s
2025-04-03 05:08:57.137 69049 INFO tempest.lib.common.rest_client [req-f370a5bf-56af-479e-8387-b79aa9f0fcc0 req-f370a5bf-56af-479e-8387-b79aa9f0fcc0 ] Request (ValidationResourcesFixture:setUp): 201 POST http://10.180.1.21:9696/networking/v2.0/security-group-rules 0.123s
2025-04-03 05:08:57.180 69073 INFO tempest.lib.common.rest_client [req-0a722358-b32e-4990-a637-aef101dd24e0 req-0a722358-b32e-4990-a637-aef101dd24e0 ] Request (ImagesOneServerTestJSON:setUpClass): 200 GET http://10.180.1.21/compute/v2.1/servers/3ec4528a-688d-4024-bd20-4dd5783c75aa 1.648s
2025-04-03 05:08:57.197 69081 INFO tempest.lib.common.rest_client [req-ed80f09a-6062-42d2-8d98-5b6f2974364f req-ed80f09a-6062-42d2-8d98-5b6f2974364f ] Request (QuotasAdminTestV236:tearDownClass): 204 DELETE http://10.180.1.21/identity/v3/users/4988cdcd505b460e95a63d05141740cb 0.129s
2025-04-03 05:08:57.276 69087 INFO tempest.lib.common.rest_client [req-aca92dc6-8e98-429a-8c30-668f21529c7e req-aca92dc6-8e98-429a-8c30-668f21529c7e ] Request (QuotasAdminTestJSON:test_delete_quota): 200 GET http://10.180.1.21/identity/v3/domains?name=Default 0.200s
2025-04-03 05:08:57.312 69081 INFO tempest.lib.common.rest_client [req-c2daeaa2-06ca-420c-8cb6-b08aae54bba7 req-c2daeaa2-06ca-420c-8cb6-b08aae54bba7 ] Request (QuotasAdminTestV236:tearDownClass): 204 DELETE http://10.180.1.21/identity/v3/users/4ce1079115cd48daac067458538bfc80 0.114s
2025-04-03 05:08:57.312 69081 INFO tempest.lib.common.dynamic_creds [-] Deleting project and security group for project: 487f63fe8a3d4da091b67deb2f72c120
2025-04-03 05:08:57.350 69087 INFO tempest.lib.common.rest_client [req-3c1c4e48-fe77-425c-b023-5cb1106fb92f req-3c1c4e48-fe77-425c-b023-5cb1106fb92f ] Request (QuotasAdminTestJSON:test_delete_quota): 201 POST http://10.180.1.21/identity/v3/projects 0.074s
2025-04-03 05:08:57.370 69081 INFO tempest.lib.common.rest_client [req-df1fc9ff-0b7f-419c-9973-947c7135e038 req-df1fc9ff-0b7f-419c-9973-947c7135e038 ] Request (QuotasAdminTestV236:tearDownClass): 201 POST http://10.180.1.21/identity/v3/auth/tokens 0.058s
2025-04-03 05:08:57.403 69087 INFO tempest.lib.common.rest_client [req-37d4669f-06a6-4bea-8b13-8b8948e7d249 req-37d4669f-06a6-4bea-8b13-8b8948e7d249 ] Request (QuotasAdminTestJSON:test_delete_quota): 200 GET http://10.180.1.21/identity/v3/domains?name=Default 0.053s
2025-04-03 05:08:57.463 69045 INFO tempest.lib.common.rest_client [req-d6558d26-7b91-424c-9e8e-e960d3ad9ff8 req-d6558d26-7b91-424c-9e8e-e960d3ad9ff8 ] Request (SecurityGroupsTestAdminJSON:test_list_security_groups_list_all_tenants_filter): 200 GET http://10.180.1.21/compute/v2.1/os-security-groups?all_tenants=true 1.310s
2025-04-03 05:08:57.856 69081 INFO tempest.lib.common.rest_client [req-f71883fc-6eaf-487f-9a24-865802ae15ce req-f71883fc-6eaf-487f-9a24-865802ae15ce ] Request (QuotasAdminTestV236:tearDownClass): 200 GET http://10.180.1.21:9696/networking/v2.0/security-groups?tenant_id=487f63fe8a3d4da091b67deb2f72c120&name=default 0.485s
2025-04-03 05:08:57.950 69081 INFO tempest.lib.common.rest_client [req-240c46d4-bb0c-49cb-8019-9b97a0341386 req-240c46d4-bb0c-49cb-8019-9b97a0341386 ] Request (QuotasAdminTestV236:tearDownClass): 204 DELETE http://10.180.1.21:9696/networking/v2.0/security-groups/1bbc50a3-164e-474b-97f1-4248903b19b6 0.094s
2025-04-03 05:08:57.978 69063 INFO tempest.lib.common.rest_client [req-79dd1724-6054-4fb5-baf9-93ac3aa0c255 req-79dd1724-6054-4fb5-baf9-93ac3aa0c255 ] Request (QuotasAdminNegativeTest:test_create_server_when_cpu_quota_is_full): 403 POST http://10.180.1.21/compute/v2.1/servers 1.695s
2025-04-03 05:08:58.049 69081 INFO tempest.lib.common.rest_client [req-6260ad47-cfaf-4515-8941-e1098d186cb2 req-6260ad47-cfaf-4515-8941-e1098d186cb2 ] Request (QuotasAdminTestV236:tearDownClass): 204 DELETE http://10.180.1.21/identity/v3/projects/487f63fe8a3d4da091b67deb2f72c120 0.099s
2025-04-03 05:08:58.050 69081 INFO tempest.lib.common.dynamic_creds [-] Deleting project and security group for project: 5155d88571f74cfa9dab275ba7bcfa98
2025-04-03 05:08:58.156 69081 INFO tempest.lib.common.rest_client [req-a0d609e0-0998-4af0-9a55-d4207ef2fd8c req-a0d609e0-0998-4af0-9a55-d4207ef2fd8c ] Request (QuotasAdminTestV236:tearDownClass): 200 GET http://10.180.1.21:9696/networking/v2.0/security-groups?tenant_id=5155d88571f74cfa9dab275ba7bcfa98&name=default 0.106s
2025-04-03 05:08:58.182 69065 INFO tempest.lib.common.rest_client [req-990d6819-4cd7-4728-8b42-e40902af60c9 req-990d6819-4cd7-4728-8b42-e40902af60c9 ] Request (DeleteServersAdminTestJSON:test_admin_delete_servers_of_others): 200 GET http://10.180.1.21/compute/v2.1/servers/6ecc2785-9f3d-4893-8747-01881c529b01 1.893s
2025-04-03 05:08:58.245 69081 INFO tempest.lib.common.rest_client [req-818e657e-95b5-44d0-83b3-65d55bc44d1e req-818e657e-95b5-44d0-83b3-65d55bc44d1e ] Request (QuotasAdminTestV236:tearDownClass): 204 DELETE http://10.180.1.21:9696/networking/v2.0/security-groups/bfd72dec-2cf4-4a3d-92db-dd742311ebfe 0.088s
2025-04-03 05:08:58.255 69069 INFO tempest.lib.common.rest_client [req-e9043e42-4829-4172-b07e-f8b281492af7 req-e9043e42-4829-4172-b07e-f8b281492af7 ] Request (MigrationsAdminTest:test_list_migrations_in_flavor_resize_situation): 200 GET http://10.180.1.21/compute/v2.1/servers/c4c0b400-4df0-4fcc-945f-048fa69502b0 1.883s
2025-04-03 05:08:58.348 69081 INFO tempest.lib.common.rest_client [req-1fb9954b-4740-4725-a0f1-c6d52412921e req-1fb9954b-4740-4725-a0f1-c6d52412921e ] Request (QuotasAdminTestV236:tearDownClass): 204 DELETE http://10.180.1.21/identity/v3/projects/5155d88571f74cfa9dab275ba7bcfa98 0.102s
2025-04-03 05:08:58.417 69081 INFO tempest.lib.common.rest_client [req-9ec9682e-ae57-46c8-9061-f30dddc51fe2 req-9ec9682e-ae57-46c8-9061-f30dddc51fe2 ] Request (ServerMetadataNegativeTestJSON:setUpClass): 201 POST http://10.180.1.21/identity/v3/auth/tokens 0.068s
2025-04-03 05:08:58.449 69081 INFO tempest.lib.common.rest_client [req-206a2491-b3ab-4c74-ae6a-275ee661f489 req-206a2491-b3ab-4c74-ae6a-275ee661f489 ] Request (ServerMetadataNegativeTestJSON:setUpClass): 201 POST http://10.180.1.21/identity/v3/auth/tokens 0.029s
2025-04-03 05:08:58.460 69083 INFO tempest.lib.common.rest_client [req-34e40e27-fffb-4ca2-a022-48951f24ce25 req-34e40e27-fffb-4ca2-a022-48951f24ce25 ] Request (FloatingIPsNegativeTestJSON:test_allocate_floating_ip_from_nonexistent_pool): 404 POST http://10.180.1.21/compute/v2.1/os-floating-ips 1.782s
2025-04-03 05:08:58.477 69081 INFO tempest.lib.common.rest_client [req-60342dac-1733-41ce-9463-16d1003df166 req-60342dac-1733-41ce-9463-16d1003df166 ] Request (ServerMetadataNegativeTestJSON:setUpClass): 200 GET http://10.180.1.21/identity/v3/domains?name=Default 0.027s
2025-04-03 05:08:58.484 69053 INFO tempest.lib.common.rest_client [req-44d9667a-5eb5-498c-bc0f-80e96c5f64ac req-44d9667a-5eb5-498c-bc0f-80e96c5f64ac ] Request (FlavorsExtraSpecsNegativeTestJSON:tearDownClass): 202 DELETE http://10.180.1.21/compute/v2.1/flavors/594606450 1.744s
2025-04-03 05:08:58.500 69059 INFO tempest.lib.common.rest_client [req-1d947eb5-1854-4c3c-a1a7-fca4a477b440 req-1d947eb5-1854-4c3c-a1a7-fca4a477b440 ] Request (FlavorsAccessNegativeTestJSON:_run_cleanups): 202 DELETE http://10.180.1.21/compute/v2.1/flavors/111771961 1.747s
2025-04-03 05:08:58.515 69081 INFO tempest.lib.common.rest_client [req-b2572c38-c292-46e6-9c8f-5b701352d9cc req-b2572c38-c292-46e6-9c8f-5b701352d9cc ] Request (ServerMetadataNegativeTestJSON:setUpClass): 201 POST http://10.180.1.21/identity/v3/projects 0.038s
2025-04-03 05:08:58.521 69061 INFO tempest.lib.common.rest_client [req-a691a9cf-ec60-4e89-a028-22e90e64d308 req-a691a9cf-ec60-4e89-a028-22e90e64d308 ] Request (ServicesAdminTestJSON:test_list_services): 200 GET http://10.180.1.21/compute/v2.1/os-services 1.738s
2025-04-03 05:08:58.528 69039 INFO tempest.lib.common.rest_client [req-e37970a1-9ae2-4c2d-90ef-844495fac4fd req-e37970a1-9ae2-4c2d-90ef-844495fac4fd ] Request (HostsAdminNegativeTestJSON:test_update_host_with_non_admin_user): 403 PUT http://10.180.1.21/compute/v2.1/os-hosts/devstack 1.706s
2025-04-03 05:08:58.537 69049 INFO tempest.lib.common.rest_client [req-6cb044cf-0964-40ac-8f38-787a4fec42df req-6cb044cf-0964-40ac-8f38-787a4fec42df ] Request (ValidationResourcesFixture:setUp): 201 POST http://10.180.1.21:9696/networking/v2.0/floatingips 1.400s
2025-04-03 05:08:58.580 69081 INFO tempest.lib.common.rest_client [req-af574264-3273-44a8-9fc3-4b909f09095b req-af574264-3273-44a8-9fc3-4b909f09095b ] Request (ServerMetadataNegativeTestJSON:setUpClass): 201 POST http://10.180.1.21/identity/v3/users 0.064s
2025-04-03 05:08:58.628 69061 INFO tempest.lib.common.rest_client [req-8e36818f-2fe8-4196-9c60-3f1d852be1db req-8e36818f-2fe8-4196-9c60-3f1d852be1db ] Request (ServicesAdminTestJSON:tearDownClass): 204 DELETE http://10.180.1.21/identity/v3/users/557ea04293394c478b58bcd61520f5d0 0.103s
2025-04-03 05:08:58.639 69049 INFO tempest.lib.common.rest_client [req-35b3d67f-b8c1-40c1-9f57-9a71d53fbdd7 req-35b3d67f-b8c1-40c1-9f57-9a71d53fbdd7 ] Request (ServersWithSpecificFlavorTestJSON:test_verify_created_server_ephemeral_disk): 201 POST http://10.180.1.21/identity/v3/auth/tokens 0.099s
2025-04-03 05:08:58.640 69049 INFO tempest.lib.common.fixed_network [-] (ServersWithSpecificFlavorTestJSON:test_verify_created_server_ephemeral_disk) Found network {'id': '339ea66e-4ddc-4956-beed-84b5cb56bafb', 'name': 'tempest-ServersWithSpecificFlavorTestJSON-902189761-network', 'tenant_id': '5514903a63b84756b73a3077d704765c', 'admin_state_up': True, 'mtu': 8950, 'status': 'ACTIVE', 'subnets': [], 'shared': False, 'project_id': '5514903a63b84756b73a3077d704765c', 'port_security_enabled': True, 'router:external': False, 'provider:network_type': 'vlan', 'provider:physical_network': 'default', 'provider:segmentation_id': 188, 'availability_zone_hints': [], 'availability_zones': [], 'ipv4_address_scope': None, 'ipv6_address_scope': None, 'description': '', 'tags': [], 'created_at': '2025-04-03T05:08:25Z', 'updated_at': '2025-04-03T05:08:25Z', 'revision_number': 1} available for tenant
2025-04-03 05:08:58.685 69081 INFO tempest.lib.common.rest_client [req-fc5cdc80-2c79-480f-89a2-9950ce7ece08 req-fc5cdc80-2c79-480f-89a2-9950ce7ece08 ] Request (ServerMetadataNegativeTestJSON:setUpClass): 200 GET http://10.180.1.21/identity/v3/roles 0.104s
2025-04-03 05:08:58.716 69081 INFO tempest.lib.common.rest_client [req-8f0db4f8-b914-45ec-a553-29b5cadd2aa9 req-8f0db4f8-b914-45ec-a553-29b5cadd2aa9 ] Request (ServerMetadataNegativeTestJSON:setUpClass): 204 PUT http://10.180.1.21/identity/v3/projects/1c1076ca930e4d47b32964e771ff8396/users/e7fb9a20b20d4102a4ad1eecd67063d8/roles/b4a1f3c4cde74758a51ae6bcff3e85ec 0.030s
2025-04-03 05:08:58.716 69081 INFO tempest.lib.common.dynamic_creds [-] Dynamic test user e7fb9a20b20d4102a4ad1eecd67063d8 is created with scope project and roles: ['member']
2025-04-03 05:08:58.716 69081 INFO tempest.lib.common.dynamic_creds [-] Acquired dynamic creds: credentials: Credentials: {'domain_id': 'default', 'domain_name': 'Default', 'username': 'tempest-ServerMetadataNegativeTestJSON-1832254013-project-member', 'project_domain_id': 'default', 'project_domain_name': 'Default', 'project_id': '1c1076ca930e4d47b32964e771ff8396', 'project_name': 'tempest-ServerMetadataNegativeTestJSON-1832254013', 'tenant_id': '1c1076ca930e4d47b32964e771ff8396', 'tenant_name': 'tempest-ServerMetadataNegativeTestJSON-1832254013', 'user_domain_id': 'default', 'user_domain_name': 'Default', 'user_id': 'e7fb9a20b20d4102a4ad1eecd67063d8', 'system': None}, Network: None, Subnet: None, Router: None
2025-04-03 05:08:58.725 69071 INFO tempest.lib.common.rest_client [req-a77149aa-4885-46a5-8e58-be0b1db69407 req-a77149aa-4885-46a5-8e58-be0b1db69407 ] Request (AttachInterfacesTestJSON:test_create_list_show_delete_interfaces_by_fixed_ip): 200 GET http://10.180.1.21/compute/v2.1/servers/9c7c4936-ac70-4276-838f-63dfba69a6ba 1.900s
2025-04-03 05:08:58.745 69061 INFO tempest.lib.common.rest_client [req-23a777be-5278-4111-9c48-3d852e80dc6f req-23a777be-5278-4111-9c48-3d852e80dc6f ] Request (ServicesAdminTestJSON:tearDownClass): 204 DELETE http://10.180.1.21/identity/v3/users/c94ae2f41cb34919b1b31a4021dadde1 0.116s
2025-04-03 05:08:58.746 69061 INFO tempest.lib.common.dynamic_creds [-] Deleting project and security group for project: 9cfcddaec1c8459ea1580926790f89fe
2025-04-03 05:08:58.759 69067 INFO tempest.lib.common.rest_client [req-900d541e-4d9f-42b5-818f-92c62f408424 req-900d541e-4d9f-42b5-818f-92c62f408424 ] Request (FloatingIPsTestJSON:test_allocate_floating_ip): 200 POST http://10.180.1.21/compute/v2.1/os-floating-ips 3.363s
2025-04-03 05:08:58.772 69089 INFO tempest.lib.common.rest_client [req-5c9cc008-4222-49a8-93bf-27f25bb49197 req-5c9cc008-4222-49a8-93bf-27f25bb49197 ] Request (HostsAdminTestJSON:test_show_host_detail): 200 GET http://10.180.1.21/compute/v2.1/os-hosts/cpu-1 1.928s
2025-04-03 05:08:58.799 69081 INFO tempest.lib.common.rest_client [req-0adf77f6-c9eb-4351-9354-03335ea8d09e req-0adf77f6-c9eb-4351-9354-03335ea8d09e ] Request (ServerMetadataNegativeTestJSON:setUpClass): 201 POST http://10.180.1.21/identity/v3/auth/tokens 0.082s
2025-04-03 05:08:58.803 69093 INFO tempest.lib.common.rest_client [req-50c838a8-7b6c-4954-85c8-cd1bbde54bc6 req-50c838a8-7b6c-4954-85c8-cd1bbde54bc6 ] Request (AggregatesAdminNegativeTestJSON:test_aggregate_add_non_exist_host): 200 POST http://10.180.1.21/compute/v2.1/os-aggregates 1.941s
2025-04-03 05:08:58.812 69061 INFO tempest.lib.common.rest_client [req-a465debe-2985-4919-9348-a727fd227c63 req-a465debe-2985-4919-9348-a727fd227c63 ] Request (ServicesAdminTestJSON:tearDownClass): 201 POST http://10.180.1.21/identity/v3/auth/tokens 0.066s
2025-04-03 05:08:58.829 69041 INFO tempest.lib.common.rest_client [req-91ed3eb6-56d4-47a7-8c37-343cba881429 req-91ed3eb6-56d4-47a7-8c37-343cba881429 ] Request (HypervisorAdminV253TestBase:test_list_show_detail_hypervisors): 200 GET http://10.180.1.21/compute/v2.1/os-hypervisors/5cbb73be-4c52-442f-a2b7-8c37f19e0675 1.916s
2025-04-03 05:08:58.830 69047 INFO tempest.lib.common.rest_client [req-817e9606-15b0-427d-982d-05e7384053c3 req-817e9606-15b0-427d-982d-05e7384053c3 ] Request (FlavorsAccessTestJSON:_run_cleanups): 200 GET http://10.180.1.21/compute/v2.1/flavors/detail 1.966s
2025-04-03 05:08:58.869 69089 INFO tempest.lib.common.rest_client [req-bef7fb80-4f9c-4f1d-9f6d-3e17025cdd7d req-bef7fb80-4f9c-4f1d-9f6d-3e17025cdd7d ] Request (HostsAdminTestJSON:tearDownClass): 204 DELETE http://10.180.1.21/identity/v3/users/24de70d63fd244858678d04afe7a2008 0.094s
2025-04-03 05:08:58.881 69079 INFO tempest.lib.common.rest_client [req-8a105541-510b-4b0e-a8b1-7aa313d02760 req-8a105541-510b-4b0e-a8b1-7aa313d02760 ] Request (ServerShowV257Test:test_rebuild_server): 200 GET http://10.180.1.21/compute/v2.1/servers/4c68e575-bab6-47fa-999a-74403e1f67e5 1.815s
2025-04-03 05:08:58.890 69079 INFO tempest.common.waiters [-] State transition "BUILD/scheduling" ==> "BUILD/None" after 9 second wait
2025-04-03 05:08:58.931 69057 INFO tempest.lib.common.rest_client [req-870f5d86-bd92-4e05-a904-f21e4c61804c req-870f5d86-bd92-4e05-a904-f21e4c61804c ] Request (FloatingIPsAssociationTestJSON:setUpClass): 200 GET http://10.180.1.21/compute/v2.1/servers/2e13436b-a77a-4d4d-80de-0450ae3118ff 1.640s
2025-04-03 05:08:58.980 69095 INFO tempest.lib.common.rest_client [req-cd72e7ef-b53f-4514-b90f-29291be64c5a req-cd72e7ef-b53f-4514-b90f-29291be64c5a ] Request (ServerDiagnosticsNegativeTest:test_get_server_diagnostics_by_non_admin): 200 GET http://10.180.1.21/compute/v2.1/servers/7697d3a7-6aea-43e6-8949-8fab20edc109 1.611s
2025-04-03 05:08:59.019 69047 INFO tempest.lib.common.rest_client [req-9f12bd9a-e976-44d8-8d6e-aa3b45ea40c6 req-9f12bd9a-e976-44d8-8d6e-aa3b45ea40c6 ] Request (FlavorsAccessTestJSON:tearDownClass): 204 DELETE http://10.180.1.21/identity/v3/users/669a45de513240b7afffe90cf245c2f0 0.182s
2025-04-03 05:08:59.051 69061 INFO tempest.lib.common.rest_client [req-6c587650-cf53-45a1-b064-f0cd67272ade req-6c587650-cf53-45a1-b064-f0cd67272ade ] Request (ServicesAdminTestJSON:tearDownClass): 200 GET http://10.180.1.21:9696/networking/v2.0/security-groups?tenant_id=9cfcddaec1c8459ea1580926790f89fe&name=default 0.238s
2025-04-03 05:08:59.104 69089 INFO tempest.lib.common.rest_client [req-fa313692-d44e-42e6-80b8-02899989be6c req-fa313692-d44e-42e6-80b8-02899989be6c ] Request (HostsAdminTestJSON:tearDownClass): 204 DELETE http://10.180.1.21/identity/v3/users/dbc4df12f9974ac790cd46d6fff43fbc 0.234s
2025-04-03 05:08:59.104 69089 INFO tempest.lib.common.dynamic_creds [-] Deleting project and security group for project: 654b2aef242b48a1a9f688b44f3a2336
2025-04-03 05:08:59.115 69041 INFO tempest.lib.common.rest_client [req-81f02c02-c9cd-4e9d-b2bc-7b7e6df77794 req-81f02c02-c9cd-4e9d-b2bc-7b7e6df77794 ] Request (HypervisorAdminV253TestBase:tearDownClass): 204 DELETE http://10.180.1.21/identity/v3/users/516e4f47765843ffa3691f8e3cf7c499 0.280s
2025-04-03 05:08:59.172 69061 INFO tempest.lib.common.rest_client [req-38bd6f7e-0bf9-4f5a-9e09-eed255d736d2 req-38bd6f7e-0bf9-4f5a-9e09-eed255d736d2 ] Request (ServicesAdminTestJSON:tearDownClass): 204 DELETE http://10.180.1.21:9696/networking/v2.0/security-groups/b9f48176-e313-4529-8edd-f16606d9021b 0.120s
2025-04-03 05:08:59.197 69081 INFO tempest.lib.common.rest_client [req-7e78b4a2-d4c4-4cfe-acf8-b68f2388eba8 req-7e78b4a2-d4c4-4cfe-acf8-b68f2388eba8 ] Request (ServerMetadataNegativeTestJSON:setUpClass): 201 POST http://10.180.1.21:9696/networking/v2.0/networks 0.397s
2025-04-03 05:08:59.220 69047 INFO tempest.lib.common.rest_client [req-18a82db3-00d3-42db-948d-01ff1ef28ce6 req-18a82db3-00d3-42db-948d-01ff1ef28ce6 ] Request (FlavorsAccessTestJSON:tearDownClass): 204 DELETE http://10.180.1.21/identity/v3/users/cfe95d4c35ac4bc297df780c37054de2 0.199s
2025-04-03 05:08:59.220 69047 INFO tempest.lib.common.dynamic_creds [-] Deleting project and security group for project: 7672ba8b7784408a93ffd4cb73ebb38e
2025-04-03 05:08:59.288 69089 INFO tempest.lib.common.rest_client [req-e4345497-a5b4-4d5e-a97b-236021a23ded req-e4345497-a5b4-4d5e-a97b-236021a23ded ] Request (HostsAdminTestJSON:tearDownClass): 201 POST http://10.180.1.21/identity/v3/auth/tokens 0.183s
2025-04-03 05:08:59.350 69061 INFO tempest.lib.common.rest_client [req-4a927e95-8e4b-4458-a07b-23a372a0f76c req-4a927e95-8e4b-4458-a07b-23a372a0f76c ] Request (ServicesAdminTestJSON:tearDownClass): 204 DELETE http://10.180.1.21/identity/v3/projects/9cfcddaec1c8459ea1580926790f89fe 0.178s
2025-04-03 05:08:59.350 69061 INFO tempest.lib.common.dynamic_creds [-] Deleting project and security group for project: 4b66ae42a21847a694a45d6765c46722
2025-04-03 05:08:59.359 69041 INFO tempest.lib.common.rest_client [req-5e43a836-9eac-421f-86fe-8406c98c6e92 req-5e43a836-9eac-421f-86fe-8406c98c6e92 ] Request (HypervisorAdminV253TestBase:tearDownClass): 204 DELETE http://10.180.1.21/identity/v3/users/f523126c5c814ced81ac76c9374ad6d0 0.244s
2025-04-03 05:08:59.359 69041 INFO tempest.lib.common.dynamic_creds [-] Deleting project and security group for project: c939358f8a1e4719b73339620b3828f4
2025-04-03 05:08:59.407 69047 INFO tempest.lib.common.rest_client [req-e80709fd-73a0-473e-928a-585e7dbf10b6 req-e80709fd-73a0-473e-928a-585e7dbf10b6 ] Request (FlavorsAccessTestJSON:tearDownClass): 201 POST http://10.180.1.21/identity/v3/auth/tokens 0.187s
2025-04-03 05:08:59.434 69041 INFO tempest.lib.common.rest_client [req-3e775590-de8f-4ab3-b528-9ee104fb2d1f req-3e775590-de8f-4ab3-b528-9ee104fb2d1f ] Request (HypervisorAdminV253TestBase:tearDownClass): 201 POST http://10.180.1.21/identity/v3/auth/tokens 0.074s
2025-04-03 05:08:59.459 69037 INFO tempest.lib.common.rest_client [req-a5e75cde-890e-4027-84b7-a1e4739873f6 req-a5e75cde-890e-4027-84b7-a1e4739873f6 ] Request (InstanceActionsNegativeTestJSON:setUpClass): 202 POST http://10.180.1.21/compute/v2.1/servers 2.472s
2025-04-03 05:08:59.532 69061 INFO tempest.lib.common.rest_client [req-f4804301-aa3a-460a-974e-2bbf00cc5fc5 req-f4804301-aa3a-460a-974e-2bbf00cc5fc5 ] Request (ServicesAdminTestJSON:tearDownClass): 200 GET http://10.180.1.21:9696/networking/v2.0/security-groups?tenant_id=4b66ae42a21847a694a45d6765c46722&name=default 0.182s
2025-04-03 05:08:59.550 69087 INFO tempest.lib.common.rest_client [req-dec0ebf1-bda5-4812-9b9b-94704df89e16 req-dec0ebf1-bda5-4812-9b9b-94704df89e16 ] Request (QuotasAdminTestJSON:test_delete_quota): 200 GET http://10.180.1.21/compute/v2.1/os-quota-sets/1657b9529e694bc0a04205cbdf94244e 2.146s
2025-04-03 05:08:59.695 69081 INFO tempest.lib.common.rest_client [req-54790b96-2a5f-4ca4-b787-a23a59441b1a req-54790b96-2a5f-4ca4-b787-a23a59441b1a ] Request (ServerMetadataNegativeTestJSON:setUpClass): 201 POST http://10.180.1.21:9696/networking/v2.0/subnets 0.497s
2025-04-03 05:08:59.721 69041 INFO tempest.lib.common.rest_client [req-b0b2bb26-68fd-4378-a0e3-3707b796a40f req-b0b2bb26-68fd-4378-a0e3-3707b796a40f ] Request (HypervisorAdminV253TestBase:tearDownClass): 200 GET http://10.180.1.21:9696/networking/v2.0/security-groups?tenant_id=c939358f8a1e4719b73339620b3828f4&name=default 0.287s
2025-04-03 05:08:59.731 69061 INFO tempest.lib.common.rest_client [req-105d0837-0b9c-44dc-8d1a-6350fb308f10 req-105d0837-0b9c-44dc-8d1a-6350fb308f10 ] Request (ServicesAdminTestJSON:tearDownClass): 204 DELETE http://10.180.1.21:9696/networking/v2.0/security-groups/e43f1956-2910-4909-b888-2ece0fe05c42 0.198s
2025-04-03 05:08:59.760 69091 INFO tempest.lib.common.rest_client [req-480f9703-049d-4c1c-9f52-f28cabea1fb9 req-480f9703-049d-4c1c-9f52-f28cabea1fb9 ] Request (ServerDiagnosticsTest:test_get_server_diagnostics): 200 GET http://10.180.1.21/compute/v2.1/servers/edebd8ca-0057-4999-98e7-28da99309ea6 2.318s
2025-04-03 05:08:59.810 69047 INFO tempest.lib.common.rest_client [req-34f845e2-a66e-4256-8eea-5f2cea3fbd72 req-34f845e2-a66e-4256-8eea-5f2cea3fbd72 ] Request (FlavorsAccessTestJSON:tearDownClass): 200 GET http://10.180.1.21:9696/networking/v2.0/security-groups?tenant_id=7672ba8b7784408a93ffd4cb73ebb38e&name=default 0.402s
2025-04-03 05:08:59.816 69061 INFO tempest.lib.common.rest_client [req-65b8a1b1-109e-4a01-afc6-57e833b360cc req-65b8a1b1-109e-4a01-afc6-57e833b360cc ] Request (ServicesAdminTestJSON:tearDownClass): 204 DELETE http://10.180.1.21/identity/v3/projects/4b66ae42a21847a694a45d6765c46722 0.084s
2025-04-03 05:08:59.833 69089 INFO tempest.lib.common.rest_client [req-d740c1bb-b8c8-4c96-b574-50b946913a89 req-d740c1bb-b8c8-4c96-b574-50b946913a89 ] Request (HostsAdminTestJSON:tearDownClass): 200 GET http://10.180.1.21:9696/networking/v2.0/security-groups?tenant_id=654b2aef242b48a1a9f688b44f3a2336&name=default 0.545s
2025-04-03 05:08:59.869 69097 INFO tempest.lib.common.rest_client [req-cf48e41a-39eb-43dd-bc8a-a5adf5cd6b10 req-cf48e41a-39eb-43dd-bc8a-a5adf5cd6b10 ] Request (VolumesAdminNegativeTest:test_update_attached_volume_with_nonexistent_volume_in_body): 200 GET http://10.180.1.21/compute/v2.1/servers/aa7a7d16-39b8-4da5-858b-81a8dfb381b4 2.332s
2025-04-03 05:08:59.898 69061 INFO tempest.lib.common.rest_client [req-eafd4912-2d02-4df0-bdb3-f8f296015e03 req-eafd4912-2d02-4df0-bdb3-f8f296015e03 ] Request (SecurityGroupRulesTestJSON:setUpClass): 201 POST http://10.180.1.21/identity/v3/auth/tokens 0.080s
2025-04-03 05:08:59.939 69061 INFO tempest.lib.common.rest_client [req-1cd03201-8bba-44a8-9cf7-9113bb808118 req-1cd03201-8bba-44a8-9cf7-9113bb808118 ] Request (SecurityGroupRulesTestJSON:setUpClass): 201 POST http://10.180.1.21/identity/v3/auth/tokens 0.037s
2025-04-03 05:08:59.983 69041 INFO tempest.lib.common.rest_client [req-12c3eb64-fac4-415d-ad63-a754243de148 req-12c3eb64-fac4-415d-ad63-a754243de148 ] Request (HypervisorAdminV253TestBase:tearDownClass): 204 DELETE http://10.180.1.21:9696/networking/v2.0/security-groups/4ebf44fa-b477-4ed4-84b7-3d939b749fe2 0.262s
2025-04-03 05:08:59.985 69061 INFO tempest.lib.common.rest_client [req-e4941cbc-7dd8-4800-91c2-ef5492f8f417 req-e4941cbc-7dd8-4800-91c2-ef5492f8f417 ] Request (SecurityGroupRulesTestJSON:setUpClass): 200 GET http://10.180.1.21/identity/v3/domains?name=Default 0.045s
2025-04-03 05:08:59.996 69045 INFO tempest.lib.common.rest_client [req-abd14841-dc63-4d43-8841-92e76392f651 req-abd14841-dc63-4d43-8841-92e76392f651 ] Request (SecurityGroupsTestAdminJSON:_run_cleanups): 202 DELETE http://10.180.1.21/compute/v2.1/os-security-groups/c4661163-32d6-4809-a849-eabc487898e5 2.529s
2025-04-03 05:09:00.029 69047 INFO tempest.lib.common.rest_client [req-eb19ea2b-9731-40b5-b741-9dd8ee94e799 req-eb19ea2b-9731-40b5-b741-9dd8ee94e799 ] Request (FlavorsAccessTestJSON:tearDownClass): 204 DELETE http://10.180.1.21:9696/networking/v2.0/security-groups/f9c2357e-2936-4b31-96d1-761311d0fbe9 0.218s
2025-04-03 05:09:00.066 69061 INFO tempest.lib.common.rest_client [req-1815d69f-e2d8-44f7-8f86-e745904eaab5 req-1815d69f-e2d8-44f7-8f86-e745904eaab5 ] Request (SecurityGroupRulesTestJSON:setUpClass): 201 POST http://10.180.1.21/identity/v3/projects 0.080s
2025-04-03 05:09:00.073 69085 INFO tempest.lib.common.rest_client [req-84cb9486-23a8-43b8-834b-46db9768daa6 req-84cb9486-23a8-43b8-834b-46db9768daa6 ] Request (ImagesNegativeTestJSON:test_create_image_from_deleted_server): 200 GET http://10.180.1.21/compute/v2.1/servers/e7aa3ecc-14b8-4191-8dde-c20cac4b798b 2.435s
2025-04-03 05:09:00.088 69041 INFO tempest.lib.common.rest_client [req-fa495757-3e29-4dd9-8596-86e9c6b3787c req-fa495757-3e29-4dd9-8596-86e9c6b3787c ] Request (HypervisorAdminV253TestBase:tearDownClass): 204 DELETE http://10.180.1.21/identity/v3/projects/c939358f8a1e4719b73339620b3828f4 0.104s
2025-04-03 05:09:00.089 69041 INFO tempest.lib.common.dynamic_creds [-] Deleting project and security group for project: cf982d6cba0545ed905e8b313541a3ab
2025-04-03 05:09:00.137 69089 INFO tempest.lib.common.rest_client [req-e70f0a7d-a557-4d4d-9668-abb6d5fc6f03 req-e70f0a7d-a557-4d4d-9668-abb6d5fc6f03 ] Request (HostsAdminTestJSON:tearDownClass): 204 DELETE http://10.180.1.21:9696/networking/v2.0/security-groups/bac2e57c-67e7-4de4-b46b-663786d8f37d 0.304s
2025-04-03 05:09:00.164 69061 INFO tempest.lib.common.rest_client [req-da006d5a-8b03-4665-a7cc-650f0a208472 req-da006d5a-8b03-4665-a7cc-650f0a208472 ] Request (SecurityGroupRulesTestJSON:setUpClass): 201 POST http://10.180.1.21/identity/v3/users 0.097s
2025-04-03 05:09:00.191 69047 INFO tempest.lib.common.rest_client [req-cbf290b7-3e92-43a7-bca0-786ffb6e89e8 req-cbf290b7-3e92-43a7-bca0-786ffb6e89e8 ] Request (FlavorsAccessTestJSON:tearDownClass): 204 DELETE http://10.180.1.21/identity/v3/projects/7672ba8b7784408a93ffd4cb73ebb38e 0.158s
2025-04-03 05:09:00.192 69047 INFO tempest.lib.common.dynamic_creds [-] Deleting project and security group for project: 4c624fe0963f4d13a9cc738463a1626d
2025-04-03 05:09:00.215 69077 INFO tempest.lib.common.rest_client [req-a24bb2d9-5552-478d-820d-40b718bb09ee req-a24bb2d9-5552-478d-820d-40b718bb09ee ] Request (FloatingIPsAssociationNegativeTestJSON:setUpClass): 200 GET http://10.180.1.21/compute/v2.1/servers/a43a884f-0d67-4dfe-b3b7-c1ffbcf0da6a 2.387s
2025-04-03 05:09:00.257 69061 INFO tempest.lib.common.rest_client [req-83a4efb4-9197-45c2-94a4-e82de8681c57 req-83a4efb4-9197-45c2-94a4-e82de8681c57 ] Request (SecurityGroupRulesTestJSON:setUpClass): 200 GET http://10.180.1.21/identity/v3/roles 0.093s
2025-04-03 05:09:00.288 69089 INFO tempest.lib.common.rest_client [req-b7af5bd8-0506-4100-9948-8ac1bc32e3ae req-b7af5bd8-0506-4100-9948-8ac1bc32e3ae ] Request (HostsAdminTestJSON:tearDownClass): 204 DELETE http://10.180.1.21/identity/v3/projects/654b2aef242b48a1a9f688b44f3a2336 0.151s
2025-04-03 05:09:00.289 69089 INFO tempest.lib.common.dynamic_creds [-] Deleting project and security group for project: a2099973e93142eda429b878a8d53dd9
2025-04-03 05:09:00.290 69051 INFO tempest.lib.common.rest_client [req-4238c26f-a133-4b26-8333-be8dab00b982 req-4238c26f-a133-4b26-8333-be8dab00b982 ] Request (VolumesAssistedSnapshotsTest:test_volume_assisted_snapshot_create_delete): 200 GET http://10.180.1.21/compute/v2.1/servers/b6e647b8-eb3c-4239-982d-ca62b54c75e7 2.291s
2025-04-03 05:09:00.356 69061 INFO tempest.lib.common.rest_client [req-a12e544c-c47a-4d04-a861-d0ff1735aa17 req-a12e544c-c47a-4d04-a861-d0ff1735aa17 ] Request (SecurityGroupRulesTestJSON:setUpClass): 204 PUT http://10.180.1.21/identity/v3/projects/c4a4a0c8a2e7492598b32db0cecdf47e/users/2232b5345e78421c8290b5fdb6ed44a2/roles/b4a1f3c4cde74758a51ae6bcff3e85ec 0.098s
2025-04-03 05:09:00.356 69061 INFO tempest.lib.common.dynamic_creds [-] Dynamic test user 2232b5345e78421c8290b5fdb6ed44a2 is created with scope project and roles: ['member']
2025-04-03 05:09:00.357 69061 INFO tempest.lib.common.dynamic_creds [-] Acquired dynamic creds: credentials: Credentials: {'domain_id': 'default', 'domain_name': 'Default', 'username': 'tempest-SecurityGroupRulesTestJSON-783046990-project-member', 'project_domain_id': 'default', 'project_domain_name': 'Default', 'project_id': 'c4a4a0c8a2e7492598b32db0cecdf47e', 'project_name': 'tempest-SecurityGroupRulesTestJSON-783046990', 'tenant_id': 'c4a4a0c8a2e7492598b32db0cecdf47e', 'tenant_name': 'tempest-SecurityGroupRulesTestJSON-783046990', 'user_domain_id': 'default', 'user_domain_name': 'Default', 'user_id': '2232b5345e78421c8290b5fdb6ed44a2', 'system': None}, Network: None, Subnet: None, Router: None
2025-04-03 05:09:00.420 69061 INFO tempest.lib.common.rest_client [req-97b72f56-a1df-4f89-8887-98c2fa51c878 req-97b72f56-a1df-4f89-8887-98c2fa51c878 ] Request (SecurityGroupRulesTestJSON:setUpClass): 201 POST http://10.180.1.21/identity/v3/auth/tokens 0.063s
2025-04-03 05:09:00.441 69063 INFO tempest.lib.common.rest_client [req-c1c8b0ab-c2b0-4ef7-a509-78750e7b0db4 req-c1c8b0ab-c2b0-4ef7-a509-78750e7b0db4 ] Request (QuotasAdminNegativeTest:_run_cleanups): 200 PUT http://10.180.1.21/compute/v2.1/os-quota-sets/28a9a611514945b3a5069ddd55a52283 2.462s
2025-04-03 05:09:00.479 69041 INFO tempest.lib.common.rest_client [req-e31c5470-b957-485d-9865-4c6c62bb69f8 req-e31c5470-b957-485d-9865-4c6c62bb69f8 ] Request (HypervisorAdminV253TestBase:tearDownClass): 200 GET http://10.180.1.21:9696/networking/v2.0/security-groups?tenant_id=cf982d6cba0545ed905e8b313541a3ab&name=default 0.390s
2025-04-03 05:09:00.545 69043 INFO tempest.lib.common.rest_client [req-604feb4d-e6c3-4051-be84-fdff7217dc1e req-604feb4d-e6c3-4051-be84-fdff7217dc1e ] Request (ServersAdminNegativeTestJSON:setUpClass): 200 GET http://10.180.1.21/compute/v2.1/servers/200c7a4e-3a97-430d-84db-d794454fbe0c 2.528s
2025-04-03 05:09:00.554 69043 INFO tempest.common.waiters [-] State transition "BUILD/spawning" ==> "ACTIVE/None" after 19 second wait
2025-04-03 05:09:00.615 69047 INFO tempest.lib.common.rest_client [req-1290301b-7e37-4232-a4cd-317b2665390a req-1290301b-7e37-4232-a4cd-317b2665390a ] Request (FlavorsAccessTestJSON:tearDownClass): 200 GET http://10.180.1.21:9696/networking/v2.0/security-groups?tenant_id=4c624fe0963f4d13a9cc738463a1626d&name=default 0.423s
2025-04-03 05:09:00.631 69055 INFO tempest.lib.common.rest_client [req-9a60d141-a66a-4262-8f08-b17014eea978 req-9a60d141-a66a-4262-8f08-b17014eea978 ] Request (ServerDiskConfigTestJSON:test_rebuild_server_with_auto_disk_config): 200 GET http://10.180.1.21/compute/v2.1/servers/374d0650-ce2d-4a13-89e0-e0575bb71d25 2.511s
2025-04-03 05:09:00.651 69035 INFO tempest.lib.common.rest_client [req-e2b2ad83-fd03-4f29-a101-4ce8648288a4 req-e2b2ad83-fd03-4f29-a101-4ce8648288a4 ] Request (ServerExternalEventsTest:test_create_server_external_events): 200 GET http://10.180.1.21/compute/v2.1/servers/bb10c136-09ea-45c8-8340-8a63efb396ff 2.589s
2025-04-03 05:09:00.659 69089 INFO tempest.lib.common.rest_client [req-534cb6a4-1499-4644-b445-7271656d6207 req-534cb6a4-1499-4644-b445-7271656d6207 ] Request (HostsAdminTestJSON:tearDownClass): 200 GET http://10.180.1.21:9696/networking/v2.0/security-groups?tenant_id=a2099973e93142eda429b878a8d53dd9&name=default 0.370s
2025-04-03 05:09:00.662 69035 INFO tempest.common.waiters [-] State transition "BUILD/networking" ==> "BUILD/spawning" after 15 second wait
2025-04-03 05:09:00.664 69041 INFO tempest.lib.common.rest_client [req-f19b434d-9762-40dc-8e9b-248ebb3eae95 req-f19b434d-9762-40dc-8e9b-248ebb3eae95 ] Request (HypervisorAdminV253TestBase:tearDownClass): 204 DELETE http://10.180.1.21:9696/networking/v2.0/security-groups/a5141001-792c-4623-81c4-0a19bb61b69a 0.185s
2025-04-03 05:09:00.691 69083 INFO tempest.lib.common.rest_client [req-7607b898-3d2d-4ad9-a4a9-f2018647336d req-7607b898-3d2d-4ad9-a4a9-f2018647336d ] Request (FloatingIPsNegativeTestJSON:test_delete_nonexistent_floating_ip): 404 DELETE http://10.180.1.21/compute/v2.1/os-floating-ips/47bb0dd5-3a37-40fd-8a21-c1f2129977f6 2.227s
2025-04-03 05:09:00.720 69053 INFO tempest.lib.common.rest_client [req-70508653-8d83-4d54-8b4a-92226185035a req-70508653-8d83-4d54-8b4a-92226185035a ] Request (FlavorsExtraSpecsNegativeTestJSON:tearDownClass): 200 GET http://10.180.1.21/compute/v2.1/flavors/detail 2.235s
2025-04-03 05:09:00.730 69041 INFO tempest.lib.common.rest_client [req-c8dc2a7f-9b78-486c-b5aa-3caa70162732 req-c8dc2a7f-9b78-486c-b5aa-3caa70162732 ] Request (HypervisorAdminV253TestBase:tearDownClass): 204 DELETE http://10.180.1.21/identity/v3/projects/cf982d6cba0545ed905e8b313541a3ab 0.065s
2025-04-03 05:09:00.732 69041 INFO tempest.test [-] raised in LiveAutoBlockMigrationV225Test.setUpClass. Invoking tearDownClass.
2025-04-03 05:09:00.743 69059 INFO tempest.lib.common.rest_client [req-02504557-097a-44a8-a389-731efdba4109 req-02504557-097a-44a8-a389-731efdba4109 ] Request (FlavorsAccessNegativeTestJSON:_run_cleanups): 200 GET http://10.180.1.21/compute/v2.1/flavors/detail 2.242s
2025-04-03 05:09:00.749 69039 INFO tempest.lib.common.rest_client [req-527492ed-a235-438a-a6a8-ef3490a69bed req-527492ed-a235-438a-a6a8-ef3490a69bed ] Request (HostsAdminNegativeTestJSON:test_update_host_without_param): 400 PUT http://10.180.1.21/compute/v2.1/os-hosts/devstack 2.217s
2025-04-03 05:09:00.809 69041 INFO tempest.lib.common.rest_client [req-953b8de1-2cdb-4d70-80bf-c5c0aa265f6d req-953b8de1-2cdb-4d70-80bf-c5c0aa265f6d ] Request (ImagesMetadataNegativeTestJSON:setUpClass): 201 POST http://10.180.1.21/identity/v3/auth/tokens 0.074s
2025-04-03 05:09:00.839 69073 INFO tempest.lib.common.rest_client [req-442b098b-f1a2-490c-930a-653ad123f1df req-442b098b-f1a2-490c-930a-653ad123f1df ] Request (ImagesOneServerTestJSON:setUpClass): 200 GET http://10.180.1.21/compute/v2.1/servers/3ec4528a-688d-4024-bd20-4dd5783c75aa 2.646s
2025-04-03 05:09:00.844 69041 INFO tempest.lib.common.rest_client [req-fa098f48-300c-4132-af65-ee6336536383 req-fa098f48-300c-4132-af65-ee6336536383 ] Request (ImagesMetadataNegativeTestJSON:setUpClass): 201 POST http://10.180.1.21/identity/v3/auth/tokens 0.032s
2025-04-03 05:09:00.856 69073 INFO tempest.common.waiters [-] State transition "BUILD/None" ==> "BUILD/spawning" after 15 second wait
2025-04-03 05:09:00.874 69041 INFO tempest.lib.common.rest_client [req-563eefce-b077-49d7-8b55-9070e7c63c99 req-563eefce-b077-49d7-8b55-9070e7c63c99 ] Request (ImagesMetadataNegativeTestJSON:setUpClass): 200 GET http://10.180.1.21/identity/v3/domains?name=Default 0.030s
2025-04-03 05:09:00.886 69047 INFO tempest.lib.common.rest_client [req-768dccd4-1fc7-42d1-8473-db084042c513 req-768dccd4-1fc7-42d1-8473-db084042c513 ] Request (FlavorsAccessTestJSON:tearDownClass): 204 DELETE http://10.180.1.21:9696/networking/v2.0/security-groups/181c0835-03ac-44fa-a3d5-98ae7b7d23f0 0.271s
2025-04-03 05:09:00.903 69089 INFO tempest.lib.common.rest_client [req-d7d620f1-ed0c-4418-a577-6a4da37e149b req-d7d620f1-ed0c-4418-a577-6a4da37e149b ] Request (HostsAdminTestJSON:tearDownClass): 204 DELETE http://10.180.1.21:9696/networking/v2.0/security-groups/a780e017-a9fc-4fb2-838c-165e9d600bda 0.243s
2025-04-03 05:09:00.919 69053 INFO tempest.lib.common.rest_client [req-7389a1e7-e623-4f54-a0ae-5f61b700f92b req-7389a1e7-e623-4f54-a0ae-5f61b700f92b ] Request (FlavorsExtraSpecsNegativeTestJSON:tearDownClass): 204 DELETE http://10.180.1.21/identity/v3/users/5e51fe7756a2419d9d427bf3979c2282 0.192s
2025-04-03 05:09:00.959 69061 INFO tempest.lib.common.rest_client [req-0b0cd05f-6272-4cdd-97d9-50cfb270c286 req-0b0cd05f-6272-4cdd-97d9-50cfb270c286 ] Request (SecurityGroupRulesTestJSON:setUpClass): 201 POST http://10.180.1.21:9696/networking/v2.0/networks 0.538s
2025-04-03 05:09:00.965 69041 INFO tempest.lib.common.rest_client [req-6da87789-bcf7-4bda-b26e-88c39e62343e req-6da87789-bcf7-4bda-b26e-88c39e62343e ] Request (ImagesMetadataNegativeTestJSON:setUpClass): 201 POST http://10.180.1.21/identity/v3/projects 0.090s
2025-04-03 05:09:01.025 69067 INFO tempest.lib.common.rest_client [req-6ef38e40-3341-47ae-8ce3-97c2b0e08b02 req-6ef38e40-3341-47ae-8ce3-97c2b0e08b02 ] Request (FloatingIPsTestJSON:test_allocate_floating_ip): 200 GET http://10.180.1.21/compute/v2.1/os-floating-ips/0db3ab72-04ac-4a7f-98a3-dc06618b8a76 2.259s
2025-04-03 05:09:01.060 69093 INFO tempest.lib.common.rest_client [req-c0ad1676-59d7-41b8-a670-62308d0c6618 req-c0ad1676-59d7-41b8-a670-62308d0c6618 ] Request (AggregatesAdminNegativeTestJSON:test_aggregate_add_non_exist_host): 404 POST http://10.180.1.21/compute/v2.1/os-aggregates/3/action 2.254s
2025-04-03 05:09:01.065 69047 INFO tempest.lib.common.rest_client [req-95f4e8ae-235b-4b66-aff9-3dbe86ecf95b req-95f4e8ae-235b-4b66-aff9-3dbe86ecf95b ] Request (FlavorsAccessTestJSON:tearDownClass): 204 DELETE http://10.180.1.21/identity/v3/projects/4c624fe0963f4d13a9cc738463a1626d 0.177s
2025-04-03 05:09:01.077 69089 INFO tempest.lib.common.rest_client [req-cbc2d654-178a-432c-9597-d144c1b1ee8d req-cbc2d654-178a-432c-9597-d144c1b1ee8d ] Request (HostsAdminTestJSON:tearDownClass): 204 DELETE http://10.180.1.21/identity/v3/projects/a2099973e93142eda429b878a8d53dd9 0.173s
2025-04-03 05:09:01.078 69089 INFO tempest.test [-] raised in UnshelveToHostMultiNodesTest.setUpClass. Invoking tearDownClass.
2025-04-03 05:09:01.151 69081 INFO tempest.lib.common.rest_client [req-7c43b137-69e8-49e3-b53f-37a10ad6264b req-7c43b137-69e8-49e3-b53f-37a10ad6264b ] Request (ServerMetadataNegativeTestJSON:setUpClass): 201 POST http://10.180.1.21:9696/networking/v2.0/routers 1.456s
2025-04-03 05:09:01.178 69041 INFO tempest.lib.common.rest_client [req-99099e90-348c-41ef-a359-2b109b51304a req-99099e90-348c-41ef-a359-2b109b51304a ] Request (ImagesMetadataNegativeTestJSON:setUpClass): 201 POST http://10.180.1.21/identity/v3/users 0.212s
2025-04-03 05:09:01.221 69053 INFO tempest.lib.common.rest_client [req-7821c00c-ed5d-4871-9f02-137f26a69cab req-7821c00c-ed5d-4871-9f02-137f26a69cab ] Request (FlavorsExtraSpecsNegativeTestJSON:tearDownClass): 204 DELETE http://10.180.1.21/identity/v3/users/fad01c1e1bab4b6091df35a75aca3f97 0.302s
2025-04-03 05:09:01.222 69053 INFO tempest.lib.common.dynamic_creds [-] Deleting project and security group for project: d20bea85b1ef4d8ba5b73c951506bbab
2025-04-03 05:09:01.238 69047 INFO tempest.lib.common.rest_client [req-9be4baa9-ec85-4415-bb1c-4de1c07b008f req-9be4baa9-ec85-4415-bb1c-4de1c07b008f ] Request (QuotaClassesAdmin257Test:setUpClass): 201 POST http://10.180.1.21/identity/v3/auth/tokens 0.171s
2025-04-03 05:09:01.290 69061 INFO tempest.lib.common.rest_client [req-d5b146f8-0c33-41cd-b46f-9280a68cbaad req-d5b146f8-0c33-41cd-b46f-9280a68cbaad ] Request (SecurityGroupRulesTestJSON:setUpClass): 201 POST http://10.180.1.21:9696/networking/v2.0/subnets 0.329s
2025-04-03 05:09:01.292 69089 INFO tempest.lib.common.rest_client [req-e63ba857-7575-4c56-a479-370ce8e3a8de req-e63ba857-7575-4c56-a479-370ce8e3a8de ] Request (FloatingIPDetailsTestJSON:setUpClass): 201 POST http://10.180.1.21/identity/v3/auth/tokens 0.211s
2025-04-03 05:09:01.319 69053 INFO tempest.lib.common.rest_client [req-eb4793b9-78b0-4e13-ba31-3dd0d1a32afa req-eb4793b9-78b0-4e13-ba31-3dd0d1a32afa ] Request (FlavorsExtraSpecsNegativeTestJSON:tearDownClass): 201 POST http://10.180.1.21/identity/v3/auth/tokens 0.097s
2025-04-03 05:09:01.320 69041 INFO tempest.lib.common.rest_client [req-b1cbb50d-533b-4b3d-a0ad-e1a8c24cc793 req-b1cbb50d-533b-4b3d-a0ad-e1a8c24cc793 ] Request (ImagesMetadataNegativeTestJSON:setUpClass): 200 GET http://10.180.1.21/identity/v3/roles 0.141s
2025-04-03 05:09:01.346 69089 INFO tempest.lib.common.rest_client [req-7a86bbf6-0858-4314-b210-6031092c2092 req-7a86bbf6-0858-4314-b210-6031092c2092 ] Request (FloatingIPDetailsTestJSON:setUpClass): 201 POST http://10.180.1.21/identity/v3/auth/tokens 0.048s
2025-04-03 05:09:01.346 69047 INFO tempest.lib.common.rest_client [req-6fd866cd-80b0-4865-b437-9c6929389ce0 req-6fd866cd-80b0-4865-b437-9c6929389ce0 ] Request (QuotaClassesAdmin257Test:setUpClass): 201 POST http://10.180.1.21/identity/v3/auth/tokens 0.106s
2025-04-03 05:09:01.400 69065 INFO tempest.lib.common.rest_client [req-45ec5f84-2fea-4d09-9949-703c7ead8294 req-45ec5f84-2fea-4d09-9949-703c7ead8294 ] Request (DeleteServersAdminTestJSON:test_admin_delete_servers_of_others): 200 GET http://10.180.1.21/compute/v2.1/servers/6ecc2785-9f3d-4893-8747-01881c529b01 2.209s
2025-04-03 05:09:01.405 69041 INFO tempest.lib.common.rest_client [req-414e7953-9264-4b5c-ba5c-632ffa9d6ba6 req-414e7953-9264-4b5c-ba5c-632ffa9d6ba6 ] Request (ImagesMetadataNegativeTestJSON:setUpClass): 204 PUT http://10.180.1.21/identity/v3/projects/bad4224c5c024d60979030364984cc7a/users/621c625f211246c18951eafd64339b0e/roles/b4a1f3c4cde74758a51ae6bcff3e85ec 0.085s
2025-04-03 05:09:01.406 69041 INFO tempest.lib.common.dynamic_creds [-] Dynamic test user 621c625f211246c18951eafd64339b0e is created with scope project and roles: ['member']
2025-04-03 05:09:01.406 69041 INFO tempest.lib.common.dynamic_creds [-] Acquired dynamic creds: credentials: Credentials: {'domain_id': 'default', 'domain_name': 'Default', 'username': 'tempest-ImagesMetadataNegativeTestJSON-702033329-project-member', 'project_domain_id': 'default', 'project_domain_name': 'Default', 'project_id': 'bad4224c5c024d60979030364984cc7a', 'project_name': 'tempest-ImagesMetadataNegativeTestJSON-702033329', 'tenant_id': 'bad4224c5c024d60979030364984cc7a', 'tenant_name': 'tempest-ImagesMetadataNegativeTestJSON-702033329', 'user_domain_id': 'default', 'user_domain_name': 'Default', 'user_id': '621c625f211246c18951eafd64339b0e', 'system': None}, Network: None, Subnet: None, Router: None
2025-04-03 05:09:01.406 69041 INFO tempest.lib.common.dynamic_creds [-] Created isolated network resources for: credentials: Credentials: {'domain_id': 'default', 'domain_name': 'Default', 'username': 'tempest-ImagesMetadataNegativeTestJSON-702033329-project-member', 'project_domain_id': 'default', 'project_domain_name': 'Default', 'project_id': 'bad4224c5c024d60979030364984cc7a', 'project_name': 'tempest-ImagesMetadataNegativeTestJSON-702033329', 'tenant_id': 'bad4224c5c024d60979030364984cc7a', 'tenant_name': 'tempest-ImagesMetadataNegativeTestJSON-702033329', 'user_domain_id': 'default', 'user_domain_name': 'Default', 'user_id': '621c625f211246c18951eafd64339b0e', 'system': None}, Network: None, Subnet: None, Router: None
2025-04-03 05:09:01.414 69065 INFO tempest.common.waiters [-] State transition "BUILD/spawning" ==> "ACTIVE/None" after 19 second wait
2025-04-03 05:09:01.466 69047 INFO tempest.lib.common.rest_client [req-6d97a7e8-3562-493f-bc7f-5ae369dd887f req-6d97a7e8-3562-493f-bc7f-5ae369dd887f ] Request (QuotaClassesAdmin257Test:setUpClass): 200 GET http://10.180.1.21/identity/v3/domains?name=Default 0.119s
2025-04-03 05:09:01.490 69089 INFO tempest.lib.common.rest_client [req-7dcec230-2436-4c13-b597-8f1b75fa03af req-7dcec230-2436-4c13-b597-8f1b75fa03af ] Request (FloatingIPDetailsTestJSON:setUpClass): 200 GET http://10.180.1.21/identity/v3/domains?name=Default 0.143s
2025-04-03 05:09:01.496 69069 INFO tempest.lib.common.rest_client [req-05d5a136-b39d-4f49-9459-3c0f870c96f1 req-05d5a136-b39d-4f49-9459-3c0f870c96f1 ] Request (MigrationsAdminTest:test_list_migrations_in_flavor_resize_situation): 200 GET http://10.180.1.21/compute/v2.1/servers/c4c0b400-4df0-4fcc-945f-048fa69502b0 2.227s
2025-04-03 05:09:01.506 69069 INFO tempest.common.waiters [-] State transition "BUILD/None" ==> "BUILD/networking" after 16 second wait
2025-04-03 05:09:01.517 69047 INFO tempest.lib.common.rest_client [req-870cab8c-de77-4ed6-aaff-be3b92ca09f1 req-870cab8c-de77-4ed6-aaff-be3b92ca09f1 ] Request (QuotaClassesAdmin257Test:setUpClass): 201 POST http://10.180.1.21/identity/v3/projects 0.050s
2025-04-03 05:09:01.544 69041 INFO tempest.lib.common.rest_client [req-5d74ca49-f917-485d-9429-47db3a877745 req-5d74ca49-f917-485d-9429-47db3a877745 ] Request (ImagesMetadataNegativeTestJSON:setUpClass): 201 POST http://10.180.1.21/identity/v3/auth/tokens 0.128s
