2025-04-03 05:09:18.236 69073 INFO tempest.lib.common.rest_client [req-e8a6ce0c-fc92-4aca-a3b8-fa357351feaa req-e8a6ce0c-fc92-4aca-a3b8-fa357351feaa ] Request (ImagesOneServerTestJSON:test_create_delete_image): 202 POST http://10.180.1.21/compute/v2.1/servers/3ec4528a-688d-4024-bd20-4dd5783c75aa/action 2.963s
2025-04-03 05:09:18.238 69093 INFO tempest.lib.common.rest_client [req-c5e52197-d776-4b3d-a017-654c38f92210 req-c5e52197-d776-4b3d-a017-654c38f92210 ] Request (AggregatesAdminNegativeTestJSON:test_aggregate_delete_as_user): 403 DELETE http://10.180.1.21/compute/v2.1/os-aggregates/5 2.671s
2025-04-03 05:09:18.266 69039 INFO tempest.lib.common.rest_client [req-eae32862-546d-47cc-be60-f2f7f0bc5f00 req-eae32862-546d-47cc-be60-f2f7f0bc5f00 ] Request (HypervisorAdminNegativeUnderV252Test:tearDownClass): 200 GET http://10.180.1.21:9696/networking/v2.0/security-groups?tenant_id=df67f571c50041c78480656658dc3d1c&name=default 0.136s
2025-04-03 05:09:18.316 69095 INFO tempest.lib.common.rest_client [req-9f06bd58-f290-470a-9c78-9011234179c4 req-9f06bd58-f290-470a-9c78-9011234179c4 ] Request (ServerDiagnosticsNegativeTest:test_get_server_diagnostics_by_non_admin): 200 GET http://10.180.1.21/compute/v2.1/servers/7697d3a7-6aea-43e6-8949-8fab20edc109 2.563s
2025-04-03 05:09:18.347 69045 INFO tempest.lib.common.rest_client [req-6c33ae05-817f-432b-b8d6-a6529d125161 req-6c33ae05-817f-432b-b8d6-a6529d125161 ] Request (ListServerFiltersTestJSON:setUpClass): 201 POST http://10.180.1.21/identity/v3/auth/tokens 0.105s
2025-04-03 05:09:18.351 69045 INFO tempest.lib.common.fixed_network [-] (ListServerFiltersTestJSON:setUpClass) Found network {'id': '3ca41c41-83b8-4d68-87ad-d17786dda6d3', 'name': 'tempest-ListServerFiltersTestJSON-239235667-network', 'tenant_id': 'a6d9364766e54fbdaa81c598199cae93', 'admin_state_up': True, 'mtu': 8950, 'status': 'ACTIVE', 'subnets': [], 'shared': False, 'project_id': 'a6d9364766e54fbdaa81c598199cae93', 'port_security_enabled': True, 'router:external': False, 'provider:network_type': 'vlan', 'provider:physical_network': 'default', 'provider:segmentation_id': 560, 'availability_zone_hints': [], 'availability_zones': [], 'ipv4_address_scope': None, 'ipv6_address_scope': None, 'description': '', 'tags': [], 'created_at': '2025-04-03T05:09:14Z', 'updated_at': '2025-04-03T05:09:14Z', 'revision_number': 1} available for tenant
2025-04-03 05:09:18.396 69039 INFO tempest.lib.common.rest_client [req-74e59faf-828c-47cb-968b-f89c2134c847 req-74e59faf-828c-47cb-968b-f89c2134c847 ] Request (HypervisorAdminNegativeUnderV252Test:tearDownClass): 204 DELETE http://10.180.1.21:9696/networking/v2.0/security-groups/4ac54817-16a4-4ca2-971b-b0f59b770904 0.130s
2025-04-03 05:09:18.507 69079 INFO tempest.lib.common.rest_client [req-5005c54f-4e15-44df-a9f9-3b8beddfa629 req-5005c54f-4e15-44df-a9f9-3b8beddfa629 ] Request (ServerShowV257Test:test_rebuild_server): 202 POST http://10.180.1.21/compute/v2.1/servers/4c68e575-bab6-47fa-999a-74403e1f67e5/action 3.123s
2025-04-03 05:09:18.575 69039 INFO tempest.lib.common.rest_client [req-5b3849d0-6fa2-4ba8-ba8b-c86c97ff1188 req-5b3849d0-6fa2-4ba8-ba8b-c86c97ff1188 ] Request (HypervisorAdminNegativeUnderV252Test:tearDownClass): 204 DELETE http://10.180.1.21/identity/v3/projects/df67f571c50041c78480656658dc3d1c 0.179s
2025-04-03 05:09:18.634 69083 INFO tempest.lib.common.rest_client [req-a5437619-9db1-46f3-902f-7e6efb28e86f req-a5437619-9db1-46f3-902f-7e6efb28e86f ] Request (ServersTestManualDisk:setUpClass): 200 GET http://10.180.1.21/compute/v2.1/servers/5b30f28e-de93-4d4c-9e78-58ed2735eacb 2.819s
2025-04-03 05:09:18.646 69083 INFO tempest.common.waiters [-] State transition "BUILD/scheduling" ==> "BUILD/None" after 4 second wait
2025-04-03 05:09:18.679 69039 INFO tempest.lib.common.rest_client [req-547d7190-233c-4788-b498-872292db1896 req-547d7190-233c-4788-b498-872292db1896 ] Request (ListServersNegativeTestJSON:setUpClass): 201 POST http://10.180.1.21/identity/v3/auth/tokens 0.102s
2025-04-03 05:09:18.721 69091 INFO tempest.lib.common.rest_client [req-459b2706-970c-4a8b-ad54-ea96698b49e0 req-459b2706-970c-4a8b-ad54-ea96698b49e0 ] Request (ServerDiagnosticsTest:tearDownClass): 200 GET http://10.180.1.21/compute/v2.1/servers/edebd8ca-0057-4999-98e7-28da99309ea6 2.826s
2025-04-03 05:09:18.724 69039 INFO tempest.lib.common.rest_client [req-ace7a86c-9e5a-4df6-abec-9d61de069e5b req-ace7a86c-9e5a-4df6-abec-9d61de069e5b ] Request (ListServersNegativeTestJSON:setUpClass): 201 POST http://10.180.1.21/identity/v3/auth/tokens 0.039s
2025-04-03 05:09:18.770 69039 INFO tempest.lib.common.rest_client [req-aab08dd7-352f-4ee8-8650-3ad0f494e0e5 req-aab08dd7-352f-4ee8-8650-3ad0f494e0e5 ] Request (ListServersNegativeTestJSON:setUpClass): 200 GET http://10.180.1.21/identity/v3/domains?name=Default 0.045s
2025-04-03 05:09:18.786 69065 INFO tempest.lib.common.rest_client [req-ba69d304-ca35-46be-97b5-985f7efa2b92 req-ba69d304-ca35-46be-97b5-985f7efa2b92 ] Request (DeleteServersAdminTestJSON:test_admin_delete_servers_of_others): 200 GET http://10.180.1.21/compute/v2.1/servers/6ecc2785-9f3d-4893-8747-01881c529b01 2.919s
2025-04-03 05:09:18.825 69039 INFO tempest.lib.common.rest_client [req-29fcaea1-c227-4601-a22c-d10a9c206857 req-29fcaea1-c227-4601-a22c-d10a9c206857 ] Request (ListServersNegativeTestJSON:setUpClass): 201 POST http://10.180.1.21/identity/v3/projects 0.054s
2025-04-03 05:09:18.886 69097 INFO tempest.lib.common.rest_client [req-e8dbeb26-ed68-4b9e-8b90-6c09c831bb9e req-e8dbeb26-ed68-4b9e-8b90-6c09c831bb9e ] Request (VolumesAdminNegativeTest:test_update_attached_volume_with_nonexistent_volume_in_body): 200 GET http://10.180.1.21/compute/v2.1/servers/aa7a7d16-39b8-4da5-858b-81a8dfb381b4 2.961s
2025-04-03 05:09:18.894 69097 INFO tempest.common.waiters [-] State transition "BUILD/None" ==> "BUILD/spawning" after 28 second wait
2025-04-03 05:09:18.894 69039 INFO tempest.lib.common.rest_client [req-1d5b7e69-62a2-4d73-a718-9cb07a8ae7de req-1d5b7e69-62a2-4d73-a718-9cb07a8ae7de ] Request (ListServersNegativeTestJSON:setUpClass): 201 POST http://10.180.1.21/identity/v3/users 0.068s
2025-04-03 05:09:18.922 69039 INFO tempest.lib.common.rest_client [req-33a83b60-f3dc-4cbb-8ab5-df0d91090e09 req-33a83b60-f3dc-4cbb-8ab5-df0d91090e09 ] Request (ListServersNegativeTestJSON:setUpClass): 200 GET http://10.180.1.21/identity/v3/roles 0.028s
2025-04-03 05:09:18.962 69055 INFO tempest.lib.common.rest_client [req-1b0a467a-55fb-41ee-b586-d80e052b77c4 req-1b0a467a-55fb-41ee-b586-d80e052b77c4 ] Request (ServerDiskConfigTestJSON:test_rebuild_server_with_auto_disk_config): 200 GET http://10.180.1.21/compute/v2.1/servers/374d0650-ce2d-4a13-89e0-e0575bb71d25 2.985s
2025-04-03 05:09:18.965 69039 INFO tempest.lib.common.rest_client [req-dc59429e-fb0c-40d8-8a63-797b80fe7eab req-dc59429e-fb0c-40d8-8a63-797b80fe7eab ] Request (ListServersNegativeTestJSON:setUpClass): 204 PUT http://10.180.1.21/identity/v3/projects/801710260b6f4c14be101fda9743fc75/users/cf738b4dbefc4296959ebb2c77b6a6e2/roles/b4a1f3c4cde74758a51ae6bcff3e85ec 0.042s
2025-04-03 05:09:18.965 69039 INFO tempest.lib.common.dynamic_creds [-] Dynamic test user cf738b4dbefc4296959ebb2c77b6a6e2 is created with scope project and roles: ['member']
2025-04-03 05:09:18.965 69039 INFO tempest.lib.common.dynamic_creds [-] Acquired dynamic creds: credentials: Credentials: {'domain_id': 'default', 'domain_name': 'Default', 'username': 'tempest-ListServersNegativeTestJSON-1240900774-project-member', 'project_domain_id': 'default', 'project_domain_name': 'Default', 'project_id': '801710260b6f4c14be101fda9743fc75', 'project_name': 'tempest-ListServersNegativeTestJSON-1240900774', 'tenant_id': '801710260b6f4c14be101fda9743fc75', 'tenant_name': 'tempest-ListServersNegativeTestJSON-1240900774', 'user_domain_id': 'default', 'user_domain_name': 'Default', 'user_id': 'cf738b4dbefc4296959ebb2c77b6a6e2', 'system': None}, Network: None, Subnet: None, Router: None
2025-04-03 05:09:18.980 69051 INFO tempest.lib.common.rest_client [req-e8b3d8e8-173a-4059-9f4a-ec41c51b660b req-e8b3d8e8-173a-4059-9f4a-ec41c51b660b ] Request (VolumesAssistedSnapshotsTest:test_volume_assisted_snapshot_create_delete): 200 GET http://10.180.1.21/compute/v2.1/servers/b6e647b8-eb3c-4239-982d-ca62b54c75e7 3.028s
2025-04-03 05:09:18.996 69051 INFO tempest.common.waiters [-] State transition "BUILD/None" ==> "BUILD/block_device_mapping" after 24 second wait
2025-04-03 05:09:19.028 69049 INFO tempest.lib.common.rest_client [req-4e9ebb6e-a39d-4762-875c-6993859c0b57 req-4e9ebb6e-a39d-4762-875c-6993859c0b57 ] Request (ServersWithSpecificFlavorTestJSON:test_verify_created_server_ephemeral_disk): 200 GET http://10.180.1.21/compute/v2.1/servers/82220255-c18d-442f-8138-36976ea677e2 2.988s
2025-04-03 05:09:19.043 69039 INFO tempest.lib.common.rest_client [req-2f7b3ab4-fce9-4822-8d06-4822cd55700b req-2f7b3ab4-fce9-4822-8d06-4822cd55700b ] Request (ListServersNegativeTestJSON:setUpClass): 201 POST http://10.180.1.21/identity/v3/auth/tokens 0.077s
2025-04-03 05:09:19.050 69043 INFO tempest.lib.common.rest_client [req-09ac5c0b-9da5-4be3-955b-6bdf152f6c3f req-09ac5c0b-9da5-4be3-955b-6bdf152f6c3f ] Request (ServersAdminNegativeTestJSON:test_migrate_server_invalid_state): 200 GET http://10.180.1.21/compute/v2.1/servers/f002c0d1-f86f-48f0-a072-2799154f02c6 2.929s
2025-04-03 05:09:19.058 69043 INFO tempest.common.waiters [-] State transition "BUILD/scheduling" ==> "BUILD/None" after 12 second wait
2025-04-03 05:09:19.116 69037 INFO tempest.lib.common.rest_client [req-fb6fca1d-f11c-4aa8-b4de-b1a7dd32ce71 req-fb6fca1d-f11c-4aa8-b4de-b1a7dd32ce71 ] Request (InstanceActionsNegativeTestJSON:setUpClass): 200 GET http://10.180.1.21/compute/v2.1/servers/5081c6f3-1885-4867-91fd-5f6781eade03 2.818s
2025-04-03 05:09:19.137 69081 INFO tempest.lib.common.rest_client [req-5e9412f9-8410-4a21-bc21-342138ac2057 req-5e9412f9-8410-4a21-bc21-342138ac2057 ] Request (ServerMetadataNegativeTestJSON:setUpClass): 200 GET http://10.180.1.21/compute/v2.1/servers/39c5bacc-414f-4070-b14f-04d2728c8e47 2.685s
2025-04-03 05:09:19.147 69081 INFO tempest.common.waiters [-] State transition "BUILD/scheduling" ==> "BUILD/None" after 12 second wait
2025-04-03 05:09:19.250 69069 INFO tempest.lib.common.rest_client [req-39b4a8ce-82d4-4c54-b68b-ddf346c8d6e5 req-39b4a8ce-82d4-4c54-b68b-ddf346c8d6e5 ] Request (MigrationsAdminTest:test_list_migrations_in_flavor_resize_situation): 200 GET http://10.180.1.21/compute/v2.1/servers/c4c0b400-4df0-4fcc-945f-048fa69502b0 2.766s
2025-04-03 05:09:19.265 69069 INFO tempest.common.waiters [-] State transition "BUILD/spawning" ==> "ACTIVE/None" after 34 second wait
2025-04-03 05:09:19.289 69057 INFO tempest.lib.common.rest_client [req-91726e5d-74cb-4848-8f22-0e5acdf97e27 req-91726e5d-74cb-4848-8f22-0e5acdf97e27 ] Request (FloatingIPsAssociationTestJSON:setUpClass): 200 GET http://10.180.1.21/compute/v2.1/servers/2e13436b-a77a-4d4d-80de-0450ae3118ff 2.743s
2025-04-03 05:09:19.296 69057 INFO tempest.common.waiters [-] State transition "BUILD/spawning" ==> "ACTIVE/None" after 33 second wait
2025-04-03 05:09:19.312 69085 INFO tempest.lib.common.rest_client [req-0a36a9f0-ddf9-4626-adc3-2eb5a205c612 req-0a36a9f0-ddf9-4626-adc3-2eb5a205c612 ] Request (ImagesNegativeTestJSON:test_create_image_from_deleted_server): 200 GET http://10.180.1.21/compute/v2.1/servers/e7aa3ecc-14b8-4191-8dde-c20cac4b798b 2.759s
2025-04-03 05:09:19.333 69039 INFO tempest.lib.common.rest_client [req-c801ff62-f7ed-4f19-9ff3-8b90d11d4ebf req-c801ff62-f7ed-4f19-9ff3-8b90d11d4ebf ] Request (ListServersNegativeTestJSON:setUpClass): 201 POST http://10.180.1.21:9696/networking/v2.0/networks 0.289s
2025-04-03 05:09:19.378 69089 INFO tempest.lib.common.rest_client [req-ee45a238-1850-4b04-bb7c-0837af963f09 req-ee45a238-1850-4b04-bb7c-0837af963f09 ] Request (FloatingIPDetailsTestJSON:test_get_floating_ip_details): 200 GET http://10.180.1.21/compute/v2.1/os-floating-ips/aabfc735-990c-4a4f-9f5b-d703df663bbd 2.304s
2025-04-03 05:09:19.434 69041 INFO tempest.lib.common.rest_client [req-8d9c0ac3-fda1-415e-8002-e0f87ca1c26b req-8d9c0ac3-fda1-415e-8002-e0f87ca1c26b ] Request (ValidationResourcesFixture:setUp): 201 POST http://10.180.1.21/compute/v2.1/os-keypairs 2.394s
2025-04-03 05:09:19.500 69039 INFO tempest.lib.common.rest_client [req-ba096f54-ecae-4c3d-b651-38de19842074 req-ba096f54-ecae-4c3d-b651-38de19842074 ] Request (ListServersNegativeTestJSON:setUpClass): 201 POST http://10.180.1.21:9696/networking/v2.0/subnets 0.167s
2025-04-03 05:09:19.561 69035 INFO tempest.lib.common.rest_client [req-da2e8b8d-cd5d-46c7-8e45-6100d8f7c820 req-da2e8b8d-cd5d-46c7-8e45-6100d8f7c820 ] Request (ServerExternalEventsTest:tearDownClass): 200 GET http://10.180.1.21/compute/v2.1/servers/bb10c136-09ea-45c8-8340-8a63efb396ff 2.333s
2025-04-03 05:09:19.567 69041 INFO tempest.lib.common.rest_client [req-26a303f4-ae2e-4c56-a4b1-68106a5203dc req-26a303f4-ae2e-4c56-a4b1-68106a5203dc ] Request (ValidationResourcesFixture:setUp): 201 POST http://10.180.1.21:9696/networking/v2.0/security-groups 0.131s
2025-04-03 05:09:19.576 69053 INFO tempest.lib.common.rest_client [req-1222d241-d1b1-4053-86c9-b34679ffcde1 req-1222d241-d1b1-4053-86c9-b34679ffcde1 ] Request (KeyPairsV210TestJSON:_run_cleanups): 204 DELETE http://10.180.1.21/compute/v2.1/os-keypairs/tempest-keypair-1028060353?user_id=2b8121ac75bd4d27ab70531e6e925c7d 2.020s
2025-04-03 05:09:19.672 69053 INFO tempest.lib.common.rest_client [req-378099db-29ad-4e5d-b1df-d3f9a0bdea5e req-378099db-29ad-4e5d-b1df-d3f9a0bdea5e ] Request (KeyPairsV210TestJSON:tearDownClass): 204 DELETE http://10.180.1.21/identity/v3/users/2b8121ac75bd4d27ab70531e6e925c7d 0.093s
2025-04-03 05:09:19.719 69087 INFO tempest.lib.common.rest_client [req-ca3a42ef-b6fa-4979-baf0-8ee2dc6291eb req-ca3a42ef-b6fa-4979-baf0-8ee2dc6291eb ] Request (QuotasAdminTestJSON:test_update_all_quota_resources_for_tenant): 200 GET http://10.180.1.21/compute/v2.1/os-quota-sets/9773134c23d5461a87e1b85d3d96472a/defaults 2.059s
2025-04-03 05:09:19.761 69053 INFO tempest.lib.common.rest_client [req-661a92f2-4646-411e-ae30-10caff3a01e5 req-661a92f2-4646-411e-ae30-10caff3a01e5 ] Request (KeyPairsV210TestJSON:tearDownClass): 204 DELETE http://10.180.1.21/identity/v3/users/8a8e8116414c4326a9f2b9706f875aac 0.088s
2025-04-03 05:09:19.761 69053 INFO tempest.lib.common.dynamic_creds [-] Deleting project and security group for project: 46bca46b0c8f49cc9b7805c4f5d7067f
2025-04-03 05:09:19.776 69041 INFO tempest.lib.common.rest_client [req-164edb16-2956-49a4-bc6d-f3829c626b64 req-164edb16-2956-49a4-bc6d-f3829c626b64 ] Request (ValidationResourcesFixture:setUp): 201 POST http://10.180.1.21:9696/networking/v2.0/security-group-rules 0.208s
2025-04-03 05:09:19.828 69053 INFO tempest.lib.common.rest_client [req-9e0e6a6c-9462-454b-8402-9c07806f5e00 req-9e0e6a6c-9462-454b-8402-9c07806f5e00 ] Request (KeyPairsV210TestJSON:tearDownClass): 201 POST http://10.180.1.21/identity/v3/auth/tokens 0.067s
2025-04-03 05:09:19.909 69041 INFO tempest.lib.common.rest_client [req-3279c14f-66bd-4eca-92b7-5028cb772e43 req-3279c14f-66bd-4eca-92b7-5028cb772e43 ] Request (ValidationResourcesFixture:setUp): 201 POST http://10.180.1.21:9696/networking/v2.0/security-group-rules 0.133s
2025-04-03 05:09:20.031 69061 INFO tempest.lib.common.rest_client [req-8d2a33a0-ecac-4f9f-9674-33f461e00be6 req-8d2a33a0-ecac-4f9f-9674-33f461e00be6 ] Request (SecurityGroupRulesTestJSON:test_security_group_rules_create_with_optional_group_id): 200 POST http://10.180.1.21/compute/v2.1/os-security-group-rules 2.357s
2025-04-03 05:09:20.034 69061 WARNING tempest.lib.common.rest_client [-] Deprecated: "tenant_id" property is deprecated for removal, use "project_id" instead
2025-04-03 05:09:20.060 69059 INFO tempest.lib.common.rest_client [req-49677640-636a-416e-a769-4c13d82e0bd3 req-49677640-636a-416e-a769-4c13d82e0bd3 ] Request (FlavorsAccessNegativeTestJSON:_run_cleanups): 200 GET http://10.180.1.21/compute/v2.1/flavors/detail 2.362s
2025-04-03 05:09:20.066 69063 INFO tempest.lib.common.rest_client [req-5d417088-22e5-4c0a-82cf-3ff6f532ac5c req-5d417088-22e5-4c0a-82cf-3ff6f532ac5c ] Request (QuotasAdminNegativeTest:test_update_quota_normal_user): 403 PUT http://10.180.1.21/compute/v2.1/os-quota-sets/28a9a611514945b3a5069ddd55a52283 2.269s
2025-04-03 05:09:20.160 69063 INFO tempest.lib.common.rest_client [req-908455b7-b150-40e1-a055-8a0abc62486e req-908455b7-b150-40e1-a055-8a0abc62486e ] Request (QuotasAdminNegativeTest:tearDownClass): 204 DELETE http://10.180.1.21/identity/v3/users/0c9dfef90346487a872d481f25c64269 0.090s
2025-04-03 05:09:20.175 69053 INFO tempest.lib.common.rest_client [req-7f1797df-b453-4ebb-82f7-ac256c9d76a3 req-7f1797df-b453-4ebb-82f7-ac256c9d76a3 ] Request (KeyPairsV210TestJSON:tearDownClass): 200 GET http://10.180.1.21:9696/networking/v2.0/security-groups?tenant_id=46bca46b0c8f49cc9b7805c4f5d7067f&name=default 0.346s
2025-04-03 05:09:20.297 69063 INFO tempest.lib.common.rest_client [req-f38973ad-2bf6-42ca-9ed4-1cc8b8740491 req-f38973ad-2bf6-42ca-9ed4-1cc8b8740491 ] Request (QuotasAdminNegativeTest:tearDownClass): 204 DELETE http://10.180.1.21/identity/v3/users/a0d0268f209a4dd88bebab5d65ff91d9 0.137s
2025-04-03 05:09:20.298 69063 INFO tempest.lib.common.dynamic_creds [-] Deleting project and security group for project: 28a9a611514945b3a5069ddd55a52283
2025-04-03 05:09:20.359 69067 INFO tempest.lib.common.rest_client [req-9c91deec-dab9-4774-96f7-12ee356c321b req-9c91deec-dab9-4774-96f7-12ee356c321b ] Request (ServersAaction247Test:test_create_backup): 202 POST http://10.180.1.21/compute/v2.1/servers 2.181s
2025-04-03 05:09:20.386 69093 INFO tempest.lib.common.rest_client [req-c13bb897-7a38-44ea-a955-e38e2d10d77c req-c13bb897-7a38-44ea-a955-e38e2d10d77c ] Request (AggregatesAdminNegativeTestJSON:_run_cleanups): 200 DELETE http://10.180.1.21/compute/v2.1/os-aggregates/5 2.147s
2025-04-03 05:09:20.395 69063 INFO tempest.lib.common.rest_client [req-de53c074-e152-415f-8d71-48fa320f1aaa req-de53c074-e152-415f-8d71-48fa320f1aaa ] Request (QuotasAdminNegativeTest:tearDownClass): 201 POST http://10.180.1.21/identity/v3/auth/tokens 0.097s
2025-04-03 05:09:20.425 69073 INFO tempest.lib.common.rest_client [req-f15a8288-2473-4299-9fdf-4d8ec1523fb8 req-f15a8288-2473-4299-9fdf-4d8ec1523fb8 ] Request (ImagesOneServerTestJSON:test_create_delete_image): 200 GET http://10.180.1.21/compute/v2.1/images/d778d046-3cc9-4cad-b0ec-0cfe6c9b901c 2.186s
2025-04-03 05:09:20.442 69053 INFO tempest.lib.common.rest_client [req-fa532dd0-c5ce-4503-8c4d-55b340e26506 req-fa532dd0-c5ce-4503-8c4d-55b340e26506 ] Request (KeyPairsV210TestJSON:tearDownClass): 204 DELETE http://10.180.1.21:9696/networking/v2.0/security-groups/e11cd068-6a72-4d8a-895c-7a034e85c531 0.266s
2025-04-03 05:09:20.508 69053 INFO tempest.lib.common.rest_client [req-33b34cc8-df75-4123-ada8-0f6fd801f75d req-33b34cc8-df75-4123-ada8-0f6fd801f75d ] Request (KeyPairsV210TestJSON:tearDownClass): 204 DELETE http://10.180.1.21/identity/v3/projects/46bca46b0c8f49cc9b7805c4f5d7067f 0.066s
2025-04-03 05:09:20.508 69053 INFO tempest.lib.common.dynamic_creds [-] Deleting project and security group for project: 18db1353df4c459995a0c5c511a08379
2025-04-03 05:09:20.802 69077 INFO tempest.lib.common.rest_client [req-9e91ae32-5af8-46ac-b446-070b9a666584 req-9e91ae32-5af8-46ac-b446-070b9a666584 ] Request (FloatingIPsAssociationNegativeTestJSON:test_associate_ip_to_server_with_floating_ip): 200 POST http://10.180.1.21/compute/v2.1/os-floating-ips 3.266s
2025-04-03 05:09:20.814 69063 INFO tempest.lib.common.rest_client [req-36354fcf-4fa4-43d5-bee8-14b2fdbd2558 req-36354fcf-4fa4-43d5-bee8-14b2fdbd2558 ] Request (QuotasAdminNegativeTest:tearDownClass): 200 GET http://10.180.1.21:9696/networking/v2.0/security-groups?tenant_id=28a9a611514945b3a5069ddd55a52283&name=default 0.419s
2025-04-03 05:09:20.853 69053 INFO tempest.lib.common.rest_client [req-b6f4a13a-bcb2-4204-9721-1ac04dbe9a80 req-b6f4a13a-bcb2-4204-9721-1ac04dbe9a80 ] Request (KeyPairsV210TestJSON:tearDownClass): 200 GET http://10.180.1.21:9696/networking/v2.0/security-groups?tenant_id=18db1353df4c459995a0c5c511a08379&name=default 0.344s
2025-04-03 05:09:20.891 69079 INFO tempest.lib.common.rest_client [req-b250a858-0068-4448-a112-b41ddbb6ff6b req-b250a858-0068-4448-a112-b41ddbb6ff6b ] Request (ServerShowV257Test:test_rebuild_server): 200 GET http://10.180.1.21/compute/v2.1/servers/4c68e575-bab6-47fa-999a-74403e1f67e5 2.377s
2025-04-03 05:09:20.938 69041 INFO tempest.lib.common.rest_client [req-39023e40-1201-4151-86af-d9511757d32c req-39023e40-1201-4151-86af-d9511757d32c ] Request (ValidationResourcesFixture:setUp): 201 POST http://10.180.1.21:9696/networking/v2.0/floatingips 1.028s
2025-04-03 05:09:20.942 69039 INFO tempest.lib.common.rest_client [req-a71efe9a-a2cd-4ee8-a189-86eee7f2a826 req-a71efe9a-a2cd-4ee8-a189-86eee7f2a826 ] Request (ListServersNegativeTestJSON:setUpClass): 201 POST http://10.180.1.21:9696/networking/v2.0/routers 1.441s
2025-04-03 05:09:20.991 69063 INFO tempest.lib.common.rest_client [req-4a5aa318-b578-4661-9245-3e2fcef0dd32 req-4a5aa318-b578-4661-9245-3e2fcef0dd32 ] Request (QuotasAdminNegativeTest:tearDownClass): 204 DELETE http://10.180.1.21:9696/networking/v2.0/security-groups/e6ee8594-7153-4745-ac2a-65489734dfe2 0.176s
2025-04-03 05:09:21.021 69053 INFO tempest.lib.common.rest_client [req-72e9c076-e0d8-4028-be5d-44f54924cde8 req-72e9c076-e0d8-4028-be5d-44f54924cde8 ] Request (KeyPairsV210TestJSON:tearDownClass): 204 DELETE http://10.180.1.21:9696/networking/v2.0/security-groups/fb98adc7-20e6-4af3-9592-1a376e471a26 0.167s
2025-04-03 05:09:21.052 69041 INFO tempest.lib.common.rest_client [req-264d8d58-2c32-419b-81a2-be6c45c5af40 req-264d8d58-2c32-419b-81a2-be6c45c5af40 ] Request (AttachVolumeShelveTestJSON:test_attach_volume_shelved_or_offload_server): 201 POST http://10.180.1.21/identity/v3/auth/tokens 0.110s
2025-04-03 05:09:21.052 69041 INFO tempest.lib.common.fixed_network [-] (AttachVolumeShelveTestJSON:test_attach_volume_shelved_or_offload_server) Found network {'id': '3727395d-3c75-4eef-ace1-fb21b8598b1a', 'name': 'tempest-AttachVolumeShelveTestJSON-1009599824-network', 'tenant_id': '0e2f252b53ac43b2b6ea8d2440327fa5', 'admin_state_up': True, 'mtu': 8950, 'status': 'ACTIVE', 'subnets': [], 'shared': False, 'project_id': '0e2f252b53ac43b2b6ea8d2440327fa5', 'port_security_enabled': True, 'router:external': False, 'provider:network_type': 'vlan', 'provider:physical_network': 'default', 'provider:segmentation_id': 137, 'availability_zone_hints': [], 'availability_zones': [], 'ipv4_address_scope': None, 'ipv6_address_scope': None, 'description': '', 'tags': [], 'created_at': '2025-04-03T05:09:14Z', 'updated_at': '2025-04-03T05:09:14Z', 'revision_number': 1} available for tenant
2025-04-03 05:09:21.168 69045 INFO tempest.lib.common.rest_client [req-50439144-1ffe-44cd-b881-69b2ae030060 req-50439144-1ffe-44cd-b881-69b2ae030060 ] Request (ListServerFiltersTestJSON:setUpClass): 202 POST http://10.180.1.21/compute/v2.1/servers 2.817s
2025-04-03 05:09:21.214 69053 INFO tempest.lib.common.rest_client [req-669cf253-974a-4f5d-89a3-81fe5d590692 req-669cf253-974a-4f5d-89a3-81fe5d590692 ] Request (KeyPairsV210TestJSON:tearDownClass): 204 DELETE http://10.180.1.21/identity/v3/projects/18db1353df4c459995a0c5c511a08379 0.193s
2025-04-03 05:09:21.223 69069 INFO tempest.lib.common.rest_client [req-fe2521ac-2f89-4fb0-a50f-9df66c4e8ba5 req-fe2521ac-2f89-4fb0-a50f-9df66c4e8ba5 ] Request (MigrationsAdminTest:test_list_migrations_in_flavor_resize_situation): 202 POST http://10.180.1.21/compute/v2.1/servers/c4c0b400-4df0-4fcc-945f-048fa69502b0/action 1.957s
2025-04-03 05:09:21.262 69063 INFO tempest.lib.common.rest_client [req-1954a0d6-a52b-423c-825d-bcb6d6f6d1bb req-1954a0d6-a52b-423c-825d-bcb6d6f6d1bb ] Request (QuotasAdminNegativeTest:tearDownClass): 204 DELETE http://10.180.1.21/identity/v3/projects/28a9a611514945b3a5069ddd55a52283 0.269s
2025-04-03 05:09:21.263 69063 INFO tempest.lib.common.dynamic_creds [-] Deleting project and security group for project: da34a0ef66724344a1d7869da99975c5
2025-04-03 05:09:21.305 69045 INFO tempest.lib.common.rest_client [req-a42451f7-fe39-46f2-afa4-e86546a2c572 req-a42451f7-fe39-46f2-afa4-e86546a2c572 ] Request (ListServerFiltersTestJSON:setUpClass): 201 POST http://10.180.1.21/identity/v3/auth/tokens 0.131s
2025-04-03 05:09:21.305 69045 INFO tempest.lib.common.fixed_network [-] (ListServerFiltersTestJSON:setUpClass) Found network {'id': '3ca41c41-83b8-4d68-87ad-d17786dda6d3', 'name': 'tempest-ListServerFiltersTestJSON-239235667-network', 'tenant_id': 'a6d9364766e54fbdaa81c598199cae93', 'admin_state_up': True, 'mtu': 8950, 'status': 'ACTIVE', 'subnets': [], 'shared': False, 'project_id': 'a6d9364766e54fbdaa81c598199cae93', 'port_security_enabled': True, 'router:external': False, 'provider:network_type': 'vlan', 'provider:physical_network': 'default', 'provider:segmentation_id': 560, 'availability_zone_hints': [], 'availability_zones': [], 'ipv4_address_scope': None, 'ipv6_address_scope': None, 'description': '', 'tags': [], 'created_at': '2025-04-03T05:09:14Z', 'updated_at': '2025-04-03T05:09:14Z', 'revision_number': 1} available for tenant
2025-04-03 05:09:21.349 69095 INFO tempest.lib.common.rest_client [req-61a71ae5-71b7-426a-9395-f7274ffd00f7 req-61a71ae5-71b7-426a-9395-f7274ffd00f7 ] Request (ServerDiagnosticsNegativeTest:test_get_server_diagnostics_by_non_admin): 200 GET http://10.180.1.21/compute/v2.1/servers/7697d3a7-6aea-43e6-8949-8fab20edc109 2.021s
2025-04-03 05:09:21.356 69053 INFO tempest.lib.common.rest_client [req-a7087906-9835-4a9b-9e8e-26ff747f54c5 req-a7087906-9835-4a9b-9e8e-26ff747f54c5 ] Request (SecurityGroupRulesNegativeTestJSON:setUpClass): 201 POST http://10.180.1.21/identity/v3/auth/tokens 0.140s
2025-04-03 05:09:21.395 69053 INFO tempest.lib.common.rest_client [req-f57dbb10-cc94-4fd6-924c-ae59ef1f47cc req-f57dbb10-cc94-4fd6-924c-ae59ef1f47cc ] Request (SecurityGroupRulesNegativeTestJSON:setUpClass): 201 POST http://10.180.1.21/identity/v3/auth/tokens 0.034s
2025-04-03 05:09:21.442 69053 INFO tempest.lib.common.rest_client [req-10af1d1a-f4ca-4f79-8032-e87415b68311 req-10af1d1a-f4ca-4f79-8032-e87415b68311 ] Request (SecurityGroupRulesNegativeTestJSON:setUpClass): 200 GET http://10.180.1.21/identity/v3/domains?name=Default 0.046s
2025-04-03 05:09:21.480 69053 INFO tempest.lib.common.rest_client [req-389c9f88-9c3d-4c43-9eb3-a2073deb6ff5 req-389c9f88-9c3d-4c43-9eb3-a2073deb6ff5 ] Request (SecurityGroupRulesNegativeTestJSON:setUpClass): 201 POST http://10.180.1.21/identity/v3/projects 0.038s
2025-04-03 05:09:21.546 69053 INFO tempest.lib.common.rest_client [req-0fee8624-74d2-4d0d-8213-eb95aec88aee req-0fee8624-74d2-4d0d-8213-eb95aec88aee ] Request (SecurityGroupRulesNegativeTestJSON:setUpClass): 201 POST http://10.180.1.21/identity/v3/users 0.065s
2025-04-03 05:09:21.572 69053 INFO tempest.lib.common.rest_client [req-07c99a6b-2607-4373-9f5d-ac09f67c58d4 req-07c99a6b-2607-4373-9f5d-ac09f67c58d4 ] Request (SecurityGroupRulesNegativeTestJSON:setUpClass): 200 GET http://10.180.1.21/identity/v3/roles 0.025s
2025-04-03 05:09:21.602 69063 INFO tempest.lib.common.rest_client [req-1567a123-7b14-4836-9fb7-b267621f7f78 req-1567a123-7b14-4836-9fb7-b267621f7f78 ] Request (QuotasAdminNegativeTest:tearDownClass): 200 GET http://10.180.1.21:9696/networking/v2.0/security-groups?tenant_id=da34a0ef66724344a1d7869da99975c5&name=default 0.339s
2025-04-03 05:09:21.603 69053 INFO tempest.lib.common.rest_client [req-57a80d2e-172d-42f0-b905-b87a9791face req-57a80d2e-172d-42f0-b905-b87a9791face ] Request (SecurityGroupRulesNegativeTestJSON:setUpClass): 204 PUT http://10.180.1.21/identity/v3/projects/76ec2e865ba444f28de76a33743ae494/users/fea5b0ccaf4441b9b081dc5dfa3b79bc/roles/b4a1f3c4cde74758a51ae6bcff3e85ec 0.031s
2025-04-03 05:09:21.603 69053 INFO tempest.lib.common.dynamic_creds [-] Dynamic test user fea5b0ccaf4441b9b081dc5dfa3b79bc is created with scope project and roles: ['member']
2025-04-03 05:09:21.604 69053 INFO tempest.lib.common.dynamic_creds [-] Acquired dynamic creds: credentials: Credentials: {'domain_id': 'default', 'domain_name': 'Default', 'username': 'tempest-SecurityGroupRulesNegativeTestJSON-663604810-project-member', 'project_domain_id': 'default', 'project_domain_name': 'Default', 'project_id': '76ec2e865ba444f28de76a33743ae494', 'project_name': 'tempest-SecurityGroupRulesNegativeTestJSON-663604810', 'tenant_id': '76ec2e865ba444f28de76a33743ae494', 'tenant_name': 'tempest-SecurityGroupRulesNegativeTestJSON-663604810', 'user_domain_id': 'default', 'user_domain_name': 'Default', 'user_id': 'fea5b0ccaf4441b9b081dc5dfa3b79bc', 'system': None}, Network: None, Subnet: None, Router: None
2025-04-03 05:09:21.662 69053 INFO tempest.lib.common.rest_client [req-c62d933c-f676-49d7-8bbc-48ae103e4aad req-c62d933c-f676-49d7-8bbc-48ae103e4aad ] Request (SecurityGroupRulesNegativeTestJSON:setUpClass): 201 POST http://10.180.1.21/identity/v3/auth/tokens 0.058s
2025-04-03 05:09:21.844 69063 INFO tempest.lib.common.rest_client [req-207821a4-dcbb-4152-a289-4ab6d75c33e1 req-207821a4-dcbb-4152-a289-4ab6d75c33e1 ] Request (QuotasAdminNegativeTest:tearDownClass): 204 DELETE http://10.180.1.21:9696/networking/v2.0/security-groups/ba4b2c0c-7260-45d5-b3be-1d0dba741881 0.241s
2025-04-03 05:09:21.920 69063 INFO tempest.lib.common.rest_client [req-1f70b589-5031-47c2-b03b-ece77c2ffd01 req-1f70b589-5031-47c2-b03b-ece77c2ffd01 ] Request (QuotasAdminNegativeTest:tearDownClass): 204 DELETE http://10.180.1.21/identity/v3/projects/da34a0ef66724344a1d7869da99975c5 0.075s
2025-04-03 05:09:22.003 69063 INFO tempest.lib.common.rest_client [req-6de6fb0c-16c9-4bc2-97c1-c3170c952066 req-6de6fb0c-16c9-4bc2-97c1-c3170c952066 ] Request (ImagesMetadataTestJSON:setUpClass): 201 POST http://10.180.1.21/identity/v3/auth/tokens 0.081s
2025-04-03 05:09:22.036 69063 INFO tempest.lib.common.rest_client [req-437c4dad-0242-4771-b43c-5bda166408e5 req-437c4dad-0242-4771-b43c-5bda166408e5 ] Request (ImagesMetadataTestJSON:setUpClass): 201 POST http://10.180.1.21/identity/v3/auth/tokens 0.030s
2025-04-03 05:09:22.070 69063 INFO tempest.lib.common.rest_client [req-27591427-4e00-408c-a211-a3d12253318b req-27591427-4e00-408c-a211-a3d12253318b ] Request (ImagesMetadataTestJSON:setUpClass): 200 GET http://10.180.1.21/identity/v3/domains?name=Default 0.033s
2025-04-03 05:09:22.082 69089 INFO tempest.lib.common.rest_client [req-fb0d59ef-7e81-4b5f-b02c-a71a095d3d3f req-fb0d59ef-7e81-4b5f-b02c-a71a095d3d3f ] Request (FloatingIPDetailsTestJSON:_run_cleanups): 202 DELETE http://10.180.1.21/compute/v2.1/os-floating-ips/aabfc735-990c-4a4f-9f5b-d703df663bbd 2.702s
2025-04-03 05:09:22.116 69063 INFO tempest.lib.common.rest_client [req-caaf4b80-2de3-422c-aa74-fcda2a472e59 req-caaf4b80-2de3-422c-aa74-fcda2a472e59 ] Request (ImagesMetadataTestJSON:setUpClass): 201 POST http://10.180.1.21/identity/v3/projects 0.045s
2025-04-03 05:09:22.173 69083 INFO tempest.lib.common.rest_client [req-19efa16b-1cf2-4981-921b-4eb5412f6c61 req-19efa16b-1cf2-4981-921b-4eb5412f6c61 ] Request (ServersTestManualDisk:setUpClass): 200 GET http://10.180.1.21/compute/v2.1/servers/5b30f28e-de93-4d4c-9e78-58ed2735eacb 2.525s
2025-04-03 05:09:22.176 69053 INFO tempest.lib.common.rest_client [req-c677aea6-5d47-4959-9a1d-b99b6b0fed99 req-c677aea6-5d47-4959-9a1d-b99b6b0fed99 ] Request (SecurityGroupRulesNegativeTestJSON:setUpClass): 201 POST http://10.180.1.21:9696/networking/v2.0/networks 0.514s
2025-04-03 05:09:22.183 69063 INFO tempest.lib.common.rest_client [req-d9f87482-b0d3-4ddb-9c5a-accf9fb88170 req-d9f87482-b0d3-4ddb-9c5a-accf9fb88170 ] Request (ImagesMetadataTestJSON:setUpClass): 201 POST http://10.180.1.21/identity/v3/users 0.067s
2025-04-03 05:09:22.207 69063 INFO tempest.lib.common.rest_client [req-776142ec-7eaa-423c-a663-b9fceb4124fe req-776142ec-7eaa-423c-a663-b9fceb4124fe ] Request (ImagesMetadataTestJSON:setUpClass): 200 GET http://10.180.1.21/identity/v3/roles 0.023s
2025-04-03 05:09:22.242 69063 INFO tempest.lib.common.rest_client [req-a7441dab-a206-41aa-9a7f-ebae1610ca7d req-a7441dab-a206-41aa-9a7f-ebae1610ca7d ] Request (ImagesMetadataTestJSON:setUpClass): 204 PUT http://10.180.1.21/identity/v3/projects/2eae80573a1f472786738066c10ffdbc/users/0685b805d3614207b719b33d3c4bce84/roles/b4a1f3c4cde74758a51ae6bcff3e85ec 0.034s
2025-04-03 05:09:22.242 69063 INFO tempest.lib.common.dynamic_creds [-] Dynamic test user 0685b805d3614207b719b33d3c4bce84 is created with scope project and roles: ['member']
2025-04-03 05:09:22.242 69063 INFO tempest.lib.common.dynamic_creds [-] Acquired dynamic creds: credentials: Credentials: {'domain_id': 'default', 'domain_name': 'Default', 'username': 'tempest-ImagesMetadataTestJSON-1287743206-project-member', 'project_domain_id': 'default', 'project_domain_name': 'Default', 'project_id': '2eae80573a1f472786738066c10ffdbc', 'project_name': 'tempest-ImagesMetadataTestJSON-1287743206', 'tenant_id': '2eae80573a1f472786738066c10ffdbc', 'tenant_name': 'tempest-ImagesMetadataTestJSON-1287743206', 'user_domain_id': 'default', 'user_domain_name': 'Default', 'user_id': '0685b805d3614207b719b33d3c4bce84', 'system': None}, Network: None, Subnet: None, Router: None
2025-04-03 05:09:22.243 69063 INFO tempest.lib.common.dynamic_creds [-] Created isolated network resources for: credentials: Credentials: {'domain_id': 'default', 'domain_name': 'Default', 'username': 'tempest-ImagesMetadataTestJSON-1287743206-project-member', 'project_domain_id': 'default', 'project_domain_name': 'Default', 'project_id': '2eae80573a1f472786738066c10ffdbc', 'project_name': 'tempest-ImagesMetadataTestJSON-1287743206', 'tenant_id': '2eae80573a1f472786738066c10ffdbc', 'tenant_name': 'tempest-ImagesMetadataTestJSON-1287743206', 'user_domain_id': 'default', 'user_domain_name': 'Default', 'user_id': '0685b805d3614207b719b33d3c4bce84', 'system': None}, Network: None, Subnet: None, Router: None
2025-04-03 05:09:22.339 69063 INFO tempest.lib.common.rest_client [req-d72c4759-5d14-40f3-8b3c-3dab04aeb159 req-d72c4759-5d14-40f3-8b3c-3dab04aeb159 ] Request (ImagesMetadataTestJSON:setUpClass): 201 POST http://10.180.1.21/identity/v3/auth/tokens 0.093s
2025-04-03 05:09:22.371 69057 INFO tempest.lib.common.rest_client [req-86350447-22b5-479d-bc37-f49b2dd027c3 req-86350447-22b5-479d-bc37-f49b2dd027c3 ] Request (FloatingIPsAssociationTestJSON:setUpClass): 200 POST http://10.180.1.21/compute/v2.1/os-floating-ips 3.074s
2025-04-03 05:09:22.454 69091 INFO tempest.lib.common.rest_client [req-7069f1b3-e32c-44b3-8f24-7b934c2400b7 req-7069f1b3-e32c-44b3-8f24-7b934c2400b7 ] Request (ServerDiagnosticsTest:tearDownClass): 200 GET http://10.180.1.21/compute/v2.1/servers/edebd8ca-0057-4999-98e7-28da99309ea6 2.721s
2025-04-03 05:09:22.468 69057 INFO tempest.lib.common.rest_client [req-1cf0f2ea-0349-4987-ae18-bae2d65cfca2 req-1cf0f2ea-0349-4987-ae18-bae2d65cfca2 ] Request (FloatingIPsAssociationTestJSON:test_associate_already_associated_floating_ip): 201 POST http://10.180.1.21/identity/v3/auth/tokens 0.088s
2025-04-03 05:09:22.469 69057 INFO tempest.lib.common.fixed_network [-] (FloatingIPsAssociationTestJSON:test_associate_already_associated_floating_ip) Found network {'id': '2422dfbc-4fa8-4910-8d78-bcbad9930a13', 'name': 'tempest-FloatingIPsAssociationTestJSON-26092163-network', 'tenant_id': '581fc06bf9c9411ca2b34e1b6f41ff8a', 'admin_state_up': True, 'mtu': 8950, 'status': 'ACTIVE', 'subnets': [], 'shared': False, 'project_id': '581fc06bf9c9411ca2b34e1b6f41ff8a', 'port_security_enabled': True, 'router:external': False, 'provider:network_type': 'vlan', 'provider:physical_network': 'default', 'provider:segmentation_id': 346, 'availability_zone_hints': [], 'availability_zones': [], 'ipv4_address_scope': None, 'ipv6_address_scope': None, 'description': '', 'tags': [], 'created_at': '2025-04-03T05:08:39Z', 'updated_at': '2025-04-03T05:08:39Z', 'revision_number': 1} available for tenant
2025-04-03 05:09:22.534 69065 INFO tempest.lib.common.rest_client [req-ac4cab31-6c58-4e22-b755-97eb16e808c1 req-ac4cab31-6c58-4e22-b755-97eb16e808c1 ] Request (DeleteServersAdminTestJSON:test_admin_delete_servers_of_others): 200 GET http://10.180.1.21/compute/v2.1/servers/6ecc2785-9f3d-4893-8747-01881c529b01 2.738s
2025-04-03 05:09:22.609 69053 INFO tempest.lib.common.rest_client [req-7c7c3371-46e9-4e67-8238-ab26173d800a req-7c7c3371-46e9-4e67-8238-ab26173d800a ] Request (SecurityGroupRulesNegativeTestJSON:setUpClass): 201 POST http://10.180.1.21:9696/networking/v2.0/subnets 0.432s
2025-04-03 05:09:22.615 69087 INFO tempest.lib.common.rest_client [req-1805e931-8cc0-40e1-a4cc-3b7841643586 req-1805e931-8cc0-40e1-a4cc-3b7841643586 ] Request (QuotasAdminTestJSON:test_update_all_quota_resources_for_tenant): 200 PUT http://10.180.1.21/compute/v2.1/os-quota-sets/9773134c23d5461a87e1b85d3d96472a 2.893s
2025-04-03 05:09:22.790 69097 INFO tempest.lib.common.rest_client [req-3cf6d30e-2dd6-4c4e-88a1-b0acdd606e3b req-3cf6d30e-2dd6-4c4e-88a1-b0acdd606e3b ] Request (VolumesAdminNegativeTest:test_update_attached_volume_with_nonexistent_volume_in_body): 200 GET http://10.180.1.21/compute/v2.1/servers/aa7a7d16-39b8-4da5-858b-81a8dfb381b4 2.896s
2025-04-03 05:09:22.831 69063 INFO tempest.lib.common.rest_client [req-28881276-7c6e-4b86-b8b4-2f9d4de3a167 req-28881276-7c6e-4b86-b8b4-2f9d4de3a167 ] Request (ImagesMetadataTestJSON:setUpClass): 201 POST http://10.180.1.21/image/v2/images 0.490s
2025-04-03 05:09:22.839 69039 INFO tempest.lib.common.rest_client [req-982fe6b4-0734-4a7b-b3a2-94de9b1844e1 req-982fe6b4-0734-4a7b-b3a2-94de9b1844e1 ] Request (ListServersNegativeTestJSON:setUpClass): 200 PUT http://10.180.1.21:9696/networking/v2.0/routers/47adf512-0ce4-4680-b4ac-f58d9a949842/add_router_interface 1.894s
2025-04-03 05:09:22.839 69039 INFO tempest.lib.common.dynamic_creds [-] Created isolated network resources for: credentials: Credentials: {'domain_id': 'default', 'domain_name': 'Default', 'username': 'tempest-ListServersNegativeTestJSON-1240900774-project-member', 'project_domain_id': 'default', 'project_domain_name': 'Default', 'project_id': '801710260b6f4c14be101fda9743fc75', 'project_name': 'tempest-ListServersNegativeTestJSON-1240900774', 'tenant_id': '801710260b6f4c14be101fda9743fc75', 'tenant_name': 'tempest-ListServersNegativeTestJSON-1240900774', 'user_domain_id': 'default', 'user_domain_name': 'Default', 'user_id': 'cf738b4dbefc4296959ebb2c77b6a6e2', 'system': None}, Network: {'id': 'c9534917-05e4-472b-a285-ed8ccb3ba74a', 'name': 'tempest-ListServersNegativeTestJSON-193263429-network', 'tenant_id': '801710260b6f4c14be101fda9743fc75', 'admin_state_up': True, 'mtu': 8950, 'status': 'ACTIVE', 'subnets': [], 'shared': False, 'project_id': '801710260b6f4c14be101fda9743fc75', 'port_security_enabled': True, 'router:external': False, 'provider:network_type': 'vlan', 'provider:physical_network': 'default', 'provider:segmentation_id': 312, 'availability_zone_hints': [], 'availability_zones': [], 'ipv4_address_scope': None, 'ipv6_address_scope': None, 'description': '', 'tags': [], 'created_at': '2025-04-03T05:09:19Z', 'updated_at': '2025-04-03T05:09:19Z', 'revision_number': 1}, Subnet: {'id': '0d256002-a687-44cf-9a70-83217a951fe9', 'name': 'tempest-ListServersNegativeTestJSON-193263429-subnet', 'tenant_id': '801710260b6f4c14be101fda9743fc75', 'network_id': 'c9534917-05e4-472b-a285-ed8ccb3ba74a', 'ip_version': 4, 'subnetpool_id': None, 'enable_dhcp': True, 'ipv6_ra_mode': None, 'ipv6_address_mode': None, 'gateway_ip': '192.168.128.1', 'cidr': '192.168.128.0/28', 'allocation_pools': [{'start': '192.168.128.2', 'end': '192.168.128.14'}], 'host_routes': [], 'dns_nameservers': [], 'description': '', 'router:external': False, 'service_types': [], 'tags': [], 'created_at': '2025-04-03T05:09:19Z', 'updated_at': '2025-04-03T05:09:19Z', 'revision_number': 0, 'project_id': '801710260b6f4c14be101fda9743fc75'}, Router: {'id': '47adf512-0ce4-4680-b4ac-f58d9a949842', 'name': 'tempest-ListServersNegativeTestJSON-193263429-router', 'tenant_id': '801710260b6f4c14be101fda9743fc75', 'admin_state_up': True, 'status': 'ACTIVE', 'external_gateway_info': {'network_id': 'ebda6238-0d25-495f-aa39-ee36de985a66', 'external_fixed_ips': [{'subnet_id': '4004683d-22b9-48c6-b4f0-fad493c1468c', 'ip_address': '10.180.180.218'}], 'enable_snat': True}, 'description': '', 'availability_zones': [], 'distributed': False, 'ha': False, 'availability_zone_hints': [], 'routes': [], 'flavor_id': None, 'tags': [], 'created_at': '2025-04-03T05:09:19Z', 'updated_at': '2025-04-03T05:09:20Z', 'revision_number': 2, 'project_id': '801710260b6f4c14be101fda9743fc75'}
2025-04-03 05:09:22.874 69055 INFO tempest.lib.common.rest_client [req-640fac0b-ac77-448f-938a-423c7fac866f req-640fac0b-ac77-448f-938a-423c7fac866f ] Request (ServerDiskConfigTestJSON:test_rebuild_server_with_auto_disk_config): 200 GET http://10.180.1.21/compute/v2.1/servers/374d0650-ce2d-4a13-89e0-e0575bb71d25 2.902s
2025-04-03 05:09:22.884 69055 INFO tempest.common.waiters [-] State transition "BUILD/None" ==> "BUILD/spawning" after 28 second wait
2025-04-03 05:09:22.922 69039 INFO tempest.lib.common.rest_client [req-4eeeb2d8-b663-4f8b-a5bc-a4b38170cd9e req-4eeeb2d8-b663-4f8b-a5bc-a4b38170cd9e ] Request (ListServersNegativeTestJSON:setUpClass): 201 POST http://10.180.1.21/identity/v3/auth/tokens 0.080s
2025-04-03 05:09:22.951 69039 INFO tempest.lib.common.rest_client [req-fdbb8368-dd62-4676-b0fd-4a44cc7d5044 req-fdbb8368-dd62-4676-b0fd-4a44cc7d5044 ] Request (ListServersNegativeTestJSON:setUpClass): 201 POST http://10.180.1.21/identity/v3/auth/tokens 0.026s
2025-04-03 05:09:22.952 69039 INFO tempest.lib.common.fixed_network [-] (ListServersNegativeTestJSON:setUpClass) Found network {'id': 'c9534917-05e4-472b-a285-ed8ccb3ba74a', 'name': 'tempest-ListServersNegativeTestJSON-193263429-network', 'tenant_id': '801710260b6f4c14be101fda9743fc75', 'admin_state_up': True, 'mtu': 8950, 'status': 'ACTIVE', 'subnets': [], 'shared': False, 'project_id': '801710260b6f4c14be101fda9743fc75', 'port_security_enabled': True, 'router:external': False, 'provider:network_type': 'vlan', 'provider:physical_network': 'default', 'provider:segmentation_id': 312, 'availability_zone_hints': [], 'availability_zones': [], 'ipv4_address_scope': None, 'ipv6_address_scope': None, 'description': '', 'tags': [], 'created_at': '2025-04-03T05:09:19Z', 'updated_at': '2025-04-03T05:09:19Z', 'revision_number': 1} available for tenant
2025-04-03 05:09:22.959 69051 INFO tempest.lib.common.rest_client [req-f35d6600-0381-4cf3-a08a-d7e027a8a1ae req-f35d6600-0381-4cf3-a08a-d7e027a8a1ae ] Request (VolumesAssistedSnapshotsTest:test_volume_assisted_snapshot_create_delete): 200 GET http://10.180.1.21/compute/v2.1/servers/b6e647b8-eb3c-4239-982d-ca62b54c75e7 2.961s
2025-04-03 05:09:22.969 69051 INFO tempest.common.waiters [-] State transition "BUILD/block_device_mapping" ==> "BUILD/spawning" after 28 second wait
2025-04-03 05:09:23.023 69049 INFO tempest.lib.common.rest_client [req-edccc388-f42b-4323-991d-3bb37ef0e98d req-edccc388-f42b-4323-991d-3bb37ef0e98d ] Request (ServersWithSpecificFlavorTestJSON:test_verify_created_server_ephemeral_disk): 200 GET http://10.180.1.21/compute/v2.1/servers/82220255-c18d-442f-8138-36976ea677e2 2.983s
2025-04-03 05:09:23.089 69043 INFO tempest.lib.common.rest_client [req-4035d19d-c291-4f96-afc4-a3157e586661 req-4035d19d-c291-4f96-afc4-a3157e586661 ] Request (ServersAdminNegativeTestJSON:test_migrate_server_invalid_state): 200 GET http://10.180.1.21/compute/v2.1/servers/f002c0d1-f86f-48f0-a072-2799154f02c6 3.030s
2025-04-03 05:09:23.090 69061 INFO tempest.lib.common.rest_client [req-b6bfc889-9b5e-439e-b1e2-fd0c78bf60fc req-b6bfc889-9b5e-439e-b1e2-fd0c78bf60fc ] Request (SecurityGroupRulesTestJSON:test_security_group_rules_delete_when_peer_group_deleted): 200 POST http://10.180.1.21/compute/v2.1/os-security-groups 3.055s
2025-04-03 05:09:23.114 69059 INFO tempest.lib.common.rest_client [req-daca6740-f46e-457c-bef2-601a455da28a req-daca6740-f46e-457c-bef2-601a455da28a ] Request (FlavorsAccessNegativeTestJSON:test_remove_flavor_access_not_found): 200 POST http://10.180.1.21/compute/v2.1/flavors 3.047s
2025-04-03 05:09:23.150 69037 INFO tempest.lib.common.rest_client [req-f3bccfde-c8d8-4e0b-82bd-0b405dc5c4c1 req-f3bccfde-c8d8-4e0b-82bd-0b405dc5c4c1 ] Request (InstanceActionsNegativeTestJSON:setUpClass): 200 GET http://10.180.1.21/compute/v2.1/servers/5081c6f3-1885-4867-91fd-5f6781eade03 3.017s
2025-04-03 05:09:23.167 69081 INFO tempest.lib.common.rest_client [req-1f1ac85e-8d9b-42e0-8804-4f276644cd58 req-1f1ac85e-8d9b-42e0-8804-4f276644cd58 ] Request (ServerMetadataNegativeTestJSON:setUpClass): 200 GET http://10.180.1.21/compute/v2.1/servers/39c5bacc-414f-4070-b14f-04d2728c8e47 3.019s
2025-04-03 05:09:23.246 69085 INFO tempest.lib.common.rest_client [req-f4448a1f-7b7a-4902-80d8-a1c6cdbe2fd2 req-f4448a1f-7b7a-4902-80d8-a1c6cdbe2fd2 ] Request (ImagesNegativeTestJSON:test_create_image_from_deleted_server): 200 GET http://10.180.1.21/compute/v2.1/servers/e7aa3ecc-14b8-4191-8dde-c20cac4b798b 2.926s
2025-04-03 05:09:23.257 69067 INFO tempest.lib.common.rest_client [req-afc7a283-9e71-43b4-b281-e22adf2ca7ee req-afc7a283-9e71-43b4-b281-e22adf2ca7ee ] Request (ServersAaction247Test:test_create_backup): 200 GET http://10.180.1.21/compute/v2.1/servers/611accaa-65b4-4b5a-afd5-4829684b2bb2 2.896s
2025-04-03 05:09:23.281 69093 INFO tempest.lib.common.rest_client [req-c24ffd81-7a3f-45d3-bd9e-b8f538a61f6d req-c24ffd81-7a3f-45d3-bd9e-b8f538a61f6d ] Request (AggregatesAdminNegativeTestJSON:test_aggregate_delete_with_invalid_id): 404 DELETE http://10.180.1.21/compute/v2.1/os-aggregates/-1 2.892s
2025-04-03 05:09:23.375 69035 INFO tempest.lib.common.rest_client [req-55eb4868-17a4-42d4-9e28-eb781bcb3c9f req-55eb4868-17a4-42d4-9e28-eb781bcb3c9f ] Request (ServerExternalEventsTest:tearDownClass): 200 GET http://10.180.1.21/compute/v2.1/servers/bb10c136-09ea-45c8-8340-8a63efb396ff 2.805s
2025-04-03 05:09:23.385 69035 INFO tempest.common.waiters [-] State transition "ACTIVE/deleting" ==> "DELETED/None" after 4 second wait
2025-04-03 05:09:23.485 69063 INFO tempest.lib.common.rest_client [req-ec1f7163-c7f5-4ee4-96ea-b4a22d694a9b req-ec1f7163-c7f5-4ee4-96ea-b4a22d694a9b ] Request (ImagesMetadataTestJSON:setUpClass): 204 PUT http://10.180.1.21/image/v2/images/745b7291-9973-46ac-96b5-d3c36642f254/file 0.653s
2025-04-03 05:09:23.762 69077 INFO tempest.lib.common.rest_client [req-13162fc0-11b4-4530-a184-7d3504caaff3 req-13162fc0-11b4-4530-a184-7d3504caaff3 ] Request (FloatingIPsAssociationNegativeTestJSON:test_associate_ip_to_server_with_floating_ip): 400 POST http://10.180.1.21/compute/v2.1/servers/a43a884f-0d67-4dfe-b3b7-c1ffbcf0da6a/action 2.957s
2025-04-03 05:09:23.967 69053 INFO tempest.lib.common.rest_client [req-f55da23f-f796-4076-adc3-cd4ed5ca5dac req-f55da23f-f796-4076-adc3-cd4ed5ca5dac ] Request (SecurityGroupRulesNegativeTestJSON:setUpClass): 201 POST http://10.180.1.21:9696/networking/v2.0/routers 1.357s
2025-04-03 05:09:24.017 69069 INFO tempest.lib.common.rest_client [req-4e9330db-960b-489b-a884-286beff3ccf9 req-4e9330db-960b-489b-a884-286beff3ccf9 ] Request (MigrationsAdminTest:test_list_migrations_in_flavor_resize_situation): 200 GET http://10.180.1.21/compute/v2.1/servers/c4c0b400-4df0-4fcc-945f-048fa69502b0 2.793s
2025-04-03 05:09:24.069 69071 WARNING tempest.lib.common.ssh [-] Failed to establish authenticated ssh connection to cirros@10.180.180.209 ([Errno None] Unable to connect to port 22 on 10.180.180.209). Number attempts: 3. Retry after 4 seconds.: paramiko.ssh_exception.NoValidConnectionsError: [Errno None] Unable to connect to port 22 on 10.180.180.209
2025-04-03 05:09:24.097 69041 INFO tempest.lib.common.rest_client [req-409f27df-3c7a-4a20-9f41-e6390559af79 req-409f27df-3c7a-4a20-9f41-e6390559af79 ] Request (AttachVolumeShelveTestJSON:test_attach_volume_shelved_or_offload_server): 202 POST http://10.180.1.21/compute/v2.1/servers 3.043s
2025-04-03 05:09:24.156 69073 INFO tempest.lib.common.rest_client [req-fb6d049f-e266-49f7-867e-63bfb22bc396 req-fb6d049f-e266-49f7-867e-63bfb22bc396 ] Request (ImagesOneServerTestJSON:test_create_delete_image): 200 GET http://10.180.1.21/compute/v2.1/images/d778d046-3cc9-4cad-b0ec-0cfe6c9b901c 2.726s
2025-04-03 05:09:24.243 69079 INFO tempest.lib.common.rest_client [req-1ecde6df-e8fe-4350-8715-6fdabc826de6 req-1ecde6df-e8fe-4350-8715-6fdabc826de6 ] Request (ServerShowV257Test:test_rebuild_server): 200 GET http://10.180.1.21/compute/v2.1/servers/4c68e575-bab6-47fa-999a-74403e1f67e5 2.338s
2025-04-03 05:09:24.260 69079 INFO tempest.common.waiters [-] State transition "REBUILD/rebuilding" ==> "REBUILD/rebuild_spawning" after 4 second wait
2025-04-03 05:09:24.347 69089 INFO tempest.lib.common.rest_client [req-18f01fa7-f82f-4a79-ac02-6fa47b962db9 req-18f01fa7-f82f-4a79-ac02-6fa47b962db9 ] Request (FloatingIPDetailsTestJSON:test_list_floating_ips): 200 GET http://10.180.1.21/compute/v2.1/os-floating-ips 2.264s
2025-04-03 05:09:24.354 69045 INFO tempest.lib.common.rest_client [req-5fcdb18f-c0e8-4dc6-9fb9-3fa037516c6c req-5fcdb18f-c0e8-4dc6-9fb9-3fa037516c6c ] Request (ListServerFiltersTestJSON:setUpClass): 202 POST http://10.180.1.21/compute/v2.1/servers 3.048s
2025-04-03 05:09:24.482 69095 INFO tempest.lib.common.rest_client [req-43f56815-6ae3-48fa-9921-75c4a3f64a37 req-43f56815-6ae3-48fa-9921-75c4a3f64a37 ] Request (ServerDiagnosticsNegativeTest:test_get_server_diagnostics_by_non_admin): 200 GET http://10.180.1.21/compute/v2.1/servers/7697d3a7-6aea-43e6-8949-8fab20edc109 2.123s
2025-04-03 05:09:24.490 69095 INFO tempest.common.waiters [-] State transition "BUILD/None" ==> "BUILD/block_device_mapping" after 28 second wait
2025-04-03 05:09:24.704 69057 INFO tempest.lib.common.rest_client [req-97fb6b3e-339b-49b7-af44-366d197c9cef req-97fb6b3e-339b-49b7-af44-366d197c9cef ] Request (FloatingIPsAssociationTestJSON:test_associate_already_associated_floating_ip): 202 POST http://10.180.1.21/compute/v2.1/servers 2.235s
