2025-04-03 05:09:12.467 69055 INFO tempest.lib.common.rest_client [req-d2808e4d-6ea0-4a7f-aa1c-eabe5a1836ef req-d2808e4d-6ea0-4a7f-aa1c-eabe5a1836ef ] Request (ServerDiskConfigTestJSON:test_rebuild_server_with_auto_disk_config): 200 GET http://10.180.1.21/compute/v2.1/servers/374d0650-ce2d-4a13-89e0-e0575bb71d25 1.092s
2025-04-03 05:09:12.496 69059 INFO tempest.lib.common.rest_client [req-576f7c55-bec0-4d17-bed9-cff71ac8267f req-576f7c55-bec0-4d17-bed9-cff71ac8267f ] Request (FlavorsAccessNegativeTestJSON:test_flavor_non_admin_remove): 200 POST http://10.180.1.21/compute/v2.1/flavors/908535653/action 1.183s
2025-04-03 05:09:12.544 69049 INFO tempest.lib.common.rest_client [req-8ea30b94-f153-418b-bceb-b56543b18e9e req-8ea30b94-f153-418b-bceb-b56543b18e9e ] Request (ServersWithSpecificFlavorTestJSON:test_verify_created_server_ephemeral_disk): 200 GET http://10.180.1.21/compute/v2.1/servers/82220255-c18d-442f-8138-36976ea677e2 1.108s
2025-04-03 05:09:12.561 69077 INFO tempest.lib.common.rest_client [req-34195f07-2177-4b26-ab23-412fbea6c704 req-34195f07-2177-4b26-ab23-412fbea6c704 ] Request (FloatingIPsAssociationNegativeTestJSON:setUpClass): 200 GET http://10.180.1.21/compute/v2.1/servers/a43a884f-0d67-4dfe-b3b7-c1ffbcf0da6a 1.128s
2025-04-03 05:09:12.570 69077 INFO tempest.common.waiters [-] State transition "BUILD/spawning" ==> "ACTIVE/None" after 28 second wait
2025-04-03 05:09:12.594 69067 INFO tempest.lib.common.rest_client [req-1c9bef63-6bd8-4115-b9b2-22c40de7af84 req-1c9bef63-6bd8-4115-b9b2-22c40de7af84 ] Request (FloatingIPsTestJSON:test_delete_floating_ip): 404 GET http://10.180.1.21/compute/v2.1/os-floating-ips/e73fbd88-1d8c-468a-848e-7968e8d2bac9 0.903s
2025-04-03 05:09:12.599 69043 INFO tempest.lib.common.rest_client [req-7b6179ea-e40f-485e-b379-8b79969b0350 req-7b6179ea-e40f-485e-b379-8b79969b0350 ] Request (ServersAdminNegativeTestJSON:test_migrate_server_invalid_state): 200 GET http://10.180.1.21/compute/v2.1/servers/f002c0d1-f86f-48f0-a072-2799154f02c6 1.116s
2025-04-03 05:09:12.609 69093 INFO tempest.lib.common.rest_client [req-397c4043-0f76-4f5d-8a02-f79c174f0436 req-397c4043-0f76-4f5d-8a02-f79c174f0436 ] Request (AggregatesAdminNegativeTestJSON:test_aggregate_create_with_existent_aggregate_name): 409 POST http://10.180.1.21/compute/v2.1/os-aggregates 0.893s
2025-04-03 05:09:12.706 69035 INFO tempest.lib.common.rest_client [req-51ba9e09-f330-40f1-8351-5f25676f1cfb req-51ba9e09-f330-40f1-8351-5f25676f1cfb ] Request (ServerExternalEventsTest:test_create_server_external_events): 200 GET http://10.180.1.21/compute/v2.1/servers/bb10c136-09ea-45c8-8340-8a63efb396ff 0.958s
2025-04-03 05:09:12.717 69035 INFO tempest.common.waiters [-] State transition "BUILD/spawning" ==> "ACTIVE/None" after 27 second wait
2025-04-03 05:09:12.738 69073 INFO tempest.lib.common.rest_client [req-43216493-4a56-4222-9a67-07424a307106 req-43216493-4a56-4222-9a67-07424a307106 ] Request (ImagesOneServerTestJSON:setUpClass): 200 GET http://10.180.1.21/compute/v2.1/servers/3ec4528a-688d-4024-bd20-4dd5783c75aa 0.959s
2025-04-03 05:09:12.753 69087 INFO tempest.lib.common.rest_client [req-085befcf-f8ba-44e4-925a-ba2a9821b2bc req-085befcf-f8ba-44e4-925a-ba2a9821b2bc ] Request (QuotasAdminTestJSON:test_get_updated_quotas): 200 GET http://10.180.1.21/compute/v2.1/os-quota-sets/6cc38bd9b60f4e7d829333450f401c66/detail 0.958s
2025-04-03 05:09:12.783 69087 INFO tempest.lib.common.rest_client [req-fdd37523-cea4-4d6d-8fc7-bd569e6a0f16 req-fdd37523-cea4-4d6d-8fc7-bd569e6a0f16 ] Request (QuotasAdminTestJSON:test_get_updated_quotas): 200 GET http://10.180.1.21/identity/v3/domains?name=Default 0.024s
2025-04-03 05:09:12.787 69037 INFO tempest.lib.common.rest_client [req-c6cb7ad4-3ad1-4589-afcb-f349209432e5 req-c6cb7ad4-3ad1-4589-afcb-f349209432e5 ] Request (InstanceActionsNegativeTestJSON:setUpClass): 200 GET http://10.180.1.21/compute/v2.1/servers/5081c6f3-1885-4867-91fd-5f6781eade03 0.988s
2025-04-03 05:09:12.820 69087 INFO tempest.lib.common.rest_client [req-d96f1e6d-5fec-48a4-bea9-1b88e50971b0 req-d96f1e6d-5fec-48a4-bea9-1b88e50971b0 ] Request (QuotasAdminTestJSON:test_get_updated_quotas): 201 POST http://10.180.1.21/identity/v3/users 0.036s
2025-04-03 05:09:12.828 69063 INFO tempest.lib.common.rest_client [req-3b49d517-028d-4260-85e8-700ef5a30771 req-3b49d517-028d-4260-85e8-700ef5a30771 ] Request (QuotasAdminNegativeTest:test_create_server_when_memory_quota_is_full): 200 PUT http://10.180.1.21/compute/v2.1/os-quota-sets/28a9a611514945b3a5069ddd55a52283 0.985s
2025-04-03 05:09:12.852 69087 INFO tempest.lib.common.rest_client [req-974d3cc4-cf7e-4953-8220-dc1cde6503b7 req-974d3cc4-cf7e-4953-8220-dc1cde6503b7 ] Request (QuotasAdminTestJSON:test_get_updated_quotas): 200 GET http://10.180.1.21/identity/v3/domains?name=Default 0.031s
2025-04-03 05:09:12.854 69039 INFO tempest.lib.common.rest_client [req-1b87e1c8-c346-46db-8aca-170ab4c45266 req-1b87e1c8-c346-46db-8aca-170ab4c45266 ] Request (HypervisorAdminNegativeUnderV252Test:test_show_servers_with_non_admin_user): 200 GET http://10.180.1.21/compute/v2.1/os-hypervisors 0.995s
2025-04-03 05:09:12.874 69041 INFO tempest.lib.common.rest_client [req-be3ab366-31be-46ff-b8f3-9819de1bf930 req-be3ab366-31be-46ff-b8f3-9819de1bf930 ] Request (ImagesMetadataNegativeTestJSON:test_update_nonexistent_image_metadata): 404 POST http://10.180.1.21/compute/v2.1/images/4f0b6ad9-581a-4e33-8906-98d9f218f38f/metadata 0.996s
2025-04-03 05:09:12.891 69063 INFO tempest.lib.common.rest_client [req-1e479289-8076-435d-8839-35abe99d0343 req-1e479289-8076-435d-8839-35abe99d0343 ] Request (QuotasAdminNegativeTest:test_create_server_when_memory_quota_is_full): 201 POST http://10.180.1.21/identity/v3/auth/tokens 0.058s
2025-04-03 05:09:12.891 69063 INFO tempest.lib.common.fixed_network [-] (QuotasAdminNegativeTest:test_create_server_when_memory_quota_is_full) Found network None available for tenant
2025-04-03 05:09:12.975 69041 INFO tempest.lib.common.rest_client [req-3a96843e-d22e-49f3-946e-2ee76212e3ef req-3a96843e-d22e-49f3-946e-2ee76212e3ef ] Request (ImagesMetadataNegativeTestJSON:tearDownClass): 204 DELETE http://10.180.1.21/identity/v3/users/621c625f211246c18951eafd64339b0e 0.098s
2025-04-03 05:09:12.975 69041 INFO tempest.lib.common.dynamic_creds [-] Deleting project and security group for project: bad4224c5c024d60979030364984cc7a
2025-04-03 05:09:13.020 69069 INFO tempest.lib.common.rest_client [req-7f62c7ad-3f53-4060-915b-45c57f1eedad req-7f62c7ad-3f53-4060-915b-45c57f1eedad ] Request (MigrationsAdminTest:test_list_migrations_in_flavor_resize_situation): 200 GET http://10.180.1.21/compute/v2.1/servers/c4c0b400-4df0-4fcc-945f-048fa69502b0 1.072s
2025-04-03 05:09:13.034 69041 INFO tempest.lib.common.rest_client [req-6ff3b10e-74f4-4173-9ab4-7624ce7b5ab0 req-6ff3b10e-74f4-4173-9ab4-7624ce7b5ab0 ] Request (ImagesMetadataNegativeTestJSON:tearDownClass): 201 POST http://10.180.1.21/identity/v3/auth/tokens 0.058s
2025-04-03 05:09:13.081 69079 INFO tempest.lib.common.rest_client [req-f143f858-251b-405e-8607-82f032128bfa req-f143f858-251b-405e-8607-82f032128bfa ] Request (ServerShowV257Test:test_rebuild_server): 200 GET http://10.180.1.21/compute/v2.1/servers/4c68e575-bab6-47fa-999a-74403e1f67e5 1.077s
2025-04-03 05:09:13.130 69081 INFO tempest.lib.common.rest_client [req-3e4495ab-d8e6-46e8-a0b8-4d57e1404717 req-3e4495ab-d8e6-46e8-a0b8-4d57e1404717 ] Request (ServerMetadataNegativeTestJSON:setUpClass): 200 GET http://10.180.1.21/compute/v2.1/servers/39c5bacc-414f-4070-b14f-04d2728c8e47 1.073s
2025-04-03 05:09:13.183 69041 INFO tempest.lib.common.rest_client [req-834c4ecb-cffe-497b-831e-1b9c6c9e5cd1 req-834c4ecb-cffe-497b-831e-1b9c6c9e5cd1 ] Request (ImagesMetadataNegativeTestJSON:tearDownClass): 200 GET http://10.180.1.21:9696/networking/v2.0/security-groups?tenant_id=bad4224c5c024d60979030364984cc7a&name=default 0.149s
2025-04-03 05:09:13.206 69083 INFO tempest.lib.common.rest_client [req-f6fbaf95-0386-498a-bace-f1b3e8b9a1aa req-f6fbaf95-0386-498a-bace-f1b3e8b9a1aa ] Request (ServersTestManualDisk:setUpClass): 202 POST http://10.180.1.21/compute/v2.1/servers 1.352s
2025-04-03 05:09:13.251 69057 INFO tempest.lib.common.rest_client [req-8cfde0e9-9011-4f3c-a316-61711b4a82b6 req-8cfde0e9-9011-4f3c-a316-61711b4a82b6 ] Request (FloatingIPsAssociationTestJSON:setUpClass): 200 GET http://10.180.1.21/compute/v2.1/servers/2e13436b-a77a-4d4d-80de-0450ae3118ff 1.088s
2025-04-03 05:09:13.281 69085 INFO tempest.lib.common.rest_client [req-f9c890ce-1b5e-461b-9645-72fd23a3100b req-f9c890ce-1b5e-461b-9645-72fd23a3100b ] Request (ImagesNegativeTestJSON:test_create_image_from_deleted_server): 200 GET http://10.180.1.21/compute/v2.1/servers/e7aa3ecc-14b8-4191-8dde-c20cac4b798b 1.081s
2025-04-03 05:09:13.296 69041 INFO tempest.lib.common.rest_client [req-457f7a97-7ab0-4504-90a0-ca5a7bf81c05 req-457f7a97-7ab0-4504-90a0-ca5a7bf81c05 ] Request (ImagesMetadataNegativeTestJSON:tearDownClass): 204 DELETE http://10.180.1.21:9696/networking/v2.0/security-groups/3a6ff6cc-409d-4e78-bce8-c703fc50bf94 0.113s
2025-04-03 05:09:13.376 69041 INFO tempest.lib.common.rest_client [req-77e96342-f2df-45e4-8378-c156565cb734 req-77e96342-f2df-45e4-8378-c156565cb734 ] Request (ImagesMetadataNegativeTestJSON:tearDownClass): 204 DELETE http://10.180.1.21/identity/v3/projects/bad4224c5c024d60979030364984cc7a 0.079s
2025-04-03 05:09:13.442 69041 INFO tempest.lib.common.rest_client [req-3b21e367-2e1b-4f53-81dd-8c3a0b105c95 req-3b21e367-2e1b-4f53-81dd-8c3a0b105c95 ] Request (AttachVolumeShelveTestJSON:setUpClass): 201 POST http://10.180.1.21/identity/v3/auth/tokens 0.063s
2025-04-03 05:09:13.480 69041 INFO tempest.lib.common.rest_client [req-a230fe6c-2725-4bfe-a8b9-51e576b4ec6c req-a230fe6c-2725-4bfe-a8b9-51e576b4ec6c ] Request (AttachVolumeShelveTestJSON:setUpClass): 201 POST http://10.180.1.21/identity/v3/auth/tokens 0.035s
2025-04-03 05:09:13.507 69041 INFO tempest.lib.common.rest_client [req-1ed1c628-b007-463e-b1dc-f90bed1ac813 req-1ed1c628-b007-463e-b1dc-f90bed1ac813 ] Request (AttachVolumeShelveTestJSON:setUpClass): 200 GET http://10.180.1.21/identity/v3/domains?name=Default 0.026s
2025-04-03 05:09:13.543 69041 INFO tempest.lib.common.rest_client [req-9c94c96b-b333-43a0-b9c2-a03d5202259c req-9c94c96b-b333-43a0-b9c2-a03d5202259c ] Request (AttachVolumeShelveTestJSON:setUpClass): 201 POST http://10.180.1.21/identity/v3/projects 0.036s
2025-04-03 05:09:13.547 69061 INFO tempest.lib.common.rest_client [req-cf253be2-5207-42a7-8149-6d3884995a0f req-cf253be2-5207-42a7-8149-6d3884995a0f ] Request (SecurityGroupRulesTestJSON:test_security_group_rules_create_with_optional_cidr): 200 POST http://10.180.1.21/compute/v2.1/os-security-group-rules 1.309s
2025-04-03 05:09:13.561 69053 INFO tempest.lib.common.rest_client [req-7933d63f-44b0-4397-86c3-e88cf4c06a86 req-7933d63f-44b0-4397-86c3-e88cf4c06a86 ] Request (KeyPairsV210TestJSON:test_admin_manage_keypairs_for_other_users): 200 GET http://10.180.1.21/compute/v2.1/os-keypairs?user_id=2b8121ac75bd4d27ab70531e6e925c7d 1.289s
2025-04-03 05:09:13.610 69041 INFO tempest.lib.common.rest_client [req-35e15035-abb1-4136-b5f1-ec7887808abb req-35e15035-abb1-4136-b5f1-ec7887808abb ] Request (AttachVolumeShelveTestJSON:setUpClass): 201 POST http://10.180.1.21/identity/v3/users 0.066s
2025-04-03 05:09:13.621 69045 INFO tempest.lib.common.rest_client [req-299274e8-ca98-4de6-b66b-3ea5095c9f1f req-299274e8-ca98-4de6-b66b-3ea5095c9f1f ] Request (ListImagesTestJSON:test_list_images_with_detail): 200 GET http://10.180.1.21/compute/v2.1/images/detail 1.314s
2025-04-03 05:09:13.630 69059 INFO tempest.lib.common.rest_client [req-a514e05f-4e2f-4160-bffe-69357a7ee7c7 req-a514e05f-4e2f-4160-bffe-69357a7ee7c7 ] Request (FlavorsAccessNegativeTestJSON:test_flavor_non_admin_remove): 403 POST http://10.180.1.21/compute/v2.1/flavors/908535653/action 1.133s
2025-04-03 05:09:13.647 69041 INFO tempest.lib.common.rest_client [req-172d15d0-9778-4c60-85af-304d09bcf4e6 req-172d15d0-9778-4c60-85af-304d09bcf4e6 ] Request (AttachVolumeShelveTestJSON:setUpClass): 200 GET http://10.180.1.21/identity/v3/roles 0.037s
2025-04-03 05:09:13.692 69045 INFO tempest.lib.common.rest_client [req-e707ce8f-960e-4fdb-8766-2caa3b8c3fc2 req-e707ce8f-960e-4fdb-8766-2caa3b8c3fc2 ] Request (ListImagesTestJSON:tearDownClass): 204 DELETE http://10.180.1.21/identity/v3/users/6168e52db26947caa2ca1d380c466027 0.064s
2025-04-03 05:09:13.692 69045 INFO tempest.lib.common.dynamic_creds [-] Deleting project and security group for project: 2f0e84a4be3d43dc91e4c5bf073bb38e
2025-04-03 05:09:13.695 69041 INFO tempest.lib.common.rest_client [req-019f0772-9084-4a81-93de-720e881f8b97 req-019f0772-9084-4a81-93de-720e881f8b97 ] Request (AttachVolumeShelveTestJSON:setUpClass): 204 PUT http://10.180.1.21/identity/v3/projects/0e2f252b53ac43b2b6ea8d2440327fa5/users/d832ae99942d4f009f0733ae7affd29a/roles/b4a1f3c4cde74758a51ae6bcff3e85ec 0.047s
2025-04-03 05:09:13.695 69041 INFO tempest.lib.common.dynamic_creds [-] Dynamic test user d832ae99942d4f009f0733ae7affd29a is created with scope project and roles: ['member']
2025-04-03 05:09:13.696 69041 INFO tempest.lib.common.dynamic_creds [-] Acquired dynamic creds: credentials: Credentials: {'domain_id': 'default', 'domain_name': 'Default', 'username': 'tempest-AttachVolumeShelveTestJSON-718105318-project-member', 'project_domain_id': 'default', 'project_domain_name': 'Default', 'project_id': '0e2f252b53ac43b2b6ea8d2440327fa5', 'project_name': 'tempest-AttachVolumeShelveTestJSON-718105318', 'tenant_id': '0e2f252b53ac43b2b6ea8d2440327fa5', 'tenant_name': 'tempest-AttachVolumeShelveTestJSON-718105318', 'user_domain_id': 'default', 'user_domain_name': 'Default', 'user_id': 'd832ae99942d4f009f0733ae7affd29a', 'system': None}, Network: None, Subnet: None, Router: None
2025-04-03 05:09:13.758 69045 INFO tempest.lib.common.rest_client [req-728a466d-06d8-455b-8281-ba5edd919eab req-728a466d-06d8-455b-8281-ba5edd919eab ] Request (ListImagesTestJSON:tearDownClass): 201 POST http://10.180.1.21/identity/v3/auth/tokens 0.065s
2025-04-03 05:09:13.792 69041 INFO tempest.lib.common.rest_client [req-f4e5a904-c8e0-431a-8e59-04e5203aa852 req-f4e5a904-c8e0-431a-8e59-04e5203aa852 ] Request (AttachVolumeShelveTestJSON:setUpClass): 201 POST http://10.180.1.21/identity/v3/auth/tokens 0.095s
2025-04-03 05:09:13.951 69045 INFO tempest.lib.common.rest_client [req-fba94efe-53f7-4c0f-8829-61dafbd8fd61 req-fba94efe-53f7-4c0f-8829-61dafbd8fd61 ] Request (ListImagesTestJSON:tearDownClass): 200 GET http://10.180.1.21:9696/networking/v2.0/security-groups?tenant_id=2f0e84a4be3d43dc91e4c5bf073bb38e&name=default 0.193s
2025-04-03 05:09:14.029 69045 INFO tempest.lib.common.rest_client [req-d081c1ce-816b-41fc-8734-036076d30512 req-d081c1ce-816b-41fc-8734-036076d30512 ] Request (ListImagesTestJSON:tearDownClass): 204 DELETE http://10.180.1.21:9696/networking/v2.0/security-groups/ebbc7d19-5acf-4467-b2b9-c37d5d7adddb 0.077s
2025-04-03 05:09:14.096 69045 INFO tempest.lib.common.rest_client [req-0e93858b-57ab-46f6-ba25-d65062f3d9d5 req-0e93858b-57ab-46f6-ba25-d65062f3d9d5 ] Request (ListImagesTestJSON:tearDownClass): 204 DELETE http://10.180.1.21/identity/v3/projects/2f0e84a4be3d43dc91e4c5bf073bb38e 0.067s
2025-04-03 05:09:14.161 69045 INFO tempest.lib.common.rest_client [req-185bb62b-8a09-45bf-9d8d-65853df6ded5 req-185bb62b-8a09-45bf-9d8d-65853df6ded5 ] Request (ListServerFiltersTestJSON:setUpClass): 201 POST http://10.180.1.21/identity/v3/auth/tokens 0.062s
2025-04-03 05:09:14.193 69045 INFO tempest.lib.common.rest_client [req-a95ee615-a115-4679-b26b-7aca6c54e8b3 req-a95ee615-a115-4679-b26b-7aca6c54e8b3 ] Request (ListServerFiltersTestJSON:setUpClass): 201 POST http://10.180.1.21/identity/v3/auth/tokens 0.030s
2025-04-03 05:09:14.226 69045 INFO tempest.lib.common.rest_client [req-3f543367-b242-43b1-ab8b-0c6b9939795f req-3f543367-b242-43b1-ab8b-0c6b9939795f ] Request (ListServerFiltersTestJSON:setUpClass): 200 GET http://10.180.1.21/identity/v3/domains?name=Default 0.032s
2025-04-03 05:09:14.263 69045 INFO tempest.lib.common.rest_client [req-9602765d-0e29-435f-9edd-526fab70b3ff req-9602765d-0e29-435f-9edd-526fab70b3ff ] Request (ListServerFiltersTestJSON:setUpClass): 201 POST http://10.180.1.21/identity/v3/projects 0.036s
2025-04-03 05:09:14.303 69041 INFO tempest.lib.common.rest_client [req-edb92e53-dc31-409c-8124-0a7a4cbd23f6 req-edb92e53-dc31-409c-8124-0a7a4cbd23f6 ] Request (AttachVolumeShelveTestJSON:setUpClass): 201 POST http://10.180.1.21:9696/networking/v2.0/networks 0.511s
2025-04-03 05:09:14.334 69089 INFO tempest.lib.common.rest_client [req-9b5e5ac6-0d8a-48c4-9cac-c61c90c29d55 req-9b5e5ac6-0d8a-48c4-9cac-c61c90c29d55 ] Request (FloatingIPDetailsTestJSON:setUpClass): 200 POST http://10.180.1.21/compute/v2.1/os-floating-ips 2.103s
2025-04-03 05:09:14.346 69045 INFO tempest.lib.common.rest_client [req-28efe7e5-8dc4-4f55-8a98-4b95ac6dce49 req-28efe7e5-8dc4-4f55-8a98-4b95ac6dce49 ] Request (ListServerFiltersTestJSON:setUpClass): 201 POST http://10.180.1.21/identity/v3/users 0.082s
2025-04-03 05:09:14.364 69067 INFO tempest.lib.common.rest_client [req-34c8d124-13da-4846-9475-fb26b8954bde req-34c8d124-13da-4846-9475-fb26b8954bde ] Request (FloatingIPsTestJSON:_run_cleanups): 404 DELETE http://10.180.1.21/compute/v2.1/os-floating-ips/e73fbd88-1d8c-468a-848e-7968e8d2bac9 1.769s
2025-04-03 05:09:14.371 69045 INFO tempest.lib.common.rest_client [req-96324337-a421-4e29-8537-320afc0eb761 req-96324337-a421-4e29-8537-320afc0eb761 ] Request (ListServerFiltersTestJSON:setUpClass): 200 GET http://10.180.1.21/identity/v3/roles 0.024s
2025-04-03 05:09:14.395 69093 INFO tempest.lib.common.rest_client [req-e4193e24-f62f-4e69-a71d-d5e69cda8c67 req-e4193e24-f62f-4e69-a71d-d5e69cda8c67 ] Request (AggregatesAdminNegativeTestJSON:_run_cleanups): 200 DELETE http://10.180.1.21/compute/v2.1/os-aggregates/4 1.785s
2025-04-03 05:09:14.403 69045 INFO tempest.lib.common.rest_client [req-8867d2b8-1d92-469f-b75a-ccbeff55827e req-8867d2b8-1d92-469f-b75a-ccbeff55827e ] Request (ListServerFiltersTestJSON:setUpClass): 204 PUT http://10.180.1.21/identity/v3/projects/a6d9364766e54fbdaa81c598199cae93/users/aa396c973c4c4910944620f95fd1e889/roles/b4a1f3c4cde74758a51ae6bcff3e85ec 0.032s
2025-04-03 05:09:14.403 69045 INFO tempest.lib.common.dynamic_creds [-] Dynamic test user aa396c973c4c4910944620f95fd1e889 is created with scope project and roles: ['member']
2025-04-03 05:09:14.404 69045 INFO tempest.lib.common.dynamic_creds [-] Acquired dynamic creds: credentials: Credentials: {'domain_id': 'default', 'domain_name': 'Default', 'username': 'tempest-ListServerFiltersTestJSON-161484534-project-member', 'project_domain_id': 'default', 'project_domain_name': 'Default', 'project_id': 'a6d9364766e54fbdaa81c598199cae93', 'project_name': 'tempest-ListServerFiltersTestJSON-161484534', 'tenant_id': 'a6d9364766e54fbdaa81c598199cae93', 'tenant_name': 'tempest-ListServerFiltersTestJSON-161484534', 'user_domain_id': 'default', 'user_domain_name': 'Default', 'user_id': 'aa396c973c4c4910944620f95fd1e889', 'system': None}, Network: None, Subnet: None, Router: None
2025-04-03 05:09:14.406 69071 WARNING tempest.lib.common.ssh [-] Failed to establish authenticated ssh connection to cirros@10.180.180.209 ([Errno None] Unable to connect to port 22 on 10.180.180.209). Number attempts: 1. Retry after 2 seconds.: paramiko.ssh_exception.NoValidConnectionsError: [Errno None] Unable to connect to port 22 on 10.180.180.209
2025-04-03 05:09:14.463 69045 INFO tempest.lib.common.rest_client [req-4329b06d-cdba-469e-95f2-83ee8a229652 req-4329b06d-cdba-469e-95f2-83ee8a229652 ] Request (ListServerFiltersTestJSON:setUpClass): 201 POST http://10.180.1.21/identity/v3/auth/tokens 0.059s
2025-04-03 05:09:14.524 69077 INFO tempest.lib.common.rest_client [req-1ab8ae4b-7ad6-4426-8b4c-2a4ad44f81e6 req-1ab8ae4b-7ad6-4426-8b4c-2a4ad44f81e6 ] Request (FloatingIPsAssociationNegativeTestJSON:test_associate_ip_to_server_with_floating_ip): 200 POST http://10.180.1.21/compute/v2.1/os-floating-ips 1.952s
2025-04-03 05:09:14.549 69035 INFO tempest.lib.common.rest_client [req-cb8d0ceb-ab47-4dba-8e82-ddf98b01edf3 req-cb8d0ceb-ab47-4dba-8e82-ddf98b01edf3 ] Request (ServerExternalEventsTest:test_create_server_external_events): 200 POST http://10.180.1.21/compute/v2.1/os-server-external-events 1.832s
2025-04-03 05:09:14.555 69039 INFO tempest.lib.common.rest_client [req-49d4468f-7b61-417b-b6b7-7897a77c1a4d req-49d4468f-7b61-417b-b6b7-7897a77c1a4d ] Request (HypervisorAdminNegativeUnderV252Test:test_show_servers_with_non_admin_user): 403 GET http://10.180.1.21/compute/v2.1/os-hypervisors/1/servers 1.700s
2025-04-03 05:09:14.675 69087 INFO tempest.lib.common.rest_client [req-53dc863f-e6c3-48e3-b5a0-1a355ae0c3da req-53dc863f-e6c3-48e3-b5a0-1a355ae0c3da ] Request (QuotasAdminTestJSON:test_get_updated_quotas): 200 PUT http://10.180.1.21/compute/v2.1/os-quota-sets/6cc38bd9b60f4e7d829333450f401c66?user_id=ff3f4fc111e44daf8a95b0a1a426deaf 1.822s
2025-04-03 05:09:14.743 69095 INFO tempest.lib.common.rest_client [req-dd183381-372a-46b9-8068-4ca2d654820a req-dd183381-372a-46b9-8068-4ca2d654820a ] Request (ServerDiagnosticsNegativeTest:test_get_server_diagnostics_by_non_admin): 200 GET http://10.180.1.21/compute/v2.1/servers/7697d3a7-6aea-43e6-8949-8fab20edc109 1.788s
2025-04-03 05:09:14.746 69041 INFO tempest.lib.common.rest_client [req-e9d417fa-1d87-4632-b5bb-74384a8723f4 req-e9d417fa-1d87-4632-b5bb-74384a8723f4 ] Request (AttachVolumeShelveTestJSON:setUpClass): 201 POST http://10.180.1.21:9696/networking/v2.0/subnets 0.443s
2025-04-03 05:09:14.768 69063 INFO tempest.lib.common.rest_client [req-c123937f-160a-4d75-8e11-a2a1ad836a01 req-c123937f-160a-4d75-8e11-a2a1ad836a01 ] Request (QuotasAdminNegativeTest:test_create_server_when_memory_quota_is_full): 403 POST http://10.180.1.21/compute/v2.1/servers 1.875s
2025-04-03 05:09:14.770 69045 INFO tempest.lib.common.rest_client [req-458a08f7-2569-4cdb-adf9-a9c16a06b5da req-458a08f7-2569-4cdb-adf9-a9c16a06b5da ] Request (ListServerFiltersTestJSON:setUpClass): 201 POST http://10.180.1.21:9696/networking/v2.0/networks 0.307s
2025-04-03 05:09:14.803 69083 INFO tempest.lib.common.rest_client [req-7f8bcaa0-ecc8-401f-b92c-d93d3d604ccf req-7f8bcaa0-ecc8-401f-b92c-d93d3d604ccf ] Request (ServersTestManualDisk:setUpClass): 200 GET http://10.180.1.21/compute/v2.1/servers/5b30f28e-de93-4d4c-9e78-58ed2735eacb 1.596s
2025-04-03 05:09:14.856 69065 INFO tempest.lib.common.rest_client [req-fa90fd09-b10f-455d-b4d1-69d0731c2260 req-fa90fd09-b10f-455d-b4d1-69d0731c2260 ] Request (DeleteServersAdminTestJSON:test_admin_delete_servers_of_others): 200 GET http://10.180.1.21/compute/v2.1/servers/6ecc2785-9f3d-4893-8747-01881c529b01 1.498s
2025-04-03 05:09:14.886 69091 INFO tempest.lib.common.rest_client [req-9ba6dffe-b809-47cf-876b-cd09a5691bb5 req-9ba6dffe-b809-47cf-876b-cd09a5691bb5 ] Request (ServerDiagnosticsTest:tearDownClass): 200 GET http://10.180.1.21/compute/v2.1/servers/edebd8ca-0057-4999-98e7-28da99309ea6 1.511s
2025-04-03 05:09:14.915 69097 INFO tempest.lib.common.rest_client [req-15b3f71f-a976-49e3-83d5-5570cfb20626 req-15b3f71f-a976-49e3-83d5-5570cfb20626 ] Request (VolumesAdminNegativeTest:test_update_attached_volume_with_nonexistent_volume_in_body): 200 GET http://10.180.1.21/compute/v2.1/servers/aa7a7d16-39b8-4da5-858b-81a8dfb381b4 1.503s
2025-04-03 05:09:14.941 69051 INFO tempest.lib.common.rest_client [req-3f8d7568-622b-4d98-b394-59f54393e55e req-3f8d7568-622b-4d98-b394-59f54393e55e ] Request (VolumesAssistedSnapshotsTest:test_volume_assisted_snapshot_create_delete): 200 GET http://10.180.1.21/compute/v2.1/servers/b6e647b8-eb3c-4239-982d-ca62b54c75e7 1.515s
2025-04-03 05:09:14.969 69055 INFO tempest.lib.common.rest_client [req-48f66567-aa7b-413d-87c2-cbf81137460c req-48f66567-aa7b-413d-87c2-cbf81137460c ] Request (ServerDiskConfigTestJSON:test_rebuild_server_with_auto_disk_config): 200 GET http://10.180.1.21/compute/v2.1/servers/374d0650-ce2d-4a13-89e0-e0575bb71d25 1.494s
2025-04-03 05:09:15.031 69049 INFO tempest.lib.common.rest_client [req-0a7df6fe-c18b-4467-a4a8-edb6201b060d req-0a7df6fe-c18b-4467-a4a8-edb6201b060d ] Request (ServersWithSpecificFlavorTestJSON:test_verify_created_server_ephemeral_disk): 200 GET http://10.180.1.21/compute/v2.1/servers/82220255-c18d-442f-8138-36976ea677e2 1.479s
2025-04-03 05:09:15.038 69049 INFO tempest.common.waiters [-] State transition "BUILD/scheduling" ==> "BUILD/None" after 11 second wait
2025-04-03 05:09:15.049 69053 INFO tempest.lib.common.rest_client [req-2f6f5402-204c-437a-b2bd-743700bd11f0 req-2f6f5402-204c-437a-b2bd-743700bd11f0 ] Request (KeyPairsV210TestJSON:_run_cleanups): 204 DELETE http://10.180.1.21/compute/v2.1/os-keypairs/tempest-KeyPairsV210TestJSON-keypair-1149431837 1.486s
2025-04-03 05:09:15.082 69045 INFO tempest.lib.common.rest_client [req-9c4250d6-849d-48ba-a0f8-83db38fc002d req-9c4250d6-849d-48ba-a0f8-83db38fc002d ] Request (ListServerFiltersTestJSON:setUpClass): 201 POST http://10.180.1.21:9696/networking/v2.0/subnets 0.311s
2025-04-03 05:09:15.082 69045 INFO tempest.lib.common.dynamic_creds [-] Created isolated network resources for: credentials: Credentials: {'domain_id': 'default', 'domain_name': 'Default', 'username': 'tempest-ListServerFiltersTestJSON-161484534-project-member', 'project_domain_id': 'default', 'project_domain_name': 'Default', 'project_id': 'a6d9364766e54fbdaa81c598199cae93', 'project_name': 'tempest-ListServerFiltersTestJSON-161484534', 'tenant_id': 'a6d9364766e54fbdaa81c598199cae93', 'tenant_name': 'tempest-ListServerFiltersTestJSON-161484534', 'user_domain_id': 'default', 'user_domain_name': 'Default', 'user_id': 'aa396c973c4c4910944620f95fd1e889', 'system': None}, Network: {'id': '3ca41c41-83b8-4d68-87ad-d17786dda6d3', 'name': 'tempest-ListServerFiltersTestJSON-239235667-network', 'tenant_id': 'a6d9364766e54fbdaa81c598199cae93', 'admin_state_up': True, 'mtu': 8950, 'status': 'ACTIVE', 'subnets': [], 'shared': False, 'project_id': 'a6d9364766e54fbdaa81c598199cae93', 'port_security_enabled': True, 'router:external': False, 'provider:network_type': 'vlan', 'provider:physical_network': 'default', 'provider:segmentation_id': 560, 'availability_zone_hints': [], 'availability_zones': [], 'ipv4_address_scope': None, 'ipv6_address_scope': None, 'description': '', 'tags': [], 'created_at': '2025-04-03T05:09:14Z', 'updated_at': '2025-04-03T05:09:14Z', 'revision_number': 1}, Subnet: {'id': 'cd555c8a-3df4-4bea-b4e0-6101dd1abcd2', 'name': 'tempest-ListServerFiltersTestJSON-239235667-subnet', 'tenant_id': 'a6d9364766e54fbdaa81c598199cae93', 'network_id': '3ca41c41-83b8-4d68-87ad-d17786dda6d3', 'ip_version': 4, 'subnetpool_id': None, 'enable_dhcp': True, 'ipv6_ra_mode': None, 'ipv6_address_mode': None, 'gateway_ip': '192.168.128.1', 'cidr': '192.168.128.0/28', 'allocation_pools': [{'start': '192.168.128.2', 'end': '192.168.128.14'}], 'host_routes': [], 'dns_nameservers': [], 'description': '', 'router:external': False, 'service_types': [], 'tags': [], 'created_at': '2025-04-03T05:09:14Z', 'updated_at': '2025-04-03T05:09:14Z', 'revision_number': 0, 'project_id': 'a6d9364766e54fbdaa81c598199cae93'}, Router: None
2025-04-03 05:09:15.111 69043 INFO tempest.lib.common.rest_client [req-a4e7173f-5ca2-4079-9ee9-b78f8915a178 req-a4e7173f-5ca2-4079-9ee9-b78f8915a178 ] Request (ServersAdminNegativeTestJSON:test_migrate_server_invalid_state): 200 GET http://10.180.1.21/compute/v2.1/servers/f002c0d1-f86f-48f0-a072-2799154f02c6 1.505s
2025-04-03 05:09:15.121 69061 INFO tempest.lib.common.rest_client [req-81e1e165-dbc4-49eb-8175-4ecf17d6811c req-81e1e165-dbc4-49eb-8175-4ecf17d6811c ] Request (SecurityGroupRulesTestJSON:test_security_group_rules_create_with_optional_group_id): 200 POST http://10.180.1.21/compute/v2.1/os-security-groups 1.571s
2025-04-03 05:09:15.182 69045 INFO tempest.lib.common.rest_client [req-7ee2cb1b-e1ec-4b4d-af07-3d6ebfccfaa1 req-7ee2cb1b-e1ec-4b4d-af07-3d6ebfccfaa1 ] Request (ListServerFiltersTestJSON:setUpClass): 201 POST http://10.180.1.21/identity/v3/auth/tokens 0.094s
2025-04-03 05:09:15.214 69059 INFO tempest.lib.common.rest_client [req-263847a7-cfe0-4773-83bc-189598178a8e req-263847a7-cfe0-4773-83bc-189598178a8e ] Request (FlavorsAccessNegativeTestJSON:_run_cleanups): 200 POST http://10.180.1.21/compute/v2.1/flavors/908535653/action 1.583s
2025-04-03 05:09:15.221 69045 INFO tempest.lib.common.rest_client [req-60dd6852-865c-48c6-994b-9c10b7f45c64 req-60dd6852-865c-48c6-994b-9c10b7f45c64 ] Request (ListServerFiltersTestJSON:setUpClass): 201 POST http://10.180.1.21/identity/v3/auth/tokens 0.036s
2025-04-03 05:09:15.221 69045 INFO tempest.lib.common.fixed_network [-] (ListServerFiltersTestJSON:setUpClass) Found network {'id': '3ca41c41-83b8-4d68-87ad-d17786dda6d3', 'name': 'tempest-ListServerFiltersTestJSON-239235667-network', 'tenant_id': 'a6d9364766e54fbdaa81c598199cae93', 'admin_state_up': True, 'mtu': 8950, 'status': 'ACTIVE', 'subnets': [], 'shared': False, 'project_id': 'a6d9364766e54fbdaa81c598199cae93', 'port_security_enabled': True, 'router:external': False, 'provider:network_type': 'vlan', 'provider:physical_network': 'default', 'provider:segmentation_id': 560, 'availability_zone_hints': [], 'availability_zones': [], 'ipv4_address_scope': None, 'ipv6_address_scope': None, 'description': '', 'tags': [], 'created_at': '2025-04-03T05:09:14Z', 'updated_at': '2025-04-03T05:09:14Z', 'revision_number': 1} available for tenant
2025-04-03 05:09:15.261 69073 INFO tempest.lib.common.rest_client [req-e088feb7-0fa8-4e2c-b757-4821525b4848 req-e088feb7-0fa8-4e2c-b757-4821525b4848 ] Request (ImagesOneServerTestJSON:setUpClass): 200 GET http://10.180.1.21/compute/v2.1/servers/3ec4528a-688d-4024-bd20-4dd5783c75aa 1.513s
2025-04-03 05:09:15.269 69073 INFO tempest.common.waiters [-] State transition "BUILD/spawning" ==> "ACTIVE/None" after 30 second wait
2025-04-03 05:09:15.275 69045 INFO tempest.lib.common.rest_client [req-0be3d972-070f-49ba-be45-40fd340e1a99 req-0be3d972-070f-49ba-be45-40fd340e1a99 ] Request (ListServerFiltersTestJSON:setUpClass): 201 POST http://10.180.1.21/identity/v3/auth/tokens 0.047s
2025-04-03 05:09:15.275 69045 INFO tempest.lib.common.fixed_network [-] (ListServerFiltersTestJSON:setUpClass) Found network {'id': '3ca41c41-83b8-4d68-87ad-d17786dda6d3', 'name': 'tempest-ListServerFiltersTestJSON-239235667-network', 'tenant_id': 'a6d9364766e54fbdaa81c598199cae93', 'admin_state_up': True, 'mtu': 8950, 'status': 'ACTIVE', 'subnets': [], 'shared': False, 'project_id': 'a6d9364766e54fbdaa81c598199cae93', 'port_security_enabled': True, 'router:external': False, 'provider:network_type': 'vlan', 'provider:physical_network': 'default', 'provider:segmentation_id': 560, 'availability_zone_hints': [], 'availability_zones': [], 'ipv4_address_scope': None, 'ipv6_address_scope': None, 'description': '', 'tags': [], 'created_at': '2025-04-03T05:09:14Z', 'updated_at': '2025-04-03T05:09:14Z', 'revision_number': 1} available for tenant
2025-04-03 05:09:15.288 69037 INFO tempest.lib.common.rest_client [req-b8bb91ab-14c7-4f9e-bf12-1c3cf5164aba req-b8bb91ab-14c7-4f9e-bf12-1c3cf5164aba ] Request (InstanceActionsNegativeTestJSON:setUpClass): 200 GET http://10.180.1.21/compute/v2.1/servers/5081c6f3-1885-4867-91fd-5f6781eade03 1.491s
2025-04-03 05:09:15.297 69037 INFO tempest.common.waiters [-] State transition "BUILD/scheduling" ==> "BUILD/None" after 14 second wait
2025-04-03 05:09:15.371 69079 INFO tempest.lib.common.rest_client [req-31891051-b6ec-4956-aaea-b873b65aa9cc req-31891051-b6ec-4956-aaea-b873b65aa9cc ] Request (ServerShowV257Test:test_rebuild_server): 200 GET http://10.180.1.21/compute/v2.1/servers/4c68e575-bab6-47fa-999a-74403e1f67e5 1.279s
2025-04-03 05:09:15.383 69079 INFO tempest.common.waiters [-] State transition "BUILD/spawning" ==> "ACTIVE/None" after 26 second wait
2025-04-03 05:09:15.441 69081 INFO tempest.lib.common.rest_client [req-30d46b74-2e85-4cf4-9b4d-5133e9fe5e70 req-30d46b74-2e85-4cf4-9b4d-5133e9fe5e70 ] Request (ServerMetadataNegativeTestJSON:setUpClass): 200 GET http://10.180.1.21/compute/v2.1/servers/39c5bacc-414f-4070-b14f-04d2728c8e47 1.304s
2025-04-03 05:09:15.474 69069 INFO tempest.lib.common.rest_client [req-6fe18b2b-a404-4a9f-80e3-5f1984d2fbf1 req-6fe18b2b-a404-4a9f-80e3-5f1984d2fbf1 ] Request (MigrationsAdminTest:test_list_migrations_in_flavor_resize_situation): 200 GET http://10.180.1.21/compute/v2.1/servers/c4c0b400-4df0-4fcc-945f-048fa69502b0 1.442s
2025-04-03 05:09:15.538 69057 INFO tempest.lib.common.rest_client [req-010a34d7-32f6-4cbf-ab1b-da41bde858f5 req-010a34d7-32f6-4cbf-ab1b-da41bde858f5 ] Request (FloatingIPsAssociationTestJSON:setUpClass): 200 GET http://10.180.1.21/compute/v2.1/servers/2e13436b-a77a-4d4d-80de-0450ae3118ff 1.279s
2025-04-03 05:09:15.542 69085 INFO tempest.lib.common.rest_client [req-1bf63b49-4696-4ef4-8869-fd798a3c542e req-1bf63b49-4696-4ef4-8869-fd798a3c542e ] Request (ImagesNegativeTestJSON:test_create_image_from_deleted_server): 200 GET http://10.180.1.21/compute/v2.1/servers/e7aa3ecc-14b8-4191-8dde-c20cac4b798b 1.249s
2025-04-03 05:09:15.566 69093 INFO tempest.lib.common.rest_client [req-4aff9cf6-9c79-46ab-a5f2-79cab243d21f req-4aff9cf6-9c79-46ab-a5f2-79cab243d21f ] Request (AggregatesAdminNegativeTestJSON:test_aggregate_delete_as_user): 200 POST http://10.180.1.21/compute/v2.1/os-aggregates 1.169s
2025-04-03 05:09:15.621 69067 INFO tempest.lib.common.rest_client [req-d0287ad0-bf7a-4dcb-85da-887ffc95e947 req-d0287ad0-bf7a-4dcb-85da-887ffc95e947 ] Request (FloatingIPsTestJSON:tearDownClass): 200 PUT http://10.180.1.21:9696/networking/v2.0/routers/d632f03f-1990-4091-898e-3c88626edc17/remove_router_interface 1.255s
2025-04-03 05:09:15.789 69041 INFO tempest.lib.common.rest_client [req-b1d3138d-f775-4486-9382-927810b023c0 req-b1d3138d-f775-4486-9382-927810b023c0 ] Request (AttachVolumeShelveTestJSON:setUpClass): 201 POST http://10.180.1.21:9696/networking/v2.0/routers 1.041s
2025-04-03 05:09:16.153 69067 INFO tempest.lib.common.rest_client [req-363879e2-affa-4964-a978-664faff3dedd req-363879e2-affa-4964-a978-664faff3dedd ] Request (FloatingIPsTestJSON:tearDownClass): 204 DELETE http://10.180.1.21:9696/networking/v2.0/routers/d632f03f-1990-4091-898e-3c88626edc17 0.530s
2025-04-03 05:09:16.367 69067 INFO tempest.lib.common.rest_client [req-859cc22f-2ab4-459b-9bc5-657d5191052d req-859cc22f-2ab4-459b-9bc5-657d5191052d ] Request (FloatingIPsTestJSON:tearDownClass): 204 DELETE http://10.180.1.21:9696/networking/v2.0/subnets/9d495bad-d133-467e-8b0b-b6566f3d9c90 0.214s
2025-04-03 05:09:16.942 69041 INFO tempest.lib.common.rest_client [req-82dcdf18-caf8-4c40-b7d6-c6be99636fab req-82dcdf18-caf8-4c40-b7d6-c6be99636fab ] Request (AttachVolumeShelveTestJSON:setUpClass): 200 PUT http://10.180.1.21:9696/networking/v2.0/routers/cb3b22e9-7b6e-4255-a437-dac554d7ea70/add_router_interface 1.153s
2025-04-03 05:09:16.942 69041 INFO tempest.lib.common.dynamic_creds [-] Created isolated network resources for: credentials: Credentials: {'domain_id': 'default', 'domain_name': 'Default', 'username': 'tempest-AttachVolumeShelveTestJSON-718105318-project-member', 'project_domain_id': 'default', 'project_domain_name': 'Default', 'project_id': '0e2f252b53ac43b2b6ea8d2440327fa5', 'project_name': 'tempest-AttachVolumeShelveTestJSON-718105318', 'tenant_id': '0e2f252b53ac43b2b6ea8d2440327fa5', 'tenant_name': 'tempest-AttachVolumeShelveTestJSON-718105318', 'user_domain_id': 'default', 'user_domain_name': 'Default', 'user_id': 'd832ae99942d4f009f0733ae7affd29a', 'system': None}, Network: {'id': '3727395d-3c75-4eef-ace1-fb21b8598b1a', 'name': 'tempest-AttachVolumeShelveTestJSON-1009599824-network', 'tenant_id': '0e2f252b53ac43b2b6ea8d2440327fa5', 'admin_state_up': True, 'mtu': 8950, 'status': 'ACTIVE', 'subnets': [], 'shared': False, 'project_id': '0e2f252b53ac43b2b6ea8d2440327fa5', 'port_security_enabled': True, 'router:external': False, 'provider:network_type': 'vlan', 'provider:physical_network': 'default', 'provider:segmentation_id': 137, 'availability_zone_hints': [], 'availability_zones': [], 'ipv4_address_scope': None, 'ipv6_address_scope': None, 'description': '', 'tags': [], 'created_at': '2025-04-03T05:09:14Z', 'updated_at': '2025-04-03T05:09:14Z', 'revision_number': 1}, Subnet: {'id': 'baa88b86-8436-4896-ac7e-746f8468b96a', 'name': 'tempest-AttachVolumeShelveTestJSON-1009599824-subnet', 'tenant_id': '0e2f252b53ac43b2b6ea8d2440327fa5', 'network_id': '3727395d-3c75-4eef-ace1-fb21b8598b1a', 'ip_version': 4, 'subnetpool_id': None, 'enable_dhcp': True, 'ipv6_ra_mode': None, 'ipv6_address_mode': None, 'gateway_ip': '192.168.128.1', 'cidr': '192.168.128.0/28', 'allocation_pools': [{'start': '192.168.128.2', 'end': '192.168.128.14'}], 'host_routes': [], 'dns_nameservers': [], 'description': '', 'router:external': False, 'service_types': [], 'tags': [], 'created_at': '2025-04-03T05:09:14Z', 'updated_at': '2025-04-03T05:09:14Z', 'revision_number': 0, 'project_id': '0e2f252b53ac43b2b6ea8d2440327fa5'}, Router: {'id': 'cb3b22e9-7b6e-4255-a437-dac554d7ea70', 'name': 'tempest-AttachVolumeShelveTestJSON-1009599824-router', 'tenant_id': '0e2f252b53ac43b2b6ea8d2440327fa5', 'admin_state_up': True, 'status': 'ACTIVE', 'external_gateway_info': {'network_id': 'ebda6238-0d25-495f-aa39-ee36de985a66', 'external_fixed_ips': [{'subnet_id': '4004683d-22b9-48c6-b4f0-fad493c1468c', 'ip_address': '10.180.180.147'}], 'enable_snat': True}, 'description': '', 'availability_zones': [], 'distributed': False, 'ha': False, 'availability_zone_hints': [], 'routes': [], 'flavor_id': None, 'tags': [], 'created_at': '2025-04-03T05:09:14Z', 'updated_at': '2025-04-03T05:09:15Z', 'revision_number': 2, 'project_id': '0e2f252b53ac43b2b6ea8d2440327fa5'}
2025-04-03 05:09:17.037 69041 INFO tempest.lib.common.rest_client [req-2125f611-0ab1-4185-b50a-d6c710887dc2 req-2125f611-0ab1-4185-b50a-d6c710887dc2 ] Request (AttachVolumeShelveTestJSON:setUpClass): 201 POST http://10.180.1.21/identity/v3/auth/tokens 0.092s
2025-04-03 05:09:17.071 69089 INFO tempest.lib.common.rest_client [req-31c35baa-6a75-4b5b-b9e2-856ceefe3ad9 req-31c35baa-6a75-4b5b-b9e2-856ceefe3ad9 ] Request (FloatingIPDetailsTestJSON:test_get_floating_ip_details): 200 POST http://10.180.1.21/compute/v2.1/os-floating-ips 2.734s
2025-04-03 05:09:17.102 69067 INFO tempest.lib.common.rest_client [req-36a61ad3-419d-4fd5-b641-72cfbc8b6281 req-36a61ad3-419d-4fd5-b641-72cfbc8b6281 ] Request (FloatingIPsTestJSON:tearDownClass): 204 DELETE http://10.180.1.21:9696/networking/v2.0/networks/2077dae2-5fbf-4415-82e5-168cf0d02072 0.735s
2025-04-03 05:09:17.196 69067 INFO tempest.lib.common.rest_client [req-6553999d-5ff7-4409-9d11-7a3584aa6913 req-6553999d-5ff7-4409-9d11-7a3584aa6913 ] Request (FloatingIPsTestJSON:tearDownClass): 204 DELETE http://10.180.1.21/identity/v3/users/0ea66c5b9afd4544b6f285bf8137ffb4 0.093s
2025-04-03 05:09:17.196 69067 INFO tempest.lib.common.dynamic_creds [-] Deleting project and security group for project: 5dee8973adfe41c997a010fd9735828c
2025-04-03 05:09:17.222 69067 INFO tempest.lib.common.rest_client [req-05dd7a8a-5667-4de9-9b16-58623f252a85 req-05dd7a8a-5667-4de9-9b16-58623f252a85 ] Request (FloatingIPsTestJSON:tearDownClass): 200 GET http://10.180.1.21:9696/networking/v2.0/security-groups?tenant_id=5dee8973adfe41c997a010fd9735828c&name=default 0.025s
2025-04-03 05:09:17.227 69035 INFO tempest.lib.common.rest_client [req-642eab56-3eb4-458e-8e1b-1d2b437e16f3 req-642eab56-3eb4-458e-8e1b-1d2b437e16f3 ] Request (ServerExternalEventsTest:tearDownClass): 204 DELETE http://10.180.1.21/compute/v2.1/servers/bb10c136-09ea-45c8-8340-8a63efb396ff 2.675s
2025-04-03 05:09:17.242 69039 INFO tempest.lib.common.rest_client [req-9192c89b-9ce3-4449-98cc-316d8856d840 req-9192c89b-9ce3-4449-98cc-316d8856d840 ] Request (HypervisorAdminNegativeUnderV252Test:test_show_servers_with_nonexistent_hypervisor): 404 GET http://10.180.1.21/compute/v2.1/os-hypervisors/44ceb9e4-f395-4048-a46b-89f204fd6bc4/servers 2.684s
2025-04-03 05:09:17.352 69067 INFO tempest.lib.common.rest_client [req-3f7f0186-0958-414b-8c39-89786b40bc88 req-3f7f0186-0958-414b-8c39-89786b40bc88 ] Request (FloatingIPsTestJSON:tearDownClass): 204 DELETE http://10.180.1.21:9696/networking/v2.0/security-groups/799f8287-a228-4635-8ed6-324ffa8dc744 0.129s
2025-04-03 05:09:17.377 69039 INFO tempest.lib.common.rest_client [req-bee34073-87bb-4938-a88d-c312c7d624bf req-bee34073-87bb-4938-a88d-c312c7d624bf ] Request (HypervisorAdminNegativeUnderV252Test:tearDownClass): 204 DELETE http://10.180.1.21/identity/v3/users/cf6a8dcc877f4313bf04c1c080a9c968 0.132s
2025-04-03 05:09:17.433 69087 INFO tempest.lib.common.rest_client [req-8abea0f6-cbbc-46a0-a1c4-d330f186325f req-8abea0f6-cbbc-46a0-a1c4-d330f186325f ] Request (QuotasAdminTestJSON:test_get_updated_quotas): 200 GET http://10.180.1.21/compute/v2.1/os-quota-sets/6cc38bd9b60f4e7d829333450f401c66?user_id=ff3f4fc111e44daf8a95b0a1a426deaf 2.755s
2025-04-03 05:09:17.472 69067 INFO tempest.lib.common.rest_client [req-5849afe5-27e9-49f1-bd23-b5ae9dbe28fb req-5849afe5-27e9-49f1-bd23-b5ae9dbe28fb ] Request (FloatingIPsTestJSON:tearDownClass): 204 DELETE http://10.180.1.21/identity/v3/projects/5dee8973adfe41c997a010fd9735828c 0.120s
2025-04-03 05:09:17.477 69071 WARNING tempest.lib.common.ssh [-] Failed to establish authenticated ssh connection to cirros@10.180.180.209 ([Errno None] Unable to connect to port 22 on 10.180.180.209). Number attempts: 2. Retry after 3 seconds.: paramiko.ssh_exception.NoValidConnectionsError: [Errno None] Unable to connect to port 22 on 10.180.180.209
2025-04-03 05:09:17.536 69077 INFO tempest.lib.common.rest_client [req-ca90b246-9b76-4781-8470-b8c9cc4e57bb req-ca90b246-9b76-4781-8470-b8c9cc4e57bb ] Request (FloatingIPsAssociationNegativeTestJSON:test_associate_ip_to_server_with_floating_ip): 202 POST http://10.180.1.21/compute/v2.1/servers/a43a884f-0d67-4dfe-b3b7-c1ffbcf0da6a/action 3.010s
2025-04-03 05:09:17.555 69053 INFO tempest.lib.common.rest_client [req-97bb7705-d82a-4b2d-aab2-6bda96fb6c0d req-97bb7705-d82a-4b2d-aab2-6bda96fb6c0d ] Request (KeyPairsV210TestJSON:_run_cleanups): 204 DELETE http://10.180.1.21/compute/v2.1/os-keypairs/tempest-keypair-1391854849?user_id=2b8121ac75bd4d27ab70531e6e925c7d 2.505s
2025-04-03 05:09:17.567 69087 INFO tempest.lib.common.rest_client [req-b5e74bf6-07d9-41a1-91e1-d9de87370192 req-b5e74bf6-07d9-41a1-91e1-d9de87370192 ] Request (QuotasAdminTestJSON:_run_cleanups): 204 DELETE http://10.180.1.21/identity/v3/users/ff3f4fc111e44daf8a95b0a1a426deaf 0.131s
2025-04-03 05:09:17.571 69039 INFO tempest.lib.common.rest_client [req-5d175379-67e9-4dfa-8d31-d2db4584394f req-5d175379-67e9-4dfa-8d31-d2db4584394f ] Request (HypervisorAdminNegativeUnderV252Test:tearDownClass): 204 DELETE http://10.180.1.21/identity/v3/users/4bc92b289b784419ae0e404b34dda39b 0.194s
2025-04-03 05:09:17.571 69039 INFO tempest.lib.common.dynamic_creds [-] Deleting project and security group for project: 2533b0c17e6e4e1dba462a48734aa9da
2025-04-03 05:09:17.620 69067 INFO tempest.lib.common.rest_client [req-4b24a3dd-3bb5-423d-b78e-4cd24f6d70a9 req-4b24a3dd-3bb5-423d-b78e-4cd24f6d70a9 ] Request (ServersAaction247Test:setUpClass): 201 POST http://10.180.1.21/identity/v3/auth/tokens 0.145s
2025-04-03 05:09:17.659 69087 INFO tempest.lib.common.rest_client [req-e71c0af6-ea9c-4cd0-b7dd-0e28f59e7ff0 req-e71c0af6-ea9c-4cd0-b7dd-0e28f59e7ff0 ] Request (QuotasAdminTestJSON:_run_cleanups): 204 DELETE http://10.180.1.21/identity/v3/projects/6cc38bd9b60f4e7d829333450f401c66 0.092s
2025-04-03 05:09:17.672 69061 INFO tempest.lib.common.rest_client [req-aff29f50-b748-4095-8492-c378f91f416c req-aff29f50-b748-4095-8492-c378f91f416c ] Request (SecurityGroupRulesTestJSON:test_security_group_rules_create_with_optional_group_id): 200 POST http://10.180.1.21/compute/v2.1/os-security-groups 2.548s
2025-04-03 05:09:17.698 69059 INFO tempest.lib.common.rest_client [req-0370a6ce-93c4-4ea0-847c-0b3e14530703 req-0370a6ce-93c4-4ea0-847c-0b3e14530703 ] Request (FlavorsAccessNegativeTestJSON:_run_cleanups): 202 DELETE http://10.180.1.21/compute/v2.1/flavors/908535653 2.482s
2025-04-03 05:09:17.720 69039 INFO tempest.lib.common.rest_client [req-7dc4c940-9d3b-4552-b8bc-37ca7d254e90 req-7dc4c940-9d3b-4552-b8bc-37ca7d254e90 ] Request (HypervisorAdminNegativeUnderV252Test:tearDownClass): 201 POST http://10.180.1.21/identity/v3/auth/tokens 0.149s
2025-04-03 05:09:17.741 69067 INFO tempest.lib.common.rest_client [req-e8a16a48-8578-4c7f-a676-d48c600b573e req-e8a16a48-8578-4c7f-a676-d48c600b573e ] Request (ServersAaction247Test:setUpClass): 201 POST http://10.180.1.21/identity/v3/auth/tokens 0.118s
2025-04-03 05:09:17.773 69067 INFO tempest.lib.common.rest_client [req-a5c4a2dd-44a1-4ff1-887d-1d48b5be216b req-a5c4a2dd-44a1-4ff1-887d-1d48b5be216b ] Request (ServersAaction247Test:setUpClass): 200 GET http://10.180.1.21/identity/v3/domains?name=Default 0.031s
2025-04-03 05:09:17.793 69063 INFO tempest.lib.common.rest_client [req-5576b90c-ddc3-40b8-9bd4-f0441bac1df8 req-5576b90c-ddc3-40b8-9bd4-f0441bac1df8 ] Request (QuotasAdminNegativeTest:_run_cleanups): 200 PUT http://10.180.1.21/compute/v2.1/os-quota-sets/28a9a611514945b3a5069ddd55a52283 3.025s
2025-04-03 05:09:17.803 69067 INFO tempest.lib.common.rest_client [req-4f1b1880-9a84-4fb5-8ddd-3e886947dde1 req-4f1b1880-9a84-4fb5-8ddd-3e886947dde1 ] Request (ServersAaction247Test:setUpClass): 201 POST http://10.180.1.21/identity/v3/projects 0.029s
2025-04-03 05:09:17.894 69039 INFO tempest.lib.common.rest_client [req-d994d7f2-4af3-4c72-b802-89d41c0d640e req-d994d7f2-4af3-4c72-b802-89d41c0d640e ] Request (HypervisorAdminNegativeUnderV252Test:tearDownClass): 200 GET http://10.180.1.21:9696/networking/v2.0/security-groups?tenant_id=2533b0c17e6e4e1dba462a48734aa9da&name=default 0.173s
2025-04-03 05:09:17.917 69067 INFO tempest.lib.common.rest_client [req-c1ef3cbc-49d3-4899-bd54-58e77f7b09e6 req-c1ef3cbc-49d3-4899-bd54-58e77f7b09e6 ] Request (ServersAaction247Test:setUpClass): 201 POST http://10.180.1.21/identity/v3/users 0.113s
2025-04-03 05:09:17.943 69067 INFO tempest.lib.common.rest_client [req-c5b68c4a-15b2-4a27-84a3-b0bdbf36c322 req-c5b68c4a-15b2-4a27-84a3-b0bdbf36c322 ] Request (ServersAaction247Test:setUpClass): 200 GET http://10.180.1.21/identity/v3/roles 0.026s
2025-04-03 05:09:17.975 69067 INFO tempest.lib.common.rest_client [req-d3da7cca-1c87-41fe-9746-4f0ec9d75dd2 req-d3da7cca-1c87-41fe-9746-4f0ec9d75dd2 ] Request (ServersAaction247Test:setUpClass): 204 PUT http://10.180.1.21/identity/v3/projects/a343ea03ceb54281a5d28c125a1eb86d/users/9bb545693b4342c99fe7054b6a374f41/roles/b4a1f3c4cde74758a51ae6bcff3e85ec 0.031s
2025-04-03 05:09:17.976 69067 INFO tempest.lib.common.dynamic_creds [-] Dynamic test user 9bb545693b4342c99fe7054b6a374f41 is created with scope project and roles: ['member']
2025-04-03 05:09:17.976 69067 INFO tempest.lib.common.dynamic_creds [-] Acquired dynamic creds: credentials: Credentials: {'domain_id': 'default', 'domain_name': 'Default', 'username': 'tempest-ServersAaction247Test-425241108-project-member', 'project_domain_id': 'default', 'project_domain_name': 'Default', 'project_id': 'a343ea03ceb54281a5d28c125a1eb86d', 'project_name': 'tempest-ServersAaction247Test-425241108', 'tenant_id': 'a343ea03ceb54281a5d28c125a1eb86d', 'tenant_name': 'tempest-ServersAaction247Test-425241108', 'user_domain_id': 'default', 'user_domain_name': 'Default', 'user_id': '9bb545693b4342c99fe7054b6a374f41', 'system': None}, Network: None, Subnet: None, Router: None
2025-04-03 05:09:17.976 69067 INFO tempest.lib.common.dynamic_creds [-] Created isolated network resources for: credentials: Credentials: {'domain_id': 'default', 'domain_name': 'Default', 'username': 'tempest-ServersAaction247Test-425241108-project-member', 'project_domain_id': 'default', 'project_domain_name': 'Default', 'project_id': 'a343ea03ceb54281a5d28c125a1eb86d', 'project_name': 'tempest-ServersAaction247Test-425241108', 'tenant_id': 'a343ea03ceb54281a5d28c125a1eb86d', 'tenant_name': 'tempest-ServersAaction247Test-425241108', 'user_domain_id': 'default', 'user_domain_name': 'Default', 'user_id': '9bb545693b4342c99fe7054b6a374f41', 'system': None}, Network: None, Subnet: None, Router: None
2025-04-03 05:09:17.987 69039 INFO tempest.lib.common.rest_client [req-f8f255ab-eef5-4abe-86cf-d7bad63ef571 req-f8f255ab-eef5-4abe-86cf-d7bad63ef571 ] Request (HypervisorAdminNegativeUnderV252Test:tearDownClass): 204 DELETE http://10.180.1.21:9696/networking/v2.0/security-groups/e88fb62b-289e-4cd7-bf88-65da53e962d5 0.093s
2025-04-03 05:09:18.044 69067 INFO tempest.lib.common.rest_client [req-7e3a44da-4274-4051-9e42-63942ca4b093 req-7e3a44da-4274-4051-9e42-63942ca4b093 ] Request (ServersAaction247Test:setUpClass): 201 POST http://10.180.1.21/identity/v3/auth/tokens 0.064s
2025-04-03 05:09:18.129 69039 INFO tempest.lib.common.rest_client [req-f9859bda-b249-481c-a1d0-bdbec79f7351 req-f9859bda-b249-481c-a1d0-bdbec79f7351 ] Request (HypervisorAdminNegativeUnderV252Test:tearDownClass): 204 DELETE http://10.180.1.21/identity/v3/projects/2533b0c17e6e4e1dba462a48734aa9da 0.141s
2025-04-03 05:09:18.130 69039 INFO tempest.lib.common.dynamic_creds [-] Deleting project and security group for project: df67f571c50041c78480656658dc3d1c
2025-04-03 05:09:18.177 69067 INFO tempest.lib.common.rest_client [req-c5745cb1-902c-45cb-91d7-0ab454bed4aa req-c5745cb1-902c-45cb-91d7-0ab454bed4aa ] Request (ServersAaction247Test:test_create_backup): 201 POST http://10.180.1.21/identity/v3/auth/tokens 0.129s
2025-04-03 05:09:18.177 69067 INFO tempest.lib.common.fixed_network [-] (ServersAaction247Test:test_create_backup) Found network None available for tenant
2025-04-03 05:09:18.234 69045 INFO tempest.lib.common.rest_client [req-3e097895-4d84-4219-893a-dca467bc1f46 req-3e097895-4d84-4219-893a-dca467bc1f46 ] Request (ListServerFiltersTestJSON:setUpClass): 202 POST http://10.180.1.21/compute/v2.1/servers 2.957s
