2025-04-03 05:10:00.628 69085 INFO tempest.lib.common.rest_client [req-ffffac04-c2d9-4bfd-8422-bca70a245bf2 req-ffffac04-c2d9-4bfd-8422-bca70a245bf2 ] Request (SecurityGroupsTestJSON:test_list_security_groups_by_server): 200 GET http://10.180.1.21/compute/v2.1/servers/c438a9cf-ebd8-443b-a056-947c2a9eb14f 0.261s
2025-04-03 05:10:00.660 69043 INFO tempest.lib.common.rest_client [req-e854b97a-93c0-4e89-9833-863e4dd4c746 req-e854b97a-93c0-4e89-9833-863e4dd4c746 ] Request (ServersAdminNegativeTestJSON:_run_cleanups): 202 DELETE http://10.180.1.21/compute/v2.1/flavors/998183352 0.222s
2025-04-03 05:10:00.732 69067 INFO tempest.lib.common.rest_client [req-435d75b4-df54-4950-8e28-6c9725997a0a req-435d75b4-df54-4950-8e28-6c9725997a0a ] Request (ServersAaction247Test:test_create_backup): 200 GET http://10.180.1.21/compute/v2.1/servers/611accaa-65b4-4b5a-afd5-4829684b2bb2 0.224s
2025-04-03 05:10:00.740 69095 INFO tempest.lib.common.rest_client [req-5d9bf463-244b-4ca1-8fd5-d9c5c98ed332 req-5d9bf463-244b-4ca1-8fd5-d9c5c98ed332 ] Request (ServerDiagnosticsNegativeTest:tearDownClass): 200 GET http://10.180.1.21/compute/v2.1/servers/7697d3a7-6aea-43e6-8949-8fab20edc109 0.316s
2025-04-03 05:10:00.789 69061 INFO tempest.lib.common.rest_client [req-25b25e63-ba60-47cc-9215-ddfd9c3afa8c req-25b25e63-ba60-47cc-9215-ddfd9c3afa8c ] Request (ServerMetadataTestJSON:setUpClass): 200 GET http://10.180.1.21/compute/v2.1/servers/b8aa7a6c-8572-4abe-a485-7970db9326e9 0.206s
2025-04-03 05:10:00.850 69057 INFO tempest.lib.common.rest_client [req-620514eb-005c-42df-9423-b759be6ef77b req-620514eb-005c-42df-9423-b759be6ef77b ] Request (FloatingIPsAssociationTestJSON:test_associate_already_associated_floating_ip): 200 GET http://10.180.1.21/compute/v2.1/servers/82635e7d-628a-4308-87ee-d9c2f66492c6 0.267s
2025-04-03 05:10:00.879 69073 INFO tempest.lib.common.rest_client [req-d6e0c059-2667-442c-af40-710428bf708b req-d6e0c059-2667-442c-af40-710428bf708b ] Request (ImagesOneServerTestJSON:test_create_image_specify_multibyte_character_image_name): 200 GET http://10.180.1.21/compute/v2.1/images/e3c8bcb7-7037-4aa3-a121-a3eee2995247 0.257s
2025-04-03 05:10:00.947 69047 INFO tempest.lib.common.rest_client [req-bdbb34b1-76a7-4308-9c21-664650c06e76 req-bdbb34b1-76a7-4308-9c21-664650c06e76 ] Request (ServerGroupTestJSON:test_create_server_with_scheduler_hint_group): 200 GET http://10.180.1.21/compute/v2.1/servers/3b3029c4-d55d-401c-9b73-c9bdce010273 0.293s
2025-04-03 05:10:00.950 69081 INFO tempest.lib.common.rest_client [req-a19a4500-1b8b-41d9-9b95-b3329eb71aff req-a19a4500-1b8b-41d9-9b95-b3329eb71aff ] Request (ServerMetadataNegativeTestJSON:tearDownClass): 200 GET http://10.180.1.21/compute/v2.1/servers/39c5bacc-414f-4070-b14f-04d2728c8e47 0.394s
2025-04-03 05:10:00.974 69043 INFO tempest.lib.common.rest_client [req-b31b871d-e8be-459f-a847-759b1c7950b0 req-b31b871d-e8be-459f-a847-759b1c7950b0 ] Request (ServersAdminNegativeTestJSON:_run_cleanups): 200 GET http://10.180.1.21/compute/v2.1/flavors/detail 0.314s
2025-04-03 05:10:01.024 69077 INFO tempest.lib.common.rest_client [req-65278b05-0425-4ec9-9d93-6f65e74dbaaa req-65278b05-0425-4ec9-9d93-6f65e74dbaaa ] Request (FloatingIPsAssociationNegativeTestJSON:tearDownClass): 200 GET http://10.180.1.21/compute/v2.1/servers/a43a884f-0d67-4dfe-b3b7-c1ffbcf0da6a 0.306s
2025-04-03 05:10:01.024 69035 INFO tempest.lib.common.rest_client [req-232ce43f-24a0-4d97-8842-cbd97e24bfb9 req-232ce43f-24a0-4d97-8842-cbd97e24bfb9 ] Request (ServersAdminTestJSON:setUpClass): 200 PUT http://10.180.1.21:9696/networking/v2.0/routers/f7af7d71-d1ca-40bc-87ca-ffef4a991397/add_router_interface 1.130s
2025-04-03 05:10:01.025 69035 INFO tempest.lib.common.dynamic_creds [-] Created isolated network resources for: credentials: Credentials: {'domain_id': 'default', 'domain_name': 'Default', 'username': 'tempest-ServersAdminTestJSON-6335293-project-admin', 'project_domain_id': 'default', 'project_domain_name': 'Default', 'project_id': 'fcb7c9c9f6aa4e88982a429fd742fae7', 'project_name': 'tempest-ServersAdminTestJSON-6335293', 'tenant_id': 'fcb7c9c9f6aa4e88982a429fd742fae7', 'tenant_name': 'tempest-ServersAdminTestJSON-6335293', 'user_domain_id': 'default', 'user_domain_name': 'Default', 'user_id': 'a135e1dd2be84dbd8784da11335f5145', 'system': None}, Network: {'id': '8ae00905-ba2b-4362-b40f-bd7d8a5c38de', 'name': 'tempest-ServersAdminTestJSON-486361336-network', 'tenant_id': 'fcb7c9c9f6aa4e88982a429fd742fae7', 'admin_state_up': True, 'mtu': 8950, 'status': 'ACTIVE', 'subnets': [], 'shared': False, 'project_id': 'fcb7c9c9f6aa4e88982a429fd742fae7', 'port_security_enabled': True, 'router:external': False, 'provider:network_type': 'vlan', 'provider:physical_network': 'default', 'provider:segmentation_id': 366, 'availability_zone_hints': [], 'availability_zones': [], 'ipv4_address_scope': None, 'ipv6_address_scope': None, 'description': '', 'tags': [], 'created_at': '2025-04-03T05:09:58Z', 'updated_at': '2025-04-03T05:09:58Z', 'revision_number': 1}, Subnet: {'id': '0e9d6701-5f2d-4ed7-980b-4e4f1d5c902d', 'name': 'tempest-ServersAdminTestJSON-486361336-subnet', 'tenant_id': 'fcb7c9c9f6aa4e88982a429fd742fae7', 'network_id': '8ae00905-ba2b-4362-b40f-bd7d8a5c38de', 'ip_version': 4, 'subnetpool_id': None, 'enable_dhcp': True, 'ipv6_ra_mode': None, 'ipv6_address_mode': None, 'gateway_ip': '192.168.128.1', 'cidr': '192.168.128.0/28', 'allocation_pools': [{'start': '192.168.128.2', 'end': '192.168.128.14'}], 'host_routes': [], 'dns_nameservers': [], 'description': '', 'router:external': False, 'service_types': [], 'tags': [], 'created_at': '2025-04-03T05:09:58Z', 'updated_at': '2025-04-03T05:09:58Z', 'revision_number': 0, 'project_id': 'fcb7c9c9f6aa4e88982a429fd742fae7'}, Router: {'id': 'f7af7d71-d1ca-40bc-87ca-ffef4a991397', 'name': 'tempest-ServersAdminTestJSON-486361336-router', 'tenant_id': 'fcb7c9c9f6aa4e88982a429fd742fae7', 'admin_state_up': True, 'status': 'ACTIVE', 'external_gateway_info': {'network_id': 'ebda6238-0d25-495f-aa39-ee36de985a66', 'external_fixed_ips': [{'subnet_id': '4004683d-22b9-48c6-b4f0-fad493c1468c', 'ip_address': '10.180.180.254'}], 'enable_snat': True}, 'description': '', 'availability_zones': [], 'distributed': False, 'ha': False, 'availability_zone_hints': [], 'routes': [], 'flavor_id': None, 'tags': [], 'created_at': '2025-04-03T05:09:58Z', 'updated_at': '2025-04-03T05:09:59Z', 'revision_number': 2, 'project_id': 'fcb7c9c9f6aa4e88982a429fd742fae7'}
2025-04-03 05:10:01.035 69059 INFO tempest.lib.common.rest_client [req-0a41d97b-787c-4cd3-be72-bf31b2010e13 req-0a41d97b-787c-4cd3-be72-bf31b2010e13 ] Request (AttachInterfacesV270Test:test_create_get_list_interfaces): 200 GET http://10.180.1.21/compute/v2.1/servers/813a9ab7-dcfc-4979-a29b-2a7b380ca20c 0.316s
2025-04-03 05:10:01.091 69039 INFO tempest.lib.common.rest_client [req-81906f25-adea-42c8-be8c-36839ccd2144 req-81906f25-adea-42c8-be8c-36839ccd2144 ] Request (ListServersNegativeTestJSON:setUpClass): 200 GET http://10.180.1.21/compute/v2.1/servers/21ecae12-27e8-403a-a691-874b91e76acf 0.317s
2025-04-03 05:10:01.106 69065 INFO tempest.lib.common.rest_client [req-02f2d7b1-fc34-41e2-8d88-0d71a8b13823 req-02f2d7b1-fc34-41e2-8d88-0d71a8b13823 ] Request (DeleteServersAdminTestJSON:test_delete_server_while_in_error_state): 200 GET http://10.180.1.21/compute/v2.1/servers/7318b4f9-9609-4d05-9835-83b561022ccb 0.320s
2025-04-03 05:10:01.120 69035 INFO tempest.lib.common.rest_client [req-43b774b4-d5e5-45ff-8c54-6ccf33b62d46 req-43b774b4-d5e5-45ff-8c54-6ccf33b62d46 ] Request (ServersAdminTestJSON:setUpClass): 201 POST http://10.180.1.21/identity/v3/auth/tokens 0.093s
2025-04-03 05:10:01.153 69073 INFO tempest.lib.common.rest_client [req-33f3330c-1c84-4583-9a94-d8e51ed2e68c req-33f3330c-1c84-4583-9a94-d8e51ed2e68c ] Request (ImagesOneServerTestJSON:test_create_image_specify_multibyte_character_image_name): 200 GET http://10.180.1.21/compute/v2.1/images/e3c8bcb7-7037-4aa3-a121-a3eee2995247 0.270s
2025-04-03 05:10:01.160 69055 INFO tempest.lib.common.rest_client [req-47dbe789-071c-4a8d-b751-7e0950a178e0 req-47dbe789-071c-4a8d-b751-7e0950a178e0 ] Request (ServerDiskConfigTestJSON:test_rebuild_server_with_manual_disk_config): 200 GET http://10.180.1.21/compute/v2.1/servers/edb2beee-09ec-4033-a531-a2fd85eeb105 0.306s
2025-04-03 05:10:01.187 69035 INFO tempest.lib.common.rest_client [req-c86478ec-0258-46bb-ad00-3ed50e2b6920 req-c86478ec-0258-46bb-ad00-3ed50e2b6920 ] Request (ServersAdminTestJSON:setUpClass): 201 POST http://10.180.1.21/identity/v3/auth/tokens 0.063s
2025-04-03 05:10:01.187 69035 INFO tempest.lib.common.fixed_network [-] (ServersAdminTestJSON:setUpClass) Found network {'id': 'b11cd7ae-1096-4f3d-8341-5108e748388b', 'name': 'tempest-ServersAdminTestJSON-214002617-network', 'tenant_id': '260fc5876fee47c8a22d42210267726c', 'admin_state_up': True, 'mtu': 8950, 'status': 'ACTIVE', 'subnets': [], 'shared': False, 'project_id': '260fc5876fee47c8a22d42210267726c', 'port_security_enabled': True, 'router:external': False, 'provider:network_type': 'vlan', 'provider:physical_network': 'default', 'provider:segmentation_id': 266, 'availability_zone_hints': [], 'availability_zones': [], 'ipv4_address_scope': None, 'ipv6_address_scope': None, 'description': '', 'tags': [], 'created_at': '2025-04-03T05:09:54Z', 'updated_at': '2025-04-03T05:09:54Z', 'revision_number': 1} available for tenant
2025-04-03 05:10:01.203 69087 INFO tempest.lib.common.rest_client [req-4e33ebba-7960-4d11-ab2c-b96a9bef25d3 req-4e33ebba-7960-4d11-ab2c-b96a9bef25d3 ] Request (ServerTagsTestJSON:setUpClass): 200 GET http://10.180.1.21/compute/v2.1/servers/3d63075d-9ed3-40c9-ac29-ea79f2157e46 0.282s
2025-04-03 05:10:01.211 69087 INFO tempest.common.waiters [-] State transition "BUILD/scheduling" ==> "BUILD/None" after 28 second wait
2025-04-03 05:10:01.225 69043 INFO tempest.lib.common.rest_client [req-433c3a93-1c88-4d60-b02c-34fe810ec161 req-433c3a93-1c88-4d60-b02c-34fe810ec161 ] Request (ServersAdminNegativeTestJSON:test_restore_server_invalid_state): 409 POST http://10.180.1.21/compute/v2.1/servers/200c7a4e-3a97-430d-84db-d794454fbe0c/action 0.242s
2025-04-03 05:10:01.237 69079 INFO tempest.lib.common.rest_client [req-97ec4437-e581-4522-b89d-4da2786f2783 req-97ec4437-e581-4522-b89d-4da2786f2783 ] Request (ServerShowV257Test:tearDownClass): 200 GET http://10.180.1.21/compute/v2.1/servers/4c68e575-bab6-47fa-999a-74403e1f67e5 0.270s
2025-04-03 05:10:01.269 69041 INFO tempest.lib.common.rest_client [req-b83928bd-d0ca-414d-87bb-5f96c4f65e3c req-b83928bd-d0ca-414d-87bb-5f96c4f65e3c ] Request (AttachVolumeShelveTestJSON:test_attach_volume_shelved_or_offload_server): 200 GET http://10.180.1.21/compute/v2.1/servers/897fcd76-c7c7-4aec-9295-20335f033701 0.258s
2025-04-03 05:10:01.277 69041 INFO tempest.common.waiters [-] State transition "BUILD/None" ==> "BUILD/networking" after 35 second wait
2025-04-03 05:10:01.286 69089 INFO tempest.lib.common.rest_client [req-28750e22-9b72-427a-973c-e6ddb957c2b0 req-28750e22-9b72-427a-973c-e6ddb957c2b0 ] Request (ServerRescueTestJSONUnderV235:setUpClass): 200 GET http://10.180.1.21/compute/v2.1/servers/1da99090-eae4-4865-bcad-2f2a67cd2c50 0.261s
2025-04-03 05:10:01.312 69053 INFO tempest.lib.common.rest_client [req-fc767d1d-4b3f-40f3-a7e4-aaf31e06bad3 req-fc767d1d-4b3f-40f3-a7e4-aaf31e06bad3 ] Request (ServerShowV247Test:test_update_rebuild_list_server): 200 GET http://10.180.1.21/compute/v2.1/servers/281ac73f-24f2-4c1f-8775-e81b6ca12135 0.215s
2025-04-03 05:10:01.328 69093 INFO tempest.lib.common.rest_client [req-28cee7eb-6f87-4e78-81d5-dacc5665c538 req-28cee7eb-6f87-4e78-81d5-dacc5665c538 ] Request (ListImageFiltersTestJSON:setUpClass): 200 GET http://10.180.1.21/compute/v2.1/servers/4387a1e3-3dd3-4ec3-8db6-a6f1bb3ae921 0.180s
2025-04-03 05:10:01.477 69073 INFO tempest.lib.common.rest_client [req-c6617b67-9c30-4b46-849c-d558c7a4bdbf req-c6617b67-9c30-4b46-849c-d558c7a4bdbf ] Request (ImagesOneServerTestJSON:test_create_image_specify_multibyte_character_image_name): 200 GET http://10.180.1.21/compute/v2.1/servers/3ec4528a-688d-4024-bd20-4dd5783c75aa 0.321s
2025-04-03 05:10:01.557 69043 INFO tempest.lib.common.rest_client [req-9348bb8b-f5a0-437a-8010-fe98a1687732 req-9348bb8b-f5a0-437a-8010-fe98a1687732 ] Request (ServersAdminNegativeTestJSON:tearDownClass): 204 DELETE http://10.180.1.21/compute/v2.1/servers/f002c0d1-f86f-48f0-a072-2799154f02c6 0.330s
2025-04-03 05:10:01.623 69075 INFO tempest.lib.common.rest_client [req-09580eef-d459-4525-9cd0-80bd383ec679 req-09580eef-d459-4525-9cd0-80bd383ec679 ] Request (ServersListShow298Test:test_list_show_update_rebuild_server_298): 200 GET http://10.180.1.21/compute/v2.1/servers/77a9f3ad-5736-4b90-837a-1d707b52c61d 0.388s
2025-04-03 05:10:01.677 69063 INFO tempest.lib.common.rest_client [req-4e4e9419-bd82-483c-a41d-1156a5c46ee2 req-4e4e9419-bd82-483c-a41d-1156a5c46ee2 ] Request (ImagesOneServerNegativeTestJSON:setUpClass): 200 GET http://10.180.1.21/compute/v2.1/servers/00ee2b76-d7a4-4c1b-b449-daa5eb35231f 0.376s
2025-04-03 05:10:01.678 69035 INFO tempest.lib.common.rest_client [req-1ec76462-4232-4b33-b628-c3a945737970 req-1ec76462-4232-4b33-b628-c3a945737970 ] Request (ServersAdminTestJSON:setUpClass): 202 POST http://10.180.1.21/compute/v2.1/servers 0.490s
2025-04-03 05:10:01.728 69035 INFO tempest.lib.common.rest_client [req-9f5d867a-01fc-44d7-b026-0c0ed9bdbacf req-9f5d867a-01fc-44d7-b026-0c0ed9bdbacf ] Request (ServersAdminTestJSON:setUpClass): 201 POST http://10.180.1.21/identity/v3/auth/tokens 0.043s
2025-04-03 05:10:01.728 69035 INFO tempest.lib.common.fixed_network [-] (ServersAdminTestJSON:setUpClass) Found network {'id': 'b11cd7ae-1096-4f3d-8341-5108e748388b', 'name': 'tempest-ServersAdminTestJSON-214002617-network', 'tenant_id': '260fc5876fee47c8a22d42210267726c', 'admin_state_up': True, 'mtu': 8950, 'status': 'ACTIVE', 'subnets': [], 'shared': False, 'project_id': '260fc5876fee47c8a22d42210267726c', 'port_security_enabled': True, 'router:external': False, 'provider:network_type': 'vlan', 'provider:physical_network': 'default', 'provider:segmentation_id': 266, 'availability_zone_hints': [], 'availability_zones': [], 'ipv4_address_scope': None, 'ipv6_address_scope': None, 'description': '', 'tags': [], 'created_at': '2025-04-03T05:09:54Z', 'updated_at': '2025-04-03T05:09:54Z', 'revision_number': 1} available for tenant
2025-04-03 05:10:01.755 69045 INFO tempest.lib.common.rest_client [req-2b77a3e0-d5d7-4396-bd3c-e2a2f83ed87e req-2b77a3e0-d5d7-4396-bd3c-e2a2f83ed87e ] Request (ListServerFiltersTestJSON:setUpClass): 200 GET http://10.180.1.21/compute/v2.1/servers/b359c11a-f3a4-44c3-acba-d07ed70775d4 0.360s
2025-04-03 05:10:01.842 69069 INFO tempest.lib.common.rest_client [req-5e30c728-cf8d-4f19-99cf-2f1eec07e2e3 req-5e30c728-cf8d-4f19-99cf-2f1eec07e2e3 ] Request (MigrationsAdminTest:test_list_migrations_in_flavor_resize_situation): 200 GET http://10.180.1.21/compute/v2.1/servers/c4c0b400-4df0-4fcc-945f-048fa69502b0 0.293s
2025-04-03 05:10:01.852 69069 INFO tempest.common.waiters [-] State transition "RESIZE/resize_migrating" ==> "RESIZE/resize_migrated" after 37 second wait
2025-04-03 05:10:01.897 69043 INFO tempest.lib.common.rest_client [req-fb8a3cf0-9a7d-4ca5-a5f6-787e4d158957 req-fb8a3cf0-9a7d-4ca5-a5f6-787e4d158957 ] Request (ServersAdminNegativeTestJSON:tearDownClass): 200 GET http://10.180.1.21/compute/v2.1/servers/f002c0d1-f86f-48f0-a072-2799154f02c6 0.340s
2025-04-03 05:10:01.909 69037 INFO tempest.lib.common.rest_client [req-a059df1d-3ba3-44df-9b7e-350ccf3d83aa req-a059df1d-3ba3-44df-9b7e-350ccf3d83aa ] Request (InstanceActionsNegativeTestJSON:tearDownClass): 200 GET http://10.180.1.21/compute/v2.1/servers/5081c6f3-1885-4867-91fd-5f6781eade03 0.276s
2025-04-03 05:10:01.963 69085 INFO tempest.lib.common.rest_client [req-7b4be4bd-4197-4669-be99-21897428c4cd req-7b4be4bd-4197-4669-be99-21897428c4cd ] Request (SecurityGroupsTestJSON:test_list_security_groups_by_server): 200 GET http://10.180.1.21/compute/v2.1/servers/c438a9cf-ebd8-443b-a056-947c2a9eb14f 0.325s
2025-04-03 05:10:02.034 69067 INFO tempest.lib.common.rest_client [req-cdd39d6c-3c60-4a03-9da6-0af295f50aff req-cdd39d6c-3c60-4a03-9da6-0af295f50aff ] Request (ServersAaction247Test:test_create_backup): 200 GET http://10.180.1.21/compute/v2.1/servers/611accaa-65b4-4b5a-afd5-4829684b2bb2 0.285s
2025-04-03 05:10:02.121 69095 INFO tempest.lib.common.rest_client [req-c6e62e6c-11db-4331-92c2-c871a7a4d942 req-c6e62e6c-11db-4331-92c2-c871a7a4d942 ] Request (ServerDiagnosticsNegativeTest:tearDownClass): 200 GET http://10.180.1.21/compute/v2.1/servers/7697d3a7-6aea-43e6-8949-8fab20edc109 0.368s
2025-04-03 05:10:02.186 69061 INFO tempest.lib.common.rest_client [req-5c748188-f3f6-495c-8e91-484065673175 req-5c748188-f3f6-495c-8e91-484065673175 ] Request (ServerMetadataTestJSON:setUpClass): 200 GET http://10.180.1.21/compute/v2.1/servers/b8aa7a6c-8572-4abe-a485-7970db9326e9 0.389s
2025-04-03 05:10:02.272 69057 INFO tempest.lib.common.rest_client [req-822d4f52-539b-402d-b671-d8b8abe69cc2 req-822d4f52-539b-402d-b671-d8b8abe69cc2 ] Request (FloatingIPsAssociationTestJSON:test_associate_already_associated_floating_ip): 200 GET http://10.180.1.21/compute/v2.1/servers/82635e7d-628a-4308-87ee-d9c2f66492c6 0.415s
2025-04-03 05:10:02.384 69035 INFO tempest.lib.common.rest_client [req-1788eacd-a18a-4be1-8b12-431fd9afd279 req-1788eacd-a18a-4be1-8b12-431fd9afd279 ] Request (ServersAdminTestJSON:setUpClass): 202 POST http://10.180.1.21/compute/v2.1/servers 0.655s
2025-04-03 05:10:02.422 69081 INFO tempest.lib.common.rest_client [req-784d050e-255b-4066-a0b4-452bb73e9af2 req-784d050e-255b-4066-a0b4-452bb73e9af2 ] Request (ServerMetadataNegativeTestJSON:tearDownClass): 200 GET http://10.180.1.21/compute/v2.1/servers/39c5bacc-414f-4070-b14f-04d2728c8e47 0.464s
2025-04-03 05:10:02.451 69047 INFO tempest.lib.common.rest_client [req-71d7cd68-f012-486f-982b-3b67ab515272 req-71d7cd68-f012-486f-982b-3b67ab515272 ] Request (ServerGroupTestJSON:test_create_server_with_scheduler_hint_group): 200 GET http://10.180.1.21/compute/v2.1/servers/3b3029c4-d55d-401c-9b73-c9bdce010273 0.491s
2025-04-03 05:10:02.493 69077 INFO tempest.lib.common.rest_client [req-a87bbc64-b1e2-49f2-b459-e3a184d9a9cd req-a87bbc64-b1e2-49f2-b459-e3a184d9a9cd ] Request (FloatingIPsAssociationNegativeTestJSON:tearDownClass): 200 GET http://10.180.1.21/compute/v2.1/servers/a43a884f-0d67-4dfe-b3b7-c1ffbcf0da6a 0.461s
2025-04-03 05:10:02.516 69059 INFO tempest.lib.common.rest_client [req-18b3323c-5aa1-491c-9dd2-c6d9beb46ba2 req-18b3323c-5aa1-491c-9dd2-c6d9beb46ba2 ] Request (AttachInterfacesV270Test:test_create_get_list_interfaces): 200 GET http://10.180.1.21/compute/v2.1/servers/813a9ab7-dcfc-4979-a29b-2a7b380ca20c 0.466s
2025-04-03 05:10:02.548 69039 INFO tempest.lib.common.rest_client [req-ccfc3a04-745e-4efc-ba63-6e8441c2d0e1 req-ccfc3a04-745e-4efc-ba63-6e8441c2d0e1 ] Request (ListServersNegativeTestJSON:setUpClass): 200 GET http://10.180.1.21/compute/v2.1/servers/21ecae12-27e8-403a-a691-874b91e76acf 0.445s
2025-04-03 05:10:02.569 69065 INFO tempest.lib.common.rest_client [req-c85a9e0b-bb5a-47a3-a977-491e3eaa0f9a req-c85a9e0b-bb5a-47a3-a977-491e3eaa0f9a ] Request (DeleteServersAdminTestJSON:test_delete_server_while_in_error_state): 200 GET http://10.180.1.21/compute/v2.1/servers/7318b4f9-9609-4d05-9835-83b561022ccb 0.455s
2025-04-03 05:10:02.604 69055 INFO tempest.lib.common.rest_client [req-20240e06-47ed-4c5b-9b4d-cf5aab4bdce7 req-20240e06-47ed-4c5b-9b4d-cf5aab4bdce7 ] Request (ServerDiskConfigTestJSON:test_rebuild_server_with_manual_disk_config): 200 GET http://10.180.1.21/compute/v2.1/servers/edb2beee-09ec-4033-a531-a2fd85eeb105 0.436s
2025-04-03 05:10:02.632 69087 INFO tempest.lib.common.rest_client [req-f871dd4d-4006-4a64-92e2-4c9637aaa895 req-f871dd4d-4006-4a64-92e2-4c9637aaa895 ] Request (ServerTagsTestJSON:setUpClass): 200 GET http://10.180.1.21/compute/v2.1/servers/3d63075d-9ed3-40c9-ac29-ea79f2157e46 0.419s
2025-04-03 05:10:02.698 69079 INFO tempest.lib.common.rest_client [req-d1ecfd88-d1f8-4d9d-874a-8071c5c4eaeb req-d1ecfd88-d1f8-4d9d-874a-8071c5c4eaeb ] Request (ServerShowV257Test:tearDownClass): 200 GET http://10.180.1.21/compute/v2.1/servers/4c68e575-bab6-47fa-999a-74403e1f67e5 0.453s
2025-04-03 05:10:02.771 69089 INFO tempest.lib.common.rest_client [req-f1ce5dab-42a0-4479-890e-af74d222ef57 req-f1ce5dab-42a0-4479-890e-af74d222ef57 ] Request (ServerRescueTestJSONUnderV235:setUpClass): 200 GET http://10.180.1.21/compute/v2.1/servers/1da99090-eae4-4865-bcad-2f2a67cd2c50 0.477s
2025-04-03 05:10:02.781 69041 INFO tempest.lib.common.rest_client [req-c6acbafb-989c-4b5b-b106-49095ee13aba req-c6acbafb-989c-4b5b-b106-49095ee13aba ] Request (AttachVolumeShelveTestJSON:test_attach_volume_shelved_or_offload_server): 200 GET http://10.180.1.21/compute/v2.1/servers/897fcd76-c7c7-4aec-9295-20335f033701 0.503s
2025-04-03 05:10:02.791 69041 INFO tempest.common.waiters [-] State transition "BUILD/networking" ==> "BUILD/block_device_mapping" after 36 second wait
2025-04-03 05:10:02.814 69083 WARNING tempest.lib.common.ssh [-] Failed to establish authenticated ssh connection to cirros@10.180.180.205 ([Errno None] Unable to connect to port 22 on 10.180.180.205). Number attempts: 1. Retry after 2 seconds.: paramiko.ssh_exception.NoValidConnectionsError: [Errno None] Unable to connect to port 22 on 10.180.180.205
2025-04-03 05:10:02.847 69093 INFO tempest.lib.common.rest_client [req-4085c02f-bbe5-43b6-95a9-4b3bd134efe0 req-4085c02f-bbe5-43b6-95a9-4b3bd134efe0 ] Request (ListImageFiltersTestJSON:setUpClass): 200 GET http://10.180.1.21/compute/v2.1/servers/4387a1e3-3dd3-4ec3-8db6-a6f1bb3ae921 0.510s
2025-04-03 05:10:02.852 69053 INFO tempest.lib.common.rest_client [req-9c043bbe-7905-4fb8-a2e7-374b09222b83 req-9c043bbe-7905-4fb8-a2e7-374b09222b83 ] Request (ServerShowV247Test:test_update_rebuild_list_server): 200 GET http://10.180.1.21/compute/v2.1/servers/281ac73f-24f2-4c1f-8775-e81b6ca12135 0.531s
2025-04-03 05:10:02.894 69035 INFO tempest.lib.common.rest_client [req-6a3e1838-2a1c-450c-a7b3-e09aea3fdd15 req-6a3e1838-2a1c-450c-a7b3-e09aea3fdd15 ] Request (ServersAdminTestJSON:setUpClass): 200 GET http://10.180.1.21/compute/v2.1/servers/9b64b24a-14da-4140-8ab6-a6032e7be6b6 0.507s
2025-04-03 05:10:03.219 69073 INFO tempest.lib.common.rest_client [req-e226062c-8ed4-4527-96c8-1d69a3d3e735 req-e226062c-8ed4-4527-96c8-1d69a3d3e735 ] Request (ImagesOneServerTestJSON:test_create_image_specify_multibyte_character_image_name): 200 GET http://10.180.1.21/compute/v2.1/servers/3ec4528a-688d-4024-bd20-4dd5783c75aa 0.731s
2025-04-03 05:10:03.237 69075 INFO tempest.lib.common.rest_client [req-304df94b-3225-4bea-8691-8cd2fcb19372 req-304df94b-3225-4bea-8691-8cd2fcb19372 ] Request (ServersListShow298Test:test_list_show_update_rebuild_server_298): 200 GET http://10.180.1.21/compute/v2.1/servers/77a9f3ad-5736-4b90-837a-1d707b52c61d 0.600s
2025-04-03 05:10:03.276 69063 INFO tempest.lib.common.rest_client [req-2780b368-afb8-409b-b56f-204756d35f1b req-2780b368-afb8-409b-b56f-204756d35f1b ] Request (ImagesOneServerNegativeTestJSON:setUpClass): 200 GET http://10.180.1.21/compute/v2.1/servers/00ee2b76-d7a4-4c1b-b449-daa5eb35231f 0.589s
2025-04-03 05:10:03.289 69045 INFO tempest.lib.common.rest_client [req-530ded02-90f0-4ce5-88f5-180c32d1299f req-530ded02-90f0-4ce5-88f5-180c32d1299f ] Request (ListServerFiltersTestJSON:setUpClass): 200 GET http://10.180.1.21/compute/v2.1/servers/b359c11a-f3a4-44c3-acba-d07ed70775d4 0.525s
2025-04-03 05:10:03.416 69043 INFO tempest.lib.common.rest_client [req-2e715c34-fb9e-49ca-b660-de4471c5cb20 req-2e715c34-fb9e-49ca-b660-de4471c5cb20 ] Request (ServersAdminNegativeTestJSON:tearDownClass): 200 GET http://10.180.1.21/compute/v2.1/servers/f002c0d1-f86f-48f0-a072-2799154f02c6 0.510s
2025-04-03 05:10:03.417 69069 INFO tempest.lib.common.rest_client [req-8dcecd44-2fc4-42c9-9eae-25fca7a584df req-8dcecd44-2fc4-42c9-9eae-25fca7a584df ] Request (MigrationsAdminTest:test_list_migrations_in_flavor_resize_situation): 200 GET http://10.180.1.21/compute/v2.1/servers/c4c0b400-4df0-4fcc-945f-048fa69502b0 0.563s
2025-04-03 05:10:03.489 69085 INFO tempest.lib.common.rest_client [req-86ff6c43-81df-4d81-9a03-3f78bbb7918b req-86ff6c43-81df-4d81-9a03-3f78bbb7918b ] Request (SecurityGroupsTestJSON:test_list_security_groups_by_server): 200 GET http://10.180.1.21/compute/v2.1/servers/c438a9cf-ebd8-443b-a056-947c2a9eb14f 0.513s
2025-04-03 05:10:03.494 69037 INFO tempest.lib.common.rest_client [req-d039131b-51a7-4658-a4da-99a9233bd242 req-d039131b-51a7-4658-a4da-99a9233bd242 ] Request (InstanceActionsNegativeTestJSON:tearDownClass): 200 GET http://10.180.1.21/compute/v2.1/servers/5081c6f3-1885-4867-91fd-5f6781eade03 0.576s
2025-04-03 05:10:03.548 69067 INFO tempest.lib.common.rest_client [req-ebc1d03c-17c2-4704-9d4b-729d1a1a107c req-ebc1d03c-17c2-4704-9d4b-729d1a1a107c ] Request (ServersAaction247Test:test_create_backup): 200 GET http://10.180.1.21/compute/v2.1/servers/611accaa-65b4-4b5a-afd5-4829684b2bb2 0.500s
2025-04-03 05:10:03.557 69097 WARNING tempest.lib.common.ssh [-] Failed to establish authenticated ssh connection to cirros@10.180.180.161 ([Errno None] Unable to connect to port 22 on 10.180.180.161). Number attempts: 5. Retry after 6 seconds.: paramiko.ssh_exception.NoValidConnectionsError: [Errno None] Unable to connect to port 22 on 10.180.180.161
2025-04-03 05:10:03.570 69095 INFO tempest.lib.common.rest_client [req-22690787-e905-4bc8-a2a8-c64ba81fbe42 req-22690787-e905-4bc8-a2a8-c64ba81fbe42 ] Request (ServerDiagnosticsNegativeTest:tearDownClass): 200 GET http://10.180.1.21/compute/v2.1/servers/7697d3a7-6aea-43e6-8949-8fab20edc109 0.439s
2025-04-03 05:10:03.601 69061 INFO tempest.lib.common.rest_client [req-0491ae8c-9f24-4308-af64-5d7bbb7499a0 req-0491ae8c-9f24-4308-af64-5d7bbb7499a0 ] Request (ServerMetadataTestJSON:setUpClass): 200 GET http://10.180.1.21/compute/v2.1/servers/b8aa7a6c-8572-4abe-a485-7970db9326e9 0.394s
2025-04-03 05:10:03.637 69057 INFO tempest.lib.common.rest_client [req-698730ca-1aba-4a32-bf55-82598235e09a req-698730ca-1aba-4a32-bf55-82598235e09a ] Request (FloatingIPsAssociationTestJSON:test_associate_already_associated_floating_ip): 200 GET http://10.180.1.21/compute/v2.1/servers/82635e7d-628a-4308-87ee-d9c2f66492c6 0.354s
2025-04-03 05:10:03.646 69081 INFO tempest.lib.common.rest_client [req-11d7472b-7d01-488e-a943-625e897f72d9 req-11d7472b-7d01-488e-a943-625e897f72d9 ] Request (ServerMetadataNegativeTestJSON:tearDownClass): 200 GET http://10.180.1.21/compute/v2.1/servers/39c5bacc-414f-4070-b14f-04d2728c8e47 0.214s
2025-04-03 05:10:03.682 69047 INFO tempest.lib.common.rest_client [req-7479d0ec-757e-4d7e-b6f6-5f06a7de1df8 req-7479d0ec-757e-4d7e-b6f6-5f06a7de1df8 ] Request (ServerGroupTestJSON:test_create_server_with_scheduler_hint_group): 200 GET http://10.180.1.21/compute/v2.1/servers/3b3029c4-d55d-401c-9b73-c9bdce010273 0.220s
2025-04-03 05:10:03.699 69077 INFO tempest.lib.common.rest_client [req-1c185937-d7ff-449f-b8d4-befba0492c1b req-1c185937-d7ff-449f-b8d4-befba0492c1b ] Request (FloatingIPsAssociationNegativeTestJSON:tearDownClass): 200 GET http://10.180.1.21/compute/v2.1/servers/a43a884f-0d67-4dfe-b3b7-c1ffbcf0da6a 0.193s
2025-04-03 05:10:03.732 69059 INFO tempest.lib.common.rest_client [req-48c1f71f-4718-471d-b67f-1adced308347 req-48c1f71f-4718-471d-b67f-1adced308347 ] Request (AttachInterfacesV270Test:test_create_get_list_interfaces): 200 GET http://10.180.1.21/compute/v2.1/servers/813a9ab7-dcfc-4979-a29b-2a7b380ca20c 0.203s
2025-04-03 05:10:03.746 69039 INFO tempest.lib.common.rest_client [req-607e8513-41a7-4477-85e4-f45936119a04 req-607e8513-41a7-4477-85e4-f45936119a04 ] Request (ListServersNegativeTestJSON:setUpClass): 200 GET http://10.180.1.21/compute/v2.1/servers/21ecae12-27e8-403a-a691-874b91e76acf 0.189s
2025-04-03 05:10:03.790 69065 INFO tempest.lib.common.rest_client [req-22c51c6f-320c-478f-84bb-1c561b3243a3 req-22c51c6f-320c-478f-84bb-1c561b3243a3 ] Request (DeleteServersAdminTestJSON:test_delete_server_while_in_error_state): 200 GET http://10.180.1.21/compute/v2.1/servers/7318b4f9-9609-4d05-9835-83b561022ccb 0.212s
2025-04-03 05:10:03.807 69055 INFO tempest.lib.common.rest_client [req-ea919d43-f134-4427-8a79-1cbcab3ac1b9 req-ea919d43-f134-4427-8a79-1cbcab3ac1b9 ] Request (ServerDiskConfigTestJSON:test_rebuild_server_with_manual_disk_config): 200 GET http://10.180.1.21/compute/v2.1/servers/edb2beee-09ec-4033-a531-a2fd85eeb105 0.191s
2025-04-03 05:10:03.849 69087 INFO tempest.lib.common.rest_client [req-89365a1d-1f7a-4911-8d97-0385bddd927b req-89365a1d-1f7a-4911-8d97-0385bddd927b ] Request (ServerTagsTestJSON:setUpClass): 200 GET http://10.180.1.21/compute/v2.1/servers/3d63075d-9ed3-40c9-ac29-ea79f2157e46 0.197s
2025-04-03 05:10:03.868 69079 INFO tempest.lib.common.rest_client [req-e94f6a35-f119-44b7-98d7-24ebadb36567 req-e94f6a35-f119-44b7-98d7-24ebadb36567 ] Request (ServerShowV257Test:tearDownClass): 200 GET http://10.180.1.21/compute/v2.1/servers/4c68e575-bab6-47fa-999a-74403e1f67e5 0.156s
2025-04-03 05:10:03.902 69089 INFO tempest.lib.common.rest_client [req-915f220b-3c9c-4b05-a6aa-a53575d416cb req-915f220b-3c9c-4b05-a6aa-a53575d416cb ] Request (ServerRescueTestJSONUnderV235:setUpClass): 200 GET http://10.180.1.21/compute/v2.1/servers/1da99090-eae4-4865-bcad-2f2a67cd2c50 0.121s
2025-04-03 05:10:03.969 69093 INFO tempest.lib.common.rest_client [req-6333899f-e239-4d1b-9790-49eb38cf8e8d req-6333899f-e239-4d1b-9790-49eb38cf8e8d ] Request (ListImageFiltersTestJSON:setUpClass): 200 GET http://10.180.1.21/compute/v2.1/servers/4387a1e3-3dd3-4ec3-8db6-a6f1bb3ae921 0.112s
2025-04-03 05:10:03.998 69041 INFO tempest.lib.common.rest_client [req-575fe8de-895b-4d00-84e5-6e262c35d84c req-575fe8de-895b-4d00-84e5-6e262c35d84c ] Request (AttachVolumeShelveTestJSON:test_attach_volume_shelved_or_offload_server): 200 GET http://10.180.1.21/compute/v2.1/servers/897fcd76-c7c7-4aec-9295-20335f033701 0.205s
2025-04-03 05:10:04.011 69041 INFO tempest.common.waiters [-] State transition "BUILD/block_device_mapping" ==> "BUILD/spawning" after 38 second wait
2025-04-03 05:10:04.035 69053 INFO tempest.lib.common.rest_client [req-de4c2a0d-affd-4d93-9d9e-dd4d6591c242 req-de4c2a0d-affd-4d93-9d9e-dd4d6591c242 ] Request (ServerShowV247Test:test_update_rebuild_list_server): 200 GET http://10.180.1.21/compute/v2.1/servers/281ac73f-24f2-4c1f-8775-e81b6ca12135 0.169s
2025-04-03 05:10:04.055 69035 INFO tempest.lib.common.rest_client [req-e02e47e6-059e-4848-a3dc-37f9de0a7395 req-e02e47e6-059e-4848-a3dc-37f9de0a7395 ] Request (ServersAdminTestJSON:setUpClass): 200 GET http://10.180.1.21/compute/v2.1/servers/9b64b24a-14da-4140-8ab6-a6032e7be6b6 0.147s
2025-04-03 05:10:04.325 69075 INFO tempest.lib.common.rest_client [req-83a61e6d-0f43-4e76-951a-9e8daa72f23a req-83a61e6d-0f43-4e76-951a-9e8daa72f23a ] Request (ServersListShow298Test:test_list_show_update_rebuild_server_298): 200 GET http://10.180.1.21/compute/v2.1/servers/77a9f3ad-5736-4b90-837a-1d707b52c61d 0.074s
2025-04-03 05:10:04.332 69073 INFO tempest.lib.common.rest_client [req-50592202-6522-4907-ba62-309faa5786cb req-50592202-6522-4907-ba62-309faa5786cb ] Request (ImagesOneServerTestJSON:test_create_image_specify_multibyte_character_image_name): 200 GET http://10.180.1.21/compute/v2.1/servers/3ec4528a-688d-4024-bd20-4dd5783c75aa 0.104s
2025-04-03 05:10:04.340 69073 INFO tempest.common.waiters [-] State transition "ACTIVE/image_uploading" ==> "ACTIVE/None" after 3 second wait
2025-04-03 05:10:04.409 69063 INFO tempest.lib.common.rest_client [req-f32f47ab-fd8a-4001-94d8-d1f7a65047cf req-f32f47ab-fd8a-4001-94d8-d1f7a65047cf ] Request (ImagesOneServerNegativeTestJSON:setUpClass): 200 GET http://10.180.1.21/compute/v2.1/servers/00ee2b76-d7a4-4c1b-b449-daa5eb35231f 0.124s
2025-04-03 05:10:04.410 69045 INFO tempest.lib.common.rest_client [req-0aab9893-b507-48a6-ac03-5eec75db2fa7 req-0aab9893-b507-48a6-ac03-5eec75db2fa7 ] Request (ListServerFiltersTestJSON:setUpClass): 200 GET http://10.180.1.21/compute/v2.1/servers/b359c11a-f3a4-44c3-acba-d07ed70775d4 0.112s
2025-04-03 05:10:04.418 69045 INFO tempest.common.waiters [-] State transition "BUILD/None" ==> "BUILD/networking" after 38 second wait
2025-04-03 05:10:04.479 69043 INFO tempest.lib.common.rest_client [req-4b87ea9d-a8b7-4992-af54-ffe12b507b42 req-4b87ea9d-a8b7-4992-af54-ffe12b507b42 ] Request (ServersAdminNegativeTestJSON:tearDownClass): 200 GET http://10.180.1.21/compute/v2.1/servers/f002c0d1-f86f-48f0-a072-2799154f02c6 0.055s
2025-04-03 05:10:04.516 69073 INFO tempest.lib.common.rest_client [req-a930be21-f191-4433-8ae0-769395289ac2 req-a930be21-f191-4433-8ae0-769395289ac2 ] Request (ImagesOneServerTestJSON:tearDownClass): 204 DELETE http://10.180.1.21/compute/v2.1/images/e3c8bcb7-7037-4aa3-a121-a3eee2995247 0.174s
2025-04-03 05:10:04.568 69085 INFO tempest.lib.common.rest_client [req-2eb57441-000d-45d0-8a4d-a2da6c49e85d req-2eb57441-000d-45d0-8a4d-a2da6c49e85d ] Request (SecurityGroupsTestJSON:test_list_security_groups_by_server): 200 GET http://10.180.1.21/compute/v2.1/servers/c438a9cf-ebd8-443b-a056-947c2a9eb14f 0.070s
2025-04-03 05:10:04.618 69069 INFO tempest.lib.common.rest_client [req-66bee1a4-ebee-46ff-97ca-9aea23686c3b req-66bee1a4-ebee-46ff-97ca-9aea23686c3b ] Request (MigrationsAdminTest:test_list_migrations_in_flavor_resize_situation): 200 GET http://10.180.1.21/compute/v2.1/servers/c4c0b400-4df0-4fcc-945f-048fa69502b0 0.193s
2025-04-03 05:10:04.623 69037 INFO tempest.lib.common.rest_client [req-22ca1d77-a0e1-4b42-86b2-e21dabd9b687 req-22ca1d77-a0e1-4b42-86b2-e21dabd9b687 ] Request (InstanceActionsNegativeTestJSON:tearDownClass): 200 GET http://10.180.1.21/compute/v2.1/servers/5081c6f3-1885-4867-91fd-5f6781eade03 0.122s
2025-04-03 05:10:04.637 69073 INFO tempest.lib.common.rest_client [req-0dc526fe-e715-4d65-9ec4-781baf5ecc99 req-0dc526fe-e715-4d65-9ec4-781baf5ecc99 ] Request (ImagesOneServerTestJSON:tearDownClass): 404 DELETE http://10.180.1.21/compute/v2.1/images/d778d046-3cc9-4cad-b0ec-0cfe6c9b901c 0.120s
2025-04-03 05:10:04.684 69067 INFO tempest.lib.common.rest_client [req-0fad67b2-197a-4bde-b35d-ad2058a9d3a3 req-0fad67b2-197a-4bde-b35d-ad2058a9d3a3 ] Request (ServersAaction247Test:test_create_backup): 200 GET http://10.180.1.21/compute/v2.1/servers/611accaa-65b4-4b5a-afd5-4829684b2bb2 0.127s
2025-04-03 05:10:04.694 69095 INFO tempest.lib.common.rest_client [req-2e0ce7d7-8913-4268-ad69-d1e50ced9aa1 req-2e0ce7d7-8913-4268-ad69-d1e50ced9aa1 ] Request (ServerDiagnosticsNegativeTest:tearDownClass): 200 GET http://10.180.1.21/compute/v2.1/servers/7697d3a7-6aea-43e6-8949-8fab20edc109 0.114s
2025-04-03 05:10:04.694 69067 INFO tempest.common.waiters [-] State transition "BUILD/spawning" ==> "ACTIVE/None" after 41 second wait
2025-04-03 05:10:04.733 69061 INFO tempest.lib.common.rest_client [req-ee5f46b1-a6dc-4624-8b0a-9bf4ed515070 req-ee5f46b1-a6dc-4624-8b0a-9bf4ed515070 ] Request (ServerMetadataTestJSON:setUpClass): 200 GET http://10.180.1.21/compute/v2.1/servers/b8aa7a6c-8572-4abe-a485-7970db9326e9 0.124s
2025-04-03 05:10:04.770 69073 INFO tempest.lib.common.rest_client [req-9578830e-5e44-451d-a9eb-174efc83bcb1 req-9578830e-5e44-451d-a9eb-174efc83bcb1 ] Request (ImagesOneServerTestJSON:tearDownClass): 204 DELETE http://10.180.1.21/compute/v2.1/servers/3ec4528a-688d-4024-bd20-4dd5783c75aa 0.132s
2025-04-03 05:10:04.785 69057 INFO tempest.lib.common.rest_client [req-4a48d53e-6262-42d6-9cde-c165dffeeda5 req-4a48d53e-6262-42d6-9cde-c165dffeeda5 ] Request (FloatingIPsAssociationTestJSON:test_associate_already_associated_floating_ip): 200 GET http://10.180.1.21/compute/v2.1/servers/82635e7d-628a-4308-87ee-d9c2f66492c6 0.140s
2025-04-03 05:10:04.830 69081 INFO tempest.lib.common.rest_client [req-08f6a575-48bb-4282-bf8f-9d9af0abac97 req-08f6a575-48bb-4282-bf8f-9d9af0abac97 ] Request (ServerMetadataNegativeTestJSON:tearDownClass): 200 GET http://10.180.1.21/compute/v2.1/servers/39c5bacc-414f-4070-b14f-04d2728c8e47 0.175s
2025-04-03 05:10:04.837 69081 INFO tempest.common.waiters [-] State transition "ACTIVE/deleting" ==> "DELETED/None" after 4 second wait
2025-04-03 05:10:04.841 69047 INFO tempest.lib.common.rest_client [req-56624c47-62f2-4349-acb9-fa9bbe30a7f8 req-56624c47-62f2-4349-acb9-fa9bbe30a7f8 ] Request (ServerGroupTestJSON:test_create_server_with_scheduler_hint_group): 200 GET http://10.180.1.21/compute/v2.1/servers/3b3029c4-d55d-401c-9b73-c9bdce010273 0.150s
2025-04-03 05:10:04.898 69077 INFO tempest.lib.common.rest_client [req-50753583-a032-4f55-8671-85f97ef2e7f0 req-50753583-a032-4f55-8671-85f97ef2e7f0 ] Request (FloatingIPsAssociationNegativeTestJSON:tearDownClass): 200 GET http://10.180.1.21/compute/v2.1/servers/a43a884f-0d67-4dfe-b3b7-c1ffbcf0da6a 0.190s
2025-04-03 05:10:04.948 69059 INFO tempest.lib.common.rest_client [req-0a9f8f6f-5a3d-4c59-a96d-807c380b2d52 req-0a9f8f6f-5a3d-4c59-a96d-807c380b2d52 ] Request (AttachInterfacesV270Test:test_create_get_list_interfaces): 200 GET http://10.180.1.21/compute/v2.1/servers/813a9ab7-dcfc-4979-a29b-2a7b380ca20c 0.203s
2025-04-03 05:10:04.995 69039 INFO tempest.lib.common.rest_client [req-b1d39c47-3da7-4a3e-979e-7406d1280bf3 req-b1d39c47-3da7-4a3e-979e-7406d1280bf3 ] Request (ListServersNegativeTestJSON:setUpClass): 200 GET http://10.180.1.21/compute/v2.1/servers/21ecae12-27e8-403a-a691-874b91e76acf 0.238s
2025-04-03 05:10:05.115 69073 INFO tempest.lib.common.rest_client [req-3592e8bc-ed33-4728-b11a-a3d38c19bdc2 req-3592e8bc-ed33-4728-b11a-a3d38c19bdc2 ] Request (ImagesOneServerTestJSON:tearDownClass): 200 GET http://10.180.1.21/compute/v2.1/servers/3ec4528a-688d-4024-bd20-4dd5783c75aa 0.345s
2025-04-03 05:10:05.171 69065 INFO tempest.lib.common.rest_client [req-ad2f492d-9168-4b90-ba2c-ff4ee9732bb5 req-ad2f492d-9168-4b90-ba2c-ff4ee9732bb5 ] Request (DeleteServersAdminTestJSON:test_delete_server_while_in_error_state): 200 GET http://10.180.1.21/compute/v2.1/servers/7318b4f9-9609-4d05-9835-83b561022ccb 0.372s
2025-04-03 05:10:05.221 69051 WARNING tempest.lib.common.ssh [-] Failed to establish authenticated ssh connection to cirros@10.180.180.253 ([Errno None] Unable to connect to port 22 on 10.180.180.253). Number attempts: 5. Retry after 6 seconds.: paramiko.ssh_exception.NoValidConnectionsError: [Errno None] Unable to connect to port 22 on 10.180.180.253
2025-04-03 05:10:05.230 69055 INFO tempest.lib.common.rest_client [req-9589f7cd-45e4-48ad-9821-878ea6f1ffc8 req-9589f7cd-45e4-48ad-9821-878ea6f1ffc8 ] Request (ServerDiskConfigTestJSON:test_rebuild_server_with_manual_disk_config): 200 GET http://10.180.1.21/compute/v2.1/servers/edb2beee-09ec-4033-a531-a2fd85eeb105 0.412s
2025-04-03 05:10:05.283 69067 INFO tempest.lib.common.rest_client [req-7e8168ca-d38d-4cdc-b758-db681310c6a5 req-7e8168ca-d38d-4cdc-b758-db681310c6a5 ] Request (ServersAaction247Test:test_create_backup): 202 POST http://10.180.1.21/compute/v2.1/servers/611accaa-65b4-4b5a-afd5-4829684b2bb2/action 0.588s
2025-04-03 05:10:05.290 69087 INFO tempest.lib.common.rest_client [req-c1cbcd43-a330-40ab-bca6-d18edbe24025 req-c1cbcd43-a330-40ab-bca6-d18edbe24025 ] Request (ServerTagsTestJSON:setUpClass): 200 GET http://10.180.1.21/compute/v2.1/servers/3d63075d-9ed3-40c9-ac29-ea79f2157e46 0.428s
2025-04-03 05:10:05.363 69089 INFO tempest.lib.common.rest_client [req-409c0205-d307-46aa-b92e-6386dbd3dd29 req-409c0205-d307-46aa-b92e-6386dbd3dd29 ] Request (ServerRescueTestJSONUnderV235:setUpClass): 200 GET http://10.180.1.21/compute/v2.1/servers/1da99090-eae4-4865-bcad-2f2a67cd2c50 0.453s
2025-04-03 05:10:05.375 69079 INFO tempest.lib.common.rest_client [req-49cbd21f-347b-4cd3-8d17-bd4d4e99cbee req-49cbd21f-347b-4cd3-8d17-bd4d4e99cbee ] Request (ServerShowV257Test:tearDownClass): 200 GET http://10.180.1.21/compute/v2.1/servers/4c68e575-bab6-47fa-999a-74403e1f67e5 0.496s
2025-04-03 05:10:05.430 69093 INFO tempest.lib.common.rest_client [req-f54bc07e-7d38-46ad-b376-6c89f2b3e162 req-f54bc07e-7d38-46ad-b376-6c89f2b3e162 ] Request (ListImageFiltersTestJSON:setUpClass): 200 GET http://10.180.1.21/compute/v2.1/servers/4387a1e3-3dd3-4ec3-8db6-a6f1bb3ae921 0.453s
2025-04-03 05:10:05.493 69053 INFO tempest.lib.common.rest_client [req-589a151f-00b9-405e-9d22-5ce71273bba9 req-589a151f-00b9-405e-9d22-5ce71273bba9 ] Request (ServerShowV247Test:test_update_rebuild_list_server): 200 GET http://10.180.1.21/compute/v2.1/servers/281ac73f-24f2-4c1f-8775-e81b6ca12135 0.448s
2025-04-03 05:10:05.514 69041 INFO tempest.lib.common.rest_client [req-e194da02-03f8-415f-89ca-a3fbf1ae00e3 req-e194da02-03f8-415f-89ca-a3fbf1ae00e3 ] Request (AttachVolumeShelveTestJSON:test_attach_volume_shelved_or_offload_server): 200 GET http://10.180.1.21/compute/v2.1/servers/897fcd76-c7c7-4aec-9295-20335f033701 0.500s
2025-04-03 05:10:05.542 69035 INFO tempest.lib.common.rest_client [req-c32a1c7c-d67d-4334-839d-27eb94ef1dae req-c32a1c7c-d67d-4334-839d-27eb94ef1dae ] Request (ServersAdminTestJSON:setUpClass): 200 GET http://10.180.1.21/compute/v2.1/servers/9b64b24a-14da-4140-8ab6-a6032e7be6b6 0.479s
2025-04-03 05:10:05.584 69067 INFO tempest.lib.common.rest_client [req-85573116-d4d0-4792-9e47-f698109049a7 req-85573116-d4d0-4792-9e47-f698109049a7 ] Request (ServersAaction247Test:tearDownClass): 204 DELETE http://10.180.1.21/compute/v2.1/servers/611accaa-65b4-4b5a-afd5-4829684b2bb2 0.297s
2025-04-03 05:10:05.597 69075 INFO tempest.lib.common.rest_client [req-c4bf41dc-123d-422c-99ce-043e84f8006d req-c4bf41dc-123d-422c-99ce-043e84f8006d ] Request (ServersListShow298Test:test_list_show_update_rebuild_server_298): 200 GET http://10.180.1.21/compute/v2.1/servers/77a9f3ad-5736-4b90-837a-1d707b52c61d 0.260s
2025-04-03 05:10:05.628 69063 INFO tempest.lib.common.rest_client [req-e3e78460-da5c-409a-96d3-82196f0ba7f1 req-e3e78460-da5c-409a-96d3-82196f0ba7f1 ] Request (ImagesOneServerNegativeTestJSON:setUpClass): 200 GET http://10.180.1.21/compute/v2.1/servers/00ee2b76-d7a4-4c1b-b449-daa5eb35231f 0.212s
2025-04-03 05:10:05.684 69043 INFO tempest.lib.common.rest_client [req-cd6d8f4e-0b81-4b08-a17a-819e88c830d4 req-cd6d8f4e-0b81-4b08-a17a-819e88c830d4 ] Request (ServersAdminNegativeTestJSON:tearDownClass): 200 GET http://10.180.1.21/compute/v2.1/servers/f002c0d1-f86f-48f0-a072-2799154f02c6 0.197s
2025-04-03 05:10:05.690 69043 INFO tempest.common.waiters [-] State transition "SUSPENDED/deleting" ==> "DELETED/None" after 4 second wait
2025-04-03 05:10:05.716 69045 INFO tempest.lib.common.rest_client [req-2c4156b8-9bb3-4b48-b8b3-e7554de1f12b req-2c4156b8-9bb3-4b48-b8b3-e7554de1f12b ] Request (ListServerFiltersTestJSON:setUpClass): 200 GET http://10.180.1.21/compute/v2.1/servers/b359c11a-f3a4-44c3-acba-d07ed70775d4 0.296s
2025-04-03 05:10:05.723 69045 INFO tempest.common.waiters [-] State transition "BUILD/networking" ==> "BUILD/spawning" after 39 second wait
2025-04-03 05:10:05.759 69085 INFO tempest.lib.common.rest_client [req-bae7ca21-ed0f-40d4-9013-92607378a8a5 req-bae7ca21-ed0f-40d4-9013-92607378a8a5 ] Request (SecurityGroupsTestJSON:test_list_security_groups_by_server): 200 GET http://10.180.1.21/compute/v2.1/servers/c438a9cf-ebd8-443b-a056-947c2a9eb14f 0.183s
2025-04-03 05:10:05.767 69067 INFO tempest.lib.common.rest_client [req-eef9da9b-216c-46ab-b6e5-199e977701b9 req-eef9da9b-216c-46ab-b6e5-199e977701b9 ] Request (ServersAaction247Test:tearDownClass): 200 GET http://10.180.1.21/compute/v2.1/servers/611accaa-65b4-4b5a-afd5-4829684b2bb2 0.182s
2025-04-03 05:10:05.859 69037 INFO tempest.lib.common.rest_client [req-455b1a49-b18c-4f78-a7b3-2359c057b963 req-455b1a49-b18c-4f78-a7b3-2359c057b963 ] Request (InstanceActionsNegativeTestJSON:tearDownClass): 200 GET http://10.180.1.21/compute/v2.1/servers/5081c6f3-1885-4867-91fd-5f6781eade03 0.226s
2025-04-03 05:10:05.861 69083 WARNING tempest.lib.common.ssh [-] Failed to establish authenticated ssh connection to cirros@10.180.180.205 ([Errno None] Unable to connect to port 22 on 10.180.180.205). Number attempts: 2. Retry after 3 seconds.: paramiko.ssh_exception.NoValidConnectionsError: [Errno None] Unable to connect to port 22 on 10.180.180.205
2025-04-03 05:10:05.872 69069 INFO tempest.lib.common.rest_client [req-a197a516-2bc8-4e99-a647-c353be627b75 req-a197a516-2bc8-4e99-a647-c353be627b75 ] Request (MigrationsAdminTest:test_list_migrations_in_flavor_resize_situation): 200 GET http://10.180.1.21/compute/v2.1/servers/c4c0b400-4df0-4fcc-945f-048fa69502b0 0.247s
2025-04-03 05:10:05.879 69069 INFO tempest.common.waiters [-] State transition "RESIZE/resize_migrated" ==> "RESIZE/resize_finish" after 41 second wait
2025-04-03 05:10:05.920 69095 INFO tempest.lib.common.rest_client [req-46979ed9-3792-4312-ac54-7985dadf257f req-46979ed9-3792-4312-ac54-7985dadf257f ] Request (ServerDiagnosticsNegativeTest:tearDownClass): 200 GET http://10.180.1.21/compute/v2.1/servers/7697d3a7-6aea-43e6-8949-8fab20edc109 0.218s
2025-04-03 05:10:05.926 69049 WARNING tempest.lib.common.ssh [-] Failed to establish authenticated ssh connection to cirros@10.180.180.233 ([Errno None] Unable to connect to port 22 on 10.180.180.233). Number attempts: 3. Retry after 4 seconds.: paramiko.ssh_exception.NoValidConnectionsError: [Errno None] Unable to connect to port 22 on 10.180.180.233
2025-04-03 05:10:05.928 69061 INFO tempest.lib.common.rest_client [req-8746e759-57c3-4671-897c-19794f44d355 req-8746e759-57c3-4671-897c-19794f44d355 ] Request (ServerMetadataTestJSON:setUpClass): 200 GET http://10.180.1.21/compute/v2.1/servers/b8aa7a6c-8572-4abe-a485-7970db9326e9 0.186s
2025-04-03 05:10:05.974 69057 INFO tempest.lib.common.rest_client [req-832d787b-443c-4f5d-ada5-38a4a95c9d6f req-832d787b-443c-4f5d-ada5-38a4a95c9d6f ] Request (FloatingIPsAssociationTestJSON:test_associate_already_associated_floating_ip): 200 GET http://10.180.1.21/compute/v2.1/servers/82635e7d-628a-4308-87ee-d9c2f66492c6 0.181s
2025-04-03 05:10:05.988 69081 INFO tempest.lib.common.rest_client [req-b4228abc-474c-4a70-9d38-5faea71fde04 req-b4228abc-474c-4a70-9d38-5faea71fde04 ] Request (ServerMetadataNegativeTestJSON:tearDownClass): 200 GET http://10.180.1.21/compute/v2.1/servers/39c5bacc-414f-4070-b14f-04d2728c8e47 0.149s
2025-04-03 05:10:06.032 69047 INFO tempest.lib.common.rest_client [req-c5e517ab-9667-4083-b553-8dfc960f2f39 req-c5e517ab-9667-4083-b553-8dfc960f2f39 ] Request (ServerGroupTestJSON:test_create_server_with_scheduler_hint_group): 200 GET http://10.180.1.21/compute/v2.1/servers/3b3029c4-d55d-401c-9b73-c9bdce010273 0.183s
2025-04-03 05:10:06.056 69077 INFO tempest.lib.common.rest_client [req-cb765543-ea6e-4f9a-b94b-c1db77f04e48 req-cb765543-ea6e-4f9a-b94b-c1db77f04e48 ] Request (FloatingIPsAssociationNegativeTestJSON:tearDownClass): 200 GET http://10.180.1.21/compute/v2.1/servers/a43a884f-0d67-4dfe-b3b7-c1ffbcf0da6a 0.149s
2025-04-03 05:10:06.086 69059 INFO tempest.lib.common.rest_client [req-c0d12d9a-8ad4-4fc4-bfcb-349d17ebf2d6 req-c0d12d9a-8ad4-4fc4-bfcb-349d17ebf2d6 ] Request (AttachInterfacesV270Test:test_create_get_list_interfaces): 200 GET http://10.180.1.21/compute/v2.1/servers/813a9ab7-dcfc-4979-a29b-2a7b380ca20c 0.127s
2025-04-03 05:10:06.105 69039 INFO tempest.lib.common.rest_client [req-afa620e0-d714-49f3-b231-cf259ecc146c req-afa620e0-d714-49f3-b231-cf259ecc146c ] Request (ListServersNegativeTestJSON:setUpClass): 200 GET http://10.180.1.21/compute/v2.1/servers/21ecae12-27e8-403a-a691-874b91e76acf 0.099s
2025-04-03 05:10:06.244 69065 INFO tempest.lib.common.rest_client [req-fedabb30-2966-42e3-8cca-d08593af5d88 req-fedabb30-2966-42e3-8cca-d08593af5d88 ] Request (DeleteServersAdminTestJSON:test_delete_server_while_in_error_state): 200 GET http://10.180.1.21/compute/v2.1/servers/7318b4f9-9609-4d05-9835-83b561022ccb 0.062s
2025-04-03 05:10:06.249 69073 INFO tempest.lib.common.rest_client [req-824be890-21ae-4435-bdfe-37c22eb2c2d0 req-824be890-21ae-4435-bdfe-37c22eb2c2d0 ] Request (ImagesOneServerTestJSON:tearDownClass): 200 GET http://10.180.1.21/compute/v2.1/servers/3ec4528a-688d-4024-bd20-4dd5783c75aa 0.123s
2025-04-03 05:10:06.301 69055 INFO tempest.lib.common.rest_client [req-6e026aef-5366-4f2b-bd39-5a2e233dfeff req-6e026aef-5366-4f2b-bd39-5a2e233dfeff ] Request (ServerDiskConfigTestJSON:test_rebuild_server_with_manual_disk_config): 200 GET http://10.180.1.21/compute/v2.1/servers/edb2beee-09ec-4033-a531-a2fd85eeb105 0.062s
2025-04-03 05:10:06.363 69087 INFO tempest.lib.common.rest_client [req-7619b058-ca68-4e85-87cd-517e5bb09414 req-7619b058-ca68-4e85-87cd-517e5bb09414 ] Request (ServerTagsTestJSON:setUpClass): 200 GET http://10.180.1.21/compute/v2.1/servers/3d63075d-9ed3-40c9-ac29-ea79f2157e46 0.064s
2025-04-03 05:10:06.417 69079 INFO tempest.lib.common.rest_client [req-eaf7ea17-3cc7-408b-84e9-2078e7fc8df3 req-eaf7ea17-3cc7-408b-84e9-2078e7fc8df3 ] Request (ServerShowV257Test:tearDownClass): 404 GET http://10.180.1.21/compute/v2.1/servers/4c68e575-bab6-47fa-999a-74403e1f67e5 0.032s
2025-04-03 05:10:06.423 69089 INFO tempest.lib.common.rest_client [req-bb186992-5c0d-44fa-8325-97e222c76349 req-bb186992-5c0d-44fa-8325-97e222c76349 ] Request (ServerRescueTestJSONUnderV235:setUpClass): 200 GET http://10.180.1.21/compute/v2.1/servers/1da99090-eae4-4865-bcad-2f2a67cd2c50 0.052s
2025-04-03 05:10:06.431 69089 INFO tempest.common.waiters [-] State transition "BUILD/scheduling" ==> "BUILD/None" after 24 second wait
2025-04-03 05:10:06.495 69093 INFO tempest.lib.common.rest_client [req-4fd461b8-e481-4be8-af73-5f2dd9d5f233 req-4fd461b8-e481-4be8-af73-5f2dd9d5f233 ] Request (ListImageFiltersTestJSON:setUpClass): 200 GET http://10.180.1.21/compute/v2.1/servers/4387a1e3-3dd3-4ec3-8db6-a6f1bb3ae921 0.056s
2025-04-03 05:10:06.536 69079 INFO tempest.lib.common.rest_client [req-4d797d35-469b-44a4-8e37-15cd31633b88 req-4d797d35-469b-44a4-8e37-15cd31633b88 ] Request (ServerShowV257Test:tearDownClass): 204 DELETE http://10.180.1.21/identity/v3/users/ddde5ddd340b4d10afdc5785be47bb8a 0.118s
2025-04-03 05:10:06.536 69079 INFO tempest.lib.common.dynamic_creds [-] Deleting project and security group for project: 99e1d262f40d4eecb8a6a2160c1b71a3
