2025-01-25 05:13:11.697 69070 INFO tempest.lib.common.rest_client [req-81e9a363-cda8-4735-9c09-7028180a3992 req-81e9a363-cda8-4735-9c09-7028180a3992 ] Request (ServersAdmin275Test:test_rebuild_update_server_275): 200 GET http://10.180.1.21/compute/v2.1/servers/6f936641-750d-49ae-8beb-bca35305d10d 0.151s
2025-01-25 05:13:11.712 69076 INFO tempest.lib.common.rest_client [req-985caba9-3359-4fc7-9e33-d9bb48edcdca req-985caba9-3359-4fc7-9e33-d9bb48edcdca ] Request (ServersTestFqdnHostnames:tearDownClass): 204 DELETE http://10.180.1.21:9696/networking/v2.0/subnets/3e69d811-217f-427f-8386-c19000178042 0.165s
2025-01-25 05:13:11.745 69030 INFO tempest.lib.common.rest_client [req-70e6c939-bff8-43a8-8842-5b4d13c394d9 req-70e6c939-bff8-43a8-8842-5b4d13c394d9 ] Request (ServicesAdminNegativeV253TestJSON:tearDownClass): 204 DELETE http://10.180.1.21/identity/v3/projects/06b4efbf9abe4aa29f26eb935e31a32e 0.138s
2025-01-25 05:13:11.765 69088 INFO tempest.lib.common.rest_client [req-2453e60f-e772-4dbb-90ad-9c272c71b493 req-2453e60f-e772-4dbb-90ad-9c272c71b493 ] Request (AttachInterfacesTestJSON:test_create_list_show_delete_interfaces_by_fixed_ip): 200 GET http://10.180.1.21/compute/v2.1/servers/782e6663-202b-4ed0-8a1a-cc54f246143b 0.161s
2025-01-25 05:13:11.825 69030 INFO tempest.lib.common.rest_client [req-ba095bb9-8b8c-4931-90f2-d626c180041c req-ba095bb9-8b8c-4931-90f2-d626c180041c ] Request (KeyPairsV2TestJSON:setUpClass): 201 POST http://10.180.1.21/identity/v3/auth/tokens 0.078s
2025-01-25 05:13:11.845 69032 INFO tempest.lib.common.rest_client [req-d8d4d402-2256-4f56-8ab6-284343a541b7 req-d8d4d402-2256-4f56-8ab6-284343a541b7 ] Request (ServerGroupTestJSON:test_create_server_with_scheduler_hint_group): 200 GET http://10.180.1.21/compute/v2.1/servers/c6de797f-03f7-4dca-9c6a-e7b840990be6 0.234s
2025-01-25 05:13:11.853 69030 INFO tempest.lib.common.rest_client [req-d56298d1-e9d0-4e60-ae84-f54f0123e0fd req-d56298d1-e9d0-4e60-ae84-f54f0123e0fd ] Request (KeyPairsV2TestJSON:setUpClass): 201 POST http://10.180.1.21/identity/v3/auth/tokens 0.026s
2025-01-25 05:13:11.884 69030 INFO tempest.lib.common.rest_client [req-307c510f-0395-406d-a2c2-5c97917095e3 req-307c510f-0395-406d-a2c2-5c97917095e3 ] Request (KeyPairsV2TestJSON:setUpClass): 200 GET http://10.180.1.21/identity/v3/domains?name=Default 0.030s
2025-01-25 05:13:11.906 69074 INFO tempest.lib.common.rest_client [req-b96f9de2-4461-4023-9b80-43b55cfb69b5 req-b96f9de2-4461-4023-9b80-43b55cfb69b5 ] Request (ServersNegativeTestJSON:setUpClass): 200 GET http://10.180.1.21/compute/v2.1/servers/77d57f64-9bab-46f1-87b4-62bac5c5d2bd 0.163s
2025-01-25 05:13:11.922 69030 INFO tempest.lib.common.rest_client [req-02a29af0-51a0-4d02-9308-3f3316bcf66d req-02a29af0-51a0-4d02-9308-3f3316bcf66d ] Request (KeyPairsV2TestJSON:setUpClass): 201 POST http://10.180.1.21/identity/v3/projects 0.037s
2025-01-25 05:13:11.976 69028 INFO tempest.lib.common.rest_client [req-2f70350c-8560-41ff-a492-837a8aeb5171 req-2f70350c-8560-41ff-a492-837a8aeb5171 ] Request (DeleteServersAdminTestJSON:test_delete_server_while_in_error_state): 200 GET http://10.180.1.21/compute/v2.1/servers/793da91d-461a-465b-b9a3-c5fa0f5b877d 0.203s
2025-01-25 05:13:11.989 69030 INFO tempest.lib.common.rest_client [req-d4baa664-47d5-4063-863a-e42e8ed15c87 req-d4baa664-47d5-4063-863a-e42e8ed15c87 ] Request (KeyPairsV2TestJSON:setUpClass): 201 POST http://10.180.1.21/identity/v3/users 0.067s
2025-01-25 05:13:12.010 69030 INFO tempest.lib.common.rest_client [req-c4eaaf70-cdee-4239-8b1f-b75898f173db req-c4eaaf70-cdee-4239-8b1f-b75898f173db ] Request (KeyPairsV2TestJSON:setUpClass): 200 GET http://10.180.1.21/identity/v3/roles 0.020s
2025-01-25 05:13:12.035 69030 INFO tempest.lib.common.rest_client [req-73828d82-01c2-43d2-9a30-cb3f827b8fc5 req-73828d82-01c2-43d2-9a30-cb3f827b8fc5 ] Request (KeyPairsV2TestJSON:setUpClass): 204 PUT http://10.180.1.21/identity/v3/projects/022dc38c5ba1461db5873b5220d7b373/users/de36186c96d6453fbdf7a5428f05a94d/roles/c9b365f4bc0048f89a314ef15fedccbe 0.025s
2025-01-25 05:13:12.036 69030 INFO tempest.lib.common.dynamic_creds [-] Dynamic test user de36186c96d6453fbdf7a5428f05a94d is created with scope project and roles: ['member']
2025-01-25 05:13:12.036 69030 INFO tempest.lib.common.dynamic_creds [-] Acquired dynamic creds: credentials: Credentials: {'domain_id': 'default', 'domain_name': 'Default', 'username': 'tempest-KeyPairsV2TestJSON-1646205389-project-member', 'project_domain_id': 'default', 'project_domain_name': 'Default', 'project_id': '022dc38c5ba1461db5873b5220d7b373', 'project_name': 'tempest-KeyPairsV2TestJSON-1646205389', 'tenant_id': '022dc38c5ba1461db5873b5220d7b373', 'tenant_name': 'tempest-KeyPairsV2TestJSON-1646205389', 'user_domain_id': 'default', 'user_domain_name': 'Default', 'user_id': 'de36186c96d6453fbdf7a5428f05a94d', 'system': None}, Network: None, Subnet: None, Router: None
2025-01-25 05:13:12.036 69030 INFO tempest.lib.common.dynamic_creds [-] Created isolated network resources for: credentials: Credentials: {'domain_id': 'default', 'domain_name': 'Default', 'username': 'tempest-KeyPairsV2TestJSON-1646205389-project-member', 'project_domain_id': 'default', 'project_domain_name': 'Default', 'project_id': '022dc38c5ba1461db5873b5220d7b373', 'project_name': 'tempest-KeyPairsV2TestJSON-1646205389', 'tenant_id': '022dc38c5ba1461db5873b5220d7b373', 'tenant_name': 'tempest-KeyPairsV2TestJSON-1646205389', 'user_domain_id': 'default', 'user_domain_name': 'Default', 'user_id': 'de36186c96d6453fbdf7a5428f05a94d', 'system': None}, Network: None, Subnet: None, Router: None
2025-01-25 05:13:12.055 69068 INFO tempest.lib.common.rest_client [req-3baa23cf-0fcd-4eb4-9137-5eebe340781c req-3baa23cf-0fcd-4eb4-9137-5eebe340781c ] Request (ImagesOneServerNegativeTestJSON:setUpClass): 200 GET http://10.180.1.21/compute/v2.1/servers/c2923fdc-562c-4c5f-90b4-fcc76a2b7f7f 0.065s
2025-01-25 05:13:12.111 69030 INFO tempest.lib.common.rest_client [req-0559dd65-ca08-48ba-886d-1eb87b5444b0 req-0559dd65-ca08-48ba-886d-1eb87b5444b0 ] Request (KeyPairsV2TestJSON:setUpClass): 201 POST http://10.180.1.21/identity/v3/auth/tokens 0.072s
2025-01-25 05:13:12.120 69034 INFO tempest.lib.common.rest_client [req-71f7ccfe-2f02-4594-baf2-4c5b893e3505 req-71f7ccfe-2f02-4594-baf2-4c5b893e3505 ] Request (ServersTestManualDisk:setUpClass): 200 GET http://10.180.1.21/compute/v2.1/servers/a19b7959-df3c-47e8-b920-edfe82c36489 0.125s
2025-01-25 05:13:12.191 69085 INFO tempest.lib.common.rest_client [req-f5e6acc7-6b01-404b-8657-c2a54950cd52 req-f5e6acc7-6b01-404b-8657-c2a54950cd52 ] Request (MigrationsAdminTest:test_resize_server_revert_deleted_flavor): 200 GET http://10.180.1.21/compute/v2.1/servers/fd7ba11a-18d1-4f96-a445-eedce740b0c3 0.136s
2025-01-25 05:13:12.259 69080 INFO tempest.lib.common.rest_client [req-14853c0b-9e49-4d6c-80ad-0022ce6ef2dd req-14853c0b-9e49-4d6c-80ad-0022ce6ef2dd ] Request (ServerActionsTestOtherA:setUpClass): 200 GET http://10.180.1.21/compute/v2.1/servers/100c3541-3af3-4d3c-8060-2235f18f51e4 0.194s
2025-01-25 05:13:12.265 69052 INFO tempest.lib.common.rest_client [req-981db9ae-21a0-425c-94f4-4f5d0c6a7f28 req-981db9ae-21a0-425c-94f4-4f5d0c6a7f28 ] Request (DeleteServersTestJSON:test_delete_server_while_in_attached_volume): 202 POST http://10.180.1.21/compute/v2.1/servers 0.673s
2025-01-25 05:13:12.380 69030 INFO tempest.lib.common.rest_client [req-9c04d360-55c6-4cd8-b7d3-c1b632c13d6e req-9c04d360-55c6-4cd8-b7d3-c1b632c13d6e ] Request (KeyPairsV2TestJSON:test_get_keypair_detail): 200 POST http://10.180.1.21/compute/v2.1/os-keypairs 0.266s
2025-01-25 05:13:12.492 69054 INFO tempest.lib.common.rest_client [req-b6b64b78-b826-4881-a7ca-76d3bb36bbf5 req-b6b64b78-b826-4881-a7ca-76d3bb36bbf5 ] Request (ServersTestJSON:test_create_server_specify_multibyte_character_name): 200 GET http://10.180.1.21/compute/v2.1/servers/7d241bf8-6f7a-467f-9640-a9819d5cca72 0.356s
2025-01-25 05:13:12.501 69076 INFO tempest.lib.common.rest_client [req-513d9a72-895a-4652-8c48-1df68abe8351 req-513d9a72-895a-4652-8c48-1df68abe8351 ] Request (ServersTestFqdnHostnames:tearDownClass): 204 DELETE http://10.180.1.21:9696/networking/v2.0/networks/d1e1c57b-9fbe-43b3-8a5b-31595ae15bb3 0.789s
2025-01-25 05:13:12.515 69086 INFO tempest.lib.common.rest_client [req-831fb210-626e-494a-8869-5ece8d8c312d req-831fb210-626e-494a-8869-5ece8d8c312d ] Request (ServersTestBootFromVolume:setUpClass): 200 GET http://10.180.1.21/compute/v2.1/servers/2896c309-a702-498b-8b44-f01620b597e6 0.319s
2025-01-25 05:13:12.524 69086 INFO tempest.common.waiters [-] State transition "BUILD/spawning" ==> "BUILD/scheduling" after 77 second wait
2025-01-25 05:13:12.541 69040 INFO tempest.lib.common.rest_client [req-05f7bc0d-67d2-49e1-8398-512d353140db req-05f7bc0d-67d2-49e1-8398-512d353140db ] Request (ServersWithSpecificFlavorTestJSON:tearDownClass): 204 DELETE http://10.180.1.21:9696/networking/v2.0/routers/5c3bf503-260e-4cdf-8659-5813cd764352 0.977s
2025-01-25 05:13:12.553 69046 INFO tempest.lib.common.rest_client [req-7e115bee-c7c1-4862-bac8-bf339399aade req-7e115bee-c7c1-4862-bac8-bf339399aade ] Request (ServersAdminTestJSON:setUpClass): 200 GET http://10.180.1.21/compute/v2.1/servers/6eb92420-57b1-4a7d-973f-10cd47be0416 0.343s
2025-01-25 05:13:12.569 69044 INFO tempest.lib.common.rest_client [req-43375d1d-ac35-4df7-9ed5-39a6d5eea87c req-43375d1d-ac35-4df7-9ed5-39a6d5eea87c ] Request (InstanceActionsTestJSON:setUpClass): 200 GET http://10.180.1.21/compute/v2.1/servers/5cf1f620-d0da-4e81-8d1f-e881c47dcad1 0.307s
2025-01-25 05:13:12.599 69052 INFO tempest.lib.common.rest_client [req-5a3e7032-7037-46ea-824a-4bf88a260c22 req-5a3e7032-7037-46ea-824a-4bf88a260c22 ] Request (DeleteServersTestJSON:test_delete_server_while_in_attached_volume): 200 GET http://10.180.1.21/compute/v2.1/servers/305aebbe-f983-4826-b8c0-9854458f7d48 0.333s
2025-01-25 05:13:12.616 69056 INFO tempest.lib.common.rest_client [req-c2fa2c25-5dd9-41e2-a35b-f2a688ea0100 req-c2fa2c25-5dd9-41e2-a35b-f2a688ea0100 ] Request (AttachInterfacesUnderV243Test:test_add_remove_fixed_ip): 200 GET http://10.180.1.21/compute/v2.1/servers/7969485a-ccd6-48e0-bdea-b8920af28843 0.300s
2025-01-25 05:13:12.629 69030 INFO tempest.lib.common.rest_client [req-5041a6ee-426b-4494-9b10-7a8402e0fb8c req-5041a6ee-426b-4494-9b10-7a8402e0fb8c ] Request (KeyPairsV2TestJSON:test_get_keypair_detail): 200 GET http://10.180.1.21/compute/v2.1/os-keypairs/tempest-keypair-142158690 0.247s
2025-01-25 05:13:12.629 69076 INFO tempest.lib.common.rest_client [req-aa0fc588-0300-415e-acde-00b79cdafe40 req-aa0fc588-0300-415e-acde-00b79cdafe40 ] Request (ServersTestFqdnHostnames:tearDownClass): 204 DELETE http://10.180.1.21/identity/v3/users/8d9acb28555445e2b6ed6dd3fed31474 0.128s
2025-01-25 05:13:12.630 69076 INFO tempest.lib.common.dynamic_creds [-] Deleting project and security group for project: 1bdec99f07f548569db90849aec2edb6
2025-01-25 05:13:12.646 69058 INFO tempest.lib.common.rest_client [req-63043e6c-5ce3-449f-9181-520e52072141 req-63043e6c-5ce3-449f-9181-520e52072141 ] Request (ServerDiagnosticsNegativeTest:test_get_server_diagnostics_by_non_admin): 200 GET http://10.180.1.21/compute/v2.1/servers/74a1c3db-26b1-426e-be47-621c79ef9029 0.270s
2025-01-25 05:13:12.675 69050 INFO tempest.lib.common.rest_client [req-9d13ed1e-94da-4777-98c5-7a561e87cd8c req-9d13ed1e-94da-4777-98c5-7a561e87cd8c ] Request (ServerActionsTestJSON:setUpClass): 200 GET http://10.180.1.21/compute/v2.1/servers/e11311ed-6804-4df4-a775-9060463ac927 0.247s
2025-01-25 05:13:12.677 69076 INFO tempest.lib.common.rest_client [req-05c15c42-19f2-4f28-99de-34a36d070c29 req-05c15c42-19f2-4f28-99de-34a36d070c29 ] Request (ServersTestFqdnHostnames:tearDownClass): 200 GET http://10.180.1.21:9696/networking/v2.0/security-groups?tenant_id=1bdec99f07f548569db90849aec2edb6&name=default 0.047s
2025-01-25 05:13:12.683 69050 INFO tempest.common.waiters [-] State transition "BUILD/scheduling" ==> "BUILD/None" after 61 second wait
2025-01-25 05:13:12.694 69042 INFO tempest.lib.common.rest_client [req-0cf73dea-768e-4cfd-a1e5-504b4464c977 req-0cf73dea-768e-4cfd-a1e5-504b4464c977 ] Request (InstanceActionsV221TestJSON:test_get_list_deleted_instance_actions): 200 GET http://10.180.1.21/compute/v2.1/servers/a64253fe-4ba9-4686-810b-a26a4c29631b 0.213s
2025-01-25 05:13:12.710 69040 INFO tempest.lib.common.rest_client [req-9ba68cba-d0cd-4581-9df4-8bd88fb6bf12 req-9ba68cba-d0cd-4581-9df4-8bd88fb6bf12 ] Request (ServersWithSpecificFlavorTestJSON:tearDownClass): 204 DELETE http://10.180.1.21:9696/networking/v2.0/subnets/3990ac7b-a5bd-41b7-98cd-88a1c2cc07d0 0.169s
2025-01-25 05:13:12.721 69038 INFO tempest.lib.common.rest_client [req-b8f2b4b9-a6bf-4860-b290-949ee8503fb9 req-b8f2b4b9-a6bf-4860-b290-949ee8503fb9 ] Request (ServersTestJSON:setUpClass): 200 GET http://10.180.1.21/compute/v2.1/servers/d3270b4a-2b81-41f5-a2af-5b7f441e4a2d 0.224s
2025-01-25 05:13:12.737 69072 INFO tempest.lib.common.rest_client [req-e0572cfe-c975-465e-b607-52e59455a5f5 req-e0572cfe-c975-465e-b607-52e59455a5f5 ] Request (VolumesAdminNegativeTest:test_update_attached_volume_with_nonexistent_volume_in_uri): 200 GET http://10.180.1.21/compute/v2.1/servers/acc78084-21e8-456c-a573-fc5e931147c6 0.189s
2025-01-25 05:13:12.758 69030 INFO tempest.lib.common.rest_client [req-d6a1cbca-8863-4920-ad9e-7e429cdef9b2 req-d6a1cbca-8863-4920-ad9e-7e429cdef9b2 ] Request (KeyPairsV2TestJSON:_run_cleanups): 202 DELETE http://10.180.1.21/compute/v2.1/os-keypairs/tempest-keypair-142158690 0.127s
2025-01-25 05:13:12.772 69066 INFO tempest.lib.common.rest_client [req-1969bd65-456b-4e70-8406-d1523aa2b902 req-1969bd65-456b-4e70-8406-d1523aa2b902 ] Request (ServerRescueNegativeTestJSON:setUpClass): 200 GET http://10.180.1.21/compute/v2.1/servers/1874ad5f-2ae3-43ee-afcf-8f36dd2aa738 0.199s
2025-01-25 05:13:12.803 69062 INFO tempest.lib.common.rest_client [req-0ceb0d03-f046-469c-9cdf-82c3c99f4c65 req-0ceb0d03-f046-469c-9cdf-82c3c99f4c65 ] Request (ImagesTestJSON:test_create_image_from_stopped_server): 200 GET http://10.180.1.21/compute/v2.1/servers/41ec8810-3f17-4f59-9828-a4a2e873eab4 0.169s
2025-01-25 05:13:12.808 69076 INFO tempest.lib.common.rest_client [req-0626fe21-52bd-4217-886b-ea5f169d14f4 req-0626fe21-52bd-4217-886b-ea5f169d14f4 ] Request (ServersTestFqdnHostnames:tearDownClass): 204 DELETE http://10.180.1.21:9696/networking/v2.0/security-groups/cf60fd18-f564-412f-b313-3644d8bd7e96 0.130s
2025-01-25 05:13:12.834 69036 INFO tempest.lib.common.rest_client [req-6cfed915-b520-4d15-931e-a09853432479 req-6cfed915-b520-4d15-931e-a09853432479 ] Request (FloatingIPsAssociationTestJSON:setUpClass): 200 GET http://10.180.1.21/compute/v2.1/servers/ec4405a5-de44-4749-9225-3945db05ca6e 0.200s
2025-01-25 05:13:12.867 69030 INFO tempest.lib.common.rest_client [req-384934cd-755a-4e43-a871-98cf12c616ad req-384934cd-755a-4e43-a871-98cf12c616ad ] Request (KeyPairsV2TestJSON:test_keypair_create_delete): 200 POST http://10.180.1.21/compute/v2.1/os-keypairs 0.107s
2025-01-25 05:13:12.870 69070 INFO tempest.lib.common.rest_client [req-8b2996b3-b9a1-468d-8ac0-d102b772233b req-8b2996b3-b9a1-468d-8ac0-d102b772233b ] Request (ServersAdmin275Test:test_rebuild_update_server_275): 200 GET http://10.180.1.21/compute/v2.1/servers/6f936641-750d-49ae-8beb-bca35305d10d 0.160s
2025-01-25 05:13:12.914 69076 INFO tempest.lib.common.rest_client [req-a49e4aae-0ae9-48b1-9c72-03db3ca95ad6 req-a49e4aae-0ae9-48b1-9c72-03db3ca95ad6 ] Request (ServersTestFqdnHostnames:tearDownClass): 204 DELETE http://10.180.1.21/identity/v3/projects/1bdec99f07f548569db90849aec2edb6 0.106s
2025-01-25 05:13:12.930 69032 INFO tempest.lib.common.rest_client [req-29b693cc-ec5c-4082-ac9c-22f721c6256e req-29b693cc-ec5c-4082-ac9c-22f721c6256e ] Request (ServerGroupTestJSON:test_create_server_with_scheduler_hint_group): 200 GET http://10.180.1.21/compute/v2.1/servers/c6de797f-03f7-4dca-9c6a-e7b840990be6 0.076s
2025-01-25 05:13:12.931 69088 INFO tempest.lib.common.rest_client [req-794b9505-5f62-43b5-8480-353bf425e5b0 req-794b9505-5f62-43b5-8480-353bf425e5b0 ] Request (AttachInterfacesTestJSON:test_create_list_show_delete_interfaces_by_fixed_ip): 200 GET http://10.180.1.21/compute/v2.1/servers/782e6663-202b-4ed0-8a1a-cc54f246143b 0.152s
2025-01-25 05:13:12.944 69030 INFO tempest.lib.common.rest_client [req-fecc088a-a4dc-41ca-9f13-19a917007a1e req-fecc088a-a4dc-41ca-9f13-19a917007a1e ] Request (KeyPairsV2TestJSON:_run_cleanups): 202 DELETE http://10.180.1.21/compute/v2.1/os-keypairs/tempest-keypair-1928520880 0.074s
2025-01-25 05:13:12.977 69076 INFO tempest.lib.common.rest_client [req-1fa909a6-ba4c-4387-90e9-5bba123f8d31 req-1fa909a6-ba4c-4387-90e9-5bba123f8d31 ] Request (ServerAddressesNegativeTestJSON:setUpClass): 201 POST http://10.180.1.21/identity/v3/auth/tokens 0.061s
2025-01-25 05:13:12.982 69030 INFO tempest.lib.common.rest_client [req-f79f4c53-cb2b-46b5-86b8-bffa641f74e9 req-f79f4c53-cb2b-46b5-86b8-bffa641f74e9 ] Request (KeyPairsV2TestJSON:test_keypair_create_with_pub_key): 200 POST http://10.180.1.21/compute/v2.1/os-keypairs 0.036s
2025-01-25 05:13:12.984 69074 INFO tempest.lib.common.rest_client [req-520387e9-3563-4721-92f8-581561deeb91 req-520387e9-3563-4721-92f8-581561deeb91 ] Request (ServersNegativeTestJSON:setUpClass): 200 GET http://10.180.1.21/compute/v2.1/servers/77d57f64-9bab-46f1-87b4-62bac5c5d2bd 0.069s
2025-01-25 05:13:12.990 69040 INFO tempest.lib.common.rest_client [req-771399c2-f70d-46ee-8880-e5d7a92600dd req-771399c2-f70d-46ee-8880-e5d7a92600dd ] Request (ServersWithSpecificFlavorTestJSON:tearDownClass): 204 DELETE http://10.180.1.21:9696/networking/v2.0/networks/7299d24d-59b5-4d49-ad04-db91f0774fcd 0.280s
2025-01-25 05:13:12.998 69030 INFO tempest.lib.common.rest_client [req-f8f1274e-69de-4a6f-bee0-83c753293cb4 req-f8f1274e-69de-4a6f-bee0-83c753293cb4 ] Request (KeyPairsV2TestJSON:_run_cleanups): 202 DELETE http://10.180.1.21/compute/v2.1/os-keypairs/tempest-keypair-845609469 0.014s
2025-01-25 05:13:13.010 69076 INFO tempest.lib.common.rest_client [req-a0b75e69-9623-4791-bf03-54fad9f7534c req-a0b75e69-9623-4791-bf03-54fad9f7534c ] Request (ServerAddressesNegativeTestJSON:setUpClass): 201 POST http://10.180.1.21/identity/v3/auth/tokens 0.030s
2025-01-25 05:13:13.031 69028 INFO tempest.lib.common.rest_client [req-76298bd4-7581-49b9-bb49-e393912b5444 req-76298bd4-7581-49b9-bb49-e393912b5444 ] Request (DeleteServersAdminTestJSON:test_delete_server_while_in_error_state): 200 GET http://10.180.1.21/compute/v2.1/servers/793da91d-461a-465b-b9a3-c5fa0f5b877d 0.047s
2025-01-25 05:13:13.033 69030 INFO tempest.lib.common.rest_client [req-a4ca951a-595e-49f1-9f35-9656dcd8c4ca req-a4ca951a-595e-49f1-9f35-9656dcd8c4ca ] Request (KeyPairsV2TestJSON:test_keypairs_create_list_delete): 200 POST http://10.180.1.21/compute/v2.1/os-keypairs 0.034s
2025-01-25 05:13:13.034 69076 INFO tempest.lib.common.rest_client [req-fd397f8d-108e-4d5c-a31d-4a7924354e35 req-fd397f8d-108e-4d5c-a31d-4a7924354e35 ] Request (ServerAddressesNegativeTestJSON:setUpClass): 200 GET http://10.180.1.21/identity/v3/domains?name=Default 0.023s
2025-01-25 05:13:13.055 69040 INFO tempest.lib.common.rest_client [req-858e6738-72b1-4b89-97b5-86a7f3e11d0a req-858e6738-72b1-4b89-97b5-86a7f3e11d0a ] Request (ServersWithSpecificFlavorTestJSON:tearDownClass): 204 DELETE http://10.180.1.21/identity/v3/users/27c4cef59626498dbacd8dea053943fb 0.064s
2025-01-25 05:13:13.064 69030 INFO tempest.lib.common.rest_client [req-8f052130-1dce-4c45-8c52-e18ba02d6cf8 req-8f052130-1dce-4c45-8c52-e18ba02d6cf8 ] Request (KeyPairsV2TestJSON:test_keypairs_create_list_delete): 200 POST http://10.180.1.21/compute/v2.1/os-keypairs 0.029s
2025-01-25 05:13:13.095 69076 INFO tempest.lib.common.rest_client [req-eecc9abf-c7c7-465b-9f21-4167e8cc846e req-eecc9abf-c7c7-465b-9f21-4167e8cc846e ] Request (ServerAddressesNegativeTestJSON:setUpClass): 201 POST http://10.180.1.21/identity/v3/projects 0.060s
2025-01-25 05:13:13.099 69030 INFO tempest.lib.common.rest_client [req-c3293f9f-7b42-4661-aaa5-18ea998d68ed req-c3293f9f-7b42-4661-aaa5-18ea998d68ed ] Request (KeyPairsV2TestJSON:test_keypairs_create_list_delete): 200 POST http://10.180.1.21/compute/v2.1/os-keypairs 0.033s
2025-01-25 05:13:13.111 69030 INFO tempest.lib.common.rest_client [req-0a0bb6e4-2436-423d-ad9f-e1b8e0915ad2 req-0a0bb6e4-2436-423d-ad9f-e1b8e0915ad2 ] Request (KeyPairsV2TestJSON:test_keypairs_create_list_delete): 200 GET http://10.180.1.21/compute/v2.1/os-keypairs 0.010s
2025-01-25 05:13:13.118 69068 INFO tempest.lib.common.rest_client [req-d6ee4ea7-21cf-4d72-821b-01359ec67caf req-d6ee4ea7-21cf-4d72-821b-01359ec67caf ] Request (ImagesOneServerNegativeTestJSON:setUpClass): 200 GET http://10.180.1.21/compute/v2.1/servers/c2923fdc-562c-4c5f-90b4-fcc76a2b7f7f 0.053s
2025-01-25 05:13:13.128 69030 INFO tempest.lib.common.rest_client [req-6d1717e9-e2f0-43ad-8718-f2dfc1cce7d0 req-6d1717e9-e2f0-43ad-8718-f2dfc1cce7d0 ] Request (KeyPairsV2TestJSON:_run_cleanups): 202 DELETE http://10.180.1.21/compute/v2.1/os-keypairs/tempest-KeyPairsV2TestJSON-keypair-1633110 0.014s
2025-01-25 05:13:13.144 69030 INFO tempest.lib.common.rest_client [req-77fa1a86-e289-4d87-b548-62cdff112cb5 req-77fa1a86-e289-4d87-b548-62cdff112cb5 ] Request (KeyPairsV2TestJSON:_run_cleanups): 202 DELETE http://10.180.1.21/compute/v2.1/os-keypairs/tempest-KeyPairsV2TestJSON-keypair-278254069 0.015s
2025-01-25 05:13:13.152 69076 INFO tempest.lib.common.rest_client [req-6668deea-28b1-438a-9d4a-9e3ec4e35822 req-6668deea-28b1-438a-9d4a-9e3ec4e35822 ] Request (ServerAddressesNegativeTestJSON:setUpClass): 201 POST http://10.180.1.21/identity/v3/users 0.056s
2025-01-25 05:13:13.162 69030 INFO tempest.lib.common.rest_client [req-d1bbb504-88fa-478c-adc6-fda729f9ab4d req-d1bbb504-88fa-478c-adc6-fda729f9ab4d ] Request (KeyPairsV2TestJSON:_run_cleanups): 202 DELETE http://10.180.1.21/compute/v2.1/os-keypairs/tempest-KeyPairsV2TestJSON-keypair-1337701184 0.018s
2025-01-25 05:13:13.175 69076 INFO tempest.lib.common.rest_client [req-a491a952-d544-4df6-918a-00d7a5e2be19 req-a491a952-d544-4df6-918a-00d7a5e2be19 ] Request (ServerAddressesNegativeTestJSON:setUpClass): 200 GET http://10.180.1.21/identity/v3/roles 0.022s
2025-01-25 05:13:13.189 69034 INFO tempest.lib.common.rest_client [req-3d62ccef-8bf1-4b2a-a0c8-4c3e33ad60d7 req-3d62ccef-8bf1-4b2a-a0c8-4c3e33ad60d7 ] Request (ServersTestManualDisk:setUpClass): 200 GET http://10.180.1.21/compute/v2.1/servers/a19b7959-df3c-47e8-b920-edfe82c36489 0.058s
2025-01-25 05:13:13.190 69040 INFO tempest.lib.common.rest_client [req-7fd28815-712b-459d-a4b4-75965637cfb5 req-7fd28815-712b-459d-a4b4-75965637cfb5 ] Request (ServersWithSpecificFlavorTestJSON:tearDownClass): 204 DELETE http://10.180.1.21/identity/v3/users/e8dbb90ec59b44668e3edd231b27c4ec 0.135s
2025-01-25 05:13:13.190 69040 INFO tempest.lib.common.dynamic_creds [-] Deleting project and security group for project: e415c5822bd34cc9bc15c092b0bd9c37
2025-01-25 05:13:13.221 69040 INFO tempest.lib.common.rest_client [req-eb02cc7b-4804-45f9-919d-0e62fd570e90 req-eb02cc7b-4804-45f9-919d-0e62fd570e90 ] Request (ServersWithSpecificFlavorTestJSON:tearDownClass): 200 GET http://10.180.1.21:9696/networking/v2.0/security-groups?tenant_id=e415c5822bd34cc9bc15c092b0bd9c37&name=default 0.031s
2025-01-25 05:13:13.243 69076 INFO tempest.lib.common.rest_client [req-3d8a1ec2-adb2-4841-92a9-f849909c6d6d req-3d8a1ec2-adb2-4841-92a9-f849909c6d6d ] Request (ServerAddressesNegativeTestJSON:setUpClass): 204 PUT http://10.180.1.21/identity/v3/projects/1e44fd2f4e6e4eda8ddcdc7859a7fbd0/users/f084cb7f15c34a5084fc916ea512429f/roles/c9b365f4bc0048f89a314ef15fedccbe 0.068s
2025-01-25 05:13:13.244 69076 INFO tempest.lib.common.dynamic_creds [-] Dynamic test user f084cb7f15c34a5084fc916ea512429f is created with scope project and roles: ['member']
2025-01-25 05:13:13.244 69076 INFO tempest.lib.common.dynamic_creds [-] Acquired dynamic creds: credentials: Credentials: {'domain_id': 'default', 'domain_name': 'Default', 'username': 'tempest-ServerAddressesNegativeTestJSON-687786459-project-member', 'project_domain_id': 'default', 'project_domain_name': 'Default', 'project_id': '1e44fd2f4e6e4eda8ddcdc7859a7fbd0', 'project_name': 'tempest-ServerAddressesNegativeTestJSON-687786459', 'tenant_id': '1e44fd2f4e6e4eda8ddcdc7859a7fbd0', 'tenant_name': 'tempest-ServerAddressesNegativeTestJSON-687786459', 'user_domain_id': 'default', 'user_domain_name': 'Default', 'user_id': 'f084cb7f15c34a5084fc916ea512429f', 'system': None}, Network: None, Subnet: None, Router: None
2025-01-25 05:13:13.251 69030 INFO tempest.lib.common.rest_client [req-50055840-aa37-45d7-9ebe-5721f403b61b req-50055840-aa37-45d7-9ebe-5721f403b61b ] Request (KeyPairsV2TestJSON:tearDownClass): 204 DELETE http://10.180.1.21/identity/v3/users/de36186c96d6453fbdf7a5428f05a94d 0.088s
2025-01-25 05:13:13.252 69030 INFO tempest.lib.common.dynamic_creds [-] Deleting project and security group for project: 022dc38c5ba1461db5873b5220d7b373
2025-01-25 05:13:13.261 69085 INFO tempest.lib.common.rest_client [req-e48cbb87-5b8e-4caf-b4b1-7f2c8d5a5e31 req-e48cbb87-5b8e-4caf-b4b1-7f2c8d5a5e31 ] Request (MigrationsAdminTest:test_resize_server_revert_deleted_flavor): 200 GET http://10.180.1.21/compute/v2.1/servers/fd7ba11a-18d1-4f96-a445-eedce740b0c3 0.052s
2025-01-25 05:13:13.299 69076 INFO tempest.lib.common.rest_client [req-f198f20f-0ae0-44eb-85e3-c64cc16e03be req-f198f20f-0ae0-44eb-85e3-c64cc16e03be ] Request (ServerAddressesNegativeTestJSON:setUpClass): 201 POST http://10.180.1.21/identity/v3/auth/tokens 0.054s
2025-01-25 05:13:13.302 69030 INFO tempest.lib.common.rest_client [req-5475c095-913f-48bf-b435-48ef7392b1a1 req-5475c095-913f-48bf-b435-48ef7392b1a1 ] Request (KeyPairsV2TestJSON:tearDownClass): 201 POST http://10.180.1.21/identity/v3/auth/tokens 0.050s
2025-01-25 05:13:13.316 69080 INFO tempest.lib.common.rest_client [req-cc531ec4-defd-4950-b4e0-251056927e83 req-cc531ec4-defd-4950-b4e0-251056927e83 ] Request (ServerActionsTestOtherA:setUpClass): 200 GET http://10.180.1.21/compute/v2.1/servers/100c3541-3af3-4d3c-8060-2235f18f51e4 0.048s
2025-01-25 05:13:13.319 69040 INFO tempest.lib.common.rest_client [req-34310e98-8ec2-453f-a214-0d121cc068d5 req-34310e98-8ec2-453f-a214-0d121cc068d5 ] Request (ServersWithSpecificFlavorTestJSON:tearDownClass): 204 DELETE http://10.180.1.21:9696/networking/v2.0/security-groups/a841bdff-42be-4801-9d78-dc1140bb44dc 0.097s
2025-01-25 05:13:13.391 69040 INFO tempest.lib.common.rest_client [req-7c26091a-dcd9-4936-80e7-836e8786ab53 req-7c26091a-dcd9-4936-80e7-836e8786ab53 ] Request (ServersWithSpecificFlavorTestJSON:tearDownClass): 204 DELETE http://10.180.1.21/identity/v3/projects/e415c5822bd34cc9bc15c092b0bd9c37 0.072s
2025-01-25 05:13:13.392 69040 INFO tempest.lib.common.dynamic_creds [-] Deleting project and security group for project: ca934e214e3447cb85b8a3d9ff8cb4e7
2025-01-25 05:13:13.423 69040 INFO tempest.lib.common.rest_client [req-00173cf3-ca20-4b30-8efd-caba54074c11 req-00173cf3-ca20-4b30-8efd-caba54074c11 ] Request (ServersWithSpecificFlavorTestJSON:tearDownClass): 200 GET http://10.180.1.21:9696/networking/v2.0/security-groups?tenant_id=ca934e214e3447cb85b8a3d9ff8cb4e7&name=default 0.031s
2025-01-25 05:13:13.488 69030 INFO tempest.lib.common.rest_client [req-7ac4a7eb-32df-4d4f-99dd-e63a443e2170 req-7ac4a7eb-32df-4d4f-99dd-e63a443e2170 ] Request (KeyPairsV2TestJSON:tearDownClass): 200 GET http://10.180.1.21:9696/networking/v2.0/security-groups?tenant_id=022dc38c5ba1461db5873b5220d7b373&name=default 0.185s
2025-01-25 05:13:13.518 69040 INFO tempest.lib.common.rest_client [req-b1f9a8c4-5568-4486-9636-cd134e35f7a4 req-b1f9a8c4-5568-4486-9636-cd134e35f7a4 ] Request (ServersWithSpecificFlavorTestJSON:tearDownClass): 204 DELETE http://10.180.1.21:9696/networking/v2.0/security-groups/e71e55a8-a2d9-4e72-93f3-1888a2738dff 0.094s
2025-01-25 05:13:13.574 69054 INFO tempest.lib.common.rest_client [req-ee1e2345-f992-440c-951e-29fa76cebd1b req-ee1e2345-f992-440c-951e-29fa76cebd1b ] Request (ServersTestJSON:test_create_server_specify_multibyte_character_name): 200 GET http://10.180.1.21/compute/v2.1/servers/7d241bf8-6f7a-467f-9640-a9819d5cca72 0.073s
2025-01-25 05:13:13.589 69086 INFO tempest.lib.common.rest_client [req-0833daf2-32f8-4181-99e2-24fa379971da req-0833daf2-32f8-4181-99e2-24fa379971da ] Request (ServersTestBootFromVolume:setUpClass): 200 GET http://10.180.1.21/compute/v2.1/servers/2896c309-a702-498b-8b44-f01620b597e6 0.065s
2025-01-25 05:13:13.597 69030 INFO tempest.lib.common.rest_client [req-0bcd4f63-9eb5-472c-ad8f-5050c9c6fe30 req-0bcd4f63-9eb5-472c-ad8f-5050c9c6fe30 ] Request (KeyPairsV2TestJSON:tearDownClass): 204 DELETE http://10.180.1.21:9696/networking/v2.0/security-groups/3b59eb1c-83ac-4734-8812-e0f196bccba8 0.109s
2025-01-25 05:13:13.598 69076 INFO tempest.lib.common.rest_client [req-638357a8-7afa-43a0-8e96-8a56212ce563 req-638357a8-7afa-43a0-8e96-8a56212ce563 ] Request (ServerAddressesNegativeTestJSON:setUpClass): 201 POST http://10.180.1.21:9696/networking/v2.0/networks 0.299s
2025-01-25 05:13:13.599 69086 INFO tempest.common.waiters [-] State transition "BUILD/scheduling" ==> "ERROR/None" after 78 second wait
2025-01-25 05:13:13.634 69040 INFO tempest.lib.common.rest_client [req-83ee545d-fa58-4407-8570-216f328dbcfa req-83ee545d-fa58-4407-8570-216f328dbcfa ] Request (ServersWithSpecificFlavorTestJSON:tearDownClass): 204 DELETE http://10.180.1.21/identity/v3/projects/ca934e214e3447cb85b8a3d9ff8cb4e7 0.116s
2025-01-25 05:13:13.635 69040 INFO tempest.test [-] raised in LiveMigrationNegativeTest.setUpClass. Invoking tearDownClass.
2025-01-25 05:13:13.637 69046 INFO tempest.lib.common.rest_client [req-a5b77f08-76aa-43d2-8b4e-5537d9dfdd15 req-a5b77f08-76aa-43d2-8b4e-5537d9dfdd15 ] Request (ServersAdminTestJSON:setUpClass): 200 GET http://10.180.1.21/compute/v2.1/servers/6eb92420-57b1-4a7d-973f-10cd47be0416 0.073s
2025-01-25 05:13:13.649 69044 INFO tempest.lib.common.rest_client [req-f0dd2f96-8dcd-40b6-b047-6922d6c24926 req-f0dd2f96-8dcd-40b6-b047-6922d6c24926 ] Request (InstanceActionsTestJSON:setUpClass): 200 GET http://10.180.1.21/compute/v2.1/servers/5cf1f620-d0da-4e81-8d1f-e881c47dcad1 0.067s
2025-01-25 05:13:13.701 69040 INFO tempest.lib.common.rest_client [req-ef0dc94a-237f-463b-850d-ed353d43abd4 req-ef0dc94a-237f-463b-850d-ed353d43abd4 ] Request (SecurityGroupsTestJSON:setUpClass): 201 POST http://10.180.1.21/identity/v3/auth/tokens 0.063s
2025-01-25 05:13:13.703 69052 INFO tempest.lib.common.rest_client [req-9ffc559f-590a-4a2f-a152-78ae56ffc7d1 req-9ffc559f-590a-4a2f-a152-78ae56ffc7d1 ] Request (DeleteServersTestJSON:test_delete_server_while_in_attached_volume): 200 GET http://10.180.1.21/compute/v2.1/servers/305aebbe-f983-4826-b8c0-9854458f7d48 0.091s
2025-01-25 05:13:13.721 69030 INFO tempest.lib.common.rest_client [req-fec521e6-3448-4017-a20f-1d321e65a5dd req-fec521e6-3448-4017-a20f-1d321e65a5dd ] Request (KeyPairsV2TestJSON:tearDownClass): 204 DELETE http://10.180.1.21/identity/v3/projects/022dc38c5ba1461db5873b5220d7b373 0.122s
2025-01-25 05:13:13.747 69056 INFO tempest.lib.common.rest_client [req-0d4901a3-8b64-40dc-856c-eec13c87c772 req-0d4901a3-8b64-40dc-856c-eec13c87c772 ] Request (AttachInterfacesUnderV243Test:test_add_remove_fixed_ip): 200 GET http://10.180.1.21/compute/v2.1/servers/7969485a-ccd6-48e0-bdea-b8920af28843 0.120s
2025-01-25 05:13:13.763 69076 INFO tempest.lib.common.rest_client [req-b7fba5bc-1c40-45f9-975e-05584b480876 req-b7fba5bc-1c40-45f9-975e-05584b480876 ] Request (ServerAddressesNegativeTestJSON:setUpClass): 201 POST http://10.180.1.21:9696/networking/v2.0/subnets 0.164s
2025-01-25 05:13:13.773 69040 INFO tempest.lib.common.rest_client [req-a8dde55b-48f6-49c8-a1c2-020581f7c902 req-a8dde55b-48f6-49c8-a1c2-020581f7c902 ] Request (SecurityGroupsTestJSON:setUpClass): 201 POST http://10.180.1.21/identity/v3/auth/tokens 0.067s
2025-01-25 05:13:13.777 69030 INFO tempest.lib.common.rest_client [req-44bcb10b-b0fa-4708-b13c-7dc5dd56263d req-44bcb10b-b0fa-4708-b13c-7dc5dd56263d ] Request (ServerMetadataNegativeTestJSON:setUpClass): 201 POST http://10.180.1.21/identity/v3/auth/tokens 0.054s
2025-01-25 05:13:13.799 69040 INFO tempest.lib.common.rest_client [req-86318c49-5854-4493-b71c-2c80a1e800db req-86318c49-5854-4493-b71c-2c80a1e800db ] Request (SecurityGroupsTestJSON:setUpClass): 200 GET http://10.180.1.21/identity/v3/domains?name=Default 0.026s
2025-01-25 05:13:13.803 69058 INFO tempest.lib.common.rest_client [req-af065f85-06a5-41ca-8889-1b8361c4cb0a req-af065f85-06a5-41ca-8889-1b8361c4cb0a ] Request (ServerDiagnosticsNegativeTest:test_get_server_diagnostics_by_non_admin): 200 GET http://10.180.1.21/compute/v2.1/servers/74a1c3db-26b1-426e-be47-621c79ef9029 0.149s
2025-01-25 05:13:13.809 69030 INFO tempest.lib.common.rest_client [req-8a9607f7-61c4-4b7d-9114-2d7a58989dd3 req-8a9607f7-61c4-4b7d-9114-2d7a58989dd3 ] Request (ServerMetadataNegativeTestJSON:setUpClass): 201 POST http://10.180.1.21/identity/v3/auth/tokens 0.029s
2025-01-25 05:13:13.825 69040 INFO tempest.lib.common.rest_client [req-dffb8f70-cefa-45e3-9dea-6ac472edd8ec req-dffb8f70-cefa-45e3-9dea-6ac472edd8ec ] Request (SecurityGroupsTestJSON:setUpClass): 201 POST http://10.180.1.21/identity/v3/projects 0.025s
2025-01-25 05:13:13.834 69030 INFO tempest.lib.common.rest_client [req-2e0974f9-3599-4b58-be05-d98b6958d454 req-2e0974f9-3599-4b58-be05-d98b6958d454 ] Request (ServerMetadataNegativeTestJSON:setUpClass): 200 GET http://10.180.1.21/identity/v3/domains?name=Default 0.024s
2025-01-25 05:13:13.856 69050 INFO tempest.lib.common.rest_client [req-75bad6f6-4224-493f-8714-c34cb3d1b367 req-75bad6f6-4224-493f-8714-c34cb3d1b367 ] Request (ServerActionsTestJSON:setUpClass): 200 GET http://10.180.1.21/compute/v2.1/servers/e11311ed-6804-4df4-a775-9060463ac927 0.170s
2025-01-25 05:13:13.884 69040 INFO tempest.lib.common.rest_client [req-d18b2b89-4290-4aea-8cf5-bce2dac6aafb req-d18b2b89-4290-4aea-8cf5-bce2dac6aafb ] Request (SecurityGroupsTestJSON:setUpClass): 201 POST http://10.180.1.21/identity/v3/users 0.058s
2025-01-25 05:13:13.887 69086 INFO tempest.lib.common.rest_client [req-fec39414-6383-4b23-8bff-a15c2e3832fb req-fec39414-6383-4b23-8bff-a15c2e3832fb ] Request (ServersTestBootFromVolume:setUpClass): 204 DELETE http://10.180.1.21/compute/v2.1/servers/2896c309-a702-498b-8b44-f01620b597e6 0.287s
2025-01-25 05:13:13.890 69030 INFO tempest.lib.common.rest_client [req-c133270c-ebc5-4c93-84b7-ae209b3c6558 req-c133270c-ebc5-4c93-84b7-ae209b3c6558 ] Request (ServerMetadataNegativeTestJSON:setUpClass): 201 POST http://10.180.1.21/identity/v3/projects 0.056s
2025-01-25 05:13:13.912 69042 INFO tempest.lib.common.rest_client [req-de839a3c-1365-45c5-ad80-e326ec754bb6 req-de839a3c-1365-45c5-ad80-e326ec754bb6 ] Request (InstanceActionsV221TestJSON:test_get_list_deleted_instance_actions): 200 GET http://10.180.1.21/compute/v2.1/servers/a64253fe-4ba9-4686-810b-a26a4c29631b 0.209s
2025-01-25 05:13:13.937 69040 INFO tempest.lib.common.rest_client [req-1b67dae5-000e-4a40-a1b2-cb004f55ec5b req-1b67dae5-000e-4a40-a1b2-cb004f55ec5b ] Request (SecurityGroupsTestJSON:setUpClass): 200 GET http://10.180.1.21/identity/v3/roles 0.052s
2025-01-25 05:13:13.939 69038 INFO tempest.lib.common.rest_client [req-9d838b8f-f0e1-4a5f-a3a2-f73d122c72fb req-9d838b8f-f0e1-4a5f-a3a2-f73d122c72fb ] Request (ServersTestJSON:setUpClass): 200 GET http://10.180.1.21/compute/v2.1/servers/d3270b4a-2b81-41f5-a2af-5b7f441e4a2d 0.210s
2025-01-25 05:13:13.947 69038 INFO tempest.common.waiters [-] State transition "BUILD/scheduling" ==> "BUILD/None" after 61 second wait
2025-01-25 05:13:13.949 69030 INFO tempest.lib.common.rest_client [req-864040ba-af77-4250-bf49-c6ad8daa42e3 req-864040ba-af77-4250-bf49-c6ad8daa42e3 ] Request (ServerMetadataNegativeTestJSON:setUpClass): 201 POST http://10.180.1.21/identity/v3/users 0.058s
2025-01-25 05:13:13.970 69040 INFO tempest.lib.common.rest_client [req-540b6474-31c9-4b22-994e-fac7991165e9 req-540b6474-31c9-4b22-994e-fac7991165e9 ] Request (SecurityGroupsTestJSON:setUpClass): 204 PUT http://10.180.1.21/identity/v3/projects/770eddfb80d943c7a34a3d9a60845079/users/1627c54e8e7f4712b9dcd174f991811e/roles/c9b365f4bc0048f89a314ef15fedccbe 0.032s
2025-01-25 05:13:13.970 69040 INFO tempest.lib.common.dynamic_creds [-] Dynamic test user 1627c54e8e7f4712b9dcd174f991811e is created with scope project and roles: ['member']
2025-01-25 05:13:13.970 69040 INFO tempest.lib.common.dynamic_creds [-] Acquired dynamic creds: credentials: Credentials: {'domain_id': 'default', 'domain_name': 'Default', 'username': 'tempest-SecurityGroupsTestJSON-1097908726-project-member', 'project_domain_id': 'default', 'project_domain_name': 'Default', 'project_id': '770eddfb80d943c7a34a3d9a60845079', 'project_name': 'tempest-SecurityGroupsTestJSON-1097908726', 'tenant_id': '770eddfb80d943c7a34a3d9a60845079', 'tenant_name': 'tempest-SecurityGroupsTestJSON-1097908726', 'user_domain_id': 'default', 'user_domain_name': 'Default', 'user_id': '1627c54e8e7f4712b9dcd174f991811e', 'system': None}, Network: None, Subnet: None, Router: None
2025-01-25 05:13:13.970 69030 INFO tempest.lib.common.rest_client [req-7205eb7a-8736-4f2e-b6ab-74d4dae649ab req-7205eb7a-8736-4f2e-b6ab-74d4dae649ab ] Request (ServerMetadataNegativeTestJSON:setUpClass): 200 GET http://10.180.1.21/identity/v3/roles 0.021s
2025-01-25 05:13:13.989 69072 INFO tempest.lib.common.rest_client [req-c53b4bec-9888-415d-b14f-1a960968aab0 req-c53b4bec-9888-415d-b14f-1a960968aab0 ] Request (VolumesAdminNegativeTest:test_update_attached_volume_with_nonexistent_volume_in_uri): 200 GET http://10.180.1.21/compute/v2.1/servers/acc78084-21e8-456c-a573-fc5e931147c6 0.243s
2025-01-25 05:13:13.998 69066 INFO tempest.lib.common.rest_client [req-6ac5b531-32a2-44a3-91b2-fc8bac4b50bb req-6ac5b531-32a2-44a3-91b2-fc8bac4b50bb ] Request (ServerRescueNegativeTestJSON:setUpClass): 200 GET http://10.180.1.21/compute/v2.1/servers/1874ad5f-2ae3-43ee-afcf-8f36dd2aa738 0.214s
2025-01-25 05:13:14.023 69030 INFO tempest.lib.common.rest_client [req-3165acbd-cab2-4260-9927-9e2fda700d89 req-3165acbd-cab2-4260-9927-9e2fda700d89 ] Request (ServerMetadataNegativeTestJSON:setUpClass): 204 PUT http://10.180.1.21/identity/v3/projects/2d6fc1be135a4350ab17e4e4d59f0617/users/daec14670b7246d1847a9fa8430402cc/roles/c9b365f4bc0048f89a314ef15fedccbe 0.051s
2025-01-25 05:13:14.023 69030 INFO tempest.lib.common.dynamic_creds [-] Dynamic test user daec14670b7246d1847a9fa8430402cc is created with scope project and roles: ['member']
2025-01-25 05:13:14.023 69030 INFO tempest.lib.common.dynamic_creds [-] Acquired dynamic creds: credentials: Credentials: {'domain_id': 'default', 'domain_name': 'Default', 'username': 'tempest-ServerMetadataNegativeTestJSON-920433756-project-member', 'project_domain_id': 'default', 'project_domain_name': 'Default', 'project_id': '2d6fc1be135a4350ab17e4e4d59f0617', 'project_name': 'tempest-ServerMetadataNegativeTestJSON-920433756', 'tenant_id': '2d6fc1be135a4350ab17e4e4d59f0617', 'tenant_name': 'tempest-ServerMetadataNegativeTestJSON-920433756', 'user_domain_id': 'default', 'user_domain_name': 'Default', 'user_id': 'daec14670b7246d1847a9fa8430402cc', 'system': None}, Network: None, Subnet: None, Router: None
2025-01-25 05:13:14.030 69040 INFO tempest.lib.common.rest_client [req-f6c9bfd0-c54a-40b4-a269-f27b17706b1f req-f6c9bfd0-c54a-40b4-a269-f27b17706b1f ] Request (SecurityGroupsTestJSON:setUpClass): 201 POST http://10.180.1.21/identity/v3/auth/tokens 0.059s
2025-01-25 05:13:14.034 69062 INFO tempest.lib.common.rest_client [req-0ce68e38-a207-4837-ad32-039d2d982991 req-0ce68e38-a207-4837-ad32-039d2d982991 ] Request (ImagesTestJSON:test_create_image_from_stopped_server): 200 GET http://10.180.1.21/compute/v2.1/servers/41ec8810-3f17-4f59-9828-a4a2e873eab4 0.222s
2025-01-25 05:13:14.055 69036 INFO tempest.lib.common.rest_client [req-de30eac3-cf9b-44ed-8ebd-69aa44443d34 req-de30eac3-cf9b-44ed-8ebd-69aa44443d34 ] Request (FloatingIPsAssociationTestJSON:setUpClass): 200 GET http://10.180.1.21/compute/v2.1/servers/ec4405a5-de44-4749-9225-3945db05ca6e 0.212s
2025-01-25 05:13:14.075 69086 INFO tempest.lib.common.rest_client [req-b6b53a2d-e143-4f9a-8476-b37847aaa1f2 req-b6b53a2d-e143-4f9a-8476-b37847aaa1f2 ] Request (ServersTestBootFromVolume:setUpClass): 404 GET http://10.180.1.21/compute/v2.1/servers/2896c309-a702-498b-8b44-f01620b597e6 0.188s
2025-01-25 05:13:14.076 69086 INFO tempest.test [-] raised in ServersTestBootFromVolume.setUpClass. Invoking tearDownClass.
2025-01-25 05:13:14.076 69030 INFO tempest.lib.common.rest_client [req-08f597f5-5357-47e0-b1e0-351205033dea req-08f597f5-5357-47e0-b1e0-351205033dea ] Request (ServerMetadataNegativeTestJSON:setUpClass): 201 POST http://10.180.1.21/identity/v3/auth/tokens 0.053s
2025-01-25 05:13:14.096 69070 INFO tempest.lib.common.rest_client [req-dca54dfc-e1c7-45e4-ad8e-5461ae737118 req-dca54dfc-e1c7-45e4-ad8e-5461ae737118 ] Request (ServersAdmin275Test:test_rebuild_update_server_275): 200 GET http://10.180.1.21/compute/v2.1/servers/6f936641-750d-49ae-8beb-bca35305d10d 0.216s
2025-01-25 05:13:14.122 69032 INFO tempest.lib.common.rest_client [req-a4a1c5a2-03f0-4117-b8a0-91e7247490e4 req-a4a1c5a2-03f0-4117-b8a0-91e7247490e4 ] Request (ServerGroupTestJSON:test_create_server_with_scheduler_hint_group): 200 GET http://10.180.1.21/compute/v2.1/servers/c6de797f-03f7-4dca-9c6a-e7b840990be6 0.183s
2025-01-25 05:13:14.148 69088 INFO tempest.lib.common.rest_client [req-444be53c-d3fb-4ae5-9573-ce69eb2d0c3f req-444be53c-d3fb-4ae5-9573-ce69eb2d0c3f ] Request (AttachInterfacesTestJSON:test_create_list_show_delete_interfaces_by_fixed_ip): 200 GET http://10.180.1.21/compute/v2.1/servers/782e6663-202b-4ed0-8a1a-cc54f246143b 0.205s
2025-01-25 05:13:14.170 69074 INFO tempest.lib.common.rest_client [req-84b33a49-b876-4d56-81cc-b9edb44d5154 req-84b33a49-b876-4d56-81cc-b9edb44d5154 ] Request (ServersNegativeTestJSON:setUpClass): 200 GET http://10.180.1.21/compute/v2.1/servers/77d57f64-9bab-46f1-87b4-62bac5c5d2bd 0.177s
2025-01-25 05:13:14.182 69086 INFO tempest.lib.common.rest_client [req-8fd4efdd-a495-4d34-a912-2d2044b20458 req-8fd4efdd-a495-4d34-a912-2d2044b20458 ] Request (ServersTestBootFromVolume:tearDownClass): 202 DELETE http://10.180.1.21/compute/v2.1/os-keypairs/tempest-keypair-1509141483 0.106s
2025-01-25 05:13:14.221 69028 INFO tempest.lib.common.rest_client [req-aba28512-76f1-45d8-9711-dea892a07ea5 req-aba28512-76f1-45d8-9711-dea892a07ea5 ] Request (DeleteServersAdminTestJSON:test_delete_server_while_in_error_state): 200 GET http://10.180.1.21/compute/v2.1/servers/793da91d-461a-465b-b9a3-c5fa0f5b877d 0.181s
2025-01-25 05:13:14.239 69068 INFO tempest.lib.common.rest_client [req-e023254a-1771-49ab-9e9e-93a6e8103dc6 req-e023254a-1771-49ab-9e9e-93a6e8103dc6 ] Request (ImagesOneServerNegativeTestJSON:setUpClass): 200 GET http://10.180.1.21/compute/v2.1/servers/c2923fdc-562c-4c5f-90b4-fcc76a2b7f7f 0.113s
2025-01-25 05:13:14.279 69034 INFO tempest.lib.common.rest_client [req-fec9b07c-9b1e-4ba8-8a72-fefc6a5cd9c9 req-fec9b07c-9b1e-4ba8-8a72-fefc6a5cd9c9 ] Request (ServersTestManualDisk:setUpClass): 200 GET http://10.180.1.21/compute/v2.1/servers/a19b7959-df3c-47e8-b920-edfe82c36489 0.083s
2025-01-25 05:13:14.337 69085 INFO tempest.lib.common.rest_client [req-0faa8348-6b75-40cf-b439-628b123ab940 req-0faa8348-6b75-40cf-b439-628b123ab940 ] Request (MigrationsAdminTest:test_resize_server_revert_deleted_flavor): 200 GET http://10.180.1.21/compute/v2.1/servers/fd7ba11a-18d1-4f96-a445-eedce740b0c3 0.067s
2025-01-25 05:13:14.398 69086 INFO tempest.lib.common.rest_client [req-d95cb93d-dcc4-41f0-9b6c-724db0e591c2 req-d95cb93d-dcc4-41f0-9b6c-724db0e591c2 ] Request (ServersTestBootFromVolume:tearDownClass): 204 DELETE http://10.180.1.21:9696/networking/v2.0/security-groups/a1fd56df-eeda-4de4-af21-13a7826e5788 0.215s
2025-01-25 05:13:14.405 69080 INFO tempest.lib.common.rest_client [req-a92b8399-ac8a-44b9-beeb-c02281cb32f2 req-a92b8399-ac8a-44b9-beeb-c02281cb32f2 ] Request (ServerActionsTestOtherA:setUpClass): 200 GET http://10.180.1.21/compute/v2.1/servers/100c3541-3af3-4d3c-8060-2235f18f51e4 0.082s
2025-01-25 05:13:14.427 69086 INFO tempest.lib.common.rest_client [req-b6353802-0b4c-48a5-bd59-405570cd3c16 req-b6353802-0b4c-48a5-bd59-405570cd3c16 ] Request (ServersTestBootFromVolume:tearDownClass): 404 GET http://10.180.1.21:9696/networking/v2.0/security-groups/a1fd56df-eeda-4de4-af21-13a7826e5788 0.029s
2025-01-25 05:13:14.537 69030 INFO tempest.lib.common.rest_client [req-e1c58abb-a757-4f3d-a535-b62c4767a811 req-e1c58abb-a757-4f3d-a535-b62c4767a811 ] Request (ServerMetadataNegativeTestJSON:setUpClass): 201 POST http://10.180.1.21:9696/networking/v2.0/networks 0.460s
2025-01-25 05:13:14.539 69040 INFO tempest.lib.common.rest_client [req-ba0b7bbd-d4c9-4cbd-9ea8-a7d2ca144a3b req-ba0b7bbd-d4c9-4cbd-9ea8-a7d2ca144a3b ] Request (SecurityGroupsTestJSON:setUpClass): 201 POST http://10.180.1.21:9696/networking/v2.0/networks 0.508s
2025-01-25 05:13:14.660 69054 INFO tempest.lib.common.rest_client [req-a597f5d4-7563-4cb9-a818-ac94cb8933e2 req-a597f5d4-7563-4cb9-a818-ac94cb8933e2 ] Request (ServersTestJSON:test_create_server_specify_multibyte_character_name): 200 GET http://10.180.1.21/compute/v2.1/servers/7d241bf8-6f7a-467f-9640-a9819d5cca72 0.073s
2025-01-25 05:13:14.670 69054 INFO tempest.common.waiters [-] State transition "BUILD/None" ==> "BUILD/networking" after 74 second wait
2025-01-25 05:13:14.714 69046 INFO tempest.lib.common.rest_client [req-54425e5d-65d6-42bc-800f-c65406636543 req-54425e5d-65d6-42bc-800f-c65406636543 ] Request (ServersAdminTestJSON:setUpClass): 200 GET http://10.180.1.21/compute/v2.1/servers/6eb92420-57b1-4a7d-973f-10cd47be0416 0.068s
2025-01-25 05:13:14.734 69044 INFO tempest.lib.common.rest_client [req-39b15d80-add2-4bb8-81cf-716439612b48 req-39b15d80-add2-4bb8-81cf-716439612b48 ] Request (InstanceActionsTestJSON:setUpClass): 200 GET http://10.180.1.21/compute/v2.1/servers/5cf1f620-d0da-4e81-8d1f-e881c47dcad1 0.071s
2025-01-25 05:13:14.776 69052 INFO tempest.lib.common.rest_client [req-72b0a555-8fa0-4915-b6bb-0f75b06a514a req-72b0a555-8fa0-4915-b6bb-0f75b06a514a ] Request (DeleteServersTestJSON:test_delete_server_while_in_attached_volume): 200 GET http://10.180.1.21/compute/v2.1/servers/305aebbe-f983-4826-b8c0-9854458f7d48 0.061s
2025-01-25 05:13:14.820 69056 INFO tempest.lib.common.rest_client [req-b3d5b71b-189a-4ff7-893e-8c58b9277671 req-b3d5b71b-189a-4ff7-893e-8c58b9277671 ] Request (AttachInterfacesUnderV243Test:test_add_remove_fixed_ip): 200 GET http://10.180.1.21/compute/v2.1/servers/7969485a-ccd6-48e0-bdea-b8920af28843 0.063s
2025-01-25 05:13:14.823 69086 INFO tempest.lib.common.rest_client [req-f2a5ab3a-cb3b-41d7-a800-2272519613fe req-f2a5ab3a-cb3b-41d7-a800-2272519613fe ] Request (ServersTestBootFromVolume:tearDownClass): 204 DELETE http://10.180.1.21:9696/networking/v2.0/floatingips/a8a84070-6584-48e9-8592-82aa65b9fd5d 0.396s
2025-01-25 05:13:14.853 69076 INFO tempest.lib.common.rest_client [req-1ceafaad-63a9-4e00-8ed2-0eae297be2d4 req-1ceafaad-63a9-4e00-8ed2-0eae297be2d4 ] Request (ServerAddressesNegativeTestJSON:setUpClass): 201 POST http://10.180.1.21:9696/networking/v2.0/routers 1.090s
2025-01-25 05:13:14.877 69030 INFO tempest.lib.common.rest_client [req-a158f542-65ad-4b9f-bffb-781abfbf4626 req-a158f542-65ad-4b9f-bffb-781abfbf4626 ] Request (ServerMetadataNegativeTestJSON:setUpClass): 201 POST http://10.180.1.21:9696/networking/v2.0/subnets 0.340s
2025-01-25 05:13:14.893 69040 INFO tempest.lib.common.rest_client [req-a25440b8-d788-44b3-b725-0bb7cbd4f269 req-a25440b8-d788-44b3-b725-0bb7cbd4f269 ] Request (SecurityGroupsTestJSON:setUpClass): 201 POST http://10.180.1.21:9696/networking/v2.0/subnets 0.353s
2025-01-25 05:13:14.900 69058 INFO tempest.lib.common.rest_client [req-cd35567e-0572-4353-b61f-652c29252b0a req-cd35567e-0572-4353-b61f-652c29252b0a ] Request (ServerDiagnosticsNegativeTest:test_get_server_diagnostics_by_non_admin): 200 GET http://10.180.1.21/compute/v2.1/servers/74a1c3db-26b1-426e-be47-621c79ef9029 0.083s
2025-01-25 05:13:14.911 69058 INFO tempest.common.waiters [-] State transition "BUILD/spawning" ==> "ERROR/None" after 78 second wait
2025-01-25 05:13:14.928 69050 INFO tempest.lib.common.rest_client [req-d5ddb570-2e93-4397-afdd-ce958ac0f335 req-d5ddb570-2e93-4397-afdd-ce958ac0f335 ] Request (ServerActionsTestJSON:setUpClass): 200 GET http://10.180.1.21/compute/v2.1/servers/e11311ed-6804-4df4-a775-9060463ac927 0.064s
2025-01-25 05:13:15.004 69042 INFO tempest.lib.common.rest_client [req-0615202d-3352-499d-b51c-a91692d9517e req-0615202d-3352-499d-b51c-a91692d9517e ] Request (InstanceActionsV221TestJSON:test_get_list_deleted_instance_actions): 200 GET http://10.180.1.21/compute/v2.1/servers/a64253fe-4ba9-4686-810b-a26a4c29631b 0.076s
2025-01-25 05:13:15.066 69038 INFO tempest.lib.common.rest_client [req-2b65ee59-664b-421f-999a-a596e9e9c176 req-2b65ee59-664b-421f-999a-a596e9e9c176 ] Request (ServersTestJSON:setUpClass): 200 GET http://10.180.1.21/compute/v2.1/servers/d3270b4a-2b81-41f5-a2af-5b7f441e4a2d 0.117s
2025-01-25 05:13:15.124 69058 INFO tempest.lib.common.rest_client [req-e5a58586-12df-4262-b923-c089e5283adf req-e5a58586-12df-4262-b923-c089e5283adf ] Request (ServerDiagnosticsNegativeTest:test_get_server_diagnostics_by_non_admin): 204 DELETE http://10.180.1.21/compute/v2.1/servers/74a1c3db-26b1-426e-be47-621c79ef9029 0.213s
2025-01-25 05:13:15.127 69072 INFO tempest.lib.common.rest_client [req-9d0f9ede-bd38-464c-b5a2-6ce101b115d4 req-9d0f9ede-bd38-464c-b5a2-6ce101b115d4 ] Request (VolumesAdminNegativeTest:test_update_attached_volume_with_nonexistent_volume_in_uri): 200 GET http://10.180.1.21/compute/v2.1/servers/acc78084-21e8-456c-a573-fc5e931147c6 0.129s
2025-01-25 05:13:15.187 69066 INFO tempest.lib.common.rest_client [req-aa402768-dfab-45de-b1ac-1af6b656bdbb req-aa402768-dfab-45de-b1ac-1af6b656bdbb ] Request (ServerRescueNegativeTestJSON:setUpClass): 200 GET http://10.180.1.21/compute/v2.1/servers/1874ad5f-2ae3-43ee-afcf-8f36dd2aa738 0.180s
