2025-01-25 05:13:08.238 69040 INFO tempest.lib.common.rest_client [req-05272ee6-85fe-46e8-8f5d-43947c5d01af req-05272ee6-85fe-46e8-8f5d-43947c5d01af ] Request (ServersWithSpecificFlavorTestJSON:_run_cleanups): 202 DELETE http://10.180.1.21/compute/v2.1/flavors/130174483 0.075s
2025-01-25 05:13:08.279 69036 INFO tempest.lib.common.rest_client [req-4b7a04a7-008c-4545-a37a-d0915af010d7 req-4b7a04a7-008c-4545-a37a-d0915af010d7 ] Request (FloatingIPsAssociationTestJSON:setUpClass): 200 GET http://10.180.1.21/compute/v2.1/servers/ec4405a5-de44-4749-9225-3945db05ca6e 0.068s
2025-01-25 05:13:08.284 69042 INFO tempest.lib.common.rest_client [req-09041158-5f38-4c90-ac09-061c27faf248 req-09041158-5f38-4c90-ac09-061c27faf248 ] Request (InstanceActionsV221TestJSON:setUpClass): 200 PUT http://10.180.1.21:9696/networking/v2.0/routers/3a25b2f0-04b1-4f5e-9a4c-df4c02051f5d/add_router_interface 1.122s
2025-01-25 05:13:08.285 69042 INFO tempest.lib.common.dynamic_creds [-] Created isolated network resources for: credentials: Credentials: {'domain_id': 'default', 'domain_name': 'Default', 'username': 'tempest-InstanceActionsV221TestJSON-450910855-project-member', 'project_domain_id': 'default', 'project_domain_name': 'Default', 'project_id': 'c9f5dffc6b134843ae4eb7dd00874521', 'project_name': 'tempest-InstanceActionsV221TestJSON-450910855', 'tenant_id': 'c9f5dffc6b134843ae4eb7dd00874521', 'tenant_name': 'tempest-InstanceActionsV221TestJSON-450910855', 'user_domain_id': 'default', 'user_domain_name': 'Default', 'user_id': 'd4d9fdcabb04463ab77f755534adc4c9', 'system': None}, Network: {'id': 'd817c328-4a99-4f4b-b2d1-595b06da37b0', 'name': 'tempest-InstanceActionsV221TestJSON-1952809160-network', 'tenant_id': 'c9f5dffc6b134843ae4eb7dd00874521', 'admin_state_up': True, 'mtu': 8950, 'status': 'ACTIVE', 'subnets': [], 'shared': False, 'project_id': 'c9f5dffc6b134843ae4eb7dd00874521', 'port_security_enabled': True, 'router:external': False, 'provider:network_type': 'vlan', 'provider:physical_network': 'default', 'provider:segmentation_id': 148, 'availability_zone_hints': [], 'availability_zones': [], 'ipv4_address_scope': None, 'ipv6_address_scope': None, 'description': '', 'tags': [], 'created_at': '2025-01-25T05:13:05Z', 'updated_at': '2025-01-25T05:13:05Z', 'revision_number': 1}, Subnet: {'id': '90b34765-c55b-47f7-939c-c1ce05432253', 'name': 'tempest-InstanceActionsV221TestJSON-1952809160-subnet', 'tenant_id': 'c9f5dffc6b134843ae4eb7dd00874521', 'network_id': 'd817c328-4a99-4f4b-b2d1-595b06da37b0', 'ip_version': 4, 'subnetpool_id': None, 'enable_dhcp': True, 'ipv6_ra_mode': None, 'ipv6_address_mode': None, 'gateway_ip': '192.168.128.1', 'cidr': '192.168.128.0/28', 'allocation_pools': [{'start': '192.168.128.2', 'end': '192.168.128.14'}], 'host_routes': [], 'dns_nameservers': [], 'description': '', 'router:external': False, 'service_types': [], 'tags': [], 'created_at': '2025-01-25T05:13:06Z', 'updated_at': '2025-01-25T05:13:06Z', 'revision_number': 0, 'project_id': 'c9f5dffc6b134843ae4eb7dd00874521'}, Router: {'id': '3a25b2f0-04b1-4f5e-9a4c-df4c02051f5d', 'name': 'tempest-InstanceActionsV221TestJSON-1952809160-router', 'tenant_id': 'c9f5dffc6b134843ae4eb7dd00874521', 'admin_state_up': True, 'status': 'ACTIVE', 'external_gateway_info': {'network_id': 'a1d22ccf-2f4e-4b68-a09d-7f41d78bb19f', 'external_fixed_ips': [{'subnet_id': 'f0f522f9-b299-43ed-baaf-17f03f29954d', 'ip_address': '10.180.180.140'}], 'enable_snat': True}, 'description': '', 'availability_zones': [], 'distributed': False, 'ha': False, 'availability_zone_hints': [], 'routes': [], 'flavor_id': None, 'tags': [], 'created_at': '2025-01-25T05:13:06Z', 'updated_at': '2025-01-25T05:13:06Z', 'revision_number': 2, 'project_id': 'c9f5dffc6b134843ae4eb7dd00874521'}
2025-01-25 05:13:08.304 69040 INFO tempest.lib.common.rest_client [req-6cdcc3fa-ec6e-4eca-a313-93d20f4145b3 req-6cdcc3fa-ec6e-4eca-a313-93d20f4145b3 ] Request (ServersWithSpecificFlavorTestJSON:_run_cleanups): 200 GET http://10.180.1.21/compute/v2.1/flavors/detail 0.065s
2025-01-25 05:13:08.304 69076 INFO tempest.lib.common.rest_client [req-ec143969-5938-4edf-9e28-56f22067f8a9 req-ec143969-5938-4edf-9e28-56f22067f8a9 ] Request (ServersTestFqdnHostnames:test_create_server_with_fqdn_name): 200 GET http://10.180.1.21/compute/v2.1/servers/edf6724b-3a8c-4c19-926e-8f1b081ab50f 0.092s
2025-01-25 05:13:08.312 69076 INFO tempest.common.waiters [-] State transition "BUILD/spawning" ==> "BUILD/scheduling" after 77 second wait
2025-01-25 05:13:08.335 69030 INFO tempest.lib.common.rest_client [req-3a2ad8d9-4997-41ab-bc89-1754921ac98e req-3a2ad8d9-4997-41ab-bc89-1754921ac98e ] Request (VolumesAssistedSnapshotsTest:tearDownClass): 204 DELETE http://10.180.1.21:9696/networking/v2.0/security-groups/80c1a61c-9ae9-48ae-8c78-16583adf1609 0.122s
2025-01-25 05:13:08.361 69070 INFO tempest.lib.common.rest_client [req-6b34f4cf-2062-4c96-bb4a-3a7e38633e93 req-6b34f4cf-2062-4c96-bb4a-3a7e38633e93 ] Request (ServersAdmin275Test:test_rebuild_update_server_275): 200 GET http://10.180.1.21/compute/v2.1/servers/6f936641-750d-49ae-8beb-bca35305d10d 0.076s
2025-01-25 05:13:08.377 69040 INFO tempest.lib.common.rest_client [req-a86a153f-bba5-4e02-ac61-db8143b3a105 req-a86a153f-bba5-4e02-ac61-db8143b3a105 ] Request (ServersWithSpecificFlavorTestJSON:_run_cleanups): 202 DELETE http://10.180.1.21/compute/v2.1/flavors/910235765 0.064s
2025-01-25 05:13:08.381 69088 INFO tempest.lib.common.rest_client [req-d6a1b3f4-c5d2-4d5e-9f89-d48c028526ad req-d6a1b3f4-c5d2-4d5e-9f89-d48c028526ad ] Request (AttachInterfacesTestJSON:test_create_list_show_delete_interfaces_by_fixed_ip): 200 GET http://10.180.1.21/compute/v2.1/servers/782e6663-202b-4ed0-8a1a-cc54f246143b 0.108s
2025-01-25 05:13:08.394 69042 INFO tempest.lib.common.rest_client [req-faa8a85f-496e-40f2-9a37-b4a5f3bc0557 req-faa8a85f-496e-40f2-9a37-b4a5f3bc0557 ] Request (InstanceActionsV221TestJSON:setUpClass): 201 POST http://10.180.1.21/identity/v3/auth/tokens 0.105s
2025-01-25 05:13:08.414 69040 INFO tempest.lib.common.rest_client [req-f0227f9f-070b-4aca-bd4d-b84b14c81368 req-f0227f9f-070b-4aca-bd4d-b84b14c81368 ] Request (ServersWithSpecificFlavorTestJSON:_run_cleanups): 200 GET http://10.180.1.21/compute/v2.1/flavors/detail 0.037s
2025-01-25 05:13:08.434 69032 INFO tempest.lib.common.rest_client [req-9206ab94-4304-4d1a-8443-db6d59197e44 req-9206ab94-4304-4d1a-8443-db6d59197e44 ] Request (ServerGroupTestJSON:test_create_server_with_scheduler_hint_group): 200 GET http://10.180.1.21/compute/v2.1/servers/c6de797f-03f7-4dca-9c6a-e7b840990be6 0.096s
2025-01-25 05:13:08.470 69030 INFO tempest.lib.common.rest_client [req-ab237389-eac4-41bd-9ddf-1c4b381d6df8 req-ab237389-eac4-41bd-9ddf-1c4b381d6df8 ] Request (VolumesAssistedSnapshotsTest:tearDownClass): 204 DELETE http://10.180.1.21/identity/v3/projects/681c642b7aec411892b0b0c976e4c174 0.135s
2025-01-25 05:13:08.471 69030 INFO tempest.lib.common.dynamic_creds [-] Deleting project and security group for project: ff4d4bafd4cb485b91d82f2545fd8bf0
2025-01-25 05:13:08.480 69042 INFO tempest.lib.common.rest_client [req-5d81c5bc-8711-4487-810a-8ec13341060d req-5d81c5bc-8711-4487-810a-8ec13341060d ] Request (InstanceActionsV221TestJSON:test_get_list_deleted_instance_actions): 201 POST http://10.180.1.21/identity/v3/auth/tokens 0.081s
2025-01-25 05:13:08.482 69042 INFO tempest.lib.common.fixed_network [-] (InstanceActionsV221TestJSON:test_get_list_deleted_instance_actions) Found network {'id': 'd817c328-4a99-4f4b-b2d1-595b06da37b0', 'name': 'tempest-InstanceActionsV221TestJSON-1952809160-network', 'tenant_id': 'c9f5dffc6b134843ae4eb7dd00874521', 'admin_state_up': True, 'mtu': 8950, 'status': 'ACTIVE', 'subnets': [], 'shared': False, 'project_id': 'c9f5dffc6b134843ae4eb7dd00874521', 'port_security_enabled': True, 'router:external': False, 'provider:network_type': 'vlan', 'provider:physical_network': 'default', 'provider:segmentation_id': 148, 'availability_zone_hints': [], 'availability_zones': [], 'ipv4_address_scope': None, 'ipv6_address_scope': None, 'description': '', 'tags': [], 'created_at': '2025-01-25T05:13:05Z', 'updated_at': '2025-01-25T05:13:05Z', 'revision_number': 1} available for tenant
2025-01-25 05:13:08.490 69074 INFO tempest.lib.common.rest_client [req-83e2f3b6-1e49-41d2-93c7-2a728b6e8363 req-83e2f3b6-1e49-41d2-93c7-2a728b6e8363 ] Request (ServersNegativeTestJSON:setUpClass): 200 GET http://10.180.1.21/compute/v2.1/servers/77d57f64-9bab-46f1-87b4-62bac5c5d2bd 0.108s
2025-01-25 05:13:08.511 69030 INFO tempest.lib.common.rest_client [req-5e6e61ca-8035-4686-863d-5daa09a839c5 req-5e6e61ca-8035-4686-863d-5daa09a839c5 ] Request (VolumesAssistedSnapshotsTest:tearDownClass): 200 GET http://10.180.1.21:9696/networking/v2.0/security-groups?tenant_id=ff4d4bafd4cb485b91d82f2545fd8bf0&name=default 0.040s
2025-01-25 05:13:08.514 69028 INFO tempest.lib.common.rest_client [req-f5f8734d-906d-4fac-8682-79e4893b8f83 req-f5f8734d-906d-4fac-8682-79e4893b8f83 ] Request (DeleteServersAdminTestJSON:test_delete_server_while_in_error_state): 200 GET http://10.180.1.21/compute/v2.1/servers/793da91d-461a-465b-b9a3-c5fa0f5b877d 0.069s
2025-01-25 05:13:08.573 69068 INFO tempest.lib.common.rest_client [req-377e34eb-cf71-43f0-80b0-079bb76d6490 req-377e34eb-cf71-43f0-80b0-079bb76d6490 ] Request (ImagesOneServerNegativeTestJSON:setUpClass): 200 GET http://10.180.1.21/compute/v2.1/servers/c2923fdc-562c-4c5f-90b4-fcc76a2b7f7f 0.078s
2025-01-25 05:13:08.603 69030 INFO tempest.lib.common.rest_client [req-9e7b3487-f206-4c21-a8e4-f8b74947dbae req-9e7b3487-f206-4c21-a8e4-f8b74947dbae ] Request (VolumesAssistedSnapshotsTest:tearDownClass): 204 DELETE http://10.180.1.21:9696/networking/v2.0/security-groups/c82b70c6-b0d8-4e6d-b4e3-5abae5536283 0.091s
2025-01-25 05:13:08.641 69034 INFO tempest.lib.common.rest_client [req-c2b6c3fa-41d1-4908-8495-caa450e8d8ae req-c2b6c3fa-41d1-4908-8495-caa450e8d8ae ] Request (ServersTestManualDisk:setUpClass): 200 GET http://10.180.1.21/compute/v2.1/servers/a19b7959-df3c-47e8-b920-edfe82c36489 0.087s
2025-01-25 05:13:08.701 69085 INFO tempest.lib.common.rest_client [req-c6c09854-503f-4292-83c9-dfc42f679786 req-c6c09854-503f-4292-83c9-dfc42f679786 ] Request (MigrationsAdminTest:test_resize_server_revert_deleted_flavor): 200 GET http://10.180.1.21/compute/v2.1/servers/fd7ba11a-18d1-4f96-a445-eedce740b0c3 0.143s
2025-01-25 05:13:08.703 69030 INFO tempest.lib.common.rest_client [req-3be80d15-9a4f-4c7a-abec-708df2f9ce7c req-3be80d15-9a4f-4c7a-abec-708df2f9ce7c ] Request (VolumesAssistedSnapshotsTest:tearDownClass): 204 DELETE http://10.180.1.21/identity/v3/projects/ff4d4bafd4cb485b91d82f2545fd8bf0 0.100s
2025-01-25 05:13:08.761 69080 INFO tempest.lib.common.rest_client [req-47fb7b84-535e-403e-94fb-4e5cb44ed529 req-47fb7b84-535e-403e-94fb-4e5cb44ed529 ] Request (ServerActionsTestOtherA:setUpClass): 200 GET http://10.180.1.21/compute/v2.1/servers/100c3541-3af3-4d3c-8060-2235f18f51e4 0.141s
2025-01-25 05:13:08.769 69030 INFO tempest.lib.common.rest_client [req-58a128ec-be15-43e6-a04e-921f00f683ab req-58a128ec-be15-43e6-a04e-921f00f683ab ] Request (ServicesAdminNegativeV253TestJSON:setUpClass): 201 POST http://10.180.1.21/identity/v3/auth/tokens 0.064s
2025-01-25 05:13:08.813 69030 INFO tempest.lib.common.rest_client [req-16979e36-7f90-478d-b9e6-06f733596c59 req-16979e36-7f90-478d-b9e6-06f733596c59 ] Request (ServicesAdminNegativeV253TestJSON:setUpClass): 201 POST http://10.180.1.21/identity/v3/auth/tokens 0.039s
2025-01-25 05:13:08.815 69052 INFO tempest.lib.common.rest_client [req-f39dd6ce-a2c4-463c-a079-f2da5cfdd7eb req-f39dd6ce-a2c4-463c-a079-f2da5cfdd7eb ] Request (DeleteServersTestJSON:test_delete_active_server): 200 GET http://10.180.1.21/compute/v2.1/servers/820d7177-3e8f-4dd7-b7c3-c7abd4a62158 0.186s
2025-01-25 05:13:08.842 69030 INFO tempest.lib.common.rest_client [req-e8f744b5-6f1d-4f67-bccf-73e2084c95f9 req-e8f744b5-6f1d-4f67-bccf-73e2084c95f9 ] Request (ServicesAdminNegativeV253TestJSON:setUpClass): 200 GET http://10.180.1.21/identity/v3/domains?name=Default 0.028s
2025-01-25 05:13:08.868 69054 INFO tempest.lib.common.rest_client [req-691619e4-c2da-4461-bb52-ab2805bcc8f1 req-691619e4-c2da-4461-bb52-ab2805bcc8f1 ] Request (ServersTestJSON:test_create_server_specify_multibyte_character_name): 200 GET http://10.180.1.21/compute/v2.1/servers/7d241bf8-6f7a-467f-9640-a9819d5cca72 0.202s
2025-01-25 05:13:08.869 69030 INFO tempest.lib.common.rest_client [req-8cc0e41f-afc3-450d-99d7-8add029aa30c req-8cc0e41f-afc3-450d-99d7-8add029aa30c ] Request (ServicesAdminNegativeV253TestJSON:setUpClass): 201 POST http://10.180.1.21/identity/v3/projects 0.027s
2025-01-25 05:13:08.922 69086 INFO tempest.lib.common.rest_client [req-57275844-ba8b-43fe-95ff-4896c30f3e58 req-57275844-ba8b-43fe-95ff-4896c30f3e58 ] Request (ServersTestBootFromVolume:setUpClass): 200 GET http://10.180.1.21/compute/v2.1/servers/2896c309-a702-498b-8b44-f01620b597e6 0.222s
2025-01-25 05:13:08.936 69030 INFO tempest.lib.common.rest_client [req-851e100d-100e-4f08-8388-526a7a7360fa req-851e100d-100e-4f08-8388-526a7a7360fa ] Request (ServicesAdminNegativeV253TestJSON:setUpClass): 201 POST http://10.180.1.21/identity/v3/users 0.066s
2025-01-25 05:13:08.959 69030 INFO tempest.lib.common.rest_client [req-b8c1c063-7102-48b8-8f6a-f1e9ad418f01 req-b8c1c063-7102-48b8-8f6a-f1e9ad418f01 ] Request (ServicesAdminNegativeV253TestJSON:setUpClass): 200 GET http://10.180.1.21/identity/v3/roles 0.022s
2025-01-25 05:13:08.979 69046 INFO tempest.lib.common.rest_client [req-6b86c161-41e1-4b21-a1c0-a13cc68a0fa1 req-6b86c161-41e1-4b21-a1c0-a13cc68a0fa1 ] Request (ServersAdminTestJSON:setUpClass): 200 GET http://10.180.1.21/compute/v2.1/servers/6eb92420-57b1-4a7d-973f-10cd47be0416 0.263s
2025-01-25 05:13:08.989 69030 INFO tempest.lib.common.rest_client [req-5411df5e-4a75-482a-993a-e788582e9900 req-5411df5e-4a75-482a-993a-e788582e9900 ] Request (ServicesAdminNegativeV253TestJSON:setUpClass): 204 PUT http://10.180.1.21/identity/v3/projects/a2b38d072c634b478bb6ad1932f43549/users/06665e0b1d6f404c89f9a667af1e1c70/roles/c9b365f4bc0048f89a314ef15fedccbe 0.029s
2025-01-25 05:13:08.989 69030 INFO tempest.lib.common.dynamic_creds [-] Dynamic test user 06665e0b1d6f404c89f9a667af1e1c70 is created with scope project and roles: ['member']
2025-01-25 05:13:08.989 69030 INFO tempest.lib.common.dynamic_creds [-] Acquired dynamic creds: credentials: Credentials: {'domain_id': 'default', 'domain_name': 'Default', 'username': 'tempest-ServicesAdminNegativeV253TestJSON-1130633571-project-member', 'project_domain_id': 'default', 'project_domain_name': 'Default', 'project_id': 'a2b38d072c634b478bb6ad1932f43549', 'project_name': 'tempest-ServicesAdminNegativeV253TestJSON-1130633571', 'tenant_id': 'a2b38d072c634b478bb6ad1932f43549', 'tenant_name': 'tempest-ServicesAdminNegativeV253TestJSON-1130633571', 'user_domain_id': 'default', 'user_domain_name': 'Default', 'user_id': '06665e0b1d6f404c89f9a667af1e1c70', 'system': None}, Network: None, Subnet: None, Router: None
2025-01-25 05:13:08.990 69030 INFO tempest.lib.common.dynamic_creds [-] Created isolated network resources for: credentials: Credentials: {'domain_id': 'default', 'domain_name': 'Default', 'username': 'tempest-ServicesAdminNegativeV253TestJSON-1130633571-project-member', 'project_domain_id': 'default', 'project_domain_name': 'Default', 'project_id': 'a2b38d072c634b478bb6ad1932f43549', 'project_name': 'tempest-ServicesAdminNegativeV253TestJSON-1130633571', 'tenant_id': 'a2b38d072c634b478bb6ad1932f43549', 'tenant_name': 'tempest-ServicesAdminNegativeV253TestJSON-1130633571', 'user_domain_id': 'default', 'user_domain_name': 'Default', 'user_id': '06665e0b1d6f404c89f9a667af1e1c70', 'system': None}, Network: None, Subnet: None, Router: None
2025-01-25 05:13:09.033 69044 INFO tempest.lib.common.rest_client [req-6ad94ffb-4461-41bc-9891-f911d707b401 req-6ad94ffb-4461-41bc-9891-f911d707b401 ] Request (InstanceActionsTestJSON:setUpClass): 200 GET http://10.180.1.21/compute/v2.1/servers/5cf1f620-d0da-4e81-8d1f-e881c47dcad1 0.267s
2025-01-25 05:13:09.066 69042 INFO tempest.lib.common.rest_client [req-7794211e-3a23-45a5-8288-13e3e58d6876 req-7794211e-3a23-45a5-8288-13e3e58d6876 ] Request (InstanceActionsV221TestJSON:test_get_list_deleted_instance_actions): 202 POST http://10.180.1.21/compute/v2.1/servers 0.583s
2025-01-25 05:13:09.069 69030 INFO tempest.lib.common.rest_client [req-c4e55634-b1a5-4761-b245-29ef82b54efd req-c4e55634-b1a5-4761-b245-29ef82b54efd ] Request (ServicesAdminNegativeV253TestJSON:setUpClass): 201 POST http://10.180.1.21/identity/v3/auth/tokens 0.076s
2025-01-25 05:13:09.083 69056 INFO tempest.lib.common.rest_client [req-97788c4e-2de1-4dbc-ab77-9f3f5664d814 req-97788c4e-2de1-4dbc-ab77-9f3f5664d814 ] Request (AttachInterfacesUnderV243Test:test_add_remove_fixed_ip): 200 GET http://10.180.1.21/compute/v2.1/servers/7969485a-ccd6-48e0-bdea-b8920af28843 0.290s
2025-01-25 05:13:09.146 69030 INFO tempest.lib.common.rest_client [req-ea78e9b4-a180-4f26-b6d7-508af1872f4e req-ea78e9b4-a180-4f26-b6d7-508af1872f4e ] Request (ServicesAdminNegativeV253TestJSON:setUpClass): 201 POST http://10.180.1.21/identity/v3/projects 0.075s
2025-01-25 05:13:09.165 69058 INFO tempest.lib.common.rest_client [req-38ceb472-004b-4af0-9018-bc0a60b2ce26 req-38ceb472-004b-4af0-9018-bc0a60b2ce26 ] Request (ServerDiagnosticsNegativeTest:test_get_server_diagnostics_by_non_admin): 200 GET http://10.180.1.21/compute/v2.1/servers/74a1c3db-26b1-426e-be47-621c79ef9029 0.303s
2025-01-25 05:13:09.169 69050 INFO tempest.lib.common.rest_client [req-07815ae1-a6b7-4f69-90ca-37b36d1189b5 req-07815ae1-a6b7-4f69-90ca-37b36d1189b5 ] Request (ServerActionsTestJSON:setUpClass): 200 GET http://10.180.1.21/compute/v2.1/servers/e11311ed-6804-4df4-a775-9060463ac927 0.350s
2025-01-25 05:13:09.220 69030 INFO tempest.lib.common.rest_client [req-e0ee07bb-9524-40f4-85e4-b73694601f30 req-e0ee07bb-9524-40f4-85e4-b73694601f30 ] Request (ServicesAdminNegativeV253TestJSON:setUpClass): 201 POST http://10.180.1.21/identity/v3/users 0.072s
2025-01-25 05:13:09.226 69042 INFO tempest.lib.common.rest_client [req-4f1a4b3b-91e9-4898-b426-80cf8e6b298a req-4f1a4b3b-91e9-4898-b426-80cf8e6b298a ] Request (InstanceActionsV221TestJSON:test_get_list_deleted_instance_actions): 200 GET http://10.180.1.21/compute/v2.1/servers/a64253fe-4ba9-4686-810b-a26a4c29631b 0.158s
2025-01-25 05:13:09.235 69038 INFO tempest.lib.common.rest_client [req-4d600eb0-c878-4583-8186-8d40ae5e4012 req-4d600eb0-c878-4583-8186-8d40ae5e4012 ] Request (ServersTestJSON:setUpClass): 200 GET http://10.180.1.21/compute/v2.1/servers/d3270b4a-2b81-41f5-a2af-5b7f441e4a2d 0.318s
2025-01-25 05:13:09.251 69030 INFO tempest.lib.common.rest_client [req-3e64593b-96bd-49a5-9b90-012330a45909 req-3e64593b-96bd-49a5-9b90-012330a45909 ] Request (ServicesAdminNegativeV253TestJSON:setUpClass): 200 GET http://10.180.1.21/identity/v3/roles 0.030s
2025-01-25 05:13:09.288 69030 INFO tempest.lib.common.rest_client [req-1652e379-e2e1-4882-8b65-f209388585a8 req-1652e379-e2e1-4882-8b65-f209388585a8 ] Request (ServicesAdminNegativeV253TestJSON:setUpClass): 204 PUT http://10.180.1.21/identity/v3/projects/06b4efbf9abe4aa29f26eb935e31a32e/users/310b92e856f14ddb8111a41e0c8c1681/roles/176ca66c89794878b74199b867abffa9 0.034s
2025-01-25 05:13:09.290 69072 INFO tempest.lib.common.rest_client [req-2a7cf2b4-9c7d-460a-8a24-1a7f0d77c7df req-2a7cf2b4-9c7d-460a-8a24-1a7f0d77c7df ] Request (VolumesAdminNegativeTest:test_update_attached_volume_with_nonexistent_volume_in_uri): 200 GET http://10.180.1.21/compute/v2.1/servers/acc78084-21e8-456c-a573-fc5e931147c6 0.146s
2025-01-25 05:13:09.298 69066 INFO tempest.lib.common.rest_client [req-f84b5c04-5d7d-400c-ab6d-b1c0e4e15321 req-f84b5c04-5d7d-400c-ab6d-b1c0e4e15321 ] Request (ServerRescueNegativeTestJSON:setUpClass): 200 GET http://10.180.1.21/compute/v2.1/servers/1874ad5f-2ae3-43ee-afcf-8f36dd2aa738 0.081s
2025-01-25 05:13:09.340 69062 INFO tempest.lib.common.rest_client [req-3b337789-fd61-4c63-9973-dafdc53f873a req-3b337789-fd61-4c63-9973-dafdc53f873a ] Request (ImagesTestJSON:test_create_image_from_stopped_server): 200 GET http://10.180.1.21/compute/v2.1/servers/41ec8810-3f17-4f59-9828-a4a2e873eab4 0.106s
2025-01-25 05:13:09.344 69030 INFO tempest.lib.common.rest_client [req-2ce9ff24-37b8-43de-a12d-2ddb304d393a req-2ce9ff24-37b8-43de-a12d-2ddb304d393a ] Request (ServicesAdminNegativeV253TestJSON:setUpClass): 200 GET http://10.180.1.21/identity/v3/roles 0.055s
2025-01-25 05:13:09.361 69036 INFO tempest.lib.common.rest_client [req-a1b441ac-758b-4c0d-990b-f5202293c369 req-a1b441ac-758b-4c0d-990b-f5202293c369 ] Request (FloatingIPsAssociationTestJSON:setUpClass): 200 GET http://10.180.1.21/compute/v2.1/servers/ec4405a5-de44-4749-9225-3945db05ca6e 0.069s
2025-01-25 05:13:09.369 69030 INFO tempest.lib.common.rest_client [req-fc51eb8d-3ea0-41a4-a3c5-efc5008727cf req-fc51eb8d-3ea0-41a4-a3c5-efc5008727cf ] Request (ServicesAdminNegativeV253TestJSON:setUpClass): 204 PUT http://10.180.1.21/identity/v3/projects/06b4efbf9abe4aa29f26eb935e31a32e/users/310b92e856f14ddb8111a41e0c8c1681/roles/176ca66c89794878b74199b867abffa9 0.025s
2025-01-25 05:13:09.369 69030 INFO tempest.lib.common.dynamic_creds [-] Dynamic test user 310b92e856f14ddb8111a41e0c8c1681 is created with scope project and roles: ['admin']
2025-01-25 05:13:09.369 69030 INFO tempest.lib.common.dynamic_creds [-] Acquired dynamic creds: credentials: Credentials: {'domain_id': 'default', 'domain_name': 'Default', 'username': 'tempest-ServicesAdminNegativeV253TestJSON-1084316751-project-admin', 'project_domain_id': 'default', 'project_domain_name': 'Default', 'project_id': '06b4efbf9abe4aa29f26eb935e31a32e', 'project_name': 'tempest-ServicesAdminNegativeV253TestJSON-1084316751', 'tenant_id': '06b4efbf9abe4aa29f26eb935e31a32e', 'tenant_name': 'tempest-ServicesAdminNegativeV253TestJSON-1084316751', 'user_domain_id': 'default', 'user_domain_name': 'Default', 'user_id': '310b92e856f14ddb8111a41e0c8c1681', 'system': None}, Network: None, Subnet: None, Router: None
2025-01-25 05:13:09.370 69030 INFO tempest.lib.common.dynamic_creds [-] Created isolated network resources for: credentials: Credentials: {'domain_id': 'default', 'domain_name': 'Default', 'username': 'tempest-ServicesAdminNegativeV253TestJSON-1084316751-project-admin', 'project_domain_id': 'default', 'project_domain_name': 'Default', 'project_id': '06b4efbf9abe4aa29f26eb935e31a32e', 'project_name': 'tempest-ServicesAdminNegativeV253TestJSON-1084316751', 'tenant_id': '06b4efbf9abe4aa29f26eb935e31a32e', 'tenant_name': 'tempest-ServicesAdminNegativeV253TestJSON-1084316751', 'user_domain_id': 'default', 'user_domain_name': 'Default', 'user_id': '310b92e856f14ddb8111a41e0c8c1681', 'system': None}, Network: None, Subnet: None, Router: None
2025-01-25 05:13:09.410 69076 INFO tempest.lib.common.rest_client [req-49937f18-525b-4c14-b97d-bf7c2a955127 req-49937f18-525b-4c14-b97d-bf7c2a955127 ] Request (ServersTestFqdnHostnames:test_create_server_with_fqdn_name): 200 GET http://10.180.1.21/compute/v2.1/servers/edf6724b-3a8c-4c19-926e-8f1b081ab50f 0.096s
2025-01-25 05:13:09.419 69076 INFO tempest.common.waiters [-] State transition "BUILD/scheduling" ==> "ERROR/None" after 78 second wait
2025-01-25 05:13:09.449 69070 INFO tempest.lib.common.rest_client [req-0d535f5c-62af-4116-bec6-d7ac87b8440f req-0d535f5c-62af-4116-bec6-d7ac87b8440f ] Request (ServersAdmin275Test:test_rebuild_update_server_275): 200 GET http://10.180.1.21/compute/v2.1/servers/6f936641-750d-49ae-8beb-bca35305d10d 0.070s
2025-01-25 05:13:09.471 69030 INFO tempest.lib.common.rest_client [req-150c6054-6fc0-41f1-a54f-afcf359b8f27 req-150c6054-6fc0-41f1-a54f-afcf359b8f27 ] Request (ServicesAdminNegativeV253TestJSON:setUpClass): 201 POST http://10.180.1.21/identity/v3/auth/tokens 0.096s
2025-01-25 05:13:09.474 69088 INFO tempest.lib.common.rest_client [req-54f9bc9f-1c59-419b-8c77-d92bb1402039 req-54f9bc9f-1c59-419b-8c77-d92bb1402039 ] Request (AttachInterfacesTestJSON:test_create_list_show_delete_interfaces_by_fixed_ip): 200 GET http://10.180.1.21/compute/v2.1/servers/782e6663-202b-4ed0-8a1a-cc54f246143b 0.082s
2025-01-25 05:13:09.524 69032 INFO tempest.lib.common.rest_client [req-cd73951a-3d2a-46fb-8c71-fbd50b4f643b req-cd73951a-3d2a-46fb-8c71-fbd50b4f643b ] Request (ServerGroupTestJSON:test_create_server_with_scheduler_hint_group): 200 GET http://10.180.1.21/compute/v2.1/servers/c6de797f-03f7-4dca-9c6a-e7b840990be6 0.080s
2025-01-25 05:13:09.543 69040 INFO tempest.lib.common.rest_client [req-896237fb-3172-4f01-a36c-645616d31010 req-896237fb-3172-4f01-a36c-645616d31010 ] Request (ServersWithSpecificFlavorTestJSON:tearDownClass): 200 PUT http://10.180.1.21:9696/networking/v2.0/routers/ba80e648-bd38-43cf-aa13-84b285bae0c4/remove_router_interface 1.115s
2025-01-25 05:13:09.610 69030 INFO tempest.lib.common.rest_client [req-f38f71ff-be1e-4c8c-9f43-1d7bc34331db req-f38f71ff-be1e-4c8c-9f43-1d7bc34331db ] Request (ServicesAdminNegativeV253TestJSON:test_disable_log_reason_with_invalid_service_id): 404 PUT http://10.180.1.21/compute/v2.1/os-services/abebf8fb-cd0a-4834-bb21-45342bfda0c9 0.138s
2025-01-25 05:13:09.637 69076 INFO tempest.lib.common.rest_client [req-61aa6c71-2ee5-4ec3-a0cc-30a612b02deb req-61aa6c71-2ee5-4ec3-a0cc-30a612b02deb ] Request (ServersTestFqdnHostnames:test_create_server_with_fqdn_name): 204 DELETE http://10.180.1.21/compute/v2.1/servers/edf6724b-3a8c-4c19-926e-8f1b081ab50f 0.217s
2025-01-25 05:13:09.667 69074 INFO tempest.lib.common.rest_client [req-2d56e5b0-641d-45c5-94fa-6e7f290e5208 req-2d56e5b0-641d-45c5-94fa-6e7f290e5208 ] Request (ServersNegativeTestJSON:setUpClass): 200 GET http://10.180.1.21/compute/v2.1/servers/77d57f64-9bab-46f1-87b4-62bac5c5d2bd 0.163s
2025-01-25 05:13:09.691 69028 INFO tempest.lib.common.rest_client [req-25a4d2a6-0676-47c6-bb99-420b6ed7f9cc req-25a4d2a6-0676-47c6-bb99-420b6ed7f9cc ] Request (DeleteServersAdminTestJSON:test_delete_server_while_in_error_state): 200 GET http://10.180.1.21/compute/v2.1/servers/793da91d-461a-465b-b9a3-c5fa0f5b877d 0.169s
2025-01-25 05:13:09.715 69030 INFO tempest.lib.common.rest_client [req-c93c86b3-9fd8-4d91-aefc-a9910cd9bc82 req-c93c86b3-9fd8-4d91-aefc-a9910cd9bc82 ] Request (ServicesAdminNegativeV253TestJSON:test_disable_service_with_invalid_service_id): 404 PUT http://10.180.1.21/compute/v2.1/os-services/abebf8fb-cd0a-4834-bb21-45342bfda0c9 0.102s
2025-01-25 05:13:09.737 69076 INFO tempest.lib.common.rest_client [req-08574863-d931-458d-b4a5-9a7a0059b088 req-08574863-d931-458d-b4a5-9a7a0059b088 ] Request (ServersTestFqdnHostnames:test_create_server_with_fqdn_name): 404 GET http://10.180.1.21/compute/v2.1/servers/edf6724b-3a8c-4c19-926e-8f1b081ab50f 0.100s
2025-01-25 05:13:09.891 69068 INFO tempest.lib.common.rest_client [req-feb00667-9568-4e88-9a7e-33bbb6bfb446 req-feb00667-9568-4e88-9a7e-33bbb6bfb446 ] Request (ImagesOneServerNegativeTestJSON:setUpClass): 200 GET http://10.180.1.21/compute/v2.1/servers/c2923fdc-562c-4c5f-90b4-fcc76a2b7f7f 0.303s
2025-01-25 05:13:09.891 69034 INFO tempest.lib.common.rest_client [req-3a0cd668-91dc-4cc3-862e-b6de43ccba18 req-3a0cd668-91dc-4cc3-862e-b6de43ccba18 ] Request (ServersTestManualDisk:setUpClass): 200 GET http://10.180.1.21/compute/v2.1/servers/a19b7959-df3c-47e8-b920-edfe82c36489 0.240s
2025-01-25 05:13:09.907 69034 INFO tempest.common.waiters [-] State transition "BUILD/scheduling" ==> "BUILD/None" after 58 second wait
2025-01-25 05:13:09.911 69030 INFO tempest.lib.common.rest_client [req-ee99076a-d31f-4fe9-a963-3b6fc05f2e1a req-ee99076a-d31f-4fe9-a963-3b6fc05f2e1a ] Request (ServicesAdminNegativeV253TestJSON:test_enable_service_with_invalid_service_id): 404 PUT http://10.180.1.21/compute/v2.1/os-services/abebf8fb-cd0a-4834-bb21-45342bfda0c9 0.194s
2025-01-25 05:13:09.926 69076 INFO tempest.lib.common.rest_client [req-fc9d13cf-de22-45e1-bc46-e7be4dbb6cbb req-fc9d13cf-de22-45e1-bc46-e7be4dbb6cbb ] Request (ServersTestFqdnHostnames:tearDownClass): 202 DELETE http://10.180.1.21/compute/v2.1/os-keypairs/tempest-keypair-1496639246 0.186s
2025-01-25 05:13:09.952 69085 INFO tempest.lib.common.rest_client [req-7345e2d2-4465-4a2a-a1b7-33652308a5d9 req-7345e2d2-4465-4a2a-a1b7-33652308a5d9 ] Request (MigrationsAdminTest:test_resize_server_revert_deleted_flavor): 200 GET http://10.180.1.21/compute/v2.1/servers/fd7ba11a-18d1-4f96-a445-eedce740b0c3 0.235s
2025-01-25 05:13:09.971 69080 INFO tempest.lib.common.rest_client [req-016d9c83-1d64-4c66-801e-4c2b387c696b req-016d9c83-1d64-4c66-801e-4c2b387c696b ] Request (ServerActionsTestOtherA:setUpClass): 200 GET http://10.180.1.21/compute/v2.1/servers/100c3541-3af3-4d3c-8060-2235f18f51e4 0.195s
2025-01-25 05:13:10.011 69052 INFO tempest.lib.common.rest_client [req-19d28d65-ff6c-400c-864c-ca4280508d99 req-19d28d65-ff6c-400c-864c-ca4280508d99 ] Request (DeleteServersTestJSON:test_delete_active_server): 200 GET http://10.180.1.21/compute/v2.1/servers/820d7177-3e8f-4dd7-b7c3-c7abd4a62158 0.188s
2025-01-25 05:13:10.022 69052 INFO tempest.common.waiters [-] State transition "BUILD/spawning" ==> "BUILD/scheduling" after 75 second wait
2025-01-25 05:13:10.023 69054 INFO tempest.lib.common.rest_client [req-de37a8cc-2151-463f-b060-7cc309ec4f73 req-de37a8cc-2151-463f-b060-7cc309ec4f73 ] Request (ServersTestJSON:test_create_server_specify_multibyte_character_name): 200 GET http://10.180.1.21/compute/v2.1/servers/7d241bf8-6f7a-467f-9640-a9819d5cca72 0.146s
2025-01-25 05:13:10.029 69076 INFO tempest.lib.common.rest_client [req-6bbb194e-4737-4ad7-9f85-db1f7c48c45f req-6bbb194e-4737-4ad7-9f85-db1f7c48c45f ] Request (ServersTestFqdnHostnames:tearDownClass): 204 DELETE http://10.180.1.21:9696/networking/v2.0/security-groups/f9ec740f-329b-4b1d-80a4-21f4a85f57c3 0.102s
2025-01-25 05:13:10.039 69076 INFO tempest.lib.common.rest_client [req-b3cbded3-b77b-423f-94f7-a2e6b60fc2c3 req-b3cbded3-b77b-423f-94f7-a2e6b60fc2c3 ] Request (ServersTestFqdnHostnames:tearDownClass): 404 GET http://10.180.1.21:9696/networking/v2.0/security-groups/f9ec740f-329b-4b1d-80a4-21f4a85f57c3 0.010s
2025-01-25 05:13:10.043 69030 INFO tempest.lib.common.rest_client [req-dcfb9226-202f-4bd4-b624-c6967eec9d2f req-dcfb9226-202f-4bd4-b624-c6967eec9d2f ] Request (ServicesAdminNegativeV253TestJSON:test_get_service_by_invalid_params): 200 GET http://10.180.1.21/compute/v2.1/os-services 0.131s
2025-01-25 05:13:10.079 69086 INFO tempest.lib.common.rest_client [req-bf63eb87-f3bb-429b-8889-f2a01bcc9869 req-bf63eb87-f3bb-429b-8889-f2a01bcc9869 ] Request (ServersTestBootFromVolume:setUpClass): 200 GET http://10.180.1.21/compute/v2.1/servers/2896c309-a702-498b-8b44-f01620b597e6 0.145s
2025-01-25 05:13:10.098 69046 INFO tempest.lib.common.rest_client [req-fe0f40dc-cfd0-46d9-ba8c-d7c181d049ae req-fe0f40dc-cfd0-46d9-ba8c-d7c181d049ae ] Request (ServersAdminTestJSON:setUpClass): 200 GET http://10.180.1.21/compute/v2.1/servers/6eb92420-57b1-4a7d-973f-10cd47be0416 0.106s
2025-01-25 05:13:10.105 69030 INFO tempest.lib.common.rest_client [req-a150d4dd-effb-4031-aecb-13af5221b17d req-a150d4dd-effb-4031-aecb-13af5221b17d ] Request (ServicesAdminNegativeV253TestJSON:test_get_service_by_invalid_params): 200 GET http://10.180.1.21/compute/v2.1/os-services?xxx=nova-compute 0.059s
2025-01-25 05:13:10.163 69044 INFO tempest.lib.common.rest_client [req-2e187814-147b-4da0-9a3c-cf991ca00116 req-2e187814-147b-4da0-9a3c-cf991ca00116 ] Request (InstanceActionsTestJSON:setUpClass): 200 GET http://10.180.1.21/compute/v2.1/servers/5cf1f620-d0da-4e81-8d1f-e881c47dcad1 0.112s
2025-01-25 05:13:10.172 69056 INFO tempest.lib.common.rest_client [req-2bb299b0-97ae-43d6-b30a-145754836adb req-2bb299b0-97ae-43d6-b30a-145754836adb ] Request (AttachInterfacesUnderV243Test:test_add_remove_fixed_ip): 200 GET http://10.180.1.21/compute/v2.1/servers/7969485a-ccd6-48e0-bdea-b8920af28843 0.081s
2025-01-25 05:13:10.190 69040 INFO tempest.lib.common.rest_client [req-d4cecff0-5e20-40fe-a4c8-942a50457571 req-d4cecff0-5e20-40fe-a4c8-942a50457571 ] Request (ServersWithSpecificFlavorTestJSON:tearDownClass): 204 DELETE http://10.180.1.21:9696/networking/v2.0/routers/ba80e648-bd38-43cf-aa13-84b285bae0c4 0.646s
2025-01-25 05:13:10.193 69030 INFO tempest.lib.common.rest_client [req-bc6f1a1b-fa6a-4aad-9a42-097a92b62b8a req-bc6f1a1b-fa6a-4aad-9a42-097a92b62b8a ] Request (ServicesAdminNegativeV253TestJSON:test_get_service_by_invalid_service_and_valid_host): 200 GET http://10.180.1.21/compute/v2.1/os-services 0.083s
2025-01-25 05:13:10.242 69058 INFO tempest.lib.common.rest_client [req-05cbf1bb-f2b5-46d8-b310-9d983793509b req-05cbf1bb-f2b5-46d8-b310-9d983793509b ] Request (ServerDiagnosticsNegativeTest:test_get_server_diagnostics_by_non_admin): 200 GET http://10.180.1.21/compute/v2.1/servers/74a1c3db-26b1-426e-be47-621c79ef9029 0.063s
2025-01-25 05:13:10.245 69076 INFO tempest.lib.common.rest_client [req-a42cc84e-f097-4620-8ac8-c08e96df4fd1 req-a42cc84e-f097-4620-8ac8-c08e96df4fd1 ] Request (ServersTestFqdnHostnames:tearDownClass): 204 DELETE http://10.180.1.21:9696/networking/v2.0/floatingips/570944c3-6fee-4d87-9d34-dc76b70dbbd1 0.206s
2025-01-25 05:13:10.250 69050 INFO tempest.lib.common.rest_client [req-a87b62d0-1881-4b77-bf16-119a0a5bfcaf req-a87b62d0-1881-4b77-bf16-119a0a5bfcaf ] Request (ServerActionsTestJSON:setUpClass): 200 GET http://10.180.1.21/compute/v2.1/servers/e11311ed-6804-4df4-a775-9060463ac927 0.062s
2025-01-25 05:13:10.260 69030 INFO tempest.lib.common.rest_client [req-4bc8fdc8-813d-4544-8fe1-e6740489beae req-4bc8fdc8-813d-4544-8fe1-e6740489beae ] Request (ServicesAdminNegativeV253TestJSON:test_get_service_by_invalid_service_and_valid_host): 200 GET http://10.180.1.21/compute/v2.1/os-services?host=devstack&binary=xxx 0.065s
2025-01-25 05:13:10.319 69042 INFO tempest.lib.common.rest_client [req-b10d0111-6546-472c-9080-38abf23ab6d1 req-b10d0111-6546-472c-9080-38abf23ab6d1 ] Request (InstanceActionsV221TestJSON:test_get_list_deleted_instance_actions): 200 GET http://10.180.1.21/compute/v2.1/servers/a64253fe-4ba9-4686-810b-a26a4c29631b 0.082s
2025-01-25 05:13:10.321 69038 INFO tempest.lib.common.rest_client [req-3b086ba4-8ce9-4a1f-9b02-ebed4099ec64 req-3b086ba4-8ce9-4a1f-9b02-ebed4099ec64 ] Request (ServersTestJSON:setUpClass): 200 GET http://10.180.1.21/compute/v2.1/servers/d3270b4a-2b81-41f5-a2af-5b7f441e4a2d 0.073s
2025-01-25 05:13:10.344 69030 INFO tempest.lib.common.rest_client [req-d2891e3d-33d6-4e53-84a2-c66a79654247 req-d2891e3d-33d6-4e53-84a2-c66a79654247 ] Request (ServicesAdminNegativeV253TestJSON:test_get_service_with_valid_service_and_invalid_host): 200 GET http://10.180.1.21/compute/v2.1/os-services 0.080s
2025-01-25 05:13:10.349 69040 INFO tempest.lib.common.rest_client [req-ee39397b-1340-4e83-89dc-c92358b3e640 req-ee39397b-1340-4e83-89dc-c92358b3e640 ] Request (ServersWithSpecificFlavorTestJSON:tearDownClass): 204 DELETE http://10.180.1.21:9696/networking/v2.0/subnets/3efb127a-133d-48a2-8d12-efe3d711c1a1 0.159s
2025-01-25 05:13:10.372 69072 INFO tempest.lib.common.rest_client [req-49b93ade-cbbd-44fa-8ac9-ac6131154ccd req-49b93ade-cbbd-44fa-8ac9-ac6131154ccd ] Request (VolumesAdminNegativeTest:test_update_attached_volume_with_nonexistent_volume_in_uri): 200 GET http://10.180.1.21/compute/v2.1/servers/acc78084-21e8-456c-a573-fc5e931147c6 0.074s
2025-01-25 05:13:10.391 69030 INFO tempest.lib.common.rest_client [req-ea72fe8d-747c-48e2-b6a0-8cad99281a2b req-ea72fe8d-747c-48e2-b6a0-8cad99281a2b ] Request (ServicesAdminNegativeV253TestJSON:test_get_service_with_valid_service_and_invalid_host): 200 GET http://10.180.1.21/compute/v2.1/os-services?host=xxx&binary=nova-scheduler 0.041s
2025-01-25 05:13:10.393 69066 INFO tempest.lib.common.rest_client [req-69210b5c-c2af-45a4-9b60-c55c66c1453f req-69210b5c-c2af-45a4-9b60-c55c66c1453f ] Request (ServerRescueNegativeTestJSON:setUpClass): 200 GET http://10.180.1.21/compute/v2.1/servers/1874ad5f-2ae3-43ee-afcf-8f36dd2aa738 0.086s
2025-01-25 05:13:10.457 69062 INFO tempest.lib.common.rest_client [req-fa364d0e-e28d-4b6b-8476-aa3d9d75b9bc req-fa364d0e-e28d-4b6b-8476-aa3d9d75b9bc ] Request (ImagesTestJSON:test_create_image_from_stopped_server): 200 GET http://10.180.1.21/compute/v2.1/servers/41ec8810-3f17-4f59-9828-a4a2e873eab4 0.107s
2025-01-25 05:13:10.457 69036 INFO tempest.lib.common.rest_client [req-c839f757-3659-4c0f-a573-52b87c1bac36 req-c839f757-3659-4c0f-a573-52b87c1bac36 ] Request (FloatingIPsAssociationTestJSON:setUpClass): 200 GET http://10.180.1.21/compute/v2.1/servers/ec4405a5-de44-4749-9225-3945db05ca6e 0.085s
2025-01-25 05:13:10.533 69070 INFO tempest.lib.common.rest_client [req-55155099-f8e4-4c43-b0f0-b1b268c4006b req-55155099-f8e4-4c43-b0f0-b1b268c4006b ] Request (ServersAdmin275Test:test_rebuild_update_server_275): 200 GET http://10.180.1.21/compute/v2.1/servers/6f936641-750d-49ae-8beb-bca35305d10d 0.070s
2025-01-25 05:13:10.540 69030 INFO tempest.lib.common.rest_client [req-5810633c-2bcc-4d12-9cc5-121069c12ee2 req-5810633c-2bcc-4d12-9cc5-121069c12ee2 ] Request (ServicesAdminNegativeV253TestJSON:test_list_services_with_non_admin_user): 403 GET http://10.180.1.21/compute/v2.1/os-services 0.145s
2025-01-25 05:13:10.595 69088 INFO tempest.lib.common.rest_client [req-0ceab3dc-5b65-400d-b194-2b8fcd54e263 req-0ceab3dc-5b65-400d-b194-2b8fcd54e263 ] Request (AttachInterfacesTestJSON:test_create_list_show_delete_interfaces_by_fixed_ip): 200 GET http://10.180.1.21/compute/v2.1/servers/782e6663-202b-4ed0-8a1a-cc54f246143b 0.112s
2025-01-25 05:13:10.603 69032 INFO tempest.lib.common.rest_client [req-d7669c60-74e8-4a71-8e88-8f04720e8af5 req-d7669c60-74e8-4a71-8e88-8f04720e8af5 ] Request (ServerGroupTestJSON:test_create_server_with_scheduler_hint_group): 200 GET http://10.180.1.21/compute/v2.1/servers/c6de797f-03f7-4dca-9c6a-e7b840990be6 0.067s
2025-01-25 05:13:10.637 69030 INFO tempest.lib.common.rest_client [req-1d905464-7be2-467b-a304-f8cfe33ee187 req-1d905464-7be2-467b-a304-f8cfe33ee187 ] Request (ServicesAdminNegativeV253TestJSON:tearDownClass): 204 DELETE http://10.180.1.21/identity/v3/users/06665e0b1d6f404c89f9a667af1e1c70 0.096s
2025-01-25 05:13:10.671 69040 INFO tempest.lib.common.rest_client [req-a1c5dfb6-66a5-4701-b899-33c2674dc91a req-a1c5dfb6-66a5-4701-b899-33c2674dc91a ] Request (ServersWithSpecificFlavorTestJSON:tearDownClass): 204 DELETE http://10.180.1.21:9696/networking/v2.0/networks/cbdfed0b-f3c8-4ca8-8e07-a7dd9381b03f 0.321s
2025-01-25 05:13:10.732 69074 INFO tempest.lib.common.rest_client [req-1b6047c8-5512-44e9-bd52-8e121e08f67e req-1b6047c8-5512-44e9-bd52-8e121e08f67e ] Request (ServersNegativeTestJSON:setUpClass): 200 GET http://10.180.1.21/compute/v2.1/servers/77d57f64-9bab-46f1-87b4-62bac5c5d2bd 0.056s
2025-01-25 05:13:10.735 69030 INFO tempest.lib.common.rest_client [req-339ba763-134b-473a-91f4-b3cff9433875 req-339ba763-134b-473a-91f4-b3cff9433875 ] Request (ServicesAdminNegativeV253TestJSON:tearDownClass): 204 DELETE http://10.180.1.21/identity/v3/users/310b92e856f14ddb8111a41e0c8c1681 0.097s
2025-01-25 05:13:10.736 69030 INFO tempest.lib.common.dynamic_creds [-] Deleting project and security group for project: a2b38d072c634b478bb6ad1932f43549
2025-01-25 05:13:10.764 69028 INFO tempest.lib.common.rest_client [req-26b39588-7f61-4a35-ba44-a397b399acec req-26b39588-7f61-4a35-ba44-a397b399acec ] Request (DeleteServersAdminTestJSON:test_delete_server_while_in_error_state): 200 GET http://10.180.1.21/compute/v2.1/servers/793da91d-461a-465b-b9a3-c5fa0f5b877d 0.061s
2025-01-25 05:13:10.794 69030 INFO tempest.lib.common.rest_client [req-95f96594-a43f-4128-a262-d1a7e5a23f93 req-95f96594-a43f-4128-a262-d1a7e5a23f93 ] Request (ServicesAdminNegativeV253TestJSON:tearDownClass): 201 POST http://10.180.1.21/identity/v3/auth/tokens 0.058s
2025-01-25 05:13:10.982 69034 INFO tempest.lib.common.rest_client [req-195b499d-b769-45ee-85b8-6e2fdcd41410 req-195b499d-b769-45ee-85b8-6e2fdcd41410 ] Request (ServersTestManualDisk:setUpClass): 200 GET http://10.180.1.21/compute/v2.1/servers/a19b7959-df3c-47e8-b920-edfe82c36489 0.073s
2025-01-25 05:13:10.982 69068 INFO tempest.lib.common.rest_client [req-c40a0d07-e3e0-49c7-bb2e-3f0637ec9206 req-c40a0d07-e3e0-49c7-bb2e-3f0637ec9206 ] Request (ImagesOneServerNegativeTestJSON:setUpClass): 200 GET http://10.180.1.21/compute/v2.1/servers/c2923fdc-562c-4c5f-90b4-fcc76a2b7f7f 0.079s
2025-01-25 05:13:11.042 69030 INFO tempest.lib.common.rest_client [req-fbfe2058-916b-4c5e-a9ab-dcbc0121b914 req-fbfe2058-916b-4c5e-a9ab-dcbc0121b914 ] Request (ServicesAdminNegativeV253TestJSON:tearDownClass): 200 GET http://10.180.1.21:9696/networking/v2.0/security-groups?tenant_id=a2b38d072c634b478bb6ad1932f43549&name=default 0.248s
2025-01-25 05:13:11.045 69085 INFO tempest.lib.common.rest_client [req-b217304c-9d2e-4e86-a25a-729241bedd10 req-b217304c-9d2e-4e86-a25a-729241bedd10 ] Request (MigrationsAdminTest:test_resize_server_revert_deleted_flavor): 200 GET http://10.180.1.21/compute/v2.1/servers/fd7ba11a-18d1-4f96-a445-eedce740b0c3 0.085s
2025-01-25 05:13:11.054 69080 INFO tempest.lib.common.rest_client [req-56a634e2-2153-48ca-a20c-94fecc4cb2fc req-56a634e2-2153-48ca-a20c-94fecc4cb2fc ] Request (ServerActionsTestOtherA:setUpClass): 200 GET http://10.180.1.21/compute/v2.1/servers/100c3541-3af3-4d3c-8060-2235f18f51e4 0.069s
2025-01-25 05:13:11.086 69076 INFO tempest.lib.common.rest_client [req-a398a273-ccb3-4faf-ab43-3cfa5ca627ee req-a398a273-ccb3-4faf-ab43-3cfa5ca627ee ] Request (ServersTestFqdnHostnames:tearDownClass): 200 PUT http://10.180.1.21:9696/networking/v2.0/routers/c6fc8d9c-7d9f-4964-9f94-b6828f2cfca6/remove_router_interface 0.839s
2025-01-25 05:13:11.118 69054 INFO tempest.lib.common.rest_client [req-2cfcce6a-ad3d-4970-9a76-0e100b2b30d8 req-2cfcce6a-ad3d-4970-9a76-0e100b2b30d8 ] Request (ServersTestJSON:test_create_server_specify_multibyte_character_name): 200 GET http://10.180.1.21/compute/v2.1/servers/7d241bf8-6f7a-467f-9640-a9819d5cca72 0.087s
2025-01-25 05:13:11.131 69052 INFO tempest.lib.common.rest_client [req-78a2de95-b124-4d1c-987c-d92ebf9cf3d7 req-78a2de95-b124-4d1c-987c-d92ebf9cf3d7 ] Request (DeleteServersTestJSON:test_delete_active_server): 200 GET http://10.180.1.21/compute/v2.1/servers/820d7177-3e8f-4dd7-b7c3-c7abd4a62158 0.108s
2025-01-25 05:13:11.139 69052 INFO tempest.common.waiters [-] State transition "BUILD/scheduling" ==> "ERROR/None" after 76 second wait
2025-01-25 05:13:11.187 69086 INFO tempest.lib.common.rest_client [req-a71e916a-7b96-48d0-bb82-47a8a519e997 req-a71e916a-7b96-48d0-bb82-47a8a519e997 ] Request (ServersTestBootFromVolume:setUpClass): 200 GET http://10.180.1.21/compute/v2.1/servers/2896c309-a702-498b-8b44-f01620b597e6 0.093s
2025-01-25 05:13:11.201 69046 INFO tempest.lib.common.rest_client [req-19f8d359-f332-4c6e-ba6d-513c68887ba1 req-19f8d359-f332-4c6e-ba6d-513c68887ba1 ] Request (ServersAdminTestJSON:setUpClass): 200 GET http://10.180.1.21/compute/v2.1/servers/6eb92420-57b1-4a7d-973f-10cd47be0416 0.093s
2025-01-25 05:13:11.202 69030 INFO tempest.lib.common.rest_client [req-09bc84cf-48c5-4edf-8e3e-7b29d154caaa req-09bc84cf-48c5-4edf-8e3e-7b29d154caaa ] Request (ServicesAdminNegativeV253TestJSON:tearDownClass): 204 DELETE http://10.180.1.21:9696/networking/v2.0/security-groups/fa4e6765-04fc-4845-9527-c17bfd37c175 0.158s
2025-01-25 05:13:11.251 69044 INFO tempest.lib.common.rest_client [req-87da469f-17a6-4bf9-8be4-589bbf471fb2 req-87da469f-17a6-4bf9-8be4-589bbf471fb2 ] Request (InstanceActionsTestJSON:setUpClass): 200 GET http://10.180.1.21/compute/v2.1/servers/5cf1f620-d0da-4e81-8d1f-e881c47dcad1 0.079s
2025-01-25 05:13:11.285 69030 INFO tempest.lib.common.rest_client [req-4b6b0382-f75c-40db-a30e-c8492a434bd2 req-4b6b0382-f75c-40db-a30e-c8492a434bd2 ] Request (ServicesAdminNegativeV253TestJSON:tearDownClass): 204 DELETE http://10.180.1.21/identity/v3/projects/a2b38d072c634b478bb6ad1932f43549 0.082s
2025-01-25 05:13:11.285 69030 INFO tempest.lib.common.dynamic_creds [-] Deleting project and security group for project: 06b4efbf9abe4aa29f26eb935e31a32e
2025-01-25 05:13:11.306 69056 INFO tempest.lib.common.rest_client [req-7a684ee5-a879-4bc3-8df2-5ab2d076aa20 req-7a684ee5-a879-4bc3-8df2-5ab2d076aa20 ] Request (AttachInterfacesUnderV243Test:test_add_remove_fixed_ip): 200 GET http://10.180.1.21/compute/v2.1/servers/7969485a-ccd6-48e0-bdea-b8920af28843 0.122s
2025-01-25 05:13:11.363 69058 INFO tempest.lib.common.rest_client [req-00c4bce8-3044-4916-a52a-026d73ef7257 req-00c4bce8-3044-4916-a52a-026d73ef7257 ] Request (ServerDiagnosticsNegativeTest:test_get_server_diagnostics_by_non_admin): 200 GET http://10.180.1.21/compute/v2.1/servers/74a1c3db-26b1-426e-be47-621c79ef9029 0.110s
2025-01-25 05:13:11.391 69052 INFO tempest.lib.common.rest_client [req-19b5ee20-acb1-47c6-bdee-b13c71ceb466 req-19b5ee20-acb1-47c6-bdee-b13c71ceb466 ] Request (DeleteServersTestJSON:test_delete_active_server): 204 DELETE http://10.180.1.21/compute/v2.1/servers/820d7177-3e8f-4dd7-b7c3-c7abd4a62158 0.251s
2025-01-25 05:13:11.418 69050 INFO tempest.lib.common.rest_client [req-25438631-1e77-45f9-a6be-f3c1716c131d req-25438631-1e77-45f9-a6be-f3c1716c131d ] Request (ServerActionsTestJSON:setUpClass): 200 GET http://10.180.1.21/compute/v2.1/servers/e11311ed-6804-4df4-a775-9060463ac927 0.159s
2025-01-25 05:13:11.447 69030 INFO tempest.lib.common.rest_client [req-3a2e0ada-6c00-4c4e-8e9f-37c08fb97db0 req-3a2e0ada-6c00-4c4e-8e9f-37c08fb97db0 ] Request (ServicesAdminNegativeV253TestJSON:tearDownClass): 200 GET http://10.180.1.21:9696/networking/v2.0/security-groups?tenant_id=06b4efbf9abe4aa29f26eb935e31a32e&name=default 0.161s
2025-01-25 05:13:11.470 69042 INFO tempest.lib.common.rest_client [req-9f2d5b01-4752-4ac5-8c2d-4f7c14403563 req-9f2d5b01-4752-4ac5-8c2d-4f7c14403563 ] Request (InstanceActionsV221TestJSON:test_get_list_deleted_instance_actions): 200 GET http://10.180.1.21/compute/v2.1/servers/a64253fe-4ba9-4686-810b-a26a4c29631b 0.139s
2025-01-25 05:13:11.482 69038 INFO tempest.lib.common.rest_client [req-f76ba6e9-ad71-4a4c-8176-eade14fdbaf5 req-f76ba6e9-ad71-4a4c-8176-eade14fdbaf5 ] Request (ServersTestJSON:setUpClass): 200 GET http://10.180.1.21/compute/v2.1/servers/d3270b4a-2b81-41f5-a2af-5b7f441e4a2d 0.151s
2025-01-25 05:13:11.504 69052 INFO tempest.lib.common.rest_client [req-7741e2e6-8c9f-465a-adc0-8b8438ba138d req-7741e2e6-8c9f-465a-adc0-8b8438ba138d ] Request (DeleteServersTestJSON:test_delete_active_server): 404 GET http://10.180.1.21/compute/v2.1/servers/820d7177-3e8f-4dd7-b7c3-c7abd4a62158 0.113s
2025-01-25 05:13:11.539 69072 INFO tempest.lib.common.rest_client [req-6b1d8f8c-f1e7-49a9-aa51-c3e224d29173 req-6b1d8f8c-f1e7-49a9-aa51-c3e224d29173 ] Request (VolumesAdminNegativeTest:test_update_attached_volume_with_nonexistent_volume_in_uri): 200 GET http://10.180.1.21/compute/v2.1/servers/acc78084-21e8-456c-a573-fc5e931147c6 0.155s
2025-01-25 05:13:11.546 69076 INFO tempest.lib.common.rest_client [req-e210c760-d013-4373-b26c-8abf354bdefb req-e210c760-d013-4373-b26c-8abf354bdefb ] Request (ServersTestFqdnHostnames:tearDownClass): 204 DELETE http://10.180.1.21:9696/networking/v2.0/routers/c6fc8d9c-7d9f-4964-9f94-b6828f2cfca6 0.460s
2025-01-25 05:13:11.561 69066 INFO tempest.lib.common.rest_client [req-7b5cb90d-2dd5-4719-bee1-e1e3338636d7 req-7b5cb90d-2dd5-4719-bee1-e1e3338636d7 ] Request (ServerRescueNegativeTestJSON:setUpClass): 200 GET http://10.180.1.21/compute/v2.1/servers/1874ad5f-2ae3-43ee-afcf-8f36dd2aa738 0.158s
2025-01-25 05:13:11.564 69040 INFO tempest.lib.common.rest_client [req-e63395b0-f7ce-4a54-8129-6583eabd1e31 req-e63395b0-f7ce-4a54-8129-6583eabd1e31 ] Request (ServersWithSpecificFlavorTestJSON:tearDownClass): 200 PUT http://10.180.1.21:9696/networking/v2.0/routers/5c3bf503-260e-4cdf-8659-5813cd764352/remove_router_interface 0.892s
2025-01-25 05:13:11.591 69052 INFO tempest.lib.common.rest_client [req-6c31d51a-6094-460d-b12a-ca2f59234bac req-6c31d51a-6094-460d-b12a-ca2f59234bac ] Request (DeleteServersTestJSON:test_delete_server_while_in_attached_volume): 201 POST http://10.180.1.21/identity/v3/auth/tokens 0.078s
2025-01-25 05:13:11.591 69052 INFO tempest.lib.common.fixed_network [-] (DeleteServersTestJSON:test_delete_server_while_in_attached_volume) Found network {'id': '74213996-bea1-4427-a511-fa492e32b378', 'name': 'tempest-DeleteServersTestJSON-1432642063-network', 'tenant_id': 'e5062c761ea34842a2f6179ae76f3465', 'admin_state_up': True, 'mtu': 8950, 'status': 'ACTIVE', 'subnets': [], 'shared': False, 'project_id': 'e5062c761ea34842a2f6179ae76f3465', 'port_security_enabled': True, 'router:external': False, 'provider:network_type': 'vlan', 'provider:physical_network': 'default', 'provider:segmentation_id': 803, 'availability_zone_hints': [], 'availability_zones': [], 'ipv4_address_scope': None, 'ipv6_address_scope': None, 'description': '', 'tags': [], 'created_at': '2025-01-25T05:11:43Z', 'updated_at': '2025-01-25T05:11:43Z', 'revision_number': 1} available for tenant
2025-01-25 05:13:11.606 69030 INFO tempest.lib.common.rest_client [req-87ba2f6a-e07d-4b31-8df8-89b9ab6a6d5e req-87ba2f6a-e07d-4b31-8df8-89b9ab6a6d5e ] Request (ServicesAdminNegativeV253TestJSON:tearDownClass): 204 DELETE http://10.180.1.21:9696/networking/v2.0/security-groups/c813eadc-0abc-4d36-bfb1-73597493dc4a 0.157s
2025-01-25 05:13:11.623 69036 INFO tempest.lib.common.rest_client [req-f76230da-ee13-4a8a-8ace-a80be4fed759 req-f76230da-ee13-4a8a-8ace-a80be4fed759 ] Request (FloatingIPsAssociationTestJSON:setUpClass): 200 GET http://10.180.1.21/compute/v2.1/servers/ec4405a5-de44-4749-9225-3945db05ca6e 0.158s
2025-01-25 05:13:11.623 69062 INFO tempest.lib.common.rest_client [req-a1931360-729d-44e5-ac6b-f5b9a39652ae req-a1931360-729d-44e5-ac6b-f5b9a39652ae ] Request (ImagesTestJSON:test_create_image_from_stopped_server): 200 GET http://10.180.1.21/compute/v2.1/servers/41ec8810-3f17-4f59-9828-a4a2e873eab4 0.155s
