2025-01-25 05:11:42.717 69076 INFO tempest.lib.common.dynamic_creds [-] Created isolated network resources for: credentials: Credentials: {'domain_id': 'default', 'domain_name': 'Default', 'username': 'tempest-ServersTestFqdnHostnames-1973683280-project-member', 'project_domain_id': 'default', 'project_domain_name': 'Default', 'project_id': '1bdec99f07f548569db90849aec2edb6', 'project_name': 'tempest-ServersTestFqdnHostnames-1973683280', 'tenant_id': '1bdec99f07f548569db90849aec2edb6', 'tenant_name': 'tempest-ServersTestFqdnHostnames-1973683280', 'user_domain_id': 'default', 'user_domain_name': 'Default', 'user_id': '8d9acb28555445e2b6ed6dd3fed31474', 'system': None}, Network: {'id': 'd1e1c57b-9fbe-43b3-8a5b-31595ae15bb3', 'name': 'tempest-ServersTestFqdnHostnames-1469716100-network', 'tenant_id': '1bdec99f07f548569db90849aec2edb6', 'admin_state_up': True, 'mtu': 8950, 'status': 'ACTIVE', 'subnets': [], 'shared': False, 'project_id': '1bdec99f07f548569db90849aec2edb6', 'port_security_enabled': True, 'router:external': False, 'provider:network_type': 'vlan', 'provider:physical_network': 'default', 'provider:segmentation_id': 50, 'availability_zone_hints': [], 'availability_zones': [], 'ipv4_address_scope': None, 'ipv6_address_scope': None, 'description': '', 'tags': [], 'created_at': '2025-01-25T05:11:36Z', 'updated_at': '2025-01-25T05:11:36Z', 'revision_number': 1}, Subnet: {'id': '3e69d811-217f-427f-8386-c19000178042', 'name': 'tempest-ServersTestFqdnHostnames-1469716100-subnet', 'tenant_id': '1bdec99f07f548569db90849aec2edb6', 'network_id': 'd1e1c57b-9fbe-43b3-8a5b-31595ae15bb3', 'ip_version': 4, 'subnetpool_id': None, 'enable_dhcp': True, 'ipv6_ra_mode': None, 'ipv6_address_mode': None, 'gateway_ip': '192.168.128.1', 'cidr': '192.168.128.0/28', 'allocation_pools': [{'start': '192.168.128.2', 'end': '192.168.128.14'}], 'host_routes': [], 'dns_nameservers': [], 'description': '', 'router:external': False, 'service_types': [], 'tags': [], 'created_at': '2025-01-25T05:11:36Z', 'updated_at': '2025-01-25T05:11:36Z', 'revision_number': 0, 'project_id': '1bdec99f07f548569db90849aec2edb6'}, Router: {'id': 'c6fc8d9c-7d9f-4964-9f94-b6828f2cfca6', 'name': 'tempest-ServersTestFqdnHostnames-1469716100-router', 'tenant_id': '1bdec99f07f548569db90849aec2edb6', 'admin_state_up': True, 'status': 'ACTIVE', 'external_gateway_info': {'network_id': 'a1d22ccf-2f4e-4b68-a09d-7f41d78bb19f', 'external_fixed_ips': [{'subnet_id': 'f0f522f9-b299-43ed-baaf-17f03f29954d', 'ip_address': '10.180.180.244'}], 'enable_snat': True}, 'description': '', 'availability_zones': [], 'distributed': False, 'ha': False, 'availability_zone_hints': [], 'routes': [], 'flavor_id': None, 'tags': [], 'created_at': '2025-01-25T05:11:37Z', 'updated_at': '2025-01-25T05:11:38Z', 'revision_number': 2, 'project_id': '1bdec99f07f548569db90849aec2edb6'}
2025-01-25 05:11:42.736 69034 INFO tempest.lib.common.rest_client [req-745263ba-8cf6-472b-a3f6-42fe2514731f req-745263ba-8cf6-472b-a3f6-42fe2514731f ] Request (HypervisorAdminV228Test:setUpClass): 200 GET http://10.180.1.21/identity/v3/roles 0.076s
2025-01-25 05:11:42.737 69048 INFO tempest.lib.common.rest_client [req-617e8aa6-710f-463a-b491-407364fa08f2 req-617e8aa6-710f-463a-b491-407364fa08f2 ] Request (KeyPairsV210TestJSON:tearDownClass): 204 DELETE http://10.180.1.21:9696/networking/v2.0/security-groups/8c02bd16-fa50-46f6-a1fc-f04289104248 0.279s
2025-01-25 05:11:42.742 69052 INFO tempest.lib.common.rest_client [req-11bc156c-8375-4fd7-a08a-bbbf4375bf7e req-11bc156c-8375-4fd7-a08a-bbbf4375bf7e ] Request (DeleteServersTestJSON:setUpClass): 200 GET http://10.180.1.21/identity/v3/domains?name=Default 0.105s
2025-01-25 05:11:42.777 69050 INFO tempest.lib.common.rest_client [req-06fec2f3-c120-4166-a1b1-c562bc20b194 req-06fec2f3-c120-4166-a1b1-c562bc20b194 ] Request (QuotasAdminTestV236:setUpClass): 201 POST http://10.180.1.21/identity/v3/projects 0.065s
2025-01-25 05:11:42.826 69034 INFO tempest.lib.common.rest_client [req-c771c8bb-0db7-496f-a6a0-f76216b18725 req-c771c8bb-0db7-496f-a6a0-f76216b18725 ] Request (HypervisorAdminV228Test:setUpClass): 204 PUT http://10.180.1.21/identity/v3/projects/146be8b769724d98a20feb0b4ad587e0/users/3488faded4c74f8488baf36ec0ae3cd3/roles/176ca66c89794878b74199b867abffa9 0.089s
2025-01-25 05:11:42.826 69034 INFO tempest.lib.common.dynamic_creds [-] Dynamic test user 3488faded4c74f8488baf36ec0ae3cd3 is created with scope project and roles: ['admin']
2025-01-25 05:11:42.827 69034 INFO tempest.lib.common.dynamic_creds [-] Acquired dynamic creds: credentials: Credentials: {'domain_id': 'default', 'domain_name': 'Default', 'username': 'tempest-HypervisorAdminV228Test-381998222-project-admin', 'project_domain_id': 'default', 'project_domain_name': 'Default', 'project_id': '146be8b769724d98a20feb0b4ad587e0', 'project_name': 'tempest-HypervisorAdminV228Test-381998222', 'tenant_id': '146be8b769724d98a20feb0b4ad587e0', 'tenant_name': 'tempest-HypervisorAdminV228Test-381998222', 'user_domain_id': 'default', 'user_domain_name': 'Default', 'user_id': '3488faded4c74f8488baf36ec0ae3cd3', 'system': None}, Network: None, Subnet: None, Router: None
2025-01-25 05:11:42.827 69034 INFO tempest.lib.common.dynamic_creds [-] Created isolated network resources for: credentials: Credentials: {'domain_id': 'default', 'domain_name': 'Default', 'username': 'tempest-HypervisorAdminV228Test-381998222-project-admin', 'project_domain_id': 'default', 'project_domain_name': 'Default', 'project_id': '146be8b769724d98a20feb0b4ad587e0', 'project_name': 'tempest-HypervisorAdminV228Test-381998222', 'tenant_id': '146be8b769724d98a20feb0b4ad587e0', 'tenant_name': 'tempest-HypervisorAdminV228Test-381998222', 'user_domain_id': 'default', 'user_domain_name': 'Default', 'user_id': '3488faded4c74f8488baf36ec0ae3cd3', 'system': None}, Network: None, Subnet: None, Router: None
2025-01-25 05:11:42.834 69088 INFO tempest.lib.common.rest_client [req-8324edf1-9ffb-4c00-8bc2-09ddad9174dd req-8324edf1-9ffb-4c00-8bc2-09ddad9174dd ] Request (SecurityGroupsNegativeTestJSON:setUpClass): 201 POST http://10.180.1.21:9696/networking/v2.0/networks 0.686s
2025-01-25 05:11:42.854 69076 INFO tempest.lib.common.rest_client [req-405b13de-7782-4931-a121-542b72bdddd6 req-405b13de-7782-4931-a121-542b72bdddd6 ] Request (ServersTestFqdnHostnames:setUpClass): 201 POST http://10.180.1.21/identity/v3/auth/tokens 0.132s
2025-01-25 05:11:42.885 69052 INFO tempest.lib.common.rest_client [req-a8a35ac6-dddd-47b4-bf51-d535e0c71dd8 req-a8a35ac6-dddd-47b4-bf51-d535e0c71dd8 ] Request (DeleteServersTestJSON:setUpClass): 201 POST http://10.180.1.21/identity/v3/projects 0.143s
2025-01-25 05:11:42.911 69048 INFO tempest.lib.common.rest_client [req-0c9000cd-7d70-4309-9b7e-864dc175403f req-0c9000cd-7d70-4309-9b7e-864dc175403f ] Request (KeyPairsV210TestJSON:tearDownClass): 204 DELETE http://10.180.1.21/identity/v3/projects/170f07d4a05e4f14af0d41fad29da6e7 0.173s
2025-01-25 05:11:42.978 69050 INFO tempest.lib.common.rest_client [req-4ff984b5-b34f-4c7c-be2a-d28e562b7f09 req-4ff984b5-b34f-4c7c-be2a-d28e562b7f09 ] Request (QuotasAdminTestV236:setUpClass): 201 POST http://10.180.1.21/identity/v3/users 0.200s
2025-01-25 05:11:42.991 69034 INFO tempest.lib.common.rest_client [req-ff9b68b2-c6d8-43d0-9f06-d42b5ed932a5 req-ff9b68b2-c6d8-43d0-9f06-d42b5ed932a5 ] Request (HypervisorAdminV228Test:setUpClass): 201 POST http://10.180.1.21/identity/v3/auth/tokens 0.161s
2025-01-25 05:11:43.022 69052 INFO tempest.lib.common.rest_client [req-62544264-1ff8-4c6d-b89f-3bec71774310 req-62544264-1ff8-4c6d-b89f-3bec71774310 ] Request (DeleteServersTestJSON:setUpClass): 201 POST http://10.180.1.21/identity/v3/users 0.136s
2025-01-25 05:11:43.029 69048 INFO tempest.lib.common.rest_client [req-4e97be5d-3ce1-4171-8aee-189329f0bd4b req-4e97be5d-3ce1-4171-8aee-189329f0bd4b ] Request (QuotasAdminTestV257:setUpClass): 201 POST http://10.180.1.21/identity/v3/auth/tokens 0.113s
2025-01-25 05:11:43.064 69050 INFO tempest.lib.common.rest_client [req-3c961c4d-3699-4294-a252-63b082918b82 req-3c961c4d-3699-4294-a252-63b082918b82 ] Request (QuotasAdminTestV236:setUpClass): 200 GET http://10.180.1.21/identity/v3/roles 0.085s
2025-01-25 05:11:43.065 69052 INFO tempest.lib.common.rest_client [req-71289a86-8136-4efe-9165-40917efe88b5 req-71289a86-8136-4efe-9165-40917efe88b5 ] Request (DeleteServersTestJSON:setUpClass): 200 GET http://10.180.1.21/identity/v3/roles 0.043s
2025-01-25 05:11:43.091 69048 INFO tempest.lib.common.rest_client [req-7dfcb38a-e3be-4ded-8f25-2ad3c6d3998c req-7dfcb38a-e3be-4ded-8f25-2ad3c6d3998c ] Request (QuotasAdminTestV257:setUpClass): 201 POST http://10.180.1.21/identity/v3/auth/tokens 0.058s
2025-01-25 05:11:43.108 69050 INFO tempest.lib.common.rest_client [req-0b0d6c11-e268-4326-8210-c969ebdfac4b req-0b0d6c11-e268-4326-8210-c969ebdfac4b ] Request (QuotasAdminTestV236:setUpClass): 204 PUT http://10.180.1.21/identity/v3/projects/8ac51eb8395b442b9787d660ef6dbe60/users/f9342402fc2547fa89d41f903a621542/roles/176ca66c89794878b74199b867abffa9 0.044s
2025-01-25 05:11:43.117 69052 INFO tempest.lib.common.rest_client [req-020e5798-328c-4007-a019-aa9db65e1f63 req-020e5798-328c-4007-a019-aa9db65e1f63 ] Request (DeleteServersTestJSON:setUpClass): 204 PUT http://10.180.1.21/identity/v3/projects/e5062c761ea34842a2f6179ae76f3465/users/52db0a44319f46939b47247136267ceb/roles/c9b365f4bc0048f89a314ef15fedccbe 0.051s
2025-01-25 05:11:43.117 69052 INFO tempest.lib.common.dynamic_creds [-] Dynamic test user 52db0a44319f46939b47247136267ceb is created with scope project and roles: ['member']
2025-01-25 05:11:43.118 69052 INFO tempest.lib.common.dynamic_creds [-] Acquired dynamic creds: credentials: Credentials: {'domain_id': 'default', 'domain_name': 'Default', 'username': 'tempest-DeleteServersTestJSON-1338008548-project-member', 'project_domain_id': 'default', 'project_domain_name': 'Default', 'project_id': 'e5062c761ea34842a2f6179ae76f3465', 'project_name': 'tempest-DeleteServersTestJSON-1338008548', 'tenant_id': 'e5062c761ea34842a2f6179ae76f3465', 'tenant_name': 'tempest-DeleteServersTestJSON-1338008548', 'user_domain_id': 'default', 'user_domain_name': 'Default', 'user_id': '52db0a44319f46939b47247136267ceb', 'system': None}, Network: None, Subnet: None, Router: None
2025-01-25 05:11:43.133 69088 INFO tempest.lib.common.rest_client [req-b13c641d-2ee0-45ae-bcb9-f2519bcc05d4 req-b13c641d-2ee0-45ae-bcb9-f2519bcc05d4 ] Request (SecurityGroupsNegativeTestJSON:setUpClass): 201 POST http://10.180.1.21:9696/networking/v2.0/subnets 0.298s
2025-01-25 05:11:43.179 69068 INFO tempest.lib.common.rest_client [req-da392c7f-ece7-461c-a05d-c25654bd706e req-da392c7f-ece7-461c-a05d-c25654bd706e ] Request (FloatingIPDetailsTestJSON:_run_cleanups): 202 DELETE http://10.180.1.21/compute/v2.1/os-floating-ips/ae5781ca-7ec7-4f50-960b-b139cc1862a2 1.941s
2025-01-25 05:11:43.192 69050 INFO tempest.lib.common.rest_client [req-5f375c43-1c71-4d42-b1b0-36f0aa49723f req-5f375c43-1c71-4d42-b1b0-36f0aa49723f ] Request (QuotasAdminTestV236:setUpClass): 200 GET http://10.180.1.21/identity/v3/roles 0.083s
2025-01-25 05:11:43.200 69048 INFO tempest.lib.common.rest_client [req-f442b562-e2ad-497c-935d-6173a1c3f8d8 req-f442b562-e2ad-497c-935d-6173a1c3f8d8 ] Request (QuotasAdminTestV257:setUpClass): 200 GET http://10.180.1.21/identity/v3/domains?name=Default 0.109s
2025-01-25 05:11:43.219 69052 INFO tempest.lib.common.rest_client [req-53f9dcee-dc55-4571-a422-b113ec81e876 req-53f9dcee-dc55-4571-a422-b113ec81e876 ] Request (DeleteServersTestJSON:setUpClass): 201 POST http://10.180.1.21/identity/v3/auth/tokens 0.101s
2025-01-25 05:11:43.221 69038 INFO tempest.lib.common.rest_client [req-939eee78-97ea-41d0-b079-2f83afae2968 req-939eee78-97ea-41d0-b079-2f83afae2968 ] Request (FloatingIPsTestJSON:test_allocate_floating_ip): 200 POST http://10.180.1.21/compute/v2.1/os-floating-ips 2.435s
2025-01-25 05:11:43.221 69065 INFO tempest.lib.common.rest_client [req-3e2f2991-916c-4eda-9f51-4084e5d5dc67 req-3e2f2991-916c-4eda-9f51-4084e5d5dc67 ] Request (FloatingIPsNegativeTestJSON:test_allocate_floating_ip_from_nonexistent_pool): 404 POST http://10.180.1.21/compute/v2.1/os-floating-ips 1.852s
2025-01-25 05:11:43.228 69050 INFO tempest.lib.common.rest_client [req-ad4acca0-f502-408c-ba23-8c52d04aacc9 req-ad4acca0-f502-408c-ba23-8c52d04aacc9 ] Request (QuotasAdminTestV236:setUpClass): 204 PUT http://10.180.1.21/identity/v3/projects/8ac51eb8395b442b9787d660ef6dbe60/users/f9342402fc2547fa89d41f903a621542/roles/176ca66c89794878b74199b867abffa9 0.035s
2025-01-25 05:11:43.228 69050 INFO tempest.lib.common.dynamic_creds [-] Dynamic test user f9342402fc2547fa89d41f903a621542 is created with scope project and roles: ['admin']
2025-01-25 05:11:43.228 69050 INFO tempest.lib.common.dynamic_creds [-] Acquired dynamic creds: credentials: Credentials: {'domain_id': 'default', 'domain_name': 'Default', 'username': 'tempest-QuotasAdminTestV236-98203829-project-admin', 'project_domain_id': 'default', 'project_domain_name': 'Default', 'project_id': '8ac51eb8395b442b9787d660ef6dbe60', 'project_name': 'tempest-QuotasAdminTestV236-98203829', 'tenant_id': '8ac51eb8395b442b9787d660ef6dbe60', 'tenant_name': 'tempest-QuotasAdminTestV236-98203829', 'user_domain_id': 'default', 'user_domain_name': 'Default', 'user_id': 'f9342402fc2547fa89d41f903a621542', 'system': None}, Network: None, Subnet: None, Router: None
2025-01-25 05:11:43.228 69050 INFO tempest.lib.common.dynamic_creds [-] Created isolated network resources for: credentials: Credentials: {'domain_id': 'default', 'domain_name': 'Default', 'username': 'tempest-QuotasAdminTestV236-98203829-project-admin', 'project_domain_id': 'default', 'project_domain_name': 'Default', 'project_id': '8ac51eb8395b442b9787d660ef6dbe60', 'project_name': 'tempest-QuotasAdminTestV236-98203829', 'tenant_id': '8ac51eb8395b442b9787d660ef6dbe60', 'tenant_name': 'tempest-QuotasAdminTestV236-98203829', 'user_domain_id': 'default', 'user_domain_name': 'Default', 'user_id': 'f9342402fc2547fa89d41f903a621542', 'system': None}, Network: None, Subnet: None, Router: None
2025-01-25 05:11:43.235 69056 INFO tempest.lib.common.rest_client [req-e34a005b-b7ac-45cc-bca0-5eb7976e11b8 req-e34a005b-b7ac-45cc-bca0-5eb7976e11b8 ] Request (HostsAdminNegativeTestJSON:test_update_host_with_invalid_status): 400 PUT http://10.180.1.21/compute/v2.1/os-hosts/devstack 1.861s
2025-01-25 05:11:43.247 69048 INFO tempest.lib.common.rest_client [req-534d0b3a-ee06-46e9-b6c0-76bf6a79c2a6 req-534d0b3a-ee06-46e9-b6c0-76bf6a79c2a6 ] Request (QuotasAdminTestV257:setUpClass): 201 POST http://10.180.1.21/identity/v3/projects 0.046s
2025-01-25 05:11:43.272 69086 INFO tempest.lib.common.rest_client [req-fa2db45a-1c13-446b-b658-cf032fea8f5f req-fa2db45a-1c13-446b-b658-cf032fea8f5f ] Request (ServersTestBootFromVolume:setUpClass): 200 GET http://10.180.1.21/volume/v3/volumes/b252e1e9-ae51-4313-aa11-72f5789980a6 0.048s
2025-01-25 05:11:43.311 69050 INFO tempest.lib.common.rest_client [req-b63dd176-9b71-40c7-9cdf-de8677cfe90e req-b63dd176-9b71-40c7-9cdf-de8677cfe90e ] Request (QuotasAdminTestV236:setUpClass): 201 POST http://10.180.1.21/identity/v3/auth/tokens 0.072s
2025-01-25 05:11:43.312 69050 WARNING tempest.lib.common.rest_client [-] Deprecated: "tenant_id" property is deprecated for removal, use "project_id" instead
2025-01-25 05:11:43.316 69080 INFO tempest.lib.common.rest_client [req-7d0dcbae-2827-402a-8774-8051c42f52c2 req-7d0dcbae-2827-402a-8774-8051c42f52c2 ] Request (InstanceActionsNegativeTestJSON:setUpClass): 200 GET http://10.180.1.21/compute/v2.1/servers/f2891dfe-2464-4699-b4cd-54fa97cfb305 1.927s
2025-01-25 05:11:43.318 69062 INFO tempest.lib.common.rest_client [req-5dfa609e-c547-4fbc-b33c-feeca3490d1a req-5dfa609e-c547-4fbc-b33c-feeca3490d1a ] Request (TenantUsagesTestJSON:setUpClass): 200 GET http://10.180.1.21/compute/v2.1/servers/c7f0f27e-5bb6-4306-ab9f-282578d1cfce 1.845s
2025-01-25 05:11:43.346 69044 INFO tempest.lib.common.rest_client [req-57341441-7816-4dd8-b2bb-81e560f04f1f req-57341441-7816-4dd8-b2bb-81e560f04f1f ] Request (FlavorsAdminTestJSON:_run_cleanups): 202 DELETE http://10.180.1.21/compute/v2.1/flavors/014e1efa-ce41-4bbd-a709-30156a18838f 1.706s
2025-01-25 05:11:43.377 69048 INFO tempest.lib.common.rest_client [req-7932d10e-83fb-4feb-8f32-64151fa1e8ef req-7932d10e-83fb-4feb-8f32-64151fa1e8ef ] Request (QuotasAdminTestV257:setUpClass): 201 POST http://10.180.1.21/identity/v3/users 0.130s
2025-01-25 05:11:43.387 69050 INFO tempest.lib.common.rest_client [req-ed81cb09-8625-4fde-a4bd-06a139940b2f req-ed81cb09-8625-4fde-a4bd-06a139940b2f ] Request (QuotasAdminTestV236:test_get_updated_quotas): 200 GET http://10.180.1.21/identity/v3/domains?name=Default 0.074s
2025-01-25 05:11:43.393 69066 INFO tempest.lib.common.rest_client [req-fdca4de4-d853-4d7f-85b8-deaadde46314 req-fdca4de4-d853-4d7f-85b8-deaadde46314 ] Request (ServerDiagnosticsTest:test_get_server_diagnostics): 200 GET http://10.180.1.21/compute/v2.1/servers/d77191c5-8593-4730-8612-4877e059e7dc 1.856s
2025-01-25 05:11:43.400 69048 INFO tempest.lib.common.rest_client [req-dd9a67b2-59fe-4eb4-8ac9-34d7d22cb18f req-dd9a67b2-59fe-4eb4-8ac9-34d7d22cb18f ] Request (QuotasAdminTestV257:setUpClass): 200 GET http://10.180.1.21/identity/v3/roles 0.022s
2025-01-25 05:11:43.406 69054 INFO tempest.lib.common.rest_client [req-dbde32a0-d0e3-4424-9f26-b96bf28a561c req-dbde32a0-d0e3-4424-9f26-b96bf28a561c ] Request (FlavorsExtraSpecsNegativeTestJSON:test_flavor_update_mismatch_key): 400 PUT http://10.180.1.21/compute/v2.1/flavors/1011923609/os-extra_specs/hw:numa_nodes 1.755s
2025-01-25 05:11:43.425 69085 INFO tempest.lib.common.rest_client [req-1ccf7d19-0972-4ad0-a73c-283bf21227ac req-1ccf7d19-0972-4ad0-a73c-283bf21227ac ] Request (MigrationsAdminTest:test_list_migrations_in_flavor_resize_situation): 200 GET http://10.180.1.21/compute/v2.1/servers/495c8c6c-f90e-4a26-a248-0672e08df66a 1.775s
2025-01-25 05:11:43.429 69050 INFO tempest.lib.common.rest_client [req-c3dc6d56-2f6b-4bf1-bff7-825b8eb31c6c req-c3dc6d56-2f6b-4bf1-bff7-825b8eb31c6c ] Request (QuotasAdminTestV236:test_get_updated_quotas): 201 POST http://10.180.1.21/identity/v3/projects 0.041s
2025-01-25 05:11:43.431 69048 INFO tempest.lib.common.rest_client [req-085cfe85-b5ff-422c-b33e-176d4de3afcf req-085cfe85-b5ff-422c-b33e-176d4de3afcf ] Request (QuotasAdminTestV257:setUpClass): 204 PUT http://10.180.1.21/identity/v3/projects/d8172f0f5a1248afbf1a6ce12009af62/users/69f00a9f01a04337bac6486bc578e4dd/roles/c9b365f4bc0048f89a314ef15fedccbe 0.029s
2025-01-25 05:11:43.431 69048 INFO tempest.lib.common.dynamic_creds [-] Dynamic test user 69f00a9f01a04337bac6486bc578e4dd is created with scope project and roles: ['member']
2025-01-25 05:11:43.431 69048 INFO tempest.lib.common.dynamic_creds [-] Acquired dynamic creds: credentials: Credentials: {'domain_id': 'default', 'domain_name': 'Default', 'username': 'tempest-QuotasAdminTestV257-809995674-project-member', 'project_domain_id': 'default', 'project_domain_name': 'Default', 'project_id': 'd8172f0f5a1248afbf1a6ce12009af62', 'project_name': 'tempest-QuotasAdminTestV257-809995674', 'tenant_id': 'd8172f0f5a1248afbf1a6ce12009af62', 'tenant_name': 'tempest-QuotasAdminTestV257-809995674', 'user_domain_id': 'default', 'user_domain_name': 'Default', 'user_id': '69f00a9f01a04337bac6486bc578e4dd', 'system': None}, Network: None, Subnet: None, Router: None
2025-01-25 05:11:43.431 69048 INFO tempest.lib.common.dynamic_creds [-] Created isolated network resources for: credentials: Credentials: {'domain_id': 'default', 'domain_name': 'Default', 'username': 'tempest-QuotasAdminTestV257-809995674-project-member', 'project_domain_id': 'default', 'project_domain_name': 'Default', 'project_id': 'd8172f0f5a1248afbf1a6ce12009af62', 'project_name': 'tempest-QuotasAdminTestV257-809995674', 'tenant_id': 'd8172f0f5a1248afbf1a6ce12009af62', 'tenant_name': 'tempest-QuotasAdminTestV257-809995674', 'user_domain_id': 'default', 'user_domain_name': 'Default', 'user_id': '69f00a9f01a04337bac6486bc578e4dd', 'system': None}, Network: None, Subnet: None, Router: None
2025-01-25 05:11:43.486 69070 INFO tempest.lib.common.rest_client [req-25ab8a68-388c-4cfe-a6db-a47d5ae417ae req-25ab8a68-388c-4cfe-a6db-a47d5ae417ae ] Request (AggregatesAdminNegativeTestJSON:_run_cleanups): 200 DELETE http://10.180.1.21/compute/v2.1/os-aggregates/2 1.692s
2025-01-25 05:11:43.491 69072 INFO tempest.lib.common.rest_client [req-9372cf38-b71c-4c12-9ec5-36590347efbc req-9372cf38-b71c-4c12-9ec5-36590347efbc ] Request (VolumesAdminNegativeTest:test_update_attached_volume_with_nonexistent_volume_in_body): 200 GET http://10.180.1.21/compute/v2.1/servers/9abafa57-9674-45f7-90cd-f80a8c80b567 1.751s
2025-01-25 05:11:43.521 69048 INFO tempest.lib.common.rest_client [req-c6a87b84-66d4-4bd9-9798-92950248c71c req-c6a87b84-66d4-4bd9-9798-92950248c71c ] Request (QuotasAdminTestV257:setUpClass): 201 POST http://10.180.1.21/identity/v3/auth/tokens 0.083s
2025-01-25 05:11:43.525 69050 INFO tempest.lib.common.rest_client [req-c5ec42a2-b324-42b1-a7ef-f2d4921ccfce req-c5ec42a2-b324-42b1-a7ef-f2d4921ccfce ] Request (QuotasAdminTestV236:test_get_updated_quotas): 200 GET http://10.180.1.21/identity/v3/domains?name=Default 0.095s
2025-01-25 05:11:43.537 69040 INFO tempest.lib.common.rest_client [req-b1a89796-409a-4539-968b-3a31d8a49c06 req-b1a89796-409a-4539-968b-3a31d8a49c06 ] Request (ValidationResourcesFixture:setUp): 200 POST http://10.180.1.21/compute/v2.1/os-keypairs 1.712s
2025-01-25 05:11:43.576 69026 INFO tempest.lib.common.rest_client [req-bfd949da-912b-477c-9fef-7bf3bdc13e29 req-bfd949da-912b-477c-9fef-7bf3bdc13e29 ] Request (ListServersNegativeTestJSON:setUpClass): 200 GET http://10.180.1.21/compute/v2.1/servers/15f747f0-43c0-4580-ab1c-28eadade4b82 1.771s
2025-01-25 05:11:43.601 69048 INFO tempest.lib.common.rest_client [req-85b27afb-3bbe-434a-8f54-6db89ca76a59 req-85b27afb-3bbe-434a-8f54-6db89ca76a59 ] Request (QuotasAdminTestV257:setUpClass): 201 POST http://10.180.1.21/identity/v3/projects 0.079s
2025-01-25 05:11:43.605 69083 INFO tempest.lib.common.rest_client [req-75f16b36-3981-4bab-b036-cda73cf9e03e req-75f16b36-3981-4bab-b036-cda73cf9e03e ] Request (FlavorsAccessTestJSON:test_flavor_access_list_with_private_flavor): 200 GET http://10.180.1.21/compute/v2.1/flavors/168600349/os-flavor-access 1.755s
2025-01-25 05:11:43.612 69028 INFO tempest.lib.common.rest_client [req-daba04c3-b7b5-4148-ba83-f2a7cf5ab965 req-daba04c3-b7b5-4148-ba83-f2a7cf5ab965 ] Request (DeleteServersAdminTestJSON:test_admin_delete_servers_of_others): 200 GET http://10.180.1.21/compute/v2.1/servers/048df8ed-3be9-430f-8ade-c3cabcb0f16c 1.772s
2025-01-25 05:11:43.688 69048 INFO tempest.lib.common.rest_client [req-5bdb1664-7083-4814-a050-c10cdd2c359a req-5bdb1664-7083-4814-a050-c10cdd2c359a ] Request (QuotasAdminTestV257:setUpClass): 201 POST http://10.180.1.21/identity/v3/users 0.086s
2025-01-25 05:11:43.690 69030 INFO tempest.lib.common.rest_client [req-5550bf9b-1e67-4f91-a22a-55d52b997380 req-5550bf9b-1e67-4f91-a22a-55d52b997380 ] Request (VolumesAssistedSnapshotsTest:test_volume_assisted_snapshot_create_delete): 200 GET http://10.180.1.21/compute/v2.1/servers/79d018cc-2400-4925-a09f-e0aaaa8b22db 1.811s
2025-01-25 05:11:43.694 69042 INFO tempest.lib.common.rest_client [req-a3433afb-83b6-4246-888b-37c835602b31 req-a3433afb-83b6-4246-888b-37c835602b31 ] Request (ServerExternalEventsTest:test_create_server_external_events): 200 GET http://10.180.1.21/compute/v2.1/servers/3eea38b9-fe91-43b0-ba7f-6380a6a94c5f 1.741s
2025-01-25 05:11:43.713 69048 INFO tempest.lib.common.rest_client [req-a52b233b-7cbc-4dbf-a4a6-1e4e81f31943 req-a52b233b-7cbc-4dbf-a4a6-1e4e81f31943 ] Request (QuotasAdminTestV257:setUpClass): 200 GET http://10.180.1.21/identity/v3/roles 0.024s
2025-01-25 05:11:43.714 69058 INFO tempest.lib.common.rest_client [req-ab50a46c-6154-4146-a63d-6ec5c3559445 req-ab50a46c-6154-4146-a63d-6ec5c3559445 ] Request (FlavorsExtraSpecsTestJSON:test_flavor_set_get_update_show_unset_keys): 200 DELETE http://10.180.1.21/compute/v2.1/flavors/1638402656/os-extra_specs/hw:numa_nodes 1.728s
2025-01-25 05:11:43.718 69036 INFO tempest.lib.common.rest_client [req-7e8e8769-8ba3-499e-89e9-7f45ab8576d8 req-7e8e8769-8ba3-499e-89e9-7f45ab8576d8 ] Request (ServicesAdminNegativeTestJSON:test_get_service_with_valid_service_and_invalid_host): 200 GET http://10.180.1.21/compute/v2.1/os-services 1.743s
2025-01-25 05:11:43.746 69048 INFO tempest.lib.common.rest_client [req-bf06eeb2-5811-4a2d-a033-353f08d63311 req-bf06eeb2-5811-4a2d-a033-353f08d63311 ] Request (QuotasAdminTestV257:setUpClass): 204 PUT http://10.180.1.21/identity/v3/projects/befaf8efdbb74b44bb2784db7adcd54e/users/818094d425c345759c224827fa77bfb1/roles/176ca66c89794878b74199b867abffa9 0.033s
2025-01-25 05:11:43.748 69046 INFO tempest.lib.common.rest_client [req-a0533314-f687-4e92-91ef-12ece6a42b72 req-a0533314-f687-4e92-91ef-12ece6a42b72 ] Request (HypervisorAdminNegativeTestJSON:test_show_hypervisor_with_non_admin_user): 200 GET http://10.180.1.21/compute/v2.1/os-hypervisors 1.753s
2025-01-25 05:11:43.769 69040 INFO tempest.lib.common.rest_client [req-f5170394-977e-41c8-8224-941d9be42638 req-f5170394-977e-41c8-8224-941d9be42638 ] Request (ValidationResourcesFixture:setUp): 201 POST http://10.180.1.21:9696/networking/v2.0/security-groups 0.230s
2025-01-25 05:11:43.791 69060 INFO tempest.lib.common.rest_client [req-4ce139f0-0c6e-43b7-97c6-16fdf5282d74 req-4ce139f0-0c6e-43b7-97c6-16fdf5282d74 ] Request (ImagesOneServerTestJSON:setUpClass): 200 GET http://10.180.1.21/compute/v2.1/servers/cefcbb6a-378b-4927-b115-d648017502e9 1.163s
2025-01-25 05:11:43.810 69048 INFO tempest.lib.common.rest_client [req-831ecac4-6502-499a-9d36-5d497b49425b req-831ecac4-6502-499a-9d36-5d497b49425b ] Request (QuotasAdminTestV257:setUpClass): 200 GET http://10.180.1.21/identity/v3/roles 0.063s
2025-01-25 05:11:43.826 69052 INFO tempest.lib.common.rest_client [req-ea0cff8f-40da-4c76-8528-8f005495b173 req-ea0cff8f-40da-4c76-8528-8f005495b173 ] Request (DeleteServersTestJSON:setUpClass): 201 POST http://10.180.1.21:9696/networking/v2.0/networks 0.606s
2025-01-25 05:11:43.830 69048 INFO tempest.lib.common.rest_client [req-e241d295-a655-46c6-a3f2-c75de666dad6 req-e241d295-a655-46c6-a3f2-c75de666dad6 ] Request (QuotasAdminTestV257:setUpClass): 204 PUT http://10.180.1.21/identity/v3/projects/befaf8efdbb74b44bb2784db7adcd54e/users/818094d425c345759c224827fa77bfb1/roles/176ca66c89794878b74199b867abffa9 0.019s
2025-01-25 05:11:43.830 69048 INFO tempest.lib.common.dynamic_creds [-] Dynamic test user 818094d425c345759c224827fa77bfb1 is created with scope project and roles: ['admin']
2025-01-25 05:11:43.830 69048 INFO tempest.lib.common.dynamic_creds [-] Acquired dynamic creds: credentials: Credentials: {'domain_id': 'default', 'domain_name': 'Default', 'username': 'tempest-QuotasAdminTestV257-1147253236-project-admin', 'project_domain_id': 'default', 'project_domain_name': 'Default', 'project_id': 'befaf8efdbb74b44bb2784db7adcd54e', 'project_name': 'tempest-QuotasAdminTestV257-1147253236', 'tenant_id': 'befaf8efdbb74b44bb2784db7adcd54e', 'tenant_name': 'tempest-QuotasAdminTestV257-1147253236', 'user_domain_id': 'default', 'user_domain_name': 'Default', 'user_id': '818094d425c345759c224827fa77bfb1', 'system': None}, Network: None, Subnet: None, Router: None
2025-01-25 05:11:43.830 69048 INFO tempest.lib.common.dynamic_creds [-] Created isolated network resources for: credentials: Credentials: {'domain_id': 'default', 'domain_name': 'Default', 'username': 'tempest-QuotasAdminTestV257-1147253236-project-admin', 'project_domain_id': 'default', 'project_domain_name': 'Default', 'project_id': 'befaf8efdbb74b44bb2784db7adcd54e', 'project_name': 'tempest-QuotasAdminTestV257-1147253236', 'tenant_id': 'befaf8efdbb74b44bb2784db7adcd54e', 'tenant_name': 'tempest-QuotasAdminTestV257-1147253236', 'user_domain_id': 'default', 'user_domain_name': 'Default', 'user_id': '818094d425c345759c224827fa77bfb1', 'system': None}, Network: None, Subnet: None, Router: None
2025-01-25 05:11:43.863 69074 INFO tempest.lib.common.rest_client [req-67f86f40-6e18-4022-af28-9bb03fca4413 req-67f86f40-6e18-4022-af28-9bb03fca4413 ] Request (ServersAaction247Test:test_create_backup): 200 GET http://10.180.1.21/compute/v2.1/servers/f27770de-40f5-4d5a-8819-a62d8f9a320a 0.912s
2025-01-25 05:11:43.877 69074 INFO tempest.common.waiters [-] State transition "BUILD/spawning" ==> "ACTIVE/None" after 16 second wait
2025-01-25 05:11:43.885 69076 INFO tempest.lib.common.rest_client [req-e5f0922f-db3c-4c69-9274-bb99bd74a070 req-e5f0922f-db3c-4c69-9274-bb99bd74a070 ] Request (ServersTestFqdnHostnames:test_create_server_with_fqdn_name): 200 POST http://10.180.1.21/compute/v2.1/os-keypairs 1.029s
2025-01-25 05:11:43.906 69048 INFO tempest.lib.common.rest_client [req-1ab2f26d-47de-4c2a-ba80-c04f4bda11a3 req-1ab2f26d-47de-4c2a-ba80-c04f4bda11a3 ] Request (QuotasAdminTestV257:setUpClass): 201 POST http://10.180.1.21/identity/v3/auth/tokens 0.072s
2025-01-25 05:11:43.907 69048 WARNING tempest.lib.common.rest_client [-] Deprecated: "tenant_id" property is deprecated for removal, use "project_id" instead
2025-01-25 05:11:43.980 69034 INFO tempest.lib.common.rest_client [req-b28124bb-8f69-49de-a15e-186ffbcef10b req-b28124bb-8f69-49de-a15e-186ffbcef10b ] Request (HypervisorAdminV228Test:test_get_list_hypervisor_details): 200 GET http://10.180.1.21/compute/v2.1/os-hypervisors 0.987s
2025-01-25 05:11:43.987 69032 INFO tempest.lib.common.rest_client [req-fdb08a4b-f1cd-47da-bc25-da616e45b814 req-fdb08a4b-f1cd-47da-bc25-da616e45b814 ] Request (FloatingIPsAssociationNegativeTestJSON:setUpClass): 200 GET http://10.180.1.21/compute/v2.1/servers/24f59fd1-63bf-4292-81f1-dc762510151f 0.869s
2025-01-25 05:11:44.063 69078 INFO tempest.lib.common.rest_client [req-089e0ab8-b796-4542-b5ce-aa5fca46e64d req-089e0ab8-b796-4542-b5ce-aa5fca46e64d ] Request (ServersAdminNegativeTestJSON:setUpClass): 200 GET http://10.180.1.21/compute/v2.1/servers/ec33d0e1-4435-45c3-8ecf-33465cafda0e 0.844s
2025-01-25 05:11:44.097 69040 INFO tempest.lib.common.rest_client [req-b8ba098b-ed2a-4d56-b6e1-39c8e42b82f8 req-b8ba098b-ed2a-4d56-b6e1-39c8e42b82f8 ] Request (ValidationResourcesFixture:setUp): 201 POST http://10.180.1.21:9696/networking/v2.0/security-group-rules 0.327s
2025-01-25 05:11:44.108 69065 INFO tempest.lib.common.rest_client [req-6a7a0ea8-fa10-41cf-a6a9-dd22f2a42c65 req-6a7a0ea8-fa10-41cf-a6a9-dd22f2a42c65 ] Request (FloatingIPsNegativeTestJSON:test_delete_nonexistent_floating_ip): 404 DELETE http://10.180.1.21/compute/v2.1/os-floating-ips/b21cea85-cf87-4952-b9dd-94293b418841 0.885s
2025-01-25 05:11:44.274 69040 INFO tempest.lib.common.rest_client [req-91e988fa-b716-42f1-a334-1999aa543959 req-91e988fa-b716-42f1-a334-1999aa543959 ] Request (ValidationResourcesFixture:setUp): 201 POST http://10.180.1.21:9696/networking/v2.0/security-group-rules 0.176s
2025-01-25 05:11:44.307 69086 INFO tempest.lib.common.rest_client [req-62bf38c9-b963-473a-841c-d15f6d20eab1 req-62bf38c9-b963-473a-841c-d15f6d20eab1 ] Request (ServersTestBootFromVolume:setUpClass): 200 GET http://10.180.1.21/volume/v3/volumes/b252e1e9-ae51-4313-aa11-72f5789980a6 0.026s
2025-01-25 05:11:44.351 69088 INFO tempest.lib.common.rest_client [req-c9b2ab6b-cb96-4925-9481-d5d17d6ea120 req-c9b2ab6b-cb96-4925-9481-d5d17d6ea120 ] Request (SecurityGroupsNegativeTestJSON:setUpClass): 201 POST http://10.180.1.21:9696/networking/v2.0/routers 1.218s
2025-01-25 05:11:44.360 69068 INFO tempest.lib.common.rest_client [req-19627694-13c2-4691-88aa-60b8306930d2 req-19627694-13c2-4691-88aa-60b8306930d2 ] Request (FloatingIPDetailsTestJSON:test_list_floating_ips): 200 GET http://10.180.1.21/compute/v2.1/os-floating-ips 1.173s
2025-01-25 05:11:44.364 69076 INFO tempest.lib.common.rest_client [req-2292538e-9457-4607-a047-71f277e0504b req-2292538e-9457-4607-a047-71f277e0504b ] Request (ServersTestFqdnHostnames:test_create_server_with_fqdn_name): 201 POST http://10.180.1.21:9696/networking/v2.0/security-groups 0.477s
2025-01-25 05:11:44.369 69056 INFO tempest.lib.common.rest_client [req-fd794bc3-6725-44c1-baf4-d7e01f25dc64 req-fd794bc3-6725-44c1-baf4-d7e01f25dc64 ] Request (HostsAdminNegativeTestJSON:test_update_host_with_non_admin_user): 403 PUT http://10.180.1.21/compute/v2.1/os-hosts/devstack 1.128s
2025-01-25 05:11:44.399 69044 INFO tempest.lib.common.rest_client [req-b84333e7-3033-49ae-9303-65369f4d7761 req-b84333e7-3033-49ae-9303-65369f4d7761 ] Request (FlavorsAdminTestJSON:_run_cleanups): 200 GET http://10.180.1.21/compute/v2.1/flavors/detail 1.053s
2025-01-25 05:11:44.405 69054 INFO tempest.lib.common.rest_client [req-bf5808c3-98d3-4e7c-9562-db99814ff52c req-bf5808c3-98d3-4e7c-9562-db99814ff52c ] Request (FlavorsExtraSpecsNegativeTestJSON:test_flavor_update_more_key): 400 PUT http://10.180.1.21/compute/v2.1/flavors/1011923609/os-extra_specs/hw:numa_nodes 0.995s
2025-01-25 05:11:44.428 69070 INFO tempest.lib.common.rest_client [req-4a801e59-f031-4c67-9eaa-91ae2edd785d req-4a801e59-f031-4c67-9eaa-91ae2edd785d ] Request (AggregatesAdminNegativeTestJSON:test_aggregate_add_non_exist_host): 200 POST http://10.180.1.21/compute/v2.1/os-aggregates 0.941s
2025-01-25 05:11:44.499 69038 INFO tempest.lib.common.rest_client [req-622b3e91-a88a-4c40-aff2-cf29457c9b02 req-622b3e91-a88a-4c40-aff2-cf29457c9b02 ] Request (FloatingIPsTestJSON:test_allocate_floating_ip): 200 GET http://10.180.1.21/compute/v2.1/os-floating-ips/ce4bfb64-c995-4168-87a5-da55b5a3c56a 1.266s
2025-01-25 05:11:44.517 69083 INFO tempest.lib.common.rest_client [req-74095331-8fd1-4390-9ea0-d120dd672626 req-74095331-8fd1-4390-9ea0-d120dd672626 ] Request (FlavorsAccessTestJSON:_run_cleanups): 202 DELETE http://10.180.1.21/compute/v2.1/flavors/168600349 0.909s
2025-01-25 05:11:44.536 69058 INFO tempest.lib.common.rest_client [req-8ef8eb13-d684-401e-9135-f686d26b37f3 req-8ef8eb13-d684-401e-9135-f686d26b37f3 ] Request (FlavorsExtraSpecsTestJSON:test_flavor_set_get_update_show_unset_keys): 200 DELETE http://10.180.1.21/compute/v2.1/flavors/1638402656/os-extra_specs/hw:cpu_policy 0.822s
2025-01-25 05:11:44.560 69036 INFO tempest.lib.common.rest_client [req-65a72221-9840-477f-87c1-73d75a225ab8 req-65a72221-9840-477f-87c1-73d75a225ab8 ] Request (ServicesAdminNegativeTestJSON:test_get_service_with_valid_service_and_invalid_host): 200 GET http://10.180.1.21/compute/v2.1/os-services?host=xxx&binary=nova-scheduler 0.840s
2025-01-25 05:11:44.563 69052 INFO tempest.lib.common.rest_client [req-eb2889aa-d012-487d-abee-77ae4501fc8a req-eb2889aa-d012-487d-abee-77ae4501fc8a ] Request (DeleteServersTestJSON:setUpClass): 201 POST http://10.180.1.21:9696/networking/v2.0/subnets 0.736s
2025-01-25 05:11:44.570 69050 INFO tempest.lib.common.rest_client [req-153f6444-2f07-4e83-9320-52eaaa4ba008 req-153f6444-2f07-4e83-9320-52eaaa4ba008 ] Request (QuotasAdminTestV236:test_get_updated_quotas): 200 PUT http://10.180.1.21/compute/v2.1/os-quota-sets/36d0aaf33088411889a0a0ace5606a21 1.044s
2025-01-25 05:11:44.571 69046 INFO tempest.lib.common.rest_client [req-8cc8edeb-4266-4155-9c63-5d5c1deec5b1 req-8cc8edeb-4266-4155-9c63-5d5c1deec5b1 ] Request (HypervisorAdminNegativeTestJSON:test_show_hypervisor_with_non_admin_user): 403 GET http://10.180.1.21/compute/v2.1/os-hypervisors/1 0.822s
2025-01-25 05:11:44.597 69034 INFO tempest.lib.common.rest_client [req-1779f830-01a7-4da6-ae2b-d60969583257 req-1779f830-01a7-4da6-ae2b-d60969583257 ] Request (HypervisorAdminV228Test:test_get_list_hypervisor_details): 200 GET http://10.180.1.21/compute/v2.1/os-hypervisors/1 0.616s
2025-01-25 05:11:44.634 69076 INFO tempest.lib.common.rest_client [req-8dfe8433-8445-4171-9ca3-22c532a6e246 req-8dfe8433-8445-4171-9ca3-22c532a6e246 ] Request (ServersTestFqdnHostnames:test_create_server_with_fqdn_name): 201 POST http://10.180.1.21:9696/networking/v2.0/security-group-rules 0.270s
2025-01-25 05:11:44.704 69080 INFO tempest.lib.common.rest_client [req-78775839-fd39-4686-ab9b-43153cc06d40 req-78775839-fd39-4686-ab9b-43153cc06d40 ] Request (InstanceActionsNegativeTestJSON:setUpClass): 200 GET http://10.180.1.21/compute/v2.1/servers/f2891dfe-2464-4699-b4cd-54fa97cfb305 0.374s
2025-01-25 05:11:44.760 69034 INFO tempest.lib.common.rest_client [req-01337d7b-9a7d-40d3-8143-02cc555ba2cd req-01337d7b-9a7d-40d3-8143-02cc555ba2cd ] Request (HypervisorAdminV228Test:tearDownClass): 204 DELETE http://10.180.1.21/identity/v3/users/babd62506dd245d6a061587c7f82b94b 0.157s
2025-01-25 05:11:44.779 69062 INFO tempest.lib.common.rest_client [req-4bcb2924-5a57-41d9-ac75-d151a0f75fe0 req-4bcb2924-5a57-41d9-ac75-d151a0f75fe0 ] Request (TenantUsagesTestJSON:setUpClass): 200 GET http://10.180.1.21/compute/v2.1/servers/c7f0f27e-5bb6-4306-ab9f-282578d1cfce 0.446s
2025-01-25 05:11:44.875 69034 INFO tempest.lib.common.rest_client [req-dff782a4-b24d-43c3-8c58-9f69bf21644e req-dff782a4-b24d-43c3-8c58-9f69bf21644e ] Request (HypervisorAdminV228Test:tearDownClass): 204 DELETE http://10.180.1.21/identity/v3/users/3488faded4c74f8488baf36ec0ae3cd3 0.115s
2025-01-25 05:11:44.876 69034 INFO tempest.lib.common.dynamic_creds [-] Deleting project and security group for project: 146be8b769724d98a20feb0b4ad587e0
2025-01-25 05:11:44.943 69034 INFO tempest.lib.common.rest_client [req-bf113332-ef3f-45d5-866c-c0343d885366 req-bf113332-ef3f-45d5-866c-c0343d885366 ] Request (HypervisorAdminV228Test:tearDownClass): 201 POST http://10.180.1.21/identity/v3/auth/tokens 0.067s
2025-01-25 05:11:44.957 69076 INFO tempest.lib.common.rest_client [req-05788af2-75b4-45b4-a411-5966bbcc5a60 req-05788af2-75b4-45b4-a411-5966bbcc5a60 ] Request (ServersTestFqdnHostnames:test_create_server_with_fqdn_name): 201 POST http://10.180.1.21:9696/networking/v2.0/security-group-rules 0.322s
2025-01-25 05:11:45.186 69074 INFO tempest.lib.common.rest_client [req-e096ce9b-eef9-4a75-9b09-50361c96b5d1 req-e096ce9b-eef9-4a75-9b09-50361c96b5d1 ] Request (ServersAaction247Test:test_create_backup): 202 POST http://10.180.1.21/compute/v2.1/servers/f27770de-40f5-4d5a-8819-a62d8f9a320a/action 1.308s
2025-01-25 05:11:45.190 69056 INFO tempest.lib.common.rest_client [req-d11e73da-39af-4509-b534-1222aee1a7b2 req-d11e73da-39af-4509-b534-1222aee1a7b2 ] Request (HostsAdminNegativeTestJSON:test_update_host_without_param): 400 PUT http://10.180.1.21/compute/v2.1/os-hosts/devstack 0.819s
2025-01-25 05:11:45.292 69066 INFO tempest.lib.common.rest_client [req-ff395a3c-9fda-4155-b13e-4d9075522cb1 req-ff395a3c-9fda-4155-b13e-4d9075522cb1 ] Request (ServerDiagnosticsTest:test_get_server_diagnostics): 200 GET http://10.180.1.21/compute/v2.1/servers/d77191c5-8593-4730-8612-4877e059e7dc 0.887s
2025-01-25 05:11:45.310 69044 INFO tempest.lib.common.rest_client [req-286dec06-f72d-44cf-856c-f019af1f6613 req-286dec06-f72d-44cf-856c-f019af1f6613 ] Request (FlavorsAdminTestJSON:test_create_list_flavor_without_extra_data): 200 POST http://10.180.1.21/compute/v2.1/flavors 0.905s
2025-01-25 05:11:45.329 69054 INFO tempest.lib.common.rest_client [req-bffb040b-6c1f-4e84-b3b8-592059050c78 req-bffb040b-6c1f-4e84-b3b8-592059050c78 ] Request (FlavorsExtraSpecsNegativeTestJSON:tearDownClass): 202 DELETE http://10.180.1.21/compute/v2.1/flavors/1011923609 0.921s
2025-01-25 05:11:45.344 69086 INFO tempest.lib.common.rest_client [req-2d03cc85-55b3-4fd7-bcd9-cab1c96216f7 req-2d03cc85-55b3-4fd7-bcd9-cab1c96216f7 ] Request (ServersTestBootFromVolume:setUpClass): 200 GET http://10.180.1.21/volume/v3/volumes/b252e1e9-ae51-4313-aa11-72f5789980a6 0.028s
2025-01-25 05:11:45.355 69070 INFO tempest.lib.common.rest_client [req-e9852dda-68b6-4edd-aec4-a76acbdbe092 req-e9852dda-68b6-4edd-aec4-a76acbdbe092 ] Request (AggregatesAdminNegativeTestJSON:test_aggregate_add_non_exist_host): 404 POST http://10.180.1.21/compute/v2.1/os-aggregates/3/action 0.924s
2025-01-25 05:11:45.375 69034 INFO tempest.lib.common.rest_client [req-dabb8196-5b5a-44d5-bde9-377ae62bf16a req-dabb8196-5b5a-44d5-bde9-377ae62bf16a ] Request (HypervisorAdminV228Test:tearDownClass): 200 GET http://10.180.1.21:9696/networking/v2.0/security-groups?tenant_id=146be8b769724d98a20feb0b4ad587e0&name=default 0.431s
2025-01-25 05:11:45.458 69085 INFO tempest.lib.common.rest_client [req-b8c0ff48-0361-4547-9fc2-9ae79824f022 req-b8c0ff48-0361-4547-9fc2-9ae79824f022 ] Request (MigrationsAdminTest:test_list_migrations_in_flavor_resize_situation): 200 GET http://10.180.1.21/compute/v2.1/servers/495c8c6c-f90e-4a26-a248-0672e08df66a 1.021s
2025-01-25 05:11:45.466 69085 INFO tempest.common.waiters [-] State transition "BUILD/scheduling" ==> "BUILD/None" after 13 second wait
2025-01-25 05:11:45.468 69040 INFO tempest.lib.common.rest_client [req-a29e3cc0-e6cb-4aa3-b548-8f96acb71384 req-a29e3cc0-e6cb-4aa3-b548-8f96acb71384 ] Request (ValidationResourcesFixture:setUp): 201 POST http://10.180.1.21:9696/networking/v2.0/floatingips 1.193s
2025-01-25 05:11:45.539 69040 INFO tempest.lib.common.rest_client [req-8fe77659-dcc1-40c3-af8b-133240fd4fce req-8fe77659-dcc1-40c3-af8b-133240fd4fce ] Request (ServersWithSpecificFlavorTestJSON:test_verify_created_server_ephemeral_disk): 201 POST http://10.180.1.21/identity/v3/auth/tokens 0.067s
2025-01-25 05:11:45.539 69040 INFO tempest.lib.common.fixed_network [-] (ServersWithSpecificFlavorTestJSON:test_verify_created_server_ephemeral_disk) Found network {'id': 'cbdfed0b-f3c8-4ca8-8e07-a7dd9381b03f', 'name': 'tempest-ServersWithSpecificFlavorTestJSON-868239948-network', 'tenant_id': 'ca934e214e3447cb85b8a3d9ff8cb4e7', 'admin_state_up': True, 'mtu': 8950, 'status': 'ACTIVE', 'subnets': [], 'shared': False, 'project_id': 'ca934e214e3447cb85b8a3d9ff8cb4e7', 'port_security_enabled': True, 'router:external': False, 'provider:network_type': 'vlan', 'provider:physical_network': 'default', 'provider:segmentation_id': 685, 'availability_zone_hints': [], 'availability_zones': [], 'ipv4_address_scope': None, 'ipv6_address_scope': None, 'description': '', 'tags': [], 'created_at': '2025-01-25T05:11:18Z', 'updated_at': '2025-01-25T05:11:18Z', 'revision_number': 1} available for tenant
2025-01-25 05:11:45.636 69034 INFO tempest.lib.common.rest_client [req-4d596e94-bf84-4715-a800-822de44c3aea req-4d596e94-bf84-4715-a800-822de44c3aea ] Request (HypervisorAdminV228Test:tearDownClass): 204 DELETE http://10.180.1.21:9696/networking/v2.0/security-groups/34d38d43-2c6e-4dc1-a2f7-5bc1a306a0c4 0.260s
2025-01-25 05:11:45.708 69038 INFO tempest.lib.common.rest_client [req-5b9c6d29-fc93-44f4-b0f1-b30fed990c7c req-5b9c6d29-fc93-44f4-b0f1-b30fed990c7c ] Request (FloatingIPsTestJSON:test_allocate_floating_ip): 200 GET http://10.180.1.21/compute/v2.1/os-floating-ips 1.207s
2025-01-25 05:11:45.830 69034 INFO tempest.lib.common.rest_client [req-734b654c-fa91-467e-9a0b-be3ec31a4ec4 req-734b654c-fa91-467e-9a0b-be3ec31a4ec4 ] Request (HypervisorAdminV228Test:tearDownClass): 204 DELETE http://10.180.1.21/identity/v3/projects/146be8b769724d98a20feb0b4ad587e0 0.192s
2025-01-25 05:11:45.830 69034 INFO tempest.lib.common.dynamic_creds [-] Deleting project and security group for project: 91cc388283654b10a4e733322085fe1f
2025-01-25 05:11:45.916 69072 INFO tempest.lib.common.rest_client [req-395dc1d3-1b68-4bef-9c1f-d64ffe80dc84 req-395dc1d3-1b68-4bef-9c1f-d64ffe80dc84 ] Request (VolumesAdminNegativeTest:test_update_attached_volume_with_nonexistent_volume_in_body): 200 GET http://10.180.1.21/compute/v2.1/servers/9abafa57-9674-45f7-90cd-f80a8c80b567 1.412s
2025-01-25 05:11:45.945 69083 INFO tempest.lib.common.rest_client [req-0527e605-d487-43c6-9b97-cfc5813e84bf req-0527e605-d487-43c6-9b97-cfc5813e84bf ] Request (FlavorsAccessTestJSON:_run_cleanups): 200 GET http://10.180.1.21/compute/v2.1/flavors/detail 1.428s
2025-01-25 05:11:45.958 69058 INFO tempest.lib.common.rest_client [req-9700065d-78c2-461c-99d2-e1c13ab2d387 req-9700065d-78c2-461c-99d2-e1c13ab2d387 ] Request (FlavorsExtraSpecsTestJSON:test_flavor_set_get_update_show_unset_keys): 200 GET http://10.180.1.21/compute/v2.1/flavors/1638402656/os-extra_specs 1.421s
2025-01-25 05:11:46.063 69036 INFO tempest.lib.common.rest_client [req-0acde6b8-9508-4e9c-8470-96b60fb49237 req-0acde6b8-9508-4e9c-8470-96b60fb49237 ] Request (ServicesAdminNegativeTestJSON:test_list_services_with_non_admin_user): 403 GET http://10.180.1.21/compute/v2.1/os-services 1.499s
2025-01-25 05:11:46.077 69083 INFO tempest.lib.common.rest_client [req-fbd42e90-d73b-4582-b397-f06ce4eeb1ad req-fbd42e90-d73b-4582-b397-f06ce4eeb1ad ] Request (FlavorsAccessTestJSON:tearDownClass): 204 DELETE http://10.180.1.21/identity/v3/users/93abe10b6fd24fb1b5ad3a02365b1e21 0.125s
2025-01-25 05:11:46.087 69034 INFO tempest.lib.common.rest_client [req-3203149f-e168-4ef4-83a2-6efb21bf1b71 req-3203149f-e168-4ef4-83a2-6efb21bf1b71 ] Request (HypervisorAdminV228Test:tearDownClass): 200 GET http://10.180.1.21:9696/networking/v2.0/security-groups?tenant_id=91cc388283654b10a4e733322085fe1f&name=default 0.256s
2025-01-25 05:11:46.197 69083 INFO tempest.lib.common.rest_client [req-8ed33a20-1ef2-4a1e-8a72-f1d5dd853927 req-8ed33a20-1ef2-4a1e-8a72-f1d5dd853927 ] Request (FlavorsAccessTestJSON:tearDownClass): 204 DELETE http://10.180.1.21/identity/v3/users/40b3d1bfc0054024ad4444e8e7179d43 0.120s
2025-01-25 05:11:46.198 69083 INFO tempest.lib.common.dynamic_creds [-] Deleting project and security group for project: 9a1a585a38334e8dbf8e4f50cf474674
2025-01-25 05:11:46.208 69036 INFO tempest.lib.common.rest_client [req-35d33b82-a282-4182-8a04-7f65e0967b65 req-35d33b82-a282-4182-8a04-7f65e0967b65 ] Request (ServicesAdminNegativeTestJSON:tearDownClass): 204 DELETE http://10.180.1.21/identity/v3/users/d50ab6a0eacb4ffbb83623bec15e05e3 0.144s
2025-01-25 05:11:46.235 69068 INFO tempest.lib.common.rest_client [req-4e242deb-bda1-4922-9256-a459eee39dc4 req-4e242deb-bda1-4922-9256-a459eee39dc4 ] Request (FloatingIPDetailsTestJSON:tearDownClass): 202 DELETE http://10.180.1.21/compute/v2.1/os-floating-ips/56eca99e-80d1-46d7-97f6-6b2d7f9a3124 1.869s
2025-01-25 05:11:46.242 69046 INFO tempest.lib.common.rest_client [req-b66292ba-3d53-47dc-a591-b1ea11c1db75 req-b66292ba-3d53-47dc-a591-b1ea11c1db75 ] Request (HypervisorAdminNegativeTestJSON:test_show_nonexistent_hypervisor): 404 GET http://10.180.1.21/compute/v2.1/os-hypervisors/ae8ca756-3e25-4a76-bf7c-d3d6bfcc4366 1.668s
2025-01-25 05:11:46.295 69083 INFO tempest.lib.common.rest_client [req-1da1678a-2c11-41c4-9456-5390f04cdb1f req-1da1678a-2c11-41c4-9456-5390f04cdb1f ] Request (FlavorsAccessTestJSON:tearDownClass): 201 POST http://10.180.1.21/identity/v3/auth/tokens 0.097s
2025-01-25 05:11:46.357 69026 INFO tempest.lib.common.rest_client [req-a89b8d4e-d8ff-4031-bfd4-c87ffcdfa964 req-a89b8d4e-d8ff-4031-bfd4-c87ffcdfa964 ] Request (ListServersNegativeTestJSON:setUpClass): 200 GET http://10.180.1.21/compute/v2.1/servers/15f747f0-43c0-4580-ab1c-28eadade4b82 1.766s
2025-01-25 05:11:46.383 69050 INFO tempest.lib.common.rest_client [req-622948c0-9d6c-4b3a-b6d4-713f0d765853 req-622948c0-9d6c-4b3a-b6d4-713f0d765853 ] Request (QuotasAdminTestV236:test_get_updated_quotas): 200 GET http://10.180.1.21/compute/v2.1/os-quota-sets/36d0aaf33088411889a0a0ace5606a21/detail 1.810s
2025-01-25 05:11:46.385 69036 INFO tempest.lib.common.rest_client [req-7da2be11-96a7-43b2-bffa-5b27f2fb5267 req-7da2be11-96a7-43b2-bffa-5b27f2fb5267 ] Request (ServicesAdminNegativeTestJSON:tearDownClass): 204 DELETE http://10.180.1.21/identity/v3/users/81948e884c3e4a599d6314ef5707f913 0.176s
2025-01-25 05:11:46.385 69036 INFO tempest.lib.common.dynamic_creds [-] Deleting project and security group for project: 2ea31465ff9c450a8593c4853775ab33
2025-01-25 05:11:46.395 69086 INFO tempest.lib.common.rest_client [req-a6145b7d-c9f5-48d3-9d31-8d62968a2644 req-a6145b7d-c9f5-48d3-9d31-8d62968a2644 ] Request (ServersTestBootFromVolume:setUpClass): 200 GET http://10.180.1.21/volume/v3/volumes/b252e1e9-ae51-4313-aa11-72f5789980a6 0.043s
2025-01-25 05:11:46.470 69046 INFO tempest.lib.common.rest_client [req-c005bfbc-58c9-4ed5-9b59-630ac9fabc7e req-c005bfbc-58c9-4ed5-9b59-630ac9fabc7e ] Request (HypervisorAdminNegativeTestJSON:tearDownClass): 204 DELETE http://10.180.1.21/identity/v3/users/cef0f84583a84fb88a64f19c97367f7c 0.226s
2025-01-25 05:11:46.471 69028 INFO tempest.lib.common.rest_client [req-e8924e68-6e1b-4f1a-84a6-3863fc8b8fd5 req-e8924e68-6e1b-4f1a-84a6-3863fc8b8fd5 ] Request (DeleteServersAdminTestJSON:test_admin_delete_servers_of_others): 200 GET http://10.180.1.21/compute/v2.1/servers/048df8ed-3be9-430f-8ade-c3cabcb0f16c 1.844s
2025-01-25 05:11:46.472 69030 INFO tempest.lib.common.rest_client [req-633a5f10-4367-46d0-8ce6-f5654993f59c req-633a5f10-4367-46d0-8ce6-f5654993f59c ] Request (VolumesAssistedSnapshotsTest:test_volume_assisted_snapshot_create_delete): 200 GET http://10.180.1.21/compute/v2.1/servers/79d018cc-2400-4925-a09f-e0aaaa8b22db 1.769s
2025-01-25 05:11:46.516 69034 INFO tempest.lib.common.rest_client [req-5d40a284-7aba-4039-b406-562cc78c0bd5 req-5d40a284-7aba-4039-b406-562cc78c0bd5 ] Request (HypervisorAdminV228Test:tearDownClass): 204 DELETE http://10.180.1.21:9696/networking/v2.0/security-groups/52357ac9-ad36-406c-8cf0-f769e8717f35 0.429s
2025-01-25 05:11:46.526 69036 INFO tempest.lib.common.rest_client [req-dab40709-9d6b-4d20-8227-b7d71166a89a req-dab40709-9d6b-4d20-8227-b7d71166a89a ] Request (ServicesAdminNegativeTestJSON:tearDownClass): 201 POST http://10.180.1.21/identity/v3/auth/tokens 0.140s
2025-01-25 05:11:46.526 69088 INFO tempest.lib.common.rest_client [req-8af00d2a-fb90-42b1-b033-c110f26babc7 req-8af00d2a-fb90-42b1-b033-c110f26babc7 ] Request (SecurityGroupsNegativeTestJSON:setUpClass): 200 PUT http://10.180.1.21:9696/networking/v2.0/routers/c081f579-db3f-431e-a225-493f6ffb7f5d/add_router_interface 2.175s
