2025-01-25 05:13:44.275 69040 INFO tempest.lib.common.rest_client [req-7dbe7d73-f3c2-4205-a34b-700aa34aef04 req-7dbe7d73-f3c2-4205-a34b-700aa34aef04 ] Request (SecurityGroupsTestJSON:test_list_security_groups_by_server): 200 GET http://10.180.1.21/compute/v2.1/servers/d0c4095f-2d78-4055-b568-7e70e7c4c182 0.043s
2025-01-25 05:13:44.295 69038 INFO tempest.lib.common.rest_client [req-75ab9f9e-f691-4c32-82b4-1d56f4ec5810 req-75ab9f9e-f691-4c32-82b4-1d56f4ec5810 ] Request (ServersTestJSON:setUpClass): 200 GET http://10.180.1.21/compute/v2.1/servers/d3270b4a-2b81-41f5-a2af-5b7f441e4a2d 0.045s
2025-01-25 05:13:44.322 69052 INFO tempest.lib.common.rest_client [req-fa9a5514-93b0-4fca-a5d6-5cd4a2d9e165 req-fa9a5514-93b0-4fca-a5d6-5cd4a2d9e165 ] Request (DeleteServersTestJSON:test_delete_server_while_in_attached_volume): 200 GET http://10.180.1.21/compute/v2.1/servers/305aebbe-f983-4826-b8c0-9854458f7d48 0.047s
2025-01-25 05:13:44.341 69050 INFO tempest.lib.common.rest_client [req-f1078116-749d-4f4f-b57e-a9ec3d04ce6e req-f1078116-749d-4f4f-b57e-a9ec3d04ce6e ] Request (ServerActionsTestJSON:setUpClass): 200 GET http://10.180.1.21/compute/v2.1/servers/e11311ed-6804-4df4-a775-9060463ac927 0.042s
2025-01-25 05:13:44.348 69050 INFO tempest.common.waiters [-] State transition "BUILD/None" ==> "BUILD/networking" after 93 second wait
2025-01-25 05:13:44.419 69066 INFO tempest.lib.common.rest_client [req-f4eaae04-9125-4961-8bca-8fab345696dd req-f4eaae04-9125-4961-8bca-8fab345696dd ] Request (ServerRescueNegativeTestJSON:setUpClass): 200 GET http://10.180.1.21/compute/v2.1/servers/1874ad5f-2ae3-43ee-afcf-8f36dd2aa738 0.047s
2025-01-25 05:13:44.496 69042 INFO tempest.lib.common.rest_client [req-f0402d0c-ecf7-42de-b844-f18e9ae84f28 req-f0402d0c-ecf7-42de-b844-f18e9ae84f28 ] Request (InstanceActionsV221TestJSON:test_get_list_deleted_instance_actions): 200 GET http://10.180.1.21/compute/v2.1/servers/a64253fe-4ba9-4686-810b-a26a4c29631b 0.089s
2025-01-25 05:13:44.507 69072 INFO tempest.lib.common.rest_client [req-7bbcadf7-381f-491f-b639-332d051b7d0d req-7bbcadf7-381f-491f-b639-332d051b7d0d ] Request (VolumesAdminNegativeTest:test_update_attached_volume_with_nonexistent_volume_in_uri): 200 GET http://10.180.1.21/compute/v2.1/servers/acc78084-21e8-456c-a573-fc5e931147c6 0.053s
2025-01-25 05:13:44.544 69030 INFO tempest.lib.common.rest_client [req-bcd2bcb8-bcc4-4090-9111-8be2a7abfa1f req-bcd2bcb8-bcc4-4090-9111-8be2a7abfa1f ] Request (ServerMetadataNegativeTestJSON:setUpClass): 200 GET http://10.180.1.21/compute/v2.1/servers/37ae8e69-f953-4846-8a21-fed697ea575a 0.043s
2025-01-25 05:13:44.625 69062 INFO tempest.lib.common.rest_client [req-19e89e8d-419c-4b1d-8c26-e696aacf3992 req-19e89e8d-419c-4b1d-8c26-e696aacf3992 ] Request (ImagesTestJSON:test_create_image_from_stopped_server): 200 GET http://10.180.1.21/compute/v2.1/servers/41ec8810-3f17-4f59-9828-a4a2e873eab4 0.057s
2025-01-25 05:13:44.633 69088 INFO tempest.lib.common.rest_client [req-2c271632-ac75-4e8d-acb9-3d3da76a2b2b req-2c271632-ac75-4e8d-acb9-3d3da76a2b2b ] Request (AttachInterfacesTestJSON:test_create_list_show_delete_interfaces_by_fixed_ip): 200 GET http://10.180.1.21/compute/v2.1/servers/782e6663-202b-4ed0-8a1a-cc54f246143b 0.058s
2025-01-25 05:13:44.709 69032 INFO tempest.lib.common.rest_client [req-be244786-950f-4ba2-91db-8d766b101ad6 req-be244786-950f-4ba2-91db-8d766b101ad6 ] Request (ServerGroupTestJSON:test_create_server_with_scheduler_hint_group): 200 GET http://10.180.1.21/compute/v2.1/servers/c6de797f-03f7-4dca-9c6a-e7b840990be6 0.044s
2025-01-25 05:13:44.772 69074 INFO tempest.lib.common.rest_client [req-e37b5c4f-2f8e-4773-b1d9-959661496265 req-e37b5c4f-2f8e-4773-b1d9-959661496265 ] Request (ServersNegativeTestJSON:setUpClass): 200 GET http://10.180.1.21/compute/v2.1/servers/77d57f64-9bab-46f1-87b4-62bac5c5d2bd 0.047s
2025-01-25 05:13:44.795 69070 INFO tempest.lib.common.rest_client [req-06fcc7ef-2a4f-46e0-bc29-e14e7a61a409 req-06fcc7ef-2a4f-46e0-bc29-e14e7a61a409 ] Request (ServersAdmin275Test:test_rebuild_update_server_275): 200 GET http://10.180.1.21/compute/v2.1/servers/6f936641-750d-49ae-8beb-bca35305d10d 0.053s
2025-01-25 05:13:44.854 69058 INFO tempest.lib.common.rest_client [req-3770d711-ec64-4fc5-b620-abbe19a0b1ab req-3770d711-ec64-4fc5-b620-abbe19a0b1ab ] Request (ServersTestMultiNic:test_verify_duplicate_network_nics): 200 GET http://10.180.1.21/compute/v2.1/servers/2106a09b-554e-41dd-aa3a-c190b62d0afc 0.049s
2025-01-25 05:13:44.937 69028 INFO tempest.lib.common.rest_client [req-573fc679-a3d0-4f87-80a7-86fd4285d26b req-573fc679-a3d0-4f87-80a7-86fd4285d26b ] Request (DeleteServersAdminTestJSON:test_delete_server_while_in_error_state): 200 GET http://10.180.1.21/compute/v2.1/servers/793da91d-461a-465b-b9a3-c5fa0f5b877d 0.057s
2025-01-25 05:13:44.944 69034 INFO tempest.lib.common.rest_client [req-4fb954ce-1152-44c5-a83a-1abc3b6d358c req-4fb954ce-1152-44c5-a83a-1abc3b6d358c ] Request (ServersTestManualDisk:setUpClass): 200 GET http://10.180.1.21/compute/v2.1/servers/a19b7959-df3c-47e8-b920-edfe82c36489 0.060s
2025-01-25 05:13:45.086 69080 INFO tempest.lib.common.rest_client [req-a430bb94-f7bb-4bbd-93b1-f87a7861681c req-a430bb94-f7bb-4bbd-93b1-f87a7861681c ] Request (ServerActionsTestOtherA:setUpClass): 200 GET http://10.180.1.21/compute/v2.1/servers/100c3541-3af3-4d3c-8060-2235f18f51e4 0.053s
2025-01-25 05:13:45.091 69085 INFO tempest.lib.common.rest_client [req-e10bf4db-2713-46dd-98a9-7b8a0c1cf28f req-e10bf4db-2713-46dd-98a9-7b8a0c1cf28f ] Request (MigrationsAdminTest:test_resize_server_revert_deleted_flavor): 200 GET http://10.180.1.21/compute/v2.1/servers/fd7ba11a-18d1-4f96-a445-eedce740b0c3 0.052s
2025-01-25 05:13:45.134 69076 INFO tempest.lib.common.rest_client [req-9e084af6-ce8a-4b4d-84c9-73e37b957f9a req-9e084af6-ce8a-4b4d-84c9-73e37b957f9a ] Request (ServerAddressesNegativeTestJSON:setUpClass): 200 GET http://10.180.1.21/compute/v2.1/servers/c1e107cd-5c03-405f-bdae-3281dc4844d5 0.055s
2025-01-25 05:13:45.141 69068 INFO tempest.lib.common.rest_client [req-5d6fbeea-eda9-4477-9833-eca0ab962c0c req-5d6fbeea-eda9-4477-9833-eca0ab962c0c ] Request (ImagesOneServerNegativeTestJSON:setUpClass): 200 GET http://10.180.1.21/compute/v2.1/servers/c2923fdc-562c-4c5f-90b4-fcc76a2b7f7f 0.055s
2025-01-25 05:13:45.233 69044 INFO tempest.lib.common.rest_client [req-1fcd493b-77a8-40d7-bbe6-5a548f7f980b req-1fcd493b-77a8-40d7-bbe6-5a548f7f980b ] Request (InstanceActionsTestJSON:setUpClass): 200 GET http://10.180.1.21/compute/v2.1/servers/5cf1f620-d0da-4e81-8d1f-e881c47dcad1 0.056s
2025-01-25 05:13:45.261 69046 INFO tempest.lib.common.rest_client [req-6d72de97-a3fc-4ca7-a959-b54d4262787c req-6d72de97-a3fc-4ca7-a959-b54d4262787c ] Request (ServersAdminTestJSON:setUpClass): 200 GET http://10.180.1.21/compute/v2.1/servers/6eb92420-57b1-4a7d-973f-10cd47be0416 0.062s
2025-01-25 05:13:45.289 69086 INFO tempest.lib.common.rest_client [req-2483de7b-5ffb-45db-b885-d4c36081b3d7 req-2483de7b-5ffb-45db-b885-d4c36081b3d7 ] Request (ServerDiskConfigTestJSON:test_rebuild_server_with_auto_disk_config): 200 GET http://10.180.1.21/compute/v2.1/servers/8361611a-ad16-43ef-94e0-f2e7e9851682 0.071s
2025-01-25 05:13:45.305 69054 INFO tempest.lib.common.rest_client [req-45437d67-ca5f-4c38-8051-6ef721e06495 req-45437d67-ca5f-4c38-8051-6ef721e06495 ] Request (ServersTestJSON:test_create_server_specify_multibyte_character_name): 200 GET http://10.180.1.21/compute/v2.1/servers/7d241bf8-6f7a-467f-9640-a9819d5cca72 0.061s
2025-01-25 05:13:45.340 69056 INFO tempest.lib.common.rest_client [req-e9a765bf-9d7a-4011-bdd4-26a033b05597 req-e9a765bf-9d7a-4011-bdd4-26a033b05597 ] Request (AttachInterfacesUnderV243Test:test_add_remove_fixed_ip): 200 GET http://10.180.1.21/compute/v2.1/servers/7969485a-ccd6-48e0-bdea-b8920af28843 0.080s
2025-01-25 05:13:45.355 69040 INFO tempest.lib.common.rest_client [req-29ef4690-d1a7-4c20-8db0-ac8fa55d2650 req-29ef4690-d1a7-4c20-8db0-ac8fa55d2650 ] Request (SecurityGroupsTestJSON:test_list_security_groups_by_server): 200 GET http://10.180.1.21/compute/v2.1/servers/d0c4095f-2d78-4055-b568-7e70e7c4c182 0.073s
2025-01-25 05:13:45.379 69038 INFO tempest.lib.common.rest_client [req-6e8f6527-4398-4551-a3ad-2d0c0e82c24b req-6e8f6527-4398-4551-a3ad-2d0c0e82c24b ] Request (ServersTestJSON:setUpClass): 200 GET http://10.180.1.21/compute/v2.1/servers/d3270b4a-2b81-41f5-a2af-5b7f441e4a2d 0.077s
2025-01-25 05:13:45.412 69052 INFO tempest.lib.common.rest_client [req-439e79c7-e81a-4154-a6d9-3ae811c253ed req-439e79c7-e81a-4154-a6d9-3ae811c253ed ] Request (DeleteServersTestJSON:test_delete_server_while_in_attached_volume): 200 GET http://10.180.1.21/compute/v2.1/servers/305aebbe-f983-4826-b8c0-9854458f7d48 0.083s
2025-01-25 05:13:45.489 69066 INFO tempest.lib.common.rest_client [req-700f1172-0fa5-40d3-a551-24c9ae99c885 req-700f1172-0fa5-40d3-a551-24c9ae99c885 ] Request (ServerRescueNegativeTestJSON:setUpClass): 200 GET http://10.180.1.21/compute/v2.1/servers/1874ad5f-2ae3-43ee-afcf-8f36dd2aa738 0.063s
2025-01-25 05:13:45.520 69050 INFO tempest.lib.common.rest_client [req-53bc94ce-a089-4f23-8b12-c9e70d65f06f req-53bc94ce-a089-4f23-8b12-c9e70d65f06f ] Request (ServerActionsTestJSON:setUpClass): 200 GET http://10.180.1.21/compute/v2.1/servers/e11311ed-6804-4df4-a775-9060463ac927 0.171s
2025-01-25 05:13:45.527 69050 INFO tempest.common.waiters [-] State transition "BUILD/networking" ==> "BUILD/block_device_mapping" after 94 second wait
2025-01-25 05:13:45.558 69042 INFO tempest.lib.common.rest_client [req-44ce61f0-590f-4f0d-b307-f239c5905105 req-44ce61f0-590f-4f0d-b307-f239c5905105 ] Request (InstanceActionsV221TestJSON:test_get_list_deleted_instance_actions): 200 GET http://10.180.1.21/compute/v2.1/servers/a64253fe-4ba9-4686-810b-a26a4c29631b 0.053s
2025-01-25 05:13:45.567 69072 INFO tempest.lib.common.rest_client [req-1e3b4b6c-f84c-426a-808d-5ee8810bf768 req-1e3b4b6c-f84c-426a-808d-5ee8810bf768 ] Request (VolumesAdminNegativeTest:test_update_attached_volume_with_nonexistent_volume_in_uri): 200 GET http://10.180.1.21/compute/v2.1/servers/acc78084-21e8-456c-a573-fc5e931147c6 0.052s
2025-01-25 05:13:45.599 69030 INFO tempest.lib.common.rest_client [req-1f459736-98f7-4321-a478-504fa8498236 req-1f459736-98f7-4321-a478-504fa8498236 ] Request (ServerMetadataNegativeTestJSON:setUpClass): 200 GET http://10.180.1.21/compute/v2.1/servers/37ae8e69-f953-4846-8a21-fed697ea575a 0.048s
2025-01-25 05:13:45.687 69088 INFO tempest.lib.common.rest_client [req-8ef67fd6-818a-4142-8843-10be514bc25c req-8ef67fd6-818a-4142-8843-10be514bc25c ] Request (AttachInterfacesTestJSON:test_create_list_show_delete_interfaces_by_fixed_ip): 200 GET http://10.180.1.21/compute/v2.1/servers/782e6663-202b-4ed0-8a1a-cc54f246143b 0.046s
2025-01-25 05:13:45.688 69062 INFO tempest.lib.common.rest_client [req-03b6615d-0344-435f-bb82-737e99035c94 req-03b6615d-0344-435f-bb82-737e99035c94 ] Request (ImagesTestJSON:test_create_image_from_stopped_server): 200 GET http://10.180.1.21/compute/v2.1/servers/41ec8810-3f17-4f59-9828-a4a2e873eab4 0.055s
2025-01-25 05:13:45.765 69032 INFO tempest.lib.common.rest_client [req-ef26a238-c99f-4409-9d54-eb9cfc2021d2 req-ef26a238-c99f-4409-9d54-eb9cfc2021d2 ] Request (ServerGroupTestJSON:test_create_server_with_scheduler_hint_group): 200 GET http://10.180.1.21/compute/v2.1/servers/c6de797f-03f7-4dca-9c6a-e7b840990be6 0.048s
2025-01-25 05:13:45.826 69074 INFO tempest.lib.common.rest_client [req-eac9b236-4792-44c7-a62f-32c218fef0f6 req-eac9b236-4792-44c7-a62f-32c218fef0f6 ] Request (ServersNegativeTestJSON:setUpClass): 200 GET http://10.180.1.21/compute/v2.1/servers/77d57f64-9bab-46f1-87b4-62bac5c5d2bd 0.046s
2025-01-25 05:13:45.854 69070 INFO tempest.lib.common.rest_client [req-00033e3b-5e6c-4a76-9c28-9e8a92b1fc48 req-00033e3b-5e6c-4a76-9c28-9e8a92b1fc48 ] Request (ServersAdmin275Test:test_rebuild_update_server_275): 200 GET http://10.180.1.21/compute/v2.1/servers/6f936641-750d-49ae-8beb-bca35305d10d 0.048s
2025-01-25 05:13:45.906 69058 INFO tempest.lib.common.rest_client [req-f9dc80ed-f5c8-4f46-a95d-e1eb8d1f5f9a req-f9dc80ed-f5c8-4f46-a95d-e1eb8d1f5f9a ] Request (ServersTestMultiNic:test_verify_duplicate_network_nics): 200 GET http://10.180.1.21/compute/v2.1/servers/2106a09b-554e-41dd-aa3a-c190b62d0afc 0.043s
2025-01-25 05:13:46.004 69028 INFO tempest.lib.common.rest_client [req-b7479ac4-b528-425c-937c-d578bd2f4a32 req-b7479ac4-b528-425c-937c-d578bd2f4a32 ] Request (DeleteServersAdminTestJSON:test_delete_server_while_in_error_state): 200 GET http://10.180.1.21/compute/v2.1/servers/793da91d-461a-465b-b9a3-c5fa0f5b877d 0.058s
2025-01-25 05:13:46.005 69034 INFO tempest.lib.common.rest_client [req-62d25098-1f6b-4de0-b4df-7a87b22f57e8 req-62d25098-1f6b-4de0-b4df-7a87b22f57e8 ] Request (ServersTestManualDisk:setUpClass): 200 GET http://10.180.1.21/compute/v2.1/servers/a19b7959-df3c-47e8-b920-edfe82c36489 0.053s
2025-01-25 05:13:46.143 69080 INFO tempest.lib.common.rest_client [req-7ff6d9d6-6e7f-4c94-9a2f-342d91621eb5 req-7ff6d9d6-6e7f-4c94-9a2f-342d91621eb5 ] Request (ServerActionsTestOtherA:setUpClass): 200 GET http://10.180.1.21/compute/v2.1/servers/100c3541-3af3-4d3c-8060-2235f18f51e4 0.049s
2025-01-25 05:13:46.149 69085 INFO tempest.lib.common.rest_client [req-4748c58c-bd5b-472b-99e3-7d93eaa4b58f req-4748c58c-bd5b-472b-99e3-7d93eaa4b58f ] Request (MigrationsAdminTest:test_resize_server_revert_deleted_flavor): 200 GET http://10.180.1.21/compute/v2.1/servers/fd7ba11a-18d1-4f96-a445-eedce740b0c3 0.048s
2025-01-25 05:13:46.183 69076 INFO tempest.lib.common.rest_client [req-9b1c7eb0-6b9c-45f8-866c-6d79928d17f0 req-9b1c7eb0-6b9c-45f8-866c-6d79928d17f0 ] Request (ServerAddressesNegativeTestJSON:setUpClass): 200 GET http://10.180.1.21/compute/v2.1/servers/c1e107cd-5c03-405f-bdae-3281dc4844d5 0.041s
2025-01-25 05:13:46.194 69068 INFO tempest.lib.common.rest_client [req-2aae7d11-3a01-46b9-8f8d-8fb83281cbd4 req-2aae7d11-3a01-46b9-8f8d-8fb83281cbd4 ] Request (ImagesOneServerNegativeTestJSON:setUpClass): 200 GET http://10.180.1.21/compute/v2.1/servers/c2923fdc-562c-4c5f-90b4-fcc76a2b7f7f 0.044s
2025-01-25 05:13:46.430 69044 INFO tempest.lib.common.rest_client [req-4b24eb96-964e-47b3-8b37-0e4f30af04f8 req-4b24eb96-964e-47b3-8b37-0e4f30af04f8 ] Request (InstanceActionsTestJSON:setUpClass): 200 GET http://10.180.1.21/compute/v2.1/servers/5cf1f620-d0da-4e81-8d1f-e881c47dcad1 0.186s
2025-01-25 05:13:46.441 69046 INFO tempest.lib.common.rest_client [req-283e0bc4-78db-458a-bb8c-5a69dfaf3154 req-283e0bc4-78db-458a-bb8c-5a69dfaf3154 ] Request (ServersAdminTestJSON:setUpClass): 200 GET http://10.180.1.21/compute/v2.1/servers/6eb92420-57b1-4a7d-973f-10cd47be0416 0.171s
2025-01-25 05:13:46.484 69086 INFO tempest.lib.common.rest_client [req-b27cf7f1-f72c-478c-a9e0-affb45dba423 req-b27cf7f1-f72c-478c-a9e0-affb45dba423 ] Request (ServerDiskConfigTestJSON:test_rebuild_server_with_auto_disk_config): 200 GET http://10.180.1.21/compute/v2.1/servers/8361611a-ad16-43ef-94e0-f2e7e9851682 0.183s
2025-01-25 05:13:46.488 69054 INFO tempest.lib.common.rest_client [req-d7500217-8cd0-4d38-8fd3-ce6c09ce3bab req-d7500217-8cd0-4d38-8fd3-ce6c09ce3bab ] Request (ServersTestJSON:test_create_server_specify_multibyte_character_name): 200 GET http://10.180.1.21/compute/v2.1/servers/7d241bf8-6f7a-467f-9640-a9819d5cca72 0.174s
2025-01-25 05:13:46.536 69056 INFO tempest.lib.common.rest_client [req-4429b5b1-6be1-4c3d-9980-bd03567536fc req-4429b5b1-6be1-4c3d-9980-bd03567536fc ] Request (AttachInterfacesUnderV243Test:test_add_remove_fixed_ip): 200 GET http://10.180.1.21/compute/v2.1/servers/7969485a-ccd6-48e0-bdea-b8920af28843 0.187s
2025-01-25 05:13:46.541 69040 INFO tempest.lib.common.rest_client [req-8917129c-d96a-4d60-a2df-7a0d6624cb17 req-8917129c-d96a-4d60-a2df-7a0d6624cb17 ] Request (SecurityGroupsTestJSON:test_list_security_groups_by_server): 200 GET http://10.180.1.21/compute/v2.1/servers/d0c4095f-2d78-4055-b568-7e70e7c4c182 0.173s
2025-01-25 05:13:46.588 69038 INFO tempest.lib.common.rest_client [req-2f5a4173-2cb6-457c-9ec6-245bb5126dc0 req-2f5a4173-2cb6-457c-9ec6-245bb5126dc0 ] Request (ServersTestJSON:setUpClass): 200 GET http://10.180.1.21/compute/v2.1/servers/d3270b4a-2b81-41f5-a2af-5b7f441e4a2d 0.201s
2025-01-25 05:13:46.594 69052 INFO tempest.lib.common.rest_client [req-ba0ac6fb-ef06-47b5-80f3-787550b7d48c req-ba0ac6fb-ef06-47b5-80f3-787550b7d48c ] Request (DeleteServersTestJSON:test_delete_server_while_in_attached_volume): 200 GET http://10.180.1.21/compute/v2.1/servers/305aebbe-f983-4826-b8c0-9854458f7d48 0.170s
2025-01-25 05:13:46.595 69038 INFO tempest.common.waiters [-] State transition "BUILD/None" ==> "BUILD/networking" after 94 second wait
2025-01-25 05:13:46.636 69066 INFO tempest.lib.common.rest_client [req-6a578242-085c-4372-a497-77a876193dde req-6a578242-085c-4372-a497-77a876193dde ] Request (ServerRescueNegativeTestJSON:setUpClass): 200 GET http://10.180.1.21/compute/v2.1/servers/1874ad5f-2ae3-43ee-afcf-8f36dd2aa738 0.140s
2025-01-25 05:13:46.640 69050 INFO tempest.lib.common.rest_client [req-c8ec4e01-dc1d-4be7-a682-5949ac828cb1 req-c8ec4e01-dc1d-4be7-a682-5949ac828cb1 ] Request (ServerActionsTestJSON:setUpClass): 200 GET http://10.180.1.21/compute/v2.1/servers/e11311ed-6804-4df4-a775-9060463ac927 0.111s
2025-01-25 05:13:46.647 69050 INFO tempest.common.waiters [-] State transition "BUILD/block_device_mapping" ==> "BUILD/spawning" after 95 second wait
2025-01-25 05:13:46.682 69042 INFO tempest.lib.common.rest_client [req-94b20946-ac36-494e-8e35-5780561b5c7b req-94b20946-ac36-494e-8e35-5780561b5c7b ] Request (InstanceActionsV221TestJSON:test_get_list_deleted_instance_actions): 200 GET http://10.180.1.21/compute/v2.1/servers/a64253fe-4ba9-4686-810b-a26a4c29631b 0.114s
2025-01-25 05:13:46.687 69072 INFO tempest.lib.common.rest_client [req-88b02597-8f0e-42bf-b44b-349d3c102c77 req-88b02597-8f0e-42bf-b44b-349d3c102c77 ] Request (VolumesAdminNegativeTest:test_update_attached_volume_with_nonexistent_volume_in_uri): 200 GET http://10.180.1.21/compute/v2.1/servers/acc78084-21e8-456c-a573-fc5e931147c6 0.112s
2025-01-25 05:13:46.724 69030 INFO tempest.lib.common.rest_client [req-c678c992-32e8-4938-bec5-3faca521a341 req-c678c992-32e8-4938-bec5-3faca521a341 ] Request (ServerMetadataNegativeTestJSON:setUpClass): 200 GET http://10.180.1.21/compute/v2.1/servers/37ae8e69-f953-4846-8a21-fed697ea575a 0.117s
2025-01-25 05:13:46.736 69088 INFO tempest.lib.common.rest_client [req-473ca610-2a6d-4764-8601-712c1777738e req-473ca610-2a6d-4764-8601-712c1777738e ] Request (AttachInterfacesTestJSON:test_create_list_show_delete_interfaces_by_fixed_ip): 200 GET http://10.180.1.21/compute/v2.1/servers/782e6663-202b-4ed0-8a1a-cc54f246143b 0.042s
2025-01-25 05:13:46.763 69062 INFO tempest.lib.common.rest_client [req-b6879e28-7096-4329-bfa1-64769da3ced8 req-b6879e28-7096-4329-bfa1-64769da3ced8 ] Request (ImagesTestJSON:test_create_image_from_stopped_server): 200 GET http://10.180.1.21/compute/v2.1/servers/41ec8810-3f17-4f59-9828-a4a2e873eab4 0.067s
2025-01-25 05:13:46.817 69032 INFO tempest.lib.common.rest_client [req-a46faed6-fb3f-44e8-8c15-c502207b4af5 req-a46faed6-fb3f-44e8-8c15-c502207b4af5 ] Request (ServerGroupTestJSON:test_create_server_with_scheduler_hint_group): 200 GET http://10.180.1.21/compute/v2.1/servers/c6de797f-03f7-4dca-9c6a-e7b840990be6 0.045s
2025-01-25 05:13:46.876 69074 INFO tempest.lib.common.rest_client [req-089d3ea3-0241-4163-97c3-c10d16bf1999 req-089d3ea3-0241-4163-97c3-c10d16bf1999 ] Request (ServersNegativeTestJSON:setUpClass): 200 GET http://10.180.1.21/compute/v2.1/servers/77d57f64-9bab-46f1-87b4-62bac5c5d2bd 0.042s
2025-01-25 05:13:46.918 69070 INFO tempest.lib.common.rest_client [req-1d9fbe7d-0bbd-4fe6-b536-f8bd95447a15 req-1d9fbe7d-0bbd-4fe6-b536-f8bd95447a15 ] Request (ServersAdmin275Test:test_rebuild_update_server_275): 200 GET http://10.180.1.21/compute/v2.1/servers/6f936641-750d-49ae-8beb-bca35305d10d 0.053s
2025-01-25 05:13:46.958 69058 INFO tempest.lib.common.rest_client [req-f1db642a-c2ad-4be9-96db-8122f31f7940 req-f1db642a-c2ad-4be9-96db-8122f31f7940 ] Request (ServersTestMultiNic:test_verify_duplicate_network_nics): 200 GET http://10.180.1.21/compute/v2.1/servers/2106a09b-554e-41dd-aa3a-c190b62d0afc 0.045s
2025-01-25 05:13:47.072 69028 INFO tempest.lib.common.rest_client [req-9ae638cd-eec5-417c-841d-b647c0d1556e req-9ae638cd-eec5-417c-841d-b647c0d1556e ] Request (DeleteServersAdminTestJSON:test_delete_server_while_in_error_state): 200 GET http://10.180.1.21/compute/v2.1/servers/793da91d-461a-465b-b9a3-c5fa0f5b877d 0.060s
2025-01-25 05:13:47.073 69034 INFO tempest.lib.common.rest_client [req-30d89d7f-6499-44ec-91c4-1b0f760ba894 req-30d89d7f-6499-44ec-91c4-1b0f760ba894 ] Request (ServersTestManualDisk:setUpClass): 200 GET http://10.180.1.21/compute/v2.1/servers/a19b7959-df3c-47e8-b920-edfe82c36489 0.061s
2025-01-25 05:13:47.198 69080 INFO tempest.lib.common.rest_client [req-3969f59e-0cf2-4e6b-a371-f39394d5a830 req-3969f59e-0cf2-4e6b-a371-f39394d5a830 ] Request (ServerActionsTestOtherA:setUpClass): 200 GET http://10.180.1.21/compute/v2.1/servers/100c3541-3af3-4d3c-8060-2235f18f51e4 0.047s
2025-01-25 05:13:47.208 69085 INFO tempest.lib.common.rest_client [req-d8a1232d-bc55-4e7e-ac4e-3577a8d37bf1 req-d8a1232d-bc55-4e7e-ac4e-3577a8d37bf1 ] Request (MigrationsAdminTest:test_resize_server_revert_deleted_flavor): 200 GET http://10.180.1.21/compute/v2.1/servers/fd7ba11a-18d1-4f96-a445-eedce740b0c3 0.051s
2025-01-25 05:13:47.239 69076 INFO tempest.lib.common.rest_client [req-8eef379b-7635-4046-b84e-f575e0821281 req-8eef379b-7635-4046-b84e-f575e0821281 ] Request (ServerAddressesNegativeTestJSON:setUpClass): 200 GET http://10.180.1.21/compute/v2.1/servers/c1e107cd-5c03-405f-bdae-3281dc4844d5 0.048s
2025-01-25 05:13:47.254 69068 INFO tempest.lib.common.rest_client [req-bcf662b8-d48f-4312-9e11-a6dd6dc7bc9a req-bcf662b8-d48f-4312-9e11-a6dd6dc7bc9a ] Request (ImagesOneServerNegativeTestJSON:setUpClass): 200 GET http://10.180.1.21/compute/v2.1/servers/c2923fdc-562c-4c5f-90b4-fcc76a2b7f7f 0.052s
2025-01-25 05:13:47.492 69044 INFO tempest.lib.common.rest_client [req-8a272dfb-1356-405a-9212-7834628e724c req-8a272dfb-1356-405a-9212-7834628e724c ] Request (InstanceActionsTestJSON:setUpClass): 200 GET http://10.180.1.21/compute/v2.1/servers/5cf1f620-d0da-4e81-8d1f-e881c47dcad1 0.054s
2025-01-25 05:13:47.501 69046 INFO tempest.lib.common.rest_client [req-422f90bb-f915-443f-97e7-a2001ea6f6fd req-422f90bb-f915-443f-97e7-a2001ea6f6fd ] Request (ServersAdminTestJSON:setUpClass): 200 GET http://10.180.1.21/compute/v2.1/servers/6eb92420-57b1-4a7d-973f-10cd47be0416 0.053s
2025-01-25 05:13:47.549 69054 INFO tempest.lib.common.rest_client [req-a97e06b4-b19e-49de-ac6b-306d82284538 req-a97e06b4-b19e-49de-ac6b-306d82284538 ] Request (ServersTestJSON:test_create_server_specify_multibyte_character_name): 200 GET http://10.180.1.21/compute/v2.1/servers/7d241bf8-6f7a-467f-9640-a9819d5cca72 0.050s
2025-01-25 05:13:47.559 69086 INFO tempest.lib.common.rest_client [req-54e90bbf-6703-4a38-aa59-d4aa9087b9a2 req-54e90bbf-6703-4a38-aa59-d4aa9087b9a2 ] Request (ServerDiskConfigTestJSON:test_rebuild_server_with_auto_disk_config): 200 GET http://10.180.1.21/compute/v2.1/servers/8361611a-ad16-43ef-94e0-f2e7e9851682 0.068s
2025-01-25 05:13:47.604 69056 INFO tempest.lib.common.rest_client [req-f3305a0d-95b8-4ecb-828d-779da548c381 req-f3305a0d-95b8-4ecb-828d-779da548c381 ] Request (AttachInterfacesUnderV243Test:test_add_remove_fixed_ip): 200 GET http://10.180.1.21/compute/v2.1/servers/7969485a-ccd6-48e0-bdea-b8920af28843 0.061s
2025-01-25 05:13:47.610 69040 INFO tempest.lib.common.rest_client [req-e01caebf-aaee-4f76-a5c9-f4a8d8e5efaa req-e01caebf-aaee-4f76-a5c9-f4a8d8e5efaa ] Request (SecurityGroupsTestJSON:test_list_security_groups_by_server): 200 GET http://10.180.1.21/compute/v2.1/servers/d0c4095f-2d78-4055-b568-7e70e7c4c182 0.059s
2025-01-25 05:13:47.668 69052 INFO tempest.lib.common.rest_client [req-ce59819f-73fc-4b23-97d5-48f2791f39a5 req-ce59819f-73fc-4b23-97d5-48f2791f39a5 ] Request (DeleteServersTestJSON:test_delete_server_while_in_attached_volume): 200 GET http://10.180.1.21/compute/v2.1/servers/305aebbe-f983-4826-b8c0-9854458f7d48 0.067s
2025-01-25 05:13:47.733 69066 INFO tempest.lib.common.rest_client [req-bc2be91e-3b58-4293-b9e6-eefc32aca3e2 req-bc2be91e-3b58-4293-b9e6-eefc32aca3e2 ] Request (ServerRescueNegativeTestJSON:setUpClass): 200 GET http://10.180.1.21/compute/v2.1/servers/1874ad5f-2ae3-43ee-afcf-8f36dd2aa738 0.090s
2025-01-25 05:13:47.756 69038 INFO tempest.lib.common.rest_client [req-5549e46a-9c84-4219-bbed-a93520d80a36 req-5549e46a-9c84-4219-bbed-a93520d80a36 ] Request (ServersTestJSON:setUpClass): 200 GET http://10.180.1.21/compute/v2.1/servers/d3270b4a-2b81-41f5-a2af-5b7f441e4a2d 0.160s
2025-01-25 05:13:47.762 69038 INFO tempest.common.waiters [-] State transition "BUILD/networking" ==> "BUILD/block_device_mapping" after 95 second wait
2025-01-25 05:13:47.784 69050 INFO tempest.lib.common.rest_client [req-5bd37a48-ba63-43e1-a14d-8c5650c2e97a req-5bd37a48-ba63-43e1-a14d-8c5650c2e97a ] Request (ServerActionsTestJSON:setUpClass): 200 GET http://10.180.1.21/compute/v2.1/servers/e11311ed-6804-4df4-a775-9060463ac927 0.136s
2025-01-25 05:13:47.801 69042 INFO tempest.lib.common.rest_client [req-67d63377-4086-4741-b9fa-e580c99fcedf req-67d63377-4086-4741-b9fa-e580c99fcedf ] Request (InstanceActionsV221TestJSON:test_get_list_deleted_instance_actions): 200 GET http://10.180.1.21/compute/v2.1/servers/a64253fe-4ba9-4686-810b-a26a4c29631b 0.109s
2025-01-25 05:13:47.829 69072 INFO tempest.lib.common.rest_client [req-5cd2cd82-bd85-4189-ba36-c16a41ad06d5 req-5cd2cd82-bd85-4189-ba36-c16a41ad06d5 ] Request (VolumesAdminNegativeTest:test_update_attached_volume_with_nonexistent_volume_in_uri): 200 GET http://10.180.1.21/compute/v2.1/servers/acc78084-21e8-456c-a573-fc5e931147c6 0.134s
2025-01-25 05:13:47.847 69030 INFO tempest.lib.common.rest_client [req-526682ef-af61-4e35-b756-61ea26feaeac req-526682ef-af61-4e35-b756-61ea26feaeac ] Request (ServerMetadataNegativeTestJSON:setUpClass): 200 GET http://10.180.1.21/compute/v2.1/servers/37ae8e69-f953-4846-8a21-fed697ea575a 0.116s
2025-01-25 05:13:47.873 69088 INFO tempest.lib.common.rest_client [req-9f564537-933a-402a-aabc-e8cbba5f7ca0 req-9f564537-933a-402a-aabc-e8cbba5f7ca0 ] Request (AttachInterfacesTestJSON:test_create_list_show_delete_interfaces_by_fixed_ip): 200 GET http://10.180.1.21/compute/v2.1/servers/782e6663-202b-4ed0-8a1a-cc54f246143b 0.129s
2025-01-25 05:13:47.890 69062 INFO tempest.lib.common.rest_client [req-405ee4ea-0044-46b0-b8b2-37b9a7344752 req-405ee4ea-0044-46b0-b8b2-37b9a7344752 ] Request (ImagesTestJSON:test_create_image_from_stopped_server): 200 GET http://10.180.1.21/compute/v2.1/servers/41ec8810-3f17-4f59-9828-a4a2e873eab4 0.119s
2025-01-25 05:13:47.916 69032 INFO tempest.lib.common.rest_client [req-3fc71be9-b4bf-47d6-89ab-0de03b47a62c req-3fc71be9-b4bf-47d6-89ab-0de03b47a62c ] Request (ServerGroupTestJSON:test_create_server_with_scheduler_hint_group): 200 GET http://10.180.1.21/compute/v2.1/servers/c6de797f-03f7-4dca-9c6a-e7b840990be6 0.091s
2025-01-25 05:13:47.934 69074 INFO tempest.lib.common.rest_client [req-f821b782-571b-491f-8044-63d8e63459fc req-f821b782-571b-491f-8044-63d8e63459fc ] Request (ServersNegativeTestJSON:setUpClass): 200 GET http://10.180.1.21/compute/v2.1/servers/77d57f64-9bab-46f1-87b4-62bac5c5d2bd 0.049s
2025-01-25 05:13:47.984 69070 INFO tempest.lib.common.rest_client [req-11d3762a-ca3f-485c-9382-075fee7f858d req-11d3762a-ca3f-485c-9382-075fee7f858d ] Request (ServersAdmin275Test:test_rebuild_update_server_275): 200 GET http://10.180.1.21/compute/v2.1/servers/6f936641-750d-49ae-8beb-bca35305d10d 0.055s
2025-01-25 05:13:48.015 69058 INFO tempest.lib.common.rest_client [req-d890b0c9-f53f-4a41-bf01-1001788e3531 req-d890b0c9-f53f-4a41-bf01-1001788e3531 ] Request (ServersTestMultiNic:test_verify_duplicate_network_nics): 200 GET http://10.180.1.21/compute/v2.1/servers/2106a09b-554e-41dd-aa3a-c190b62d0afc 0.049s
2025-01-25 05:13:48.136 69034 INFO tempest.lib.common.rest_client [req-2b05e700-248d-4d15-87fa-ce672dfbdb38 req-2b05e700-248d-4d15-87fa-ce672dfbdb38 ] Request (ServersTestManualDisk:setUpClass): 200 GET http://10.180.1.21/compute/v2.1/servers/a19b7959-df3c-47e8-b920-edfe82c36489 0.055s
2025-01-25 05:13:48.137 69028 INFO tempest.lib.common.rest_client [req-68e99917-dd46-45fc-89fe-fb4d1eba119f req-68e99917-dd46-45fc-89fe-fb4d1eba119f ] Request (DeleteServersAdminTestJSON:test_delete_server_while_in_error_state): 200 GET http://10.180.1.21/compute/v2.1/servers/793da91d-461a-465b-b9a3-c5fa0f5b877d 0.057s
2025-01-25 05:13:48.254 69080 INFO tempest.lib.common.rest_client [req-14ca2545-1a83-4a30-b117-00152088320c req-14ca2545-1a83-4a30-b117-00152088320c ] Request (ServerActionsTestOtherA:setUpClass): 200 GET http://10.180.1.21/compute/v2.1/servers/100c3541-3af3-4d3c-8060-2235f18f51e4 0.048s
2025-01-25 05:13:48.265 69085 INFO tempest.lib.common.rest_client [req-5a78abad-15e9-4460-bab9-27d0e6a17f49 req-5a78abad-15e9-4460-bab9-27d0e6a17f49 ] Request (MigrationsAdminTest:test_resize_server_revert_deleted_flavor): 200 GET http://10.180.1.21/compute/v2.1/servers/fd7ba11a-18d1-4f96-a445-eedce740b0c3 0.049s
2025-01-25 05:13:48.297 69076 INFO tempest.lib.common.rest_client [req-e2f445ad-c849-4305-a24d-599a28b7d289 req-e2f445ad-c849-4305-a24d-599a28b7d289 ] Request (ServerAddressesNegativeTestJSON:setUpClass): 200 GET http://10.180.1.21/compute/v2.1/servers/c1e107cd-5c03-405f-bdae-3281dc4844d5 0.050s
2025-01-25 05:13:48.308 69068 INFO tempest.lib.common.rest_client [req-09ab081e-6adc-4dea-8192-c1819b3f1256 req-09ab081e-6adc-4dea-8192-c1819b3f1256 ] Request (ImagesOneServerNegativeTestJSON:setUpClass): 200 GET http://10.180.1.21/compute/v2.1/servers/c2923fdc-562c-4c5f-90b4-fcc76a2b7f7f 0.047s
2025-01-25 05:13:48.563 69044 INFO tempest.lib.common.rest_client [req-9eaae839-c273-453e-b80a-91b8c15d86e9 req-9eaae839-c273-453e-b80a-91b8c15d86e9 ] Request (InstanceActionsTestJSON:setUpClass): 200 GET http://10.180.1.21/compute/v2.1/servers/5cf1f620-d0da-4e81-8d1f-e881c47dcad1 0.057s
2025-01-25 05:13:48.567 69046 INFO tempest.lib.common.rest_client [req-9addd31c-0e36-4ba7-befe-8c75e2a4fe9f req-9addd31c-0e36-4ba7-befe-8c75e2a4fe9f ] Request (ServersAdminTestJSON:setUpClass): 200 GET http://10.180.1.21/compute/v2.1/servers/6eb92420-57b1-4a7d-973f-10cd47be0416 0.059s
2025-01-25 05:13:48.610 69054 INFO tempest.lib.common.rest_client [req-047fcbe8-596d-4cd1-8cab-746c23c70197 req-047fcbe8-596d-4cd1-8cab-746c23c70197 ] Request (ServersTestJSON:test_create_server_specify_multibyte_character_name): 200 GET http://10.180.1.21/compute/v2.1/servers/7d241bf8-6f7a-467f-9640-a9819d5cca72 0.053s
2025-01-25 05:13:48.617 69086 INFO tempest.lib.common.rest_client [req-3d6fb6cf-a882-43b8-82db-7c6488ddf852 req-3d6fb6cf-a882-43b8-82db-7c6488ddf852 ] Request (ServerDiskConfigTestJSON:test_rebuild_server_with_auto_disk_config): 200 GET http://10.180.1.21/compute/v2.1/servers/8361611a-ad16-43ef-94e0-f2e7e9851682 0.050s
2025-01-25 05:13:48.656 69056 INFO tempest.lib.common.rest_client [req-cdba87c3-0f25-4f89-abad-a62ec81bb2a8 req-cdba87c3-0f25-4f89-abad-a62ec81bb2a8 ] Request (AttachInterfacesUnderV243Test:test_add_remove_fixed_ip): 200 GET http://10.180.1.21/compute/v2.1/servers/7969485a-ccd6-48e0-bdea-b8920af28843 0.044s
2025-01-25 05:13:48.668 69040 INFO tempest.lib.common.rest_client [req-6633841a-ae00-4f55-8fcf-1b300ab210bf req-6633841a-ae00-4f55-8fcf-1b300ab210bf ] Request (SecurityGroupsTestJSON:test_list_security_groups_by_server): 200 GET http://10.180.1.21/compute/v2.1/servers/d0c4095f-2d78-4055-b568-7e70e7c4c182 0.048s
2025-01-25 05:13:48.721 69052 INFO tempest.lib.common.rest_client [req-6b8a94de-00ef-4942-b9d6-b649ef344d52 req-6b8a94de-00ef-4942-b9d6-b649ef344d52 ] Request (DeleteServersTestJSON:test_delete_server_while_in_attached_volume): 200 GET http://10.180.1.21/compute/v2.1/servers/305aebbe-f983-4826-b8c0-9854458f7d48 0.045s
2025-01-25 05:13:48.790 69066 INFO tempest.lib.common.rest_client [req-afe56ee4-ae01-4457-93e9-049fb572c8ca req-afe56ee4-ae01-4457-93e9-049fb572c8ca ] Request (ServerRescueNegativeTestJSON:setUpClass): 200 GET http://10.180.1.21/compute/v2.1/servers/1874ad5f-2ae3-43ee-afcf-8f36dd2aa738 0.048s
2025-01-25 05:13:48.810 69038 INFO tempest.lib.common.rest_client [req-fcba99b0-177c-40a7-b185-ad1be06f8da5 req-fcba99b0-177c-40a7-b185-ad1be06f8da5 ] Request (ServersTestJSON:setUpClass): 200 GET http://10.180.1.21/compute/v2.1/servers/d3270b4a-2b81-41f5-a2af-5b7f441e4a2d 0.046s
2025-01-25 05:13:48.817 69038 INFO tempest.common.waiters [-] State transition "BUILD/block_device_mapping" ==> "BUILD/spawning" after 96 second wait
2025-01-25 05:13:48.842 69050 INFO tempest.lib.common.rest_client [req-fdeec75b-2bc1-40dd-9a49-87f82ee44182 req-fdeec75b-2bc1-40dd-9a49-87f82ee44182 ] Request (ServerActionsTestJSON:setUpClass): 200 GET http://10.180.1.21/compute/v2.1/servers/e11311ed-6804-4df4-a775-9060463ac927 0.049s
2025-01-25 05:13:48.854 69042 INFO tempest.lib.common.rest_client [req-5c724e1c-80ee-4ff1-bb5e-ebdb9bfd085b req-5c724e1c-80ee-4ff1-bb5e-ebdb9bfd085b ] Request (InstanceActionsV221TestJSON:test_get_list_deleted_instance_actions): 200 GET http://10.180.1.21/compute/v2.1/servers/a64253fe-4ba9-4686-810b-a26a4c29631b 0.043s
2025-01-25 05:13:48.906 69072 INFO tempest.lib.common.rest_client [req-036a9d7c-b07a-46a7-bab4-54134fbedfdc req-036a9d7c-b07a-46a7-bab4-54134fbedfdc ] Request (VolumesAdminNegativeTest:test_update_attached_volume_with_nonexistent_volume_in_uri): 200 GET http://10.180.1.21/compute/v2.1/servers/acc78084-21e8-456c-a573-fc5e931147c6 0.067s
2025-01-25 05:13:48.907 69030 INFO tempest.lib.common.rest_client [req-cc43a91e-2749-438f-bb30-3cd48ea89772 req-cc43a91e-2749-438f-bb30-3cd48ea89772 ] Request (ServerMetadataNegativeTestJSON:setUpClass): 200 GET http://10.180.1.21/compute/v2.1/servers/37ae8e69-f953-4846-8a21-fed697ea575a 0.052s
2025-01-25 05:13:48.956 69062 INFO tempest.lib.common.rest_client [req-2259de57-90d8-46ee-b3f9-c1c38ed39e15 req-2259de57-90d8-46ee-b3f9-c1c38ed39e15 ] Request (ImagesTestJSON:test_create_image_from_stopped_server): 200 GET http://10.180.1.21/compute/v2.1/servers/41ec8810-3f17-4f59-9828-a4a2e873eab4 0.058s
2025-01-25 05:13:48.957 69088 INFO tempest.lib.common.rest_client [req-0866217b-e377-4d28-946e-0d767cafda17 req-0866217b-e377-4d28-946e-0d767cafda17 ] Request (AttachInterfacesTestJSON:test_create_list_show_delete_interfaces_by_fixed_ip): 200 GET http://10.180.1.21/compute/v2.1/servers/782e6663-202b-4ed0-8a1a-cc54f246143b 0.076s
2025-01-25 05:13:49.003 69032 INFO tempest.lib.common.rest_client [req-1186d086-b49b-4eee-ab7f-5d8aec2253e7 req-1186d086-b49b-4eee-ab7f-5d8aec2253e7 ] Request (ServerGroupTestJSON:test_create_server_with_scheduler_hint_group): 200 GET http://10.180.1.21/compute/v2.1/servers/c6de797f-03f7-4dca-9c6a-e7b840990be6 0.079s
2025-01-25 05:13:49.009 69074 INFO tempest.lib.common.rest_client [req-8981b236-3e1a-4559-b8e8-641511799b79 req-8981b236-3e1a-4559-b8e8-641511799b79 ] Request (ServersNegativeTestJSON:setUpClass): 200 GET http://10.180.1.21/compute/v2.1/servers/77d57f64-9bab-46f1-87b4-62bac5c5d2bd 0.067s
2025-01-25 05:13:49.048 69070 INFO tempest.lib.common.rest_client [req-aa0c98d1-b8fa-40e5-9f25-26538ac308f8 req-aa0c98d1-b8fa-40e5-9f25-26538ac308f8 ] Request (ServersAdmin275Test:test_rebuild_update_server_275): 200 GET http://10.180.1.21/compute/v2.1/servers/6f936641-750d-49ae-8beb-bca35305d10d 0.053s
2025-01-25 05:13:49.068 69058 INFO tempest.lib.common.rest_client [req-a0961d21-4d16-4e5f-a757-c8e9a5c25f46 req-a0961d21-4d16-4e5f-a757-c8e9a5c25f46 ] Request (ServersTestMultiNic:test_verify_duplicate_network_nics): 200 GET http://10.180.1.21/compute/v2.1/servers/2106a09b-554e-41dd-aa3a-c190b62d0afc 0.043s
2025-01-25 05:13:49.199 69028 INFO tempest.lib.common.rest_client [req-a520412e-d5cd-492c-a5de-e3587c691ef1 req-a520412e-d5cd-492c-a5de-e3587c691ef1 ] Request (DeleteServersAdminTestJSON:test_delete_server_while_in_error_state): 200 GET http://10.180.1.21/compute/v2.1/servers/793da91d-461a-465b-b9a3-c5fa0f5b877d 0.055s
2025-01-25 05:13:49.200 69034 INFO tempest.lib.common.rest_client [req-3d1d54a4-1fa4-420e-87c2-ee7df3fe2f78 req-3d1d54a4-1fa4-420e-87c2-ee7df3fe2f78 ] Request (ServersTestManualDisk:setUpClass): 200 GET http://10.180.1.21/compute/v2.1/servers/a19b7959-df3c-47e8-b920-edfe82c36489 0.057s
2025-01-25 05:13:49.308 69080 INFO tempest.lib.common.rest_client [req-8160a384-88e0-41af-9ea7-16477e1253b9 req-8160a384-88e0-41af-9ea7-16477e1253b9 ] Request (ServerActionsTestOtherA:setUpClass): 200 GET http://10.180.1.21/compute/v2.1/servers/100c3541-3af3-4d3c-8060-2235f18f51e4 0.045s
2025-01-25 05:13:49.322 69085 INFO tempest.lib.common.rest_client [req-50e9b5ee-9a52-4dff-8b20-081e88a4f88d req-50e9b5ee-9a52-4dff-8b20-081e88a4f88d ] Request (MigrationsAdminTest:test_resize_server_revert_deleted_flavor): 200 GET http://10.180.1.21/compute/v2.1/servers/fd7ba11a-18d1-4f96-a445-eedce740b0c3 0.045s
2025-01-25 05:13:49.348 69076 INFO tempest.lib.common.rest_client [req-943d24ae-d7b2-47c9-915d-c948ba94b559 req-943d24ae-d7b2-47c9-915d-c948ba94b559 ] Request (ServerAddressesNegativeTestJSON:setUpClass): 200 GET http://10.180.1.21/compute/v2.1/servers/c1e107cd-5c03-405f-bdae-3281dc4844d5 0.042s
2025-01-25 05:13:49.362 69068 INFO tempest.lib.common.rest_client [req-6f760b55-8ce2-485b-893a-edcea18a6024 req-6f760b55-8ce2-485b-893a-edcea18a6024 ] Request (ImagesOneServerNegativeTestJSON:setUpClass): 200 GET http://10.180.1.21/compute/v2.1/servers/c2923fdc-562c-4c5f-90b4-fcc76a2b7f7f 0.045s
2025-01-25 05:13:49.632 69044 INFO tempest.lib.common.rest_client [req-3566d87e-e55f-4fcb-ab7e-d67c5c899c99 req-3566d87e-e55f-4fcb-ab7e-d67c5c899c99 ] Request (InstanceActionsTestJSON:setUpClass): 200 GET http://10.180.1.21/compute/v2.1/servers/5cf1f620-d0da-4e81-8d1f-e881c47dcad1 0.061s
2025-01-25 05:13:49.640 69046 INFO tempest.lib.common.rest_client [req-58e22105-5b72-4ecd-9451-627407fc3225 req-58e22105-5b72-4ecd-9451-627407fc3225 ] Request (ServersAdminTestJSON:setUpClass): 200 GET http://10.180.1.21/compute/v2.1/servers/6eb92420-57b1-4a7d-973f-10cd47be0416 0.065s
2025-01-25 05:13:49.680 69054 INFO tempest.lib.common.rest_client [req-000fc268-7ca7-4cdd-ac6c-50b5f3e47aa8 req-000fc268-7ca7-4cdd-ac6c-50b5f3e47aa8 ] Request (ServersTestJSON:test_create_server_specify_multibyte_character_name): 200 GET http://10.180.1.21/compute/v2.1/servers/7d241bf8-6f7a-467f-9640-a9819d5cca72 0.062s
2025-01-25 05:13:49.696 69086 INFO tempest.lib.common.rest_client [req-ad058700-fab9-4e05-a939-3b42b0265f7f req-ad058700-fab9-4e05-a939-3b42b0265f7f ] Request (ServerDiskConfigTestJSON:test_rebuild_server_with_auto_disk_config): 200 GET http://10.180.1.21/compute/v2.1/servers/8361611a-ad16-43ef-94e0-f2e7e9851682 0.072s
2025-01-25 05:13:49.727 69056 INFO tempest.lib.common.rest_client [req-787140d2-7765-47cc-943c-0959ef6f36af req-787140d2-7765-47cc-943c-0959ef6f36af ] Request (AttachInterfacesUnderV243Test:test_add_remove_fixed_ip): 200 GET http://10.180.1.21/compute/v2.1/servers/7969485a-ccd6-48e0-bdea-b8920af28843 0.062s
2025-01-25 05:13:49.751 69040 INFO tempest.lib.common.rest_client [req-4599adca-7309-4e91-80b3-e4bf78e89119 req-4599adca-7309-4e91-80b3-e4bf78e89119 ] Request (SecurityGroupsTestJSON:test_list_security_groups_by_server): 200 GET http://10.180.1.21/compute/v2.1/servers/d0c4095f-2d78-4055-b568-7e70e7c4c182 0.076s
2025-01-25 05:13:49.783 69052 INFO tempest.lib.common.rest_client [req-a9ebbb1c-ef39-48db-93a2-5bcfcc91e07f req-a9ebbb1c-ef39-48db-93a2-5bcfcc91e07f ] Request (DeleteServersTestJSON:test_delete_server_while_in_attached_volume): 200 GET http://10.180.1.21/compute/v2.1/servers/305aebbe-f983-4826-b8c0-9854458f7d48 0.054s
2025-01-25 05:13:49.850 69066 INFO tempest.lib.common.rest_client [req-05cd8c80-c531-4d30-93de-7b2c1ba41fb8 req-05cd8c80-c531-4d30-93de-7b2c1ba41fb8 ] Request (ServerRescueNegativeTestJSON:setUpClass): 200 GET http://10.180.1.21/compute/v2.1/servers/1874ad5f-2ae3-43ee-afcf-8f36dd2aa738 0.052s
2025-01-25 05:13:49.870 69038 INFO tempest.lib.common.rest_client [req-6525637b-701d-4652-85f8-24bcda6e3213 req-6525637b-701d-4652-85f8-24bcda6e3213 ] Request (ServersTestJSON:setUpClass): 200 GET http://10.180.1.21/compute/v2.1/servers/d3270b4a-2b81-41f5-a2af-5b7f441e4a2d 0.052s
2025-01-25 05:13:49.902 69050 INFO tempest.lib.common.rest_client [req-24d9874f-8061-42fb-9d5e-6e892479e0c8 req-24d9874f-8061-42fb-9d5e-6e892479e0c8 ] Request (ServerActionsTestJSON:setUpClass): 200 GET http://10.180.1.21/compute/v2.1/servers/e11311ed-6804-4df4-a775-9060463ac927 0.053s
2025-01-25 05:13:49.920 69042 INFO tempest.lib.common.rest_client [req-b4b9d6bd-c9ab-4738-b2a4-eb9bf251ae8f req-b4b9d6bd-c9ab-4738-b2a4-eb9bf251ae8f ] Request (InstanceActionsV221TestJSON:test_get_list_deleted_instance_actions): 200 GET http://10.180.1.21/compute/v2.1/servers/a64253fe-4ba9-4686-810b-a26a4c29631b 0.056s
2025-01-25 05:13:49.976 69030 INFO tempest.lib.common.rest_client [req-2a19e9ea-6dff-4839-be87-66b368949121 req-2a19e9ea-6dff-4839-be87-66b368949121 ] Request (ServerMetadataNegativeTestJSON:setUpClass): 200 GET http://10.180.1.21/compute/v2.1/servers/37ae8e69-f953-4846-8a21-fed697ea575a 0.061s
2025-01-25 05:13:49.981 69072 INFO tempest.lib.common.rest_client [req-299e85c2-ba2e-4d55-900d-32dba30ffe60 req-299e85c2-ba2e-4d55-900d-32dba30ffe60 ] Request (VolumesAdminNegativeTest:test_update_attached_volume_with_nonexistent_volume_in_uri): 200 GET http://10.180.1.21/compute/v2.1/servers/acc78084-21e8-456c-a573-fc5e931147c6 0.068s
2025-01-25 05:13:50.031 69062 INFO tempest.lib.common.rest_client [req-49df604e-d75a-48b3-94fd-4c6865f59593 req-49df604e-d75a-48b3-94fd-4c6865f59593 ] Request (ImagesTestJSON:test_create_image_from_stopped_server): 200 GET http://10.180.1.21/compute/v2.1/servers/41ec8810-3f17-4f59-9828-a4a2e873eab4 0.067s
2025-01-25 05:13:50.082 69032 INFO tempest.lib.common.rest_client [req-88a94b94-1781-4a84-996f-4695af694d9b req-88a94b94-1781-4a84-996f-4695af694d9b ] Request (ServerGroupTestJSON:test_create_server_with_scheduler_hint_group): 200 GET http://10.180.1.21/compute/v2.1/servers/c6de797f-03f7-4dca-9c6a-e7b840990be6 0.068s
2025-01-25 05:13:50.113 69088 INFO tempest.lib.common.rest_client [req-d9808570-784a-4396-9ec2-4531d089a898 req-d9808570-784a-4396-9ec2-4531d089a898 ] Request (AttachInterfacesTestJSON:test_create_list_show_delete_interfaces_by_fixed_ip): 200 GET http://10.180.1.21/compute/v2.1/servers/782e6663-202b-4ed0-8a1a-cc54f246143b 0.147s
2025-01-25 05:13:50.120 69088 INFO tempest.common.waiters [-] State transition "BUILD/None" ==> "BUILD/block_device_mapping" after 97 second wait
2025-01-25 05:13:50.128 69074 INFO tempest.lib.common.rest_client [req-d8a07b0b-4f6d-4ff5-9289-ac5b7e703715 req-d8a07b0b-4f6d-4ff5-9289-ac5b7e703715 ] Request (ServersNegativeTestJSON:setUpClass): 200 GET http://10.180.1.21/compute/v2.1/servers/77d57f64-9bab-46f1-87b4-62bac5c5d2bd 0.110s
2025-01-25 05:13:50.169 69070 INFO tempest.lib.common.rest_client [req-a5fc71d4-52af-423a-8fcb-697f3064afc4 req-a5fc71d4-52af-423a-8fcb-697f3064afc4 ] Request (ServersAdmin275Test:test_rebuild_update_server_275): 200 GET http://10.180.1.21/compute/v2.1/servers/6f936641-750d-49ae-8beb-bca35305d10d 0.112s
2025-01-25 05:13:50.179 69058 INFO tempest.lib.common.rest_client [req-4f536c90-1880-413c-be70-7423630328d2 req-4f536c90-1880-413c-be70-7423630328d2 ] Request (ServersTestMultiNic:test_verify_duplicate_network_nics): 200 GET http://10.180.1.21/compute/v2.1/servers/2106a09b-554e-41dd-aa3a-c190b62d0afc 0.103s
2025-01-25 05:13:50.265 69028 INFO tempest.lib.common.rest_client [req-f403fb48-603b-4cf3-b6a8-a758c7a71eab req-f403fb48-603b-4cf3-b6a8-a758c7a71eab ] Request (DeleteServersAdminTestJSON:test_delete_server_while_in_error_state): 200 GET http://10.180.1.21/compute/v2.1/servers/793da91d-461a-465b-b9a3-c5fa0f5b877d 0.057s
2025-01-25 05:13:50.268 69034 INFO tempest.lib.common.rest_client [req-908e1c27-f489-43db-bc82-ecc43b4ce198 req-908e1c27-f489-43db-bc82-ecc43b4ce198 ] Request (ServersTestManualDisk:setUpClass): 200 GET http://10.180.1.21/compute/v2.1/servers/a19b7959-df3c-47e8-b920-edfe82c36489 0.060s
2025-01-25 05:13:50.378 69080 INFO tempest.lib.common.rest_client [req-0995d52f-fbbd-4eb9-9b5e-0fc5eaec1e8e req-0995d52f-fbbd-4eb9-9b5e-0fc5eaec1e8e ] Request (ServerActionsTestOtherA:setUpClass): 200 GET http://10.180.1.21/compute/v2.1/servers/100c3541-3af3-4d3c-8060-2235f18f51e4 0.063s
2025-01-25 05:13:50.383 69085 INFO tempest.lib.common.rest_client [req-f93ddbf0-431e-4feb-b3ed-98ac9a2fde41 req-f93ddbf0-431e-4feb-b3ed-98ac9a2fde41 ] Request (MigrationsAdminTest:test_resize_server_revert_deleted_flavor): 200 GET http://10.180.1.21/compute/v2.1/servers/fd7ba11a-18d1-4f96-a445-eedce740b0c3 0.053s
2025-01-25 05:13:50.432 69076 INFO tempest.lib.common.rest_client [req-9405f95a-330c-4620-8515-152fc9a92cc5 req-9405f95a-330c-4620-8515-152fc9a92cc5 ] Request (ServerAddressesNegativeTestJSON:setUpClass): 200 GET http://10.180.1.21/compute/v2.1/servers/c1e107cd-5c03-405f-bdae-3281dc4844d5 0.076s
2025-01-25 05:13:50.439 69068 INFO tempest.lib.common.rest_client [req-bf1db4a0-c87a-47a6-b245-8366445eb1e5 req-bf1db4a0-c87a-47a6-b245-8366445eb1e5 ] Request (ImagesOneServerNegativeTestJSON:setUpClass): 200 GET http://10.180.1.21/compute/v2.1/servers/c2923fdc-562c-4c5f-90b4-fcc76a2b7f7f 0.068s
2025-01-25 05:13:50.702 69044 INFO tempest.lib.common.rest_client [req-20d1b8e4-fed0-4553-b7ed-764c8bdb5b84 req-20d1b8e4-fed0-4553-b7ed-764c8bdb5b84 ] Request (InstanceActionsTestJSON:setUpClass): 200 GET http://10.180.1.21/compute/v2.1/servers/5cf1f620-d0da-4e81-8d1f-e881c47dcad1 0.062s
2025-01-25 05:13:50.706 69046 INFO tempest.lib.common.rest_client [req-529c8c75-09ff-495a-b65b-f6ba87472771 req-529c8c75-09ff-495a-b65b-f6ba87472771 ] Request (ServersAdminTestJSON:setUpClass): 200 GET http://10.180.1.21/compute/v2.1/servers/6eb92420-57b1-4a7d-973f-10cd47be0416 0.058s
2025-01-25 05:13:50.760 69054 INFO tempest.lib.common.rest_client [req-bba2865d-a5bd-4ec6-869a-e8fffe3f85df req-bba2865d-a5bd-4ec6-869a-e8fffe3f85df ] Request (ServersTestJSON:test_create_server_specify_multibyte_character_name): 200 GET http://10.180.1.21/compute/v2.1/servers/7d241bf8-6f7a-467f-9640-a9819d5cca72 0.065s
2025-01-25 05:13:50.771 69086 INFO tempest.lib.common.rest_client [req-11e15658-c133-47fd-810c-5646315df5df req-11e15658-c133-47fd-810c-5646315df5df ] Request (ServerDiskConfigTestJSON:test_rebuild_server_with_auto_disk_config): 200 GET http://10.180.1.21/compute/v2.1/servers/8361611a-ad16-43ef-94e0-f2e7e9851682 0.066s
2025-01-25 05:13:50.826 69056 INFO tempest.lib.common.rest_client [req-e9fc1570-e626-4992-9eaf-df37b2373360 req-e9fc1570-e626-4992-9eaf-df37b2373360 ] Request (AttachInterfacesUnderV243Test:test_add_remove_fixed_ip): 200 GET http://10.180.1.21/compute/v2.1/servers/7969485a-ccd6-48e0-bdea-b8920af28843 0.091s
2025-01-25 05:13:50.837 69040 INFO tempest.lib.common.rest_client [req-8a7b6f9f-acee-4be2-890f-4ee8d3f74c6b req-8a7b6f9f-acee-4be2-890f-4ee8d3f74c6b ] Request (SecurityGroupsTestJSON:test_list_security_groups_by_server): 200 GET http://10.180.1.21/compute/v2.1/servers/d0c4095f-2d78-4055-b568-7e70e7c4c182 0.078s
2025-01-25 05:13:50.880 69052 INFO tempest.lib.common.rest_client [req-5b7f1637-52a8-46b5-98ed-c00bfba008e6 req-5b7f1637-52a8-46b5-98ed-c00bfba008e6 ] Request (DeleteServersTestJSON:test_delete_server_while_in_attached_volume): 200 GET http://10.180.1.21/compute/v2.1/servers/305aebbe-f983-4826-b8c0-9854458f7d48 0.088s
2025-01-25 05:13:50.906 69066 INFO tempest.lib.common.rest_client [req-bfc0ff82-1a04-4c09-b747-770050628df3 req-bfc0ff82-1a04-4c09-b747-770050628df3 ] Request (ServerRescueNegativeTestJSON:setUpClass): 200 GET http://10.180.1.21/compute/v2.1/servers/1874ad5f-2ae3-43ee-afcf-8f36dd2aa738 0.048s
2025-01-25 05:13:50.927 69038 INFO tempest.lib.common.rest_client [req-98148949-ec29-4665-9aa8-61cc1867cd1b req-98148949-ec29-4665-9aa8-61cc1867cd1b ] Request (ServersTestJSON:setUpClass): 200 GET http://10.180.1.21/compute/v2.1/servers/d3270b4a-2b81-41f5-a2af-5b7f441e4a2d 0.049s
2025-01-25 05:13:50.960 69050 INFO tempest.lib.common.rest_client [req-08b84be8-dc44-4584-81fa-f396c3fea3a6 req-08b84be8-dc44-4584-81fa-f396c3fea3a6 ] Request (ServerActionsTestJSON:setUpClass): 200 GET http://10.180.1.21/compute/v2.1/servers/e11311ed-6804-4df4-a775-9060463ac927 0.050s
2025-01-25 05:13:50.985 69042 INFO tempest.lib.common.rest_client [req-11228cc1-8e99-41aa-8002-3a40daaa111c req-11228cc1-8e99-41aa-8002-3a40daaa111c ] Request (InstanceActionsV221TestJSON:test_get_list_deleted_instance_actions): 200 GET http://10.180.1.21/compute/v2.1/servers/a64253fe-4ba9-4686-810b-a26a4c29631b 0.057s
2025-01-25 05:13:51.032 69030 INFO tempest.lib.common.rest_client [req-ad2366f5-b9a7-4d31-9d94-c15206b3167d req-ad2366f5-b9a7-4d31-9d94-c15206b3167d ] Request (ServerMetadataNegativeTestJSON:setUpClass): 200 GET http://10.180.1.21/compute/v2.1/servers/37ae8e69-f953-4846-8a21-fed697ea575a 0.049s
2025-01-25 05:13:51.042 69072 INFO tempest.lib.common.rest_client [req-151c2219-8b46-4322-8e77-0919ea076afd req-151c2219-8b46-4322-8e77-0919ea076afd ] Request (VolumesAdminNegativeTest:test_update_attached_volume_with_nonexistent_volume_in_uri): 200 GET http://10.180.1.21/compute/v2.1/servers/acc78084-21e8-456c-a573-fc5e931147c6 0.051s
2025-01-25 05:13:51.080 69062 INFO tempest.lib.common.rest_client [req-bf6f3ce7-f9a5-4484-b4d5-1f30e8c9f456 req-bf6f3ce7-f9a5-4484-b4d5-1f30e8c9f456 ] Request (ImagesTestJSON:test_create_image_from_stopped_server): 200 GET http://10.180.1.21/compute/v2.1/servers/41ec8810-3f17-4f59-9828-a4a2e873eab4 0.041s
2025-01-25 05:13:51.133 69032 INFO tempest.lib.common.rest_client [req-596290e4-3dd0-48cd-9a39-9d9e7ec58c51 req-596290e4-3dd0-48cd-9a39-9d9e7ec58c51 ] Request (ServerGroupTestJSON:test_create_server_with_scheduler_hint_group): 200 GET http://10.180.1.21/compute/v2.1/servers/c6de797f-03f7-4dca-9c6a-e7b840990be6 0.043s
