2025-04-03 20:03:22.591 69701 INFO tempest.lib.common.rest_client [req-ded1d98d-7f53-41cb-bf48-bf7ffa2e6f03 req-ded1d98d-7f53-41cb-bf48-bf7ffa2e6f03 ] Request (ServerExternalEventsTest:test_create_server_external_events): 200 GET http://10.180.1.21/compute/v2.1/servers/79bb7eb4-1551-4f19-824d-69b2e5944d6e 1.483s
2025-04-03 20:03:22.615 69703 INFO tempest.lib.common.rest_client [req-60e7be37-c6da-454a-aae0-656edc44d347 req-60e7be37-c6da-454a-aae0-656edc44d347 ] Request (ServersWithSpecificFlavorTestJSON:test_verify_created_server_ephemeral_disk): 200 GET http://10.180.1.21/compute/v2.1/servers/45908d95-bd1c-4340-8cc2-3198f900bebd 1.351s
2025-04-03 20:03:22.628 69703 INFO tempest.common.waiters [-] State transition "BUILD/networking" ==> "BUILD/spawning" after 26 second wait
2025-04-03 20:03:22.631 69707 INFO tempest.lib.common.rest_client [req-84be6b99-07d4-40f7-94f6-2ca7dbd8e7dd req-84be6b99-07d4-40f7-94f6-2ca7dbd8e7dd ] Request (HypervisorAdminV228Test:setUpClass): 201 POST http://10.180.1.21/identity/v3/auth/tokens 0.090s
2025-04-03 20:03:22.685 69675 INFO tempest.lib.common.rest_client [req-953682a7-2556-4cb9-b54e-81d867198998 req-953682a7-2556-4cb9-b54e-81d867198998 ] Request (InstanceActionsV221TestJSON:test_get_list_deleted_instance_actions): 200 GET http://10.180.1.21/compute/v2.1/servers/c8057193-ee6e-43c5-8595-496b47cf1a51 1.382s
2025-04-03 20:03:22.703 69687 INFO tempest.lib.common.rest_client [req-079a2db6-b377-47cf-90d4-bac751d6d6a8 req-079a2db6-b377-47cf-90d4-bac751d6d6a8 ] Request (ImagesOneServerTestJSON:setUpClass): 200 GET http://10.180.1.21/compute/v2.1/servers/6a64d4bd-0cef-4bbf-830c-941cee6767a7 1.343s
2025-04-03 20:03:22.721 69707 INFO tempest.lib.common.rest_client [req-c2e5e08c-3c52-4c23-858d-20b33ec34fb4 req-c2e5e08c-3c52-4c23-858d-20b33ec34fb4 ] Request (HypervisorAdminV228Test:setUpClass): 201 POST http://10.180.1.21/identity/v3/projects 0.090s
2025-04-03 20:03:22.789 69733 INFO tempest.lib.common.rest_client [req-11775bc4-807f-49bf-9e3f-04a07767a0f0 req-11775bc4-807f-49bf-9e3f-04a07767a0f0 ] Request (ServerDiagnosticsTest:tearDownClass): 200 GET http://10.180.1.21/compute/v2.1/servers/a3356b27-2c6a-45be-b610-b99fdc08d1bd 1.216s
2025-04-03 20:03:22.800 69707 INFO tempest.lib.common.rest_client [req-1b65d902-d0eb-4dcf-bd16-978b93940ccf req-1b65d902-d0eb-4dcf-bd16-978b93940ccf ] Request (HypervisorAdminV228Test:setUpClass): 201 POST http://10.180.1.21/identity/v3/users 0.078s
2025-04-03 20:03:22.814 69681 INFO tempest.lib.common.rest_client [req-a03f1cd4-98d0-4fd8-960e-4d93fbd7d7ea req-a03f1cd4-98d0-4fd8-960e-4d93fbd7d7ea ] Request (MultipleCreateTestJSON:_run_cleanups): 200 GET http://10.180.1.21/compute/v2.1/servers/6d04873f-de29-486c-9e97-34114457d14c 1.153s
2025-04-03 20:03:22.831 69707 INFO tempest.lib.common.rest_client [req-74748de1-0264-4dd1-b4bd-6d425c5e1b2f req-74748de1-0264-4dd1-b4bd-6d425c5e1b2f ] Request (HypervisorAdminV228Test:setUpClass): 200 GET http://10.180.1.21/identity/v3/roles 0.030s
2025-04-03 20:03:22.838 69711 INFO tempest.lib.common.rest_client [req-3e2af9ca-4543-4cf0-8bc3-796b1f278d89 req-3e2af9ca-4543-4cf0-8bc3-796b1f278d89 ] Request (ImagesTestJSON:test_create_image_from_stopped_server): 200 GET http://10.180.1.21/compute/v2.1/images/e0a71b74-a097-4fdc-bd42-b129001dab75 1.131s
2025-04-03 20:03:22.864 69677 INFO tempest.lib.common.rest_client [req-97b9c030-eb8a-41f1-a349-ebf85f5710ed req-97b9c030-eb8a-41f1-a349-ebf85f5710ed ] Request (KeyPairsV2TestJSON:_run_cleanups): 202 DELETE http://10.180.1.21/compute/v2.1/os-keypairs/tempest-keypair-663259448 1.085s
2025-04-03 20:03:22.875 69707 INFO tempest.lib.common.rest_client [req-ce587586-9452-445d-bb7c-77e00ffd42d6 req-ce587586-9452-445d-bb7c-77e00ffd42d6 ] Request (HypervisorAdminV228Test:setUpClass): 204 PUT http://10.180.1.21/identity/v3/projects/5715175862874b3a81e8cece72b57cac/users/ad9824312bbd403c94f192220a105d0a/roles/9db65cb794b745e3b747de0c7f95a7a4 0.044s
2025-04-03 20:03:22.884 69721 INFO tempest.lib.common.rest_client [req-70dc8783-541d-42da-8baa-728841d42ccc req-70dc8783-541d-42da-8baa-728841d42ccc ] Request (FlavorsAdminTestJSON:_run_cleanups): 202 DELETE http://10.180.1.21/compute/v2.1/flavors/1082781341 1.065s
2025-04-03 20:03:22.887 69727 INFO tempest.lib.common.rest_client [req-f9883fe3-e3f7-413c-8a52-8e29c94b8a5e req-f9883fe3-e3f7-413c-8a52-8e29c94b8a5e ] Request (ServersTestJSON:setUpClass): 200 GET http://10.180.1.21/compute/v2.1/servers/442ed0ae-d3f8-4ca8-a450-7d7369000dd2 1.142s
2025-04-03 20:03:22.948 69707 INFO tempest.lib.common.rest_client [req-c0fb9e36-592a-419a-a8ac-4cab4e3b02c2 req-c0fb9e36-592a-419a-a8ac-4cab4e3b02c2 ] Request (HypervisorAdminV228Test:setUpClass): 200 GET http://10.180.1.21/identity/v3/roles 0.072s
2025-04-03 20:03:22.955 69726 INFO tempest.lib.common.rest_client [req-19c62224-fbb2-4e3a-8b9d-ea69d0031b34 req-19c62224-fbb2-4e3a-8b9d-ea69d0031b34 ] Request (ServersTestManualDisk:setUpClass): 200 GET http://10.180.1.21/compute/v2.1/servers/2f591c40-74b9-42e7-95da-568884aeb59b 1.136s
2025-04-03 20:03:22.968 69705 INFO tempest.lib.common.rest_client [req-4f9a418c-d06b-4545-bef9-0c03cbe1ecc9 req-4f9a418c-d06b-4545-bef9-0c03cbe1ecc9 ] Request (ImagesOneServerNegativeTestJSON:setUpClass): 200 GET http://10.180.1.21/compute/v2.1/servers/8a2798c0-37b3-4a3c-a21b-f643ab42091d 1.085s
2025-04-03 20:03:22.976 69735 INFO tempest.lib.common.rest_client [req-3aace09b-8c69-4a0b-b8e7-931dbf96af27 req-3aace09b-8c69-4a0b-b8e7-931dbf96af27 ] Request (InstanceActionsNegativeTestJSON:setUpClass): 201 POST http://10.180.1.21:9696/networking/v2.0/routers 0.743s
2025-04-03 20:03:22.977 69707 INFO tempest.lib.common.rest_client [req-a1565746-d27f-490d-be7c-9f3db3edebc8 req-a1565746-d27f-490d-be7c-9f3db3edebc8 ] Request (HypervisorAdminV228Test:setUpClass): 204 PUT http://10.180.1.21/identity/v3/projects/5715175862874b3a81e8cece72b57cac/users/ad9824312bbd403c94f192220a105d0a/roles/9db65cb794b745e3b747de0c7f95a7a4 0.029s
2025-04-03 20:03:22.977 69707 INFO tempest.lib.common.dynamic_creds [-] Dynamic test user ad9824312bbd403c94f192220a105d0a is created with scope project and roles: ['admin']
2025-04-03 20:03:22.978 69707 INFO tempest.lib.common.dynamic_creds [-] Acquired dynamic creds: credentials: Credentials: {'domain_id': 'default', 'domain_name': 'Default', 'username': 'tempest-HypervisorAdminV228Test-1620506625-project-admin', 'project_domain_id': 'default', 'project_domain_name': 'Default', 'project_id': '5715175862874b3a81e8cece72b57cac', 'project_name': 'tempest-HypervisorAdminV228Test-1620506625', 'tenant_id': '5715175862874b3a81e8cece72b57cac', 'tenant_name': 'tempest-HypervisorAdminV228Test-1620506625', 'user_domain_id': 'default', 'user_domain_name': 'Default', 'user_id': 'ad9824312bbd403c94f192220a105d0a', 'system': None}, Network: None, Subnet: None, Router: None
2025-04-03 20:03:22.978 69707 INFO tempest.lib.common.dynamic_creds [-] Created isolated network resources for: credentials: Credentials: {'domain_id': 'default', 'domain_name': 'Default', 'username': 'tempest-HypervisorAdminV228Test-1620506625-project-admin', 'project_domain_id': 'default', 'project_domain_name': 'Default', 'project_id': '5715175862874b3a81e8cece72b57cac', 'project_name': 'tempest-HypervisorAdminV228Test-1620506625', 'tenant_id': '5715175862874b3a81e8cece72b57cac', 'tenant_name': 'tempest-HypervisorAdminV228Test-1620506625', 'user_domain_id': 'default', 'user_domain_name': 'Default', 'user_id': 'ad9824312bbd403c94f192220a105d0a', 'system': None}, Network: None, Subnet: None, Router: None
2025-04-03 20:03:22.979 69683 INFO tempest.lib.common.rest_client [req-f6704c06-9f6d-4dcb-b695-34cf940973f4 req-f6704c06-9f6d-4dcb-b695-34cf940973f4 ] Request (ListServersNegativeTestJSON:setUpClass): 404 GET http://10.180.1.21/compute/v2.1/servers/59a10a12-9a40-48ad-a6f5-c647cb6c5f2f 0.959s
2025-04-03 20:03:22.995 69685 INFO tempest.lib.common.rest_client [req-080bd4fd-313f-4900-8153-35a88c1dbf12 req-080bd4fd-313f-4900-8153-35a88c1dbf12 ] Request (FlavorsV255TestJSON:_run_cleanups): 202 DELETE http://10.180.1.21/compute/v2.1/flavors/1385322379 0.935s
2025-04-03 20:03:23.068 69697 INFO tempest.lib.common.rest_client [req-78a4c93f-8820-47e7-8a86-1fa060bc6fa2 req-78a4c93f-8820-47e7-8a86-1fa060bc6fa2 ] Request (ServersAdmin275Test:_run_cleanups): 200 GET http://10.180.1.21/compute/v2.1/servers/7dd39a10-693d-4638-a80b-17c441c7be69 0.959s
2025-04-03 20:03:23.068 69707 INFO tempest.lib.common.rest_client [req-733a6427-fc27-4225-afc2-59b2e2c9cc6a req-733a6427-fc27-4225-afc2-59b2e2c9cc6a ] Request (HypervisorAdminV228Test:setUpClass): 201 POST http://10.180.1.21/identity/v3/auth/tokens 0.086s
2025-04-03 20:03:23.077 69697 INFO tempest.common.waiters [-] State transition "REBUILD/rebuild_spawning" ==> "ACTIVE/None" after 10 second wait
2025-04-03 20:03:23.209 69673 INFO tempest.lib.common.rest_client [req-fd54b8a3-6908-4d84-93e6-6bc1b391bf27 req-fd54b8a3-6908-4d84-93e6-6bc1b391bf27 ] Request (ServersV294TestFqdnHostnames:setUpClass): 200 PUT http://10.180.1.21:9696/networking/v2.0/routers/8e70149c-6036-45fe-bc64-ef9150d58d7b/add_router_interface 2.668s
2025-04-03 20:03:23.210 69673 INFO tempest.lib.common.dynamic_creds [-] Created isolated network resources for: credentials: Credentials: {'domain_id': 'default', 'domain_name': 'Default', 'username': 'tempest-ServersV294TestFqdnHostnames-178158783-project-member', 'project_domain_id': 'default', 'project_domain_name': 'Default', 'project_id': '7bd952d2f728494686a764ad6800f7b1', 'project_name': 'tempest-ServersV294TestFqdnHostnames-178158783', 'tenant_id': '7bd952d2f728494686a764ad6800f7b1', 'tenant_name': 'tempest-ServersV294TestFqdnHostnames-178158783', 'user_domain_id': 'default', 'user_domain_name': 'Default', 'user_id': '09fe567ae95c447cbd29bd15ae21a259', 'system': None}, Network: {'id': '4f31db95-c394-4bbe-996c-e07a9e3972ff', 'name': 'tempest-ServersV294TestFqdnHostnames-1990372701-network', 'tenant_id': '7bd952d2f728494686a764ad6800f7b1', 'admin_state_up': True, 'mtu': 8950, 'status': 'ACTIVE', 'subnets': [], 'shared': False, 'project_id': '7bd952d2f728494686a764ad6800f7b1', 'port_security_enabled': True, 'router:external': False, 'provider:network_type': 'vlan', 'provider:physical_network': 'default', 'provider:segmentation_id': 652, 'availability_zone_hints': [], 'availability_zones': [], 'ipv4_address_scope': None, 'ipv6_address_scope': None, 'description': '', 'tags': [], 'created_at': '2025-04-03T20:03:18Z', 'updated_at': '2025-04-03T20:03:18Z', 'revision_number': 1}, Subnet: {'id': '94c05933-9bde-4fee-a4a3-4a0d1bd54081', 'name': 'tempest-ServersV294TestFqdnHostnames-1990372701-subnet', 'tenant_id': '7bd952d2f728494686a764ad6800f7b1', 'network_id': '4f31db95-c394-4bbe-996c-e07a9e3972ff', 'ip_version': 4, 'subnetpool_id': None, 'enable_dhcp': True, 'ipv6_ra_mode': None, 'ipv6_address_mode': None, 'gateway_ip': '192.168.128.1', 'cidr': '192.168.128.0/28', 'allocation_pools': [{'start': '192.168.128.2', 'end': '192.168.128.14'}], 'host_routes': [], 'dns_nameservers': [], 'description': '', 'router:external': False, 'service_types': [], 'tags': [], 'created_at': '2025-04-03T20:03:18Z', 'updated_at': '2025-04-03T20:03:18Z', 'revision_number': 0, 'project_id': '7bd952d2f728494686a764ad6800f7b1'}, Router: {'id': '8e70149c-6036-45fe-bc64-ef9150d58d7b', 'name': 'tempest-ServersV294TestFqdnHostnames-1990372701-router', 'tenant_id': '7bd952d2f728494686a764ad6800f7b1', 'admin_state_up': True, 'status': 'ACTIVE', 'external_gateway_info': {'network_id': '27a65881-087d-4235-b888-80c71d3b9417', 'external_fixed_ips': [{'subnet_id': '519313fa-4d08-4aa9-b0a8-8016161ae783', 'ip_address': '10.180.180.155'}], 'enable_snat': True}, 'description': '', 'availability_zones': [], 'distributed': False, 'ha': False, 'availability_zone_hints': [], 'routes': [], 'flavor_id': None, 'tags': [], 'created_at': '2025-04-03T20:03:19Z', 'updated_at': '2025-04-03T20:03:19Z', 'revision_number': 2, 'project_id': '7bd952d2f728494686a764ad6800f7b1'}
2025-04-03 20:03:23.262 69679 INFO tempest.lib.common.rest_client [req-64fa40be-5b14-42ea-93ae-55227a6ad3f2 req-64fa40be-5b14-42ea-93ae-55227a6ad3f2 ] Request (ServersAdminNegativeTestJSON:test_migrate_server_invalid_state): 200 GET http://10.180.1.21/compute/v2.1/servers/981f9891-970f-4efc-8a1d-fc6a737c57cc 0.925s
2025-04-03 20:03:23.273 69679 INFO tempest.common.waiters [-] State transition "ACTIVE/suspending" ==> "SUSPENDED/None" after 2 second wait
2025-04-03 20:03:23.326 69673 INFO tempest.lib.common.rest_client [req-597f957b-09d2-47a6-a790-2856dfe8adf3 req-597f957b-09d2-47a6-a790-2856dfe8adf3 ] Request (ServersV294TestFqdnHostnames:setUpClass): 201 POST http://10.180.1.21/identity/v3/auth/tokens 0.109s
2025-04-03 20:03:23.355 69699 INFO tempest.lib.common.rest_client [req-717e2ab5-c6ba-4bc4-8164-94a2e8797d42 req-717e2ab5-c6ba-4bc4-8164-94a2e8797d42 ] Request (DeleteServersAdminTestJSON:test_delete_server_while_in_error_state): 200 GET http://10.180.1.21/compute/v2.1/servers/c167efa7-3603-4d4a-b731-4de23cb95f28 0.886s
2025-04-03 20:03:23.411 69695 INFO tempest.lib.common.rest_client [req-2c31c91e-da1c-474b-919a-87e3757c047a req-2c31c91e-da1c-474b-919a-87e3757c047a ] Request (ListImageFiltersTestJSON:setUpClass): 200 GET http://10.180.1.21/compute/v2.1/servers/373e33fd-ba30-4824-962d-b0e0f15325e9 0.793s
2025-04-03 20:03:23.472 69717 INFO tempest.lib.common.rest_client [req-f845c664-a423-489a-b962-a30f53563d89 req-f845c664-a423-489a-b962-a30f53563d89 ] Request (ServerDiagnosticsV248Test:test_get_server_diagnostics): 200 GET http://10.180.1.21/compute/v2.1/servers/95b817c2-87c5-4926-a0e4-6c785c713936 0.724s
2025-04-03 20:03:23.508 69677 INFO tempest.lib.common.rest_client [req-953030a9-5079-4343-ad29-5c77d20b4233 req-953030a9-5079-4343-ad29-5c77d20b4233 ] Request (KeyPairsV2TestJSON:test_keypair_create_with_pub_key): 200 POST http://10.180.1.21/compute/v2.1/os-keypairs 0.641s
2025-04-03 20:03:23.533 69721 INFO tempest.lib.common.rest_client [req-350168a0-f6ef-4bfc-a31b-63193a3354fc req-350168a0-f6ef-4bfc-a31b-63193a3354fc ] Request (FlavorsAdminTestJSON:_run_cleanups): 200 GET http://10.180.1.21/compute/v2.1/flavors/detail 0.649s
2025-04-03 20:03:23.558 69693 INFO tempest.lib.common.rest_client [req-50c185b2-b838-4cab-9eff-9ea5d172acd4 req-50c185b2-b838-4cab-9eff-9ea5d172acd4 ] Request (ServerAddressesNegativeTestJSON:setUpClass): 202 POST http://10.180.1.21/compute/v2.1/servers 1.514s
2025-04-03 20:03:23.596 69709 INFO tempest.lib.common.rest_client [req-b069de0a-c8c2-4e09-9f26-42ceb304b16f req-b069de0a-c8c2-4e09-9f26-42ceb304b16f ] Request (AttachInterfacesUnderV243Test:test_add_remove_fixed_ip): 200 GET http://10.180.1.21/compute/v2.1/servers/f9c1342d-1643-4edc-a5d0-a23d38ed613c 0.646s
2025-04-03 20:03:23.619 69685 INFO tempest.lib.common.rest_client [req-6ab82b84-7036-4705-b0de-ee0a1f6f56ae req-6ab82b84-7036-4705-b0de-ee0a1f6f56ae ] Request (FlavorsV255TestJSON:_run_cleanups): 200 GET http://10.180.1.21/compute/v2.1/flavors/detail 0.621s
2025-04-03 20:03:23.629 69683 INFO tempest.lib.common.rest_client [req-f523c977-496f-481c-871c-afc933350d61 req-f523c977-496f-481c-871c-afc933350d61 ] Request (ListServersNegativeTestJSON:test_list_servers_by_changes_since_future_date): 200 GET http://10.180.1.21/compute/v2.1/servers?changes-since=2051-01-01T12%3A34%3A00Z&status=ACTIVE 0.649s
2025-04-03 20:03:23.738 69723 INFO tempest.lib.common.rest_client [req-f1982d80-71d5-420b-b4de-07c2714a5a60 req-f1982d80-71d5-420b-b4de-07c2714a5a60 ] Request (ServersAdminTestJSON:test_create_server_with_scheduling_hint): 200 GET http://10.180.1.21/compute/v2.1/servers/f10e7a79-4aee-4687-84e8-d4d238077566 0.698s
2025-04-03 20:03:23.790 69685 INFO tempest.lib.common.rest_client [req-fc3c10e5-952e-43a5-9fd0-9c7a73b6a05a req-fc3c10e5-952e-43a5-9fd0-9c7a73b6a05a ] Request (FlavorsV255TestJSON:tearDownClass): 204 DELETE http://10.180.1.21/identity/v3/users/0aa098f530914ae5bc8abedeefca100a 0.162s
2025-04-03 20:03:23.808 69707 INFO tempest.lib.common.rest_client [req-b8c46ad4-f281-4618-9946-0bb307b7526f req-b8c46ad4-f281-4618-9946-0bb307b7526f ] Request (HypervisorAdminV228Test:test_get_list_hypervisor_details): 200 GET http://10.180.1.21/compute/v2.1/os-hypervisors 0.738s
2025-04-03 20:03:23.867 69731 INFO tempest.lib.common.rest_client [req-86a8bc96-f398-4002-a465-eeb604aa6ff5 req-86a8bc96-f398-4002-a465-eeb604aa6ff5 ] Request (VolumesAssistedSnapshotsTest:test_volume_assisted_snapshot_create_delete): 200 GET http://10.180.1.21/compute/v2.1/servers/86487bab-df97-4480-8e57-2bcdeba9520b 0.843s
2025-04-03 20:03:23.893 69697 INFO tempest.lib.common.rest_client [req-075ac4fb-b349-4237-bf57-0b8ad1525667 req-075ac4fb-b349-4237-bf57-0b8ad1525667 ] Request (ServersAdmin275Test:tearDownClass): 204 DELETE http://10.180.1.21/compute/v2.1/servers/7dd39a10-693d-4638-a80b-17c441c7be69 0.814s
2025-04-03 20:03:23.912 69685 INFO tempest.lib.common.rest_client [req-f8634043-9af3-4a2f-b646-efd238536dd0 req-f8634043-9af3-4a2f-b646-efd238536dd0 ] Request (FlavorsV255TestJSON:tearDownClass): 204 DELETE http://10.180.1.21/identity/v3/users/fabca0723efc4816a81210de1481bd34 0.121s
2025-04-03 20:03:23.913 69685 INFO tempest.lib.common.dynamic_creds [-] Deleting project and security group for project: 111c2418552b4386b67c253f0b13042a
2025-04-03 20:03:23.952 69719 INFO tempest.lib.common.rest_client [req-71ade910-beb2-4ace-9b5d-a80e116e496c req-71ade910-beb2-4ace-9b5d-a80e116e496c ] Request (ListServerFiltersTestJSON:setUpClass): 200 GET http://10.180.1.21/compute/v2.1/servers/388f7324-b27f-4f86-902d-dc902a5f19b0 0.798s
2025-04-03 20:03:23.962 69691 INFO tempest.lib.common.rest_client [req-0be28add-ac3a-471d-b8bb-d8d2e72a021c req-0be28add-ac3a-471d-b8bb-d8d2e72a021c ] Request (ServerActionsTestOtherA:setUpClass): 200 GET http://10.180.1.21/compute/v2.1/servers/af8f9e4f-c0d8-447b-91ad-04f88290c199 0.719s
2025-04-03 20:03:23.992 69685 INFO tempest.lib.common.rest_client [req-701b4dc7-acbc-4ae1-bcab-3cfd4195d37a req-701b4dc7-acbc-4ae1-bcab-3cfd4195d37a ] Request (FlavorsV255TestJSON:tearDownClass): 201 POST http://10.180.1.21/identity/v3/auth/tokens 0.079s
2025-04-03 20:03:23.997 69735 INFO tempest.lib.common.rest_client [req-aa6e9a36-56af-4cac-89dc-c6db71602f39 req-aa6e9a36-56af-4cac-89dc-c6db71602f39 ] Request (InstanceActionsNegativeTestJSON:setUpClass): 200 PUT http://10.180.1.21:9696/networking/v2.0/routers/212d125d-3397-4718-8eb5-dc1db5490ca2/add_router_interface 1.020s
2025-04-03 20:03:23.997 69735 INFO tempest.lib.common.dynamic_creds [-] Created isolated network resources for: credentials: Credentials: {'domain_id': 'default', 'domain_name': 'Default', 'username': 'tempest-InstanceActionsNegativeTestJSON-2025238032-project-member', 'project_domain_id': 'default', 'project_domain_name': 'Default', 'project_id': '69a43485b3e64d7c8cec53b3fe307b95', 'project_name': 'tempest-InstanceActionsNegativeTestJSON-2025238032', 'tenant_id': '69a43485b3e64d7c8cec53b3fe307b95', 'tenant_name': 'tempest-InstanceActionsNegativeTestJSON-2025238032', 'user_domain_id': 'default', 'user_domain_name': 'Default', 'user_id': '61a522a795a545c899fd759101171523', 'system': None}, Network: {'id': '8f3eda54-e64e-4d74-9811-8f05db2d44a9', 'name': 'tempest-InstanceActionsNegativeTestJSON-808140860-network', 'tenant_id': '69a43485b3e64d7c8cec53b3fe307b95', 'admin_state_up': True, 'mtu': 8950, 'status': 'ACTIVE', 'subnets': [], 'shared': False, 'project_id': '69a43485b3e64d7c8cec53b3fe307b95', 'port_security_enabled': True, 'router:external': False, 'provider:network_type': 'vlan', 'provider:physical_network': 'default', 'provider:segmentation_id': 835, 'availability_zone_hints': [], 'availability_zones': [], 'ipv4_address_scope': None, 'ipv6_address_scope': None, 'description': '', 'tags': [], 'created_at': '2025-04-03T20:03:21Z', 'updated_at': '2025-04-03T20:03:21Z', 'revision_number': 1}, Subnet: {'id': '7e9e377a-538c-4c53-8eff-5c5554f2d621', 'name': 'tempest-InstanceActionsNegativeTestJSON-808140860-subnet', 'tenant_id': '69a43485b3e64d7c8cec53b3fe307b95', 'network_id': '8f3eda54-e64e-4d74-9811-8f05db2d44a9', 'ip_version': 4, 'subnetpool_id': None, 'enable_dhcp': True, 'ipv6_ra_mode': None, 'ipv6_address_mode': None, 'gateway_ip': '192.168.128.1', 'cidr': '192.168.128.0/28', 'allocation_pools': [{'start': '192.168.128.2', 'end': '192.168.128.14'}], 'host_routes': [], 'dns_nameservers': [], 'description': '', 'router:external': False, 'service_types': [], 'tags': [], 'created_at': '2025-04-03T20:03:22Z', 'updated_at': '2025-04-03T20:03:22Z', 'revision_number': 0, 'project_id': '69a43485b3e64d7c8cec53b3fe307b95'}, Router: {'id': '212d125d-3397-4718-8eb5-dc1db5490ca2', 'name': 'tempest-InstanceActionsNegativeTestJSON-808140860-router', 'tenant_id': '69a43485b3e64d7c8cec53b3fe307b95', 'admin_state_up': True, 'status': 'ACTIVE', 'external_gateway_info': {'network_id': '27a65881-087d-4235-b888-80c71d3b9417', 'external_fixed_ips': [{'subnet_id': '519313fa-4d08-4aa9-b0a8-8016161ae783', 'ip_address': '10.180.180.234'}], 'enable_snat': True}, 'description': '', 'availability_zones': [], 'distributed': False, 'ha': False, 'availability_zone_hints': [], 'routes': [], 'flavor_id': None, 'tags': [], 'created_at': '2025-04-03T20:03:22Z', 'updated_at': '2025-04-03T20:03:22Z', 'revision_number': 2, 'project_id': '69a43485b3e64d7c8cec53b3fe307b95'}
2025-04-03 20:03:24.021 69679 INFO tempest.lib.common.rest_client [req-e8d6b064-6c73-46b1-a7ec-4dedf794d3db req-e8d6b064-6c73-46b1-a7ec-4dedf794d3db ] Request (ServersAdminNegativeTestJSON:test_migrate_server_invalid_state): 409 POST http://10.180.1.21/compute/v2.1/servers/981f9891-970f-4efc-8a1d-fc6a737c57cc/action 0.747s
2025-04-03 20:03:24.039 69677 INFO tempest.lib.common.rest_client [req-5c386444-51b6-4680-b45a-4967b071b15c req-5c386444-51b6-4680-b45a-4967b071b15c ] Request (KeyPairsV2TestJSON:_run_cleanups): 202 DELETE http://10.180.1.21/compute/v2.1/os-keypairs/tempest-keypair-37448299 0.529s
2025-04-03 20:03:24.056 69721 INFO tempest.lib.common.rest_client [req-67c4266f-2455-4c36-82ce-76a73738d5b8 req-67c4266f-2455-4c36-82ce-76a73738d5b8 ] Request (FlavorsAdminTestJSON:test_list_public_flavor_with_other_user): 200 POST http://10.180.1.21/compute/v2.1/flavors 0.516s
2025-04-03 20:03:24.107 69693 INFO tempest.lib.common.rest_client [req-ecacf883-4df5-446f-b012-02291d736541 req-ecacf883-4df5-446f-b012-02291d736541 ] Request (ServerAddressesNegativeTestJSON:setUpClass): 200 GET http://10.180.1.21/compute/v2.1/servers/40995412-2970-4f48-a4a7-429273c4357e 0.547s
2025-04-03 20:03:24.112 69673 INFO tempest.lib.common.rest_client [req-25526da8-1461-4167-aa8f-3adf14ec58d1 req-25526da8-1461-4167-aa8f-3adf14ec58d1 ] Request (ServersV294TestFqdnHostnames:setUpClass): 201 POST http://10.180.1.21/compute/v2.1/os-keypairs 0.784s
2025-04-03 20:03:24.138 69735 INFO tempest.lib.common.rest_client [req-0bf513bd-6170-4d7f-a734-d888b3e9ed03 req-0bf513bd-6170-4d7f-a734-d888b3e9ed03 ] Request (InstanceActionsNegativeTestJSON:setUpClass): 201 POST http://10.180.1.21/identity/v3/auth/tokens 0.136s
2025-04-03 20:03:24.184 69735 INFO tempest.lib.common.rest_client [req-305f9584-9cca-4880-8ef3-e274b80acecb req-305f9584-9cca-4880-8ef3-e274b80acecb ] Request (InstanceActionsNegativeTestJSON:setUpClass): 201 POST http://10.180.1.21/identity/v3/auth/tokens 0.042s
2025-04-03 20:03:24.185 69735 INFO tempest.lib.common.fixed_network [-] (InstanceActionsNegativeTestJSON:setUpClass) Found network {'id': '8f3eda54-e64e-4d74-9811-8f05db2d44a9', 'name': 'tempest-InstanceActionsNegativeTestJSON-808140860-network', 'tenant_id': '69a43485b3e64d7c8cec53b3fe307b95', 'admin_state_up': True, 'mtu': 8950, 'status': 'ACTIVE', 'subnets': [], 'shared': False, 'project_id': '69a43485b3e64d7c8cec53b3fe307b95', 'port_security_enabled': True, 'router:external': False, 'provider:network_type': 'vlan', 'provider:physical_network': 'default', 'provider:segmentation_id': 835, 'availability_zone_hints': [], 'availability_zones': [], 'ipv4_address_scope': None, 'ipv6_address_scope': None, 'description': '', 'tags': [], 'created_at': '2025-04-03T20:03:21Z', 'updated_at': '2025-04-03T20:03:21Z', 'revision_number': 1} available for tenant
2025-04-03 20:03:24.190 69685 INFO tempest.lib.common.rest_client [req-d919722c-075c-421c-a04e-5e8b1c3cc566 req-d919722c-075c-421c-a04e-5e8b1c3cc566 ] Request (FlavorsV255TestJSON:tearDownClass): 200 GET http://10.180.1.21:9696/networking/v2.0/security-groups?tenant_id=111c2418552b4386b67c253f0b13042a&name=default 0.198s
2025-04-03 20:03:24.286 69701 INFO tempest.lib.common.rest_client [req-38fa427b-be94-485a-8ab3-79748a3466e8 req-38fa427b-be94-485a-8ab3-79748a3466e8 ] Request (ServerExternalEventsTest:test_create_server_external_events): 200 GET http://10.180.1.21/compute/v2.1/servers/79bb7eb4-1551-4f19-824d-69b2e5944d6e 0.684s
2025-04-03 20:03:24.288 69685 INFO tempest.lib.common.rest_client [req-6ecc940e-68a4-49d6-bd8f-cca02ac55a18 req-6ecc940e-68a4-49d6-bd8f-cca02ac55a18 ] Request (FlavorsV255TestJSON:tearDownClass): 204 DELETE http://10.180.1.21:9696/networking/v2.0/security-groups/e022392e-2824-48fc-b60f-d6596436328b 0.097s
2025-04-03 20:03:24.292 69683 INFO tempest.lib.common.rest_client [req-e4d2efad-5bc2-4c81-87e8-f2179de6dba2 req-e4d2efad-5bc2-4c81-87e8-f2179de6dba2 ] Request (ListServersNegativeTestJSON:test_list_servers_by_changes_since_invalid_date): 400 GET http://10.180.1.21/compute/v2.1/servers?changes-since=2011%2F01%2F01 0.653s
2025-04-03 20:03:24.306 69703 INFO tempest.lib.common.rest_client [req-6818e7fe-e615-456d-bafc-2a68efee693b req-6818e7fe-e615-456d-bafc-2a68efee693b ] Request (ServersWithSpecificFlavorTestJSON:test_verify_created_server_ephemeral_disk): 200 GET http://10.180.1.21/compute/v2.1/servers/45908d95-bd1c-4340-8cc2-3198f900bebd 0.676s
2025-04-03 20:03:24.329 69673 INFO tempest.lib.common.rest_client [req-edcea25b-64e2-4e76-9222-4fa9ef87bac7 req-edcea25b-64e2-4e76-9222-4fa9ef87bac7 ] Request (ServersV294TestFqdnHostnames:setUpClass): 201 POST http://10.180.1.21:9696/networking/v2.0/security-groups 0.216s
2025-04-03 20:03:24.368 69687 INFO tempest.lib.common.rest_client [req-b872de08-905c-4936-a1cf-76fd36734848 req-b872de08-905c-4936-a1cf-76fd36734848 ] Request (ImagesOneServerTestJSON:setUpClass): 200 GET http://10.180.1.21/compute/v2.1/servers/6a64d4bd-0cef-4bbf-830c-941cee6767a7 0.655s
2025-04-03 20:03:24.368 69675 INFO tempest.lib.common.rest_client [req-704d07a6-f935-4d28-8c07-3f1c11996c7c req-704d07a6-f935-4d28-8c07-3f1c11996c7c ] Request (InstanceActionsV221TestJSON:test_get_list_deleted_instance_actions): 200 GET http://10.180.1.21/compute/v2.1/servers/c8057193-ee6e-43c5-8595-496b47cf1a51 0.670s
2025-04-03 20:03:24.396 69707 INFO tempest.lib.common.rest_client [req-dffda1d3-28bd-42af-aaa8-d89e1b6a3299 req-dffda1d3-28bd-42af-aaa8-d89e1b6a3299 ] Request (HypervisorAdminV228Test:test_get_list_hypervisor_details): 200 GET http://10.180.1.21/compute/v2.1/os-hypervisors/1 0.587s
2025-04-03 20:03:24.400 69685 INFO tempest.lib.common.rest_client [req-996668de-fee7-4944-b7c9-4c4eb31d3b36 req-996668de-fee7-4944-b7c9-4c4eb31d3b36 ] Request (FlavorsV255TestJSON:tearDownClass): 204 DELETE http://10.180.1.21/identity/v3/projects/111c2418552b4386b67c253f0b13042a 0.111s
2025-04-03 20:03:24.400 69685 INFO tempest.lib.common.dynamic_creds [-] Deleting project and security group for project: d7f97afac78143b08cacd34e69ec66a6
2025-04-03 20:03:24.439 69673 INFO tempest.lib.common.rest_client [req-532dca7c-3a8a-4bdc-840b-d2d6e5b19375 req-532dca7c-3a8a-4bdc-840b-d2d6e5b19375 ] Request (ServersV294TestFqdnHostnames:setUpClass): 201 POST http://10.180.1.21:9696/networking/v2.0/security-group-rules 0.108s
2025-04-03 20:03:24.457 69733 INFO tempest.lib.common.rest_client [req-2cca2c07-3842-486e-8c28-2439c5832903 req-2cca2c07-3842-486e-8c28-2439c5832903 ] Request (ServerDiagnosticsTest:tearDownClass): 200 GET http://10.180.1.21/compute/v2.1/servers/a3356b27-2c6a-45be-b610-b99fdc08d1bd 0.658s
2025-04-03 20:03:24.466 69681 INFO tempest.lib.common.rest_client [req-304f34b2-c3bf-462a-a2aa-f1edd208e2e2 req-304f34b2-c3bf-462a-a2aa-f1edd208e2e2 ] Request (MultipleCreateTestJSON:_run_cleanups): 200 GET http://10.180.1.21/compute/v2.1/servers/6d04873f-de29-486c-9e97-34114457d14c 0.643s
2025-04-03 20:03:24.503 69711 INFO tempest.lib.common.rest_client [req-d0ea03a3-89e1-44b5-b6c8-9b0e9a2af332 req-d0ea03a3-89e1-44b5-b6c8-9b0e9a2af332 ] Request (ImagesTestJSON:test_create_image_from_stopped_server): 200 GET http://10.180.1.21/compute/v2.1/images/e0a71b74-a097-4fdc-bd42-b129001dab75 0.659s
2025-04-03 20:03:24.540 69697 INFO tempest.lib.common.rest_client [req-e2f91044-9547-4f44-b755-99f930fbe8cc req-e2f91044-9547-4f44-b755-99f930fbe8cc ] Request (ServersAdmin275Test:tearDownClass): 200 GET http://10.180.1.21/compute/v2.1/servers/7dd39a10-693d-4638-a80b-17c441c7be69 0.646s
2025-04-03 20:03:24.566 69673 INFO tempest.lib.common.rest_client [req-250b2676-17c8-4980-bcc0-b524fecf0d42 req-250b2676-17c8-4980-bcc0-b524fecf0d42 ] Request (ServersV294TestFqdnHostnames:setUpClass): 201 POST http://10.180.1.21:9696/networking/v2.0/security-group-rules 0.127s
2025-04-03 20:03:24.566 69685 INFO tempest.lib.common.rest_client [req-4a2accfc-ba0f-4d70-bf56-e2c1340439d4 req-4a2accfc-ba0f-4d70-bf56-e2c1340439d4 ] Request (FlavorsV255TestJSON:tearDownClass): 200 GET http://10.180.1.21:9696/networking/v2.0/security-groups?tenant_id=d7f97afac78143b08cacd34e69ec66a6&name=default 0.166s
2025-04-03 20:03:24.580 69727 INFO tempest.lib.common.rest_client [req-e6ec5ebf-5c5a-4bb6-814f-f4d797d47c4b req-e6ec5ebf-5c5a-4bb6-814f-f4d797d47c4b ] Request (ServersTestJSON:setUpClass): 200 GET http://10.180.1.21/compute/v2.1/servers/442ed0ae-d3f8-4ca8-a450-7d7369000dd2 0.677s
2025-04-03 20:03:24.606 69726 INFO tempest.lib.common.rest_client [req-6ebe09be-4bb5-479e-9d05-bad847fb37a6 req-6ebe09be-4bb5-479e-9d05-bad847fb37a6 ] Request (ServersTestManualDisk:setUpClass): 200 GET http://10.180.1.21/compute/v2.1/servers/2f591c40-74b9-42e7-95da-568884aeb59b 0.638s
2025-04-03 20:03:24.611 69679 INFO tempest.lib.common.rest_client [req-30c5a95e-6bac-419c-9573-c3fb1834b724 req-30c5a95e-6bac-419c-9573-c3fb1834b724 ] Request (ServersAdminNegativeTestJSON:test_reset_state_server_invalid_state): 400 POST http://10.180.1.21/compute/v2.1/servers/08fddadb-9acb-484a-805e-9374dbf0adc1/action 0.587s
2025-04-03 20:03:24.616 69707 INFO tempest.lib.common.rest_client [req-78a8100e-7175-4fc3-9879-817d5de4de91 req-78a8100e-7175-4fc3-9879-817d5de4de91 ] Request (HypervisorAdminV228Test:tearDownClass): 204 DELETE http://10.180.1.21/identity/v3/users/617af2140b0144dca9465b79c77e2922 0.208s
2025-04-03 20:03:24.652 69685 INFO tempest.lib.common.rest_client [req-11025cd0-3e58-4dca-a981-b96defdff6aa req-11025cd0-3e58-4dca-a981-b96defdff6aa ] Request (FlavorsV255TestJSON:tearDownClass): 204 DELETE http://10.180.1.21:9696/networking/v2.0/security-groups/4514a6d9-d490-46e5-a08f-f5d4971e0cf7 0.085s
2025-04-03 20:03:24.660 69677 INFO tempest.lib.common.rest_client [req-3a36cec9-fbc9-46dd-9ff1-f92d0a97588d req-3a36cec9-fbc9-46dd-9ff1-f92d0a97588d ] Request (KeyPairsV2TestJSON:test_keypairs_create_list_delete): 200 POST http://10.180.1.21/compute/v2.1/os-keypairs 0.620s
2025-04-03 20:03:24.675 69705 INFO tempest.lib.common.rest_client [req-b79aecc4-7e52-4d73-8c19-ede15ac4e2e4 req-b79aecc4-7e52-4d73-8c19-ede15ac4e2e4 ] Request (ImagesOneServerNegativeTestJSON:setUpClass): 200 GET http://10.180.1.21/compute/v2.1/servers/8a2798c0-37b3-4a3c-a21b-f643ab42091d 0.690s
2025-04-03 20:03:24.692 69721 INFO tempest.lib.common.rest_client [req-05b76178-1d6d-4145-86c6-d269cbd7899f req-05b76178-1d6d-4145-86c6-d269cbd7899f ] Request (FlavorsAdminTestJSON:test_list_public_flavor_with_other_user): 200 GET http://10.180.1.21/compute/v2.1/flavors/detail 0.633s
2025-04-03 20:03:24.782 69707 INFO tempest.lib.common.rest_client [req-fe9caa3a-8d61-4b37-b88e-59ca0c8404fb req-fe9caa3a-8d61-4b37-b88e-59ca0c8404fb ] Request (HypervisorAdminV228Test:tearDownClass): 204 DELETE http://10.180.1.21/identity/v3/users/ad9824312bbd403c94f192220a105d0a 0.165s
2025-04-03 20:03:24.783 69707 INFO tempest.lib.common.dynamic_creds [-] Deleting project and security group for project: 5715175862874b3a81e8cece72b57cac
2025-04-03 20:03:24.827 69685 INFO tempest.lib.common.rest_client [req-0c58a269-02bc-4bb6-8a67-a504b0d459d0 req-0c58a269-02bc-4bb6-8a67-a504b0d459d0 ] Request (FlavorsV255TestJSON:tearDownClass): 204 DELETE http://10.180.1.21/identity/v3/projects/d7f97afac78143b08cacd34e69ec66a6 0.174s
2025-04-03 20:03:24.926 69707 INFO tempest.lib.common.rest_client [req-26fa847a-000e-48d1-b98f-fb22db037778 req-26fa847a-000e-48d1-b98f-fb22db037778 ] Request (HypervisorAdminV228Test:tearDownClass): 201 POST http://10.180.1.21/identity/v3/auth/tokens 0.143s
2025-04-03 20:03:24.941 69685 INFO tempest.lib.common.rest_client [req-fd165d75-b851-44c6-b505-9c68e9989db5 req-fd165d75-b851-44c6-b505-9c68e9989db5 ] Request (HostsAdminNegativeTestJSON:setUpClass): 201 POST http://10.180.1.21/identity/v3/auth/tokens 0.113s
2025-04-03 20:03:24.977 69685 INFO tempest.lib.common.rest_client [req-115de3b3-1646-4c1d-80ce-260650510c9f req-115de3b3-1646-4c1d-80ce-260650510c9f ] Request (HostsAdminNegativeTestJSON:setUpClass): 201 POST http://10.180.1.21/identity/v3/auth/tokens 0.031s
2025-04-03 20:03:25.000 69685 INFO tempest.lib.common.rest_client [req-c5804b7c-9ea8-4158-8678-b82c54265073 req-c5804b7c-9ea8-4158-8678-b82c54265073 ] Request (HostsAdminNegativeTestJSON:setUpClass): 200 GET http://10.180.1.21/identity/v3/domains?name=Default 0.023s
2025-04-03 20:03:25.029 69685 INFO tempest.lib.common.rest_client [req-4f54f1a8-db27-4959-b10e-fde2b304554f req-4f54f1a8-db27-4959-b10e-fde2b304554f ] Request (HostsAdminNegativeTestJSON:setUpClass): 201 POST http://10.180.1.21/identity/v3/projects 0.029s
2025-04-03 20:03:25.051 69683 INFO tempest.lib.common.rest_client [req-0d8a7cfb-6478-4d59-9889-d20feb9d51c5 req-0d8a7cfb-6478-4d59-9889-d20feb9d51c5 ] Request (ListServersNegativeTestJSON:test_list_servers_by_limits_greater_than_actual_count): 200 GET http://10.180.1.21/compute/v2.1/servers 0.757s
2025-04-03 20:03:25.102 69707 INFO tempest.lib.common.rest_client [req-22a518bb-c2eb-4be9-88c1-742be5fdd8ce req-22a518bb-c2eb-4be9-88c1-742be5fdd8ce ] Request (HypervisorAdminV228Test:tearDownClass): 200 GET http://10.180.1.21:9696/networking/v2.0/security-groups?tenant_id=5715175862874b3a81e8cece72b57cac&name=default 0.176s
2025-04-03 20:03:25.103 69685 INFO tempest.lib.common.rest_client [req-5d120c6c-44f5-45ce-b380-2a7daf193303 req-5d120c6c-44f5-45ce-b380-2a7daf193303 ] Request (HostsAdminNegativeTestJSON:setUpClass): 201 POST http://10.180.1.21/identity/v3/users 0.073s
2025-04-03 20:03:25.120 69673 INFO tempest.lib.common.rest_client [req-59e8eb27-a891-48a3-8f10-3162cfddd432 req-59e8eb27-a891-48a3-8f10-3162cfddd432 ] Request (ServersV294TestFqdnHostnames:setUpClass): 201 POST http://10.180.1.21:9696/networking/v2.0/floatingips 0.553s
2025-04-03 20:03:25.129 69685 INFO tempest.lib.common.rest_client [req-c96d600e-7d43-40f3-bd58-76167decc7da req-c96d600e-7d43-40f3-bd58-76167decc7da ] Request (HostsAdminNegativeTestJSON:setUpClass): 200 GET http://10.180.1.21/identity/v3/roles 0.025s
2025-04-03 20:03:25.140 69699 INFO tempest.lib.common.rest_client [req-2895ccdc-5e2a-4583-bb6a-74a904267fd0 req-2895ccdc-5e2a-4583-bb6a-74a904267fd0 ] Request (DeleteServersAdminTestJSON:test_delete_server_while_in_error_state): 200 GET http://10.180.1.21/compute/v2.1/servers/c167efa7-3603-4d4a-b731-4de23cb95f28 0.774s
2025-04-03 20:03:25.177 69685 INFO tempest.lib.common.rest_client [req-19d0d9a5-6dde-43ec-86a0-72de7b549ae9 req-19d0d9a5-6dde-43ec-86a0-72de7b549ae9 ] Request (HostsAdminNegativeTestJSON:setUpClass): 204 PUT http://10.180.1.21/identity/v3/projects/ee846659a4534a118f5f10ce4e575d82/users/d9b0484dea54402ea56d0b84191bcb91/roles/81395896bada4eeaa4dfb6a0b342d0db 0.048s
2025-04-03 20:03:25.178 69685 INFO tempest.lib.common.dynamic_creds [-] Dynamic test user d9b0484dea54402ea56d0b84191bcb91 is created with scope project and roles: ['member']
2025-04-03 20:03:25.178 69685 INFO tempest.lib.common.dynamic_creds [-] Acquired dynamic creds: credentials: Credentials: {'domain_id': 'default', 'domain_name': 'Default', 'username': 'tempest-HostsAdminNegativeTestJSON-616734467-project-member', 'project_domain_id': 'default', 'project_domain_name': 'Default', 'project_id': 'ee846659a4534a118f5f10ce4e575d82', 'project_name': 'tempest-HostsAdminNegativeTestJSON-616734467', 'tenant_id': 'ee846659a4534a118f5f10ce4e575d82', 'tenant_name': 'tempest-HostsAdminNegativeTestJSON-616734467', 'user_domain_id': 'default', 'user_domain_name': 'Default', 'user_id': 'd9b0484dea54402ea56d0b84191bcb91', 'system': None}, Network: None, Subnet: None, Router: None
2025-04-03 20:03:25.178 69685 INFO tempest.lib.common.dynamic_creds [-] Created isolated network resources for: credentials: Credentials: {'domain_id': 'default', 'domain_name': 'Default', 'username': 'tempest-HostsAdminNegativeTestJSON-616734467-project-member', 'project_domain_id': 'default', 'project_domain_name': 'Default', 'project_id': 'ee846659a4534a118f5f10ce4e575d82', 'project_name': 'tempest-HostsAdminNegativeTestJSON-616734467', 'tenant_id': 'ee846659a4534a118f5f10ce4e575d82', 'tenant_name': 'tempest-HostsAdminNegativeTestJSON-616734467', 'user_domain_id': 'default', 'user_domain_name': 'Default', 'user_id': 'd9b0484dea54402ea56d0b84191bcb91', 'system': None}, Network: None, Subnet: None, Router: None
2025-04-03 20:03:25.181 69673 INFO tempest.lib.common.rest_client [req-13d1d1e2-3dd1-49cd-9661-ff726a595bdf req-13d1d1e2-3dd1-49cd-9661-ff726a595bdf ] Request (ServersV294TestFqdnHostnames:setUpClass): 201 POST http://10.180.1.21/identity/v3/auth/tokens 0.059s
2025-04-03 20:03:25.182 69673 INFO tempest.lib.common.fixed_network [-] (ServersV294TestFqdnHostnames:setUpClass) Found network {'id': '4f31db95-c394-4bbe-996c-e07a9e3972ff', 'name': 'tempest-ServersV294TestFqdnHostnames-1990372701-network', 'tenant_id': '7bd952d2f728494686a764ad6800f7b1', 'admin_state_up': True, 'mtu': 8950, 'status': 'ACTIVE', 'subnets': [], 'shared': False, 'project_id': '7bd952d2f728494686a764ad6800f7b1', 'port_security_enabled': True, 'router:external': False, 'provider:network_type': 'vlan', 'provider:physical_network': 'default', 'provider:segmentation_id': 652, 'availability_zone_hints': [], 'availability_zones': [], 'ipv4_address_scope': None, 'ipv6_address_scope': None, 'description': '', 'tags': [], 'created_at': '2025-04-03T20:03:18Z', 'updated_at': '2025-04-03T20:03:18Z', 'revision_number': 1} available for tenant
2025-04-03 20:03:25.202 69707 INFO tempest.lib.common.rest_client [req-8a8996e6-c533-4919-890a-4aed6f5376ae req-8a8996e6-c533-4919-890a-4aed6f5376ae ] Request (HypervisorAdminV228Test:tearDownClass): 204 DELETE http://10.180.1.21:9696/networking/v2.0/security-groups/22d0eb96-8575-4e15-aec9-f68e62b98b41 0.099s
2025-04-03 20:03:25.214 69695 INFO tempest.lib.common.rest_client [req-c0e83812-4b10-4d69-9f68-431cf0e50200 req-c0e83812-4b10-4d69-9f68-431cf0e50200 ] Request (ListImageFiltersTestJSON:setUpClass): 200 GET http://10.180.1.21/compute/v2.1/servers/373e33fd-ba30-4824-962d-b0e0f15325e9 0.793s
2025-04-03 20:03:25.299 69685 INFO tempest.lib.common.rest_client [req-5d3c4fb3-4c0b-460a-96aa-c06b673d8986 req-5d3c4fb3-4c0b-460a-96aa-c06b673d8986 ] Request (HostsAdminNegativeTestJSON:setUpClass): 201 POST http://10.180.1.21/identity/v3/auth/tokens 0.113s
2025-04-03 20:03:25.306 69717 INFO tempest.lib.common.rest_client [req-dfba0c39-1693-46c7-b0e0-b375c3f59603 req-dfba0c39-1693-46c7-b0e0-b375c3f59603 ] Request (ServerDiagnosticsV248Test:test_get_server_diagnostics): 200 GET http://10.180.1.21/compute/v2.1/servers/95b817c2-87c5-4926-a0e4-6c785c713936 0.819s
2025-04-03 20:03:25.307 69707 INFO tempest.lib.common.rest_client [req-99200be0-3a5d-4108-a6ad-fb0ea19da281 req-99200be0-3a5d-4108-a6ad-fb0ea19da281 ] Request (HypervisorAdminV228Test:tearDownClass): 204 DELETE http://10.180.1.21/identity/v3/projects/5715175862874b3a81e8cece72b57cac 0.104s
2025-04-03 20:03:25.307 69707 INFO tempest.lib.common.dynamic_creds [-] Deleting project and security group for project: 274edca8a43548fca885b56f67156a74
2025-04-03 20:03:25.318 69679 INFO tempest.lib.common.rest_client [req-2deb14b8-7fab-4120-bb75-bf6498e3ff1a req-2deb14b8-7fab-4120-bb75-bf6498e3ff1a ] Request (ServersAdminNegativeTestJSON:test_reset_state_server_invalid_type): 400 POST http://10.180.1.21/compute/v2.1/servers/08fddadb-9acb-484a-805e-9374dbf0adc1/action 0.705s
2025-04-03 20:03:25.376 69685 INFO tempest.lib.common.rest_client [req-067be6c3-9afb-49be-b0b0-509c543a68a7 req-067be6c3-9afb-49be-b0b0-509c543a68a7 ] Request (HostsAdminNegativeTestJSON:setUpClass): 201 POST http://10.180.1.21/identity/v3/projects 0.076s
2025-04-03 20:03:25.411 69709 INFO tempest.lib.common.rest_client [req-6d362629-9e33-499d-8282-611a0fa97338 req-6d362629-9e33-499d-8282-611a0fa97338 ] Request (AttachInterfacesUnderV243Test:test_add_remove_fixed_ip): 200 GET http://10.180.1.21/compute/v2.1/servers/f9c1342d-1643-4edc-a5d0-a23d38ed613c 0.796s
2025-04-03 20:03:25.412 69735 INFO tempest.lib.common.rest_client [req-44622fd7-4939-440a-a827-150bd0c29173 req-44622fd7-4939-440a-a827-150bd0c29173 ] Request (InstanceActionsNegativeTestJSON:setUpClass): 202 POST http://10.180.1.21/compute/v2.1/servers 1.226s
2025-04-03 20:03:25.436 69721 INFO tempest.lib.common.rest_client [req-df39a7ba-aeb2-4973-8cd4-353e91247725 req-df39a7ba-aeb2-4973-8cd4-353e91247725 ] Request (FlavorsAdminTestJSON:_run_cleanups): 202 DELETE http://10.180.1.21/compute/v2.1/flavors/825250146 0.735s
2025-04-03 20:03:25.451 69677 INFO tempest.lib.common.rest_client [req-a05f5df9-fed4-4df6-9dbb-0212c172c473 req-a05f5df9-fed4-4df6-9dbb-0212c172c473 ] Request (KeyPairsV2TestJSON:test_keypairs_create_list_delete): 200 POST http://10.180.1.21/compute/v2.1/os-keypairs 0.788s
2025-04-03 20:03:25.462 69685 INFO tempest.lib.common.rest_client [req-57309299-cef3-4a51-9c3a-cbf206440b74 req-57309299-cef3-4a51-9c3a-cbf206440b74 ] Request (HostsAdminNegativeTestJSON:setUpClass): 201 POST http://10.180.1.21/identity/v3/users 0.085s
2025-04-03 20:03:25.497 69685 INFO tempest.lib.common.rest_client [req-87cbf043-2d47-4dfb-8eff-a30bbd7e0f5c req-87cbf043-2d47-4dfb-8eff-a30bbd7e0f5c ] Request (HostsAdminNegativeTestJSON:setUpClass): 200 GET http://10.180.1.21/identity/v3/roles 0.035s
2025-04-03 20:03:25.522 69707 INFO tempest.lib.common.rest_client [req-2363c9a5-895b-4362-8e98-03544a156f4b req-2363c9a5-895b-4362-8e98-03544a156f4b ] Request (HypervisorAdminV228Test:tearDownClass): 200 GET http://10.180.1.21:9696/networking/v2.0/security-groups?tenant_id=274edca8a43548fca885b56f67156a74&name=default 0.214s
2025-04-03 20:03:25.524 69723 INFO tempest.lib.common.rest_client [req-d5cba2fa-5471-42a0-9011-296ba41ae680 req-d5cba2fa-5471-42a0-9011-296ba41ae680 ] Request (ServersAdminTestJSON:test_create_server_with_scheduling_hint): 200 GET http://10.180.1.21/compute/v2.1/servers/f10e7a79-4aee-4687-84e8-d4d238077566 0.776s
2025-04-03 20:03:25.536 69685 INFO tempest.lib.common.rest_client [req-e2c665fc-c0f9-4a30-9313-22ca55482744 req-e2c665fc-c0f9-4a30-9313-22ca55482744 ] Request (HostsAdminNegativeTestJSON:setUpClass): 204 PUT http://10.180.1.21/identity/v3/projects/92b8f95d49f141ad97982990a10f402c/users/3300ea91e57842209aea0917a86568f9/roles/9db65cb794b745e3b747de0c7f95a7a4 0.038s
2025-04-03 20:03:25.603 69685 INFO tempest.lib.common.rest_client [req-90af6a73-5cfb-4169-8130-3e6b11fc344c req-90af6a73-5cfb-4169-8130-3e6b11fc344c ] Request (HostsAdminNegativeTestJSON:setUpClass): 200 GET http://10.180.1.21/identity/v3/roles 0.066s
2025-04-03 20:03:25.637 69685 INFO tempest.lib.common.rest_client [req-e8b646dd-dde5-4a67-83af-f6070a8b5198 req-e8b646dd-dde5-4a67-83af-f6070a8b5198 ] Request (HostsAdminNegativeTestJSON:setUpClass): 204 PUT http://10.180.1.21/identity/v3/projects/92b8f95d49f141ad97982990a10f402c/users/3300ea91e57842209aea0917a86568f9/roles/9db65cb794b745e3b747de0c7f95a7a4 0.033s
2025-04-03 20:03:25.637 69685 INFO tempest.lib.common.dynamic_creds [-] Dynamic test user 3300ea91e57842209aea0917a86568f9 is created with scope project and roles: ['admin']
2025-04-03 20:03:25.638 69685 INFO tempest.lib.common.dynamic_creds [-] Acquired dynamic creds: credentials: Credentials: {'domain_id': 'default', 'domain_name': 'Default', 'username': 'tempest-HostsAdminNegativeTestJSON-1921600308-project-admin', 'project_domain_id': 'default', 'project_domain_name': 'Default', 'project_id': '92b8f95d49f141ad97982990a10f402c', 'project_name': 'tempest-HostsAdminNegativeTestJSON-1921600308', 'tenant_id': '92b8f95d49f141ad97982990a10f402c', 'tenant_name': 'tempest-HostsAdminNegativeTestJSON-1921600308', 'user_domain_id': 'default', 'user_domain_name': 'Default', 'user_id': '3300ea91e57842209aea0917a86568f9', 'system': None}, Network: None, Subnet: None, Router: None
2025-04-03 20:03:25.638 69685 INFO tempest.lib.common.dynamic_creds [-] Created isolated network resources for: credentials: Credentials: {'domain_id': 'default', 'domain_name': 'Default', 'username': 'tempest-HostsAdminNegativeTestJSON-1921600308-project-admin', 'project_domain_id': 'default', 'project_domain_name': 'Default', 'project_id': '92b8f95d49f141ad97982990a10f402c', 'project_name': 'tempest-HostsAdminNegativeTestJSON-1921600308', 'tenant_id': '92b8f95d49f141ad97982990a10f402c', 'tenant_name': 'tempest-HostsAdminNegativeTestJSON-1921600308', 'user_domain_id': 'default', 'user_domain_name': 'Default', 'user_id': '3300ea91e57842209aea0917a86568f9', 'system': None}, Network: None, Subnet: None, Router: None
2025-04-03 20:03:25.639 69719 INFO tempest.lib.common.rest_client [req-a4297cd4-76c5-4d02-9619-70cf9a6d5a77 req-a4297cd4-76c5-4d02-9619-70cf9a6d5a77 ] Request (ListServerFiltersTestJSON:setUpClass): 200 GET http://10.180.1.21/compute/v2.1/servers/388f7324-b27f-4f86-902d-dc902a5f19b0 0.668s
2025-04-03 20:03:25.686 69731 INFO tempest.lib.common.rest_client [req-9db7277d-609f-4a6e-9622-1364590e9613 req-9db7277d-609f-4a6e-9622-1364590e9613 ] Request (VolumesAssistedSnapshotsTest:test_volume_assisted_snapshot_create_delete): 200 GET http://10.180.1.21/compute/v2.1/servers/86487bab-df97-4480-8e57-2bcdeba9520b 0.811s
2025-04-03 20:03:25.695 69731 INFO tempest.common.waiters [-] State transition "BUILD/spawning" ==> "ACTIVE/None" after 30 second wait
2025-04-03 20:03:25.710 69691 INFO tempest.lib.common.rest_client [req-ec878c52-1bf1-4c2c-b05a-785b0dd63626 req-ec878c52-1bf1-4c2c-b05a-785b0dd63626 ] Request (ServerActionsTestOtherA:setUpClass): 200 GET http://10.180.1.21/compute/v2.1/servers/af8f9e4f-c0d8-447b-91ad-04f88290c199 0.739s
2025-04-03 20:03:25.734 69685 INFO tempest.lib.common.rest_client [req-ec30ad22-80f1-444a-a012-21c4e7d222e4 req-ec30ad22-80f1-444a-a012-21c4e7d222e4 ] Request (HostsAdminNegativeTestJSON:setUpClass): 201 POST http://10.180.1.21/identity/v3/auth/tokens 0.089s
2025-04-03 20:03:25.748 69683 INFO tempest.lib.common.rest_client [req-44f795f8-19be-4e5f-82bc-ce9e94f0c145 req-44f795f8-19be-4e5f-82bc-ce9e94f0c145 ] Request (ListServersNegativeTestJSON:test_list_servers_by_limits_greater_than_actual_count): 200 GET http://10.180.1.21/compute/v2.1/servers?limit=102 0.693s
2025-04-03 20:03:25.755 69707 INFO tempest.lib.common.rest_client [req-02a5af28-c917-40bb-ad94-93fab8c9c565 req-02a5af28-c917-40bb-ad94-93fab8c9c565 ] Request (HypervisorAdminV228Test:tearDownClass): 204 DELETE http://10.180.1.21:9696/networking/v2.0/security-groups/f1f1d9aa-5b57-4519-aaba-fdbe1b34c84b 0.232s
2025-04-03 20:03:25.771 69693 INFO tempest.lib.common.rest_client [req-a210e27c-0668-4986-a03e-a089dc39cbde req-a210e27c-0668-4986-a03e-a089dc39cbde ] Request (ServerAddressesNegativeTestJSON:setUpClass): 200 GET http://10.180.1.21/compute/v2.1/servers/40995412-2970-4f48-a4a7-429273c4357e 0.653s
2025-04-03 20:03:25.900 69707 INFO tempest.lib.common.rest_client [req-587ea227-8696-4565-a84b-b47ec0c27408 req-587ea227-8696-4565-a84b-b47ec0c27408 ] Request (HypervisorAdminV228Test:tearDownClass): 204 DELETE http://10.180.1.21/identity/v3/projects/274edca8a43548fca885b56f67156a74 0.144s
2025-04-03 20:03:25.931 69701 INFO tempest.lib.common.rest_client [req-7f9c3661-b714-4897-be79-620b0fa2dda6 req-7f9c3661-b714-4897-be79-620b0fa2dda6 ] Request (ServerExternalEventsTest:test_create_server_external_events): 200 GET http://10.180.1.21/compute/v2.1/servers/79bb7eb4-1551-4f19-824d-69b2e5944d6e 0.636s
2025-04-03 20:03:25.987 69707 INFO tempest.lib.common.rest_client [req-2a293942-4b8e-4606-81e5-cd1ced603912 req-2a293942-4b8e-4606-81e5-cd1ced603912 ] Request (AbsoluteLimitsNegativeTestJSON:setUpClass): 201 POST http://10.180.1.21/identity/v3/auth/tokens 0.086s
2025-04-03 20:03:26.036 69707 INFO tempest.lib.common.rest_client [req-9804b345-321c-4b82-a757-951915b97efd req-9804b345-321c-4b82-a757-951915b97efd ] Request (AbsoluteLimitsNegativeTestJSON:setUpClass): 201 POST http://10.180.1.21/identity/v3/auth/tokens 0.045s
2025-04-03 20:03:26.069 69707 INFO tempest.lib.common.rest_client [req-0480df4d-0cd0-49ed-87da-9d45772fc923 req-0480df4d-0cd0-49ed-87da-9d45772fc923 ] Request (AbsoluteLimitsNegativeTestJSON:setUpClass): 200 GET http://10.180.1.21/identity/v3/domains?name=Default 0.033s
2025-04-03 20:03:26.125 69707 INFO tempest.lib.common.rest_client [req-bf778ba8-21ec-45a2-a112-0f05c8e8e575 req-bf778ba8-21ec-45a2-a112-0f05c8e8e575 ] Request (AbsoluteLimitsNegativeTestJSON:setUpClass): 201 POST http://10.180.1.21/identity/v3/projects 0.054s
2025-04-03 20:03:26.128 69703 INFO tempest.lib.common.rest_client [req-12432f94-b37b-429f-af92-3c8bc2fa2fd6 req-12432f94-b37b-429f-af92-3c8bc2fa2fd6 ] Request (ServersWithSpecificFlavorTestJSON:test_verify_created_server_ephemeral_disk): 200 GET http://10.180.1.21/compute/v2.1/servers/45908d95-bd1c-4340-8cc2-3198f900bebd 0.811s
