2025-04-03 20:02:27.104 69707 INFO tempest.lib.common.rest_client [req-2e4ca9db-a7ba-4cdf-a671-3b18330c82ac req-2e4ca9db-a7ba-4cdf-a671-3b18330c82ac ] Request (FlavorsAccessTestJSON:test_flavor_access_add_remove): 200 POST http://10.180.1.21/compute/v2.1/flavors 2.327s
2025-04-03 20:02:27.166 69697 INFO tempest.lib.common.rest_client [req-a0b6193f-037a-4a1d-847d-e4f00697e5ab req-a0b6193f-037a-4a1d-847d-e4f00697e5ab ] Request (QuotasSecurityGroupAdminNegativeTest:tearDownClass): 204 DELETE http://10.180.1.21/identity/v3/projects/8af91f75f35a4cf1b61dd1515045c96a 0.383s
2025-04-03 20:02:27.166 69697 INFO tempest.lib.common.dynamic_creds [-] Deleting project and security group for project: 0a593e7e418c4a4890df30ddee9f8355
2025-04-03 20:02:27.190 69685 INFO tempest.lib.common.rest_client [req-b52f8783-2abd-4a91-b744-351c9dc368d8 req-b52f8783-2abd-4a91-b744-351c9dc368d8 ] Request (AggregatesAdminNegativeTestJSON:setUpClass): 200 GET http://10.180.1.21/compute/v2.1/os-services?binary=nova-compute 2.231s
2025-04-03 20:02:27.216 69681 INFO tempest.lib.common.rest_client [req-62ac1958-4b69-4506-ab99-91528f93c9e5 req-62ac1958-4b69-4506-ab99-91528f93c9e5 ] Request (MultipleCreateTestJSON:setUpClass): 200 GET http://10.180.1.21/identity/v3/domains?name=Default 0.372s
2025-04-03 20:02:27.218 69709 INFO tempest.lib.common.rest_client [req-4ec8b38f-6296-46e5-88d7-c31ad117a82c req-4ec8b38f-6296-46e5-88d7-c31ad117a82c ] Request (FlavorsV2NegativeTest:test_boot_with_low_ram): 201 POST http://10.180.1.21/identity/v3/auth/tokens 0.335s
2025-04-03 20:02:27.219 69709 INFO tempest.lib.common.fixed_network [-] (FlavorsV2NegativeTest:test_boot_with_low_ram) Found network None available for tenant
2025-04-03 20:02:27.225 69731 INFO tempest.lib.common.rest_client [req-84e74a81-08cc-4bfd-8ad4-d53477dea683 req-84e74a81-08cc-4bfd-8ad4-d53477dea683 ] Request (VolumesAssistedSnapshotsTest:setUpClass): 201 POST http://10.180.1.21:9696/networking/v2.0/subnets 0.269s
2025-04-03 20:02:27.245 69723 INFO tempest.lib.common.rest_client [req-a993b7da-dd03-4af2-b8eb-0a733b13579d req-a993b7da-dd03-4af2-b8eb-0a733b13579d ] Request (ServersAdminTestJSON:setUpClass): 200 GET http://10.180.1.21/identity/v3/roles 0.256s
2025-04-03 20:02:27.265 69703 INFO tempest.lib.common.rest_client [req-4575477d-4890-4370-91b7-953d0e241e10 req-4575477d-4890-4370-91b7-953d0e241e10 ] Request (ServersWithSpecificFlavorTestJSON:setUpClass): 201 POST http://10.180.1.21/identity/v3/users 0.368s
2025-04-03 20:02:27.275 69729 INFO tempest.lib.common.rest_client [req-b3bbd416-4195-46d3-a0bd-e2e9897f97c5 req-b3bbd416-4195-46d3-a0bd-e2e9897f97c5 ] Request (AZV2TestJSON:setUpClass): 204 PUT http://10.180.1.21/identity/v3/projects/9b8d1ba46988475f9eef6d009ee6bd5d/users/e0af622aec7b4aa5957d9254b6f6f3c2/roles/81395896bada4eeaa4dfb6a0b342d0db 0.218s
2025-04-03 20:02:27.275 69729 INFO tempest.lib.common.dynamic_creds [-] Dynamic test user e0af622aec7b4aa5957d9254b6f6f3c2 is created with scope project and roles: ['member']
2025-04-03 20:02:27.276 69729 INFO tempest.lib.common.dynamic_creds [-] Acquired dynamic creds: credentials: Credentials: {'domain_id': 'default', 'domain_name': 'Default', 'username': 'tempest-AZV2TestJSON-2061961065-project-member', 'project_domain_id': 'default', 'project_domain_name': 'Default', 'project_id': '9b8d1ba46988475f9eef6d009ee6bd5d', 'project_name': 'tempest-AZV2TestJSON-2061961065', 'tenant_id': '9b8d1ba46988475f9eef6d009ee6bd5d', 'tenant_name': 'tempest-AZV2TestJSON-2061961065', 'user_domain_id': 'default', 'user_domain_name': 'Default', 'user_id': 'e0af622aec7b4aa5957d9254b6f6f3c2', 'system': None}, Network: None, Subnet: None, Router: None
2025-04-03 20:02:27.276 69729 INFO tempest.lib.common.dynamic_creds [-] Created isolated network resources for: credentials: Credentials: {'domain_id': 'default', 'domain_name': 'Default', 'username': 'tempest-AZV2TestJSON-2061961065-project-member', 'project_domain_id': 'default', 'project_domain_name': 'Default', 'project_id': '9b8d1ba46988475f9eef6d009ee6bd5d', 'project_name': 'tempest-AZV2TestJSON-2061961065', 'tenant_id': '9b8d1ba46988475f9eef6d009ee6bd5d', 'tenant_name': 'tempest-AZV2TestJSON-2061961065', 'user_domain_id': 'default', 'user_domain_name': 'Default', 'user_id': 'e0af622aec7b4aa5957d9254b6f6f3c2', 'system': None}, Network: None, Subnet: None, Router: None
2025-04-03 20:02:27.365 69697 INFO tempest.lib.common.rest_client [req-5bcd0a5b-2e0d-4eee-9e56-c9d3dce3aefc req-5bcd0a5b-2e0d-4eee-9e56-c9d3dce3aefc ] Request (QuotasSecurityGroupAdminNegativeTest:tearDownClass): 200 GET http://10.180.1.21:9696/networking/v2.0/security-groups?tenant_id=0a593e7e418c4a4890df30ddee9f8355&name=default 0.198s
2025-04-03 20:02:27.403 69701 INFO tempest.lib.common.rest_client [req-969c19b9-bbda-467c-b2c8-64b7041edbe3 req-969c19b9-bbda-467c-b2c8-64b7041edbe3 ] Request (FlavorsExtraSpecsNegativeTestJSON:setUpClass): 200 POST http://10.180.1.21/compute/v2.1/flavors 2.363s
2025-04-03 20:02:27.421 69723 INFO tempest.lib.common.rest_client [req-94047f2f-3560-4022-bb5a-2efd79c9b694 req-94047f2f-3560-4022-bb5a-2efd79c9b694 ] Request (ServersAdminTestJSON:setUpClass): 204 PUT http://10.180.1.21/identity/v3/projects/52bd398ad03f4631a87001ca8f3f2036/users/325a7b447c0d4a1d972162c5589fef40/roles/9db65cb794b745e3b747de0c7f95a7a4 0.174s
2025-04-03 20:02:27.421 69723 INFO tempest.lib.common.dynamic_creds [-] Dynamic test user 325a7b447c0d4a1d972162c5589fef40 is created with scope project and roles: ['admin']
2025-04-03 20:02:27.421 69723 INFO tempest.lib.common.dynamic_creds [-] Acquired dynamic creds: credentials: Credentials: {'domain_id': 'default', 'domain_name': 'Default', 'username': 'tempest-ServersAdminTestJSON-976993878-project-admin', 'project_domain_id': 'default', 'project_domain_name': 'Default', 'project_id': '52bd398ad03f4631a87001ca8f3f2036', 'project_name': 'tempest-ServersAdminTestJSON-976993878', 'tenant_id': '52bd398ad03f4631a87001ca8f3f2036', 'tenant_name': 'tempest-ServersAdminTestJSON-976993878', 'user_domain_id': 'default', 'user_domain_name': 'Default', 'user_id': '325a7b447c0d4a1d972162c5589fef40', 'system': None}, Network: None, Subnet: None, Router: None
2025-04-03 20:02:27.428 69681 INFO tempest.lib.common.rest_client [req-a2f5b4ef-ce42-41e5-a138-82fbd31c3842 req-a2f5b4ef-ce42-41e5-a138-82fbd31c3842 ] Request (MultipleCreateTestJSON:setUpClass): 201 POST http://10.180.1.21/identity/v3/projects 0.211s
2025-04-03 20:02:27.433 69695 INFO tempest.lib.common.rest_client [req-e1d8349f-e61c-435c-80ac-8bd3895afe24 req-e1d8349f-e61c-435c-80ac-8bd3895afe24 ] Request (KeyPairsV210TestJSON:test_admin_manage_keypairs_for_other_users): 201 POST http://10.180.1.21/compute/v2.1/os-keypairs 2.411s
2025-04-03 20:02:27.481 69697 INFO tempest.lib.common.rest_client [req-b22f8fa9-fcfa-4cec-b731-927fd95b88dd req-b22f8fa9-fcfa-4cec-b731-927fd95b88dd ] Request (QuotasSecurityGroupAdminNegativeTest:tearDownClass): 204 DELETE http://10.180.1.21:9696/networking/v2.0/security-groups/30f85f0e-2626-4f04-9e24-d231a6a18989 0.116s
2025-04-03 20:02:27.497 69729 INFO tempest.lib.common.rest_client [req-9a0d2b62-1f6b-4d60-ae5f-50bc0020f9a3 req-9a0d2b62-1f6b-4d60-ae5f-50bc0020f9a3 ] Request (AZV2TestJSON:setUpClass): 201 POST http://10.180.1.21/identity/v3/auth/tokens 0.216s
2025-04-03 20:02:27.503 69703 INFO tempest.lib.common.rest_client [req-1c455a18-369a-47f7-9678-f59ee9c3a65c req-1c455a18-369a-47f7-9678-f59ee9c3a65c ] Request (ServersWithSpecificFlavorTestJSON:setUpClass): 200 GET http://10.180.1.21/identity/v3/roles 0.237s
2025-04-03 20:02:27.535 69681 INFO tempest.lib.common.rest_client [req-01f74fe1-2eeb-4a84-993a-9824663c95da req-01f74fe1-2eeb-4a84-993a-9824663c95da ] Request (MultipleCreateTestJSON:setUpClass): 201 POST http://10.180.1.21/identity/v3/users 0.106s
2025-04-03 20:02:27.624 69691 INFO tempest.lib.common.rest_client [req-da4061d4-929b-46e4-baae-e56703a08a82 req-da4061d4-929b-46e4-baae-e56703a08a82 ] Request (HypervisorAdminNegativeTestJSON:test_get_hypervisor_list_details_with_non_admin_user): 403 GET http://10.180.1.21/compute/v2.1/os-hypervisors/detail 2.499s
2025-04-03 20:02:27.652 69703 INFO tempest.lib.common.rest_client [req-0c95bf1b-10d8-4d4c-b0ce-8dc8db887607 req-0c95bf1b-10d8-4d4c-b0ce-8dc8db887607 ] Request (ServersWithSpecificFlavorTestJSON:setUpClass): 204 PUT http://10.180.1.21/identity/v3/projects/19dd33911d2040a0b13ef1546adfa943/users/7e34d92e34a3409586efd6a5192ad698/roles/9db65cb794b745e3b747de0c7f95a7a4 0.148s
2025-04-03 20:02:27.679 69697 INFO tempest.lib.common.rest_client [req-99986f80-19fe-470b-a85e-5f8a5eb0e0ee req-99986f80-19fe-470b-a85e-5f8a5eb0e0ee ] Request (QuotasSecurityGroupAdminNegativeTest:tearDownClass): 204 DELETE http://10.180.1.21/identity/v3/projects/0a593e7e418c4a4890df30ddee9f8355 0.197s
2025-04-03 20:02:27.728 69681 INFO tempest.lib.common.rest_client [req-78e3cd40-7692-479e-b56b-0e34e9e90120 req-78e3cd40-7692-479e-b56b-0e34e9e90120 ] Request (MultipleCreateTestJSON:setUpClass): 200 GET http://10.180.1.21/identity/v3/roles 0.193s
2025-04-03 20:02:27.749 69723 INFO tempest.lib.common.rest_client [req-0065d46f-8343-49f9-aa08-2bbf51dcfe58 req-0065d46f-8343-49f9-aa08-2bbf51dcfe58 ] Request (ServersAdminTestJSON:setUpClass): 201 POST http://10.180.1.21:9696/networking/v2.0/networks 0.327s
2025-04-03 20:02:27.757 69703 INFO tempest.lib.common.rest_client [req-964c1c1f-0537-4c58-9c16-da485021fbec req-964c1c1f-0537-4c58-9c16-da485021fbec ] Request (ServersWithSpecificFlavorTestJSON:setUpClass): 200 GET http://10.180.1.21/identity/v3/roles 0.105s
2025-04-03 20:02:27.791 69697 INFO tempest.lib.common.rest_client [req-50f826f0-1a9a-46cd-b6bf-38b1493fe85b req-50f826f0-1a9a-46cd-b6bf-38b1493fe85b ] Request (ServersAdmin275Test:setUpClass): 201 POST http://10.180.1.21/identity/v3/auth/tokens 0.110s
2025-04-03 20:02:27.823 69681 INFO tempest.lib.common.rest_client [req-7b99eac9-ae50-4f81-aaad-08442fc91f1a req-7b99eac9-ae50-4f81-aaad-08442fc91f1a ] Request (MultipleCreateTestJSON:setUpClass): 204 PUT http://10.180.1.21/identity/v3/projects/3bf4169aef8b40989e24fac7dd5dfa7b/users/64e52d572e87433085028362f5873c83/roles/81395896bada4eeaa4dfb6a0b342d0db 0.095s
2025-04-03 20:02:27.824 69681 INFO tempest.lib.common.dynamic_creds [-] Dynamic test user 64e52d572e87433085028362f5873c83 is created with scope project and roles: ['member']
2025-04-03 20:02:27.824 69681 INFO tempest.lib.common.dynamic_creds [-] Acquired dynamic creds: credentials: Credentials: {'domain_id': 'default', 'domain_name': 'Default', 'username': 'tempest-MultipleCreateTestJSON-1974616939-project-member', 'project_domain_id': 'default', 'project_domain_name': 'Default', 'project_id': '3bf4169aef8b40989e24fac7dd5dfa7b', 'project_name': 'tempest-MultipleCreateTestJSON-1974616939', 'tenant_id': '3bf4169aef8b40989e24fac7dd5dfa7b', 'tenant_name': 'tempest-MultipleCreateTestJSON-1974616939', 'user_domain_id': 'default', 'user_domain_name': 'Default', 'user_id': '64e52d572e87433085028362f5873c83', 'system': None}, Network: None, Subnet: None, Router: None
2025-04-03 20:02:27.874 69677 INFO tempest.lib.common.rest_client [req-ca87d61b-643d-4835-966c-3c62c6aaaea3 req-ca87d61b-643d-4835-966c-3c62c6aaaea3 ] Request (ServerDiagnosticsNegativeTest:test_get_server_diagnostics_by_non_admin): 202 POST http://10.180.1.21/compute/v2.1/servers 2.809s
2025-04-03 20:02:27.882 69703 INFO tempest.lib.common.rest_client [req-7e9be89f-03a8-4ee5-b1e6-1d3ed7a983ad req-7e9be89f-03a8-4ee5-b1e6-1d3ed7a983ad ] Request (ServersWithSpecificFlavorTestJSON:setUpClass): 204 PUT http://10.180.1.21/identity/v3/projects/19dd33911d2040a0b13ef1546adfa943/users/7e34d92e34a3409586efd6a5192ad698/roles/9db65cb794b745e3b747de0c7f95a7a4 0.124s
2025-04-03 20:02:27.882 69703 INFO tempest.lib.common.dynamic_creds [-] Dynamic test user 7e34d92e34a3409586efd6a5192ad698 is created with scope project and roles: ['admin']
2025-04-03 20:02:27.882 69703 INFO tempest.lib.common.dynamic_creds [-] Acquired dynamic creds: credentials: Credentials: {'domain_id': 'default', 'domain_name': 'Default', 'username': 'tempest-ServersWithSpecificFlavorTestJSON-432038047-project-admin', 'project_domain_id': 'default', 'project_domain_name': 'Default', 'project_id': '19dd33911d2040a0b13ef1546adfa943', 'project_name': 'tempest-ServersWithSpecificFlavorTestJSON-432038047', 'tenant_id': '19dd33911d2040a0b13ef1546adfa943', 'tenant_name': 'tempest-ServersWithSpecificFlavorTestJSON-432038047', 'user_domain_id': 'default', 'user_domain_name': 'Default', 'user_id': '7e34d92e34a3409586efd6a5192ad698', 'system': None}, Network: None, Subnet: None, Router: None
2025-04-03 20:02:27.886 69673 INFO tempest.lib.common.rest_client [req-44d9a999-0c98-4522-89b8-11d2f46fd61b req-44d9a999-0c98-4522-89b8-11d2f46fd61b ] Request (AZAdminNegativeTestJSON:test_get_availability_zone_list_detail_with_non_admin_user): 403 GET http://10.180.1.21/compute/v2.1/os-availability-zone/detail 2.687s
2025-04-03 20:02:27.942 69681 INFO tempest.lib.common.rest_client [req-e63c3869-1e95-41f0-8c27-af5e126780a9 req-e63c3869-1e95-41f0-8c27-af5e126780a9 ] Request (MultipleCreateTestJSON:setUpClass): 201 POST http://10.180.1.21/identity/v3/auth/tokens 0.117s
2025-04-03 20:02:27.952 69697 INFO tempest.lib.common.rest_client [req-ef3a782f-7f4a-4dc4-a92f-fd96096519c8 req-ef3a782f-7f4a-4dc4-a92f-fd96096519c8 ] Request (ServersAdmin275Test:setUpClass): 201 POST http://10.180.1.21/identity/v3/auth/tokens 0.158s
2025-04-03 20:02:27.953 69723 INFO tempest.lib.common.rest_client [req-df94f76d-fd43-4a0f-b279-5e4291d05d8e req-df94f76d-fd43-4a0f-b279-5e4291d05d8e ] Request (ServersAdminTestJSON:setUpClass): 201 POST http://10.180.1.21:9696/networking/v2.0/subnets 0.204s
2025-04-03 20:02:28.057 69697 INFO tempest.lib.common.rest_client [req-0c8b3297-2f1b-4b9d-9297-0ac5e9b0b8e4 req-0c8b3297-2f1b-4b9d-9297-0ac5e9b0b8e4 ] Request (ServersAdmin275Test:setUpClass): 200 GET http://10.180.1.21/identity/v3/domains?name=Default 0.105s
2025-04-03 20:02:28.069 69721 INFO tempest.lib.common.rest_client [req-6313ef6a-66ea-4829-8db1-c37d432df6a1 req-6313ef6a-66ea-4829-8db1-c37d432df6a1 ] Request (FlavorsAdminTestJSON:test_create_flavor_using_string_ram): 200 POST http://10.180.1.21/compute/v2.1/flavors 2.810s
2025-04-03 20:02:28.073 69689 INFO tempest.lib.common.rest_client [req-c0b5de3f-8bd4-4de1-9fa1-52152836aa90 req-c0b5de3f-8bd4-4de1-9fa1-52152836aa90 ] Request (ServicesAdminNegativeV253TestJSON:test_disable_log_reason_with_invalid_service_id): 404 PUT http://10.180.1.21/compute/v2.1/os-services/abf3b3ec-6f94-4422-9467-121edf41019d 2.805s
2025-04-03 20:02:28.121 69673 INFO tempest.lib.common.rest_client [req-578dbcc5-4f28-416d-9463-5da0d8c5b9d0 req-578dbcc5-4f28-416d-9463-5da0d8c5b9d0 ] Request (AZAdminNegativeTestJSON:tearDownClass): 204 DELETE http://10.180.1.21/identity/v3/users/424402ac7b22443796ac225ea703b2d4 0.225s
2025-04-03 20:02:28.186 69697 INFO tempest.lib.common.rest_client [req-817d8728-a7b2-4eb9-9abd-6fd727df6e68 req-817d8728-a7b2-4eb9-9abd-6fd727df6e68 ] Request (ServersAdmin275Test:setUpClass): 201 POST http://10.180.1.21/identity/v3/projects 0.128s
2025-04-03 20:02:28.257 69703 INFO tempest.lib.common.rest_client [req-454df8ba-e186-4d10-bc5f-e3ea2cc6b1b3 req-454df8ba-e186-4d10-bc5f-e3ea2cc6b1b3 ] Request (ServersWithSpecificFlavorTestJSON:setUpClass): 201 POST http://10.180.1.21:9696/networking/v2.0/networks 0.374s
2025-04-03 20:02:28.368 69727 INFO tempest.lib.common.rest_client [req-9fa65b2d-623f-438c-8383-c100b419ddaa req-9fa65b2d-623f-438c-8383-c100b419ddaa ] Request (AZAdminV2TestJSON:test_get_availability_zone_list): 200 GET http://10.180.1.21/compute/v2.1/os-availability-zone 3.047s
2025-04-03 20:02:28.374 69673 INFO tempest.lib.common.rest_client [req-1e9183f2-a03f-495b-ae58-5c9171e2978c req-1e9183f2-a03f-495b-ae58-5c9171e2978c ] Request (AZAdminNegativeTestJSON:tearDownClass): 204 DELETE http://10.180.1.21/identity/v3/users/a25d791a5dee4814a58574f07c6348a3 0.252s
2025-04-03 20:02:28.374 69673 INFO tempest.lib.common.dynamic_creds [-] Deleting project and security group for project: c4090ded021341e889759bf37d68c2f6
2025-04-03 20:02:28.425 69697 INFO tempest.lib.common.rest_client [req-cd1a0892-94d1-4a85-bd0c-9f5f292607bb req-cd1a0892-94d1-4a85-bd0c-9f5f292607bb ] Request (ServersAdmin275Test:setUpClass): 201 POST http://10.180.1.21/identity/v3/users 0.238s
2025-04-03 20:02:28.475 69731 INFO tempest.lib.common.rest_client [req-79c98aee-337b-4321-92bd-451410664aa1 req-79c98aee-337b-4321-92bd-451410664aa1 ] Request (VolumesAssistedSnapshotsTest:setUpClass): 201 POST http://10.180.1.21:9696/networking/v2.0/routers 1.249s
2025-04-03 20:02:28.557 69693 INFO tempest.lib.common.rest_client [req-820a4ff7-e382-4bb7-a516-f57b9b03c355 req-820a4ff7-e382-4bb7-a516-f57b9b03c355 ] Request (InstanceUsageAuditLogTestJSON:test_get_instance_usage_audit_log): 200 GET http://10.180.1.21/compute/v2.1/os-instance_usage_audit_log/2025-04-03%2020%3A02%3A25 3.169s
2025-04-03 20:02:28.569 69673 INFO tempest.lib.common.rest_client [req-2e16eca5-849b-470e-9c3c-eb9cb1b0d362 req-2e16eca5-849b-470e-9c3c-eb9cb1b0d362 ] Request (AZAdminNegativeTestJSON:tearDownClass): 201 POST http://10.180.1.21/identity/v3/auth/tokens 0.195s
2025-04-03 20:02:28.575 69687 INFO tempest.lib.common.rest_client [req-25fa5b64-bb38-4287-b948-417f4e27d159 req-25fa5b64-bb38-4287-b948-417f4e27d159 ] Request (QuotasAdminNegativeTest:test_create_server_when_cpu_quota_is_full): 200 PUT http://10.180.1.21/compute/v2.1/os-quota-sets/612d577dccd2430d898768a9641dce88 3.205s
2025-04-03 20:02:28.578 69697 INFO tempest.lib.common.rest_client [req-23739b39-4048-4090-9942-e7bfadf80524 req-23739b39-4048-4090-9942-e7bfadf80524 ] Request (ServersAdmin275Test:setUpClass): 200 GET http://10.180.1.21/identity/v3/roles 0.152s
2025-04-03 20:02:28.605 69681 INFO tempest.lib.common.rest_client [req-2313e08b-d793-4ef3-853d-6c87f655e9f3 req-2313e08b-d793-4ef3-853d-6c87f655e9f3 ] Request (MultipleCreateTestJSON:setUpClass): 201 POST http://10.180.1.21:9696/networking/v2.0/networks 0.663s
2025-04-03 20:02:28.653 69697 INFO tempest.lib.common.rest_client [req-63697855-ef3e-488c-893d-7a5dbfb82007 req-63697855-ef3e-488c-893d-7a5dbfb82007 ] Request (ServersAdmin275Test:setUpClass): 204 PUT http://10.180.1.21/identity/v3/projects/c80f7e3fe4b44b6db990cfd01d8e8355/users/0e206679c8ea4609910df52d0844fd5e/roles/81395896bada4eeaa4dfb6a0b342d0db 0.075s
2025-04-03 20:02:28.654 69697 INFO tempest.lib.common.dynamic_creds [-] Dynamic test user 0e206679c8ea4609910df52d0844fd5e is created with scope project and roles: ['member']
2025-04-03 20:02:28.654 69697 INFO tempest.lib.common.dynamic_creds [-] Acquired dynamic creds: credentials: Credentials: {'domain_id': 'default', 'domain_name': 'Default', 'username': 'tempest-ServersAdmin275Test-1744391436-project-member', 'project_domain_id': 'default', 'project_domain_name': 'Default', 'project_id': 'c80f7e3fe4b44b6db990cfd01d8e8355', 'project_name': 'tempest-ServersAdmin275Test-1744391436', 'tenant_id': 'c80f7e3fe4b44b6db990cfd01d8e8355', 'tenant_name': 'tempest-ServersAdmin275Test-1744391436', 'user_domain_id': 'default', 'user_domain_name': 'Default', 'user_id': '0e206679c8ea4609910df52d0844fd5e', 'system': None}, Network: None, Subnet: None, Router: None
2025-04-03 20:02:28.654 69697 INFO tempest.lib.common.dynamic_creds [-] Created isolated network resources for: credentials: Credentials: {'domain_id': 'default', 'domain_name': 'Default', 'username': 'tempest-ServersAdmin275Test-1744391436-project-member', 'project_domain_id': 'default', 'project_domain_name': 'Default', 'project_id': 'c80f7e3fe4b44b6db990cfd01d8e8355', 'project_name': 'tempest-ServersAdmin275Test-1744391436', 'tenant_id': 'c80f7e3fe4b44b6db990cfd01d8e8355', 'tenant_name': 'tempest-ServersAdmin275Test-1744391436', 'user_domain_id': 'default', 'user_domain_name': 'Default', 'user_id': '0e206679c8ea4609910df52d0844fd5e', 'system': None}, Network: None, Subnet: None, Router: None
2025-04-03 20:02:28.685 69733 INFO tempest.lib.common.rest_client [req-07490689-d9fe-424a-83f9-1d3971f126c8 req-07490689-d9fe-424a-83f9-1d3971f126c8 ] Request (HypervisorAdminV253TestBase:test_list_show_detail_hypervisors): 200 GET http://10.180.1.21/compute/v2.1/os-hypervisors/detail?with_servers=True 3.286s
2025-04-03 20:02:28.704 69687 INFO tempest.lib.common.rest_client [req-a32d5ecf-4fa4-446d-af36-69dcd1a089ef req-a32d5ecf-4fa4-446d-af36-69dcd1a089ef ] Request (QuotasAdminNegativeTest:test_create_server_when_cpu_quota_is_full): 201 POST http://10.180.1.21/identity/v3/auth/tokens 0.124s
2025-04-03 20:02:28.704 69687 INFO tempest.lib.common.fixed_network [-] (QuotasAdminNegativeTest:test_create_server_when_cpu_quota_is_full) Found network None available for tenant
2025-04-03 20:02:28.726 69703 INFO tempest.lib.common.rest_client [req-9cf3af03-f26a-4a2f-95d3-da7c5dccfd53 req-9cf3af03-f26a-4a2f-95d3-da7c5dccfd53 ] Request (ServersWithSpecificFlavorTestJSON:setUpClass): 201 POST http://10.180.1.21:9696/networking/v2.0/subnets 0.468s
2025-04-03 20:02:28.742 69735 INFO tempest.lib.common.rest_client [req-e6798744-5269-4a70-bb35-985b2b2549f1 req-e6798744-5269-4a70-bb35-985b2b2549f1 ] Request (TenantUsagesNegativeTestJSON:test_get_usage_tenant_with_empty_tenant_id): 404 GET http://10.180.1.21/compute/v2.1/os-simple-tenant-usage/?start=2025-04-02T20%3A02%3A25.450991&end=2025-04-04T20%3A02%3A25.450991 3.290s
2025-04-03 20:02:28.748 69735 WARNING tempest.lib.common.rest_client [-] Deprecated: "tenant_id" property is deprecated for removal, use "project_id" instead
2025-04-03 20:02:28.769 69673 INFO tempest.lib.common.rest_client [req-9dde2d10-bfde-4508-8481-b8a272c559ac req-9dde2d10-bfde-4508-8481-b8a272c559ac ] Request (AZAdminNegativeTestJSON:tearDownClass): 200 GET http://10.180.1.21:9696/networking/v2.0/security-groups?tenant_id=c4090ded021341e889759bf37d68c2f6&name=default 0.199s
2025-04-03 20:02:28.785 69697 INFO tempest.lib.common.rest_client [req-e8424b84-9623-4f52-84ee-a26c81b4285d req-e8424b84-9623-4f52-84ee-a26c81b4285d ] Request (ServersAdmin275Test:setUpClass): 201 POST http://10.180.1.21/identity/v3/auth/tokens 0.123s
2025-04-03 20:02:28.877 69697 INFO tempest.lib.common.rest_client [req-70bf2afe-18c5-48d0-8302-8352190c98ea req-70bf2afe-18c5-48d0-8302-8352190c98ea ] Request (ServersAdmin275Test:setUpClass): 201 POST http://10.180.1.21/identity/v3/projects 0.092s
2025-04-03 20:02:28.886 69713 INFO tempest.lib.common.rest_client [req-866205ab-df86-4b6c-85d6-e5de76f913e7 req-866205ab-df86-4b6c-85d6-e5de76f913e7 ] Request (ValidationResourcesFixture:setUp): 200 POST http://10.180.1.21/compute/v2.1/os-keypairs 3.141s
2025-04-03 20:02:28.912 69673 INFO tempest.lib.common.rest_client [req-186d5760-e064-41bb-a60f-17eaf4638b21 req-186d5760-e064-41bb-a60f-17eaf4638b21 ] Request (AZAdminNegativeTestJSON:tearDownClass): 204 DELETE http://10.180.1.21:9696/networking/v2.0/security-groups/d5877add-efdb-4170-b4b4-68f928a9d82a 0.142s
2025-04-03 20:02:28.925 69681 INFO tempest.lib.common.rest_client [req-ce34cbf2-7714-4295-afd2-d1aa1598fe62 req-ce34cbf2-7714-4295-afd2-d1aa1598fe62 ] Request (MultipleCreateTestJSON:setUpClass): 201 POST http://10.180.1.21:9696/networking/v2.0/subnets 0.319s
2025-04-03 20:02:28.976 69697 INFO tempest.lib.common.rest_client [req-5c9a8fe0-53f7-445c-a2de-3b8d9f2d6253 req-5c9a8fe0-53f7-445c-a2de-3b8d9f2d6253 ] Request (ServersAdmin275Test:setUpClass): 201 POST http://10.180.1.21/identity/v3/users 0.097s
2025-04-03 20:02:28.996 69711 INFO tempest.lib.common.rest_client [req-7eb829bb-0b3c-45b0-b22e-a12e028795f2 req-7eb829bb-0b3c-45b0-b22e-a12e028795f2 ] Request (FlavorMetadataValidation:test_flavor_update_with_custom_namespace): 200 POST http://10.180.1.21/compute/v2.1/flavors/1499071751/os-extra_specs 3.155s
2025-04-03 20:02:28.998 69697 INFO tempest.lib.common.rest_client [req-08cad359-f4ae-455f-a67b-c77d8c7daeca req-08cad359-f4ae-455f-a67b-c77d8c7daeca ] Request (ServersAdmin275Test:setUpClass): 200 GET http://10.180.1.21/identity/v3/roles 0.022s
2025-04-03 20:02:29.024 69673 INFO tempest.lib.common.rest_client [req-40e1278e-79ba-41c3-a7a5-c7cda9a742df req-40e1278e-79ba-41c3-a7a5-c7cda9a742df ] Request (AZAdminNegativeTestJSON:tearDownClass): 204 DELETE http://10.180.1.21/identity/v3/projects/c4090ded021341e889759bf37d68c2f6 0.112s
2025-04-03 20:02:29.025 69673 INFO tempest.lib.common.dynamic_creds [-] Deleting project and security group for project: 0a3f8d7bbdb640cbbd60f50d4aae500c
2025-04-03 20:02:29.054 69697 INFO tempest.lib.common.rest_client [req-0797e49d-8b24-432c-afd4-12d7ff397be0 req-0797e49d-8b24-432c-afd4-12d7ff397be0 ] Request (ServersAdmin275Test:setUpClass): 204 PUT http://10.180.1.21/identity/v3/projects/284fd1b86bc94afdafc607a8a378e769/users/c0665795bf1c42598950241ab812fa50/roles/9db65cb794b745e3b747de0c7f95a7a4 0.055s
2025-04-03 20:02:29.115 69713 INFO tempest.lib.common.rest_client [req-2487e085-bf23-4d02-af32-783c386cddf8 req-2487e085-bf23-4d02-af32-783c386cddf8 ] Request (ValidationResourcesFixture:setUp): 201 POST http://10.180.1.21:9696/networking/v2.0/security-groups 0.227s
2025-04-03 20:02:29.121 69697 INFO tempest.lib.common.rest_client [req-733cbf21-ddd1-46c6-a44c-12e731f06945 req-733cbf21-ddd1-46c6-a44c-12e731f06945 ] Request (ServersAdmin275Test:setUpClass): 200 GET http://10.180.1.21/identity/v3/roles 0.067s
2025-04-03 20:02:29.144 69699 INFO tempest.lib.common.rest_client [req-60cc4ca7-0a75-4ea5-8ba1-95c21bc106dc req-60cc4ca7-0a75-4ea5-8ba1-95c21bc106dc ] Request (DeleteServersAdminTestJSON:test_admin_delete_servers_of_others): 200 GET http://10.180.1.21/compute/v2.1/servers/2309daee-5a0a-484d-a1cb-806083fb5c8d 3.139s
2025-04-03 20:02:29.145 69697 INFO tempest.lib.common.rest_client [req-5d4cd5a0-0bc6-4d3e-9899-d594926acb60 req-5d4cd5a0-0bc6-4d3e-9899-d594926acb60 ] Request (ServersAdmin275Test:setUpClass): 204 PUT http://10.180.1.21/identity/v3/projects/284fd1b86bc94afdafc607a8a378e769/users/c0665795bf1c42598950241ab812fa50/roles/9db65cb794b745e3b747de0c7f95a7a4 0.023s
2025-04-03 20:02:29.145 69697 INFO tempest.lib.common.dynamic_creds [-] Dynamic test user c0665795bf1c42598950241ab812fa50 is created with scope project and roles: ['admin']
2025-04-03 20:02:29.145 69697 INFO tempest.lib.common.dynamic_creds [-] Acquired dynamic creds: credentials: Credentials: {'domain_id': 'default', 'domain_name': 'Default', 'username': 'tempest-ServersAdmin275Test-1347108801-project-admin', 'project_domain_id': 'default', 'project_domain_name': 'Default', 'project_id': '284fd1b86bc94afdafc607a8a378e769', 'project_name': 'tempest-ServersAdmin275Test-1347108801', 'tenant_id': '284fd1b86bc94afdafc607a8a378e769', 'tenant_name': 'tempest-ServersAdmin275Test-1347108801', 'user_domain_id': 'default', 'user_domain_name': 'Default', 'user_id': 'c0665795bf1c42598950241ab812fa50', 'system': None}, Network: None, Subnet: None, Router: None
2025-04-03 20:02:29.146 69697 INFO tempest.lib.common.dynamic_creds [-] Created isolated network resources for: credentials: Credentials: {'domain_id': 'default', 'domain_name': 'Default', 'username': 'tempest-ServersAdmin275Test-1347108801-project-admin', 'project_domain_id': 'default', 'project_domain_name': 'Default', 'project_id': '284fd1b86bc94afdafc607a8a378e769', 'project_name': 'tempest-ServersAdmin275Test-1347108801', 'tenant_id': '284fd1b86bc94afdafc607a8a378e769', 'tenant_name': 'tempest-ServersAdmin275Test-1347108801', 'user_domain_id': 'default', 'user_domain_name': 'Default', 'user_id': 'c0665795bf1c42598950241ab812fa50', 'system': None}, Network: None, Subnet: None, Router: None
2025-04-03 20:02:29.171 69726 INFO tempest.lib.common.rest_client [req-4e91dc40-74d1-4458-b794-06fb284b7626 req-4e91dc40-74d1-4458-b794-06fb284b7626 ] Request (NetworksTest:test_get_network): 200 GET http://10.180.1.21/compute/v2.1/os-networks 3.559s
2025-04-03 20:02:29.249 69697 INFO tempest.lib.common.rest_client [req-80bf4865-cd9b-4e21-a102-d7f0b22884ff req-80bf4865-cd9b-4e21-a102-d7f0b22884ff ] Request (ServersAdmin275Test:setUpClass): 201 POST http://10.180.1.21/identity/v3/auth/tokens 0.101s
2025-04-03 20:02:29.291 69673 INFO tempest.lib.common.rest_client [req-1edc983c-4c6e-4814-a58d-683ce6f7b305 req-1edc983c-4c6e-4814-a58d-683ce6f7b305 ] Request (AZAdminNegativeTestJSON:tearDownClass): 200 GET http://10.180.1.21:9696/networking/v2.0/security-groups?tenant_id=0a3f8d7bbdb640cbbd60f50d4aae500c&name=default 0.266s
2025-04-03 20:02:29.304 69705 INFO tempest.lib.common.rest_client [req-1987fc9c-f096-4360-80bd-62b7778f2d3d req-1987fc9c-f096-4360-80bd-62b7778f2d3d ] Request (FlavorsV261TestJSON:test_crud_flavor): 200 GET http://10.180.1.21/compute/v2.1/flavors/1028650046 2.921s
2025-04-03 20:02:29.320 69675 INFO tempest.lib.common.rest_client [req-0a554626-01b7-4fa2-a5ff-ccfe9da8563b req-0a554626-01b7-4fa2-a5ff-ccfe9da8563b ] Request (InstanceUsageAuditLogNegativeTestJSON:test_instance_usage_audit_logs_with_nonadmin_user): 403 GET http://10.180.1.21/compute/v2.1/os-instance_usage_audit_log 2.613s
2025-04-03 20:02:29.330 69697 INFO tempest.lib.common.rest_client [req-760ba51e-30e9-4c13-acc8-65f9aa393569 req-760ba51e-30e9-4c13-acc8-65f9aa393569 ] Request (ServersAdmin275Test:test_rebuild_update_server_275): 201 POST http://10.180.1.21/identity/v3/auth/tokens 0.074s
2025-04-03 20:02:29.331 69697 INFO tempest.lib.common.fixed_network [-] (ServersAdmin275Test:test_rebuild_update_server_275) Found network None available for tenant
2025-04-03 20:02:29.349 69713 INFO tempest.lib.common.rest_client [req-988dce82-e208-4b50-bbcf-d024f637c2ea req-988dce82-e208-4b50-bbcf-d024f637c2ea ] Request (ValidationResourcesFixture:setUp): 201 POST http://10.180.1.21:9696/networking/v2.0/security-group-rules 0.234s
2025-04-03 20:02:29.365 69715 INFO tempest.lib.common.rest_client [req-8cc2fcf9-9b2d-47d8-9293-49afec9cacda req-8cc2fcf9-9b2d-47d8-9293-49afec9cacda ] Request (QuotaClassesAdmin257Test:_run_cleanups): 200 PUT http://10.180.1.21/compute/v2.1/os-quota-class-sets/default 2.619s
2025-04-03 20:02:29.377 69717 INFO tempest.lib.common.rest_client [req-6267e125-369c-4aca-98ea-72bf7d37ef8a req-6267e125-369c-4aca-98ea-72bf7d37ef8a ] Request (FlavorsExtraSpecsTestJSON:test_flavor_non_admin_get_all_keys): 200 GET http://10.180.1.21/compute/v2.1/flavors/149960802/os-extra_specs 2.648s
2025-04-03 20:02:29.445 69723 INFO tempest.lib.common.rest_client [req-508f5f9f-e4f3-4ad5-9028-ff873fb07583 req-508f5f9f-e4f3-4ad5-9028-ff873fb07583 ] Request (ServersAdminTestJSON:setUpClass): 201 POST http://10.180.1.21:9696/networking/v2.0/routers 1.492s
2025-04-03 20:02:29.463 69673 INFO tempest.lib.common.rest_client [req-2d62e83d-b000-4bd0-85b2-9e22fd6b7634 req-2d62e83d-b000-4bd0-85b2-9e22fd6b7634 ] Request (AZAdminNegativeTestJSON:tearDownClass): 204 DELETE http://10.180.1.21:9696/networking/v2.0/security-groups/922338e6-3729-4046-a5ae-7af33f5b3f80 0.171s
2025-04-03 20:02:29.474 69715 INFO tempest.lib.common.rest_client [req-8068d2c6-f533-480b-8a49-87ae467429e3 req-8068d2c6-f533-480b-8a49-87ae467429e3 ] Request (QuotaClassesAdmin257Test:tearDownClass): 204 DELETE http://10.180.1.21/identity/v3/users/8f4f6cd8cbda443abb04e3bc519356ed 0.101s
2025-04-03 20:02:29.507 69719 INFO tempest.lib.common.rest_client [req-2930f652-fa13-490b-8d06-931d8975fecf req-2930f652-fa13-490b-8d06-931d8975fecf ] Request (QuotasAdminTestJSON:test_delete_quota): 200 GET http://10.180.1.21/identity/v3/domains?name=Default 0.109s
2025-04-03 20:02:29.514 69713 INFO tempest.lib.common.rest_client [req-9f4c1d78-65b6-4933-a19d-654d30ce6cb9 req-9f4c1d78-65b6-4933-a19d-654d30ce6cb9 ] Request (ValidationResourcesFixture:setUp): 201 POST http://10.180.1.21:9696/networking/v2.0/security-group-rules 0.164s
2025-04-03 20:02:29.590 69707 INFO tempest.lib.common.rest_client [req-b4584d12-c34a-4e9e-8ce9-7338607e6083 req-b4584d12-c34a-4e9e-8ce9-7338607e6083 ] Request (FlavorsAccessTestJSON:test_flavor_access_add_remove): 200 POST http://10.180.1.21/compute/v2.1/flavors/410796281/action 2.480s
2025-04-03 20:02:29.608 69673 INFO tempest.lib.common.rest_client [req-46ed6f35-c8b2-4dc4-8c34-a62dbdde1709 req-46ed6f35-c8b2-4dc4-8c34-a62dbdde1709 ] Request (AZAdminNegativeTestJSON:tearDownClass): 204 DELETE http://10.180.1.21/identity/v3/projects/0a3f8d7bbdb640cbbd60f50d4aae500c 0.144s
2025-04-03 20:02:29.645 69685 INFO tempest.lib.common.rest_client [req-6908076d-19ee-4e7c-aca9-d570c98ae3eb req-6908076d-19ee-4e7c-aca9-d570c98ae3eb ] Request (AggregatesAdminNegativeTestJSON:test_aggregate_add_existent_host): 200 POST http://10.180.1.21/compute/v2.1/os-aggregates 2.447s
2025-04-03 20:02:29.661 69715 INFO tempest.lib.common.rest_client [req-7d767757-8f7d-4e18-af47-73b9307be595 req-7d767757-8f7d-4e18-af47-73b9307be595 ] Request (QuotaClassesAdmin257Test:tearDownClass): 204 DELETE http://10.180.1.21/identity/v3/users/6cecbd60bf5c4f5e935df1ff56026a3a 0.187s
2025-04-03 20:02:29.661 69715 INFO tempest.lib.common.dynamic_creds [-] Deleting project and security group for project: 0b20dfe613f2402d8f75008662ec0185
2025-04-03 20:02:29.713 69719 INFO tempest.lib.common.rest_client [req-846c7d00-3e61-4f01-b68a-2a7f74654e8a req-846c7d00-3e61-4f01-b68a-2a7f74654e8a ] Request (QuotasAdminTestJSON:test_delete_quota): 201 POST http://10.180.1.21/identity/v3/projects 0.205s
2025-04-03 20:02:29.766 69673 INFO tempest.lib.common.rest_client [req-886a2893-5dd4-4f04-96a8-ab4263b415a4 req-886a2893-5dd4-4f04-96a8-ab4263b415a4 ] Request (SecurityGroupRulesTestJSON:setUpClass): 201 POST http://10.180.1.21/identity/v3/auth/tokens 0.157s
2025-04-03 20:02:29.769 69715 INFO tempest.lib.common.rest_client [req-1bdbbf73-d2b7-4fee-9c61-86b441412a68 req-1bdbbf73-d2b7-4fee-9c61-86b441412a68 ] Request (QuotaClassesAdmin257Test:tearDownClass): 201 POST http://10.180.1.21/identity/v3/auth/tokens 0.107s
2025-04-03 20:02:29.818 69719 INFO tempest.lib.common.rest_client [req-f3933252-e7aa-4da4-bad8-827fad4447b6 req-f3933252-e7aa-4da4-bad8-827fad4447b6 ] Request (QuotasAdminTestJSON:test_delete_quota): 200 GET http://10.180.1.21/identity/v3/domains?name=Default 0.104s
2025-04-03 20:02:29.840 69673 INFO tempest.lib.common.rest_client [req-a53045a0-3205-4b5f-9c38-6634a0580eaa req-a53045a0-3205-4b5f-9c38-6634a0580eaa ] Request (SecurityGroupRulesTestJSON:setUpClass): 201 POST http://10.180.1.21/identity/v3/auth/tokens 0.071s
2025-04-03 20:02:29.880 69673 INFO tempest.lib.common.rest_client [req-5f51ffaa-3093-4d83-933b-148f56242b5f req-5f51ffaa-3093-4d83-933b-148f56242b5f ] Request (SecurityGroupRulesTestJSON:setUpClass): 200 GET http://10.180.1.21/identity/v3/domains?name=Default 0.035s
2025-04-03 20:02:29.913 69673 INFO tempest.lib.common.rest_client [req-b9ebf28b-51c6-4256-95a4-11fe2ec2402b req-b9ebf28b-51c6-4256-95a4-11fe2ec2402b ] Request (SecurityGroupRulesTestJSON:setUpClass): 201 POST http://10.180.1.21/identity/v3/projects 0.032s
2025-04-03 20:02:29.970 69673 INFO tempest.lib.common.rest_client [req-f3a19e05-9297-400e-9328-a30650c67c33 req-f3a19e05-9297-400e-9328-a30650c67c33 ] Request (SecurityGroupRulesTestJSON:setUpClass): 201 POST http://10.180.1.21/identity/v3/users 0.057s
2025-04-03 20:02:30.002 69673 INFO tempest.lib.common.rest_client [req-5ca4de30-9cd8-4e8a-a902-6a9ca92ca448 req-5ca4de30-9cd8-4e8a-a902-6a9ca92ca448 ] Request (SecurityGroupRulesTestJSON:setUpClass): 200 GET http://10.180.1.21/identity/v3/roles 0.031s
2025-04-03 20:02:30.010 69709 INFO tempest.lib.common.rest_client [req-45145da1-6b4b-4673-8101-f8ecb8d65d71 req-45145da1-6b4b-4673-8101-f8ecb8d65d71 ] Request (FlavorsV2NegativeTest:test_boot_with_low_ram): 400 POST http://10.180.1.21/compute/v2.1/servers 2.790s
2025-04-03 20:02:30.049 69673 INFO tempest.lib.common.rest_client [req-3b44054f-7b79-40e7-83d6-963fe24fcb3f req-3b44054f-7b79-40e7-83d6-963fe24fcb3f ] Request (SecurityGroupRulesTestJSON:setUpClass): 204 PUT http://10.180.1.21/identity/v3/projects/a556c95e961e4a6db334a5e2260e0734/users/8067f787aff14cf98a812fa49810a48c/roles/81395896bada4eeaa4dfb6a0b342d0db 0.047s
2025-04-03 20:02:30.051 69673 INFO tempest.lib.common.dynamic_creds [-] Dynamic test user 8067f787aff14cf98a812fa49810a48c is created with scope project and roles: ['member']
2025-04-03 20:02:30.051 69673 INFO tempest.lib.common.dynamic_creds [-] Acquired dynamic creds: credentials: Credentials: {'domain_id': 'default', 'domain_name': 'Default', 'username': 'tempest-SecurityGroupRulesTestJSON-372135849-project-member', 'project_domain_id': 'default', 'project_domain_name': 'Default', 'project_id': 'a556c95e961e4a6db334a5e2260e0734', 'project_name': 'tempest-SecurityGroupRulesTestJSON-372135849', 'tenant_id': 'a556c95e961e4a6db334a5e2260e0734', 'tenant_name': 'tempest-SecurityGroupRulesTestJSON-372135849', 'user_domain_id': 'default', 'user_domain_name': 'Default', 'user_id': '8067f787aff14cf98a812fa49810a48c', 'system': None}, Network: None, Subnet: None, Router: None
2025-04-03 20:02:30.055 69681 INFO tempest.lib.common.rest_client [req-4c9cacf3-64d2-411e-9ed7-7f8c7c7c90fc req-4c9cacf3-64d2-411e-9ed7-7f8c7c7c90fc ] Request (MultipleCreateTestJSON:setUpClass): 201 POST http://10.180.1.21:9696/networking/v2.0/routers 1.130s
2025-04-03 20:02:30.105 69709 INFO tempest.lib.common.rest_client [req-c7e1bc22-2165-45c4-9f86-7848da3eb4c5 req-c7e1bc22-2165-45c4-9f86-7848da3eb4c5 ] Request (FlavorsV2NegativeTest:_run_cleanups): 204 DELETE http://10.180.1.21/image/v2/images/183f92b1-129c-4447-8467-a3278164ed56 0.095s
2025-04-03 20:02:30.111 69701 INFO tempest.lib.common.rest_client [req-b29074d5-22ea-4c51-8659-be9ce1b59c48 req-b29074d5-22ea-4c51-8659-be9ce1b59c48 ] Request (FlavorsExtraSpecsNegativeTestJSON:test_flavor_get_nonexistent_key): 404 GET http://10.180.1.21/compute/v2.1/flavors/1313270635/os-extra_specs/hw:cpu_thread_policy 2.701s
2025-04-03 20:02:30.140 69673 INFO tempest.lib.common.rest_client [req-4db2330e-ce33-4024-abd9-d68efa0f8fce req-4db2330e-ce33-4024-abd9-d68efa0f8fce ] Request (SecurityGroupRulesTestJSON:setUpClass): 201 POST http://10.180.1.21/identity/v3/auth/tokens 0.088s
2025-04-03 20:02:30.153 69695 INFO tempest.lib.common.rest_client [req-a7075803-21cd-4fdd-98af-dbc61c0777a2 req-a7075803-21cd-4fdd-98af-dbc61c0777a2 ] Request (KeyPairsV210TestJSON:test_admin_manage_keypairs_for_other_users): 201 POST http://10.180.1.21/compute/v2.1/os-keypairs 2.716s
2025-04-03 20:02:30.245 69709 INFO tempest.lib.common.rest_client [req-68ca865d-4886-4eac-8554-29025d6a1896 req-68ca865d-4886-4eac-8554-29025d6a1896 ] Request (FlavorsV2NegativeTest:tearDownClass): 204 DELETE http://10.180.1.21/identity/v3/users/7569ec2c02cf4f9eb685f3db548d3e00 0.133s
2025-04-03 20:02:30.246 69709 INFO tempest.lib.common.dynamic_creds [-] Deleting project and security group for project: b27f2891b0f845d79e51a1d89edf5d8e
2025-04-03 20:02:30.339 69729 INFO tempest.lib.common.rest_client [req-f82bf0a5-d9fc-43b8-b0d3-ef97ffff186a req-f82bf0a5-d9fc-43b8-b0d3-ef97ffff186a ] Request (AZV2TestJSON:test_get_availability_zone_list_with_non_admin_user): 200 GET http://10.180.1.21/compute/v2.1/os-availability-zone 2.840s
2025-04-03 20:02:30.346 69691 INFO tempest.lib.common.rest_client [req-863be4cd-abf5-4af1-b0d8-e07082642824 req-863be4cd-abf5-4af1-b0d8-e07082642824 ] Request (HypervisorAdminNegativeTestJSON:test_get_hypervisor_list_with_non_admin_user): 403 GET http://10.180.1.21/compute/v2.1/os-hypervisors 2.716s
2025-04-03 20:02:30.377 69709 INFO tempest.lib.common.rest_client [req-07833f58-144f-445d-bdc7-bad8522993a7 req-07833f58-144f-445d-bdc7-bad8522993a7 ] Request (FlavorsV2NegativeTest:tearDownClass): 201 POST http://10.180.1.21/identity/v3/auth/tokens 0.131s
2025-04-03 20:02:30.434 69713 INFO tempest.lib.common.rest_client [req-861788b6-6338-4c28-9201-510d996aab0e req-861788b6-6338-4c28-9201-510d996aab0e ] Request (ValidationResourcesFixture:setUp): 201 POST http://10.180.1.21:9696/networking/v2.0/floatingips 0.919s
2025-04-03 20:02:30.449 69729 INFO tempest.lib.common.rest_client [req-e1ee25d4-f104-42a3-8e02-fe0c9284d7b3 req-e1ee25d4-f104-42a3-8e02-fe0c9284d7b3 ] Request (AZV2TestJSON:tearDownClass): 204 DELETE http://10.180.1.21/identity/v3/users/e0af622aec7b4aa5957d9254b6f6f3c2 0.102s
2025-04-03 20:02:30.450 69729 INFO tempest.lib.common.dynamic_creds [-] Deleting project and security group for project: 9b8d1ba46988475f9eef6d009ee6bd5d
2025-04-03 20:02:30.477 69715 INFO tempest.lib.common.rest_client [req-ae738d1b-b406-46a9-8c57-d00d3955cd21 req-ae738d1b-b406-46a9-8c57-d00d3955cd21 ] Request (QuotaClassesAdmin257Test:tearDownClass): 200 GET http://10.180.1.21:9696/networking/v2.0/security-groups?tenant_id=0b20dfe613f2402d8f75008662ec0185&name=default 0.708s
2025-04-03 20:02:30.510 69679 INFO tempest.lib.common.rest_client [req-66c2046a-4acc-462c-871d-657cfd3bd561 req-66c2046a-4acc-462c-871d-657cfd3bd561 ] Request (ServersAdminNegativeTestJSON:setUpClass): 200 GET http://10.180.1.21/compute/v2.1/servers/08fddadb-9acb-484a-805e-9374dbf0adc1 2.817s
2025-04-03 20:02:30.520 69729 INFO tempest.lib.common.rest_client [req-a4b9d92c-1998-442a-b682-4f4fdd9505e5 req-a4b9d92c-1998-442a-b682-4f4fdd9505e5 ] Request (AZV2TestJSON:tearDownClass): 201 POST http://10.180.1.21/identity/v3/auth/tokens 0.070s
2025-04-03 20:02:30.521 69713 INFO tempest.lib.common.rest_client [req-b81f650c-8d75-4947-981c-4dc38a97afe3 req-b81f650c-8d75-4947-981c-4dc38a97afe3 ] Request (AttachInterfacesTestJSON:test_create_list_show_delete_interfaces_by_fixed_ip): 201 POST http://10.180.1.21/identity/v3/auth/tokens 0.082s
2025-04-03 20:02:30.521 69679 INFO tempest.common.waiters [-] State transition "BUILD/scheduling" ==> "BUILD/block_device_mapping" after 4 second wait
2025-04-03 20:02:30.521 69713 INFO tempest.lib.common.fixed_network [-] (AttachInterfacesTestJSON:test_create_list_show_delete_interfaces_by_fixed_ip) Found network {'id': '46150dba-e50f-47c1-9016-bf8c13ef7cfd', 'name': 'tempest-AttachInterfacesTestJSON-672437628-network', 'tenant_id': 'fee1c5526ed04060a1bc0e75be3dc547', 'admin_state_up': True, 'mtu': 8950, 'status': 'ACTIVE', 'subnets': [], 'shared': False, 'project_id': 'fee1c5526ed04060a1bc0e75be3dc547', 'port_security_enabled': True, 'router:external': False, 'provider:network_type': 'vlan', 'provider:physical_network': 'default', 'provider:segmentation_id': 8, 'availability_zone_hints': [], 'availability_zones': [], 'ipv4_address_scope': None, 'ipv6_address_scope': None, 'description': '', 'tags': [], 'created_at': '2025-04-03T20:02:21Z', 'updated_at': '2025-04-03T20:02:21Z', 'revision_number': 1} available for tenant
2025-04-03 20:02:30.600 69683 INFO tempest.lib.common.rest_client [req-4a8e3faa-1c52-400a-99f1-47ae3396c5df req-4a8e3faa-1c52-400a-99f1-47ae3396c5df ] Request (ListServersNegativeTestJSON:setUpClass): 202 POST http://10.180.1.21/compute/v2.1/servers 3.665s
2025-04-03 20:02:30.614 69677 INFO tempest.lib.common.rest_client [req-43c7c783-4096-431c-a159-5569f6570b3d req-43c7c783-4096-431c-a159-5569f6570b3d ] Request (ServerDiagnosticsNegativeTest:test_get_server_diagnostics_by_non_admin): 200 GET http://10.180.1.21/compute/v2.1/servers/f21911fc-3543-4f9e-a8e0-3648a81d3112 2.737s
2025-04-03 20:02:30.635 69721 INFO tempest.lib.common.rest_client [req-cd8f89fd-99f9-4346-b71a-53f61c55c63e req-cd8f89fd-99f9-4346-b71a-53f61c55c63e ] Request (FlavorsAdminTestJSON:_run_cleanups): 202 DELETE http://10.180.1.21/compute/v2.1/flavors/402206856 2.555s
2025-04-03 20:02:30.635 69689 INFO tempest.lib.common.rest_client [req-01e689e7-7971-4b8e-af68-ca8283db46f2 req-01e689e7-7971-4b8e-af68-ca8283db46f2 ] Request (ServicesAdminNegativeV253TestJSON:test_disable_service_with_invalid_service_id): 404 PUT http://10.180.1.21/compute/v2.1/os-services/abf3b3ec-6f94-4422-9467-121edf41019d 2.554s
2025-04-03 20:02:30.662 69727 INFO tempest.lib.common.rest_client [req-07505fb6-fac4-4d02-80a5-b8b83f4bd3c1 req-07505fb6-fac4-4d02-80a5-b8b83f4bd3c1 ] Request (AZAdminV2TestJSON:test_get_availability_zone_list_detail): 200 GET http://10.180.1.21/compute/v2.1/os-availability-zone/detail 2.287s
2025-04-03 20:02:30.671 69693 INFO tempest.lib.common.rest_client [req-abae10a6-c901-4612-82ef-509f4f6f2063 req-abae10a6-c901-4612-82ef-509f4f6f2063 ] Request (InstanceUsageAuditLogTestJSON:test_list_instance_usage_audit_logs): 200 GET http://10.180.1.21/compute/v2.1/os-instance_usage_audit_log 2.102s
2025-04-03 20:02:30.708 69733 INFO tempest.lib.common.rest_client [req-60dce879-5d5f-430d-bc1e-f85429c8740a req-60dce879-5d5f-430d-bc1e-f85429c8740a ] Request (HypervisorAdminV253TestBase:test_list_show_detail_hypervisors): 200 GET http://10.180.1.21/compute/v2.1/os-hypervisors?with_servers=True 2.012s
2025-04-03 20:02:30.717 69735 INFO tempest.lib.common.rest_client [req-8417deea-f0b0-43df-a9dc-ac42f2e16781 req-8417deea-f0b0-43df-a9dc-ac42f2e16781 ] Request (TenantUsagesNegativeTestJSON:test_get_usage_tenant_with_invalid_date): 400 GET http://10.180.1.21/compute/v2.1/os-simple-tenant-usage/4848eb36e9ad4d1fb81ecd284e5a2e68?start=2025-04-04T20%3A02%3A25.450991&end=2025-04-02T20%3A02%3A25.450991 1.968s
2025-04-03 20:02:30.736 69711 INFO tempest.lib.common.rest_client [req-030032e7-7b63-414f-a105-a98bc35083aa req-030032e7-7b63-414f-a105-a98bc35083aa ] Request (FlavorMetadataValidation:_run_cleanups): 202 DELETE http://10.180.1.21/compute/v2.1/flavors/1499071751 1.738s
2025-04-03 20:02:30.799 69727 INFO tempest.lib.common.rest_client [req-d615d4dd-8ac8-42f7-98ff-5d1ad1d9e84d req-d615d4dd-8ac8-42f7-98ff-5d1ad1d9e84d ] Request (AZAdminV2TestJSON:tearDownClass): 204 DELETE http://10.180.1.21/identity/v3/users/9c464132755446c1a556e7c6967a0094 0.130s
2025-04-03 20:02:30.809 69709 INFO tempest.lib.common.rest_client [req-04d1d5df-56b8-4d4e-990f-b34a2ffbdbfa req-04d1d5df-56b8-4d4e-990f-b34a2ffbdbfa ] Request (FlavorsV2NegativeTest:tearDownClass): 200 GET http://10.180.1.21:9696/networking/v2.0/security-groups?tenant_id=b27f2891b0f845d79e51a1d89edf5d8e&name=default 0.432s
2025-04-03 20:02:30.814 69715 INFO tempest.lib.common.rest_client [req-0d579f2b-eda6-4308-9be2-fcaa8b2896c5 req-0d579f2b-eda6-4308-9be2-fcaa8b2896c5 ] Request (QuotaClassesAdmin257Test:tearDownClass): 204 DELETE http://10.180.1.21:9696/networking/v2.0/security-groups/b0ae96cb-5402-4f6f-acb6-59f7dcd525f6 0.335s
2025-04-03 20:02:30.920 69693 INFO tempest.lib.common.rest_client [req-0c0b9a32-7765-4e1f-bef0-dfa6b132284c req-0c0b9a32-7765-4e1f-bef0-dfa6b132284c ] Request (InstanceUsageAuditLogTestJSON:tearDownClass): 204 DELETE http://10.180.1.21/identity/v3/users/d4b0e39469a14a8a8f7146bd9c524bc9 0.242s
2025-04-03 20:02:30.940 69729 INFO tempest.lib.common.rest_client [req-970a7b4c-b4dc-4f77-b10d-f3df480cec44 req-970a7b4c-b4dc-4f77-b10d-f3df480cec44 ] Request (AZV2TestJSON:tearDownClass): 200 GET http://10.180.1.21:9696/networking/v2.0/security-groups?tenant_id=9b8d1ba46988475f9eef6d009ee6bd5d&name=default 0.419s
2025-04-03 20:02:30.976 69727 INFO tempest.lib.common.rest_client [req-64bc828d-cd67-4c3e-b179-b6e0c6af8e30 req-64bc828d-cd67-4c3e-b179-b6e0c6af8e30 ] Request (AZAdminV2TestJSON:tearDownClass): 204 DELETE http://10.180.1.21/identity/v3/users/04011d88d5e846528612eaf154f251e4 0.177s
2025-04-03 20:02:30.976 69727 INFO tempest.lib.common.dynamic_creds [-] Deleting project and security group for project: c41a7edf8cfa4625810078d194690105
2025-04-03 20:02:30.996 69709 INFO tempest.lib.common.rest_client [req-f1ac4a87-e214-4caa-9a32-c5a55f29cb42 req-f1ac4a87-e214-4caa-9a32-c5a55f29cb42 ] Request (FlavorsV2NegativeTest:tearDownClass): 204 DELETE http://10.180.1.21:9696/networking/v2.0/security-groups/384bc612-b738-4c6b-8d84-aba7f321b9c7 0.187s
2025-04-03 20:02:31.030 69726 INFO tempest.lib.common.rest_client [req-2f12ce19-7f2a-45c2-abff-938dba90fa36 req-2f12ce19-7f2a-45c2-abff-938dba90fa36 ] Request (NetworksTest:test_get_network): 200 GET http://10.180.1.21/compute/v2.1/os-networks/27a65881-087d-4235-b888-80c71d3b9417 1.856s
2025-04-03 20:02:31.056 69729 INFO tempest.lib.common.rest_client [req-bc84eb61-abe2-49b7-8789-b6fbf043cdf2 req-bc84eb61-abe2-49b7-8789-b6fbf043cdf2 ] Request (AZV2TestJSON:tearDownClass): 204 DELETE http://10.180.1.21:9696/networking/v2.0/security-groups/31914833-99af-493a-b130-cfea0dc8f9be 0.115s
2025-04-03 20:02:31.069 69715 INFO tempest.lib.common.rest_client [req-b028dd0e-0023-4408-9eb4-d9c9ae28fdbf req-b028dd0e-0023-4408-9eb4-d9c9ae28fdbf ] Request (QuotaClassesAdmin257Test:tearDownClass): 204 DELETE http://10.180.1.21/identity/v3/projects/0b20dfe613f2402d8f75008662ec0185 0.255s
2025-04-03 20:02:31.070 69715 INFO tempest.lib.common.dynamic_creds [-] Deleting project and security group for project: 74961a345ae641eb8c872baab0e08269
2025-04-03 20:02:31.072 69705 INFO tempest.lib.common.rest_client [req-fe6715bf-c42d-465f-a1a5-70e66dec6abe req-fe6715bf-c42d-465f-a1a5-70e66dec6abe ] Request (FlavorsV261TestJSON:test_crud_flavor): 200 PUT http://10.180.1.21/compute/v2.1/flavors/1028650046 1.765s
2025-04-03 20:02:31.078 69693 INFO tempest.lib.common.rest_client [req-27206167-330c-4669-b907-e213c1b9c999 req-27206167-330c-4669-b907-e213c1b9c999 ] Request (InstanceUsageAuditLogTestJSON:tearDownClass): 204 DELETE http://10.180.1.21/identity/v3/users/c2037ec21b284a15a9edcd39e6dd3674 0.158s
2025-04-03 20:02:31.079 69693 INFO tempest.lib.common.dynamic_creds [-] Deleting project and security group for project: 4dfcefe87edf4cf0b9ee6f087dcdc7d3
2025-04-03 20:02:31.083 69675 INFO tempest.lib.common.rest_client [req-29ab4dce-39db-4056-989c-c65b01a07447 req-29ab4dce-39db-4056-989c-c65b01a07447 ] Request (InstanceUsageAuditLogNegativeTestJSON:test_instance_usage_audit_logs_with_nonadmin_user): 403 GET http://10.180.1.21/compute/v2.1/os-instance_usage_audit_log/2025-04-03%2020%3A02%3A29 1.762s
2025-04-03 20:02:31.139 69727 INFO tempest.lib.common.rest_client [req-f35d6014-7a44-4022-9800-1e7949be042c req-f35d6014-7a44-4022-9800-1e7949be042c ] Request (AZAdminV2TestJSON:tearDownClass): 201 POST http://10.180.1.21/identity/v3/auth/tokens 0.163s
