2025-04-03 20:04:05.540 69703 WARNING tempest.lib.common.ssh [-] Failed to establish authenticated ssh connection to cirros@10.180.180.218 ([Errno None] Unable to connect to port 22 on 10.180.180.218). Number attempts: 5. Retry after 6 seconds.: paramiko.ssh_exception.NoValidConnectionsError: [Errno None] Unable to connect to port 22 on 10.180.180.218
2025-04-03 20:04:05.563 69673 INFO tempest.lib.common.rest_client [req-00e0281b-b639-488f-8cec-8b99e09f13bc req-00e0281b-b639-488f-8cec-8b99e09f13bc ] Request (ServersV294TestFqdnHostnames:setUpClass): 200 GET http://10.180.1.21/compute/v2.1/servers/909b4df9-e9c0-4c44-a167-704236afb433 0.143s
2025-04-03 20:04:05.619 69697 INFO tempest.lib.common.rest_client [req-f866a175-82b3-4f32-82ab-4ffc57120406 req-f866a175-82b3-4f32-82ab-4ffc57120406 ] Request (FloatingIPsAssociationNegativeTestJSON:setUpClass): 200 GET http://10.180.1.21/compute/v2.1/servers/b4f1cf0a-960c-4674-b82e-557fc2dc6797 0.186s
2025-04-03 20:04:05.638 69687 INFO tempest.lib.common.rest_client [req-ff7c71f5-37da-4658-9c67-b8c4799e3b44 req-ff7c71f5-37da-4658-9c67-b8c4799e3b44 ] Request (ImagesOneServerTestJSON:test_create_delete_image): 200 GET http://10.180.1.21/compute/v2.1/flavors/42 0.173s
2025-04-03 20:04:05.687 69711 INFO tempest.lib.common.rest_client [req-bac4091a-4442-4ffc-82af-de1116e7a176 req-bac4091a-4442-4ffc-82af-de1116e7a176 ] Request (ImagesTestJSON:test_create_image_from_suspended_server): 200 GET http://10.180.1.21/compute/v2.1/servers/939664b5-35ce-4388-bb10-f20c050fa27a 0.219s
2025-04-03 20:04:05.742 69723 INFO tempest.lib.common.rest_client [req-75bc153c-16b0-4e86-b668-d01e2631879c req-75bc153c-16b0-4e86-b668-d01e2631879c ] Request (ServersAdminTestJSON:test_create_server_with_scheduling_hint): 200 GET http://10.180.1.21/compute/v2.1/servers/f10e7a79-4aee-4687-84e8-d4d238077566 0.265s
2025-04-03 20:04:05.860 69687 INFO tempest.lib.common.rest_client [req-dc81aff4-aabe-4fe4-8a61-75562636030d req-dc81aff4-aabe-4fe4-8a61-75562636030d ] Request (ImagesOneServerTestJSON:test_create_delete_image): 204 DELETE http://10.180.1.21/compute/v2.1/images/f96d4e42-1b40-4e0c-a238-8e5924835206 0.218s
2025-04-03 20:04:05.863 69701 INFO tempest.lib.common.rest_client [req-b2a9085d-0c50-4d3d-b489-bfb9d923ae79 req-b2a9085d-0c50-4d3d-b489-bfb9d923ae79 ] Request (VolumesAdminNegativeTest:setUpClass): 200 PUT http://10.180.1.21:9696/networking/v2.0/routers/eff2bf70-1f46-47c0-bf36-24fafbb3faaa/add_router_interface 1.390s
2025-04-03 20:04:05.863 69701 INFO tempest.lib.common.dynamic_creds [-] Created isolated network resources for: credentials: Credentials: {'domain_id': 'default', 'domain_name': 'Default', 'username': 'tempest-VolumesAdminNegativeTest-647606796-project-member', 'project_domain_id': 'default', 'project_domain_name': 'Default', 'project_id': '7bb7dea9b5224569b95aebfe57da0e9f', 'project_name': 'tempest-VolumesAdminNegativeTest-647606796', 'tenant_id': '7bb7dea9b5224569b95aebfe57da0e9f', 'tenant_name': 'tempest-VolumesAdminNegativeTest-647606796', 'user_domain_id': 'default', 'user_domain_name': 'Default', 'user_id': '36eb2d34c35f4fcaabbd57e74572f763', 'system': None}, Network: {'id': '71151c2e-d2d2-4dd8-9864-5c936b8fd7f3', 'name': 'tempest-VolumesAdminNegativeTest-1717978680-network', 'tenant_id': '7bb7dea9b5224569b95aebfe57da0e9f', 'admin_state_up': True, 'mtu': 8950, 'status': 'ACTIVE', 'subnets': [], 'shared': False, 'project_id': '7bb7dea9b5224569b95aebfe57da0e9f', 'port_security_enabled': True, 'router:external': False, 'provider:network_type': 'vlan', 'provider:physical_network': 'default', 'provider:segmentation_id': 708, 'availability_zone_hints': [], 'availability_zones': [], 'ipv4_address_scope': None, 'ipv6_address_scope': None, 'description': '', 'tags': [], 'created_at': '2025-04-03T20:04:03Z', 'updated_at': '2025-04-03T20:04:03Z', 'revision_number': 1}, Subnet: {'id': '0a60a139-844c-46ab-8237-15245ed9cc1a', 'name': 'tempest-VolumesAdminNegativeTest-1717978680-subnet', 'tenant_id': '7bb7dea9b5224569b95aebfe57da0e9f', 'network_id': '71151c2e-d2d2-4dd8-9864-5c936b8fd7f3', 'ip_version': 4, 'subnetpool_id': None, 'enable_dhcp': True, 'ipv6_ra_mode': None, 'ipv6_address_mode': None, 'gateway_ip': '192.168.128.1', 'cidr': '192.168.128.0/28', 'allocation_pools': [{'start': '192.168.128.2', 'end': '192.168.128.14'}], 'host_routes': [], 'dns_nameservers': [], 'description': '', 'router:external': False, 'service_types': [], 'tags': [], 'created_at': '2025-04-03T20:04:03Z', 'updated_at': '2025-04-03T20:04:03Z', 'revision_number': 0, 'project_id': '7bb7dea9b5224569b95aebfe57da0e9f'}, Router: {'id': 'eff2bf70-1f46-47c0-bf36-24fafbb3faaa', 'name': 'tempest-VolumesAdminNegativeTest-1717978680-router', 'tenant_id': '7bb7dea9b5224569b95aebfe57da0e9f', 'admin_state_up': True, 'status': 'ACTIVE', 'external_gateway_info': {'network_id': '27a65881-087d-4235-b888-80c71d3b9417', 'external_fixed_ips': [{'subnet_id': '519313fa-4d08-4aa9-b0a8-8016161ae783', 'ip_address': '10.180.180.230'}], 'enable_snat': True}, 'description': '', 'availability_zones': [], 'distributed': False, 'ha': False, 'availability_zone_hints': [], 'routes': [], 'flavor_id': None, 'tags': [], 'created_at': '2025-04-03T20:04:03Z', 'updated_at': '2025-04-03T20:04:04Z', 'revision_number': 2, 'project_id': '7bb7dea9b5224569b95aebfe57da0e9f'}
2025-04-03 20:04:05.878 69731 WARNING tempest.lib.common.ssh [-] Failed to establish authenticated ssh connection to cirros@10.180.180.217 ([Errno None] Unable to connect to port 22 on 10.180.180.217). Number attempts: 6. Retry after 7 seconds.: paramiko.ssh_exception.NoValidConnectionsError: [Errno None] Unable to connect to port 22 on 10.180.180.217
2025-04-03 20:04:05.912 69719 INFO tempest.lib.common.rest_client [req-330c539a-2c46-401c-9488-280fa5ca438c req-330c539a-2c46-401c-9488-280fa5ca438c ] Request (ListServerFiltersTestJSON:setUpClass): 200 GET http://10.180.1.21/compute/v2.1/servers/388f7324-b27f-4f86-902d-dc902a5f19b0 0.103s
2025-04-03 20:04:05.930 69687 INFO tempest.lib.common.rest_client [req-d24ff611-ec36-4a25-8b5f-cb5fbbc8bbdb req-d24ff611-ec36-4a25-8b5f-cb5fbbc8bbdb ] Request (ImagesOneServerTestJSON:test_create_delete_image): 404 GET http://10.180.1.21/compute/v2.1/images/f96d4e42-1b40-4e0c-a238-8e5924835206 0.069s
2025-04-03 20:04:05.936 69701 INFO tempest.lib.common.rest_client [req-9b530358-19f6-48b5-9802-4ff9492c34de req-9b530358-19f6-48b5-9802-4ff9492c34de ] Request (VolumesAdminNegativeTest:setUpClass): 201 POST http://10.180.1.21/identity/v3/auth/tokens 0.070s
2025-04-03 20:04:05.967 69701 INFO tempest.lib.common.rest_client [req-bfa1c63a-5cde-489e-9123-1a7c45c49a27 req-bfa1c63a-5cde-489e-9123-1a7c45c49a27 ] Request (VolumesAdminNegativeTest:setUpClass): 201 POST http://10.180.1.21/identity/v3/projects 0.031s
2025-04-03 20:04:06.025 69701 INFO tempest.lib.common.rest_client [req-4282892f-e407-4d37-a0a7-00849685a088 req-4282892f-e407-4d37-a0a7-00849685a088 ] Request (VolumesAdminNegativeTest:setUpClass): 201 POST http://10.180.1.21/identity/v3/users 0.057s
2025-04-03 20:04:06.025 69695 INFO tempest.lib.common.rest_client [req-32298d5a-0b54-43e8-99c1-1dfdbd0042f4 req-32298d5a-0b54-43e8-99c1-1dfdbd0042f4 ] Request (ListImageFiltersTestJSON:setUpClass): 200 GET http://10.180.1.21/compute/v2.1/servers/373e33fd-ba30-4824-962d-b0e0f15325e9 0.163s
2025-04-03 20:04:06.032 69695 INFO tempest.common.waiters [-] State transition "BUILD/spawning" ==> "ACTIVE/None" after 59 second wait
2025-04-03 20:04:06.045 69701 INFO tempest.lib.common.rest_client [req-a986415e-0700-465d-9f8c-231fe70fd203 req-a986415e-0700-465d-9f8c-231fe70fd203 ] Request (VolumesAdminNegativeTest:setUpClass): 200 GET http://10.180.1.21/identity/v3/roles 0.020s
2025-04-03 20:04:06.070 69709 INFO tempest.lib.common.rest_client [req-a26953f0-6e01-4486-99f4-a2566f8d7e36 req-a26953f0-6e01-4486-99f4-a2566f8d7e36 ] Request (AttachInterfacesUnderV243Test:test_add_remove_fixed_ip): 200 GET http://10.180.1.21/compute/v2.1/servers/f9c1342d-1643-4edc-a5d0-a23d38ed613c 0.194s
2025-04-03 20:04:06.072 69701 INFO tempest.lib.common.rest_client [req-1e9a7e5f-883a-47fd-999b-43a8b8b02fb1 req-1e9a7e5f-883a-47fd-999b-43a8b8b02fb1 ] Request (VolumesAdminNegativeTest:setUpClass): 204 PUT http://10.180.1.21/identity/v3/projects/a02af8a6942940338856673287742fc8/users/9eaffc2184734247a463cf262a024a35/roles/9db65cb794b745e3b747de0c7f95a7a4 0.026s
2025-04-03 20:04:06.117 69701 INFO tempest.lib.common.rest_client [req-9b09c0aa-fff3-4a5b-a85f-bb8e2ff1b30b req-9b09c0aa-fff3-4a5b-a85f-bb8e2ff1b30b ] Request (VolumesAdminNegativeTest:setUpClass): 200 GET http://10.180.1.21/identity/v3/roles 0.045s
2025-04-03 20:04:06.137 69701 INFO tempest.lib.common.rest_client [req-c1e81a8a-5270-4eb7-85ff-e78590555fd1 req-c1e81a8a-5270-4eb7-85ff-e78590555fd1 ] Request (VolumesAdminNegativeTest:setUpClass): 204 PUT http://10.180.1.21/identity/v3/projects/a02af8a6942940338856673287742fc8/users/9eaffc2184734247a463cf262a024a35/roles/9db65cb794b745e3b747de0c7f95a7a4 0.019s
2025-04-03 20:04:06.137 69701 INFO tempest.lib.common.dynamic_creds [-] Dynamic test user 9eaffc2184734247a463cf262a024a35 is created with scope project and roles: ['admin']
2025-04-03 20:04:06.137 69701 INFO tempest.lib.common.dynamic_creds [-] Acquired dynamic creds: credentials: Credentials: {'domain_id': 'default', 'domain_name': 'Default', 'username': 'tempest-VolumesAdminNegativeTest-1310629561-project-admin', 'project_domain_id': 'default', 'project_domain_name': 'Default', 'project_id': 'a02af8a6942940338856673287742fc8', 'project_name': 'tempest-VolumesAdminNegativeTest-1310629561', 'tenant_id': 'a02af8a6942940338856673287742fc8', 'tenant_name': 'tempest-VolumesAdminNegativeTest-1310629561', 'user_domain_id': 'default', 'user_domain_name': 'Default', 'user_id': '9eaffc2184734247a463cf262a024a35', 'system': None}, Network: None, Subnet: None, Router: None
2025-04-03 20:04:06.144 69717 INFO tempest.lib.common.rest_client [req-102c26cf-eb9a-4843-8ec7-577aa33f5d5e req-102c26cf-eb9a-4843-8ec7-577aa33f5d5e ] Request (ServerDiagnosticsV248Test:test_get_server_diagnostics): 200 GET http://10.180.1.21/compute/v2.1/servers/95b817c2-87c5-4926-a0e4-6c785c713936/diagnostics 0.716s
2025-04-03 20:04:06.197 69693 INFO tempest.lib.common.rest_client [req-5a05077e-0c44-4924-b814-eefd5d521e10 req-5a05077e-0c44-4924-b814-eefd5d521e10 ] Request (ServerAddressesNegativeTestJSON:setUpClass): 200 GET http://10.180.1.21/compute/v2.1/servers/40995412-2970-4f48-a4a7-429273c4357e 0.256s
2025-04-03 20:04:06.262 69683 INFO tempest.lib.common.rest_client [req-fdf48db3-5666-44f0-b0f0-7da5288fd43e req-fdf48db3-5666-44f0-b0f0-7da5288fd43e ] Request (ListServersNegativeTestJSON:tearDownClass): 200 GET http://10.180.1.21/compute/v2.1/servers/6225ee70-10a4-4047-b0d3-a8a16856dd42 0.301s
2025-04-03 20:04:06.322 69733 INFO tempest.lib.common.rest_client [req-51f7ff2d-fcec-4e64-b67d-c1acb5501f52 req-51f7ff2d-fcec-4e64-b67d-c1acb5501f52 ] Request (TenantUsagesTestJSON:setUpClass): 200 GET http://10.180.1.21/compute/v2.1/servers/e896bb18-636e-4787-8b67-476c5a32dd33 0.313s
2025-04-03 20:04:06.333 69701 INFO tempest.lib.common.rest_client [req-2c9a993d-8336-4abc-ad1d-62084eed3f67 req-2c9a993d-8336-4abc-ad1d-62084eed3f67 ] Request (VolumesAdminNegativeTest:setUpClass): 201 POST http://10.180.1.21:9696/networking/v2.0/networks 0.195s
2025-04-03 20:04:06.457 69695 INFO tempest.lib.common.rest_client [req-ab1788b6-1edf-45f4-9f18-0f588c5d208e req-ab1788b6-1edf-45f4-9f18-0f588c5d208e ] Request (ListImageFiltersTestJSON:setUpClass): 200 GET http://10.180.1.21/compute/v2.1/servers/93efd4ae-beee-4265-b7b8-a77ef5b970ea 0.424s
2025-04-03 20:04:06.525 69707 INFO tempest.lib.common.rest_client [req-edab5aaa-c8ab-4e4a-a4fc-b48abb33f6ea req-edab5aaa-c8ab-4e4a-a4fc-b48abb33f6ea ] Request (AttachVolumeNegativeTest:test_attach_attached_volume_to_different_server): 200 GET http://10.180.1.21/compute/v2.1/servers/ff1d2974-d5a3-4753-9fa4-77f49949dd16 0.491s
2025-04-03 20:04:06.540 69687 INFO tempest.lib.common.rest_client [req-6033a5fc-109f-4b95-b9f7-aed86ad47c8a req-6033a5fc-109f-4b95-b9f7-aed86ad47c8a ] Request (ImagesOneServerTestJSON:test_create_image_specify_multibyte_character_image_name): 202 POST http://10.180.1.21/compute/v2.1/servers/6a64d4bd-0cef-4bbf-830c-941cee6767a7/action 0.609s
2025-04-03 20:04:06.587 69679 INFO tempest.lib.common.rest_client [req-f9a58fac-c7cb-4609-9127-0dc80814902a req-f9a58fac-c7cb-4609-9127-0dc80814902a ] Request (ServersAdminNegativeTestJSON:tearDownClass): 200 GET http://10.180.1.21/compute/v2.1/servers/981f9891-970f-4efc-8a1d-fc6a737c57cc 0.468s
2025-04-03 20:04:06.590 69701 INFO tempest.lib.common.rest_client [req-d1f5d8d4-2a92-409c-8946-8dfee55b58cd req-d1f5d8d4-2a92-409c-8946-8dfee55b58cd ] Request (VolumesAdminNegativeTest:setUpClass): 201 POST http://10.180.1.21:9696/networking/v2.0/subnets 0.257s
2025-04-03 20:04:06.608 69677 INFO tempest.lib.common.rest_client [req-a1b75ac5-2919-4083-8ec6-135e544d0b02 req-a1b75ac5-2919-4083-8ec6-135e544d0b02 ] Request (ServerRescueTestJSON:setUpClass): 200 GET http://10.180.1.21/compute/v2.1/servers/bd2c496d-2105-408b-a786-771214b707ac 0.477s
2025-04-03 20:04:06.620 69677 INFO tempest.common.waiters [-] State transition "BUILD/scheduling" ==> "BUILD/None" after 31 second wait
2025-04-03 20:04:06.648 69675 INFO tempest.lib.common.rest_client [req-64490670-b7b6-4268-92f2-1bc0630df4a9 req-64490670-b7b6-4268-92f2-1bc0630df4a9 ] Request (InstanceActionsV221TestJSON:test_get_list_deleted_instance_actions): 200 GET http://10.180.1.21/compute/v2.1/servers/c8057193-ee6e-43c5-8595-496b47cf1a51 0.444s
2025-04-03 20:04:06.665 69735 INFO tempest.lib.common.rest_client [req-507d3ccb-572e-49c3-b2a4-50cccd5b5785 req-507d3ccb-572e-49c3-b2a4-50cccd5b5785 ] Request (InstanceActionsNegativeTestJSON:setUpClass): 200 GET http://10.180.1.21/compute/v2.1/servers/a1f0cf9f-f8f1-4ef9-a011-72ca04288549 0.396s
2025-04-03 20:04:06.701 69681 INFO tempest.lib.common.rest_client [req-7aa6d0a4-0fae-449a-8f28-41b7e7294500 req-7aa6d0a4-0fae-449a-8f28-41b7e7294500 ] Request (MultipleCreateTestJSON:test_multiple_create_with_reservation_return): 200 GET http://10.180.1.21/compute/v2.1/servers/1985609d-5994-415f-afe7-a83ec46d36c1 0.355s
2025-04-03 20:04:06.728 69705 INFO tempest.lib.common.rest_client [req-9c0b07f9-2940-4c17-b79e-b1cbad1f6c52 req-9c0b07f9-2940-4c17-b79e-b1cbad1f6c52 ] Request (ImagesOneServerNegativeTestJSON:_run_cleanups): 200 GET http://10.180.1.21/compute/v2.1/servers/8a2798c0-37b3-4a3c-a21b-f643ab42091d 0.350s
2025-04-03 20:04:06.758 69699 INFO tempest.lib.common.rest_client [req-3c3e01dc-c243-47a7-a983-22037c69f044 req-3c3e01dc-c243-47a7-a983-22037c69f044 ] Request (DeleteServersAdminTestJSON:test_delete_server_while_in_error_state): 200 GET http://10.180.1.21/compute/v2.1/servers/c167efa7-3603-4d4a-b731-4de23cb95f28 0.312s
2025-04-03 20:04:06.807 69685 INFO tempest.lib.common.rest_client [req-ec23b72a-7756-4dff-b07d-5911487584ef req-ec23b72a-7756-4dff-b07d-5911487584ef ] Request (ImagesNegativeTestJSON:test_create_image_from_deleted_server): 200 GET http://10.180.1.21/compute/v2.1/servers/5a064560-6b50-4107-bccd-8c9e7a57d235 0.299s
2025-04-03 20:04:06.862 69721 INFO tempest.lib.common.rest_client [req-4921b46e-b290-4725-a5b9-d2286444fe5c req-4921b46e-b290-4725-a5b9-d2286444fe5c ] Request (ServerPasswordTestJSON:setUpClass): 200 GET http://10.180.1.21/compute/v2.1/servers/63837d13-19a6-4320-8521-deacd01dfe75 0.320s
2025-04-03 20:04:06.910 69687 INFO tempest.lib.common.rest_client [req-1eb2ebcf-182b-4b00-bae0-15748754caf7 req-1eb2ebcf-182b-4b00-bae0-15748754caf7 ] Request (ImagesOneServerTestJSON:test_create_image_specify_multibyte_character_image_name): 200 GET http://10.180.1.21/compute/v2.1/images/1ac8483e-a04e-412e-be6c-58f6a7338c42 0.368s
2025-04-03 20:04:06.979 69673 INFO tempest.lib.common.rest_client [req-7e488b75-f109-4898-b9dc-3c7792abe4ce req-7e488b75-f109-4898-b9dc-3c7792abe4ce ] Request (ServersV294TestFqdnHostnames:setUpClass): 200 GET http://10.180.1.21/compute/v2.1/servers/909b4df9-e9c0-4c44-a167-704236afb433 0.405s
2025-04-03 20:04:06.995 69673 INFO tempest.common.waiters [-] State transition "BUILD/scheduling" ==> "BUILD/None" after 39 second wait
2025-04-03 20:04:07.070 69697 INFO tempest.lib.common.rest_client [req-3a18075d-8682-4234-8b0a-2af233406db3 req-3a18075d-8682-4234-8b0a-2af233406db3 ] Request (FloatingIPsAssociationNegativeTestJSON:setUpClass): 200 GET http://10.180.1.21/compute/v2.1/servers/b4f1cf0a-960c-4674-b82e-557fc2dc6797 0.436s
2025-04-03 20:04:07.130 69711 INFO tempest.lib.common.rest_client [req-4e221735-7f4e-46b0-a50a-97e204e0a4d5 req-4e221735-7f4e-46b0-a50a-97e204e0a4d5 ] Request (ImagesTestJSON:test_create_image_from_suspended_server): 200 GET http://10.180.1.21/compute/v2.1/servers/939664b5-35ce-4388-bb10-f20c050fa27a 0.432s
2025-04-03 20:04:07.184 69695 INFO tempest.lib.common.rest_client [req-c3ccc631-da17-450c-a8b1-7a8f1edd0f6a req-c3ccc631-da17-450c-a8b1-7a8f1edd0f6a ] Request (ListImageFiltersTestJSON:setUpClass): 202 POST http://10.180.1.21/compute/v2.1/servers/93efd4ae-beee-4265-b7b8-a77ef5b970ea/action 0.720s
2025-04-03 20:04:07.190 69723 INFO tempest.lib.common.rest_client [req-657ee752-d78f-4ecd-8690-9c15548ecfed req-657ee752-d78f-4ecd-8690-9c15548ecfed ] Request (ServersAdminTestJSON:test_create_server_with_scheduling_hint): 200 GET http://10.180.1.21/compute/v2.1/servers/f10e7a79-4aee-4687-84e8-d4d238077566 0.437s
2025-04-03 20:04:07.241 69709 INFO tempest.lib.common.rest_client [req-dc6632b2-20ab-44e2-b6ea-e8dbbe3783c6 req-dc6632b2-20ab-44e2-b6ea-e8dbbe3783c6 ] Request (AttachInterfacesUnderV243Test:test_add_remove_fixed_ip): 200 GET http://10.180.1.21/compute/v2.1/servers/f9c1342d-1643-4edc-a5d0-a23d38ed613c 0.162s
2025-04-03 20:04:07.254 69719 INFO tempest.lib.common.rest_client [req-ccb10c5e-ff7b-4d1c-aa37-d319712a7410 req-ccb10c5e-ff7b-4d1c-aa37-d319712a7410 ] Request (ListServerFiltersTestJSON:setUpClass): 200 GET http://10.180.1.21/compute/v2.1/servers/388f7324-b27f-4f86-902d-dc902a5f19b0 0.333s
2025-04-03 20:04:07.282 69695 INFO tempest.lib.common.rest_client [req-c86b7116-24bf-4993-b1f7-62e19079f6e4 req-c86b7116-24bf-4993-b1f7-62e19079f6e4 ] Request (ListImageFiltersTestJSON:setUpClass): 200 GET http://10.180.1.21/compute/v2.1/images/eafc1f62-8063-42d8-a8e6-dd5f63d75132 0.097s
2025-04-03 20:04:07.314 69693 INFO tempest.lib.common.rest_client [req-2bfb8638-7fa7-48d0-8b9e-09a4b63ea52f req-2bfb8638-7fa7-48d0-8b9e-09a4b63ea52f ] Request (ServerAddressesNegativeTestJSON:setUpClass): 200 GET http://10.180.1.21/compute/v2.1/servers/40995412-2970-4f48-a4a7-429273c4357e 0.108s
2025-04-03 20:04:07.325 69683 INFO tempest.lib.common.rest_client [req-0d9dc752-8a40-4a22-8e89-188d71f57471 req-0d9dc752-8a40-4a22-8e89-188d71f57471 ] Request (ListServersNegativeTestJSON:tearDownClass): 404 GET http://10.180.1.21/compute/v2.1/servers/6225ee70-10a4-4047-b0d3-a8a16856dd42 0.054s
2025-04-03 20:04:07.348 69683 INFO tempest.lib.common.rest_client [req-b377e9d1-a13a-40cf-b600-b37f9b213bc0 req-b377e9d1-a13a-40cf-b600-b37f9b213bc0 ] Request (ListServersNegativeTestJSON:tearDownClass): 404 GET http://10.180.1.21/compute/v2.1/servers/59a10a12-9a40-48ad-a6f5-c647cb6c5f2f 0.022s
2025-04-03 20:04:07.377 69701 INFO tempest.lib.common.rest_client [req-889843e3-8b95-49e0-b31f-8dd3b8cc4e5f req-889843e3-8b95-49e0-b31f-8dd3b8cc4e5f ] Request (VolumesAdminNegativeTest:setUpClass): 201 POST http://10.180.1.21:9696/networking/v2.0/routers 0.787s
2025-04-03 20:04:07.391 69733 INFO tempest.lib.common.rest_client [req-52a20455-1230-475f-aac6-671b4412695b req-52a20455-1230-475f-aac6-671b4412695b ] Request (TenantUsagesTestJSON:setUpClass): 200 GET http://10.180.1.21/compute/v2.1/servers/e896bb18-636e-4787-8b67-476c5a32dd33 0.059s
2025-04-03 20:04:07.412 69683 INFO tempest.lib.common.rest_client [req-9f2184ac-b71c-42e3-8b7c-9a5b2b653db0 req-9f2184ac-b71c-42e3-8b7c-9a5b2b653db0 ] Request (ListServersNegativeTestJSON:tearDownClass): 200 GET http://10.180.1.21/compute/v2.1/servers/2387c056-1571-4b63-8a29-8d8b0e927fb5 0.063s
2025-04-03 20:04:07.593 69707 INFO tempest.lib.common.rest_client [req-a642ff0c-a53e-432a-a9ea-88e148835c5e req-a642ff0c-a53e-432a-a9ea-88e148835c5e ] Request (AttachVolumeNegativeTest:test_attach_attached_volume_to_different_server): 200 GET http://10.180.1.21/compute/v2.1/servers/ff1d2974-d5a3-4753-9fa4-77f49949dd16 0.060s
2025-04-03 20:04:07.677 69679 INFO tempest.lib.common.rest_client [req-e451a332-5de3-4ab5-a904-b5b3b851e559 req-e451a332-5de3-4ab5-a904-b5b3b851e559 ] Request (ServersAdminNegativeTestJSON:tearDownClass): 200 GET http://10.180.1.21/compute/v2.1/servers/981f9891-970f-4efc-8a1d-fc6a737c57cc 0.071s
2025-04-03 20:04:07.692 69677 INFO tempest.lib.common.rest_client [req-9e93f3e7-b988-437a-bc92-2d392713c10f req-9e93f3e7-b988-437a-bc92-2d392713c10f ] Request (ServerRescueTestJSON:setUpClass): 200 GET http://10.180.1.21/compute/v2.1/servers/bd2c496d-2105-408b-a786-771214b707ac 0.071s
2025-04-03 20:04:07.748 69735 INFO tempest.lib.common.rest_client [req-8332d1d1-e380-4b6f-ace7-c4fb5c526691 req-8332d1d1-e380-4b6f-ace7-c4fb5c526691 ] Request (InstanceActionsNegativeTestJSON:setUpClass): 200 GET http://10.180.1.21/compute/v2.1/servers/a1f0cf9f-f8f1-4ef9-a011-72ca04288549 0.069s
2025-04-03 20:04:07.757 69675 INFO tempest.lib.common.rest_client [req-b16a6ff9-7e83-4d77-ad39-bb85b8dee965 req-b16a6ff9-7e83-4d77-ad39-bb85b8dee965 ] Request (InstanceActionsV221TestJSON:test_get_list_deleted_instance_actions): 200 GET http://10.180.1.21/compute/v2.1/servers/c8057193-ee6e-43c5-8595-496b47cf1a51 0.098s
2025-04-03 20:04:07.801 69681 INFO tempest.lib.common.rest_client [req-457e3063-513b-4799-a2fa-0134c2f288ff req-457e3063-513b-4799-a2fa-0134c2f288ff ] Request (MultipleCreateTestJSON:test_multiple_create_with_reservation_return): 200 GET http://10.180.1.21/compute/v2.1/servers/1985609d-5994-415f-afe7-a83ec46d36c1 0.079s
2025-04-03 20:04:07.820 69705 INFO tempest.lib.common.rest_client [req-daffcd24-0624-4712-aa76-0c6668de6338 req-daffcd24-0624-4712-aa76-0c6668de6338 ] Request (ImagesOneServerNegativeTestJSON:_run_cleanups): 200 GET http://10.180.1.21/compute/v2.1/servers/8a2798c0-37b3-4a3c-a21b-f643ab42091d 0.081s
2025-04-03 20:04:07.853 69699 INFO tempest.lib.common.rest_client [req-c4d00593-56e3-41bc-9e12-5d6bf16cd64c req-c4d00593-56e3-41bc-9e12-5d6bf16cd64c ] Request (DeleteServersAdminTestJSON:test_delete_server_while_in_error_state): 200 GET http://10.180.1.21/compute/v2.1/servers/c167efa7-3603-4d4a-b731-4de23cb95f28 0.086s
2025-04-03 20:04:07.873 69685 INFO tempest.lib.common.rest_client [req-bb0c9428-5319-4a75-8527-e3a6dfd32717 req-bb0c9428-5319-4a75-8527-e3a6dfd32717 ] Request (ImagesNegativeTestJSON:test_create_image_from_deleted_server): 200 GET http://10.180.1.21/compute/v2.1/servers/5a064560-6b50-4107-bccd-8c9e7a57d235 0.057s
2025-04-03 20:04:07.919 69721 INFO tempest.lib.common.rest_client [req-a9aca40e-d194-4659-9bb0-71e29915260c req-a9aca40e-d194-4659-9bb0-71e29915260c ] Request (ServerPasswordTestJSON:setUpClass): 200 GET http://10.180.1.21/compute/v2.1/servers/63837d13-19a6-4320-8521-deacd01dfe75 0.049s
2025-04-03 20:04:07.955 69687 INFO tempest.lib.common.rest_client [req-6e1d547b-4c10-4e6f-9a15-d1ccef5efc85 req-6e1d547b-4c10-4e6f-9a15-d1ccef5efc85 ] Request (ImagesOneServerTestJSON:test_create_image_specify_multibyte_character_image_name): 200 GET http://10.180.1.21/compute/v2.1/images/1ac8483e-a04e-412e-be6c-58f6a7338c42 0.038s
2025-04-03 20:04:08.064 69673 INFO tempest.lib.common.rest_client [req-5580d9b8-de55-4a50-9c5c-cf3b2983cc76 req-5580d9b8-de55-4a50-9c5c-cf3b2983cc76 ] Request (ServersV294TestFqdnHostnames:setUpClass): 200 GET http://10.180.1.21/compute/v2.1/servers/909b4df9-e9c0-4c44-a167-704236afb433 0.067s
2025-04-03 20:04:08.150 69697 INFO tempest.lib.common.rest_client [req-cdd1fc8d-d14a-4f4a-9cab-ee44556db198 req-cdd1fc8d-d14a-4f4a-9cab-ee44556db198 ] Request (FloatingIPsAssociationNegativeTestJSON:setUpClass): 200 GET http://10.180.1.21/compute/v2.1/servers/b4f1cf0a-960c-4674-b82e-557fc2dc6797 0.062s
2025-04-03 20:04:08.233 69701 INFO tempest.lib.common.rest_client [req-60264be7-3fbe-42e6-90e0-0d7b7f2674b2 req-60264be7-3fbe-42e6-90e0-0d7b7f2674b2 ] Request (VolumesAdminNegativeTest:setUpClass): 200 PUT http://10.180.1.21:9696/networking/v2.0/routers/b967950c-36b6-4fc1-9741-d5b0604ffbf1/add_router_interface 0.855s
2025-04-03 20:04:08.233 69701 INFO tempest.lib.common.dynamic_creds [-] Created isolated network resources for: credentials: Credentials: {'domain_id': 'default', 'domain_name': 'Default', 'username': 'tempest-VolumesAdminNegativeTest-1310629561-project-admin', 'project_domain_id': 'default', 'project_domain_name': 'Default', 'project_id': 'a02af8a6942940338856673287742fc8', 'project_name': 'tempest-VolumesAdminNegativeTest-1310629561', 'tenant_id': 'a02af8a6942940338856673287742fc8', 'tenant_name': 'tempest-VolumesAdminNegativeTest-1310629561', 'user_domain_id': 'default', 'user_domain_name': 'Default', 'user_id': '9eaffc2184734247a463cf262a024a35', 'system': None}, Network: {'id': 'ebe063f5-2d1e-45fd-bd15-4414cd451d1f', 'name': 'tempest-VolumesAdminNegativeTest-287659885-network', 'tenant_id': 'a02af8a6942940338856673287742fc8', 'admin_state_up': True, 'mtu': 8950, 'status': 'ACTIVE', 'subnets': [], 'shared': False, 'project_id': 'a02af8a6942940338856673287742fc8', 'port_security_enabled': True, 'router:external': False, 'provider:network_type': 'vlan', 'provider:physical_network': 'default', 'provider:segmentation_id': 660, 'availability_zone_hints': [], 'availability_zones': [], 'ipv4_address_scope': None, 'ipv6_address_scope': None, 'description': '', 'tags': [], 'created_at': '2025-04-03T20:04:06Z', 'updated_at': '2025-04-03T20:04:06Z', 'revision_number': 1}, Subnet: {'id': '975296f0-0784-4a0b-88cd-86748051ba8a', 'name': 'tempest-VolumesAdminNegativeTest-287659885-subnet', 'tenant_id': 'a02af8a6942940338856673287742fc8', 'network_id': 'ebe063f5-2d1e-45fd-bd15-4414cd451d1f', 'ip_version': 4, 'subnetpool_id': None, 'enable_dhcp': True, 'ipv6_ra_mode': None, 'ipv6_address_mode': None, 'gateway_ip': '192.168.128.1', 'cidr': '192.168.128.0/28', 'allocation_pools': [{'start': '192.168.128.2', 'end': '192.168.128.14'}], 'host_routes': [], 'dns_nameservers': [], 'description': '', 'router:external': False, 'service_types': [], 'tags': [], 'created_at': '2025-04-03T20:04:06Z', 'updated_at': '2025-04-03T20:04:06Z', 'revision_number': 0, 'project_id': 'a02af8a6942940338856673287742fc8'}, Router: {'id': 'b967950c-36b6-4fc1-9741-d5b0604ffbf1', 'name': 'tempest-VolumesAdminNegativeTest-287659885-router', 'tenant_id': 'a02af8a6942940338856673287742fc8', 'admin_state_up': True, 'status': 'ACTIVE', 'external_gateway_info': {'network_id': '27a65881-087d-4235-b888-80c71d3b9417', 'external_fixed_ips': [{'subnet_id': '519313fa-4d08-4aa9-b0a8-8016161ae783', 'ip_address': '10.180.180.156'}], 'enable_snat': True}, 'description': '', 'availability_zones': [], 'distributed': False, 'ha': False, 'availability_zone_hints': [], 'routes': [], 'flavor_id': None, 'tags': [], 'created_at': '2025-04-03T20:04:06Z', 'updated_at': '2025-04-03T20:04:07Z', 'revision_number': 2, 'project_id': 'a02af8a6942940338856673287742fc8'}
2025-04-03 20:04:08.284 69723 INFO tempest.lib.common.rest_client [req-3dd5de1e-62a3-4134-b65c-c2fafd8e620c req-3dd5de1e-62a3-4134-b65c-c2fafd8e620c ] Request (ServersAdminTestJSON:test_create_server_with_scheduling_hint): 200 GET http://10.180.1.21/compute/v2.1/servers/f10e7a79-4aee-4687-84e8-d4d238077566 0.080s
2025-04-03 20:04:08.293 69691 WARNING tempest.lib.common.ssh [-] Failed to establish authenticated ssh connection to cirros@10.180.180.139 ([Errno None] Unable to connect to port 22 on 10.180.180.139). Number attempts: 3. Retry after 4 seconds.: paramiko.ssh_exception.NoValidConnectionsError: [Errno None] Unable to connect to port 22 on 10.180.180.139
2025-04-03 20:04:08.326 69701 INFO tempest.lib.common.rest_client [req-f81409c8-75a7-40ba-ad2a-b2d6044fb1b1 req-f81409c8-75a7-40ba-ad2a-b2d6044fb1b1 ] Request (VolumesAdminNegativeTest:setUpClass): 201 POST http://10.180.1.21/identity/v3/auth/tokens 0.090s
2025-04-03 20:04:08.353 69709 INFO tempest.lib.common.rest_client [req-13ba76c4-9144-4b8b-802f-609fe80845d8 req-13ba76c4-9144-4b8b-802f-609fe80845d8 ] Request (AttachInterfacesUnderV243Test:test_add_remove_fixed_ip): 200 GET http://10.180.1.21/compute/v2.1/servers/f9c1342d-1643-4edc-a5d0-a23d38ed613c 0.100s
2025-04-03 20:04:08.417 69719 INFO tempest.lib.common.rest_client [req-fa32fb17-2340-4cb4-b44d-84ec25065195 req-fa32fb17-2340-4cb4-b44d-84ec25065195 ] Request (ListServerFiltersTestJSON:setUpClass): 200 GET http://10.180.1.21/compute/v2.1/servers/388f7324-b27f-4f86-902d-dc902a5f19b0 0.155s
2025-04-03 20:04:08.443 69711 INFO tempest.lib.common.rest_client [req-bef3fcb4-5b03-45c6-a9e1-c1734191983e req-bef3fcb4-5b03-45c6-a9e1-c1734191983e ] Request (ImagesTestJSON:test_create_image_from_suspended_server): 200 GET http://10.180.1.21/compute/v2.1/servers/939664b5-35ce-4388-bb10-f20c050fa27a 0.303s
2025-04-03 20:04:08.452 69695 INFO tempest.lib.common.rest_client [req-51eb4e7d-cca0-4131-a6c4-00c15479fd4d req-51eb4e7d-cca0-4131-a6c4-00c15479fd4d ] Request (ListImageFiltersTestJSON:setUpClass): 200 GET http://10.180.1.21/compute/v2.1/images/eafc1f62-8063-42d8-a8e6-dd5f63d75132 0.162s
2025-04-03 20:04:08.496 69693 INFO tempest.lib.common.rest_client [req-73bc0e2f-6b29-4b5c-8471-59c4572dd212 req-73bc0e2f-6b29-4b5c-8471-59c4572dd212 ] Request (ServerAddressesNegativeTestJSON:setUpClass): 200 GET http://10.180.1.21/compute/v2.1/servers/40995412-2970-4f48-a4a7-429273c4357e 0.172s
2025-04-03 20:04:08.552 69733 INFO tempest.lib.common.rest_client [req-960b84e6-a9f0-435c-8d59-339690888e1c req-960b84e6-a9f0-435c-8d59-339690888e1c ] Request (TenantUsagesTestJSON:setUpClass): 200 GET http://10.180.1.21/compute/v2.1/servers/e896bb18-636e-4787-8b67-476c5a32dd33 0.150s
2025-04-03 20:04:08.560 69701 INFO tempest.lib.common.rest_client [req-f8d8e71d-99f0-45d6-b758-be9a7b2bc2e2 req-f8d8e71d-99f0-45d6-b758-be9a7b2bc2e2 ] Request (VolumesAdminNegativeTest:test_update_attached_volume_with_nonexistent_volume_in_body): 200 POST http://10.180.1.21/compute/v2.1/os-keypairs 0.233s
2025-04-03 20:04:08.613 69683 INFO tempest.lib.common.rest_client [req-7ca1bc4d-af19-4e1a-9879-78d53446bc7b req-7ca1bc4d-af19-4e1a-9879-78d53446bc7b ] Request (ListServersNegativeTestJSON:tearDownClass): 200 GET http://10.180.1.21/compute/v2.1/servers/2387c056-1571-4b63-8a29-8d8b0e927fb5 0.187s
2025-04-03 20:04:08.671 69707 INFO tempest.lib.common.rest_client [req-a5ff0d6f-e9bd-4485-9382-5e5465e8e419 req-a5ff0d6f-e9bd-4485-9382-5e5465e8e419 ] Request (AttachVolumeNegativeTest:test_attach_attached_volume_to_different_server): 200 GET http://10.180.1.21/compute/v2.1/servers/ff1d2974-d5a3-4753-9fa4-77f49949dd16 0.065s
2025-04-03 20:04:08.680 69701 INFO tempest.lib.common.rest_client [req-badd9ce8-aec6-49aa-9e3c-c6db2b7feea7 req-badd9ce8-aec6-49aa-9e3c-c6db2b7feea7 ] Request (VolumesAdminNegativeTest:test_update_attached_volume_with_nonexistent_volume_in_body): 201 POST http://10.180.1.21:9696/networking/v2.0/security-groups 0.118s
2025-04-03 20:04:08.779 69679 INFO tempest.lib.common.rest_client [req-07a0d67b-8171-449b-be50-b04c177a1ee2 req-07a0d67b-8171-449b-be50-b04c177a1ee2 ] Request (ServersAdminNegativeTestJSON:tearDownClass): 200 GET http://10.180.1.21/compute/v2.1/servers/981f9891-970f-4efc-8a1d-fc6a737c57cc 0.089s
2025-04-03 20:04:08.782 69677 INFO tempest.lib.common.rest_client [req-52ac2ac9-5712-4391-81de-3368d7243288 req-52ac2ac9-5712-4391-81de-3368d7243288 ] Request (ServerRescueTestJSON:setUpClass): 200 GET http://10.180.1.21/compute/v2.1/servers/bd2c496d-2105-408b-a786-771214b707ac 0.082s
2025-04-03 20:04:08.828 69701 INFO tempest.lib.common.rest_client [req-1cd17ae6-8162-4b85-b65f-986e55d1d4ec req-1cd17ae6-8162-4b85-b65f-986e55d1d4ec ] Request (VolumesAdminNegativeTest:test_update_attached_volume_with_nonexistent_volume_in_body): 201 POST http://10.180.1.21:9696/networking/v2.0/security-group-rules 0.147s
2025-04-03 20:04:08.833 69735 INFO tempest.lib.common.rest_client [req-2de4d49c-6971-4cae-af16-014d2f8a4a01 req-2de4d49c-6971-4cae-af16-014d2f8a4a01 ] Request (InstanceActionsNegativeTestJSON:setUpClass): 200 GET http://10.180.1.21/compute/v2.1/servers/a1f0cf9f-f8f1-4ef9-a011-72ca04288549 0.076s
2025-04-03 20:04:08.850 69675 INFO tempest.lib.common.rest_client [req-5d873aa3-fd28-46eb-9c59-0c8a03a26f34 req-5d873aa3-fd28-46eb-9c59-0c8a03a26f34 ] Request (InstanceActionsV221TestJSON:test_get_list_deleted_instance_actions): 200 GET http://10.180.1.21/compute/v2.1/servers/c8057193-ee6e-43c5-8595-496b47cf1a51 0.081s
2025-04-03 20:04:08.889 69681 INFO tempest.lib.common.rest_client [req-3ab36c14-9018-4fd6-9b1d-6a4486839600 req-3ab36c14-9018-4fd6-9b1d-6a4486839600 ] Request (MultipleCreateTestJSON:test_multiple_create_with_reservation_return): 200 GET http://10.180.1.21/compute/v2.1/servers/1985609d-5994-415f-afe7-a83ec46d36c1 0.080s
2025-04-03 20:04:08.915 69705 INFO tempest.lib.common.rest_client [req-406cf7b7-70f9-4bbe-a2e3-f48752eab23d req-406cf7b7-70f9-4bbe-a2e3-f48752eab23d ] Request (ImagesOneServerNegativeTestJSON:_run_cleanups): 200 GET http://10.180.1.21/compute/v2.1/servers/8a2798c0-37b3-4a3c-a21b-f643ab42091d 0.088s
2025-04-03 20:04:08.937 69701 INFO tempest.lib.common.rest_client [req-9dd7a5bf-5f86-4b21-abdd-330a0847c11d req-9dd7a5bf-5f86-4b21-abdd-330a0847c11d ] Request (VolumesAdminNegativeTest:test_update_attached_volume_with_nonexistent_volume_in_body): 201 POST http://10.180.1.21:9696/networking/v2.0/security-group-rules 0.109s
2025-04-03 20:04:08.944 69699 INFO tempest.lib.common.rest_client [req-bcfe6e4e-8ad8-48a0-9645-971b5db93417 req-bcfe6e4e-8ad8-48a0-9645-971b5db93417 ] Request (DeleteServersAdminTestJSON:test_delete_server_while_in_error_state): 200 GET http://10.180.1.21/compute/v2.1/servers/c167efa7-3603-4d4a-b731-4de23cb95f28 0.083s
2025-04-03 20:04:08.977 69685 INFO tempest.lib.common.rest_client [req-f06dcc79-87ca-4d22-be03-519ccd01e8a7 req-f06dcc79-87ca-4d22-be03-519ccd01e8a7 ] Request (ImagesNegativeTestJSON:test_create_image_from_deleted_server): 200 GET http://10.180.1.21/compute/v2.1/servers/5a064560-6b50-4107-bccd-8c9e7a57d235 0.093s
2025-04-03 20:04:08.994 69721 INFO tempest.lib.common.rest_client [req-cb4036ae-2bdd-4cfe-a55d-d84918c2c4db req-cb4036ae-2bdd-4cfe-a55d-d84918c2c4db ] Request (ServerPasswordTestJSON:setUpClass): 200 GET http://10.180.1.21/compute/v2.1/servers/63837d13-19a6-4320-8521-deacd01dfe75 0.063s
2025-04-03 20:04:09.009 69687 INFO tempest.lib.common.rest_client [req-dfd49f83-9d71-4aea-9dc4-095a522784d4 req-dfd49f83-9d71-4aea-9dc4-095a522784d4 ] Request (ImagesOneServerTestJSON:test_create_image_specify_multibyte_character_image_name): 200 GET http://10.180.1.21/compute/v2.1/images/1ac8483e-a04e-412e-be6c-58f6a7338c42 0.045s
2025-04-03 20:04:09.129 69673 INFO tempest.lib.common.rest_client [req-55ecf4db-532b-4057-a2b9-654b0d770b5a req-55ecf4db-532b-4057-a2b9-654b0d770b5a ] Request (ServersV294TestFqdnHostnames:setUpClass): 200 GET http://10.180.1.21/compute/v2.1/servers/909b4df9-e9c0-4c44-a167-704236afb433 0.053s
2025-04-03 20:04:09.219 69697 INFO tempest.lib.common.rest_client [req-42d82f13-5fbd-41f8-b380-0bffec232c37 req-42d82f13-5fbd-41f8-b380-0bffec232c37 ] Request (FloatingIPsAssociationNegativeTestJSON:setUpClass): 200 GET http://10.180.1.21/compute/v2.1/servers/b4f1cf0a-960c-4674-b82e-557fc2dc6797 0.060s
2025-04-03 20:04:09.345 69701 INFO tempest.lib.common.rest_client [req-48e9d1d6-b633-48e2-8f61-b734993943c7 req-48e9d1d6-b633-48e2-8f61-b734993943c7 ] Request (VolumesAdminNegativeTest:test_update_attached_volume_with_nonexistent_volume_in_body): 201 POST http://10.180.1.21:9696/networking/v2.0/floatingips 0.407s
2025-04-03 20:04:09.357 69723 INFO tempest.lib.common.rest_client [req-a0d133f8-0756-4834-844d-84f38dc87dc0 req-a0d133f8-0756-4834-844d-84f38dc87dc0 ] Request (ServersAdminTestJSON:test_create_server_with_scheduling_hint): 200 GET http://10.180.1.21/compute/v2.1/servers/f10e7a79-4aee-4687-84e8-d4d238077566 0.066s
2025-04-03 20:04:09.381 69701 INFO tempest.lib.common.rest_client [req-d00b838d-e321-42fc-871c-b0c4188a23ea req-d00b838d-e321-42fc-871c-b0c4188a23ea ] Request (VolumesAdminNegativeTest:test_update_attached_volume_with_nonexistent_volume_in_body): 201 POST http://10.180.1.21/identity/v3/auth/tokens 0.032s
2025-04-03 20:04:09.382 69701 INFO tempest.lib.common.fixed_network [-] (VolumesAdminNegativeTest:test_update_attached_volume_with_nonexistent_volume_in_body) Found network {'id': '71151c2e-d2d2-4dd8-9864-5c936b8fd7f3', 'name': 'tempest-VolumesAdminNegativeTest-1717978680-network', 'tenant_id': '7bb7dea9b5224569b95aebfe57da0e9f', 'admin_state_up': True, 'mtu': 8950, 'status': 'ACTIVE', 'subnets': [], 'shared': False, 'project_id': '7bb7dea9b5224569b95aebfe57da0e9f', 'port_security_enabled': True, 'router:external': False, 'provider:network_type': 'vlan', 'provider:physical_network': 'default', 'provider:segmentation_id': 708, 'availability_zone_hints': [], 'availability_zones': [], 'ipv4_address_scope': None, 'ipv6_address_scope': None, 'description': '', 'tags': [], 'created_at': '2025-04-03T20:04:03Z', 'updated_at': '2025-04-03T20:04:03Z', 'revision_number': 1} available for tenant
2025-04-03 20:04:09.415 69709 INFO tempest.lib.common.rest_client [req-3c645dd3-1102-4b60-b52e-bd9292196220 req-3c645dd3-1102-4b60-b52e-bd9292196220 ] Request (AttachInterfacesUnderV243Test:test_add_remove_fixed_ip): 200 GET http://10.180.1.21/compute/v2.1/servers/f9c1342d-1643-4edc-a5d0-a23d38ed613c 0.049s
2025-04-03 20:04:09.493 69719 INFO tempest.lib.common.rest_client [req-45554672-774f-4d09-8d5d-fc3d1519cb13 req-45554672-774f-4d09-8d5d-fc3d1519cb13 ] Request (ListServerFiltersTestJSON:setUpClass): 200 GET http://10.180.1.21/compute/v2.1/servers/388f7324-b27f-4f86-902d-dc902a5f19b0 0.066s
2025-04-03 20:04:09.557 69711 INFO tempest.lib.common.rest_client [req-6350d98a-f480-4530-8601-27f235df0ecb req-6350d98a-f480-4530-8601-27f235df0ecb ] Request (ImagesTestJSON:test_create_image_from_suspended_server): 200 GET http://10.180.1.21/compute/v2.1/servers/939664b5-35ce-4388-bb10-f20c050fa27a 0.103s
2025-04-03 20:04:09.590 69695 INFO tempest.lib.common.rest_client [req-6d0607d5-2a51-400b-abda-d886aca75dac req-6d0607d5-2a51-400b-abda-d886aca75dac ] Request (ListImageFiltersTestJSON:setUpClass): 200 GET http://10.180.1.21/compute/v2.1/images/eafc1f62-8063-42d8-a8e6-dd5f63d75132 0.131s
2025-04-03 20:04:09.644 69693 INFO tempest.lib.common.rest_client [req-3f818cc6-51e8-4ce1-a2e7-98ef4b6cdb68 req-3f818cc6-51e8-4ce1-a2e7-98ef4b6cdb68 ] Request (ServerAddressesNegativeTestJSON:setUpClass): 200 GET http://10.180.1.21/compute/v2.1/servers/40995412-2970-4f48-a4a7-429273c4357e 0.135s
2025-04-03 20:04:09.696 69733 INFO tempest.lib.common.rest_client [req-b2941046-78b2-4589-b826-86b888a785ef req-b2941046-78b2-4589-b826-86b888a785ef ] Request (TenantUsagesTestJSON:setUpClass): 200 GET http://10.180.1.21/compute/v2.1/servers/e896bb18-636e-4787-8b67-476c5a32dd33 0.135s
2025-04-03 20:04:09.716 69683 INFO tempest.lib.common.rest_client [req-f8818d06-0ee7-41da-8d8d-c852b8a6b428 req-f8818d06-0ee7-41da-8d8d-c852b8a6b428 ] Request (ListServersNegativeTestJSON:tearDownClass): 404 GET http://10.180.1.21/compute/v2.1/servers/2387c056-1571-4b63-8a29-8d8b0e927fb5 0.093s
2025-04-03 20:04:09.762 69707 INFO tempest.lib.common.rest_client [req-b49b16e4-f9bd-450e-b339-99595c76f859 req-b49b16e4-f9bd-450e-b339-99595c76f859 ] Request (AttachVolumeNegativeTest:test_attach_attached_volume_to_different_server): 200 GET http://10.180.1.21/compute/v2.1/servers/ff1d2974-d5a3-4753-9fa4-77f49949dd16 0.082s
2025-04-03 20:04:09.764 69713 WARNING tempest.lib.common.ssh [-] Failed to establish authenticated ssh connection to cirros@10.180.180.145 ([Errno None] Unable to connect to port 22 on 10.180.180.145). Number attempts: 8. Retry after 9 seconds.: paramiko.ssh_exception.NoValidConnectionsError: [Errno None] Unable to connect to port 22 on 10.180.180.145
2025-04-03 20:04:09.792 69701 INFO tempest.lib.common.rest_client [req-3f3a6d90-3b4a-4a79-b00b-888fdc38af24 req-3f3a6d90-3b4a-4a79-b00b-888fdc38af24 ] Request (VolumesAdminNegativeTest:test_update_attached_volume_with_nonexistent_volume_in_body): 202 POST http://10.180.1.21/compute/v2.1/servers 0.409s
2025-04-03 20:04:09.841 69701 INFO tempest.lib.common.rest_client [req-f13f2142-379a-40fc-9ea9-1604c10419c0 req-f13f2142-379a-40fc-9ea9-1604c10419c0 ] Request (VolumesAdminNegativeTest:test_update_attached_volume_with_nonexistent_volume_in_body): 200 GET http://10.180.1.21/compute/v2.1/servers/26f8e64b-a2f1-4659-ba44-8511c7b71f4b 0.047s
2025-04-03 20:04:09.868 69679 INFO tempest.lib.common.rest_client [req-38ce457f-cf5e-4ff3-804d-f384cb907d25 req-38ce457f-cf5e-4ff3-804d-f384cb907d25 ] Request (ServersAdminNegativeTestJSON:tearDownClass): 200 GET http://10.180.1.21/compute/v2.1/servers/981f9891-970f-4efc-8a1d-fc6a737c57cc 0.080s
2025-04-03 20:04:09.897 69677 INFO tempest.lib.common.rest_client [req-54405f10-cae9-409e-8e78-eb4db7b64bb4 req-54405f10-cae9-409e-8e78-eb4db7b64bb4 ] Request (ServerRescueTestJSON:setUpClass): 200 GET http://10.180.1.21/compute/v2.1/servers/bd2c496d-2105-408b-a786-771214b707ac 0.102s
2025-04-03 20:04:09.931 69735 INFO tempest.lib.common.rest_client [req-8d4c18ba-5e98-4f88-8c77-7482cf23d182 req-8d4c18ba-5e98-4f88-8c77-7482cf23d182 ] Request (InstanceActionsNegativeTestJSON:setUpClass): 200 GET http://10.180.1.21/compute/v2.1/servers/a1f0cf9f-f8f1-4ef9-a011-72ca04288549 0.088s
2025-04-03 20:04:09.967 69675 INFO tempest.lib.common.rest_client [req-d5be6213-79ca-4b1a-9b25-9fb7ac6bbb3b req-d5be6213-79ca-4b1a-9b25-9fb7ac6bbb3b ] Request (InstanceActionsV221TestJSON:test_get_list_deleted_instance_actions): 200 GET http://10.180.1.21/compute/v2.1/servers/c8057193-ee6e-43c5-8595-496b47cf1a51 0.107s
2025-04-03 20:04:09.979 69681 INFO tempest.lib.common.rest_client [req-dd6b3cd6-2a1f-44df-b2e9-c7bbfefa229d req-dd6b3cd6-2a1f-44df-b2e9-c7bbfefa229d ] Request (MultipleCreateTestJSON:test_multiple_create_with_reservation_return): 200 GET http://10.180.1.21/compute/v2.1/servers/1985609d-5994-415f-afe7-a83ec46d36c1 0.079s
2025-04-03 20:04:10.037 69699 INFO tempest.lib.common.rest_client [req-7b02600e-722f-4e7a-8432-2719f937d60a req-7b02600e-722f-4e7a-8432-2719f937d60a ] Request (DeleteServersAdminTestJSON:test_delete_server_while_in_error_state): 200 GET http://10.180.1.21/compute/v2.1/servers/c167efa7-3603-4d4a-b731-4de23cb95f28 0.086s
2025-04-03 20:04:10.037 69705 INFO tempest.lib.common.rest_client [req-2757f64c-a56f-414b-91c6-010e313edb93 req-2757f64c-a56f-414b-91c6-010e313edb93 ] Request (ImagesOneServerNegativeTestJSON:_run_cleanups): 200 GET http://10.180.1.21/compute/v2.1/servers/8a2798c0-37b3-4a3c-a21b-f643ab42091d 0.113s
2025-04-03 20:04:10.091 69721 INFO tempest.lib.common.rest_client [req-f34412f9-4954-49ea-99a1-5a08ef0032c8 req-f34412f9-4954-49ea-99a1-5a08ef0032c8 ] Request (ServerPasswordTestJSON:setUpClass): 200 GET http://10.180.1.21/compute/v2.1/servers/63837d13-19a6-4320-8521-deacd01dfe75 0.089s
2025-04-03 20:04:10.100 69685 INFO tempest.lib.common.rest_client [req-b8d4eb26-3aab-4c9a-991b-1f2068439613 req-b8d4eb26-3aab-4c9a-991b-1f2068439613 ] Request (ImagesNegativeTestJSON:test_create_image_from_deleted_server): 200 GET http://10.180.1.21/compute/v2.1/servers/5a064560-6b50-4107-bccd-8c9e7a57d235 0.112s
2025-04-03 20:04:10.124 69687 INFO tempest.lib.common.rest_client [req-8cdca66c-b2c9-446d-b2c5-d71af721d535 req-8cdca66c-b2c9-446d-b2c5-d71af721d535 ] Request (ImagesOneServerTestJSON:test_create_image_specify_multibyte_character_image_name): 200 GET http://10.180.1.21/compute/v2.1/images/1ac8483e-a04e-412e-be6c-58f6a7338c42 0.109s
2025-04-03 20:04:10.197 69673 INFO tempest.lib.common.rest_client [req-58777c96-69ae-4bec-9ffb-ca5fa0031b16 req-58777c96-69ae-4bec-9ffb-ca5fa0031b16 ] Request (ServersV294TestFqdnHostnames:setUpClass): 200 GET http://10.180.1.21/compute/v2.1/servers/909b4df9-e9c0-4c44-a167-704236afb433 0.057s
2025-04-03 20:04:10.286 69697 INFO tempest.lib.common.rest_client [req-13e88f08-f69a-4cef-8d57-00b39d506039 req-13e88f08-f69a-4cef-8d57-00b39d506039 ] Request (FloatingIPsAssociationNegativeTestJSON:setUpClass): 200 GET http://10.180.1.21/compute/v2.1/servers/b4f1cf0a-960c-4674-b82e-557fc2dc6797 0.058s
2025-04-03 20:04:10.424 69723 INFO tempest.lib.common.rest_client [req-ea4eae30-8d1f-4648-a759-844a2b4fc758 req-ea4eae30-8d1f-4648-a759-844a2b4fc758 ] Request (ServersAdminTestJSON:test_create_server_with_scheduling_hint): 200 GET http://10.180.1.21/compute/v2.1/servers/f10e7a79-4aee-4687-84e8-d4d238077566 0.059s
2025-04-03 20:04:10.483 69709 INFO tempest.lib.common.rest_client [req-7de16746-423a-40ab-aa5a-4604f44f49bf req-7de16746-423a-40ab-aa5a-4604f44f49bf ] Request (AttachInterfacesUnderV243Test:test_add_remove_fixed_ip): 200 GET http://10.180.1.21/compute/v2.1/servers/f9c1342d-1643-4edc-a5d0-a23d38ed613c 0.060s
2025-04-03 20:04:10.565 69719 INFO tempest.lib.common.rest_client [req-cc3a77be-8a79-408b-a3f8-23dcf63e11a3 req-cc3a77be-8a79-408b-a3f8-23dcf63e11a3 ] Request (ListServerFiltersTestJSON:setUpClass): 200 GET http://10.180.1.21/compute/v2.1/servers/388f7324-b27f-4f86-902d-dc902a5f19b0 0.060s
2025-04-03 20:04:10.616 69683 INFO tempest.lib.common.rest_client [req-da1ac7c1-8475-4804-ac93-8117c18ad29e req-da1ac7c1-8475-4804-ac93-8117c18ad29e ] Request (ListServersNegativeTestJSON:tearDownClass): 200 PUT http://10.180.1.21:9696/networking/v2.0/routers/3cc8b7fa-f5f3-4383-9789-3ab74997649b/remove_router_interface 0.900s
2025-04-03 20:04:10.641 69711 INFO tempest.lib.common.rest_client [req-70bafd9b-ba69-4cfe-b858-06ca82ec31bb req-70bafd9b-ba69-4cfe-b858-06ca82ec31bb ] Request (ImagesTestJSON:test_create_image_from_suspended_server): 200 GET http://10.180.1.21/compute/v2.1/servers/939664b5-35ce-4388-bb10-f20c050fa27a 0.073s
2025-04-03 20:04:10.641 69695 INFO tempest.lib.common.rest_client [req-0d739390-1467-4056-98cd-c185c7b88303 req-0d739390-1467-4056-98cd-c185c7b88303 ] Request (ListImageFiltersTestJSON:setUpClass): 200 GET http://10.180.1.21/compute/v2.1/images/eafc1f62-8063-42d8-a8e6-dd5f63d75132 0.046s
2025-04-03 20:04:10.719 69693 INFO tempest.lib.common.rest_client [req-8cafe0b8-5ac3-414b-b931-89107b0c42ac req-8cafe0b8-5ac3-414b-b931-89107b0c42ac ] Request (ServerAddressesNegativeTestJSON:setUpClass): 200 GET http://10.180.1.21/compute/v2.1/servers/40995412-2970-4f48-a4a7-429273c4357e 0.065s
2025-04-03 20:04:10.788 69727 WARNING tempest.lib.common.ssh [-] Failed to establish authenticated ssh connection to cirros@10.180.180.194 ([Errno None] Unable to connect to port 22 on 10.180.180.194). Number attempts: 5. Retry after 6 seconds.: paramiko.ssh_exception.NoValidConnectionsError: [Errno None] Unable to connect to port 22 on 10.180.180.194
2025-04-03 20:04:10.790 69733 INFO tempest.lib.common.rest_client [req-8b9a0f88-b319-4bb1-b88b-226e90fb8371 req-8b9a0f88-b319-4bb1-b88b-226e90fb8371 ] Request (TenantUsagesTestJSON:setUpClass): 200 GET http://10.180.1.21/compute/v2.1/servers/e896bb18-636e-4787-8b67-476c5a32dd33 0.084s
2025-04-03 20:04:10.845 69707 INFO tempest.lib.common.rest_client [req-fd12a3af-715d-4140-a7c1-e6fdb6a5f5e6 req-fd12a3af-715d-4140-a7c1-e6fdb6a5f5e6 ] Request (AttachVolumeNegativeTest:test_attach_attached_volume_to_different_server): 200 GET http://10.180.1.21/compute/v2.1/servers/ff1d2974-d5a3-4753-9fa4-77f49949dd16 0.076s
2025-04-03 20:04:10.900 69679 INFO tempest.lib.common.rest_client [req-f9f5db21-5c49-404a-a258-897ce202c374 req-f9f5db21-5c49-404a-a258-897ce202c374 ] Request (ServersAdminNegativeTestJSON:tearDownClass): 404 GET http://10.180.1.21/compute/v2.1/servers/981f9891-970f-4efc-8a1d-fc6a737c57cc 0.024s
2025-04-03 20:04:10.936 69701 INFO tempest.lib.common.rest_client [req-b6d1d82c-722b-4f94-9f86-958d444e0ff9 req-b6d1d82c-722b-4f94-9f86-958d444e0ff9 ] Request (VolumesAdminNegativeTest:test_update_attached_volume_with_nonexistent_volume_in_body): 200 GET http://10.180.1.21/compute/v2.1/servers/26f8e64b-a2f1-4659-ba44-8511c7b71f4b 0.078s
2025-04-03 20:04:10.995 69677 INFO tempest.lib.common.rest_client [req-f17a8af3-d450-4704-b5b6-afd3aa55111a req-f17a8af3-d450-4704-b5b6-afd3aa55111a ] Request (ServerRescueTestJSON:setUpClass): 200 GET http://10.180.1.21/compute/v2.1/servers/bd2c496d-2105-408b-a786-771214b707ac 0.090s
2025-04-03 20:04:11.000 69679 INFO tempest.lib.common.rest_client [req-10ed16c0-0edd-458d-a7e6-6cfdf3808b20 req-10ed16c0-0edd-458d-a7e6-6cfdf3808b20 ] Request (ServersAdminNegativeTestJSON:tearDownClass): 204 DELETE http://10.180.1.21/compute/v2.1/servers/08fddadb-9acb-484a-805e-9374dbf0adc1 0.099s
2025-04-03 20:04:11.004 69683 INFO tempest.lib.common.rest_client [req-e7440e1c-caa6-422f-bc67-7ed32f913a14 req-e7440e1c-caa6-422f-bc67-7ed32f913a14 ] Request (ListServersNegativeTestJSON:tearDownClass): 204 DELETE http://10.180.1.21:9696/networking/v2.0/routers/3cc8b7fa-f5f3-4383-9789-3ab74997649b 0.387s
2025-04-03 20:04:11.063 69735 INFO tempest.lib.common.rest_client [req-247e9417-857c-4fbb-a82e-db7eb2320b79 req-247e9417-857c-4fbb-a82e-db7eb2320b79 ] Request (InstanceActionsNegativeTestJSON:setUpClass): 200 GET http://10.180.1.21/compute/v2.1/servers/a1f0cf9f-f8f1-4ef9-a011-72ca04288549 0.123s
2025-04-03 20:04:11.075 69675 INFO tempest.lib.common.rest_client [req-a568ea7d-080f-406c-b0a1-05604b267b77 req-a568ea7d-080f-406c-b0a1-05604b267b77 ] Request (InstanceActionsV221TestJSON:test_get_list_deleted_instance_actions): 200 GET http://10.180.1.21/compute/v2.1/servers/c8057193-ee6e-43c5-8595-496b47cf1a51 0.100s
2025-04-03 20:04:11.154 69681 INFO tempest.lib.common.rest_client [req-bba0f724-f2ee-4e53-a659-6ce975d26776 req-bba0f724-f2ee-4e53-a659-6ce975d26776 ] Request (MultipleCreateTestJSON:test_multiple_create_with_reservation_return): 200 GET http://10.180.1.21/compute/v2.1/servers/1985609d-5994-415f-afe7-a83ec46d36c1 0.166s
