2025-04-03 20:02:55.571 69719 INFO tempest.lib.common.dynamic_creds [-] Deleting project and security group for project: 3b897923d1f74bb4a516d2732a76a374
2025-04-03 20:02:55.589 69689 INFO tempest.lib.common.rest_client [req-a75ca7bb-4fe7-4c1b-aab2-7ba4f6431d79 req-a75ca7bb-4fe7-4c1b-aab2-7ba4f6431d79 ] Request (ServerGroup264TestJSON:setUpClass): 200 PUT http://10.180.1.21:9696/networking/v2.0/routers/6d901ad7-044e-472a-bdb2-b363cf93151d/add_router_interface 3.479s
2025-04-03 20:02:55.590 69689 INFO tempest.lib.common.dynamic_creds [-] Created isolated network resources for: credentials: Credentials: {'domain_id': 'default', 'domain_name': 'Default', 'username': 'tempest-ServerGroup264TestJSON-1494537731-project-member', 'project_domain_id': 'default', 'project_domain_name': 'Default', 'project_id': '1b06fcf204d947e69fc3a7327edfcb6f', 'project_name': 'tempest-ServerGroup264TestJSON-1494537731', 'tenant_id': '1b06fcf204d947e69fc3a7327edfcb6f', 'tenant_name': 'tempest-ServerGroup264TestJSON-1494537731', 'user_domain_id': 'default', 'user_domain_name': 'Default', 'user_id': 'b8dab3c5d11744e5a0ded67480f8aea1', 'system': None}, Network: {'id': '9ac6d5e7-d5a7-47e5-bfa9-759d466b9160', 'name': 'tempest-ServerGroup264TestJSON-512257456-network', 'tenant_id': '1b06fcf204d947e69fc3a7327edfcb6f', 'admin_state_up': True, 'mtu': 8950, 'status': 'ACTIVE', 'subnets': [], 'shared': False, 'project_id': '1b06fcf204d947e69fc3a7327edfcb6f', 'port_security_enabled': True, 'router:external': False, 'provider:network_type': 'vlan', 'provider:physical_network': 'default', 'provider:segmentation_id': 284, 'availability_zone_hints': [], 'availability_zones': [], 'ipv4_address_scope': None, 'ipv6_address_scope': None, 'description': '', 'tags': [], 'created_at': '2025-04-03T20:02:49Z', 'updated_at': '2025-04-03T20:02:49Z', 'revision_number': 1}, Subnet: {'id': '91544409-c41d-4b92-80b7-24bc6268bb35', 'name': 'tempest-ServerGroup264TestJSON-512257456-subnet', 'tenant_id': '1b06fcf204d947e69fc3a7327edfcb6f', 'network_id': '9ac6d5e7-d5a7-47e5-bfa9-759d466b9160', 'ip_version': 4, 'subnetpool_id': None, 'enable_dhcp': True, 'ipv6_ra_mode': None, 'ipv6_address_mode': None, 'gateway_ip': '192.168.128.1', 'cidr': '192.168.128.0/28', 'allocation_pools': [{'start': '192.168.128.2', 'end': '192.168.128.14'}], 'host_routes': [], 'dns_nameservers': [], 'description': '', 'router:external': False, 'service_types': [], 'tags': [], 'created_at': '2025-04-03T20:02:50Z', 'updated_at': '2025-04-03T20:02:50Z', 'revision_number': 0, 'project_id': '1b06fcf204d947e69fc3a7327edfcb6f'}, Router: {'id': '6d901ad7-044e-472a-bdb2-b363cf93151d', 'name': 'tempest-ServerGroup264TestJSON-512257456-router', 'tenant_id': '1b06fcf204d947e69fc3a7327edfcb6f', 'admin_state_up': True, 'status': 'ACTIVE', 'external_gateway_info': {'network_id': '27a65881-087d-4235-b888-80c71d3b9417', 'external_fixed_ips': [{'subnet_id': '519313fa-4d08-4aa9-b0a8-8016161ae783', 'ip_address': '10.180.180.181'}], 'enable_snat': True}, 'description': '', 'availability_zones': [], 'distributed': False, 'ha': False, 'availability_zone_hints': [], 'routes': [], 'flavor_id': None, 'tags': [], 'created_at': '2025-04-03T20:02:50Z', 'updated_at': '2025-04-03T20:02:51Z', 'revision_number': 2, 'project_id': '1b06fcf204d947e69fc3a7327edfcb6f'}
2025-04-03 20:02:55.635 69715 INFO tempest.lib.common.rest_client [req-b73c500a-6de9-458e-b991-36b1f8fffef2 req-b73c500a-6de9-458e-b991-36b1f8fffef2 ] Request (SecurityGroupsNegativeTestJSON:tearDownClass): 204 DELETE http://10.180.1.21:9696/networking/v2.0/security-groups/ddaeb717-1283-43f1-9be4-4290146ea2e9 0.245s
2025-04-03 20:02:55.671 69689 INFO tempest.lib.common.rest_client [req-cc370412-8d0f-427b-a7e8-f4a612603042 req-cc370412-8d0f-427b-a7e8-f4a612603042 ] Request (ServerGroup264TestJSON:setUpClass): 201 POST http://10.180.1.21/identity/v3/auth/tokens 0.077s
2025-04-03 20:02:55.679 69717 INFO tempest.lib.common.rest_client [req-18d28f23-089c-4293-97c1-e998f633c796 req-18d28f23-089c-4293-97c1-e998f633c796 ] Request (SecurityGroupsTestAdminJSON:test_list_security_groups_list_all_tenants_filter): 200 POST http://10.180.1.21/compute/v2.1/os-security-groups 4.051s
2025-04-03 20:02:55.744 69727 INFO tempest.lib.common.rest_client [req-b0d0352d-b087-4140-ad5e-bba625249128 req-b0d0352d-b087-4140-ad5e-bba625249128 ] Request (ServersTestJSON:setUpClass): 202 POST http://10.180.1.21/compute/v2.1/servers 4.144s
2025-04-03 20:02:55.745 69723 INFO tempest.lib.common.rest_client [req-5c45d27b-f59f-442f-8105-338e331a7872 req-5c45d27b-f59f-442f-8105-338e331a7872 ] Request (ServersAdminTestJSON:setUpClass): 200 GET http://10.180.1.21/compute/v2.1/servers/5aa34a63-63a3-4a14-a0b2-9d37065a2ec4 4.087s
2025-04-03 20:02:55.758 69715 INFO tempest.lib.common.rest_client [req-06841a46-aa93-44b8-addf-d93ca1f9e112 req-06841a46-aa93-44b8-addf-d93ca1f9e112 ] Request (SecurityGroupsNegativeTestJSON:tearDownClass): 204 DELETE http://10.180.1.21/identity/v3/projects/7770fc16e398440dac1a7bcf56648b5c 0.122s
2025-04-03 20:02:55.783 69721 INFO tempest.lib.common.rest_client [req-1e7a4533-9220-44fe-99a9-7cc0f3e3cd6f req-1e7a4533-9220-44fe-99a9-7cc0f3e3cd6f ] Request (FlavorsAdminTestJSON:_run_cleanups): 200 GET http://10.180.1.21/compute/v2.1/flavors/detail 3.991s
2025-04-03 20:02:55.835 69715 INFO tempest.lib.common.rest_client [req-3433800e-eb5d-4063-b95b-c7b5d8a088c4 req-3433800e-eb5d-4063-b95b-c7b5d8a088c4 ] Request (ExtensionsTest:setUpClass): 201 POST http://10.180.1.21/identity/v3/auth/tokens 0.075s
2025-04-03 20:02:55.847 69719 INFO tempest.lib.common.rest_client [req-76a39b82-7c84-4506-9fcf-777e56df11bf req-76a39b82-7c84-4506-9fcf-777e56df11bf ] Request (QuotasAdminTestJSON:tearDownClass): 200 GET http://10.180.1.21:9696/networking/v2.0/security-groups?tenant_id=3b897923d1f74bb4a516d2732a76a374&name=default 0.276s
2025-04-03 20:02:55.865 69687 INFO tempest.lib.common.rest_client [req-5a5edb6a-abc0-4109-9641-83b8d1cdcd16 req-5a5edb6a-abc0-4109-9641-83b8d1cdcd16 ] Request (ImagesOneServerTestJSON:setUpClass): 201 POST http://10.180.1.21:9696/networking/v2.0/routers 2.211s
2025-04-03 20:02:55.875 69679 INFO tempest.lib.common.rest_client [req-f5c4db8e-4888-4ffe-9b74-6895d3ffc59b req-f5c4db8e-4888-4ffe-9b74-6895d3ffc59b ] Request (ServersAdminNegativeTestJSON:test_migrate_server_invalid_state): 200 GET http://10.180.1.21/compute/v2.1/servers/981f9891-970f-4efc-8a1d-fc6a737c57cc 3.473s
2025-04-03 20:02:55.878 69715 INFO tempest.lib.common.rest_client [req-c324e02c-01cc-4e74-83a4-07b022d515bb req-c324e02c-01cc-4e74-83a4-07b022d515bb ] Request (ExtensionsTest:setUpClass): 201 POST http://10.180.1.21/identity/v3/auth/tokens 0.040s
2025-04-03 20:02:55.912 69715 INFO tempest.lib.common.rest_client [req-dd65fc9a-a92b-4c0a-8c98-d9a77988969a req-dd65fc9a-a92b-4c0a-8c98-d9a77988969a ] Request (ExtensionsTest:setUpClass): 200 GET http://10.180.1.21/identity/v3/domains?name=Default 0.033s
2025-04-03 20:02:55.944 69731 INFO tempest.lib.common.rest_client [req-52e2e318-c4c2-4e3d-bf70-8f5d07f652c6 req-52e2e318-c4c2-4e3d-bf70-8f5d07f652c6 ] Request (VolumesAssistedSnapshotsTest:test_volume_assisted_snapshot_create_delete): 200 GET http://10.180.1.21/compute/v2.1/servers/86487bab-df97-4480-8e57-2bcdeba9520b 3.315s
2025-04-03 20:02:55.946 69715 INFO tempest.lib.common.rest_client [req-cdd5adbd-12b1-4431-a78a-d3da73c0d292 req-cdd5adbd-12b1-4431-a78a-d3da73c0d292 ] Request (ExtensionsTest:setUpClass): 201 POST http://10.180.1.21/identity/v3/projects 0.033s
2025-04-03 20:02:55.966 69673 INFO tempest.lib.common.rest_client [req-3cf665e6-a631-4abd-ac81-22bcae01d991 req-3cf665e6-a631-4abd-ac81-22bcae01d991 ] Request (SecurityGroupRulesTestJSON:test_security_group_rules_delete_when_peer_group_deleted): 200 POST http://10.180.1.21/compute/v2.1/os-security-groups 4.194s
2025-04-03 20:02:56.019 69715 INFO tempest.lib.common.rest_client [req-1ae54732-e758-4f66-a10a-64d49527cdd9 req-1ae54732-e758-4f66-a10a-64d49527cdd9 ] Request (ExtensionsTest:setUpClass): 201 POST http://10.180.1.21/identity/v3/users 0.073s
2025-04-03 20:02:56.047 69715 INFO tempest.lib.common.rest_client [req-3832aa45-18cd-42a3-9912-12d6fef6e4d4 req-3832aa45-18cd-42a3-9912-12d6fef6e4d4 ] Request (ExtensionsTest:setUpClass): 200 GET http://10.180.1.21/identity/v3/roles 0.027s
2025-04-03 20:02:56.050 69719 INFO tempest.lib.common.rest_client [req-4e246dae-fdd7-4d70-828d-e351dd0065f8 req-4e246dae-fdd7-4d70-828d-e351dd0065f8 ] Request (QuotasAdminTestJSON:tearDownClass): 204 DELETE http://10.180.1.21:9696/networking/v2.0/security-groups/2fcca38a-9aa3-407b-ac25-c3b44a9b5b2d 0.202s
2025-04-03 20:02:56.052 69701 INFO tempest.lib.common.rest_client [req-a44c3c3c-ad93-4d95-be4e-d1f5b31be7c7 req-a44c3c3c-ad93-4d95-be4e-d1f5b31be7c7 ] Request (ServerExternalEventsTest:test_create_server_external_events): 200 GET http://10.180.1.21/compute/v2.1/servers/79bb7eb4-1551-4f19-824d-69b2e5944d6e 2.520s
2025-04-03 20:02:56.099 69715 INFO tempest.lib.common.rest_client [req-ecc7daa6-65a8-439f-8828-be02f57c7e92 req-ecc7daa6-65a8-439f-8828-be02f57c7e92 ] Request (ExtensionsTest:setUpClass): 204 PUT http://10.180.1.21/identity/v3/projects/4a6e5d008957446894d8bed294abf24c/users/bf658ecc9fef46e3b97e5554965603b6/roles/81395896bada4eeaa4dfb6a0b342d0db 0.051s
2025-04-03 20:02:56.099 69715 INFO tempest.lib.common.dynamic_creds [-] Dynamic test user bf658ecc9fef46e3b97e5554965603b6 is created with scope project and roles: ['member']
2025-04-03 20:02:56.099 69715 INFO tempest.lib.common.dynamic_creds [-] Acquired dynamic creds: credentials: Credentials: {'domain_id': 'default', 'domain_name': 'Default', 'username': 'tempest-ExtensionsTest-193369950-project-member', 'project_domain_id': 'default', 'project_domain_name': 'Default', 'project_id': '4a6e5d008957446894d8bed294abf24c', 'project_name': 'tempest-ExtensionsTest-193369950', 'tenant_id': '4a6e5d008957446894d8bed294abf24c', 'tenant_name': 'tempest-ExtensionsTest-193369950', 'user_domain_id': 'default', 'user_domain_name': 'Default', 'user_id': 'bf658ecc9fef46e3b97e5554965603b6', 'system': None}, Network: None, Subnet: None, Router: None
2025-04-03 20:02:56.099 69715 INFO tempest.lib.common.dynamic_creds [-] Created isolated network resources for: credentials: Credentials: {'domain_id': 'default', 'domain_name': 'Default', 'username': 'tempest-ExtensionsTest-193369950-project-member', 'project_domain_id': 'default', 'project_domain_name': 'Default', 'project_id': '4a6e5d008957446894d8bed294abf24c', 'project_name': 'tempest-ExtensionsTest-193369950', 'tenant_id': '4a6e5d008957446894d8bed294abf24c', 'tenant_name': 'tempest-ExtensionsTest-193369950', 'user_domain_id': 'default', 'user_domain_name': 'Default', 'user_id': 'bf658ecc9fef46e3b97e5554965603b6', 'system': None}, Network: None, Subnet: None, Router: None
2025-04-03 20:02:56.136 69719 INFO tempest.lib.common.rest_client [req-067952a9-b853-4616-953b-38d739588c0e req-067952a9-b853-4616-953b-38d739588c0e ] Request (QuotasAdminTestJSON:tearDownClass): 204 DELETE http://10.180.1.21/identity/v3/projects/3b897923d1f74bb4a516d2732a76a374 0.085s
2025-04-03 20:02:56.145 69683 INFO tempest.lib.common.rest_client [req-c34aa342-9968-47f6-9ae1-38626100dfdd req-c34aa342-9968-47f6-9ae1-38626100dfdd ] Request (ListServersNegativeTestJSON:setUpClass): 200 GET http://10.180.1.21/compute/v2.1/servers/59a10a12-9a40-48ad-a6f5-c647cb6c5f2f 3.257s
2025-04-03 20:02:56.216 69715 INFO tempest.lib.common.rest_client [req-78f7cd35-34d1-497f-a695-3b6a80fe8a6a req-78f7cd35-34d1-497f-a695-3b6a80fe8a6a ] Request (ExtensionsTest:setUpClass): 201 POST http://10.180.1.21/identity/v3/auth/tokens 0.111s
2025-04-03 20:02:56.218 69719 INFO tempest.lib.common.rest_client [req-8473b010-54ba-4ddc-97b5-fdf0a08f6b45 req-8473b010-54ba-4ddc-97b5-fdf0a08f6b45 ] Request (QuotasAdminTestV236:setUpClass): 201 POST http://10.180.1.21/identity/v3/auth/tokens 0.080s
2025-04-03 20:02:56.253 69719 INFO tempest.lib.common.rest_client [req-e2370603-249b-4eeb-bc8a-bb7a071faece req-e2370603-249b-4eeb-bc8a-bb7a071faece ] Request (QuotasAdminTestV236:setUpClass): 201 POST http://10.180.1.21/identity/v3/auth/tokens 0.032s
2025-04-03 20:02:56.258 69703 INFO tempest.lib.common.rest_client [req-782046e2-3c9c-4c1a-858b-527c87896f68 req-782046e2-3c9c-4c1a-858b-527c87896f68 ] Request (ServersWithSpecificFlavorTestJSON:test_verify_created_server_ephemeral_disk): 200 GET http://10.180.1.21/compute/v2.1/servers/45908d95-bd1c-4340-8cc2-3198f900bebd 2.435s
2025-04-03 20:02:56.299 69719 INFO tempest.lib.common.rest_client [req-12efe6a1-5d0a-41cd-8d63-3d3fa4675837 req-12efe6a1-5d0a-41cd-8d63-3d3fa4675837 ] Request (QuotasAdminTestV236:setUpClass): 200 GET http://10.180.1.21/identity/v3/domains?name=Default 0.045s
2025-04-03 20:02:56.333 69719 INFO tempest.lib.common.rest_client [req-f790cf4f-efec-4eab-851f-d40c7f376f1b req-f790cf4f-efec-4eab-851f-d40c7f376f1b ] Request (QuotasAdminTestV236:setUpClass): 201 POST http://10.180.1.21/identity/v3/projects 0.034s
2025-04-03 20:02:56.343 69697 INFO tempest.lib.common.rest_client [req-efd728a1-706e-406e-b4d7-42f0018183f7 req-efd728a1-706e-406e-b4d7-42f0018183f7 ] Request (ServersAdmin275Test:test_rebuild_update_server_275): 200 GET http://10.180.1.21/compute/v2.1/servers/7dd39a10-693d-4638-a80b-17c441c7be69 2.490s
2025-04-03 20:02:56.354 69697 INFO tempest.common.waiters [-] State transition "BUILD/spawning" ==> "ACTIVE/None" after 20 second wait
2025-04-03 20:02:56.364 69693 INFO tempest.lib.common.rest_client [req-e4941a60-32f3-448c-ad53-c8730213d646 req-e4941a60-32f3-448c-ad53-c8730213d646 ] Request (FlavorsV2TestJSON:test_list_flavors_filter_by_min_ram): 200 GET http://10.180.1.21/compute/v2.1/flavors/42 2.499s
2025-04-03 20:02:56.380 69685 INFO tempest.lib.common.rest_client [req-3832749e-2ec8-460c-91ac-c1890dfb5e5d req-3832749e-2ec8-460c-91ac-c1890dfb5e5d ] Request (AggregatesAdminNegativeTestJSON:test_aggregate_create_with_existent_aggregate_name): 409 POST http://10.180.1.21/compute/v2.1/os-aggregates 2.171s
2025-04-03 20:02:56.414 69719 INFO tempest.lib.common.rest_client [req-fbf408b1-f728-4a90-a36d-bc2c0f7c5974 req-fbf408b1-f728-4a90-a36d-bc2c0f7c5974 ] Request (QuotasAdminTestV236:setUpClass): 201 POST http://10.180.1.21/identity/v3/users 0.081s
2025-04-03 20:02:56.442 69719 INFO tempest.lib.common.rest_client [req-f622bc17-e9d6-4975-b3ff-ee19cc8dc660 req-f622bc17-e9d6-4975-b3ff-ee19cc8dc660 ] Request (QuotasAdminTestV236:setUpClass): 200 GET http://10.180.1.21/identity/v3/roles 0.027s
2025-04-03 20:02:56.471 69719 INFO tempest.lib.common.rest_client [req-11fe9cb7-429d-465b-a361-1db2666c7056 req-11fe9cb7-429d-465b-a361-1db2666c7056 ] Request (QuotasAdminTestV236:setUpClass): 204 PUT http://10.180.1.21/identity/v3/projects/ca3ad34aa2744cff9be399a93fc30bac/users/7cc0b8473c534513a7ef672f0744dd89/roles/81395896bada4eeaa4dfb6a0b342d0db 0.028s
2025-04-03 20:02:56.472 69719 INFO tempest.lib.common.dynamic_creds [-] Dynamic test user 7cc0b8473c534513a7ef672f0744dd89 is created with scope project and roles: ['member']
2025-04-03 20:02:56.472 69719 INFO tempest.lib.common.dynamic_creds [-] Acquired dynamic creds: credentials: Credentials: {'domain_id': 'default', 'domain_name': 'Default', 'username': 'tempest-QuotasAdminTestV236-1218633874-project-member', 'project_domain_id': 'default', 'project_domain_name': 'Default', 'project_id': 'ca3ad34aa2744cff9be399a93fc30bac', 'project_name': 'tempest-QuotasAdminTestV236-1218633874', 'tenant_id': 'ca3ad34aa2744cff9be399a93fc30bac', 'tenant_name': 'tempest-QuotasAdminTestV236-1218633874', 'user_domain_id': 'default', 'user_domain_name': 'Default', 'user_id': '7cc0b8473c534513a7ef672f0744dd89', 'system': None}, Network: None, Subnet: None, Router: None
2025-04-03 20:02:56.472 69719 INFO tempest.lib.common.dynamic_creds [-] Created isolated network resources for: credentials: Credentials: {'domain_id': 'default', 'domain_name': 'Default', 'username': 'tempest-QuotasAdminTestV236-1218633874-project-member', 'project_domain_id': 'default', 'project_domain_name': 'Default', 'project_id': 'ca3ad34aa2744cff9be399a93fc30bac', 'project_name': 'tempest-QuotasAdminTestV236-1218633874', 'tenant_id': 'ca3ad34aa2744cff9be399a93fc30bac', 'tenant_name': 'tempest-QuotasAdminTestV236-1218633874', 'user_domain_id': 'default', 'user_domain_name': 'Default', 'user_id': '7cc0b8473c534513a7ef672f0744dd89', 'system': None}, Network: None, Subnet: None, Router: None
2025-04-03 20:02:56.491 69726 INFO tempest.lib.common.rest_client [req-b8eec8b6-75f0-4537-927a-b4bc6285e776 req-b8eec8b6-75f0-4537-927a-b4bc6285e776 ] Request (ServersTestManualDisk:setUpClass): 202 POST http://10.180.1.21/compute/v2.1/servers 2.857s
2025-04-03 20:02:56.502 69677 INFO tempest.lib.common.rest_client [req-5619c0cb-2260-4b04-a7a4-34692634566f req-5619c0cb-2260-4b04-a7a4-34692634566f ] Request (ServerDiagnosticsNegativeTest:tearDownClass): 204 DELETE http://10.180.1.21/compute/v2.1/servers/f21911fc-3543-4f9e-a8e0-3648a81d3112 2.190s
2025-04-03 20:02:56.575 69719 INFO tempest.lib.common.rest_client [req-87e9a95b-b6dc-421d-9b77-f97f1656c15a req-87e9a95b-b6dc-421d-9b77-f97f1656c15a ] Request (QuotasAdminTestV236:setUpClass): 201 POST http://10.180.1.21/identity/v3/auth/tokens 0.100s
2025-04-03 20:02:56.580 69691 INFO tempest.lib.common.rest_client [req-df0275fe-3dcd-4fc9-8495-4463c983d915 req-df0275fe-3dcd-4fc9-8495-4463c983d915 ] Request (ServerActionsTestOtherA:setUpClass): 200 PUT http://10.180.1.21:9696/networking/v2.0/routers/85d37d40-dc0e-44f2-af0b-336171cded23/add_router_interface 3.681s
2025-04-03 20:02:56.580 69691 INFO tempest.lib.common.dynamic_creds [-] Created isolated network resources for: credentials: Credentials: {'domain_id': 'default', 'domain_name': 'Default', 'username': 'tempest-ServerActionsTestOtherA-1704443606-project-member', 'project_domain_id': 'default', 'project_domain_name': 'Default', 'project_id': '34055bbad79e42e59bb22ff7a0529002', 'project_name': 'tempest-ServerActionsTestOtherA-1704443606', 'tenant_id': '34055bbad79e42e59bb22ff7a0529002', 'tenant_name': 'tempest-ServerActionsTestOtherA-1704443606', 'user_domain_id': 'default', 'user_domain_name': 'Default', 'user_id': '323ba2eb835a4f8a855ba565696b0d5c', 'system': None}, Network: {'id': '256f2819-f719-4377-82d3-97bddef87341', 'name': 'tempest-ServerActionsTestOtherA-545752502-network', 'tenant_id': '34055bbad79e42e59bb22ff7a0529002', 'admin_state_up': True, 'mtu': 8950, 'status': 'ACTIVE', 'subnets': [], 'shared': False, 'project_id': '34055bbad79e42e59bb22ff7a0529002', 'port_security_enabled': True, 'router:external': False, 'provider:network_type': 'vlan', 'provider:physical_network': 'default', 'provider:segmentation_id': 724, 'availability_zone_hints': [], 'availability_zones': [], 'ipv4_address_scope': None, 'ipv6_address_scope': None, 'description': '', 'tags': [], 'created_at': '2025-04-03T20:02:46Z', 'updated_at': '2025-04-03T20:02:46Z', 'revision_number': 1}, Subnet: {'id': 'ca5152a1-5633-498c-b3ba-144353751881', 'name': 'tempest-ServerActionsTestOtherA-545752502-subnet', 'tenant_id': '34055bbad79e42e59bb22ff7a0529002', 'network_id': '256f2819-f719-4377-82d3-97bddef87341', 'ip_version': 4, 'subnetpool_id': None, 'enable_dhcp': True, 'ipv6_ra_mode': None, 'ipv6_address_mode': None, 'gateway_ip': '192.168.128.1', 'cidr': '192.168.128.0/28', 'allocation_pools': [{'start': '192.168.128.2', 'end': '192.168.128.14'}], 'host_routes': [], 'dns_nameservers': [], 'description': '', 'router:external': False, 'service_types': [], 'tags': [], 'created_at': '2025-04-03T20:02:47Z', 'updated_at': '2025-04-03T20:02:47Z', 'revision_number': 0, 'project_id': '34055bbad79e42e59bb22ff7a0529002'}, Router: {'id': '85d37d40-dc0e-44f2-af0b-336171cded23', 'name': 'tempest-ServerActionsTestOtherA-545752502-router', 'tenant_id': '34055bbad79e42e59bb22ff7a0529002', 'admin_state_up': True, 'status': 'ACTIVE', 'external_gateway_info': {'network_id': '27a65881-087d-4235-b888-80c71d3b9417', 'external_fixed_ips': [{'subnet_id': '519313fa-4d08-4aa9-b0a8-8016161ae783', 'ip_address': '10.180.180.135'}], 'enable_snat': True}, 'description': '', 'availability_zones': [], 'distributed': False, 'ha': False, 'availability_zone_hints': [], 'routes': [], 'flavor_id': None, 'tags': [], 'created_at': '2025-04-03T20:02:48Z', 'updated_at': '2025-04-03T20:02:51Z', 'revision_number': 2, 'project_id': '34055bbad79e42e59bb22ff7a0529002'}
2025-04-03 20:02:56.637 69707 INFO tempest.lib.common.rest_client [req-243d47aa-9eea-49df-92b7-ea7f137164a1 req-243d47aa-9eea-49df-92b7-ea7f137164a1 ] Request (FlavorsAccessNegativeTestJSON:test_add_flavor_access_duplicate): 409 POST http://10.180.1.21/compute/v2.1/flavors/479570824/action 1.970s
2025-04-03 20:02:56.651 69719 INFO tempest.lib.common.rest_client [req-daff4fdd-c850-4ba5-b33b-cbccea33940c req-daff4fdd-c850-4ba5-b33b-cbccea33940c ] Request (QuotasAdminTestV236:setUpClass): 201 POST http://10.180.1.21/identity/v3/projects 0.076s
2025-04-03 20:02:56.688 69691 INFO tempest.lib.common.rest_client [req-3c095dce-f119-4323-b6ba-9753474afa49 req-3c095dce-f119-4323-b6ba-9753474afa49 ] Request (ServerActionsTestOtherA:setUpClass): 201 POST http://10.180.1.21/identity/v3/auth/tokens 0.104s
2025-04-03 20:02:56.702 69675 INFO tempest.lib.common.rest_client [req-9435b800-30d4-482b-9868-fee5d8b1f19c req-9435b800-30d4-482b-9868-fee5d8b1f19c ] Request (ListImagesTestJSON:test_list_images_with_detail): 200 GET http://10.180.1.21/compute/v2.1/images/detail 2.001s
2025-04-03 20:02:56.741 69719 INFO tempest.lib.common.rest_client [req-60ed10a7-9a1f-4605-8111-f3968bdedb67 req-60ed10a7-9a1f-4605-8111-f3968bdedb67 ] Request (QuotasAdminTestV236:setUpClass): 201 POST http://10.180.1.21/identity/v3/users 0.089s
2025-04-03 20:02:56.784 69709 INFO tempest.lib.common.rest_client [req-e4e330d0-1464-483d-a804-a33f20f5440d req-e4e330d0-1464-483d-a804-a33f20f5440d ] Request (ImagesMetadataTestJSON:setUp): 200 PUT http://10.180.1.21/compute/v2.1/images/3ac437f8-f28d-41a6-8620-e95fab1d3771/metadata 2.425s
2025-04-03 20:02:56.812 69675 INFO tempest.lib.common.rest_client [req-bfe6083a-1821-4cb6-be8c-11dcee26f07d req-bfe6083a-1821-4cb6-be8c-11dcee26f07d ] Request (ListImagesTestJSON:tearDownClass): 204 DELETE http://10.180.1.21/identity/v3/users/0a4eccae314f482b83b1d88fb4d3941f 0.104s
2025-04-03 20:02:56.812 69675 INFO tempest.lib.common.dynamic_creds [-] Deleting project and security group for project: 20ea0a28ce4641469474e6553ee4ebec
2025-04-03 20:02:56.823 69705 INFO tempest.lib.common.rest_client [req-fc6f71c1-9c82-4f3f-8290-ccd0bfd5c2aa req-fc6f71c1-9c82-4f3f-8290-ccd0bfd5c2aa ] Request (ImagesOneServerNegativeTestJSON:setUpClass): 201 POST http://10.180.1.21:9696/networking/v2.0/routers 2.075s
2025-04-03 20:02:56.842 69735 INFO tempest.lib.common.rest_client [req-e5758fac-779c-4eac-95cc-aa0226bd687a req-e5758fac-779c-4eac-95cc-aa0226bd687a ] Request (KeyPairsV22TestJSON:test_get_keypair_detail): 201 POST http://10.180.1.21/compute/v2.1/os-keypairs 1.904s
2025-04-03 20:02:56.863 69719 INFO tempest.lib.common.rest_client [req-c2572bf7-1cf2-4e39-8e20-e68be9646132 req-c2572bf7-1cf2-4e39-8e20-e68be9646132 ] Request (QuotasAdminTestV236:setUpClass): 200 GET http://10.180.1.21/identity/v3/roles 0.120s
2025-04-03 20:02:56.879 69711 INFO tempest.lib.common.rest_client [req-01f099c3-f4cd-42c4-8add-946772f987c0 req-01f099c3-f4cd-42c4-8add-946772f987c0 ] Request (ImagesTestJSON:test_create_image_from_stopped_server): 200 GET http://10.180.1.21/compute/v2.1/servers/3f8e7073-dafa-4522-bfac-f60a953cfa8f 1.748s
2025-04-03 20:02:56.891 69695 INFO tempest.lib.common.rest_client [req-c4e7ef53-38fe-4576-969f-18e5e0d98b54 req-c4e7ef53-38fe-4576-969f-18e5e0d98b54 ] Request (ListImageFiltersTestJSON:setUpClass): 200 GET http://10.180.1.21/compute/v2.1/images/1c32c2a3-72d8-45c0-a5e0-622b320bad1c 1.756s
2025-04-03 20:02:56.906 69675 INFO tempest.lib.common.rest_client [req-4cedfb4d-aa46-4a48-a070-fc9645d41974 req-4cedfb4d-aa46-4a48-a070-fc9645d41974 ] Request (ListImagesTestJSON:tearDownClass): 201 POST http://10.180.1.21/identity/v3/auth/tokens 0.094s
2025-04-03 20:02:56.947 69719 INFO tempest.lib.common.rest_client [req-b417100d-9ac3-4d11-87e1-24f07949041e req-b417100d-9ac3-4d11-87e1-24f07949041e ] Request (QuotasAdminTestV236:setUpClass): 204 PUT http://10.180.1.21/identity/v3/projects/fd8cf9643b744b3dab98cae292c617a7/users/02835aa3cdfb4edb82679dc95a9506e1/roles/9db65cb794b745e3b747de0c7f95a7a4 0.084s
2025-04-03 20:02:57.005 69699 INFO tempest.lib.common.rest_client [req-91051348-cec4-44b3-9377-5a4372ae1d40 req-91051348-cec4-44b3-9377-5a4372ae1d40 ] Request (DeleteServersAdminTestJSON:test_admin_delete_servers_of_others): 200 GET http://10.180.1.21/compute/v2.1/servers/2309daee-5a0a-484d-a1cb-806083fb5c8d 1.767s
2025-04-03 20:02:57.015 69699 INFO tempest.common.waiters [-] State transition "ACTIVE/deleting" ==> "DELETED/None" after 3 second wait
2025-04-03 20:02:57.021 69719 INFO tempest.lib.common.rest_client [req-fabe2eee-4942-42d2-bd77-4d2b683a5698 req-fabe2eee-4942-42d2-bd77-4d2b683a5698 ] Request (QuotasAdminTestV236:setUpClass): 200 GET http://10.180.1.21/identity/v3/roles 0.074s
2025-04-03 20:02:57.043 69719 INFO tempest.lib.common.rest_client [req-a452d89a-a2ed-443e-ad22-fc2f91d3e896 req-a452d89a-a2ed-443e-ad22-fc2f91d3e896 ] Request (QuotasAdminTestV236:setUpClass): 204 PUT http://10.180.1.21/identity/v3/projects/fd8cf9643b744b3dab98cae292c617a7/users/02835aa3cdfb4edb82679dc95a9506e1/roles/9db65cb794b745e3b747de0c7f95a7a4 0.022s
2025-04-03 20:02:57.044 69719 INFO tempest.lib.common.dynamic_creds [-] Dynamic test user 02835aa3cdfb4edb82679dc95a9506e1 is created with scope project and roles: ['admin']
2025-04-03 20:02:57.044 69719 INFO tempest.lib.common.dynamic_creds [-] Acquired dynamic creds: credentials: Credentials: {'domain_id': 'default', 'domain_name': 'Default', 'username': 'tempest-QuotasAdminTestV236-361098637-project-admin', 'project_domain_id': 'default', 'project_domain_name': 'Default', 'project_id': 'fd8cf9643b744b3dab98cae292c617a7', 'project_name': 'tempest-QuotasAdminTestV236-361098637', 'tenant_id': 'fd8cf9643b744b3dab98cae292c617a7', 'tenant_name': 'tempest-QuotasAdminTestV236-361098637', 'user_domain_id': 'default', 'user_domain_name': 'Default', 'user_id': '02835aa3cdfb4edb82679dc95a9506e1', 'system': None}, Network: None, Subnet: None, Router: None
2025-04-03 20:02:57.044 69719 INFO tempest.lib.common.dynamic_creds [-] Created isolated network resources for: credentials: Credentials: {'domain_id': 'default', 'domain_name': 'Default', 'username': 'tempest-QuotasAdminTestV236-361098637-project-admin', 'project_domain_id': 'default', 'project_domain_name': 'Default', 'project_id': 'fd8cf9643b744b3dab98cae292c617a7', 'project_name': 'tempest-QuotasAdminTestV236-361098637', 'tenant_id': 'fd8cf9643b744b3dab98cae292c617a7', 'tenant_name': 'tempest-QuotasAdminTestV236-361098637', 'user_domain_id': 'default', 'user_domain_name': 'Default', 'user_id': '02835aa3cdfb4edb82679dc95a9506e1', 'system': None}, Network: None, Subnet: None, Router: None
2025-04-03 20:02:57.085 69733 INFO tempest.lib.common.rest_client [req-a80c4c21-1da4-45be-bebc-6cc637483598 req-a80c4c21-1da4-45be-bebc-6cc637483598 ] Request (ServerDiagnosticsTest:test_get_server_diagnostics): 200 GET http://10.180.1.21/compute/v2.1/servers/a3356b27-2c6a-45be-b610-b99fdc08d1bd 1.699s
2025-04-03 20:02:57.131 69713 INFO tempest.lib.common.rest_client [req-481989f1-c167-41ef-b9d2-762b5a78ca47 req-481989f1-c167-41ef-b9d2-762b5a78ca47 ] Request (AttachInterfacesTestJSON:test_create_list_show_delete_interfaces_by_fixed_ip): 200 GET http://10.180.1.21/compute/v2.1/servers/2bac6dcb-e2fa-4c71-a6b9-99c8c0549e25 1.948s
2025-04-03 20:02:57.142 69719 INFO tempest.lib.common.rest_client [req-40ed1fe6-bab3-44d6-906d-db124a915567 req-40ed1fe6-bab3-44d6-906d-db124a915567 ] Request (QuotasAdminTestV236:setUpClass): 201 POST http://10.180.1.21/identity/v3/auth/tokens 0.095s
2025-04-03 20:02:57.174 69719 INFO tempest.lib.common.rest_client [req-0ffaaa7f-bf91-4013-bb2a-f945f30788c0 req-0ffaaa7f-bf91-4013-bb2a-f945f30788c0 ] Request (QuotasAdminTestV236:test_get_updated_quotas): 200 GET http://10.180.1.21/identity/v3/domains?name=Default 0.031s
2025-04-03 20:02:57.224 69719 INFO tempest.lib.common.rest_client [req-d846b880-f563-4b16-8ab1-2a2ec6540511 req-d846b880-f563-4b16-8ab1-2a2ec6540511 ] Request (QuotasAdminTestV236:test_get_updated_quotas): 201 POST http://10.180.1.21/identity/v3/projects 0.049s
2025-04-03 20:02:57.294 69719 INFO tempest.lib.common.rest_client [req-ff92a2ea-fa37-41ed-85d3-928a1e729ded req-ff92a2ea-fa37-41ed-85d3-928a1e729ded ] Request (QuotasAdminTestV236:test_get_updated_quotas): 200 GET http://10.180.1.21/identity/v3/domains?name=Default 0.070s
2025-04-03 20:02:57.370 69681 INFO tempest.lib.common.rest_client [req-d10d4482-64f9-4ff0-a775-e9ebf2a8d738 req-d10d4482-64f9-4ff0-a775-e9ebf2a8d738 ] Request (MultipleCreateTestJSON:test_multiple_create): 200 GET http://10.180.1.21/compute/v2.1/servers/1839d78b-c2a0-4694-8a07-6782042b68e3 1.751s
2025-04-03 20:02:57.386 69675 INFO tempest.lib.common.rest_client [req-30dbc969-bb37-4fb4-947d-2b239d2b7222 req-30dbc969-bb37-4fb4-947d-2b239d2b7222 ] Request (ListImagesTestJSON:tearDownClass): 200 GET http://10.180.1.21:9696/networking/v2.0/security-groups?tenant_id=20ea0a28ce4641469474e6553ee4ebec&name=default 0.479s
2025-04-03 20:02:57.489 69689 INFO tempest.lib.common.rest_client [req-a34bd12f-8925-419f-a81d-b0a36fd6c9fe req-a34bd12f-8925-419f-a81d-b0a36fd6c9fe ] Request (ServerGroup264TestJSON:test_create_get_server_group): 200 POST http://10.180.1.21/compute/v2.1/os-server-groups 1.816s
2025-04-03 20:02:57.566 69675 INFO tempest.lib.common.rest_client [req-ff19557e-3166-49a1-baac-b13f6683b951 req-ff19557e-3166-49a1-baac-b13f6683b951 ] Request (ListImagesTestJSON:tearDownClass): 204 DELETE http://10.180.1.21:9696/networking/v2.0/security-groups/7ee9b2a4-fe72-4f4b-9520-82ca00904be8 0.180s
2025-04-03 20:02:57.578 69727 INFO tempest.lib.common.rest_client [req-27c9473f-d0df-4689-a27b-d556604dfa14 req-27c9473f-d0df-4689-a27b-d556604dfa14 ] Request (ServersTestJSON:setUpClass): 200 GET http://10.180.1.21/compute/v2.1/servers/442ed0ae-d3f8-4ca8-a450-7d7369000dd2 1.832s
2025-04-03 20:02:57.604 69721 INFO tempest.lib.common.rest_client [req-6a8f3ba0-47b0-4091-bf01-ab5e820d3969 req-6a8f3ba0-47b0-4091-bf01-ab5e820d3969 ] Request (FlavorsAdminTestJSON:test_create_list_flavor_without_extra_data): 200 POST http://10.180.1.21/compute/v2.1/flavors 1.814s
2025-04-03 20:02:57.604 69717 INFO tempest.lib.common.rest_client [req-db1c3094-f1ee-4138-af34-71e331c92a8a req-db1c3094-f1ee-4138-af34-71e331c92a8a ] Request (SecurityGroupsTestAdminJSON:test_list_security_groups_list_all_tenants_filter): 200 POST http://10.180.1.21/compute/v2.1/os-security-groups 1.922s
2025-04-03 20:02:57.716 69675 INFO tempest.lib.common.rest_client [req-35116dab-f86d-4ac3-9573-e632669aa8fd req-35116dab-f86d-4ac3-9573-e632669aa8fd ] Request (ListImagesTestJSON:tearDownClass): 204 DELETE http://10.180.1.21/identity/v3/projects/20ea0a28ce4641469474e6553ee4ebec 0.149s
2025-04-03 20:02:57.778 69683 INFO tempest.lib.common.rest_client [req-bf387ce3-230f-4b2b-9a3a-7d435182d1d9 req-bf387ce3-230f-4b2b-9a3a-7d435182d1d9 ] Request (ListServersNegativeTestJSON:setUpClass): 200 GET http://10.180.1.21/compute/v2.1/servers/6225ee70-10a4-4047-b0d3-a8a16856dd42 1.619s
2025-04-03 20:02:57.798 69675 INFO tempest.lib.common.rest_client [req-a99b500f-a774-49de-90b6-4181c073b4e5 req-a99b500f-a774-49de-90b6-4181c073b4e5 ] Request (InstanceActionsV221TestJSON:setUpClass): 201 POST http://10.180.1.21/identity/v3/auth/tokens 0.079s
2025-04-03 20:02:57.839 69675 INFO tempest.lib.common.rest_client [req-8556098a-b321-48e1-a386-9b2c137236f5 req-8556098a-b321-48e1-a386-9b2c137236f5 ] Request (InstanceActionsV221TestJSON:setUpClass): 201 POST http://10.180.1.21/identity/v3/auth/tokens 0.036s
2025-04-03 20:02:57.840 69673 INFO tempest.lib.common.rest_client [req-acc9a63c-c946-4c02-a0c4-20e664095314 req-acc9a63c-c946-4c02-a0c4-20e664095314 ] Request (SecurityGroupRulesTestJSON:test_security_group_rules_delete_when_peer_group_deleted): 200 POST http://10.180.1.21/compute/v2.1/os-security-group-rules 1.870s
2025-04-03 20:02:57.876 69675 INFO tempest.lib.common.rest_client [req-c7c90e77-d7d8-48fe-83fc-c46bc6c16809 req-c7c90e77-d7d8-48fe-83fc-c46bc6c16809 ] Request (InstanceActionsV221TestJSON:setUpClass): 200 GET http://10.180.1.21/identity/v3/domains?name=Default 0.036s
2025-04-03 20:02:57.908 69675 INFO tempest.lib.common.rest_client [req-89eb6c23-8430-4151-af43-2f3006ff5030 req-89eb6c23-8430-4151-af43-2f3006ff5030 ] Request (InstanceActionsV221TestJSON:setUpClass): 201 POST http://10.180.1.21/identity/v3/projects 0.031s
2025-04-03 20:02:57.928 69715 INFO tempest.lib.common.rest_client [req-a9e0fb87-06f1-485a-8efe-e53dba7b3795 req-a9e0fb87-06f1-485a-8efe-e53dba7b3795 ] Request (ExtensionsTest:test_get_extension): 200 GET http://10.180.1.21/compute/v2.1/extensions/os-consoles 1.711s
2025-04-03 20:02:57.959 69693 INFO tempest.lib.common.rest_client [req-1dec789d-4949-44b4-9a2d-2470f0db5897 req-1dec789d-4949-44b4-9a2d-2470f0db5897 ] Request (FlavorsV2TestJSON:test_list_flavors_filter_by_min_ram): 200 GET http://10.180.1.21/compute/v2.1/flavors?minRam=193 1.593s
2025-04-03 20:02:57.969 69675 INFO tempest.lib.common.rest_client [req-4f48d3fd-fe2f-4d4f-9252-e702c3cb2398 req-4f48d3fd-fe2f-4d4f-9252-e702c3cb2398 ] Request (InstanceActionsV221TestJSON:setUpClass): 201 POST http://10.180.1.21/identity/v3/users 0.060s
2025-04-03 20:02:57.983 69685 INFO tempest.lib.common.rest_client [req-60210f24-d200-40cd-9bf8-17c2616ade28 req-60210f24-d200-40cd-9bf8-17c2616ade28 ] Request (AggregatesAdminNegativeTestJSON:_run_cleanups): 200 DELETE http://10.180.1.21/compute/v2.1/os-aggregates/4 1.602s
2025-04-03 20:02:58.005 69675 INFO tempest.lib.common.rest_client [req-b8ff756f-92eb-453c-9760-fa7af8bd30cf req-b8ff756f-92eb-453c-9760-fa7af8bd30cf ] Request (InstanceActionsV221TestJSON:setUpClass): 200 GET http://10.180.1.21/identity/v3/roles 0.035s
2025-04-03 20:02:58.040 69675 INFO tempest.lib.common.rest_client [req-29e19b59-ffc9-4572-9c56-739edc8cf0f1 req-29e19b59-ffc9-4572-9c56-739edc8cf0f1 ] Request (InstanceActionsV221TestJSON:setUpClass): 204 PUT http://10.180.1.21/identity/v3/projects/fa0b5985faa849ad9f69a11affdd23b8/users/9b65d43936a147cf954f17aa3e218358/roles/81395896bada4eeaa4dfb6a0b342d0db 0.034s
2025-04-03 20:02:58.040 69726 INFO tempest.lib.common.rest_client [req-181f78f6-9be8-4ab6-b911-6ebc70c5109b req-181f78f6-9be8-4ab6-b911-6ebc70c5109b ] Request (ServersTestManualDisk:setUpClass): 200 GET http://10.180.1.21/compute/v2.1/servers/2f591c40-74b9-42e7-95da-568884aeb59b 1.547s
2025-04-03 20:02:58.040 69675 INFO tempest.lib.common.dynamic_creds [-] Dynamic test user 9b65d43936a147cf954f17aa3e218358 is created with scope project and roles: ['member']
2025-04-03 20:02:58.040 69675 INFO tempest.lib.common.dynamic_creds [-] Acquired dynamic creds: credentials: Credentials: {'domain_id': 'default', 'domain_name': 'Default', 'username': 'tempest-InstanceActionsV221TestJSON-1926026749-project-member', 'project_domain_id': 'default', 'project_domain_name': 'Default', 'project_id': 'fa0b5985faa849ad9f69a11affdd23b8', 'project_name': 'tempest-InstanceActionsV221TestJSON-1926026749', 'tenant_id': 'fa0b5985faa849ad9f69a11affdd23b8', 'tenant_name': 'tempest-InstanceActionsV221TestJSON-1926026749', 'user_domain_id': 'default', 'user_domain_name': 'Default', 'user_id': '9b65d43936a147cf954f17aa3e218358', 'system': None}, Network: None, Subnet: None, Router: None
2025-04-03 20:02:58.086 69687 INFO tempest.lib.common.rest_client [req-d9d05fc9-3ad5-4973-af7b-9510f076b06f req-d9d05fc9-3ad5-4973-af7b-9510f076b06f ] Request (ImagesOneServerTestJSON:setUpClass): 200 PUT http://10.180.1.21:9696/networking/v2.0/routers/a34fec5c-9b99-4c3e-9f67-0de541c991ba/add_router_interface 2.220s
2025-04-03 20:02:58.088 69687 INFO tempest.lib.common.dynamic_creds [-] Created isolated network resources for: credentials: Credentials: {'domain_id': 'default', 'domain_name': 'Default', 'username': 'tempest-ImagesOneServerTestJSON-1828066095-project-member', 'project_domain_id': 'default', 'project_domain_name': 'Default', 'project_id': '430c74b82be046b2b91336496d331833', 'project_name': 'tempest-ImagesOneServerTestJSON-1828066095', 'tenant_id': '430c74b82be046b2b91336496d331833', 'tenant_name': 'tempest-ImagesOneServerTestJSON-1828066095', 'user_domain_id': 'default', 'user_domain_name': 'Default', 'user_id': '58d2f28f7a92429da60a0a8c8feed533', 'system': None}, Network: {'id': 'f352f804-c614-4f44-a256-b603d9ab11e6', 'name': 'tempest-ImagesOneServerTestJSON-1337288533-network', 'tenant_id': '430c74b82be046b2b91336496d331833', 'admin_state_up': True, 'mtu': 8950, 'status': 'ACTIVE', 'subnets': [], 'shared': False, 'project_id': '430c74b82be046b2b91336496d331833', 'port_security_enabled': True, 'router:external': False, 'provider:network_type': 'vlan', 'provider:physical_network': 'default', 'provider:segmentation_id': 261, 'availability_zone_hints': [], 'availability_zones': [], 'ipv4_address_scope': None, 'ipv6_address_scope': None, 'description': '', 'tags': [], 'created_at': '2025-04-03T20:02:52Z', 'updated_at': '2025-04-03T20:02:52Z', 'revision_number': 1}, Subnet: {'id': 'fbf1c942-9f2d-4e86-8a7e-363970033288', 'name': 'tempest-ImagesOneServerTestJSON-1337288533-subnet', 'tenant_id': '430c74b82be046b2b91336496d331833', 'network_id': 'f352f804-c614-4f44-a256-b603d9ab11e6', 'ip_version': 4, 'subnetpool_id': None, 'enable_dhcp': True, 'ipv6_ra_mode': None, 'ipv6_address_mode': None, 'gateway_ip': '192.168.128.1', 'cidr': '192.168.128.0/28', 'allocation_pools': [{'start': '192.168.128.2', 'end': '192.168.128.14'}], 'host_routes': [], 'dns_nameservers': [], 'description': '', 'router:external': False, 'service_types': [], 'tags': [], 'created_at': '2025-04-03T20:02:52Z', 'updated_at': '2025-04-03T20:02:52Z', 'revision_number': 0, 'project_id': '430c74b82be046b2b91336496d331833'}, Router: {'id': 'a34fec5c-9b99-4c3e-9f67-0de541c991ba', 'name': 'tempest-ImagesOneServerTestJSON-1337288533-router', 'tenant_id': '430c74b82be046b2b91336496d331833', 'admin_state_up': True, 'status': 'ACTIVE', 'external_gateway_info': {'network_id': '27a65881-087d-4235-b888-80c71d3b9417', 'external_fixed_ips': [{'subnet_id': '519313fa-4d08-4aa9-b0a8-8016161ae783', 'ip_address': '10.180.180.206'}], 'enable_snat': True}, 'description': '', 'availability_zones': [], 'distributed': False, 'ha': False, 'availability_zone_hints': [], 'routes': [], 'flavor_id': None, 'tags': [], 'created_at': '2025-04-03T20:02:53Z', 'updated_at': '2025-04-03T20:02:55Z', 'revision_number': 2, 'project_id': '430c74b82be046b2b91336496d331833'}
2025-04-03 20:02:58.114 69675 INFO tempest.lib.common.rest_client [req-0eb00781-c918-45c3-9b6d-0185eb3d7955 req-0eb00781-c918-45c3-9b6d-0185eb3d7955 ] Request (InstanceActionsV221TestJSON:setUpClass): 201 POST http://10.180.1.21/identity/v3/auth/tokens 0.073s
2025-04-03 20:02:58.148 69697 INFO tempest.lib.common.rest_client [req-d91b8eaa-4ba1-4265-865f-a7bc694ea6f9 req-d91b8eaa-4ba1-4265-865f-a7bc694ea6f9 ] Request (ServersAdmin275Test:test_rebuild_update_server_275): 202 POST http://10.180.1.21/compute/v2.1/servers/7dd39a10-693d-4638-a80b-17c441c7be69/action 1.793s
2025-04-03 20:02:58.197 69677 INFO tempest.lib.common.rest_client [req-22992624-f141-4194-8c18-7dd90ac24121 req-22992624-f141-4194-8c18-7dd90ac24121 ] Request (ServerDiagnosticsNegativeTest:tearDownClass): 200 GET http://10.180.1.21/compute/v2.1/servers/f21911fc-3543-4f9e-a8e0-3648a81d3112 1.694s
2025-04-03 20:02:58.212 69687 INFO tempest.lib.common.rest_client [req-a34e0639-d122-435a-b130-56d106b397db req-a34e0639-d122-435a-b130-56d106b397db ] Request (ImagesOneServerTestJSON:setUpClass): 201 POST http://10.180.1.21/identity/v3/auth/tokens 0.117s
2025-04-03 20:02:58.357 69687 INFO tempest.lib.common.rest_client [req-e43a661e-48a7-4477-b31c-a08b2cc08832 req-e43a661e-48a7-4477-b31c-a08b2cc08832 ] Request (ImagesOneServerTestJSON:setUpClass): 201 POST http://10.180.1.21/identity/v3/auth/tokens 0.141s
2025-04-03 20:02:58.358 69687 INFO tempest.lib.common.fixed_network [-] (ImagesOneServerTestJSON:setUpClass) Found network {'id': 'f352f804-c614-4f44-a256-b603d9ab11e6', 'name': 'tempest-ImagesOneServerTestJSON-1337288533-network', 'tenant_id': '430c74b82be046b2b91336496d331833', 'admin_state_up': True, 'mtu': 8950, 'status': 'ACTIVE', 'subnets': [], 'shared': False, 'project_id': '430c74b82be046b2b91336496d331833', 'port_security_enabled': True, 'router:external': False, 'provider:network_type': 'vlan', 'provider:physical_network': 'default', 'provider:segmentation_id': 261, 'availability_zone_hints': [], 'availability_zones': [], 'ipv4_address_scope': None, 'ipv6_address_scope': None, 'description': '', 'tags': [], 'created_at': '2025-04-03T20:02:52Z', 'updated_at': '2025-04-03T20:02:52Z', 'revision_number': 1} available for tenant
2025-04-03 20:02:58.391 69691 INFO tempest.lib.common.rest_client [req-f17e93db-7dbc-4259-8ca9-cb053261426b req-f17e93db-7dbc-4259-8ca9-cb053261426b ] Request (ServerActionsTestOtherA:setUpClass): 200 POST http://10.180.1.21/compute/v2.1/os-keypairs 1.701s
2025-04-03 20:02:58.397 69707 INFO tempest.lib.common.rest_client [req-c6d36116-7673-4775-bcf7-1a1e30ac71d0 req-c6d36116-7673-4775-bcf7-1a1e30ac71d0 ] Request (FlavorsAccessNegativeTestJSON:_run_cleanups): 200 POST http://10.180.1.21/compute/v2.1/flavors/479570824/action 1.760s
2025-04-03 20:02:58.469 69675 INFO tempest.lib.common.rest_client [req-6b574d67-6543-41e9-9213-409eb295ebde req-6b574d67-6543-41e9-9213-409eb295ebde ] Request (InstanceActionsV221TestJSON:setUpClass): 201 POST http://10.180.1.21:9696/networking/v2.0/networks 0.355s
2025-04-03 20:02:58.486 69723 INFO tempest.lib.common.rest_client [req-63edf30d-9ef7-4277-aa9d-d0632ab7c2c4 req-63edf30d-9ef7-4277-aa9d-d0632ab7c2c4 ] Request (ServersAdminTestJSON:setUpClass): 200 GET http://10.180.1.21/compute/v2.1/servers/5aa34a63-63a3-4a14-a0b2-9d37065a2ec4 1.729s
2025-04-03 20:02:58.500 69735 INFO tempest.lib.common.rest_client [req-1c4b5771-ac63-48c2-9255-f9fefe930c9b req-1c4b5771-ac63-48c2-9255-f9fefe930c9b ] Request (KeyPairsV22TestJSON:test_get_keypair_detail): 200 GET http://10.180.1.21/compute/v2.1/os-keypairs/tempest-keypair-1262853050 1.653s
2025-04-03 20:02:58.562 69679 INFO tempest.lib.common.rest_client [req-d400c66e-fc3f-46d8-b50f-c3d309eeeace req-d400c66e-fc3f-46d8-b50f-c3d309eeeace ] Request (ServersAdminNegativeTestJSON:test_migrate_server_invalid_state): 200 GET http://10.180.1.21/compute/v2.1/servers/981f9891-970f-4efc-8a1d-fc6a737c57cc 1.674s
2025-04-03 20:02:58.602 69695 INFO tempest.lib.common.rest_client [req-f08b3917-42bb-401a-af0e-96c80129e7ba req-f08b3917-42bb-401a-af0e-96c80129e7ba ] Request (ListImageFiltersTestJSON:setUpClass): 200 GET http://10.180.1.21/compute/v2.1/images/1c32c2a3-72d8-45c0-a5e0-622b320bad1c 1.706s
2025-04-03 20:02:58.683 69731 INFO tempest.lib.common.rest_client [req-5bf4e235-4afb-4c64-9621-749fc8f81168 req-5bf4e235-4afb-4c64-9621-749fc8f81168 ] Request (VolumesAssistedSnapshotsTest:test_volume_assisted_snapshot_create_delete): 200 GET http://10.180.1.21/compute/v2.1/servers/86487bab-df97-4480-8e57-2bcdeba9520b 1.727s
2025-04-03 20:02:58.724 69709 INFO tempest.lib.common.rest_client [req-da974303-54de-4f5b-aa71-c0bb8df05328 req-da974303-54de-4f5b-aa71-c0bb8df05328 ] Request (ImagesMetadataTestJSON:test_set_image_metadata_item): 200 PUT http://10.180.1.21/compute/v2.1/images/3ac437f8-f28d-41a6-8620-e95fab1d3771/metadata/os_version 1.938s
2025-04-03 20:02:58.777 69701 INFO tempest.lib.common.rest_client [req-e0b66641-4325-4f81-b9c9-95bb5e0fab4a req-e0b66641-4325-4f81-b9c9-95bb5e0fab4a ] Request (ServerExternalEventsTest:test_create_server_external_events): 200 GET http://10.180.1.21/compute/v2.1/servers/79bb7eb4-1551-4f19-824d-69b2e5944d6e 1.713s
2025-04-03 20:02:58.793 69701 INFO tempest.common.waiters [-] State transition "BUILD/scheduling" ==> "BUILD/None" after 2 second wait
2025-04-03 20:02:58.813 69703 INFO tempest.lib.common.rest_client [req-c850ab69-5ef8-43a7-ad49-a53003c9fe60 req-c850ab69-5ef8-43a7-ad49-a53003c9fe60 ] Request (ServersWithSpecificFlavorTestJSON:test_verify_created_server_ephemeral_disk): 200 GET http://10.180.1.21/compute/v2.1/servers/45908d95-bd1c-4340-8cc2-3198f900bebd 1.544s
2025-04-03 20:02:58.818 69691 INFO tempest.lib.common.rest_client [req-fb189bac-eb05-4097-9f82-e446ba1c2cc8 req-fb189bac-eb05-4097-9f82-e446ba1c2cc8 ] Request (ServerActionsTestOtherA:setUpClass): 201 POST http://10.180.1.21:9696/networking/v2.0/security-groups 0.421s
2025-04-03 20:02:58.831 69689 INFO tempest.lib.common.rest_client [req-5298d20b-c088-4961-8fb6-39a5cc06b71b req-5298d20b-c088-4961-8fb6-39a5cc06b71b ] Request (ServerGroup264TestJSON:test_create_get_server_group): 200 GET http://10.180.1.21/compute/v2.1/os-server-groups 1.341s
2025-04-03 20:02:58.846 69721 INFO tempest.lib.common.rest_client [req-2c2f275c-c71e-4981-874b-e58d969073c1 req-2c2f275c-c71e-4981-874b-e58d969073c1 ] Request (FlavorsAdminTestJSON:test_create_list_flavor_without_extra_data): 200 GET http://10.180.1.21/compute/v2.1/flavors/1657324632 1.240s
2025-04-03 20:02:58.974 69691 INFO tempest.lib.common.rest_client [req-6d184cfd-b007-46bd-a323-791d017173da req-6d184cfd-b007-46bd-a323-791d017173da ] Request (ServerActionsTestOtherA:setUpClass): 201 POST http://10.180.1.21:9696/networking/v2.0/security-group-rules 0.154s
2025-04-03 20:02:59.030 69719 INFO tempest.lib.common.rest_client [req-5e190ee2-6f33-42f8-ab64-0f89ec79d0d6 req-5e190ee2-6f33-42f8-ab64-0f89ec79d0d6 ] Request (QuotasAdminTestV236:test_get_updated_quotas): 200 PUT http://10.180.1.21/compute/v2.1/os-quota-sets/ad52966fead24413bd5d2916dae1f66d 1.735s
2025-04-03 20:02:59.140 69691 INFO tempest.lib.common.rest_client [req-6717aca0-c094-4b82-bee5-c1fd425bba39 req-6717aca0-c094-4b82-bee5-c1fd425bba39 ] Request (ServerActionsTestOtherA:setUpClass): 201 POST http://10.180.1.21:9696/networking/v2.0/security-group-rules 0.165s
2025-04-03 20:02:59.141 69695 INFO tempest.lib.common.rest_client [req-3d4360ef-a725-41b9-85ca-32c6912a758d req-3d4360ef-a725-41b9-85ca-32c6912a758d ] Request (ListImageFiltersTestJSON:setUpClass): 201 POST http://10.180.1.21/image/v2/images 0.533s
2025-04-03 20:02:59.144 69683 INFO tempest.lib.common.rest_client [req-53b3d71e-1667-414a-998a-b1a6934dadc8 req-53b3d71e-1667-414a-998a-b1a6934dadc8 ] Request (ListServersNegativeTestJSON:setUpClass): 204 DELETE http://10.180.1.21/compute/v2.1/servers/59a10a12-9a40-48ad-a6f5-c647cb6c5f2f 1.349s
2025-04-03 20:02:59.351 69717 INFO tempest.lib.common.rest_client [req-dd85b180-42b9-4b94-9896-b2dd267a5f1a req-dd85b180-42b9-4b94-9896-b2dd267a5f1a ] Request (SecurityGroupsTestAdminJSON:test_list_security_groups_list_all_tenants_filter): 200 POST http://10.180.1.21/compute/v2.1/os-security-groups 1.744s
2025-04-03 20:02:59.406 69675 INFO tempest.lib.common.rest_client [req-22feb1bb-ba35-4198-a0f4-96f74010daa3 req-22feb1bb-ba35-4198-a0f4-96f74010daa3 ] Request (InstanceActionsV221TestJSON:setUpClass): 201 POST http://10.180.1.21:9696/networking/v2.0/subnets 0.936s
2025-04-03 20:02:59.435 69711 INFO tempest.lib.common.rest_client [req-9442d3bb-85dc-4a26-8703-a01c7938a1b2 req-9442d3bb-85dc-4a26-8703-a01c7938a1b2 ] Request (ImagesTestJSON:test_create_image_from_stopped_server): 200 GET http://10.180.1.21/compute/v2.1/servers/3f8e7073-dafa-4522-bfac-f60a953cfa8f 1.546s
2025-04-03 20:02:59.456 69715 INFO tempest.lib.common.rest_client [req-800c94cb-4a06-4acc-a411-45657d631dc7 req-800c94cb-4a06-4acc-a411-45657d631dc7 ] Request (ExtensionsTest:test_list_extensions): 200 GET http://10.180.1.21/compute/v2.1/extensions 1.527s
2025-04-03 20:02:59.475 69693 INFO tempest.lib.common.rest_client [req-5aac23d9-4c4b-4f67-abfc-acf9705432d0 req-5aac23d9-4c4b-4f67-abfc-acf9705432d0 ] Request (FlavorsV2TestJSON:test_list_flavors_limit_results): 200 GET http://10.180.1.21/compute/v2.1/flavors?limit=1 1.511s
2025-04-03 20:02:59.503 69673 INFO tempest.lib.common.rest_client [req-d033bbbe-828a-40d2-963e-ed62f0e32ab3 req-d033bbbe-828a-40d2-963e-ed62f0e32ab3 ] Request (SecurityGroupRulesTestJSON:test_security_group_rules_delete_when_peer_group_deleted): 202 DELETE http://10.180.1.21/compute/v2.1/os-security-groups/68c4ad6f-8993-4190-b568-22f7a59e792d 1.661s
2025-04-03 20:02:59.546 69685 INFO tempest.lib.common.rest_client [req-59aae6e6-74ab-4ff2-9ba9-ce26a9f0e979 req-59aae6e6-74ab-4ff2-9ba9-ce26a9f0e979 ] Request (AggregatesAdminNegativeTestJSON:test_aggregate_delete_as_user): 200 POST http://10.180.1.21/compute/v2.1/os-aggregates 1.561s
2025-04-03 20:02:59.555 69705 INFO tempest.lib.common.rest_client [req-27065c2e-0c7b-4383-8fb7-49a0706fa57f req-27065c2e-0c7b-4383-8fb7-49a0706fa57f ] Request (ImagesOneServerNegativeTestJSON:setUpClass): 200 PUT http://10.180.1.21:9696/networking/v2.0/routers/2738bd94-ded8-43f8-a43d-9d5ddc561f1e/add_router_interface 2.731s
