2025-04-03 17:09:22.203 69663 INFO tempest.lib.common.rest_client [req-d23ffee1-0d2e-44e6-b0a9-db51c48a3d4b req-d23ffee1-0d2e-44e6-b0a9-db51c48a3d4b ] Request (ServersAdminTestJSON:test_inject_network_info): 200 GET http://10.180.1.21/compute/v2.1/servers/294e3f27-4dad-4b91-a213-38abfd7055c7 1.221s
2025-04-03 17:09:22.205 69681 INFO tempest.lib.common.rest_client [req-df618616-8752-40b4-849b-689a10f6bc54 req-df618616-8752-40b4-849b-689a10f6bc54 ] Request (SecurityGroupsTestJSON:test_list_security_groups_by_server): 200 GET http://10.180.1.21/compute/v2.1/servers/17490ab7-1e95-4189-b1ee-e969fd8b8627 1.178s
2025-04-03 17:09:22.224 69717 INFO tempest.lib.common.rest_client [req-36ef225d-411c-4646-9043-8cbe00c60e5b req-36ef225d-411c-4646-9043-8cbe00c60e5b ] Request (ServerMetadataTestJSON:tearDownClass): 404 GET http://10.180.1.21/compute/v2.1/servers/0705c492-c669-46c9-9148-2f66133144ff 1.168s
2025-04-03 17:09:22.277 69691 INFO tempest.lib.common.rest_client [req-8f3f96c0-9504-4a3d-87c8-bde3c2b8f71c req-8f3f96c0-9504-4a3d-87c8-bde3c2b8f71c ] Request (ImagesOneServerNegativeTestJSON:_run_cleanups): 200 GET http://10.180.1.21/compute/v2.1/servers/0548aaaf-1091-43d9-bd82-2358fdcd9ac1 1.137s
2025-04-03 17:09:22.298 69687 INFO tempest.lib.common.rest_client [req-aa33f0b5-1ef3-4740-9746-fa971b472551 req-aa33f0b5-1ef3-4740-9746-fa971b472551 ] Request (ServerMetadataNegativeTestJSON:setUpClass): 200 GET http://10.180.1.21/compute/v2.1/servers/a1e895cc-ee15-432b-96a9-c8cca13b44e4 1.097s
2025-04-03 17:09:22.334 69659 INFO tempest.lib.common.rest_client [req-7c079c2e-381a-4728-be33-ca613e07e2d0 req-7c079c2e-381a-4728-be33-ca613e07e2d0 ] Request (ListImageFiltersTestJSON:setUpClass): 200 GET http://10.180.1.21/compute/v2.1/images/ab285bf1-cb2d-4a02-a506-8003ae18bb8c 0.636s
2025-04-03 17:09:22.337 69649 INFO tempest.lib.common.rest_client [req-795435e4-482e-4b54-8540-232c0d8e7c72 req-795435e4-482e-4b54-8540-232c0d8e7c72 ] Request (InstanceActionsTestJSON:setUpClass): 200 GET http://10.180.1.21/compute/v2.1/servers/72bca977-b708-4a51-89f9-6ba90e095e54 1.107s
2025-04-03 17:09:22.373 69655 INFO tempest.lib.common.rest_client [req-578946d3-1c37-45d9-80fb-5e53e3a7de09 req-578946d3-1c37-45d9-80fb-5e53e3a7de09 ] Request (TenantUsagesTestJSON:test_get_usage_tenant_with_non_admin_user): 200 GET http://10.180.1.21/compute/v2.1/os-simple-tenant-usage/78e3cfd7df2a4ed2ab85ff60d71a625e?start=2025-04-02T17%3A09%3A19.749627&end=2025-04-04T17%3A09%3A19.749627 0.228s
2025-04-03 17:09:22.547 69659 INFO tempest.lib.common.rest_client [req-84748a48-245a-46a9-8869-0740f5fa29d0 req-84748a48-245a-46a9-8869-0740f5fa29d0 ] Request (ListImageFiltersTestJSON:setUpClass): 200 GET http://10.180.1.21/compute/v2.1/servers/364b0066-4618-46a3-b9ad-d6de006b1915 0.210s
2025-04-03 17:09:22.554 69651 INFO tempest.lib.common.rest_client [req-ef0a3754-9f7f-4fe7-9027-1bf932354a28 req-ef0a3754-9f7f-4fe7-9027-1bf932354a28 ] Request (SecurityGroupsTestAdminJSON:test_list_security_groups_list_all_tenants_filter): 200 POST http://10.180.1.21/compute/v2.1/os-security-groups 0.543s
2025-04-03 17:09:22.604 69655 INFO tempest.lib.common.rest_client [req-8df3cc7c-2a88-45ce-ab33-61105c6769c3 req-8df3cc7c-2a88-45ce-ab33-61105c6769c3 ] Request (TenantUsagesTestJSON:test_list_usage_all_tenants): 200 GET http://10.180.1.21/compute/v2.1/os-simple-tenant-usage?start=2025-04-02T17%3A09%3A19.749627&end=2025-04-04T17%3A09%3A19.749627&detailed=1 0.227s
2025-04-03 17:09:22.715 69655 INFO tempest.lib.common.rest_client [req-d20e598a-9930-478f-b8e9-f1614476e6a1 req-d20e598a-9930-478f-b8e9-f1614476e6a1 ] Request (TenantUsagesTestJSON:tearDownClass): 204 DELETE http://10.180.1.21/compute/v2.1/servers/1744cdce-652c-4dbe-8584-b89938a3864f 0.093s
2025-04-03 17:09:22.745 69669 INFO tempest.lib.common.rest_client [req-54b35b36-b147-4fae-ac03-014907ee3f11 req-54b35b36-b147-4fae-ac03-014907ee3f11 ] Request (ImagesTestJSON:test_create_image_from_suspended_server): 200 GET http://10.180.1.21/compute/v2.1/images/ca9b4384-db0a-4dde-9161-a55bc970bad0 0.044s
2025-04-03 17:09:22.895 69651 INFO tempest.lib.common.rest_client [req-4ed7d981-83fe-47c3-8475-9fdf9955ff69 req-4ed7d981-83fe-47c3-8475-9fdf9955ff69 ] Request (SecurityGroupsTestAdminJSON:test_list_security_groups_list_all_tenants_filter): 200 POST http://10.180.1.21/compute/v2.1/os-security-groups 0.338s
2025-04-03 17:09:22.907 69655 INFO tempest.lib.common.rest_client [req-58c823dc-8444-4025-bcdb-7d847f52bd35 req-58c823dc-8444-4025-bcdb-7d847f52bd35 ] Request (TenantUsagesTestJSON:tearDownClass): 200 GET http://10.180.1.21/compute/v2.1/servers/1744cdce-652c-4dbe-8584-b89938a3864f 0.192s
2025-04-03 17:09:22.952 69673 INFO tempest.lib.common.rest_client [req-d38ddc12-cbcd-4dbd-8176-945bf98bc9df req-d38ddc12-cbcd-4dbd-8176-945bf98bc9df ] Request (ServerGroupTestJSON:test_create_server_with_scheduler_hint_group): 200 GET http://10.180.1.21/compute/v2.1/servers/eb30b6b6-4f42-44ba-87db-0a51d6a71ba4 0.192s
2025-04-03 17:09:22.970 69661 INFO tempest.lib.common.rest_client [req-0847572a-7c28-45dd-9a75-70013973297b req-0847572a-7c28-45dd-9a75-70013973297b ] Request (ServersTestBootFromVolume:setUpClass): 200 GET http://10.180.1.21/compute/v2.1/servers/127c1dd1-2dbd-47ac-86e4-c048fca8eb91 0.160s
2025-04-03 17:09:23.016 69689 INFO tempest.lib.common.rest_client [req-f16be80a-df5a-430c-b765-4d48dd02a948 req-f16be80a-df5a-430c-b765-4d48dd02a948 ] Request (ServersNegativeTestJSON:setUpClass): 200 GET http://10.180.1.21/compute/v2.1/servers/86019ecc-ee00-4c00-be8e-b52c44fbec24 0.156s
2025-04-03 17:09:23.078 69705 INFO tempest.lib.common.rest_client [req-63b7a847-bf1b-4801-9e27-a29cfb1cedd9 req-63b7a847-bf1b-4801-9e27-a29cfb1cedd9 ] Request (MigrationsAdminTest:test_resize_server_revert_deleted_flavor): 200 GET http://10.180.1.21/compute/v2.1/servers/58ab1dca-3b1c-4c13-9ba3-41c0d837fde4 0.160s
2025-04-03 17:09:23.150 69721 INFO tempest.lib.common.rest_client [req-319a7f5c-e46e-4601-8a96-93d20ad76abf req-319a7f5c-e46e-4601-8a96-93d20ad76abf ] Request (ListServersNegativeTestJSON:setUpClass): 200 GET http://10.180.1.21/compute/v2.1/servers/9379df58-35b0-41ee-b9cb-fc950fec49f1 0.168s
2025-04-03 17:09:23.167 69651 INFO tempest.lib.common.rest_client [req-12cb19a8-7f50-4883-9cc7-cc57d9f2ecd1 req-12cb19a8-7f50-4883-9cc7-cc57d9f2ecd1 ] Request (SecurityGroupsTestAdminJSON:test_list_security_groups_list_all_tenants_filter): 200 POST http://10.180.1.21/compute/v2.1/os-security-groups 0.267s
2025-04-03 17:09:23.226 69675 INFO tempest.lib.common.rest_client [req-256a2d3b-c64a-4842-b2a5-f82de7ede2a4 req-256a2d3b-c64a-4842-b2a5-f82de7ede2a4 ] Request (InstanceActionsV221TestJSON:test_get_list_deleted_instance_actions): 200 GET http://10.180.1.21/compute/v2.1/servers/eb3449ed-6ce9-4d3c-870f-289ace8fddb2 0.178s
2025-04-03 17:09:23.240 69683 INFO tempest.lib.common.rest_client [req-66da6851-aeeb-416d-9335-d6adfd225eca req-66da6851-aeeb-416d-9335-d6adfd225eca ] Request (ServerDiskConfigTestJSON:test_rebuild_server_with_auto_disk_config): 200 GET http://10.180.1.21/compute/v2.1/servers/5ad21001-95a6-46b9-bdb2-644c4a766a58 0.173s
2025-04-03 17:09:23.301 69680 INFO tempest.lib.common.rest_client [req-0192f1f2-68ae-4195-8eae-31e5790d6230 req-0192f1f2-68ae-4195-8eae-31e5790d6230 ] Request (ServersTestJSON:test_create_server_with_ipv6_addr_only): 200 GET http://10.180.1.21/compute/v2.1/servers/e7bc02ba-535f-4578-8f42-505da434a484 0.201s
2025-04-03 17:09:23.321 69677 INFO tempest.lib.common.rest_client [req-d81afa3c-f325-4e25-a01e-58896c644f55 req-d81afa3c-f325-4e25-a01e-58896c644f55 ] Request (ServerRescueTestJSONUnderV235:setUpClass): 200 GET http://10.180.1.21/compute/v2.1/servers/fa9f6daa-abe1-4e65-8ac6-e72809b41de5 0.198s
2025-04-03 17:09:23.374 69665 INFO tempest.lib.common.rest_client [req-e3056325-547c-487b-a680-3a93596205c3 req-e3056325-547c-487b-a680-3a93596205c3 ] Request (FloatingIPsAssociationTestJSON:test_associate_already_associated_floating_ip): 200 GET http://10.180.1.21/compute/v2.1/servers/8600c957-3250-4f49-9a3c-da890a64084f 0.222s
2025-04-03 17:09:23.551 69663 INFO tempest.lib.common.rest_client [req-60c2e273-d9b9-4b94-9c1e-ef2b11e06e28 req-60c2e273-d9b9-4b94-9c1e-ef2b11e06e28 ] Request (ServersAdminTestJSON:test_inject_network_info): 200 GET http://10.180.1.21/compute/v2.1/servers/294e3f27-4dad-4b91-a213-38abfd7055c7 0.339s
2025-04-03 17:09:23.630 69681 INFO tempest.lib.common.rest_client [req-e83fe75e-5e07-473e-8675-ef3d4b6eef31 req-e83fe75e-5e07-473e-8675-ef3d4b6eef31 ] Request (SecurityGroupsTestJSON:test_list_security_groups_by_server): 200 GET http://10.180.1.21/compute/v2.1/servers/17490ab7-1e95-4189-b1ee-e969fd8b8627 0.417s
2025-04-03 17:09:23.646 69717 INFO tempest.lib.common.rest_client [req-b7be9b10-9158-4786-8368-85edcaff36a9 req-b7be9b10-9158-4786-8368-85edcaff36a9 ] Request (ServerMetadataTestJSON:tearDownClass): 200 PUT http://10.180.1.21:9696/networking/v2.0/routers/12588000-d7a6-4339-935e-d45662a0e770/remove_router_interface 1.421s
2025-04-03 17:09:23.925 69691 INFO tempest.lib.common.rest_client [req-e2eb0448-d9b8-40da-9497-a3c969a79e3c req-e2eb0448-d9b8-40da-9497-a3c969a79e3c ] Request (ImagesOneServerNegativeTestJSON:_run_cleanups): 200 GET http://10.180.1.21/compute/v2.1/servers/0548aaaf-1091-43d9-bd82-2358fdcd9ac1 0.638s
2025-04-03 17:09:23.982 69693 WARNING tempest.lib.common.ssh [-] Failed to establish authenticated ssh connection to cirros@10.180.180.196 ([Errno None] Unable to connect to port 22 on 10.180.180.196). Number attempts: 9. Retry after 10 seconds.: paramiko.ssh_exception.NoValidConnectionsError: [Errno None] Unable to connect to port 22 on 10.180.180.196
2025-04-03 17:09:24.008 69687 INFO tempest.lib.common.rest_client [req-1bdd17ea-c2ad-4ae3-a337-063b44f54c0a req-1bdd17ea-c2ad-4ae3-a337-063b44f54c0a ] Request (ServerMetadataNegativeTestJSON:setUpClass): 200 GET http://10.180.1.21/compute/v2.1/servers/a1e895cc-ee15-432b-96a9-c8cca13b44e4 0.702s
2025-04-03 17:09:24.027 69717 INFO tempest.lib.common.rest_client [req-62d65ac0-40d7-4409-8fb9-013a304adc7a req-62d65ac0-40d7-4409-8fb9-013a304adc7a ] Request (ServerMetadataTestJSON:tearDownClass): 204 DELETE http://10.180.1.21:9696/networking/v2.0/routers/12588000-d7a6-4339-935e-d45662a0e770 0.381s
2025-04-03 17:09:24.084 69649 INFO tempest.lib.common.rest_client [req-28c2339e-6f0e-4078-a8c8-bfb9b8d5ddf4 req-28c2339e-6f0e-4078-a8c8-bfb9b8d5ddf4 ] Request (InstanceActionsTestJSON:setUpClass): 200 GET http://10.180.1.21/compute/v2.1/servers/72bca977-b708-4a51-89f9-6ba90e095e54 0.739s
2025-04-03 17:09:24.226 69717 INFO tempest.lib.common.rest_client [req-6ea85312-ab87-4e58-a0cb-b683870c47e5 req-6ea85312-ab87-4e58-a0cb-b683870c47e5 ] Request (ServerMetadataTestJSON:tearDownClass): 204 DELETE http://10.180.1.21:9696/networking/v2.0/subnets/3870264a-d548-4bf7-9f25-010f2d432ac2 0.198s
2025-04-03 17:09:24.373 69659 INFO tempest.lib.common.rest_client [req-48ec2527-22fd-4db6-855c-4fa2c20925c5 req-48ec2527-22fd-4db6-855c-4fa2c20925c5 ] Request (ListImageFiltersTestJSON:setUpClass): 200 GET http://10.180.1.21/compute/v2.1/servers/364b0066-4618-46a3-b9ad-d6de006b1915 0.815s
2025-04-03 17:09:24.413 69669 INFO tempest.lib.common.rest_client [req-0821a489-6d2c-42a3-a702-521fe023a669 req-0821a489-6d2c-42a3-a702-521fe023a669 ] Request (ImagesTestJSON:test_create_image_from_suspended_server): 200 GET http://10.180.1.21/compute/v2.1/images/ca9b4384-db0a-4dde-9161-a55bc970bad0 0.664s
2025-04-03 17:09:24.586 69655 INFO tempest.lib.common.rest_client [req-08c74ea9-9e3e-4387-a14b-aeb307a27c90 req-08c74ea9-9e3e-4387-a14b-aeb307a27c90 ] Request (TenantUsagesTestJSON:tearDownClass): 200 GET http://10.180.1.21/compute/v2.1/servers/1744cdce-652c-4dbe-8584-b89938a3864f 0.670s
2025-04-03 17:09:24.658 69673 INFO tempest.lib.common.rest_client [req-3e7eaee2-7db1-4c8f-9365-a0342900e4cc req-3e7eaee2-7db1-4c8f-9365-a0342900e4cc ] Request (ServerGroupTestJSON:test_create_server_with_scheduler_hint_group): 200 GET http://10.180.1.21/compute/v2.1/servers/eb30b6b6-4f42-44ba-87db-0a51d6a71ba4 0.694s
2025-04-03 17:09:24.725 69661 INFO tempest.lib.common.rest_client [req-f754f31c-6234-4739-9bc6-c8aae1c82af2 req-f754f31c-6234-4739-9bc6-c8aae1c82af2 ] Request (ServersTestBootFromVolume:setUpClass): 200 GET http://10.180.1.21/compute/v2.1/servers/127c1dd1-2dbd-47ac-86e4-c048fca8eb91 0.748s
2025-04-03 17:09:24.773 69704 WARNING tempest.lib.common.ssh [-] Failed to establish authenticated ssh connection to cirros@10.180.180.192 ([Errno None] Unable to connect to port 22 on 10.180.180.192). Number attempts: 4. Retry after 5 seconds.: paramiko.ssh_exception.NoValidConnectionsError: [Errno None] Unable to connect to port 22 on 10.180.180.192
2025-04-03 17:09:24.794 69689 INFO tempest.lib.common.rest_client [req-3f2b34ba-f990-4f22-a060-a51aaef3c1a2 req-3f2b34ba-f990-4f22-a060-a51aaef3c1a2 ] Request (ServersNegativeTestJSON:setUpClass): 200 GET http://10.180.1.21/compute/v2.1/servers/86019ecc-ee00-4c00-be8e-b52c44fbec24 0.769s
2025-04-03 17:09:24.810 69717 INFO tempest.lib.common.rest_client [req-ca37513e-a300-4580-8185-5cb9a0ddc3cc req-ca37513e-a300-4580-8185-5cb9a0ddc3cc ] Request (ServerMetadataTestJSON:tearDownClass): 204 DELETE http://10.180.1.21:9696/networking/v2.0/networks/80303c5e-1720-40d9-b258-b9cb7315322d 0.583s
2025-04-03 17:09:24.862 69705 INFO tempest.lib.common.rest_client [req-8c22c622-b58f-49a6-80ad-abcca5f7d2f5 req-8c22c622-b58f-49a6-80ad-abcca5f7d2f5 ] Request (MigrationsAdminTest:test_resize_server_revert_deleted_flavor): 200 GET http://10.180.1.21/compute/v2.1/servers/58ab1dca-3b1c-4c13-9ba3-41c0d837fde4 0.770s
2025-04-03 17:09:24.920 69721 INFO tempest.lib.common.rest_client [req-2583d90c-3147-4c0c-a0c3-f46603117ea8 req-2583d90c-3147-4c0c-a0c3-f46603117ea8 ] Request (ListServersNegativeTestJSON:setUpClass): 200 GET http://10.180.1.21/compute/v2.1/servers/9379df58-35b0-41ee-b9cb-fc950fec49f1 0.757s
2025-04-03 17:09:24.931 69721 INFO tempest.common.waiters [-] State transition "BUILD/None" ==> "BUILD/networking" after 66 second wait
2025-04-03 17:09:24.952 69717 INFO tempest.lib.common.rest_client [req-34bd49ed-416d-4b0d-a22f-47002d164ec4 req-34bd49ed-416d-4b0d-a22f-47002d164ec4 ] Request (ServerMetadataTestJSON:tearDownClass): 204 DELETE http://10.180.1.21/identity/v3/users/e6d9a62958b84f64ab4231e4a3ec0eda 0.142s
2025-04-03 17:09:24.954 69717 INFO tempest.lib.common.dynamic_creds [-] Deleting project and security group for project: dfdd650f2cba468f8e184f653c527072
2025-04-03 17:09:25.002 69717 INFO tempest.lib.common.rest_client [req-349493ae-8c5d-463d-b6cb-e94f7a7f2477 req-349493ae-8c5d-463d-b6cb-e94f7a7f2477 ] Request (ServerMetadataTestJSON:tearDownClass): 200 GET http://10.180.1.21:9696/networking/v2.0/security-groups?tenant_id=dfdd650f2cba468f8e184f653c527072&name=default 0.047s
2025-04-03 17:09:25.008 69675 INFO tempest.lib.common.rest_client [req-05fb0daf-7477-4142-9d7a-486be724ca25 req-05fb0daf-7477-4142-9d7a-486be724ca25 ] Request (InstanceActionsV221TestJSON:test_get_list_deleted_instance_actions): 200 GET http://10.180.1.21/compute/v2.1/servers/eb3449ed-6ce9-4d3c-870f-289ace8fddb2 0.772s
2025-04-03 17:09:25.029 69653 WARNING tempest.lib.common.ssh [-] Failed to establish authenticated ssh connection to cirros@10.180.180.200 ([Errno None] Unable to connect to port 22 on 10.180.180.200). Number attempts: 4. Retry after 5 seconds.: paramiko.ssh_exception.NoValidConnectionsError: [Errno None] Unable to connect to port 22 on 10.180.180.200
2025-04-03 17:09:25.101 69683 INFO tempest.lib.common.rest_client [req-5d3d3408-0dec-4bba-93f6-d76e7b14a0ec req-5d3d3408-0dec-4bba-93f6-d76e7b14a0ec ] Request (ServerDiskConfigTestJSON:test_rebuild_server_with_auto_disk_config): 200 GET http://10.180.1.21/compute/v2.1/servers/5ad21001-95a6-46b9-bdb2-644c4a766a58 0.847s
2025-04-03 17:09:25.153 69680 INFO tempest.lib.common.rest_client [req-92019e7b-3884-4bef-905d-572edd3a3752 req-92019e7b-3884-4bef-905d-572edd3a3752 ] Request (ServersTestJSON:test_create_server_with_ipv6_addr_only): 200 GET http://10.180.1.21/compute/v2.1/servers/e7bc02ba-535f-4578-8f42-505da434a484 0.835s
2025-04-03 17:09:25.173 69717 INFO tempest.lib.common.rest_client [req-c0fda14d-8537-400a-9dba-855e818d52ec req-c0fda14d-8537-400a-9dba-855e818d52ec ] Request (ServerMetadataTestJSON:tearDownClass): 204 DELETE http://10.180.1.21:9696/networking/v2.0/security-groups/72ea4de1-c60b-40f1-964c-3fa0ae37dfa4 0.171s
2025-04-03 17:09:25.221 69677 INFO tempest.lib.common.rest_client [req-0a840324-a2f7-446c-88a2-9fa8227c9388 req-0a840324-a2f7-446c-88a2-9fa8227c9388 ] Request (ServerRescueTestJSONUnderV235:setUpClass): 200 GET http://10.180.1.21/compute/v2.1/servers/fa9f6daa-abe1-4e65-8ac6-e72809b41de5 0.888s
2025-04-03 17:09:25.268 69717 INFO tempest.lib.common.rest_client [req-85742a8b-d9fb-45b6-8409-aafac171db5a req-85742a8b-d9fb-45b6-8409-aafac171db5a ] Request (ServerMetadataTestJSON:tearDownClass): 204 DELETE http://10.180.1.21/identity/v3/projects/dfdd650f2cba468f8e184f653c527072 0.094s
2025-04-03 17:09:25.278 69665 INFO tempest.lib.common.rest_client [req-1723408f-3c93-4871-8142-520d2775330e req-1723408f-3c93-4871-8142-520d2775330e ] Request (FloatingIPsAssociationTestJSON:test_associate_already_associated_floating_ip): 200 GET http://10.180.1.21/compute/v2.1/servers/8600c957-3250-4f49-9a3c-da890a64084f 0.889s
2025-04-03 17:09:25.356 69663 INFO tempest.lib.common.rest_client [req-697615e5-fb5a-4be0-897b-b1d2a4929fa9 req-697615e5-fb5a-4be0-897b-b1d2a4929fa9 ] Request (ServersAdminTestJSON:test_inject_network_info): 200 GET http://10.180.1.21/compute/v2.1/servers/294e3f27-4dad-4b91-a213-38abfd7055c7 0.790s
2025-04-03 17:09:25.413 69681 INFO tempest.lib.common.rest_client [req-15bec57c-a118-44f9-8000-1aaffda6104d req-15bec57c-a118-44f9-8000-1aaffda6104d ] Request (SecurityGroupsTestJSON:test_list_security_groups_by_server): 200 GET http://10.180.1.21/compute/v2.1/servers/17490ab7-1e95-4189-b1ee-e969fd8b8627 0.773s
2025-04-03 17:09:25.482 69691 INFO tempest.lib.common.rest_client [req-d8f135bb-4256-4221-8bd8-d6ba755d9078 req-d8f135bb-4256-4221-8bd8-d6ba755d9078 ] Request (ImagesOneServerNegativeTestJSON:_run_cleanups): 200 GET http://10.180.1.21/compute/v2.1/servers/0548aaaf-1091-43d9-bd82-2358fdcd9ac1 0.549s
2025-04-03 17:09:25.542 69687 INFO tempest.lib.common.rest_client [req-d7f3cf9d-79b5-46a6-a592-449962f80867 req-d7f3cf9d-79b5-46a6-a592-449962f80867 ] Request (ServerMetadataNegativeTestJSON:setUpClass): 200 GET http://10.180.1.21/compute/v2.1/servers/a1e895cc-ee15-432b-96a9-c8cca13b44e4 0.525s
2025-04-03 17:09:25.609 69649 INFO tempest.lib.common.rest_client [req-6fa3d049-b480-4a42-b776-272026015826 req-6fa3d049-b480-4a42-b776-272026015826 ] Request (InstanceActionsTestJSON:setUpClass): 200 GET http://10.180.1.21/compute/v2.1/servers/72bca977-b708-4a51-89f9-6ba90e095e54 0.513s
2025-04-03 17:09:25.778 69659 INFO tempest.lib.common.rest_client [req-db8ecf60-53ec-443a-a9db-d0e44f38f6e9 req-db8ecf60-53ec-443a-a9db-d0e44f38f6e9 ] Request (ListImageFiltersTestJSON:setUpClass): 200 GET http://10.180.1.21/compute/v2.1/servers/364b0066-4618-46a3-b9ad-d6de006b1915 0.397s
2025-04-03 17:09:25.787 69659 INFO tempest.common.waiters [-] State transition "ACTIVE/image_uploading" ==> "ACTIVE/None" after 3 second wait
2025-04-03 17:09:25.817 69669 INFO tempest.lib.common.rest_client [req-cd41ad52-2327-4034-a427-3c8a0de254e3 req-cd41ad52-2327-4034-a427-3c8a0de254e3 ] Request (ImagesTestJSON:test_create_image_from_suspended_server): 200 GET http://10.180.1.21/compute/v2.1/images/ca9b4384-db0a-4dde-9161-a55bc970bad0 0.397s
2025-04-03 17:09:25.895 69655 INFO tempest.lib.common.rest_client [req-13d1a956-4faf-4c83-8c2d-ce98a6d424c5 req-13d1a956-4faf-4c83-8c2d-ce98a6d424c5 ] Request (TenantUsagesTestJSON:tearDownClass): 200 GET http://10.180.1.21/compute/v2.1/servers/1744cdce-652c-4dbe-8584-b89938a3864f 0.299s
2025-04-03 17:09:25.970 69673 INFO tempest.lib.common.rest_client [req-3c284b30-3a28-41e1-bd6e-69c310b75b85 req-3c284b30-3a28-41e1-bd6e-69c310b75b85 ] Request (ServerGroupTestJSON:test_create_server_with_scheduler_hint_group): 200 GET http://10.180.1.21/compute/v2.1/servers/eb30b6b6-4f42-44ba-87db-0a51d6a71ba4 0.300s
2025-04-03 17:09:26.060 69661 INFO tempest.lib.common.rest_client [req-e611ae73-4d9c-4b1c-b68a-a2d14d885b06 req-e611ae73-4d9c-4b1c-b68a-a2d14d885b06 ] Request (ServersTestBootFromVolume:setUpClass): 200 GET http://10.180.1.21/compute/v2.1/servers/127c1dd1-2dbd-47ac-86e4-c048fca8eb91 0.324s
2025-04-03 17:09:26.546 69659 INFO tempest.lib.common.rest_client [req-d8737b9e-0db5-40df-b747-33408e91af8e req-d8737b9e-0db5-40df-b747-33408e91af8e ] Request (ListImageFiltersTestJSON:setUpClass): 202 POST http://10.180.1.21/compute/v2.1/servers/c725101a-45b1-41c5-8d86-488c97c35a15/action 0.758s
2025-04-03 17:09:26.616 69689 INFO tempest.lib.common.rest_client [req-158bd545-a97f-4735-a6e0-a1c8faeb4b01 req-158bd545-a97f-4735-a6e0-a1c8faeb4b01 ] Request (ServersNegativeTestJSON:setUpClass): 200 GET http://10.180.1.21/compute/v2.1/servers/86019ecc-ee00-4c00-be8e-b52c44fbec24 0.803s
2025-04-03 17:09:26.686 69705 INFO tempest.lib.common.rest_client [req-cae18fce-a7db-439d-ae15-110001d669bf req-cae18fce-a7db-439d-ae15-110001d669bf ] Request (MigrationsAdminTest:test_resize_server_revert_deleted_flavor): 200 GET http://10.180.1.21/compute/v2.1/servers/58ab1dca-3b1c-4c13-9ba3-41c0d837fde4 0.813s
2025-04-03 17:09:26.921 69721 INFO tempest.lib.common.rest_client [req-8d14b939-0450-4909-bcbc-23c58da78725 req-8d14b939-0450-4909-bcbc-23c58da78725 ] Request (ListServersNegativeTestJSON:setUpClass): 200 GET http://10.180.1.21/compute/v2.1/servers/9379df58-35b0-41ee-b9cb-fc950fec49f1 0.989s
2025-04-03 17:09:26.932 69721 INFO tempest.common.waiters [-] State transition "BUILD/networking" ==> "BUILD/spawning" after 68 second wait
2025-04-03 17:09:26.978 69651 INFO tempest.lib.common.rest_client [req-96ebd495-1336-4b65-9d37-84dea719bf75 req-96ebd495-1336-4b65-9d37-84dea719bf75 ] Request (SecurityGroupsTestAdminJSON:test_list_security_groups_list_all_tenants_filter): 200 GET http://10.180.1.21/compute/v2.1/os-security-groups?all_tenants=true 3.803s
2025-04-03 17:09:27.008 69675 INFO tempest.lib.common.rest_client [req-56e96665-e43e-436c-9667-eee32759c6ef req-56e96665-e43e-436c-9667-eee32759c6ef ] Request (InstanceActionsV221TestJSON:test_get_list_deleted_instance_actions): 200 GET http://10.180.1.21/compute/v2.1/servers/eb3449ed-6ce9-4d3c-870f-289ace8fddb2 0.990s
2025-04-03 17:09:27.058 69683 INFO tempest.lib.common.rest_client [req-c0a80086-395a-4c6f-82b5-332c351c22d9 req-c0a80086-395a-4c6f-82b5-332c351c22d9 ] Request (ServerDiskConfigTestJSON:test_rebuild_server_with_auto_disk_config): 200 GET http://10.180.1.21/compute/v2.1/servers/5ad21001-95a6-46b9-bdb2-644c4a766a58 0.946s
2025-04-03 17:09:27.073 69680 INFO tempest.lib.common.rest_client [req-9aac0ada-1b69-490f-be32-99dec0c5415b req-9aac0ada-1b69-490f-be32-99dec0c5415b ] Request (ServersTestJSON:test_create_server_with_ipv6_addr_only): 200 GET http://10.180.1.21/compute/v2.1/servers/e7bc02ba-535f-4578-8f42-505da434a484 0.909s
2025-04-03 17:09:27.129 69677 INFO tempest.lib.common.rest_client [req-9ceee725-678b-473f-8236-e4f9a1181c95 req-9ceee725-678b-473f-8236-e4f9a1181c95 ] Request (ServerRescueTestJSONUnderV235:setUpClass): 200 GET http://10.180.1.21/compute/v2.1/servers/fa9f6daa-abe1-4e65-8ac6-e72809b41de5 0.901s
2025-04-03 17:09:27.148 69665 INFO tempest.lib.common.rest_client [req-cb754abb-3a4b-450b-ac58-51105815d69a req-cb754abb-3a4b-450b-ac58-51105815d69a ] Request (FloatingIPsAssociationTestJSON:test_associate_already_associated_floating_ip): 200 GET http://10.180.1.21/compute/v2.1/servers/8600c957-3250-4f49-9a3c-da890a64084f 0.862s
2025-04-03 17:09:27.186 69663 INFO tempest.lib.common.rest_client [req-0dbaf195-3327-4ffd-a48f-3142a2cac8ad req-0dbaf195-3327-4ffd-a48f-3142a2cac8ad ] Request (ServersAdminTestJSON:test_inject_network_info): 200 GET http://10.180.1.21/compute/v2.1/servers/294e3f27-4dad-4b91-a213-38abfd7055c7 0.820s
2025-04-03 17:09:27.208 69681 INFO tempest.lib.common.rest_client [req-ccf7b386-63e2-4890-969e-c5646ab43527 req-ccf7b386-63e2-4890-969e-c5646ab43527 ] Request (SecurityGroupsTestJSON:test_list_security_groups_by_server): 200 GET http://10.180.1.21/compute/v2.1/servers/17490ab7-1e95-4189-b1ee-e969fd8b8627 0.780s
2025-04-03 17:09:27.213 69691 INFO tempest.lib.common.rest_client [req-65b3ddb1-f116-4c25-b074-c095d45864f1 req-65b3ddb1-f116-4c25-b074-c095d45864f1 ] Request (ImagesOneServerNegativeTestJSON:_run_cleanups): 404 GET http://10.180.1.21/compute/v2.1/servers/0548aaaf-1091-43d9-bd82-2358fdcd9ac1 0.721s
2025-04-03 17:09:27.245 69659 INFO tempest.lib.common.rest_client [req-9d641fb1-a753-4ca5-8fc2-3c050b109ccb req-9d641fb1-a753-4ca5-8fc2-3c050b109ccb ] Request (ListImageFiltersTestJSON:setUpClass): 200 GET http://10.180.1.21/compute/v2.1/images/83f4671c-a4f2-4c13-bc8f-dade2ee37db3 0.696s
2025-04-03 17:09:27.267 69687 INFO tempest.lib.common.rest_client [req-52b1724a-9080-46e7-8371-ce935ee189ca req-52b1724a-9080-46e7-8371-ce935ee189ca ] Request (ServerMetadataNegativeTestJSON:setUpClass): 200 GET http://10.180.1.21/compute/v2.1/servers/a1e895cc-ee15-432b-96a9-c8cca13b44e4 0.713s
2025-04-03 17:09:27.298 69649 INFO tempest.lib.common.rest_client [req-a873b61c-7745-4fc6-93e1-45301e8d9829 req-a873b61c-7745-4fc6-93e1-45301e8d9829 ] Request (InstanceActionsTestJSON:setUpClass): 200 GET http://10.180.1.21/compute/v2.1/servers/72bca977-b708-4a51-89f9-6ba90e095e54 0.679s
2025-04-03 17:09:27.310 69669 INFO tempest.lib.common.rest_client [req-3afe0491-9913-4686-a980-e7d78139f369 req-3afe0491-9913-4686-a980-e7d78139f369 ] Request (ImagesTestJSON:test_create_image_from_suspended_server): 200 GET http://10.180.1.21/compute/v2.1/images/ca9b4384-db0a-4dde-9161-a55bc970bad0 0.487s
2025-04-03 17:09:27.357 69655 INFO tempest.lib.common.rest_client [req-2aff33a0-a775-439d-8acf-f40abde604de req-2aff33a0-a775-439d-8acf-f40abde604de ] Request (TenantUsagesTestJSON:tearDownClass): 200 GET http://10.180.1.21/compute/v2.1/servers/1744cdce-652c-4dbe-8584-b89938a3864f 0.450s
2025-04-03 17:09:27.364 69655 INFO tempest.common.waiters [-] State transition "ACTIVE/deleting" ==> "DELETED/None" after 5 second wait
2025-04-03 17:09:27.373 69673 INFO tempest.lib.common.rest_client [req-227a667c-c398-44ce-800c-01c8b4d9e3f0 req-227a667c-c398-44ce-800c-01c8b4d9e3f0 ] Request (ServerGroupTestJSON:test_create_server_with_scheduler_hint_group): 200 GET http://10.180.1.21/compute/v2.1/servers/eb30b6b6-4f42-44ba-87db-0a51d6a71ba4 0.392s
2025-04-03 17:09:27.442 69661 INFO tempest.lib.common.rest_client [req-3f299c7d-89e8-48ab-8c8c-0335d4a3ae4d req-3f299c7d-89e8-48ab-8c8c-0335d4a3ae4d ] Request (ServersTestBootFromVolume:setUpClass): 200 GET http://10.180.1.21/compute/v2.1/servers/127c1dd1-2dbd-47ac-86e4-c048fca8eb91 0.370s
2025-04-03 17:09:27.468 69651 INFO tempest.lib.common.rest_client [req-d2e25785-32b9-4719-83c9-3c1958e3b60d req-d2e25785-32b9-4719-83c9-3c1958e3b60d ] Request (SecurityGroupsTestAdminJSON:test_list_security_groups_list_all_tenants_filter): 200 GET http://10.180.1.21/compute/v2.1/os-security-groups?all_tenants=true 0.477s
2025-04-03 17:09:27.479 69691 INFO tempest.lib.common.rest_client [req-4b89278c-ebce-4f7b-b7c2-e564d61fb625 req-4b89278c-ebce-4f7b-b7c2-e564d61fb625 ] Request (ImagesOneServerNegativeTestJSON:_run_cleanups): 200 POST http://10.180.1.21/compute/v2.1/os-keypairs 0.264s
2025-04-03 17:09:27.637 69651 INFO tempest.lib.common.rest_client [req-97050142-08cf-4d6b-ba13-37a511fdb951 req-97050142-08cf-4d6b-ba13-37a511fdb951 ] Request (SecurityGroupsTestAdminJSON:_run_cleanups): 202 DELETE http://10.180.1.21/compute/v2.1/os-security-groups/f2aabec9-7cb4-4a86-8f98-6add08a7cad1 0.165s
2025-04-03 17:09:27.653 69691 INFO tempest.lib.common.rest_client [req-949e79a4-e8dc-4766-9076-cb81fc84728b req-949e79a4-e8dc-4766-9076-cb81fc84728b ] Request (ImagesOneServerNegativeTestJSON:_run_cleanups): 201 POST http://10.180.1.21:9696/networking/v2.0/security-groups 0.172s
2025-04-03 17:09:27.703 69689 INFO tempest.lib.common.rest_client [req-55adc863-662e-4a7e-894f-4f3bb8ed2521 req-55adc863-662e-4a7e-894f-4f3bb8ed2521 ] Request (ServersNegativeTestJSON:setUpClass): 200 GET http://10.180.1.21/compute/v2.1/servers/86019ecc-ee00-4c00-be8e-b52c44fbec24 0.075s
2025-04-03 17:09:27.754 69691 INFO tempest.lib.common.rest_client [req-32bdff50-3ae2-4db2-ac44-1c615d57bf48 req-32bdff50-3ae2-4db2-ac44-1c615d57bf48 ] Request (ImagesOneServerNegativeTestJSON:_run_cleanups): 201 POST http://10.180.1.21:9696/networking/v2.0/security-group-rules 0.100s
2025-04-03 17:09:27.757 69705 INFO tempest.lib.common.rest_client [req-5961caed-7668-45fd-8dcf-2fb85b6cb54e req-5961caed-7668-45fd-8dcf-2fb85b6cb54e ] Request (MigrationsAdminTest:test_resize_server_revert_deleted_flavor): 200 GET http://10.180.1.21/compute/v2.1/servers/58ab1dca-3b1c-4c13-9ba3-41c0d837fde4 0.061s
2025-04-03 17:09:27.766 69651 INFO tempest.lib.common.rest_client [req-373a8e43-ab6e-4249-9d94-e23a2b8b4f3a req-373a8e43-ab6e-4249-9d94-e23a2b8b4f3a ] Request (SecurityGroupsTestAdminJSON:_run_cleanups): 202 DELETE http://10.180.1.21/compute/v2.1/os-security-groups/3bb6b5db-f78b-47c6-b5e7-c02d114910be 0.128s
2025-04-03 17:09:27.834 69691 INFO tempest.lib.common.rest_client [req-fd784b40-7aa8-4784-b586-eba476e97d55 req-fd784b40-7aa8-4784-b586-eba476e97d55 ] Request (ImagesOneServerNegativeTestJSON:_run_cleanups): 201 POST http://10.180.1.21:9696/networking/v2.0/security-group-rules 0.080s
2025-04-03 17:09:27.863 69651 INFO tempest.lib.common.rest_client [req-aea87448-9f37-40dc-ac48-243834f9ae16 req-aea87448-9f37-40dc-ac48-243834f9ae16 ] Request (SecurityGroupsTestAdminJSON:_run_cleanups): 202 DELETE http://10.180.1.21/compute/v2.1/os-security-groups/006a0ba6-51e2-496c-86ed-50ccbe619874 0.096s
2025-04-03 17:09:27.974 69651 INFO tempest.lib.common.rest_client [req-e5314b05-f795-4116-b26a-bb2e76b9aa60 req-e5314b05-f795-4116-b26a-bb2e76b9aa60 ] Request (SecurityGroupsTestAdminJSON:_run_cleanups): 202 DELETE http://10.180.1.21/compute/v2.1/os-security-groups/b674a483-ae11-4a75-93af-13ccc0ae58b8 0.111s
2025-04-03 17:09:28.048 69721 INFO tempest.lib.common.rest_client [req-c2d08371-010a-42a2-9a1e-16cb826bafed req-c2d08371-010a-42a2-9a1e-16cb826bafed ] Request (ListServersNegativeTestJSON:setUpClass): 200 GET http://10.180.1.21/compute/v2.1/servers/9379df58-35b0-41ee-b9cb-fc950fec49f1 0.115s
2025-04-03 17:09:28.090 69675 INFO tempest.lib.common.rest_client [req-fe75336e-59f8-4184-864c-c12fb26b06f3 req-fe75336e-59f8-4184-864c-c12fb26b06f3 ] Request (InstanceActionsV221TestJSON:test_get_list_deleted_instance_actions): 200 GET http://10.180.1.21/compute/v2.1/servers/eb3449ed-6ce9-4d3c-870f-289ace8fddb2 0.072s
2025-04-03 17:09:28.097 69651 INFO tempest.lib.common.rest_client [req-c1178bc4-cb03-4343-9f19-7241f25649da req-c1178bc4-cb03-4343-9f19-7241f25649da ] Request (SecurityGroupsTestAdminJSON:tearDownClass): 204 DELETE http://10.180.1.21/identity/v3/users/a53bb3770a9e4e05978f515e8bc7b9c1 0.122s
2025-04-03 17:09:28.131 69683 INFO tempest.lib.common.rest_client [req-16a71c85-2b74-4819-ada5-ca55e6c51ce1 req-16a71c85-2b74-4819-ada5-ca55e6c51ce1 ] Request (ServerDiskConfigTestJSON:test_rebuild_server_with_auto_disk_config): 200 GET http://10.180.1.21/compute/v2.1/servers/5ad21001-95a6-46b9-bdb2-644c4a766a58 0.065s
2025-04-03 17:09:28.147 69680 INFO tempest.lib.common.rest_client [req-99336d63-402f-4ac6-b9e6-06feb6e8f124 req-99336d63-402f-4ac6-b9e6-06feb6e8f124 ] Request (ServersTestJSON:test_create_server_with_ipv6_addr_only): 200 GET http://10.180.1.21/compute/v2.1/servers/e7bc02ba-535f-4578-8f42-505da434a484 0.063s
2025-04-03 17:09:28.208 69677 INFO tempest.lib.common.rest_client [req-a826cd3e-03e0-4e6d-b6c0-260fb45de45f req-a826cd3e-03e0-4e6d-b6c0-260fb45de45f ] Request (ServerRescueTestJSONUnderV235:setUpClass): 200 GET http://10.180.1.21/compute/v2.1/servers/fa9f6daa-abe1-4e65-8ac6-e72809b41de5 0.068s
2025-04-03 17:09:28.224 69651 INFO tempest.lib.common.rest_client [req-5a07ff05-17dd-43d5-89a4-6b61dd0aa1f0 req-5a07ff05-17dd-43d5-89a4-6b61dd0aa1f0 ] Request (SecurityGroupsTestAdminJSON:tearDownClass): 204 DELETE http://10.180.1.21/identity/v3/users/317f46d4f8454f4e8b6fb5803912aeb8 0.127s
2025-04-03 17:09:28.225 69651 INFO tempest.lib.common.dynamic_creds [-] Deleting project and security group for project: bef87272c6ed4b898af76e4dbbf1037c
2025-04-03 17:09:28.239 69665 INFO tempest.lib.common.rest_client [req-bfb6267c-6192-4be8-b853-682d7fb7a88a req-bfb6267c-6192-4be8-b853-682d7fb7a88a ] Request (FloatingIPsAssociationTestJSON:test_associate_already_associated_floating_ip): 200 GET http://10.180.1.21/compute/v2.1/servers/8600c957-3250-4f49-9a3c-da890a64084f 0.082s
2025-04-03 17:09:28.263 69663 INFO tempest.lib.common.rest_client [req-bff2154f-089a-4466-a894-90f6999128e2 req-bff2154f-089a-4466-a894-90f6999128e2 ] Request (ServersAdminTestJSON:test_inject_network_info): 200 GET http://10.180.1.21/compute/v2.1/servers/294e3f27-4dad-4b91-a213-38abfd7055c7 0.069s
2025-04-03 17:09:28.292 69651 INFO tempest.lib.common.rest_client [req-1b1c7b16-d35e-4075-9fa4-4a0e0ec457fa req-1b1c7b16-d35e-4075-9fa4-4a0e0ec457fa ] Request (SecurityGroupsTestAdminJSON:tearDownClass): 201 POST http://10.180.1.21/identity/v3/auth/tokens 0.066s
2025-04-03 17:09:28.298 69659 INFO tempest.lib.common.rest_client [req-3f149e77-851e-4db4-a687-75d1e0b666c6 req-3f149e77-851e-4db4-a687-75d1e0b666c6 ] Request (ListImageFiltersTestJSON:setUpClass): 200 GET http://10.180.1.21/compute/v2.1/images/83f4671c-a4f2-4c13-bc8f-dade2ee37db3 0.046s
2025-04-03 17:09:28.300 69681 INFO tempest.lib.common.rest_client [req-71e05fb1-b11b-4ca2-a847-536554bd219f req-71e05fb1-b11b-4ca2-a847-536554bd219f ] Request (SecurityGroupsTestJSON:test_list_security_groups_by_server): 200 GET http://10.180.1.21/compute/v2.1/servers/17490ab7-1e95-4189-b1ee-e969fd8b8627 0.079s
2025-04-03 17:09:28.323 69691 INFO tempest.lib.common.rest_client [req-b6bee627-027f-4bc6-9d1c-b8089a2a8a4f req-b6bee627-027f-4bc6-9d1c-b8089a2a8a4f ] Request (ImagesOneServerNegativeTestJSON:_run_cleanups): 201 POST http://10.180.1.21:9696/networking/v2.0/floatingips 0.488s
2025-04-03 17:09:28.353 69687 INFO tempest.lib.common.rest_client [req-980a84c8-f476-4c11-8a89-fc8bf8b3c61a req-980a84c8-f476-4c11-8a89-fc8bf8b3c61a ] Request (ServerMetadataNegativeTestJSON:setUpClass): 200 GET http://10.180.1.21/compute/v2.1/servers/a1e895cc-ee15-432b-96a9-c8cca13b44e4 0.079s
2025-04-03 17:09:28.374 69649 INFO tempest.lib.common.rest_client [req-70648647-be88-43b5-a33a-f1b007cf8402 req-70648647-be88-43b5-a33a-f1b007cf8402 ] Request (InstanceActionsTestJSON:setUpClass): 200 GET http://10.180.1.21/compute/v2.1/servers/72bca977-b708-4a51-89f9-6ba90e095e54 0.067s
2025-04-03 17:09:28.388 69651 INFO tempest.lib.common.rest_client [req-162071e5-cb57-41c4-a018-535e8612cce6 req-162071e5-cb57-41c4-a018-535e8612cce6 ] Request (SecurityGroupsTestAdminJSON:tearDownClass): 200 GET http://10.180.1.21:9696/networking/v2.0/security-groups?tenant_id=bef87272c6ed4b898af76e4dbbf1037c&name=default 0.096s
2025-04-03 17:09:28.391 69691 INFO tempest.lib.common.rest_client [req-b598bb3f-cb72-4f7f-bfba-b670e55f0491 req-b598bb3f-cb72-4f7f-bfba-b670e55f0491 ] Request (ImagesOneServerNegativeTestJSON:_run_cleanups): 201 POST http://10.180.1.21/identity/v3/auth/tokens 0.065s
2025-04-03 17:09:28.392 69691 INFO tempest.lib.common.fixed_network [-] (ImagesOneServerNegativeTestJSON:_run_cleanups) Found network {'id': 'aa3558a0-caf8-4700-ae08-f245eef06d2d', 'name': 'tempest-ImagesOneServerNegativeTestJSON-1342519553-network', 'tenant_id': 'e6561256c99c41c486b33b4e909ce501', 'admin_state_up': True, 'mtu': 8950, 'status': 'ACTIVE', 'subnets': [], 'shared': False, 'project_id': 'e6561256c99c41c486b33b4e909ce501', 'port_security_enabled': True, 'router:external': False, 'provider:network_type': 'vlan', 'provider:physical_network': 'default', 'provider:segmentation_id': 347, 'availability_zone_hints': [], 'availability_zones': [], 'ipv4_address_scope': None, 'ipv6_address_scope': None, 'description': '', 'tags': [], 'created_at': '2025-04-03T17:07:49Z', 'updated_at': '2025-04-03T17:07:49Z', 'revision_number': 1} available for tenant
2025-04-03 17:09:28.392 69669 INFO tempest.lib.common.rest_client [req-5f64edde-4795-47b4-a91e-dd40c799f4ff req-5f64edde-4795-47b4-a91e-dd40c799f4ff ] Request (ImagesTestJSON:test_create_image_from_suspended_server): 200 GET http://10.180.1.21/compute/v2.1/images/ca9b4384-db0a-4dde-9161-a55bc970bad0 0.076s
2025-04-03 17:09:28.455 69655 INFO tempest.lib.common.rest_client [req-0ec7abd1-e790-4457-8c53-e871a825b16c req-0ec7abd1-e790-4457-8c53-e871a825b16c ] Request (TenantUsagesTestJSON:tearDownClass): 200 GET http://10.180.1.21/compute/v2.1/servers/1744cdce-652c-4dbe-8584-b89938a3864f 0.090s
2025-04-03 17:09:28.469 69673 INFO tempest.lib.common.rest_client [req-c8895790-72c3-48ab-8ba2-d83f6c3d11ac req-c8895790-72c3-48ab-8ba2-d83f6c3d11ac ] Request (ServerGroupTestJSON:test_create_server_with_scheduler_hint_group): 200 GET http://10.180.1.21/compute/v2.1/servers/eb30b6b6-4f42-44ba-87db-0a51d6a71ba4 0.087s
2025-04-03 17:09:28.505 69669 INFO tempest.lib.common.rest_client [req-0aab7b9d-74f1-4463-9284-ab1159e9b4d8 req-0aab7b9d-74f1-4463-9284-ab1159e9b4d8 ] Request (ImagesTestJSON:test_create_image_from_suspended_server): 200 GET http://10.180.1.21/compute/v2.1/images/ca9b4384-db0a-4dde-9161-a55bc970bad0 0.106s
2025-04-03 17:09:28.534 69669 INFO tempest.lib.common.rest_client [req-aefcb857-23fd-404d-9e4b-69fb0d595d9d req-aefcb857-23fd-404d-9e4b-69fb0d595d9d ] Request (ImagesTestJSON:test_create_image_from_suspended_server): 200 GET http://10.180.1.21/image/v2/images/ca9b4384-db0a-4dde-9161-a55bc970bad0/tasks 0.023s
2025-04-03 17:09:28.544 69651 INFO tempest.lib.common.rest_client [req-9c7b0d31-f036-4af8-a053-875a4c2a7cb3 req-9c7b0d31-f036-4af8-a053-875a4c2a7cb3 ] Request (SecurityGroupsTestAdminJSON:tearDownClass): 204 DELETE http://10.180.1.21:9696/networking/v2.0/security-groups/ef53b7de-8e07-4091-9c65-fa6a73eb1b4d 0.155s
2025-04-03 17:09:28.568 69661 INFO tempest.lib.common.rest_client [req-f84c8fd8-0e5d-42b3-b0d2-046e02a155d3 req-f84c8fd8-0e5d-42b3-b0d2-046e02a155d3 ] Request (ServersTestBootFromVolume:setUpClass): 200 GET http://10.180.1.21/compute/v2.1/servers/127c1dd1-2dbd-47ac-86e4-c048fca8eb91 0.118s
2025-04-03 17:09:28.625 69651 INFO tempest.lib.common.rest_client [req-45c30170-4f26-44c9-a94c-d0a678ffad9c req-45c30170-4f26-44c9-a94c-d0a678ffad9c ] Request (SecurityGroupsTestAdminJSON:tearDownClass): 204 DELETE http://10.180.1.21/identity/v3/projects/bef87272c6ed4b898af76e4dbbf1037c 0.081s
2025-04-03 17:09:28.626 69651 INFO tempest.lib.common.dynamic_creds [-] Deleting project and security group for project: 656b9681a91d45a2b9628532ea101055
2025-04-03 17:09:28.675 69651 INFO tempest.lib.common.rest_client [req-58bace65-8b0c-4dc0-b82b-3c5c12e11690 req-58bace65-8b0c-4dc0-b82b-3c5c12e11690 ] Request (SecurityGroupsTestAdminJSON:tearDownClass): 200 GET http://10.180.1.21:9696/networking/v2.0/security-groups?tenant_id=656b9681a91d45a2b9628532ea101055&name=default 0.049s
2025-04-03 17:09:28.677 69667 WARNING tempest.lib.common.ssh [-] Failed to establish authenticated ssh connection to cirros@10.180.180.151 ([Errno None] Unable to connect to port 22 on 10.180.180.151). Number attempts: 10. Retry after 11 seconds.: paramiko.ssh_exception.NoValidConnectionsError: [Errno None] Unable to connect to port 22 on 10.180.180.151
2025-04-03 17:09:28.680 69669 INFO tempest.lib.common.rest_client [req-ce57e78d-c9ea-4a44-9a68-f413b9b575ae req-ce57e78d-c9ea-4a44-9a68-f413b9b575ae ] Request (ImagesTestJSON:_run_cleanups): 204 DELETE http://10.180.1.21/compute/v2.1/images/ca9b4384-db0a-4dde-9161-a55bc970bad0 0.146s
2025-04-03 17:09:28.767 69669 INFO tempest.lib.common.rest_client [req-0ff25e76-047e-45a9-bb68-a3d5e16c005b req-0ff25e76-047e-45a9-bb68-a3d5e16c005b ] Request (ImagesTestJSON:_run_cleanups): 204 DELETE http://10.180.1.21/compute/v2.1/servers/39262040-319f-4c92-bc23-0a83719f73ef 0.086s
2025-04-03 17:09:28.799 69651 INFO tempest.lib.common.rest_client [req-2397ea76-2364-4aa2-b532-273fa7cb15e3 req-2397ea76-2364-4aa2-b532-273fa7cb15e3 ] Request (SecurityGroupsTestAdminJSON:tearDownClass): 204 DELETE http://10.180.1.21:9696/networking/v2.0/security-groups/bd88cd4c-5019-4d24-973f-1e25a4babd1b 0.123s
2025-04-03 17:09:28.826 69689 INFO tempest.lib.common.rest_client [req-cd7873fa-7c8a-416a-b429-f36a29bf2810 req-cd7873fa-7c8a-416a-b429-f36a29bf2810 ] Request (ServersNegativeTestJSON:setUpClass): 200 GET http://10.180.1.21/compute/v2.1/servers/86019ecc-ee00-4c00-be8e-b52c44fbec24 0.114s
2025-04-03 17:09:28.834 69689 INFO tempest.common.waiters [-] State transition "BUILD/scheduling" ==> "BUILD/None" after 38 second wait
2025-04-03 17:09:28.839 69669 INFO tempest.lib.common.rest_client [req-6728153d-1d19-4500-9e2a-acee8578bbaf req-6728153d-1d19-4500-9e2a-acee8578bbaf ] Request (ImagesTestJSON:test_create_server_from_snapshot): 201 POST http://10.180.1.21/identity/v3/auth/tokens 0.068s
2025-04-03 17:09:28.840 69669 INFO tempest.lib.common.fixed_network [-] (ImagesTestJSON:test_create_server_from_snapshot) Found network {'id': '4d0851d7-a544-43ec-90d8-f3363f4ecff9', 'name': 'tempest-ImagesTestJSON-412144517-network', 'tenant_id': 'a8c94487549740758b50d6ee43d5da2f', 'admin_state_up': True, 'mtu': 8950, 'status': 'ACTIVE', 'subnets': [], 'shared': False, 'project_id': 'a8c94487549740758b50d6ee43d5da2f', 'port_security_enabled': True, 'router:external': False, 'provider:network_type': 'vlan', 'provider:physical_network': 'default', 'provider:segmentation_id': 74, 'availability_zone_hints': [], 'availability_zones': [], 'ipv4_address_scope': None, 'ipv6_address_scope': None, 'description': '', 'tags': [], 'created_at': '2025-04-03T17:07:05Z', 'updated_at': '2025-04-03T17:07:05Z', 'revision_number': 1} available for tenant
2025-04-03 17:09:28.873 69705 INFO tempest.lib.common.rest_client [req-13a8958c-9a6f-4187-b680-75ef67f33b3e req-13a8958c-9a6f-4187-b680-75ef67f33b3e ] Request (MigrationsAdminTest:test_resize_server_revert_deleted_flavor): 200 GET http://10.180.1.21/compute/v2.1/servers/58ab1dca-3b1c-4c13-9ba3-41c0d837fde4 0.106s
2025-04-03 17:09:28.888 69691 INFO tempest.lib.common.rest_client [req-28c0fb58-2d88-442d-bca1-fccb5a719bda req-28c0fb58-2d88-442d-bca1-fccb5a719bda ] Request (ImagesOneServerNegativeTestJSON:_run_cleanups): 202 POST http://10.180.1.21/compute/v2.1/servers 0.496s
2025-04-03 17:09:28.897 69651 INFO tempest.lib.common.rest_client [req-cac38f28-1537-4a49-abeb-352ab07705f6 req-cac38f28-1537-4a49-abeb-352ab07705f6 ] Request (SecurityGroupsTestAdminJSON:tearDownClass): 204 DELETE http://10.180.1.21/identity/v3/projects/656b9681a91d45a2b9628532ea101055 0.098s
2025-04-03 17:09:28.939 69691 INFO tempest.lib.common.rest_client [req-2c290cd6-e08b-453c-9552-36852696b947 req-2c290cd6-e08b-453c-9552-36852696b947 ] Request (ImagesOneServerNegativeTestJSON:_run_cleanups): 200 GET http://10.180.1.21/compute/v2.1/servers/eee824c9-2c0e-4fff-93d5-78c87c9fc974 0.049s
2025-04-03 17:09:28.977 69651 INFO tempest.lib.common.rest_client [req-3be91809-5adc-4ede-80cb-0b4bbc31140e req-3be91809-5adc-4ede-80cb-0b4bbc31140e ] Request (ServersAdminNegativeTestJSON:setUpClass): 201 POST http://10.180.1.21/identity/v3/auth/tokens 0.078s
2025-04-03 17:09:29.005 69651 INFO tempest.lib.common.rest_client [req-f3725dd7-905b-49b1-b462-3676a6ec110a req-f3725dd7-905b-49b1-b462-3676a6ec110a ] Request (ServersAdminNegativeTestJSON:setUpClass): 201 POST http://10.180.1.21/identity/v3/auth/tokens 0.025s
2025-04-03 17:09:29.032 69651 INFO tempest.lib.common.rest_client [req-9df4e8e5-dfa2-400e-b3a0-0cd9e9f528d3 req-9df4e8e5-dfa2-400e-b3a0-0cd9e9f528d3 ] Request (ServersAdminNegativeTestJSON:setUpClass): 200 GET http://10.180.1.21/identity/v3/domains?name=Default 0.026s
2025-04-03 17:09:29.057 69651 INFO tempest.lib.common.rest_client [req-ae33b82f-9576-4d19-8c4d-1e12718a6dc5 req-ae33b82f-9576-4d19-8c4d-1e12718a6dc5 ] Request (ServersAdminNegativeTestJSON:setUpClass): 201 POST http://10.180.1.21/identity/v3/projects 0.025s
2025-04-03 17:09:29.116 69651 INFO tempest.lib.common.rest_client [req-0a8dc10b-d44c-47cf-aebb-01b6b3da9c5c req-0a8dc10b-d44c-47cf-aebb-01b6b3da9c5c ] Request (ServersAdminNegativeTestJSON:setUpClass): 201 POST http://10.180.1.21/identity/v3/users 0.058s
2025-04-03 17:09:29.137 69651 INFO tempest.lib.common.rest_client [req-5e872322-ecff-4a86-a527-8a970b5869d3 req-5e872322-ecff-4a86-a527-8a970b5869d3 ] Request (ServersAdminNegativeTestJSON:setUpClass): 200 GET http://10.180.1.21/identity/v3/roles 0.021s
2025-04-03 17:09:29.165 69651 INFO tempest.lib.common.rest_client [req-07c84900-fe24-4482-a424-cc8fa9de2015 req-07c84900-fe24-4482-a424-cc8fa9de2015 ] Request (ServersAdminNegativeTestJSON:setUpClass): 204 PUT http://10.180.1.21/identity/v3/projects/b8eda62f20a14c5dac156cfec8c7e4ce/users/1e203e9b9677432a84eb39c118b8ff16/roles/247f20c4939449e1b7cbcd6baf00b41d 0.027s
2025-04-03 17:09:29.165 69651 INFO tempest.lib.common.dynamic_creds [-] Dynamic test user 1e203e9b9677432a84eb39c118b8ff16 is created with scope project and roles: ['member']
2025-04-03 17:09:29.165 69651 INFO tempest.lib.common.dynamic_creds [-] Acquired dynamic creds: credentials: Credentials: {'domain_id': 'default', 'domain_name': 'Default', 'username': 'tempest-ServersAdminNegativeTestJSON-1541888818-project-member', 'project_domain_id': 'default', 'project_domain_name': 'Default', 'project_id': 'b8eda62f20a14c5dac156cfec8c7e4ce', 'project_name': 'tempest-ServersAdminNegativeTestJSON-1541888818', 'tenant_id': 'b8eda62f20a14c5dac156cfec8c7e4ce', 'tenant_name': 'tempest-ServersAdminNegativeTestJSON-1541888818', 'user_domain_id': 'default', 'user_domain_name': 'Default', 'user_id': '1e203e9b9677432a84eb39c118b8ff16', 'system': None}, Network: None, Subnet: None, Router: None
2025-04-03 17:09:29.165 69651 INFO tempest.lib.common.dynamic_creds [-] Created isolated network resources for: credentials: Credentials: {'domain_id': 'default', 'domain_name': 'Default', 'username': 'tempest-ServersAdminNegativeTestJSON-1541888818-project-member', 'project_domain_id': 'default', 'project_domain_name': 'Default', 'project_id': 'b8eda62f20a14c5dac156cfec8c7e4ce', 'project_name': 'tempest-ServersAdminNegativeTestJSON-1541888818', 'tenant_id': 'b8eda62f20a14c5dac156cfec8c7e4ce', 'tenant_name': 'tempest-ServersAdminNegativeTestJSON-1541888818', 'user_domain_id': 'default', 'user_domain_name': 'Default', 'user_id': '1e203e9b9677432a84eb39c118b8ff16', 'system': None}, Network: None, Subnet: None, Router: None
2025-04-03 17:09:29.193 69721 INFO tempest.lib.common.rest_client [req-8257e917-ab4f-4ff0-aef6-1a7fabe49dcb req-8257e917-ab4f-4ff0-aef6-1a7fabe49dcb ] Request (ListServersNegativeTestJSON:setUpClass): 200 GET http://10.180.1.21/compute/v2.1/servers/9379df58-35b0-41ee-b9cb-fc950fec49f1 0.134s
2025-04-03 17:09:29.251 69651 INFO tempest.lib.common.rest_client [req-211835ce-0aa4-4083-bd38-cdf60e7bf74d req-211835ce-0aa4-4083-bd38-cdf60e7bf74d ] Request (ServersAdminNegativeTestJSON:setUpClass): 201 POST http://10.180.1.21/identity/v3/auth/tokens 0.083s
2025-04-03 17:09:29.257 69669 INFO tempest.lib.common.rest_client [req-e77e4e7e-5d94-4251-879f-e93f92ca7030 req-e77e4e7e-5d94-4251-879f-e93f92ca7030 ] Request (ImagesTestJSON:test_create_server_from_snapshot): 202 POST http://10.180.1.21/compute/v2.1/servers 0.417s
2025-04-03 17:09:29.269 69675 INFO tempest.lib.common.rest_client [req-f033a731-a341-4e7c-a96f-1330a9989ed8 req-f033a731-a341-4e7c-a96f-1330a9989ed8 ] Request (InstanceActionsV221TestJSON:test_get_list_deleted_instance_actions): 200 GET http://10.180.1.21/compute/v2.1/servers/eb3449ed-6ce9-4d3c-870f-289ace8fddb2 0.166s
2025-04-03 17:09:29.318 69683 INFO tempest.lib.common.rest_client [req-0fdcf5a0-f6d2-400c-98c5-44a9760bafab req-0fdcf5a0-f6d2-400c-98c5-44a9760bafab ] Request (ServerDiskConfigTestJSON:test_rebuild_server_with_auto_disk_config): 200 GET http://10.180.1.21/compute/v2.1/servers/5ad21001-95a6-46b9-bdb2-644c4a766a58 0.178s
2025-04-03 17:09:29.339 69680 INFO tempest.lib.common.rest_client [req-ad4a86af-b34d-4396-9450-f0336fe4b8ee req-ad4a86af-b34d-4396-9450-f0336fe4b8ee ] Request (ServersTestJSON:test_create_server_with_ipv6_addr_only): 200 GET http://10.180.1.21/compute/v2.1/servers/e7bc02ba-535f-4578-8f42-505da434a484 0.176s
2025-04-03 17:09:29.342 69651 INFO tempest.lib.common.rest_client [req-3ac08dd7-c5bd-464b-8fda-6cc96c3ef5ee req-3ac08dd7-c5bd-464b-8fda-6cc96c3ef5ee ] Request (ServersAdminNegativeTestJSON:setUpClass): 201 POST http://10.180.1.21/identity/v3/projects 0.090s
2025-04-03 17:09:29.348 69657 WARNING tempest.lib.common.ssh [-] Failed to establish authenticated ssh connection to cirros@10.180.180.207 ([Errno None] Unable to connect to port 22 on 10.180.180.207). Number attempts: 10. Retry after 11 seconds.: paramiko.ssh_exception.NoValidConnectionsError: [Errno None] Unable to connect to port 22 on 10.180.180.207
2025-04-03 17:09:29.381 69677 INFO tempest.lib.common.rest_client [req-64e3cdb3-ed67-482b-9e23-0af2c728a82c req-64e3cdb3-ed67-482b-9e23-0af2c728a82c ] Request (ServerRescueTestJSONUnderV235:setUpClass): 200 GET http://10.180.1.21/compute/v2.1/servers/fa9f6daa-abe1-4e65-8ac6-e72809b41de5 0.161s
2025-04-03 17:09:29.397 69665 INFO tempest.lib.common.rest_client [req-07771776-480b-4036-9c30-cc6f44445471 req-07771776-480b-4036-9c30-cc6f44445471 ] Request (FloatingIPsAssociationTestJSON:test_associate_already_associated_floating_ip): 200 GET http://10.180.1.21/compute/v2.1/servers/8600c957-3250-4f49-9a3c-da890a64084f 0.151s
2025-04-03 17:09:29.415 69651 INFO tempest.lib.common.rest_client [req-90fa63b8-9018-473b-9bf9-1337decbc7ee req-90fa63b8-9018-473b-9bf9-1337decbc7ee ] Request (ServersAdminNegativeTestJSON:setUpClass): 201 POST http://10.180.1.21/identity/v3/users 0.072s
