2025-04-03 17:10:25.182 69659 INFO tempest.lib.common.rest_client [req-d100f51b-50c7-486d-b509-8adbed1bb465 req-d100f51b-50c7-486d-b509-8adbed1bb465 ] Request (ListImageFiltersTestJSON:tearDownClass): 204 DELETE http://10.180.1.21/compute/v2.1/images/833993ac-1446-40dd-ba92-45e3bb95bda2 0.860s
2025-04-03 17:10:25.195 69673 INFO tempest.lib.common.rest_client [req-10b3c367-a699-412a-b9d5-091dcefc51dd req-10b3c367-a699-412a-b9d5-091dcefc51dd ] Request (ServerGroupTestJSON:tearDownClass): 404 DELETE http://10.180.1.21/compute/v2.1/os-server-groups/a8d73d35-2814-4957-8c4c-3814c75c3871 0.866s
2025-04-03 17:10:25.300 69677 INFO tempest.lib.common.rest_client [req-756d7df3-9a8a-4fc6-956f-130061c607e4 req-756d7df3-9a8a-4fc6-956f-130061c607e4 ] Request (ServerRescueTestJSONUnderV235:test_rescued_vm_associate_dissociate_floating_ip): 202 POST http://10.180.1.21/compute/v2.1/servers/fa9f6daa-abe1-4e65-8ac6-e72809b41de5/action 2.011s
2025-04-03 17:10:25.359 69649 INFO tempest.lib.common.rest_client [req-84b05ad8-b1dd-43b7-bf1b-bc2c84b6c191 req-84b05ad8-b1dd-43b7-bf1b-bc2c84b6c191 ] Request (InstanceActionsTestJSON:test_list_instance_actions): 200 GET http://10.180.1.21/compute/v2.1/servers/72bca977-b708-4a51-89f9-6ba90e095e54 0.878s
2025-04-03 17:10:25.366 69649 INFO tempest.common.waiters [-] State transition "HARD_REBOOT/reboot_started_hard" ==> "ACTIVE/None" after 4 second wait
2025-04-03 17:10:25.368 69687 INFO tempest.lib.common.rest_client [req-8108f49d-fd6d-471c-b880-80d237928eca req-8108f49d-fd6d-471c-b880-80d237928eca ] Request (ServerMetadataNegativeTestJSON:test_server_create_metadata_key_too_long): 400 POST http://10.180.1.21/compute/v2.1/servers 0.772s
2025-04-03 17:10:25.381 69653 WARNING tempest.lib.common.ssh [-] Failed to establish authenticated ssh connection to cirros@10.180.180.200 ([Errno None] Unable to connect to port 22 on 10.180.180.200). Number attempts: 10. Retry after 11 seconds.: paramiko.ssh_exception.NoValidConnectionsError: [Errno None] Unable to connect to port 22 on 10.180.180.200
2025-04-03 17:10:25.433 69687 INFO tempest.lib.common.rest_client [req-18225396-e57c-40ab-8835-53709655c4d7 req-18225396-e57c-40ab-8835-53709655c4d7 ] Request (ServerMetadataNegativeTestJSON:test_server_create_metadata_key_too_long): 201 POST http://10.180.1.21/identity/v3/auth/tokens 0.061s
2025-04-03 17:10:25.434 69687 INFO tempest.lib.common.fixed_network [-] (ServerMetadataNegativeTestJSON:test_server_create_metadata_key_too_long) Found network {'id': '31abeaae-dd43-46d6-a122-fda9f21c9de7', 'name': 'tempest-ServerMetadataNegativeTestJSON-117577185-network', 'tenant_id': '67a529a4226c4370b71e6b56d16993eb', 'admin_state_up': True, 'mtu': 8950, 'status': 'ACTIVE', 'subnets': [], 'shared': False, 'project_id': '67a529a4226c4370b71e6b56d16993eb', 'port_security_enabled': True, 'router:external': False, 'provider:network_type': 'vlan', 'provider:physical_network': 'default', 'provider:segmentation_id': 149, 'availability_zone_hints': [], 'availability_zones': [], 'ipv4_address_scope': None, 'ipv6_address_scope': None, 'description': '', 'tags': [], 'created_at': '2025-04-03T17:08:55Z', 'updated_at': '2025-04-03T17:08:55Z', 'revision_number': 1} available for tenant
2025-04-03 17:10:25.455 69721 INFO tempest.lib.common.rest_client [req-7ec40c88-03c3-4219-8fb3-579adf546868 req-7ec40c88-03c3-4219-8fb3-579adf546868 ] Request (ListServersNegativeTestJSON:test_list_servers_with_a_deleted_server): 200 GET http://10.180.1.21/compute/v2.1/servers 0.917s
2025-04-03 17:10:25.562 69663 INFO tempest.lib.common.rest_client [req-02232295-a963-4407-b11f-82702648ca17 req-02232295-a963-4407-b11f-82702648ca17 ] Request (ServersAdminTestJSON:test_inject_network_info): 200 GET http://10.180.1.21/compute/v2.1/servers/294e3f27-4dad-4b91-a213-38abfd7055c7 0.927s
2025-04-03 17:10:25.569 69704 INFO tempest.lib.common.rest_client [req-f2e2972d-2783-4d13-bd44-d7289728586d req-f2e2972d-2783-4d13-bd44-d7289728586d ] Request (AttachInterfacesTestJSON:test_create_list_show_delete_interfaces_by_fixed_ip): 200 GET http://10.180.1.21/compute/v2.1/servers/b33d6f98-defd-48e0-8d3a-d65249420c58/os-interface 0.924s
2025-04-03 17:10:25.682 69657 INFO tempest.lib.common.rest_client [req-1869d114-bd5b-4ff1-8770-24672e1ae0ca req-1869d114-bd5b-4ff1-8770-24672e1ae0ca ] Request (ServersWithSpecificFlavorTestJSON:test_verify_created_server_ephemeral_disk): 200 GET http://10.180.1.21/compute/v2.1/servers/7a01355c-3ae4-4147-b074-3ce4ff296a8a 0.815s
2025-04-03 17:10:25.702 69680 INFO tempest.lib.common.rest_client [req-4b8ef8a9-5609-4dec-b6f8-589da8f0e38e req-4b8ef8a9-5609-4dec-b6f8-589da8f0e38e ] Request (ServersTestJSON:_run_cleanups): 200 GET http://10.180.1.21/compute/v2.1/servers/e7bc02ba-535f-4578-8f42-505da434a484 0.905s
2025-04-03 17:10:25.762 69681 INFO tempest.lib.common.rest_client [req-ca2a69f0-f2ec-4181-9d52-8ccffc7bbdba req-ca2a69f0-f2ec-4181-9d52-8ccffc7bbdba ] Request (SecurityGroupsTestJSON:test_server_security_groups): 200 GET http://10.180.1.21/compute/v2.1/servers/de68c5c9-7f6c-4621-b8c5-ad465ab8da5c 0.839s
2025-04-03 17:10:25.844 69689 INFO tempest.lib.common.rest_client [req-d2fe6e3f-54d2-4011-a27e-dc0115e15f71 req-d2fe6e3f-54d2-4011-a27e-dc0115e15f71 ] Request (ServersNegativeTestJSON:setUpClass): 200 GET http://10.180.1.21/compute/v2.1/servers/86019ecc-ee00-4c00-be8e-b52c44fbec24 0.844s
2025-04-03 17:10:25.869 69651 INFO tempest.lib.common.rest_client [req-06d5fcf5-a713-457c-905e-df144fb17237 req-06d5fcf5-a713-457c-905e-df144fb17237 ] Request (ServersAdminNegativeTestJSON:setUpClass): 200 GET http://10.180.1.21/compute/v2.1/servers/8a2b1540-1c27-40b4-b5aa-099435ed39ae 0.929s
2025-04-03 17:10:25.878 69651 INFO tempest.common.waiters [-] State transition "BUILD/None" ==> "BUILD/block_device_mapping" after 55 second wait
2025-04-03 17:10:25.957 69693 INFO tempest.lib.common.rest_client [req-54051acd-142f-4e63-bf01-040fdb651f35 req-54051acd-142f-4e63-bf01-040fdb651f35 ] Request (VolumesAssistedSnapshotsTest:tearDownClass): 200 GET http://10.180.1.21/compute/v2.1/servers/4f82b89f-8c44-4869-a198-9ea843318ec8 0.858s
2025-04-03 17:10:25.972 69693 INFO tempest.common.waiters [-] State transition "ACTIVE/deleting" ==> "DELETED/None" after 3 second wait
2025-04-03 17:10:26.005 69691 INFO tempest.lib.common.rest_client [req-d33072ab-1b9f-4b22-ba27-e89fd320f44e req-d33072ab-1b9f-4b22-ba27-e89fd320f44e ] Request (ImagesOneServerNegativeTestJSON:_run_cleanups): 200 GET http://10.180.1.21/compute/v2.1/servers/eee824c9-2c0e-4fff-93d5-78c87c9fc974 0.924s
2025-04-03 17:10:26.018 69673 INFO tempest.lib.common.rest_client [req-64f2fbf3-40a0-4b2e-b581-10bfc1064e72 req-64f2fbf3-40a0-4b2e-b581-10bfc1064e72 ] Request (ServerGroupTestJSON:tearDownClass): 404 DELETE http://10.180.1.21/compute/v2.1/os-server-groups/1a432f35-dfd6-46bb-8842-73f8277a5beb 0.822s
2025-04-03 17:10:26.156 69705 INFO tempest.lib.common.rest_client [req-f5fb3570-22d8-4c9e-b982-dabc4aaf1ab8 req-f5fb3570-22d8-4c9e-b982-dabc4aaf1ab8 ] Request (MigrationsAdminTest:test_resize_server_revert_deleted_flavor): 200 GET http://10.180.1.21/compute/v2.1/servers/58ab1dca-3b1c-4c13-9ba3-41c0d837fde4 0.900s
2025-04-03 17:10:26.251 69659 INFO tempest.lib.common.rest_client [req-1496b2b0-b518-47ba-a11e-54fb27219176 req-1496b2b0-b518-47ba-a11e-54fb27219176 ] Request (ListImageFiltersTestJSON:tearDownClass): 204 DELETE http://10.180.1.21/compute/v2.1/images/83f4671c-a4f2-4c13-bc8f-dade2ee37db3 1.069s
2025-04-03 17:10:26.317 69649 INFO tempest.lib.common.rest_client [req-f826b3e9-4620-48f8-b53e-97d22928c9eb req-f826b3e9-4620-48f8-b53e-97d22928c9eb ] Request (InstanceActionsTestJSON:test_list_instance_actions): 200 GET http://10.180.1.21/compute/v2.1/servers/72bca977-b708-4a51-89f9-6ba90e095e54/os-instance-actions 0.950s
2025-04-03 17:10:26.322 69687 INFO tempest.lib.common.rest_client [req-4131e7d2-af3c-4d74-81b5-8061fbc44652 req-4131e7d2-af3c-4d74-81b5-8061fbc44652 ] Request (ServerMetadataNegativeTestJSON:test_server_create_metadata_key_too_long): 400 POST http://10.180.1.21/compute/v2.1/servers 0.887s
2025-04-03 17:10:26.342 69721 INFO tempest.lib.common.rest_client [req-58c65d2d-040b-4a79-9f1a-b08711bb5932 req-58c65d2d-040b-4a79-9f1a-b08711bb5932 ] Request (ListServersNegativeTestJSON:tearDownClass): 404 DELETE http://10.180.1.21/compute/v2.1/servers/4421137d-770f-4529-bcac-f26299940972 0.881s
2025-04-03 17:10:26.382 69687 INFO tempest.lib.common.rest_client [req-fe5f18a9-ec91-4728-aa21-e5a851850fe1 req-fe5f18a9-ec91-4728-aa21-e5a851850fe1 ] Request (ServerMetadataNegativeTestJSON:test_server_create_metadata_key_too_long): 201 POST http://10.180.1.21/identity/v3/auth/tokens 0.055s
2025-04-03 17:10:26.383 69687 INFO tempest.lib.common.fixed_network [-] (ServerMetadataNegativeTestJSON:test_server_create_metadata_key_too_long) Found network {'id': '31abeaae-dd43-46d6-a122-fda9f21c9de7', 'name': 'tempest-ServerMetadataNegativeTestJSON-117577185-network', 'tenant_id': '67a529a4226c4370b71e6b56d16993eb', 'admin_state_up': True, 'mtu': 8950, 'status': 'ACTIVE', 'subnets': [], 'shared': False, 'project_id': '67a529a4226c4370b71e6b56d16993eb', 'port_security_enabled': True, 'router:external': False, 'provider:network_type': 'vlan', 'provider:physical_network': 'default', 'provider:segmentation_id': 149, 'availability_zone_hints': [], 'availability_zones': [], 'ipv4_address_scope': None, 'ipv6_address_scope': None, 'description': '', 'tags': [], 'created_at': '2025-04-03T17:08:55Z', 'updated_at': '2025-04-03T17:08:55Z', 'revision_number': 1} available for tenant
2025-04-03 17:10:26.421 69665 INFO tempest.lib.common.rest_client [req-7e23b805-9717-431a-8e57-1d3cbca8186f req-7e23b805-9717-431a-8e57-1d3cbca8186f ] Request (FloatingIPsAssociationTestJSON:tearDownClass): 200 GET http://10.180.1.21/compute/v2.1/servers/8600c957-3250-4f49-9a3c-da890a64084f 0.883s
2025-04-03 17:10:26.568 69669 INFO tempest.lib.common.rest_client [req-4e841527-6c56-434e-a0c6-3397257ff33f req-4e841527-6c56-434e-a0c6-3397257ff33f ] Request (ImagesTestJSON:test_create_server_from_snapshot): 200 GET http://10.180.1.21/compute/v2.1/servers/82bba616-38b5-4990-a713-67ff8535e229 0.767s
2025-04-03 17:10:26.623 69683 INFO tempest.lib.common.rest_client [req-42138f17-a414-4c8f-9a70-e371d6360f43 req-42138f17-a414-4c8f-9a70-e371d6360f43 ] Request (ServerDiskConfigTestJSON:test_rebuild_server_with_manual_disk_config): 200 GET http://10.180.1.21/compute/v2.1/servers/a22f6b5a-ede0-46e7-9ea8-6a82f5e0acf8 0.747s
2025-04-03 17:10:26.632 69673 INFO tempest.lib.common.rest_client [req-09302459-facd-4305-bcf3-d6de4d5bbe8a req-09302459-facd-4305-bcf3-d6de4d5bbe8a ] Request (ServerGroupTestJSON:tearDownClass): 404 DELETE http://10.180.1.21/compute/v2.1/os-server-groups/cb26d697-8ed7-4a44-bee4-852da425bc0f 0.614s
2025-04-03 17:10:26.803 69659 INFO tempest.lib.common.rest_client [req-5272cabc-d345-4dd3-b291-00ee50de7c92 req-5272cabc-d345-4dd3-b291-00ee50de7c92 ] Request (ListImageFiltersTestJSON:tearDownClass): 204 DELETE http://10.180.1.21/compute/v2.1/images/ab285bf1-cb2d-4a02-a506-8003ae18bb8c 0.552s
2025-04-03 17:10:26.898 69649 INFO tempest.lib.common.rest_client [req-41485722-6d5f-4a2b-867e-c458e95f5aa9 req-41485722-6d5f-4a2b-867e-c458e95f5aa9 ] Request (InstanceActionsTestJSON:tearDownClass): 204 DELETE http://10.180.1.21/compute/v2.1/servers/72bca977-b708-4a51-89f9-6ba90e095e54 0.578s
2025-04-03 17:10:26.925 69667 WARNING tempest.lib.common.ssh [-] Failed to establish authenticated ssh connection to cirros@10.180.180.151 ([Errno None] Unable to connect to port 22 on 10.180.180.151). Number attempts: 14. Retry after 15 seconds.: paramiko.ssh_exception.NoValidConnectionsError: [Errno None] Unable to connect to port 22 on 10.180.180.151
2025-04-03 17:10:26.989 69721 INFO tempest.lib.common.rest_client [req-1ab7b21b-9d18-48b2-a266-d3c5182ec9d4 req-1ab7b21b-9d18-48b2-a266-d3c5182ec9d4 ] Request (ListServersNegativeTestJSON:tearDownClass): 204 DELETE http://10.180.1.21/compute/v2.1/servers/8f72bf0e-7414-4336-9e26-2104b9bd6c2c 0.646s
2025-04-03 17:10:26.996 69687 INFO tempest.lib.common.rest_client [req-b6dba9f3-dc79-47d5-9a49-6506e59b1051 req-b6dba9f3-dc79-47d5-9a49-6506e59b1051 ] Request (ServerMetadataNegativeTestJSON:test_server_create_metadata_key_too_long): 400 POST http://10.180.1.21/compute/v2.1/servers 0.612s
2025-04-03 17:10:27.218 69663 INFO tempest.lib.common.rest_client [req-c795834f-323d-4e77-950b-0d2eba6a7f81 req-c795834f-323d-4e77-950b-0d2eba6a7f81 ] Request (ServersAdminTestJSON:test_inject_network_info): 200 GET http://10.180.1.21/compute/v2.1/servers/294e3f27-4dad-4b91-a213-38abfd7055c7 0.646s
2025-04-03 17:10:27.225 69663 INFO tempest.common.waiters [-] State transition "BUILD/spawning" ==> "ACTIVE/None" after 72 second wait
2025-04-03 17:10:27.234 69677 INFO tempest.lib.common.rest_client [req-a459c381-1e43-464a-92e5-daa3746625ad req-a459c381-1e43-464a-92e5-daa3746625ad ] Request (ServerRescueTestJSONUnderV235:test_rescued_vm_associate_dissociate_floating_ip): 202 POST http://10.180.1.21/compute/v2.1/servers/fa9f6daa-abe1-4e65-8ac6-e72809b41de5/action 1.933s
2025-04-03 17:10:27.267 69673 INFO tempest.lib.common.rest_client [req-173b202c-e7a0-490a-aa85-9fe6c229b19f req-173b202c-e7a0-490a-aa85-9fe6c229b19f ] Request (ServerGroupTestJSON:tearDownClass): 204 DELETE http://10.180.1.21/compute/v2.1/os-server-groups/518e3178-db27-40eb-b8ae-addfd7f4a7f9 0.634s
2025-04-03 17:10:27.353 69657 INFO tempest.lib.common.rest_client [req-e2001967-ef82-456b-802a-72da2999b422 req-e2001967-ef82-456b-802a-72da2999b422 ] Request (ServersWithSpecificFlavorTestJSON:test_verify_created_server_ephemeral_disk): 200 GET http://10.180.1.21/compute/v2.1/servers/7a01355c-3ae4-4147-b074-3ce4ff296a8a 0.656s
2025-04-03 17:10:27.379 69704 INFO tempest.lib.common.rest_client [req-58b4fd3f-576c-4902-a83e-ac529f88e954 req-58b4fd3f-576c-4902-a83e-ac529f88e954 ] Request (AttachInterfacesTestJSON:test_create_list_show_delete_interfaces_by_fixed_ip): 200 GET http://10.180.1.21/compute/v2.1/servers/b33d6f98-defd-48e0-8d3a-d65249420c58/os-interface 0.807s
2025-04-03 17:10:27.428 69680 INFO tempest.lib.common.rest_client [req-332f1ad3-f2c5-41d1-b255-bdb51f453e97 req-332f1ad3-f2c5-41d1-b255-bdb51f453e97 ] Request (ServersTestJSON:_run_cleanups): 200 GET http://10.180.1.21/compute/v2.1/servers/e7bc02ba-535f-4578-8f42-505da434a484 0.716s
2025-04-03 17:10:27.451 69681 INFO tempest.lib.common.rest_client [req-d52788d7-4f4e-4a37-b469-20e144a8445c req-d52788d7-4f4e-4a37-b469-20e144a8445c ] Request (SecurityGroupsTestJSON:test_server_security_groups): 200 GET http://10.180.1.21/compute/v2.1/servers/de68c5c9-7f6c-4621-b8c5-ad465ab8da5c 0.676s
2025-04-03 17:10:27.530 69659 INFO tempest.lib.common.rest_client [req-9a4b195b-f6a0-4651-b002-20ebe8b874e2 req-9a4b195b-f6a0-4651-b002-20ebe8b874e2 ] Request (ListImageFiltersTestJSON:tearDownClass): 204 DELETE http://10.180.1.21/compute/v2.1/servers/c725101a-45b1-41c5-8d86-488c97c35a15 0.726s
2025-04-03 17:10:27.545 69689 INFO tempest.lib.common.rest_client [req-bac4048d-31cd-4430-a722-829af2ff9d18 req-bac4048d-31cd-4430-a722-829af2ff9d18 ] Request (ServersNegativeTestJSON:setUpClass): 200 GET http://10.180.1.21/compute/v2.1/servers/86019ecc-ee00-4c00-be8e-b52c44fbec24 0.692s
2025-04-03 17:10:27.706 69651 INFO tempest.lib.common.rest_client [req-b94f1aec-87b0-4421-8b6e-081075206ef8 req-b94f1aec-87b0-4421-8b6e-081075206ef8 ] Request (ServersAdminNegativeTestJSON:setUpClass): 200 GET http://10.180.1.21/compute/v2.1/servers/8a2b1540-1c27-40b4-b5aa-099435ed39ae 0.825s
2025-04-03 17:10:27.713 69649 INFO tempest.lib.common.rest_client [req-a4fcc4aa-1576-487b-89d0-82c26cb280ea req-a4fcc4aa-1576-487b-89d0-82c26cb280ea ] Request (InstanceActionsTestJSON:tearDownClass): 200 GET http://10.180.1.21/compute/v2.1/servers/72bca977-b708-4a51-89f9-6ba90e095e54 0.814s
2025-04-03 17:10:27.718 69651 INFO tempest.common.waiters [-] State transition "BUILD/block_device_mapping" ==> "BUILD/spawning" after 57 second wait
2025-04-03 17:10:27.830 69693 INFO tempest.lib.common.rest_client [req-2101c7e8-7a89-47e3-944b-3fb90bcc6fd7 req-2101c7e8-7a89-47e3-944b-3fb90bcc6fd7 ] Request (VolumesAssistedSnapshotsTest:tearDownClass): 200 GET http://10.180.1.21/compute/v2.1/servers/4f82b89f-8c44-4869-a198-9ea843318ec8 0.857s
2025-04-03 17:10:27.842 69687 INFO tempest.lib.common.rest_client [req-87a7d52f-a00d-4a9e-88d4-082c2a0b6d0c req-87a7d52f-a00d-4a9e-88d4-082c2a0b6d0c ] Request (ServerMetadataNegativeTestJSON:test_server_metadata_non_existent_server): 404 GET http://10.180.1.21/compute/v2.1/servers/d4f4855f-bf73-4269-a043-2428eac5047b/metadata/test2 0.844s
2025-04-03 17:10:27.905 69721 INFO tempest.lib.common.rest_client [req-0062c203-3b98-47b8-9315-789400316215 req-0062c203-3b98-47b8-9315-789400316215 ] Request (ListServersNegativeTestJSON:tearDownClass): 204 DELETE http://10.180.1.21/compute/v2.1/servers/9379df58-35b0-41ee-b9cb-fc950fec49f1 0.915s
2025-04-03 17:10:27.939 69691 INFO tempest.lib.common.rest_client [req-2d09060a-0e8d-421c-98f9-acd9dc006fa7 req-2d09060a-0e8d-421c-98f9-acd9dc006fa7 ] Request (ImagesOneServerNegativeTestJSON:_run_cleanups): 200 GET http://10.180.1.21/compute/v2.1/servers/eee824c9-2c0e-4fff-93d5-78c87c9fc974 0.924s
2025-04-03 17:10:28.004 69705 INFO tempest.lib.common.rest_client [req-8d3d2ff1-f425-4023-b8e3-54009034b11f req-8d3d2ff1-f425-4023-b8e3-54009034b11f ] Request (MigrationsAdminTest:test_resize_server_revert_deleted_flavor): 200 GET http://10.180.1.21/compute/v2.1/servers/58ab1dca-3b1c-4c13-9ba3-41c0d837fde4 0.836s
2025-04-03 17:10:28.128 69663 INFO tempest.lib.common.rest_client [req-ee8f4897-c0dd-4fd6-87f5-5233bc8f2d67 req-ee8f4897-c0dd-4fd6-87f5-5233bc8f2d67 ] Request (ServersAdminTestJSON:test_inject_network_info): 202 POST http://10.180.1.21/compute/v2.1/servers/294e3f27-4dad-4b91-a213-38abfd7055c7/action 0.901s
2025-04-03 17:10:28.226 69665 INFO tempest.lib.common.rest_client [req-667c6ec8-2bec-4610-85b2-cd39d7fa9786 req-667c6ec8-2bec-4610-85b2-cd39d7fa9786 ] Request (FloatingIPsAssociationTestJSON:tearDownClass): 200 GET http://10.180.1.21/compute/v2.1/servers/8600c957-3250-4f49-9a3c-da890a64084f 0.794s
2025-04-03 17:10:28.401 69659 INFO tempest.lib.common.rest_client [req-c42faea1-b211-48ad-b582-d41b0ea7ba7e req-c42faea1-b211-48ad-b582-d41b0ea7ba7e ] Request (ListImageFiltersTestJSON:tearDownClass): 200 GET http://10.180.1.21/compute/v2.1/servers/c725101a-45b1-41c5-8d86-488c97c35a15 0.871s
2025-04-03 17:10:28.482 69677 INFO tempest.lib.common.rest_client [req-63fd638b-ecc9-44f9-81f1-795ce4a1190f req-63fd638b-ecc9-44f9-81f1-795ce4a1190f ] Request (ServerRescueTestJSONUnderV235:_run_cleanups): 202 DELETE http://10.180.1.21/compute/v2.1/os-floating-ips/de5c65cf-1ffc-4aca-af56-72e8cd30e723 1.248s
2025-04-03 17:10:28.562 69683 INFO tempest.lib.common.rest_client [req-d31c255d-64f9-46e8-a579-3ce641bc3ffd req-d31c255d-64f9-46e8-a579-3ce641bc3ffd ] Request (ServerDiskConfigTestJSON:test_rebuild_server_with_manual_disk_config): 200 GET http://10.180.1.21/compute/v2.1/servers/a22f6b5a-ede0-46e7-9ea8-6a82f5e0acf8 0.923s
2025-04-03 17:10:28.591 69687 INFO tempest.lib.common.rest_client [req-7b56c410-6ec1-4b0c-84cb-1de2c117a94e req-7b56c410-6ec1-4b0c-84cb-1de2c117a94e ] Request (ServerMetadataNegativeTestJSON:test_set_metadata_invalid_key): 400 PUT http://10.180.1.21/compute/v2.1/servers/a1e895cc-ee15-432b-96a9-c8cca13b44e4/metadata/key 0.748s
2025-04-03 17:10:28.610 69721 INFO tempest.lib.common.rest_client [req-a0c47885-d364-4296-b2b8-e55a7d39d5e7 req-a0c47885-d364-4296-b2b8-e55a7d39d5e7 ] Request (ListServersNegativeTestJSON:tearDownClass): 404 GET http://10.180.1.21/compute/v2.1/servers/4421137d-770f-4529-bcac-f26299940972 0.705s
2025-04-03 17:10:28.656 69669 INFO tempest.lib.common.rest_client [req-06db1daa-3405-4ac9-9f7e-cc25af737eca req-06db1daa-3405-4ac9-9f7e-cc25af737eca ] Request (ImagesTestJSON:test_create_server_from_snapshot): 200 GET http://10.180.1.21/compute/v2.1/servers/82bba616-38b5-4990-a713-67ff8535e229 1.077s
2025-04-03 17:10:28.687 69663 INFO tempest.lib.common.rest_client [req-d3d187ef-38b2-48cb-b183-73d54f60673d req-d3d187ef-38b2-48cb-b183-73d54f60673d ] Request (ServersAdminTestJSON:test_list_servers_by_admin): 200 GET http://10.180.1.21/compute/v2.1/servers/detail 0.557s
2025-04-03 17:10:28.717 69657 INFO tempest.lib.common.rest_client [req-cf5e69db-9021-488b-b6f2-ceb2befc38d5 req-cf5e69db-9021-488b-b6f2-ceb2befc38d5 ] Request (ServersWithSpecificFlavorTestJSON:test_verify_created_server_ephemeral_disk): 200 GET http://10.180.1.21/compute/v2.1/servers/7a01355c-3ae4-4147-b074-3ce4ff296a8a 0.352s
2025-04-03 17:10:28.724 69685 WARNING tempest.lib.common.ssh [-] Failed to establish authenticated ssh connection to cirros@10.180.180.241 ([Errno None] Unable to connect to port 22 on 10.180.180.241). Number attempts: 13. Retry after 14 seconds.: paramiko.ssh_exception.NoValidConnectionsError: [Errno None] Unable to connect to port 22 on 10.180.180.241
2025-04-03 17:10:28.732 69657 INFO tempest.common.waiters [-] State transition "BUILD/None" ==> "BUILD/networking" after 46 second wait
2025-04-03 17:10:28.774 69704 INFO tempest.lib.common.rest_client [req-ba3c0e7d-9d1b-49a4-ae73-b15af266aac5 req-ba3c0e7d-9d1b-49a4-ae73-b15af266aac5 ] Request (AttachInterfacesTestJSON:test_create_list_show_delete_interfaces_by_fixed_ip): 200 GET http://10.180.1.21/compute/v2.1/servers/b33d6f98-defd-48e0-8d3a-d65249420c58/os-interface 0.391s
2025-04-03 17:10:28.790 69680 INFO tempest.lib.common.rest_client [req-8bb46f9c-93fe-4fea-963d-3b9c6a2bbd4c req-8bb46f9c-93fe-4fea-963d-3b9c6a2bbd4c ] Request (ServersTestJSON:_run_cleanups): 200 GET http://10.180.1.21/compute/v2.1/servers/e7bc02ba-535f-4578-8f42-505da434a484 0.352s
2025-04-03 17:10:28.835 69681 INFO tempest.lib.common.rest_client [req-652224c2-b10c-4f67-af7f-9a5095383fac req-652224c2-b10c-4f67-af7f-9a5095383fac ] Request (SecurityGroupsTestJSON:test_server_security_groups): 200 GET http://10.180.1.21/compute/v2.1/servers/de68c5c9-7f6c-4621-b8c5-ad465ab8da5c 0.374s
2025-04-03 17:10:28.919 69689 INFO tempest.lib.common.rest_client [req-8f703e13-2593-44b9-89f0-c40eb4f5d9e8 req-8f703e13-2593-44b9-89f0-c40eb4f5d9e8 ] Request (ServersNegativeTestJSON:setUpClass): 200 GET http://10.180.1.21/compute/v2.1/servers/86019ecc-ee00-4c00-be8e-b52c44fbec24 0.357s
2025-04-03 17:10:28.928 69687 INFO tempest.lib.common.rest_client [req-4f6ad11e-b700-4e49-8d5d-b05a629a9bd7 req-4f6ad11e-b700-4e49-8d5d-b05a629a9bd7 ] Request (ServerMetadataNegativeTestJSON:test_set_metadata_non_existent_server): 404 PUT http://10.180.1.21/compute/v2.1/servers/c7bff7fe-532f-4426-a9f2-91fdf88dd055/metadata 0.336s
2025-04-03 17:10:29.000 69673 INFO tempest.lib.common.rest_client [req-ec804c1c-24b8-4dc8-b461-bd3863dea888 req-ec804c1c-24b8-4dc8-b461-bd3863dea888 ] Request (ServerGroupTestJSON:tearDownClass): 200 PUT http://10.180.1.21:9696/networking/v2.0/routers/af5a6c80-790c-474a-ba4d-2fcc49112c06/remove_router_interface 1.733s
2025-04-03 17:10:29.048 69677 INFO tempest.lib.common.rest_client [req-259ec944-2805-4ebc-9476-97c934b5b19e req-259ec944-2805-4ebc-9476-97c934b5b19e ] Request (ServerRescueTestJSONUnderV235:tearDownClass): 202 DELETE http://10.180.1.21/compute/v2.1/os-security-groups/dc1c0b69-a260-4118-b894-2c88335dd980 0.564s
2025-04-03 17:10:29.165 69671 WARNING tempest.lib.common.ssh [-] Failed to establish authenticated ssh connection to cirros@10.180.180.160 ([Errno None] Unable to connect to port 22 on 10.180.180.160). Number attempts: 14. Retry after 15 seconds.: paramiko.ssh_exception.NoValidConnectionsError: [Errno None] Unable to connect to port 22 on 10.180.180.160
2025-04-03 17:10:29.213 69721 INFO tempest.lib.common.rest_client [req-096ec53e-b0f1-464c-8d7f-00a13e14844a req-096ec53e-b0f1-464c-8d7f-00a13e14844a ] Request (ListServersNegativeTestJSON:tearDownClass): 200 GET http://10.180.1.21/compute/v2.1/servers/8f72bf0e-7414-4336-9e26-2104b9bd6c2c 0.602s
2025-04-03 17:10:29.595 69663 INFO tempest.lib.common.rest_client [req-01dcc978-1865-4b8b-855d-008c57f5fda3 req-01dcc978-1865-4b8b-855d-008c57f5fda3 ] Request (ServersAdminTestJSON:test_list_servers_by_admin_with_all_tenants): 200 GET http://10.180.1.21/compute/v2.1/servers/detail?all_tenants= 0.899s
2025-04-03 17:10:29.634 69663 WARNING tempest.lib.common.rest_client [-] Deprecated: "tenant_id" property is deprecated for removal, use "project_id" instead
2025-04-03 17:10:29.704 69651 INFO tempest.lib.common.rest_client [req-6afb7457-2650-496a-91e0-da3486ecb044 req-6afb7457-2650-496a-91e0-da3486ecb044 ] Request (ServersAdminNegativeTestJSON:setUpClass): 200 GET http://10.180.1.21/compute/v2.1/servers/8a2b1540-1c27-40b4-b5aa-099435ed39ae 0.984s
2025-04-03 17:10:29.800 69693 INFO tempest.lib.common.rest_client [req-6eb4e7ac-55b2-41be-be8d-66d80ec98d69 req-6eb4e7ac-55b2-41be-be8d-66d80ec98d69 ] Request (VolumesAssistedSnapshotsTest:tearDownClass): 200 GET http://10.180.1.21/compute/v2.1/servers/4f82b89f-8c44-4869-a198-9ea843318ec8 0.963s
2025-04-03 17:10:29.811 69687 INFO tempest.lib.common.rest_client [req-786e35b2-455e-4908-8b84-e349a1d908c7 req-786e35b2-455e-4908-8b84-e349a1d908c7 ] Request (ServerMetadataNegativeTestJSON:test_set_server_metadata_blank_key): 400 PUT http://10.180.1.21/compute/v2.1/servers/a1e895cc-ee15-432b-96a9-c8cca13b44e4/metadata 0.878s
2025-04-03 17:10:29.916 69649 INFO tempest.lib.common.rest_client [req-5d2b2330-d826-4d2b-8842-6a3a7882c40b req-5d2b2330-d826-4d2b-8842-6a3a7882c40b ] Request (InstanceActionsTestJSON:tearDownClass): 200 GET http://10.180.1.21/compute/v2.1/servers/72bca977-b708-4a51-89f9-6ba90e095e54 1.190s
2025-04-03 17:10:30.288 69691 INFO tempest.lib.common.rest_client [req-431d628d-718d-47a7-b360-eef4fd54c17d req-431d628d-718d-47a7-b360-eef4fd54c17d ] Request (ImagesOneServerNegativeTestJSON:_run_cleanups): 200 GET http://10.180.1.21/compute/v2.1/servers/eee824c9-2c0e-4fff-93d5-78c87c9fc974 1.338s
2025-04-03 17:10:30.374 69705 INFO tempest.lib.common.rest_client [req-fad41f22-f74a-48cb-bd92-cae4c19853f1 req-fad41f22-f74a-48cb-bd92-cae4c19853f1 ] Request (MigrationsAdminTest:test_resize_server_revert_deleted_flavor): 200 GET http://10.180.1.21/compute/v2.1/servers/58ab1dca-3b1c-4c13-9ba3-41c0d837fde4 1.360s
2025-04-03 17:10:30.429 69673 INFO tempest.lib.common.rest_client [req-1ed8c4ab-624a-40f7-9afa-e610b9a13fca req-1ed8c4ab-624a-40f7-9afa-e610b9a13fca ] Request (ServerGroupTestJSON:tearDownClass): 204 DELETE http://10.180.1.21:9696/networking/v2.0/routers/af5a6c80-790c-474a-ba4d-2fcc49112c06 1.428s
2025-04-03 17:10:30.466 69677 INFO tempest.lib.common.rest_client [req-451281fe-d0c9-4589-a133-92e938bbaba1 req-451281fe-d0c9-4589-a133-92e938bbaba1 ] Request (ServerRescueTestJSONUnderV235:tearDownClass): 204 DELETE http://10.180.1.21/compute/v2.1/servers/fa9f6daa-abe1-4e65-8ac6-e72809b41de5 1.417s
2025-04-03 17:10:30.471 69665 INFO tempest.lib.common.rest_client [req-203e81e0-26ff-4f97-b7d9-3bb7e6f1fd10 req-203e81e0-26ff-4f97-b7d9-3bb7e6f1fd10 ] Request (FloatingIPsAssociationTestJSON:tearDownClass): 200 GET http://10.180.1.21/compute/v2.1/servers/8600c957-3250-4f49-9a3c-da890a64084f 1.236s
2025-04-03 17:10:30.561 69659 INFO tempest.lib.common.rest_client [req-af064301-730c-48d8-8859-8d9649b70595 req-af064301-730c-48d8-8859-8d9649b70595 ] Request (ListImageFiltersTestJSON:tearDownClass): 200 GET http://10.180.1.21/compute/v2.1/servers/c725101a-45b1-41c5-8d86-488c97c35a15 1.149s
2025-04-03 17:10:30.577 69683 INFO tempest.lib.common.rest_client [req-74fde2b1-b6db-4b05-acdd-26cfee3cf1a3 req-74fde2b1-b6db-4b05-acdd-26cfee3cf1a3 ] Request (ServerDiskConfigTestJSON:test_rebuild_server_with_manual_disk_config): 200 GET http://10.180.1.21/compute/v2.1/servers/a22f6b5a-ede0-46e7-9ea8-6a82f5e0acf8 1.006s
2025-04-03 17:10:30.625 69663 INFO tempest.lib.common.rest_client [req-28fb672c-e84e-46c8-8f9b-a08cc7916b02 req-28fb672c-e84e-46c8-8f9b-a08cc7916b02 ] Request (ServersAdminTestJSON:test_list_servers_by_admin_with_specified_tenant): 200 GET http://10.180.1.21/compute/v2.1/servers/detail?tenant_id=1f558a43d1434f1c9f85f78d9d00f9b3 0.990s
2025-04-03 17:10:30.726 69673 INFO tempest.lib.common.rest_client [req-33bbc19d-a427-41c7-a171-a2c4bac9ae87 req-33bbc19d-a427-41c7-a171-a2c4bac9ae87 ] Request (ServerGroupTestJSON:tearDownClass): 204 DELETE http://10.180.1.21:9696/networking/v2.0/subnets/2f6801a4-dfb3-4e73-b0d1-a4ebd7966d37 0.296s
2025-04-03 17:10:30.754 69669 INFO tempest.lib.common.rest_client [req-e10c58a7-c952-4d56-9803-7dbe1145f45a req-e10c58a7-c952-4d56-9803-7dbe1145f45a ] Request (ImagesTestJSON:test_create_server_from_snapshot): 200 GET http://10.180.1.21/compute/v2.1/servers/82bba616-38b5-4990-a713-67ff8535e229 1.090s
2025-04-03 17:10:30.812 69657 INFO tempest.lib.common.rest_client [req-00f0d29e-fe1b-413b-9340-dbf777d65b84 req-00f0d29e-fe1b-413b-9340-dbf777d65b84 ] Request (ServersWithSpecificFlavorTestJSON:test_verify_created_server_ephemeral_disk): 200 GET http://10.180.1.21/compute/v2.1/servers/7a01355c-3ae4-4147-b074-3ce4ff296a8a 1.079s
2025-04-03 17:10:30.819 69657 INFO tempest.common.waiters [-] State transition "BUILD/networking" ==> "BUILD/spawning" after 48 second wait
2025-04-03 17:10:30.820 69704 INFO tempest.lib.common.rest_client [req-c52bebff-0f94-44ba-af03-9564072d2be6 req-c52bebff-0f94-44ba-af03-9564072d2be6 ] Request (AttachInterfacesTestJSON:test_create_list_show_delete_interfaces_by_fixed_ip): 200 GET http://10.180.1.21/compute/v2.1/servers/b33d6f98-defd-48e0-8d3a-d65249420c58/os-interface 1.042s
2025-04-03 17:10:30.826 69687 INFO tempest.lib.common.rest_client [req-b507693b-8697-468e-aa26-9a05aaf31af2 req-b507693b-8697-468e-aa26-9a05aaf31af2 ] Request (ServerMetadataNegativeTestJSON:test_set_server_metadata_missing_metadata): 400 PUT http://10.180.1.21/compute/v2.1/servers/a1e895cc-ee15-432b-96a9-c8cca13b44e4/metadata 1.014s
2025-04-03 17:10:30.872 69680 INFO tempest.lib.common.rest_client [req-7c39465b-b14b-4f65-97fb-21e07c5b6cd7 req-7c39465b-b14b-4f65-97fb-21e07c5b6cd7 ] Request (ServersTestJSON:_run_cleanups): 200 GET http://10.180.1.21/compute/v2.1/servers/e7bc02ba-535f-4578-8f42-505da434a484 1.071s
2025-04-03 17:10:30.878 69681 INFO tempest.lib.common.rest_client [req-a9edd4e4-e2ae-480d-800a-10fa8e79871c req-a9edd4e4-e2ae-480d-800a-10fa8e79871c ] Request (SecurityGroupsTestJSON:test_server_security_groups): 200 GET http://10.180.1.21/compute/v2.1/servers/de68c5c9-7f6c-4621-b8c5-ad465ab8da5c 1.032s
2025-04-03 17:10:30.926 69689 INFO tempest.lib.common.rest_client [req-0a0dd09d-3e61-4c48-8d9d-1cef0292f849 req-0a0dd09d-3e61-4c48-8d9d-1cef0292f849 ] Request (ServersNegativeTestJSON:setUpClass): 200 GET http://10.180.1.21/compute/v2.1/servers/86019ecc-ee00-4c00-be8e-b52c44fbec24 0.997s
2025-04-03 17:10:30.938 69721 INFO tempest.lib.common.rest_client [req-178bde85-2cf1-48df-8665-4132f9dd6bda req-178bde85-2cf1-48df-8665-4132f9dd6bda ] Request (ListServersNegativeTestJSON:tearDownClass): 200 GET http://10.180.1.21/compute/v2.1/servers/8f72bf0e-7414-4336-9e26-2104b9bd6c2c 0.712s
2025-04-03 17:10:31.058 69677 INFO tempest.lib.common.rest_client [req-6635dfce-94f0-451e-b547-07e5d3ecf49a req-6635dfce-94f0-451e-b547-07e5d3ecf49a ] Request (ServerRescueTestJSONUnderV235:tearDownClass): 200 GET http://10.180.1.21/compute/v2.1/servers/fa9f6daa-abe1-4e65-8ac6-e72809b41de5 0.592s
2025-04-03 17:10:31.066 69673 INFO tempest.lib.common.rest_client [req-f00caa63-932a-45d5-b6db-0ee9f044682e req-f00caa63-932a-45d5-b6db-0ee9f044682e ] Request (ServerGroupTestJSON:tearDownClass): 204 DELETE http://10.180.1.21:9696/networking/v2.0/networks/9076e52f-5843-4750-b32d-05cf820841e1 0.340s
2025-04-03 17:10:31.198 69663 INFO tempest.lib.common.rest_client [req-99c2b686-b446-4f51-913b-78f6b04a2856 req-99c2b686-b446-4f51-913b-78f6b04a2856 ] Request (ServersAdminTestJSON:test_list_servers_by_admin_with_specified_tenant): 200 GET http://10.180.1.21/compute/v2.1/servers/detail?all_tenants=&tenant_id=1f558a43d1434f1c9f85f78d9d00f9b3 0.563s
2025-04-03 17:10:31.236 69651 INFO tempest.lib.common.rest_client [req-a20960ea-0157-4883-9817-245adb7a2839 req-a20960ea-0157-4883-9817-245adb7a2839 ] Request (ServersAdminNegativeTestJSON:setUpClass): 200 GET http://10.180.1.21/compute/v2.1/servers/8a2b1540-1c27-40b4-b5aa-099435ed39ae 0.519s
2025-04-03 17:10:31.251 69687 INFO tempest.lib.common.rest_client [req-41d5e33e-4969-4eec-b408-df3231c42b38 req-41d5e33e-4969-4eec-b408-df3231c42b38 ] Request (ServerMetadataNegativeTestJSON:test_update_metadata_non_existent_server): 404 POST http://10.180.1.21/compute/v2.1/servers/d762286e-b5bb-4500-afbf-7976b2048257/metadata 0.423s
2025-04-03 17:10:31.279 69673 INFO tempest.lib.common.rest_client [req-237b5d8a-04df-4166-82c1-b13b71a64d2c req-237b5d8a-04df-4166-82c1-b13b71a64d2c ] Request (ServerGroupTestJSON:tearDownClass): 204 DELETE http://10.180.1.21/identity/v3/users/85f9b04eaafe415f8f2552bc1a9e7ce9 0.212s
2025-04-03 17:10:31.279 69673 INFO tempest.lib.common.dynamic_creds [-] Deleting project and security group for project: 01d59d4db1e14bfb9602265c20db3f25
2025-04-03 17:10:31.283 69693 INFO tempest.lib.common.rest_client [req-43af8900-5a52-40f2-985a-46ab1ec26eea req-43af8900-5a52-40f2-985a-46ab1ec26eea ] Request (VolumesAssistedSnapshotsTest:tearDownClass): 200 GET http://10.180.1.21/compute/v2.1/servers/4f82b89f-8c44-4869-a198-9ea843318ec8 0.473s
2025-04-03 17:10:31.317 69649 INFO tempest.lib.common.rest_client [req-07672673-c9e5-4f3b-b4b2-18c705015688 req-07672673-c9e5-4f3b-b4b2-18c705015688 ] Request (InstanceActionsTestJSON:tearDownClass): 200 GET http://10.180.1.21/compute/v2.1/servers/72bca977-b708-4a51-89f9-6ba90e095e54 0.392s
2025-04-03 17:10:31.320 69663 INFO tempest.lib.common.rest_client [req-20d6ea45-c3f4-4946-91f7-056c0a231708 req-20d6ea45-c3f4-4946-91f7-056c0a231708 ] Request (ServersAdminTestJSON:test_list_servers_by_admin_with_specified_tenant): 200 GET http://10.180.1.21/compute/v2.1/servers/detail?all_tenants=&tenant_id=0d2ad1320fb94c7b9f1431d025a86d17 0.107s
2025-04-03 17:10:31.324 69687 INFO tempest.lib.common.rest_client [req-b86988c2-a4ee-4f2e-ad08-3bc1ba545d19 req-b86988c2-a4ee-4f2e-ad08-3bc1ba545d19 ] Request (ServerMetadataNegativeTestJSON:test_update_metadata_with_blank_key): 400 POST http://10.180.1.21/compute/v2.1/servers/a1e895cc-ee15-432b-96a9-c8cca13b44e4/metadata 0.072s
2025-04-03 17:10:31.324 69673 INFO tempest.lib.common.rest_client [req-4cc45440-8481-4b81-b6e9-ce37872666d8 req-4cc45440-8481-4b81-b6e9-ce37872666d8 ] Request (ServerGroupTestJSON:tearDownClass): 200 GET http://10.180.1.21:9696/networking/v2.0/security-groups?tenant_id=01d59d4db1e14bfb9602265c20db3f25&name=default 0.044s
2025-04-03 17:10:31.430 69687 INFO tempest.lib.common.rest_client [req-eb414569-51e1-4150-888f-60fcee06c39d req-eb414569-51e1-4150-888f-60fcee06c39d ] Request (ServerMetadataNegativeTestJSON:tearDownClass): 204 DELETE http://10.180.1.21/compute/v2.1/servers/a1e895cc-ee15-432b-96a9-c8cca13b44e4 0.105s
2025-04-03 17:10:31.437 69663 INFO tempest.lib.common.rest_client [req-35cfa8c2-d728-45b2-b8a4-1640bc1c6a29 req-35cfa8c2-d728-45b2-b8a4-1640bc1c6a29 ] Request (ServersAdminTestJSON:test_list_servers_detailed_filter_by_invalid_status): 200 GET http://10.180.1.21/compute/v2.1/servers/detail?status=invalid_status 0.105s
2025-04-03 17:10:31.480 69673 INFO tempest.lib.common.rest_client [req-7dfad409-9884-4a86-8442-68080297fde4 req-7dfad409-9884-4a86-8442-68080297fde4 ] Request (ServerGroupTestJSON:tearDownClass): 204 DELETE http://10.180.1.21:9696/networking/v2.0/security-groups/c2e78618-ad05-4914-8b63-1cd70907856a 0.154s
2025-04-03 17:10:31.516 69691 INFO tempest.lib.common.rest_client [req-aa8da5dc-6a44-4194-8e4f-b588c2d5a757 req-aa8da5dc-6a44-4194-8e4f-b588c2d5a757 ] Request (ImagesOneServerNegativeTestJSON:_run_cleanups): 200 GET http://10.180.1.21/compute/v2.1/servers/eee824c9-2c0e-4fff-93d5-78c87c9fc974 0.217s
2025-04-03 17:10:31.554 69705 INFO tempest.lib.common.rest_client [req-8a0f2bfc-4eb9-4d9f-b857-87ae1d79fae7 req-8a0f2bfc-4eb9-4d9f-b857-87ae1d79fae7 ] Request (MigrationsAdminTest:test_resize_server_revert_deleted_flavor): 200 GET http://10.180.1.21/compute/v2.1/servers/58ab1dca-3b1c-4c13-9ba3-41c0d837fde4 0.170s
2025-04-03 17:10:31.629 69663 INFO tempest.lib.common.rest_client [req-c6b99a33-add6-4b70-aaab-5588331ca153 req-c6b99a33-add6-4b70-aaab-5588331ca153 ] Request (ServersAdminTestJSON:test_list_servers_filter_by_error_status): 202 POST http://10.180.1.21/compute/v2.1/servers/f62a7866-43de-4442-a48f-f3e6462b6957/action 0.183s
2025-04-03 17:10:31.635 69673 INFO tempest.lib.common.rest_client [req-1f6da2c2-9418-48be-b8f7-1d7fe4c9ab88 req-1f6da2c2-9418-48be-b8f7-1d7fe4c9ab88 ] Request (ServerGroupTestJSON:tearDownClass): 204 DELETE http://10.180.1.21/identity/v3/projects/01d59d4db1e14bfb9602265c20db3f25 0.154s
2025-04-03 17:10:31.641 69687 INFO tempest.lib.common.rest_client [req-3856bade-e802-4c6e-8847-6ddd68a47914 req-3856bade-e802-4c6e-8847-6ddd68a47914 ] Request (ServerMetadataNegativeTestJSON:tearDownClass): 200 GET http://10.180.1.21/compute/v2.1/servers/a1e895cc-ee15-432b-96a9-c8cca13b44e4 0.211s
2025-04-03 17:10:31.700 69659 INFO tempest.lib.common.rest_client [req-9e7fcb29-37ee-4a91-87b4-78bcc3be4a59 req-9e7fcb29-37ee-4a91-87b4-78bcc3be4a59 ] Request (ListImageFiltersTestJSON:tearDownClass): 200 GET http://10.180.1.21/compute/v2.1/servers/c725101a-45b1-41c5-8d86-488c97c35a15 0.120s
2025-04-03 17:10:31.711 69665 INFO tempest.lib.common.rest_client [req-2fa6ece4-e109-423f-92e3-a3114807e6f2 req-2fa6ece4-e109-423f-92e3-a3114807e6f2 ] Request (FloatingIPsAssociationTestJSON:tearDownClass): 200 GET http://10.180.1.21/compute/v2.1/servers/8600c957-3250-4f49-9a3c-da890a64084f 0.230s
2025-04-03 17:10:31.721 69673 INFO tempest.lib.common.rest_client [req-5ddcbcf8-e98e-4923-90d2-7721336316a7 req-5ddcbcf8-e98e-4923-90d2-7721336316a7 ] Request (ComputeTenantNetworksTest:setUpClass): 201 POST http://10.180.1.21/identity/v3/auth/tokens 0.084s
2025-04-03 17:10:31.759 69673 INFO tempest.lib.common.rest_client [req-3ff5f0b3-196a-4e88-b67e-8c0fd5f61b7e req-3ff5f0b3-196a-4e88-b67e-8c0fd5f61b7e ] Request (ComputeTenantNetworksTest:setUpClass): 201 POST http://10.180.1.21/identity/v3/auth/tokens 0.034s
2025-04-03 17:10:31.763 69683 INFO tempest.lib.common.rest_client [req-50af8a96-17eb-496d-bd5d-4bc0f4e0ac2c req-50af8a96-17eb-496d-bd5d-4bc0f4e0ac2c ] Request (ServerDiskConfigTestJSON:test_rebuild_server_with_manual_disk_config): 200 GET http://10.180.1.21/compute/v2.1/servers/a22f6b5a-ede0-46e7-9ea8-6a82f5e0acf8 0.173s
2025-04-03 17:10:31.783 69673 INFO tempest.lib.common.rest_client [req-035b87a2-8ec0-442d-8e54-2b06718631cf req-035b87a2-8ec0-442d-8e54-2b06718631cf ] Request (ComputeTenantNetworksTest:setUpClass): 200 GET http://10.180.1.21/identity/v3/domains?name=Default 0.024s
2025-04-03 17:10:31.800 69663 INFO tempest.lib.common.rest_client [req-1ebd7389-ad1a-4979-a270-f8276e4a0ceb req-1ebd7389-ad1a-4979-a270-f8276e4a0ceb ] Request (ServersAdminTestJSON:test_list_servers_filter_by_error_status): 200 GET http://10.180.1.21/compute/v2.1/servers?status=error 0.170s
2025-04-03 17:10:31.819 69673 INFO tempest.lib.common.rest_client [req-faace5df-8e30-41b6-9872-3870368c89a2 req-faace5df-8e30-41b6-9872-3870368c89a2 ] Request (ComputeTenantNetworksTest:setUpClass): 201 POST http://10.180.1.21/identity/v3/projects 0.035s
2025-04-03 17:10:31.865 69669 INFO tempest.lib.common.rest_client [req-7aba5c75-afff-4752-a932-c5450a93cfcc req-7aba5c75-afff-4752-a932-c5450a93cfcc ] Request (ImagesTestJSON:test_create_server_from_snapshot): 200 GET http://10.180.1.21/compute/v2.1/servers/82bba616-38b5-4990-a713-67ff8535e229 0.103s
2025-04-03 17:10:31.891 69673 INFO tempest.lib.common.rest_client [req-d34c4a1e-f1a8-489a-b75b-15938fd41eb4 req-d34c4a1e-f1a8-489a-b75b-15938fd41eb4 ] Request (ComputeTenantNetworksTest:setUpClass): 201 POST http://10.180.1.21/identity/v3/users 0.071s
2025-04-03 17:10:31.924 69673 INFO tempest.lib.common.rest_client [req-7ebcbe66-c2ab-426e-bde4-79b579ba05ea req-7ebcbe66-c2ab-426e-bde4-79b579ba05ea ] Request (ComputeTenantNetworksTest:setUpClass): 200 GET http://10.180.1.21/identity/v3/roles 0.033s
2025-04-03 17:10:31.974 69673 INFO tempest.lib.common.rest_client [req-31b15b02-ca15-43c2-8ee5-c4a5424f296f req-31b15b02-ca15-43c2-8ee5-c4a5424f296f ] Request (ComputeTenantNetworksTest:setUpClass): 204 PUT http://10.180.1.21/identity/v3/projects/0c85836ff2dc4082addebb601ff78354/users/a69a7948c1bf4fa6afb897bf97b41e1d/roles/247f20c4939449e1b7cbcd6baf00b41d 0.049s
2025-04-03 17:10:31.974 69673 INFO tempest.lib.common.dynamic_creds [-] Dynamic test user a69a7948c1bf4fa6afb897bf97b41e1d is created with scope project and roles: ['member']
2025-04-03 17:10:31.974 69673 INFO tempest.lib.common.dynamic_creds [-] Acquired dynamic creds: credentials: Credentials: {'domain_id': 'default', 'domain_name': 'Default', 'username': 'tempest-ComputeTenantNetworksTest-1575665400-project-member', 'project_domain_id': 'default', 'project_domain_name': 'Default', 'project_id': '0c85836ff2dc4082addebb601ff78354', 'project_name': 'tempest-ComputeTenantNetworksTest-1575665400', 'tenant_id': '0c85836ff2dc4082addebb601ff78354', 'tenant_name': 'tempest-ComputeTenantNetworksTest-1575665400', 'user_domain_id': 'default', 'user_domain_name': 'Default', 'user_id': 'a69a7948c1bf4fa6afb897bf97b41e1d', 'system': None}, Network: None, Subnet: None, Router: None
2025-04-03 17:10:32.037 69657 INFO tempest.lib.common.rest_client [req-ab14d948-c4ae-41b7-844f-bd4539c5f5c1 req-ab14d948-c4ae-41b7-844f-bd4539c5f5c1 ] Request (ServersWithSpecificFlavorTestJSON:test_verify_created_server_ephemeral_disk): 200 GET http://10.180.1.21/compute/v2.1/servers/7a01355c-3ae4-4147-b074-3ce4ff296a8a 0.216s
2025-04-03 17:10:32.090 69673 INFO tempest.lib.common.rest_client [req-862aec0f-facc-4979-acd3-d4ce83ed847b req-862aec0f-facc-4979-acd3-d4ce83ed847b ] Request (ComputeTenantNetworksTest:setUpClass): 201 POST http://10.180.1.21/identity/v3/auth/tokens 0.115s
2025-04-03 17:10:32.153 69704 INFO tempest.lib.common.rest_client [req-baa3bf1b-64f0-4657-9633-d68519edbf9f req-baa3bf1b-64f0-4657-9633-d68519edbf9f ] Request (AttachInterfacesTestJSON:test_create_list_show_delete_interfaces_by_fixed_ip): 200 GET http://10.180.1.21/compute/v2.1/servers/b33d6f98-defd-48e0-8d3a-d65249420c58/os-interface 0.330s
2025-04-03 17:10:32.154 69663 INFO tempest.lib.common.rest_client [req-3b1d5f18-209e-440d-9fa2-c6a1e1e910cd req-3b1d5f18-209e-440d-9fa2-c6a1e1e910cd ] Request (ServersAdminTestJSON:test_list_servers_filter_by_error_status): 202 POST http://10.180.1.21/compute/v2.1/servers/f62a7866-43de-4442-a48f-f3e6462b6957/action 0.352s
2025-04-03 17:10:32.187 69704 INFO tempest.lib.common.rest_client [req-e0f03b57-957a-40aa-9ec9-1ea71b692e11 req-e0f03b57-957a-40aa-9ec9-1ea71b692e11 ] Request (AttachInterfacesTestJSON:_run_cleanups): 404 DELETE http://10.180.1.21:9696/networking/v2.0/ports/7c8b7c3b-658e-453d-93f3-478d3ace1924 0.031s
2025-04-03 17:10:32.191 69680 INFO tempest.lib.common.rest_client [req-8958b1d7-021d-4ffa-9af3-d2839a62ad7b req-8958b1d7-021d-4ffa-9af3-d2839a62ad7b ] Request (ServersTestJSON:_run_cleanups): 404 GET http://10.180.1.21/compute/v2.1/servers/e7bc02ba-535f-4578-8f42-505da434a484 0.307s
2025-04-03 17:10:32.286 69681 INFO tempest.lib.common.rest_client [req-08b3299c-42d7-409f-8487-60c95241591f req-08b3299c-42d7-409f-8487-60c95241591f ] Request (SecurityGroupsTestJSON:test_server_security_groups): 200 GET http://10.180.1.21/compute/v2.1/servers/de68c5c9-7f6c-4621-b8c5-ad465ab8da5c 0.394s
2025-04-03 17:10:32.287 69689 INFO tempest.lib.common.rest_client [req-f4ae71e5-066d-423b-9489-a586da604248 req-f4ae71e5-066d-423b-9489-a586da604248 ] Request (ServersNegativeTestJSON:setUpClass): 200 GET http://10.180.1.21/compute/v2.1/servers/86019ecc-ee00-4c00-be8e-b52c44fbec24 0.351s
2025-04-03 17:10:32.366 69721 INFO tempest.lib.common.rest_client [req-3f12a4e8-c8c3-4242-b933-88b38e83a781 req-3f12a4e8-c8c3-4242-b933-88b38e83a781 ] Request (ListServersNegativeTestJSON:tearDownClass): 200 GET http://10.180.1.21/compute/v2.1/servers/8f72bf0e-7414-4336-9e26-2104b9bd6c2c 0.417s
2025-04-03 17:10:32.372 69721 INFO tempest.common.waiters [-] State transition "ACTIVE/deleting" ==> "DELETED/None" after 3 second wait
2025-04-03 17:10:32.465 69677 INFO tempest.lib.common.rest_client [req-dd867766-915c-4328-9cd4-beaa3245de1b req-dd867766-915c-4328-9cd4-beaa3245de1b ] Request (ServerRescueTestJSONUnderV235:tearDownClass): 200 GET http://10.180.1.21/compute/v2.1/servers/fa9f6daa-abe1-4e65-8ac6-e72809b41de5 0.397s
2025-04-03 17:10:32.542 69663 INFO tempest.lib.common.rest_client [req-3ce6d5ef-e23a-4914-be16-866a221a344f req-3ce6d5ef-e23a-4914-be16-866a221a344f ] Request (ServersAdminTestJSON:test_list_servers_filter_by_error_status): 200 GET http://10.180.1.21/compute/v2.1/servers/f62a7866-43de-4442-a48f-f3e6462b6957 0.387s
2025-04-03 17:10:32.620 69680 INFO tempest.lib.common.rest_client [req-02dc8b50-e152-4d8e-968e-90a1b4bf6add req-02dc8b50-e152-4d8e-968e-90a1b4bf6add ] Request (ServersTestJSON:test_create_specify_keypair): 200 POST http://10.180.1.21/compute/v2.1/os-keypairs 0.425s
2025-04-03 17:10:32.652 69673 INFO tempest.lib.common.rest_client [req-ec569e9e-dc09-421a-b113-fc02c673c7ba req-ec569e9e-dc09-421a-b113-fc02c673c7ba ] Request (ComputeTenantNetworksTest:setUpClass): 201 POST http://10.180.1.21:9696/networking/v2.0/networks 0.562s
2025-04-03 17:10:32.652 69673 INFO tempest.lib.common.dynamic_creds [-] Created isolated network resources for: credentials: Credentials: {'domain_id': 'default', 'domain_name': 'Default', 'username': 'tempest-ComputeTenantNetworksTest-1575665400-project-member', 'project_domain_id': 'default', 'project_domain_name': 'Default', 'project_id': '0c85836ff2dc4082addebb601ff78354', 'project_name': 'tempest-ComputeTenantNetworksTest-1575665400', 'tenant_id': '0c85836ff2dc4082addebb601ff78354', 'tenant_name': 'tempest-ComputeTenantNetworksTest-1575665400', 'user_domain_id': 'default', 'user_domain_name': 'Default', 'user_id': 'a69a7948c1bf4fa6afb897bf97b41e1d', 'system': None}, Network: {'id': 'afaf46e0-03e1-46b5-bf7b-421244e3764f', 'name': 'tempest-ComputeTenantNetworksTest-1554385835-network', 'tenant_id': '0c85836ff2dc4082addebb601ff78354', 'admin_state_up': True, 'mtu': 8950, 'status': 'ACTIVE', 'subnets': [], 'shared': False, 'project_id': '0c85836ff2dc4082addebb601ff78354', 'port_security_enabled': True, 'router:external': False, 'provider:network_type': 'vlan', 'provider:physical_network': 'default', 'provider:segmentation_id': 47, 'availability_zone_hints': [], 'availability_zones': [], 'ipv4_address_scope': None, 'ipv6_address_scope': None, 'description': '', 'tags': [], 'created_at': '2025-04-03T17:10:32Z', 'updated_at': '2025-04-03T17:10:32Z', 'revision_number': 1}, Subnet: None, Router: None
2025-04-03 17:10:32.659 69704 INFO tempest.lib.common.rest_client [req-b5ed2fcf-812c-434b-80d1-a4520a47d0c9 req-b5ed2fcf-812c-434b-80d1-a4520a47d0c9 ] Request (AttachInterfacesTestJSON:_run_cleanups): 204 DELETE http://10.180.1.21/compute/v2.1/servers/b33d6f98-defd-48e0-8d3a-d65249420c58 0.471s
2025-04-03 17:10:32.678 69661 WARNING tempest.lib.common.ssh [-] Failed to establish authenticated ssh connection to cirros@10.180.180.214 ([Errno None] Unable to connect to port 22 on 10.180.180.214). Number attempts: 4. Retry after 5 seconds.: paramiko.ssh_exception.NoValidConnectionsError: [Errno None] Unable to connect to port 22 on 10.180.180.214
2025-04-03 17:10:32.782 69693 INFO tempest.lib.common.rest_client [req-f8fb8657-a234-4669-afbb-28a84faefdcd req-f8fb8657-a234-4669-afbb-28a84faefdcd ] Request (VolumesAssistedSnapshotsTest:tearDownClass): 200 GET http://10.180.1.21/compute/v2.1/servers/4f82b89f-8c44-4869-a198-9ea843318ec8 0.489s
2025-04-03 17:10:32.812 69651 INFO tempest.lib.common.rest_client [req-92305496-f8ff-4889-944b-a81ccab5519a req-92305496-f8ff-4889-944b-a81ccab5519a ] Request (ServersAdminNegativeTestJSON:setUpClass): 200 GET http://10.180.1.21/compute/v2.1/servers/8a2b1540-1c27-40b4-b5aa-099435ed39ae 0.565s
2025-04-03 17:10:32.855 69649 INFO tempest.lib.common.rest_client [req-e4f87cb5-f340-49ad-a90d-f7f78cad85ba req-e4f87cb5-f340-49ad-a90d-f7f78cad85ba ] Request (InstanceActionsTestJSON:tearDownClass): 200 GET http://10.180.1.21/compute/v2.1/servers/72bca977-b708-4a51-89f9-6ba90e095e54 0.528s
2025-04-03 17:10:32.870 69649 INFO tempest.common.waiters [-] State transition "ACTIVE/deleting" ==> "DELETED/None" after 5 second wait
2025-04-03 17:10:32.879 69673 INFO tempest.lib.common.rest_client [req-4063994d-59fa-4c57-9812-207eefe4feae req-4063994d-59fa-4c57-9812-207eefe4feae ] Request (ComputeTenantNetworksTest:setUpClass): 201 POST http://10.180.1.21/identity/v3/auth/tokens 0.219s
2025-04-03 17:10:32.911 69673 INFO tempest.lib.common.rest_client [req-308b4d1f-c5bd-4eae-a62a-2ae75c228540 req-308b4d1f-c5bd-4eae-a62a-2ae75c228540 ] Request (ComputeTenantNetworksTest:setUpClass): 201 POST http://10.180.1.21/identity/v3/auth/tokens 0.028s
2025-04-03 17:10:32.911 69673 INFO tempest.lib.common.fixed_network [-] (ComputeTenantNetworksTest:setUpClass) Found network {'id': 'afaf46e0-03e1-46b5-bf7b-421244e3764f', 'name': 'tempest-ComputeTenantNetworksTest-1554385835-network', 'tenant_id': '0c85836ff2dc4082addebb601ff78354', 'admin_state_up': True, 'mtu': 8950, 'status': 'ACTIVE', 'subnets': [], 'shared': False, 'project_id': '0c85836ff2dc4082addebb601ff78354', 'port_security_enabled': True, 'router:external': False, 'provider:network_type': 'vlan', 'provider:physical_network': 'default', 'provider:segmentation_id': 47, 'availability_zone_hints': [], 'availability_zones': [], 'ipv4_address_scope': None, 'ipv6_address_scope': None, 'description': '', 'tags': [], 'created_at': '2025-04-03T17:10:32Z', 'updated_at': '2025-04-03T17:10:32Z', 'revision_number': 1} available for tenant
