2025-04-03 17:09:37.621 69705 INFO tempest.lib.common.rest_client [req-ef05ec7d-e076-4dff-843e-168fa18d6875 req-ef05ec7d-e076-4dff-843e-168fa18d6875 ] Request (MigrationsAdminTest:test_resize_server_revert_deleted_flavor): 200 GET http://10.180.1.21/compute/v2.1/servers/58ab1dca-3b1c-4c13-9ba3-41c0d837fde4 0.246s
2025-04-03 17:09:37.643 69651 INFO tempest.lib.common.rest_client [req-f7f1d48c-5637-43bf-a696-2726f901592c req-f7f1d48c-5637-43bf-a696-2726f901592c ] Request (ServersAdminNegativeTestJSON:setUpClass): 200 GET http://10.180.1.21/compute/v2.1/servers/8a2b1540-1c27-40b4-b5aa-099435ed39ae 0.220s
2025-04-03 17:09:37.705 69691 INFO tempest.lib.common.rest_client [req-36c82198-64da-4ab9-b4f8-ccedd1254ab8 req-36c82198-64da-4ab9-b4f8-ccedd1254ab8 ] Request (ImagesOneServerNegativeTestJSON:_run_cleanups): 200 GET http://10.180.1.21/compute/v2.1/servers/eee824c9-2c0e-4fff-93d5-78c87c9fc974 0.233s
2025-04-03 17:09:37.719 69681 INFO tempest.lib.common.rest_client [req-8f68725a-7b43-4e18-9902-1d282188a5f6 req-8f68725a-7b43-4e18-9902-1d282188a5f6 ] Request (SecurityGroupsTestJSON:test_list_security_groups_by_server): 200 GET http://10.180.1.21/compute/v2.1/servers/17490ab7-1e95-4189-b1ee-e969fd8b8627 0.278s
2025-04-03 17:09:37.912 69675 INFO tempest.lib.common.rest_client [req-58f1bae5-cb38-4b3e-85ad-1b7c9a765438 req-58f1bae5-cb38-4b3e-85ad-1b7c9a765438 ] Request (InstanceActionsV221TestJSON:test_get_list_deleted_instance_actions): 200 GET http://10.180.1.21/compute/v2.1/servers/eb3449ed-6ce9-4d3c-870f-289ace8fddb2 0.062s
2025-04-03 17:09:37.928 69680 INFO tempest.lib.common.rest_client [req-abd2ae28-8dd2-4274-a191-8c702f950022 req-abd2ae28-8dd2-4274-a191-8c702f950022 ] Request (ServersTestJSON:test_create_server_with_ipv6_addr_only): 200 GET http://10.180.1.21/compute/v2.1/servers/e7bc02ba-535f-4578-8f42-505da434a484 0.056s
2025-04-03 17:09:38.004 69683 INFO tempest.lib.common.rest_client [req-23920ee1-9b07-49df-bf03-34b8888ccd92 req-23920ee1-9b07-49df-bf03-34b8888ccd92 ] Request (ServerDiskConfigTestJSON:test_rebuild_server_with_auto_disk_config): 200 GET http://10.180.1.21/compute/v2.1/servers/5ad21001-95a6-46b9-bdb2-644c4a766a58 0.055s
2025-04-03 17:09:38.052 69659 INFO tempest.lib.common.rest_client [req-68479599-c407-43c3-aa9f-dd3803157466 req-68479599-c407-43c3-aa9f-dd3803157466 ] Request (ListImageFiltersTestJSON:setUpClass): 200 GET http://10.180.1.21/compute/v2.1/images/83f4671c-a4f2-4c13-bc8f-dade2ee37db3 0.029s
2025-04-03 17:09:38.072 69677 INFO tempest.lib.common.rest_client [req-aa2ca943-3a62-42f5-950f-b692c71f8b0a req-aa2ca943-3a62-42f5-950f-b692c71f8b0a ] Request (ServerRescueTestJSONUnderV235:setUpClass): 200 GET http://10.180.1.21/compute/v2.1/servers/fa9f6daa-abe1-4e65-8ac6-e72809b41de5 0.050s
2025-04-03 17:09:38.392 69665 INFO tempest.lib.common.rest_client [req-49e9ea14-4279-4130-bc05-7a2a4d168c80 req-49e9ea14-4279-4130-bc05-7a2a4d168c80 ] Request (FloatingIPsAssociationTestJSON:test_associate_already_associated_floating_ip): 200 GET http://10.180.1.21/compute/v2.1/servers/8600c957-3250-4f49-9a3c-da890a64084f 0.052s
2025-04-03 17:09:38.441 69669 INFO tempest.lib.common.rest_client [req-93efb540-8b17-4e56-bcf5-8727250047c2 req-93efb540-8b17-4e56-bcf5-8727250047c2 ] Request (ImagesTestJSON:test_create_server_from_snapshot): 200 GET http://10.180.1.21/compute/v2.1/servers/82bba616-38b5-4990-a713-67ff8535e229 0.054s
2025-04-03 17:09:38.496 69663 INFO tempest.lib.common.rest_client [req-040f0770-83e2-49c5-859d-8148e1a3c1c6 req-040f0770-83e2-49c5-859d-8148e1a3c1c6 ] Request (ServersAdminTestJSON:test_inject_network_info): 200 GET http://10.180.1.21/compute/v2.1/servers/294e3f27-4dad-4b91-a213-38abfd7055c7 0.084s
2025-04-03 17:09:38.511 69721 INFO tempest.lib.common.rest_client [req-143fad46-f865-4513-8663-72b9b04af4c7 req-143fad46-f865-4513-8663-72b9b04af4c7 ] Request (ListServersNegativeTestJSON:setUpClass): 200 GET http://10.180.1.21/compute/v2.1/servers/9379df58-35b0-41ee-b9cb-fc950fec49f1 0.149s
2025-04-03 17:09:38.518 69721 INFO tempest.common.waiters [-] State transition "BUILD/spawning" ==> "ACTIVE/None" after 80 second wait
2025-04-03 17:09:38.552 69687 INFO tempest.lib.common.rest_client [req-5024fec0-617d-40f4-bf53-6bc05c011c64 req-5024fec0-617d-40f4-bf53-6bc05c011c64 ] Request (ServerMetadataNegativeTestJSON:setUpClass): 200 GET http://10.180.1.21/compute/v2.1/servers/a1e895cc-ee15-432b-96a9-c8cca13b44e4 0.117s
2025-04-03 17:09:38.566 69649 INFO tempest.lib.common.rest_client [req-914b0612-74f0-4900-81a6-86a056818ec9 req-914b0612-74f0-4900-81a6-86a056818ec9 ] Request (InstanceActionsTestJSON:setUpClass): 200 GET http://10.180.1.21/compute/v2.1/servers/72bca977-b708-4a51-89f9-6ba90e095e54 0.104s
2025-04-03 17:09:38.621 69655 INFO tempest.lib.common.rest_client [req-3186614e-0f9d-4326-9c88-573ace3b0b6f req-3186614e-0f9d-4326-9c88-573ace3b0b6f ] Request (TenantUsagesTestJSON:tearDownClass): 200 GET http://10.180.1.21/compute/v2.1/servers/1744cdce-652c-4dbe-8584-b89938a3864f 0.127s
2025-04-03 17:09:38.629 69661 INFO tempest.lib.common.rest_client [req-c2b31d98-1f7c-4393-a772-38a2b1cf83e4 req-c2b31d98-1f7c-4393-a772-38a2b1cf83e4 ] Request (ServersTestBootFromVolume:setUpClass): 200 GET http://10.180.1.21/compute/v2.1/servers/127c1dd1-2dbd-47ac-86e4-c048fca8eb91 0.117s
2025-04-03 17:09:38.690 69689 INFO tempest.lib.common.rest_client [req-bc61054c-4ab1-4641-9c5a-e57d59775852 req-bc61054c-4ab1-4641-9c5a-e57d59775852 ] Request (ServersNegativeTestJSON:setUpClass): 200 GET http://10.180.1.21/compute/v2.1/servers/86019ecc-ee00-4c00-be8e-b52c44fbec24 0.115s
2025-04-03 17:09:38.729 69721 INFO tempest.lib.common.rest_client [req-ac4c0c2e-2f3d-4e69-af37-c0fb74cec693 req-ac4c0c2e-2f3d-4e69-af37-c0fb74cec693 ] Request (ListServersNegativeTestJSON:setUpClass): 200 GET http://10.180.1.21/compute/v2.1/servers/8f72bf0e-7414-4336-9e26-2104b9bd6c2c 0.210s
2025-04-03 17:09:38.792 69705 INFO tempest.lib.common.rest_client [req-02febe70-1886-499d-b3b5-37d9320089e9 req-02febe70-1886-499d-b3b5-37d9320089e9 ] Request (MigrationsAdminTest:test_resize_server_revert_deleted_flavor): 200 GET http://10.180.1.21/compute/v2.1/servers/58ab1dca-3b1c-4c13-9ba3-41c0d837fde4 0.163s
2025-04-03 17:09:38.800 69673 INFO tempest.lib.common.rest_client [req-1a5b3db9-1674-4e8c-9182-2288719bfaf0 req-1a5b3db9-1674-4e8c-9182-2288719bfaf0 ] Request (ServerGroupTestJSON:test_create_server_with_scheduler_hint_group): 200 GET http://10.180.1.21/compute/v2.1/servers/eb30b6b6-4f42-44ba-87db-0a51d6a71ba4 0.202s
2025-04-03 17:09:38.851 69651 INFO tempest.lib.common.rest_client [req-49cd11f3-f65b-4538-8ece-2a869360821e req-49cd11f3-f65b-4538-8ece-2a869360821e ] Request (ServersAdminNegativeTestJSON:setUpClass): 200 GET http://10.180.1.21/compute/v2.1/servers/8a2b1540-1c27-40b4-b5aa-099435ed39ae 0.199s
2025-04-03 17:09:38.860 69691 INFO tempest.lib.common.rest_client [req-b3008141-84be-4987-855d-8bcd36fd9d00 req-b3008141-84be-4987-855d-8bcd36fd9d00 ] Request (ImagesOneServerNegativeTestJSON:_run_cleanups): 200 GET http://10.180.1.21/compute/v2.1/servers/eee824c9-2c0e-4fff-93d5-78c87c9fc974 0.145s
2025-04-03 17:09:38.983 69681 INFO tempest.lib.common.rest_client [req-dd96938f-8cc1-4561-91f4-be91ef1be4e3 req-dd96938f-8cc1-4561-91f4-be91ef1be4e3 ] Request (SecurityGroupsTestJSON:test_list_security_groups_by_server): 200 GET http://10.180.1.21/compute/v2.1/servers/17490ab7-1e95-4189-b1ee-e969fd8b8627 0.255s
2025-04-03 17:09:38.990 69721 INFO tempest.lib.common.rest_client [req-27135321-0231-4820-a8c5-95c58153d450 req-27135321-0231-4820-a8c5-95c58153d450 ] Request (ListServersNegativeTestJSON:setUpClass): 200 GET http://10.180.1.21/compute/v2.1/servers/4421137d-770f-4529-bcac-f26299940972 0.252s
2025-04-03 17:09:39.049 69680 INFO tempest.lib.common.rest_client [req-c330d58f-6222-4690-8b57-bb8eade22e04 req-c330d58f-6222-4690-8b57-bb8eade22e04 ] Request (ServersTestJSON:test_create_server_with_ipv6_addr_only): 200 GET http://10.180.1.21/compute/v2.1/servers/e7bc02ba-535f-4578-8f42-505da434a484 0.112s
2025-04-03 17:09:39.057 69675 INFO tempest.lib.common.rest_client [req-ebb3d80d-5112-4eea-8d60-7593e4418bba req-ebb3d80d-5112-4eea-8d60-7593e4418bba ] Request (InstanceActionsV221TestJSON:test_get_list_deleted_instance_actions): 200 GET http://10.180.1.21/compute/v2.1/servers/eb3449ed-6ce9-4d3c-870f-289ace8fddb2 0.136s
2025-04-03 17:09:39.108 69683 INFO tempest.lib.common.rest_client [req-f47ff699-5d0e-4a23-9d88-dfa65811e48e req-f47ff699-5d0e-4a23-9d88-dfa65811e48e ] Request (ServerDiskConfigTestJSON:test_rebuild_server_with_auto_disk_config): 200 GET http://10.180.1.21/compute/v2.1/servers/5ad21001-95a6-46b9-bdb2-644c4a766a58 0.097s
2025-04-03 17:09:39.119 69721 INFO tempest.lib.common.rest_client [req-39201ee9-6e44-4399-9f7d-7281ffadcf18 req-39201ee9-6e44-4399-9f7d-7281ffadcf18 ] Request (ListServersNegativeTestJSON:setUpClass): 204 DELETE http://10.180.1.21/compute/v2.1/servers/4421137d-770f-4529-bcac-f26299940972 0.121s
2025-04-03 17:09:39.147 69659 INFO tempest.lib.common.rest_client [req-7249aab1-1961-4c28-ae25-0bd3d542094e req-7249aab1-1961-4c28-ae25-0bd3d542094e ] Request (ListImageFiltersTestJSON:setUpClass): 200 GET http://10.180.1.21/compute/v2.1/images/83f4671c-a4f2-4c13-bc8f-dade2ee37db3 0.091s
2025-04-03 17:09:39.171 69677 INFO tempest.lib.common.rest_client [req-0ffadf8a-308b-4ac3-8eb3-fa038b111f4d req-0ffadf8a-308b-4ac3-8eb3-fa038b111f4d ] Request (ServerRescueTestJSONUnderV235:setUpClass): 200 GET http://10.180.1.21/compute/v2.1/servers/fa9f6daa-abe1-4e65-8ac6-e72809b41de5 0.091s
2025-04-03 17:09:39.245 69721 INFO tempest.lib.common.rest_client [req-eeafb883-5c7e-41f6-8567-ae5c7c2c0972 req-eeafb883-5c7e-41f6-8567-ae5c7c2c0972 ] Request (ListServersNegativeTestJSON:setUpClass): 200 GET http://10.180.1.21/compute/v2.1/servers/4421137d-770f-4529-bcac-f26299940972 0.123s
2025-04-03 17:09:39.453 69665 INFO tempest.lib.common.rest_client [req-7acc6aff-958d-473c-9b6d-44f050e3dc37 req-7acc6aff-958d-473c-9b6d-44f050e3dc37 ] Request (FloatingIPsAssociationTestJSON:test_associate_already_associated_floating_ip): 200 GET http://10.180.1.21/compute/v2.1/servers/8600c957-3250-4f49-9a3c-da890a64084f 0.053s
2025-04-03 17:09:39.503 69669 INFO tempest.lib.common.rest_client [req-a0092edf-3766-4030-af1c-43b40a394557 req-a0092edf-3766-4030-af1c-43b40a394557 ] Request (ImagesTestJSON:test_create_server_from_snapshot): 200 GET http://10.180.1.21/compute/v2.1/servers/82bba616-38b5-4990-a713-67ff8535e229 0.052s
2025-04-03 17:09:39.562 69663 INFO tempest.lib.common.rest_client [req-33dae9aa-8a24-455d-aaa7-693b678f64a0 req-33dae9aa-8a24-455d-aaa7-693b678f64a0 ] Request (ServersAdminTestJSON:test_inject_network_info): 200 GET http://10.180.1.21/compute/v2.1/servers/294e3f27-4dad-4b91-a213-38abfd7055c7 0.058s
2025-04-03 17:09:39.621 69687 INFO tempest.lib.common.rest_client [req-986e6878-c5ea-44d1-9b93-0283ab0fc733 req-986e6878-c5ea-44d1-9b93-0283ab0fc733 ] Request (ServerMetadataNegativeTestJSON:setUpClass): 200 GET http://10.180.1.21/compute/v2.1/servers/a1e895cc-ee15-432b-96a9-c8cca13b44e4 0.057s
2025-04-03 17:09:39.627 69649 INFO tempest.lib.common.rest_client [req-03223534-d6c4-4c38-81e7-c4dde23b78a3 req-03223534-d6c4-4c38-81e7-c4dde23b78a3 ] Request (InstanceActionsTestJSON:setUpClass): 200 GET http://10.180.1.21/compute/v2.1/servers/72bca977-b708-4a51-89f9-6ba90e095e54 0.054s
2025-04-03 17:09:39.628 69687 INFO tempest.common.waiters [-] State transition "BUILD/scheduling" ==> "BUILD/None" after 41 second wait
2025-04-03 17:09:39.699 69655 INFO tempest.lib.common.rest_client [req-92760c13-163b-4556-9175-24a315844065 req-92760c13-163b-4556-9175-24a315844065 ] Request (TenantUsagesTestJSON:tearDownClass): 200 GET http://10.180.1.21/compute/v2.1/servers/1744cdce-652c-4dbe-8584-b89938a3864f 0.070s
2025-04-03 17:09:39.699 69661 INFO tempest.lib.common.rest_client [req-4daa39dc-1f28-40c7-955d-41a6a0f5b98f req-4daa39dc-1f28-40c7-955d-41a6a0f5b98f ] Request (ServersTestBootFromVolume:setUpClass): 200 GET http://10.180.1.21/compute/v2.1/servers/127c1dd1-2dbd-47ac-86e4-c048fca8eb91 0.063s
2025-04-03 17:09:39.746 69689 INFO tempest.lib.common.rest_client [req-e8f99e0a-4ab8-4258-81d9-3e595fac0b4e req-e8f99e0a-4ab8-4258-81d9-3e595fac0b4e ] Request (ServersNegativeTestJSON:setUpClass): 200 GET http://10.180.1.21/compute/v2.1/servers/86019ecc-ee00-4c00-be8e-b52c44fbec24 0.047s
2025-04-03 17:09:39.868 69705 INFO tempest.lib.common.rest_client [req-b82fa88c-b4c3-44a9-9a30-ca1617a501af req-b82fa88c-b4c3-44a9-9a30-ca1617a501af ] Request (MigrationsAdminTest:test_resize_server_revert_deleted_flavor): 200 GET http://10.180.1.21/compute/v2.1/servers/58ab1dca-3b1c-4c13-9ba3-41c0d837fde4 0.066s
2025-04-03 17:09:39.915 69673 INFO tempest.lib.common.rest_client [req-9a0d1636-1b25-4328-b2ef-e38fcf8a7bb7 req-9a0d1636-1b25-4328-b2ef-e38fcf8a7bb7 ] Request (ServerGroupTestJSON:test_create_server_with_scheduler_hint_group): 200 GET http://10.180.1.21/compute/v2.1/servers/eb30b6b6-4f42-44ba-87db-0a51d6a71ba4 0.107s
2025-04-03 17:09:39.921 69651 INFO tempest.lib.common.rest_client [req-f3182730-33ee-4201-8c43-3c41f3601eb4 req-f3182730-33ee-4201-8c43-3c41f3601eb4 ] Request (ServersAdminNegativeTestJSON:setUpClass): 200 GET http://10.180.1.21/compute/v2.1/servers/8a2b1540-1c27-40b4-b5aa-099435ed39ae 0.058s
2025-04-03 17:09:39.962 69691 INFO tempest.lib.common.rest_client [req-ea39c749-514c-4f8d-b771-52b5f2c9b494 req-ea39c749-514c-4f8d-b771-52b5f2c9b494 ] Request (ImagesOneServerNegativeTestJSON:_run_cleanups): 200 GET http://10.180.1.21/compute/v2.1/servers/eee824c9-2c0e-4fff-93d5-78c87c9fc974 0.093s
2025-04-03 17:09:40.083 69681 INFO tempest.lib.common.rest_client [req-9f106a97-014b-4cf0-8962-8d7c607c9cf2 req-9f106a97-014b-4cf0-8962-8d7c607c9cf2 ] Request (SecurityGroupsTestJSON:test_list_security_groups_by_server): 200 GET http://10.180.1.21/compute/v2.1/servers/17490ab7-1e95-4189-b1ee-e969fd8b8627 0.092s
2025-04-03 17:09:40.110 69680 INFO tempest.lib.common.rest_client [req-a0c79303-78e3-4f35-9790-0fc0228835b1 req-a0c79303-78e3-4f35-9790-0fc0228835b1 ] Request (ServersTestJSON:test_create_server_with_ipv6_addr_only): 200 GET http://10.180.1.21/compute/v2.1/servers/e7bc02ba-535f-4578-8f42-505da434a484 0.051s
2025-04-03 17:09:40.142 69675 INFO tempest.lib.common.rest_client [req-29845920-0d9f-4068-861e-2698825b4743 req-29845920-0d9f-4068-861e-2698825b4743 ] Request (InstanceActionsV221TestJSON:test_get_list_deleted_instance_actions): 200 GET http://10.180.1.21/compute/v2.1/servers/eb3449ed-6ce9-4d3c-870f-289ace8fddb2 0.074s
2025-04-03 17:09:40.167 69683 INFO tempest.lib.common.rest_client [req-f8f74af8-6182-42e2-8ffe-5a2b1f9b96e7 req-f8f74af8-6182-42e2-8ffe-5a2b1f9b96e7 ] Request (ServerDiskConfigTestJSON:test_rebuild_server_with_auto_disk_config): 200 GET http://10.180.1.21/compute/v2.1/servers/5ad21001-95a6-46b9-bdb2-644c4a766a58 0.050s
2025-04-03 17:09:40.184 69659 INFO tempest.lib.common.rest_client [req-68cac70e-8e9a-4338-b021-5a81caabea71 req-68cac70e-8e9a-4338-b021-5a81caabea71 ] Request (ListImageFiltersTestJSON:setUpClass): 200 GET http://10.180.1.21/compute/v2.1/images/83f4671c-a4f2-4c13-bc8f-dade2ee37db3 0.033s
2025-04-03 17:09:40.229 69677 INFO tempest.lib.common.rest_client [req-3e2026c6-722e-4b80-be0d-de25f81cfad7 req-3e2026c6-722e-4b80-be0d-de25f81cfad7 ] Request (ServerRescueTestJSONUnderV235:setUpClass): 200 GET http://10.180.1.21/compute/v2.1/servers/fa9f6daa-abe1-4e65-8ac6-e72809b41de5 0.049s
2025-04-03 17:09:40.355 69721 INFO tempest.lib.common.rest_client [req-0e615546-34fc-44b6-82a4-230082e2d677 req-0e615546-34fc-44b6-82a4-230082e2d677 ] Request (ListServersNegativeTestJSON:setUpClass): 200 GET http://10.180.1.21/compute/v2.1/servers/4421137d-770f-4529-bcac-f26299940972 0.101s
2025-04-03 17:09:40.516 69665 INFO tempest.lib.common.rest_client [req-0d194ffc-050f-423d-a114-89e1f4e9f696 req-0d194ffc-050f-423d-a114-89e1f4e9f696 ] Request (FloatingIPsAssociationTestJSON:test_associate_already_associated_floating_ip): 200 GET http://10.180.1.21/compute/v2.1/servers/8600c957-3250-4f49-9a3c-da890a64084f 0.055s
2025-04-03 17:09:40.564 69669 INFO tempest.lib.common.rest_client [req-64759de7-ba84-4917-b8a3-4490bcf53977 req-64759de7-ba84-4917-b8a3-4490bcf53977 ] Request (ImagesTestJSON:test_create_server_from_snapshot): 200 GET http://10.180.1.21/compute/v2.1/servers/82bba616-38b5-4990-a713-67ff8535e229 0.053s
2025-04-03 17:09:40.621 69663 INFO tempest.lib.common.rest_client [req-3518ebc6-c51e-492f-8ce7-889998c91212 req-3518ebc6-c51e-492f-8ce7-889998c91212 ] Request (ServersAdminTestJSON:test_inject_network_info): 200 GET http://10.180.1.21/compute/v2.1/servers/294e3f27-4dad-4b91-a213-38abfd7055c7 0.052s
2025-04-03 17:09:40.683 69687 INFO tempest.lib.common.rest_client [req-c1faa525-8fd1-422b-a835-9afc32ffb94c req-c1faa525-8fd1-422b-a835-9afc32ffb94c ] Request (ServerMetadataNegativeTestJSON:setUpClass): 200 GET http://10.180.1.21/compute/v2.1/servers/a1e895cc-ee15-432b-96a9-c8cca13b44e4 0.054s
2025-04-03 17:09:40.689 69649 INFO tempest.lib.common.rest_client [req-ed7f0172-c980-4258-896f-aea498d42161 req-ed7f0172-c980-4258-896f-aea498d42161 ] Request (InstanceActionsTestJSON:setUpClass): 200 GET http://10.180.1.21/compute/v2.1/servers/72bca977-b708-4a51-89f9-6ba90e095e54 0.054s
2025-04-03 17:09:40.763 69661 INFO tempest.lib.common.rest_client [req-88752ea4-0db7-47b3-8e92-bad2ca0b66f1 req-88752ea4-0db7-47b3-8e92-bad2ca0b66f1 ] Request (ServersTestBootFromVolume:setUpClass): 200 GET http://10.180.1.21/compute/v2.1/servers/127c1dd1-2dbd-47ac-86e4-c048fca8eb91 0.055s
2025-04-03 17:09:40.778 69655 INFO tempest.lib.common.rest_client [req-42631b85-c873-46cb-9e97-8cfb182d05c2 req-42631b85-c873-46cb-9e97-8cfb182d05c2 ] Request (TenantUsagesTestJSON:tearDownClass): 200 GET http://10.180.1.21/compute/v2.1/servers/1744cdce-652c-4dbe-8584-b89938a3864f 0.071s
2025-04-03 17:09:40.817 69689 INFO tempest.lib.common.rest_client [req-10e9762e-5708-484e-a60b-f4fafcb663bf req-10e9762e-5708-484e-a60b-f4fafcb663bf ] Request (ServersNegativeTestJSON:setUpClass): 200 GET http://10.180.1.21/compute/v2.1/servers/86019ecc-ee00-4c00-be8e-b52c44fbec24 0.063s
2025-04-03 17:09:40.863 69657 INFO paramiko.transport [-] Connected (version 2.0, client dropbear_2020.81)
2025-04-03 17:09:40.927 69705 INFO tempest.lib.common.rest_client [req-9bc84095-ed02-47e7-b21c-2f7658bafcb5 req-9bc84095-ed02-47e7-b21c-2f7658bafcb5 ] Request (MigrationsAdminTest:test_resize_server_revert_deleted_flavor): 200 GET http://10.180.1.21/compute/v2.1/servers/58ab1dca-3b1c-4c13-9ba3-41c0d837fde4 0.051s
2025-04-03 17:09:40.966 69657 INFO paramiko.transport [-] Authentication (publickey) successful!
2025-04-03 17:09:40.966 69657 INFO tempest.lib.common.ssh [-] ssh connection to cirros@10.180.180.207 successfully created
2025-04-03 17:09:40.989 69651 INFO tempest.lib.common.rest_client [req-45523c47-0b24-4521-85a7-fa14403ffe8c req-45523c47-0b24-4521-85a7-fa14403ffe8c ] Request (ServersAdminNegativeTestJSON:setUpClass): 200 GET http://10.180.1.21/compute/v2.1/servers/8a2b1540-1c27-40b4-b5aa-099435ed39ae 0.060s
2025-04-03 17:09:41.056 69691 INFO tempest.lib.common.rest_client [req-6eb42131-8c6c-4ce8-bbdc-b3e4d28dfe95 req-6eb42131-8c6c-4ce8-bbdc-b3e4d28dfe95 ] Request (ImagesOneServerNegativeTestJSON:_run_cleanups): 200 GET http://10.180.1.21/compute/v2.1/servers/eee824c9-2c0e-4fff-93d5-78c87c9fc974 0.085s
2025-04-03 17:09:41.083 69673 INFO tempest.lib.common.rest_client [req-64f84bc5-fc89-4711-a005-3f13f403d865 req-64f84bc5-fc89-4711-a005-3f13f403d865 ] Request (ServerGroupTestJSON:test_create_server_with_scheduler_hint_group): 200 GET http://10.180.1.21/compute/v2.1/servers/eb30b6b6-4f42-44ba-87db-0a51d6a71ba4 0.159s
2025-04-03 17:09:41.126 69657 INFO tempest.lib.common.rest_client [req-9bde36df-d33a-4983-94b8-e3a056353971 req-9bde36df-d33a-4983-94b8-e3a056353971 ] Request (ServersWithSpecificFlavorTestJSON:test_verify_created_server_ephemeral_disk): 204 DELETE http://10.180.1.21/compute/v2.1/servers/11efbac5-093f-4b4b-b456-b66cc1307bb0 0.154s
2025-04-03 17:09:41.179 69680 INFO tempest.lib.common.rest_client [req-bcb310cd-5ced-4011-a15d-66f90dfca605 req-bcb310cd-5ced-4011-a15d-66f90dfca605 ] Request (ServersTestJSON:test_create_server_with_ipv6_addr_only): 200 GET http://10.180.1.21/compute/v2.1/servers/e7bc02ba-535f-4578-8f42-505da434a484 0.061s
2025-04-03 17:09:41.194 69657 INFO tempest.lib.common.rest_client [req-29d62c69-8aa8-49c2-aa6b-7b2ff83d824f req-29d62c69-8aa8-49c2-aa6b-7b2ff83d824f ] Request (ServersWithSpecificFlavorTestJSON:test_verify_created_server_ephemeral_disk): 201 POST http://10.180.1.21/identity/v3/auth/tokens 0.065s
2025-04-03 17:09:41.195 69657 INFO tempest.lib.common.fixed_network [-] (ServersWithSpecificFlavorTestJSON:test_verify_created_server_ephemeral_disk) Found network {'id': '98683392-32f2-4f65-b55b-19a589b9e806', 'name': 'tempest-ServersWithSpecificFlavorTestJSON-2085312105-network', 'tenant_id': '121a470acbfb42b3af3dd6022656151d', 'admin_state_up': True, 'mtu': 8950, 'status': 'ACTIVE', 'subnets': [], 'shared': False, 'project_id': '121a470acbfb42b3af3dd6022656151d', 'port_security_enabled': True, 'router:external': False, 'provider:network_type': 'vlan', 'provider:physical_network': 'default', 'provider:segmentation_id': 43, 'availability_zone_hints': [], 'availability_zones': [], 'ipv4_address_scope': None, 'ipv6_address_scope': None, 'description': '', 'tags': [], 'created_at': '2025-04-03T17:07:02Z', 'updated_at': '2025-04-03T17:07:02Z', 'revision_number': 1} available for tenant
2025-04-03 17:09:41.201 69681 INFO tempest.lib.common.rest_client [req-af166208-0721-4f70-8a6a-5a63c7bd0533 req-af166208-0721-4f70-8a6a-5a63c7bd0533 ] Request (SecurityGroupsTestJSON:test_list_security_groups_by_server): 200 GET http://10.180.1.21/compute/v2.1/servers/17490ab7-1e95-4189-b1ee-e969fd8b8627 0.107s
2025-04-03 17:09:41.208 69681 INFO tempest.common.waiters [-] State transition "BUILD/spawning" ==> "ACTIVE/None" after 81 second wait
2025-04-03 17:09:41.247 69675 INFO tempest.lib.common.rest_client [req-d36c630a-48b7-4e82-a75f-5fdf97eb5972 req-d36c630a-48b7-4e82-a75f-5fdf97eb5972 ] Request (InstanceActionsV221TestJSON:test_get_list_deleted_instance_actions): 200 GET http://10.180.1.21/compute/v2.1/servers/eb3449ed-6ce9-4d3c-870f-289ace8fddb2 0.094s
2025-04-03 17:09:41.252 69683 INFO tempest.lib.common.rest_client [req-1108fc56-54f3-4e21-896d-e7e7495787d5 req-1108fc56-54f3-4e21-896d-e7e7495787d5 ] Request (ServerDiskConfigTestJSON:test_rebuild_server_with_auto_disk_config): 200 GET http://10.180.1.21/compute/v2.1/servers/5ad21001-95a6-46b9-bdb2-644c4a766a58 0.077s
2025-04-03 17:09:41.278 69659 INFO tempest.lib.common.rest_client [req-3fa4b962-68d7-4657-8d00-fbcf88419710 req-3fa4b962-68d7-4657-8d00-fbcf88419710 ] Request (ListImageFiltersTestJSON:setUpClass): 200 GET http://10.180.1.21/compute/v2.1/images/83f4671c-a4f2-4c13-bc8f-dade2ee37db3 0.090s
2025-04-03 17:09:41.728 69657 INFO tempest.lib.common.rest_client [req-501dc56e-3abd-4c4b-937e-966a8ea79a55 req-501dc56e-3abd-4c4b-937e-966a8ea79a55 ] Request (ServersWithSpecificFlavorTestJSON:test_verify_created_server_ephemeral_disk): 202 POST http://10.180.1.21/compute/v2.1/servers 0.533s
2025-04-03 17:09:41.759 69681 INFO tempest.lib.common.rest_client [req-f407bdae-599e-4506-849c-795288ac4480 req-f407bdae-599e-4506-849c-795288ac4480 ] Request (SecurityGroupsTestJSON:test_list_security_groups_by_server): 202 POST http://10.180.1.21/compute/v2.1/servers/17490ab7-1e95-4189-b1ee-e969fd8b8627/action 0.550s
2025-04-03 17:09:41.797 69659 INFO tempest.lib.common.rest_client [req-ab7bef8d-f6d2-4de5-ab93-1adc210582f4 req-ab7bef8d-f6d2-4de5-ab93-1adc210582f4 ] Request (ListImageFiltersTestJSON:setUpClass): 200 GET http://10.180.1.21/compute/v2.1/images/83f4671c-a4f2-4c13-bc8f-dade2ee37db3 0.515s
2025-04-03 17:09:41.796 69677 INFO tempest.lib.common.rest_client [req-dff80f60-7a93-42ea-a86b-83e3483295ee req-dff80f60-7a93-42ea-a86b-83e3483295ee ] Request (ServerRescueTestJSONUnderV235:setUpClass): 200 GET http://10.180.1.21/compute/v2.1/servers/fa9f6daa-abe1-4e65-8ac6-e72809b41de5 0.561s
2025-04-03 17:09:41.856 69721 INFO tempest.lib.common.rest_client [req-5460e7c6-0b21-44de-b27b-92c4bc9a4e2f req-5460e7c6-0b21-44de-b27b-92c4bc9a4e2f ] Request (ListServersNegativeTestJSON:setUpClass): 200 GET http://10.180.1.21/compute/v2.1/servers/4421137d-770f-4529-bcac-f26299940972 0.492s
2025-04-03 17:09:41.875 69665 INFO tempest.lib.common.rest_client [req-7ccbe9fd-e1a2-49d1-a235-82cb9d652b05 req-7ccbe9fd-e1a2-49d1-a235-82cb9d652b05 ] Request (FloatingIPsAssociationTestJSON:test_associate_already_associated_floating_ip): 200 GET http://10.180.1.21/compute/v2.1/servers/8600c957-3250-4f49-9a3c-da890a64084f 0.351s
2025-04-03 17:09:41.911 69669 INFO tempest.lib.common.rest_client [req-61361a44-7db9-4199-b8be-2bc070d7f195 req-61361a44-7db9-4199-b8be-2bc070d7f195 ] Request (ImagesTestJSON:test_create_server_from_snapshot): 200 GET http://10.180.1.21/compute/v2.1/servers/82bba616-38b5-4990-a713-67ff8535e229 0.339s
2025-04-03 17:09:41.929 69663 INFO tempest.lib.common.rest_client [req-fe35fdc8-b95e-4f75-99bb-6aaf22fa02ce req-fe35fdc8-b95e-4f75-99bb-6aaf22fa02ce ] Request (ServersAdminTestJSON:test_inject_network_info): 200 GET http://10.180.1.21/compute/v2.1/servers/294e3f27-4dad-4b91-a213-38abfd7055c7 0.299s
2025-04-03 17:09:41.965 69687 INFO tempest.lib.common.rest_client [req-e0c9b4c3-fdd9-44b7-9ed0-2435e0923cad req-e0c9b4c3-fdd9-44b7-9ed0-2435e0923cad ] Request (ServerMetadataNegativeTestJSON:setUpClass): 200 GET http://10.180.1.21/compute/v2.1/servers/a1e895cc-ee15-432b-96a9-c8cca13b44e4 0.275s
2025-04-03 17:09:41.984 69649 INFO tempest.lib.common.rest_client [req-f81bd17c-16b2-4f8f-8f74-0584ac4c7e51 req-f81bd17c-16b2-4f8f-8f74-0584ac4c7e51 ] Request (InstanceActionsTestJSON:setUpClass): 200 GET http://10.180.1.21/compute/v2.1/servers/72bca977-b708-4a51-89f9-6ba90e095e54 0.284s
2025-04-03 17:09:42.008 69657 INFO tempest.lib.common.rest_client [req-43344a6f-e1c9-464e-bd3b-756229f7052e req-43344a6f-e1c9-464e-bd3b-756229f7052e ] Request (ServersWithSpecificFlavorTestJSON:test_verify_created_server_ephemeral_disk): 200 GET http://10.180.1.21/compute/v2.1/servers/7a01355c-3ae4-4147-b074-3ce4ff296a8a 0.278s
2025-04-03 17:09:42.065 69661 INFO tempest.lib.common.rest_client [req-2c53a3d1-23dd-4a48-a24f-7016b62646d7 req-2c53a3d1-23dd-4a48-a24f-7016b62646d7 ] Request (ServersTestBootFromVolume:setUpClass): 200 GET http://10.180.1.21/compute/v2.1/servers/127c1dd1-2dbd-47ac-86e4-c048fca8eb91 0.293s
2025-04-03 17:09:42.138 69655 INFO tempest.lib.common.rest_client [req-21237ebb-bced-4781-a187-5d92a21291c1 req-21237ebb-bced-4781-a187-5d92a21291c1 ] Request (TenantUsagesTestJSON:tearDownClass): 200 GET http://10.180.1.21/compute/v2.1/servers/1744cdce-652c-4dbe-8584-b89938a3864f 0.349s
2025-04-03 17:09:42.348 69659 INFO tempest.lib.common.rest_client [req-52b90e2a-4208-4b9d-82d7-ea2996471ea4 req-52b90e2a-4208-4b9d-82d7-ea2996471ea4 ] Request (ListImageFiltersTestJSON:setUpClass): 200 GET http://10.180.1.21/compute/v2.1/servers/c725101a-45b1-41c5-8d86-488c97c35a15 0.547s
2025-04-03 17:09:42.410 69689 INFO tempest.lib.common.rest_client [req-248c9cd5-f07b-4bc6-a7f6-4f61910fd9e6 req-248c9cd5-f07b-4bc6-a7f6-4f61910fd9e6 ] Request (ServersNegativeTestJSON:setUpClass): 200 GET http://10.180.1.21/compute/v2.1/servers/86019ecc-ee00-4c00-be8e-b52c44fbec24 0.584s
2025-04-03 17:09:42.467 69705 INFO tempest.lib.common.rest_client [req-6022dfa3-9621-4406-99ee-acd3f863ece8 req-6022dfa3-9621-4406-99ee-acd3f863ece8 ] Request (MigrationsAdminTest:test_resize_server_revert_deleted_flavor): 200 GET http://10.180.1.21/compute/v2.1/servers/58ab1dca-3b1c-4c13-9ba3-41c0d837fde4 0.531s
2025-04-03 17:09:42.468 69681 INFO tempest.lib.common.rest_client [req-b4190282-341e-4a78-aa6d-82926dddee51 req-b4190282-341e-4a78-aa6d-82926dddee51 ] Request (SecurityGroupsTestJSON:test_list_security_groups_by_server): 202 POST http://10.180.1.21/compute/v2.1/servers/17490ab7-1e95-4189-b1ee-e969fd8b8627/action 0.709s
2025-04-03 17:09:42.479 69705 INFO tempest.common.waiters [-] State transition "BUILD/scheduling" ==> "BUILD/None" after 39 second wait
2025-04-03 17:09:42.517 69651 INFO tempest.lib.common.rest_client [req-35f8795c-137c-41e2-b1fa-92af5436ce9f req-35f8795c-137c-41e2-b1fa-92af5436ce9f ] Request (ServersAdminNegativeTestJSON:setUpClass): 200 GET http://10.180.1.21/compute/v2.1/servers/8a2b1540-1c27-40b4-b5aa-099435ed39ae 0.520s
2025-04-03 17:09:42.534 69691 INFO tempest.lib.common.rest_client [req-7a011208-cbe2-4a9d-8270-b1a2cfc5b6b5 req-7a011208-cbe2-4a9d-8270-b1a2cfc5b6b5 ] Request (ImagesOneServerNegativeTestJSON:_run_cleanups): 200 GET http://10.180.1.21/compute/v2.1/servers/eee824c9-2c0e-4fff-93d5-78c87c9fc974 0.471s
2025-04-03 17:09:42.600 69680 INFO tempest.lib.common.rest_client [req-479aa887-e622-49cf-8bcd-4b6f052e8fb6 req-479aa887-e622-49cf-8bcd-4b6f052e8fb6 ] Request (ServersTestJSON:test_create_server_with_ipv6_addr_only): 200 GET http://10.180.1.21/compute/v2.1/servers/e7bc02ba-535f-4578-8f42-505da434a484 0.413s
2025-04-03 17:09:42.616 69673 INFO tempest.lib.common.rest_client [req-4de87077-2d7d-47ba-83ed-a543c18f0f4a req-4de87077-2d7d-47ba-83ed-a543c18f0f4a ] Request (ServerGroupTestJSON:test_create_server_with_scheduler_hint_group): 200 GET http://10.180.1.21/compute/v2.1/servers/eb30b6b6-4f42-44ba-87db-0a51d6a71ba4 0.524s
2025-04-03 17:09:42.669 69675 INFO tempest.lib.common.rest_client [req-a1a53616-2e04-4a52-a8ec-6544d0e024cd req-a1a53616-2e04-4a52-a8ec-6544d0e024cd ] Request (InstanceActionsV221TestJSON:test_get_list_deleted_instance_actions): 200 GET http://10.180.1.21/compute/v2.1/servers/eb3449ed-6ce9-4d3c-870f-289ace8fddb2 0.412s
2025-04-03 17:09:42.674 69683 INFO tempest.lib.common.rest_client [req-b1b22248-e73a-4a45-9095-3948e3145f49 req-b1b22248-e73a-4a45-9095-3948e3145f49 ] Request (ServerDiskConfigTestJSON:test_rebuild_server_with_auto_disk_config): 200 GET http://10.180.1.21/compute/v2.1/servers/5ad21001-95a6-46b9-bdb2-644c4a766a58 0.414s
2025-04-03 17:09:42.753 69681 INFO tempest.lib.common.rest_client [req-21d1f5d6-f9b4-4cd6-a6fd-5b36b74b2ba9 req-21d1f5d6-f9b4-4cd6-a6fd-5b36b74b2ba9 ] Request (SecurityGroupsTestJSON:test_list_security_groups_by_server): 200 GET http://10.180.1.21/compute/v2.1/servers/17490ab7-1e95-4189-b1ee-e969fd8b8627/os-security-groups 0.284s
2025-04-03 17:09:42.876 69677 INFO tempest.lib.common.rest_client [req-61268170-e03c-4447-8e76-96f6f0afbf34 req-61268170-e03c-4447-8e76-96f6f0afbf34 ] Request (ServerRescueTestJSONUnderV235:setUpClass): 200 GET http://10.180.1.21/compute/v2.1/servers/fa9f6daa-abe1-4e65-8ac6-e72809b41de5 0.068s
2025-04-03 17:09:42.889 69681 INFO tempest.lib.common.rest_client [req-88715227-21fd-46dd-bf6b-6bf04496267d req-88715227-21fd-46dd-bf6b-6bf04496267d ] Request (SecurityGroupsTestJSON:test_security_group_create_get_delete): 200 POST http://10.180.1.21/compute/v2.1/os-security-groups 0.132s
2025-04-03 17:09:42.943 69721 INFO tempest.lib.common.rest_client [req-40c7a317-d88e-4f61-81be-88b7f5f1317d req-40c7a317-d88e-4f61-81be-88b7f5f1317d ] Request (ListServersNegativeTestJSON:setUpClass): 200 GET http://10.180.1.21/compute/v2.1/servers/4421137d-770f-4529-bcac-f26299940972 0.078s
2025-04-03 17:09:42.949 69665 INFO tempest.lib.common.rest_client [req-cec891de-da9a-45a3-bf2e-c7a6af6fd777 req-cec891de-da9a-45a3-bf2e-c7a6af6fd777 ] Request (FloatingIPsAssociationTestJSON:test_associate_already_associated_floating_ip): 200 GET http://10.180.1.21/compute/v2.1/servers/8600c957-3250-4f49-9a3c-da890a64084f 0.066s
2025-04-03 17:09:42.949 69704 WARNING tempest.lib.common.ssh [-] Failed to establish authenticated ssh connection to cirros@10.180.180.192 ([Errno None] Unable to connect to port 22 on 10.180.180.192). Number attempts: 6. Retry after 7 seconds.: paramiko.ssh_exception.NoValidConnectionsError: [Errno None] Unable to connect to port 22 on 10.180.180.192
2025-04-03 17:09:42.953 69721 INFO tempest.common.waiters [-] State transition "ACTIVE/deleting" ==> "DELETED/None" after 3 second wait
2025-04-03 17:09:42.974 69681 INFO tempest.lib.common.rest_client [req-4385d0e9-cdeb-42c1-942e-7611591f1a94 req-4385d0e9-cdeb-42c1-942e-7611591f1a94 ] Request (SecurityGroupsTestJSON:test_security_group_create_get_delete): 200 GET http://10.180.1.21/compute/v2.1/os-security-groups/1bb234b7-e33a-4c50-a6b8-6d51b7cfba47 0.082s
2025-04-03 17:09:43.003 69669 INFO tempest.lib.common.rest_client [req-dc40ebda-893c-4d93-b4de-f83d61fd531e req-dc40ebda-893c-4d93-b4de-f83d61fd531e ] Request (ImagesTestJSON:test_create_server_from_snapshot): 200 GET http://10.180.1.21/compute/v2.1/servers/82bba616-38b5-4990-a713-67ff8535e229 0.083s
2025-04-03 17:09:43.030 69663 INFO tempest.lib.common.rest_client [req-dc61dbdb-e256-44d1-bc64-d0b45c8beb5c req-dc61dbdb-e256-44d1-bc64-d0b45c8beb5c ] Request (ServersAdminTestJSON:test_inject_network_info): 200 GET http://10.180.1.21/compute/v2.1/servers/294e3f27-4dad-4b91-a213-38abfd7055c7 0.092s
2025-04-03 17:09:43.061 69687 INFO tempest.lib.common.rest_client [req-7c3183cb-23b9-4a28-afb6-a6e25319f137 req-7c3183cb-23b9-4a28-afb6-a6e25319f137 ] Request (ServerMetadataNegativeTestJSON:setUpClass): 200 GET http://10.180.1.21/compute/v2.1/servers/a1e895cc-ee15-432b-96a9-c8cca13b44e4 0.086s
2025-04-03 17:09:43.119 69649 INFO tempest.lib.common.rest_client [req-3dd8bf5c-74ef-4d32-ac2b-d2ef57899429 req-3dd8bf5c-74ef-4d32-ac2b-d2ef57899429 ] Request (InstanceActionsTestJSON:setUpClass): 200 GET http://10.180.1.21/compute/v2.1/servers/72bca977-b708-4a51-89f9-6ba90e095e54 0.127s
2025-04-03 17:09:43.155 69681 INFO tempest.lib.common.rest_client [req-9411143e-391d-4907-997e-9251b19bcabc req-9411143e-391d-4907-997e-9251b19bcabc ] Request (SecurityGroupsTestJSON:test_security_group_create_get_delete): 202 DELETE http://10.180.1.21/compute/v2.1/os-security-groups/1bb234b7-e33a-4c50-a6b8-6d51b7cfba47 0.178s
2025-04-03 17:09:43.174 69657 INFO tempest.lib.common.rest_client [req-0c6df2a7-324e-43db-a21b-71ad3a616123 req-0c6df2a7-324e-43db-a21b-71ad3a616123 ] Request (ServersWithSpecificFlavorTestJSON:test_verify_created_server_ephemeral_disk): 200 GET http://10.180.1.21/compute/v2.1/servers/7a01355c-3ae4-4147-b074-3ce4ff296a8a 0.158s
2025-04-03 17:09:43.205 69653 WARNING tempest.lib.common.ssh [-] Failed to establish authenticated ssh connection to cirros@10.180.180.200 ([Errno None] Unable to connect to port 22 on 10.180.180.200). Number attempts: 6. Retry after 7 seconds.: paramiko.ssh_exception.NoValidConnectionsError: [Errno None] Unable to connect to port 22 on 10.180.180.200
2025-04-03 17:09:43.207 69661 INFO tempest.lib.common.rest_client [req-e6c2a6ca-6dd4-4951-8cc5-3f5b97daed10 req-e6c2a6ca-6dd4-4951-8cc5-3f5b97daed10 ] Request (ServersTestBootFromVolume:setUpClass): 200 GET http://10.180.1.21/compute/v2.1/servers/127c1dd1-2dbd-47ac-86e4-c048fca8eb91 0.131s
2025-04-03 17:09:43.227 69655 INFO tempest.lib.common.rest_client [req-f0ce1066-08ee-4ccf-bdb9-107129920a43 req-f0ce1066-08ee-4ccf-bdb9-107129920a43 ] Request (TenantUsagesTestJSON:tearDownClass): 200 GET http://10.180.1.21/compute/v2.1/servers/1744cdce-652c-4dbe-8584-b89938a3864f 0.081s
2025-04-03 17:09:43.229 69681 INFO tempest.lib.common.rest_client [req-ffe5d6fe-d50b-4887-9a23-6d40ad59024a req-ffe5d6fe-d50b-4887-9a23-6d40ad59024a ] Request (SecurityGroupsTestJSON:test_security_group_create_get_delete): 404 GET http://10.180.1.21/compute/v2.1/os-security-groups/1bb234b7-e33a-4c50-a6b8-6d51b7cfba47 0.074s
2025-04-03 17:09:43.269 69667 WARNING tempest.lib.common.ssh [-] Failed to establish authenticated ssh connection to cirros@10.180.180.151 ([Errno None] Unable to connect to port 22 on 10.180.180.151). Number attempts: 11. Retry after 12 seconds.: paramiko.ssh_exception.NoValidConnectionsError: [Errno None] Unable to connect to port 22 on 10.180.180.151
2025-04-03 17:09:43.331 69681 INFO tempest.lib.common.rest_client [req-dd8ba247-969b-41bf-93ed-231942398e92 req-dd8ba247-969b-41bf-93ed-231942398e92 ] Request (SecurityGroupsTestJSON:test_security_groups_create_list_delete): 200 POST http://10.180.1.21/compute/v2.1/os-security-groups 0.100s
2025-04-03 17:09:43.463 69681 INFO tempest.lib.common.rest_client [req-eb175b1e-b0ba-4f08-a752-f66e1453271f req-eb175b1e-b0ba-4f08-a752-f66e1453271f ] Request (SecurityGroupsTestJSON:test_security_groups_create_list_delete): 200 POST http://10.180.1.21/compute/v2.1/os-security-groups 0.129s
2025-04-03 17:09:43.474 69659 INFO tempest.lib.common.rest_client [req-fa93aa7e-f799-44ec-80a1-2f7c95f79745 req-fa93aa7e-f799-44ec-80a1-2f7c95f79745 ] Request (ListImageFiltersTestJSON:setUpClass): 200 GET http://10.180.1.21/compute/v2.1/servers/c725101a-45b1-41c5-8d86-488c97c35a15 0.116s
2025-04-03 17:09:43.481 69659 INFO tempest.common.waiters [-] State transition "ACTIVE/image_uploading" ==> "ACTIVE/None" after 1 second wait
2025-04-03 17:09:43.521 69689 INFO tempest.lib.common.rest_client [req-20e308b6-b32a-416a-9f2a-5fc0869c3ad2 req-20e308b6-b32a-416a-9f2a-5fc0869c3ad2 ] Request (ServersNegativeTestJSON:setUpClass): 200 GET http://10.180.1.21/compute/v2.1/servers/86019ecc-ee00-4c00-be8e-b52c44fbec24 0.101s
2025-04-03 17:09:43.577 69705 INFO tempest.lib.common.rest_client [req-b8cb7284-91ee-4c5a-82f9-a245de854516 req-b8cb7284-91ee-4c5a-82f9-a245de854516 ] Request (MigrationsAdminTest:test_resize_server_revert_deleted_flavor): 200 GET http://10.180.1.21/compute/v2.1/servers/58ab1dca-3b1c-4c13-9ba3-41c0d837fde4 0.097s
2025-04-03 17:09:43.587 69681 INFO tempest.lib.common.rest_client [req-bd310c41-34f5-406d-9015-86de8b05f0ca req-bd310c41-34f5-406d-9015-86de8b05f0ca ] Request (SecurityGroupsTestJSON:test_security_groups_create_list_delete): 200 POST http://10.180.1.21/compute/v2.1/os-security-groups 0.121s
2025-04-03 17:09:43.632 69651 INFO tempest.lib.common.rest_client [req-30153831-0bad-45e6-888a-15cacf288faa req-30153831-0bad-45e6-888a-15cacf288faa ] Request (ServersAdminNegativeTestJSON:setUpClass): 200 GET http://10.180.1.21/compute/v2.1/servers/8a2b1540-1c27-40b4-b5aa-099435ed39ae 0.101s
2025-04-03 17:09:43.676 69691 INFO tempest.lib.common.rest_client [req-fbacc4a7-88a8-4b37-8248-9750567ae817 req-fbacc4a7-88a8-4b37-8248-9750567ae817 ] Request (ImagesOneServerNegativeTestJSON:_run_cleanups): 200 GET http://10.180.1.21/compute/v2.1/servers/eee824c9-2c0e-4fff-93d5-78c87c9fc974 0.134s
2025-04-03 17:09:43.765 69681 INFO tempest.lib.common.rest_client [req-4b021760-9e60-4aa6-9cf7-f1cbe4d8c1f5 req-4b021760-9e60-4aa6-9cf7-f1cbe4d8c1f5 ] Request (SecurityGroupsTestJSON:test_security_groups_create_list_delete): 200 GET http://10.180.1.21/compute/v2.1/os-security-groups 0.174s
2025-04-03 17:09:43.813 69680 INFO tempest.lib.common.rest_client [req-0be3bb1a-96c2-4172-8152-f07ab8e2f5d2 req-0be3bb1a-96c2-4172-8152-f07ab8e2f5d2 ] Request (ServersTestJSON:test_create_server_with_ipv6_addr_only): 200 GET http://10.180.1.21/compute/v2.1/servers/e7bc02ba-535f-4578-8f42-505da434a484 0.205s
2025-04-03 17:09:43.932 69673 INFO tempest.lib.common.rest_client [req-86d0c40d-ca98-47a0-a156-375c0fdb7332 req-86d0c40d-ca98-47a0-a156-375c0fdb7332 ] Request (ServerGroupTestJSON:test_create_server_with_scheduler_hint_group): 200 GET http://10.180.1.21/compute/v2.1/servers/eb30b6b6-4f42-44ba-87db-0a51d6a71ba4 0.308s
2025-04-03 17:09:44.002 69659 INFO tempest.lib.common.rest_client [req-19136571-dd45-4197-a69a-fdfc0527060f req-19136571-dd45-4197-a69a-fdfc0527060f ] Request (ListImageFiltersTestJSON:setUpClass): 202 POST http://10.180.1.21/compute/v2.1/servers/364b0066-4618-46a3-b9ad-d6de006b1915/action 0.520s
2025-04-03 17:09:44.005 69675 INFO tempest.lib.common.rest_client [req-24da9a2d-d79f-4093-b118-59a7af8ec537 req-24da9a2d-d79f-4093-b118-59a7af8ec537 ] Request (InstanceActionsV221TestJSON:test_get_list_deleted_instance_actions): 200 GET http://10.180.1.21/compute/v2.1/servers/eb3449ed-6ce9-4d3c-870f-289ace8fddb2 0.326s
2025-04-03 17:09:44.067 69683 INFO tempest.lib.common.rest_client [req-1a9d35b4-399d-418a-bd2e-3f3295821105 req-1a9d35b4-399d-418a-bd2e-3f3295821105 ] Request (ServerDiskConfigTestJSON:test_rebuild_server_with_auto_disk_config): 200 GET http://10.180.1.21/compute/v2.1/servers/5ad21001-95a6-46b9-bdb2-644c4a766a58 0.384s
2025-04-03 17:09:44.123 69681 INFO tempest.lib.common.rest_client [req-24710682-bdac-4b53-9319-f4c7e43b16ac req-24710682-bdac-4b53-9319-f4c7e43b16ac ] Request (SecurityGroupsTestJSON:test_security_groups_create_list_delete): 202 DELETE http://10.180.1.21/compute/v2.1/os-security-groups/71334453-403b-4625-9216-2bc2167058f6 0.354s
2025-04-03 17:09:44.143 69677 INFO tempest.lib.common.rest_client [req-e92d57b3-bdb8-4363-87b9-fee26d990ce6 req-e92d57b3-bdb8-4363-87b9-fee26d990ce6 ] Request (ServerRescueTestJSONUnderV235:setUpClass): 200 GET http://10.180.1.21/compute/v2.1/servers/fa9f6daa-abe1-4e65-8ac6-e72809b41de5 0.259s
2025-04-03 17:09:44.179 69721 INFO tempest.lib.common.rest_client [req-d1736d37-8d74-4aec-a288-9fba99fb7ba7 req-d1736d37-8d74-4aec-a288-9fba99fb7ba7 ] Request (ListServersNegativeTestJSON:setUpClass): 200 GET http://10.180.1.21/compute/v2.1/servers/4421137d-770f-4529-bcac-f26299940972 0.225s
2025-04-03 17:09:44.189 69665 INFO tempest.lib.common.rest_client [req-8e6466e2-f81e-4a66-84d3-dffe22aabb22 req-8e6466e2-f81e-4a66-84d3-dffe22aabb22 ] Request (FloatingIPsAssociationTestJSON:test_associate_already_associated_floating_ip): 200 GET http://10.180.1.21/compute/v2.1/servers/8600c957-3250-4f49-9a3c-da890a64084f 0.231s
2025-04-03 17:09:44.209 69659 INFO tempest.lib.common.rest_client [req-75c7462c-7d4a-44b5-a6a5-e84a0a35866c req-75c7462c-7d4a-44b5-a6a5-e84a0a35866c ] Request (ListImageFiltersTestJSON:setUpClass): 200 GET http://10.180.1.21/compute/v2.1/images/833993ac-1446-40dd-ba92-45e3bb95bda2 0.205s
2025-04-03 17:09:44.235 69669 INFO tempest.lib.common.rest_client [req-f5912f90-af8b-47ed-b351-6ef97de8f7fc req-f5912f90-af8b-47ed-b351-6ef97de8f7fc ] Request (ImagesTestJSON:test_create_server_from_snapshot): 200 GET http://10.180.1.21/compute/v2.1/servers/82bba616-38b5-4990-a713-67ff8535e229 0.222s
2025-04-03 17:09:44.284 69663 INFO tempest.lib.common.rest_client [req-1bde7eee-4fc7-45a7-ad86-47f9165a1ce8 req-1bde7eee-4fc7-45a7-ad86-47f9165a1ce8 ] Request (ServersAdminTestJSON:test_inject_network_info): 200 GET http://10.180.1.21/compute/v2.1/servers/294e3f27-4dad-4b91-a213-38abfd7055c7 0.246s
2025-04-03 17:09:44.285 69687 INFO tempest.lib.common.rest_client [req-b0a224e4-40ba-4676-86af-b3aef86f8b01 req-b0a224e4-40ba-4676-86af-b3aef86f8b01 ] Request (ServerMetadataNegativeTestJSON:setUpClass): 200 GET http://10.180.1.21/compute/v2.1/servers/a1e895cc-ee15-432b-96a9-c8cca13b44e4 0.215s
2025-04-03 17:09:44.306 69681 INFO tempest.lib.common.rest_client [req-2e4f23b4-dd92-4d79-be8a-4b5e8d1f51b0 req-2e4f23b4-dd92-4d79-be8a-4b5e8d1f51b0 ] Request (SecurityGroupsTestJSON:test_security_groups_create_list_delete): 404 GET http://10.180.1.21/compute/v2.1/os-security-groups/71334453-403b-4625-9216-2bc2167058f6 0.183s
2025-04-03 17:09:44.342 69649 INFO tempest.lib.common.rest_client [req-d7989bc7-ed13-47e5-a0fd-54b746f8586a req-d7989bc7-ed13-47e5-a0fd-54b746f8586a ] Request (InstanceActionsTestJSON:setUpClass): 200 GET http://10.180.1.21/compute/v2.1/servers/72bca977-b708-4a51-89f9-6ba90e095e54 0.215s
2025-04-03 17:09:44.356 69657 INFO tempest.lib.common.rest_client [req-b62e3dfb-bf55-4a6d-a54f-d94a97647f38 req-b62e3dfb-bf55-4a6d-a54f-d94a97647f38 ] Request (ServersWithSpecificFlavorTestJSON:test_verify_created_server_ephemeral_disk): 200 GET http://10.180.1.21/compute/v2.1/servers/7a01355c-3ae4-4147-b074-3ce4ff296a8a 0.174s
2025-04-03 17:09:44.392 69661 INFO tempest.lib.common.rest_client [req-269a5dd9-e5f7-4636-ad5f-4ef6d157c32b req-269a5dd9-e5f7-4636-ad5f-4ef6d157c32b ] Request (ServersTestBootFromVolume:setUpClass): 200 GET http://10.180.1.21/compute/v2.1/servers/127c1dd1-2dbd-47ac-86e4-c048fca8eb91 0.176s
2025-04-03 17:09:44.426 69655 INFO tempest.lib.common.rest_client [req-fbf98ca9-b7c1-4752-91c2-01e163c9cb52 req-fbf98ca9-b7c1-4752-91c2-01e163c9cb52 ] Request (TenantUsagesTestJSON:tearDownClass): 200 GET http://10.180.1.21/compute/v2.1/servers/1744cdce-652c-4dbe-8584-b89938a3864f 0.191s
2025-04-03 17:09:44.495 69681 INFO tempest.lib.common.rest_client [req-5e978896-84d2-4b33-affa-e5dd803b36ff req-5e978896-84d2-4b33-affa-e5dd803b36ff ] Request (SecurityGroupsTestJSON:test_security_groups_create_list_delete): 202 DELETE http://10.180.1.21/compute/v2.1/os-security-groups/73233d98-82b3-43c2-a8d9-fbdd399560fb 0.188s
2025-04-03 17:09:44.515 69681 INFO tempest.lib.common.rest_client [req-f58ea676-2cf2-4900-9830-e1cdefb19532 req-f58ea676-2cf2-4900-9830-e1cdefb19532 ] Request (SecurityGroupsTestJSON:test_security_groups_create_list_delete): 404 GET http://10.180.1.21/compute/v2.1/os-security-groups/73233d98-82b3-43c2-a8d9-fbdd399560fb 0.020s
2025-04-03 17:09:44.582 69689 INFO tempest.lib.common.rest_client [req-4b927690-4b09-4915-bf43-30533c5ec9c4 req-4b927690-4b09-4915-bf43-30533c5ec9c4 ] Request (ServersNegativeTestJSON:setUpClass): 200 GET http://10.180.1.21/compute/v2.1/servers/86019ecc-ee00-4c00-be8e-b52c44fbec24 0.053s
2025-04-03 17:09:44.612 69681 INFO tempest.lib.common.rest_client [req-0e00766c-6e4e-4404-a848-ced7933b6d59 req-0e00766c-6e4e-4404-a848-ced7933b6d59 ] Request (SecurityGroupsTestJSON:test_security_groups_create_list_delete): 202 DELETE http://10.180.1.21/compute/v2.1/os-security-groups/2f5f3e70-f61c-4721-99ec-47a53a0f2508 0.097s
2025-04-03 17:09:44.632 69681 INFO tempest.lib.common.rest_client [req-e83535dc-4172-4383-8387-1975c5917485 req-e83535dc-4172-4383-8387-1975c5917485 ] Request (SecurityGroupsTestJSON:test_security_groups_create_list_delete): 404 GET http://10.180.1.21/compute/v2.1/os-security-groups/2f5f3e70-f61c-4721-99ec-47a53a0f2508 0.020s
2025-04-03 17:09:44.634 69705 INFO tempest.lib.common.rest_client [req-767f8390-f625-4da7-a8a4-3ac314be75d7 req-767f8390-f625-4da7-a8a4-3ac314be75d7 ] Request (MigrationsAdminTest:test_resize_server_revert_deleted_flavor): 200 GET http://10.180.1.21/compute/v2.1/servers/58ab1dca-3b1c-4c13-9ba3-41c0d837fde4 0.049s
2025-04-03 17:09:44.689 69651 INFO tempest.lib.common.rest_client [req-6c5146ea-342a-4d4a-b42f-2e874e97456a req-6c5146ea-342a-4d4a-b42f-2e874e97456a ] Request (ServersAdminNegativeTestJSON:setUpClass): 200 GET http://10.180.1.21/compute/v2.1/servers/8a2b1540-1c27-40b4-b5aa-099435ed39ae 0.050s
2025-04-03 17:09:44.734 69681 INFO tempest.lib.common.rest_client [req-0a44f716-ba41-406f-bebe-a51c0afbbff2 req-0a44f716-ba41-406f-bebe-a51c0afbbff2 ] Request (SecurityGroupsTestJSON:test_security_groups_create_list_delete): 200 GET http://10.180.1.21/compute/v2.1/os-security-groups 0.101s
2025-04-03 17:09:44.736 69691 INFO tempest.lib.common.rest_client [req-443da190-edb1-468e-9eb1-5c4cb77b4620 req-443da190-edb1-468e-9eb1-5c4cb77b4620 ] Request (ImagesOneServerNegativeTestJSON:_run_cleanups): 200 GET http://10.180.1.21/compute/v2.1/servers/eee824c9-2c0e-4fff-93d5-78c87c9fc974 0.051s
2025-04-03 17:09:44.832 69681 INFO tempest.lib.common.rest_client [req-b70ad11a-63e1-46d4-9855-86d788552e56 req-b70ad11a-63e1-46d4-9855-86d788552e56 ] Request (SecurityGroupsTestJSON:test_server_security_groups): 200 POST http://10.180.1.21/compute/v2.1/os-security-groups 0.093s
2025-04-03 17:09:44.887 69680 INFO tempest.lib.common.rest_client [req-e94aeecc-e61c-41f8-b2cb-74b1f068e203 req-e94aeecc-e61c-41f8-b2cb-74b1f068e203 ] Request (ServersTestJSON:test_create_server_with_ipv6_addr_only): 200 GET http://10.180.1.21/compute/v2.1/servers/e7bc02ba-535f-4578-8f42-505da434a484 0.058s
2025-04-03 17:09:44.997 69685 WARNING tempest.lib.common.ssh [-] Failed to establish authenticated ssh connection to cirros@10.180.180.241 ([Errno None] Unable to connect to port 22 on 10.180.180.241). Number attempts: 10. Retry after 11 seconds.: paramiko.ssh_exception.NoValidConnectionsError: [Errno None] Unable to connect to port 22 on 10.180.180.241
2025-04-03 17:09:45.042 69681 INFO tempest.lib.common.rest_client [req-71849201-41ce-4589-a5f3-f5520eb43df4 req-71849201-41ce-4589-a5f3-f5520eb43df4 ] Request (SecurityGroupsTestJSON:test_server_security_groups): 200 POST http://10.180.1.21/compute/v2.1/os-security-groups 0.207s
2025-04-03 17:09:45.088 69673 INFO tempest.lib.common.rest_client [req-279a502d-e47d-4cb4-9e0c-9228b8d00d72 req-279a502d-e47d-4cb4-9e0c-9228b8d00d72 ] Request (ServerGroupTestJSON:test_create_server_with_scheduler_hint_group): 200 GET http://10.180.1.21/compute/v2.1/servers/eb30b6b6-4f42-44ba-87db-0a51d6a71ba4 0.144s
2025-04-03 17:09:45.095 69673 INFO tempest.common.waiters [-] State transition "BUILD/spawning" ==> "ACTIVE/None" after 82 second wait
2025-04-03 17:09:45.119 69675 INFO tempest.lib.common.rest_client [req-e73f09cc-cd29-4036-8f61-c127c9cb5a00 req-e73f09cc-cd29-4036-8f61-c127c9cb5a00 ] Request (InstanceActionsV221TestJSON:test_get_list_deleted_instance_actions): 200 GET http://10.180.1.21/compute/v2.1/servers/eb3449ed-6ce9-4d3c-870f-289ace8fddb2 0.103s
2025-04-03 17:09:45.129 69681 INFO tempest.lib.common.rest_client [req-860f49a3-276a-4a6d-9eba-2459d0ae90f5 req-860f49a3-276a-4a6d-9eba-2459d0ae90f5 ] Request (SecurityGroupsTestJSON:test_server_security_groups): 201 POST http://10.180.1.21/identity/v3/auth/tokens 0.077s
