2025-04-03 22:47:45.612 70302 INFO tempest.lib.common.rest_client [req-d9090801-298b-4954-a8c9-d8ad51cc51b9 req-d9090801-298b-4954-a8c9-d8ad51cc51b9 ] Request (FlavorsAccessNegativeTestJSON:tearDownClass): 200 GET http://10.180.1.21:9696/networking/v2.0/security-groups?tenant_id=a931c304d3f742549a08f710197909ff&name=default 0.271s
2025-04-03 22:47:45.736 70293 INFO tempest.lib.common.rest_client [req-60737149-0682-462f-8d92-69c414cbc9b0 req-60737149-0682-462f-8d92-69c414cbc9b0 ] Request (SecurityGroupRulesTestJSON:test_security_group_rules_create_with_optional_cidr): 200 POST http://10.180.1.21/compute/v2.1/os-security-group-rules 1.806s
2025-04-03 22:47:45.821 70265 INFO tempest.lib.common.rest_client [req-38b2f38a-3496-4ea9-a7eb-ef1258ade6b9 req-38b2f38a-3496-4ea9-a7eb-ef1258ade6b9 ] Request (SecurityGroupRulesNegativeTestJSON:tearDownClass): 202 DELETE http://10.180.1.21/compute/v2.1/os-security-groups/af8d5735-beac-48e3-88a4-3d422c1a2989 1.562s
2025-04-03 22:47:45.840 70302 INFO tempest.lib.common.rest_client [req-bc0d2a13-a653-4c9b-b22d-b5c7075c326d req-bc0d2a13-a653-4c9b-b22d-b5c7075c326d ] Request (FlavorsAccessNegativeTestJSON:tearDownClass): 204 DELETE http://10.180.1.21:9696/networking/v2.0/security-groups/7698f36c-fc23-4db5-a839-824776039571 0.227s
2025-04-03 22:47:45.842 70275 INFO tempest.lib.common.rest_client [req-01ffe03c-f4b2-4a3b-b7da-c75b9bef3862 req-01ffe03c-f4b2-4a3b-b7da-c75b9bef3862 ] Request (DeleteServersTestJSON:setUpClass): 201 POST http://10.180.1.21:9696/networking/v2.0/routers 1.531s
2025-04-03 22:47:45.886 70304 INFO tempest.lib.common.rest_client [req-90a5ead8-5c11-4690-b8bd-28d1efe3e899 req-90a5ead8-5c11-4690-b8bd-28d1efe3e899 ] Request (MigrationsAdminTest:test_list_migrations_in_flavor_resize_situation): 200 GET http://10.180.1.21/compute/v2.1/servers/57099f0b-431e-418d-87f4-dc00199920e2 1.561s
2025-04-03 22:47:45.893 70312 INFO tempest.lib.common.rest_client [req-490367c0-c9b3-46b4-98f8-ff3ab8778d4c req-490367c0-c9b3-46b4-98f8-ff3ab8778d4c ] Request (FloatingIPsAssociationTestJSON:test_associate_already_associated_floating_ip): 200 GET http://10.180.1.21/compute/v2.1/servers/c703a9fa-029e-4030-b8fd-8076b1bd713c 1.488s
2025-04-03 22:47:45.914 70318 INFO tempest.lib.common.rest_client [req-f088cd21-c945-4bf0-a828-1f8395b820d2 req-f088cd21-c945-4bf0-a828-1f8395b820d2 ] Request (MultipleCreateTestJSON:_run_cleanups): 404 GET http://10.180.1.21/compute/v2.1/servers/e3dcc648-9ad5-4679-a84e-652bac1612ea 1.475s
2025-04-03 22:47:45.986 70310 INFO tempest.lib.common.rest_client [req-02167de2-1929-4c0c-9ea9-88c1ea0e179b req-02167de2-1929-4c0c-9ea9-88c1ea0e179b ] Request (ServerActionsV293TestJSON:setUpClass): 200 GET http://10.180.1.21/volume/v3/volumes/fd924afa-9065-4d35-9957-0bb15a92dab5 0.029s
2025-04-03 22:47:46.004 70283 INFO tempest.lib.common.rest_client [req-1db41fd5-e903-4e31-b5b3-568511103a54 req-1db41fd5-e903-4e31-b5b3-568511103a54 ] Request (SecurityGroupsTestJSON:test_list_security_groups_by_server): 200 GET http://10.180.1.21/compute/v2.1/servers/a3c91cbb-66ac-439e-8d6c-476c39c9d6d9 1.347s
2025-04-03 22:47:46.015 70302 INFO tempest.lib.common.rest_client [req-88996db6-fae3-4bc5-8697-9a1184e06602 req-88996db6-fae3-4bc5-8697-9a1184e06602 ] Request (FlavorsAccessNegativeTestJSON:tearDownClass): 204 DELETE http://10.180.1.21/identity/v3/projects/a931c304d3f742549a08f710197909ff 0.175s
2025-04-03 22:47:46.063 70298 INFO tempest.lib.common.rest_client [req-1904d8eb-a366-4aef-944c-0b8256fab729 req-1904d8eb-a366-4aef-944c-0b8256fab729 ] Request (ServersAdminTestJSON:setUpClass): 200 GET http://10.180.1.21/compute/v2.1/servers/aa056a81-8a00-4984-b41b-fe8780d06430 1.469s
2025-04-03 22:47:46.082 70302 INFO tempest.lib.common.rest_client [req-fe85d6cf-2983-4af6-a3d2-1e7932b3f931 req-fe85d6cf-2983-4af6-a3d2-1e7932b3f931 ] Request (HypervisorAdminNegativeUnderV252Test:setUpClass): 201 POST http://10.180.1.21/identity/v3/auth/tokens 0.062s
2025-04-03 22:47:46.093 70306 INFO tempest.lib.common.rest_client [req-61a35d79-f48b-43f2-97d5-70a44f4c1d77 req-61a35d79-f48b-43f2-97d5-70a44f4c1d77 ] Request (InstanceActionsNegativeTestJSON:tearDownClass): 200 GET http://10.180.1.21/compute/v2.1/servers/27839bc7-8d6f-4f3e-b858-9c6a76639245 1.407s
2025-04-03 22:47:46.131 70302 INFO tempest.lib.common.rest_client [req-bdd6c052-3b08-4056-9e74-31238418da4c req-bdd6c052-3b08-4056-9e74-31238418da4c ] Request (HypervisorAdminNegativeUnderV252Test:setUpClass): 201 POST http://10.180.1.21/identity/v3/auth/tokens 0.044s
2025-04-03 22:47:46.136 70263 INFO tempest.lib.common.rest_client [req-40eb0ace-8dcb-4694-b1b8-66a596c73a84 req-40eb0ace-8dcb-4694-b1b8-66a596c73a84 ] Request (ServersAdmin275Test:test_rebuild_update_server_275): 200 GET http://10.180.1.21/compute/v2.1/servers/28bfa503-373a-4cd3-b667-2cb6c427fb17 1.442s
2025-04-03 22:47:46.157 70261 INFO tempest.lib.common.rest_client [req-860c7901-1e81-4771-a108-dc5e43487101 req-860c7901-1e81-4771-a108-dc5e43487101 ] Request (FloatingIPsAssociationNegativeTestJSON:setUpClass): 200 GET http://10.180.1.21/compute/v2.1/servers/0acc5a3d-2d04-4126-898d-f0b832025714 1.405s
2025-04-03 22:47:46.168 70302 INFO tempest.lib.common.rest_client [req-6167b078-84ee-4820-980e-b950cb2d990e req-6167b078-84ee-4820-980e-b950cb2d990e ] Request (HypervisorAdminNegativeUnderV252Test:setUpClass): 200 GET http://10.180.1.21/identity/v3/domains?name=Default 0.036s
2025-04-03 22:47:46.206 70302 INFO tempest.lib.common.rest_client [req-fa9b1faa-c584-4226-9fbe-ae4627dc6a6b req-fa9b1faa-c584-4226-9fbe-ae4627dc6a6b ] Request (HypervisorAdminNegativeUnderV252Test:setUpClass): 201 POST http://10.180.1.21/identity/v3/projects 0.038s
2025-04-03 22:47:46.219 70273 INFO tempest.lib.common.rest_client [req-9e212a0c-68de-41e6-ae8f-a23b6a52a994 req-9e212a0c-68de-41e6-ae8f-a23b6a52a994 ] Request (ServerDiagnosticsNegativeTest:tearDownClass): 200 GET http://10.180.1.21/compute/v2.1/servers/73dd564b-5d45-4406-a4f4-072084f194ad 1.364s
2025-04-03 22:47:46.227 70296 INFO tempest.lib.common.rest_client [req-34c036aa-1f7f-4eac-8490-c1595c900100 req-34c036aa-1f7f-4eac-8490-c1595c900100 ] Request (ServersNegativeTestJSON:setUpClass): 200 GET http://10.180.1.21/compute/v2.1/servers/38194bdc-f13e-4d0a-bb3a-9b9a3d8ecfd5 1.269s
2025-04-03 22:47:46.281 70302 INFO tempest.lib.common.rest_client [req-37e7d06e-d577-4838-8217-0490b64cdd31 req-37e7d06e-d577-4838-8217-0490b64cdd31 ] Request (HypervisorAdminNegativeUnderV252Test:setUpClass): 201 POST http://10.180.1.21/identity/v3/users 0.074s
2025-04-03 22:47:46.283 70300 INFO tempest.lib.common.rest_client [req-ec3815fa-d40f-400d-af14-997b1a68f2ea req-ec3815fa-d40f-400d-af14-997b1a68f2ea ] Request (ServerDiagnosticsTest:test_get_server_diagnostics): 200 GET http://10.180.1.21/compute/v2.1/servers/821e3737-9932-439c-8031-29a6e4eb5462 1.256s
2025-04-03 22:47:46.290 70314 INFO tempest.lib.common.rest_client [req-114aa47b-e279-44dd-97db-9173bfc6544f req-114aa47b-e279-44dd-97db-9173bfc6544f ] Request (ServersTestFqdnHostnames:test_create_server_with_fqdn_name): 200 GET http://10.180.1.21/compute/v2.1/servers/d5d14fe9-b56d-49ea-8d83-5e94439e8534 1.329s
2025-04-03 22:47:46.295 70285 INFO tempest.lib.common.rest_client [req-f61cdf6f-ea0d-4628-a105-f61d90941686 req-f61cdf6f-ea0d-4628-a105-f61d90941686 ] Request (AggregatesAdminNegativeTestJSON:test_aggregate_list_as_user): 403 GET http://10.180.1.21/compute/v2.1/os-aggregates 1.018s
2025-04-03 22:47:46.311 70302 INFO tempest.lib.common.rest_client [req-75f0f0e5-a5ff-40e6-b36c-43f512930e87 req-75f0f0e5-a5ff-40e6-b36c-43f512930e87 ] Request (HypervisorAdminNegativeUnderV252Test:setUpClass): 200 GET http://10.180.1.21/identity/v3/roles 0.029s
2025-04-03 22:47:46.336 70271 INFO tempest.lib.common.rest_client [req-d9284c5b-9512-4281-a13d-c9ae6724123a req-d9284c5b-9512-4281-a13d-c9ae6724123a ] Request (ServerActionsTestJSON:setUpClass): 200 GET http://10.180.1.21/compute/v2.1/servers/a87074ec-1813-448c-be2b-e50be5324256 1.256s
2025-04-03 22:47:46.360 70302 INFO tempest.lib.common.rest_client [req-20dc95d7-a9d4-442c-b49e-30cb30f53284 req-20dc95d7-a9d4-442c-b49e-30cb30f53284 ] Request (HypervisorAdminNegativeUnderV252Test:setUpClass): 204 PUT http://10.180.1.21/identity/v3/projects/799713602c05481d9c4c235fd786a566/users/9515e776915141ee8a57ab42135a7d21/roles/4e57bc91f0b84ee0b63f3cf0af809636 0.049s
2025-04-03 22:47:46.360 70302 INFO tempest.lib.common.dynamic_creds [-] Dynamic test user 9515e776915141ee8a57ab42135a7d21 is created with scope project and roles: ['member']
2025-04-03 22:47:46.361 70302 INFO tempest.lib.common.dynamic_creds [-] Acquired dynamic creds: credentials: Credentials: {'domain_id': 'default', 'domain_name': 'Default', 'username': 'tempest-HypervisorAdminNegativeUnderV252Test-1987900764-project-member', 'project_domain_id': 'default', 'project_domain_name': 'Default', 'project_id': '799713602c05481d9c4c235fd786a566', 'project_name': 'tempest-HypervisorAdminNegativeUnderV252Test-1987900764', 'tenant_id': '799713602c05481d9c4c235fd786a566', 'tenant_name': 'tempest-HypervisorAdminNegativeUnderV252Test-1987900764', 'user_domain_id': 'default', 'user_domain_name': 'Default', 'user_id': '9515e776915141ee8a57ab42135a7d21', 'system': None}, Network: None, Subnet: None, Router: None
2025-04-03 22:47:46.361 70302 INFO tempest.lib.common.dynamic_creds [-] Created isolated network resources for: credentials: Credentials: {'domain_id': 'default', 'domain_name': 'Default', 'username': 'tempest-HypervisorAdminNegativeUnderV252Test-1987900764-project-member', 'project_domain_id': 'default', 'project_domain_name': 'Default', 'project_id': '799713602c05481d9c4c235fd786a566', 'project_name': 'tempest-HypervisorAdminNegativeUnderV252Test-1987900764', 'tenant_id': '799713602c05481d9c4c235fd786a566', 'tenant_name': 'tempest-HypervisorAdminNegativeUnderV252Test-1987900764', 'user_domain_id': 'default', 'user_domain_name': 'Default', 'user_id': '9515e776915141ee8a57ab42135a7d21', 'system': None}, Network: None, Subnet: None, Router: None
2025-04-03 22:47:46.366 70287 INFO tempest.lib.common.rest_client [req-931e70a3-662c-4964-a4c7-c261e7af573b req-931e70a3-662c-4964-a4c7-c261e7af573b ] Request (ListServersNegativeTestJSON:setUpClass): 200 GET http://10.180.1.21/compute/v2.1/servers/a65e82f5-6c9d-4a41-aaae-b85e362f527e 0.995s
2025-04-03 22:47:46.435 70302 INFO tempest.lib.common.rest_client [req-a90da9a6-5428-487f-8d9a-fd68ecc5851a req-a90da9a6-5428-487f-8d9a-fd68ecc5851a ] Request (HypervisorAdminNegativeUnderV252Test:setUpClass): 201 POST http://10.180.1.21/identity/v3/auth/tokens 0.070s
2025-04-03 22:47:46.487 70302 INFO tempest.lib.common.rest_client [req-c58cd0e0-9716-4a4e-8edc-83d41e5ab1e7 req-c58cd0e0-9716-4a4e-8edc-83d41e5ab1e7 ] Request (HypervisorAdminNegativeUnderV252Test:setUpClass): 201 POST http://10.180.1.21/identity/v3/projects 0.051s
2025-04-03 22:47:46.539 70316 INFO tempest.lib.common.rest_client [req-67e686c1-3846-499a-a491-419ea1a1af3d req-67e686c1-3846-499a-a491-419ea1a1af3d ] Request (QuotasAdminTestV257:test_get_updated_quotas): 200 PUT http://10.180.1.21/compute/v2.1/os-quota-sets/ef07cd42c2574f75b71aff93f1a761cf?user_id=195c82af49e64604a95a5b364cc8da47 1.161s
2025-04-03 22:47:46.550 70302 INFO tempest.lib.common.rest_client [req-9a3d53e6-1b91-4a3f-babb-c4bbcd1740aa req-9a3d53e6-1b91-4a3f-babb-c4bbcd1740aa ] Request (HypervisorAdminNegativeUnderV252Test:setUpClass): 201 POST http://10.180.1.21/identity/v3/users 0.063s
2025-04-03 22:47:46.555 70294 INFO tempest.lib.common.rest_client [req-0c9a47e3-deaf-4a39-8e3a-7551b9daf96d req-0c9a47e3-deaf-4a39-8e3a-7551b9daf96d ] Request (InstanceActionsTestJSON:test_list_instance_actions): 200 GET http://10.180.1.21/compute/v2.1/servers/c31dfcdf-a92b-45c4-986a-3719c7cecd35 0.981s
2025-04-03 22:47:46.576 70302 INFO tempest.lib.common.rest_client [req-ccba3cef-e57e-4b3f-b365-cec8b79cad2c req-ccba3cef-e57e-4b3f-b365-cec8b79cad2c ] Request (HypervisorAdminNegativeUnderV252Test:setUpClass): 200 GET http://10.180.1.21/identity/v3/roles 0.025s
2025-04-03 22:47:46.600 70302 INFO tempest.lib.common.rest_client [req-1a75f47b-502a-4c76-b578-d07aeb1aa1c8 req-1a75f47b-502a-4c76-b578-d07aeb1aa1c8 ] Request (HypervisorAdminNegativeUnderV252Test:setUpClass): 204 PUT http://10.180.1.21/identity/v3/projects/f7266004b6334f70b3ba773f99ebeb88/users/ecebe11f5601432091c15e2eaba8009d/roles/69d02396b5f447e18507d3ffe99b3047 0.024s
2025-04-03 22:47:46.625 70289 INFO tempest.lib.common.rest_client [req-ec5ac246-a09a-4cd5-b27c-9e84af6d1499 req-ec5ac246-a09a-4cd5-b27c-9e84af6d1499 ] Request (DeleteServersAdminTestJSON:test_admin_delete_servers_of_others): 200 GET http://10.180.1.21/compute/v2.1/servers/c46fff76-423c-4d01-afe9-8cfb32091c4c 0.853s
2025-04-03 22:47:46.654 70302 INFO tempest.lib.common.rest_client [req-ec95c916-620f-4926-8146-914b510b1281 req-ec95c916-620f-4926-8146-914b510b1281 ] Request (HypervisorAdminNegativeUnderV252Test:setUpClass): 200 GET http://10.180.1.21/identity/v3/roles 0.053s
2025-04-03 22:47:46.678 70302 INFO tempest.lib.common.rest_client [req-d2e12196-459d-4a1c-986b-4f55e2113c22 req-d2e12196-459d-4a1c-986b-4f55e2113c22 ] Request (HypervisorAdminNegativeUnderV252Test:setUpClass): 204 PUT http://10.180.1.21/identity/v3/projects/f7266004b6334f70b3ba773f99ebeb88/users/ecebe11f5601432091c15e2eaba8009d/roles/69d02396b5f447e18507d3ffe99b3047 0.023s
2025-04-03 22:47:46.678 70302 INFO tempest.lib.common.dynamic_creds [-] Dynamic test user ecebe11f5601432091c15e2eaba8009d is created with scope project and roles: ['admin']
2025-04-03 22:47:46.678 70302 INFO tempest.lib.common.dynamic_creds [-] Acquired dynamic creds: credentials: Credentials: {'domain_id': 'default', 'domain_name': 'Default', 'username': 'tempest-HypervisorAdminNegativeUnderV252Test-2095093724-project-admin', 'project_domain_id': 'default', 'project_domain_name': 'Default', 'project_id': 'f7266004b6334f70b3ba773f99ebeb88', 'project_name': 'tempest-HypervisorAdminNegativeUnderV252Test-2095093724', 'tenant_id': 'f7266004b6334f70b3ba773f99ebeb88', 'tenant_name': 'tempest-HypervisorAdminNegativeUnderV252Test-2095093724', 'user_domain_id': 'default', 'user_domain_name': 'Default', 'user_id': 'ecebe11f5601432091c15e2eaba8009d', 'system': None}, Network: None, Subnet: None, Router: None
2025-04-03 22:47:46.678 70302 INFO tempest.lib.common.dynamic_creds [-] Created isolated network resources for: credentials: Credentials: {'domain_id': 'default', 'domain_name': 'Default', 'username': 'tempest-HypervisorAdminNegativeUnderV252Test-2095093724-project-admin', 'project_domain_id': 'default', 'project_domain_name': 'Default', 'project_id': 'f7266004b6334f70b3ba773f99ebeb88', 'project_name': 'tempest-HypervisorAdminNegativeUnderV252Test-2095093724', 'tenant_id': 'f7266004b6334f70b3ba773f99ebeb88', 'tenant_name': 'tempest-HypervisorAdminNegativeUnderV252Test-2095093724', 'user_domain_id': 'default', 'user_domain_name': 'Default', 'user_id': 'ecebe11f5601432091c15e2eaba8009d', 'system': None}, Network: None, Subnet: None, Router: None
2025-04-03 22:47:46.716 70293 INFO tempest.lib.common.rest_client [req-74ab48d9-dbed-45f0-bff3-69854292d5c6 req-74ab48d9-dbed-45f0-bff3-69854292d5c6 ] Request (SecurityGroupRulesTestJSON:test_security_group_rules_create_with_optional_group_id): 200 POST http://10.180.1.21/compute/v2.1/os-security-groups 0.976s
2025-04-03 22:47:46.769 70265 INFO tempest.lib.common.rest_client [req-ffc46ce3-4eda-43a9-84f7-2703613eb0be req-ffc46ce3-4eda-43a9-84f7-2703613eb0be ] Request (SecurityGroupRulesNegativeTestJSON:tearDownClass): 202 DELETE http://10.180.1.21/compute/v2.1/os-security-groups/be405072-878d-462c-9abb-9e673dd54f1a 0.947s
2025-04-03 22:47:46.778 70302 INFO tempest.lib.common.rest_client [req-416ded08-3e76-4ee3-bcd0-1a4b7946e39b req-416ded08-3e76-4ee3-bcd0-1a4b7946e39b ] Request (HypervisorAdminNegativeUnderV252Test:setUpClass): 201 POST http://10.180.1.21/identity/v3/auth/tokens 0.096s
2025-04-03 22:47:46.788 70318 INFO tempest.lib.common.rest_client [req-6e38690d-8d99-41bb-bbbc-28316d067775 req-6e38690d-8d99-41bb-bbbc-28316d067775 ] Request (MultipleCreateTestJSON:_run_cleanups): 200 GET http://10.180.1.21/compute/v2.1/servers/bd2c1ad5-9f55-419a-9e8c-7abfbc1435ba 0.873s
2025-04-03 22:47:46.846 70320 INFO tempest.lib.common.rest_client [req-21a2d954-3e99-4091-b35a-16b452e0c7b7 req-21a2d954-3e99-4091-b35a-16b452e0c7b7 ] Request (ServersWithSpecificFlavorTestJSON:test_verify_created_server_ephemeral_disk): 200 GET http://10.180.1.21/compute/v2.1/servers/d43bb025-2fac-4629-b4b3-5d77abdbf582 0.848s
2025-04-03 22:47:46.913 70279 INFO tempest.lib.common.rest_client [req-f2666b52-a018-4742-954f-843fcd3efd84 req-f2666b52-a018-4742-954f-843fcd3efd84 ] Request (ImagesNegativeTestJSON:test_create_image_from_deleted_server): 200 GET http://10.180.1.21/compute/v2.1/servers/b3a9ebe6-7b48-48e1-b46f-2fc2c6df9b4c 0.863s
2025-04-03 22:47:46.945 70257 INFO tempest.lib.common.rest_client [req-58642d90-0a9b-4d7a-aeeb-10b0bf1a4537 req-58642d90-0a9b-4d7a-aeeb-10b0bf1a4537 ] Request (ImagesOneServerTestJSON:setUpClass): 200 GET http://10.180.1.21/compute/v2.1/servers/821dd3d2-6dd4-4fcc-b3e6-ca756089ee2d 1.016s
2025-04-03 22:47:46.972 70285 INFO tempest.lib.common.rest_client [req-bee55346-738b-4b0e-887b-df63a5edf0d5 req-bee55346-738b-4b0e-887b-df63a5edf0d5 ] Request (AggregatesAdminNegativeTestJSON:test_aggregate_remove_host_as_user): 200 POST http://10.180.1.21/compute/v2.1/os-aggregates 0.676s
2025-04-03 22:47:46.974 70269 INFO tempest.lib.common.rest_client [req-3ab9d1e4-e1b5-40be-88ea-e26a42d82a2b req-3ab9d1e4-e1b5-40be-88ea-e26a42d82a2b ] Request (ServerDiagnosticsV248Test:test_get_server_diagnostics): 200 GET http://10.180.1.21/compute/v2.1/servers/3a19b6bd-973a-4e74-a3f3-e188a4848444 0.699s
2025-04-03 22:47:47.017 70275 INFO tempest.lib.common.rest_client [req-31bd0004-8225-49b0-a427-3a1538f3e70b req-31bd0004-8225-49b0-a427-3a1538f3e70b ] Request (DeleteServersTestJSON:setUpClass): 200 PUT http://10.180.1.21:9696/networking/v2.0/routers/3d58f3e1-b255-43cf-8bf1-e7e72489d974/add_router_interface 1.173s
2025-04-03 22:47:47.017 70275 INFO tempest.lib.common.dynamic_creds [-] Created isolated network resources for: credentials: Credentials: {'domain_id': 'default', 'domain_name': 'Default', 'username': 'tempest-DeleteServersTestJSON-655044850-project-member', 'project_domain_id': 'default', 'project_domain_name': 'Default', 'project_id': '1e234bce5dd14d1f8480a560d8b651e1', 'project_name': 'tempest-DeleteServersTestJSON-655044850', 'tenant_id': '1e234bce5dd14d1f8480a560d8b651e1', 'tenant_name': 'tempest-DeleteServersTestJSON-655044850', 'user_domain_id': 'default', 'user_domain_name': 'Default', 'user_id': 'aefeeb63c09847e987c5da220ff522f8', 'system': None}, Network: {'id': '4f8bfa25-8e72-4fd7-8f09-98d03af7d99e', 'name': 'tempest-DeleteServersTestJSON-802794924-network', 'tenant_id': '1e234bce5dd14d1f8480a560d8b651e1', 'admin_state_up': True, 'mtu': 8950, 'status': 'ACTIVE', 'subnets': [], 'shared': False, 'project_id': '1e234bce5dd14d1f8480a560d8b651e1', 'port_security_enabled': True, 'router:external': False, 'provider:network_type': 'vlan', 'provider:physical_network': 'default', 'provider:segmentation_id': 598, 'availability_zone_hints': [], 'availability_zones': [], 'ipv4_address_scope': None, 'ipv6_address_scope': None, 'description': '', 'tags': [], 'created_at': '2025-04-03T22:47:43Z', 'updated_at': '2025-04-03T22:47:43Z', 'revision_number': 1}, Subnet: {'id': 'cee66a9f-6295-48ed-950e-00d391bc8933', 'name': 'tempest-DeleteServersTestJSON-802794924-subnet', 'tenant_id': '1e234bce5dd14d1f8480a560d8b651e1', 'network_id': '4f8bfa25-8e72-4fd7-8f09-98d03af7d99e', 'ip_version': 4, 'subnetpool_id': None, 'enable_dhcp': True, 'ipv6_ra_mode': None, 'ipv6_address_mode': None, 'gateway_ip': '192.168.128.1', 'cidr': '192.168.128.0/28', 'allocation_pools': [{'start': '192.168.128.2', 'end': '192.168.128.14'}], 'host_routes': [], 'dns_nameservers': [], 'description': '', 'router:external': False, 'service_types': [], 'tags': [], 'created_at': '2025-04-03T22:47:43Z', 'updated_at': '2025-04-03T22:47:43Z', 'revision_number': 0, 'project_id': '1e234bce5dd14d1f8480a560d8b651e1'}, Router: {'id': '3d58f3e1-b255-43cf-8bf1-e7e72489d974', 'name': 'tempest-DeleteServersTestJSON-802794924-router', 'tenant_id': '1e234bce5dd14d1f8480a560d8b651e1', 'admin_state_up': True, 'status': 'ACTIVE', 'external_gateway_info': {'network_id': 'b2ce19e6-390e-44f8-ae1d-dbb9447c790b', 'external_fixed_ips': [{'subnet_id': 'b763b58e-95f8-4832-83cc-777694f347ac', 'ip_address': '10.180.180.219'}], 'enable_snat': True}, 'description': '', 'availability_zones': [], 'distributed': False, 'ha': False, 'availability_zone_hints': [], 'routes': [], 'flavor_id': None, 'tags': [], 'created_at': '2025-04-03T22:47:44Z', 'updated_at': '2025-04-03T22:47:45Z', 'revision_number': 2, 'project_id': '1e234bce5dd14d1f8480a560d8b651e1'}
2025-04-03 22:47:47.027 70310 INFO tempest.lib.common.rest_client [req-7f57dc80-481c-460a-a26b-73095529fb99 req-7f57dc80-481c-460a-a26b-73095529fb99 ] Request (ServerActionsV293TestJSON:setUpClass): 200 GET http://10.180.1.21/volume/v3/volumes/fd924afa-9065-4d35-9957-0bb15a92dab5 0.032s
2025-04-03 22:47:47.075 70277 INFO tempest.lib.common.rest_client [req-fb0460bf-1007-446f-91ae-f04afe29baea req-fb0460bf-1007-446f-91ae-f04afe29baea ] Request (VolumesAssistedSnapshotsTest:test_volume_assisted_snapshot_create_delete): 200 GET http://10.180.1.21/compute/v2.1/servers/3ab03542-99a7-494e-872d-fb919cbb81f4 0.517s
2025-04-03 22:47:47.090 70275 INFO tempest.lib.common.rest_client [req-605b4a5c-17a8-4c55-bf9c-2e88251a5fc3 req-605b4a5c-17a8-4c55-bf9c-2e88251a5fc3 ] Request (DeleteServersTestJSON:setUpClass): 201 POST http://10.180.1.21/identity/v3/auth/tokens 0.069s
2025-04-03 22:47:47.106 70316 INFO tempest.lib.common.rest_client [req-5f7fb4b5-9f1b-4d15-926d-721b7e555b48 req-5f7fb4b5-9f1b-4d15-926d-721b7e555b48 ] Request (QuotasAdminTestV257:test_get_updated_quotas): 200 GET http://10.180.1.21/compute/v2.1/os-quota-sets/ef07cd42c2574f75b71aff93f1a761cf?user_id=195c82af49e64604a95a5b364cc8da47 0.565s
2025-04-03 22:47:47.125 70275 INFO tempest.lib.common.rest_client [req-08e1b86a-b0c6-47dd-a855-0a954a3c45bf req-08e1b86a-b0c6-47dd-a855-0a954a3c45bf ] Request (DeleteServersTestJSON:test_delete_active_server): 201 POST http://10.180.1.21/identity/v3/auth/tokens 0.030s
2025-04-03 22:47:47.125 70275 INFO tempest.lib.common.fixed_network [-] (DeleteServersTestJSON:test_delete_active_server) Found network {'id': '4f8bfa25-8e72-4fd7-8f09-98d03af7d99e', 'name': 'tempest-DeleteServersTestJSON-802794924-network', 'tenant_id': '1e234bce5dd14d1f8480a560d8b651e1', 'admin_state_up': True, 'mtu': 8950, 'status': 'ACTIVE', 'subnets': [], 'shared': False, 'project_id': '1e234bce5dd14d1f8480a560d8b651e1', 'port_security_enabled': True, 'router:external': False, 'provider:network_type': 'vlan', 'provider:physical_network': 'default', 'provider:segmentation_id': 598, 'availability_zone_hints': [], 'availability_zones': [], 'ipv4_address_scope': None, 'ipv6_address_scope': None, 'description': '', 'tags': [], 'created_at': '2025-04-03T22:47:43Z', 'updated_at': '2025-04-03T22:47:43Z', 'revision_number': 1} available for tenant
2025-04-03 22:47:47.174 70293 INFO tempest.lib.common.rest_client [req-ffc44bc8-eb08-475a-8774-84cfcbe111b5 req-ffc44bc8-eb08-475a-8774-84cfcbe111b5 ] Request (SecurityGroupRulesTestJSON:test_security_group_rules_create_with_optional_group_id): 200 POST http://10.180.1.21/compute/v2.1/os-security-groups 0.455s
2025-04-03 22:47:47.195 70316 INFO tempest.lib.common.rest_client [req-708bf2a1-928f-4fa5-a1d9-8f53c3ad79ba req-708bf2a1-928f-4fa5-a1d9-8f53c3ad79ba ] Request (QuotasAdminTestV257:_run_cleanups): 204 DELETE http://10.180.1.21/identity/v3/users/195c82af49e64604a95a5b364cc8da47 0.085s
2025-04-03 22:47:47.208 70265 INFO tempest.lib.common.rest_client [req-b9e94d4b-7d55-4af2-a15f-0204c9155aa4 req-b9e94d4b-7d55-4af2-a15f-0204c9155aa4 ] Request (SecurityGroupRulesNegativeTestJSON:tearDownClass): 202 DELETE http://10.180.1.21/compute/v2.1/os-security-groups/a00b72da-1267-4b68-b0fe-e687eb194c52 0.438s
2025-04-03 22:47:47.289 70316 INFO tempest.lib.common.rest_client [req-41e20c78-de1c-4651-b7e8-9f93980ddbbd req-41e20c78-de1c-4651-b7e8-9f93980ddbbd ] Request (QuotasAdminTestV257:_run_cleanups): 204 DELETE http://10.180.1.21/identity/v3/projects/ef07cd42c2574f75b71aff93f1a761cf 0.094s
2025-04-03 22:47:47.292 70259 WARNING tempest.lib.common.ssh [-] Failed to establish authenticated ssh connection to cirros@10.180.180.147 ([Errno None] Unable to connect to port 22 on 10.180.180.147). Number attempts: 1. Retry after 2 seconds.: paramiko.ssh_exception.NoValidConnectionsError: [Errno None] Unable to connect to port 22 on 10.180.180.147
2025-04-03 22:47:47.323 70302 INFO tempest.lib.common.rest_client [req-467e19fb-0761-4604-b529-3a3498bf6ef0 req-467e19fb-0761-4604-b529-3a3498bf6ef0 ] Request (HypervisorAdminNegativeUnderV252Test:test_search_hypervisor_with_non_admin_user): 200 GET http://10.180.1.21/compute/v2.1/os-hypervisors 0.542s
2025-04-03 22:47:47.354 70304 INFO tempest.lib.common.rest_client [req-ade39a2c-f445-490f-9b5e-552484ec02b9 req-ade39a2c-f445-490f-9b5e-552484ec02b9 ] Request (MigrationsAdminTest:test_list_migrations_in_flavor_resize_situation): 200 GET http://10.180.1.21/compute/v2.1/servers/57099f0b-431e-418d-87f4-dc00199920e2 0.456s
2025-04-03 22:47:47.397 70312 INFO tempest.lib.common.rest_client [req-8419964b-0d23-411b-8585-6a964d2f4316 req-8419964b-0d23-411b-8585-6a964d2f4316 ] Request (FloatingIPsAssociationTestJSON:test_associate_already_associated_floating_ip): 200 GET http://10.180.1.21/compute/v2.1/servers/c703a9fa-029e-4030-b8fd-8076b1bd713c 0.490s
2025-04-03 22:47:47.435 70316 INFO tempest.lib.common.rest_client [req-ac3c1350-188f-43f7-af13-828953fb86b4 req-ac3c1350-188f-43f7-af13-828953fb86b4 ] Request (QuotasAdminTestV257:tearDownClass): 204 DELETE http://10.180.1.21/identity/v3/users/f43eac1770a349e685a2e23b88ee0eb3 0.144s
2025-04-03 22:47:47.469 70285 INFO tempest.lib.common.rest_client [req-7cad4cf3-8a24-44d8-9aad-159786aa8f1f req-7cad4cf3-8a24-44d8-9aad-159786aa8f1f ] Request (AggregatesAdminNegativeTestJSON:test_aggregate_remove_host_as_user): 200 POST http://10.180.1.21/compute/v2.1/os-aggregates/7/action 0.495s
2025-04-03 22:47:47.477 70283 INFO tempest.lib.common.rest_client [req-e3144210-2a51-4cd5-8e99-1846e253596f req-e3144210-2a51-4cd5-8e99-1846e253596f ] Request (SecurityGroupsTestJSON:test_list_security_groups_by_server): 200 GET http://10.180.1.21/compute/v2.1/servers/a3c91cbb-66ac-439e-8d6c-476c39c9d6d9 0.457s
2025-04-03 22:47:47.549 70316 INFO tempest.lib.common.rest_client [req-c508847e-fc6d-469e-954e-0234394d0bfc req-c508847e-fc6d-469e-954e-0234394d0bfc ] Request (QuotasAdminTestV257:tearDownClass): 204 DELETE http://10.180.1.21/identity/v3/users/2b32aaf79bb5454da70009ece96a93a5 0.113s
2025-04-03 22:47:47.549 70316 INFO tempest.lib.common.dynamic_creds [-] Deleting project and security group for project: bbf8c7b9f5a448f691b51ef2e0e2b9dc
2025-04-03 22:47:47.561 70298 INFO tempest.lib.common.rest_client [req-39f4d1c1-1764-4d2f-a2ef-0ca9c8aa5063 req-39f4d1c1-1764-4d2f-a2ef-0ca9c8aa5063 ] Request (ServersAdminTestJSON:setUpClass): 200 GET http://10.180.1.21/compute/v2.1/servers/aa056a81-8a00-4984-b41b-fe8780d06430 0.481s
2025-04-03 22:47:47.573 70306 INFO tempest.lib.common.rest_client [req-d2bc50f3-7425-4d15-b59d-aaed55bab68a req-d2bc50f3-7425-4d15-b59d-aaed55bab68a ] Request (InstanceActionsNegativeTestJSON:tearDownClass): 200 GET http://10.180.1.21/compute/v2.1/servers/27839bc7-8d6f-4f3e-b858-9c6a76639245 0.471s
2025-04-03 22:47:47.624 70316 INFO tempest.lib.common.rest_client [req-8af13701-244e-4bf2-980e-4647cecf227f req-8af13701-244e-4bf2-980e-4647cecf227f ] Request (QuotasAdminTestV257:tearDownClass): 201 POST http://10.180.1.21/identity/v3/auth/tokens 0.075s
2025-04-03 22:47:47.650 70263 INFO tempest.lib.common.rest_client [req-de320871-7a89-4ffe-99d9-15a67217a529 req-de320871-7a89-4ffe-99d9-15a67217a529 ] Request (ServersAdmin275Test:test_rebuild_update_server_275): 200 GET http://10.180.1.21/compute/v2.1/servers/28bfa503-373a-4cd3-b667-2cb6c427fb17 0.503s
2025-04-03 22:47:47.733 70261 INFO tempest.lib.common.rest_client [req-1584e1c5-c861-45f0-a891-e9c10f7cc61b req-1584e1c5-c861-45f0-a891-e9c10f7cc61b ] Request (FloatingIPsAssociationNegativeTestJSON:setUpClass): 200 GET http://10.180.1.21/compute/v2.1/servers/0acc5a3d-2d04-4126-898d-f0b832025714 0.566s
2025-04-03 22:47:47.883 70316 INFO tempest.lib.common.rest_client [req-9b4012c3-3a9b-4033-a080-5a33e52a12a3 req-9b4012c3-3a9b-4033-a080-5a33e52a12a3 ] Request (QuotasAdminTestV257:tearDownClass): 200 GET http://10.180.1.21:9696/networking/v2.0/security-groups?tenant_id=bbf8c7b9f5a448f691b51ef2e0e2b9dc&name=default 0.259s
2025-04-03 22:47:47.921 70293 INFO tempest.lib.common.rest_client [req-6addf9f3-fba5-4e55-b1f5-3f5eb35cd614 req-6addf9f3-fba5-4e55-b1f5-3f5eb35cd614 ] Request (SecurityGroupRulesTestJSON:test_security_group_rules_create_with_optional_group_id): 200 POST http://10.180.1.21/compute/v2.1/os-security-group-rules 0.742s
2025-04-03 22:47:48.015 70316 INFO tempest.lib.common.rest_client [req-8d5d05f1-44d3-4c3b-8069-ce9cc43fca13 req-8d5d05f1-44d3-4c3b-8069-ce9cc43fca13 ] Request (QuotasAdminTestV257:tearDownClass): 204 DELETE http://10.180.1.21:9696/networking/v2.0/security-groups/9bfb8598-54cd-4f8f-85a6-83d33b4257ec 0.131s
2025-04-03 22:47:48.016 70265 INFO tempest.lib.common.rest_client [req-819ce259-e77f-42d0-9da1-5b76de7fa438 req-819ce259-e77f-42d0-9da1-5b76de7fa438 ] Request (SecurityGroupRulesNegativeTestJSON:tearDownClass): 202 DELETE http://10.180.1.21/compute/v2.1/os-security-groups/cfe40094-7dff-42b7-9e30-ee1ff32961d6 0.807s
2025-04-03 22:47:48.069 70310 INFO tempest.lib.common.rest_client [req-cbae94ac-bcb1-48bd-b55e-4320bb85e60c req-cbae94ac-bcb1-48bd-b55e-4320bb85e60c ] Request (ServerActionsV293TestJSON:setUpClass): 200 GET http://10.180.1.21/volume/v3/volumes/fd924afa-9065-4d35-9957-0bb15a92dab5 0.031s
2025-04-03 22:47:48.104 70316 INFO tempest.lib.common.rest_client [req-f78a7a3a-848f-4448-99a3-464ce864c227 req-f78a7a3a-848f-4448-99a3-464ce864c227 ] Request (QuotasAdminTestV257:tearDownClass): 204 DELETE http://10.180.1.21/identity/v3/projects/bbf8c7b9f5a448f691b51ef2e0e2b9dc 0.089s
2025-04-03 22:47:48.104 70316 INFO tempest.lib.common.dynamic_creds [-] Deleting project and security group for project: a6c02aa2264e414dbdd74795a702da5b
2025-04-03 22:47:48.116 70273 INFO tempest.lib.common.rest_client [req-5ceb617c-fc83-4666-b97a-ebfacb1c720d req-5ceb617c-fc83-4666-b97a-ebfacb1c720d ] Request (ServerDiagnosticsNegativeTest:tearDownClass): 200 GET http://10.180.1.21/compute/v2.1/servers/73dd564b-5d45-4406-a4f4-072084f194ad 0.882s
2025-04-03 22:47:48.128 70275 INFO tempest.lib.common.rest_client [req-21fa7766-5642-42a8-bd35-69d81405270f req-21fa7766-5642-42a8-bd35-69d81405270f ] Request (DeleteServersTestJSON:test_delete_active_server): 202 POST http://10.180.1.21/compute/v2.1/servers 1.002s
2025-04-03 22:47:48.200 70296 INFO tempest.lib.common.rest_client [req-2297a498-8ec5-41a4-b5c5-2fc93dd0f2e5 req-2297a498-8ec5-41a4-b5c5-2fc93dd0f2e5 ] Request (ServersNegativeTestJSON:setUpClass): 200 GET http://10.180.1.21/compute/v2.1/servers/38194bdc-f13e-4d0a-bb3a-9b9a3d8ecfd5 0.961s
2025-04-03 22:47:48.227 70300 INFO tempest.lib.common.rest_client [req-c6601d0c-4f68-4d4f-b57d-93b47588f184 req-c6601d0c-4f68-4d4f-b57d-93b47588f184 ] Request (ServerDiagnosticsTest:test_get_server_diagnostics): 200 GET http://10.180.1.21/compute/v2.1/servers/821e3737-9932-439c-8031-29a6e4eb5462 0.935s
2025-04-03 22:47:48.243 70316 INFO tempest.lib.common.rest_client [req-8f816a0d-9e7f-46e3-be3e-cb60abf71c17 req-8f816a0d-9e7f-46e3-be3e-cb60abf71c17 ] Request (QuotasAdminTestV257:tearDownClass): 200 GET http://10.180.1.21:9696/networking/v2.0/security-groups?tenant_id=a6c02aa2264e414dbdd74795a702da5b&name=default 0.138s
2025-04-03 22:47:48.283 70314 INFO tempest.lib.common.rest_client [req-dd83bded-656d-4ef8-ba59-81b81a86110a req-dd83bded-656d-4ef8-ba59-81b81a86110a ] Request (ServersTestFqdnHostnames:test_create_server_with_fqdn_name): 200 GET http://10.180.1.21/compute/v2.1/servers/d5d14fe9-b56d-49ea-8d83-5e94439e8534 0.985s
2025-04-03 22:47:48.370 70316 INFO tempest.lib.common.rest_client [req-8a3229f1-00d9-4d00-8aa6-1d452433c008 req-8a3229f1-00d9-4d00-8aa6-1d452433c008 ] Request (QuotasAdminTestV257:tearDownClass): 204 DELETE http://10.180.1.21:9696/networking/v2.0/security-groups/32a012d4-7edc-4fa7-ae07-41beb2447afa 0.127s
2025-04-03 22:47:48.387 70281 INFO tempest.lib.common.rest_client [req-c6e74423-3373-43ae-ae4a-4f204811deb4 req-c6e74423-3373-43ae-ae4a-4f204811deb4 ] Request (QuotasTestJSON:test_compare_tenant_quotas_with_default_quotas): 200 GET http://10.180.1.21/compute/v2.1/os-quota-sets/336a63d215d64908ac59c0fc898b84f9/defaults 1.063s
2025-04-03 22:47:48.408 70302 INFO tempest.lib.common.rest_client [req-cb66fd4f-6bff-43b2-8c24-51b171d581d7 req-cb66fd4f-6bff-43b2-8c24-51b171d581d7 ] Request (HypervisorAdminNegativeUnderV252Test:test_search_hypervisor_with_non_admin_user): 403 GET http://10.180.1.21/compute/v2.1/os-hypervisors/domain-c8.fc996f14-c53b-4953-92e3-bdfa48f5cc28/search 1.084s
2025-04-03 22:47:48.459 70271 INFO tempest.lib.common.rest_client [req-82153d81-1b93-4c56-8aad-ca772ffb630b req-82153d81-1b93-4c56-8aad-ca772ffb630b ] Request (ServerActionsTestJSON:setUpClass): 200 GET http://10.180.1.21/compute/v2.1/servers/a87074ec-1813-448c-be2b-e50be5324256 1.109s
2025-04-03 22:47:48.468 70285 INFO tempest.lib.common.rest_client [req-41b9713a-716a-43be-a7fe-2fa1774c3761 req-41b9713a-716a-43be-a7fe-2fa1774c3761 ] Request (AggregatesAdminNegativeTestJSON:test_aggregate_remove_host_as_user): 403 POST http://10.180.1.21/compute/v2.1/os-aggregates/7/action 0.997s
2025-04-03 22:47:48.477 70287 INFO tempest.lib.common.rest_client [req-fa41d065-1bf8-4fff-9bb9-9699131c3f64 req-fa41d065-1bf8-4fff-9bb9-9699131c3f64 ] Request (ListServersNegativeTestJSON:setUpClass): 200 GET http://10.180.1.21/compute/v2.1/servers/a65e82f5-6c9d-4a41-aaae-b85e362f527e 1.092s
2025-04-03 22:47:48.499 70316 INFO tempest.lib.common.rest_client [req-917d68e6-90c3-4433-a809-4d8c57dd1675 req-917d68e6-90c3-4433-a809-4d8c57dd1675 ] Request (QuotasAdminTestV257:tearDownClass): 204 DELETE http://10.180.1.21/identity/v3/projects/a6c02aa2264e414dbdd74795a702da5b 0.128s
2025-04-03 22:47:48.543 70289 INFO tempest.lib.common.rest_client [req-2b6575b1-fc55-4860-b7f9-81d1d61e5024 req-2b6575b1-fc55-4860-b7f9-81d1d61e5024 ] Request (DeleteServersAdminTestJSON:test_admin_delete_servers_of_others): 200 GET http://10.180.1.21/compute/v2.1/servers/c46fff76-423c-4d01-afe9-8cfb32091c4c 0.907s
2025-04-03 22:47:48.571 70316 INFO tempest.lib.common.rest_client [req-085b9902-ec20-442a-a2d0-87e9fd2b51ac req-085b9902-ec20-442a-a2d0-87e9fd2b51ac ] Request (AbsoluteLimitsTestJSON:setUpClass): 201 POST http://10.180.1.21/identity/v3/auth/tokens 0.070s
2025-04-03 22:47:48.574 70318 INFO tempest.lib.common.rest_client [req-3aebf0fd-cef1-48f3-91dd-2d165a93ea57 req-3aebf0fd-cef1-48f3-91dd-2d165a93ea57 ] Request (MultipleCreateTestJSON:_run_cleanups): 404 GET http://10.180.1.21/compute/v2.1/servers/bd2c1ad5-9f55-419a-9e8c-7abfbc1435ba 0.777s
2025-04-03 22:47:48.609 70294 INFO tempest.lib.common.rest_client [req-843b5fd2-2528-45dc-bd47-a9a39e19dbd2 req-843b5fd2-2528-45dc-bd47-a9a39e19dbd2 ] Request (InstanceActionsTestJSON:test_list_instance_actions): 200 GET http://10.180.1.21/compute/v2.1/servers/c31dfcdf-a92b-45c4-986a-3719c7cecd35 1.044s
2025-04-03 22:47:48.620 70316 INFO tempest.lib.common.rest_client [req-1832e6fc-e648-4463-a0ae-602f2222dc20 req-1832e6fc-e648-4463-a0ae-602f2222dc20 ] Request (AbsoluteLimitsTestJSON:setUpClass): 201 POST http://10.180.1.21/identity/v3/auth/tokens 0.043s
2025-04-03 22:47:48.621 70294 INFO tempest.common.waiters [-] State transition "HARD_REBOOT/rebooting_hard" ==> "ACTIVE/None" after 4 second wait
2025-04-03 22:47:48.647 70316 INFO tempest.lib.common.rest_client [req-5b473f3f-cd69-4e92-83a6-1e495e0eb79a req-5b473f3f-cd69-4e92-83a6-1e495e0eb79a ] Request (AbsoluteLimitsTestJSON:setUpClass): 200 GET http://10.180.1.21/identity/v3/domains?name=Default 0.027s
2025-04-03 22:47:48.674 70320 INFO tempest.lib.common.rest_client [req-b0648f56-36bc-4e87-936f-880c24883efe req-b0648f56-36bc-4e87-936f-880c24883efe ] Request (ServersWithSpecificFlavorTestJSON:test_verify_created_server_ephemeral_disk): 200 GET http://10.180.1.21/compute/v2.1/servers/d43bb025-2fac-4629-b4b3-5d77abdbf582 0.818s
2025-04-03 22:47:48.682 70316 INFO tempest.lib.common.rest_client [req-08e04895-47ee-45ee-bd83-ff29675387d1 req-08e04895-47ee-45ee-bd83-ff29675387d1 ] Request (AbsoluteLimitsTestJSON:setUpClass): 201 POST http://10.180.1.21/identity/v3/projects 0.034s
2025-04-03 22:47:48.688 70279 INFO tempest.lib.common.rest_client [req-453a1a92-4c3c-4553-a3e0-5d4f5e33a833 req-453a1a92-4c3c-4553-a3e0-5d4f5e33a833 ] Request (ImagesNegativeTestJSON:test_create_image_from_deleted_server): 200 GET http://10.180.1.21/compute/v2.1/servers/b3a9ebe6-7b48-48e1-b46f-2fc2c6df9b4c 0.765s
2025-04-03 22:47:48.758 70316 INFO tempest.lib.common.rest_client [req-ec11bfa7-c034-4095-972a-792b7aaadfe9 req-ec11bfa7-c034-4095-972a-792b7aaadfe9 ] Request (AbsoluteLimitsTestJSON:setUpClass): 201 POST http://10.180.1.21/identity/v3/users 0.075s
2025-04-03 22:47:48.781 70316 INFO tempest.lib.common.rest_client [req-55372ea3-f00b-43f1-a824-1ebcc0555293 req-55372ea3-f00b-43f1-a824-1ebcc0555293 ] Request (AbsoluteLimitsTestJSON:setUpClass): 200 GET http://10.180.1.21/identity/v3/roles 0.023s
2025-04-03 22:47:48.811 70318 INFO tempest.lib.common.rest_client [req-b624b5b6-6983-4a9f-9a54-02d4de473657 req-b624b5b6-6983-4a9f-9a54-02d4de473657 ] Request (MultipleCreateTestJSON:test_multiple_create_with_reservation_return): 201 POST http://10.180.1.21/identity/v3/auth/tokens 0.223s
2025-04-03 22:47:48.812 70318 INFO tempest.lib.common.fixed_network [-] (MultipleCreateTestJSON:test_multiple_create_with_reservation_return) Found network {'id': 'eaa764f9-86ce-4a24-a148-6f6c8c4f0cd0', 'name': 'tempest-MultipleCreateTestJSON-533059788-network', 'tenant_id': '4eb56fcba8c047e0af982d5a3f0e9fef', 'admin_state_up': True, 'mtu': 8950, 'status': 'ACTIVE', 'subnets': [], 'shared': False, 'project_id': '4eb56fcba8c047e0af982d5a3f0e9fef', 'port_security_enabled': True, 'router:external': False, 'provider:network_type': 'vlan', 'provider:physical_network': 'default', 'provider:segmentation_id': 667, 'availability_zone_hints': [], 'availability_zones': [], 'ipv4_address_scope': None, 'ipv6_address_scope': None, 'description': '', 'tags': [], 'created_at': '2025-04-03T22:46:52Z', 'updated_at': '2025-04-03T22:46:52Z', 'revision_number': 1} available for tenant
2025-04-03 22:47:48.825 70316 INFO tempest.lib.common.rest_client [req-eab57bdc-59b2-4395-9bf9-9a26996a90ca req-eab57bdc-59b2-4395-9bf9-9a26996a90ca ] Request (AbsoluteLimitsTestJSON:setUpClass): 204 PUT http://10.180.1.21/identity/v3/projects/5cc31c764f624649a547f431cc78f487/users/c7c547d7353d40439a40a38869a1b040/roles/4e57bc91f0b84ee0b63f3cf0af809636 0.043s
2025-04-03 22:47:48.825 70316 INFO tempest.lib.common.dynamic_creds [-] Dynamic test user c7c547d7353d40439a40a38869a1b040 is created with scope project and roles: ['member']
2025-04-03 22:47:48.826 70316 INFO tempest.lib.common.dynamic_creds [-] Acquired dynamic creds: credentials: Credentials: {'domain_id': 'default', 'domain_name': 'Default', 'username': 'tempest-AbsoluteLimitsTestJSON-872475589-project-member', 'project_domain_id': 'default', 'project_domain_name': 'Default', 'project_id': '5cc31c764f624649a547f431cc78f487', 'project_name': 'tempest-AbsoluteLimitsTestJSON-872475589', 'tenant_id': '5cc31c764f624649a547f431cc78f487', 'tenant_name': 'tempest-AbsoluteLimitsTestJSON-872475589', 'user_domain_id': 'default', 'user_domain_name': 'Default', 'user_id': 'c7c547d7353d40439a40a38869a1b040', 'system': None}, Network: None, Subnet: None, Router: None
2025-04-03 22:47:48.826 70316 INFO tempest.lib.common.dynamic_creds [-] Created isolated network resources for: credentials: Credentials: {'domain_id': 'default', 'domain_name': 'Default', 'username': 'tempest-AbsoluteLimitsTestJSON-872475589-project-member', 'project_domain_id': 'default', 'project_domain_name': 'Default', 'project_id': '5cc31c764f624649a547f431cc78f487', 'project_name': 'tempest-AbsoluteLimitsTestJSON-872475589', 'tenant_id': '5cc31c764f624649a547f431cc78f487', 'tenant_name': 'tempest-AbsoluteLimitsTestJSON-872475589', 'user_domain_id': 'default', 'user_domain_name': 'Default', 'user_id': 'c7c547d7353d40439a40a38869a1b040', 'system': None}, Network: None, Subnet: None, Router: None
2025-04-03 22:47:48.858 70257 INFO tempest.lib.common.rest_client [req-81b1e65d-2e63-4297-a7dc-fe34c289174f req-81b1e65d-2e63-4297-a7dc-fe34c289174f ] Request (ImagesOneServerTestJSON:setUpClass): 200 GET http://10.180.1.21/compute/v2.1/servers/821dd3d2-6dd4-4fcc-b3e6-ca756089ee2d 0.901s
2025-04-03 22:47:48.919 70269 INFO tempest.lib.common.rest_client [req-64ea9cb7-99fd-4406-aade-1817346e4cba req-64ea9cb7-99fd-4406-aade-1817346e4cba ] Request (ServerDiagnosticsV248Test:test_get_server_diagnostics): 200 GET http://10.180.1.21/compute/v2.1/servers/3a19b6bd-973a-4e74-a3f3-e188a4848444 0.933s
2025-04-03 22:47:48.920 70316 INFO tempest.lib.common.rest_client [req-0af69eab-6aa0-44be-a4e7-57dcc9cabb00 req-0af69eab-6aa0-44be-a4e7-57dcc9cabb00 ] Request (AbsoluteLimitsTestJSON:setUpClass): 201 POST http://10.180.1.21/identity/v3/auth/tokens 0.087s
2025-04-03 22:47:49.021 70293 INFO tempest.lib.common.rest_client [req-192c6cda-f64a-49c4-aa0e-1417e27f1e81 req-192c6cda-f64a-49c4-aa0e-1417e27f1e81 ] Request (SecurityGroupRulesTestJSON:test_security_group_rules_delete_when_peer_group_deleted): 200 POST http://10.180.1.21/compute/v2.1/os-security-groups 1.097s
2025-04-03 22:47:49.045 70277 INFO tempest.lib.common.rest_client [req-b02bbbe4-963a-451e-a81e-fd5566570fb1 req-b02bbbe4-963a-451e-a81e-fd5566570fb1 ] Request (VolumesAssistedSnapshotsTest:test_volume_assisted_snapshot_create_delete): 200 GET http://10.180.1.21/compute/v2.1/servers/3ab03542-99a7-494e-872d-fb919cbb81f4 0.961s
2025-04-03 22:47:49.090 70275 INFO tempest.lib.common.rest_client [req-378a41b8-fe0b-4b68-bfab-9a26f6612e17 req-378a41b8-fe0b-4b68-bfab-9a26f6612e17 ] Request (DeleteServersTestJSON:test_delete_active_server): 200 GET http://10.180.1.21/compute/v2.1/servers/0d598d7c-fcb0-40fd-aeb3-e2db6c72cdb4 0.959s
2025-04-03 22:47:49.118 70310 INFO tempest.lib.common.rest_client [req-d94c8951-fa97-4ee3-ac91-76b32de273df req-d94c8951-fa97-4ee3-ac91-76b32de273df ] Request (ServerActionsV293TestJSON:setUpClass): 200 GET http://10.180.1.21/volume/v3/volumes/fd924afa-9065-4d35-9957-0bb15a92dab5 0.040s
2025-04-03 22:47:49.153 70304 INFO tempest.lib.common.rest_client [req-1ef390ad-1d76-432a-af9e-8a4d6aef51d1 req-1ef390ad-1d76-432a-af9e-8a4d6aef51d1 ] Request (MigrationsAdminTest:test_list_migrations_in_flavor_resize_situation): 200 GET http://10.180.1.21/compute/v2.1/servers/57099f0b-431e-418d-87f4-dc00199920e2 0.791s
2025-04-03 22:47:49.165 70302 INFO tempest.lib.common.rest_client [req-e0ebc218-fa5d-41b5-aa59-6ad210cd5d38 req-e0ebc218-fa5d-41b5-aa59-6ad210cd5d38 ] Request (HypervisorAdminNegativeUnderV252Test:test_search_nonexistent_hypervisor): 404 GET http://10.180.1.21/compute/v2.1/os-hypervisors/nonexistent_hypervisor_name/search 0.755s
2025-04-03 22:47:49.198 70265 INFO tempest.lib.common.rest_client [req-dd4b3951-718e-4969-91af-f077d58267a7 req-dd4b3951-718e-4969-91af-f077d58267a7 ] Request (SecurityGroupRulesNegativeTestJSON:tearDownClass): 200 PUT http://10.180.1.21:9696/networking/v2.0/routers/6c41466e-bcb9-4114-9300-dd3d061b88b2/remove_router_interface 1.181s
2025-04-03 22:47:49.206 70281 INFO tempest.lib.common.rest_client [req-1828cc41-e0d7-4eec-946f-97438a5c7b5d req-1828cc41-e0d7-4eec-946f-97438a5c7b5d ] Request (QuotasTestJSON:test_compare_tenant_quotas_with_default_quotas): 200 GET http://10.180.1.21/compute/v2.1/os-quota-sets/336a63d215d64908ac59c0fc898b84f9 0.817s
2025-04-03 22:47:49.222 70312 INFO tempest.lib.common.rest_client [req-8723284a-6cf1-4d62-9d1a-ddc97abb7c9b req-8723284a-6cf1-4d62-9d1a-ddc97abb7c9b ] Request (FloatingIPsAssociationTestJSON:test_associate_already_associated_floating_ip): 200 GET http://10.180.1.21/compute/v2.1/servers/c703a9fa-029e-4030-b8fd-8076b1bd713c 0.812s
2025-04-03 22:47:49.282 70283 INFO tempest.lib.common.rest_client [req-1412a478-1d08-4e5d-84f8-28761133b648 req-1412a478-1d08-4e5d-84f8-28761133b648 ] Request (SecurityGroupsTestJSON:test_list_security_groups_by_server): 200 GET http://10.180.1.21/compute/v2.1/servers/a3c91cbb-66ac-439e-8d6c-476c39c9d6d9 0.794s
2025-04-03 22:47:49.360 70285 INFO tempest.lib.common.rest_client [req-241a560c-a03f-45db-802f-1ba29bfb7b3d req-241a560c-a03f-45db-802f-1ba29bfb7b3d ] Request (AggregatesAdminNegativeTestJSON:_run_cleanups): 200 POST http://10.180.1.21/compute/v2.1/os-aggregates/7/action 0.890s
2025-04-03 22:47:49.438 70306 INFO tempest.lib.common.rest_client [req-1fc5b3a9-e0da-420f-a41b-c659cde76952 req-1fc5b3a9-e0da-420f-a41b-c659cde76952 ] Request (InstanceActionsNegativeTestJSON:tearDownClass): 200 GET http://10.180.1.21/compute/v2.1/servers/27839bc7-8d6f-4f3e-b858-9c6a76639245 0.857s
2025-04-03 22:47:49.442 70298 INFO tempest.lib.common.rest_client [req-fc6bbbcb-a3f3-489d-81dd-8cfc2e2e923f req-fc6bbbcb-a3f3-489d-81dd-8cfc2e2e923f ] Request (ServersAdminTestJSON:setUpClass): 200 GET http://10.180.1.21/compute/v2.1/servers/aa056a81-8a00-4984-b41b-fe8780d06430 0.870s
2025-04-03 22:47:49.472 70294 INFO tempest.lib.common.rest_client [req-0002d786-fe2a-4eb5-a5b2-4b69d394dc26 req-0002d786-fe2a-4eb5-a5b2-4b69d394dc26 ] Request (InstanceActionsTestJSON:test_list_instance_actions): 200 GET http://10.180.1.21/compute/v2.1/servers/c31dfcdf-a92b-45c4-986a-3719c7cecd35/os-instance-actions 0.850s
2025-04-03 22:47:49.521 70263 INFO tempest.lib.common.rest_client [req-208fe303-3db2-42e2-92c3-26ad7c07df76 req-208fe303-3db2-42e2-92c3-26ad7c07df76 ] Request (ServersAdmin275Test:test_rebuild_update_server_275): 200 GET http://10.180.1.21/compute/v2.1/servers/28bfa503-373a-4cd3-b667-2cb6c427fb17 0.858s
2025-04-03 22:47:49.540 70261 INFO tempest.lib.common.rest_client [req-e4376440-46d8-43a3-8f0d-a4b0bf9954e8 req-e4376440-46d8-43a3-8f0d-a4b0bf9954e8 ] Request (FloatingIPsAssociationNegativeTestJSON:setUpClass): 200 GET http://10.180.1.21/compute/v2.1/servers/0acc5a3d-2d04-4126-898d-f0b832025714 0.799s
2025-04-03 22:47:49.606 70316 INFO tempest.lib.common.rest_client [req-1c32f999-6587-4f9f-ba67-1a8f3a52b882 req-1c32f999-6587-4f9f-ba67-1a8f3a52b882 ] Request (AbsoluteLimitsTestJSON:test_absLimits_get): 200 GET http://10.180.1.21/compute/v2.1/limits 0.685s
2025-04-03 22:47:49.723 70316 INFO tempest.lib.common.rest_client [req-8e72f675-ef2d-4a40-9499-b603b84f1165 req-8e72f675-ef2d-4a40-9499-b603b84f1165 ] Request (AbsoluteLimitsTestJSON:tearDownClass): 204 DELETE http://10.180.1.21/identity/v3/users/c7c547d7353d40439a40a38869a1b040 0.112s
2025-04-03 22:47:49.724 70316 INFO tempest.lib.common.dynamic_creds [-] Deleting project and security group for project: 5cc31c764f624649a547f431cc78f487
2025-04-03 22:47:49.800 70316 INFO tempest.lib.common.rest_client [req-e55dc3c8-9d77-45d2-b2e1-7b6c1d3f9f29 req-e55dc3c8-9d77-45d2-b2e1-7b6c1d3f9f29 ] Request (AbsoluteLimitsTestJSON:tearDownClass): 201 POST http://10.180.1.21/identity/v3/auth/tokens 0.076s
2025-04-03 22:47:49.968 70318 INFO tempest.lib.common.rest_client [req-6f0bcd6e-c5b1-4831-9783-f65d5f59fde4 req-6f0bcd6e-c5b1-4831-9783-f65d5f59fde4 ] Request (MultipleCreateTestJSON:test_multiple_create_with_reservation_return): 202 POST http://10.180.1.21/compute/v2.1/servers 1.156s
2025-04-03 22:47:50.018 70293 INFO tempest.lib.common.rest_client [req-ad57d03d-d326-4a62-98c2-730015196200 req-ad57d03d-d326-4a62-98c2-730015196200 ] Request (SecurityGroupRulesTestJSON:test_security_group_rules_delete_when_peer_group_deleted): 200 POST http://10.180.1.21/compute/v2.1/os-security-groups 0.993s
2025-04-03 22:47:50.041 70302 INFO tempest.lib.common.rest_client [req-b80a87b4-7eef-45fd-a0ac-558fe9f74c4d req-b80a87b4-7eef-45fd-a0ac-558fe9f74c4d ] Request (HypervisorAdminNegativeUnderV252Test:test_show_servers_with_non_admin_user): 200 GET http://10.180.1.21/compute/v2.1/os-hypervisors 0.875s
2025-04-03 22:47:50.046 70273 INFO tempest.lib.common.rest_client [req-2c70016a-e29b-4e24-b151-4cf1cee376f5 req-2c70016a-e29b-4e24-b151-4cf1cee376f5 ] Request (ServerDiagnosticsNegativeTest:tearDownClass): 200 GET http://10.180.1.21/compute/v2.1/servers/73dd564b-5d45-4406-a4f4-072084f194ad 0.918s
2025-04-03 22:47:50.078 70316 INFO tempest.lib.common.rest_client [req-c889bfac-ce70-4330-88e8-baaa3f5cd7d4 req-c889bfac-ce70-4330-88e8-baaa3f5cd7d4 ] Request (AbsoluteLimitsTestJSON:tearDownClass): 200 GET http://10.180.1.21:9696/networking/v2.0/security-groups?tenant_id=5cc31c764f624649a547f431cc78f487&name=default 0.277s
2025-04-03 22:47:50.106 70296 INFO tempest.lib.common.rest_client [req-e971c988-4535-4d58-8372-fd5579884014 req-e971c988-4535-4d58-8372-fd5579884014 ] Request (ServersNegativeTestJSON:setUpClass): 200 GET http://10.180.1.21/compute/v2.1/servers/38194bdc-f13e-4d0a-bb3a-9b9a3d8ecfd5 0.896s
2025-04-03 22:47:50.161 70300 INFO tempest.lib.common.rest_client [req-b71eef10-702b-42aa-bf3f-6c2505b86c1e req-b71eef10-702b-42aa-bf3f-6c2505b86c1e ] Request (ServerDiagnosticsTest:test_get_server_diagnostics): 200 GET http://10.180.1.21/compute/v2.1/servers/821e3737-9932-439c-8031-29a6e4eb5462 0.923s
2025-04-03 22:47:50.165 70310 INFO tempest.lib.common.rest_client [req-573b8d72-ae9c-4100-b55f-381c71ae62fe req-573b8d72-ae9c-4100-b55f-381c71ae62fe ] Request (ServerActionsV293TestJSON:setUpClass): 200 GET http://10.180.1.21/volume/v3/volumes/fd924afa-9065-4d35-9957-0bb15a92dab5 0.038s
