2025-04-03 22:48:24.597 70271 INFO tempest.lib.common.rest_client [req-92a6226c-adc9-4126-8397-e78254f63cc2 req-92a6226c-adc9-4126-8397-e78254f63cc2 ] Request (ServerActionsTestJSON:setUpClass): 200 GET http://10.180.1.21/compute/v2.1/servers/a87074ec-1813-448c-be2b-e50be5324256 0.142s
2025-04-03 22:48:24.638 70287 INFO tempest.lib.common.rest_client [req-c3c920da-7b91-4bfa-b3bf-6f7192f7e6fd req-c3c920da-7b91-4bfa-b3bf-6f7192f7e6fd ] Request (ListServersNegativeTestJSON:setUpClass): 200 GET http://10.180.1.21/compute/v2.1/servers/a65e82f5-6c9d-4a41-aaae-b85e362f527e 0.210s
2025-04-03 22:48:24.648 70287 INFO tempest.common.waiters [-] State transition "BUILD/networking" ==> "BUILD/block_device_mapping" after 42 second wait
2025-04-03 22:48:24.710 70273 INFO tempest.lib.common.rest_client [req-a3cc1ad1-81b0-4185-afa9-938f0e2c4db2 req-a3cc1ad1-81b0-4185-afa9-938f0e2c4db2 ] Request (ServersAdminNegativeTestJSON:setUpClass): 200 GET http://10.180.1.21/compute/v2.1/servers/f523f6f3-7371-4ac7-a6e8-d02ea76d1999 0.217s
2025-04-03 22:48:24.779 70300 INFO tempest.lib.common.rest_client [req-20dce0f2-59db-45f3-819c-4292e74a39d1 req-20dce0f2-59db-45f3-819c-4292e74a39d1 ] Request (ServerDiagnosticsTest:tearDownClass): 200 GET http://10.180.1.21/compute/v2.1/servers/821e3737-9932-439c-8031-29a6e4eb5462 0.223s
2025-04-03 22:48:24.836 70285 INFO tempest.lib.common.rest_client [req-1aaab1ff-5aea-4869-9e08-1adb967d6145 req-1aaab1ff-5aea-4869-9e08-1adb967d6145 ] Request (TenantUsagesTestJSON:setUpClass): 200 GET http://10.180.1.21/compute/v2.1/servers/de55432c-0427-421a-bac7-cd2fc34c9749 0.272s
2025-04-03 22:48:24.893 70275 INFO tempest.lib.common.rest_client [req-8f44133f-e914-42c7-8af7-1b39dc6383d4 req-8f44133f-e914-42c7-8af7-1b39dc6383d4 ] Request (DeleteServersTestJSON:test_delete_active_server): 200 GET http://10.180.1.21/compute/v2.1/servers/0d598d7c-fcb0-40fd-aeb3-e2db6c72cdb4 0.271s
2025-04-03 22:48:24.953 70298 INFO tempest.lib.common.rest_client [req-50043756-98a8-4ed1-b662-2e3ac7a540d5 req-50043756-98a8-4ed1-b662-2e3ac7a540d5 ] Request (ServersAdminTestJSON:test_create_server_with_scheduling_hint): 200 GET http://10.180.1.21/compute/v2.1/servers/9dbd6bcd-466e-473b-ba23-edf62703e440 0.286s
2025-04-03 22:48:24.986 70320 WARNING tempest.lib.common.ssh [-] Failed to establish authenticated ssh connection to cirros@10.180.180.144 ([Errno None] Unable to connect to port 22 on 10.180.180.144). Number attempts: 1. Retry after 2 seconds.: paramiko.ssh_exception.NoValidConnectionsError: [Errno None] Unable to connect to port 22 on 10.180.180.144
2025-04-03 22:48:25.020 70263 INFO tempest.lib.common.rest_client [req-355f5c84-fa97-40c2-879b-13353a659587 req-355f5c84-fa97-40c2-879b-13353a659587 ] Request (ServersAdmin275Test:test_rebuild_update_server_275): 200 GET http://10.180.1.21/compute/v2.1/servers/28bfa503-373a-4cd3-b667-2cb6c427fb17 0.235s
2025-04-03 22:48:25.066 70294 INFO tempest.lib.common.rest_client [req-cec0fff6-0cd4-4faa-93c7-02e41dbd5e96 req-cec0fff6-0cd4-4faa-93c7-02e41dbd5e96 ] Request (ServerRescueTestJSONUnderV235:setUpClass): 202 POST http://10.180.1.21/compute/v2.1/servers 0.605s
2025-04-03 22:48:25.072 70293 INFO tempest.lib.common.rest_client [req-4b630ff5-1321-439e-a0ec-fb484afc0711 req-4b630ff5-1321-439e-a0ec-fb484afc0711 ] Request (ListServerFiltersTestJSON:setUpClass): 200 GET http://10.180.1.21/compute/v2.1/servers/9e05781d-d39b-40cc-bcf1-53da09ae55ee 0.271s
2025-04-03 22:48:25.114 70257 INFO tempest.lib.common.rest_client [req-a55608b4-4e83-4921-a13a-579ea9e6f8dc req-a55608b4-4e83-4921-a13a-579ea9e6f8dc ] Request (ImagesOneServerTestJSON:test_create_image_specify_multibyte_character_image_name): 200 GET http://10.180.1.21/compute/v2.1/images/2e8090fe-e45f-4866-b48c-d197e3872807 0.232s
2025-04-03 22:48:25.129 70267 INFO tempest.lib.common.rest_client [req-44bf3daf-329e-4b15-a224-8f9d6c28dbc9 req-44bf3daf-329e-4b15-a224-8f9d6c28dbc9 ] Request (ImagesTestJSON:test_create_image_from_stopped_server): 200 GET http://10.180.1.21/compute/v2.1/servers/f684ba22-e1f9-4ac7-a0f1-f06dd384812b 0.259s
2025-04-03 22:48:25.173 70283 INFO tempest.lib.common.rest_client [req-168f24eb-a5c4-4da5-b488-3bc1b9ae34eb req-168f24eb-a5c4-4da5-b488-3bc1b9ae34eb ] Request (SecurityGroupsTestJSON:test_list_security_groups_by_server): 200 GET http://10.180.1.21/compute/v2.1/servers/a3c91cbb-66ac-439e-8d6c-476c39c9d6d9 0.213s
2025-04-03 22:48:25.192 70316 INFO tempest.lib.common.rest_client [req-5abfdf06-fa1b-481b-8283-5188e6690dcb req-5abfdf06-fa1b-481b-8283-5188e6690dcb ] Request (ServerShowV257Test:test_rebuild_server): 200 GET http://10.180.1.21/compute/v2.1/servers/d7fa2236-1a8a-4a1a-9e0a-edeb7e9db5fa 0.122s
2025-04-03 22:48:25.215 70294 INFO tempest.lib.common.rest_client [req-1f384b13-b3af-4a7a-88e3-fc2e5d49a3eb req-1f384b13-b3af-4a7a-88e3-fc2e5d49a3eb ] Request (ServerRescueTestJSONUnderV235:setUpClass): 200 GET http://10.180.1.21/compute/v2.1/servers/bca042c1-7934-47f5-8903-c7b8775d329d 0.145s
2025-04-03 22:48:25.284 70310 INFO tempest.lib.common.rest_client [req-1f836f3b-f09a-45b9-90fa-13d5deaca28b req-1f836f3b-f09a-45b9-90fa-13d5deaca28b ] Request (ServerActionsV293TestJSON:setUpClass): 200 GET http://10.180.1.21/compute/v2.1/servers/f0ff0742-fed9-4f65-a6e0-c0e51987df7c 0.075s
2025-04-03 22:48:25.294 70304 INFO tempest.lib.common.rest_client [req-4e9805b7-ba13-4d9b-ab19-125f5f718b68 req-4e9805b7-ba13-4d9b-ab19-125f5f718b68 ] Request (MigrationsAdminTest:test_list_migrations_in_flavor_resize_situation): 200 GET http://10.180.1.21/compute/v2.1/servers/57099f0b-431e-418d-87f4-dc00199920e2 0.152s
2025-04-03 22:48:25.395 70269 INFO tempest.lib.common.rest_client [req-763f7551-fd1a-44c6-9343-fe0db5863ff6 req-763f7551-fd1a-44c6-9343-fe0db5863ff6 ] Request (ServerDiagnosticsV248Test:tearDownClass): 200 GET http://10.180.1.21/compute/v2.1/servers/3a19b6bd-973a-4e74-a3f3-e188a4848444 0.065s
2025-04-03 22:48:25.448 70318 INFO tempest.lib.common.rest_client [req-3657951b-0797-4a1f-bafd-e3bf3c1c94de req-3657951b-0797-4a1f-bafd-e3bf3c1c94de ] Request (MultipleCreateTestJSON:test_multiple_create_with_reservation_return): 200 GET http://10.180.1.21/compute/v2.1/servers/34eb9dfc-e46f-4d0c-b34f-a8860772cf11 0.051s
2025-04-03 22:48:25.455 70318 INFO tempest.common.waiters [-] State transition "BUILD/scheduling" ==> "BUILD/None" after 34 second wait
2025-04-03 22:48:25.509 70261 INFO tempest.lib.common.rest_client [req-00983dac-0207-4679-ac30-a8c0cae0d068 req-00983dac-0207-4679-ac30-a8c0cae0d068 ] Request (FloatingIPsAssociationNegativeTestJSON:setUpClass): 200 GET http://10.180.1.21/compute/v2.1/servers/0acc5a3d-2d04-4126-898d-f0b832025714 0.052s
2025-04-03 22:48:25.563 70296 INFO tempest.lib.common.rest_client [req-39b39775-179e-4ca2-b013-ad4163393afd req-39b39775-179e-4ca2-b013-ad4163393afd ] Request (ServersNegativeTestJSON:setUpClass): 200 GET http://10.180.1.21/compute/v2.1/servers/38194bdc-f13e-4d0a-bb3a-9b9a3d8ecfd5 0.101s
2025-04-03 22:48:25.644 70289 INFO tempest.lib.common.rest_client [req-360bcde8-f8d3-41f8-8c02-566c49a99044 req-360bcde8-f8d3-41f8-8c02-566c49a99044 ] Request (DeleteServersAdminTestJSON:test_delete_server_while_in_error_state): 200 GET http://10.180.1.21/compute/v2.1/servers/65557afd-6dc1-4a05-b41f-f64895225a44 0.134s
2025-04-03 22:48:25.714 70279 INFO tempest.lib.common.rest_client [req-6d39363d-1267-4bde-94fc-0525f3a05388 req-6d39363d-1267-4bde-94fc-0525f3a05388 ] Request (ImagesNegativeTestJSON:test_create_image_from_deleted_server): 200 GET http://10.180.1.21/compute/v2.1/servers/b3a9ebe6-7b48-48e1-b46f-2fc2c6df9b4c 0.180s
2025-04-03 22:48:25.750 70312 INFO tempest.lib.common.rest_client [req-cf39c1dd-e564-42b7-8f19-3297852f74f5 req-cf39c1dd-e564-42b7-8f19-3297852f74f5 ] Request (FloatingIPsAssociationTestJSON:test_associate_already_associated_floating_ip): 200 GET http://10.180.1.21/compute/v2.1/servers/c703a9fa-029e-4030-b8fd-8076b1bd713c 0.345s
2025-04-03 22:48:25.791 70271 INFO tempest.lib.common.rest_client [req-7735da81-d04a-4e10-ab7b-5d4ac19dad4c req-7735da81-d04a-4e10-ab7b-5d4ac19dad4c ] Request (ServerActionsTestJSON:setUpClass): 200 GET http://10.180.1.21/compute/v2.1/servers/a87074ec-1813-448c-be2b-e50be5324256 0.184s
2025-04-03 22:48:25.853 70273 INFO tempest.lib.common.rest_client [req-e4c602ef-4064-4d68-a924-410c42037533 req-e4c602ef-4064-4d68-a924-410c42037533 ] Request (ServersAdminNegativeTestJSON:setUpClass): 200 GET http://10.180.1.21/compute/v2.1/servers/f523f6f3-7371-4ac7-a6e8-d02ea76d1999 0.135s
2025-04-03 22:48:25.864 70287 INFO tempest.lib.common.rest_client [req-744a662b-28ba-4638-82d6-e807ba52b405 req-744a662b-28ba-4638-82d6-e807ba52b405 ] Request (ListServersNegativeTestJSON:setUpClass): 200 GET http://10.180.1.21/compute/v2.1/servers/a65e82f5-6c9d-4a41-aaae-b85e362f527e 0.214s
2025-04-03 22:48:25.873 70287 INFO tempest.common.waiters [-] State transition "BUILD/block_device_mapping" ==> "BUILD/spawning" after 43 second wait
2025-04-03 22:48:25.917 70300 INFO tempest.lib.common.rest_client [req-bf4b1460-9fa6-468c-83a5-94fcc9ea230a req-bf4b1460-9fa6-468c-83a5-94fcc9ea230a ] Request (ServerDiagnosticsTest:tearDownClass): 200 GET http://10.180.1.21/compute/v2.1/servers/821e3737-9932-439c-8031-29a6e4eb5462 0.130s
2025-04-03 22:48:25.919 70285 INFO tempest.lib.common.rest_client [req-49a2b903-4a98-4810-aae6-08dd0ac0bf84 req-49a2b903-4a98-4810-aae6-08dd0ac0bf84 ] Request (TenantUsagesTestJSON:setUpClass): 200 GET http://10.180.1.21/compute/v2.1/servers/de55432c-0427-421a-bac7-cd2fc34c9749 0.074s
2025-04-03 22:48:25.972 70275 INFO tempest.lib.common.rest_client [req-ef04570d-59e0-48b1-a2b4-9fdac685da26 req-ef04570d-59e0-48b1-a2b4-9fdac685da26 ] Request (DeleteServersTestJSON:test_delete_active_server): 200 GET http://10.180.1.21/compute/v2.1/servers/0d598d7c-fcb0-40fd-aeb3-e2db6c72cdb4 0.069s
2025-04-03 22:48:26.036 70298 INFO tempest.lib.common.rest_client [req-b442ac41-eb4f-4a80-8a1e-99f9ffe9f399 req-b442ac41-eb4f-4a80-8a1e-99f9ffe9f399 ] Request (ServersAdminTestJSON:test_create_server_with_scheduling_hint): 200 GET http://10.180.1.21/compute/v2.1/servers/9dbd6bcd-466e-473b-ba23-edf62703e440 0.073s
2025-04-03 22:48:26.121 70263 INFO tempest.lib.common.rest_client [req-5c0c949c-9060-42cb-809f-29a233be1965 req-5c0c949c-9060-42cb-809f-29a233be1965 ] Request (ServersAdmin275Test:test_rebuild_update_server_275): 200 GET http://10.180.1.21/compute/v2.1/servers/28bfa503-373a-4cd3-b667-2cb6c427fb17 0.091s
2025-04-03 22:48:26.143 70263 INFO tempest.common.waiters [-] State transition "REBUILD/rebuild_spawning" ==> "ACTIVE/None" after 10 second wait
2025-04-03 22:48:26.157 70293 INFO tempest.lib.common.rest_client [req-1896676a-8c23-4fbc-80a6-456e20e25f76 req-1896676a-8c23-4fbc-80a6-456e20e25f76 ] Request (ListServerFiltersTestJSON:setUpClass): 200 GET http://10.180.1.21/compute/v2.1/servers/9e05781d-d39b-40cc-bcf1-53da09ae55ee 0.070s
2025-04-03 22:48:26.166 70257 INFO tempest.lib.common.rest_client [req-ff9db0b8-7116-49ef-ba0f-5e9bb9bc5b19 req-ff9db0b8-7116-49ef-ba0f-5e9bb9bc5b19 ] Request (ImagesOneServerTestJSON:test_create_image_specify_multibyte_character_image_name): 200 GET http://10.180.1.21/compute/v2.1/images/2e8090fe-e45f-4866-b48c-d197e3872807 0.047s
2025-04-03 22:48:26.220 70267 INFO tempest.lib.common.rest_client [req-41d1426b-06fc-4034-9f64-a0762460e7fe req-41d1426b-06fc-4034-9f64-a0762460e7fe ] Request (ImagesTestJSON:test_create_image_from_stopped_server): 200 GET http://10.180.1.21/compute/v2.1/servers/f684ba22-e1f9-4ac7-a0f1-f06dd384812b 0.080s
2025-04-03 22:48:26.281 70283 INFO tempest.lib.common.rest_client [req-3b5c5579-63d7-4673-8893-45f5e47296ec req-3b5c5579-63d7-4673-8893-45f5e47296ec ] Request (SecurityGroupsTestJSON:test_list_security_groups_by_server): 200 GET http://10.180.1.21/compute/v2.1/servers/a3c91cbb-66ac-439e-8d6c-476c39c9d6d9 0.099s
2025-04-03 22:48:26.344 70316 INFO tempest.lib.common.rest_client [req-b81a4234-9815-4fe0-8644-4e47b7f49c72 req-b81a4234-9815-4fe0-8644-4e47b7f49c72 ] Request (ServerShowV257Test:test_rebuild_server): 200 GET http://10.180.1.21/compute/v2.1/servers/d7fa2236-1a8a-4a1a-9e0a-edeb7e9db5fa 0.137s
2025-04-03 22:48:26.404 70294 INFO tempest.lib.common.rest_client [req-09f8db63-e4e8-4df4-8439-e59edd41d3ac req-09f8db63-e4e8-4df4-8439-e59edd41d3ac ] Request (ServerRescueTestJSONUnderV235:setUpClass): 200 GET http://10.180.1.21/compute/v2.1/servers/bca042c1-7934-47f5-8903-c7b8775d329d 0.180s
2025-04-03 22:48:26.482 70310 INFO tempest.lib.common.rest_client [req-841e0e24-af9d-433f-b262-424acfa03211 req-841e0e24-af9d-433f-b262-424acfa03211 ] Request (ServerActionsV293TestJSON:setUpClass): 200 GET http://10.180.1.21/compute/v2.1/servers/f0ff0742-fed9-4f65-a6e0-c0e51987df7c 0.188s
2025-04-03 22:48:26.592 70263 INFO tempest.lib.common.rest_client [req-f2ae402b-d293-419d-8cfa-cc32f8b68ce0 req-f2ae402b-d293-419d-8cfa-cc32f8b68ce0 ] Request (ServersAdmin275Test:test_rebuild_update_server_275): 202 POST http://10.180.1.21/compute/v2.1/servers/28bfa503-373a-4cd3-b667-2cb6c427fb17/action 0.448s
2025-04-03 22:48:26.601 70304 INFO tempest.lib.common.rest_client [req-7fcb0031-fb8c-46e7-b57a-2e0766579db0 req-7fcb0031-fb8c-46e7-b57a-2e0766579db0 ] Request (MigrationsAdminTest:test_list_migrations_in_flavor_resize_situation): 200 GET http://10.180.1.21/compute/v2.1/servers/57099f0b-431e-418d-87f4-dc00199920e2 0.298s
2025-04-03 22:48:26.656 70269 INFO tempest.lib.common.rest_client [req-0a172303-0a70-4827-b37b-a7a579266abe req-0a172303-0a70-4827-b37b-a7a579266abe ] Request (ServerDiagnosticsV248Test:tearDownClass): 200 GET http://10.180.1.21/compute/v2.1/servers/3a19b6bd-973a-4e74-a3f3-e188a4848444 0.251s
2025-04-03 22:48:26.658 70318 INFO tempest.lib.common.rest_client [req-8cf9071c-27e7-4cb0-a970-b4cbb9fad7b1 req-8cf9071c-27e7-4cb0-a970-b4cbb9fad7b1 ] Request (MultipleCreateTestJSON:test_multiple_create_with_reservation_return): 200 GET http://10.180.1.21/compute/v2.1/servers/34eb9dfc-e46f-4d0c-b34f-a8860772cf11 0.202s
2025-04-03 22:48:26.711 70261 INFO tempest.lib.common.rest_client [req-e38ba956-522c-4bf1-90fb-5d0a1cff5979 req-e38ba956-522c-4bf1-90fb-5d0a1cff5979 ] Request (FloatingIPsAssociationNegativeTestJSON:setUpClass): 200 GET http://10.180.1.21/compute/v2.1/servers/0acc5a3d-2d04-4126-898d-f0b832025714 0.194s
2025-04-03 22:48:26.722 70296 INFO tempest.lib.common.rest_client [req-7d62a465-93e5-49c4-9ed6-465f076e4aa3 req-7d62a465-93e5-49c4-9ed6-465f076e4aa3 ] Request (ServersNegativeTestJSON:setUpClass): 200 GET http://10.180.1.21/compute/v2.1/servers/38194bdc-f13e-4d0a-bb3a-9b9a3d8ecfd5 0.146s
2025-04-03 22:48:26.792 70289 INFO tempest.lib.common.rest_client [req-7032218f-8a56-42e1-8c73-bc0c06afe338 req-7032218f-8a56-42e1-8c73-bc0c06afe338 ] Request (DeleteServersAdminTestJSON:test_delete_server_while_in_error_state): 200 GET http://10.180.1.21/compute/v2.1/servers/65557afd-6dc1-4a05-b41f-f64895225a44 0.138s
2025-04-03 22:48:26.805 70263 INFO tempest.lib.common.rest_client [req-7e02ec7a-edab-4011-9ab5-1bb3f4221a1a req-7e02ec7a-edab-4011-9ab5-1bb3f4221a1a ] Request (ServersAdmin275Test:_run_cleanups): 200 GET http://10.180.1.21/compute/v2.1/servers/28bfa503-373a-4cd3-b667-2cb6c427fb17 0.200s
2025-04-03 22:48:26.859 70279 INFO tempest.lib.common.rest_client [req-103f60a5-de1d-4fda-9f7d-a626cfbc87d6 req-103f60a5-de1d-4fda-9f7d-a626cfbc87d6 ] Request (ImagesNegativeTestJSON:test_create_image_from_deleted_server): 200 GET http://10.180.1.21/compute/v2.1/servers/b3a9ebe6-7b48-48e1-b46f-2fc2c6df9b4c 0.133s
2025-04-03 22:48:26.906 70312 INFO tempest.lib.common.rest_client [req-1098589e-d8db-4055-9b7b-e306a617db29 req-1098589e-d8db-4055-9b7b-e306a617db29 ] Request (FloatingIPsAssociationTestJSON:test_associate_already_associated_floating_ip): 200 GET http://10.180.1.21/compute/v2.1/servers/c703a9fa-029e-4030-b8fd-8076b1bd713c 0.148s
2025-04-03 22:48:26.913 70271 INFO tempest.lib.common.rest_client [req-50431776-dd64-4ede-a71b-851a68911061 req-50431776-dd64-4ede-a71b-851a68911061 ] Request (ServerActionsTestJSON:setUpClass): 200 GET http://10.180.1.21/compute/v2.1/servers/a87074ec-1813-448c-be2b-e50be5324256 0.106s
2025-04-03 22:48:26.978 70273 INFO tempest.lib.common.rest_client [req-e0ae9a12-b09f-4309-a4a1-a087b8f2ec81 req-e0ae9a12-b09f-4309-a4a1-a087b8f2ec81 ] Request (ServersAdminNegativeTestJSON:setUpClass): 200 GET http://10.180.1.21/compute/v2.1/servers/f523f6f3-7371-4ac7-a6e8-d02ea76d1999 0.116s
2025-04-03 22:48:27.013 70287 INFO tempest.lib.common.rest_client [req-39b8732d-7122-4389-8142-28439218e738 req-39b8732d-7122-4389-8142-28439218e738 ] Request (ListServersNegativeTestJSON:setUpClass): 200 GET http://10.180.1.21/compute/v2.1/servers/a65e82f5-6c9d-4a41-aaae-b85e362f527e 0.139s
2025-04-03 22:48:27.032 70285 INFO tempest.lib.common.rest_client [req-64bacc5a-295d-4175-be25-b82e389c5a9b req-64bacc5a-295d-4175-be25-b82e389c5a9b ] Request (TenantUsagesTestJSON:setUpClass): 200 GET http://10.180.1.21/compute/v2.1/servers/de55432c-0427-421a-bac7-cd2fc34c9749 0.105s
2025-04-03 22:48:27.074 70300 INFO tempest.lib.common.rest_client [req-1188698d-72bc-4699-8f1a-f33dd1831e2a req-1188698d-72bc-4699-8f1a-f33dd1831e2a ] Request (ServerDiagnosticsTest:tearDownClass): 200 GET http://10.180.1.21/compute/v2.1/servers/821e3737-9932-439c-8031-29a6e4eb5462 0.146s
2025-04-03 22:48:27.101 70275 INFO tempest.lib.common.rest_client [req-082465cb-5e50-483f-a308-6e35a690871c req-082465cb-5e50-483f-a308-6e35a690871c ] Request (DeleteServersTestJSON:test_delete_active_server): 200 GET http://10.180.1.21/compute/v2.1/servers/0d598d7c-fcb0-40fd-aeb3-e2db6c72cdb4 0.115s
2025-04-03 22:48:27.134 70298 INFO tempest.lib.common.rest_client [req-7e320901-da92-4059-99c5-f1099d14d356 req-7e320901-da92-4059-99c5-f1099d14d356 ] Request (ServersAdminTestJSON:test_create_server_with_scheduling_hint): 200 GET http://10.180.1.21/compute/v2.1/servers/9dbd6bcd-466e-473b-ba23-edf62703e440 0.089s
2025-04-03 22:48:27.210 70257 INFO tempest.lib.common.rest_client [req-fbcf2cab-af52-4d57-b133-96ba46e58745 req-fbcf2cab-af52-4d57-b133-96ba46e58745 ] Request (ImagesOneServerTestJSON:test_create_image_specify_multibyte_character_image_name): 200 GET http://10.180.1.21/compute/v2.1/images/2e8090fe-e45f-4866-b48c-d197e3872807 0.038s
2025-04-03 22:48:27.221 70293 INFO tempest.lib.common.rest_client [req-bbf42e5e-7eec-44e2-b710-ed1e1091c4a2 req-bbf42e5e-7eec-44e2-b710-ed1e1091c4a2 ] Request (ListServerFiltersTestJSON:setUpClass): 200 GET http://10.180.1.21/compute/v2.1/servers/9e05781d-d39b-40cc-bcf1-53da09ae55ee 0.056s
2025-04-03 22:48:27.290 70314 WARNING tempest.lib.common.ssh [-] Failed to establish authenticated ssh connection to cirros@10.180.180.215 ([Errno None] Unable to connect to port 22 on 10.180.180.215). Number attempts: 4. Retry after 5 seconds.: paramiko.ssh_exception.NoValidConnectionsError: [Errno None] Unable to connect to port 22 on 10.180.180.215
2025-04-03 22:48:27.290 70267 INFO tempest.lib.common.rest_client [req-38c59b3a-3eb1-4e1f-ad33-94e9d1a6a201 req-38c59b3a-3eb1-4e1f-ad33-94e9d1a6a201 ] Request (ImagesTestJSON:test_create_image_from_stopped_server): 200 GET http://10.180.1.21/compute/v2.1/servers/f684ba22-e1f9-4ac7-a0f1-f06dd384812b 0.057s
2025-04-03 22:48:27.352 70283 INFO tempest.lib.common.rest_client [req-1d9865e5-d0a3-41ac-abd3-b10ec4a3345d req-1d9865e5-d0a3-41ac-abd3-b10ec4a3345d ] Request (SecurityGroupsTestJSON:test_list_security_groups_by_server): 200 GET http://10.180.1.21/compute/v2.1/servers/a3c91cbb-66ac-439e-8d6c-476c39c9d6d9 0.063s
2025-04-03 22:48:27.412 70316 INFO tempest.lib.common.rest_client [req-0bc35cbc-13ed-4e25-b770-c0edc6bda128 req-0bc35cbc-13ed-4e25-b770-c0edc6bda128 ] Request (ServerShowV257Test:test_rebuild_server): 200 GET http://10.180.1.21/compute/v2.1/servers/d7fa2236-1a8a-4a1a-9e0a-edeb7e9db5fa 0.056s
2025-04-03 22:48:27.464 70294 INFO tempest.lib.common.rest_client [req-00ff271d-bee5-4b93-a430-a67e9140d7ae req-00ff271d-bee5-4b93-a430-a67e9140d7ae ] Request (ServerRescueTestJSONUnderV235:setUpClass): 200 GET http://10.180.1.21/compute/v2.1/servers/bca042c1-7934-47f5-8903-c7b8775d329d 0.051s
2025-04-03 22:48:27.556 70310 INFO tempest.lib.common.rest_client [req-d7a3c79c-358e-439b-af5b-314501d464ad req-d7a3c79c-358e-439b-af5b-314501d464ad ] Request (ServerActionsV293TestJSON:setUpClass): 200 GET http://10.180.1.21/compute/v2.1/servers/f0ff0742-fed9-4f65-a6e0-c0e51987df7c 0.056s
2025-04-03 22:48:27.737 70304 INFO tempest.lib.common.rest_client [req-d8fd5e01-23e6-4dfb-95a2-7f2871a05526 req-d8fd5e01-23e6-4dfb-95a2-7f2871a05526 ] Request (MigrationsAdminTest:test_list_migrations_in_flavor_resize_situation): 200 GET http://10.180.1.21/compute/v2.1/servers/57099f0b-431e-418d-87f4-dc00199920e2 0.124s
2025-04-03 22:48:27.768 70269 INFO tempest.lib.common.rest_client [req-2e020b4e-1165-4435-9bef-549e792a9de6 req-2e020b4e-1165-4435-9bef-549e792a9de6 ] Request (ServerDiagnosticsV248Test:tearDownClass): 200 GET http://10.180.1.21/compute/v2.1/servers/3a19b6bd-973a-4e74-a3f3-e188a4848444 0.102s
2025-04-03 22:48:27.796 70318 INFO tempest.lib.common.rest_client [req-3ef6c149-6345-43b8-b674-a5675014ea08 req-3ef6c149-6345-43b8-b674-a5675014ea08 ] Request (MultipleCreateTestJSON:test_multiple_create_with_reservation_return): 200 GET http://10.180.1.21/compute/v2.1/servers/34eb9dfc-e46f-4d0c-b34f-a8860772cf11 0.129s
2025-04-03 22:48:27.836 70261 INFO tempest.lib.common.rest_client [req-c49db6ba-0f0c-473d-8719-ae0377ed5ef7 req-c49db6ba-0f0c-473d-8719-ae0377ed5ef7 ] Request (FloatingIPsAssociationNegativeTestJSON:setUpClass): 200 GET http://10.180.1.21/compute/v2.1/servers/0acc5a3d-2d04-4126-898d-f0b832025714 0.117s
2025-04-03 22:48:27.855 70296 INFO tempest.lib.common.rest_client [req-0ae8f0c7-64ca-4163-931a-ece643c008a5 req-0ae8f0c7-64ca-4163-931a-ece643c008a5 ] Request (ServersNegativeTestJSON:setUpClass): 200 GET http://10.180.1.21/compute/v2.1/servers/38194bdc-f13e-4d0a-bb3a-9b9a3d8ecfd5 0.120s
2025-04-03 22:48:27.922 70289 INFO tempest.lib.common.rest_client [req-7d305225-5e4c-4437-9d08-b153c3f81e2c req-7d305225-5e4c-4437-9d08-b153c3f81e2c ] Request (DeleteServersAdminTestJSON:test_delete_server_while_in_error_state): 200 GET http://10.180.1.21/compute/v2.1/servers/65557afd-6dc1-4a05-b41f-f64895225a44 0.121s
2025-04-03 22:48:27.960 70263 INFO tempest.lib.common.rest_client [req-7725378f-5145-4a89-ba64-8f77e570a7b4 req-7725378f-5145-4a89-ba64-8f77e570a7b4 ] Request (ServersAdmin275Test:_run_cleanups): 200 GET http://10.180.1.21/compute/v2.1/servers/28bfa503-373a-4cd3-b667-2cb6c427fb17 0.143s
2025-04-03 22:48:28.020 70279 INFO tempest.lib.common.rest_client [req-cab639a4-76fa-457b-b961-2f8b2ab3006c req-cab639a4-76fa-457b-b961-2f8b2ab3006c ] Request (ImagesNegativeTestJSON:test_create_image_from_deleted_server): 200 GET http://10.180.1.21/compute/v2.1/servers/b3a9ebe6-7b48-48e1-b46f-2fc2c6df9b4c 0.149s
2025-04-03 22:48:28.057 70320 WARNING tempest.lib.common.ssh [-] Failed to establish authenticated ssh connection to cirros@10.180.180.144 ([Errno None] Unable to connect to port 22 on 10.180.180.144). Number attempts: 2. Retry after 3 seconds.: paramiko.ssh_exception.NoValidConnectionsError: [Errno None] Unable to connect to port 22 on 10.180.180.144
2025-04-03 22:48:28.076 70312 INFO tempest.lib.common.rest_client [req-be767bb2-abb8-47fa-afae-d9f2202400e1 req-be767bb2-abb8-47fa-afae-d9f2202400e1 ] Request (FloatingIPsAssociationTestJSON:test_associate_already_associated_floating_ip): 200 GET http://10.180.1.21/compute/v2.1/servers/c703a9fa-029e-4030-b8fd-8076b1bd713c 0.161s
2025-04-03 22:48:28.083 70312 INFO tempest.common.waiters [-] State transition "BUILD/spawning" ==> "ACTIVE/None" after 48 second wait
2025-04-03 22:48:28.090 70271 INFO tempest.lib.common.rest_client [req-7df21d81-7f3c-43be-8c00-c8e53bef25ac req-7df21d81-7f3c-43be-8c00-c8e53bef25ac ] Request (ServerActionsTestJSON:setUpClass): 200 GET http://10.180.1.21/compute/v2.1/servers/a87074ec-1813-448c-be2b-e50be5324256 0.157s
2025-04-03 22:48:28.146 70273 INFO tempest.lib.common.rest_client [req-e1eccff2-feeb-4ebc-af8f-21c60752f772 req-e1eccff2-feeb-4ebc-af8f-21c60752f772 ] Request (ServersAdminNegativeTestJSON:setUpClass): 200 GET http://10.180.1.21/compute/v2.1/servers/f523f6f3-7371-4ac7-a6e8-d02ea76d1999 0.156s
2025-04-03 22:48:28.193 70285 INFO tempest.lib.common.rest_client [req-64155be7-e288-4149-8ce8-18e509108867 req-64155be7-e288-4149-8ce8-18e509108867 ] Request (TenantUsagesTestJSON:setUpClass): 200 GET http://10.180.1.21/compute/v2.1/servers/de55432c-0427-421a-bac7-cd2fc34c9749 0.152s
2025-04-03 22:48:28.250 70287 INFO tempest.lib.common.rest_client [req-c56f5eaf-57b6-49ca-aa66-202930ded5c3 req-c56f5eaf-57b6-49ca-aa66-202930ded5c3 ] Request (ListServersNegativeTestJSON:setUpClass): 200 GET http://10.180.1.21/compute/v2.1/servers/a65e82f5-6c9d-4a41-aaae-b85e362f527e 0.229s
2025-04-03 22:48:28.309 70300 INFO tempest.lib.common.rest_client [req-2506b296-ec45-45eb-a18b-648fcd4c34da req-2506b296-ec45-45eb-a18b-648fcd4c34da ] Request (ServerDiagnosticsTest:tearDownClass): 200 GET http://10.180.1.21/compute/v2.1/servers/821e3737-9932-439c-8031-29a6e4eb5462 0.215s
2025-04-03 22:48:28.368 70275 INFO tempest.lib.common.rest_client [req-34ca9e4e-afe9-4d6e-aa5f-36eb46a59664 req-34ca9e4e-afe9-4d6e-aa5f-36eb46a59664 ] Request (DeleteServersTestJSON:test_delete_active_server): 200 GET http://10.180.1.21/compute/v2.1/servers/0d598d7c-fcb0-40fd-aeb3-e2db6c72cdb4 0.258s
2025-04-03 22:48:28.413 70298 INFO tempest.lib.common.rest_client [req-ee8f1291-7b3b-4c41-afbc-e69818da7f66 req-ee8f1291-7b3b-4c41-afbc-e69818da7f66 ] Request (ServersAdminTestJSON:test_create_server_with_scheduling_hint): 200 GET http://10.180.1.21/compute/v2.1/servers/9dbd6bcd-466e-473b-ba23-edf62703e440 0.262s
2025-04-03 22:48:28.449 70257 INFO tempest.lib.common.rest_client [req-3170117b-51b7-4aa3-ad45-9b3eb1b6591e req-3170117b-51b7-4aa3-ad45-9b3eb1b6591e ] Request (ImagesOneServerTestJSON:test_create_image_specify_multibyte_character_image_name): 200 GET http://10.180.1.21/compute/v2.1/images/2e8090fe-e45f-4866-b48c-d197e3872807 0.235s
2025-04-03 22:48:28.493 70293 INFO tempest.lib.common.rest_client [req-75bd56f8-b910-472a-b29c-fdae2d417381 req-75bd56f8-b910-472a-b29c-fdae2d417381 ] Request (ListServerFiltersTestJSON:setUpClass): 200 GET http://10.180.1.21/compute/v2.1/servers/9e05781d-d39b-40cc-bcf1-53da09ae55ee 0.259s
2025-04-03 22:48:28.544 70267 INFO tempest.lib.common.rest_client [req-06effdd9-d6f1-4020-9208-44da48599858 req-06effdd9-d6f1-4020-9208-44da48599858 ] Request (ImagesTestJSON:test_create_image_from_stopped_server): 200 GET http://10.180.1.21/compute/v2.1/servers/f684ba22-e1f9-4ac7-a0f1-f06dd384812b 0.241s
2025-04-03 22:48:28.588 70283 INFO tempest.lib.common.rest_client [req-3437007a-350b-449c-aee7-c384272f6066 req-3437007a-350b-449c-aee7-c384272f6066 ] Request (SecurityGroupsTestJSON:test_list_security_groups_by_server): 200 GET http://10.180.1.21/compute/v2.1/servers/a3c91cbb-66ac-439e-8d6c-476c39c9d6d9 0.227s
2025-04-03 22:48:28.639 70316 INFO tempest.lib.common.rest_client [req-5b1ea64e-53d8-45bb-b788-d94acd278df9 req-5b1ea64e-53d8-45bb-b788-d94acd278df9 ] Request (ServerShowV257Test:test_rebuild_server): 200 GET http://10.180.1.21/compute/v2.1/servers/d7fa2236-1a8a-4a1a-9e0a-edeb7e9db5fa 0.217s
2025-04-03 22:48:28.694 70294 INFO tempest.lib.common.rest_client [req-9ee472bd-14ac-4f3c-b087-f15243e09d2a req-9ee472bd-14ac-4f3c-b087-f15243e09d2a ] Request (ServerRescueTestJSONUnderV235:setUpClass): 200 GET http://10.180.1.21/compute/v2.1/servers/bca042c1-7934-47f5-8903-c7b8775d329d 0.221s
2025-04-03 22:48:28.753 70310 INFO tempest.lib.common.rest_client [req-827f1892-8cd1-49cb-a7e4-b0a660379a1e req-827f1892-8cd1-49cb-a7e4-b0a660379a1e ] Request (ServerActionsV293TestJSON:setUpClass): 200 GET http://10.180.1.21/compute/v2.1/servers/f0ff0742-fed9-4f65-a6e0-c0e51987df7c 0.185s
2025-04-03 22:48:28.847 70304 INFO tempest.lib.common.rest_client [req-cc1294cb-c9a2-44d8-8c43-aa2dd646080c req-cc1294cb-c9a2-44d8-8c43-aa2dd646080c ] Request (MigrationsAdminTest:test_list_migrations_in_flavor_resize_situation): 200 GET http://10.180.1.21/compute/v2.1/servers/57099f0b-431e-418d-87f4-dc00199920e2 0.102s
2025-04-03 22:48:28.922 70269 INFO tempest.lib.common.rest_client [req-f2b532a7-b63c-4d9f-823f-5c63afdb4b31 req-f2b532a7-b63c-4d9f-823f-5c63afdb4b31 ] Request (ServerDiagnosticsV248Test:tearDownClass): 200 GET http://10.180.1.21/compute/v2.1/servers/3a19b6bd-973a-4e74-a3f3-e188a4848444 0.144s
2025-04-03 22:48:28.970 70318 INFO tempest.lib.common.rest_client [req-f84ec12b-e384-4ea4-9fe8-d3381966e4eb req-f84ec12b-e384-4ea4-9fe8-d3381966e4eb ] Request (MultipleCreateTestJSON:test_multiple_create_with_reservation_return): 200 GET http://10.180.1.21/compute/v2.1/servers/34eb9dfc-e46f-4d0c-b34f-a8860772cf11 0.165s
2025-04-03 22:48:29.024 70261 INFO tempest.lib.common.rest_client [req-07d74b6a-97e3-4bda-aba4-d31facc45bb8 req-07d74b6a-97e3-4bda-aba4-d31facc45bb8 ] Request (FloatingIPsAssociationNegativeTestJSON:setUpClass): 200 GET http://10.180.1.21/compute/v2.1/servers/0acc5a3d-2d04-4126-898d-f0b832025714 0.176s
2025-04-03 22:48:29.031 70312 INFO tempest.lib.common.rest_client [req-36ea63a0-d3be-44d9-adc9-ea88b32dd1ac req-36ea63a0-d3be-44d9-adc9-ea88b32dd1ac ] Request (FloatingIPsAssociationTestJSON:test_associate_already_associated_floating_ip): 202 POST http://10.180.1.21/compute/v2.1/servers/8fdb8936-12c2-4274-aee2-77b140e7c2cc/action 0.946s
2025-04-03 22:48:29.032 70261 INFO tempest.common.waiters [-] State transition "BUILD/None" ==> "BUILD/networking" after 46 second wait
2025-04-03 22:48:29.071 70296 INFO tempest.lib.common.rest_client [req-aa363f1f-7491-4cb7-8d12-69d2bfb7a451 req-aa363f1f-7491-4cb7-8d12-69d2bfb7a451 ] Request (ServersNegativeTestJSON:setUpClass): 200 GET http://10.180.1.21/compute/v2.1/servers/38194bdc-f13e-4d0a-bb3a-9b9a3d8ecfd5 0.207s
2025-04-03 22:48:29.082 70289 INFO tempest.lib.common.rest_client [req-7e6abace-5589-46a9-a4b8-e9a6930917c4 req-7e6abace-5589-46a9-a4b8-e9a6930917c4 ] Request (DeleteServersAdminTestJSON:test_delete_server_while_in_error_state): 200 GET http://10.180.1.21/compute/v2.1/servers/65557afd-6dc1-4a05-b41f-f64895225a44 0.150s
2025-04-03 22:48:29.132 70263 INFO tempest.lib.common.rest_client [req-f6507337-c6ff-4776-b4cc-f05107a058f9 req-f6507337-c6ff-4776-b4cc-f05107a058f9 ] Request (ServersAdmin275Test:_run_cleanups): 200 GET http://10.180.1.21/compute/v2.1/servers/28bfa503-373a-4cd3-b667-2cb6c427fb17 0.156s
2025-04-03 22:48:29.142 70279 INFO tempest.lib.common.rest_client [req-feb9ff5b-a3dd-4727-b4af-faab0ce18520 req-feb9ff5b-a3dd-4727-b4af-faab0ce18520 ] Request (ImagesNegativeTestJSON:test_create_image_from_deleted_server): 200 GET http://10.180.1.21/compute/v2.1/servers/b3a9ebe6-7b48-48e1-b46f-2fc2c6df9b4c 0.112s
2025-04-03 22:48:29.192 70271 INFO tempest.lib.common.rest_client [req-c062403a-d221-4fa4-b400-4cfbf3b5ab38 req-c062403a-d221-4fa4-b400-4cfbf3b5ab38 ] Request (ServerActionsTestJSON:setUpClass): 200 GET http://10.180.1.21/compute/v2.1/servers/a87074ec-1813-448c-be2b-e50be5324256 0.093s
2025-04-03 22:48:29.241 70273 INFO tempest.lib.common.rest_client [req-c02a18ea-f6d1-4b2a-99b2-792cde60e2b0 req-c02a18ea-f6d1-4b2a-99b2-792cde60e2b0 ] Request (ServersAdminNegativeTestJSON:setUpClass): 200 GET http://10.180.1.21/compute/v2.1/servers/f523f6f3-7371-4ac7-a6e8-d02ea76d1999 0.084s
2025-04-03 22:48:29.296 70285 INFO tempest.lib.common.rest_client [req-4d8ba74d-068c-46dc-b9e8-401bc941c086 req-4d8ba74d-068c-46dc-b9e8-401bc941c086 ] Request (TenantUsagesTestJSON:setUpClass): 200 GET http://10.180.1.21/compute/v2.1/servers/de55432c-0427-421a-bac7-cd2fc34c9749 0.095s
2025-04-03 22:48:29.397 70287 INFO tempest.lib.common.rest_client [req-7c317084-edb9-40f2-876d-8c7a6cde852a req-7c317084-edb9-40f2-876d-8c7a6cde852a ] Request (ListServersNegativeTestJSON:setUpClass): 200 GET http://10.180.1.21/compute/v2.1/servers/a65e82f5-6c9d-4a41-aaae-b85e362f527e 0.139s
2025-04-03 22:48:29.457 70300 INFO tempest.lib.common.rest_client [req-7d7b6ec2-a64a-4c70-ac89-a6488e95dbf9 req-7d7b6ec2-a64a-4c70-ac89-a6488e95dbf9 ] Request (ServerDiagnosticsTest:tearDownClass): 200 GET http://10.180.1.21/compute/v2.1/servers/821e3737-9932-439c-8031-29a6e4eb5462 0.141s
2025-04-03 22:48:29.517 70275 INFO tempest.lib.common.rest_client [req-1568cd66-ef8b-4634-928d-a49646a12d00 req-1568cd66-ef8b-4634-928d-a49646a12d00 ] Request (DeleteServersTestJSON:test_delete_active_server): 200 GET http://10.180.1.21/compute/v2.1/servers/0d598d7c-fcb0-40fd-aeb3-e2db6c72cdb4 0.141s
2025-04-03 22:48:29.567 70298 INFO tempest.lib.common.rest_client [req-e1c81516-8542-4fe3-9a56-d1e0442159fa req-e1c81516-8542-4fe3-9a56-d1e0442159fa ] Request (ServersAdminTestJSON:test_create_server_with_scheduling_hint): 200 GET http://10.180.1.21/compute/v2.1/servers/9dbd6bcd-466e-473b-ba23-edf62703e440 0.146s
2025-04-03 22:48:29.603 70257 INFO tempest.lib.common.rest_client [req-205f4c8a-bd4c-492e-94bc-b7944fd34c7d req-205f4c8a-bd4c-492e-94bc-b7944fd34c7d ] Request (ImagesOneServerTestJSON:test_create_image_specify_multibyte_character_image_name): 200 GET http://10.180.1.21/compute/v2.1/images/2e8090fe-e45f-4866-b48c-d197e3872807 0.150s
2025-04-03 22:48:29.653 70293 INFO tempest.lib.common.rest_client [req-756e8411-34c9-4c89-96b6-9ba6ba9fc53f req-756e8411-34c9-4c89-96b6-9ba6ba9fc53f ] Request (ListServerFiltersTestJSON:setUpClass): 200 GET http://10.180.1.21/compute/v2.1/servers/9e05781d-d39b-40cc-bcf1-53da09ae55ee 0.151s
2025-04-03 22:48:29.705 70267 INFO tempest.lib.common.rest_client [req-ca662089-08f3-4d80-b4fc-a142d73ada4a req-ca662089-08f3-4d80-b4fc-a142d73ada4a ] Request (ImagesTestJSON:test_create_image_from_stopped_server): 200 GET http://10.180.1.21/compute/v2.1/servers/f684ba22-e1f9-4ac7-a0f1-f06dd384812b 0.152s
2025-04-03 22:48:29.761 70283 INFO tempest.lib.common.rest_client [req-b930929f-9834-44e6-9ec3-a34913a1a3e9 req-b930929f-9834-44e6-9ec3-a34913a1a3e9 ] Request (SecurityGroupsTestJSON:test_list_security_groups_by_server): 200 GET http://10.180.1.21/compute/v2.1/servers/a3c91cbb-66ac-439e-8d6c-476c39c9d6d9 0.163s
2025-04-03 22:48:29.815 70316 INFO tempest.lib.common.rest_client [req-b5ee6407-a731-402e-a39e-cb2562831508 req-b5ee6407-a731-402e-a39e-cb2562831508 ] Request (ServerShowV257Test:test_rebuild_server): 200 GET http://10.180.1.21/compute/v2.1/servers/d7fa2236-1a8a-4a1a-9e0a-edeb7e9db5fa 0.166s
2025-04-03 22:48:29.864 70294 INFO tempest.lib.common.rest_client [req-5d6a46a1-20e6-44dd-aaed-d8f1a8170995 req-5d6a46a1-20e6-44dd-aaed-d8f1a8170995 ] Request (ServerRescueTestJSONUnderV235:setUpClass): 200 GET http://10.180.1.21/compute/v2.1/servers/bca042c1-7934-47f5-8903-c7b8775d329d 0.161s
2025-04-03 22:48:29.917 70310 INFO tempest.lib.common.rest_client [req-39be6b50-1bb7-498c-b51f-6a2c3d2e09fc req-39be6b50-1bb7-498c-b51f-6a2c3d2e09fc ] Request (ServerActionsV293TestJSON:setUpClass): 200 GET http://10.180.1.21/compute/v2.1/servers/f0ff0742-fed9-4f65-a6e0-c0e51987df7c 0.154s
2025-04-03 22:48:30.044 70304 INFO tempest.lib.common.rest_client [req-a1599b1f-c5f7-406f-8347-ee2523583dc5 req-a1599b1f-c5f7-406f-8347-ee2523583dc5 ] Request (MigrationsAdminTest:test_list_migrations_in_flavor_resize_situation): 200 GET http://10.180.1.21/compute/v2.1/servers/57099f0b-431e-418d-87f4-dc00199920e2 0.186s
2025-04-03 22:48:30.052 70304 INFO tempest.common.waiters [-] State transition "RESIZE/resize_prep" ==> "RESIZE/resize_migrating" after 35 second wait
2025-04-03 22:48:30.121 70269 INFO tempest.lib.common.rest_client [req-903595d2-72a4-409d-8a56-d2ec2ad98f34 req-903595d2-72a4-409d-8a56-d2ec2ad98f34 ] Request (ServerDiagnosticsV248Test:tearDownClass): 200 GET http://10.180.1.21/compute/v2.1/servers/3a19b6bd-973a-4e74-a3f3-e188a4848444 0.190s
2025-04-03 22:48:30.184 70318 INFO tempest.lib.common.rest_client [req-ead5e8cc-445b-46a1-a1da-b8cb568a22db req-ead5e8cc-445b-46a1-a1da-b8cb568a22db ] Request (MultipleCreateTestJSON:test_multiple_create_with_reservation_return): 200 GET http://10.180.1.21/compute/v2.1/servers/34eb9dfc-e46f-4d0c-b34f-a8860772cf11 0.204s
2025-04-03 22:48:30.325 70261 INFO tempest.lib.common.rest_client [req-54233d79-f3e1-4596-a1bb-6483b17575dc req-54233d79-f3e1-4596-a1bb-6483b17575dc ] Request (FloatingIPsAssociationNegativeTestJSON:setUpClass): 200 GET http://10.180.1.21/compute/v2.1/servers/0acc5a3d-2d04-4126-898d-f0b832025714 0.292s
2025-04-03 22:48:30.335 70261 INFO tempest.common.waiters [-] State transition "BUILD/networking" ==> "BUILD/block_device_mapping" after 47 second wait
2025-04-03 22:48:30.394 70296 INFO tempest.lib.common.rest_client [req-8e405a92-ca3f-497f-9c25-a4fa19dbfb67 req-8e405a92-ca3f-497f-9c25-a4fa19dbfb67 ] Request (ServersNegativeTestJSON:setUpClass): 200 GET http://10.180.1.21/compute/v2.1/servers/38194bdc-f13e-4d0a-bb3a-9b9a3d8ecfd5 0.313s
2025-04-03 22:48:30.446 70289 INFO tempest.lib.common.rest_client [req-7b2d5aed-d865-422a-bfa6-1adcd4a95003 req-7b2d5aed-d865-422a-bfa6-1adcd4a95003 ] Request (DeleteServersAdminTestJSON:test_delete_server_while_in_error_state): 200 GET http://10.180.1.21/compute/v2.1/servers/65557afd-6dc1-4a05-b41f-f64895225a44 0.353s
2025-04-03 22:48:30.459 70289 INFO tempest.common.waiters [-] State transition "BUILD/scheduling" ==> "BUILD/None" after 39 second wait
2025-04-03 22:48:30.503 70263 INFO tempest.lib.common.rest_client [req-9abf5a00-4a4f-4d62-b216-18a1f3f501b1 req-9abf5a00-4a4f-4d62-b216-18a1f3f501b1 ] Request (ServersAdmin275Test:_run_cleanups): 200 GET http://10.180.1.21/compute/v2.1/servers/28bfa503-373a-4cd3-b667-2cb6c427fb17 0.361s
2025-04-03 22:48:30.514 70263 INFO tempest.common.waiters [-] State transition "REBUILD/rebuilding" ==> "REBUILD/rebuild_spawning" after 4 second wait
2025-04-03 22:48:30.561 70279 INFO tempest.lib.common.rest_client [req-c984ce87-35d8-46bc-87f0-f35cfb7b43df req-c984ce87-35d8-46bc-87f0-f35cfb7b43df ] Request (ImagesNegativeTestJSON:test_create_image_from_deleted_server): 200 GET http://10.180.1.21/compute/v2.1/servers/b3a9ebe6-7b48-48e1-b46f-2fc2c6df9b4c 0.410s
2025-04-03 22:48:30.613 70271 INFO tempest.lib.common.rest_client [req-b0ada952-9a4b-46bc-b2df-2644d71b9e76 req-b0ada952-9a4b-46bc-b2df-2644d71b9e76 ] Request (ServerActionsTestJSON:setUpClass): 200 GET http://10.180.1.21/compute/v2.1/servers/a87074ec-1813-448c-be2b-e50be5324256 0.413s
2025-04-03 22:48:30.658 70273 INFO tempest.lib.common.rest_client [req-9023953c-1cef-4bca-99d6-d6c28b338470 req-9023953c-1cef-4bca-99d6-d6c28b338470 ] Request (ServersAdminNegativeTestJSON:setUpClass): 200 GET http://10.180.1.21/compute/v2.1/servers/f523f6f3-7371-4ac7-a6e8-d02ea76d1999 0.409s
2025-04-03 22:48:30.709 70285 INFO tempest.lib.common.rest_client [req-3f6cef1c-8e0f-4dd4-99bb-60f4d9c44609 req-3f6cef1c-8e0f-4dd4-99bb-60f4d9c44609 ] Request (TenantUsagesTestJSON:setUpClass): 200 GET http://10.180.1.21/compute/v2.1/servers/de55432c-0427-421a-bac7-cd2fc34c9749 0.402s
2025-04-03 22:48:30.829 70287 INFO tempest.lib.common.rest_client [req-60ef7e3b-9b20-40bc-93ba-60485c36bf79 req-60ef7e3b-9b20-40bc-93ba-60485c36bf79 ] Request (ListServersNegativeTestJSON:setUpClass): 200 GET http://10.180.1.21/compute/v2.1/servers/a65e82f5-6c9d-4a41-aaae-b85e362f527e 0.419s
2025-04-03 22:48:30.884 70300 INFO tempest.lib.common.rest_client [req-9d3d69f4-a85f-4e78-ba05-c092605f408f req-9d3d69f4-a85f-4e78-ba05-c092605f408f ] Request (ServerDiagnosticsTest:tearDownClass): 200 GET http://10.180.1.21/compute/v2.1/servers/821e3737-9932-439c-8031-29a6e4eb5462 0.419s
2025-04-03 22:48:30.936 70275 INFO tempest.lib.common.rest_client [req-1836f89e-4ad6-4224-9e60-3eafddad4a25 req-1836f89e-4ad6-4224-9e60-3eafddad4a25 ] Request (DeleteServersTestJSON:test_delete_active_server): 200 GET http://10.180.1.21/compute/v2.1/servers/0d598d7c-fcb0-40fd-aeb3-e2db6c72cdb4 0.410s
2025-04-03 22:48:30.982 70298 INFO tempest.lib.common.rest_client [req-2630e9d3-7c5e-41ac-8322-cfb0bdad4ef0 req-2630e9d3-7c5e-41ac-8322-cfb0bdad4ef0 ] Request (ServersAdminTestJSON:test_create_server_with_scheduling_hint): 200 GET http://10.180.1.21/compute/v2.1/servers/9dbd6bcd-466e-473b-ba23-edf62703e440 0.403s
2025-04-03 22:48:31.016 70257 INFO tempest.lib.common.rest_client [req-0f1b733f-a90a-4cfa-879a-735b5902882d req-0f1b733f-a90a-4cfa-879a-735b5902882d ] Request (ImagesOneServerTestJSON:test_create_image_specify_multibyte_character_image_name): 200 GET http://10.180.1.21/compute/v2.1/images/2e8090fe-e45f-4866-b48c-d197e3872807 0.407s
2025-04-03 22:48:31.064 70293 INFO tempest.lib.common.rest_client [req-70fbe984-fc14-4c9b-99bb-646fd30c2b7c req-70fbe984-fc14-4c9b-99bb-646fd30c2b7c ] Request (ListServerFiltersTestJSON:setUpClass): 200 GET http://10.180.1.21/compute/v2.1/servers/9e05781d-d39b-40cc-bcf1-53da09ae55ee 0.403s
2025-04-03 22:48:31.115 70267 INFO tempest.lib.common.rest_client [req-208d0bdd-b074-44f4-a2bf-bf945c8be4c8 req-208d0bdd-b074-44f4-a2bf-bf945c8be4c8 ] Request (ImagesTestJSON:test_create_image_from_stopped_server): 200 GET http://10.180.1.21/compute/v2.1/servers/f684ba22-e1f9-4ac7-a0f1-f06dd384812b 0.401s
2025-04-03 22:48:31.165 70283 INFO tempest.lib.common.rest_client [req-2db561af-a533-48dc-8b0e-7e837b27f943 req-2db561af-a533-48dc-8b0e-7e837b27f943 ] Request (SecurityGroupsTestJSON:test_list_security_groups_by_server): 200 GET http://10.180.1.21/compute/v2.1/servers/a3c91cbb-66ac-439e-8d6c-476c39c9d6d9 0.394s
2025-04-03 22:48:31.229 70316 INFO tempest.lib.common.rest_client [req-dd5eee85-d621-41de-9d19-4d5fc5e4f24a req-dd5eee85-d621-41de-9d19-4d5fc5e4f24a ] Request (ServerShowV257Test:test_rebuild_server): 200 GET http://10.180.1.21/compute/v2.1/servers/d7fa2236-1a8a-4a1a-9e0a-edeb7e9db5fa 0.403s
2025-04-03 22:48:31.276 70294 INFO tempest.lib.common.rest_client [req-343dfdfa-28be-427c-97ca-48e40ede7a36 req-343dfdfa-28be-427c-97ca-48e40ede7a36 ] Request (ServerRescueTestJSONUnderV235:setUpClass): 200 GET http://10.180.1.21/compute/v2.1/servers/bca042c1-7934-47f5-8903-c7b8775d329d 0.403s
2025-04-03 22:48:31.331 70310 INFO tempest.lib.common.rest_client [req-0880cef1-4178-4145-8718-b1a5be9a53b4 req-0880cef1-4178-4145-8718-b1a5be9a53b4 ] Request (ServerActionsV293TestJSON:setUpClass): 200 GET http://10.180.1.21/compute/v2.1/servers/f0ff0742-fed9-4f65-a6e0-c0e51987df7c 0.403s
2025-04-03 22:48:31.362 70257 INFO tempest.lib.common.rest_client [req-ba604cf7-8e50-437d-8746-3c1dc75f0a7e req-ba604cf7-8e50-437d-8746-3c1dc75f0a7e ] Request (ImagesOneServerTestJSON:test_create_image_specify_multibyte_character_image_name): 200 GET http://10.180.1.21/compute/v2.1/images/2e8090fe-e45f-4866-b48c-d197e3872807 0.341s
2025-04-03 22:48:31.446 70304 INFO tempest.lib.common.rest_client [req-d983df1f-d27e-4053-8fb7-6ad915b33dae req-d983df1f-d27e-4053-8fb7-6ad915b33dae ] Request (MigrationsAdminTest:test_list_migrations_in_flavor_resize_situation): 200 GET http://10.180.1.21/compute/v2.1/servers/57099f0b-431e-418d-87f4-dc00199920e2 0.392s
2025-04-03 22:48:31.529 70269 INFO tempest.lib.common.rest_client [req-136cb115-6aec-487b-b99f-97d51a228c04 req-136cb115-6aec-487b-b99f-97d51a228c04 ] Request (ServerDiagnosticsV248Test:tearDownClass): 200 GET http://10.180.1.21/compute/v2.1/servers/3a19b6bd-973a-4e74-a3f3-e188a4848444 0.391s
2025-04-03 22:48:31.593 70318 INFO tempest.lib.common.rest_client [req-02e1f26f-13e3-467b-9b0c-9fca2e547165 req-02e1f26f-13e3-467b-9b0c-9fca2e547165 ] Request (MultipleCreateTestJSON:test_multiple_create_with_reservation_return): 200 GET http://10.180.1.21/compute/v2.1/servers/34eb9dfc-e46f-4d0c-b34f-a8860772cf11 0.401s
2025-04-03 22:48:31.688 70312 INFO tempest.lib.common.rest_client [req-89a9bde5-6c63-44d7-a52a-d91f4dc32696 req-89a9bde5-6c63-44d7-a52a-d91f4dc32696 ] Request (FloatingIPsAssociationTestJSON:test_associate_already_associated_floating_ip): 202 POST http://10.180.1.21/compute/v2.1/servers/c703a9fa-029e-4030-b8fd-8076b1bd713c/action 2.656s
2025-04-03 22:48:31.694 70261 INFO tempest.lib.common.rest_client [req-5eb40226-0d52-44d0-bcd0-733cfe1394ae req-5eb40226-0d52-44d0-bcd0-733cfe1394ae ] Request (FloatingIPsAssociationNegativeTestJSON:setUpClass): 200 GET http://10.180.1.21/compute/v2.1/servers/0acc5a3d-2d04-4126-898d-f0b832025714 0.357s
2025-04-03 22:48:31.702 70261 INFO tempest.common.waiters [-] State transition "BUILD/block_device_mapping" ==> "BUILD/spawning" after 48 second wait
2025-04-03 22:48:31.748 70296 INFO tempest.lib.common.rest_client [req-15846ff5-63e7-4379-af03-56f72ca859f4 req-15846ff5-63e7-4379-af03-56f72ca859f4 ] Request (ServersNegativeTestJSON:setUpClass): 200 GET http://10.180.1.21/compute/v2.1/servers/38194bdc-f13e-4d0a-bb3a-9b9a3d8ecfd5 0.344s
2025-04-03 22:48:31.802 70289 INFO tempest.lib.common.rest_client [req-dfbeb20e-28d1-478d-a309-4c978dc078f3 req-dfbeb20e-28d1-478d-a309-4c978dc078f3 ] Request (DeleteServersAdminTestJSON:test_delete_server_while_in_error_state): 200 GET http://10.180.1.21/compute/v2.1/servers/65557afd-6dc1-4a05-b41f-f64895225a44 0.342s
2025-04-03 22:48:31.860 70263 INFO tempest.lib.common.rest_client [req-a9c29c11-f09a-41db-baf9-d82570ab6898 req-a9c29c11-f09a-41db-baf9-d82570ab6898 ] Request (ServersAdmin275Test:_run_cleanups): 200 GET http://10.180.1.21/compute/v2.1/servers/28bfa503-373a-4cd3-b667-2cb6c427fb17 0.345s
2025-04-03 22:48:31.863 70257 INFO tempest.lib.common.rest_client [req-ecafa876-b8e9-4f50-b072-d41d05b14393 req-ecafa876-b8e9-4f50-b072-d41d05b14393 ] Request (ImagesOneServerTestJSON:test_create_image_specify_multibyte_character_image_name): 200 GET http://10.180.1.21/compute/v2.1/servers/821dd3d2-6dd4-4fcc-b3e6-ca756089ee2d 0.498s
2025-04-03 22:48:31.914 70271 INFO tempest.lib.common.rest_client [req-ccaf2fb0-489a-457a-bd86-ddafa4522829 req-ccaf2fb0-489a-457a-bd86-ddafa4522829 ] Request (ServerActionsTestJSON:setUpClass): 200 GET http://10.180.1.21/compute/v2.1/servers/a87074ec-1813-448c-be2b-e50be5324256 0.293s
2025-04-03 22:48:31.926 70271 INFO tempest.common.waiters [-] State transition "BUILD/None" ==> "BUILD/networking" after 47 second wait
2025-04-03 22:48:31.928 70279 INFO tempest.lib.common.rest_client [req-120857c4-2b44-452f-854a-288aca027f5d req-120857c4-2b44-452f-854a-288aca027f5d ] Request (ImagesNegativeTestJSON:test_create_image_from_deleted_server): 200 GET http://10.180.1.21/compute/v2.1/servers/b3a9ebe6-7b48-48e1-b46f-2fc2c6df9b4c 0.359s
2025-04-03 22:48:31.957 70273 INFO tempest.lib.common.rest_client [req-3a7b5757-f6fa-43ae-ac44-791b0525d5f5 req-3a7b5757-f6fa-43ae-ac44-791b0525d5f5 ] Request (ServersAdminNegativeTestJSON:setUpClass): 200 GET http://10.180.1.21/compute/v2.1/servers/f523f6f3-7371-4ac7-a6e8-d02ea76d1999 0.291s
2025-04-03 22:48:32.008 70285 INFO tempest.lib.common.rest_client [req-890e4440-dac1-4513-b5fe-37ed0134d5f1 req-890e4440-dac1-4513-b5fe-37ed0134d5f1 ] Request (TenantUsagesTestJSON:setUpClass): 200 GET http://10.180.1.21/compute/v2.1/servers/de55432c-0427-421a-bac7-cd2fc34c9749 0.291s
2025-04-03 22:48:32.126 70312 INFO tempest.lib.common.rest_client [req-e72990ce-1e9f-493d-bbb6-e78459263f72 req-e72990ce-1e9f-493d-bbb6-e78459263f72 ] Request (FloatingIPsAssociationTestJSON:test_associate_already_associated_floating_ip): 409 POST http://10.180.1.21/compute/v2.1/servers/8fdb8936-12c2-4274-aee2-77b140e7c2cc/action 0.438s
2025-04-03 22:48:32.153 70287 INFO tempest.lib.common.rest_client [req-1148c5a4-32c9-4eda-a0a3-b8f0744abf23 req-1148c5a4-32c9-4eda-a0a3-b8f0744abf23 ] Request (ListServersNegativeTestJSON:setUpClass): 200 GET http://10.180.1.21/compute/v2.1/servers/a65e82f5-6c9d-4a41-aaae-b85e362f527e 0.316s
2025-04-03 22:48:32.183 70300 INFO tempest.lib.common.rest_client [req-4801a779-10ba-4637-94f2-57c2aeb3f768 req-4801a779-10ba-4637-94f2-57c2aeb3f768 ] Request (ServerDiagnosticsTest:tearDownClass): 200 GET http://10.180.1.21/compute/v2.1/servers/821e3737-9932-439c-8031-29a6e4eb5462 0.289s
2025-04-03 22:48:32.213 70275 INFO tempest.lib.common.rest_client [req-0decdc51-ff7d-47d7-bd91-454d9cf61665 req-0decdc51-ff7d-47d7-bd91-454d9cf61665 ] Request (DeleteServersTestJSON:test_delete_active_server): 200 GET http://10.180.1.21/compute/v2.1/servers/0d598d7c-fcb0-40fd-aeb3-e2db6c72cdb4 0.270s
2025-04-03 22:48:32.231 70298 INFO tempest.lib.common.rest_client [req-96cfd7a7-4127-4a38-b967-388d76f5336c req-96cfd7a7-4127-4a38-b967-388d76f5336c ] Request (ServersAdminTestJSON:test_create_server_with_scheduling_hint): 200 GET http://10.180.1.21/compute/v2.1/servers/9dbd6bcd-466e-473b-ba23-edf62703e440 0.241s
2025-04-03 22:48:32.275 70267 INFO tempest.lib.common.rest_client [req-798b365b-1c5e-4b16-bfe6-a1515b99243d req-798b365b-1c5e-4b16-bfe6-a1515b99243d ] Request (ImagesTestJSON:test_create_image_from_stopped_server): 200 GET http://10.180.1.21/compute/v2.1/servers/f684ba22-e1f9-4ac7-a0f1-f06dd384812b 0.150s
2025-04-03 22:48:32.274 70293 INFO tempest.lib.common.rest_client [req-5c88087e-083c-4176-ba72-533e56a359c8 req-5c88087e-083c-4176-ba72-533e56a359c8 ] Request (ListServerFiltersTestJSON:setUpClass): 200 GET http://10.180.1.21/compute/v2.1/servers/9e05781d-d39b-40cc-bcf1-53da09ae55ee 0.199s
2025-04-03 22:48:32.326 70283 INFO tempest.lib.common.rest_client [req-a9660e39-ffa5-41d1-95bc-0de118f09eb0 req-a9660e39-ffa5-41d1-95bc-0de118f09eb0 ] Request (SecurityGroupsTestJSON:test_list_security_groups_by_server): 200 GET http://10.180.1.21/compute/v2.1/servers/a3c91cbb-66ac-439e-8d6c-476c39c9d6d9 0.152s
2025-04-03 22:48:32.376 70316 INFO tempest.lib.common.rest_client [req-8149aac4-0fbf-484d-96a4-6cf2d29c4465 req-8149aac4-0fbf-484d-96a4-6cf2d29c4465 ] Request (ServerShowV257Test:test_rebuild_server): 200 GET http://10.180.1.21/compute/v2.1/servers/d7fa2236-1a8a-4a1a-9e0a-edeb7e9db5fa 0.137s
2025-04-03 22:48:32.429 70294 INFO tempest.lib.common.rest_client [req-030f1389-a3c4-4aff-8843-586fad6e200f req-030f1389-a3c4-4aff-8843-586fad6e200f ] Request (ServerRescueTestJSONUnderV235:setUpClass): 200 GET http://10.180.1.21/compute/v2.1/servers/bca042c1-7934-47f5-8903-c7b8775d329d 0.145s
