2025-04-03 22:47:53.371 70265 INFO tempest.lib.common.rest_client [req-5fd95077-5650-4688-81f5-0b12d5a3cddf req-5fd95077-5650-4688-81f5-0b12d5a3cddf ] Request (ExtensionsTest:setUpClass): 201 POST http://10.180.1.21/identity/v3/auth/tokens 0.084s
2025-04-03 22:47:53.395 70285 INFO tempest.lib.common.rest_client [req-fb56ec6a-b40f-4660-a242-f5ef52dc17cb req-fb56ec6a-b40f-4660-a242-f5ef52dc17cb ] Request (AggregatesAdminNegativeTestJSON:tearDownClass): 200 GET http://10.180.1.21:9696/networking/v2.0/security-groups?tenant_id=9b2338d6bc5944e78848c27e48a160fb&name=default 0.164s
2025-04-03 22:47:53.401 70265 INFO tempest.lib.common.rest_client [req-3f00484d-88e6-4414-9b87-4ecc7c50f23a req-3f00484d-88e6-4414-9b87-4ecc7c50f23a ] Request (ExtensionsTest:setUpClass): 201 POST http://10.180.1.21/identity/v3/auth/tokens 0.028s
2025-04-03 22:47:53.431 70265 INFO tempest.lib.common.rest_client [req-4603d12f-03b0-4930-9f13-a651ef1dd2e1 req-4603d12f-03b0-4930-9f13-a651ef1dd2e1 ] Request (ExtensionsTest:setUpClass): 200 GET http://10.180.1.21/identity/v3/domains?name=Default 0.029s
2025-04-03 22:47:53.441 70273 INFO tempest.lib.common.rest_client [req-7a880f71-e5d0-4078-a60d-cc3f26719110 req-7a880f71-e5d0-4078-a60d-cc3f26719110 ] Request (ServerDiagnosticsNegativeTest:tearDownClass): 200 GET http://10.180.1.21/compute/v2.1/servers/73dd564b-5d45-4406-a4f4-072084f194ad 0.667s
2025-04-03 22:47:53.446 70267 INFO tempest.lib.common.rest_client [req-326f5cf2-989e-493d-858c-6e425c5ee139 req-326f5cf2-989e-493d-858c-6e425c5ee139 ] Request (QuotaClassesAdminTestJSON:test_update_default_quotas): 200 PUT http://10.180.1.21/compute/v2.1/os-quota-class-sets/default 0.942s
2025-04-03 22:47:53.474 70265 INFO tempest.lib.common.rest_client [req-1c2b3228-d75f-4880-8536-643b510e687b req-1c2b3228-d75f-4880-8536-643b510e687b ] Request (ExtensionsTest:setUpClass): 201 POST http://10.180.1.21/identity/v3/projects 0.043s
2025-04-03 22:47:53.480 70285 INFO tempest.lib.common.rest_client [req-898ef473-a7b6-4162-ab9e-4ed4f8c00606 req-898ef473-a7b6-4162-ab9e-4ed4f8c00606 ] Request (AggregatesAdminNegativeTestJSON:tearDownClass): 204 DELETE http://10.180.1.21:9696/networking/v2.0/security-groups/1ac284dc-d064-4a68-8313-3ecef0cfa222 0.085s
2025-04-03 22:47:53.503 70300 INFO tempest.lib.common.rest_client [req-c6f213e4-f974-4e38-ab3a-ed08caab1c70 req-c6f213e4-f974-4e38-ab3a-ed08caab1c70 ] Request (ServerDiagnosticsTest:test_get_server_diagnostics): 200 GET http://10.180.1.21/compute/v2.1/servers/821e3737-9932-439c-8031-29a6e4eb5462 0.644s
2025-04-03 22:47:53.516 70296 INFO tempest.lib.common.rest_client [req-7b744312-3551-47b3-a339-069238fe50bb req-7b744312-3551-47b3-a339-069238fe50bb ] Request (ServersNegativeTestJSON:setUpClass): 200 GET http://10.180.1.21/compute/v2.1/servers/38194bdc-f13e-4d0a-bb3a-9b9a3d8ecfd5 0.700s
2025-04-03 22:47:53.542 70265 INFO tempest.lib.common.rest_client [req-ebdf06ec-addb-450a-83fb-9d964037b829 req-ebdf06ec-addb-450a-83fb-9d964037b829 ] Request (ExtensionsTest:setUpClass): 201 POST http://10.180.1.21/identity/v3/users 0.067s
2025-04-03 22:47:53.564 70265 INFO tempest.lib.common.rest_client [req-e41615f6-dbf7-4016-8f8b-683ba6d04725 req-e41615f6-dbf7-4016-8f8b-683ba6d04725 ] Request (ExtensionsTest:setUpClass): 200 GET http://10.180.1.21/identity/v3/roles 0.022s
2025-04-03 22:47:53.572 70289 INFO tempest.lib.common.rest_client [req-a3ed15be-6beb-4fe7-be4d-6dc5c491cca5 req-a3ed15be-6beb-4fe7-be4d-6dc5c491cca5 ] Request (DeleteServersAdminTestJSON:test_delete_server_while_in_error_state): 200 GET http://10.180.1.21/compute/v2.1/servers/65557afd-6dc1-4a05-b41f-f64895225a44 0.657s
2025-04-03 22:47:53.588 70285 INFO tempest.lib.common.rest_client [req-028c3e75-6fe8-4279-9666-c083d7571736 req-028c3e75-6fe8-4279-9666-c083d7571736 ] Request (AggregatesAdminNegativeTestJSON:tearDownClass): 204 DELETE http://10.180.1.21/identity/v3/projects/9b2338d6bc5944e78848c27e48a160fb 0.107s
2025-04-03 22:47:53.589 70285 INFO tempest.test [-] raised in LiveMigrationNegativeTest.setUpClass. Invoking tearDownClass.
2025-04-03 22:47:53.622 70265 INFO tempest.lib.common.rest_client [req-56e2fe03-f93c-4898-8895-4e450c231be0 req-56e2fe03-f93c-4898-8895-4e450c231be0 ] Request (ExtensionsTest:setUpClass): 204 PUT http://10.180.1.21/identity/v3/projects/c72d2a861767455ebd728d368fee5c86/users/ce7418ba2e084b83adec0a420a692b02/roles/4e57bc91f0b84ee0b63f3cf0af809636 0.057s
2025-04-03 22:47:53.622 70265 INFO tempest.lib.common.dynamic_creds [-] Dynamic test user ce7418ba2e084b83adec0a420a692b02 is created with scope project and roles: ['member']
2025-04-03 22:47:53.622 70265 INFO tempest.lib.common.dynamic_creds [-] Acquired dynamic creds: credentials: Credentials: {'domain_id': 'default', 'domain_name': 'Default', 'username': 'tempest-ExtensionsTest-1773354848-project-member', 'project_domain_id': 'default', 'project_domain_name': 'Default', 'project_id': 'c72d2a861767455ebd728d368fee5c86', 'project_name': 'tempest-ExtensionsTest-1773354848', 'tenant_id': 'c72d2a861767455ebd728d368fee5c86', 'tenant_name': 'tempest-ExtensionsTest-1773354848', 'user_domain_id': 'default', 'user_domain_name': 'Default', 'user_id': 'ce7418ba2e084b83adec0a420a692b02', 'system': None}, Network: None, Subnet: None, Router: None
2025-04-03 22:47:53.622 70265 INFO tempest.lib.common.dynamic_creds [-] Created isolated network resources for: credentials: Credentials: {'domain_id': 'default', 'domain_name': 'Default', 'username': 'tempest-ExtensionsTest-1773354848-project-member', 'project_domain_id': 'default', 'project_domain_name': 'Default', 'project_id': 'c72d2a861767455ebd728d368fee5c86', 'project_name': 'tempest-ExtensionsTest-1773354848', 'tenant_id': 'c72d2a861767455ebd728d368fee5c86', 'tenant_name': 'tempest-ExtensionsTest-1773354848', 'user_domain_id': 'default', 'user_domain_name': 'Default', 'user_id': 'ce7418ba2e084b83adec0a420a692b02', 'system': None}, Network: None, Subnet: None, Router: None
2025-04-03 22:47:53.631 70314 INFO tempest.lib.common.rest_client [req-deb7d659-8025-4c76-985d-cc5eae1a6304 req-deb7d659-8025-4c76-985d-cc5eae1a6304 ] Request (ServersTestFqdnHostnames:test_create_server_with_fqdn_name): 200 GET http://10.180.1.21/compute/v2.1/servers/d5d14fe9-b56d-49ea-8d83-5e94439e8534 0.721s
2025-04-03 22:47:53.640 70314 INFO tempest.common.waiters [-] State transition "BUILD/None" ==> "BUILD/spawning" after 30 second wait
2025-04-03 22:47:53.650 70271 INFO tempest.lib.common.rest_client [req-dee47bf2-c7d7-4f69-abfc-b64918caab26 req-dee47bf2-c7d7-4f69-abfc-b64918caab26 ] Request (ServerActionsTestJSON:setUpClass): 200 GET http://10.180.1.21/compute/v2.1/servers/a87074ec-1813-448c-be2b-e50be5324256 0.670s
2025-04-03 22:47:53.664 70285 INFO tempest.lib.common.rest_client [req-9c97f273-cc56-4ccb-9c03-8f4010ccfc0b req-9c97f273-cc56-4ccb-9c03-8f4010ccfc0b ] Request (TenantUsagesTestJSON:setUpClass): 201 POST http://10.180.1.21/identity/v3/auth/tokens 0.069s
2025-04-03 22:47:53.718 70287 INFO tempest.lib.common.rest_client [req-fb5c8cc1-4854-459e-8f5d-31418a98ef40 req-fb5c8cc1-4854-459e-8f5d-31418a98ef40 ] Request (ListServersNegativeTestJSON:setUpClass): 200 GET http://10.180.1.21/compute/v2.1/servers/a65e82f5-6c9d-4a41-aaae-b85e362f527e 0.674s
2025-04-03 22:47:53.720 70265 INFO tempest.lib.common.rest_client [req-f0233970-8250-475f-bb8b-0112474ae2fd req-f0233970-8250-475f-bb8b-0112474ae2fd ] Request (ExtensionsTest:setUpClass): 201 POST http://10.180.1.21/identity/v3/auth/tokens 0.095s
2025-04-03 22:47:53.751 70285 INFO tempest.lib.common.rest_client [req-41603e3c-8ec4-4734-bc60-ccb5b50e1476 req-41603e3c-8ec4-4734-bc60-ccb5b50e1476 ] Request (TenantUsagesTestJSON:setUpClass): 201 POST http://10.180.1.21/identity/v3/auth/tokens 0.081s
2025-04-03 22:47:53.784 70285 INFO tempest.lib.common.rest_client [req-4cb013dd-e3b9-49a7-a359-dc7facce0438 req-4cb013dd-e3b9-49a7-a359-dc7facce0438 ] Request (TenantUsagesTestJSON:setUpClass): 200 GET http://10.180.1.21/identity/v3/domains?name=Default 0.033s
2025-04-03 22:47:53.816 70285 INFO tempest.lib.common.rest_client [req-e09c7934-699f-4ac6-9212-12ea0b60eee6 req-e09c7934-699f-4ac6-9212-12ea0b60eee6 ] Request (TenantUsagesTestJSON:setUpClass): 201 POST http://10.180.1.21/identity/v3/projects 0.031s
2025-04-03 22:47:53.827 70302 INFO tempest.lib.common.rest_client [req-9394d0fa-fae3-49cc-909b-c515e894cf0f req-9394d0fa-fae3-49cc-909b-c515e894cf0f ] Request (MultipleCreateNegativeTestJSON:test_max_count_less_than_min_count): 400 POST http://10.180.1.21/compute/v2.1/servers 0.781s
2025-04-03 22:47:53.880 70285 INFO tempest.lib.common.rest_client [req-9fb33dfb-5986-4852-9f6b-6105bca38cb3 req-9fb33dfb-5986-4852-9f6b-6105bca38cb3 ] Request (TenantUsagesTestJSON:setUpClass): 201 POST http://10.180.1.21/identity/v3/users 0.064s
2025-04-03 22:47:53.887 70279 INFO tempest.lib.common.rest_client [req-eb65283c-3d11-48c7-9418-426cab7e488c req-eb65283c-3d11-48c7-9418-426cab7e488c ] Request (ImagesNegativeTestJSON:test_create_image_from_deleted_server): 200 GET http://10.180.1.21/compute/v2.1/servers/b3a9ebe6-7b48-48e1-b46f-2fc2c6df9b4c 0.784s
2025-04-03 22:47:53.888 70302 INFO tempest.lib.common.rest_client [req-026e4b98-293e-4f4b-af53-cb61a2f431fd req-026e4b98-293e-4f4b-af53-cb61a2f431fd ] Request (MultipleCreateNegativeTestJSON:test_max_count_less_than_one): 201 POST http://10.180.1.21/identity/v3/auth/tokens 0.055s
2025-04-03 22:47:53.888 70302 INFO tempest.lib.common.fixed_network [-] (MultipleCreateNegativeTestJSON:test_max_count_less_than_one) Found network None available for tenant
2025-04-03 22:47:53.903 70285 INFO tempest.lib.common.rest_client [req-8b7039b3-8cba-463c-a884-06379cdb1c35 req-8b7039b3-8cba-463c-a884-06379cdb1c35 ] Request (TenantUsagesTestJSON:setUpClass): 200 GET http://10.180.1.21/identity/v3/roles 0.022s
2025-04-03 22:47:53.935 70285 INFO tempest.lib.common.rest_client [req-b7f1e24d-22a8-4877-bda2-4c29182fddb4 req-b7f1e24d-22a8-4877-bda2-4c29182fddb4 ] Request (TenantUsagesTestJSON:setUpClass): 204 PUT http://10.180.1.21/identity/v3/projects/317862d6661147ad8daaeae2e8743256/users/a1572197de7c49938ce1b30bcbfb7912/roles/4e57bc91f0b84ee0b63f3cf0af809636 0.031s
2025-04-03 22:47:53.935 70285 INFO tempest.lib.common.dynamic_creds [-] Dynamic test user a1572197de7c49938ce1b30bcbfb7912 is created with scope project and roles: ['member']
2025-04-03 22:47:53.936 70285 INFO tempest.lib.common.dynamic_creds [-] Acquired dynamic creds: credentials: Credentials: {'domain_id': 'default', 'domain_name': 'Default', 'username': 'tempest-TenantUsagesTestJSON-899893850-project-member', 'project_domain_id': 'default', 'project_domain_name': 'Default', 'project_id': '317862d6661147ad8daaeae2e8743256', 'project_name': 'tempest-TenantUsagesTestJSON-899893850', 'tenant_id': '317862d6661147ad8daaeae2e8743256', 'tenant_name': 'tempest-TenantUsagesTestJSON-899893850', 'user_domain_id': 'default', 'user_domain_name': 'Default', 'user_id': 'a1572197de7c49938ce1b30bcbfb7912', 'system': None}, Network: None, Subnet: None, Router: None
2025-04-03 22:47:53.936 70285 INFO tempest.lib.common.dynamic_creds [-] Created isolated network resources for: credentials: Credentials: {'domain_id': 'default', 'domain_name': 'Default', 'username': 'tempest-TenantUsagesTestJSON-899893850-project-member', 'project_domain_id': 'default', 'project_domain_name': 'Default', 'project_id': '317862d6661147ad8daaeae2e8743256', 'project_name': 'tempest-TenantUsagesTestJSON-899893850', 'tenant_id': '317862d6661147ad8daaeae2e8743256', 'tenant_name': 'tempest-TenantUsagesTestJSON-899893850', 'user_domain_id': 'default', 'user_domain_name': 'Default', 'user_id': 'a1572197de7c49938ce1b30bcbfb7912', 'system': None}, Network: None, Subnet: None, Router: None
2025-04-03 22:47:53.941 70320 INFO tempest.lib.common.rest_client [req-b50e8373-3a76-4d45-bab1-ab5d870c44ee req-b50e8373-3a76-4d45-bab1-ab5d870c44ee ] Request (ServersWithSpecificFlavorTestJSON:test_verify_created_server_ephemeral_disk): 200 GET http://10.180.1.21/compute/v2.1/servers/d43bb025-2fac-4629-b4b3-5d77abdbf582 0.827s
2025-04-03 22:47:53.960 70281 INFO tempest.lib.common.rest_client [req-321dab35-c8a1-4433-88f2-e7854bce9220 req-321dab35-c8a1-4433-88f2-e7854bce9220 ] Request (VolumesSnapshotsTestJSON:test_volume_snapshot_create_get_list_delete): 200 POST http://10.180.1.21/compute/v2.1/os-volumes 0.952s
2025-04-03 22:47:54.021 70285 INFO tempest.lib.common.rest_client [req-9106ccf3-55d3-462a-862f-818e860a455b req-9106ccf3-55d3-462a-862f-818e860a455b ] Request (TenantUsagesTestJSON:setUpClass): 201 POST http://10.180.1.21/identity/v3/auth/tokens 0.082s
2025-04-03 22:47:54.031 70298 INFO tempest.lib.common.rest_client [req-dc502181-44e5-45b0-a265-805c00a717f5 req-dc502181-44e5-45b0-a265-805c00a717f5 ] Request (ServersAdminTestJSON:test_create_server_with_scheduling_hint): 200 GET http://10.180.1.21/compute/v2.1/servers/9dbd6bcd-466e-473b-ba23-edf62703e440 0.874s
2025-04-03 22:47:54.064 70293 INFO tempest.lib.common.rest_client [req-39f71f4d-eb39-43c8-af1d-a6d26ff9faac req-39f71f4d-eb39-43c8-af1d-a6d26ff9faac ] Request (SecurityGroupRulesTestJSON:test_security_group_rules_list): 200 POST http://10.180.1.21/compute/v2.1/os-security-group-rules 0.933s
2025-04-03 22:47:54.091 70285 INFO tempest.lib.common.rest_client [req-85bf978b-393e-45b4-9007-dcbb89e6d1be req-85bf978b-393e-45b4-9007-dcbb89e6d1be ] Request (TenantUsagesTestJSON:setUpClass): 201 POST http://10.180.1.21/identity/v3/projects 0.069s
2025-04-03 22:47:54.158 70285 INFO tempest.lib.common.rest_client [req-c5703fbe-51c4-415d-99d7-2a68ef2a9a03 req-c5703fbe-51c4-415d-99d7-2a68ef2a9a03 ] Request (TenantUsagesTestJSON:setUpClass): 201 POST http://10.180.1.21/identity/v3/users 0.066s
2025-04-03 22:47:54.176 70257 INFO tempest.lib.common.rest_client [req-f81275a3-842d-4d08-b2c2-feceb6933ca6 req-f81275a3-842d-4d08-b2c2-feceb6933ca6 ] Request (ImagesOneServerTestJSON:setUpClass): 200 GET http://10.180.1.21/compute/v2.1/servers/821dd3d2-6dd4-4fcc-b3e6-ca756089ee2d 0.823s
2025-04-03 22:47:54.182 70285 INFO tempest.lib.common.rest_client [req-07e0cb72-93eb-42a4-a483-afe8b3dbae6c req-07e0cb72-93eb-42a4-a483-afe8b3dbae6c ] Request (TenantUsagesTestJSON:setUpClass): 200 GET http://10.180.1.21/identity/v3/roles 0.024s
2025-04-03 22:47:54.185 70257 INFO tempest.common.waiters [-] State transition "BUILD/spawning" ==> "ACTIVE/None" after 32 second wait
2025-04-03 22:47:54.209 70285 INFO tempest.lib.common.rest_client [req-fc2f3342-ed63-4036-97f4-4ab2d3683bda req-fc2f3342-ed63-4036-97f4-4ab2d3683bda ] Request (TenantUsagesTestJSON:setUpClass): 204 PUT http://10.180.1.21/identity/v3/projects/a95ae258feb74289af2935d7f9f56ee0/users/8bc9cea70fb74bd9a9dc1d3bdc117eb0/roles/69d02396b5f447e18507d3ffe99b3047 0.026s
2025-04-03 22:47:54.225 70316 INFO tempest.lib.common.rest_client [req-eec8a98b-ab27-42af-bc2b-66ab0446a6e6 req-eec8a98b-ab27-42af-bc2b-66ab0446a6e6 ] Request (ServerShowV257Test:test_rebuild_server): 200 GET http://10.180.1.21/compute/v2.1/servers/d7fa2236-1a8a-4a1a-9e0a-edeb7e9db5fa 0.842s
2025-04-03 22:47:54.260 70285 INFO tempest.lib.common.rest_client [req-2792ae07-750c-411c-80f4-a8d1eff45700 req-2792ae07-750c-411c-80f4-a8d1eff45700 ] Request (TenantUsagesTestJSON:setUpClass): 200 GET http://10.180.1.21/identity/v3/roles 0.050s
2025-04-03 22:47:54.280 70285 INFO tempest.lib.common.rest_client [req-2453bc03-c607-443b-807b-7681604e61b1 req-2453bc03-c607-443b-807b-7681604e61b1 ] Request (TenantUsagesTestJSON:setUpClass): 204 PUT http://10.180.1.21/identity/v3/projects/a95ae258feb74289af2935d7f9f56ee0/users/8bc9cea70fb74bd9a9dc1d3bdc117eb0/roles/69d02396b5f447e18507d3ffe99b3047 0.020s
2025-04-03 22:47:54.280 70285 INFO tempest.lib.common.dynamic_creds [-] Dynamic test user 8bc9cea70fb74bd9a9dc1d3bdc117eb0 is created with scope project and roles: ['admin']
2025-04-03 22:47:54.280 70275 INFO tempest.lib.common.rest_client [req-dfb999f8-bcaa-4b36-83d2-56285405eb5c req-dfb999f8-bcaa-4b36-83d2-56285405eb5c ] Request (DeleteServersTestJSON:test_delete_active_server): 200 GET http://10.180.1.21/compute/v2.1/servers/0d598d7c-fcb0-40fd-aeb3-e2db6c72cdb4 0.850s
2025-04-03 22:47:54.280 70285 INFO tempest.lib.common.dynamic_creds [-] Acquired dynamic creds: credentials: Credentials: {'domain_id': 'default', 'domain_name': 'Default', 'username': 'tempest-TenantUsagesTestJSON-1728791247-project-admin', 'project_domain_id': 'default', 'project_domain_name': 'Default', 'project_id': 'a95ae258feb74289af2935d7f9f56ee0', 'project_name': 'tempest-TenantUsagesTestJSON-1728791247', 'tenant_id': 'a95ae258feb74289af2935d7f9f56ee0', 'tenant_name': 'tempest-TenantUsagesTestJSON-1728791247', 'user_domain_id': 'default', 'user_domain_name': 'Default', 'user_id': '8bc9cea70fb74bd9a9dc1d3bdc117eb0', 'system': None}, Network: None, Subnet: None, Router: None
2025-04-03 22:47:54.280 70285 INFO tempest.lib.common.dynamic_creds [-] Created isolated network resources for: credentials: Credentials: {'domain_id': 'default', 'domain_name': 'Default', 'username': 'tempest-TenantUsagesTestJSON-1728791247-project-admin', 'project_domain_id': 'default', 'project_domain_name': 'Default', 'project_id': 'a95ae258feb74289af2935d7f9f56ee0', 'project_name': 'tempest-TenantUsagesTestJSON-1728791247', 'tenant_id': 'a95ae258feb74289af2935d7f9f56ee0', 'tenant_name': 'tempest-TenantUsagesTestJSON-1728791247', 'user_domain_id': 'default', 'user_domain_name': 'Default', 'user_id': '8bc9cea70fb74bd9a9dc1d3bdc117eb0', 'system': None}, Network: None, Subnet: None, Router: None
2025-04-03 22:47:54.295 70269 INFO tempest.lib.common.rest_client [req-e9ad4ae8-d04f-4f94-8b2d-97573c7a3092 req-e9ad4ae8-d04f-4f94-8b2d-97573c7a3092 ] Request (ServerDiagnosticsV248Test:test_get_server_diagnostics): 200 GET http://10.180.1.21/compute/v2.1/servers/3a19b6bd-973a-4e74-a3f3-e188a4848444 1.117s
2025-04-03 22:47:54.297 70267 INFO tempest.lib.common.rest_client [req-de103472-11cd-4bf4-b247-79ce2f86937d req-de103472-11cd-4bf4-b247-79ce2f86937d ] Request (QuotaClassesAdminTestJSON:test_update_default_quotas): 200 GET http://10.180.1.21/compute/v2.1/os-quota-class-sets/default 0.848s
2025-04-03 22:47:54.342 70312 INFO tempest.lib.common.rest_client [req-c54707a3-eb9f-44d3-bb4d-35b9504a89dd req-c54707a3-eb9f-44d3-bb4d-35b9504a89dd ] Request (FloatingIPsAssociationTestJSON:test_associate_already_associated_floating_ip): 200 GET http://10.180.1.21/compute/v2.1/servers/c703a9fa-029e-4030-b8fd-8076b1bd713c 0.779s
2025-04-03 22:47:54.348 70283 INFO tempest.lib.common.rest_client [req-0b042ad1-aba4-43b5-af37-f8810f6c4ab7 req-0b042ad1-aba4-43b5-af37-f8810f6c4ab7 ] Request (SecurityGroupsTestJSON:test_list_security_groups_by_server): 200 GET http://10.180.1.21/compute/v2.1/servers/a3c91cbb-66ac-439e-8d6c-476c39c9d6d9 0.719s
2025-04-03 22:47:54.354 70285 INFO tempest.lib.common.rest_client [req-e9e5a1eb-ecb9-4020-bdf8-43e1229a2208 req-e9e5a1eb-ecb9-4020-bdf8-43e1229a2208 ] Request (TenantUsagesTestJSON:setUpClass): 201 POST http://10.180.1.21/identity/v3/auth/tokens 0.071s
2025-04-03 22:47:54.355 70285 WARNING tempest.lib.common.rest_client [-] Deprecated: "tenant_id" property is deprecated for removal, use "project_id" instead
2025-04-03 22:47:54.360 70310 INFO tempest.lib.common.rest_client [req-8173ee87-bdc6-4052-ac02-df023c7bf9e0 req-8173ee87-bdc6-4052-ac02-df023c7bf9e0 ] Request (ServerActionsV293TestJSON:setUpClass): 200 GET http://10.180.1.21/volume/v3/volumes/fd924afa-9065-4d35-9957-0bb15a92dab5 0.026s
2025-04-03 22:47:54.407 70285 INFO tempest.lib.common.rest_client [req-ae6e8025-2d13-46ec-af00-c022ecc00df0 req-ae6e8025-2d13-46ec-af00-c022ecc00df0 ] Request (TenantUsagesTestJSON:setUpClass): 201 POST http://10.180.1.21/identity/v3/auth/tokens 0.048s
2025-04-03 22:47:54.407 70285 INFO tempest.lib.common.fixed_network [-] (TenantUsagesTestJSON:setUpClass) Found network None available for tenant
2025-04-03 22:47:54.430 70265 INFO tempest.lib.common.rest_client [req-a6811e35-1b3e-4851-a2f0-dc5cdb68e360 req-a6811e35-1b3e-4851-a2f0-dc5cdb68e360 ] Request (ExtensionsTest:test_get_extension): 200 GET http://10.180.1.21/compute/v2.1/extensions/os-consoles 0.708s
2025-04-03 22:47:54.451 70304 INFO tempest.lib.common.rest_client [req-14220a92-7ee2-4452-8af0-51524c85a475 req-14220a92-7ee2-4452-8af0-51524c85a475 ] Request (MigrationsAdminTest:test_list_migrations_in_flavor_resize_situation): 200 GET http://10.180.1.21/compute/v2.1/servers/57099f0b-431e-418d-87f4-dc00199920e2 0.774s
2025-04-03 22:47:54.456 70302 INFO tempest.lib.common.rest_client [req-ccf6551a-17fb-4a9d-a7c9-5dbd314a5a80 req-ccf6551a-17fb-4a9d-a7c9-5dbd314a5a80 ] Request (MultipleCreateNegativeTestJSON:test_max_count_less_than_one): 400 POST http://10.180.1.21/compute/v2.1/servers 0.567s
2025-04-03 22:47:54.459 70304 INFO tempest.common.waiters [-] State transition "BUILD/spawning" ==> "ACTIVE/None" after 34 second wait
2025-04-03 22:47:54.481 70294 INFO tempest.lib.common.rest_client [req-51d4c1f8-7b5b-49ea-9f7d-eb2a3ceec51d req-51d4c1f8-7b5b-49ea-9f7d-eb2a3ceec51d ] Request (InstanceActionsTestJSON:tearDownClass): 200 GET http://10.180.1.21/compute/v2.1/servers/c31dfcdf-a92b-45c4-986a-3719c7cecd35 0.632s
2025-04-03 22:47:54.484 70281 INFO tempest.lib.common.rest_client [req-55987077-027c-4f3f-89e1-2adbbadb85c8 req-55987077-027c-4f3f-89e1-2adbbadb85c8 ] Request (VolumesSnapshotsTestJSON:test_volume_snapshot_create_get_list_delete): 200 GET http://10.180.1.21/compute/v2.1/os-volumes/d29a8ee6-ff16-4662-b852-bbec9c81e07d 0.521s
2025-04-03 22:47:54.486 70281 INFO tempest.common.waiters [-] volume d29a8ee6-ff16-4662-b852-bbec9c81e07d reached available after waiting for 0.486524 seconds
2025-04-03 22:47:54.487 70294 INFO tempest.common.waiters [-] State transition "ACTIVE/deleting" ==> "DELETED/None" after 3 second wait
2025-04-03 22:47:54.507 70302 INFO tempest.lib.common.rest_client [req-c218c8f3-3059-410d-9fc7-2f1062831864 req-c218c8f3-3059-410d-9fc7-2f1062831864 ] Request (MultipleCreateNegativeTestJSON:test_max_count_non_integer): 201 POST http://10.180.1.21/identity/v3/auth/tokens 0.047s
2025-04-03 22:47:54.508 70302 INFO tempest.lib.common.fixed_network [-] (MultipleCreateNegativeTestJSON:test_max_count_non_integer) Found network None available for tenant
2025-04-03 22:47:54.576 70293 INFO tempest.lib.common.rest_client [req-3bef9ec7-9ae5-4618-8b01-822d032d05d6 req-3bef9ec7-9ae5-4618-8b01-822d032d05d6 ] Request (SecurityGroupRulesTestJSON:test_security_group_rules_list): 200 POST http://10.180.1.21/compute/v2.1/os-security-group-rules 0.510s
2025-04-03 22:47:54.621 70261 INFO tempest.lib.common.rest_client [req-b74b8a04-268b-4ac9-9ff8-bab6712273d3 req-b74b8a04-268b-4ac9-9ff8-bab6712273d3 ] Request (FloatingIPsAssociationNegativeTestJSON:setUpClass): 200 GET http://10.180.1.21/compute/v2.1/servers/0acc5a3d-2d04-4126-898d-f0b832025714 0.367s
2025-04-03 22:47:54.680 70306 INFO tempest.lib.common.rest_client [req-fb7fa2e3-3442-4117-b7c2-987ff6f515aa req-fb7fa2e3-3442-4117-b7c2-987ff6f515aa ] Request (InstanceActionsNegativeTestJSON:tearDownClass): 200 GET http://10.180.1.21/compute/v2.1/servers/27839bc7-8d6f-4f3e-b858-9c6a76639245 0.410s
2025-04-03 22:47:54.731 70267 INFO tempest.lib.common.rest_client [req-f545f37b-f558-4ffd-92b5-81975241032a req-f545f37b-f558-4ffd-92b5-81975241032a ] Request (QuotaClassesAdminTestJSON:_run_cleanups): 200 PUT http://10.180.1.21/compute/v2.1/os-quota-class-sets/default 0.431s
2025-04-03 22:47:54.794 70263 INFO tempest.lib.common.rest_client [req-7f1724ae-8329-43b8-a7c9-3daaaabfd36a req-7f1724ae-8329-43b8-a7c9-3daaaabfd36a ] Request (ServersAdmin275Test:test_rebuild_update_server_275): 200 GET http://10.180.1.21/compute/v2.1/servers/28bfa503-373a-4cd3-b667-2cb6c427fb17 0.463s
2025-04-03 22:47:54.845 70318 INFO tempest.lib.common.rest_client [req-e0c9f21e-2e03-4ec0-aed5-025b74963fd9 req-e0c9f21e-2e03-4ec0-aed5-025b74963fd9 ] Request (MultipleCreateTestJSON:test_multiple_create_with_reservation_return): 200 GET http://10.180.1.21/compute/v2.1/servers/34eb9dfc-e46f-4d0c-b34f-a8860772cf11 0.482s
2025-04-03 22:47:54.849 70267 INFO tempest.lib.common.rest_client [req-7b4aeaff-6bdb-44e3-9a6f-111d62d9b68c req-7b4aeaff-6bdb-44e3-9a6f-111d62d9b68c ] Request (QuotaClassesAdminTestJSON:tearDownClass): 204 DELETE http://10.180.1.21/identity/v3/users/4432af7451794726ae37bda72387567b 0.115s
2025-04-03 22:47:54.953 70257 INFO tempest.lib.common.rest_client [req-7bc4705a-1dc8-437e-ad24-3838dad661d1 req-7bc4705a-1dc8-437e-ad24-3838dad661d1 ] Request (ImagesOneServerTestJSON:test_create_delete_image): 202 POST http://10.180.1.21/compute/v2.1/servers/821dd3d2-6dd4-4fcc-b3e6-ca756089ee2d/action 0.767s
2025-04-03 22:47:54.956 70267 INFO tempest.lib.common.rest_client [req-4c258d7d-18a4-468c-b687-54533b828ea8 req-4c258d7d-18a4-468c-b687-54533b828ea8 ] Request (QuotaClassesAdminTestJSON:tearDownClass): 204 DELETE http://10.180.1.21/identity/v3/users/269d063dbcad4eae8d51dc55fbd126e3 0.106s
2025-04-03 22:47:54.957 70267 INFO tempest.lib.common.dynamic_creds [-] Deleting project and security group for project: eead09d37f5145df8c3203ef65345cb6
2025-04-03 22:47:54.971 70265 INFO tempest.lib.common.rest_client [req-ab3f9b16-54b9-4369-848a-58d2d643900d req-ab3f9b16-54b9-4369-848a-58d2d643900d ] Request (ExtensionsTest:test_list_extensions): 200 GET http://10.180.1.21/compute/v2.1/extensions 0.539s
2025-04-03 22:47:55.018 70267 INFO tempest.lib.common.rest_client [req-0cd57a14-6e50-4845-8fd3-0cbb43e04aba req-0cd57a14-6e50-4845-8fd3-0cbb43e04aba ] Request (QuotaClassesAdminTestJSON:tearDownClass): 201 POST http://10.180.1.21/identity/v3/auth/tokens 0.060s
2025-04-03 22:47:55.044 70273 INFO tempest.lib.common.rest_client [req-b78184a3-d9f2-4443-aa8d-21feac40f904 req-b78184a3-d9f2-4443-aa8d-21feac40f904 ] Request (ServerDiagnosticsNegativeTest:tearDownClass): 200 GET http://10.180.1.21/compute/v2.1/servers/73dd564b-5d45-4406-a4f4-072084f194ad 0.594s
2025-04-03 22:47:55.089 70265 INFO tempest.lib.common.rest_client [req-9bd254c5-848b-4343-9192-e038cef40711 req-9bd254c5-848b-4343-9192-e038cef40711 ] Request (ExtensionsTest:tearDownClass): 204 DELETE http://10.180.1.21/identity/v3/users/ce7418ba2e084b83adec0a420a692b02 0.105s
2025-04-03 22:47:55.089 70265 INFO tempest.lib.common.dynamic_creds [-] Deleting project and security group for project: c72d2a861767455ebd728d368fee5c86
2025-04-03 22:47:55.155 70265 INFO tempest.lib.common.rest_client [req-bd971ef9-8fe0-4965-bc36-061b8abe4685 req-bd971ef9-8fe0-4965-bc36-061b8abe4685 ] Request (ExtensionsTest:tearDownClass): 201 POST http://10.180.1.21/identity/v3/auth/tokens 0.066s
2025-04-03 22:47:55.220 70285 INFO tempest.lib.common.rest_client [req-782ae1d2-fd53-4014-afff-17da5a6a768d req-782ae1d2-fd53-4014-afff-17da5a6a768d ] Request (TenantUsagesTestJSON:setUpClass): 202 POST http://10.180.1.21/compute/v2.1/servers 0.812s
2025-04-03 22:47:55.267 70304 INFO tempest.lib.common.rest_client [req-9fea5100-c100-4251-8eaf-21528234f41a req-9fea5100-c100-4251-8eaf-21528234f41a ] Request (MigrationsAdminTest:test_list_migrations_in_flavor_resize_situation): 202 POST http://10.180.1.21/compute/v2.1/servers/57099f0b-431e-418d-87f4-dc00199920e2/action 0.808s
2025-04-03 22:47:55.274 70302 INFO tempest.lib.common.rest_client [req-d09e05a3-f4ff-4bfe-b9b1-de1c4f298ffb req-d09e05a3-f4ff-4bfe-b9b1-de1c4f298ffb ] Request (MultipleCreateNegativeTestJSON:test_max_count_non_integer): 400 POST http://10.180.1.21/compute/v2.1/servers 0.766s
2025-04-03 22:47:55.281 70267 INFO tempest.lib.common.rest_client [req-b7c2052b-58d9-481b-aadb-637991c61779 req-b7c2052b-58d9-481b-aadb-637991c61779 ] Request (QuotaClassesAdminTestJSON:tearDownClass): 200 GET http://10.180.1.21:9696/networking/v2.0/security-groups?tenant_id=eead09d37f5145df8c3203ef65345cb6&name=default 0.263s
2025-04-03 22:47:55.334 70300 INFO tempest.lib.common.rest_client [req-37c4607d-e663-4be3-b7f4-9dcdded2e5b1 req-37c4607d-e663-4be3-b7f4-9dcdded2e5b1 ] Request (ServerDiagnosticsTest:test_get_server_diagnostics): 200 GET http://10.180.1.21/compute/v2.1/servers/821e3737-9932-439c-8031-29a6e4eb5462 0.820s
2025-04-03 22:47:55.363 70302 INFO tempest.lib.common.rest_client [req-fab4e0be-aa72-45ff-8f5c-afe6b3b3b319 req-fab4e0be-aa72-45ff-8f5c-afe6b3b3b319 ] Request (MultipleCreateNegativeTestJSON:test_min_count_less_than_one): 201 POST http://10.180.1.21/identity/v3/auth/tokens 0.081s
2025-04-03 22:47:55.364 70302 INFO tempest.lib.common.fixed_network [-] (MultipleCreateNegativeTestJSON:test_min_count_less_than_one) Found network None available for tenant
2025-04-03 22:47:55.391 70296 INFO tempest.lib.common.rest_client [req-f150e68b-4e6e-463c-bc00-be45abd47c35 req-f150e68b-4e6e-463c-bc00-be45abd47c35 ] Request (ServersNegativeTestJSON:setUpClass): 200 GET http://10.180.1.21/compute/v2.1/servers/38194bdc-f13e-4d0a-bb3a-9b9a3d8ecfd5 0.864s
2025-04-03 22:47:55.414 70281 INFO tempest.lib.common.rest_client [req-dec7a5ce-ade7-4766-82f8-0c59b50e0d13 req-dec7a5ce-ade7-4766-82f8-0c59b50e0d13 ] Request (VolumesSnapshotsTestJSON:test_volume_snapshot_create_get_list_delete): 200 POST http://10.180.1.21/compute/v2.1/os-snapshots 0.928s
2025-04-03 22:47:55.414 70265 INFO tempest.lib.common.rest_client [req-603a90d7-569e-43b1-b6c3-7c500bec0d99 req-603a90d7-569e-43b1-b6c3-7c500bec0d99 ] Request (ExtensionsTest:tearDownClass): 200 GET http://10.180.1.21:9696/networking/v2.0/security-groups?tenant_id=c72d2a861767455ebd728d368fee5c86&name=default 0.259s
2025-04-03 22:47:55.415 70310 INFO tempest.lib.common.rest_client [req-3f12e3f0-582e-4a8c-a2b5-17d65355b962 req-3f12e3f0-582e-4a8c-a2b5-17d65355b962 ] Request (ServerActionsV293TestJSON:setUpClass): 200 GET http://10.180.1.21/volume/v3/volumes/fd924afa-9065-4d35-9957-0bb15a92dab5 0.046s
2025-04-03 22:47:55.441 70267 INFO tempest.lib.common.rest_client [req-07d77541-279b-46ce-a95c-d3ea3858fcbf req-07d77541-279b-46ce-a95c-d3ea3858fcbf ] Request (QuotaClassesAdminTestJSON:tearDownClass): 204 DELETE http://10.180.1.21:9696/networking/v2.0/security-groups/17109503-2035-4ebe-bb9f-3911b528a730 0.159s
2025-04-03 22:47:55.447 70293 INFO tempest.lib.common.rest_client [req-7857c261-728d-4b71-9354-473b3cd3aa6b req-7857c261-728d-4b71-9354-473b3cd3aa6b ] Request (SecurityGroupRulesTestJSON:test_security_group_rules_list): 200 GET http://10.180.1.21/compute/v2.1/os-security-groups/84f73f96-9caf-4524-8084-af90e7bd43c9 0.868s
2025-04-03 22:47:55.510 70289 INFO tempest.lib.common.rest_client [req-555078e0-1eb3-44ac-bd97-f811d9386894 req-555078e0-1eb3-44ac-bd97-f811d9386894 ] Request (DeleteServersAdminTestJSON:test_delete_server_while_in_error_state): 200 GET http://10.180.1.21/compute/v2.1/servers/65557afd-6dc1-4a05-b41f-f64895225a44 0.926s
2025-04-03 22:47:55.514 70267 INFO tempest.lib.common.rest_client [req-c9f3f4fd-03ee-4cb4-9dcf-7768a4c564fb req-c9f3f4fd-03ee-4cb4-9dcf-7768a4c564fb ] Request (QuotaClassesAdminTestJSON:tearDownClass): 204 DELETE http://10.180.1.21/identity/v3/projects/eead09d37f5145df8c3203ef65345cb6 0.072s
2025-04-03 22:47:55.514 70267 INFO tempest.lib.common.dynamic_creds [-] Deleting project and security group for project: 4d670d9dd98945be8989aa294541fe06
2025-04-03 22:47:55.558 70265 INFO tempest.lib.common.rest_client [req-9d3d012b-6788-4518-9035-f06b5f6c30c6 req-9d3d012b-6788-4518-9035-f06b5f6c30c6 ] Request (ExtensionsTest:tearDownClass): 204 DELETE http://10.180.1.21:9696/networking/v2.0/security-groups/152b37ed-b775-41fe-a88d-0f889071c482 0.143s
2025-04-03 22:47:55.575 70271 INFO tempest.lib.common.rest_client [req-3b4bc019-1c5c-42c4-a759-eb96314e0f4e req-3b4bc019-1c5c-42c4-a759-eb96314e0f4e ] Request (ServerActionsTestJSON:setUpClass): 200 GET http://10.180.1.21/compute/v2.1/servers/a87074ec-1813-448c-be2b-e50be5324256 0.914s
2025-04-03 22:47:55.581 70314 INFO tempest.lib.common.rest_client [req-4dcd59f1-d5b0-4e06-a57e-0c424be340c7 req-4dcd59f1-d5b0-4e06-a57e-0c424be340c7 ] Request (ServersTestFqdnHostnames:test_create_server_with_fqdn_name): 200 GET http://10.180.1.21/compute/v2.1/servers/d5d14fe9-b56d-49ea-8d83-5e94439e8534 0.940s
2025-04-03 22:47:55.631 70279 INFO tempest.lib.common.rest_client [req-45c75768-c18b-4df2-abcd-9cacc12a2790 req-45c75768-c18b-4df2-abcd-9cacc12a2790 ] Request (ImagesNegativeTestJSON:test_create_image_from_deleted_server): 200 GET http://10.180.1.21/compute/v2.1/servers/b3a9ebe6-7b48-48e1-b46f-2fc2c6df9b4c 0.734s
2025-04-03 22:47:55.664 70287 INFO tempest.lib.common.rest_client [req-d9654869-f401-4fd2-bb8f-2a622c51da52 req-d9654869-f401-4fd2-bb8f-2a622c51da52 ] Request (ListServersNegativeTestJSON:setUpClass): 200 GET http://10.180.1.21/compute/v2.1/servers/a65e82f5-6c9d-4a41-aaae-b85e362f527e 0.935s
2025-04-03 22:47:55.671 70265 INFO tempest.lib.common.rest_client [req-7bdb6cae-0b89-4f9d-944b-99e8784918c2 req-7bdb6cae-0b89-4f9d-944b-99e8784918c2 ] Request (ExtensionsTest:tearDownClass): 204 DELETE http://10.180.1.21/identity/v3/projects/c72d2a861767455ebd728d368fee5c86 0.112s
2025-04-03 22:47:55.677 70287 INFO tempest.common.waiters [-] State transition "BUILD/scheduling" ==> "BUILD/None" after 13 second wait
2025-04-03 22:47:55.692 70320 INFO tempest.lib.common.rest_client [req-5d7389b4-c991-45ba-9235-9dd8cc5a1215 req-5d7389b4-c991-45ba-9235-9dd8cc5a1215 ] Request (ServersWithSpecificFlavorTestJSON:test_verify_created_server_ephemeral_disk): 200 GET http://10.180.1.21/compute/v2.1/servers/d43bb025-2fac-4629-b4b3-5d77abdbf582 0.744s
2025-04-03 22:47:55.702 70267 INFO tempest.lib.common.rest_client [req-0707960c-0905-44a8-92ac-247ff88e529e req-0707960c-0905-44a8-92ac-247ff88e529e ] Request (QuotaClassesAdminTestJSON:tearDownClass): 200 GET http://10.180.1.21:9696/networking/v2.0/security-groups?tenant_id=4d670d9dd98945be8989aa294541fe06&name=default 0.187s
2025-04-03 22:47:55.715 70257 INFO tempest.lib.common.rest_client [req-238e4728-210a-4d02-9c10-afe818ca421f req-238e4728-210a-4d02-9c10-afe818ca421f ] Request (ImagesOneServerTestJSON:test_create_delete_image): 200 GET http://10.180.1.21/compute/v2.1/images/df863195-2cef-49a4-b9bc-445ec0b51a67 0.760s
2025-04-03 22:47:55.763 70298 INFO tempest.lib.common.rest_client [req-1eeaba4d-0026-466e-8fef-5033f54e23be req-1eeaba4d-0026-466e-8fef-5033f54e23be ] Request (ServersAdminTestJSON:test_create_server_with_scheduling_hint): 200 GET http://10.180.1.21/compute/v2.1/servers/9dbd6bcd-466e-473b-ba23-edf62703e440 0.724s
2025-04-03 22:47:55.773 70285 INFO tempest.lib.common.rest_client [req-401a3321-7b20-4bbe-a448-da9f59329cea req-401a3321-7b20-4bbe-a448-da9f59329cea ] Request (TenantUsagesTestJSON:setUpClass): 200 GET http://10.180.1.21/compute/v2.1/servers/de55432c-0427-421a-bac7-cd2fc34c9749 0.551s
2025-04-03 22:47:55.848 70267 INFO tempest.lib.common.rest_client [req-83f43bdb-fc1d-4193-ad8b-52e07507542b req-83f43bdb-fc1d-4193-ad8b-52e07507542b ] Request (QuotaClassesAdminTestJSON:tearDownClass): 204 DELETE http://10.180.1.21:9696/networking/v2.0/security-groups/b1489dc0-82e1-4687-a261-9442187ab933 0.145s
2025-04-03 22:47:55.856 70316 INFO tempest.lib.common.rest_client [req-9675dd17-4f87-4cf8-9bc4-30c518e48294 req-9675dd17-4f87-4cf8-9bc4-30c518e48294 ] Request (ServerShowV257Test:test_rebuild_server): 200 GET http://10.180.1.21/compute/v2.1/servers/d7fa2236-1a8a-4a1a-9e0a-edeb7e9db5fa 0.620s
2025-04-03 22:47:55.915 70304 INFO tempest.lib.common.rest_client [req-5ed01cd3-8b99-4f3e-bb98-96e9e0d9d4bf req-5ed01cd3-8b99-4f3e-bb98-96e9e0d9d4bf ] Request (MigrationsAdminTest:test_list_migrations_in_flavor_resize_situation): 200 GET http://10.180.1.21/compute/v2.1/servers/57099f0b-431e-418d-87f4-dc00199920e2 0.648s
2025-04-03 22:47:55.930 70275 INFO tempest.lib.common.rest_client [req-5d94b276-c07e-444f-a23b-7a52854dd8f6 req-5d94b276-c07e-444f-a23b-7a52854dd8f6 ] Request (DeleteServersTestJSON:test_delete_active_server): 200 GET http://10.180.1.21/compute/v2.1/servers/0d598d7c-fcb0-40fd-aeb3-e2db6c72cdb4 0.641s
2025-04-03 22:47:55.966 70267 INFO tempest.lib.common.rest_client [req-e094315a-91d2-4094-b8ac-aac908e73ed3 req-e094315a-91d2-4094-b8ac-aac908e73ed3 ] Request (QuotaClassesAdminTestJSON:tearDownClass): 204 DELETE http://10.180.1.21/identity/v3/projects/4d670d9dd98945be8989aa294541fe06 0.115s
2025-04-03 22:47:55.972 70269 INFO tempest.lib.common.rest_client [req-3cfb0dc1-d65b-4c5b-85ac-44afab1e45ff req-3cfb0dc1-d65b-4c5b-85ac-44afab1e45ff ] Request (ServerDiagnosticsV248Test:test_get_server_diagnostics): 200 GET http://10.180.1.21/compute/v2.1/servers/3a19b6bd-973a-4e74-a3f3-e188a4848444 0.664s
2025-04-03 22:47:55.984 70269 INFO tempest.common.waiters [-] State transition "BUILD/None" ==> "BUILD/block_device_mapping" after 24 second wait
2025-04-03 22:47:55.986 70312 INFO tempest.lib.common.rest_client [req-6af1428e-1c0c-46ee-bcfb-1a11e3cb1175 req-6af1428e-1c0c-46ee-bcfb-1a11e3cb1175 ] Request (FloatingIPsAssociationTestJSON:test_associate_already_associated_floating_ip): 200 GET http://10.180.1.21/compute/v2.1/servers/c703a9fa-029e-4030-b8fd-8076b1bd713c 0.636s
2025-04-03 22:47:55.994 70302 INFO tempest.lib.common.rest_client [req-9687d222-dd39-464e-8141-3eed873a155e req-9687d222-dd39-464e-8141-3eed873a155e ] Request (MultipleCreateNegativeTestJSON:test_min_count_less_than_one): 400 POST http://10.180.1.21/compute/v2.1/servers 0.630s
2025-04-03 22:47:56.027 70281 INFO tempest.lib.common.rest_client [req-aef4fd49-09cd-41f7-ae56-bd60898632ed req-aef4fd49-09cd-41f7-ae56-bd60898632ed ] Request (VolumesSnapshotsTestJSON:test_volume_snapshot_create_get_list_delete): 200 GET http://10.180.1.21/compute/v2.1/os-snapshots/893048b1-1216-442d-a0d3-bc22222831e3 0.610s
2025-04-03 22:47:56.027 70283 INFO tempest.lib.common.rest_client [req-14231e2c-1c76-4961-8dfa-19d42df108e3 req-14231e2c-1c76-4961-8dfa-19d42df108e3 ] Request (SecurityGroupsTestJSON:test_list_security_groups_by_server): 200 GET http://10.180.1.21/compute/v2.1/servers/a3c91cbb-66ac-439e-8d6c-476c39c9d6d9 0.670s
2025-04-03 22:47:56.058 70267 INFO tempest.lib.common.rest_client [req-9f88265c-cd90-4137-961d-e1a95410f984 req-9f88265c-cd90-4137-961d-e1a95410f984 ] Request (ImagesTestJSON:setUpClass): 201 POST http://10.180.1.21/identity/v3/auth/tokens 0.091s
2025-04-03 22:47:56.067 70302 INFO tempest.lib.common.rest_client [req-a08dd0e4-62a9-4210-8de7-7dee0be40ede req-a08dd0e4-62a9-4210-8de7-7dee0be40ede ] Request (MultipleCreateNegativeTestJSON:test_min_count_non_integer): 201 POST http://10.180.1.21/identity/v3/auth/tokens 0.067s
2025-04-03 22:47:56.067 70302 INFO tempest.lib.common.fixed_network [-] (MultipleCreateNegativeTestJSON:test_min_count_non_integer) Found network None available for tenant
2025-04-03 22:47:56.091 70294 INFO tempest.lib.common.rest_client [req-71037c00-4d10-4df5-a6bd-c6edebdbceb7 req-71037c00-4d10-4df5-a6bd-c6edebdbceb7 ] Request (InstanceActionsTestJSON:tearDownClass): 200 GET http://10.180.1.21/compute/v2.1/servers/c31dfcdf-a92b-45c4-986a-3719c7cecd35 0.603s
2025-04-03 22:47:56.093 70267 INFO tempest.lib.common.rest_client [req-9f53f318-1c05-45dc-95ca-a3e0643ba4fe req-9f53f318-1c05-45dc-95ca-a3e0643ba4fe ] Request (ImagesTestJSON:setUpClass): 201 POST http://10.180.1.21/identity/v3/auth/tokens 0.032s
2025-04-03 22:47:56.125 70267 INFO tempest.lib.common.rest_client [req-b6cb3dfd-0f7b-4767-850f-adfbdc90a0f9 req-b6cb3dfd-0f7b-4767-850f-adfbdc90a0f9 ] Request (ImagesTestJSON:setUpClass): 200 GET http://10.180.1.21/identity/v3/domains?name=Default 0.031s
2025-04-03 22:47:56.157 70267 INFO tempest.lib.common.rest_client [req-b95a0fca-af56-45e8-8044-27347460b6c4 req-b95a0fca-af56-45e8-8044-27347460b6c4 ] Request (ImagesTestJSON:setUpClass): 201 POST http://10.180.1.21/identity/v3/projects 0.032s
2025-04-03 22:47:56.169 70261 INFO tempest.lib.common.rest_client [req-08219d1f-43af-4dcc-9212-654a91ffc6f6 req-08219d1f-43af-4dcc-9212-654a91ffc6f6 ] Request (FloatingIPsAssociationNegativeTestJSON:setUpClass): 200 GET http://10.180.1.21/compute/v2.1/servers/0acc5a3d-2d04-4126-898d-f0b832025714 0.540s
2025-04-03 22:47:56.188 70293 INFO tempest.lib.common.rest_client [req-32326a5f-ab02-4b20-ad52-ff9e95132e27 req-32326a5f-ab02-4b20-ad52-ff9e95132e27 ] Request (SecurityGroupRulesTestJSON:_run_cleanups): 202 DELETE http://10.180.1.21/compute/v2.1/os-security-group-rules/8c4b3f5d-1b34-4154-8fca-088c63edea06 0.734s
2025-04-03 22:47:56.231 70267 INFO tempest.lib.common.rest_client [req-0421bf8e-391a-4235-80cd-ec5ee24d3de2 req-0421bf8e-391a-4235-80cd-ec5ee24d3de2 ] Request (ImagesTestJSON:setUpClass): 201 POST http://10.180.1.21/identity/v3/users 0.073s
2025-04-03 22:47:56.236 70306 INFO tempest.lib.common.rest_client [req-03275eff-eb3c-400b-b4f3-a59be9c8ef8c req-03275eff-eb3c-400b-b4f3-a59be9c8ef8c ] Request (InstanceActionsNegativeTestJSON:tearDownClass): 200 GET http://10.180.1.21/compute/v2.1/servers/27839bc7-8d6f-4f3e-b858-9c6a76639245 0.548s
2025-04-03 22:47:56.260 70267 INFO tempest.lib.common.rest_client [req-fa73b124-3688-4abd-b319-66d594b7f272 req-fa73b124-3688-4abd-b319-66d594b7f272 ] Request (ImagesTestJSON:setUpClass): 200 GET http://10.180.1.21/identity/v3/roles 0.028s
2025-04-03 22:47:56.274 70263 INFO tempest.lib.common.rest_client [req-69aff1aa-52e1-4f24-935d-1b4d39382b0a req-69aff1aa-52e1-4f24-935d-1b4d39382b0a ] Request (ServersAdmin275Test:test_rebuild_update_server_275): 200 GET http://10.180.1.21/compute/v2.1/servers/28bfa503-373a-4cd3-b667-2cb6c427fb17 0.469s
2025-04-03 22:47:56.293 70267 INFO tempest.lib.common.rest_client [req-f0485a97-2a49-4014-bd0e-45c537082110 req-f0485a97-2a49-4014-bd0e-45c537082110 ] Request (ImagesTestJSON:setUpClass): 204 PUT http://10.180.1.21/identity/v3/projects/042be2d5f2014c2ab3e6b1e1c1d192b1/users/b036528598de4b23b526e930296e0378/roles/4e57bc91f0b84ee0b63f3cf0af809636 0.032s
2025-04-03 22:47:56.293 70267 INFO tempest.lib.common.dynamic_creds [-] Dynamic test user b036528598de4b23b526e930296e0378 is created with scope project and roles: ['member']
2025-04-03 22:47:56.293 70267 INFO tempest.lib.common.dynamic_creds [-] Acquired dynamic creds: credentials: Credentials: {'domain_id': 'default', 'domain_name': 'Default', 'username': 'tempest-ImagesTestJSON-701524429-project-member', 'project_domain_id': 'default', 'project_domain_name': 'Default', 'project_id': '042be2d5f2014c2ab3e6b1e1c1d192b1', 'project_name': 'tempest-ImagesTestJSON-701524429', 'tenant_id': '042be2d5f2014c2ab3e6b1e1c1d192b1', 'tenant_name': 'tempest-ImagesTestJSON-701524429', 'user_domain_id': 'default', 'user_domain_name': 'Default', 'user_id': 'b036528598de4b23b526e930296e0378', 'system': None}, Network: None, Subnet: None, Router: None
2025-04-03 22:47:56.301 70318 INFO tempest.lib.common.rest_client [req-83475cec-628b-42d8-9c87-e04e1b53817d req-83475cec-628b-42d8-9c87-e04e1b53817d ] Request (MultipleCreateTestJSON:test_multiple_create_with_reservation_return): 200 GET http://10.180.1.21/compute/v2.1/servers/34eb9dfc-e46f-4d0c-b34f-a8860772cf11 0.448s
2025-04-03 22:47:56.313 70281 INFO tempest.lib.common.rest_client [req-92ec2946-4c63-49ce-af84-888e9b610591 req-92ec2946-4c63-49ce-af84-888e9b610591 ] Request (VolumesSnapshotsTestJSON:test_volume_snapshot_create_get_list_delete): 200 GET http://10.180.1.21/compute/v2.1/os-snapshots 0.284s
2025-04-03 22:47:56.322 70302 INFO tempest.lib.common.rest_client [req-a0438b94-2004-4b60-8420-ba222b3c6dab req-a0438b94-2004-4b60-8420-ba222b3c6dab ] Request (MultipleCreateNegativeTestJSON:test_min_count_non_integer): 400 POST http://10.180.1.21/compute/v2.1/servers 0.254s
2025-04-03 22:47:56.358 70273 INFO tempest.lib.common.rest_client [req-b7013cfe-f390-43cd-bbc6-008d8d400f91 req-b7013cfe-f390-43cd-bbc6-008d8d400f91 ] Request (ServerDiagnosticsNegativeTest:tearDownClass): 200 GET http://10.180.1.21/compute/v2.1/servers/73dd564b-5d45-4406-a4f4-072084f194ad 0.302s
2025-04-03 22:47:56.365 70267 INFO tempest.lib.common.rest_client [req-9ca6a116-e3fc-4c60-8dcb-e142ef70ed31 req-9ca6a116-e3fc-4c60-8dcb-e142ef70ed31 ] Request (ImagesTestJSON:setUpClass): 201 POST http://10.180.1.21/identity/v3/auth/tokens 0.071s
2025-04-03 22:47:56.383 70281 INFO tempest.lib.common.rest_client [req-1f24998a-726f-41d0-8433-8c3e5aff383e req-1f24998a-726f-41d0-8433-8c3e5aff383e ] Request (VolumesSnapshotsTestJSON:_run_cleanups): 200 GET http://10.180.1.21/compute/v2.1/os-snapshots/893048b1-1216-442d-a0d3-bc22222831e3 0.068s
2025-04-03 22:47:56.385 70281 INFO tempest.common.waiters [-] snapshot 893048b1-1216-442d-a0d3-bc22222831e3 reached available after waiting for 0.385045 seconds
2025-04-03 22:47:56.435 70302 INFO tempest.lib.common.rest_client [req-e93b4d85-400f-4956-a538-a462ab8c241d req-e93b4d85-400f-4956-a538-a462ab8c241d ] Request (MultipleCreateNegativeTestJSON:tearDownClass): 204 DELETE http://10.180.1.21/identity/v3/users/dfe98fec8b824979b0a2f520a91016fe 0.106s
2025-04-03 22:47:56.435 70302 INFO tempest.lib.common.dynamic_creds [-] Deleting project and security group for project: 094de046ea3242e8b6d64d584cc1c176
2025-04-03 22:47:56.436 70293 INFO tempest.lib.common.rest_client [req-26827144-a7a3-4335-ae23-aba5a4f396d1 req-26827144-a7a3-4335-ae23-aba5a4f396d1 ] Request (SecurityGroupRulesTestJSON:tearDownClass): 202 DELETE http://10.180.1.21/compute/v2.1/os-security-groups/84f73f96-9caf-4524-8084-af90e7bd43c9 0.246s
2025-04-03 22:47:56.455 70300 INFO tempest.lib.common.rest_client [req-1ad90dd7-1433-49eb-8a0c-6cda35964be1 req-1ad90dd7-1433-49eb-8a0c-6cda35964be1 ] Request (ServerDiagnosticsTest:test_get_server_diagnostics): 200 GET http://10.180.1.21/compute/v2.1/servers/821e3737-9932-439c-8031-29a6e4eb5462 0.110s
2025-04-03 22:47:56.465 70310 INFO tempest.lib.common.rest_client [req-0a992c95-6d76-4869-8d82-2ef63461bce4 req-0a992c95-6d76-4869-8d82-2ef63461bce4 ] Request (ServerActionsV293TestJSON:setUpClass): 200 GET http://10.180.1.21/volume/v3/volumes/fd924afa-9065-4d35-9957-0bb15a92dab5 0.042s
2025-04-03 22:47:56.492 70281 INFO tempest.lib.common.rest_client [req-4ecb2547-7359-4195-ae2e-3d7851a1a704 req-4ecb2547-7359-4195-ae2e-3d7851a1a704 ] Request (VolumesSnapshotsTestJSON:_run_cleanups): 202 DELETE http://10.180.1.21/compute/v2.1/os-snapshots/893048b1-1216-442d-a0d3-bc22222831e3 0.107s
2025-04-03 22:47:56.499 70302 INFO tempest.lib.common.rest_client [req-38a2c63c-9e61-4228-9564-a176506170e9 req-38a2c63c-9e61-4228-9564-a176506170e9 ] Request (MultipleCreateNegativeTestJSON:tearDownClass): 201 POST http://10.180.1.21/identity/v3/auth/tokens 0.063s
2025-04-03 22:47:56.510 70293 INFO tempest.lib.common.rest_client [req-bbcef7b0-4508-4c45-ad35-24e502c61f38 req-bbcef7b0-4508-4c45-ad35-24e502c61f38 ] Request (SecurityGroupRulesTestJSON:tearDownClass): 404 DELETE http://10.180.1.21/compute/v2.1/os-security-groups/4a3d2d70-08b0-46ab-9cb0-ad3317bf4b23 0.073s
2025-04-03 22:47:56.518 70296 INFO tempest.lib.common.rest_client [req-fd940888-1eee-4f3d-bd1d-b2b78bde22e1 req-fd940888-1eee-4f3d-bd1d-b2b78bde22e1 ] Request (ServersNegativeTestJSON:setUpClass): 200 GET http://10.180.1.21/compute/v2.1/servers/38194bdc-f13e-4d0a-bb3a-9b9a3d8ecfd5 0.116s
2025-04-03 22:47:56.552 70281 INFO tempest.lib.common.rest_client [req-3dad3646-e260-41c4-99c9-ca4ba0ae26fa req-3dad3646-e260-41c4-99c9-ca4ba0ae26fa ] Request (VolumesSnapshotsTestJSON:_run_cleanups): 200 GET http://10.180.1.21/compute/v2.1/os-snapshots/893048b1-1216-442d-a0d3-bc22222831e3 0.060s
2025-04-03 22:47:56.606 70289 INFO tempest.lib.common.rest_client [req-5428b96f-0b3d-428b-96fd-f358d6df5ff5 req-5428b96f-0b3d-428b-96fd-f358d6df5ff5 ] Request (DeleteServersAdminTestJSON:test_delete_server_while_in_error_state): 200 GET http://10.180.1.21/compute/v2.1/servers/65557afd-6dc1-4a05-b41f-f64895225a44 0.086s
2025-04-03 22:47:56.665 70271 INFO tempest.lib.common.rest_client [req-66d462cd-c953-44a1-a8c9-9d4dae366428 req-66d462cd-c953-44a1-a8c9-9d4dae366428 ] Request (ServerActionsTestJSON:setUpClass): 200 GET http://10.180.1.21/compute/v2.1/servers/a87074ec-1813-448c-be2b-e50be5324256 0.076s
2025-04-03 22:47:56.670 70302 INFO tempest.lib.common.rest_client [req-a2beae4c-d849-4329-8ea9-480ef85ba6b9 req-a2beae4c-d849-4329-8ea9-480ef85ba6b9 ] Request (MultipleCreateNegativeTestJSON:tearDownClass): 200 GET http://10.180.1.21:9696/networking/v2.0/security-groups?tenant_id=094de046ea3242e8b6d64d584cc1c176&name=default 0.170s
2025-04-03 22:47:56.672 70293 INFO tempest.lib.common.rest_client [req-a7cef33c-756a-4ba2-851d-92e7872d91ee req-a7cef33c-756a-4ba2-851d-92e7872d91ee ] Request (SecurityGroupRulesTestJSON:tearDownClass): 202 DELETE http://10.180.1.21/compute/v2.1/os-security-groups/599f617e-d8d8-4908-9712-288f3d7b2d0d 0.162s
2025-04-03 22:47:56.742 70279 INFO tempest.lib.common.rest_client [req-8ad73a70-6c17-43b6-8aac-1ef3558c96a1 req-8ad73a70-6c17-43b6-8aac-1ef3558c96a1 ] Request (ImagesNegativeTestJSON:test_create_image_from_deleted_server): 200 GET http://10.180.1.21/compute/v2.1/servers/b3a9ebe6-7b48-48e1-b46f-2fc2c6df9b4c 0.103s
2025-04-03 22:47:56.792 70314 INFO tempest.lib.common.rest_client [req-df3ba1ba-4987-47f0-9d2a-dc2ced820bd4 req-df3ba1ba-4987-47f0-9d2a-dc2ced820bd4 ] Request (ServersTestFqdnHostnames:test_create_server_with_fqdn_name): 200 GET http://10.180.1.21/compute/v2.1/servers/d5d14fe9-b56d-49ea-8d83-5e94439e8534 0.197s
2025-04-03 22:47:56.831 70302 INFO tempest.lib.common.rest_client [req-3a353d0d-b471-4a5f-a00d-3336417284ac req-3a353d0d-b471-4a5f-a00d-3336417284ac ] Request (MultipleCreateNegativeTestJSON:tearDownClass): 204 DELETE http://10.180.1.21:9696/networking/v2.0/security-groups/fdfb49d7-51c2-4c7e-a95f-6d62a2b76d10 0.160s
2025-04-03 22:47:56.843 70267 INFO tempest.lib.common.rest_client [req-813bdc23-29fd-4de8-bb82-e483482cb31f req-813bdc23-29fd-4de8-bb82-e483482cb31f ] Request (ImagesTestJSON:setUpClass): 201 POST http://10.180.1.21:9696/networking/v2.0/networks 0.477s
2025-04-03 22:47:56.853 70287 INFO tempest.lib.common.rest_client [req-0579f7ef-954c-4b61-a382-1bafb436ebcc req-0579f7ef-954c-4b61-a382-1bafb436ebcc ] Request (ListServersNegativeTestJSON:setUpClass): 200 GET http://10.180.1.21/compute/v2.1/servers/a65e82f5-6c9d-4a41-aaae-b85e362f527e 0.174s
