2025-04-03 08:06:53.950 69047 INFO tempest.lib.common.rest_client [req-c91739c2-3bf2-4bab-b5af-e7e567e1c20b req-c91739c2-3bf2-4bab-b5af-e7e567e1c20b ] Request (AZAdminV2TestJSON:tearDownClass): 200 GET http://10.180.1.21:9696/networking/v2.0/security-groups?tenant_id=ef04342250e44962ad5fd416389c8dc3&name=default 0.232s
2025-04-03 08:06:53.956 69037 INFO tempest.lib.common.rest_client [req-acd70d4c-3403-4e35-9e25-984fd85130c2 req-acd70d4c-3403-4e35-9e25-984fd85130c2 ] Request (ListServerFiltersTestJSON:setUpClass): 200 GET http://10.180.1.21/identity/v3/roles 0.070s
2025-04-03 08:06:53.979 69026 INFO tempest.lib.common.rest_client [req-8234fcc2-e2ac-41ee-942f-f701edf00f7c req-8234fcc2-e2ac-41ee-942f-f701edf00f7c ] Request (QuotaClassesAdmin257Test:setUpClass): 204 PUT http://10.180.1.21/identity/v3/projects/37eb0ba8224744d8b53082ce02b8eddf/users/978e7da9bc6843cb8bd228cba3be6074/roles/5234a12fb3964bb6bf9bfea77e08fcb2 0.045s
2025-04-03 08:06:53.980 69026 INFO tempest.lib.common.dynamic_creds [-] Dynamic test user 978e7da9bc6843cb8bd228cba3be6074 is created with scope project and roles: ['admin']
2025-04-03 08:06:53.980 69026 INFO tempest.lib.common.dynamic_creds [-] Acquired dynamic creds: credentials: Credentials: {'domain_id': 'default', 'domain_name': 'Default', 'username': 'tempest-QuotaClassesAdmin257Test-497023076-project-admin', 'project_domain_id': 'default', 'project_domain_name': 'Default', 'project_id': '37eb0ba8224744d8b53082ce02b8eddf', 'project_name': 'tempest-QuotaClassesAdmin257Test-497023076', 'tenant_id': '37eb0ba8224744d8b53082ce02b8eddf', 'tenant_name': 'tempest-QuotaClassesAdmin257Test-497023076', 'user_domain_id': 'default', 'user_domain_name': 'Default', 'user_id': '978e7da9bc6843cb8bd228cba3be6074', 'system': None}, Network: None, Subnet: None, Router: None
2025-04-03 08:06:53.980 69026 INFO tempest.lib.common.dynamic_creds [-] Created isolated network resources for: credentials: Credentials: {'domain_id': 'default', 'domain_name': 'Default', 'username': 'tempest-QuotaClassesAdmin257Test-497023076-project-admin', 'project_domain_id': 'default', 'project_domain_name': 'Default', 'project_id': '37eb0ba8224744d8b53082ce02b8eddf', 'project_name': 'tempest-QuotaClassesAdmin257Test-497023076', 'tenant_id': '37eb0ba8224744d8b53082ce02b8eddf', 'tenant_name': 'tempest-QuotaClassesAdmin257Test-497023076', 'user_domain_id': 'default', 'user_domain_name': 'Default', 'user_id': '978e7da9bc6843cb8bd228cba3be6074', 'system': None}, Network: None, Subnet: None, Router: None
2025-04-03 08:06:54.042 69020 INFO tempest.lib.common.rest_client [req-4680cd81-87c5-4de8-81d3-89cd6903160d req-4680cd81-87c5-4de8-81d3-89cd6903160d ] Request (NetworksTest:tearDownClass): 204 DELETE http://10.180.1.21:9696/networking/v2.0/security-groups/535b5c02-065c-43f2-8337-e4f0a6c01429 0.265s
2025-04-03 08:06:54.045 69035 INFO tempest.lib.common.rest_client [req-ac4cba2b-ef2a-4fff-8d8d-0d20a6370db0 req-ac4cba2b-ef2a-4fff-8d8d-0d20a6370db0 ] Request (SecurityGroupsTestAdminJSON:test_list_security_groups_list_all_tenants_filter): 200 POST http://10.180.1.21/compute/v2.1/os-security-groups 1.731s
2025-04-03 08:06:54.081 69000 INFO tempest.lib.common.rest_client [req-b56cfab8-00b5-4ca5-94c6-b856f1048465 req-b56cfab8-00b5-4ca5-94c6-b856f1048465 ] Request (HostsAdminTestJSON:test_list_hosts_with_nonexistent_zone): 200 GET http://10.180.1.21/compute/v2.1/os-hosts?zone=xxx 1.729s
2025-04-03 08:06:54.082 69037 INFO tempest.lib.common.rest_client [req-176a5975-ddfc-416b-b20d-b35ceb422fde req-176a5975-ddfc-416b-b20d-b35ceb422fde ] Request (ListServerFiltersTestJSON:setUpClass): 204 PUT http://10.180.1.21/identity/v3/projects/be6579f30b2c418c98a5a373176baf05/users/666d0d2bb76a41948cdb6df7b700429d/roles/893cc1bc207043eea98ffbe5a49282d9 0.125s
2025-04-03 08:06:54.082 69037 INFO tempest.lib.common.dynamic_creds [-] Dynamic test user 666d0d2bb76a41948cdb6df7b700429d is created with scope project and roles: ['member']
2025-04-03 08:06:54.083 69037 INFO tempest.lib.common.dynamic_creds [-] Acquired dynamic creds: credentials: Credentials: {'domain_id': 'default', 'domain_name': 'Default', 'username': 'tempest-ListServerFiltersTestJSON-876714713-project-member', 'project_domain_id': 'default', 'project_domain_name': 'Default', 'project_id': 'be6579f30b2c418c98a5a373176baf05', 'project_name': 'tempest-ListServerFiltersTestJSON-876714713', 'tenant_id': 'be6579f30b2c418c98a5a373176baf05', 'tenant_name': 'tempest-ListServerFiltersTestJSON-876714713', 'user_domain_id': 'default', 'user_domain_name': 'Default', 'user_id': '666d0d2bb76a41948cdb6df7b700429d', 'system': None}, Network: None, Subnet: None, Router: None
2025-04-03 08:06:54.086 69012 INFO tempest.lib.common.rest_client [req-d6e20a07-0877-452e-85bf-09f283a4810b req-d6e20a07-0877-452e-85bf-09f283a4810b ] Request (HostsAdminNegativeTestJSON:test_reboot_host_with_non_admin_user): 403 GET http://10.180.1.21/compute/v2.1/os-hosts/devstack/reboot 1.699s
2025-04-03 08:06:54.113 69022 INFO tempest.lib.common.rest_client [req-42e9a23f-d974-4f35-996e-17c372e29b3d req-42e9a23f-d974-4f35-996e-17c372e29b3d ] Request (KeyPairsV22TestJSON:_run_cleanups): 204 DELETE http://10.180.1.21/compute/v2.1/os-keypairs/tempest-keypair-1332159111 1.676s
2025-04-03 08:06:54.133 69026 INFO tempest.lib.common.rest_client [req-4e92dd29-bd7f-497a-aaf0-85a713509bd5 req-4e92dd29-bd7f-497a-aaf0-85a713509bd5 ] Request (QuotaClassesAdmin257Test:setUpClass): 201 POST http://10.180.1.21/identity/v3/auth/tokens 0.148s
2025-04-03 08:06:54.176 69047 INFO tempest.lib.common.rest_client [req-587d021f-d37c-4c49-ac53-4368b8f8d088 req-587d021f-d37c-4c49-ac53-4368b8f8d088 ] Request (AZAdminV2TestJSON:tearDownClass): 204 DELETE http://10.180.1.21:9696/networking/v2.0/security-groups/75f1fc24-3085-4764-a8c3-623598d74da7 0.225s
2025-04-03 08:06:54.203 69020 INFO tempest.lib.common.rest_client [req-f5ae41b6-ca9b-40df-834d-f89cc8d0d014 req-f5ae41b6-ca9b-40df-834d-f89cc8d0d014 ] Request (NetworksTest:tearDownClass): 204 DELETE http://10.180.1.21/identity/v3/projects/375cf763a5a744f5be28e544c9687f30 0.161s
2025-04-03 08:06:54.203 69020 INFO tempest.lib.common.dynamic_creds [-] Deleting project and security group for project: c109050f35fa48c69d57fc7d065bd48b
2025-04-03 08:06:54.251 69002 INFO tempest.lib.common.rest_client [req-0be9c393-15d1-4d4b-8e41-9e6c9324e02c req-0be9c393-15d1-4d4b-8e41-9e6c9324e02c ] Request (ServersAdminTestJSON:setUpClass): 202 POST http://10.180.1.21/compute/v2.1/servers 2.087s
2025-04-03 08:06:54.282 69037 INFO tempest.lib.common.rest_client [req-3985d611-6309-4c57-b0bc-c0e95f5f4429 req-3985d611-6309-4c57-b0bc-c0e95f5f4429 ] Request (ListServerFiltersTestJSON:setUpClass): 201 POST http://10.180.1.21/identity/v3/auth/tokens 0.199s
2025-04-03 08:06:54.289 69053 INFO tempest.lib.common.rest_client [req-4abe6b83-2209-4684-9a63-a056733ee23f req-4abe6b83-2209-4684-9a63-a056733ee23f ] Request (FlavorsAdminTestJSON:_run_cleanups): 200 GET http://10.180.1.21/compute/v2.1/flavors/detail 1.788s
2025-04-03 08:06:54.371 69002 INFO tempest.lib.common.rest_client [req-06eb04fc-90f2-428d-838c-d5c197cd9c8a req-06eb04fc-90f2-428d-838c-d5c197cd9c8a ] Request (ServersAdminTestJSON:setUpClass): 201 POST http://10.180.1.21/identity/v3/auth/tokens 0.113s
2025-04-03 08:06:54.372 69002 INFO tempest.lib.common.fixed_network [-] (ServersAdminTestJSON:setUpClass) Found network {'id': 'd0e868c8-42eb-4685-8a15-4b3a8cc40530', 'name': 'tempest-ServersAdminTestJSON-379831430-network', 'tenant_id': '3fa7abd14180453bb12e9dd5fc24523f', 'admin_state_up': True, 'mtu': 8950, 'status': 'ACTIVE', 'subnets': [], 'shared': False, 'project_id': '3fa7abd14180453bb12e9dd5fc24523f', 'port_security_enabled': True, 'router:external': False, 'provider:network_type': 'vlan', 'provider:physical_network': 'default', 'provider:segmentation_id': 458, 'availability_zone_hints': [], 'availability_zones': [], 'ipv4_address_scope': None, 'ipv6_address_scope': None, 'description': '', 'tags': [], 'created_at': '2025-04-03T08:06:45Z', 'updated_at': '2025-04-03T08:06:45Z', 'revision_number': 1} available for tenant
2025-04-03 08:06:54.395 69047 INFO tempest.lib.common.rest_client [req-4dfef490-63fa-4a58-a853-77f97cea33f0 req-4dfef490-63fa-4a58-a853-77f97cea33f0 ] Request (AZAdminV2TestJSON:tearDownClass): 204 DELETE http://10.180.1.21/identity/v3/projects/ef04342250e44962ad5fd416389c8dc3 0.217s
2025-04-03 08:06:54.397 69047 INFO tempest.test [-] raised in LiveMigrationRemoteConsolesV26Test.setUpClass. Invoking tearDownClass.
2025-04-03 08:06:54.399 69047 INFO tempest.test [-] raised in LiveMigrationTest.setUpClass. Invoking tearDownClass.
2025-04-03 08:06:54.411 69004 INFO tempest.lib.common.rest_client [req-91302714-9fa1-41ff-bcb0-6ed8b3a8469c req-91302714-9fa1-41ff-bcb0-6ed8b3a8469c ] Request (VolumesAssistedSnapshotsTest:setUpClass): 200 PUT http://10.180.1.21:9696/networking/v2.0/routers/c5d4f0ca-59a6-488e-ace6-1c8c39a7c6e1/add_router_interface 2.057s
2025-04-03 08:06:54.411 69004 INFO tempest.lib.common.dynamic_creds [-] Created isolated network resources for: credentials: Credentials: {'domain_id': 'default', 'domain_name': 'Default', 'username': 'tempest-VolumesAssistedSnapshotsTest-867209247-project', 'project_domain_id': 'default', 'project_domain_name': 'Default', 'project_id': 'b986c8eec1d347a2a4da94da448414e7', 'project_name': 'tempest-VolumesAssistedSnapshotsTest-867209247', 'tenant_id': 'b986c8eec1d347a2a4da94da448414e7', 'tenant_name': 'tempest-VolumesAssistedSnapshotsTest-867209247', 'user_domain_id': 'default', 'user_domain_name': 'Default', 'user_id': '0a580180ccb7458eb822da30fb88fcae', 'system': None}, Network: {'id': '2aeb7b6a-4240-42e9-95a4-c9312ebef9e8', 'name': 'tempest-VolumesAssistedSnapshotsTest-1155526025-network', 'tenant_id': 'b986c8eec1d347a2a4da94da448414e7', 'admin_state_up': True, 'mtu': 8950, 'status': 'ACTIVE', 'subnets': [], 'shared': False, 'project_id': 'b986c8eec1d347a2a4da94da448414e7', 'port_security_enabled': True, 'router:external': False, 'provider:network_type': 'vlan', 'provider:physical_network': 'default', 'provider:segmentation_id': 432, 'availability_zone_hints': [], 'availability_zones': [], 'ipv4_address_scope': None, 'ipv6_address_scope': None, 'description': '', 'tags': [], 'created_at': '2025-04-03T08:06:50Z', 'updated_at': '2025-04-03T08:06:50Z', 'revision_number': 1}, Subnet: {'id': 'f268ffe4-c856-4408-b467-0946b324c915', 'name': 'tempest-VolumesAssistedSnapshotsTest-1155526025-subnet', 'tenant_id': 'b986c8eec1d347a2a4da94da448414e7', 'network_id': '2aeb7b6a-4240-42e9-95a4-c9312ebef9e8', 'ip_version': 4, 'subnetpool_id': None, 'enable_dhcp': True, 'ipv6_ra_mode': None, 'ipv6_address_mode': None, 'gateway_ip': '192.168.128.1', 'cidr': '192.168.128.0/28', 'allocation_pools': [{'start': '192.168.128.2', 'end': '192.168.128.14'}], 'host_routes': [], 'dns_nameservers': [], 'description': '', 'router:external': False, 'service_types': [], 'tags': [], 'created_at': '2025-04-03T08:06:50Z', 'updated_at': '2025-04-03T08:06:50Z', 'revision_number': 0, 'project_id': 'b986c8eec1d347a2a4da94da448414e7'}, Router: {'id': 'c5d4f0ca-59a6-488e-ace6-1c8c39a7c6e1', 'name': 'tempest-VolumesAssistedSnapshotsTest-1155526025-router', 'tenant_id': 'b986c8eec1d347a2a4da94da448414e7', 'admin_state_up': True, 'status': 'ACTIVE', 'external_gateway_info': {'network_id': 'a43b096e-82c2-46c2-b7b4-c64e1e75b7fa', 'external_fixed_ips': [{'subnet_id': '11d41a4e-91aa-4a56-a8f8-df19e9c5f608', 'ip_address': '10.180.180.247'}], 'enable_snat': True}, 'description': '', 'availability_zones': [], 'distributed': False, 'ha': False, 'availability_zone_hints': [], 'routes': [], 'flavor_id': None, 'tags': [], 'created_at': '2025-04-03T08:06:50Z', 'updated_at': '2025-04-03T08:06:51Z', 'revision_number': 2, 'project_id': 'b986c8eec1d347a2a4da94da448414e7'}
2025-04-03 08:06:54.427 69020 INFO tempest.lib.common.rest_client [req-a4b55b22-6339-4333-9467-bcb16326f7d0 req-a4b55b22-6339-4333-9467-bcb16326f7d0 ] Request (NetworksTest:tearDownClass): 200 GET http://10.180.1.21:9696/networking/v2.0/security-groups?tenant_id=c109050f35fa48c69d57fc7d065bd48b&name=default 0.223s
2025-04-03 08:06:54.434 68994 INFO tempest.lib.common.rest_client [req-66bdb0b9-bfd4-42e8-accd-41f6a98ef31d req-66bdb0b9-bfd4-42e8-accd-41f6a98ef31d ] Request (ServersAdmin275Test:test_rebuild_update_server_275): 200 GET http://10.180.1.21/compute/v2.1/servers/89ccc16e-d0e5-4f7d-985c-8693188e7ed5 1.738s
2025-04-03 08:06:54.451 69050 INFO tempest.lib.common.rest_client [req-ca76bc93-34a1-49f8-942c-fa5020accf6d req-ca76bc93-34a1-49f8-942c-fa5020accf6d ] Request (KeyPairsV210TestJSON:test_admin_manage_keypairs_for_other_users): 200 GET http://10.180.1.21/compute/v2.1/os-keypairs/tempest-keypair-937652907?user_id=4066c33e5c3c49eca73aa6d0776921bd 1.754s
2025-04-03 08:06:54.493 69047 INFO tempest.lib.common.rest_client [req-cde41315-1537-4050-a083-36dda0cf17dc req-cde41315-1537-4050-a083-36dda0cf17dc ] Request (ServerActionsTestOtherB:setUpClass): 201 POST http://10.180.1.21/identity/v3/auth/tokens 0.091s
2025-04-03 08:06:54.551 69004 INFO tempest.lib.common.rest_client [req-b67ca02b-4c30-4c54-872e-a3d45601f458 req-b67ca02b-4c30-4c54-872e-a3d45601f458 ] Request (VolumesAssistedSnapshotsTest:setUpClass): 201 POST http://10.180.1.21/identity/v3/auth/tokens 0.137s
2025-04-03 08:06:54.572 69020 INFO tempest.lib.common.rest_client [req-494f5932-dd67-41c5-94ec-648bcd0bf694 req-494f5932-dd67-41c5-94ec-648bcd0bf694 ] Request (NetworksTest:tearDownClass): 204 DELETE http://10.180.1.21:9696/networking/v2.0/security-groups/f3e29fb2-9c6d-4952-b98f-afdfb46fca85 0.145s
2025-04-03 08:06:54.584 69047 INFO tempest.lib.common.rest_client [req-93a52a53-3a41-4f4e-aba8-ef9a0cdb39e9 req-93a52a53-3a41-4f4e-aba8-ef9a0cdb39e9 ] Request (ServerActionsTestOtherB:setUpClass): 201 POST http://10.180.1.21/identity/v3/auth/tokens 0.088s
2025-04-03 08:06:54.665 69037 INFO tempest.lib.common.rest_client [req-962aefb9-94df-47be-a5c1-5e3eae33e781 req-962aefb9-94df-47be-a5c1-5e3eae33e781 ] Request (ListServerFiltersTestJSON:setUpClass): 201 POST http://10.180.1.21:9696/networking/v2.0/networks 0.383s
2025-04-03 08:06:54.696 69020 INFO tempest.lib.common.rest_client [req-dc9baac1-6663-45f0-8125-eb0d8757dd8a req-dc9baac1-6663-45f0-8125-eb0d8757dd8a ] Request (NetworksTest:tearDownClass): 204 DELETE http://10.180.1.21/identity/v3/projects/c109050f35fa48c69d57fc7d065bd48b 0.122s
2025-04-03 08:06:54.777 69047 INFO tempest.lib.common.rest_client [req-d6566c0e-b5f9-4365-ac76-79b0a7d4742f req-d6566c0e-b5f9-4365-ac76-79b0a7d4742f ] Request (ServerActionsTestOtherB:setUpClass): 200 GET http://10.180.1.21/identity/v3/domains?name=Default 0.191s
2025-04-03 08:06:54.797 68992 INFO tempest.lib.common.rest_client [req-3648a6c3-2e7d-45f2-9e0b-e17e39887133 req-3648a6c3-2e7d-45f2-9e0b-e17e39887133 ] Request (QuotasAdminNegativeTest:test_create_server_when_cpu_quota_is_full): 403 POST http://10.180.1.21/compute/v2.1/servers 1.987s
2025-04-03 08:06:54.823 69020 INFO tempest.lib.common.rest_client [req-beafa72e-3e55-4314-9019-c7a72c6b838d req-beafa72e-3e55-4314-9019-c7a72c6b838d ] Request (QuotasSecurityGroupAdminNegativeTest:setUpClass): 201 POST http://10.180.1.21/identity/v3/auth/tokens 0.124s
2025-04-03 08:06:54.842 69037 INFO tempest.lib.common.rest_client [req-b03653b8-2123-4de7-9ea6-4e65a97f68e2 req-b03653b8-2123-4de7-9ea6-4e65a97f68e2 ] Request (ListServerFiltersTestJSON:setUpClass): 201 POST http://10.180.1.21:9696/networking/v2.0/subnets 0.177s
2025-04-03 08:06:54.843 69037 INFO tempest.lib.common.dynamic_creds [-] Created isolated network resources for: credentials: Credentials: {'domain_id': 'default', 'domain_name': 'Default', 'username': 'tempest-ListServerFiltersTestJSON-876714713-project-member', 'project_domain_id': 'default', 'project_domain_name': 'Default', 'project_id': 'be6579f30b2c418c98a5a373176baf05', 'project_name': 'tempest-ListServerFiltersTestJSON-876714713', 'tenant_id': 'be6579f30b2c418c98a5a373176baf05', 'tenant_name': 'tempest-ListServerFiltersTestJSON-876714713', 'user_domain_id': 'default', 'user_domain_name': 'Default', 'user_id': '666d0d2bb76a41948cdb6df7b700429d', 'system': None}, Network: {'id': '51117274-b276-4648-9ae8-13d7da21bce9', 'name': 'tempest-ListServerFiltersTestJSON-1367196897-network', 'tenant_id': 'be6579f30b2c418c98a5a373176baf05', 'admin_state_up': True, 'mtu': 8950, 'status': 'ACTIVE', 'subnets': [], 'shared': False, 'project_id': 'be6579f30b2c418c98a5a373176baf05', 'port_security_enabled': True, 'router:external': False, 'provider:network_type': 'vlan', 'provider:physical_network': 'default', 'provider:segmentation_id': 703, 'availability_zone_hints': [], 'availability_zones': [], 'ipv4_address_scope': None, 'ipv6_address_scope': None, 'description': '', 'tags': [], 'created_at': '2025-04-03T08:06:54Z', 'updated_at': '2025-04-03T08:06:54Z', 'revision_number': 1}, Subnet: {'id': '7dcbabb9-06eb-4861-bce3-373c094d3c1d', 'name': 'tempest-ListServerFiltersTestJSON-1367196897-subnet', 'tenant_id': 'be6579f30b2c418c98a5a373176baf05', 'network_id': '51117274-b276-4648-9ae8-13d7da21bce9', 'ip_version': 4, 'subnetpool_id': None, 'enable_dhcp': True, 'ipv6_ra_mode': None, 'ipv6_address_mode': None, 'gateway_ip': '192.168.128.1', 'cidr': '192.168.128.0/28', 'allocation_pools': [{'start': '192.168.128.2', 'end': '192.168.128.14'}], 'host_routes': [], 'dns_nameservers': [], 'description': '', 'router:external': False, 'service_types': [], 'tags': [], 'created_at': '2025-04-03T08:06:54Z', 'updated_at': '2025-04-03T08:06:54Z', 'revision_number': 0, 'project_id': 'be6579f30b2c418c98a5a373176baf05'}, Router: None
2025-04-03 08:06:54.870 69047 INFO tempest.lib.common.rest_client [req-36f0374c-b3d2-409e-936c-022b92f94d07 req-36f0374c-b3d2-409e-936c-022b92f94d07 ] Request (ServerActionsTestOtherB:setUpClass): 201 POST http://10.180.1.21/identity/v3/projects 0.093s
2025-04-03 08:06:54.904 69039 INFO tempest.lib.common.rest_client [req-03a223ad-d2e4-4c2b-bdc7-fba9da785bf0 req-03a223ad-d2e4-4c2b-bdc7-fba9da785bf0 ] Request (ServersAaction247Test:test_create_backup): 200 GET http://10.180.1.21/compute/v2.1/servers/0d085a22-ef61-4ecd-a4c3-3be4b0fa6fae 1.990s
2025-04-03 08:06:54.918 69020 INFO tempest.lib.common.rest_client [req-c435525f-4f7e-424a-9eec-506fd44b0206 req-c435525f-4f7e-424a-9eec-506fd44b0206 ] Request (QuotasSecurityGroupAdminNegativeTest:setUpClass): 201 POST http://10.180.1.21/identity/v3/auth/tokens 0.090s
2025-04-03 08:06:54.923 69043 INFO tempest.lib.common.rest_client [req-57ea6ae4-816d-48d4-b0f6-cfbec4af0a95 req-57ea6ae4-816d-48d4-b0f6-cfbec4af0a95 ] Request (ServicesAdminNegativeV253TestJSON:test_get_service_by_invalid_service_and_valid_host): 200 GET http://10.180.1.21/compute/v2.1/os-services?host=devstack&binary=xxx 1.966s
2025-04-03 08:06:54.930 69031 INFO tempest.lib.common.rest_client [req-c8a4e23d-3717-4b6e-ba12-f34914779584 req-c8a4e23d-3717-4b6e-ba12-f34914779584 ] Request (AggregatesAdminNegativeTestJSON:test_aggregate_add_existent_host): 200 POST http://10.180.1.21/compute/v2.1/os-aggregates/1/action 2.460s
2025-04-03 08:06:54.943 69047 INFO tempest.lib.common.rest_client [req-0e65731e-0e33-45b2-9aca-6fac6ebee540 req-0e65731e-0e33-45b2-9aca-6fac6ebee540 ] Request (ServerActionsTestOtherB:setUpClass): 201 POST http://10.180.1.21/identity/v3/users 0.073s
2025-04-03 08:06:54.953 69037 INFO tempest.lib.common.rest_client [req-b5f96e01-9984-4422-9e7d-f473d0f758ed req-b5f96e01-9984-4422-9e7d-f473d0f758ed ] Request (ListServerFiltersTestJSON:setUpClass): 201 POST http://10.180.1.21/identity/v3/auth/tokens 0.105s
2025-04-03 08:06:54.956 69018 INFO tempest.lib.common.rest_client [req-11a2239c-b3bc-4e39-bcab-46cad9d43d73 req-11a2239c-b3bc-4e39-bcab-46cad9d43d73 ] Request (SecurityGroupsNegativeTestJSON:test_update_non_existent_security_group): 404 PUT http://10.180.1.21/compute/v2.1/os-security-groups/4f577b11-ec4a-4411-a79a-fce26c148c07 1.954s
2025-04-03 08:06:54.977 69020 INFO tempest.lib.common.rest_client [req-dc0f04d7-263b-47c8-a52f-dd4683d84879 req-dc0f04d7-263b-47c8-a52f-dd4683d84879 ] Request (QuotasSecurityGroupAdminNegativeTest:setUpClass): 200 GET http://10.180.1.21/identity/v3/domains?name=Default 0.058s
2025-04-03 08:06:54.993 69047 INFO tempest.lib.common.rest_client [req-480dbf25-22b5-41b4-81b8-d7e3c83164c6 req-480dbf25-22b5-41b4-81b8-d7e3c83164c6 ] Request (ServerActionsTestOtherB:setUpClass): 200 GET http://10.180.1.21/identity/v3/roles 0.049s
2025-04-03 08:06:55.020 69037 INFO tempest.lib.common.rest_client [req-e2921f44-4f7c-41be-bdde-3460e7bb355a req-e2921f44-4f7c-41be-bdde-3460e7bb355a ] Request (ListServerFiltersTestJSON:setUpClass): 201 POST http://10.180.1.21/identity/v3/auth/tokens 0.063s
2025-04-03 08:06:55.020 69037 INFO tempest.lib.common.fixed_network [-] (ListServerFiltersTestJSON:setUpClass) Found network {'id': '51117274-b276-4648-9ae8-13d7da21bce9', 'name': 'tempest-ListServerFiltersTestJSON-1367196897-network', 'tenant_id': 'be6579f30b2c418c98a5a373176baf05', 'admin_state_up': True, 'mtu': 8950, 'status': 'ACTIVE', 'subnets': [], 'shared': False, 'project_id': 'be6579f30b2c418c98a5a373176baf05', 'port_security_enabled': True, 'router:external': False, 'provider:network_type': 'vlan', 'provider:physical_network': 'default', 'provider:segmentation_id': 703, 'availability_zone_hints': [], 'availability_zones': [], 'ipv4_address_scope': None, 'ipv6_address_scope': None, 'description': '', 'tags': [], 'created_at': '2025-04-03T08:06:54Z', 'updated_at': '2025-04-03T08:06:54Z', 'revision_number': 1} available for tenant
2025-04-03 08:06:55.035 69004 INFO tempest.lib.common.rest_client [req-d9f4204d-394f-4508-9fd3-281e7c9451b6 req-d9f4204d-394f-4508-9fd3-281e7c9451b6 ] Request (VolumesAssistedSnapshotsTest:test_volume_assisted_snapshot_create_delete): 202 POST http://10.180.1.21/volume/v3/volumes 0.482s
2025-04-03 08:06:55.051 69020 INFO tempest.lib.common.rest_client [req-77bafa25-c3d6-42cd-9d51-08b6ef5b8285 req-77bafa25-c3d6-42cd-9d51-08b6ef5b8285 ] Request (QuotasSecurityGroupAdminNegativeTest:setUpClass): 201 POST http://10.180.1.21/identity/v3/projects 0.072s
2025-04-03 08:06:55.112 69004 INFO tempest.lib.common.rest_client [req-d07a55b2-d07d-4d26-a1e7-bd03c84eb855 req-d07a55b2-d07d-4d26-a1e7-bd03c84eb855 ] Request (VolumesAssistedSnapshotsTest:test_volume_assisted_snapshot_create_delete): 200 GET http://10.180.1.21/volume/v3/volumes/d79cd12d-5be5-4762-bb3d-a4b82e0afd67 0.066s
2025-04-03 08:06:55.114 68996 INFO tempest.lib.common.rest_client [req-2a154176-731d-45c1-a56c-9c843ce7dad0 req-2a154176-731d-45c1-a56c-9c843ce7dad0 ] Request (FlavorsV2TestJSON:test_get_flavor): 200 GET http://10.180.1.21/compute/v2.1/flavors/42 2.139s
2025-04-03 08:06:55.123 69047 INFO tempest.lib.common.rest_client [req-5fc4e1f8-9b5f-46b9-b549-1a38f1829aaf req-5fc4e1f8-9b5f-46b9-b549-1a38f1829aaf ] Request (ServerActionsTestOtherB:setUpClass): 204 PUT http://10.180.1.21/identity/v3/projects/61ea6bfeb37d470a970e9c98e4827ade/users/3ce343abf0f14bb5b5141c50113ccf6b/roles/893cc1bc207043eea98ffbe5a49282d9 0.129s
2025-04-03 08:06:55.124 69047 INFO tempest.lib.common.dynamic_creds [-] Dynamic test user 3ce343abf0f14bb5b5141c50113ccf6b is created with scope project and roles: ['member']
2025-04-03 08:06:55.124 69047 INFO tempest.lib.common.dynamic_creds [-] Acquired dynamic creds: credentials: Credentials: {'domain_id': 'default', 'domain_name': 'Default', 'username': 'tempest-ServerActionsTestOtherB-589403679-project-member', 'project_domain_id': 'default', 'project_domain_name': 'Default', 'project_id': '61ea6bfeb37d470a970e9c98e4827ade', 'project_name': 'tempest-ServerActionsTestOtherB-589403679', 'tenant_id': '61ea6bfeb37d470a970e9c98e4827ade', 'tenant_name': 'tempest-ServerActionsTestOtherB-589403679', 'user_domain_id': 'default', 'user_domain_name': 'Default', 'user_id': '3ce343abf0f14bb5b5141c50113ccf6b', 'system': None}, Network: None, Subnet: None, Router: None
2025-04-03 08:06:55.156 69008 INFO tempest.lib.common.rest_client [req-e7c6a333-d559-4085-a80a-0cff1c6f9ea5 req-e7c6a333-d559-4085-a80a-0cff1c6f9ea5 ] Request (FlavorsV255TestJSON:test_crud_flavor): 200 GET http://10.180.1.21/compute/v2.1/flavors/detail 2.074s
2025-04-03 08:06:55.157 69037 INFO tempest.lib.common.rest_client [req-d589e008-1433-447f-8cb4-f24b94a1b4ab req-d589e008-1433-447f-8cb4-f24b94a1b4ab ] Request (ListServerFiltersTestJSON:setUpClass): 201 POST http://10.180.1.21/identity/v3/auth/tokens 0.132s
2025-04-03 08:06:55.157 69037 INFO tempest.lib.common.fixed_network [-] (ListServerFiltersTestJSON:setUpClass) Found network {'id': '51117274-b276-4648-9ae8-13d7da21bce9', 'name': 'tempest-ListServerFiltersTestJSON-1367196897-network', 'tenant_id': 'be6579f30b2c418c98a5a373176baf05', 'admin_state_up': True, 'mtu': 8950, 'status': 'ACTIVE', 'subnets': [], 'shared': False, 'project_id': 'be6579f30b2c418c98a5a373176baf05', 'port_security_enabled': True, 'router:external': False, 'provider:network_type': 'vlan', 'provider:physical_network': 'default', 'provider:segmentation_id': 703, 'availability_zone_hints': [], 'availability_zones': [], 'ipv4_address_scope': None, 'ipv6_address_scope': None, 'description': '', 'tags': [], 'created_at': '2025-04-03T08:06:54Z', 'updated_at': '2025-04-03T08:06:54Z', 'revision_number': 1} available for tenant
2025-04-03 08:06:55.185 69016 INFO tempest.lib.common.rest_client [req-c833200b-26bb-4294-90d8-e16b0679c1cd req-c833200b-26bb-4294-90d8-e16b0679c1cd ] Request (FlavorMetadataValidation:_run_cleanups): 200 GET http://10.180.1.21/compute/v2.1/flavors/detail 2.072s
2025-04-03 08:06:55.189 69020 INFO tempest.lib.common.rest_client [req-73e0d2c2-c7a5-4b4f-87c4-0e210c5883d3 req-73e0d2c2-c7a5-4b4f-87c4-0e210c5883d3 ] Request (QuotasSecurityGroupAdminNegativeTest:setUpClass): 201 POST http://10.180.1.21/identity/v3/users 0.137s
2025-04-03 08:06:55.193 69047 INFO tempest.lib.common.rest_client [req-a1ba0c34-3504-4093-a854-e10c7667f618 req-a1ba0c34-3504-4093-a854-e10c7667f618 ] Request (ServerActionsTestOtherB:setUpClass): 201 POST http://10.180.1.21/identity/v3/auth/tokens 0.068s
2025-04-03 08:06:55.196 69006 INFO tempest.lib.common.rest_client [req-a2f2ed51-459b-4c5e-9315-8f7a6b40f7aa req-a2f2ed51-459b-4c5e-9315-8f7a6b40f7aa ] Request (SecurityGroupRulesTestJSON:test_security_group_rules_create_with_optional_group_id): 200 POST http://10.180.1.21/compute/v2.1/os-security-group-rules 2.167s
2025-04-03 08:06:55.199 69006 WARNING tempest.lib.common.rest_client [-] Deprecated: "tenant_id" property is deprecated for removal, use "project_id" instead
2025-04-03 08:06:55.220 69020 INFO tempest.lib.common.rest_client [req-fea8cf3f-cbbb-4c9d-8377-6e4e649e0b21 req-fea8cf3f-cbbb-4c9d-8377-6e4e649e0b21 ] Request (QuotasSecurityGroupAdminNegativeTest:setUpClass): 200 GET http://10.180.1.21/identity/v3/roles 0.031s
2025-04-03 08:06:55.230 69033 INFO tempest.lib.common.rest_client [req-1df27059-d311-4085-be59-9f21cc6bf670 req-1df27059-d311-4085-be59-9f21cc6bf670 ] Request (HypervisorAdminNegativeUnderV252Test:test_show_servers_with_non_admin_user): 200 GET http://10.180.1.21/compute/v2.1/os-hypervisors 2.059s
2025-04-03 08:06:55.231 69028 INFO tempest.lib.common.rest_client [req-11a8ba74-f325-43bc-9b26-6799ce4eed42 req-11a8ba74-f325-43bc-9b26-6799ce4eed42 ] Request (HypervisorAdminTestJSON:test_get_hypervisor_show_details): 200 GET http://10.180.1.21/compute/v2.1/os-hypervisors/1 2.080s
2025-04-03 08:06:55.253 69041 INFO tempest.lib.common.rest_client [req-478ec3ed-36a6-4b74-806e-a4aeb5881c55 req-478ec3ed-36a6-4b74-806e-a4aeb5881c55 ] Request (HypervisorAdminUnderV252Test:test_search_hypervisor): 200 GET http://10.180.1.21/compute/v2.1/os-hypervisors/domain-c8.fc996f14-c53b-4953-92e3-bdfa48f5cc28/search 1.946s
2025-04-03 08:06:55.279 69014 INFO tempest.lib.common.rest_client [req-7ad359a8-63d5-4abe-b5dd-371c68245820 req-7ad359a8-63d5-4abe-b5dd-371c68245820 ] Request (FlavorsExtraSpecsNegativeTestJSON:test_flavor_non_admin_unset_keys): 200 POST http://10.180.1.21/compute/v2.1/flavors/472200358/os-extra_specs 1.962s
2025-04-03 08:06:55.285 69020 INFO tempest.lib.common.rest_client [req-0ae444d6-c77d-405a-8625-d8c83547f47c req-0ae444d6-c77d-405a-8625-d8c83547f47c ] Request (QuotasSecurityGroupAdminNegativeTest:setUpClass): 204 PUT http://10.180.1.21/identity/v3/projects/7f2f4ed6dcb44272b2bf24c5493f08fc/users/b64dbf12d2fb4e8aa16c728baf4572ba/roles/893cc1bc207043eea98ffbe5a49282d9 0.064s
2025-04-03 08:06:55.285 69020 INFO tempest.lib.common.dynamic_creds [-] Dynamic test user b64dbf12d2fb4e8aa16c728baf4572ba is created with scope project and roles: ['member']
2025-04-03 08:06:55.285 69020 INFO tempest.lib.common.dynamic_creds [-] Acquired dynamic creds: credentials: Credentials: {'domain_id': 'default', 'domain_name': 'Default', 'username': 'tempest-QuotasSecurityGroupAdminNegativeTest-1953276027-project-member', 'project_domain_id': 'default', 'project_domain_name': 'Default', 'project_id': '7f2f4ed6dcb44272b2bf24c5493f08fc', 'project_name': 'tempest-QuotasSecurityGroupAdminNegativeTest-1953276027', 'tenant_id': '7f2f4ed6dcb44272b2bf24c5493f08fc', 'tenant_name': 'tempest-QuotasSecurityGroupAdminNegativeTest-1953276027', 'user_domain_id': 'default', 'user_domain_name': 'Default', 'user_id': 'b64dbf12d2fb4e8aa16c728baf4572ba', 'system': None}, Network: None, Subnet: None, Router: None
2025-04-03 08:06:55.285 69020 INFO tempest.lib.common.dynamic_creds [-] Created isolated network resources for: credentials: Credentials: {'domain_id': 'default', 'domain_name': 'Default', 'username': 'tempest-QuotasSecurityGroupAdminNegativeTest-1953276027-project-member', 'project_domain_id': 'default', 'project_domain_name': 'Default', 'project_id': '7f2f4ed6dcb44272b2bf24c5493f08fc', 'project_name': 'tempest-QuotasSecurityGroupAdminNegativeTest-1953276027', 'tenant_id': '7f2f4ed6dcb44272b2bf24c5493f08fc', 'tenant_name': 'tempest-QuotasSecurityGroupAdminNegativeTest-1953276027', 'user_domain_id': 'default', 'user_domain_name': 'Default', 'user_id': 'b64dbf12d2fb4e8aa16c728baf4572ba', 'system': None}, Network: None, Subnet: None, Router: None
2025-04-03 08:06:55.307 69016 INFO tempest.lib.common.rest_client [req-650bbd71-f118-421e-895c-010eb715913a req-650bbd71-f118-421e-895c-010eb715913a ] Request (FlavorMetadataValidation:tearDownClass): 204 DELETE http://10.180.1.21/identity/v3/users/3ddcd297c836480c954e97ece3a62689 0.102s
2025-04-03 08:06:55.317 69045 INFO tempest.lib.common.rest_client [req-441f4ad1-315d-4ee4-8bbe-60d7aafb2369 req-441f4ad1-315d-4ee4-8bbe-60d7aafb2369 ] Request (FlavorsV261TestJSON:test_crud_flavor): 200 GET http://10.180.1.21/compute/v2.1/flavors/detail 1.976s
2025-04-03 08:06:55.410 68990 INFO tempest.lib.common.rest_client [req-b9b870f1-6b27-41c0-bcf2-c9f8792eb2c4 req-b9b870f1-6b27-41c0-bcf2-c9f8792eb2c4 ] Request (FlavorsAccessNegativeTestJSON:test_add_flavor_access_duplicate): 409 POST http://10.180.1.21/compute/v2.1/flavors/851009916/action 2.125s
2025-04-03 08:06:55.433 69041 INFO tempest.lib.common.rest_client [req-8339be27-7108-4fc1-a59a-a9dd70e46f26 req-8339be27-7108-4fc1-a59a-a9dd70e46f26 ] Request (HypervisorAdminUnderV252Test:tearDownClass): 204 DELETE http://10.180.1.21/identity/v3/users/71c621695caa4afe846b0582c21408c9 0.175s
2025-04-03 08:06:55.493 69047 INFO tempest.lib.common.rest_client [req-7baffe3c-32fa-408a-a707-319303a181db req-7baffe3c-32fa-408a-a707-319303a181db ] Request (ServerActionsTestOtherB:setUpClass): 201 POST http://10.180.1.21:9696/networking/v2.0/networks 0.298s
2025-04-03 08:06:55.511 69020 INFO tempest.lib.common.rest_client [req-75691b5a-e588-40a6-8686-23e9b59fc74f req-75691b5a-e588-40a6-8686-23e9b59fc74f ] Request (QuotasSecurityGroupAdminNegativeTest:setUpClass): 201 POST http://10.180.1.21/identity/v3/auth/tokens 0.219s
2025-04-03 08:06:55.561 69016 INFO tempest.lib.common.rest_client [req-fe8622b1-0432-41a5-a566-3ad43f0f715d req-fe8622b1-0432-41a5-a566-3ad43f0f715d ] Request (FlavorMetadataValidation:tearDownClass): 204 DELETE http://10.180.1.21/identity/v3/users/5a3b48eca9c64201afba4d31a6c6ceec 0.254s
2025-04-03 08:06:55.562 69016 INFO tempest.lib.common.dynamic_creds [-] Deleting project and security group for project: 77c7b281c2914114954e3a0bb29d24e6
2025-04-03 08:06:55.587 69041 INFO tempest.lib.common.rest_client [req-3e589f05-869f-40be-b0d8-4cf3b55d5410 req-3e589f05-869f-40be-b0d8-4cf3b55d5410 ] Request (HypervisorAdminUnderV252Test:tearDownClass): 204 DELETE http://10.180.1.21/identity/v3/users/2b008e4028b54f2d806859f35ec4286f 0.153s
2025-04-03 08:06:55.587 69041 INFO tempest.lib.common.dynamic_creds [-] Deleting project and security group for project: f1b7ae15f9c04751a21895edcc2e0ca8
2025-04-03 08:06:55.668 69020 INFO tempest.lib.common.rest_client [req-9be1441a-d621-48f5-b8b0-3a7d537ea839 req-9be1441a-d621-48f5-b8b0-3a7d537ea839 ] Request (QuotasSecurityGroupAdminNegativeTest:setUpClass): 201 POST http://10.180.1.21/identity/v3/projects 0.156s
2025-04-03 08:06:55.698 69010 INFO tempest.lib.common.rest_client [req-a8d58760-6252-4f80-894c-1388a6698e39 req-a8d58760-6252-4f80-894c-1388a6698e39 ] Request (FloatingIPsAssociationNegativeTestJSON:setUpClass): 200 GET http://10.180.1.21/compute/v2.1/servers/58830b0e-dbf3-424d-8b9a-bb298b6bea21 2.120s
2025-04-03 08:06:55.710 69010 INFO tempest.common.waiters [-] State transition "BUILD/networking" ==> "BUILD/spawning" after 5 second wait
2025-04-03 08:06:55.732 69016 INFO tempest.lib.common.rest_client [req-d76c5a7d-5d41-4fa3-af71-07cf1e60dd8e req-d76c5a7d-5d41-4fa3-af71-07cf1e60dd8e ] Request (FlavorMetadataValidation:tearDownClass): 201 POST http://10.180.1.21/identity/v3/auth/tokens 0.170s
2025-04-03 08:06:55.761 69041 INFO tempest.lib.common.rest_client [req-83d30aa6-df65-4f52-a97c-c80ee8ffc458 req-83d30aa6-df65-4f52-a97c-c80ee8ffc458 ] Request (HypervisorAdminUnderV252Test:tearDownClass): 201 POST http://10.180.1.21/identity/v3/auth/tokens 0.174s
2025-04-03 08:06:55.764 69047 INFO tempest.lib.common.rest_client [req-bbc81d11-712a-433d-bd0c-6bc873311b39 req-bbc81d11-712a-433d-bd0c-6bc873311b39 ] Request (ServerActionsTestOtherB:setUpClass): 201 POST http://10.180.1.21:9696/networking/v2.0/subnets 0.271s
2025-04-03 08:06:55.773 69051 INFO tempest.lib.common.rest_client [req-d4b89321-add6-418c-af43-6599303ce59d req-d4b89321-add6-418c-af43-6599303ce59d ] Request (QuotasAdminTestV257:test_get_updated_quotas): 200 GET http://10.180.1.21/compute/v2.1/os-quota-sets/79d431efdec74076824225c66f3e20cb?user_id=3bd331e19baf4c2297aa064cd0dd04d1 2.249s
2025-04-03 08:06:55.780 69020 INFO tempest.lib.common.rest_client [req-cf4f2d6d-88fc-4bde-9fb6-b7b027ec4d08 req-cf4f2d6d-88fc-4bde-9fb6-b7b027ec4d08 ] Request (QuotasSecurityGroupAdminNegativeTest:setUpClass): 201 POST http://10.180.1.21/identity/v3/users 0.111s
2025-04-03 08:06:55.855 69024 INFO tempest.lib.common.rest_client [req-67c4f3b0-08a1-4d91-9dfd-62be4834be1a req-67c4f3b0-08a1-4d91-9dfd-62be4834be1a ] Request (ServersWithSpecificFlavorTestJSON:test_verify_created_server_ephemeral_disk): 200 GET http://10.180.1.21/compute/v2.1/flavors/42 2.268s
2025-04-03 08:06:55.873 69012 INFO tempest.lib.common.rest_client [req-0993f199-3684-4e68-9192-1821e42c04a2 req-0993f199-3684-4e68-9192-1821e42c04a2 ] Request (HostsAdminNegativeTestJSON:test_reboot_nonexistent_host): 404 GET http://10.180.1.21/compute/v2.1/os-hosts/nonexistent_hostname/reboot 1.783s
2025-04-03 08:06:55.878 69020 INFO tempest.lib.common.rest_client [req-482ae4a5-e6c0-4edb-abff-be4df2f2be57 req-482ae4a5-e6c0-4edb-abff-be4df2f2be57 ] Request (QuotasSecurityGroupAdminNegativeTest:setUpClass): 200 GET http://10.180.1.21/identity/v3/roles 0.098s
2025-04-03 08:06:55.903 69022 INFO tempest.lib.common.rest_client [req-6ad9293b-184f-4863-877b-031e1d08c0b9 req-6ad9293b-184f-4863-877b-031e1d08c0b9 ] Request (KeyPairsV22TestJSON:test_keypair_create_with_pub_key): 201 POST http://10.180.1.21/compute/v2.1/os-keypairs 1.788s
2025-04-03 08:06:55.907 69051 INFO tempest.lib.common.rest_client [req-63a7bb20-4211-48b1-8331-4d5c4c4b0e8c req-63a7bb20-4211-48b1-8331-4d5c4c4b0e8c ] Request (QuotasAdminTestV257:_run_cleanups): 204 DELETE http://10.180.1.21/identity/v3/users/3bd331e19baf4c2297aa064cd0dd04d1 0.132s
2025-04-03 08:06:55.907 69035 INFO tempest.lib.common.rest_client [req-607276d3-f3ea-42e2-8ee0-2764297bc674 req-607276d3-f3ea-42e2-8ee0-2764297bc674 ] Request (SecurityGroupsTestAdminJSON:test_list_security_groups_list_all_tenants_filter): 200 POST http://10.180.1.21/compute/v2.1/os-security-groups 1.859s
2025-04-03 08:06:55.921 69053 INFO tempest.lib.common.rest_client [req-e4490854-187c-4518-9a22-7cddf730f822 req-e4490854-187c-4518-9a22-7cddf730f822 ] Request (FlavorsAdminTestJSON:test_create_flavor_verify_entry_in_list_details): 200 POST http://10.180.1.21/compute/v2.1/flavors 1.617s
2025-04-03 08:06:55.956 69020 INFO tempest.lib.common.rest_client [req-8dfa08d2-da8e-4bb0-bfec-cf90800cbcb0 req-8dfa08d2-da8e-4bb0-bfec-cf90800cbcb0 ] Request (QuotasSecurityGroupAdminNegativeTest:setUpClass): 204 PUT http://10.180.1.21/identity/v3/projects/43c2e44dde474cb78c2d91d4c0910b98/users/b113bc33c92842c6b5a30c747500d381/roles/5234a12fb3964bb6bf9bfea77e08fcb2 0.077s
2025-04-03 08:06:55.997 69041 INFO tempest.lib.common.rest_client [req-5eb4a6b6-77e3-4a99-92b9-9e7447653349 req-5eb4a6b6-77e3-4a99-92b9-9e7447653349 ] Request (HypervisorAdminUnderV252Test:tearDownClass): 200 GET http://10.180.1.21:9696/networking/v2.0/security-groups?tenant_id=f1b7ae15f9c04751a21895edcc2e0ca8&name=default 0.235s
2025-04-03 08:06:56.002 69051 INFO tempest.lib.common.rest_client [req-e4b6e4d7-9ece-4840-8c39-e497f305133d req-e4b6e4d7-9ece-4840-8c39-e497f305133d ] Request (QuotasAdminTestV257:_run_cleanups): 204 DELETE http://10.180.1.21/identity/v3/projects/79d431efdec74076824225c66f3e20cb 0.094s
2025-04-03 08:06:56.049 69020 INFO tempest.lib.common.rest_client [req-c2e103fb-8e02-456b-82bc-c73df57ea975 req-c2e103fb-8e02-456b-82bc-c73df57ea975 ] Request (QuotasSecurityGroupAdminNegativeTest:setUpClass): 200 GET http://10.180.1.21/identity/v3/roles 0.092s
2025-04-03 08:06:56.080 69020 INFO tempest.lib.common.rest_client [req-c0053098-9123-46f3-ad65-ebcf09156450 req-c0053098-9123-46f3-ad65-ebcf09156450 ] Request (QuotasSecurityGroupAdminNegativeTest:setUpClass): 204 PUT http://10.180.1.21/identity/v3/projects/43c2e44dde474cb78c2d91d4c0910b98/users/b113bc33c92842c6b5a30c747500d381/roles/5234a12fb3964bb6bf9bfea77e08fcb2 0.029s
2025-04-03 08:06:56.080 69020 INFO tempest.lib.common.dynamic_creds [-] Dynamic test user b113bc33c92842c6b5a30c747500d381 is created with scope project and roles: ['admin']
2025-04-03 08:06:56.080 69020 INFO tempest.lib.common.dynamic_creds [-] Acquired dynamic creds: credentials: Credentials: {'domain_id': 'default', 'domain_name': 'Default', 'username': 'tempest-QuotasSecurityGroupAdminNegativeTest-1192614950-project-admin', 'project_domain_id': 'default', 'project_domain_name': 'Default', 'project_id': '43c2e44dde474cb78c2d91d4c0910b98', 'project_name': 'tempest-QuotasSecurityGroupAdminNegativeTest-1192614950', 'tenant_id': '43c2e44dde474cb78c2d91d4c0910b98', 'tenant_name': 'tempest-QuotasSecurityGroupAdminNegativeTest-1192614950', 'user_domain_id': 'default', 'user_domain_name': 'Default', 'user_id': 'b113bc33c92842c6b5a30c747500d381', 'system': None}, Network: None, Subnet: None, Router: None
2025-04-03 08:06:56.080 69020 INFO tempest.lib.common.dynamic_creds [-] Created isolated network resources for: credentials: Credentials: {'domain_id': 'default', 'domain_name': 'Default', 'username': 'tempest-QuotasSecurityGroupAdminNegativeTest-1192614950-project-admin', 'project_domain_id': 'default', 'project_domain_name': 'Default', 'project_id': '43c2e44dde474cb78c2d91d4c0910b98', 'project_name': 'tempest-QuotasSecurityGroupAdminNegativeTest-1192614950', 'tenant_id': '43c2e44dde474cb78c2d91d4c0910b98', 'tenant_name': 'tempest-QuotasSecurityGroupAdminNegativeTest-1192614950', 'user_domain_id': 'default', 'user_domain_name': 'Default', 'user_id': 'b113bc33c92842c6b5a30c747500d381', 'system': None}, Network: None, Subnet: None, Router: None
2025-04-03 08:06:56.092 68998 INFO tempest.lib.common.rest_client [req-2f263c5d-fc89-440f-acfc-5c4984f5b361 req-2f263c5d-fc89-440f-acfc-5c4984f5b361 ] Request (ImagesTestJSON:test_create_image_from_stopped_server): 200 GET http://10.180.1.21/compute/v2.1/servers/e84db5bd-b6ec-42ef-9c34-a4160c44d973 1.639s
2025-04-03 08:06:56.102 68998 INFO tempest.common.waiters [-] State transition "BUILD/None" ==> "BUILD/block_device_mapping" after 5 second wait
2025-04-03 08:06:56.120 69051 INFO tempest.lib.common.rest_client [req-814c3ae0-c6e1-460f-b0c0-975dfb55ab5d req-814c3ae0-c6e1-460f-b0c0-975dfb55ab5d ] Request (QuotasAdminTestV257:tearDownClass): 204 DELETE http://10.180.1.21/identity/v3/users/ec5efea351ec450c9f7f05a327490d62 0.112s
2025-04-03 08:06:56.134 69050 INFO tempest.lib.common.rest_client [req-8ad44fbc-dd92-45af-af76-081a671d5a13 req-8ad44fbc-dd92-45af-af76-081a671d5a13 ] Request (KeyPairsV210TestJSON:test_admin_manage_keypairs_for_other_users): 201 POST http://10.180.1.21/compute/v2.1/os-keypairs 1.679s
2025-04-03 08:06:56.138 69041 INFO tempest.lib.common.rest_client [req-00c123f3-1eeb-4c29-84eb-c8b7e85b6d86 req-00c123f3-1eeb-4c29-84eb-c8b7e85b6d86 ] Request (HypervisorAdminUnderV252Test:tearDownClass): 204 DELETE http://10.180.1.21:9696/networking/v2.0/security-groups/646fbe60-e59c-424e-82e2-4ea32d7563e9 0.141s
2025-04-03 08:06:56.163 69004 INFO tempest.lib.common.rest_client [req-2d952227-6a08-4b1d-8c75-0702b15773f0 req-2d952227-6a08-4b1d-8c75-0702b15773f0 ] Request (VolumesAssistedSnapshotsTest:test_volume_assisted_snapshot_create_delete): 200 GET http://10.180.1.21/volume/v3/volumes/d79cd12d-5be5-4762-bb3d-a4b82e0afd67 0.040s
2025-04-03 08:06:56.170 69004 INFO tempest.common.waiters [-] volume d79cd12d-5be5-4762-bb3d-a4b82e0afd67 reached available after waiting for 1.170861 seconds
2025-04-03 08:06:56.181 69020 INFO tempest.lib.common.rest_client [req-cede09f1-0476-463b-8923-8672c1824e41 req-cede09f1-0476-463b-8923-8672c1824e41 ] Request (QuotasSecurityGroupAdminNegativeTest:setUpClass): 201 POST http://10.180.1.21/identity/v3/auth/tokens 0.099s
2025-04-03 08:06:56.182 69020 WARNING tempest.lib.common.rest_client [-] Deprecated: "tenant_id" property is deprecated for removal, use "project_id" instead
2025-04-03 08:06:56.226 69051 INFO tempest.lib.common.rest_client [req-002e690b-162f-4a17-b65f-fd859e50522c req-002e690b-162f-4a17-b65f-fd859e50522c ] Request (QuotasAdminTestV257:tearDownClass): 204 DELETE http://10.180.1.21/identity/v3/users/bd0e2f58cab7416c96b539cbabf55900 0.106s
2025-04-03 08:06:56.227 69051 INFO tempest.lib.common.dynamic_creds [-] Deleting project and security group for project: 0b601fc0453b4068a11483efea56fbf3
2025-04-03 08:06:56.245 69041 INFO tempest.lib.common.rest_client [req-c9216b53-958f-4693-96fd-d85af3c47fd2 req-c9216b53-958f-4693-96fd-d85af3c47fd2 ] Request (HypervisorAdminUnderV252Test:tearDownClass): 204 DELETE http://10.180.1.21/identity/v3/projects/f1b7ae15f9c04751a21895edcc2e0ca8 0.107s
2025-04-03 08:06:56.246 69041 INFO tempest.lib.common.dynamic_creds [-] Deleting project and security group for project: 7022e717c75e48e78778dd622ba1801f
2025-04-03 08:06:56.271 69051 INFO tempest.lib.common.rest_client [req-5fdf9d78-f3f1-41ef-b212-3c930cb994ef req-5fdf9d78-f3f1-41ef-b212-3c930cb994ef ] Request (QuotasAdminTestV257:tearDownClass): 201 POST http://10.180.1.21/identity/v3/auth/tokens 0.044s
2025-04-03 08:06:56.305 69002 INFO tempest.lib.common.rest_client [req-bf5cb607-df16-47ba-80a4-54e773ae5689 req-bf5cb607-df16-47ba-80a4-54e773ae5689 ] Request (ServersAdminTestJSON:setUpClass): 202 POST http://10.180.1.21/compute/v2.1/servers 1.932s
2025-04-03 08:06:56.323 69020 INFO tempest.lib.common.rest_client [req-bd460c25-2345-42ba-ae5c-ed9e278e5f1d req-bd460c25-2345-42ba-ae5c-ed9e278e5f1d ] Request (QuotasSecurityGroupAdminNegativeTest:tearDownClass): 204 DELETE http://10.180.1.21/identity/v3/users/b64dbf12d2fb4e8aa16c728baf4572ba 0.138s
2025-04-03 08:06:56.329 69043 INFO tempest.lib.common.rest_client [req-64142572-636a-4f80-a77d-4f545e96fccf req-64142572-636a-4f80-a77d-4f545e96fccf ] Request (ServicesAdminNegativeV253TestJSON:test_get_service_with_valid_service_and_invalid_host): 200 GET http://10.180.1.21/compute/v2.1/os-services 1.399s
2025-04-03 08:06:56.337 69016 INFO tempest.lib.common.rest_client [req-a6889921-800c-4ef8-8675-e6f5aa8a3f8f req-a6889921-800c-4ef8-8675-e6f5aa8a3f8f ] Request (FlavorMetadataValidation:tearDownClass): 200 GET http://10.180.1.21:9696/networking/v2.0/security-groups?tenant_id=77c7b281c2914114954e3a0bb29d24e6&name=default 0.605s
2025-04-03 08:06:56.375 69031 INFO tempest.lib.common.rest_client [req-ff0ee340-627c-43a7-aa7c-90bb3635bb9f req-ff0ee340-627c-43a7-aa7c-90bb3635bb9f ] Request (AggregatesAdminNegativeTestJSON:test_aggregate_add_existent_host): 409 POST http://10.180.1.21/compute/v2.1/os-aggregates/1/action 1.440s
2025-04-03 08:06:56.396 69041 INFO tempest.lib.common.rest_client [req-73409e5b-77b3-474a-9140-4810335b5965 req-73409e5b-77b3-474a-9140-4810335b5965 ] Request (HypervisorAdminUnderV252Test:tearDownClass): 200 GET http://10.180.1.21:9696/networking/v2.0/security-groups?tenant_id=7022e717c75e48e78778dd622ba1801f&name=default 0.149s
2025-04-03 08:06:56.397 68996 INFO tempest.lib.common.rest_client [req-97ef4159-4bd6-464a-82f2-64e5cc0cc076 req-97ef4159-4bd6-464a-82f2-64e5cc0cc076 ] Request (FlavorsV2TestJSON:test_list_flavors): 200 GET http://10.180.1.21/compute/v2.1/flavors 1.275s
2025-04-03 08:06:56.484 69016 INFO tempest.lib.common.rest_client [req-958b6841-1020-4689-8cf7-b6f15ee5b488 req-958b6841-1020-4689-8cf7-b6f15ee5b488 ] Request (FlavorMetadataValidation:tearDownClass): 204 DELETE http://10.180.1.21:9696/networking/v2.0/security-groups/ccfeb93c-8e59-45aa-ac63-b1334dacbb85 0.146s
2025-04-03 08:06:56.493 68992 INFO tempest.lib.common.rest_client [req-2796e6ea-09c4-41da-ad20-2eb7b2cff7e5 req-2796e6ea-09c4-41da-ad20-2eb7b2cff7e5 ] Request (QuotasAdminNegativeTest:_run_cleanups): 200 PUT http://10.180.1.21/compute/v2.1/os-quota-sets/44f4fe966c714c66970d5c0e53a4d5e1 1.695s
2025-04-03 08:06:56.504 69020 INFO tempest.lib.common.rest_client [req-9950d70a-1bb6-40b2-8e18-a62c6c442201 req-9950d70a-1bb6-40b2-8e18-a62c6c442201 ] Request (QuotasSecurityGroupAdminNegativeTest:tearDownClass): 204 DELETE http://10.180.1.21/identity/v3/users/b113bc33c92842c6b5a30c747500d381 0.179s
2025-04-03 08:06:56.504 69020 INFO tempest.lib.common.dynamic_creds [-] Deleting project and security group for project: 7f2f4ed6dcb44272b2bf24c5493f08fc
2025-04-03 08:06:56.518 69008 INFO tempest.lib.common.rest_client [req-602467e8-021e-437e-9e19-47651ec79bcb req-602467e8-021e-437e-9e19-47651ec79bcb ] Request (FlavorsV255TestJSON:test_crud_flavor): 200 GET http://10.180.1.21/compute/v2.1/flavors 1.356s
2025-04-03 08:06:56.546 69041 INFO tempest.lib.common.rest_client [req-1eec95c7-864a-4856-bf8c-b63c870e340b req-1eec95c7-864a-4856-bf8c-b63c870e340b ] Request (HypervisorAdminUnderV252Test:tearDownClass): 204 DELETE http://10.180.1.21:9696/networking/v2.0/security-groups/437587de-a30a-4438-9eed-c5952a9544f1 0.150s
2025-04-03 08:06:56.576 69051 INFO tempest.lib.common.rest_client [req-07c02f15-311e-4daf-830c-eb96244afdee req-07c02f15-311e-4daf-830c-eb96244afdee ] Request (QuotasAdminTestV257:tearDownClass): 200 GET http://10.180.1.21:9696/networking/v2.0/security-groups?tenant_id=0b601fc0453b4068a11483efea56fbf3&name=default 0.304s
2025-04-03 08:06:56.615 69016 INFO tempest.lib.common.rest_client [req-91c894fc-95c5-4844-a848-b880b722132e req-91c894fc-95c5-4844-a848-b880b722132e ] Request (FlavorMetadataValidation:tearDownClass): 204 DELETE http://10.180.1.21/identity/v3/projects/77c7b281c2914114954e3a0bb29d24e6 0.130s
2025-04-03 08:06:56.616 69016 INFO tempest.lib.common.dynamic_creds [-] Deleting project and security group for project: bc5fd41d160448b4b2d91581f1372b8f
2025-04-03 08:06:56.620 69020 INFO tempest.lib.common.rest_client [req-51883d70-abe2-441e-93a9-cd4d879a3a7b req-51883d70-abe2-441e-93a9-cd4d879a3a7b ] Request (QuotasSecurityGroupAdminNegativeTest:tearDownClass): 201 POST http://10.180.1.21/identity/v3/auth/tokens 0.116s
2025-04-03 08:06:56.669 69041 INFO tempest.lib.common.rest_client [req-66214806-0aae-4620-a85b-a69f54544124 req-66214806-0aae-4620-a85b-a69f54544124 ] Request (HypervisorAdminUnderV252Test:tearDownClass): 204 DELETE http://10.180.1.21/identity/v3/projects/7022e717c75e48e78778dd622ba1801f 0.123s
2025-04-03 08:06:56.711 69051 INFO tempest.lib.common.rest_client [req-ecfd7afe-f292-41ff-b245-0aa1a4e7c315 req-ecfd7afe-f292-41ff-b245-0aa1a4e7c315 ] Request (QuotasAdminTestV257:tearDownClass): 204 DELETE http://10.180.1.21:9696/networking/v2.0/security-groups/28961531-8464-47c5-92df-f6565f5fae38 0.135s
2025-04-03 08:06:56.736 69041 INFO tempest.lib.common.rest_client [req-121bd307-3f58-456b-990c-4ab2118682f8 req-121bd307-3f58-456b-990c-4ab2118682f8 ] Request (ListImagesTestJSON:setUpClass): 201 POST http://10.180.1.21/identity/v3/auth/tokens 0.066s
2025-04-03 08:06:56.779 69041 INFO tempest.lib.common.rest_client [req-ade3dcc5-da84-42a7-a808-805ee462d549 req-ade3dcc5-da84-42a7-a808-805ee462d549 ] Request (ListImagesTestJSON:setUpClass): 201 POST http://10.180.1.21/identity/v3/auth/tokens 0.040s
2025-04-03 08:06:56.805 69051 INFO tempest.lib.common.rest_client [req-2e7b238d-cc23-4074-93ed-fcd463521e73 req-2e7b238d-cc23-4074-93ed-fcd463521e73 ] Request (QuotasAdminTestV257:tearDownClass): 204 DELETE http://10.180.1.21/identity/v3/projects/0b601fc0453b4068a11483efea56fbf3 0.094s
2025-04-03 08:06:56.805 69051 INFO tempest.lib.common.dynamic_creds [-] Deleting project and security group for project: bd823aea42ea406082d249dcd75aa570
