2025-04-03 08:08:28.668 69043 INFO tempest.lib.common.rest_client [req-e6bd4227-a2a1-4f65-aceb-e36581826f82 req-e6bd4227-a2a1-4f65-aceb-e36581826f82 ] Request (FloatingIPsAssociationTestJSON:test_associate_already_associated_floating_ip): 200 GET http://10.180.1.21/compute/v2.1/servers/0f618d12-dc7b-4739-8ace-9453a7175d75 0.049s
2025-04-03 08:08:28.746 69028 INFO tempest.lib.common.rest_client [req-2048f1dc-83a8-486b-8c27-3c1cafc7ec47 req-2048f1dc-83a8-486b-8c27-3c1cafc7ec47 ] Request (ServersTestJSON:setUpClass): 200 GET http://10.180.1.21/compute/v2.1/servers/0eaf7d72-755b-4977-8f71-7d53ad1cf573 0.061s
2025-04-03 08:08:28.783 68992 INFO tempest.lib.common.rest_client [req-c0e99f1a-a4df-4ca2-95e2-fb35603b4ec1 req-c0e99f1a-a4df-4ca2-95e2-fb35603b4ec1 ] Request (ServersAdminNegativeTestJSON:test_migrate_server_invalid_state): 200 GET http://10.180.1.21/compute/v2.1/servers/1b405b1f-ee1f-4e6e-9355-de8b5c26ab49 0.050s
2025-04-03 08:08:28.845 69039 INFO tempest.lib.common.rest_client [req-645294e2-a464-471c-b18a-329ce019fc88 req-645294e2-a464-471c-b18a-329ce019fc88 ] Request (ServersNegativeTestMultiTenantJSON:setUpClass): 200 GET http://10.180.1.21/compute/v2.1/servers/0097c367-bb3a-4b7b-9fcc-b3e3482689e2 0.058s
2025-04-03 08:08:28.854 69039 INFO tempest.common.waiters [-] State transition "BUILD/None" ==> "BUILD/networking" after 45 second wait
2025-04-03 08:08:28.889 68990 INFO tempest.lib.common.rest_client [req-b5366237-e933-45e4-a5aa-91466bbfebee req-b5366237-e933-45e4-a5aa-91466bbfebee ] Request (MigrationsAdminTest:test_list_migrations_in_flavor_resize_situation): 200 GET http://10.180.1.21/compute/v2.1/servers/77fa5a89-961b-4c84-a75e-a5be0253677e 0.049s
2025-04-03 08:08:28.915 69037 INFO tempest.lib.common.rest_client [req-a6e7e188-14f1-4fc3-81d2-cec4918a06c8 req-a6e7e188-14f1-4fc3-81d2-cec4918a06c8 ] Request (ListServerFiltersTestJSON:tearDownClass): 200 GET http://10.180.1.21/compute/v2.1/servers/7fbe6b95-27fe-4aa2-b86c-f389ab00ad6b 0.067s
2025-04-03 08:08:28.959 68996 INFO tempest.lib.common.rest_client [req-ef375878-4007-4073-949a-abe980176a5c req-ef375878-4007-4073-949a-abe980176a5c ] Request (ServerShowV257Test:test_rebuild_server): 200 GET http://10.180.1.21/compute/v2.1/servers/f45200cd-6cb0-498a-8858-1e70177031d9 0.060s
2025-04-03 08:08:29.015 69053 INFO tempest.lib.common.rest_client [req-a5b22a9c-e6a4-422b-845b-180ce54af3b8 req-a5b22a9c-e6a4-422b-845b-180ce54af3b8 ] Request (ServersListShow2100Test:test_list_show_rebuild_update_server_2100): 200 GET http://10.180.1.21/compute/v2.1/servers/367461db-8bc4-4cf0-b7f6-f79ee2bf8589 0.071s
2025-04-03 08:08:29.021 69006 INFO tempest.lib.common.rest_client [req-1d534aba-e372-4920-8352-95b35bca7788 req-1d534aba-e372-4920-8352-95b35bca7788 ] Request (ServerActionsV293TestJSON:setUpClass): 200 GET http://10.180.1.21/compute/v2.1/servers/1189fa93-608b-4684-a675-f1caf29a9f43 0.053s
2025-04-03 08:08:29.073 68994 INFO tempest.lib.common.rest_client [req-9289d615-3417-4009-820c-19c3c18f70a0 req-9289d615-3417-4009-820c-19c3c18f70a0 ] Request (AttachInterfacesUnderV243Test:test_add_remove_fixed_ip): 200 GET http://10.180.1.21/compute/v2.1/servers/5e3f667c-5d3a-4465-9186-779563087480 0.050s
2025-04-03 08:08:29.124 69014 INFO tempest.lib.common.rest_client [req-d609b651-e80a-4c68-8f8f-c50e6132148f req-d609b651-e80a-4c68-8f8f-c50e6132148f ] Request (AttachInterfacesV270Test:test_create_get_list_interfaces): 200 GET http://10.180.1.21/compute/v2.1/servers/3c8459db-cc54-4644-8e4c-83c87017a186 0.069s
2025-04-03 08:08:29.195 69012 INFO tempest.lib.common.rest_client [req-98b7f509-dfc2-4cdd-88ce-92ab0484ce49 req-98b7f509-dfc2-4cdd-88ce-92ab0484ce49 ] Request (ServerDiagnosticsTest:tearDownClass): 200 GET http://10.180.1.21/compute/v2.1/servers/f9168b78-ed64-4109-84f0-db0af61d2f10 0.106s
2025-04-03 08:08:29.250 69016 INFO tempest.lib.common.rest_client [req-5b0952a6-480a-42ad-9fc0-13bc755ffca2 req-5b0952a6-480a-42ad-9fc0-13bc755ffca2 ] Request (ServerMetadataNegativeTestJSON:setUpClass): 200 GET http://10.180.1.21/compute/v2.1/servers/3b0837ef-53fb-4851-b69f-ee0a1d89fbf8 0.118s
2025-04-03 08:08:29.297 69022 INFO tempest.lib.common.rest_client [req-1e9ee24c-3477-4f1a-8e55-06bc12ad52ba req-1e9ee24c-3477-4f1a-8e55-06bc12ad52ba ] Request (ServerActionsTestOtherA:setUpClass): 200 GET http://10.180.1.21/compute/v2.1/servers/23891bad-1b63-4237-9243-78954cf67d52 0.305s
2025-04-03 08:08:29.309 69020 INFO tempest.lib.common.rest_client [req-104859ea-3149-4aa5-9fca-4dcb3009adc6 req-104859ea-3149-4aa5-9fca-4dcb3009adc6 ] Request (ListImageFiltersTestJSON:setUpClass): 200 GET http://10.180.1.21/compute/v2.1/servers/3bc7b52b-2f2c-485f-ad4b-05fb0fdc9e1f 0.118s
2025-04-03 08:08:29.371 69008 INFO tempest.lib.common.rest_client [req-14a44cc4-1742-4718-874e-d8595cb4d4ba req-14a44cc4-1742-4718-874e-d8595cb4d4ba ] Request (ServersTestBootFromVolume:setUpClass): 200 GET http://10.180.1.21/compute/v2.1/servers/6278d756-139c-4fcd-bf31-304c978d6682 0.065s
2025-04-03 08:08:29.374 69045 INFO tempest.lib.common.rest_client [req-d2a51d49-75f0-4011-a010-2025729e4346 req-d2a51d49-75f0-4011-a010-2025729e4346 ] Request (ImagesOneServerNegativeTestJSON:_run_cleanups): 200 GET http://10.180.1.21/compute/v2.1/servers/60ded0c9-7e20-4071-b5ce-9189d8d01d5c 0.117s
2025-04-03 08:08:29.431 69031 INFO tempest.lib.common.rest_client [req-e0a90055-4bcc-4b42-8e19-cdee9226f1ec req-e0a90055-4bcc-4b42-8e19-cdee9226f1ec ] Request (SecurityGroupsTestJSON:test_list_security_groups_by_server): 200 GET http://10.180.1.21/compute/v2.1/servers/3b90fce5-5d6c-471b-bf2b-e9f4ac11e4ca 0.067s
2025-04-03 08:08:29.505 69010 INFO tempest.lib.common.rest_client [req-69ca1c29-5b2c-40a1-accd-f130bd3c4643 req-69ca1c29-5b2c-40a1-accd-f130bd3c4643 ] Request (MultipleCreateTestJSON:test_multiple_create): 200 GET http://10.180.1.21/compute/v2.1/servers/0e3c27fe-a2d9-45dc-9559-a678f90a6fef 0.087s
2025-04-03 08:08:29.558 69035 INFO tempest.lib.common.rest_client [req-720b0c1c-2774-4eb4-a1c6-ed053894bf69 req-720b0c1c-2774-4eb4-a1c6-ed053894bf69 ] Request (ListServersNegativeTestJSON:setUpClass): 200 GET http://10.180.1.21/compute/v2.1/servers/275cdfcc-06f0-4c29-b18b-55cde38480a3 0.124s
2025-04-03 08:08:29.574 68998 INFO tempest.lib.common.rest_client [req-c205fd7d-b80b-4b94-996e-38292dff3b0a req-c205fd7d-b80b-4b94-996e-38292dff3b0a ] Request (ImagesTestJSON:test_create_image_from_suspended_server): 200 GET http://10.180.1.21/compute/v2.1/servers/d167585b-11f4-462c-b12e-c6a440c1476a 0.101s
2025-04-03 08:08:29.631 69050 INFO tempest.lib.common.rest_client [req-ce7745e3-8517-4b39-82b5-7bb0edb145df req-ce7745e3-8517-4b39-82b5-7bb0edb145df ] Request (ImagesNegativeTestJSON:test_create_image_from_deleted_server): 200 GET http://10.180.1.21/compute/v2.1/servers/f500b495-7bfb-40ff-8a10-e46ca6744902 0.143s
2025-04-03 08:08:29.653 69018 INFO tempest.lib.common.rest_client [req-77a07766-f94a-4290-be8d-6646ae5479a2 req-77a07766-f94a-4290-be8d-6646ae5479a2 ] Request (ServerDiskConfigTestJSON:test_rebuild_server_with_manual_disk_config): 200 GET http://10.180.1.21/compute/v2.1/servers/d88ccf9b-7432-4be0-82f7-b2a9155f7d86 0.115s
2025-04-03 08:08:29.669 69051 WARNING tempest.lib.common.ssh [-] Failed to establish authenticated ssh connection to cirros@10.180.180.212 ([Errno None] Unable to connect to port 22 on 10.180.180.212). Number attempts: 5. Retry after 6 seconds.: paramiko.ssh_exception.NoValidConnectionsError: [Errno None] Unable to connect to port 22 on 10.180.180.212
2025-04-03 08:08:29.669 69033 INFO tempest.lib.common.rest_client [req-b418398f-3521-496f-b987-6a12243da041 req-b418398f-3521-496f-b987-6a12243da041 ] Request (ServerRescueTestJSONUnderV235:setUpClass): 200 PUT http://10.180.1.21:9696/networking/v2.0/routers/7eb7166d-2216-4877-b3b3-730cf3e39df6/add_router_interface 1.299s
2025-04-03 08:08:29.670 69033 INFO tempest.lib.common.dynamic_creds [-] Created isolated network resources for: credentials: Credentials: {'domain_id': 'default', 'domain_name': 'Default', 'username': 'tempest-ServerRescueTestJSONUnderV235-1851228162-project-member', 'project_domain_id': 'default', 'project_domain_name': 'Default', 'project_id': '40404e0b9c0042c58bc22c96799709af', 'project_name': 'tempest-ServerRescueTestJSONUnderV235-1851228162', 'tenant_id': '40404e0b9c0042c58bc22c96799709af', 'tenant_name': 'tempest-ServerRescueTestJSONUnderV235-1851228162', 'user_domain_id': 'default', 'user_domain_name': 'Default', 'user_id': '02bee05e80de43c3bdde6511a583b3d7', 'system': None}, Network: {'id': '57a5ae11-4f33-4f74-9756-ee7a71e40eea', 'name': 'tempest-ServerRescueTestJSONUnderV235-1400887908-network', 'tenant_id': '40404e0b9c0042c58bc22c96799709af', 'admin_state_up': True, 'mtu': 8950, 'status': 'ACTIVE', 'subnets': [], 'shared': False, 'project_id': '40404e0b9c0042c58bc22c96799709af', 'port_security_enabled': True, 'router:external': False, 'provider:network_type': 'vlan', 'provider:physical_network': 'default', 'provider:segmentation_id': 287, 'availability_zone_hints': [], 'availability_zones': [], 'ipv4_address_scope': None, 'ipv6_address_scope': None, 'description': '', 'tags': [], 'created_at': '2025-04-03T08:08:26Z', 'updated_at': '2025-04-03T08:08:26Z', 'revision_number': 1}, Subnet: {'id': '0e0ac0a8-c548-4f42-a1af-f6c492be230e', 'name': 'tempest-ServerRescueTestJSONUnderV235-1400887908-subnet', 'tenant_id': '40404e0b9c0042c58bc22c96799709af', 'network_id': '57a5ae11-4f33-4f74-9756-ee7a71e40eea', 'ip_version': 4, 'subnetpool_id': None, 'enable_dhcp': False, 'ipv6_ra_mode': None, 'ipv6_address_mode': None, 'gateway_ip': '192.168.128.1', 'cidr': '192.168.128.0/28', 'allocation_pools': [{'start': '192.168.128.2', 'end': '192.168.128.14'}], 'host_routes': [], 'dns_nameservers': [], 'description': '', 'router:external': False, 'service_types': [], 'tags': [], 'created_at': '2025-04-03T08:08:27Z', 'updated_at': '2025-04-03T08:08:27Z', 'revision_number': 0, 'project_id': '40404e0b9c0042c58bc22c96799709af'}, Router: {'id': '7eb7166d-2216-4877-b3b3-730cf3e39df6', 'name': 'tempest-ServerRescueTestJSONUnderV235-1400887908-router', 'tenant_id': '40404e0b9c0042c58bc22c96799709af', 'admin_state_up': True, 'status': 'ACTIVE', 'external_gateway_info': {'network_id': 'a43b096e-82c2-46c2-b7b4-c64e1e75b7fa', 'external_fixed_ips': [{'subnet_id': '11d41a4e-91aa-4a56-a8f8-df19e9c5f608', 'ip_address': '10.180.180.153'}], 'enable_snat': True}, 'description': '', 'availability_zones': [], 'distributed': False, 'ha': False, 'availability_zone_hints': [], 'routes': [], 'flavor_id': None, 'tags': [], 'created_at': '2025-04-03T08:08:27Z', 'updated_at': '2025-04-03T08:08:27Z', 'revision_number': 2, 'project_id': '40404e0b9c0042c58bc22c96799709af'}
2025-04-03 08:08:29.708 69000 INFO tempest.lib.common.rest_client [req-21351096-79c8-4753-9ffa-8fed07cce7ab req-21351096-79c8-4753-9ffa-8fed07cce7ab ] Request (AttachInterfacesTestJSON:test_create_list_show_delete_interfaces_by_fixed_ip): 200 GET http://10.180.1.21/compute/v2.1/servers/045e54ff-9e2c-4b04-afac-34cb6580cb2c 0.132s
2025-04-03 08:08:29.745 69002 INFO tempest.lib.common.rest_client [req-5205eacd-c1e2-4e4a-b3fa-ab9b7d42418e req-5205eacd-c1e2-4e4a-b3fa-ab9b7d42418e ] Request (ServersAdminTestJSON:test_inject_network_info): 200 GET http://10.180.1.21/compute/v2.1/servers/505b0352-39ab-4841-8766-14626af2b13e 0.116s
2025-04-03 08:08:29.774 69033 INFO tempest.lib.common.rest_client [req-c4567547-4c02-44b6-b393-c0892cfb8771 req-c4567547-4c02-44b6-b393-c0892cfb8771 ] Request (ServerRescueTestJSONUnderV235:setUpClass): 201 POST http://10.180.1.21/identity/v3/auth/tokens 0.101s
2025-04-03 08:08:29.787 69043 INFO tempest.lib.common.rest_client [req-719cc109-8c41-4b72-ad27-b713e1aece20 req-719cc109-8c41-4b72-ad27-b713e1aece20 ] Request (FloatingIPsAssociationTestJSON:test_associate_already_associated_floating_ip): 200 GET http://10.180.1.21/compute/v2.1/servers/0f618d12-dc7b-4739-8ace-9453a7175d75 0.109s
2025-04-03 08:08:29.813 69033 INFO tempest.lib.common.rest_client [req-04039296-3f9d-4020-a32f-f050b4fa919d req-04039296-3f9d-4020-a32f-f050b4fa919d ] Request (ServerRescueTestJSONUnderV235:setUpClass): 201 POST http://10.180.1.21/identity/v3/auth/tokens 0.036s
2025-04-03 08:08:29.813 69033 INFO tempest.lib.common.fixed_network [-] (ServerRescueTestJSONUnderV235:setUpClass) Found network {'id': '57a5ae11-4f33-4f74-9756-ee7a71e40eea', 'name': 'tempest-ServerRescueTestJSONUnderV235-1400887908-network', 'tenant_id': '40404e0b9c0042c58bc22c96799709af', 'admin_state_up': True, 'mtu': 8950, 'status': 'ACTIVE', 'subnets': [], 'shared': False, 'project_id': '40404e0b9c0042c58bc22c96799709af', 'port_security_enabled': True, 'router:external': False, 'provider:network_type': 'vlan', 'provider:physical_network': 'default', 'provider:segmentation_id': 287, 'availability_zone_hints': [], 'availability_zones': [], 'ipv4_address_scope': None, 'ipv6_address_scope': None, 'description': '', 'tags': [], 'created_at': '2025-04-03T08:08:26Z', 'updated_at': '2025-04-03T08:08:26Z', 'revision_number': 1} available for tenant
2025-04-03 08:08:29.819 69028 INFO tempest.lib.common.rest_client [req-14e801d0-bbc6-418c-bf0f-6b51fb7a56ae req-14e801d0-bbc6-418c-bf0f-6b51fb7a56ae ] Request (ServersTestJSON:setUpClass): 200 GET http://10.180.1.21/compute/v2.1/servers/0eaf7d72-755b-4977-8f71-7d53ad1cf573 0.065s
2025-04-03 08:08:29.859 68992 INFO tempest.lib.common.rest_client [req-e3e9ae24-0433-4876-a7be-d3fe52610374 req-e3e9ae24-0433-4876-a7be-d3fe52610374 ] Request (ServersAdminNegativeTestJSON:test_migrate_server_invalid_state): 200 GET http://10.180.1.21/compute/v2.1/servers/1b405b1f-ee1f-4e6e-9355-de8b5c26ab49 0.066s
2025-04-03 08:08:30.007 69039 INFO tempest.lib.common.rest_client [req-a845389a-fb08-49ce-a59b-25a054e79c5f req-a845389a-fb08-49ce-a59b-25a054e79c5f ] Request (ServersNegativeTestMultiTenantJSON:setUpClass): 200 GET http://10.180.1.21/compute/v2.1/servers/0097c367-bb3a-4b7b-9fcc-b3e3482689e2 0.153s
2025-04-03 08:08:30.015 69039 INFO tempest.common.waiters [-] State transition "BUILD/networking" ==> "BUILD/block_device_mapping" after 47 second wait
2025-04-03 08:08:30.083 68990 INFO tempest.lib.common.rest_client [req-8dd52ca1-6426-4988-a2d8-4237ca695d18 req-8dd52ca1-6426-4988-a2d8-4237ca695d18 ] Request (MigrationsAdminTest:test_list_migrations_in_flavor_resize_situation): 200 GET http://10.180.1.21/compute/v2.1/servers/77fa5a89-961b-4c84-a75e-a5be0253677e 0.186s
2025-04-03 08:08:30.150 69037 INFO tempest.lib.common.rest_client [req-2ae332db-bf25-4155-8510-c7eb1cf73165 req-2ae332db-bf25-4155-8510-c7eb1cf73165 ] Request (ListServerFiltersTestJSON:tearDownClass): 200 GET http://10.180.1.21/compute/v2.1/servers/7fbe6b95-27fe-4aa2-b86c-f389ab00ad6b 0.221s
2025-04-03 08:08:30.202 68996 INFO tempest.lib.common.rest_client [req-33ab238b-3aee-4f20-8fa4-7af29a2a3dca req-33ab238b-3aee-4f20-8fa4-7af29a2a3dca ] Request (ServerShowV257Test:test_rebuild_server): 200 GET http://10.180.1.21/compute/v2.1/servers/f45200cd-6cb0-498a-8858-1e70177031d9 0.234s
2025-04-03 08:08:30.264 69053 INFO tempest.lib.common.rest_client [req-0ee44679-935b-4f2c-8f4d-c02c879044e3 req-0ee44679-935b-4f2c-8f4d-c02c879044e3 ] Request (ServersListShow2100Test:test_list_show_rebuild_update_server_2100): 200 GET http://10.180.1.21/compute/v2.1/servers/367461db-8bc4-4cf0-b7f6-f79ee2bf8589 0.234s
2025-04-03 08:08:30.313 69006 INFO tempest.lib.common.rest_client [req-298b8d9f-cff7-47f7-801b-47518a44dd6f req-298b8d9f-cff7-47f7-801b-47518a44dd6f ] Request (ServerActionsV293TestJSON:setUpClass): 200 GET http://10.180.1.21/compute/v2.1/servers/1189fa93-608b-4684-a675-f1caf29a9f43 0.282s
2025-04-03 08:08:30.354 69033 INFO tempest.lib.common.rest_client [req-7c743af0-fd8c-4e32-a0f3-7e31f27c6335 req-7c743af0-fd8c-4e32-a0f3-7e31f27c6335 ] Request (ServerRescueTestJSONUnderV235:setUpClass): 202 POST http://10.180.1.21/compute/v2.1/servers 0.540s
2025-04-03 08:08:30.358 68994 INFO tempest.lib.common.rest_client [req-781f5fbe-9b62-440d-af02-0edfd93291cd req-781f5fbe-9b62-440d-af02-0edfd93291cd ] Request (AttachInterfacesUnderV243Test:test_add_remove_fixed_ip): 200 GET http://10.180.1.21/compute/v2.1/servers/5e3f667c-5d3a-4465-9186-779563087480 0.276s
2025-04-03 08:08:30.409 69014 INFO tempest.lib.common.rest_client [req-833aef28-52f9-437c-b048-ff893fd831fe req-833aef28-52f9-437c-b048-ff893fd831fe ] Request (AttachInterfacesV270Test:test_create_get_list_interfaces): 200 GET http://10.180.1.21/compute/v2.1/servers/3c8459db-cc54-4644-8e4c-83c87017a186 0.275s
2025-04-03 08:08:30.424 69012 INFO tempest.lib.common.rest_client [req-8c4c16c0-821b-42f0-96e6-a103c8fcd18c req-8c4c16c0-821b-42f0-96e6-a103c8fcd18c ] Request (ServerDiagnosticsTest:tearDownClass): 200 GET http://10.180.1.21/compute/v2.1/servers/f9168b78-ed64-4109-84f0-db0af61d2f10 0.221s
2025-04-03 08:08:30.435 69024 WARNING tempest.lib.common.ssh [-] Failed to establish authenticated ssh connection to cirros@10.180.180.139 ([Errno None] Unable to connect to port 22 on 10.180.180.139). Number attempts: 6. Retry after 7 seconds.: paramiko.ssh_exception.NoValidConnectionsError: [Errno None] Unable to connect to port 22 on 10.180.180.139
2025-04-03 08:08:30.460 69016 INFO tempest.lib.common.rest_client [req-a6226d52-2e63-4eae-9227-fd0ac4ebd981 req-a6226d52-2e63-4eae-9227-fd0ac4ebd981 ] Request (ServerMetadataNegativeTestJSON:setUpClass): 200 GET http://10.180.1.21/compute/v2.1/servers/3b0837ef-53fb-4851-b69f-ee0a1d89fbf8 0.196s
2025-04-03 08:08:30.475 69022 INFO tempest.lib.common.rest_client [req-d6a9a368-f1ca-48ce-9d0e-0e48cce913bb req-d6a9a368-f1ca-48ce-9d0e-0e48cce913bb ] Request (ServerActionsTestOtherA:setUpClass): 200 GET http://10.180.1.21/compute/v2.1/servers/23891bad-1b63-4237-9243-78954cf67d52 0.171s
2025-04-03 08:08:30.512 69033 INFO tempest.lib.common.rest_client [req-7278b9d0-7b6b-4b2f-a46a-be8d8f83e477 req-7278b9d0-7b6b-4b2f-a46a-be8d8f83e477 ] Request (ServerRescueTestJSONUnderV235:setUpClass): 200 GET http://10.180.1.21/compute/v2.1/servers/2007222e-e4e5-44b3-bd9e-55b4a2143c3e 0.156s
2025-04-03 08:08:30.515 69020 INFO tempest.lib.common.rest_client [req-76e27b0d-04d1-4036-a628-cb1256b589bc req-76e27b0d-04d1-4036-a628-cb1256b589bc ] Request (ListImageFiltersTestJSON:setUpClass): 200 GET http://10.180.1.21/compute/v2.1/servers/3bc7b52b-2f2c-485f-ad4b-05fb0fdc9e1f 0.198s
2025-04-03 08:08:30.568 69008 INFO tempest.lib.common.rest_client [req-e5c6e70c-bc8d-42a5-849d-2b0aac2cdcd0 req-e5c6e70c-bc8d-42a5-849d-2b0aac2cdcd0 ] Request (ServersTestBootFromVolume:setUpClass): 200 GET http://10.180.1.21/compute/v2.1/servers/6278d756-139c-4fcd-bf31-304c978d6682 0.177s
2025-04-03 08:08:30.572 69045 INFO tempest.lib.common.rest_client [req-059be75e-ece2-44ab-895b-dc1e5a0bf818 req-059be75e-ece2-44ab-895b-dc1e5a0bf818 ] Request (ImagesOneServerNegativeTestJSON:_run_cleanups): 200 GET http://10.180.1.21/compute/v2.1/servers/60ded0c9-7e20-4071-b5ce-9189d8d01d5c 0.189s
2025-04-03 08:08:30.613 69031 INFO tempest.lib.common.rest_client [req-47983d06-a904-4e49-8911-52a9b1b7d363 req-47983d06-a904-4e49-8911-52a9b1b7d363 ] Request (SecurityGroupsTestJSON:test_list_security_groups_by_server): 200 GET http://10.180.1.21/compute/v2.1/servers/3b90fce5-5d6c-471b-bf2b-e9f4ac11e4ca 0.169s
2025-04-03 08:08:30.628 69010 INFO tempest.lib.common.rest_client [req-f56ce540-7e80-439c-9462-08bfd3e122e7 req-f56ce540-7e80-439c-9462-08bfd3e122e7 ] Request (MultipleCreateTestJSON:test_multiple_create): 200 GET http://10.180.1.21/compute/v2.1/servers/0e3c27fe-a2d9-45dc-9559-a678f90a6fef 0.110s
2025-04-03 08:08:30.679 68998 INFO tempest.lib.common.rest_client [req-157df879-8d66-47fc-b6bd-1fdf951e9e4b req-157df879-8d66-47fc-b6bd-1fdf951e9e4b ] Request (ImagesTestJSON:test_create_image_from_suspended_server): 200 GET http://10.180.1.21/compute/v2.1/servers/d167585b-11f4-462c-b12e-c6a440c1476a 0.097s
2025-04-03 08:08:30.734 69050 INFO tempest.lib.common.rest_client [req-74a28c52-b5c2-4b59-8041-a0f817536565 req-74a28c52-b5c2-4b59-8041-a0f817536565 ] Request (ImagesNegativeTestJSON:test_create_image_from_deleted_server): 200 GET http://10.180.1.21/compute/v2.1/servers/f500b495-7bfb-40ff-8a10-e46ca6744902 0.095s
2025-04-03 08:08:30.739 69035 INFO tempest.lib.common.rest_client [req-33303c44-bd47-4faf-88d5-254a47a6b5ac req-33303c44-bd47-4faf-88d5-254a47a6b5ac ] Request (ListServersNegativeTestJSON:setUpClass): 200 GET http://10.180.1.21/compute/v2.1/servers/275cdfcc-06f0-4c29-b18b-55cde38480a3 0.172s
2025-04-03 08:08:30.747 69035 INFO tempest.common.waiters [-] State transition "BUILD/spawning" ==> "ACTIVE/None" after 59 second wait
2025-04-03 08:08:30.784 69018 INFO tempest.lib.common.rest_client [req-999307c3-50d6-4bf3-961e-5859179155f0 req-999307c3-50d6-4bf3-961e-5859179155f0 ] Request (ServerDiskConfigTestJSON:test_rebuild_server_with_manual_disk_config): 200 GET http://10.180.1.21/compute/v2.1/servers/d88ccf9b-7432-4be0-82f7-b2a9155f7d86 0.121s
2025-04-03 08:08:30.794 69000 INFO tempest.lib.common.rest_client [req-15eb74e0-caaa-45fb-b43c-03fe586a0fc5 req-15eb74e0-caaa-45fb-b43c-03fe586a0fc5 ] Request (AttachInterfacesTestJSON:test_create_list_show_delete_interfaces_by_fixed_ip): 200 GET http://10.180.1.21/compute/v2.1/servers/045e54ff-9e2c-4b04-afac-34cb6580cb2c 0.075s
2025-04-03 08:08:30.840 69002 INFO tempest.lib.common.rest_client [req-c5194085-8575-4230-b98d-cb4c971831ab req-c5194085-8575-4230-b98d-cb4c971831ab ] Request (ServersAdminTestJSON:test_inject_network_info): 200 GET http://10.180.1.21/compute/v2.1/servers/505b0352-39ab-4841-8766-14626af2b13e 0.083s
2025-04-03 08:08:30.880 69035 INFO tempest.lib.common.rest_client [req-9d120335-8e38-4b1c-94c5-d18a86cbd365 req-9d120335-8e38-4b1c-94c5-d18a86cbd365 ] Request (ListServersNegativeTestJSON:setUpClass): 200 GET http://10.180.1.21/compute/v2.1/servers/a62237a7-a123-4378-b655-d489ef08474b 0.133s
2025-04-03 08:08:30.889 69043 INFO tempest.lib.common.rest_client [req-10d8af97-5cfd-401c-b15d-384470fe8967 req-10d8af97-5cfd-401c-b15d-384470fe8967 ] Request (FloatingIPsAssociationTestJSON:test_associate_already_associated_floating_ip): 200 GET http://10.180.1.21/compute/v2.1/servers/0f618d12-dc7b-4739-8ace-9453a7175d75 0.091s
2025-04-03 08:08:30.932 69028 INFO tempest.lib.common.rest_client [req-34a02a08-e88c-4037-9231-31b3580745e3 req-34a02a08-e88c-4037-9231-31b3580745e3 ] Request (ServersTestJSON:setUpClass): 200 GET http://10.180.1.21/compute/v2.1/servers/0eaf7d72-755b-4977-8f71-7d53ad1cf573 0.097s
2025-04-03 08:08:30.935 68992 INFO tempest.lib.common.rest_client [req-47c95094-aa6a-4e53-b344-21e1467268de req-47c95094-aa6a-4e53-b344-21e1467268de ] Request (ServersAdminNegativeTestJSON:test_migrate_server_invalid_state): 200 GET http://10.180.1.21/compute/v2.1/servers/1b405b1f-ee1f-4e6e-9355-de8b5c26ab49 0.063s
2025-04-03 08:08:31.019 69035 INFO tempest.lib.common.rest_client [req-4742217c-3f05-4507-ba20-b65699423e19 req-4742217c-3f05-4507-ba20-b65699423e19 ] Request (ListServersNegativeTestJSON:setUpClass): 200 GET http://10.180.1.21/compute/v2.1/servers/b4b7bd0b-b87a-479a-a99c-3a2aae9a6b14 0.129s
2025-04-03 08:08:31.106 69035 INFO tempest.lib.common.rest_client [req-d68cd372-617a-438a-bad8-72dff6afbef9 req-d68cd372-617a-438a-bad8-72dff6afbef9 ] Request (ListServersNegativeTestJSON:setUpClass): 204 DELETE http://10.180.1.21/compute/v2.1/servers/a62237a7-a123-4378-b655-d489ef08474b 0.080s
2025-04-03 08:08:31.124 69039 INFO tempest.lib.common.rest_client [req-caf8050d-9fb7-4691-8c65-c7f4a5f4844c req-caf8050d-9fb7-4691-8c65-c7f4a5f4844c ] Request (ServersNegativeTestMultiTenantJSON:setUpClass): 200 GET http://10.180.1.21/compute/v2.1/servers/0097c367-bb3a-4b7b-9fcc-b3e3482689e2 0.108s
2025-04-03 08:08:31.131 69039 INFO tempest.common.waiters [-] State transition "BUILD/block_device_mapping" ==> "BUILD/spawning" after 48 second wait
2025-04-03 08:08:31.162 68990 INFO tempest.lib.common.rest_client [req-28cd9bff-bcf7-45c1-99f6-6482f48d5d25 req-28cd9bff-bcf7-45c1-99f6-6482f48d5d25 ] Request (MigrationsAdminTest:test_list_migrations_in_flavor_resize_situation): 200 GET http://10.180.1.21/compute/v2.1/servers/77fa5a89-961b-4c84-a75e-a5be0253677e 0.065s
2025-04-03 08:08:31.233 69035 INFO tempest.lib.common.rest_client [req-eb6aa0bf-eec7-40c8-8262-9e8a5299b215 req-eb6aa0bf-eec7-40c8-8262-9e8a5299b215 ] Request (ListServersNegativeTestJSON:setUpClass): 200 GET http://10.180.1.21/compute/v2.1/servers/a62237a7-a123-4378-b655-d489ef08474b 0.126s
2025-04-03 08:08:31.233 69037 INFO tempest.lib.common.rest_client [req-3f436c49-cf8f-4c73-ac91-c9df33287895 req-3f436c49-cf8f-4c73-ac91-c9df33287895 ] Request (ListServerFiltersTestJSON:tearDownClass): 200 GET http://10.180.1.21/compute/v2.1/servers/7fbe6b95-27fe-4aa2-b86c-f389ab00ad6b 0.071s
2025-04-03 08:08:31.306 68996 INFO tempest.lib.common.rest_client [req-40940481-0d0a-4e27-8c97-a141cb1791d3 req-40940481-0d0a-4e27-8c97-a141cb1791d3 ] Request (ServerShowV257Test:test_rebuild_server): 200 GET http://10.180.1.21/compute/v2.1/servers/f45200cd-6cb0-498a-8858-1e70177031d9 0.091s
2025-04-03 08:08:31.359 69053 INFO tempest.lib.common.rest_client [req-47b610b6-cd9c-4b51-8f37-a9ee40452857 req-47b610b6-cd9c-4b51-8f37-a9ee40452857 ] Request (ServersListShow2100Test:test_list_show_rebuild_update_server_2100): 200 GET http://10.180.1.21/compute/v2.1/servers/367461db-8bc4-4cf0-b7f6-f79ee2bf8589 0.080s
2025-04-03 08:08:31.383 69006 INFO tempest.lib.common.rest_client [req-6608264a-89fb-42ff-b0b1-97881c0fcecc req-6608264a-89fb-42ff-b0b1-97881c0fcecc ] Request (ServerActionsV293TestJSON:setUpClass): 200 GET http://10.180.1.21/compute/v2.1/servers/1189fa93-608b-4684-a675-f1caf29a9f43 0.060s
2025-04-03 08:08:31.414 68994 INFO tempest.lib.common.rest_client [req-95c15c74-8985-416e-aabc-a12f204f9867 req-95c15c74-8985-416e-aabc-a12f204f9867 ] Request (AttachInterfacesUnderV243Test:test_add_remove_fixed_ip): 200 GET http://10.180.1.21/compute/v2.1/servers/5e3f667c-5d3a-4465-9186-779563087480 0.047s
2025-04-03 08:08:31.480 69014 INFO tempest.lib.common.rest_client [req-690aa76f-5730-4155-8071-533e3834a766 req-690aa76f-5730-4155-8071-533e3834a766 ] Request (AttachInterfacesV270Test:test_create_get_list_interfaces): 200 GET http://10.180.1.21/compute/v2.1/servers/3c8459db-cc54-4644-8e4c-83c87017a186 0.061s
2025-04-03 08:08:31.493 69012 INFO tempest.lib.common.rest_client [req-bc620919-cb43-48c2-b1e2-7eba5ab8e036 req-bc620919-cb43-48c2-b1e2-7eba5ab8e036 ] Request (ServerDiagnosticsTest:tearDownClass): 200 GET http://10.180.1.21/compute/v2.1/servers/f9168b78-ed64-4109-84f0-db0af61d2f10 0.057s
2025-04-03 08:08:31.533 69016 INFO tempest.lib.common.rest_client [req-d2722a84-367a-4306-ab66-b4ab5521f4fa req-d2722a84-367a-4306-ab66-b4ab5521f4fa ] Request (ServerMetadataNegativeTestJSON:setUpClass): 200 GET http://10.180.1.21/compute/v2.1/servers/3b0837ef-53fb-4851-b69f-ee0a1d89fbf8 0.066s
2025-04-03 08:08:31.549 69022 INFO tempest.lib.common.rest_client [req-589a92e3-3679-4206-b78e-a00086ef0745 req-589a92e3-3679-4206-b78e-a00086ef0745 ] Request (ServerActionsTestOtherA:setUpClass): 200 GET http://10.180.1.21/compute/v2.1/servers/23891bad-1b63-4237-9243-78954cf67d52 0.065s
2025-04-03 08:08:31.581 69033 INFO tempest.lib.common.rest_client [req-249d2ff1-32fb-4104-88bc-69a872034ba1 req-249d2ff1-32fb-4104-88bc-69a872034ba1 ] Request (ServerRescueTestJSONUnderV235:setUpClass): 200 GET http://10.180.1.21/compute/v2.1/servers/2007222e-e4e5-44b3-bd9e-55b4a2143c3e 0.057s
2025-04-03 08:08:31.601 69020 INFO tempest.lib.common.rest_client [req-6cb302b8-aaf7-493c-9496-5e12d10c5dc2 req-6cb302b8-aaf7-493c-9496-5e12d10c5dc2 ] Request (ListImageFiltersTestJSON:setUpClass): 200 GET http://10.180.1.21/compute/v2.1/servers/3bc7b52b-2f2c-485f-ad4b-05fb0fdc9e1f 0.072s
2025-04-03 08:08:31.634 69008 INFO tempest.lib.common.rest_client [req-cfde1df1-2303-48a0-8863-eee474a98225 req-cfde1df1-2303-48a0-8863-eee474a98225 ] Request (ServersTestBootFromVolume:setUpClass): 200 GET http://10.180.1.21/compute/v2.1/servers/6278d756-139c-4fcd-bf31-304c978d6682 0.055s
2025-04-03 08:08:31.655 69045 INFO tempest.lib.common.rest_client [req-e78b6bc4-31a4-4b09-9d50-0f95b79fa7c7 req-e78b6bc4-31a4-4b09-9d50-0f95b79fa7c7 ] Request (ImagesOneServerNegativeTestJSON:_run_cleanups): 200 GET http://10.180.1.21/compute/v2.1/servers/60ded0c9-7e20-4071-b5ce-9189d8d01d5c 0.075s
2025-04-03 08:08:31.686 69031 INFO tempest.lib.common.rest_client [req-f2806fc4-b410-40ff-96b4-6647f9b1179a req-f2806fc4-b410-40ff-96b4-6647f9b1179a ] Request (SecurityGroupsTestJSON:test_list_security_groups_by_server): 200 GET http://10.180.1.21/compute/v2.1/servers/3b90fce5-5d6c-471b-bf2b-e9f4ac11e4ca 0.065s
2025-04-03 08:08:31.706 69010 INFO tempest.lib.common.rest_client [req-8e431cca-9cfa-42f8-bd6d-5297fb456536 req-8e431cca-9cfa-42f8-bd6d-5297fb456536 ] Request (MultipleCreateTestJSON:test_multiple_create): 200 GET http://10.180.1.21/compute/v2.1/servers/0e3c27fe-a2d9-45dc-9559-a678f90a6fef 0.068s
2025-04-03 08:08:31.742 68998 INFO tempest.lib.common.rest_client [req-9b8db886-dbc6-4699-a245-4eac8d9cc816 req-9b8db886-dbc6-4699-a245-4eac8d9cc816 ] Request (ImagesTestJSON:test_create_image_from_suspended_server): 200 GET http://10.180.1.21/compute/v2.1/servers/d167585b-11f4-462c-b12e-c6a440c1476a 0.053s
2025-04-03 08:08:31.763 69050 INFO tempest.lib.common.rest_client [req-2ccc5112-d329-49c9-b99d-70340ad18410 req-2ccc5112-d329-49c9-b99d-70340ad18410 ] Request (ImagesNegativeTestJSON:test_create_image_from_deleted_server): 404 GET http://10.180.1.21/compute/v2.1/servers/f500b495-7bfb-40ff-8a10-e46ca6744902 0.021s
2025-04-03 08:08:31.786 69050 INFO tempest.lib.common.rest_client [req-ee95e2c3-89a0-429e-b5e3-8fde26404076 req-ee95e2c3-89a0-429e-b5e3-8fde26404076 ] Request (ImagesNegativeTestJSON:test_create_image_from_deleted_server): 404 POST http://10.180.1.21/compute/v2.1/servers/f500b495-7bfb-40ff-8a10-e46ca6744902/action 0.022s
2025-04-03 08:08:31.795 69050 INFO tempest.lib.common.rest_client [req-977d4756-a1a5-4a08-b98e-932724e4446f req-977d4756-a1a5-4a08-b98e-932724e4446f ] Request (ImagesNegativeTestJSON:test_create_image_from_invalid_server): 404 POST http://10.180.1.21/compute/v2.1/servers/tempest-invalid-1726024685/action 0.008s
2025-04-03 08:08:31.805 69050 INFO tempest.lib.common.rest_client [req-942f4ac4-58d2-4c3d-a44c-b5d92b544681 req-942f4ac4-58d2-4c3d-a44c-b5d92b544681 ] Request (ImagesNegativeTestJSON:test_create_image_specify_uuid_35_characters_or_less): 404 POST http://10.180.1.21/compute/v2.1/servers/aaaaaaaaaaaaaaaaaaaaaaaaaaaaaaaaaaa/action 0.008s
2025-04-03 08:08:31.813 69050 INFO tempest.lib.common.rest_client [req-337b8536-96b7-411d-990c-c57a8f3557ca req-337b8536-96b7-411d-990c-c57a8f3557ca ] Request (ImagesNegativeTestJSON:test_create_image_specify_uuid_37_characters_or_more): 404 POST http://10.180.1.21/compute/v2.1/servers/aaaaaaaaaaaaaaaaaaaaaaaaaaaaaaaaaaaaa/action 0.007s
2025-04-03 08:08:31.844 69018 INFO tempest.lib.common.rest_client [req-fbac7288-6b3e-4a9f-9ff8-8248758ddfe3 req-fbac7288-6b3e-4a9f-9ff8-8248758ddfe3 ] Request (ServerDiskConfigTestJSON:test_rebuild_server_with_manual_disk_config): 200 GET http://10.180.1.21/compute/v2.1/servers/d88ccf9b-7432-4be0-82f7-b2a9155f7d86 0.051s
2025-04-03 08:08:31.844 69047 WARNING tempest.lib.common.ssh [-] Failed to establish authenticated ssh connection to cirros@10.180.180.183 ([Errno None] Unable to connect to port 22 on 10.180.180.183). Number attempts: 7. Retry after 8 seconds.: paramiko.ssh_exception.NoValidConnectionsError: [Errno None] Unable to connect to port 22 on 10.180.180.183
2025-04-03 08:08:31.860 69050 INFO tempest.lib.common.rest_client [req-b5178435-92e4-48eb-9788-a76db664dc72 req-b5178435-92e4-48eb-9788-a76db664dc72 ] Request (ImagesNegativeTestJSON:tearDownClass): 404 DELETE http://10.180.1.21/compute/v2.1/servers/f500b495-7bfb-40ff-8a10-e46ca6744902 0.046s
2025-04-03 08:08:31.860 69000 INFO tempest.lib.common.rest_client [req-251a2453-8bb4-4bc5-a680-aeb60f0b9d22 req-251a2453-8bb4-4bc5-a680-aeb60f0b9d22 ] Request (AttachInterfacesTestJSON:test_create_list_show_delete_interfaces_by_fixed_ip): 200 GET http://10.180.1.21/compute/v2.1/servers/045e54ff-9e2c-4b04-afac-34cb6580cb2c 0.053s
2025-04-03 08:08:31.881 69050 INFO tempest.lib.common.rest_client [req-cb28d5d7-857e-4d18-a5cc-f90533e60c63 req-cb28d5d7-857e-4d18-a5cc-f90533e60c63 ] Request (ImagesNegativeTestJSON:tearDownClass): 404 GET http://10.180.1.21/compute/v2.1/servers/f500b495-7bfb-40ff-8a10-e46ca6744902 0.021s
2025-04-03 08:08:31.916 69002 INFO tempest.lib.common.rest_client [req-8c932350-a7d5-4dae-9dd4-52362ada16b2 req-8c932350-a7d5-4dae-9dd4-52362ada16b2 ] Request (ServersAdminTestJSON:test_inject_network_info): 200 GET http://10.180.1.21/compute/v2.1/servers/505b0352-39ab-4841-8766-14626af2b13e 0.067s
2025-04-03 08:08:31.923 69002 INFO tempest.common.waiters [-] State transition "BUILD/scheduling" ==> "BUILD/None" after 29 second wait
2025-04-03 08:08:31.950 69043 INFO tempest.lib.common.rest_client [req-8a947ab0-df17-49c6-9ee7-d615fb80abcc req-8a947ab0-df17-49c6-9ee7-d615fb80abcc ] Request (FloatingIPsAssociationTestJSON:test_associate_already_associated_floating_ip): 200 GET http://10.180.1.21/compute/v2.1/servers/0f618d12-dc7b-4739-8ace-9453a7175d75 0.052s
2025-04-03 08:08:31.994 68992 INFO tempest.lib.common.rest_client [req-d78a5c53-5596-4429-9bbd-95cbeef6ab67 req-d78a5c53-5596-4429-9bbd-95cbeef6ab67 ] Request (ServersAdminNegativeTestJSON:test_migrate_server_invalid_state): 200 GET http://10.180.1.21/compute/v2.1/servers/1b405b1f-ee1f-4e6e-9355-de8b5c26ab49 0.049s
2025-04-03 08:08:32.007 69028 INFO tempest.lib.common.rest_client [req-a26bbd49-ef7e-4281-a2dc-280957aabb2b req-a26bbd49-ef7e-4281-a2dc-280957aabb2b ] Request (ServersTestJSON:setUpClass): 200 GET http://10.180.1.21/compute/v2.1/servers/0eaf7d72-755b-4977-8f71-7d53ad1cf573 0.066s
2025-04-03 08:08:32.332 68990 INFO tempest.lib.common.rest_client [req-c8481c8c-e870-45e3-881d-87b2a69a55a9 req-c8481c8c-e870-45e3-881d-87b2a69a55a9 ] Request (MigrationsAdminTest:test_list_migrations_in_flavor_resize_situation): 200 GET http://10.180.1.21/compute/v2.1/servers/77fa5a89-961b-4c84-a75e-a5be0253677e 0.157s
2025-04-03 08:08:32.333 69039 INFO tempest.lib.common.rest_client [req-cfa5b7ee-1db4-4788-8bba-2a1371db3a6a req-cfa5b7ee-1db4-4788-8bba-2a1371db3a6a ] Request (ServersNegativeTestMultiTenantJSON:setUpClass): 200 GET http://10.180.1.21/compute/v2.1/servers/0097c367-bb3a-4b7b-9fcc-b3e3482689e2 0.201s
2025-04-03 08:08:32.408 69037 INFO tempest.lib.common.rest_client [req-e4961ac8-1eaa-449a-b927-3677416d62ea req-e4961ac8-1eaa-449a-b927-3677416d62ea ] Request (ListServerFiltersTestJSON:tearDownClass): 200 GET http://10.180.1.21/compute/v2.1/servers/7fbe6b95-27fe-4aa2-b86c-f389ab00ad6b 0.165s
2025-04-03 08:08:32.462 68996 INFO tempest.lib.common.rest_client [req-4f1cfb8c-36ed-43fa-a861-1450ad982ec7 req-4f1cfb8c-36ed-43fa-a861-1450ad982ec7 ] Request (ServerShowV257Test:test_rebuild_server): 200 GET http://10.180.1.21/compute/v2.1/servers/f45200cd-6cb0-498a-8858-1e70177031d9 0.137s
2025-04-03 08:08:32.477 69035 INFO tempest.lib.common.rest_client [req-10e2d2a1-84fa-4636-a2e8-2f1081222608 req-10e2d2a1-84fa-4636-a2e8-2f1081222608 ] Request (ListServersNegativeTestJSON:setUpClass): 200 GET http://10.180.1.21/compute/v2.1/servers/a62237a7-a123-4378-b655-d489ef08474b 0.235s
2025-04-03 08:08:32.535 69053 INFO tempest.lib.common.rest_client [req-2baa43a0-ded5-4356-9d86-aa17cc220303 req-2baa43a0-ded5-4356-9d86-aa17cc220303 ] Request (ServersListShow2100Test:test_list_show_rebuild_update_server_2100): 200 GET http://10.180.1.21/compute/v2.1/servers/367461db-8bc4-4cf0-b7f6-f79ee2bf8589 0.157s
2025-04-03 08:08:32.557 69006 INFO tempest.lib.common.rest_client [req-6a37e300-0556-49a0-8d2d-646547db86fc req-6a37e300-0556-49a0-8d2d-646547db86fc ] Request (ServerActionsV293TestJSON:setUpClass): 200 GET http://10.180.1.21/compute/v2.1/servers/1189fa93-608b-4684-a675-f1caf29a9f43 0.164s
2025-04-03 08:08:32.589 68994 INFO tempest.lib.common.rest_client [req-773b9173-a42c-454b-93b3-24f138b63112 req-773b9173-a42c-454b-93b3-24f138b63112 ] Request (AttachInterfacesUnderV243Test:test_add_remove_fixed_ip): 200 GET http://10.180.1.21/compute/v2.1/servers/5e3f667c-5d3a-4465-9186-779563087480 0.168s
2025-04-03 08:08:32.628 69014 INFO tempest.lib.common.rest_client [req-1dd9d109-ca70-4611-9ec1-d06704148a90 req-1dd9d109-ca70-4611-9ec1-d06704148a90 ] Request (AttachInterfacesV270Test:test_create_get_list_interfaces): 200 GET http://10.180.1.21/compute/v2.1/servers/3c8459db-cc54-4644-8e4c-83c87017a186 0.134s
2025-04-03 08:08:32.651 69012 INFO tempest.lib.common.rest_client [req-93163fbe-25f8-4662-8482-686d0c4265a9 req-93163fbe-25f8-4662-8482-686d0c4265a9 ] Request (ServerDiagnosticsTest:tearDownClass): 200 GET http://10.180.1.21/compute/v2.1/servers/f9168b78-ed64-4109-84f0-db0af61d2f10 0.148s
2025-04-03 08:08:32.705 69016 INFO tempest.lib.common.rest_client [req-d726cd53-0a4a-4cf9-84a2-da4af730041e req-d726cd53-0a4a-4cf9-84a2-da4af730041e ] Request (ServerMetadataNegativeTestJSON:setUpClass): 200 GET http://10.180.1.21/compute/v2.1/servers/3b0837ef-53fb-4851-b69f-ee0a1d89fbf8 0.163s
2025-04-03 08:08:32.707 69022 INFO tempest.lib.common.rest_client [req-c5c7a30d-48f9-475f-adcc-c0b3aaa06517 req-c5c7a30d-48f9-475f-adcc-c0b3aaa06517 ] Request (ServerActionsTestOtherA:setUpClass): 200 GET http://10.180.1.21/compute/v2.1/servers/23891bad-1b63-4237-9243-78954cf67d52 0.150s
2025-04-03 08:08:32.764 69020 INFO tempest.lib.common.rest_client [req-95dafb4b-db9e-4e91-9beb-3d5442d6195a req-95dafb4b-db9e-4e91-9beb-3d5442d6195a ] Request (ListImageFiltersTestJSON:setUpClass): 200 GET http://10.180.1.21/compute/v2.1/servers/3bc7b52b-2f2c-485f-ad4b-05fb0fdc9e1f 0.155s
2025-04-03 08:08:32.782 69033 INFO tempest.lib.common.rest_client [req-7479bfba-c605-4b69-9305-7a463dced3ea req-7479bfba-c605-4b69-9305-7a463dced3ea ] Request (ServerRescueTestJSONUnderV235:setUpClass): 200 GET http://10.180.1.21/compute/v2.1/servers/2007222e-e4e5-44b3-bd9e-55b4a2143c3e 0.188s
2025-04-03 08:08:32.821 69008 INFO tempest.lib.common.rest_client [req-ad427046-c7d8-451f-8b05-5e1179b1943e req-ad427046-c7d8-451f-8b05-5e1179b1943e ] Request (ServersTestBootFromVolume:setUpClass): 200 GET http://10.180.1.21/compute/v2.1/servers/6278d756-139c-4fcd-bf31-304c978d6682 0.177s
2025-04-03 08:08:32.848 69050 INFO tempest.lib.common.rest_client [req-6c2d63c6-8336-4214-a967-cc1bce221539 req-6c2d63c6-8336-4214-a967-cc1bce221539 ] Request (ImagesNegativeTestJSON:tearDownClass): 200 PUT http://10.180.1.21:9696/networking/v2.0/routers/7fca06b3-382f-40ad-97cf-4695e116cd6e/remove_router_interface 0.966s
2025-04-03 08:08:32.880 69031 INFO tempest.lib.common.rest_client [req-20d6b389-7d84-4d59-bd38-c9db1cbf02fc req-20d6b389-7d84-4d59-bd38-c9db1cbf02fc ] Request (SecurityGroupsTestJSON:test_list_security_groups_by_server): 200 GET http://10.180.1.21/compute/v2.1/servers/3b90fce5-5d6c-471b-bf2b-e9f4ac11e4ca 0.184s
2025-04-03 08:08:33.081 69045 INFO tempest.lib.common.rest_client [req-a3ea9e39-899d-4a0d-a136-e123891c9fb5 req-a3ea9e39-899d-4a0d-a136-e123891c9fb5 ] Request (ImagesOneServerNegativeTestJSON:_run_cleanups): 200 GET http://10.180.1.21/compute/v2.1/servers/60ded0c9-7e20-4071-b5ce-9189d8d01d5c 0.416s
2025-04-03 08:08:33.131 68998 INFO tempest.lib.common.rest_client [req-bd3f610e-0b75-44cd-a47c-853bb014c57e req-bd3f610e-0b75-44cd-a47c-853bb014c57e ] Request (ImagesTestJSON:test_create_image_from_suspended_server): 200 GET http://10.180.1.21/compute/v2.1/servers/d167585b-11f4-462c-b12e-c6a440c1476a 0.380s
2025-04-03 08:08:33.175 69010 INFO tempest.lib.common.rest_client [req-a79b0ebd-81a9-4a27-b0d8-6228cffef70c req-a79b0ebd-81a9-4a27-b0d8-6228cffef70c ] Request (MultipleCreateTestJSON:test_multiple_create): 200 GET http://10.180.1.21/compute/v2.1/servers/0e3c27fe-a2d9-45dc-9559-a678f90a6fef 0.460s
2025-04-03 08:08:33.181 69018 INFO tempest.lib.common.rest_client [req-6f69a532-26b1-4489-a258-d272be5e67c0 req-6f69a532-26b1-4489-a258-d272be5e67c0 ] Request (ServerDiskConfigTestJSON:test_rebuild_server_with_manual_disk_config): 200 GET http://10.180.1.21/compute/v2.1/servers/d88ccf9b-7432-4be0-82f7-b2a9155f7d86 0.329s
2025-04-03 08:08:33.197 69050 INFO tempest.lib.common.rest_client [req-e5322ca0-fb3e-4e26-a5e4-b3f87cfb2c4d req-e5322ca0-fb3e-4e26-a5e4-b3f87cfb2c4d ] Request (ImagesNegativeTestJSON:tearDownClass): 204 DELETE http://10.180.1.21:9696/networking/v2.0/routers/7fca06b3-382f-40ad-97cf-4695e116cd6e 0.348s
2025-04-03 08:08:33.229 69002 INFO tempest.lib.common.rest_client [req-117d8254-f86a-415a-9e79-fdada27b46db req-117d8254-f86a-415a-9e79-fdada27b46db ] Request (ServersAdminTestJSON:test_inject_network_info): 200 GET http://10.180.1.21/compute/v2.1/servers/505b0352-39ab-4841-8766-14626af2b13e 0.305s
2025-04-03 08:08:33.232 69000 INFO tempest.lib.common.rest_client [req-282428fa-b4b6-4d1e-adfe-265d01a54306 req-282428fa-b4b6-4d1e-adfe-265d01a54306 ] Request (AttachInterfacesTestJSON:test_create_list_show_delete_interfaces_by_fixed_ip): 200 GET http://10.180.1.21/compute/v2.1/servers/045e54ff-9e2c-4b04-afac-34cb6580cb2c 0.364s
2025-04-03 08:08:33.276 69043 INFO tempest.lib.common.rest_client [req-7cbbe5b7-4ab3-46a1-b977-1819fba0c491 req-7cbbe5b7-4ab3-46a1-b977-1819fba0c491 ] Request (FloatingIPsAssociationTestJSON:test_associate_already_associated_floating_ip): 200 GET http://10.180.1.21/compute/v2.1/servers/0f618d12-dc7b-4739-8ace-9453a7175d75 0.318s
2025-04-03 08:08:33.289 68992 INFO tempest.lib.common.rest_client [req-d7963c75-5ec6-46ea-8d22-5dbf1cb8bba9 req-d7963c75-5ec6-46ea-8d22-5dbf1cb8bba9 ] Request (ServersAdminNegativeTestJSON:test_migrate_server_invalid_state): 200 GET http://10.180.1.21/compute/v2.1/servers/1b405b1f-ee1f-4e6e-9355-de8b5c26ab49 0.288s
2025-04-03 08:08:33.335 69028 INFO tempest.lib.common.rest_client [req-1d179f06-cfc3-4cec-9247-efc691e69f75 req-1d179f06-cfc3-4cec-9247-efc691e69f75 ] Request (ServersTestJSON:setUpClass): 200 GET http://10.180.1.21/compute/v2.1/servers/0eaf7d72-755b-4977-8f71-7d53ad1cf573 0.321s
2025-04-03 08:08:33.401 68990 INFO tempest.lib.common.rest_client [req-0bb8e581-19b8-4b14-9fe6-4ecd335722dc req-0bb8e581-19b8-4b14-9fe6-4ecd335722dc ] Request (MigrationsAdminTest:test_list_migrations_in_flavor_resize_situation): 200 GET http://10.180.1.21/compute/v2.1/servers/77fa5a89-961b-4c84-a75e-a5be0253677e 0.061s
2025-04-03 08:08:33.412 69050 INFO tempest.lib.common.rest_client [req-17e3a8f4-3f08-4b03-a464-c7271556888b req-17e3a8f4-3f08-4b03-a464-c7271556888b ] Request (ImagesNegativeTestJSON:tearDownClass): 204 DELETE http://10.180.1.21:9696/networking/v2.0/subnets/615db019-3aad-451c-9431-0eb3000a81eb 0.215s
2025-04-03 08:08:33.471 69039 INFO tempest.lib.common.rest_client [req-53bb0804-38cd-403a-9a50-2f3b86a50319 req-53bb0804-38cd-403a-9a50-2f3b86a50319 ] Request (ServersNegativeTestMultiTenantJSON:setUpClass): 200 GET http://10.180.1.21/compute/v2.1/servers/0097c367-bb3a-4b7b-9fcc-b3e3482689e2 0.130s
2025-04-03 08:08:33.515 69037 INFO tempest.lib.common.rest_client [req-f04d7f62-9216-4687-abb0-c268976e467b req-f04d7f62-9216-4687-abb0-c268976e467b ] Request (ListServerFiltersTestJSON:tearDownClass): 200 GET http://10.180.1.21/compute/v2.1/servers/7fbe6b95-27fe-4aa2-b86c-f389ab00ad6b 0.096s
2025-04-03 08:08:33.555 68996 INFO tempest.lib.common.rest_client [req-bbb4c6ff-26b4-4e7c-83af-2eb708b62612 req-bbb4c6ff-26b4-4e7c-83af-2eb708b62612 ] Request (ServerShowV257Test:test_rebuild_server): 200 GET http://10.180.1.21/compute/v2.1/servers/f45200cd-6cb0-498a-8858-1e70177031d9 0.082s
2025-04-03 08:08:33.563 68996 INFO tempest.common.waiters [-] State transition "BUILD/spawning" ==> "ACTIVE/None" after 55 second wait
2025-04-03 08:08:33.579 69035 INFO tempest.lib.common.rest_client [req-266b4e5c-29ad-4120-a235-1d890472cef7 req-266b4e5c-29ad-4120-a235-1d890472cef7 ] Request (ListServersNegativeTestJSON:setUpClass): 200 GET http://10.180.1.21/compute/v2.1/servers/a62237a7-a123-4378-b655-d489ef08474b 0.093s
2025-04-03 08:08:33.645 69053 INFO tempest.lib.common.rest_client [req-7b512593-a82b-4a52-ac0b-105d006c9a53 req-7b512593-a82b-4a52-ac0b-105d006c9a53 ] Request (ServersListShow2100Test:test_list_show_rebuild_update_server_2100): 200 GET http://10.180.1.21/compute/v2.1/servers/367461db-8bc4-4cf0-b7f6-f79ee2bf8589 0.092s
2025-04-03 08:08:33.710 69006 INFO tempest.lib.common.rest_client [req-d24b2e68-a8f3-4a98-b10e-faecf8a312e9 req-d24b2e68-a8f3-4a98-b10e-faecf8a312e9 ] Request (ServerActionsV293TestJSON:setUpClass): 200 GET http://10.180.1.21/compute/v2.1/servers/1189fa93-608b-4684-a675-f1caf29a9f43 0.141s
2025-04-03 08:08:33.768 69050 INFO tempest.lib.common.rest_client [req-df241573-911f-4575-ac33-0174119f8ea4 req-df241573-911f-4575-ac33-0174119f8ea4 ] Request (ImagesNegativeTestJSON:tearDownClass): 204 DELETE http://10.180.1.21:9696/networking/v2.0/networks/969abe98-9706-4db7-b4aa-0b91db94a2cf 0.355s
2025-04-03 08:08:33.774 68994 INFO tempest.lib.common.rest_client [req-fd45c311-2673-43b6-9910-fb4bfe45d3e1 req-fd45c311-2673-43b6-9910-fb4bfe45d3e1 ] Request (AttachInterfacesUnderV243Test:test_add_remove_fixed_ip): 200 GET http://10.180.1.21/compute/v2.1/servers/5e3f667c-5d3a-4465-9186-779563087480 0.176s
2025-04-03 08:08:33.778 68996 INFO tempest.lib.common.rest_client [req-25d46ecc-ef51-4dd7-9a30-257e4fc3c156 req-25d46ecc-ef51-4dd7-9a30-257e4fc3c156 ] Request (ServerShowV257Test:test_rebuild_server): 202 POST http://10.180.1.21/compute/v2.1/servers/f45200cd-6cb0-498a-8858-1e70177031d9/action 0.214s
2025-04-03 08:08:33.836 69014 INFO tempest.lib.common.rest_client [req-bc7c4e38-2141-453d-93cb-2f085b3a879f req-bc7c4e38-2141-453d-93cb-2f085b3a879f ] Request (AttachInterfacesV270Test:test_create_get_list_interfaces): 200 GET http://10.180.1.21/compute/v2.1/servers/3c8459db-cc54-4644-8e4c-83c87017a186 0.191s
2025-04-03 08:08:33.842 69012 INFO tempest.lib.common.rest_client [req-a3791dc8-fb20-4f16-ae91-8203ac4d2d0e req-a3791dc8-fb20-4f16-ae91-8203ac4d2d0e ] Request (ServerDiagnosticsTest:tearDownClass): 200 GET http://10.180.1.21/compute/v2.1/servers/f9168b78-ed64-4109-84f0-db0af61d2f10 0.181s
2025-04-03 08:08:33.887 69050 INFO tempest.lib.common.rest_client [req-786382d3-0997-45c0-b50c-2587eb39058d req-786382d3-0997-45c0-b50c-2587eb39058d ] Request (ImagesNegativeTestJSON:tearDownClass): 204 DELETE http://10.180.1.21/identity/v3/users/18877733b43148b382441a654e998def 0.119s
2025-04-03 08:08:33.887 69050 INFO tempest.lib.common.dynamic_creds [-] Deleting project and security group for project: 1107b48f3c0c4b85ad514b915b1c89e2
2025-04-03 08:08:33.891 69016 INFO tempest.lib.common.rest_client [req-68d9eba2-9ef2-4ece-bdc6-5bba1ffcf565 req-68d9eba2-9ef2-4ece-bdc6-5bba1ffcf565 ] Request (ServerMetadataNegativeTestJSON:setUpClass): 200 GET http://10.180.1.21/compute/v2.1/servers/3b0837ef-53fb-4851-b69f-ee0a1d89fbf8 0.174s
2025-04-03 08:08:33.915 69022 INFO tempest.lib.common.rest_client [req-de159123-5eda-46fa-b241-758aa017512b req-de159123-5eda-46fa-b241-758aa017512b ] Request (ServerActionsTestOtherA:setUpClass): 200 GET http://10.180.1.21/compute/v2.1/servers/23891bad-1b63-4237-9243-78954cf67d52 0.196s
2025-04-03 08:08:33.919 69050 INFO tempest.lib.common.rest_client [req-19f36d3f-94fd-4a83-896d-f9b90bbf6e0b req-19f36d3f-94fd-4a83-896d-f9b90bbf6e0b ] Request (ImagesNegativeTestJSON:tearDownClass): 200 GET http://10.180.1.21:9696/networking/v2.0/security-groups?tenant_id=1107b48f3c0c4b85ad514b915b1c89e2&name=default 0.031s
2025-04-03 08:08:33.954 69020 INFO tempest.lib.common.rest_client [req-2647f0ad-d528-4cfe-b498-e4d54b3ebf79 req-2647f0ad-d528-4cfe-b498-e4d54b3ebf79 ] Request (ListImageFiltersTestJSON:setUpClass): 200 GET http://10.180.1.21/compute/v2.1/servers/3bc7b52b-2f2c-485f-ad4b-05fb0fdc9e1f 0.178s
2025-04-03 08:08:33.986 68996 INFO tempest.lib.common.rest_client [req-15ef756e-039f-477e-89db-fd5715308eb7 req-15ef756e-039f-477e-89db-fd5715308eb7 ] Request (ServerShowV257Test:test_rebuild_server): 200 GET http://10.180.1.21/compute/v2.1/servers/f45200cd-6cb0-498a-8858-1e70177031d9 0.200s
2025-04-03 08:08:34.014 69033 INFO tempest.lib.common.rest_client [req-757fbb9d-fc69-4bb5-97e5-7f04caa49729 req-757fbb9d-fc69-4bb5-97e5-7f04caa49729 ] Request (ServerRescueTestJSONUnderV235:setUpClass): 200 GET http://10.180.1.21/compute/v2.1/servers/2007222e-e4e5-44b3-bd9e-55b4a2143c3e 0.223s
2025-04-03 08:08:34.035 69050 INFO tempest.lib.common.rest_client [req-c9342929-14f6-4159-814b-c8e0ecdb2467 req-c9342929-14f6-4159-814b-c8e0ecdb2467 ] Request (ImagesNegativeTestJSON:tearDownClass): 204 DELETE http://10.180.1.21:9696/networking/v2.0/security-groups/d8ee5c08-30fc-49d2-980f-9db678c9a7b1 0.116s
2025-04-03 08:08:34.051 69008 INFO tempest.lib.common.rest_client [req-91a29c15-2e30-4eaa-88f7-b22689093ab8 req-91a29c15-2e30-4eaa-88f7-b22689093ab8 ] Request (ServersTestBootFromVolume:setUpClass): 200 GET http://10.180.1.21/compute/v2.1/servers/6278d756-139c-4fcd-bf31-304c978d6682 0.222s
2025-04-03 08:08:34.069 69031 INFO tempest.lib.common.rest_client [req-3ac9c80c-8e1d-4760-a4de-7fbb8a0502eb req-3ac9c80c-8e1d-4760-a4de-7fbb8a0502eb ] Request (SecurityGroupsTestJSON:test_list_security_groups_by_server): 200 GET http://10.180.1.21/compute/v2.1/servers/3b90fce5-5d6c-471b-bf2b-e9f4ac11e4ca 0.181s
2025-04-03 08:08:34.145 69050 INFO tempest.lib.common.rest_client [req-afdb6256-0767-43af-9053-bd9ac726b40c req-afdb6256-0767-43af-9053-bd9ac726b40c ] Request (ImagesNegativeTestJSON:tearDownClass): 204 DELETE http://10.180.1.21/identity/v3/projects/1107b48f3c0c4b85ad514b915b1c89e2 0.110s
2025-04-03 08:08:34.167 69045 INFO tempest.lib.common.rest_client [req-624e8a7b-3ad4-4eec-8cb2-43541953161d req-624e8a7b-3ad4-4eec-8cb2-43541953161d ] Request (ImagesOneServerNegativeTestJSON:_run_cleanups): 200 GET http://10.180.1.21/compute/v2.1/servers/60ded0c9-7e20-4071-b5ce-9189d8d01d5c 0.076s
