2025-04-03 08:08:13.231 69022 INFO tempest.lib.common.rest_client [req-2a908480-c7d8-4749-920c-b75c486b6df8 req-2a908480-c7d8-4749-920c-b75c486b6df8 ] Request (ServerActionsTestOtherA:setUpClass): 200 GET http://10.180.1.21/compute/v2.1/servers/23891bad-1b63-4237-9243-78954cf67d52 0.421s
2025-04-03 08:08:13.233 68994 INFO tempest.lib.common.rest_client [req-e2357936-78b1-4a32-9cb4-3e3e1f7b3019 req-e2357936-78b1-4a32-9cb4-3e3e1f7b3019 ] Request (SecurityGroupRulesNegativeTestJSON:setUpClass): 201 POST http://10.180.1.21/identity/v3/auth/tokens 0.036s
2025-04-03 08:08:13.266 68994 INFO tempest.lib.common.rest_client [req-97922dd3-ff21-46de-804d-78e306daa7d3 req-97922dd3-ff21-46de-804d-78e306daa7d3 ] Request (SecurityGroupRulesNegativeTestJSON:setUpClass): 200 GET http://10.180.1.21/identity/v3/domains?name=Default 0.032s
2025-04-03 08:08:13.289 69016 INFO tempest.lib.common.rest_client [req-386127b0-0e27-472b-a3c4-3293558b6c3c req-386127b0-0e27-472b-a3c4-3293558b6c3c ] Request (ServerMetadataNegativeTestJSON:setUpClass): 200 GET http://10.180.1.21/compute/v2.1/servers/3b0837ef-53fb-4851-b69f-ee0a1d89fbf8 0.416s
2025-04-03 08:08:13.311 68994 INFO tempest.lib.common.rest_client [req-210bb199-5027-48dd-8f02-24c9a162de78 req-210bb199-5027-48dd-8f02-24c9a162de78 ] Request (SecurityGroupRulesNegativeTestJSON:setUpClass): 201 POST http://10.180.1.21/identity/v3/projects 0.045s
2025-04-03 08:08:13.351 69045 INFO tempest.lib.common.rest_client [req-f65a9afa-e121-4bc4-b7cc-85b43f9dc82b req-f65a9afa-e121-4bc4-b7cc-85b43f9dc82b ] Request (ImagesOneServerNegativeTestJSON:_run_cleanups): 200 GET http://10.180.1.21/compute/v2.1/servers/60ded0c9-7e20-4071-b5ce-9189d8d01d5c 0.403s
2025-04-03 08:08:13.359 69045 INFO tempest.common.waiters [-] State transition "ACTIVE/deleting" ==> "DELETED/None" after 4 second wait
2025-04-03 08:08:13.391 69010 INFO tempest.lib.common.rest_client [req-136dafb2-b424-4991-a3d0-69a66ddbc307 req-136dafb2-b424-4991-a3d0-69a66ddbc307 ] Request (ListImageFiltersNegativeTestJSON:tearDownClass): 200 GET http://10.180.1.21:9696/networking/v2.0/security-groups?tenant_id=ea829198f3404354a800372b12415c1e&name=default 0.364s
2025-04-03 08:08:13.399 68994 INFO tempest.lib.common.rest_client [req-447796bf-94b2-4427-b3c6-c54231a2f8e2 req-447796bf-94b2-4427-b3c6-c54231a2f8e2 ] Request (SecurityGroupRulesNegativeTestJSON:setUpClass): 201 POST http://10.180.1.21/identity/v3/users 0.087s
2025-04-03 08:08:13.408 69008 INFO tempest.lib.common.rest_client [req-15959d23-5383-4f6b-b90d-6fe7ee60588a req-15959d23-5383-4f6b-b90d-6fe7ee60588a ] Request (ServersTestBootFromVolume:setUpClass): 200 GET http://10.180.1.21/compute/v2.1/servers/6278d756-139c-4fcd-bf31-304c978d6682 0.404s
2025-04-03 08:08:13.426 68994 INFO tempest.lib.common.rest_client [req-f4f535b5-1208-47a4-ab0f-f4abc80db088 req-f4f535b5-1208-47a4-ab0f-f4abc80db088 ] Request (SecurityGroupRulesNegativeTestJSON:setUpClass): 200 GET http://10.180.1.21/identity/v3/roles 0.027s
2025-04-03 08:08:13.461 68994 INFO tempest.lib.common.rest_client [req-29ea6b5a-e90e-4e30-bfa1-fe55435b61d3 req-29ea6b5a-e90e-4e30-bfa1-fe55435b61d3 ] Request (SecurityGroupRulesNegativeTestJSON:setUpClass): 204 PUT http://10.180.1.21/identity/v3/projects/bc613568c0db48bd932a01051c5ef71e/users/7997f96574124df0927d3b073f0f4437/roles/893cc1bc207043eea98ffbe5a49282d9 0.034s
2025-04-03 08:08:13.461 68994 INFO tempest.lib.common.dynamic_creds [-] Dynamic test user 7997f96574124df0927d3b073f0f4437 is created with scope project and roles: ['member']
2025-04-03 08:08:13.461 68994 INFO tempest.lib.common.dynamic_creds [-] Acquired dynamic creds: credentials: Credentials: {'domain_id': 'default', 'domain_name': 'Default', 'username': 'tempest-SecurityGroupRulesNegativeTestJSON-1255940871-project-member', 'project_domain_id': 'default', 'project_domain_name': 'Default', 'project_id': 'bc613568c0db48bd932a01051c5ef71e', 'project_name': 'tempest-SecurityGroupRulesNegativeTestJSON-1255940871', 'tenant_id': 'bc613568c0db48bd932a01051c5ef71e', 'tenant_name': 'tempest-SecurityGroupRulesNegativeTestJSON-1255940871', 'user_domain_id': 'default', 'user_domain_name': 'Default', 'user_id': '7997f96574124df0927d3b073f0f4437', 'system': None}, Network: None, Subnet: None, Router: None
2025-04-03 08:08:13.467 69050 INFO tempest.lib.common.rest_client [req-099a6d63-ef69-4ef2-8b6e-559e9f04f634 req-099a6d63-ef69-4ef2-8b6e-559e9f04f634 ] Request (ImagesNegativeTestJSON:test_create_image_from_deleted_server): 200 GET http://10.180.1.21/compute/v2.1/servers/f500b495-7bfb-40ff-8a10-e46ca6744902 0.367s
2025-04-03 08:08:13.478 69051 WARNING tempest.lib.common.ssh [-] Failed to establish authenticated ssh connection to cirros@10.180.180.212 ([Errno None] Unable to connect to port 22 on 10.180.180.212). Number attempts: 3. Retry after 4 seconds.: paramiko.ssh_exception.NoValidConnectionsError: [Errno None] Unable to connect to port 22 on 10.180.180.212
2025-04-03 08:08:13.487 69010 INFO tempest.lib.common.rest_client [req-64a490da-edb4-49cf-9467-e936ff1bf89a req-64a490da-edb4-49cf-9467-e936ff1bf89a ] Request (ListImageFiltersNegativeTestJSON:tearDownClass): 204 DELETE http://10.180.1.21:9696/networking/v2.0/security-groups/7d8948d9-44a1-48c9-bfec-63fd4ce3e45e 0.095s
2025-04-03 08:08:13.519 69018 INFO tempest.lib.common.rest_client [req-095c7943-90c7-4ba6-a53d-5d25a471a79c req-095c7943-90c7-4ba6-a53d-5d25a471a79c ] Request (ServerDiskConfigTestJSON:test_rebuild_server_with_manual_disk_config): 200 GET http://10.180.1.21/compute/v2.1/servers/d88ccf9b-7432-4be0-82f7-b2a9155f7d86 0.409s
2025-04-03 08:08:13.522 68994 INFO tempest.lib.common.rest_client [req-fe14551d-2c78-46d4-8dd8-47fc0eb661db req-fe14551d-2c78-46d4-8dd8-47fc0eb661db ] Request (SecurityGroupRulesNegativeTestJSON:setUpClass): 201 POST http://10.180.1.21/identity/v3/auth/tokens 0.061s
2025-04-03 08:08:13.529 69028 INFO tempest.lib.common.rest_client [req-55da8e92-0867-4dae-8905-3ce82d57f5a3 req-55da8e92-0867-4dae-8905-3ce82d57f5a3 ] Request (ServersTestJSON:setUpClass): 202 POST http://10.180.1.21/compute/v2.1/servers 1.066s
2025-04-03 08:08:13.570 69020 INFO tempest.lib.common.rest_client [req-70c24652-72ba-4833-a18e-57f3556c9c8e req-70c24652-72ba-4833-a18e-57f3556c9c8e ] Request (ListImageFiltersTestJSON:setUpClass): 200 GET http://10.180.1.21/compute/v2.1/images/9352da41-9102-4d3e-a6ba-cdd4520f9b65 0.413s
2025-04-03 08:08:13.601 69010 INFO tempest.lib.common.rest_client [req-3d483d22-6a7b-483a-82fb-764a25fdf6fd req-3d483d22-6a7b-483a-82fb-764a25fdf6fd ] Request (ListImageFiltersNegativeTestJSON:tearDownClass): 204 DELETE http://10.180.1.21/identity/v3/projects/ea829198f3404354a800372b12415c1e 0.113s
2025-04-03 08:08:13.618 69031 INFO tempest.lib.common.rest_client [req-e137a401-6a61-4b31-aeff-71dea706701e req-e137a401-6a61-4b31-aeff-71dea706701e ] Request (SecurityGroupsTestJSON:test_list_security_groups_by_server): 200 GET http://10.180.1.21/compute/v2.1/servers/3b90fce5-5d6c-471b-bf2b-e9f4ac11e4ca 0.435s
2025-04-03 08:08:13.653 68998 INFO tempest.lib.common.rest_client [req-dfc4812c-8826-4859-ac34-29bf01931f03 req-dfc4812c-8826-4859-ac34-29bf01931f03 ] Request (ImagesTestJSON:test_create_image_from_suspended_server): 200 GET http://10.180.1.21/compute/v2.1/servers/d167585b-11f4-462c-b12e-c6a440c1476a 0.452s
2025-04-03 08:08:13.676 69010 INFO tempest.lib.common.rest_client [req-0a022c24-f4aa-4230-bcfc-60e23426ce2d req-0a022c24-f4aa-4230-bcfc-60e23426ce2d ] Request (MultipleCreateTestJSON:setUpClass): 201 POST http://10.180.1.21/identity/v3/auth/tokens 0.073s
2025-04-03 08:08:13.718 69039 INFO tempest.lib.common.rest_client [req-bbec76c8-4464-4180-8a90-72af2d100a01 req-bbec76c8-4464-4180-8a90-72af2d100a01 ] Request (ServersNegativeTestMultiTenantJSON:setUpClass): 200 GET http://10.180.1.21/compute/v2.1/servers/0097c367-bb3a-4b7b-9fcc-b3e3482689e2 0.451s
2025-04-03 08:08:13.720 69010 INFO tempest.lib.common.rest_client [req-0be5b868-2fe9-4434-b576-e3f27536182e req-0be5b868-2fe9-4434-b576-e3f27536182e ] Request (MultipleCreateTestJSON:setUpClass): 201 POST http://10.180.1.21/identity/v3/auth/tokens 0.039s
2025-04-03 08:08:13.747 69000 INFO tempest.lib.common.rest_client [req-fe29d47e-5455-436f-a0d2-703a1ae594bf req-fe29d47e-5455-436f-a0d2-703a1ae594bf ] Request (AttachInterfacesTestJSON:test_create_list_show_delete_interfaces_by_fixed_ip): 200 GET http://10.180.1.21/compute/v2.1/servers/045e54ff-9e2c-4b04-afac-34cb6580cb2c 0.473s
2025-04-03 08:08:13.768 69010 INFO tempest.lib.common.rest_client [req-b14dd944-6b20-4121-b9e8-111cab2b2a68 req-b14dd944-6b20-4121-b9e8-111cab2b2a68 ] Request (MultipleCreateTestJSON:setUpClass): 200 GET http://10.180.1.21/identity/v3/domains?name=Default 0.048s
2025-04-03 08:08:13.799 69002 INFO tempest.lib.common.rest_client [req-bdaf7f2e-207b-4770-b6ab-458ac702d2db req-bdaf7f2e-207b-4770-b6ab-458ac702d2db ] Request (ServersAdminTestJSON:test_inject_network_info): 200 GET http://10.180.1.21/compute/v2.1/servers/505b0352-39ab-4841-8766-14626af2b13e 0.286s
2025-04-03 08:08:13.803 69043 INFO tempest.lib.common.rest_client [req-be207bc5-c0d7-42e5-b613-a0afa734a030 req-be207bc5-c0d7-42e5-b613-a0afa734a030 ] Request (FloatingIPsAssociationTestJSON:test_associate_already_associated_floating_ip): 200 GET http://10.180.1.21/compute/v2.1/servers/0f618d12-dc7b-4739-8ace-9453a7175d75 0.361s
2025-04-03 08:08:13.811 69010 INFO tempest.lib.common.rest_client [req-1b479067-a4c9-4538-82d6-19d06fc96c70 req-1b479067-a4c9-4538-82d6-19d06fc96c70 ] Request (MultipleCreateTestJSON:setUpClass): 201 POST http://10.180.1.21/identity/v3/projects 0.042s
2025-04-03 08:08:13.846 69028 INFO tempest.lib.common.rest_client [req-02ae03c9-a5c2-4507-bcdc-dd6d37f61ece req-02ae03c9-a5c2-4507-bcdc-dd6d37f61ece ] Request (ServersTestJSON:setUpClass): 200 GET http://10.180.1.21/compute/v2.1/servers/0eaf7d72-755b-4977-8f71-7d53ad1cf573 0.315s
2025-04-03 08:08:13.859 69004 WARNING tempest.lib.common.ssh [-] Failed to establish authenticated ssh connection to cirros@10.180.180.142 ([Errno None] Unable to connect to port 22 on 10.180.180.142). Number attempts: 6. Retry after 7 seconds.: paramiko.ssh_exception.NoValidConnectionsError: [Errno None] Unable to connect to port 22 on 10.180.180.142
2025-04-03 08:08:13.882 69037 INFO tempest.lib.common.rest_client [req-17ff5401-3a09-4d93-8c12-aa32df9b75a0 req-17ff5401-3a09-4d93-8c12-aa32df9b75a0 ] Request (ListServerFiltersTestJSON:tearDownClass): 200 GET http://10.180.1.21/compute/v2.1/servers/7fbe6b95-27fe-4aa2-b86c-f389ab00ad6b 0.309s
2025-04-03 08:08:13.903 69010 INFO tempest.lib.common.rest_client [req-c87cde2a-0dca-4332-a89b-9d5fc5cc1af0 req-c87cde2a-0dca-4332-a89b-9d5fc5cc1af0 ] Request (MultipleCreateTestJSON:setUpClass): 201 POST http://10.180.1.21/identity/v3/users 0.090s
2025-04-03 08:08:13.928 68992 INFO tempest.lib.common.rest_client [req-c842e284-56a8-4843-8735-21d898426b12 req-c842e284-56a8-4843-8735-21d898426b12 ] Request (ServersAdminNegativeTestJSON:test_migrate_server_invalid_state): 200 GET http://10.180.1.21/compute/v2.1/servers/1b405b1f-ee1f-4e6e-9355-de8b5c26ab49 0.337s
2025-04-03 08:08:13.929 69010 INFO tempest.lib.common.rest_client [req-6754c886-263a-484b-9106-96cf7301e257 req-6754c886-263a-484b-9106-96cf7301e257 ] Request (MultipleCreateTestJSON:setUpClass): 200 GET http://10.180.1.21/identity/v3/roles 0.026s
2025-04-03 08:08:13.964 69010 INFO tempest.lib.common.rest_client [req-da4b8520-123f-4f5e-943d-5e3d82f2694a req-da4b8520-123f-4f5e-943d-5e3d82f2694a ] Request (MultipleCreateTestJSON:setUpClass): 204 PUT http://10.180.1.21/identity/v3/projects/38a52a0d746a4f16b5e4d5a6c984cc45/users/26dfab4e06f2403697a602676410bbe7/roles/893cc1bc207043eea98ffbe5a49282d9 0.034s
2025-04-03 08:08:13.964 69010 INFO tempest.lib.common.dynamic_creds [-] Dynamic test user 26dfab4e06f2403697a602676410bbe7 is created with scope project and roles: ['member']
2025-04-03 08:08:13.964 69010 INFO tempest.lib.common.dynamic_creds [-] Acquired dynamic creds: credentials: Credentials: {'domain_id': 'default', 'domain_name': 'Default', 'username': 'tempest-MultipleCreateTestJSON-1685112952-project-member', 'project_domain_id': 'default', 'project_domain_name': 'Default', 'project_id': '38a52a0d746a4f16b5e4d5a6c984cc45', 'project_name': 'tempest-MultipleCreateTestJSON-1685112952', 'tenant_id': '38a52a0d746a4f16b5e4d5a6c984cc45', 'tenant_name': 'tempest-MultipleCreateTestJSON-1685112952', 'user_domain_id': 'default', 'user_domain_name': 'Default', 'user_id': '26dfab4e06f2403697a602676410bbe7', 'system': None}, Network: None, Subnet: None, Router: None
2025-04-03 08:08:13.981 69053 INFO tempest.lib.common.rest_client [req-16826bef-7632-404e-92a0-1fc46d66f1d0 req-16826bef-7632-404e-92a0-1fc46d66f1d0 ] Request (ServersListShow2100Test:test_list_show_rebuild_update_server_2100): 200 GET http://10.180.1.21/compute/v2.1/servers/367461db-8bc4-4cf0-b7f6-f79ee2bf8589 0.315s
2025-04-03 08:08:14.008 69020 INFO tempest.lib.common.rest_client [req-b6617ec6-3818-460f-9cc9-f945bf47ea22 req-b6617ec6-3818-460f-9cc9-f945bf47ea22 ] Request (ListImageFiltersTestJSON:setUpClass): 201 POST http://10.180.1.21/image/v2/images 0.434s
2025-04-03 08:08:14.019 68996 INFO tempest.lib.common.rest_client [req-07c9664c-1a11-4cf4-bd16-960af8520258 req-07c9664c-1a11-4cf4-bd16-960af8520258 ] Request (ServerShowV257Test:test_rebuild_server): 200 GET http://10.180.1.21/compute/v2.1/servers/f45200cd-6cb0-498a-8858-1e70177031d9 0.307s
2025-04-03 08:08:14.031 68994 INFO tempest.lib.common.rest_client [req-dd019b86-bac0-4890-9335-d884c30d2674 req-dd019b86-bac0-4890-9335-d884c30d2674 ] Request (SecurityGroupRulesNegativeTestJSON:setUpClass): 201 POST http://10.180.1.21:9696/networking/v2.0/networks 0.508s
2025-04-03 08:08:14.033 69010 INFO tempest.lib.common.rest_client [req-3085e659-5282-42c1-b1db-1be82f728ba1 req-3085e659-5282-42c1-b1db-1be82f728ba1 ] Request (MultipleCreateTestJSON:setUpClass): 201 POST http://10.180.1.21/identity/v3/auth/tokens 0.068s
2025-04-03 08:08:14.074 68990 INFO tempest.lib.common.rest_client [req-1242b067-4dae-4bb9-a474-907c74e2db33 req-1242b067-4dae-4bb9-a474-907c74e2db33 ] Request (MigrationsAdminTest:test_list_migrations_in_flavor_resize_situation): 200 GET http://10.180.1.21/compute/v2.1/servers/77fa5a89-961b-4c84-a75e-a5be0253677e 0.335s
2025-04-03 08:08:14.135 69035 INFO tempest.lib.common.rest_client [req-e01b9a0a-3cb3-4422-a5c9-89ce491c87eb req-e01b9a0a-3cb3-4422-a5c9-89ce491c87eb ] Request (ListServersNegativeTestJSON:setUpClass): 200 GET http://10.180.1.21/compute/v2.1/servers/275cdfcc-06f0-4c29-b18b-55cde38480a3 0.356s
2025-04-03 08:08:14.186 69033 INFO tempest.lib.common.rest_client [req-8c3b35b8-f797-4798-99b5-032483f60421 req-8c3b35b8-f797-4798-99b5-032483f60421 ] Request (ServerAddressesTestJSON:tearDownClass): 200 GET http://10.180.1.21/compute/v2.1/servers/9e337960-78c1-4ddb-a6f6-d6fd57dbf86d 0.331s
2025-04-03 08:08:14.224 69006 INFO tempest.lib.common.rest_client [req-6e624a2c-451b-4d13-9662-eaef553323d2 req-6e624a2c-451b-4d13-9662-eaef553323d2 ] Request (ServerActionsV293TestJSON:setUpClass): 200 GET http://10.180.1.21/compute/v2.1/servers/1189fa93-608b-4684-a675-f1caf29a9f43 0.281s
2025-04-03 08:08:14.262 69014 INFO tempest.lib.common.rest_client [req-d217cdea-4ed9-44de-9639-cd22ba4c44c6 req-d217cdea-4ed9-44de-9639-cd22ba4c44c6 ] Request (AttachInterfacesV270Test:test_create_get_list_interfaces): 200 GET http://10.180.1.21/compute/v2.1/servers/3c8459db-cc54-4644-8e4c-83c87017a186 0.306s
2025-04-03 08:08:14.315 68994 INFO tempest.lib.common.rest_client [req-a613ac2a-8634-44e0-88dc-9ae014421c0d req-a613ac2a-8634-44e0-88dc-9ae014421c0d ] Request (SecurityGroupRulesNegativeTestJSON:setUpClass): 201 POST http://10.180.1.21:9696/networking/v2.0/subnets 0.283s
2025-04-03 08:08:14.336 69022 INFO tempest.lib.common.rest_client [req-ae7a4ce3-f57a-4568-a3be-e873346188dd req-ae7a4ce3-f57a-4568-a3be-e873346188dd ] Request (ServerActionsTestOtherA:setUpClass): 200 GET http://10.180.1.21/compute/v2.1/servers/23891bad-1b63-4237-9243-78954cf67d52 0.098s
2025-04-03 08:08:14.350 69012 INFO tempest.lib.common.rest_client [req-f8900550-8ec2-494a-8821-27f1449a32d1 req-f8900550-8ec2-494a-8821-27f1449a32d1 ] Request (ServerDiagnosticsTest:tearDownClass): 200 GET http://10.180.1.21/compute/v2.1/servers/f9168b78-ed64-4109-84f0-db0af61d2f10 0.232s
2025-04-03 08:08:14.400 69016 INFO tempest.lib.common.rest_client [req-86b1d014-1394-4e02-b1e2-e25578715aad req-86b1d014-1394-4e02-b1e2-e25578715aad ] Request (ServerMetadataNegativeTestJSON:setUpClass): 200 GET http://10.180.1.21/compute/v2.1/servers/3b0837ef-53fb-4851-b69f-ee0a1d89fbf8 0.098s
2025-04-03 08:08:14.425 69045 INFO tempest.lib.common.rest_client [req-b37a902b-42e4-4590-8601-5ebabb06a4cf req-b37a902b-42e4-4590-8601-5ebabb06a4cf ] Request (ImagesOneServerNegativeTestJSON:_run_cleanups): 200 GET http://10.180.1.21/compute/v2.1/servers/60ded0c9-7e20-4071-b5ce-9189d8d01d5c 0.065s
2025-04-03 08:08:14.491 69008 INFO tempest.lib.common.rest_client [req-38a91ac4-e195-42b3-90e2-ed6671a51db0 req-38a91ac4-e195-42b3-90e2-ed6671a51db0 ] Request (ServersTestBootFromVolume:setUpClass): 200 GET http://10.180.1.21/compute/v2.1/servers/6278d756-139c-4fcd-bf31-304c978d6682 0.075s
2025-04-03 08:08:14.495 69010 INFO tempest.lib.common.rest_client [req-6eeb6224-4e08-448d-a0e3-6223c11bc489 req-6eeb6224-4e08-448d-a0e3-6223c11bc489 ] Request (MultipleCreateTestJSON:setUpClass): 201 POST http://10.180.1.21:9696/networking/v2.0/networks 0.462s
2025-04-03 08:08:14.550 69050 INFO tempest.lib.common.rest_client [req-57c32372-f4d3-4412-a446-bb3e1235c1e2 req-57c32372-f4d3-4412-a446-bb3e1235c1e2 ] Request (ImagesNegativeTestJSON:test_create_image_from_deleted_server): 200 GET http://10.180.1.21/compute/v2.1/servers/f500b495-7bfb-40ff-8a10-e46ca6744902 0.074s
2025-04-03 08:08:14.594 69018 INFO tempest.lib.common.rest_client [req-430dbfa6-7ab9-47d8-aabb-b8edfdda6731 req-430dbfa6-7ab9-47d8-aabb-b8edfdda6731 ] Request (ServerDiskConfigTestJSON:test_rebuild_server_with_manual_disk_config): 200 GET http://10.180.1.21/compute/v2.1/servers/d88ccf9b-7432-4be0-82f7-b2a9155f7d86 0.062s
2025-04-03 08:08:14.651 69010 INFO tempest.lib.common.rest_client [req-ac0fc06b-ad36-4d9e-9da1-46da2446198f req-ac0fc06b-ad36-4d9e-9da1-46da2446198f ] Request (MultipleCreateTestJSON:setUpClass): 201 POST http://10.180.1.21:9696/networking/v2.0/subnets 0.155s
2025-04-03 08:08:14.693 69031 INFO tempest.lib.common.rest_client [req-44b8f3e0-0bea-45c8-a950-fe52331b0ac4 req-44b8f3e0-0bea-45c8-a950-fe52331b0ac4 ] Request (SecurityGroupsTestJSON:test_list_security_groups_by_server): 200 GET http://10.180.1.21/compute/v2.1/servers/3b90fce5-5d6c-471b-bf2b-e9f4ac11e4ca 0.058s
2025-04-03 08:08:14.731 68998 INFO tempest.lib.common.rest_client [req-dfed8725-bffd-48ac-8b4e-15befe050c8a req-dfed8725-bffd-48ac-8b4e-15befe050c8a ] Request (ImagesTestJSON:test_create_image_from_suspended_server): 200 GET http://10.180.1.21/compute/v2.1/servers/d167585b-11f4-462c-b12e-c6a440c1476a 0.067s
2025-04-03 08:08:14.802 69039 INFO tempest.lib.common.rest_client [req-e41b51d1-4d9e-4717-83e2-cb2200c0311c req-e41b51d1-4d9e-4717-83e2-cb2200c0311c ] Request (ServersNegativeTestMultiTenantJSON:setUpClass): 200 GET http://10.180.1.21/compute/v2.1/servers/0097c367-bb3a-4b7b-9fcc-b3e3482689e2 0.073s
2025-04-03 08:08:14.819 69000 INFO tempest.lib.common.rest_client [req-ef825efc-0a0c-471f-aacd-1824070e1012 req-ef825efc-0a0c-471f-aacd-1824070e1012 ] Request (AttachInterfacesTestJSON:test_create_list_show_delete_interfaces_by_fixed_ip): 200 GET http://10.180.1.21/compute/v2.1/servers/045e54ff-9e2c-4b04-afac-34cb6580cb2c 0.062s
2025-04-03 08:08:14.867 69002 INFO tempest.lib.common.rest_client [req-9fa8e1c2-537b-43e0-97a3-34551b22a8af req-9fa8e1c2-537b-43e0-97a3-34551b22a8af ] Request (ServersAdminTestJSON:test_inject_network_info): 200 GET http://10.180.1.21/compute/v2.1/servers/505b0352-39ab-4841-8766-14626af2b13e 0.056s
2025-04-03 08:08:14.894 69043 INFO tempest.lib.common.rest_client [req-64ff41e0-8c99-4bdb-9aa0-00df15b2b170 req-64ff41e0-8c99-4bdb-9aa0-00df15b2b170 ] Request (FloatingIPsAssociationTestJSON:test_associate_already_associated_floating_ip): 200 GET http://10.180.1.21/compute/v2.1/servers/0f618d12-dc7b-4739-8ace-9453a7175d75 0.072s
2025-04-03 08:08:14.927 69028 INFO tempest.lib.common.rest_client [req-c3d44d4e-499f-4594-b2aa-dff0a685fc8d req-c3d44d4e-499f-4594-b2aa-dff0a685fc8d ] Request (ServersTestJSON:setUpClass): 200 GET http://10.180.1.21/compute/v2.1/servers/0eaf7d72-755b-4977-8f71-7d53ad1cf573 0.066s
2025-04-03 08:08:14.962 69037 INFO tempest.lib.common.rest_client [req-86f1e46a-3745-460c-b87d-459458243225 req-86f1e46a-3745-460c-b87d-459458243225 ] Request (ListServerFiltersTestJSON:tearDownClass): 200 GET http://10.180.1.21/compute/v2.1/servers/7fbe6b95-27fe-4aa2-b86c-f389ab00ad6b 0.067s
2025-04-03 08:08:14.969 69037 INFO tempest.common.waiters [-] State transition "ACTIVE/deleting" ==> "DELETED/None" after 4 second wait
2025-04-03 08:08:14.992 68992 INFO tempest.lib.common.rest_client [req-de2db9af-33f3-4ddf-908b-1487112b4e6c req-de2db9af-33f3-4ddf-908b-1487112b4e6c ] Request (ServersAdminNegativeTestJSON:test_migrate_server_invalid_state): 200 GET http://10.180.1.21/compute/v2.1/servers/1b405b1f-ee1f-4e6e-9355-de8b5c26ab49 0.054s
2025-04-03 08:08:15.080 69053 INFO tempest.lib.common.rest_client [req-d26bc373-fab8-4277-b4ee-bdb3663878a3 req-d26bc373-fab8-4277-b4ee-bdb3663878a3 ] Request (ServersListShow2100Test:test_list_show_rebuild_update_server_2100): 200 GET http://10.180.1.21/compute/v2.1/servers/367461db-8bc4-4cf0-b7f6-f79ee2bf8589 0.081s
2025-04-03 08:08:15.104 68996 INFO tempest.lib.common.rest_client [req-a1c3f105-f926-4b5d-96df-3e6be671bda4 req-a1c3f105-f926-4b5d-96df-3e6be671bda4 ] Request (ServerShowV257Test:test_rebuild_server): 200 GET http://10.180.1.21/compute/v2.1/servers/f45200cd-6cb0-498a-8858-1e70177031d9 0.067s
2025-04-03 08:08:15.167 68990 INFO tempest.lib.common.rest_client [req-745285b4-1ddf-49d9-882d-3cdc28463bb5 req-745285b4-1ddf-49d9-882d-3cdc28463bb5 ] Request (MigrationsAdminTest:test_list_migrations_in_flavor_resize_situation): 200 GET http://10.180.1.21/compute/v2.1/servers/77fa5a89-961b-4c84-a75e-a5be0253677e 0.078s
2025-04-03 08:08:15.221 69035 INFO tempest.lib.common.rest_client [req-e6ee4fdf-56c3-4f2a-9f2e-de837e9dc040 req-e6ee4fdf-56c3-4f2a-9f2e-de837e9dc040 ] Request (ListServersNegativeTestJSON:setUpClass): 200 GET http://10.180.1.21/compute/v2.1/servers/275cdfcc-06f0-4c29-b18b-55cde38480a3 0.068s
2025-04-03 08:08:15.294 69033 INFO tempest.lib.common.rest_client [req-d2a2ad9f-2a89-42a1-a1ca-b8a355a0299c req-d2a2ad9f-2a89-42a1-a1ca-b8a355a0299c ] Request (ServerAddressesTestJSON:tearDownClass): 200 GET http://10.180.1.21/compute/v2.1/servers/9e337960-78c1-4ddb-a6f6-d6fd57dbf86d 0.096s
2025-04-03 08:08:15.298 69006 INFO tempest.lib.common.rest_client [req-172c2f2d-c016-47d6-b76f-44b82f5a6b55 req-172c2f2d-c016-47d6-b76f-44b82f5a6b55 ] Request (ServerActionsV293TestJSON:setUpClass): 200 GET http://10.180.1.21/compute/v2.1/servers/1189fa93-608b-4684-a675-f1caf29a9f43 0.063s
2025-04-03 08:08:15.358 69014 INFO tempest.lib.common.rest_client [req-7454a6ad-7bcb-485e-bca1-a574724b6584 req-7454a6ad-7bcb-485e-bca1-a574724b6584 ] Request (AttachInterfacesV270Test:test_create_get_list_interfaces): 200 GET http://10.180.1.21/compute/v2.1/servers/3c8459db-cc54-4644-8e4c-83c87017a186 0.084s
2025-04-03 08:08:15.384 69010 INFO tempest.lib.common.rest_client [req-429ca7af-4ade-400f-a7ff-48638695a1dd req-429ca7af-4ade-400f-a7ff-48638695a1dd ] Request (MultipleCreateTestJSON:setUpClass): 201 POST http://10.180.1.21:9696/networking/v2.0/routers 0.732s
2025-04-03 08:08:15.401 69022 INFO tempest.lib.common.rest_client [req-c61eb718-4a21-40b4-b60c-a1fdf09ee224 req-c61eb718-4a21-40b4-b60c-a1fdf09ee224 ] Request (ServerActionsTestOtherA:setUpClass): 200 GET http://10.180.1.21/compute/v2.1/servers/23891bad-1b63-4237-9243-78954cf67d52 0.057s
2025-04-03 08:08:15.429 69012 INFO tempest.lib.common.rest_client [req-778d42e6-e3bf-46ff-8a46-096f9b32fb30 req-778d42e6-e3bf-46ff-8a46-096f9b32fb30 ] Request (ServerDiagnosticsTest:tearDownClass): 200 GET http://10.180.1.21/compute/v2.1/servers/f9168b78-ed64-4109-84f0-db0af61d2f10 0.071s
2025-04-03 08:08:15.431 68994 INFO tempest.lib.common.rest_client [req-ed47ec57-c7e2-483a-b6aa-870829b31f20 req-ed47ec57-c7e2-483a-b6aa-870829b31f20 ] Request (SecurityGroupRulesNegativeTestJSON:setUpClass): 201 POST http://10.180.1.21:9696/networking/v2.0/routers 1.115s
2025-04-03 08:08:15.492 69016 INFO tempest.lib.common.rest_client [req-d5060c7d-6b84-4d10-b183-ee49fe09338a req-d5060c7d-6b84-4d10-b183-ee49fe09338a ] Request (ServerMetadataNegativeTestJSON:setUpClass): 200 GET http://10.180.1.21/compute/v2.1/servers/3b0837ef-53fb-4851-b69f-ee0a1d89fbf8 0.078s
2025-04-03 08:08:15.521 69045 INFO tempest.lib.common.rest_client [req-8beea521-26de-43ab-b16f-975ace42d7e1 req-8beea521-26de-43ab-b16f-975ace42d7e1 ] Request (ImagesOneServerNegativeTestJSON:_run_cleanups): 200 GET http://10.180.1.21/compute/v2.1/servers/60ded0c9-7e20-4071-b5ce-9189d8d01d5c 0.087s
2025-04-03 08:08:15.578 69008 INFO tempest.lib.common.rest_client [req-b9044f6a-239d-41b6-83c3-e0f835ff8520 req-b9044f6a-239d-41b6-83c3-e0f835ff8520 ] Request (ServersTestBootFromVolume:setUpClass): 200 GET http://10.180.1.21/compute/v2.1/servers/6278d756-139c-4fcd-bf31-304c978d6682 0.074s
2025-04-03 08:08:15.675 69020 INFO tempest.lib.common.rest_client [req-1fdbfa18-18f5-42f0-9206-12d66c7af35a req-1fdbfa18-18f5-42f0-9206-12d66c7af35a ] Request (ListImageFiltersTestJSON:setUpClass): 204 PUT http://10.180.1.21/image/v2/images/ec0ff054-3d3f-4ddf-bfed-48f202f2785b/file 0.666s
2025-04-03 08:08:15.675 69018 INFO tempest.lib.common.rest_client [req-059375a9-417b-4ff1-974d-31f7dce2f2a0 req-059375a9-417b-4ff1-974d-31f7dce2f2a0 ] Request (ServerDiskConfigTestJSON:test_rebuild_server_with_manual_disk_config): 200 GET http://10.180.1.21/compute/v2.1/servers/d88ccf9b-7432-4be0-82f7-b2a9155f7d86 0.072s
2025-04-03 08:08:15.717 69020 INFO tempest.lib.common.rest_client [req-008983bc-a02e-49c8-9d51-ad515451e9d6 req-008983bc-a02e-49c8-9d51-ad515451e9d6 ] Request (ListImageFiltersTestJSON:setUpClass): 200 GET http://10.180.1.21/compute/v2.1/images/ec0ff054-3d3f-4ddf-bfed-48f202f2785b 0.042s
2025-04-03 08:08:15.779 69031 INFO tempest.lib.common.rest_client [req-3eb9cfc5-d6ae-4b0d-9217-98ca853b67bc req-3eb9cfc5-d6ae-4b0d-9217-98ca853b67bc ] Request (SecurityGroupsTestJSON:test_list_security_groups_by_server): 200 GET http://10.180.1.21/compute/v2.1/servers/3b90fce5-5d6c-471b-bf2b-e9f4ac11e4ca 0.076s
2025-04-03 08:08:15.780 69050 INFO tempest.lib.common.rest_client [req-322d3916-ad57-4af7-ac19-8b22296c8ada req-322d3916-ad57-4af7-ac19-8b22296c8ada ] Request (ImagesNegativeTestJSON:test_create_image_from_deleted_server): 200 GET http://10.180.1.21/compute/v2.1/servers/f500b495-7bfb-40ff-8a10-e46ca6744902 0.222s
2025-04-03 08:08:15.810 69041 WARNING tempest.lib.common.ssh [-] Failed to establish authenticated ssh connection to cirros@10.180.180.146 ([Errno None] Unable to connect to port 22 on 10.180.180.146). Number attempts: 4. Retry after 5 seconds.: paramiko.ssh_exception.NoValidConnectionsError: [Errno None] Unable to connect to port 22 on 10.180.180.146
2025-04-03 08:08:15.819 69020 INFO tempest.lib.common.rest_client [req-b9ed8ad9-6b7b-4d8e-b8dc-99f9e997b40c req-b9ed8ad9-6b7b-4d8e-b8dc-99f9e997b40c ] Request (ListImageFiltersTestJSON:setUpClass): 200 GET http://10.180.1.21/compute/v2.1/images/ec0ff054-3d3f-4ddf-bfed-48f202f2785b 0.098s
2025-04-03 08:08:15.847 68998 INFO tempest.lib.common.rest_client [req-27be3f39-325d-4b8a-92fa-23b71de90a2c req-27be3f39-325d-4b8a-92fa-23b71de90a2c ] Request (ImagesTestJSON:test_create_image_from_suspended_server): 200 GET http://10.180.1.21/compute/v2.1/servers/d167585b-11f4-462c-b12e-c6a440c1476a 0.106s
2025-04-03 08:08:15.884 69039 INFO tempest.lib.common.rest_client [req-c4d6682d-0006-48d4-9668-ece5704c6480 req-c4d6682d-0006-48d4-9668-ece5704c6480 ] Request (ServersNegativeTestMultiTenantJSON:setUpClass): 200 GET http://10.180.1.21/compute/v2.1/servers/0097c367-bb3a-4b7b-9fcc-b3e3482689e2 0.071s
2025-04-03 08:08:15.893 69020 INFO tempest.lib.common.rest_client [req-9318f4ed-7e58-417e-a0c1-f3d7630f5cfd req-9318f4ed-7e58-417e-a0c1-f3d7630f5cfd ] Request (ListImageFiltersTestJSON:setUpClass): 201 POST http://10.180.1.21/identity/v3/auth/tokens 0.067s
2025-04-03 08:08:15.894 69020 INFO tempest.lib.common.fixed_network [-] (ListImageFiltersTestJSON:setUpClass) Found network None available for tenant
2025-04-03 08:08:15.903 69000 INFO tempest.lib.common.rest_client [req-375b6300-4a7f-41c3-8e0f-31ca20684870 req-375b6300-4a7f-41c3-8e0f-31ca20684870 ] Request (AttachInterfacesTestJSON:test_create_list_show_delete_interfaces_by_fixed_ip): 200 GET http://10.180.1.21/compute/v2.1/servers/045e54ff-9e2c-4b04-afac-34cb6580cb2c 0.075s
2025-04-03 08:08:15.936 69002 INFO tempest.lib.common.rest_client [req-bfaad950-435c-4ddc-aa67-160a34afe2aa req-bfaad950-435c-4ddc-aa67-160a34afe2aa ] Request (ServersAdminTestJSON:test_inject_network_info): 200 GET http://10.180.1.21/compute/v2.1/servers/505b0352-39ab-4841-8766-14626af2b13e 0.061s
2025-04-03 08:08:16.005 69043 INFO tempest.lib.common.rest_client [req-4ed026b6-f3fe-4d1d-ad82-143191a3e823 req-4ed026b6-f3fe-4d1d-ad82-143191a3e823 ] Request (FloatingIPsAssociationTestJSON:test_associate_already_associated_floating_ip): 200 GET http://10.180.1.21/compute/v2.1/servers/0f618d12-dc7b-4739-8ace-9453a7175d75 0.102s
2025-04-03 08:08:16.059 69028 INFO tempest.lib.common.rest_client [req-d9bc4ca6-d845-48b7-a7d1-071d1e1b36eb req-d9bc4ca6-d845-48b7-a7d1-071d1e1b36eb ] Request (ServersTestJSON:setUpClass): 200 GET http://10.180.1.21/compute/v2.1/servers/0eaf7d72-755b-4977-8f71-7d53ad1cf573 0.121s
2025-04-03 08:08:16.118 69037 INFO tempest.lib.common.rest_client [req-4aa97923-834a-4131-b176-04a622a3dcff req-4aa97923-834a-4131-b176-04a622a3dcff ] Request (ListServerFiltersTestJSON:tearDownClass): 200 GET http://10.180.1.21/compute/v2.1/servers/7fbe6b95-27fe-4aa2-b86c-f389ab00ad6b 0.145s
2025-04-03 08:08:16.146 69020 INFO tempest.lib.common.rest_client [req-7eae39f0-35f7-4675-becd-6efdb84b857f req-7eae39f0-35f7-4675-becd-6efdb84b857f ] Request (ListImageFiltersTestJSON:setUpClass): 202 POST http://10.180.1.21/compute/v2.1/servers 0.251s
2025-04-03 08:08:16.187 68992 INFO tempest.lib.common.rest_client [req-64cb0f05-0e17-46be-b72a-34161aec2b39 req-64cb0f05-0e17-46be-b72a-34161aec2b39 ] Request (ServersAdminNegativeTestJSON:test_migrate_server_invalid_state): 200 GET http://10.180.1.21/compute/v2.1/servers/1b405b1f-ee1f-4e6e-9355-de8b5c26ab49 0.187s
2025-04-03 08:08:16.207 69020 INFO tempest.lib.common.rest_client [req-4261649a-cb48-4fa6-af4a-45f93ac56e25 req-4261649a-cb48-4fa6-af4a-45f93ac56e25 ] Request (ListImageFiltersTestJSON:setUpClass): 201 POST http://10.180.1.21/identity/v3/auth/tokens 0.055s
2025-04-03 08:08:16.211 69020 INFO tempest.lib.common.fixed_network [-] (ListImageFiltersTestJSON:setUpClass) Found network None available for tenant
2025-04-03 08:08:16.266 69053 INFO tempest.lib.common.rest_client [req-d7397ae0-9665-468e-8468-8d2d0a0d4d20 req-d7397ae0-9665-468e-8468-8d2d0a0d4d20 ] Request (ServersListShow2100Test:test_list_show_rebuild_update_server_2100): 200 GET http://10.180.1.21/compute/v2.1/servers/367461db-8bc4-4cf0-b7f6-f79ee2bf8589 0.167s
2025-04-03 08:08:16.286 68996 INFO tempest.lib.common.rest_client [req-03218a55-d0b3-4857-8232-7a8fc84a9dd2 req-03218a55-d0b3-4857-8232-7a8fc84a9dd2 ] Request (ServerShowV257Test:test_rebuild_server): 200 GET http://10.180.1.21/compute/v2.1/servers/f45200cd-6cb0-498a-8858-1e70177031d9 0.164s
2025-04-03 08:08:16.319 68990 INFO tempest.lib.common.rest_client [req-91ad5f60-767b-4bf7-ae1b-1fabb72cdba9 req-91ad5f60-767b-4bf7-ae1b-1fabb72cdba9 ] Request (MigrationsAdminTest:test_list_migrations_in_flavor_resize_situation): 200 GET http://10.180.1.21/compute/v2.1/servers/77fa5a89-961b-4c84-a75e-a5be0253677e 0.140s
2025-04-03 08:08:16.383 69035 INFO tempest.lib.common.rest_client [req-bdde8456-fc26-4eb0-8624-27d32b4e499a req-bdde8456-fc26-4eb0-8624-27d32b4e499a ] Request (ListServersNegativeTestJSON:setUpClass): 200 GET http://10.180.1.21/compute/v2.1/servers/275cdfcc-06f0-4c29-b18b-55cde38480a3 0.154s
2025-04-03 08:08:16.444 69033 INFO tempest.lib.common.rest_client [req-217b46f7-1e63-4b10-8a0b-60a896daa384 req-217b46f7-1e63-4b10-8a0b-60a896daa384 ] Request (ServerAddressesTestJSON:tearDownClass): 200 GET http://10.180.1.21/compute/v2.1/servers/9e337960-78c1-4ddb-a6f6-d6fd57dbf86d 0.137s
2025-04-03 08:08:16.457 68994 INFO tempest.lib.common.rest_client [req-95e2a765-5174-4860-aa02-2361ad0fcdd6 req-95e2a765-5174-4860-aa02-2361ad0fcdd6 ] Request (SecurityGroupRulesNegativeTestJSON:setUpClass): 200 PUT http://10.180.1.21:9696/networking/v2.0/routers/079fd1b0-acc2-4495-8dca-1dc0863c237a/add_router_interface 1.025s
2025-04-03 08:08:16.457 68994 INFO tempest.lib.common.dynamic_creds [-] Created isolated network resources for: credentials: Credentials: {'domain_id': 'default', 'domain_name': 'Default', 'username': 'tempest-SecurityGroupRulesNegativeTestJSON-1255940871-project-member', 'project_domain_id': 'default', 'project_domain_name': 'Default', 'project_id': 'bc613568c0db48bd932a01051c5ef71e', 'project_name': 'tempest-SecurityGroupRulesNegativeTestJSON-1255940871', 'tenant_id': 'bc613568c0db48bd932a01051c5ef71e', 'tenant_name': 'tempest-SecurityGroupRulesNegativeTestJSON-1255940871', 'user_domain_id': 'default', 'user_domain_name': 'Default', 'user_id': '7997f96574124df0927d3b073f0f4437', 'system': None}, Network: {'id': '821172c4-4351-4af4-a23a-7d1e12f24327', 'name': 'tempest-SecurityGroupRulesNegativeTestJSON-1782398188-network', 'tenant_id': 'bc613568c0db48bd932a01051c5ef71e', 'admin_state_up': True, 'mtu': 8950, 'status': 'ACTIVE', 'subnets': [], 'shared': False, 'project_id': 'bc613568c0db48bd932a01051c5ef71e', 'port_security_enabled': True, 'router:external': False, 'provider:network_type': 'vlan', 'provider:physical_network': 'default', 'provider:segmentation_id': 287, 'availability_zone_hints': [], 'availability_zones': [], 'ipv4_address_scope': None, 'ipv6_address_scope': None, 'description': '', 'tags': [], 'created_at': '2025-04-03T08:08:13Z', 'updated_at': '2025-04-03T08:08:13Z', 'revision_number': 1}, Subnet: {'id': 'eaa20619-5b68-45f6-82b2-655cf2c83908', 'name': 'tempest-SecurityGroupRulesNegativeTestJSON-1782398188-subnet', 'tenant_id': 'bc613568c0db48bd932a01051c5ef71e', 'network_id': '821172c4-4351-4af4-a23a-7d1e12f24327', 'ip_version': 4, 'subnetpool_id': None, 'enable_dhcp': True, 'ipv6_ra_mode': None, 'ipv6_address_mode': None, 'gateway_ip': '192.168.128.1', 'cidr': '192.168.128.0/28', 'allocation_pools': [{'start': '192.168.128.2', 'end': '192.168.128.14'}], 'host_routes': [], 'dns_nameservers': [], 'description': '', 'router:external': False, 'service_types': [], 'tags': [], 'created_at': '2025-04-03T08:08:14Z', 'updated_at': '2025-04-03T08:08:14Z', 'revision_number': 0, 'project_id': 'bc613568c0db48bd932a01051c5ef71e'}, Router: {'id': '079fd1b0-acc2-4495-8dca-1dc0863c237a', 'name': 'tempest-SecurityGroupRulesNegativeTestJSON-1782398188-router', 'tenant_id': 'bc613568c0db48bd932a01051c5ef71e', 'admin_state_up': True, 'status': 'ACTIVE', 'external_gateway_info': {'network_id': 'a43b096e-82c2-46c2-b7b4-c64e1e75b7fa', 'external_fixed_ips': [{'subnet_id': '11d41a4e-91aa-4a56-a8f8-df19e9c5f608', 'ip_address': '10.180.180.181'}], 'enable_snat': True}, 'description': '', 'availability_zones': [], 'distributed': False, 'ha': False, 'availability_zone_hints': [], 'routes': [], 'flavor_id': None, 'tags': [], 'created_at': '2025-04-03T08:08:14Z', 'updated_at': '2025-04-03T08:08:14Z', 'revision_number': 2, 'project_id': 'bc613568c0db48bd932a01051c5ef71e'}
2025-04-03 08:08:16.521 69006 INFO tempest.lib.common.rest_client [req-92cf04bb-31af-441e-93b7-5b67afeae808 req-92cf04bb-31af-441e-93b7-5b67afeae808 ] Request (ServerActionsV293TestJSON:setUpClass): 200 GET http://10.180.1.21/compute/v2.1/servers/1189fa93-608b-4684-a675-f1caf29a9f43 0.210s
2025-04-03 08:08:16.570 68994 INFO tempest.lib.common.rest_client [req-1fb15d26-2ea8-433b-8825-d7d1053c8e5a req-1fb15d26-2ea8-433b-8825-d7d1053c8e5a ] Request (SecurityGroupRulesNegativeTestJSON:setUpClass): 201 POST http://10.180.1.21/identity/v3/auth/tokens 0.109s
2025-04-03 08:08:16.578 69014 INFO tempest.lib.common.rest_client [req-94577d3c-5530-4c50-b6ed-3fb379c4f33a req-94577d3c-5530-4c50-b6ed-3fb379c4f33a ] Request (AttachInterfacesV270Test:test_create_get_list_interfaces): 200 GET http://10.180.1.21/compute/v2.1/servers/3c8459db-cc54-4644-8e4c-83c87017a186 0.210s
2025-04-03 08:08:16.602 69020 INFO tempest.lib.common.rest_client [req-47ddad09-e63c-4b63-83ee-3b23c915ecca req-47ddad09-e63c-4b63-83ee-3b23c915ecca ] Request (ListImageFiltersTestJSON:setUpClass): 202 POST http://10.180.1.21/compute/v2.1/servers 0.390s
2025-04-03 08:08:16.636 69022 INFO tempest.lib.common.rest_client [req-d7381897-dfae-4c61-94d2-4e99a15c2f64 req-d7381897-dfae-4c61-94d2-4e99a15c2f64 ] Request (ServerActionsTestOtherA:setUpClass): 200 GET http://10.180.1.21/compute/v2.1/servers/23891bad-1b63-4237-9243-78954cf67d52 0.222s
2025-04-03 08:08:16.673 69012 INFO tempest.lib.common.rest_client [req-dd7cef30-df2b-4bdc-a7e5-7dc58d718d59 req-dd7cef30-df2b-4bdc-a7e5-7dc58d718d59 ] Request (ServerDiagnosticsTest:tearDownClass): 200 GET http://10.180.1.21/compute/v2.1/servers/f9168b78-ed64-4109-84f0-db0af61d2f10 0.231s
2025-04-03 08:08:16.680 69012 INFO tempest.common.waiters [-] State transition "ACTIVE/deleting" ==> "DELETED/None" after 3 second wait
2025-04-03 08:08:16.686 69016 INFO tempest.lib.common.rest_client [req-29376adb-2a00-4f44-bfd9-36aafe8bbbda req-29376adb-2a00-4f44-bfd9-36aafe8bbbda ] Request (ServerMetadataNegativeTestJSON:setUpClass): 200 GET http://10.180.1.21/compute/v2.1/servers/3b0837ef-53fb-4851-b69f-ee0a1d89fbf8 0.184s
2025-04-03 08:08:16.758 69045 INFO tempest.lib.common.rest_client [req-f881143d-0db0-41e3-ac11-e5eca10dfd3f req-f881143d-0db0-41e3-ac11-e5eca10dfd3f ] Request (ImagesOneServerNegativeTestJSON:_run_cleanups): 200 GET http://10.180.1.21/compute/v2.1/servers/60ded0c9-7e20-4071-b5ce-9189d8d01d5c 0.228s
2025-04-03 08:08:16.862 69008 INFO tempest.lib.common.rest_client [req-bdd6e25c-e567-4165-8a92-620f7807871b req-bdd6e25c-e567-4165-8a92-620f7807871b ] Request (ServersTestBootFromVolume:setUpClass): 200 GET http://10.180.1.21/compute/v2.1/servers/6278d756-139c-4fcd-bf31-304c978d6682 0.275s
2025-04-03 08:08:16.918 69020 INFO tempest.lib.common.rest_client [req-e4dd8a4d-a71f-48f6-ae5d-c77dd664f021 req-e4dd8a4d-a71f-48f6-ae5d-c77dd664f021 ] Request (ListImageFiltersTestJSON:setUpClass): 200 GET http://10.180.1.21/compute/v2.1/servers/3bc7b52b-2f2c-485f-ad4b-05fb0fdc9e1f 0.315s
2025-04-03 08:08:16.932 68994 INFO tempest.lib.common.rest_client [req-5e84effa-811e-457b-a1f1-4117e866745e req-5e84effa-811e-457b-a1f1-4117e866745e ] Request (SecurityGroupRulesNegativeTestJSON:test_create_security_group_rule_duplicate): 200 POST http://10.180.1.21/compute/v2.1/os-security-groups 0.361s
2025-04-03 08:08:16.996 69018 INFO tempest.lib.common.rest_client [req-554cf10d-cafe-4aee-af84-e1573445f05a req-554cf10d-cafe-4aee-af84-e1573445f05a ] Request (ServerDiskConfigTestJSON:test_rebuild_server_with_manual_disk_config): 200 GET http://10.180.1.21/compute/v2.1/servers/d88ccf9b-7432-4be0-82f7-b2a9155f7d86 0.308s
2025-04-03 08:08:17.026 69031 INFO tempest.lib.common.rest_client [req-4a18731b-fe16-46ff-8dd5-711705d3d91f req-4a18731b-fe16-46ff-8dd5-711705d3d91f ] Request (SecurityGroupsTestJSON:test_list_security_groups_by_server): 200 GET http://10.180.1.21/compute/v2.1/servers/3b90fce5-5d6c-471b-bf2b-e9f4ac11e4ca 0.233s
2025-04-03 08:08:17.056 69010 INFO tempest.lib.common.rest_client [req-acc6b21e-8678-43cc-8bf4-d61602aa6620 req-acc6b21e-8678-43cc-8bf4-d61602aa6620 ] Request (MultipleCreateTestJSON:setUpClass): 200 PUT http://10.180.1.21:9696/networking/v2.0/routers/e74e2916-14ac-4e17-9a1b-1714ccbcd0bb/add_router_interface 1.671s
2025-04-03 08:08:17.056 69010 INFO tempest.lib.common.dynamic_creds [-] Created isolated network resources for: credentials: Credentials: {'domain_id': 'default', 'domain_name': 'Default', 'username': 'tempest-MultipleCreateTestJSON-1685112952-project-member', 'project_domain_id': 'default', 'project_domain_name': 'Default', 'project_id': '38a52a0d746a4f16b5e4d5a6c984cc45', 'project_name': 'tempest-MultipleCreateTestJSON-1685112952', 'tenant_id': '38a52a0d746a4f16b5e4d5a6c984cc45', 'tenant_name': 'tempest-MultipleCreateTestJSON-1685112952', 'user_domain_id': 'default', 'user_domain_name': 'Default', 'user_id': '26dfab4e06f2403697a602676410bbe7', 'system': None}, Network: {'id': 'f8839054-ed22-4f0f-abbf-f8ae7ca5f59d', 'name': 'tempest-MultipleCreateTestJSON-782448124-network', 'tenant_id': '38a52a0d746a4f16b5e4d5a6c984cc45', 'admin_state_up': True, 'mtu': 8950, 'status': 'ACTIVE', 'subnets': [], 'shared': False, 'project_id': '38a52a0d746a4f16b5e4d5a6c984cc45', 'port_security_enabled': True, 'router:external': False, 'provider:network_type': 'vlan', 'provider:physical_network': 'default', 'provider:segmentation_id': 516, 'availability_zone_hints': [], 'availability_zones': [], 'ipv4_address_scope': None, 'ipv6_address_scope': None, 'description': '', 'tags': [], 'created_at': '2025-04-03T08:08:14Z', 'updated_at': '2025-04-03T08:08:14Z', 'revision_number': 1}, Subnet: {'id': 'c82e2870-b751-4008-86a2-99492583a2a8', 'name': 'tempest-MultipleCreateTestJSON-782448124-subnet', 'tenant_id': '38a52a0d746a4f16b5e4d5a6c984cc45', 'network_id': 'f8839054-ed22-4f0f-abbf-f8ae7ca5f59d', 'ip_version': 4, 'subnetpool_id': None, 'enable_dhcp': True, 'ipv6_ra_mode': None, 'ipv6_address_mode': None, 'gateway_ip': '192.168.128.1', 'cidr': '192.168.128.0/28', 'allocation_pools': [{'start': '192.168.128.2', 'end': '192.168.128.14'}], 'host_routes': [], 'dns_nameservers': [], 'description': '', 'router:external': False, 'service_types': [], 'tags': [], 'created_at': '2025-04-03T08:08:14Z', 'updated_at': '2025-04-03T08:08:14Z', 'revision_number': 0, 'project_id': '38a52a0d746a4f16b5e4d5a6c984cc45'}, Router: {'id': 'e74e2916-14ac-4e17-9a1b-1714ccbcd0bb', 'name': 'tempest-MultipleCreateTestJSON-782448124-router', 'tenant_id': '38a52a0d746a4f16b5e4d5a6c984cc45', 'admin_state_up': True, 'status': 'ACTIVE', 'external_gateway_info': {'network_id': 'a43b096e-82c2-46c2-b7b4-c64e1e75b7fa', 'external_fixed_ips': [{'subnet_id': '11d41a4e-91aa-4a56-a8f8-df19e9c5f608', 'ip_address': '10.180.180.204'}], 'enable_snat': True}, 'description': '', 'availability_zones': [], 'distributed': False, 'ha': False, 'availability_zone_hints': [], 'routes': [], 'flavor_id': None, 'tags': [], 'created_at': '2025-04-03T08:08:14Z', 'updated_at': '2025-04-03T08:08:15Z', 'revision_number': 2, 'project_id': '38a52a0d746a4f16b5e4d5a6c984cc45'}
2025-04-03 08:08:17.085 68998 INFO tempest.lib.common.rest_client [req-631a0099-29bd-4db4-a46c-ade16c82c1b1 req-631a0099-29bd-4db4-a46c-ade16c82c1b1 ] Request (ImagesTestJSON:test_create_image_from_suspended_server): 200 GET http://10.180.1.21/compute/v2.1/servers/d167585b-11f4-462c-b12e-c6a440c1476a 0.228s
2025-04-03 08:08:17.101 69050 INFO tempest.lib.common.rest_client [req-2d86844f-ebbb-4614-bdaa-85c84996e6f5 req-2d86844f-ebbb-4614-bdaa-85c84996e6f5 ] Request (ImagesNegativeTestJSON:test_create_image_from_deleted_server): 200 GET http://10.180.1.21/compute/v2.1/servers/f500b495-7bfb-40ff-8a10-e46ca6744902 0.305s
2025-04-03 08:08:17.160 69039 INFO tempest.lib.common.rest_client [req-62a6fa1d-5708-4d65-be75-b2a17dbc1bf9 req-62a6fa1d-5708-4d65-be75-b2a17dbc1bf9 ] Request (ServersNegativeTestMultiTenantJSON:setUpClass): 200 GET http://10.180.1.21/compute/v2.1/servers/0097c367-bb3a-4b7b-9fcc-b3e3482689e2 0.267s
2025-04-03 08:08:17.176 69010 INFO tempest.lib.common.rest_client [req-6a831f31-821b-40a5-82a8-a617baa12215 req-6a831f31-821b-40a5-82a8-a617baa12215 ] Request (MultipleCreateTestJSON:setUpClass): 201 POST http://10.180.1.21/identity/v3/auth/tokens 0.117s
2025-04-03 08:08:17.198 69000 INFO tempest.lib.common.rest_client [req-c6d1fac3-adc6-4b50-938d-09b70723c2bf req-c6d1fac3-adc6-4b50-938d-09b70723c2bf ] Request (AttachInterfacesTestJSON:test_create_list_show_delete_interfaces_by_fixed_ip): 200 GET http://10.180.1.21/compute/v2.1/servers/045e54ff-9e2c-4b04-afac-34cb6580cb2c 0.286s
2025-04-03 08:08:17.219 69010 INFO tempest.lib.common.rest_client [req-a6fcb9ec-f34d-4061-92e9-e54a9bd18dec req-a6fcb9ec-f34d-4061-92e9-e54a9bd18dec ] Request (MultipleCreateTestJSON:test_multiple_create): 201 POST http://10.180.1.21/identity/v3/auth/tokens 0.036s
2025-04-03 08:08:17.220 69010 INFO tempest.lib.common.fixed_network [-] (MultipleCreateTestJSON:test_multiple_create) Found network {'id': 'f8839054-ed22-4f0f-abbf-f8ae7ca5f59d', 'name': 'tempest-MultipleCreateTestJSON-782448124-network', 'tenant_id': '38a52a0d746a4f16b5e4d5a6c984cc45', 'admin_state_up': True, 'mtu': 8950, 'status': 'ACTIVE', 'subnets': [], 'shared': False, 'project_id': '38a52a0d746a4f16b5e4d5a6c984cc45', 'port_security_enabled': True, 'router:external': False, 'provider:network_type': 'vlan', 'provider:physical_network': 'default', 'provider:segmentation_id': 516, 'availability_zone_hints': [], 'availability_zones': [], 'ipv4_address_scope': None, 'ipv6_address_scope': None, 'description': '', 'tags': [], 'created_at': '2025-04-03T08:08:14Z', 'updated_at': '2025-04-03T08:08:14Z', 'revision_number': 1} available for tenant
2025-04-03 08:08:17.283 69002 INFO tempest.lib.common.rest_client [req-0d9f3741-434f-4c07-894a-83d6d0f4c776 req-0d9f3741-434f-4c07-894a-83d6d0f4c776 ] Request (ServersAdminTestJSON:test_inject_network_info): 200 GET http://10.180.1.21/compute/v2.1/servers/505b0352-39ab-4841-8766-14626af2b13e 0.336s
2025-04-03 08:08:17.341 69043 INFO tempest.lib.common.rest_client [req-baf8b13a-c725-4e7d-9f69-779f0808b0f4 req-baf8b13a-c725-4e7d-9f69-779f0808b0f4 ] Request (FloatingIPsAssociationTestJSON:test_associate_already_associated_floating_ip): 200 GET http://10.180.1.21/compute/v2.1/servers/0f618d12-dc7b-4739-8ace-9453a7175d75 0.326s
2025-04-03 08:08:17.359 68994 INFO tempest.lib.common.rest_client [req-1a21a561-fdb8-4a66-9767-e5c79c84552a req-1a21a561-fdb8-4a66-9767-e5c79c84552a ] Request (SecurityGroupRulesNegativeTestJSON:test_create_security_group_rule_duplicate): 200 POST http://10.180.1.21/compute/v2.1/os-security-group-rules 0.424s
2025-04-03 08:08:17.410 69028 INFO tempest.lib.common.rest_client [req-46748642-b344-46ad-a2b3-7dd2e2825b3f req-46748642-b344-46ad-a2b3-7dd2e2825b3f ] Request (ServersTestJSON:setUpClass): 200 GET http://10.180.1.21/compute/v2.1/servers/0eaf7d72-755b-4977-8f71-7d53ad1cf573 0.339s
2025-04-03 08:08:17.454 69037 INFO tempest.lib.common.rest_client [req-61f07b60-20ef-445e-93c6-8b7104cf8dd5 req-61f07b60-20ef-445e-93c6-8b7104cf8dd5 ] Request (ListServerFiltersTestJSON:tearDownClass): 200 GET http://10.180.1.21/compute/v2.1/servers/7fbe6b95-27fe-4aa2-b86c-f389ab00ad6b 0.324s
2025-04-03 08:08:17.468 68992 INFO tempest.lib.common.rest_client [req-7bda31b6-31ee-4b0b-812a-3ba985899546 req-7bda31b6-31ee-4b0b-812a-3ba985899546 ] Request (ServersAdminNegativeTestJSON:test_migrate_server_invalid_state): 200 GET http://10.180.1.21/compute/v2.1/servers/1b405b1f-ee1f-4e6e-9355-de8b5c26ab49 0.263s
2025-04-03 08:08:17.534 69053 INFO tempest.lib.common.rest_client [req-1530243d-114e-4802-ada3-2846138e0ba7 req-1530243d-114e-4802-ada3-2846138e0ba7 ] Request (ServersListShow2100Test:test_list_show_rebuild_update_server_2100): 200 GET http://10.180.1.21/compute/v2.1/servers/367461db-8bc4-4cf0-b7f6-f79ee2bf8589 0.254s
2025-04-03 08:08:17.599 68996 INFO tempest.lib.common.rest_client [req-46f8652a-437f-4b2a-a756-ef01a8cc90c2 req-46f8652a-437f-4b2a-a756-ef01a8cc90c2 ] Request (ServerShowV257Test:test_rebuild_server): 200 GET http://10.180.1.21/compute/v2.1/servers/f45200cd-6cb0-498a-8858-1e70177031d9 0.303s
2025-04-03 08:08:17.648 68990 INFO tempest.lib.common.rest_client [req-7583fb80-7977-4f3e-af0c-2e559ae270d7 req-7583fb80-7977-4f3e-af0c-2e559ae270d7 ] Request (MigrationsAdminTest:test_list_migrations_in_flavor_resize_situation): 200 GET http://10.180.1.21/compute/v2.1/servers/77fa5a89-961b-4c84-a75e-a5be0253677e 0.321s
2025-04-03 08:08:17.678 68994 INFO tempest.lib.common.rest_client [req-72c96566-83db-48e9-ac38-9575505d5e57 req-72c96566-83db-48e9-ac38-9575505d5e57 ] Request (SecurityGroupRulesNegativeTestJSON:test_create_security_group_rule_duplicate): 400 POST http://10.180.1.21/compute/v2.1/os-security-group-rules 0.315s
2025-04-03 08:08:17.733 69035 INFO tempest.lib.common.rest_client [req-6003c9dc-a33b-46fd-b340-bc422761e66a req-6003c9dc-a33b-46fd-b340-bc422761e66a ] Request (ListServersNegativeTestJSON:setUpClass): 200 GET http://10.180.1.21/compute/v2.1/servers/275cdfcc-06f0-4c29-b18b-55cde38480a3 0.342s
2025-04-03 08:08:17.793 69033 INFO tempest.lib.common.rest_client [req-802b7e95-d38d-431d-92c3-fa412a12df15 req-802b7e95-d38d-431d-92c3-fa412a12df15 ] Request (ServerAddressesTestJSON:tearDownClass): 200 GET http://10.180.1.21/compute/v2.1/servers/9e337960-78c1-4ddb-a6f6-d6fd57dbf86d 0.341s
2025-04-03 08:08:17.850 69010 INFO tempest.lib.common.rest_client [req-1ec408e8-bae4-43e4-80d0-bd68e24f8a2d req-1ec408e8-bae4-43e4-80d0-bd68e24f8a2d ] Request (MultipleCreateTestJSON:test_multiple_create): 202 POST http://10.180.1.21/compute/v2.1/servers 0.629s
2025-04-03 08:08:17.856 69006 INFO tempest.lib.common.rest_client [req-7b82d807-e7ab-46c7-95a0-1958ee793712 req-7b82d807-e7ab-46c7-95a0-1958ee793712 ] Request (ServerActionsV293TestJSON:setUpClass): 200 GET http://10.180.1.21/compute/v2.1/servers/1189fa93-608b-4684-a675-f1caf29a9f43 0.323s
