2025-04-03 08:08:17.906 69014 INFO tempest.lib.common.rest_client [req-0d3ea50d-7bdc-445a-a3bc-eb11fb32910f req-0d3ea50d-7bdc-445a-a3bc-eb11fb32910f ] Request (AttachInterfacesV270Test:test_create_get_list_interfaces): 200 GET http://10.180.1.21/compute/v2.1/servers/3c8459db-cc54-4644-8e4c-83c87017a186 0.316s
2025-04-03 08:08:17.908 69022 INFO tempest.lib.common.rest_client [req-27846cc2-78d9-4a36-90d8-fa3e636b8abc req-27846cc2-78d9-4a36-90d8-fa3e636b8abc ] Request (ServerActionsTestOtherA:setUpClass): 200 GET http://10.180.1.21/compute/v2.1/servers/23891bad-1b63-4237-9243-78954cf67d52 0.263s
2025-04-03 08:08:17.967 69012 INFO tempest.lib.common.rest_client [req-63e37352-a6d3-42b2-bf64-63b25f8a0f0c req-63e37352-a6d3-42b2-bf64-63b25f8a0f0c ] Request (ServerDiagnosticsTest:tearDownClass): 200 GET http://10.180.1.21/compute/v2.1/servers/f9168b78-ed64-4109-84f0-db0af61d2f10 0.286s
2025-04-03 08:08:18.023 68994 INFO tempest.lib.common.rest_client [req-bde2c0ec-3d4b-42a0-bb15-bab40ef97173 req-bde2c0ec-3d4b-42a0-bb15-bab40ef97173 ] Request (SecurityGroupRulesNegativeTestJSON:_run_cleanups): 202 DELETE http://10.180.1.21/compute/v2.1/os-security-group-rules/4f0f14f9-7385-4bf2-ab6d-4f79685bf9c0 0.345s
2025-04-03 08:08:18.025 69016 INFO tempest.lib.common.rest_client [req-11147a60-ff6c-4b4d-a64b-4fae1984f8fc req-11147a60-ff6c-4b4d-a64b-4fae1984f8fc ] Request (ServerMetadataNegativeTestJSON:setUpClass): 200 GET http://10.180.1.21/compute/v2.1/servers/3b0837ef-53fb-4851-b69f-ee0a1d89fbf8 0.328s
2025-04-03 08:08:18.054 69010 INFO tempest.lib.common.rest_client [req-95dee0d0-9d24-4fd1-8dd8-e7d3b795afaa req-95dee0d0-9d24-4fd1-8dd8-e7d3b795afaa ] Request (MultipleCreateTestJSON:test_multiple_create): 200 GET http://10.180.1.21/compute/v2.1/servers 0.202s
2025-04-03 08:08:18.078 69045 INFO tempest.lib.common.rest_client [req-640b08d7-fe80-4159-b9b2-21228baa7ed1 req-640b08d7-fe80-4159-b9b2-21228baa7ed1 ] Request (ImagesOneServerNegativeTestJSON:_run_cleanups): 200 GET http://10.180.1.21/compute/v2.1/servers/60ded0c9-7e20-4071-b5ce-9189d8d01d5c 0.311s
2025-04-03 08:08:18.107 69008 INFO tempest.lib.common.rest_client [req-890cf5d7-173e-4091-98ad-be099de9fb0a req-890cf5d7-173e-4091-98ad-be099de9fb0a ] Request (ServersTestBootFromVolume:setUpClass): 200 GET http://10.180.1.21/compute/v2.1/servers/6278d756-139c-4fcd-bf31-304c978d6682 0.237s
2025-04-03 08:08:18.135 69020 INFO tempest.lib.common.rest_client [req-d7f4a286-b806-42c5-b84f-7212c247176a req-d7f4a286-b806-42c5-b84f-7212c247176a ] Request (ListImageFiltersTestJSON:setUpClass): 200 GET http://10.180.1.21/compute/v2.1/servers/3bc7b52b-2f2c-485f-ad4b-05fb0fdc9e1f 0.205s
2025-04-03 08:08:18.156 69018 INFO tempest.lib.common.rest_client [req-6ba04d3e-70ed-4498-9644-56442e5b52da req-6ba04d3e-70ed-4498-9644-56442e5b52da ] Request (ServerDiskConfigTestJSON:test_rebuild_server_with_manual_disk_config): 200 GET http://10.180.1.21/compute/v2.1/servers/d88ccf9b-7432-4be0-82f7-b2a9155f7d86 0.151s
2025-04-03 08:08:18.214 69031 INFO tempest.lib.common.rest_client [req-58562d23-9104-491b-9b29-258be2ded3e5 req-58562d23-9104-491b-9b29-258be2ded3e5 ] Request (SecurityGroupsTestJSON:test_list_security_groups_by_server): 200 GET http://10.180.1.21/compute/v2.1/servers/3b90fce5-5d6c-471b-bf2b-e9f4ac11e4ca 0.180s
2025-04-03 08:08:18.245 68994 INFO tempest.lib.common.rest_client [req-46b8ba41-18f6-4c6e-afdd-c7f57754147a req-46b8ba41-18f6-4c6e-afdd-c7f57754147a ] Request (SecurityGroupRulesNegativeTestJSON:test_create_security_group_rule_with_invalid_from_port): 200 POST http://10.180.1.21/compute/v2.1/os-security-groups 0.219s
2025-04-03 08:08:18.249 69010 INFO tempest.lib.common.rest_client [req-165314c6-7bf8-462e-858d-c16585c95590 req-165314c6-7bf8-462e-858d-c16585c95590 ] Request (MultipleCreateTestJSON:test_multiple_create): 200 GET http://10.180.1.21/compute/v2.1/servers/0e3c27fe-a2d9-45dc-9559-a678f90a6fef 0.193s
2025-04-03 08:08:18.305 68998 INFO tempest.lib.common.rest_client [req-b44eb616-84b7-4c65-9e52-d11fe247cd83 req-b44eb616-84b7-4c65-9e52-d11fe247cd83 ] Request (ImagesTestJSON:test_create_image_from_suspended_server): 200 GET http://10.180.1.21/compute/v2.1/servers/d167585b-11f4-462c-b12e-c6a440c1476a 0.208s
2025-04-03 08:08:18.312 69050 INFO tempest.lib.common.rest_client [req-6f7b2d00-2515-426b-b365-6d30a099ea7e req-6f7b2d00-2515-426b-b365-6d30a099ea7e ] Request (ImagesNegativeTestJSON:test_create_image_from_deleted_server): 200 GET http://10.180.1.21/compute/v2.1/servers/f500b495-7bfb-40ff-8a10-e46ca6744902 0.201s
2025-04-03 08:08:18.358 69039 INFO tempest.lib.common.rest_client [req-6f7b925b-3deb-4571-b44a-d97fc348e81e req-6f7b925b-3deb-4571-b44a-d97fc348e81e ] Request (ServersNegativeTestMultiTenantJSON:setUpClass): 200 GET http://10.180.1.21/compute/v2.1/servers/0097c367-bb3a-4b7b-9fcc-b3e3482689e2 0.188s
2025-04-03 08:08:18.369 69000 INFO tempest.lib.common.rest_client [req-503f5849-a47b-4a64-b6c1-bcbdbe473072 req-503f5849-a47b-4a64-b6c1-bcbdbe473072 ] Request (AttachInterfacesTestJSON:test_create_list_show_delete_interfaces_by_fixed_ip): 200 GET http://10.180.1.21/compute/v2.1/servers/045e54ff-9e2c-4b04-afac-34cb6580cb2c 0.161s
2025-04-03 08:08:18.390 68994 INFO tempest.lib.common.rest_client [req-a66e5593-7e86-4b62-b0c6-3b0517a8ab09 req-a66e5593-7e86-4b62-b0c6-3b0517a8ab09 ] Request (SecurityGroupRulesNegativeTestJSON:test_create_security_group_rule_with_invalid_from_port): 400 POST http://10.180.1.21/compute/v2.1/os-security-group-rules 0.142s
2025-04-03 08:08:18.439 69043 INFO tempest.lib.common.rest_client [req-a9966b51-6d98-4d35-8962-56a4a0215093 req-a9966b51-6d98-4d35-8962-56a4a0215093 ] Request (FloatingIPsAssociationTestJSON:test_associate_already_associated_floating_ip): 200 GET http://10.180.1.21/compute/v2.1/servers/0f618d12-dc7b-4739-8ace-9453a7175d75 0.087s
2025-04-03 08:08:18.446 68994 INFO tempest.lib.common.rest_client [req-5746d266-5f03-439e-93f0-3705c76577a9 req-5746d266-5f03-439e-93f0-3705c76577a9 ] Request (SecurityGroupRulesNegativeTestJSON:test_create_security_group_rule_with_invalid_id): 400 POST http://10.180.1.21/compute/v2.1/os-security-group-rules 0.054s
2025-04-03 08:08:18.446 69002 INFO tempest.lib.common.rest_client [req-e657112d-9634-4368-a423-830b22f2553c req-e657112d-9634-4368-a423-830b22f2553c ] Request (ServersAdminTestJSON:test_inject_network_info): 200 GET http://10.180.1.21/compute/v2.1/servers/505b0352-39ab-4841-8766-14626af2b13e 0.149s
2025-04-03 08:08:18.505 69028 INFO tempest.lib.common.rest_client [req-79fbde09-b318-449e-a51e-0de5cce3a6f8 req-79fbde09-b318-449e-a51e-0de5cce3a6f8 ] Request (ServersTestJSON:setUpClass): 200 GET http://10.180.1.21/compute/v2.1/servers/0eaf7d72-755b-4977-8f71-7d53ad1cf573 0.088s
2025-04-03 08:08:18.570 69037 INFO tempest.lib.common.rest_client [req-a686c5c4-d885-4a48-8ae1-efff4f2a633b req-a686c5c4-d885-4a48-8ae1-efff4f2a633b ] Request (ListServerFiltersTestJSON:tearDownClass): 200 GET http://10.180.1.21/compute/v2.1/servers/7fbe6b95-27fe-4aa2-b86c-f389ab00ad6b 0.106s
2025-04-03 08:08:18.598 68994 INFO tempest.lib.common.rest_client [req-2e1b0283-a2a2-41d0-9c7b-ea6e209e9068 req-2e1b0283-a2a2-41d0-9c7b-ea6e209e9068 ] Request (SecurityGroupRulesNegativeTestJSON:test_create_security_group_rule_with_invalid_ip_protocol): 200 POST http://10.180.1.21/compute/v2.1/os-security-groups 0.150s
2025-04-03 08:08:18.626 68992 INFO tempest.lib.common.rest_client [req-d7b3ee83-a9be-4638-9d4a-359a3746496b req-d7b3ee83-a9be-4638-9d4a-359a3746496b ] Request (ServersAdminNegativeTestJSON:test_migrate_server_invalid_state): 200 GET http://10.180.1.21/compute/v2.1/servers/1b405b1f-ee1f-4e6e-9355-de8b5c26ab49 0.150s
2025-04-03 08:08:18.673 69053 INFO tempest.lib.common.rest_client [req-c65b9083-7440-4cb8-9be0-7a50279cd6e3 req-c65b9083-7440-4cb8-9be0-7a50279cd6e3 ] Request (ServersListShow2100Test:test_list_show_rebuild_update_server_2100): 200 GET http://10.180.1.21/compute/v2.1/servers/367461db-8bc4-4cf0-b7f6-f79ee2bf8589 0.127s
2025-04-03 08:08:18.676 68994 INFO tempest.lib.common.rest_client [req-0ce1f41b-3a67-4f6f-9b2a-15b307684007 req-0ce1f41b-3a67-4f6f-9b2a-15b307684007 ] Request (SecurityGroupRulesNegativeTestJSON:test_create_security_group_rule_with_invalid_ip_protocol): 400 POST http://10.180.1.21/compute/v2.1/os-security-group-rules 0.070s
2025-04-03 08:08:18.724 68990 INFO tempest.lib.common.rest_client [req-1b1eccb6-866c-4ae4-8fb0-9e306926911c req-1b1eccb6-866c-4ae4-8fb0-9e306926911c ] Request (MigrationsAdminTest:test_list_migrations_in_flavor_resize_situation): 200 GET http://10.180.1.21/compute/v2.1/servers/77fa5a89-961b-4c84-a75e-a5be0253677e 0.068s
2025-04-03 08:08:18.728 68996 INFO tempest.lib.common.rest_client [req-7ce3ec6c-653e-45f9-80f3-6d230041e902 req-7ce3ec6c-653e-45f9-80f3-6d230041e902 ] Request (ServerShowV257Test:test_rebuild_server): 200 GET http://10.180.1.21/compute/v2.1/servers/f45200cd-6cb0-498a-8858-1e70177031d9 0.117s
2025-04-03 08:08:18.798 69035 INFO tempest.lib.common.rest_client [req-79f1f239-1571-4619-b495-75ac6b2d6cf7 req-79f1f239-1571-4619-b495-75ac6b2d6cf7 ] Request (ListServersNegativeTestJSON:setUpClass): 200 GET http://10.180.1.21/compute/v2.1/servers/275cdfcc-06f0-4c29-b18b-55cde38480a3 0.054s
2025-04-03 08:08:18.808 69035 INFO tempest.common.waiters [-] State transition "BUILD/None" ==> "BUILD/networking" after 47 second wait
2025-04-03 08:08:18.832 68994 INFO tempest.lib.common.rest_client [req-c243d21f-6a18-4262-80e9-76580a21308c req-c243d21f-6a18-4262-80e9-76580a21308c ] Request (SecurityGroupRulesNegativeTestJSON:test_create_security_group_rule_with_invalid_port_range): 200 POST http://10.180.1.21/compute/v2.1/os-security-groups 0.154s
2025-04-03 08:08:18.856 69033 INFO tempest.lib.common.rest_client [req-86041a4e-76ba-4ed5-97db-b0d0877436c9 req-86041a4e-76ba-4ed5-97db-b0d0877436c9 ] Request (ServerAddressesTestJSON:tearDownClass): 200 GET http://10.180.1.21/compute/v2.1/servers/9e337960-78c1-4ddb-a6f6-d6fd57dbf86d 0.054s
2025-04-03 08:08:18.880 68994 INFO tempest.lib.common.rest_client [req-b357d443-9e7f-432e-9df8-ea037ed21be3 req-b357d443-9e7f-432e-9df8-ea037ed21be3 ] Request (SecurityGroupRulesNegativeTestJSON:test_create_security_group_rule_with_invalid_port_range): 400 POST http://10.180.1.21/compute/v2.1/os-security-group-rules 0.045s
2025-04-03 08:08:18.924 69006 INFO tempest.lib.common.rest_client [req-77f47526-f1bc-4a3f-9bf9-e496e3f2c66e req-77f47526-f1bc-4a3f-9bf9-e496e3f2c66e ] Request (ServerActionsV293TestJSON:setUpClass): 200 GET http://10.180.1.21/compute/v2.1/servers/1189fa93-608b-4684-a675-f1caf29a9f43 0.056s
2025-04-03 08:08:18.971 69014 INFO tempest.lib.common.rest_client [req-577cbaff-14a5-44e8-ac75-19d5ab7d88bb req-577cbaff-14a5-44e8-ac75-19d5ab7d88bb ] Request (AttachInterfacesV270Test:test_create_get_list_interfaces): 200 GET http://10.180.1.21/compute/v2.1/servers/3c8459db-cc54-4644-8e4c-83c87017a186 0.050s
2025-04-03 08:08:18.991 68994 INFO tempest.lib.common.rest_client [req-52fa6302-7d3c-42b7-9981-998ff7809b97 req-52fa6302-7d3c-42b7-9981-998ff7809b97 ] Request (SecurityGroupRulesNegativeTestJSON:test_create_security_group_rule_with_invalid_to_port): 200 POST http://10.180.1.21/compute/v2.1/os-security-groups 0.109s
2025-04-03 08:08:19.023 69022 INFO tempest.lib.common.rest_client [req-160a8ed7-cc34-421b-ae47-b92c7f5e7819 req-160a8ed7-cc34-421b-ae47-b92c7f5e7819 ] Request (ServerActionsTestOtherA:setUpClass): 200 GET http://10.180.1.21/compute/v2.1/servers/23891bad-1b63-4237-9243-78954cf67d52 0.102s
2025-04-03 08:08:19.053 68994 INFO tempest.lib.common.rest_client [req-a6d4362d-8206-4688-8203-4677d28cd3fd req-a6d4362d-8206-4688-8203-4677d28cd3fd ] Request (SecurityGroupRulesNegativeTestJSON:test_create_security_group_rule_with_invalid_to_port): 400 POST http://10.180.1.21/compute/v2.1/os-security-group-rules 0.059s
2025-04-03 08:08:19.057 69012 INFO tempest.lib.common.rest_client [req-e7f5c9b0-ebaf-4c43-8709-a772dcba203f req-e7f5c9b0-ebaf-4c43-8709-a772dcba203f ] Request (ServerDiagnosticsTest:tearDownClass): 200 GET http://10.180.1.21/compute/v2.1/servers/f9168b78-ed64-4109-84f0-db0af61d2f10 0.078s
2025-04-03 08:08:19.076 68994 INFO tempest.lib.common.rest_client [req-bd00d144-71bf-4d50-9810-83abd282f671 req-bd00d144-71bf-4d50-9810-83abd282f671 ] Request (SecurityGroupRulesNegativeTestJSON:test_create_security_group_rule_with_non_existent_id): 404 POST http://10.180.1.21/compute/v2.1/os-security-group-rules 0.020s
2025-04-03 08:08:19.096 68994 INFO tempest.lib.common.rest_client [req-44cba7dc-a356-4b8b-9bd2-be628810e329 req-44cba7dc-a356-4b8b-9bd2-be628810e329 ] Request (SecurityGroupRulesNegativeTestJSON:test_delete_security_group_rule_with_non_existent_id): 404 DELETE http://10.180.1.21/compute/v2.1/os-security-group-rules/dc858d45-5d10-402c-a6a1-7578ac79f51b 0.018s
2025-04-03 08:08:19.108 69016 INFO tempest.lib.common.rest_client [req-90bb447e-0768-4df1-b51e-f23488f6c3af req-90bb447e-0768-4df1-b51e-f23488f6c3af ] Request (ServerMetadataNegativeTestJSON:setUpClass): 200 GET http://10.180.1.21/compute/v2.1/servers/3b0837ef-53fb-4851-b69f-ee0a1d89fbf8 0.074s
2025-04-03 08:08:19.152 69045 INFO tempest.lib.common.rest_client [req-3926158a-5f25-4d8c-b91e-e95e86d1d57e req-3926158a-5f25-4d8c-b91e-e95e86d1d57e ] Request (ImagesOneServerNegativeTestJSON:_run_cleanups): 200 GET http://10.180.1.21/compute/v2.1/servers/60ded0c9-7e20-4071-b5ce-9189d8d01d5c 0.063s
2025-04-03 08:08:19.204 69008 INFO tempest.lib.common.rest_client [req-b8afe01b-3a64-4a15-973b-efd236ec5164 req-b8afe01b-3a64-4a15-973b-efd236ec5164 ] Request (ServersTestBootFromVolume:setUpClass): 200 GET http://10.180.1.21/compute/v2.1/servers/6278d756-139c-4fcd-bf31-304c978d6682 0.084s
2025-04-03 08:08:19.258 69020 INFO tempest.lib.common.rest_client [req-4b334110-a59d-4879-977b-76c5ee4beaf6 req-4b334110-a59d-4879-977b-76c5ee4beaf6 ] Request (ListImageFiltersTestJSON:setUpClass): 200 GET http://10.180.1.21/compute/v2.1/servers/3bc7b52b-2f2c-485f-ad4b-05fb0fdc9e1f 0.114s
2025-04-03 08:08:19.266 68994 INFO tempest.lib.common.rest_client [req-7ea804f8-a781-4be7-a603-a68aa8a7ba2e req-7ea804f8-a781-4be7-a603-a68aa8a7ba2e ] Request (SecurityGroupRulesNegativeTestJSON:tearDownClass): 202 DELETE http://10.180.1.21/compute/v2.1/os-security-groups/259b3eeb-76f1-48b3-b710-6bc1b31c1445 0.168s
2025-04-03 08:08:19.311 69018 INFO tempest.lib.common.rest_client [req-47b653af-7ad5-49c8-8d37-ab70b7d001ed req-47b653af-7ad5-49c8-8d37-ab70b7d001ed ] Request (ServerDiskConfigTestJSON:test_rebuild_server_with_manual_disk_config): 200 GET http://10.180.1.21/compute/v2.1/servers/d88ccf9b-7432-4be0-82f7-b2a9155f7d86 0.145s
2025-04-03 08:08:19.326 69031 INFO tempest.lib.common.rest_client [req-48ab2400-61b8-47ce-aa82-90e630737d05 req-48ab2400-61b8-47ce-aa82-90e630737d05 ] Request (SecurityGroupsTestJSON:test_list_security_groups_by_server): 200 GET http://10.180.1.21/compute/v2.1/servers/3b90fce5-5d6c-471b-bf2b-e9f4ac11e4ca 0.104s
2025-04-03 08:08:19.361 69010 INFO tempest.lib.common.rest_client [req-ca3ab22c-57c4-456a-bdb6-344666e8f3d7 req-ca3ab22c-57c4-456a-bdb6-344666e8f3d7 ] Request (MultipleCreateTestJSON:test_multiple_create): 200 GET http://10.180.1.21/compute/v2.1/servers/0e3c27fe-a2d9-45dc-9559-a678f90a6fef 0.103s
2025-04-03 08:08:19.417 68998 INFO tempest.lib.common.rest_client [req-098ae854-fa56-47c5-8ba2-36a4aca62916 req-098ae854-fa56-47c5-8ba2-36a4aca62916 ] Request (ImagesTestJSON:test_create_image_from_suspended_server): 200 GET http://10.180.1.21/compute/v2.1/servers/d167585b-11f4-462c-b12e-c6a440c1476a 0.102s
2025-04-03 08:08:19.471 68994 INFO tempest.lib.common.rest_client [req-b7b07bf1-0cb8-4306-8033-6006d4a9edeb req-b7b07bf1-0cb8-4306-8033-6006d4a9edeb ] Request (SecurityGroupRulesNegativeTestJSON:tearDownClass): 202 DELETE http://10.180.1.21/compute/v2.1/os-security-groups/3f9ab3bf-2785-4c7d-99ba-d6f9c843e767 0.204s
2025-04-03 08:08:19.480 69050 INFO tempest.lib.common.rest_client [req-961150a4-8453-4560-9b59-9f5b3b781104 req-961150a4-8453-4560-9b59-9f5b3b781104 ] Request (ImagesNegativeTestJSON:test_create_image_from_deleted_server): 200 GET http://10.180.1.21/compute/v2.1/servers/f500b495-7bfb-40ff-8a10-e46ca6744902 0.161s
2025-04-03 08:08:19.528 69039 INFO tempest.lib.common.rest_client [req-321a48a7-0d07-4ffa-b878-ce842cfaf987 req-321a48a7-0d07-4ffa-b878-ce842cfaf987 ] Request (ServersNegativeTestMultiTenantJSON:setUpClass): 200 GET http://10.180.1.21/compute/v2.1/servers/0097c367-bb3a-4b7b-9fcc-b3e3482689e2 0.159s
2025-04-03 08:08:19.532 69000 INFO tempest.lib.common.rest_client [req-de9c148b-f428-4f98-9212-a5bb2e80df29 req-de9c148b-f428-4f98-9212-a5bb2e80df29 ] Request (AttachInterfacesTestJSON:test_create_list_show_delete_interfaces_by_fixed_ip): 200 GET http://10.180.1.21/compute/v2.1/servers/045e54ff-9e2c-4b04-afac-34cb6580cb2c 0.154s
2025-04-03 08:08:19.583 69043 INFO tempest.lib.common.rest_client [req-cf5ba236-f98d-403b-9eba-bb87b34b3870 req-cf5ba236-f98d-403b-9eba-bb87b34b3870 ] Request (FloatingIPsAssociationTestJSON:test_associate_already_associated_floating_ip): 200 GET http://10.180.1.21/compute/v2.1/servers/0f618d12-dc7b-4739-8ace-9453a7175d75 0.137s
2025-04-03 08:08:19.592 69002 INFO tempest.lib.common.rest_client [req-eecaea7b-dcdc-4745-a0be-5847605de090 req-eecaea7b-dcdc-4745-a0be-5847605de090 ] Request (ServersAdminTestJSON:test_inject_network_info): 200 GET http://10.180.1.21/compute/v2.1/servers/505b0352-39ab-4841-8766-14626af2b13e 0.138s
2025-04-03 08:08:19.640 69028 INFO tempest.lib.common.rest_client [req-271de3ed-fb37-4e33-98ec-1bd79f37b63f req-271de3ed-fb37-4e33-98ec-1bd79f37b63f ] Request (ServersTestJSON:setUpClass): 200 GET http://10.180.1.21/compute/v2.1/servers/0eaf7d72-755b-4977-8f71-7d53ad1cf573 0.126s
2025-04-03 08:08:19.694 69037 INFO tempest.lib.common.rest_client [req-3b102a2e-168e-4bd7-9891-9aecab92bcaa req-3b102a2e-168e-4bd7-9891-9aecab92bcaa ] Request (ListServerFiltersTestJSON:tearDownClass): 200 GET http://10.180.1.21/compute/v2.1/servers/7fbe6b95-27fe-4aa2-b86c-f389ab00ad6b 0.115s
2025-04-03 08:08:19.756 68992 INFO tempest.lib.common.rest_client [req-6df76b97-c3bb-4a7f-a637-c0a54e6754b8 req-6df76b97-c3bb-4a7f-a637-c0a54e6754b8 ] Request (ServersAdminNegativeTestJSON:test_migrate_server_invalid_state): 200 GET http://10.180.1.21/compute/v2.1/servers/1b405b1f-ee1f-4e6e-9355-de8b5c26ab49 0.122s
2025-04-03 08:08:19.768 68994 INFO tempest.lib.common.rest_client [req-951e6876-c809-44fb-b45e-5d1aa15ff127 req-951e6876-c809-44fb-b45e-5d1aa15ff127 ] Request (SecurityGroupRulesNegativeTestJSON:tearDownClass): 202 DELETE http://10.180.1.21/compute/v2.1/os-security-groups/eea9be86-bbb6-46b3-bd5d-e471de1e98a3 0.297s
2025-04-03 08:08:19.831 69053 INFO tempest.lib.common.rest_client [req-981a464e-a7ca-44ba-9e82-98a870536f41 req-981a464e-a7ca-44ba-9e82-98a870536f41 ] Request (ServersListShow2100Test:test_list_show_rebuild_update_server_2100): 200 GET http://10.180.1.21/compute/v2.1/servers/367461db-8bc4-4cf0-b7f6-f79ee2bf8589 0.135s
2025-04-03 08:08:19.838 68990 INFO tempest.lib.common.rest_client [req-6dfb1360-d469-4dc2-8053-f43f9ab2b182 req-6dfb1360-d469-4dc2-8053-f43f9ab2b182 ] Request (MigrationsAdminTest:test_list_migrations_in_flavor_resize_situation): 200 GET http://10.180.1.21/compute/v2.1/servers/77fa5a89-961b-4c84-a75e-a5be0253677e 0.105s
2025-04-03 08:08:19.896 68996 INFO tempest.lib.common.rest_client [req-e77543ab-cb6e-4a48-b948-1893925aec5c req-e77543ab-cb6e-4a48-b948-1893925aec5c ] Request (ServerShowV257Test:test_rebuild_server): 200 GET http://10.180.1.21/compute/v2.1/servers/f45200cd-6cb0-498a-8858-1e70177031d9 0.158s
2025-04-03 08:08:20.025 69035 INFO tempest.lib.common.rest_client [req-341b0013-6c53-4a51-93d6-13753dc26196 req-341b0013-6c53-4a51-93d6-13753dc26196 ] Request (ListServersNegativeTestJSON:setUpClass): 200 GET http://10.180.1.21/compute/v2.1/servers/275cdfcc-06f0-4c29-b18b-55cde38480a3 0.216s
2025-04-03 08:08:20.032 69035 INFO tempest.common.waiters [-] State transition "BUILD/networking" ==> "BUILD/block_device_mapping" after 49 second wait
2025-04-03 08:08:20.055 68994 INFO tempest.lib.common.rest_client [req-abd00378-2c3c-4605-a534-ad199b14e0b9 req-abd00378-2c3c-4605-a534-ad199b14e0b9 ] Request (SecurityGroupRulesNegativeTestJSON:tearDownClass): 202 DELETE http://10.180.1.21/compute/v2.1/os-security-groups/0a1e937b-6669-4b36-94cc-a94e0465c67f 0.287s
2025-04-03 08:08:20.085 69033 INFO tempest.lib.common.rest_client [req-9d147390-46fb-47f9-98c8-8bc13a8bf81c req-9d147390-46fb-47f9-98c8-8bc13a8bf81c ] Request (ServerAddressesTestJSON:tearDownClass): 200 GET http://10.180.1.21/compute/v2.1/servers/9e337960-78c1-4ddb-a6f6-d6fd57dbf86d 0.218s
2025-04-03 08:08:20.124 69006 INFO tempest.lib.common.rest_client [req-6cfdb881-5240-4f32-ade2-b59c9f4284c9 req-6cfdb881-5240-4f32-ade2-b59c9f4284c9 ] Request (ServerActionsV293TestJSON:setUpClass): 200 GET http://10.180.1.21/compute/v2.1/servers/1189fa93-608b-4684-a675-f1caf29a9f43 0.188s
2025-04-03 08:08:20.135 69014 INFO tempest.lib.common.rest_client [req-440013b8-dc0c-499c-8bb6-c39fe3aae342 req-440013b8-dc0c-499c-8bb6-c39fe3aae342 ] Request (AttachInterfacesV270Test:test_create_get_list_interfaces): 200 GET http://10.180.1.21/compute/v2.1/servers/3c8459db-cc54-4644-8e4c-83c87017a186 0.154s
2025-04-03 08:08:20.180 69022 INFO tempest.lib.common.rest_client [req-dae058a3-e7ce-43ec-9316-932ce3491f77 req-dae058a3-e7ce-43ec-9316-932ce3491f77 ] Request (ServerActionsTestOtherA:setUpClass): 200 GET http://10.180.1.21/compute/v2.1/servers/23891bad-1b63-4237-9243-78954cf67d52 0.146s
2025-04-03 08:08:20.240 68994 INFO tempest.lib.common.rest_client [req-43bf5601-2ecb-45a7-b1ae-5e6023925e2e req-43bf5601-2ecb-45a7-b1ae-5e6023925e2e ] Request (SecurityGroupRulesNegativeTestJSON:tearDownClass): 202 DELETE http://10.180.1.21/compute/v2.1/os-security-groups/ad72878b-b265-4498-9ea9-3cbb76d40e1d 0.184s
2025-04-03 08:08:20.252 69012 INFO tempest.lib.common.rest_client [req-a321cdc2-08da-4b47-acc8-cb5849a88c8f req-a321cdc2-08da-4b47-acc8-cb5849a88c8f ] Request (ServerDiagnosticsTest:tearDownClass): 200 GET http://10.180.1.21/compute/v2.1/servers/f9168b78-ed64-4109-84f0-db0af61d2f10 0.187s
2025-04-03 08:08:20.292 69016 INFO tempest.lib.common.rest_client [req-3865bb37-7d43-4f59-a8c0-49b7f3b0ee16 req-3865bb37-7d43-4f59-a8c0-49b7f3b0ee16 ] Request (ServerMetadataNegativeTestJSON:setUpClass): 200 GET http://10.180.1.21/compute/v2.1/servers/3b0837ef-53fb-4851-b69f-ee0a1d89fbf8 0.176s
2025-04-03 08:08:20.303 69045 INFO tempest.lib.common.rest_client [req-5462a477-f40e-46bb-849d-1b997ab08a42 req-5462a477-f40e-46bb-849d-1b997ab08a42 ] Request (ImagesOneServerNegativeTestJSON:_run_cleanups): 200 GET http://10.180.1.21/compute/v2.1/servers/60ded0c9-7e20-4071-b5ce-9189d8d01d5c 0.140s
2025-04-03 08:08:20.345 69020 INFO tempest.lib.common.rest_client [req-edf7e401-0e88-42c5-a559-d6a8bd24d651 req-edf7e401-0e88-42c5-a559-d6a8bd24d651 ] Request (ListImageFiltersTestJSON:setUpClass): 200 GET http://10.180.1.21/compute/v2.1/servers/3bc7b52b-2f2c-485f-ad4b-05fb0fdc9e1f 0.076s
2025-04-03 08:08:20.348 69008 INFO tempest.lib.common.rest_client [req-797a09d5-2ae5-42ee-8074-c504742d4afb req-797a09d5-2ae5-42ee-8074-c504742d4afb ] Request (ServersTestBootFromVolume:setUpClass): 200 GET http://10.180.1.21/compute/v2.1/servers/6278d756-139c-4fcd-bf31-304c978d6682 0.135s
2025-04-03 08:08:20.394 69018 INFO tempest.lib.common.rest_client [req-5031e8de-48f4-4616-a564-32e1ee2cd0a0 req-5031e8de-48f4-4616-a564-32e1ee2cd0a0 ] Request (ServerDiskConfigTestJSON:test_rebuild_server_with_manual_disk_config): 200 GET http://10.180.1.21/compute/v2.1/servers/d88ccf9b-7432-4be0-82f7-b2a9155f7d86 0.070s
2025-04-03 08:08:20.400 69031 INFO tempest.lib.common.rest_client [req-88eefe4c-8c10-4e1f-a544-efb086be70f3 req-88eefe4c-8c10-4e1f-a544-efb086be70f3 ] Request (SecurityGroupsTestJSON:test_list_security_groups_by_server): 200 GET http://10.180.1.21/compute/v2.1/servers/3b90fce5-5d6c-471b-bf2b-e9f4ac11e4ca 0.063s
2025-04-03 08:08:20.441 69010 INFO tempest.lib.common.rest_client [req-4a73fd4a-da85-4494-b087-fa45e3c3ef2a req-4a73fd4a-da85-4494-b087-fa45e3c3ef2a ] Request (MultipleCreateTestJSON:test_multiple_create): 200 GET http://10.180.1.21/compute/v2.1/servers/0e3c27fe-a2d9-45dc-9559-a678f90a6fef 0.071s
2025-04-03 08:08:20.490 68998 INFO tempest.lib.common.rest_client [req-ea5ae703-f068-4d41-8ff0-3ff840776b56 req-ea5ae703-f068-4d41-8ff0-3ff840776b56 ] Request (ImagesTestJSON:test_create_image_from_suspended_server): 200 GET http://10.180.1.21/compute/v2.1/servers/d167585b-11f4-462c-b12e-c6a440c1476a 0.061s
2025-04-03 08:08:20.555 69050 INFO tempest.lib.common.rest_client [req-f790af12-0ae3-4bb6-baa1-ae4d8b6fd9ee req-f790af12-0ae3-4bb6-baa1-ae4d8b6fd9ee ] Request (ImagesNegativeTestJSON:test_create_image_from_deleted_server): 200 GET http://10.180.1.21/compute/v2.1/servers/f500b495-7bfb-40ff-8a10-e46ca6744902 0.065s
2025-04-03 08:08:20.609 69000 INFO tempest.lib.common.rest_client [req-6045860d-d660-43eb-8aa9-ad1b4990477a req-6045860d-d660-43eb-8aa9-ad1b4990477a ] Request (AttachInterfacesTestJSON:test_create_list_show_delete_interfaces_by_fixed_ip): 200 GET http://10.180.1.21/compute/v2.1/servers/045e54ff-9e2c-4b04-afac-34cb6580cb2c 0.065s
2025-04-03 08:08:20.665 69043 INFO tempest.lib.common.rest_client [req-1ed9d1e8-3cba-46e3-b85e-2c3044ef1dcd req-1ed9d1e8-3cba-46e3-b85e-2c3044ef1dcd ] Request (FloatingIPsAssociationTestJSON:test_associate_already_associated_floating_ip): 200 GET http://10.180.1.21/compute/v2.1/servers/0f618d12-dc7b-4739-8ace-9453a7175d75 0.070s
2025-04-03 08:08:20.716 69002 INFO tempest.lib.common.rest_client [req-4beec0ae-3113-43e1-96cc-ef767ccf9b42 req-4beec0ae-3113-43e1-96cc-ef767ccf9b42 ] Request (ServersAdminTestJSON:test_inject_network_info): 200 GET http://10.180.1.21/compute/v2.1/servers/505b0352-39ab-4841-8766-14626af2b13e 0.114s
2025-04-03 08:08:20.758 69039 INFO tempest.lib.common.rest_client [req-acbc84f8-0d64-4bf7-80ff-a932b35099fd req-acbc84f8-0d64-4bf7-80ff-a932b35099fd ] Request (ServersNegativeTestMultiTenantJSON:setUpClass): 200 GET http://10.180.1.21/compute/v2.1/servers/0097c367-bb3a-4b7b-9fcc-b3e3482689e2 0.218s
2025-04-03 08:08:20.766 69028 INFO tempest.lib.common.rest_client [req-3657f9b6-b671-402a-84ca-d6f93ba63157 req-3657f9b6-b671-402a-84ca-d6f93ba63157 ] Request (ServersTestJSON:setUpClass): 200 GET http://10.180.1.21/compute/v2.1/servers/0eaf7d72-755b-4977-8f71-7d53ad1cf573 0.114s
2025-04-03 08:08:20.823 69037 INFO tempest.lib.common.rest_client [req-d17d9bd8-f799-498d-95b3-fcf49cb11315 req-d17d9bd8-f799-498d-95b3-fcf49cb11315 ] Request (ListServerFiltersTestJSON:tearDownClass): 200 GET http://10.180.1.21/compute/v2.1/servers/7fbe6b95-27fe-4aa2-b86c-f389ab00ad6b 0.117s
2025-04-03 08:08:20.838 69024 WARNING tempest.lib.common.ssh [-] Failed to establish authenticated ssh connection to cirros@10.180.180.139 ([Errno None] Unable to connect to port 22 on 10.180.180.139). Number attempts: 5. Retry after 6 seconds.: paramiko.ssh_exception.NoValidConnectionsError: [Errno None] Unable to connect to port 22 on 10.180.180.139
2025-04-03 08:08:20.842 68992 INFO tempest.lib.common.rest_client [req-73818a38-2eb4-4af1-a17b-d9a3a6f80df6 req-73818a38-2eb4-4af1-a17b-d9a3a6f80df6 ] Request (ServersAdminNegativeTestJSON:test_migrate_server_invalid_state): 200 GET http://10.180.1.21/compute/v2.1/servers/1b405b1f-ee1f-4e6e-9355-de8b5c26ab49 0.074s
2025-04-03 08:08:20.908 68990 INFO tempest.lib.common.rest_client [req-db3bda05-e09b-4357-ad44-a4caed516a07 req-db3bda05-e09b-4357-ad44-a4caed516a07 ] Request (MigrationsAdminTest:test_list_migrations_in_flavor_resize_situation): 200 GET http://10.180.1.21/compute/v2.1/servers/77fa5a89-961b-4c84-a75e-a5be0253677e 0.055s
2025-04-03 08:08:20.933 69053 INFO tempest.lib.common.rest_client [req-853351a2-db05-4d9a-aaaf-89fbe6f56f5b req-853351a2-db05-4d9a-aaaf-89fbe6f56f5b ] Request (ServersListShow2100Test:test_list_show_rebuild_update_server_2100): 200 GET http://10.180.1.21/compute/v2.1/servers/367461db-8bc4-4cf0-b7f6-f79ee2bf8589 0.079s
2025-04-03 08:08:20.969 68996 INFO tempest.lib.common.rest_client [req-50f4ca72-316e-41e3-a9cb-a587b4c8425a req-50f4ca72-316e-41e3-a9cb-a587b4c8425a ] Request (ServerShowV257Test:test_rebuild_server): 200 GET http://10.180.1.21/compute/v2.1/servers/f45200cd-6cb0-498a-8858-1e70177031d9 0.063s
2025-04-03 08:08:21.092 69051 WARNING tempest.lib.common.ssh [-] Failed to establish authenticated ssh connection to cirros@10.180.180.212 ([Errno None] Unable to connect to port 22 on 10.180.180.212). Number attempts: 4. Retry after 5 seconds.: paramiko.ssh_exception.NoValidConnectionsError: [Errno None] Unable to connect to port 22 on 10.180.180.212
2025-04-03 08:08:21.159 69035 INFO tempest.lib.common.rest_client [req-4372c135-4685-4d39-bda0-9fca17086171 req-4372c135-4685-4d39-bda0-9fca17086171 ] Request (ListServersNegativeTestJSON:setUpClass): 200 GET http://10.180.1.21/compute/v2.1/servers/275cdfcc-06f0-4c29-b18b-55cde38480a3 0.126s
2025-04-03 08:08:21.168 69035 INFO tempest.common.waiters [-] State transition "BUILD/block_device_mapping" ==> "BUILD/spawning" after 50 second wait
2025-04-03 08:08:21.172 69033 INFO tempest.lib.common.rest_client [req-09edf47c-c877-4641-9b01-4b8b7a321144 req-09edf47c-c877-4641-9b01-4b8b7a321144 ] Request (ServerAddressesTestJSON:tearDownClass): 200 GET http://10.180.1.21/compute/v2.1/servers/9e337960-78c1-4ddb-a6f6-d6fd57dbf86d 0.077s
2025-04-03 08:08:21.238 69006 INFO tempest.lib.common.rest_client [req-8f7d6d57-33f8-4f8c-b178-6173b81e0b89 req-8f7d6d57-33f8-4f8c-b178-6173b81e0b89 ] Request (ServerActionsV293TestJSON:setUpClass): 200 GET http://10.180.1.21/compute/v2.1/servers/1189fa93-608b-4684-a675-f1caf29a9f43 0.102s
2025-04-03 08:08:21.239 69014 INFO tempest.lib.common.rest_client [req-c11fbae6-886e-4550-9844-7db3fa0a0bca req-c11fbae6-886e-4550-9844-7db3fa0a0bca ] Request (AttachInterfacesV270Test:test_create_get_list_interfaces): 200 GET http://10.180.1.21/compute/v2.1/servers/3c8459db-cc54-4644-8e4c-83c87017a186 0.093s
2025-04-03 08:08:21.284 69047 WARNING tempest.lib.common.ssh [-] Failed to establish authenticated ssh connection to cirros@10.180.180.183 ([Errno None] Unable to connect to port 22 on 10.180.180.183). Number attempts: 6. Retry after 7 seconds.: paramiko.ssh_exception.NoValidConnectionsError: [Errno None] Unable to connect to port 22 on 10.180.180.183
2025-04-03 08:08:21.288 69022 INFO tempest.lib.common.rest_client [req-2d23410e-a3b2-46a4-bf48-73dfa50c7962 req-2d23410e-a3b2-46a4-bf48-73dfa50c7962 ] Request (ServerActionsTestOtherA:setUpClass): 200 GET http://10.180.1.21/compute/v2.1/servers/23891bad-1b63-4237-9243-78954cf67d52 0.099s
2025-04-03 08:08:21.296 68994 INFO tempest.lib.common.rest_client [req-bba614bc-089c-4795-920f-d3a14333dd7d req-bba614bc-089c-4795-920f-d3a14333dd7d ] Request (SecurityGroupRulesNegativeTestJSON:tearDownClass): 200 PUT http://10.180.1.21:9696/networking/v2.0/routers/079fd1b0-acc2-4495-8dca-1dc0863c237a/remove_router_interface 1.056s
2025-04-03 08:08:21.320 69041 WARNING tempest.lib.common.ssh [-] Failed to establish authenticated ssh connection to cirros@10.180.180.146 ([Errno None] Unable to connect to port 22 on 10.180.180.146). Number attempts: 5. Retry after 6 seconds.: paramiko.ssh_exception.NoValidConnectionsError: [Errno None] Unable to connect to port 22 on 10.180.180.146
2025-04-03 08:08:21.350 69012 INFO tempest.lib.common.rest_client [req-ae5a7298-df40-4da1-b807-31ca055d67a3 req-ae5a7298-df40-4da1-b807-31ca055d67a3 ] Request (ServerDiagnosticsTest:tearDownClass): 200 GET http://10.180.1.21/compute/v2.1/servers/f9168b78-ed64-4109-84f0-db0af61d2f10 0.089s
2025-04-03 08:08:21.357 69016 INFO tempest.lib.common.rest_client [req-ddcda9b1-3cea-4f88-88be-811df9e509ba req-ddcda9b1-3cea-4f88-88be-811df9e509ba ] Request (ServerMetadataNegativeTestJSON:setUpClass): 200 GET http://10.180.1.21/compute/v2.1/servers/3b0837ef-53fb-4851-b69f-ee0a1d89fbf8 0.055s
2025-04-03 08:08:21.416 69020 INFO tempest.lib.common.rest_client [req-f8386af4-6b9d-44f7-94e7-c41a0cdfe323 req-f8386af4-6b9d-44f7-94e7-c41a0cdfe323 ] Request (ListImageFiltersTestJSON:setUpClass): 200 GET http://10.180.1.21/compute/v2.1/servers/3bc7b52b-2f2c-485f-ad4b-05fb0fdc9e1f 0.064s
2025-04-03 08:08:21.427 69045 INFO tempest.lib.common.rest_client [req-0b9d6d69-d5a7-4ef8-9e3b-b7c274b3228f req-0b9d6d69-d5a7-4ef8-9e3b-b7c274b3228f ] Request (ImagesOneServerNegativeTestJSON:_run_cleanups): 200 GET http://10.180.1.21/compute/v2.1/servers/60ded0c9-7e20-4071-b5ce-9189d8d01d5c 0.117s
2025-04-03 08:08:21.475 69008 INFO tempest.lib.common.rest_client [req-fe1bc6b7-0813-41cb-8553-70401a3b7466 req-fe1bc6b7-0813-41cb-8553-70401a3b7466 ] Request (ServersTestBootFromVolume:setUpClass): 200 GET http://10.180.1.21/compute/v2.1/servers/6278d756-139c-4fcd-bf31-304c978d6682 0.115s
2025-04-03 08:08:21.496 69018 INFO tempest.lib.common.rest_client [req-740730c6-8bc7-460c-ac51-cce8f37d9091 req-740730c6-8bc7-460c-ac51-cce8f37d9091 ] Request (ServerDiskConfigTestJSON:test_rebuild_server_with_manual_disk_config): 200 GET http://10.180.1.21/compute/v2.1/servers/d88ccf9b-7432-4be0-82f7-b2a9155f7d86 0.093s
2025-04-03 08:08:21.524 69031 INFO tempest.lib.common.rest_client [req-8d3f7e1b-4fbd-4044-9069-07e0215be61d req-8d3f7e1b-4fbd-4044-9069-07e0215be61d ] Request (SecurityGroupsTestJSON:test_list_security_groups_by_server): 200 GET http://10.180.1.21/compute/v2.1/servers/3b90fce5-5d6c-471b-bf2b-e9f4ac11e4ca 0.113s
2025-04-03 08:08:21.553 69010 INFO tempest.lib.common.rest_client [req-5ac9432f-d809-4194-aebc-b27e0fdf5493 req-5ac9432f-d809-4194-aebc-b27e0fdf5493 ] Request (MultipleCreateTestJSON:test_multiple_create): 200 GET http://10.180.1.21/compute/v2.1/servers/0e3c27fe-a2d9-45dc-9559-a678f90a6fef 0.099s
2025-04-03 08:08:21.584 68998 INFO tempest.lib.common.rest_client [req-e629bfde-2386-41e7-ac1b-ec16fa20e051 req-e629bfde-2386-41e7-ac1b-ec16fa20e051 ] Request (ImagesTestJSON:test_create_image_from_suspended_server): 200 GET http://10.180.1.21/compute/v2.1/servers/d167585b-11f4-462c-b12e-c6a440c1476a 0.082s
2025-04-03 08:08:21.622 69050 INFO tempest.lib.common.rest_client [req-5788532b-b0c9-4ed8-ae18-1da5f0038978 req-5788532b-b0c9-4ed8-ae18-1da5f0038978 ] Request (ImagesNegativeTestJSON:test_create_image_from_deleted_server): 200 GET http://10.180.1.21/compute/v2.1/servers/f500b495-7bfb-40ff-8a10-e46ca6744902 0.055s
2025-04-03 08:08:21.689 69000 INFO tempest.lib.common.rest_client [req-7d4503b4-1436-4e54-9560-628081e74a6e req-7d4503b4-1436-4e54-9560-628081e74a6e ] Request (AttachInterfacesTestJSON:test_create_list_show_delete_interfaces_by_fixed_ip): 200 GET http://10.180.1.21/compute/v2.1/servers/045e54ff-9e2c-4b04-afac-34cb6580cb2c 0.067s
2025-04-03 08:08:21.732 68994 INFO tempest.lib.common.rest_client [req-efc67d89-e34a-4eca-98a5-2b3be147a647 req-efc67d89-e34a-4eca-98a5-2b3be147a647 ] Request (SecurityGroupRulesNegativeTestJSON:tearDownClass): 204 DELETE http://10.180.1.21:9696/networking/v2.0/routers/079fd1b0-acc2-4495-8dca-1dc0863c237a 0.436s
2025-04-03 08:08:21.741 69043 INFO tempest.lib.common.rest_client [req-6a8c5a7f-27b2-4a47-a210-e0c37ab5e9bc req-6a8c5a7f-27b2-4a47-a210-e0c37ab5e9bc ] Request (FloatingIPsAssociationTestJSON:test_associate_already_associated_floating_ip): 200 GET http://10.180.1.21/compute/v2.1/servers/0f618d12-dc7b-4739-8ace-9453a7175d75 0.066s
2025-04-03 08:08:21.748 69043 INFO tempest.common.waiters [-] State transition "BUILD/scheduling" ==> "BUILD/None" after 31 second wait
2025-04-03 08:08:21.781 69002 INFO tempest.lib.common.rest_client [req-2ddd4214-dadb-4a6b-9326-d8404209d441 req-2ddd4214-dadb-4a6b-9326-d8404209d441 ] Request (ServersAdminTestJSON:test_inject_network_info): 200 GET http://10.180.1.21/compute/v2.1/servers/505b0352-39ab-4841-8766-14626af2b13e 0.057s
2025-04-03 08:08:21.836 69039 INFO tempest.lib.common.rest_client [req-0c9aa24d-dd26-414a-a401-ecea567e3b6b req-0c9aa24d-dd26-414a-a401-ecea567e3b6b ] Request (ServersNegativeTestMultiTenantJSON:setUpClass): 200 GET http://10.180.1.21/compute/v2.1/servers/0097c367-bb3a-4b7b-9fcc-b3e3482689e2 0.068s
2025-04-03 08:08:21.840 68994 INFO tempest.lib.common.rest_client [req-120e5241-1833-41d2-a7c1-37b5c2f7452c req-120e5241-1833-41d2-a7c1-37b5c2f7452c ] Request (SecurityGroupRulesNegativeTestJSON:tearDownClass): 204 DELETE http://10.180.1.21:9696/networking/v2.0/subnets/eaa20619-5b68-45f6-82b2-655cf2c83908 0.107s
2025-04-03 08:08:21.843 69028 INFO tempest.lib.common.rest_client [req-1bc218ed-5b71-494a-a850-ddaf4ae1173d req-1bc218ed-5b71-494a-a850-ddaf4ae1173d ] Request (ServersTestJSON:setUpClass): 200 GET http://10.180.1.21/compute/v2.1/servers/0eaf7d72-755b-4977-8f71-7d53ad1cf573 0.068s
2025-04-03 08:08:21.910 68992 INFO tempest.lib.common.rest_client [req-b62a4335-d09d-4062-b8df-2deb41b03870 req-b62a4335-d09d-4062-b8df-2deb41b03870 ] Request (ServersAdminNegativeTestJSON:test_migrate_server_invalid_state): 200 GET http://10.180.1.21/compute/v2.1/servers/1b405b1f-ee1f-4e6e-9355-de8b5c26ab49 0.061s
2025-04-03 08:08:21.911 69037 INFO tempest.lib.common.rest_client [req-49bed3c1-9d59-4865-bbcb-c71e5c57b35f req-49bed3c1-9d59-4865-bbcb-c71e5c57b35f ] Request (ListServerFiltersTestJSON:tearDownClass): 200 GET http://10.180.1.21/compute/v2.1/servers/7fbe6b95-27fe-4aa2-b86c-f389ab00ad6b 0.081s
2025-04-03 08:08:21.977 68990 INFO tempest.lib.common.rest_client [req-dcfd6bdd-0d7f-44b6-9e0e-f3b4c107acc8 req-dcfd6bdd-0d7f-44b6-9e0e-f3b4c107acc8 ] Request (MigrationsAdminTest:test_list_migrations_in_flavor_resize_situation): 200 GET http://10.180.1.21/compute/v2.1/servers/77fa5a89-961b-4c84-a75e-a5be0253677e 0.057s
2025-04-03 08:08:21.985 68994 INFO tempest.lib.common.rest_client [req-2ba979cf-a0c9-4ee6-8224-811b15da0bf8 req-2ba979cf-a0c9-4ee6-8224-811b15da0bf8 ] Request (SecurityGroupRulesNegativeTestJSON:tearDownClass): 204 DELETE http://10.180.1.21:9696/networking/v2.0/networks/821172c4-4351-4af4-a23a-7d1e12f24327 0.145s
2025-04-03 08:08:22.026 69053 INFO tempest.lib.common.rest_client [req-32ac59db-f193-4b94-82e5-48ecad780074 req-32ac59db-f193-4b94-82e5-48ecad780074 ] Request (ServersListShow2100Test:test_list_show_rebuild_update_server_2100): 200 GET http://10.180.1.21/compute/v2.1/servers/367461db-8bc4-4cf0-b7f6-f79ee2bf8589 0.074s
2025-04-03 08:08:22.042 68996 INFO tempest.lib.common.rest_client [req-ad168bf6-91f2-4d38-b376-1f1b5fc934b1 req-ad168bf6-91f2-4d38-b376-1f1b5fc934b1 ] Request (ServerShowV257Test:test_rebuild_server): 200 GET http://10.180.1.21/compute/v2.1/servers/f45200cd-6cb0-498a-8858-1e70177031d9 0.062s
2025-04-03 08:08:22.079 68994 INFO tempest.lib.common.rest_client [req-f97065fc-bb95-4eee-b043-60ce9ebe087e req-f97065fc-bb95-4eee-b043-60ce9ebe087e ] Request (SecurityGroupRulesNegativeTestJSON:tearDownClass): 204 DELETE http://10.180.1.21/identity/v3/users/7997f96574124df0927d3b073f0f4437 0.093s
2025-04-03 08:08:22.079 68994 INFO tempest.lib.common.dynamic_creds [-] Deleting project and security group for project: bc613568c0db48bd932a01051c5ef71e
2025-04-03 08:08:22.106 68994 INFO tempest.lib.common.rest_client [req-d20cb0a3-4916-438a-a4f3-d3fa448a5915 req-d20cb0a3-4916-438a-a4f3-d3fa448a5915 ] Request (SecurityGroupRulesNegativeTestJSON:tearDownClass): 200 GET http://10.180.1.21:9696/networking/v2.0/security-groups?tenant_id=bc613568c0db48bd932a01051c5ef71e&name=default 0.027s
2025-04-03 08:08:22.177 68994 INFO tempest.lib.common.rest_client [req-ec1d2a7f-e095-4d50-9630-44f757432821 req-ec1d2a7f-e095-4d50-9630-44f757432821 ] Request (SecurityGroupRulesNegativeTestJSON:tearDownClass): 204 DELETE http://10.180.1.21:9696/networking/v2.0/security-groups/c8b2cd54-f2f3-4aa3-89e9-eba3f1100a6f 0.070s
2025-04-03 08:08:22.252 69033 INFO tempest.lib.common.rest_client [req-cd964049-9689-4450-8bfb-94c276cbe33b req-cd964049-9689-4450-8bfb-94c276cbe33b ] Request (ServerAddressesTestJSON:tearDownClass): 200 GET http://10.180.1.21/compute/v2.1/servers/9e337960-78c1-4ddb-a6f6-d6fd57dbf86d 0.067s
2025-04-03 08:08:22.278 68994 INFO tempest.lib.common.rest_client [req-01e6e232-31ea-47ea-a4f8-ffcf8ce9d9c0 req-01e6e232-31ea-47ea-a4f8-ffcf8ce9d9c0 ] Request (SecurityGroupRulesNegativeTestJSON:tearDownClass): 204 DELETE http://10.180.1.21/identity/v3/projects/bc613568c0db48bd932a01051c5ef71e 0.100s
2025-04-03 08:08:22.317 69006 INFO tempest.lib.common.rest_client [req-891a4b5d-f6c8-4f44-916c-536befc59e78 req-891a4b5d-f6c8-4f44-916c-536befc59e78 ] Request (ServerActionsV293TestJSON:setUpClass): 200 GET http://10.180.1.21/compute/v2.1/servers/1189fa93-608b-4684-a675-f1caf29a9f43 0.069s
2025-04-03 08:08:22.327 69035 INFO tempest.lib.common.rest_client [req-84e0dabf-db92-4a45-b347-7e6d3b2e06e1 req-84e0dabf-db92-4a45-b347-7e6d3b2e06e1 ] Request (ListServersNegativeTestJSON:setUpClass): 200 GET http://10.180.1.21/compute/v2.1/servers/275cdfcc-06f0-4c29-b18b-55cde38480a3 0.158s
2025-04-03 08:08:22.340 68994 INFO tempest.lib.common.rest_client [req-1a22f156-d5e6-46d4-972c-b869250e669c req-1a22f156-d5e6-46d4-972c-b869250e669c ] Request (AttachInterfacesUnderV243Test:setUpClass): 201 POST http://10.180.1.21/identity/v3/auth/tokens 0.060s
2025-04-03 08:08:22.368 69014 INFO tempest.lib.common.rest_client [req-eaa5cd4b-f387-4882-b128-e39752eb6339 req-eaa5cd4b-f387-4882-b128-e39752eb6339 ] Request (AttachInterfacesV270Test:test_create_get_list_interfaces): 200 GET http://10.180.1.21/compute/v2.1/servers/3c8459db-cc54-4644-8e4c-83c87017a186 0.118s
2025-04-03 08:08:22.369 68994 INFO tempest.lib.common.rest_client [req-e61790f9-1437-44e5-8596-73be3b04e6a5 req-e61790f9-1437-44e5-8596-73be3b04e6a5 ] Request (AttachInterfacesUnderV243Test:setUpClass): 201 POST http://10.180.1.21/identity/v3/auth/tokens 0.026s
2025-04-03 08:08:22.376 69022 INFO tempest.lib.common.rest_client [req-641a3eda-2e9a-4d9b-9b7d-b446befe1bf6 req-641a3eda-2e9a-4d9b-9b7d-b446befe1bf6 ] Request (ServerActionsTestOtherA:setUpClass): 200 GET http://10.180.1.21/compute/v2.1/servers/23891bad-1b63-4237-9243-78954cf67d52 0.079s
2025-04-03 08:08:22.394 68994 INFO tempest.lib.common.rest_client [req-9dbd4c1d-9a6f-41fe-bae6-717aade6063a req-9dbd4c1d-9a6f-41fe-bae6-717aade6063a ] Request (AttachInterfacesUnderV243Test:setUpClass): 200 GET http://10.180.1.21/identity/v3/domains?name=Default 0.024s
2025-04-03 08:08:22.425 68994 INFO tempest.lib.common.rest_client [req-d20d2452-1106-4617-849d-25573d8ca79c req-d20d2452-1106-4617-849d-25573d8ca79c ] Request (AttachInterfacesUnderV243Test:setUpClass): 201 POST http://10.180.1.21/identity/v3/projects 0.029s
2025-04-03 08:08:22.428 69012 INFO tempest.lib.common.rest_client [req-da4a48c8-d6a8-4549-85e6-54ab10be1405 req-da4a48c8-d6a8-4549-85e6-54ab10be1405 ] Request (ServerDiagnosticsTest:tearDownClass): 200 GET http://10.180.1.21/compute/v2.1/servers/f9168b78-ed64-4109-84f0-db0af61d2f10 0.065s
2025-04-03 08:08:22.438 69016 INFO tempest.lib.common.rest_client [req-a9674a45-1de7-424d-8a4d-6b4f67381bbe req-a9674a45-1de7-424d-8a4d-6b4f67381bbe ] Request (ServerMetadataNegativeTestJSON:setUpClass): 200 GET http://10.180.1.21/compute/v2.1/servers/3b0837ef-53fb-4851-b69f-ee0a1d89fbf8 0.068s
2025-04-03 08:08:22.487 69020 INFO tempest.lib.common.rest_client [req-9e3647b5-676e-43c9-8eb6-116c496bd74a req-9e3647b5-676e-43c9-8eb6-116c496bd74a ] Request (ListImageFiltersTestJSON:setUpClass): 200 GET http://10.180.1.21/compute/v2.1/servers/3bc7b52b-2f2c-485f-ad4b-05fb0fdc9e1f 0.055s
2025-04-03 08:08:22.493 68994 INFO tempest.lib.common.rest_client [req-47774f68-46f6-4798-af5e-7bac811b2dde req-47774f68-46f6-4798-af5e-7bac811b2dde ] Request (AttachInterfacesUnderV243Test:setUpClass): 201 POST http://10.180.1.21/identity/v3/users 0.067s
2025-04-03 08:08:22.519 69045 INFO tempest.lib.common.rest_client [req-f9b2637c-0908-45dd-877f-2dae45670e05 req-f9b2637c-0908-45dd-877f-2dae45670e05 ] Request (ImagesOneServerNegativeTestJSON:_run_cleanups): 200 GET http://10.180.1.21/compute/v2.1/servers/60ded0c9-7e20-4071-b5ce-9189d8d01d5c 0.083s
2025-04-03 08:08:22.521 68994 INFO tempest.lib.common.rest_client [req-2ff19222-85da-47d7-9005-59d5ab9780e2 req-2ff19222-85da-47d7-9005-59d5ab9780e2 ] Request (AttachInterfacesUnderV243Test:setUpClass): 200 GET http://10.180.1.21/identity/v3/roles 0.028s
2025-04-03 08:08:22.547 69008 INFO tempest.lib.common.rest_client [req-58625f96-2921-48e6-ae05-9c42f1c2ac5f req-58625f96-2921-48e6-ae05-9c42f1c2ac5f ] Request (ServersTestBootFromVolume:setUpClass): 200 GET http://10.180.1.21/compute/v2.1/servers/6278d756-139c-4fcd-bf31-304c978d6682 0.064s
2025-04-03 08:08:22.564 68994 INFO tempest.lib.common.rest_client [req-351be0f8-b4d0-4027-8d97-385db77246fa req-351be0f8-b4d0-4027-8d97-385db77246fa ] Request (AttachInterfacesUnderV243Test:setUpClass): 204 PUT http://10.180.1.21/identity/v3/projects/30b0da251a0d4f9c96f907b31ef9d5e0/users/53d75d4514d745678ca7db4bbc7e596d/roles/893cc1bc207043eea98ffbe5a49282d9 0.042s
2025-04-03 08:08:22.564 68994 INFO tempest.lib.common.dynamic_creds [-] Dynamic test user 53d75d4514d745678ca7db4bbc7e596d is created with scope project and roles: ['member']
2025-04-03 08:08:22.564 68994 INFO tempest.lib.common.dynamic_creds [-] Acquired dynamic creds: credentials: Credentials: {'domain_id': 'default', 'domain_name': 'Default', 'username': 'tempest-AttachInterfacesUnderV243Test-57951466-project-member', 'project_domain_id': 'default', 'project_domain_name': 'Default', 'project_id': '30b0da251a0d4f9c96f907b31ef9d5e0', 'project_name': 'tempest-AttachInterfacesUnderV243Test-57951466', 'tenant_id': '30b0da251a0d4f9c96f907b31ef9d5e0', 'tenant_name': 'tempest-AttachInterfacesUnderV243Test-57951466', 'user_domain_id': 'default', 'user_domain_name': 'Default', 'user_id': '53d75d4514d745678ca7db4bbc7e596d', 'system': None}, Network: None, Subnet: None, Router: None
2025-04-03 08:08:22.582 69018 INFO tempest.lib.common.rest_client [req-62b203ec-f5f8-432b-8c7c-1c7b9b73f955 req-62b203ec-f5f8-432b-8c7c-1c7b9b73f955 ] Request (ServerDiskConfigTestJSON:test_rebuild_server_with_manual_disk_config): 200 GET http://10.180.1.21/compute/v2.1/servers/d88ccf9b-7432-4be0-82f7-b2a9155f7d86 0.079s
2025-04-03 08:08:22.608 69031 INFO tempest.lib.common.rest_client [req-268de888-2948-48e0-a986-c7bc8458a3f5 req-268de888-2948-48e0-a986-c7bc8458a3f5 ] Request (SecurityGroupsTestJSON:test_list_security_groups_by_server): 200 GET http://10.180.1.21/compute/v2.1/servers/3b90fce5-5d6c-471b-bf2b-e9f4ac11e4ca 0.073s
2025-04-03 08:08:22.642 68994 INFO tempest.lib.common.rest_client [req-8a50316f-fd48-466e-a13f-fc600df40d01 req-8a50316f-fd48-466e-a13f-fc600df40d01 ] Request (AttachInterfacesUnderV243Test:setUpClass): 201 POST http://10.180.1.21/identity/v3/auth/tokens 0.077s
2025-04-03 08:08:22.647 69010 INFO tempest.lib.common.rest_client [req-c7021b08-4f8d-4c0f-aa18-469838987f24 req-c7021b08-4f8d-4c0f-aa18-469838987f24 ] Request (MultipleCreateTestJSON:test_multiple_create): 200 GET http://10.180.1.21/compute/v2.1/servers/0e3c27fe-a2d9-45dc-9559-a678f90a6fef 0.086s
2025-04-03 08:08:22.670 68998 INFO tempest.lib.common.rest_client [req-549180f7-42b4-458a-a5ce-41b6ac209539 req-549180f7-42b4-458a-a5ce-41b6ac209539 ] Request (ImagesTestJSON:test_create_image_from_suspended_server): 200 GET http://10.180.1.21/compute/v2.1/servers/d167585b-11f4-462c-b12e-c6a440c1476a 0.073s
2025-04-03 08:08:22.714 69050 INFO tempest.lib.common.rest_client [req-a29498f2-7c41-45fd-852c-a2bdefe738b1 req-a29498f2-7c41-45fd-852c-a2bdefe738b1 ] Request (ImagesNegativeTestJSON:test_create_image_from_deleted_server): 200 GET http://10.180.1.21/compute/v2.1/servers/f500b495-7bfb-40ff-8a10-e46ca6744902 0.081s
2025-04-03 08:08:22.755 69000 INFO tempest.lib.common.rest_client [req-b8f8313e-bab2-4b90-aa38-8a4d8f084920 req-b8f8313e-bab2-4b90-aa38-8a4d8f084920 ] Request (AttachInterfacesTestJSON:test_create_list_show_delete_interfaces_by_fixed_ip): 200 GET http://10.180.1.21/compute/v2.1/servers/045e54ff-9e2c-4b04-afac-34cb6580cb2c 0.054s
2025-04-03 08:08:22.816 69043 INFO tempest.lib.common.rest_client [req-2f28dc25-d766-4416-bf02-23204a4dfa15 req-2f28dc25-d766-4416-bf02-23204a4dfa15 ] Request (FloatingIPsAssociationTestJSON:test_associate_already_associated_floating_ip): 200 GET http://10.180.1.21/compute/v2.1/servers/0f618d12-dc7b-4739-8ace-9453a7175d75 0.067s
2025-04-03 08:08:22.849 69002 INFO tempest.lib.common.rest_client [req-767df014-f85b-4e85-a1d9-989c1471c5a0 req-767df014-f85b-4e85-a1d9-989c1471c5a0 ] Request (ServersAdminTestJSON:test_inject_network_info): 200 GET http://10.180.1.21/compute/v2.1/servers/505b0352-39ab-4841-8766-14626af2b13e 0.060s
2025-04-03 08:08:22.900 69028 INFO tempest.lib.common.rest_client [req-55cf1673-9c2a-46a2-b560-a98581dca8bb req-55cf1673-9c2a-46a2-b560-a98581dca8bb ] Request (ServersTestJSON:setUpClass): 200 GET http://10.180.1.21/compute/v2.1/servers/0eaf7d72-755b-4977-8f71-7d53ad1cf573 0.047s
2025-04-03 08:08:22.903 69039 INFO tempest.lib.common.rest_client [req-5e9a64b2-78a9-4e2c-8651-52d11b1eaaec req-5e9a64b2-78a9-4e2c-8651-52d11b1eaaec ] Request (ServersNegativeTestMultiTenantJSON:setUpClass): 200 GET http://10.180.1.21/compute/v2.1/servers/0097c367-bb3a-4b7b-9fcc-b3e3482689e2 0.057s
2025-04-03 08:08:22.923 68994 INFO tempest.lib.common.rest_client [req-2dda2242-0232-45f0-9a36-d9eddd57fe6a req-2dda2242-0232-45f0-9a36-d9eddd57fe6a ] Request (AttachInterfacesUnderV243Test:setUpClass): 201 POST http://10.180.1.21:9696/networking/v2.0/networks 0.280s
2025-04-03 08:08:22.979 68992 INFO tempest.lib.common.rest_client [req-5a513871-8489-48e1-bed3-24294955b43d req-5a513871-8489-48e1-bed3-24294955b43d ] Request (ServersAdminNegativeTestJSON:test_migrate_server_invalid_state): 200 GET http://10.180.1.21/compute/v2.1/servers/1b405b1f-ee1f-4e6e-9355-de8b5c26ab49 0.056s
2025-04-03 08:08:22.985 69037 INFO tempest.lib.common.rest_client [req-cf313748-2614-4f82-a06e-9d35457c3050 req-cf313748-2614-4f82-a06e-9d35457c3050 ] Request (ListServerFiltersTestJSON:tearDownClass): 200 GET http://10.180.1.21/compute/v2.1/servers/7fbe6b95-27fe-4aa2-b86c-f389ab00ad6b 0.063s
