2025-04-03 08:07:22.051 68992 INFO tempest.lib.common.dynamic_creds [-] Dynamic test user 8942b53e01ca49c38b9c8be52bfa02fb is created with scope project and roles: ['member']
2025-04-03 08:07:22.051 68992 INFO tempest.lib.common.dynamic_creds [-] Acquired dynamic creds: credentials: Credentials: {'domain_id': 'default', 'domain_name': 'Default', 'username': 'tempest-ServersAdminNegativeTestJSON-1933407318-project-member', 'project_domain_id': 'default', 'project_domain_name': 'Default', 'project_id': '7d1b163422ef4e798ffc2ef3c5c7d2ba', 'project_name': 'tempest-ServersAdminNegativeTestJSON-1933407318', 'tenant_id': '7d1b163422ef4e798ffc2ef3c5c7d2ba', 'tenant_name': 'tempest-ServersAdminNegativeTestJSON-1933407318', 'user_domain_id': 'default', 'user_domain_name': 'Default', 'user_id': '8942b53e01ca49c38b9c8be52bfa02fb', 'system': None}, Network: None, Subnet: None, Router: None
2025-04-03 08:07:22.051 68992 INFO tempest.lib.common.dynamic_creds [-] Created isolated network resources for: credentials: Credentials: {'domain_id': 'default', 'domain_name': 'Default', 'username': 'tempest-ServersAdminNegativeTestJSON-1933407318-project-member', 'project_domain_id': 'default', 'project_domain_name': 'Default', 'project_id': '7d1b163422ef4e798ffc2ef3c5c7d2ba', 'project_name': 'tempest-ServersAdminNegativeTestJSON-1933407318', 'tenant_id': '7d1b163422ef4e798ffc2ef3c5c7d2ba', 'tenant_name': 'tempest-ServersAdminNegativeTestJSON-1933407318', 'user_domain_id': 'default', 'user_domain_name': 'Default', 'user_id': '8942b53e01ca49c38b9c8be52bfa02fb', 'system': None}, Network: None, Subnet: None, Router: None
2025-04-03 08:07:22.055 69002 INFO tempest.lib.common.rest_client [req-bde19323-92cf-4dc4-a69b-0131efdf5984 req-bde19323-92cf-4dc4-a69b-0131efdf5984 ] Request (ServersAdminTestJSON:test_create_server_with_scheduling_hint): 201 POST http://10.180.1.21/identity/v3/auth/tokens 0.078s
2025-04-03 08:07:22.056 69002 INFO tempest.lib.common.fixed_network [-] (ServersAdminTestJSON:test_create_server_with_scheduling_hint) Found network {'id': 'd0e868c8-42eb-4685-8a15-4b3a8cc40530', 'name': 'tempest-ServersAdminTestJSON-379831430-network', 'tenant_id': '3fa7abd14180453bb12e9dd5fc24523f', 'admin_state_up': True, 'mtu': 8950, 'status': 'ACTIVE', 'subnets': [], 'shared': False, 'project_id': '3fa7abd14180453bb12e9dd5fc24523f', 'port_security_enabled': True, 'router:external': False, 'provider:network_type': 'vlan', 'provider:physical_network': 'default', 'provider:segmentation_id': 458, 'availability_zone_hints': [], 'availability_zones': [], 'ipv4_address_scope': None, 'ipv6_address_scope': None, 'description': '', 'tags': [], 'created_at': '2025-04-03T08:06:45Z', 'updated_at': '2025-04-03T08:06:45Z', 'revision_number': 1} available for tenant
2025-04-03 08:07:22.074 69039 INFO tempest.lib.common.rest_client [req-d4eb44b9-e530-4fce-b5cf-6c24f3236de4 req-d4eb44b9-e530-4fce-b5cf-6c24f3236de4 ] Request (ServersAaction247Test:tearDownClass): 404 GET http://10.180.1.21/compute/v2.1/servers/0d085a22-ef61-4ecd-a4c3-3be4b0fa6fae 2.616s
2025-04-03 08:07:22.127 69016 INFO tempest.lib.common.rest_client [req-81ccde39-47a8-4d95-a4e5-0080c3ebee77 req-81ccde39-47a8-4d95-a4e5-0080c3ebee77 ] Request (QuotasAdminTestJSON:setUpClass): 200 GET http://10.180.1.21/identity/v3/roles 0.111s
2025-04-03 08:07:22.130 69018 INFO tempest.lib.common.rest_client [req-a33109d0-e014-4fa5-8d73-28f7586ba71f req-a33109d0-e014-4fa5-8d73-28f7586ba71f ] Request (ServerDiskConfigTestJSON:test_rebuild_server_with_auto_disk_config): 200 GET http://10.180.1.21/compute/v2.1/servers/8790d635-fec5-4dcf-8cb0-220c2edec971 2.843s
2025-04-03 08:07:22.144 68992 INFO tempest.lib.common.rest_client [req-1a4ffa08-98bf-458f-b714-9bc26a81345d req-1a4ffa08-98bf-458f-b714-9bc26a81345d ] Request (ServersAdminNegativeTestJSON:setUpClass): 201 POST http://10.180.1.21/identity/v3/auth/tokens 0.086s
2025-04-03 08:07:22.175 69016 INFO tempest.lib.common.rest_client [req-f526f92d-5b8d-4c71-9ddd-4a449cb187f0 req-f526f92d-5b8d-4c71-9ddd-4a449cb187f0 ] Request (QuotasAdminTestJSON:setUpClass): 204 PUT http://10.180.1.21/identity/v3/projects/0c681db0967a45268bd41aeee51fd802/users/fe4ed405b2444183ac110e63148938bd/roles/893cc1bc207043eea98ffbe5a49282d9 0.048s
2025-04-03 08:07:22.175 69016 INFO tempest.lib.common.dynamic_creds [-] Dynamic test user fe4ed405b2444183ac110e63148938bd is created with scope project and roles: ['member']
2025-04-03 08:07:22.176 69016 INFO tempest.lib.common.dynamic_creds [-] Acquired dynamic creds: credentials: Credentials: {'domain_id': 'default', 'domain_name': 'Default', 'username': 'tempest-QuotasAdminTestJSON-668097981-project-member', 'project_domain_id': 'default', 'project_domain_name': 'Default', 'project_id': '0c681db0967a45268bd41aeee51fd802', 'project_name': 'tempest-QuotasAdminTestJSON-668097981', 'tenant_id': '0c681db0967a45268bd41aeee51fd802', 'tenant_name': 'tempest-QuotasAdminTestJSON-668097981', 'user_domain_id': 'default', 'user_domain_name': 'Default', 'user_id': 'fe4ed405b2444183ac110e63148938bd', 'system': None}, Network: None, Subnet: None, Router: None
2025-04-03 08:07:22.176 69016 INFO tempest.lib.common.dynamic_creds [-] Created isolated network resources for: credentials: Credentials: {'domain_id': 'default', 'domain_name': 'Default', 'username': 'tempest-QuotasAdminTestJSON-668097981-project-member', 'project_domain_id': 'default', 'project_domain_name': 'Default', 'project_id': '0c681db0967a45268bd41aeee51fd802', 'project_name': 'tempest-QuotasAdminTestJSON-668097981', 'tenant_id': '0c681db0967a45268bd41aeee51fd802', 'tenant_name': 'tempest-QuotasAdminTestJSON-668097981', 'user_domain_id': 'default', 'user_domain_name': 'Default', 'user_id': 'fe4ed405b2444183ac110e63148938bd', 'system': None}, Network: None, Subnet: None, Router: None
2025-04-03 08:07:22.181 69026 INFO tempest.lib.common.rest_client [req-b52da71e-4423-40a4-9f08-0a0b829d8cd9 req-b52da71e-4423-40a4-9f08-0a0b829d8cd9 ] Request (FloatingIPsNegativeTestJSON:test_allocate_floating_ip_from_nonexistent_pool): 404 POST http://10.180.1.21/compute/v2.1/os-floating-ips 2.612s
2025-04-03 08:07:22.190 69012 INFO tempest.lib.common.rest_client [req-0d671aa3-3e53-4947-b733-56daa54d28e5 req-0d671aa3-3e53-4947-b733-56daa54d28e5 ] Request (HostsAdminNegativeTestJSON:tearDownClass): 200 GET http://10.180.1.21:9696/networking/v2.0/security-groups?tenant_id=60984d0017e542779e57022582d81394&name=default 0.486s
2025-04-03 08:07:22.207 69014 INFO tempest.lib.common.rest_client [req-8ac504bd-3022-4ade-8a5e-899d6c0ea620 req-8ac504bd-3022-4ade-8a5e-899d6c0ea620 ] Request (HypervisorAdminV253TestBase:test_list_show_detail_hypervisors): 200 GET http://10.180.1.21/compute/v2.1/os-hypervisors/ade3f042-7427-494b-9654-0b65e074850c 2.550s
2025-04-03 08:07:22.255 69039 INFO tempest.lib.common.rest_client [req-ddacda6f-574a-465a-a10b-11b679db34c4 req-ddacda6f-574a-465a-a10b-11b679db34c4 ] Request (ServersAaction247Test:tearDownClass): 204 DELETE http://10.180.1.21/identity/v3/users/212f20f82d8e4bc699ffeae857f5c136 0.180s
2025-04-03 08:07:22.255 69039 INFO tempest.lib.common.dynamic_creds [-] Deleting project and security group for project: 89fd55a1618a488fb7aced246fb3b41f
2025-04-03 08:07:22.326 69028 INFO tempest.lib.common.rest_client [req-956d14f4-99f1-48a8-a0ac-eef35e10a293 req-956d14f4-99f1-48a8-a0ac-eef35e10a293 ] Request (ServerExternalEventsTest:test_create_server_external_events): 200 GET http://10.180.1.21/compute/v2.1/servers/d1c7a508-7d45-4eff-bb06-b85bfe392772 2.524s
2025-04-03 08:07:22.335 69016 INFO tempest.lib.common.rest_client [req-f3540a15-5fc8-464f-afa2-9daa0f78c87e req-f3540a15-5fc8-464f-afa2-9daa0f78c87e ] Request (QuotasAdminTestJSON:setUpClass): 201 POST http://10.180.1.21/identity/v3/auth/tokens 0.154s
2025-04-03 08:07:22.352 68992 INFO tempest.lib.common.rest_client [req-e3a48c98-f711-4f3f-b12d-a42b49ba509c req-e3a48c98-f711-4f3f-b12d-a42b49ba509c ] Request (ServersAdminNegativeTestJSON:setUpClass): 201 POST http://10.180.1.21/identity/v3/projects 0.207s
2025-04-03 08:07:22.402 69043 INFO tempest.lib.common.rest_client [req-76d4a0ce-d42b-4997-8ef0-c83d280298f9 req-76d4a0ce-d42b-4997-8ef0-c83d280298f9 ] Request (FloatingIPsAssociationTestJSON:setUpClass): 200 GET http://10.180.1.21/compute/v2.1/servers/357b515d-ef37-4688-969e-f894be30edb7 2.511s
2025-04-03 08:07:22.417 69039 INFO tempest.lib.common.rest_client [req-67d62550-85ce-4d73-abe3-f60eafe0e89f req-67d62550-85ce-4d73-abe3-f60eafe0e89f ] Request (ServersAaction247Test:tearDownClass): 201 POST http://10.180.1.21/identity/v3/auth/tokens 0.162s
2025-04-03 08:07:22.424 69004 INFO tempest.lib.common.rest_client [req-de6886c0-9db6-4b17-bf8d-db547da0db00 req-de6886c0-9db6-4b17-bf8d-db547da0db00 ] Request (VolumesAssistedSnapshotsTest:test_volume_assisted_snapshot_create_delete): 200 GET http://10.180.1.21/compute/v2.1/servers/503e9328-bbd8-414f-8bea-250ed8247d67 2.669s
2025-04-03 08:07:22.440 69012 INFO tempest.lib.common.rest_client [req-c86db3bb-71d8-42ab-99c3-76d93a0e8d1c req-c86db3bb-71d8-42ab-99c3-76d93a0e8d1c ] Request (HostsAdminNegativeTestJSON:tearDownClass): 204 DELETE http://10.180.1.21:9696/networking/v2.0/security-groups/972ca159-6293-4eca-9c76-dd2cb76dfc00 0.249s
2025-04-03 08:07:22.460 69016 INFO tempest.lib.common.rest_client [req-6ff42508-c326-4f30-bda1-e1c42ce97078 req-6ff42508-c326-4f30-bda1-e1c42ce97078 ] Request (QuotasAdminTestJSON:setUpClass): 201 POST http://10.180.1.21/identity/v3/projects 0.125s
2025-04-03 08:07:22.477 68994 INFO tempest.lib.common.rest_client [req-836b9be6-fb30-4718-bb03-e233ef06972d req-836b9be6-fb30-4718-bb03-e233ef06972d ] Request (ServersAdmin275Test:test_rebuild_update_server_275): 200 GET http://10.180.1.21/compute/v2.1/servers/89ccc16e-d0e5-4f7d-985c-8693188e7ed5 1.683s
2025-04-03 08:07:22.490 69014 INFO tempest.lib.common.rest_client [req-bab3d618-6230-4177-8a65-8f546e3536cc req-bab3d618-6230-4177-8a65-8f546e3536cc ] Request (HypervisorAdminV253TestBase:tearDownClass): 204 DELETE http://10.180.1.21/identity/v3/users/a5e97299960f4112a61acb5dbceffaa6 0.277s
2025-04-03 08:07:22.491 69050 INFO tempest.lib.common.rest_client [req-4dbbfb18-cdd6-422c-ac69-df171af52f85 req-4dbbfb18-cdd6-422c-ac69-df171af52f85 ] Request (ImagesNegativeTestJSON:test_create_image_from_deleted_server): 200 GET http://10.180.1.21/compute/v2.1/servers/f500b495-7bfb-40ff-8a10-e46ca6744902 1.266s
2025-04-03 08:07:22.559 68992 INFO tempest.lib.common.rest_client [req-72d940e1-44bd-4007-abfb-601932fd8e79 req-72d940e1-44bd-4007-abfb-601932fd8e79 ] Request (ServersAdminNegativeTestJSON:setUpClass): 201 POST http://10.180.1.21/identity/v3/users 0.207s
2025-04-03 08:07:22.589 68998 INFO tempest.lib.common.rest_client [req-1cd74dbe-27c1-4504-96cd-b072939a7789 req-1cd74dbe-27c1-4504-96cd-b072939a7789 ] Request (ImagesTestJSON:test_create_image_from_stopped_server): 200 GET http://10.180.1.21/compute/v2.1/servers/e84db5bd-b6ec-42ef-9c34-a4160c44d973 1.346s
2025-04-03 08:07:22.601 68998 INFO tempest.common.waiters [-] State transition "ACTIVE/powering-off" ==> "SHUTOFF/None" after 2 second wait
2025-04-03 08:07:22.615 68990 INFO tempest.lib.common.rest_client [req-c241d74e-6339-4329-9d2a-f59e189e28c6 req-c241d74e-6339-4329-9d2a-f59e189e28c6 ] Request (FlavorsAccessNegativeTestJSON:test_flavor_non_admin_remove): 200 POST http://10.180.1.21/compute/v2.1/flavors 1.325s
2025-04-03 08:07:22.623 69012 INFO tempest.lib.common.rest_client [req-135091f2-8cb4-45ef-8122-0c980c694cb7 req-135091f2-8cb4-45ef-8122-0c980c694cb7 ] Request (HostsAdminNegativeTestJSON:tearDownClass): 204 DELETE http://10.180.1.21/identity/v3/projects/60984d0017e542779e57022582d81394 0.183s
2025-04-03 08:07:22.624 69012 INFO tempest.lib.common.dynamic_creds [-] Deleting project and security group for project: 5533642981d2431aa81553a273d85263
2025-04-03 08:07:22.634 69022 INFO tempest.lib.common.rest_client [req-3b593f1f-8bf7-48dd-9588-44953ab09c5f req-3b593f1f-8bf7-48dd-9588-44953ab09c5f ] Request (KeyPairsV22TestJSON:_run_cleanups): 204 DELETE http://10.180.1.21/compute/v2.1/os-keypairs/tempest-keypair-1895521761 1.334s
2025-04-03 08:07:22.664 69053 INFO tempest.lib.common.rest_client [req-62b1fb8f-704d-456d-aede-648fb540e785 req-62b1fb8f-704d-456d-aede-648fb540e785 ] Request (FlavorsAdminTestJSON:_run_cleanups): 200 GET http://10.180.1.21/compute/v2.1/flavors/detail 1.342s
2025-04-03 08:07:22.664 69016 INFO tempest.lib.common.rest_client [req-75678914-cfea-4329-a062-e899cd4f8fe1 req-75678914-cfea-4329-a062-e899cd4f8fe1 ] Request (QuotasAdminTestJSON:setUpClass): 201 POST http://10.180.1.21/identity/v3/users 0.204s
2025-04-03 08:07:22.757 69014 INFO tempest.lib.common.rest_client [req-4bbc640c-d6d8-4e22-bf76-b306beb5582a req-4bbc640c-d6d8-4e22-bf76-b306beb5582a ] Request (HypervisorAdminV253TestBase:tearDownClass): 204 DELETE http://10.180.1.21/identity/v3/users/5b65dbecb5c0470e93eec9415e93cac1 0.267s
2025-04-03 08:07:22.758 69014 INFO tempest.lib.common.dynamic_creds [-] Deleting project and security group for project: ee4b2755851643f29a3b757cd116955f
2025-04-03 08:07:22.808 69008 INFO tempest.lib.common.rest_client [req-168d2f54-0d5b-40f9-a7b5-d33c77ec24af req-168d2f54-0d5b-40f9-a7b5-d33c77ec24af ] Request (ServersTestBootFromVolume:setUpClass): 200 POST http://10.180.1.21/compute/v2.1/os-keypairs 1.539s
2025-04-03 08:07:22.829 69016 INFO tempest.lib.common.rest_client [req-61a6cfec-b223-4322-ab00-a247ff054214 req-61a6cfec-b223-4322-ab00-a247ff054214 ] Request (QuotasAdminTestJSON:setUpClass): 200 GET http://10.180.1.21/identity/v3/roles 0.164s
2025-04-03 08:07:22.842 68992 INFO tempest.lib.common.rest_client [req-a20e42ce-7b3d-4067-bacc-3c0c4af248f6 req-a20e42ce-7b3d-4067-bacc-3c0c4af248f6 ] Request (ServersAdminNegativeTestJSON:setUpClass): 200 GET http://10.180.1.21/identity/v3/roles 0.282s
2025-04-03 08:07:22.842 69031 INFO tempest.lib.common.rest_client [req-9bef5fff-6df8-48f8-b891-3346800e2f41 req-9bef5fff-6df8-48f8-b891-3346800e2f41 ] Request (AggregatesAdminNegativeTestJSON:test_aggregate_create_with_existent_aggregate_name): 200 POST http://10.180.1.21/compute/v2.1/os-aggregates 1.306s
2025-04-03 08:07:22.859 69014 INFO tempest.lib.common.rest_client [req-5f11f13b-5482-47ec-894d-e983460e7c6e req-5f11f13b-5482-47ec-894d-e983460e7c6e ] Request (HypervisorAdminV253TestBase:tearDownClass): 201 POST http://10.180.1.21/identity/v3/auth/tokens 0.101s
2025-04-03 08:07:22.866 69000 INFO tempest.lib.common.rest_client [req-85441f06-b61e-4bd8-8751-6ed9c4316b1b req-85441f06-b61e-4bd8-8751-6ed9c4316b1b ] Request (ServicesAdminNegativeTestJSON:test_get_service_by_invalid_service_and_valid_host): 200 GET http://10.180.1.21/compute/v2.1/os-services?host=devstack&binary=xxx 1.307s
2025-04-03 08:07:22.876 69016 INFO tempest.lib.common.rest_client [req-c873e5da-f284-4abf-ab8a-f59f2c446028 req-c873e5da-f284-4abf-ab8a-f59f2c446028 ] Request (QuotasAdminTestJSON:setUpClass): 204 PUT http://10.180.1.21/identity/v3/projects/3e37bb6d72cf4be8bde34b9cc02942c7/users/8b5992d523b14cdd978aea5ef0bd5d50/roles/5234a12fb3964bb6bf9bfea77e08fcb2 0.046s
2025-04-03 08:07:22.888 68992 INFO tempest.lib.common.rest_client [req-84e36952-1bc3-40bd-9083-2626851481bf req-84e36952-1bc3-40bd-9083-2626851481bf ] Request (ServersAdminNegativeTestJSON:setUpClass): 204 PUT http://10.180.1.21/identity/v3/projects/a5e3826ec6b64d378133f7ab56a3ceb7/users/988fb9fa0c9a472fbcebb6e527535b12/roles/5234a12fb3964bb6bf9bfea77e08fcb2 0.046s
2025-04-03 08:07:22.930 69039 INFO tempest.lib.common.rest_client [req-de2aa84c-abad-4a6f-aa3d-8b524f99f548 req-de2aa84c-abad-4a6f-aa3d-8b524f99f548 ] Request (ServersAaction247Test:tearDownClass): 200 GET http://10.180.1.21:9696/networking/v2.0/security-groups?tenant_id=89fd55a1618a488fb7aced246fb3b41f&name=default 0.512s
2025-04-03 08:07:22.939 69016 INFO tempest.lib.common.rest_client [req-9e0ba2ec-0954-4970-835d-6404e62c2dd3 req-9e0ba2ec-0954-4970-835d-6404e62c2dd3 ] Request (QuotasAdminTestJSON:setUpClass): 200 GET http://10.180.1.21/identity/v3/roles 0.062s
2025-04-03 08:07:22.959 68992 INFO tempest.lib.common.rest_client [req-25fd0234-231d-496a-8a4d-32ba941a56f7 req-25fd0234-231d-496a-8a4d-32ba941a56f7 ] Request (ServersAdminNegativeTestJSON:setUpClass): 200 GET http://10.180.1.21/identity/v3/roles 0.071s
2025-04-03 08:07:22.964 69012 INFO tempest.lib.common.rest_client [req-b2a54be8-cd36-46e3-abaf-3cc48a3c245a req-b2a54be8-cd36-46e3-abaf-3cc48a3c245a ] Request (HostsAdminNegativeTestJSON:tearDownClass): 200 GET http://10.180.1.21:9696/networking/v2.0/security-groups?tenant_id=5533642981d2431aa81553a273d85263&name=default 0.340s
2025-04-03 08:07:22.977 69016 INFO tempest.lib.common.rest_client [req-1376d6b7-ad14-4f70-9fbf-8d0f75b69bfc req-1376d6b7-ad14-4f70-9fbf-8d0f75b69bfc ] Request (QuotasAdminTestJSON:setUpClass): 204 PUT http://10.180.1.21/identity/v3/projects/3e37bb6d72cf4be8bde34b9cc02942c7/users/8b5992d523b14cdd978aea5ef0bd5d50/roles/5234a12fb3964bb6bf9bfea77e08fcb2 0.038s
2025-04-03 08:07:22.978 69016 INFO tempest.lib.common.dynamic_creds [-] Dynamic test user 8b5992d523b14cdd978aea5ef0bd5d50 is created with scope project and roles: ['admin']
2025-04-03 08:07:22.978 69016 INFO tempest.lib.common.dynamic_creds [-] Acquired dynamic creds: credentials: Credentials: {'domain_id': 'default', 'domain_name': 'Default', 'username': 'tempest-QuotasAdminTestJSON-475823173-project-admin', 'project_domain_id': 'default', 'project_domain_name': 'Default', 'project_id': '3e37bb6d72cf4be8bde34b9cc02942c7', 'project_name': 'tempest-QuotasAdminTestJSON-475823173', 'tenant_id': '3e37bb6d72cf4be8bde34b9cc02942c7', 'tenant_name': 'tempest-QuotasAdminTestJSON-475823173', 'user_domain_id': 'default', 'user_domain_name': 'Default', 'user_id': '8b5992d523b14cdd978aea5ef0bd5d50', 'system': None}, Network: None, Subnet: None, Router: None
2025-04-03 08:07:22.978 69016 INFO tempest.lib.common.dynamic_creds [-] Created isolated network resources for: credentials: Credentials: {'domain_id': 'default', 'domain_name': 'Default', 'username': 'tempest-QuotasAdminTestJSON-475823173-project-admin', 'project_domain_id': 'default', 'project_domain_name': 'Default', 'project_id': '3e37bb6d72cf4be8bde34b9cc02942c7', 'project_name': 'tempest-QuotasAdminTestJSON-475823173', 'tenant_id': '3e37bb6d72cf4be8bde34b9cc02942c7', 'tenant_name': 'tempest-QuotasAdminTestJSON-475823173', 'user_domain_id': 'default', 'user_domain_name': 'Default', 'user_id': '8b5992d523b14cdd978aea5ef0bd5d50', 'system': None}, Network: None, Subnet: None, Router: None
2025-04-03 08:07:22.980 68992 INFO tempest.lib.common.rest_client [req-45e38aff-3f4c-4535-9f80-e58079c02119 req-45e38aff-3f4c-4535-9f80-e58079c02119 ] Request (ServersAdminNegativeTestJSON:setUpClass): 204 PUT http://10.180.1.21/identity/v3/projects/a5e3826ec6b64d378133f7ab56a3ceb7/users/988fb9fa0c9a472fbcebb6e527535b12/roles/5234a12fb3964bb6bf9bfea77e08fcb2 0.020s
2025-04-03 08:07:22.981 68992 INFO tempest.lib.common.dynamic_creds [-] Dynamic test user 988fb9fa0c9a472fbcebb6e527535b12 is created with scope project and roles: ['admin']
2025-04-03 08:07:22.984 68992 INFO tempest.lib.common.dynamic_creds [-] Acquired dynamic creds: credentials: Credentials: {'domain_id': 'default', 'domain_name': 'Default', 'username': 'tempest-ServersAdminNegativeTestJSON-1421585280-project-admin', 'project_domain_id': 'default', 'project_domain_name': 'Default', 'project_id': 'a5e3826ec6b64d378133f7ab56a3ceb7', 'project_name': 'tempest-ServersAdminNegativeTestJSON-1421585280', 'tenant_id': 'a5e3826ec6b64d378133f7ab56a3ceb7', 'tenant_name': 'tempest-ServersAdminNegativeTestJSON-1421585280', 'user_domain_id': 'default', 'user_domain_name': 'Default', 'user_id': '988fb9fa0c9a472fbcebb6e527535b12', 'system': None}, Network: None, Subnet: None, Router: None
2025-04-03 08:07:22.984 68992 INFO tempest.lib.common.dynamic_creds [-] Created isolated network resources for: credentials: Credentials: {'domain_id': 'default', 'domain_name': 'Default', 'username': 'tempest-ServersAdminNegativeTestJSON-1421585280-project-admin', 'project_domain_id': 'default', 'project_domain_name': 'Default', 'project_id': 'a5e3826ec6b64d378133f7ab56a3ceb7', 'project_name': 'tempest-ServersAdminNegativeTestJSON-1421585280', 'tenant_id': 'a5e3826ec6b64d378133f7ab56a3ceb7', 'tenant_name': 'tempest-ServersAdminNegativeTestJSON-1421585280', 'user_domain_id': 'default', 'user_domain_name': 'Default', 'user_id': '988fb9fa0c9a472fbcebb6e527535b12', 'system': None}, Network: None, Subnet: None, Router: None
2025-04-03 08:07:23.060 68992 INFO tempest.lib.common.rest_client [req-5f22d398-6ff1-47f6-9e48-83c868a903eb req-5f22d398-6ff1-47f6-9e48-83c868a903eb ] Request (ServersAdminNegativeTestJSON:setUpClass): 201 POST http://10.180.1.21/identity/v3/auth/tokens 0.073s
2025-04-03 08:07:23.060 69016 INFO tempest.lib.common.rest_client [req-8bb47374-d035-4e08-b8c2-0ef8054818bc req-8bb47374-d035-4e08-b8c2-0ef8054818bc ] Request (QuotasAdminTestJSON:setUpClass): 201 POST http://10.180.1.21/identity/v3/auth/tokens 0.076s
2025-04-03 08:07:23.061 69016 WARNING tempest.lib.common.rest_client [-] Deprecated: "tenant_id" property is deprecated for removal, use "project_id" instead
2025-04-03 08:07:23.091 69016 INFO tempest.lib.common.rest_client [req-f3721492-d863-4471-9f36-46325aa6161f req-f3721492-d863-4471-9f36-46325aa6161f ] Request (QuotasAdminTestJSON:test_delete_quota): 200 GET http://10.180.1.21/identity/v3/domains?name=Default 0.028s
2025-04-03 08:07:23.140 68992 INFO tempest.lib.common.rest_client [req-d7fe2d45-f1e9-40bb-88fa-a04ddb77ffb5 req-d7fe2d45-f1e9-40bb-88fa-a04ddb77ffb5 ] Request (ServersAdminNegativeTestJSON:setUpClass): 201 POST http://10.180.1.21/identity/v3/auth/tokens 0.073s
2025-04-03 08:07:23.141 68992 INFO tempest.lib.common.fixed_network [-] (ServersAdminNegativeTestJSON:setUpClass) Found network None available for tenant
2025-04-03 08:07:23.142 69016 INFO tempest.lib.common.rest_client [req-e294a457-d41f-418f-bec9-4c8546bcc721 req-e294a457-d41f-418f-bec9-4c8546bcc721 ] Request (QuotasAdminTestJSON:test_delete_quota): 201 POST http://10.180.1.21/identity/v3/projects 0.050s
2025-04-03 08:07:23.187 69008 INFO tempest.lib.common.rest_client [req-28e1c128-4cc6-4b7e-9400-dccbdd0456aa req-28e1c128-4cc6-4b7e-9400-dccbdd0456aa ] Request (ServersTestBootFromVolume:setUpClass): 201 POST http://10.180.1.21:9696/networking/v2.0/security-groups 0.376s
2025-04-03 08:07:23.207 69016 INFO tempest.lib.common.rest_client [req-94d4bee7-2d9f-49e3-ac12-0798735baafa req-94d4bee7-2d9f-49e3-ac12-0798735baafa ] Request (QuotasAdminTestJSON:test_delete_quota): 200 GET http://10.180.1.21/identity/v3/domains?name=Default 0.064s
2025-04-03 08:07:23.226 69006 INFO tempest.lib.common.rest_client [req-5c41631b-90a7-4141-9c96-74c7e6673bdb req-5c41631b-90a7-4141-9c96-74c7e6673bdb ] Request (SecurityGroupRulesTestJSON:tearDownClass): 202 DELETE http://10.180.1.21/compute/v2.1/os-security-groups/8b8a3d4f-3b2d-498f-9e59-4e77b6b0d440 1.595s
2025-04-03 08:07:23.227 69010 INFO tempest.lib.common.rest_client [req-b9db2804-4360-4016-9e11-6e1c517ffbac req-b9db2804-4360-4016-9e11-6e1c517ffbac ] Request (FloatingIPsAssociationNegativeTestJSON:test_associate_ip_to_server_with_floating_ip): 400 POST http://10.180.1.21/compute/v2.1/servers/58830b0e-dbf3-424d-8b9a-bb298b6bea21/action 1.832s
2025-04-03 08:07:23.237 69039 INFO tempest.lib.common.rest_client [req-7fd41379-63c7-4543-98d8-e4b6f6e66e18 req-7fd41379-63c7-4543-98d8-e4b6f6e66e18 ] Request (ServersAaction247Test:tearDownClass): 204 DELETE http://10.180.1.21:9696/networking/v2.0/security-groups/54c6c3cb-8366-4728-b2b9-eb1e1afbf22a 0.307s
2025-04-03 08:07:23.241 69012 INFO tempest.lib.common.rest_client [req-7550079b-9242-4ea9-9152-174598c5e5ed req-7550079b-9242-4ea9-9152-174598c5e5ed ] Request (HostsAdminNegativeTestJSON:tearDownClass): 204 DELETE http://10.180.1.21:9696/networking/v2.0/security-groups/8e1f1d8d-6610-497d-b5d4-90bbf4afe84f 0.276s
2025-04-03 08:07:23.274 69014 INFO tempest.lib.common.rest_client [req-4790c1ac-64e2-453a-a6a4-3421713aec13 req-4790c1ac-64e2-453a-a6a4-3421713aec13 ] Request (HypervisorAdminV253TestBase:tearDownClass): 200 GET http://10.180.1.21:9696/networking/v2.0/security-groups?tenant_id=ee4b2755851643f29a3b757cd116955f&name=default 0.414s
2025-04-03 08:07:23.345 69039 INFO tempest.lib.common.rest_client [req-093950e4-12ce-4213-8dcd-cf78297c9dbc req-093950e4-12ce-4213-8dcd-cf78297c9dbc ] Request (ServersAaction247Test:tearDownClass): 204 DELETE http://10.180.1.21/identity/v3/projects/89fd55a1618a488fb7aced246fb3b41f 0.107s
2025-04-03 08:07:23.395 69039 INFO tempest.lib.common.rest_client [req-e0042b66-19c1-4f48-afa2-04cbabe3e56e req-e0042b66-19c1-4f48-afa2-04cbabe3e56e ] Request (ServersNegativeTestMultiTenantJSON:setUpClass): 201 POST http://10.180.1.21/identity/v3/auth/tokens 0.048s
2025-04-03 08:07:23.419 69035 INFO tempest.lib.common.rest_client [req-4fff818f-fd95-4d4f-a1b7-78f663f18d02 req-4fff818f-fd95-4d4f-a1b7-78f663f18d02 ] Request (ListServersNegativeTestJSON:setUpClass): 200 PUT http://10.180.1.21:9696/networking/v2.0/routers/021d4e15-bf0e-47a0-8225-a4c1e12c6156/add_router_interface 1.638s
2025-04-03 08:07:23.419 69035 INFO tempest.lib.common.dynamic_creds [-] Created isolated network resources for: credentials: Credentials: {'domain_id': 'default', 'domain_name': 'Default', 'username': 'tempest-ListServersNegativeTestJSON-2025065306-project-member', 'project_domain_id': 'default', 'project_domain_name': 'Default', 'project_id': '2974aa035d5d4591827e7713a403116d', 'project_name': 'tempest-ListServersNegativeTestJSON-2025065306', 'tenant_id': '2974aa035d5d4591827e7713a403116d', 'tenant_name': 'tempest-ListServersNegativeTestJSON-2025065306', 'user_domain_id': 'default', 'user_domain_name': 'Default', 'user_id': 'c6a2f94537e34cfd98e83f6af711087d', 'system': None}, Network: {'id': '7929e6a8-f567-4383-88fc-a42599630731', 'name': 'tempest-ListServersNegativeTestJSON-442120451-network', 'tenant_id': '2974aa035d5d4591827e7713a403116d', 'admin_state_up': True, 'mtu': 8950, 'status': 'ACTIVE', 'subnets': [], 'shared': False, 'project_id': '2974aa035d5d4591827e7713a403116d', 'port_security_enabled': True, 'router:external': False, 'provider:network_type': 'vlan', 'provider:physical_network': 'default', 'provider:segmentation_id': 258, 'availability_zone_hints': [], 'availability_zones': [], 'ipv4_address_scope': None, 'ipv6_address_scope': None, 'description': '', 'tags': [], 'created_at': '2025-04-03T08:07:18Z', 'updated_at': '2025-04-03T08:07:18Z', 'revision_number': 1}, Subnet: {'id': '83667fa1-65bc-451d-ac0d-4b6f24ae2930', 'name': 'tempest-ListServersNegativeTestJSON-442120451-subnet', 'tenant_id': '2974aa035d5d4591827e7713a403116d', 'network_id': '7929e6a8-f567-4383-88fc-a42599630731', 'ip_version': 4, 'subnetpool_id': None, 'enable_dhcp': True, 'ipv6_ra_mode': None, 'ipv6_address_mode': None, 'gateway_ip': '192.168.128.1', 'cidr': '192.168.128.0/28', 'allocation_pools': [{'start': '192.168.128.2', 'end': '192.168.128.14'}], 'host_routes': [], 'dns_nameservers': [], 'description': '', 'router:external': False, 'service_types': [], 'tags': [], 'created_at': '2025-04-03T08:07:18Z', 'updated_at': '2025-04-03T08:07:18Z', 'revision_number': 0, 'project_id': '2974aa035d5d4591827e7713a403116d'}, Router: {'id': '021d4e15-bf0e-47a0-8225-a4c1e12c6156', 'name': 'tempest-ListServersNegativeTestJSON-442120451-router', 'tenant_id': '2974aa035d5d4591827e7713a403116d', 'admin_state_up': True, 'status': 'ACTIVE', 'external_gateway_info': {'network_id': 'a43b096e-82c2-46c2-b7b4-c64e1e75b7fa', 'external_fixed_ips': [{'subnet_id': '11d41a4e-91aa-4a56-a8f8-df19e9c5f608', 'ip_address': '10.180.180.246'}], 'enable_snat': True}, 'description': '', 'availability_zones': [], 'distributed': False, 'ha': False, 'availability_zone_hints': [], 'routes': [], 'flavor_id': None, 'tags': [], 'created_at': '2025-04-03T08:07:19Z', 'updated_at': '2025-04-03T08:07:20Z', 'revision_number': 2, 'project_id': '2974aa035d5d4591827e7713a403116d'}
2025-04-03 08:07:23.453 69008 INFO tempest.lib.common.rest_client [req-a2a747c3-3964-47fa-9975-dd072d189b37 req-a2a747c3-3964-47fa-9975-dd072d189b37 ] Request (ServersTestBootFromVolume:setUpClass): 201 POST http://10.180.1.21:9696/networking/v2.0/security-group-rules 0.265s
2025-04-03 08:07:23.453 69012 INFO tempest.lib.common.rest_client [req-0c7a5e47-1983-4c06-937e-7a24a78e4ea1 req-0c7a5e47-1983-4c06-937e-7a24a78e4ea1 ] Request (HostsAdminNegativeTestJSON:tearDownClass): 204 DELETE http://10.180.1.21/identity/v3/projects/5533642981d2431aa81553a273d85263 0.212s
2025-04-03 08:07:23.475 69039 INFO tempest.lib.common.rest_client [req-09e14f01-4ebb-4ef1-80d5-78cb029fc1d6 req-09e14f01-4ebb-4ef1-80d5-78cb029fc1d6 ] Request (ServersNegativeTestMultiTenantJSON:setUpClass): 201 POST http://10.180.1.21/identity/v3/auth/tokens 0.076s
2025-04-03 08:07:23.490 69014 INFO tempest.lib.common.rest_client [req-e5e4997e-679c-487b-97d4-666b3fca1bb4 req-e5e4997e-679c-487b-97d4-666b3fca1bb4 ] Request (HypervisorAdminV253TestBase:tearDownClass): 204 DELETE http://10.180.1.21:9696/networking/v2.0/security-groups/e6d54aec-8535-4b71-b0fc-9b36f6dd6286 0.215s
2025-04-03 08:07:23.506 69012 INFO tempest.lib.common.rest_client [req-8c4fdbf8-9f2f-4dcc-ad3a-aac9867df36b req-8c4fdbf8-9f2f-4dcc-ad3a-aac9867df36b ] Request (ServerDiagnosticsTest:setUpClass): 201 POST http://10.180.1.21/identity/v3/auth/tokens 0.050s
2025-04-03 08:07:23.527 69035 INFO tempest.lib.common.rest_client [req-9eacb546-2904-49be-8f2d-0511c08f7530 req-9eacb546-2904-49be-8f2d-0511c08f7530 ] Request (ListServersNegativeTestJSON:setUpClass): 201 POST http://10.180.1.21/identity/v3/auth/tokens 0.104s
2025-04-03 08:07:23.530 69039 INFO tempest.lib.common.rest_client [req-1f7098b8-e333-4cda-8f12-daadb5b3eecd req-1f7098b8-e333-4cda-8f12-daadb5b3eecd ] Request (ServersNegativeTestMultiTenantJSON:setUpClass): 200 GET http://10.180.1.21/identity/v3/domains?name=Default 0.055s
2025-04-03 08:07:23.562 69012 INFO tempest.lib.common.rest_client [req-46062a47-3bdd-443e-b6ca-277ed675af71 req-46062a47-3bdd-443e-b6ca-277ed675af71 ] Request (ServerDiagnosticsTest:setUpClass): 201 POST http://10.180.1.21/identity/v3/auth/tokens 0.052s
2025-04-03 08:07:23.567 69008 INFO tempest.lib.common.rest_client [req-aeebf9b0-e4a2-4239-8c1a-d85d39160d39 req-aeebf9b0-e4a2-4239-8c1a-d85d39160d39 ] Request (ServersTestBootFromVolume:setUpClass): 201 POST http://10.180.1.21:9696/networking/v2.0/security-group-rules 0.114s
2025-04-03 08:07:23.592 69014 INFO tempest.lib.common.rest_client [req-af19c730-0808-4a6f-9ee2-d559e7bbd58f req-af19c730-0808-4a6f-9ee2-d559e7bbd58f ] Request (HypervisorAdminV253TestBase:tearDownClass): 204 DELETE http://10.180.1.21/identity/v3/projects/ee4b2755851643f29a3b757cd116955f 0.102s
2025-04-03 08:07:23.592 69014 INFO tempest.lib.common.dynamic_creds [-] Deleting project and security group for project: a32a185dd3884617bb6a083c9e8e32c2
2025-04-03 08:07:23.622 69035 INFO tempest.lib.common.rest_client [req-2ef8807b-c4b7-4282-a521-f044db0377dc req-2ef8807b-c4b7-4282-a521-f044db0377dc ] Request (ListServersNegativeTestJSON:setUpClass): 201 POST http://10.180.1.21/identity/v3/auth/tokens 0.091s
2025-04-03 08:07:23.623 69035 INFO tempest.lib.common.fixed_network [-] (ListServersNegativeTestJSON:setUpClass) Found network {'id': '7929e6a8-f567-4383-88fc-a42599630731', 'name': 'tempest-ListServersNegativeTestJSON-442120451-network', 'tenant_id': '2974aa035d5d4591827e7713a403116d', 'admin_state_up': True, 'mtu': 8950, 'status': 'ACTIVE', 'subnets': [], 'shared': False, 'project_id': '2974aa035d5d4591827e7713a403116d', 'port_security_enabled': True, 'router:external': False, 'provider:network_type': 'vlan', 'provider:physical_network': 'default', 'provider:segmentation_id': 258, 'availability_zone_hints': [], 'availability_zones': [], 'ipv4_address_scope': None, 'ipv6_address_scope': None, 'description': '', 'tags': [], 'created_at': '2025-04-03T08:07:18Z', 'updated_at': '2025-04-03T08:07:18Z', 'revision_number': 1} available for tenant
2025-04-03 08:07:23.669 69039 INFO tempest.lib.common.rest_client [req-4d3db500-081a-416b-9906-d02eaefb9f04 req-4d3db500-081a-416b-9906-d02eaefb9f04 ] Request (ServersNegativeTestMultiTenantJSON:setUpClass): 201 POST http://10.180.1.21/identity/v3/projects 0.138s
2025-04-03 08:07:23.724 69012 INFO tempest.lib.common.rest_client [req-a39c2cf8-0ac7-4e5e-a377-34e93e01a223 req-a39c2cf8-0ac7-4e5e-a377-34e93e01a223 ] Request (ServerDiagnosticsTest:setUpClass): 200 GET http://10.180.1.21/identity/v3/domains?name=Default 0.162s
2025-04-03 08:07:23.733 69014 INFO tempest.lib.common.rest_client [req-65d611e4-f84d-4744-aa43-c6aed61d413e req-65d611e4-f84d-4744-aa43-c6aed61d413e ] Request (HypervisorAdminV253TestBase:tearDownClass): 200 GET http://10.180.1.21:9696/networking/v2.0/security-groups?tenant_id=a32a185dd3884617bb6a083c9e8e32c2&name=default 0.140s
2025-04-03 08:07:23.739 69039 INFO tempest.lib.common.rest_client [req-8328ce79-5cd6-4de3-9268-c0e3ebf63d03 req-8328ce79-5cd6-4de3-9268-c0e3ebf63d03 ] Request (ServersNegativeTestMultiTenantJSON:setUpClass): 201 POST http://10.180.1.21/identity/v3/users 0.069s
2025-04-03 08:07:23.764 69039 INFO tempest.lib.common.rest_client [req-dd1d8a2b-fbe8-4610-adde-4a6690b09040 req-dd1d8a2b-fbe8-4610-adde-4a6690b09040 ] Request (ServersNegativeTestMultiTenantJSON:setUpClass): 200 GET http://10.180.1.21/identity/v3/roles 0.024s
2025-04-03 08:07:23.763 69012 INFO tempest.lib.common.rest_client [req-a4ccc704-437e-4539-aa93-6bb65b577b3b req-a4ccc704-437e-4539-aa93-6bb65b577b3b ] Request (ServerDiagnosticsTest:setUpClass): 201 POST http://10.180.1.21/identity/v3/projects 0.039s
2025-04-03 08:07:23.774 69041 INFO tempest.lib.common.rest_client [req-3095bbd2-870e-45f9-8329-a3a0f080b6c8 req-3095bbd2-870e-45f9-8329-a3a0f080b6c8 ] Request (ServersTestManualDisk:setUpClass): 202 POST http://10.180.1.21/compute/v2.1/servers 1.998s
2025-04-03 08:07:23.795 68996 INFO tempest.lib.common.rest_client [req-635101cb-02e5-45f2-80c7-ed8f0119ef6d req-635101cb-02e5-45f2-80c7-ed8f0119ef6d ] Request (FlavorsV2TestJSON:test_list_flavors_filter_by_min_ram): 200 GET http://10.180.1.21/compute/v2.1/flavors?minRam=193 1.889s
2025-04-03 08:07:23.814 69014 INFO tempest.lib.common.rest_client [req-b23b9d60-e8b1-4fd0-9e55-b7eb6e2e7abc req-b23b9d60-e8b1-4fd0-9e55-b7eb6e2e7abc ] Request (HypervisorAdminV253TestBase:tearDownClass): 204 DELETE http://10.180.1.21:9696/networking/v2.0/security-groups/d7b3601b-4159-465a-9718-57ef7b52dffb 0.080s
2025-04-03 08:07:23.818 69012 INFO tempest.lib.common.rest_client [req-b15265a5-0cf9-424b-a640-647bed68621d req-b15265a5-0cf9-424b-a640-647bed68621d ] Request (ServerDiagnosticsTest:setUpClass): 201 POST http://10.180.1.21/identity/v3/users 0.054s
2025-04-03 08:07:23.838 69039 INFO tempest.lib.common.rest_client [req-8a5f5934-cd96-438a-b2c2-fbeca4020b84 req-8a5f5934-cd96-438a-b2c2-fbeca4020b84 ] Request (ServersNegativeTestMultiTenantJSON:setUpClass): 204 PUT http://10.180.1.21/identity/v3/projects/84c5a3afe0a94c5798a58ac80091cecb/users/93f0bc7e9a304db3a3ca7be2108ca297/roles/893cc1bc207043eea98ffbe5a49282d9 0.074s
2025-04-03 08:07:23.839 69039 INFO tempest.lib.common.dynamic_creds [-] Dynamic test user 93f0bc7e9a304db3a3ca7be2108ca297 is created with scope project and roles: ['member']
2025-04-03 08:07:23.839 69039 INFO tempest.lib.common.dynamic_creds [-] Acquired dynamic creds: credentials: Credentials: {'domain_id': 'default', 'domain_name': 'Default', 'username': 'tempest-ServersNegativeTestMultiTenantJSON-2096645388-project-member', 'project_domain_id': 'default', 'project_domain_name': 'Default', 'project_id': '84c5a3afe0a94c5798a58ac80091cecb', 'project_name': 'tempest-ServersNegativeTestMultiTenantJSON-2096645388', 'tenant_id': '84c5a3afe0a94c5798a58ac80091cecb', 'tenant_name': 'tempest-ServersNegativeTestMultiTenantJSON-2096645388', 'user_domain_id': 'default', 'user_domain_name': 'Default', 'user_id': '93f0bc7e9a304db3a3ca7be2108ca297', 'system': None}, Network: None, Subnet: None, Router: None
2025-04-03 08:07:23.897 69012 INFO tempest.lib.common.rest_client [req-6b70d895-21d6-4d74-ab35-93f7e537baae req-6b70d895-21d6-4d74-ab35-93f7e537baae ] Request (ServerDiagnosticsTest:setUpClass): 200 GET http://10.180.1.21/identity/v3/roles 0.079s
2025-04-03 08:07:23.914 69014 INFO tempest.lib.common.rest_client [req-577aeb07-744e-45b9-a36f-8f9ef0c7da07 req-577aeb07-744e-45b9-a36f-8f9ef0c7da07 ] Request (HypervisorAdminV253TestBase:tearDownClass): 204 DELETE http://10.180.1.21/identity/v3/projects/a32a185dd3884617bb6a083c9e8e32c2 0.100s
2025-04-03 08:07:23.957 69020 INFO tempest.lib.common.rest_client [req-b04ad53a-8d2f-4c6a-b25f-2835d0c0dba0 req-b04ad53a-8d2f-4c6a-b25f-2835d0c0dba0 ] Request (ServerDiagnosticsV248Test:test_get_server_diagnostics): 200 GET http://10.180.1.21/compute/v2.1/servers/a123c5f2-e775-4dd2-9a5a-35e7d6705dfa/diagnostics 2.221s
2025-04-03 08:07:23.961 69039 INFO tempest.lib.common.rest_client [req-037842e9-a3de-4e5b-801f-f60048843f6f req-037842e9-a3de-4e5b-801f-f60048843f6f ] Request (ServersNegativeTestMultiTenantJSON:setUpClass): 201 POST http://10.180.1.21/identity/v3/auth/tokens 0.122s
2025-04-03 08:07:23.975 69012 INFO tempest.lib.common.rest_client [req-ae7b6c0d-cbc4-4289-b22a-58e51a05761a req-ae7b6c0d-cbc4-4289-b22a-58e51a05761a ] Request (ServerDiagnosticsTest:setUpClass): 204 PUT http://10.180.1.21/identity/v3/projects/984922a84ae94240b8f0c176fa2da160/users/09a599ad1fc548ae828a4f45c0ea1c27/roles/893cc1bc207043eea98ffbe5a49282d9 0.077s
2025-04-03 08:07:23.975 69012 INFO tempest.lib.common.dynamic_creds [-] Dynamic test user 09a599ad1fc548ae828a4f45c0ea1c27 is created with scope project and roles: ['member']
2025-04-03 08:07:23.976 69012 INFO tempest.lib.common.dynamic_creds [-] Acquired dynamic creds: credentials: Credentials: {'domain_id': 'default', 'domain_name': 'Default', 'username': 'tempest-ServerDiagnosticsTest-373346071-project-member', 'project_domain_id': 'default', 'project_domain_name': 'Default', 'project_id': '984922a84ae94240b8f0c176fa2da160', 'project_name': 'tempest-ServerDiagnosticsTest-373346071', 'tenant_id': '984922a84ae94240b8f0c176fa2da160', 'tenant_name': 'tempest-ServerDiagnosticsTest-373346071', 'user_domain_id': 'default', 'user_domain_name': 'Default', 'user_id': '09a599ad1fc548ae828a4f45c0ea1c27', 'system': None}, Network: None, Subnet: None, Router: None
2025-04-03 08:07:23.977 69012 INFO tempest.lib.common.dynamic_creds [-] Created isolated network resources for: credentials: Credentials: {'domain_id': 'default', 'domain_name': 'Default', 'username': 'tempest-ServerDiagnosticsTest-373346071-project-member', 'project_domain_id': 'default', 'project_domain_name': 'Default', 'project_id': '984922a84ae94240b8f0c176fa2da160', 'project_name': 'tempest-ServerDiagnosticsTest-373346071', 'tenant_id': '984922a84ae94240b8f0c176fa2da160', 'tenant_name': 'tempest-ServerDiagnosticsTest-373346071', 'user_domain_id': 'default', 'user_domain_name': 'Default', 'user_id': '09a599ad1fc548ae828a4f45c0ea1c27', 'system': None}, Network: None, Subnet: None, Router: None
2025-04-03 08:07:24.014 69008 INFO tempest.lib.common.rest_client [req-24da7e38-6f2c-4d2d-92ad-d9e76260be1b req-24da7e38-6f2c-4d2d-92ad-d9e76260be1b ] Request (ServersTestBootFromVolume:setUpClass): 201 POST http://10.180.1.21:9696/networking/v2.0/floatingips 0.446s
2025-04-03 08:07:24.022 69014 INFO tempest.lib.common.rest_client [req-3f1a32d3-45c7-4021-98d0-60991ca20724 req-3f1a32d3-45c7-4021-98d0-60991ca20724 ] Request (QuotaClassesAdminTestJSON:setUpClass): 201 POST http://10.180.1.21/identity/v3/auth/tokens 0.105s
2025-04-03 08:07:24.086 69012 INFO tempest.lib.common.rest_client [req-6a356466-414f-417e-9687-3c0f36f898b1 req-6a356466-414f-417e-9687-3c0f36f898b1 ] Request (ServerDiagnosticsTest:setUpClass): 201 POST http://10.180.1.21/identity/v3/auth/tokens 0.105s
2025-04-03 08:07:24.098 69008 INFO tempest.lib.common.rest_client [req-85ca80fe-0dc0-44a1-aa56-8b150290affb req-85ca80fe-0dc0-44a1-aa56-8b150290affb ] Request (ServersTestBootFromVolume:setUpClass): 201 POST http://10.180.1.21/identity/v3/auth/tokens 0.082s
2025-04-03 08:07:24.099 69008 INFO tempest.lib.common.fixed_network [-] (ServersTestBootFromVolume:setUpClass) Found network {'id': '81c15154-8675-4a83-ac4f-bf4e5160c6a3', 'name': 'tempest-ServersTestBootFromVolume-935429665-network', 'tenant_id': '7e935d3cc470460cb5fa899412f4b0d1', 'admin_state_up': True, 'mtu': 8950, 'status': 'ACTIVE', 'subnets': [], 'shared': False, 'project_id': '7e935d3cc470460cb5fa899412f4b0d1', 'port_security_enabled': True, 'router:external': False, 'provider:network_type': 'vlan', 'provider:physical_network': 'default', 'provider:segmentation_id': 72, 'availability_zone_hints': [], 'availability_zones': [], 'ipv4_address_scope': None, 'ipv6_address_scope': None, 'description': '', 'tags': [], 'created_at': '2025-04-03T08:07:15Z', 'updated_at': '2025-04-03T08:07:15Z', 'revision_number': 1} available for tenant
2025-04-03 08:07:24.117 69014 INFO tempest.lib.common.rest_client [req-69440e29-ff8f-4eb4-b9c4-ee5b329dec9e req-69440e29-ff8f-4eb4-b9c4-ee5b329dec9e ] Request (QuotaClassesAdminTestJSON:setUpClass): 201 POST http://10.180.1.21/identity/v3/auth/tokens 0.091s
2025-04-03 08:07:24.140 69012 INFO tempest.lib.common.rest_client [req-fdd6fe26-f5e1-4cfa-9aac-f1680a55075e req-fdd6fe26-f5e1-4cfa-9aac-f1680a55075e ] Request (ServerDiagnosticsTest:setUpClass): 201 POST http://10.180.1.21/identity/v3/projects 0.053s
2025-04-03 08:07:24.151 69014 INFO tempest.lib.common.rest_client [req-52cf085a-cfa9-40e2-b6ba-535ef4120a16 req-52cf085a-cfa9-40e2-b6ba-535ef4120a16 ] Request (QuotaClassesAdminTestJSON:setUpClass): 200 GET http://10.180.1.21/identity/v3/domains?name=Default 0.033s
2025-04-03 08:07:24.223 69012 INFO tempest.lib.common.rest_client [req-de77b841-ac9a-4322-8097-8f052e96de08 req-de77b841-ac9a-4322-8097-8f052e96de08 ] Request (ServerDiagnosticsTest:setUpClass): 201 POST http://10.180.1.21/identity/v3/users 0.081s
2025-04-03 08:07:24.249 69012 INFO tempest.lib.common.rest_client [req-de0f3433-45c3-437e-9caa-86eafbff3028 req-de0f3433-45c3-437e-9caa-86eafbff3028 ] Request (ServerDiagnosticsTest:setUpClass): 200 GET http://10.180.1.21/identity/v3/roles 0.025s
2025-04-03 08:07:24.254 69014 INFO tempest.lib.common.rest_client [req-a4c439b8-b101-42bb-8d46-76507a77486a req-a4c439b8-b101-42bb-8d46-76507a77486a ] Request (QuotaClassesAdminTestJSON:setUpClass): 201 POST http://10.180.1.21/identity/v3/projects 0.103s
2025-04-03 08:07:24.326 69012 INFO tempest.lib.common.rest_client [req-8937fc66-e608-48ac-bd23-f5d56f976247 req-8937fc66-e608-48ac-bd23-f5d56f976247 ] Request (ServerDiagnosticsTest:setUpClass): 204 PUT http://10.180.1.21/identity/v3/projects/6f08abf174b1445eaa21dec78def4cc0/users/bcf81fa2f03642629b7a63cccdc7c6e2/roles/5234a12fb3964bb6bf9bfea77e08fcb2 0.076s
2025-04-03 08:07:24.327 69051 INFO tempest.lib.common.rest_client [req-049d4f8a-1722-426d-b99d-ba090265bef6 req-049d4f8a-1722-426d-b99d-ba090265bef6 ] Request (VolumesAdminNegativeTest:test_update_attached_volume_with_nonexistent_volume_in_body): 202 POST http://10.180.1.21/compute/v2.1/servers 2.356s
2025-04-03 08:07:24.401 69012 INFO tempest.lib.common.rest_client [req-06137325-0306-4df1-9ede-ff4fe0f5d22c req-06137325-0306-4df1-9ede-ff4fe0f5d22c ] Request (ServerDiagnosticsTest:setUpClass): 200 GET http://10.180.1.21/identity/v3/roles 0.071s
2025-04-03 08:07:24.409 69014 INFO tempest.lib.common.rest_client [req-c7d44b33-fb90-405e-9686-be2467cccaf5 req-c7d44b33-fb90-405e-9686-be2467cccaf5 ] Request (QuotaClassesAdminTestJSON:setUpClass): 201 POST http://10.180.1.21/identity/v3/users 0.154s
2025-04-03 08:07:24.410 69026 INFO tempest.lib.common.rest_client [req-dbcd3763-95df-4021-9908-aae92f0f8b4b req-dbcd3763-95df-4021-9908-aae92f0f8b4b ] Request (FloatingIPsNegativeTestJSON:test_delete_nonexistent_floating_ip): 404 DELETE http://10.180.1.21/compute/v2.1/os-floating-ips/fd471502-e1c3-46e8-8ba8-8a871f870455 2.224s
2025-04-03 08:07:24.425 69039 INFO tempest.lib.common.rest_client [req-20fcae53-3aec-46ac-b2b6-25265e3930ed req-20fcae53-3aec-46ac-b2b6-25265e3930ed ] Request (ServersNegativeTestMultiTenantJSON:setUpClass): 201 POST http://10.180.1.21:9696/networking/v2.0/networks 0.463s
2025-04-03 08:07:24.430 69012 INFO tempest.lib.common.rest_client [req-a32cbe9c-47bb-4559-a494-636d3a49f1a5 req-a32cbe9c-47bb-4559-a494-636d3a49f1a5 ] Request (ServerDiagnosticsTest:setUpClass): 204 PUT http://10.180.1.21/identity/v3/projects/6f08abf174b1445eaa21dec78def4cc0/users/bcf81fa2f03642629b7a63cccdc7c6e2/roles/5234a12fb3964bb6bf9bfea77e08fcb2 0.029s
2025-04-03 08:07:24.430 69012 INFO tempest.lib.common.dynamic_creds [-] Dynamic test user bcf81fa2f03642629b7a63cccdc7c6e2 is created with scope project and roles: ['admin']
2025-04-03 08:07:24.430 69012 INFO tempest.lib.common.dynamic_creds [-] Acquired dynamic creds: credentials: Credentials: {'domain_id': 'default', 'domain_name': 'Default', 'username': 'tempest-ServerDiagnosticsTest-740736325-project-admin', 'project_domain_id': 'default', 'project_domain_name': 'Default', 'project_id': '6f08abf174b1445eaa21dec78def4cc0', 'project_name': 'tempest-ServerDiagnosticsTest-740736325', 'tenant_id': '6f08abf174b1445eaa21dec78def4cc0', 'tenant_name': 'tempest-ServerDiagnosticsTest-740736325', 'user_domain_id': 'default', 'user_domain_name': 'Default', 'user_id': 'bcf81fa2f03642629b7a63cccdc7c6e2', 'system': None}, Network: None, Subnet: None, Router: None
2025-04-03 08:07:24.431 69012 INFO tempest.lib.common.dynamic_creds [-] Created isolated network resources for: credentials: Credentials: {'domain_id': 'default', 'domain_name': 'Default', 'username': 'tempest-ServerDiagnosticsTest-740736325-project-admin', 'project_domain_id': 'default', 'project_domain_name': 'Default', 'project_id': '6f08abf174b1445eaa21dec78def4cc0', 'project_name': 'tempest-ServerDiagnosticsTest-740736325', 'tenant_id': '6f08abf174b1445eaa21dec78def4cc0', 'tenant_name': 'tempest-ServerDiagnosticsTest-740736325', 'user_domain_id': 'default', 'user_domain_name': 'Default', 'user_id': 'bcf81fa2f03642629b7a63cccdc7c6e2', 'system': None}, Network: None, Subnet: None, Router: None
2025-04-03 08:07:24.439 69014 INFO tempest.lib.common.rest_client [req-7da0b55a-335d-4199-8e2b-f2305f48992e req-7da0b55a-335d-4199-8e2b-f2305f48992e ] Request (QuotaClassesAdminTestJSON:setUpClass): 200 GET http://10.180.1.21/identity/v3/roles 0.030s
2025-04-03 08:07:24.467 69002 INFO tempest.lib.common.rest_client [req-207da15f-50eb-424c-9a66-d694a66f30d5 req-207da15f-50eb-424c-9a66-d694a66f30d5 ] Request (ServersAdminTestJSON:test_create_server_with_scheduling_hint): 202 POST http://10.180.1.21/compute/v2.1/servers 2.411s
2025-04-03 08:07:24.539 69024 INFO tempest.lib.common.rest_client [req-328143f5-cb97-4671-b239-f846ebd55abc req-328143f5-cb97-4671-b239-f846ebd55abc ] Request (ServersWithSpecificFlavorTestJSON:test_verify_created_server_ephemeral_disk): 200 GET http://10.180.1.21/compute/v2.1/servers/50bb7509-b7e9-4dc3-9746-acd46010cc26 2.004s
2025-04-03 08:07:24.572 69014 INFO tempest.lib.common.rest_client [req-533f2da9-0373-48c5-8a8e-3caba5b15d80 req-533f2da9-0373-48c5-8a8e-3caba5b15d80 ] Request (QuotaClassesAdminTestJSON:setUpClass): 204 PUT http://10.180.1.21/identity/v3/projects/1363fff628f34d8e8ca1bd4bb7446a55/users/01028aeeb2cb4383a232da6cf7bfa02b/roles/893cc1bc207043eea98ffbe5a49282d9 0.132s
2025-04-03 08:07:24.572 69014 INFO tempest.lib.common.dynamic_creds [-] Dynamic test user 01028aeeb2cb4383a232da6cf7bfa02b is created with scope project and roles: ['member']
2025-04-03 08:07:24.573 69014 INFO tempest.lib.common.dynamic_creds [-] Acquired dynamic creds: credentials: Credentials: {'domain_id': 'default', 'domain_name': 'Default', 'username': 'tempest-QuotaClassesAdminTestJSON-960162408-project-member', 'project_domain_id': 'default', 'project_domain_name': 'Default', 'project_id': '1363fff628f34d8e8ca1bd4bb7446a55', 'project_name': 'tempest-QuotaClassesAdminTestJSON-960162408', 'tenant_id': '1363fff628f34d8e8ca1bd4bb7446a55', 'tenant_name': 'tempest-QuotaClassesAdminTestJSON-960162408', 'user_domain_id': 'default', 'user_domain_name': 'Default', 'user_id': '01028aeeb2cb4383a232da6cf7bfa02b', 'system': None}, Network: None, Subnet: None, Router: None
2025-04-03 08:07:24.573 69014 INFO tempest.lib.common.dynamic_creds [-] Created isolated network resources for: credentials: Credentials: {'domain_id': 'default', 'domain_name': 'Default', 'username': 'tempest-QuotaClassesAdminTestJSON-960162408-project-member', 'project_domain_id': 'default', 'project_domain_name': 'Default', 'project_id': '1363fff628f34d8e8ca1bd4bb7446a55', 'project_name': 'tempest-QuotaClassesAdminTestJSON-960162408', 'tenant_id': '1363fff628f34d8e8ca1bd4bb7446a55', 'tenant_name': 'tempest-QuotaClassesAdminTestJSON-960162408', 'user_domain_id': 'default', 'user_domain_name': 'Default', 'user_id': '01028aeeb2cb4383a232da6cf7bfa02b', 'system': None}, Network: None, Subnet: None, Router: None
2025-04-03 08:07:24.594 69012 INFO tempest.lib.common.rest_client [req-add1aefe-9092-44ff-bd96-aefc1cafb07a req-add1aefe-9092-44ff-bd96-aefc1cafb07a ] Request (ServerDiagnosticsTest:setUpClass): 201 POST http://10.180.1.21/identity/v3/auth/tokens 0.160s
2025-04-03 08:07:24.732 69014 INFO tempest.lib.common.rest_client [req-5fe0c7df-05ac-4db1-a7f3-b1098491a453 req-5fe0c7df-05ac-4db1-a7f3-b1098491a453 ] Request (QuotaClassesAdminTestJSON:setUpClass): 201 POST http://10.180.1.21/identity/v3/auth/tokens 0.155s
2025-04-03 08:07:24.816 68990 INFO tempest.lib.common.rest_client [req-d473183d-bb1f-431c-aa41-7c09c3bb7568 req-d473183d-bb1f-431c-aa41-7c09c3bb7568 ] Request (FlavorsAccessNegativeTestJSON:test_flavor_non_admin_remove): 200 POST http://10.180.1.21/compute/v2.1/flavors/1274977908/action 2.198s
