2025-04-03 08:06:59.993 68998 INFO tempest.lib.common.rest_client [req-1858eee1-cd70-42ab-a5f5-1ac6aa362ffd req-1858eee1-cd70-42ab-a5f5-1ac6aa362ffd ] Request (ImagesTestJSON:test_create_image_from_stopped_server): 200 GET http://10.180.1.21/compute/v2.1/servers/e84db5bd-b6ec-42ef-9c34-a4160c44d973 2.890s
2025-04-03 08:07:00.005 69051 INFO tempest.lib.common.rest_client [req-33bc2395-9622-4fb5-8263-825190bbe9da req-33bc2395-9622-4fb5-8263-825190bbe9da ] Request (VolumesAdminNegativeTest:setUpClass): 201 POST http://10.180.1.21:9696/networking/v2.0/subnets 0.806s
2025-04-03 08:07:00.006 68998 INFO tempest.common.waiters [-] State transition "BUILD/block_device_mapping" ==> "BUILD/spawning" after 9 second wait
2025-04-03 08:07:00.048 69018 INFO tempest.lib.common.rest_client [req-88a78448-04f4-4861-af7b-1688093f9c79 req-88a78448-04f4-4861-af7b-1688093f9c79 ] Request (SecurityGroupsNegativeTestJSON:tearDownClass): 204 DELETE http://10.180.1.21:9696/networking/v2.0/networks/2a7add79-e6db-4792-be37-c6969df1e62f 0.937s
2025-04-03 08:07:00.054 69035 INFO tempest.lib.common.rest_client [req-4caed84c-c516-44b2-be59-99350578b87a req-4caed84c-c516-44b2-be59-99350578b87a ] Request (SecurityGroupsTestAdminJSON:test_list_security_groups_list_all_tenants_filter): 200 GET http://10.180.1.21/compute/v2.1/os-security-groups?all_tenants=true 4.142s
2025-04-03 08:07:00.111 69033 INFO tempest.lib.common.rest_client [req-11646503-07b6-4ec2-a9be-4ce94efd79de req-11646503-07b6-4ec2-a9be-4ce94efd79de ] Request (HypervisorAdminNegativeUnderV252Test:tearDownClass): 200 GET http://10.180.1.21:9696/networking/v2.0/security-groups?tenant_id=afc6f528d1c64472a05fb43c2603a48e&name=default 0.591s
2025-04-03 08:07:00.195 69018 INFO tempest.lib.common.rest_client [req-1cfe0e42-0de6-49bc-aad5-0d7e54e31e2d req-1cfe0e42-0de6-49bc-aad5-0d7e54e31e2d ] Request (SecurityGroupsNegativeTestJSON:tearDownClass): 204 DELETE http://10.180.1.21/identity/v3/users/c0208086d2df4693b67fb8530065c65a 0.147s
2025-04-03 08:07:00.195 69018 INFO tempest.lib.common.dynamic_creds [-] Deleting project and security group for project: 512023729d6845bc91d9c05fa0fcf496
2025-04-03 08:07:00.219 69041 INFO tempest.lib.common.rest_client [req-f4816ed0-bdae-446a-a417-be65e38be92b req-f4816ed0-bdae-446a-a417-be65e38be92b ] Request (ListImagesTestJSON:test_get_image): 200 GET http://10.180.1.21/compute/v2.1/images/b84d9354-ef6b-46ca-9dae-6549fa89bbea 2.938s
2025-04-03 08:07:00.242 68990 INFO tempest.lib.common.rest_client [req-7ed535ce-3558-4eaa-9996-a5105d2a4174 req-7ed535ce-3558-4eaa-9996-a5105d2a4174 ] Request (FlavorsAccessNegativeTestJSON:_run_cleanups): 202 DELETE http://10.180.1.21/compute/v2.1/flavors/851009916 2.776s
2025-04-03 08:07:00.259 69012 INFO tempest.lib.common.rest_client [req-c579a8ed-15f6-40ef-b052-d87bbb17b733 req-c579a8ed-15f6-40ef-b052-d87bbb17b733 ] Request (HostsAdminNegativeTestJSON:test_show_host_detail_with_nonexistent_hostname): 404 GET http://10.180.1.21/compute/v2.1/os-hosts/nonexistent_hostname 2.786s
2025-04-03 08:07:00.272 69018 INFO tempest.lib.common.rest_client [req-1caac1cd-8a7c-412c-b2df-38e7b42bc231 req-1caac1cd-8a7c-412c-b2df-38e7b42bc231 ] Request (SecurityGroupsNegativeTestJSON:tearDownClass): 200 GET http://10.180.1.21:9696/networking/v2.0/security-groups?tenant_id=512023729d6845bc91d9c05fa0fcf496&name=default 0.076s
2025-04-03 08:07:00.307 69022 INFO tempest.lib.common.rest_client [req-d7301dca-91d4-4c33-89de-662e9a661dfe req-d7301dca-91d4-4c33-89de-662e9a661dfe ] Request (KeyPairsV22TestJSON:test_keypairs_create_list_delete): 201 POST http://10.180.1.21/compute/v2.1/os-keypairs 2.800s
2025-04-03 08:07:00.312 69033 INFO tempest.lib.common.rest_client [req-2c6e65c5-8fe3-4ad3-91c2-3649aee64113 req-2c6e65c5-8fe3-4ad3-91c2-3649aee64113 ] Request (HypervisorAdminNegativeUnderV252Test:tearDownClass): 204 DELETE http://10.180.1.21:9696/networking/v2.0/security-groups/2620e54b-7f97-4a7b-bc0c-ce964286ff7f 0.201s
2025-04-03 08:07:00.324 69024 INFO tempest.lib.common.rest_client [req-5decebd2-0af9-4272-95e5-172d3c13c35a req-5decebd2-0af9-4272-95e5-172d3c13c35a ] Request (ServersWithSpecificFlavorTestJSON:test_verify_created_server_ephemeral_disk): 200 GET http://10.180.1.21/compute/v2.1/flavors/42/os-extra_specs 2.695s
2025-04-03 08:07:00.338 69053 INFO tempest.lib.common.rest_client [req-ccb6f0b0-af88-4d6d-91d0-729c11ec442e req-ccb6f0b0-af88-4d6d-91d0-729c11ec442e ] Request (FlavorsAdminTestJSON:_run_cleanups): 202 DELETE http://10.180.1.21/compute/v2.1/flavors/1113204257 2.599s
2025-04-03 08:07:00.339 69004 INFO tempest.lib.common.rest_client [req-af5fc5ed-52ed-47e8-a88f-5ab3c552a6ec req-af5fc5ed-52ed-47e8-a88f-5ab3c552a6ec ] Request (VolumesAssistedSnapshotsTest:test_volume_assisted_snapshot_create_delete): 201 POST http://10.180.1.21:9696/networking/v2.0/floatingips 1.461s
2025-04-03 08:07:00.385 69018 INFO tempest.lib.common.rest_client [req-6773ae3a-05f8-456d-81bf-9f73e21c8462 req-6773ae3a-05f8-456d-81bf-9f73e21c8462 ] Request (SecurityGroupsNegativeTestJSON:tearDownClass): 204 DELETE http://10.180.1.21:9696/networking/v2.0/security-groups/bb4bd269-52b7-4812-a3c0-619b95e5dab3 0.112s
2025-04-03 08:07:00.441 69004 INFO tempest.lib.common.rest_client [req-1fc20aff-e83d-4724-bf78-2af9b64b1090 req-1fc20aff-e83d-4724-bf78-2af9b64b1090 ] Request (VolumesAssistedSnapshotsTest:test_volume_assisted_snapshot_create_delete): 201 POST http://10.180.1.21/identity/v3/auth/tokens 0.095s
2025-04-03 08:07:00.441 69004 INFO tempest.lib.common.fixed_network [-] (VolumesAssistedSnapshotsTest:test_volume_assisted_snapshot_create_delete) Found network {'id': 'ec06235b-8062-47c5-b224-7a61c2daddb4', 'name': 'tempest-VolumesAssistedSnapshotsTest-844083245-network', 'tenant_id': '8cda9cc02a4542dca3a0f16209eb4101', 'admin_state_up': True, 'mtu': 8950, 'status': 'ACTIVE', 'subnets': [], 'shared': False, 'project_id': '8cda9cc02a4542dca3a0f16209eb4101', 'port_security_enabled': True, 'router:external': False, 'provider:network_type': 'vlan', 'provider:physical_network': 'default', 'provider:segmentation_id': 729, 'availability_zone_hints': [], 'availability_zones': [], 'ipv4_address_scope': None, 'ipv6_address_scope': None, 'description': '', 'tags': [], 'created_at': '2025-04-03T08:06:38Z', 'updated_at': '2025-04-03T08:06:38Z', 'revision_number': 1} available for tenant
2025-04-03 08:07:00.476 69033 INFO tempest.lib.common.rest_client [req-52266c1d-7d95-43a6-81b6-efc6a3536722 req-52266c1d-7d95-43a6-81b6-efc6a3536722 ] Request (HypervisorAdminNegativeUnderV252Test:tearDownClass): 204 DELETE http://10.180.1.21/identity/v3/projects/afc6f528d1c64472a05fb43c2603a48e 0.163s
2025-04-03 08:07:00.476 69033 INFO tempest.lib.common.dynamic_creds [-] Deleting project and security group for project: 9bae665223d94d12b2629d0a5da93e62
2025-04-03 08:07:00.510 69026 INFO tempest.lib.common.rest_client [req-7ff8ab21-32e1-4db7-97e3-63de3df866a0 req-7ff8ab21-32e1-4db7-97e3-63de3df866a0 ] Request (QuotaClassesAdmin257Test:test_update_default_quotas): 200 PUT http://10.180.1.21/compute/v2.1/os-quota-class-sets/default 2.652s
2025-04-03 08:07:00.534 69050 INFO tempest.lib.common.rest_client [req-0a3b0f97-8b73-44d8-adaa-e6436a499c08 req-0a3b0f97-8b73-44d8-adaa-e6436a499c08 ] Request (KeyPairsV210TestJSON:_run_cleanups): 204 DELETE http://10.180.1.21/compute/v2.1/os-keypairs/tempest-KeyPairsV210TestJSON-keypair-1824637887 2.664s
2025-04-03 08:07:00.580 69018 INFO tempest.lib.common.rest_client [req-51941b1b-9891-438a-994d-141b064b7a30 req-51941b1b-9891-438a-994d-141b064b7a30 ] Request (SecurityGroupsNegativeTestJSON:tearDownClass): 204 DELETE http://10.180.1.21/identity/v3/projects/512023729d6845bc91d9c05fa0fcf496 0.195s
2025-04-03 08:07:00.636 69033 INFO tempest.lib.common.rest_client [req-a49f1002-a0d4-4e68-aae5-1f21ee7f426a req-a49f1002-a0d4-4e68-aae5-1f21ee7f426a ] Request (HypervisorAdminNegativeUnderV252Test:tearDownClass): 200 GET http://10.180.1.21:9696/networking/v2.0/security-groups?tenant_id=9bae665223d94d12b2629d0a5da93e62&name=default 0.159s
2025-04-03 08:07:00.641 69006 INFO tempest.lib.common.rest_client [req-417c6765-44a9-45ad-b3ba-aef98b4db827 req-417c6765-44a9-45ad-b3ba-aef98b4db827 ] Request (SecurityGroupRulesTestJSON:test_security_group_rules_delete_when_peer_group_deleted): 200 POST http://10.180.1.21/compute/v2.1/os-security-groups 3.473s
2025-04-03 08:07:00.665 69018 INFO tempest.lib.common.rest_client [req-00156737-81ad-423c-9055-d0b2c9d7c79c req-00156737-81ad-423c-9055-d0b2c9d7c79c ] Request (AZV2TestJSON:setUpClass): 201 POST http://10.180.1.21/identity/v3/auth/tokens 0.084s
2025-04-03 08:07:00.697 69047 INFO tempest.lib.common.rest_client [req-c6ce0414-7b72-437d-95ad-382c9c2e6b04 req-c6ce0414-7b72-437d-95ad-382c9c2e6b04 ] Request (ServerActionsTestOtherB:setUpClass): 200 PUT http://10.180.1.21:9696/networking/v2.0/routers/93fbf52d-f56a-4030-805c-b5dd6b61052f/add_router_interface 2.593s
2025-04-03 08:07:00.697 69047 INFO tempest.lib.common.dynamic_creds [-] Created isolated network resources for: credentials: Credentials: {'domain_id': 'default', 'domain_name': 'Default', 'username': 'tempest-ServerActionsTestOtherB-589403679-project-member', 'project_domain_id': 'default', 'project_domain_name': 'Default', 'project_id': '61ea6bfeb37d470a970e9c98e4827ade', 'project_name': 'tempest-ServerActionsTestOtherB-589403679', 'tenant_id': '61ea6bfeb37d470a970e9c98e4827ade', 'tenant_name': 'tempest-ServerActionsTestOtherB-589403679', 'user_domain_id': 'default', 'user_domain_name': 'Default', 'user_id': '3ce343abf0f14bb5b5141c50113ccf6b', 'system': None}, Network: {'id': 'cd9a6296-fa96-4117-b8b5-3884d0d16745', 'name': 'tempest-ServerActionsTestOtherB-1543887384-network', 'tenant_id': '61ea6bfeb37d470a970e9c98e4827ade', 'admin_state_up': True, 'mtu': 8950, 'status': 'ACTIVE', 'subnets': [], 'shared': False, 'project_id': '61ea6bfeb37d470a970e9c98e4827ade', 'port_security_enabled': True, 'router:external': False, 'provider:network_type': 'vlan', 'provider:physical_network': 'default', 'provider:segmentation_id': 203, 'availability_zone_hints': [], 'availability_zones': [], 'ipv4_address_scope': None, 'ipv6_address_scope': None, 'description': '', 'tags': [], 'created_at': '2025-04-03T08:06:55Z', 'updated_at': '2025-04-03T08:06:55Z', 'revision_number': 1}, Subnet: {'id': '09f79a1c-7650-407f-ba06-bc88f92f9965', 'name': 'tempest-ServerActionsTestOtherB-1543887384-subnet', 'tenant_id': '61ea6bfeb37d470a970e9c98e4827ade', 'network_id': 'cd9a6296-fa96-4117-b8b5-3884d0d16745', 'ip_version': 4, 'subnetpool_id': None, 'enable_dhcp': True, 'ipv6_ra_mode': None, 'ipv6_address_mode': None, 'gateway_ip': '192.168.128.1', 'cidr': '192.168.128.0/28', 'allocation_pools': [{'start': '192.168.128.2', 'end': '192.168.128.14'}], 'host_routes': [], 'dns_nameservers': [], 'description': '', 'router:external': False, 'service_types': [], 'tags': [], 'created_at': '2025-04-03T08:06:55Z', 'updated_at': '2025-04-03T08:06:55Z', 'revision_number': 0, 'project_id': '61ea6bfeb37d470a970e9c98e4827ade'}, Router: {'id': '93fbf52d-f56a-4030-805c-b5dd6b61052f', 'name': 'tempest-ServerActionsTestOtherB-1543887384-router', 'tenant_id': '61ea6bfeb37d470a970e9c98e4827ade', 'admin_state_up': True, 'status': 'ACTIVE', 'external_gateway_info': {'network_id': 'a43b096e-82c2-46c2-b7b4-c64e1e75b7fa', 'external_fixed_ips': [{'subnet_id': '11d41a4e-91aa-4a56-a8f8-df19e9c5f608', 'ip_address': '10.180.180.175'}], 'enable_snat': True}, 'description': '', 'availability_zones': [], 'distributed': False, 'ha': False, 'availability_zone_hints': [], 'routes': [], 'flavor_id': None, 'tags': [], 'created_at': '2025-04-03T08:06:55Z', 'updated_at': '2025-04-03T08:06:57Z', 'revision_number': 2, 'project_id': '61ea6bfeb37d470a970e9c98e4827ade'}
2025-04-03 08:07:00.707 69043 INFO tempest.lib.common.rest_client [req-e02cf93f-fb66-4da7-b6b3-554b0d7b5046 req-e02cf93f-fb66-4da7-b6b3-554b0d7b5046 ] Request (ServicesAdminNegativeV253TestJSON:test_list_services_with_non_admin_user): 403 GET http://10.180.1.21/compute/v2.1/os-services 2.435s
2025-04-03 08:07:00.713 69018 INFO tempest.lib.common.rest_client [req-12b4f696-9089-4955-8b41-b3736c5c3461 req-12b4f696-9089-4955-8b41-b3736c5c3461 ] Request (AZV2TestJSON:setUpClass): 201 POST http://10.180.1.21/identity/v3/auth/tokens 0.046s
2025-04-03 08:07:00.736 69031 INFO tempest.lib.common.rest_client [req-f7d2ecba-08ca-4dde-8683-258e39db1d4c req-f7d2ecba-08ca-4dde-8683-258e39db1d4c ] Request (AggregatesAdminNegativeTestJSON:_run_cleanups): 200 DELETE http://10.180.1.21/compute/v2.1/os-aggregates/1 2.047s
2025-04-03 08:07:00.758 68994 INFO tempest.lib.common.rest_client [req-f3083205-82f3-4903-9d37-bd0b236e5422 req-f3083205-82f3-4903-9d37-bd0b236e5422 ] Request (ServersAdmin275Test:test_rebuild_update_server_275): 200 GET http://10.180.1.21/compute/v2.1/servers/89ccc16e-d0e5-4f7d-985c-8693188e7ed5 2.470s
2025-04-03 08:07:00.770 68994 INFO tempest.common.waiters [-] State transition "BUILD/networking" ==> "BUILD/spawning" after 6 second wait
2025-04-03 08:07:00.771 68996 INFO tempest.lib.common.rest_client [req-1450c967-80ac-4edd-aad3-83da797e28d2 req-1450c967-80ac-4edd-aad3-83da797e28d2 ] Request (FlavorsV2TestJSON:test_list_flavors_detailed_filter_by_min_disk): 200 GET http://10.180.1.21/compute/v2.1/flavors/42 2.061s
2025-04-03 08:07:00.776 69033 INFO tempest.lib.common.rest_client [req-8b84b3c5-e929-4960-a80a-44a0b41c8b79 req-8b84b3c5-e929-4960-a80a-44a0b41c8b79 ] Request (HypervisorAdminNegativeUnderV252Test:tearDownClass): 204 DELETE http://10.180.1.21:9696/networking/v2.0/security-groups/53dcbbf7-4179-464e-8a94-aa07ed692e08 0.139s
2025-04-03 08:07:00.806 69047 INFO tempest.lib.common.rest_client [req-9f792bcb-e555-44be-9184-16b92e359c50 req-9f792bcb-e555-44be-9184-16b92e359c50 ] Request (ServerActionsTestOtherB:setUpClass): 201 POST http://10.180.1.21/identity/v3/auth/tokens 0.103s
2025-04-03 08:07:00.809 69043 INFO tempest.lib.common.rest_client [req-9abb3e1c-da1b-42fb-9feb-541c42c263b0 req-9abb3e1c-da1b-42fb-9feb-541c42c263b0 ] Request (ServicesAdminNegativeV253TestJSON:tearDownClass): 204 DELETE http://10.180.1.21/identity/v3/users/9d4f3b741d444513bd4f15041382f866 0.099s
2025-04-03 08:07:00.846 69039 INFO tempest.lib.common.rest_client [req-b26e0da3-5707-4069-b902-026991cb18e3 req-b26e0da3-5707-4069-b902-026991cb18e3 ] Request (ServersAaction247Test:test_create_backup): 200 GET http://10.180.1.21/compute/v2.1/servers/0d085a22-ef61-4ecd-a4c3-3be4b0fa6fae 2.134s
2025-04-03 08:07:00.858 69039 INFO tempest.common.waiters [-] State transition "BUILD/spawning" ==> "ACTIVE/None" after 15 second wait
2025-04-03 08:07:00.865 69018 INFO tempest.lib.common.rest_client [req-6ed7527e-8e60-4014-b913-0f9eee515f5e req-6ed7527e-8e60-4014-b913-0f9eee515f5e ] Request (AZV2TestJSON:setUpClass): 200 GET http://10.180.1.21/identity/v3/domains?name=Default 0.151s
2025-04-03 08:07:00.904 69016 INFO tempest.lib.common.rest_client [req-ee400a53-0568-44b8-a25b-a27fa33046ee req-ee400a53-0568-44b8-a25b-a27fa33046ee ] Request (HypervisorAdminNegativeTestJSON:test_get_hypervisor_list_details_with_non_admin_user): 403 GET http://10.180.1.21/compute/v2.1/os-hypervisors/detail 2.198s
2025-04-03 08:07:00.928 69008 INFO tempest.lib.common.rest_client [req-3041db9d-ebd2-4f67-b0aa-24fd6dbc8743 req-3041db9d-ebd2-4f67-b0aa-24fd6dbc8743 ] Request (FlavorsV255TestJSON:_run_cleanups): 200 GET http://10.180.1.21/compute/v2.1/flavors/detail 2.042s
2025-04-03 08:07:00.938 69033 INFO tempest.lib.common.rest_client [req-89ad3fd7-439e-44dc-88d4-b5e07af67aa0 req-89ad3fd7-439e-44dc-88d4-b5e07af67aa0 ] Request (HypervisorAdminNegativeUnderV252Test:tearDownClass): 204 DELETE http://10.180.1.21/identity/v3/projects/9bae665223d94d12b2629d0a5da93e62 0.162s
2025-04-03 08:07:00.975 69043 INFO tempest.lib.common.rest_client [req-d06b1d9c-bf0e-4919-8a25-c6a14917fd77 req-d06b1d9c-bf0e-4919-8a25-c6a14917fd77 ] Request (ServicesAdminNegativeV253TestJSON:tearDownClass): 204 DELETE http://10.180.1.21/identity/v3/users/197927c501a949229bfd411fd69f42f0 0.165s
2025-04-03 08:07:00.975 69043 INFO tempest.lib.common.dynamic_creds [-] Deleting project and security group for project: 41f76e3b2b924b13b90cfa250204f677
2025-04-03 08:07:00.992 69002 INFO tempest.lib.common.rest_client [req-c5ef464e-33b5-4da2-8ac2-6a4b4e478924 req-c5ef464e-33b5-4da2-8ac2-6a4b4e478924 ] Request (ServersAdminTestJSON:setUpClass): 200 GET http://10.180.1.21/compute/v2.1/servers/02d4aee3-7267-4658-a277-8a9a00dd9f6e 1.749s
2025-04-03 08:07:01.056 69018 INFO tempest.lib.common.rest_client [req-a6681efd-b88f-4ef6-986c-382b53d302f4 req-a6681efd-b88f-4ef6-986c-382b53d302f4 ] Request (AZV2TestJSON:setUpClass): 201 POST http://10.180.1.21/identity/v3/projects 0.190s
2025-04-03 08:07:01.073 69008 INFO tempest.lib.common.rest_client [req-d7a36508-9901-4a9f-9fb4-2dbebb37c854 req-d7a36508-9901-4a9f-9fb4-2dbebb37c854 ] Request (FlavorsV255TestJSON:tearDownClass): 204 DELETE http://10.180.1.21/identity/v3/users/42f43f9ef283489ba38baa02383f49c6 0.132s
2025-04-03 08:07:01.140 69033 INFO tempest.lib.common.rest_client [req-e0c59bcd-d558-4a74-8139-f0f40898b79f req-e0c59bcd-d558-4a74-8139-f0f40898b79f ] Request (ServerAddressesTestJSON:setUpClass): 201 POST http://10.180.1.21/identity/v3/auth/tokens 0.198s
2025-04-03 08:07:01.172 69043 INFO tempest.lib.common.rest_client [req-5e8d4ae4-88d8-4116-8ace-ad9c9d39411e req-5e8d4ae4-88d8-4116-8ace-ad9c9d39411e ] Request (ServicesAdminNegativeV253TestJSON:tearDownClass): 201 POST http://10.180.1.21/identity/v3/auth/tokens 0.197s
2025-04-03 08:07:01.253 69018 INFO tempest.lib.common.rest_client [req-f9c22e51-03ec-4f51-9875-eba87c163f8c req-f9c22e51-03ec-4f51-9875-eba87c163f8c ] Request (AZV2TestJSON:setUpClass): 201 POST http://10.180.1.21/identity/v3/users 0.195s
2025-04-03 08:07:01.263 68992 INFO tempest.lib.common.rest_client [req-5124cd58-5d0b-4a68-8e5b-9432395f655b req-5124cd58-5d0b-4a68-8e5b-9432395f655b ] Request (QuotasAdminNegativeTest:test_create_server_when_instances_quota_is_full): 200 PUT http://10.180.1.21/compute/v2.1/os-quota-sets/44f4fe966c714c66970d5c0e53a4d5e1 2.393s
2025-04-03 08:07:01.272 69014 INFO tempest.lib.common.rest_client [req-b30c5bc0-658f-4890-823e-51afb5423cad req-b30c5bc0-658f-4890-823e-51afb5423cad ] Request (FlavorsExtraSpecsNegativeTestJSON:test_flavor_non_admin_update_specific_key): 403 PUT http://10.180.1.21/compute/v2.1/flavors/472200358/os-extra_specs/hw:numa_nodes 1.862s
2025-04-03 08:07:01.307 69045 INFO tempest.lib.common.rest_client [req-ebefa01e-d6a0-45d9-8eea-e481c9ce528c req-ebefa01e-d6a0-45d9-8eea-e481c9ce528c ] Request (FlavorsV261TestJSON:_run_cleanups): 200 GET http://10.180.1.21/compute/v2.1/flavors/detail 1.876s
2025-04-03 08:07:01.330 69008 INFO tempest.lib.common.rest_client [req-2aa3557d-6753-4a17-a73c-93afd7e353bb req-2aa3557d-6753-4a17-a73c-93afd7e353bb ] Request (FlavorsV255TestJSON:tearDownClass): 204 DELETE http://10.180.1.21/identity/v3/users/e50f9d1553f742459b160654759942a6 0.255s
2025-04-03 08:07:01.330 69008 INFO tempest.lib.common.dynamic_creds [-] Deleting project and security group for project: 7d4c8b5a9b464d03b11b35cad21161af
2025-04-03 08:07:01.349 69033 INFO tempest.lib.common.rest_client [req-cc60fe2d-cb28-4068-88a8-4ed4df5f932b req-cc60fe2d-cb28-4068-88a8-4ed4df5f932b ] Request (ServerAddressesTestJSON:setUpClass): 201 POST http://10.180.1.21/identity/v3/auth/tokens 0.206s
2025-04-03 08:07:01.405 69018 INFO tempest.lib.common.rest_client [req-f8cf51d5-70c9-45a4-9e06-193f5105ec93 req-f8cf51d5-70c9-45a4-9e06-193f5105ec93 ] Request (AZV2TestJSON:setUpClass): 200 GET http://10.180.1.21/identity/v3/roles 0.152s
2025-04-03 08:07:01.415 69020 INFO tempest.lib.common.rest_client [req-e8b17a47-582e-4236-a7d9-f1af03191d0a req-e8b17a47-582e-4236-a7d9-f1af03191d0a ] Request (ServerDiagnosticsV248Test:test_get_server_diagnostics): 202 POST http://10.180.1.21/compute/v2.1/servers 2.007s
2025-04-03 08:07:01.456 69008 INFO tempest.lib.common.rest_client [req-69a19984-520a-4d96-8175-b49920866c1c req-69a19984-520a-4d96-8175-b49920866c1c ] Request (FlavorsV255TestJSON:tearDownClass): 201 POST http://10.180.1.21/identity/v3/auth/tokens 0.126s
2025-04-03 08:07:01.459 68992 INFO tempest.lib.common.rest_client [req-2ece13c1-d84b-477f-aa9a-2bc04259bd1c req-2ece13c1-d84b-477f-aa9a-2bc04259bd1c ] Request (QuotasAdminNegativeTest:test_create_server_when_instances_quota_is_full): 201 POST http://10.180.1.21/identity/v3/auth/tokens 0.186s
2025-04-03 08:07:01.460 68992 INFO tempest.lib.common.fixed_network [-] (QuotasAdminNegativeTest:test_create_server_when_instances_quota_is_full) Found network None available for tenant
2025-04-03 08:07:01.478 69033 INFO tempest.lib.common.rest_client [req-a459baec-0273-4e95-b9f0-486758a5df16 req-a459baec-0273-4e95-b9f0-486758a5df16 ] Request (ServerAddressesTestJSON:setUpClass): 200 GET http://10.180.1.21/identity/v3/domains?name=Default 0.128s
2025-04-03 08:07:01.502 69018 INFO tempest.lib.common.rest_client [req-8c700263-c648-4540-9fb3-51c872bf144c req-8c700263-c648-4540-9fb3-51c872bf144c ] Request (AZV2TestJSON:setUpClass): 204 PUT http://10.180.1.21/identity/v3/projects/cc07ba15ce90422eb42e638368dbeca5/users/e2c000ffc79d4a42b3ba00690c37c8aa/roles/893cc1bc207043eea98ffbe5a49282d9 0.096s
2025-04-03 08:07:01.503 69018 INFO tempest.lib.common.dynamic_creds [-] Dynamic test user e2c000ffc79d4a42b3ba00690c37c8aa is created with scope project and roles: ['member']
2025-04-03 08:07:01.503 69018 INFO tempest.lib.common.dynamic_creds [-] Acquired dynamic creds: credentials: Credentials: {'domain_id': 'default', 'domain_name': 'Default', 'username': 'tempest-AZV2TestJSON-809415652-project-member', 'project_domain_id': 'default', 'project_domain_name': 'Default', 'project_id': 'cc07ba15ce90422eb42e638368dbeca5', 'project_name': 'tempest-AZV2TestJSON-809415652', 'tenant_id': 'cc07ba15ce90422eb42e638368dbeca5', 'tenant_name': 'tempest-AZV2TestJSON-809415652', 'user_domain_id': 'default', 'user_domain_name': 'Default', 'user_id': 'e2c000ffc79d4a42b3ba00690c37c8aa', 'system': None}, Network: None, Subnet: None, Router: None
2025-04-03 08:07:01.503 69018 INFO tempest.lib.common.dynamic_creds [-] Created isolated network resources for: credentials: Credentials: {'domain_id': 'default', 'domain_name': 'Default', 'username': 'tempest-AZV2TestJSON-809415652-project-member', 'project_domain_id': 'default', 'project_domain_name': 'Default', 'project_id': 'cc07ba15ce90422eb42e638368dbeca5', 'project_name': 'tempest-AZV2TestJSON-809415652', 'tenant_id': 'cc07ba15ce90422eb42e638368dbeca5', 'tenant_name': 'tempest-AZV2TestJSON-809415652', 'user_domain_id': 'default', 'user_domain_name': 'Default', 'user_id': 'e2c000ffc79d4a42b3ba00690c37c8aa', 'system': None}, Network: None, Subnet: None, Router: None
2025-04-03 08:07:01.526 69045 INFO tempest.lib.common.rest_client [req-040b0620-2476-492b-a151-4c96c8c42f2f req-040b0620-2476-492b-a151-4c96c8c42f2f ] Request (FlavorsV261TestJSON:tearDownClass): 204 DELETE http://10.180.1.21/identity/v3/users/f36915aa689e424495dfc1a747b3b60d 0.198s
2025-04-03 08:07:01.557 69043 INFO tempest.lib.common.rest_client [req-db5a5573-1944-48b9-b847-6a8abf470261 req-db5a5573-1944-48b9-b847-6a8abf470261 ] Request (ServicesAdminNegativeV253TestJSON:tearDownClass): 200 GET http://10.180.1.21:9696/networking/v2.0/security-groups?tenant_id=41f76e3b2b924b13b90cfa250204f677&name=default 0.384s
2025-04-03 08:07:01.602 69051 INFO tempest.lib.common.rest_client [req-e96c57cc-230a-458e-8046-cdfc8460e490 req-e96c57cc-230a-458e-8046-cdfc8460e490 ] Request (VolumesAdminNegativeTest:setUpClass): 201 POST http://10.180.1.21:9696/networking/v2.0/routers 1.597s
2025-04-03 08:07:01.637 69028 INFO tempest.lib.common.rest_client [req-de021828-bf35-4bdd-8673-6407d9674422 req-de021828-bf35-4bdd-8673-6407d9674422 ] Request (InstanceUsageAuditLogNegativeTestJSON:test_get_instance_usage_audit_logs_with_invalid_time): 400 GET http://10.180.1.21/compute/v2.1/os-instance_usage_audit_log/invalid_time 1.686s
2025-04-03 08:07:01.655 69033 INFO tempest.lib.common.rest_client [req-63a55d40-498c-4924-906d-d112a74daeaf req-63a55d40-498c-4924-906d-d112a74daeaf ] Request (ServerAddressesTestJSON:setUpClass): 201 POST http://10.180.1.21/identity/v3/projects 0.177s
2025-04-03 08:07:01.684 69037 INFO tempest.lib.common.rest_client [req-dcfc32ed-d38b-41e1-8e7b-b25e622f6474 req-dcfc32ed-d38b-41e1-8e7b-b25e622f6474 ] Request (ListServerFiltersTestJSON:setUpClass): 202 POST http://10.180.1.21/compute/v2.1/servers 1.782s
2025-04-03 08:07:01.699 69018 INFO tempest.lib.common.rest_client [req-637ecd06-6e51-4740-9bcd-92e24eebdf10 req-637ecd06-6e51-4740-9bcd-92e24eebdf10 ] Request (AZV2TestJSON:setUpClass): 201 POST http://10.180.1.21/identity/v3/auth/tokens 0.192s
2025-04-03 08:07:01.732 69033 INFO tempest.lib.common.rest_client [req-cd1efb8d-f26e-4cdb-bd8f-0954204c1a41 req-cd1efb8d-f26e-4cdb-bd8f-0954204c1a41 ] Request (ServerAddressesTestJSON:setUpClass): 201 POST http://10.180.1.21/identity/v3/users 0.075s
2025-04-03 08:07:01.743 69043 INFO tempest.lib.common.rest_client [req-f8ab1f4b-7eb9-4deb-97a5-e829d047ea6c req-f8ab1f4b-7eb9-4deb-97a5-e829d047ea6c ] Request (ServicesAdminNegativeV253TestJSON:tearDownClass): 204 DELETE http://10.180.1.21:9696/networking/v2.0/security-groups/29101207-1cce-4270-8de8-49ecf6dfcfe0 0.185s
2025-04-03 08:07:01.757 69041 INFO tempest.lib.common.rest_client [req-c12b3dd9-b17f-41b8-ae86-0fa5f9819832 req-c12b3dd9-b17f-41b8-ae86-0fa5f9819832 ] Request (ListImagesTestJSON:test_list_images): 200 GET http://10.180.1.21/compute/v2.1/images 1.530s
2025-04-03 08:07:01.767 69045 INFO tempest.lib.common.rest_client [req-ebbafc32-4024-4d35-b59d-0f5eabd1ac74 req-ebbafc32-4024-4d35-b59d-0f5eabd1ac74 ] Request (FlavorsV261TestJSON:tearDownClass): 204 DELETE http://10.180.1.21/identity/v3/users/322cf369ccf4437f9aa90c0210a3eef8 0.241s
2025-04-03 08:07:01.768 69045 INFO tempest.lib.common.dynamic_creds [-] Deleting project and security group for project: 3d4008c1910046ee8981dc668cb22494
2025-04-03 08:07:01.784 68990 INFO tempest.lib.common.rest_client [req-7243d746-faea-48f3-8598-7ac968c371c2 req-7243d746-faea-48f3-8598-7ac968c371c2 ] Request (FlavorsAccessNegativeTestJSON:_run_cleanups): 200 GET http://10.180.1.21/compute/v2.1/flavors/detail 1.542s
2025-04-03 08:07:01.788 69033 INFO tempest.lib.common.rest_client [req-36ed2fdf-eca0-404b-a3e9-f659e2d1d93f req-36ed2fdf-eca0-404b-a3e9-f659e2d1d93f ] Request (ServerAddressesTestJSON:setUpClass): 200 GET http://10.180.1.21/identity/v3/roles 0.055s
2025-04-03 08:07:01.810 69035 INFO tempest.lib.common.rest_client [req-58f1e161-b956-4b97-a37c-439f826630f5 req-58f1e161-b956-4b97-a37c-439f826630f5 ] Request (SecurityGroupsTestAdminJSON:test_list_security_groups_list_all_tenants_filter): 200 GET http://10.180.1.21/compute/v2.1/os-security-groups?all_tenants=true 1.742s
2025-04-03 08:07:01.820 69012 INFO tempest.lib.common.rest_client [req-9016ff8b-9c11-4434-8c9a-7b66dcd1761f req-9016ff8b-9c11-4434-8c9a-7b66dcd1761f ] Request (HostsAdminNegativeTestJSON:test_shutdown_host_with_non_admin_user): 403 GET http://10.180.1.21/compute/v2.1/os-hosts/devstack/shutdown 1.559s
2025-04-03 08:07:01.828 69045 INFO tempest.lib.common.rest_client [req-7029828e-7628-408c-913e-b48e6638d942 req-7029828e-7628-408c-913e-b48e6638d942 ] Request (FlavorsV261TestJSON:tearDownClass): 201 POST http://10.180.1.21/identity/v3/auth/tokens 0.060s
2025-04-03 08:07:01.853 69022 INFO tempest.lib.common.rest_client [req-770bd548-6abf-4836-afe8-59a5ee778901 req-770bd548-6abf-4836-afe8-59a5ee778901 ] Request (KeyPairsV22TestJSON:test_keypairs_create_list_delete): 201 POST http://10.180.1.21/compute/v2.1/os-keypairs 1.543s
2025-04-03 08:07:01.862 69043 INFO tempest.lib.common.rest_client [req-c4abd48a-f59d-441b-a265-4234c71299a5 req-c4abd48a-f59d-441b-a265-4234c71299a5 ] Request (ServicesAdminNegativeV253TestJSON:tearDownClass): 204 DELETE http://10.180.1.21/identity/v3/projects/41f76e3b2b924b13b90cfa250204f677 0.118s
2025-04-03 08:07:01.862 69043 INFO tempest.lib.common.dynamic_creds [-] Deleting project and security group for project: 152d4dc7183c47249d109c22071dec08
2025-04-03 08:07:01.880 69024 INFO tempest.lib.common.rest_client [req-c09e5cdd-3f6b-44f3-974a-16ae477c5428 req-c09e5cdd-3f6b-44f3-974a-16ae477c5428 ] Request (ServersWithSpecificFlavorTestJSON:test_verify_created_server_ephemeral_disk): 200 POST http://10.180.1.21/compute/v2.1/flavors/4266884/os-extra_specs 1.554s
2025-04-03 08:07:01.894 69033 INFO tempest.lib.common.rest_client [req-02f352de-039c-4b04-b3d3-ee0bf2cf8283 req-02f352de-039c-4b04-b3d3-ee0bf2cf8283 ] Request (ServerAddressesTestJSON:setUpClass): 204 PUT http://10.180.1.21/identity/v3/projects/c1c92eae8a804dda9dc372705034e8be/users/eaf919eaf2c344da9bba87d62e4c4f3f/roles/893cc1bc207043eea98ffbe5a49282d9 0.106s
2025-04-03 08:07:01.894 69033 INFO tempest.lib.common.dynamic_creds [-] Dynamic test user eaf919eaf2c344da9bba87d62e4c4f3f is created with scope project and roles: ['member']
2025-04-03 08:07:01.894 69033 INFO tempest.lib.common.dynamic_creds [-] Acquired dynamic creds: credentials: Credentials: {'domain_id': 'default', 'domain_name': 'Default', 'username': 'tempest-ServerAddressesTestJSON-1371612918-project-member', 'project_domain_id': 'default', 'project_domain_name': 'Default', 'project_id': 'c1c92eae8a804dda9dc372705034e8be', 'project_name': 'tempest-ServerAddressesTestJSON-1371612918', 'tenant_id': 'c1c92eae8a804dda9dc372705034e8be', 'tenant_name': 'tempest-ServerAddressesTestJSON-1371612918', 'user_domain_id': 'default', 'user_domain_name': 'Default', 'user_id': 'eaf919eaf2c344da9bba87d62e4c4f3f', 'system': None}, Network: None, Subnet: None, Router: None
2025-04-03 08:07:01.906 69053 INFO tempest.lib.common.rest_client [req-43bd9e3a-1105-41df-9e9f-635f6d747ca8 req-43bd9e3a-1105-41df-9e9f-635f6d747ca8 ] Request (FlavorsAdminTestJSON:_run_cleanups): 200 GET http://10.180.1.21/compute/v2.1/flavors/detail 1.567s
2025-04-03 08:07:01.940 69008 INFO tempest.lib.common.rest_client [req-82bb538f-8aa1-47a1-bef2-f71f56b60e2b req-82bb538f-8aa1-47a1-bef2-f71f56b60e2b ] Request (FlavorsV255TestJSON:tearDownClass): 200 GET http://10.180.1.21:9696/networking/v2.0/security-groups?tenant_id=7d4c8b5a9b464d03b11b35cad21161af&name=default 0.483s
2025-04-03 08:07:01.966 69033 INFO tempest.lib.common.rest_client [req-2f745980-add3-4b16-975c-b63754d2238b req-2f745980-add3-4b16-975c-b63754d2238b ] Request (ServerAddressesTestJSON:setUpClass): 201 POST http://10.180.1.21/identity/v3/auth/tokens 0.072s
2025-04-03 08:07:02.060 69043 INFO tempest.lib.common.rest_client [req-c839dc03-983c-47c8-89c7-234d8953abb2 req-c839dc03-983c-47c8-89c7-234d8953abb2 ] Request (ServicesAdminNegativeV253TestJSON:tearDownClass): 200 GET http://10.180.1.21:9696/networking/v2.0/security-groups?tenant_id=152d4dc7183c47249d109c22071dec08&name=default 0.197s
2025-04-03 08:07:02.066 69010 INFO tempest.lib.common.rest_client [req-13d49668-df6b-4222-9ac5-4fcbe1a1f5bf req-13d49668-df6b-4222-9ac5-4fcbe1a1f5bf ] Request (FloatingIPsAssociationNegativeTestJSON:setUpClass): 200 GET http://10.180.1.21/compute/v2.1/servers/58830b0e-dbf3-424d-8b9a-bb298b6bea21 1.821s
2025-04-03 08:07:02.081 69026 INFO tempest.lib.common.rest_client [req-85495752-3c6a-411f-ac9f-a320dd88b1d4 req-85495752-3c6a-411f-ac9f-a320dd88b1d4 ] Request (QuotaClassesAdmin257Test:test_update_default_quotas): 200 GET http://10.180.1.21/compute/v2.1/os-quota-class-sets/default 1.568s
2025-04-03 08:07:02.099 69050 INFO tempest.lib.common.rest_client [req-244ad316-60b6-4c00-9cd7-0b3c4a0fbec9 req-244ad316-60b6-4c00-9cd7-0b3c4a0fbec9 ] Request (KeyPairsV210TestJSON:_run_cleanups): 204 DELETE http://10.180.1.21/compute/v2.1/os-keypairs/tempest-keypair-941187237?user_id=4066c33e5c3c49eca73aa6d0776921bd 1.564s
2025-04-03 08:07:02.262 69008 INFO tempest.lib.common.rest_client [req-cfaa3289-68c0-4d1b-8d83-e9a56af2f6f6 req-cfaa3289-68c0-4d1b-8d83-e9a56af2f6f6 ] Request (FlavorsV255TestJSON:tearDownClass): 204 DELETE http://10.180.1.21:9696/networking/v2.0/security-groups/5b36f7dd-0f57-43b6-b4e2-fc952432241e 0.322s
2025-04-03 08:07:02.348 69008 INFO tempest.lib.common.rest_client [req-e148c8ae-04ba-422c-8e2f-e516d6fc9a42 req-e148c8ae-04ba-422c-8e2f-e516d6fc9a42 ] Request (FlavorsV255TestJSON:tearDownClass): 204 DELETE http://10.180.1.21/identity/v3/projects/7d4c8b5a9b464d03b11b35cad21161af 0.086s
2025-04-03 08:07:02.348 69008 INFO tempest.lib.common.dynamic_creds [-] Deleting project and security group for project: 3f6944e036ec4c1a886be10c55791564
2025-04-03 08:07:02.427 69043 INFO tempest.lib.common.rest_client [req-5f903d11-6a3d-40ee-bc48-cdaa61cf30f5 req-5f903d11-6a3d-40ee-bc48-cdaa61cf30f5 ] Request (ServicesAdminNegativeV253TestJSON:tearDownClass): 204 DELETE http://10.180.1.21:9696/networking/v2.0/security-groups/f77cdf38-3deb-402f-acec-acab9a50976a 0.366s
2025-04-03 08:07:02.430 69045 INFO tempest.lib.common.rest_client [req-2ffadd41-abcd-4418-9fd8-c83bafac96e4 req-2ffadd41-abcd-4418-9fd8-c83bafac96e4 ] Request (FlavorsV261TestJSON:tearDownClass): 200 GET http://10.180.1.21:9696/networking/v2.0/security-groups?tenant_id=3d4008c1910046ee8981dc668cb22494&name=default 0.601s
2025-04-03 08:07:02.520 69043 INFO tempest.lib.common.rest_client [req-0ee71ac3-fa82-4a79-aa65-37efb54aed81 req-0ee71ac3-fa82-4a79-aa65-37efb54aed81 ] Request (ServicesAdminNegativeV253TestJSON:tearDownClass): 204 DELETE http://10.180.1.21/identity/v3/projects/152d4dc7183c47249d109c22071dec08 0.093s
2025-04-03 08:07:02.579 69045 INFO tempest.lib.common.rest_client [req-3c11b550-feb3-4705-845e-b3be63b6644a req-3c11b550-feb3-4705-845e-b3be63b6644a ] Request (FlavorsV261TestJSON:tearDownClass): 204 DELETE http://10.180.1.21:9696/networking/v2.0/security-groups/866e0d00-49f5-4d68-90dd-6d0f77bffa6e 0.148s
2025-04-03 08:07:02.604 69043 INFO tempest.lib.common.rest_client [req-c7e09a9d-3d19-4bdb-ac49-299672a0dcaf req-c7e09a9d-3d19-4bdb-ac49-299672a0dcaf ] Request (FloatingIPsAssociationTestJSON:setUpClass): 201 POST http://10.180.1.21/identity/v3/auth/tokens 0.082s
2025-04-03 08:07:02.648 69043 INFO tempest.lib.common.rest_client [req-5e737503-8d51-4d50-91ae-b74b934eb46d req-5e737503-8d51-4d50-91ae-b74b934eb46d ] Request (FloatingIPsAssociationTestJSON:setUpClass): 201 POST http://10.180.1.21/identity/v3/auth/tokens 0.041s
2025-04-03 08:07:02.678 69043 INFO tempest.lib.common.rest_client [req-e2362026-8e33-463a-8156-f600265e4513 req-e2362026-8e33-463a-8156-f600265e4513 ] Request (FloatingIPsAssociationTestJSON:setUpClass): 200 GET http://10.180.1.21/identity/v3/domains?name=Default 0.029s
2025-04-03 08:07:02.703 69045 INFO tempest.lib.common.rest_client [req-6347acd4-1bb1-4da3-b89f-d07c13c11551 req-6347acd4-1bb1-4da3-b89f-d07c13c11551 ] Request (FlavorsV261TestJSON:tearDownClass): 204 DELETE http://10.180.1.21/identity/v3/projects/3d4008c1910046ee8981dc668cb22494 0.124s
2025-04-03 08:07:02.704 69045 INFO tempest.lib.common.dynamic_creds [-] Deleting project and security group for project: efc29b90dbcc40169d52cdd6fa886db4
2025-04-03 08:07:02.709 69004 INFO tempest.lib.common.rest_client [req-0c2d1e3e-f287-45dd-8566-79a0dadd8371 req-0c2d1e3e-f287-45dd-8566-79a0dadd8371 ] Request (VolumesAssistedSnapshotsTest:test_volume_assisted_snapshot_create_delete): 202 POST http://10.180.1.21/compute/v2.1/servers 2.267s
2025-04-03 08:07:02.748 69031 INFO tempest.lib.common.rest_client [req-2d0cafd3-2c07-4695-8a55-4721c5e842c6 req-2d0cafd3-2c07-4695-8a55-4721c5e842c6 ] Request (AggregatesAdminNegativeTestJSON:test_aggregate_add_host_as_user): 200 POST http://10.180.1.21/compute/v2.1/os-aggregates 2.005s
2025-04-03 08:07:02.770 69043 INFO tempest.lib.common.rest_client [req-1d355c86-bacb-402c-83d5-dc09b1dcf4e2 req-1d355c86-bacb-402c-83d5-dc09b1dcf4e2 ] Request (FloatingIPsAssociationTestJSON:setUpClass): 201 POST http://10.180.1.21/identity/v3/projects 0.091s
2025-04-03 08:07:02.775 69006 INFO tempest.lib.common.rest_client [req-e0894232-e5bc-42ef-9faf-7b84f0af48f3 req-e0894232-e5bc-42ef-9faf-7b84f0af48f3 ] Request (SecurityGroupRulesTestJSON:test_security_group_rules_delete_when_peer_group_deleted): 200 POST http://10.180.1.21/compute/v2.1/os-security-group-rules 2.128s
2025-04-03 08:07:02.779 68996 INFO tempest.lib.common.rest_client [req-5233436a-be75-48a3-adad-436107b8630f req-5233436a-be75-48a3-adad-436107b8630f ] Request (FlavorsV2TestJSON:test_list_flavors_detailed_filter_by_min_disk): 200 GET http://10.180.1.21/compute/v2.1/flavors/detail?minDisk=2 2.005s
2025-04-03 08:07:02.801 69000 INFO tempest.lib.common.rest_client [req-36c6b54e-656d-4beb-8821-a9fac51f04bb req-36c6b54e-656d-4beb-8821-a9fac51f04bb ] Request (HostsAdminTestJSON:test_list_hosts_with_zone): 200 GET http://10.180.1.21/compute/v2.1/os-hosts 2.022s
2025-04-03 08:07:02.808 69033 INFO tempest.lib.common.rest_client [req-537f847b-18bf-43d9-9117-1e18e609643b req-537f847b-18bf-43d9-9117-1e18e609643b ] Request (ServerAddressesTestJSON:setUpClass): 201 POST http://10.180.1.21:9696/networking/v2.0/networks 0.841s
2025-04-03 08:07:02.857 69008 INFO tempest.lib.common.rest_client [req-c2a98a97-5450-4ebc-82e9-61bf5835373d req-c2a98a97-5450-4ebc-82e9-61bf5835373d ] Request (FlavorsV255TestJSON:tearDownClass): 200 GET http://10.180.1.21:9696/networking/v2.0/security-groups?tenant_id=3f6944e036ec4c1a886be10c55791564&name=default 0.508s
2025-04-03 08:07:02.868 69043 INFO tempest.lib.common.rest_client [req-bc0f3560-f12c-4ae1-a3e4-0847249adc55 req-bc0f3560-f12c-4ae1-a3e4-0847249adc55 ] Request (FloatingIPsAssociationTestJSON:setUpClass): 201 POST http://10.180.1.21/identity/v3/users 0.097s
2025-04-03 08:07:02.892 69043 INFO tempest.lib.common.rest_client [req-917517e6-0fd2-4709-8ea1-c4186fc4c496 req-917517e6-0fd2-4709-8ea1-c4186fc4c496 ] Request (FloatingIPsAssociationTestJSON:setUpClass): 200 GET http://10.180.1.21/identity/v3/roles 0.024s
2025-04-03 08:07:02.896 69045 INFO tempest.lib.common.rest_client [req-94add91d-8c82-4bf9-9d34-0db04f201cc4 req-94add91d-8c82-4bf9-9d34-0db04f201cc4 ] Request (FlavorsV261TestJSON:tearDownClass): 200 GET http://10.180.1.21:9696/networking/v2.0/security-groups?tenant_id=efc29b90dbcc40169d52cdd6fa886db4&name=default 0.191s
2025-04-03 08:07:02.931 69043 INFO tempest.lib.common.rest_client [req-a1711fb2-227d-4341-bff6-fa4d86589e2f req-a1711fb2-227d-4341-bff6-fa4d86589e2f ] Request (FloatingIPsAssociationTestJSON:setUpClass): 204 PUT http://10.180.1.21/identity/v3/projects/cc7acf9ab6ee4ce49cc6d971fa212411/users/e12ae6d61f0147dbb760e5598d24a53e/roles/893cc1bc207043eea98ffbe5a49282d9 0.038s
2025-04-03 08:07:02.931 69043 INFO tempest.lib.common.dynamic_creds [-] Dynamic test user e12ae6d61f0147dbb760e5598d24a53e is created with scope project and roles: ['member']
2025-04-03 08:07:02.931 69043 INFO tempest.lib.common.dynamic_creds [-] Acquired dynamic creds: credentials: Credentials: {'domain_id': 'default', 'domain_name': 'Default', 'username': 'tempest-FloatingIPsAssociationTestJSON-1134619372-project-member', 'project_domain_id': 'default', 'project_domain_name': 'Default', 'project_id': 'cc7acf9ab6ee4ce49cc6d971fa212411', 'project_name': 'tempest-FloatingIPsAssociationTestJSON-1134619372', 'tenant_id': 'cc7acf9ab6ee4ce49cc6d971fa212411', 'tenant_name': 'tempest-FloatingIPsAssociationTestJSON-1134619372', 'user_domain_id': 'default', 'user_domain_name': 'Default', 'user_id': 'e12ae6d61f0147dbb760e5598d24a53e', 'system': None}, Network: None, Subnet: None, Router: None
2025-04-03 08:07:02.950 69047 INFO tempest.lib.common.rest_client [req-28572f92-e54a-41c5-8719-6299070092b8 req-28572f92-e54a-41c5-8719-6299070092b8 ] Request (ServerActionsTestOtherB:setUpClass): 200 POST http://10.180.1.21/compute/v2.1/os-keypairs 2.142s
2025-04-03 08:07:02.956 69016 INFO tempest.lib.common.rest_client [req-65e5856e-e6d8-4bc4-ab2f-04aabc8f72aa req-65e5856e-e6d8-4bc4-ab2f-04aabc8f72aa ] Request (HypervisorAdminNegativeTestJSON:test_get_hypervisor_list_with_non_admin_user): 403 GET http://10.180.1.21/compute/v2.1/os-hypervisors 2.050s
2025-04-03 08:07:03.020 69008 INFO tempest.lib.common.rest_client [req-52a360f2-3fe5-4294-af5d-3c0d2dd90e5e req-52a360f2-3fe5-4294-af5d-3c0d2dd90e5e ] Request (FlavorsV255TestJSON:tearDownClass): 204 DELETE http://10.180.1.21:9696/networking/v2.0/security-groups/4982cf05-e71d-4be5-b87d-1d0bec17ef9a 0.162s
2025-04-03 08:07:03.025 69043 INFO tempest.lib.common.rest_client [req-81fdc826-04fc-43eb-bc3d-75efa64904dc req-81fdc826-04fc-43eb-bc3d-75efa64904dc ] Request (FloatingIPsAssociationTestJSON:setUpClass): 201 POST http://10.180.1.21/identity/v3/auth/tokens 0.093s
2025-04-03 08:07:03.096 69008 INFO tempest.lib.common.rest_client [req-5d3eeacc-0287-47a7-b22a-4f8665b1f8a1 req-5d3eeacc-0287-47a7-b22a-4f8665b1f8a1 ] Request (FlavorsV255TestJSON:tearDownClass): 204 DELETE http://10.180.1.21/identity/v3/projects/3f6944e036ec4c1a886be10c55791564 0.076s
2025-04-03 08:07:03.125 69047 INFO tempest.lib.common.rest_client [req-57e48415-0c88-4cb9-8213-90d8ba052598 req-57e48415-0c88-4cb9-8213-90d8ba052598 ] Request (ServerActionsTestOtherB:setUpClass): 201 POST http://10.180.1.21:9696/networking/v2.0/security-groups 0.173s
2025-04-03 08:07:03.214 69008 INFO tempest.lib.common.rest_client [req-8de36348-2ef7-44a1-8bdf-4365b1119ffc req-8de36348-2ef7-44a1-8bdf-4365b1119ffc ] Request (ServicesAdminTestJSON:setUpClass): 201 POST http://10.180.1.21/identity/v3/auth/tokens 0.117s
2025-04-03 08:07:03.255 69008 INFO tempest.lib.common.rest_client [req-7629c8a5-ded0-4365-9f8f-d6cfe4105775 req-7629c8a5-ded0-4365-9f8f-d6cfe4105775 ] Request (ServicesAdminTestJSON:setUpClass): 201 POST http://10.180.1.21/identity/v3/auth/tokens 0.038s
2025-04-03 08:07:03.260 69033 INFO tempest.lib.common.rest_client [req-5df54a97-be29-42d1-b475-1c332387e13c req-5df54a97-be29-42d1-b475-1c332387e13c ] Request (ServerAddressesTestJSON:setUpClass): 201 POST http://10.180.1.21:9696/networking/v2.0/subnets 0.451s
2025-04-03 08:07:03.284 69008 INFO tempest.lib.common.rest_client [req-47467cb7-c7df-4769-b4ed-3bf0f83a6190 req-47467cb7-c7df-4769-b4ed-3bf0f83a6190 ] Request (ServicesAdminTestJSON:setUpClass): 200 GET http://10.180.1.21/identity/v3/domains?name=Default 0.028s
2025-04-03 08:07:03.299 69047 INFO tempest.lib.common.rest_client [req-90b099b8-d90f-4ccd-aa11-8847c273b6e4 req-90b099b8-d90f-4ccd-aa11-8847c273b6e4 ] Request (ServerActionsTestOtherB:setUpClass): 201 POST http://10.180.1.21:9696/networking/v2.0/security-group-rules 0.173s
2025-04-03 08:07:03.332 69008 INFO tempest.lib.common.rest_client [req-c7af51aa-949c-483c-8a51-822215aa6cac req-c7af51aa-949c-483c-8a51-822215aa6cac ] Request (ServicesAdminTestJSON:setUpClass): 201 POST http://10.180.1.21/identity/v3/projects 0.048s
2025-04-03 08:07:03.378 69039 INFO tempest.lib.common.rest_client [req-236b4be9-9a0e-4868-aef2-ffc1d2e5f890 req-236b4be9-9a0e-4868-aef2-ffc1d2e5f890 ] Request (ServersAaction247Test:test_create_backup): 202 POST http://10.180.1.21/compute/v2.1/servers/0d085a22-ef61-4ecd-a4c3-3be4b0fa6fae/action 2.520s
2025-04-03 08:07:03.402 69014 INFO tempest.lib.common.rest_client [req-ca345a80-4edb-4449-a585-863d41ada70a req-ca345a80-4edb-4449-a585-863d41ada70a ] Request (FlavorsExtraSpecsNegativeTestJSON:test_flavor_unset_nonexistent_key): 404 DELETE http://10.180.1.21/compute/v2.1/flavors/472200358/os-extra_specs/hw:cpu_thread_policy 2.128s
2025-04-03 08:07:03.433 69008 INFO tempest.lib.common.rest_client [req-02df338d-fac4-4d9a-bf8b-981f4bc3f125 req-02df338d-fac4-4d9a-bf8b-981f4bc3f125 ] Request (ServicesAdminTestJSON:setUpClass): 201 POST http://10.180.1.21/identity/v3/users 0.100s
2025-04-03 08:07:03.463 69045 INFO tempest.lib.common.rest_client [req-26ea2705-70c7-4309-a1a4-372b5d7df54a req-26ea2705-70c7-4309-a1a4-372b5d7df54a ] Request (FlavorsV261TestJSON:tearDownClass): 204 DELETE http://10.180.1.21:9696/networking/v2.0/security-groups/df13caea-789c-4c0e-a347-057cbd21eebe 0.567s
2025-04-03 08:07:03.474 69008 INFO tempest.lib.common.rest_client [req-d40d8fba-dc2e-4e47-9292-3b9e66538ccb req-d40d8fba-dc2e-4e47-9292-3b9e66538ccb ] Request (ServicesAdminTestJSON:setUpClass): 200 GET http://10.180.1.21/identity/v3/roles 0.040s
2025-04-03 08:07:03.519 69020 INFO tempest.lib.common.rest_client [req-0eb4a766-ed9a-4366-bd80-7d2eb026bf23 req-0eb4a766-ed9a-4366-bd80-7d2eb026bf23 ] Request (ServerDiagnosticsV248Test:test_get_server_diagnostics): 200 GET http://10.180.1.21/compute/v2.1/servers/a123c5f2-e775-4dd2-9a5a-35e7d6705dfa 2.100s
2025-04-03 08:07:03.530 69008 INFO tempest.lib.common.rest_client [req-76316193-3b51-4c63-91af-d0e58e5361e3 req-76316193-3b51-4c63-91af-d0e58e5361e3 ] Request (ServicesAdminTestJSON:setUpClass): 204 PUT http://10.180.1.21/identity/v3/projects/5049ac83803b436fb043b99c114a6742/users/ee0b8ef37f4b497886938e0d8d2aa28e/roles/893cc1bc207043eea98ffbe5a49282d9 0.055s
2025-04-03 08:07:03.530 69008 INFO tempest.lib.common.dynamic_creds [-] Dynamic test user ee0b8ef37f4b497886938e0d8d2aa28e is created with scope project and roles: ['member']
2025-04-03 08:07:03.530 69008 INFO tempest.lib.common.dynamic_creds [-] Acquired dynamic creds: credentials: Credentials: {'domain_id': 'default', 'domain_name': 'Default', 'username': 'tempest-ServicesAdminTestJSON-1381530953-project-member', 'project_domain_id': 'default', 'project_domain_name': 'Default', 'project_id': '5049ac83803b436fb043b99c114a6742', 'project_name': 'tempest-ServicesAdminTestJSON-1381530953', 'tenant_id': '5049ac83803b436fb043b99c114a6742', 'tenant_name': 'tempest-ServicesAdminTestJSON-1381530953', 'user_domain_id': 'default', 'user_domain_name': 'Default', 'user_id': 'ee0b8ef37f4b497886938e0d8d2aa28e', 'system': None}, Network: None, Subnet: None, Router: None
2025-04-03 08:07:03.530 69008 INFO tempest.lib.common.dynamic_creds [-] Created isolated network resources for: credentials: Credentials: {'domain_id': 'default', 'domain_name': 'Default', 'username': 'tempest-ServicesAdminTestJSON-1381530953-project-member', 'project_domain_id': 'default', 'project_domain_name': 'Default', 'project_id': '5049ac83803b436fb043b99c114a6742', 'project_name': 'tempest-ServicesAdminTestJSON-1381530953', 'tenant_id': '5049ac83803b436fb043b99c114a6742', 'tenant_name': 'tempest-ServicesAdminTestJSON-1381530953', 'user_domain_id': 'default', 'user_domain_name': 'Default', 'user_id': 'ee0b8ef37f4b497886938e0d8d2aa28e', 'system': None}, Network: None, Subnet: None, Router: None
2025-04-03 08:07:03.548 69047 INFO tempest.lib.common.rest_client [req-fbfd4000-9bde-4968-8569-6b908e54c097 req-fbfd4000-9bde-4968-8569-6b908e54c097 ] Request (ServerActionsTestOtherB:setUpClass): 201 POST http://10.180.1.21:9696/networking/v2.0/security-group-rules 0.249s
2025-04-03 08:07:03.559 69045 INFO tempest.lib.common.rest_client [req-6fb70350-3dec-4f3b-ac4c-34750aff2d9f req-6fb70350-3dec-4f3b-ac4c-34750aff2d9f ] Request (FlavorsV261TestJSON:tearDownClass): 204 DELETE http://10.180.1.21/identity/v3/projects/efc29b90dbcc40169d52cdd6fa886db4 0.093s
2025-04-03 08:07:03.605 68998 INFO tempest.lib.common.rest_client [req-a28b3da4-46b7-428d-8edf-99d98c9195fd req-a28b3da4-46b7-428d-8edf-99d98c9195fd ] Request (ImagesTestJSON:test_create_image_from_stopped_server): 200 GET http://10.180.1.21/compute/v2.1/servers/e84db5bd-b6ec-42ef-9c34-a4160c44d973 2.597s
2025-04-03 08:07:03.652 69008 INFO tempest.lib.common.rest_client [req-a4ca8ac0-11a2-4def-8910-5c837e4099ba req-a4ca8ac0-11a2-4def-8910-5c837e4099ba ] Request (ServicesAdminTestJSON:setUpClass): 201 POST http://10.180.1.21/identity/v3/auth/tokens 0.116s
2025-04-03 08:07:03.661 69045 INFO tempest.lib.common.rest_client [req-014d3308-7130-442a-a6a7-c90cb0f097ec req-014d3308-7130-442a-a6a7-c90cb0f097ec ] Request (ImagesOneServerNegativeTestJSON:setUpClass): 201 POST http://10.180.1.21/identity/v3/auth/tokens 0.099s
2025-04-03 08:07:03.715 69008 INFO tempest.lib.common.rest_client [req-6fd690f6-8252-45ab-8cb0-3f8efafe309f req-6fd690f6-8252-45ab-8cb0-3f8efafe309f ] Request (ServicesAdminTestJSON:setUpClass): 201 POST http://10.180.1.21/identity/v3/projects 0.062s
2025-04-03 08:07:03.727 69043 INFO tempest.lib.common.rest_client [req-d01bcf57-479a-47c4-835e-43239d486f22 req-d01bcf57-479a-47c4-835e-43239d486f22 ] Request (FloatingIPsAssociationTestJSON:setUpClass): 201 POST http://10.180.1.21:9696/networking/v2.0/networks 0.702s
2025-04-03 08:07:03.793 69045 INFO tempest.lib.common.rest_client [req-4f73be0f-8af0-45a0-a606-4e73041d5f07 req-4f73be0f-8af0-45a0-a606-4e73041d5f07 ] Request (ImagesOneServerNegativeTestJSON:setUpClass): 201 POST http://10.180.1.21/identity/v3/auth/tokens 0.129s
2025-04-03 08:07:03.828 69008 INFO tempest.lib.common.rest_client [req-4b4f9c22-ae92-42dd-9ff2-98f6103ffdc7 req-4b4f9c22-ae92-42dd-9ff2-98f6103ffdc7 ] Request (ServicesAdminTestJSON:setUpClass): 201 POST http://10.180.1.21/identity/v3/users 0.113s
2025-04-03 08:07:03.840 69028 INFO tempest.lib.common.rest_client [req-806831e6-e69f-4909-a962-d34799f7b0ae req-806831e6-e69f-4909-a962-d34799f7b0ae ] Request (InstanceUsageAuditLogNegativeTestJSON:test_instance_usage_audit_logs_with_nonadmin_user): 403 GET http://10.180.1.21/compute/v2.1/os-instance_usage_audit_log 2.202s
2025-04-03 08:07:03.859 69045 INFO tempest.lib.common.rest_client [req-baf255e0-4b98-40f3-b241-6ceecc4bb4ef req-baf255e0-4b98-40f3-b241-6ceecc4bb4ef ] Request (ImagesOneServerNegativeTestJSON:setUpClass): 200 GET http://10.180.1.21/identity/v3/domains?name=Default 0.065s
2025-04-03 08:07:03.877 69008 INFO tempest.lib.common.rest_client [req-bae65cbd-94c6-42e7-ab7f-df496a619069 req-bae65cbd-94c6-42e7-ab7f-df496a619069 ] Request (ServicesAdminTestJSON:setUpClass): 200 GET http://10.180.1.21/identity/v3/roles 0.049s
2025-04-03 08:07:03.883 68992 INFO tempest.lib.common.rest_client [req-dc829d2f-5910-4b82-bbc9-4261772f15bd req-dc829d2f-5910-4b82-bbc9-4261772f15bd ] Request (QuotasAdminNegativeTest:test_create_server_when_instances_quota_is_full): 403 POST http://10.180.1.21/compute/v2.1/servers 2.423s
