2025-04-03 08:07:55.091 69045 INFO tempest.lib.common.rest_client [req-795c46d6-d0bc-4d70-b51f-fc4599cbe52d req-795c46d6-d0bc-4d70-b51f-fc4599cbe52d ] Request (ImagesOneServerNegativeTestJSON:setUp): 200 GET http://10.180.1.21/compute/v2.1/servers/60ded0c9-7e20-4071-b5ce-9189d8d01d5c 1.115s
2025-04-03 08:07:55.220 69037 INFO tempest.lib.common.rest_client [req-f59eecce-01f3-407d-93f7-323d69557982 req-f59eecce-01f3-407d-93f7-323d69557982 ] Request (ListServerFiltersTestJSON:test_list_servers_filter_by_shutoff_status): 200 GET http://10.180.1.21/compute/v2.1/servers/e75d2bc7-f356-4443-9641-d9ebf35843cd 1.070s
2025-04-03 08:07:55.222 69041 INFO tempest.lib.common.rest_client [req-c70bcd19-4bde-4a8d-9b15-65fd23623bfc req-c70bcd19-4bde-4a8d-9b15-65fd23623bfc ] Request (ServersTestManualDisk:setUpClass): 200 GET http://10.180.1.21/compute/v2.1/servers/ae945f3f-fde8-4b25-a5bd-81014fc99690 1.156s
2025-04-03 08:07:55.253 69053 INFO tempest.lib.common.rest_client [req-c41bca29-6e49-4ed5-9ee6-832274b779b6 req-c41bca29-6e49-4ed5-9ee6-832274b779b6 ] Request (FlavorsAdminTestJSON:test_list_non_public_flavor): 200 GET http://10.180.1.21/compute/v2.1/flavors/detail 1.077s
2025-04-03 08:07:55.285 69031 INFO tempest.lib.common.rest_client [req-bf025750-3836-41ae-a5f7-8e3c490ce40d req-bf025750-3836-41ae-a5f7-8e3c490ce40d ] Request (FlavorsAccessTestJSON:test_flavor_access_add_remove): 200 POST http://10.180.1.21/compute/v2.1/flavors/656571015/action 1.028s
2025-04-03 08:07:55.349 69018 INFO tempest.lib.common.rest_client [req-035a5977-2e3f-4bb7-a6af-f178cedfe927 req-035a5977-2e3f-4bb7-a6af-f178cedfe927 ] Request (ServerDiskConfigTestJSON:test_rebuild_server_with_auto_disk_config): 200 GET http://10.180.1.21/compute/v2.1/servers/8790d635-fec5-4dcf-8cb0-220c2edec971 0.802s
2025-04-03 08:07:55.403 68998 INFO tempest.lib.common.rest_client [req-486664dd-1467-422c-affd-8f55d80d93a6 req-486664dd-1467-422c-affd-8f55d80d93a6 ] Request (ImagesTestJSON:test_create_image_from_suspended_server): 200 GET http://10.180.1.21/compute/v2.1/servers/d167585b-11f4-462c-b12e-c6a440c1476a 0.748s
2025-04-03 08:07:55.436 69051 INFO tempest.lib.common.rest_client [req-31d2a7bb-2e53-4257-9ac3-a1350c04dd24 req-31d2a7bb-2e53-4257-9ac3-a1350c04dd24 ] Request (VolumesAdminNegativeTest:test_update_attached_volume_with_nonexistent_volume_in_body): 200 GET http://10.180.1.21/compute/v2.1/servers/fa89e0b5-590d-43fb-bb11-02f8fdee0c2f 0.857s
2025-04-03 08:07:55.454 69039 INFO tempest.lib.common.rest_client [req-f609acd2-a01b-4912-9e23-c50fccf7949f req-f609acd2-a01b-4912-9e23-c50fccf7949f ] Request (ServersNegativeTestMultiTenantJSON:setUpClass): 200 GET http://10.180.1.21/compute/v2.1/servers/0097c367-bb3a-4b7b-9fcc-b3e3482689e2 0.737s
2025-04-03 08:07:55.491 69047 WARNING tempest.lib.common.ssh [-] Failed to establish authenticated ssh connection to cirros@10.180.180.183 ([Errno None] Unable to connect to port 22 on 10.180.180.183). Number attempts: 3. Retry after 4 seconds.: paramiko.ssh_exception.NoValidConnectionsError: [Errno None] Unable to connect to port 22 on 10.180.180.183
2025-04-03 08:07:55.523 69028 INFO tempest.lib.common.rest_client [req-b411c4b7-b7e9-48d7-b022-9abc9e2c79ec req-b411c4b7-b7e9-48d7-b022-9abc9e2c79ec ] Request (ServerExternalEventsTest:tearDownClass): 200 GET http://10.180.1.21/compute/v2.1/servers/d1c7a508-7d45-4eff-bb06-b85bfe392772 0.683s
2025-04-03 08:07:55.572 69000 INFO tempest.lib.common.rest_client [req-1b5da6df-238d-4ef0-8041-07d3ab7d3b81 req-1b5da6df-238d-4ef0-8041-07d3ab7d3b81 ] Request (AttachInterfacesTestJSON:test_create_list_show_delete_interfaces_by_fixed_ip): 200 GET http://10.180.1.21/compute/v2.1/servers/045e54ff-9e2c-4b04-afac-34cb6580cb2c 0.625s
2025-04-03 08:07:55.638 69043 INFO tempest.lib.common.rest_client [req-e930e90a-675e-4cca-bf3b-2712e1e15446 req-e930e90a-675e-4cca-bf3b-2712e1e15446 ] Request (FloatingIPsAssociationTestJSON:test_associate_already_associated_floating_ip): 200 GET http://10.180.1.21/compute/v2.1/servers/0f618d12-dc7b-4739-8ace-9453a7175d75 0.609s
2025-04-03 08:07:55.643 69002 INFO tempest.lib.common.rest_client [req-f0036040-39d1-439f-ac1a-26f36bee9c0d req-f0036040-39d1-439f-ac1a-26f36bee9c0d ] Request (ServersAdminTestJSON:test_create_server_with_scheduling_hint): 200 GET http://10.180.1.21/compute/v2.1/servers/3463e09e-dc2f-432c-9eff-8192c2616240 0.899s
2025-04-03 08:07:55.650 69045 INFO tempest.lib.common.rest_client [req-d6dedeb6-dd71-42fe-a41d-3b4e642ae406 req-d6dedeb6-dd71-42fe-a41d-3b4e642ae406 ] Request (ImagesOneServerNegativeTestJSON:test_create_image_specify_name_over_character_limit): 400 POST http://10.180.1.21/compute/v2.1/servers/60ded0c9-7e20-4071-b5ce-9189d8d01d5c/action 0.551s
2025-04-03 08:07:55.674 69006 INFO tempest.lib.common.rest_client [req-4f6fe844-5265-4d20-9908-3198127e73b6 req-4f6fe844-5265-4d20-9908-3198127e73b6 ] Request (ServerActionsV293TestJSON:setUpClass): 200 GET http://10.180.1.21/volume/v3/volumes/ad78e308-8afd-46bf-a8e5-5e31a5c091b0 0.034s
2025-04-03 08:07:55.684 69004 WARNING tempest.lib.common.ssh [-] Failed to establish authenticated ssh connection to cirros@10.180.180.142 ([Errno None] Unable to connect to port 22 on 10.180.180.142). Number attempts: 4. Retry after 5 seconds.: paramiko.ssh_exception.NoValidConnectionsError: [Errno None] Unable to connect to port 22 on 10.180.180.142
2025-04-03 08:07:55.698 68996 INFO tempest.lib.common.rest_client [req-6687eb93-173b-4117-8697-21a36fe1f2f8 req-6687eb93-173b-4117-8697-21a36fe1f2f8 ] Request (ServerShowV257Test:test_rebuild_server): 200 GET http://10.180.1.21/compute/v2.1/servers/f45200cd-6cb0-498a-8858-1e70177031d9 0.605s
2025-04-03 08:07:55.747 68990 INFO tempest.lib.common.rest_client [req-ea2df98f-092c-405a-9bff-2b6989414ab8 req-ea2df98f-092c-405a-9bff-2b6989414ab8 ] Request (MigrationsAdminTest:test_list_migrations_in_flavor_resize_situation): 200 GET http://10.180.1.21/compute/v2.1/servers/77fa5a89-961b-4c84-a75e-a5be0253677e 0.545s
2025-04-03 08:07:55.769 69053 INFO tempest.lib.common.rest_client [req-f0767976-d102-49c7-a592-95849d7f0425 req-f0767976-d102-49c7-a592-95849d7f0425 ] Request (FlavorsAdminTestJSON:test_list_non_public_flavor): 200 GET http://10.180.1.21/compute/v2.1/flavors/detail 0.510s
2025-04-03 08:07:55.782 68992 INFO tempest.lib.common.rest_client [req-225cbf3e-295b-4136-846d-7527201d251c req-225cbf3e-295b-4136-846d-7527201d251c ] Request (ServersAdminNegativeTestJSON:setUpClass): 200 GET http://10.180.1.21/compute/v2.1/servers/627fb348-1749-4480-97b9-b479a182d4ee 0.667s
2025-04-03 08:07:55.795 68992 INFO tempest.common.waiters [-] State transition "BUILD/networking" ==> "BUILD/spawning" after 27 second wait
2025-04-03 08:07:55.846 69033 INFO tempest.lib.common.rest_client [req-7a0d4034-ca9a-4d1e-887c-1e195c23db33 req-7a0d4034-ca9a-4d1e-887c-1e195c23db33 ] Request (ServerAddressesTestJSON:tearDownClass): 200 GET http://10.180.1.21/compute/v2.1/servers/9e337960-78c1-4ddb-a6f6-d6fd57dbf86d 0.573s
2025-04-03 08:07:55.897 69035 INFO tempest.lib.common.rest_client [req-e5f27625-0161-48a5-ac90-0ef826525fde req-e5f27625-0161-48a5-ac90-0ef826525fde ] Request (ListServersNegativeTestJSON:setUpClass): 200 GET http://10.180.1.21/compute/v2.1/servers/275cdfcc-06f0-4c29-b18b-55cde38480a3 0.565s
2025-04-03 08:07:55.908 69031 INFO tempest.lib.common.rest_client [req-a2431618-8175-4510-b2e2-023549413ff1 req-a2431618-8175-4510-b2e2-023549413ff1 ] Request (FlavorsAccessTestJSON:test_flavor_access_add_remove): 200 GET http://10.180.1.21/compute/v2.1/flavors/detail 0.622s
2025-04-03 08:07:55.964 69022 INFO tempest.lib.common.rest_client [req-4bacc76f-d0ce-4036-8dda-55cf2895d596 req-4bacc76f-d0ce-4036-8dda-55cf2895d596 ] Request (ServerActionsTestOtherA:setUpClass): 200 GET http://10.180.1.21/compute/v2.1/servers/23891bad-1b63-4237-9243-78954cf67d52 0.540s
2025-04-03 08:07:55.970 69020 INFO tempest.lib.common.rest_client [req-e8827780-86c9-4de6-99c9-119040e74cde req-e8827780-86c9-4de6-99c9-119040e74cde ] Request (ServerDiagnosticsV248Test:tearDownClass): 200 GET http://10.180.1.21/compute/v2.1/servers/a123c5f2-e775-4dd2-9a5a-35e7d6705dfa 0.613s
2025-04-03 08:07:56.018 69012 INFO tempest.lib.common.rest_client [req-08a34244-8a3d-408a-8a4f-df4769d4b9bd req-08a34244-8a3d-408a-8a4f-df4769d4b9bd ] Request (ServerDiagnosticsTest:test_get_server_diagnostics): 200 GET http://10.180.1.21/compute/v2.1/servers/f9168b78-ed64-4109-84f0-db0af61d2f10 0.432s
2025-04-03 08:07:56.050 69010 INFO tempest.lib.common.rest_client [req-ca6f7959-66c0-4515-b097-c04de404f6ec req-ca6f7959-66c0-4515-b097-c04de404f6ec ] Request (FloatingIPsAssociationNegativeTestJSON:tearDownClass): 200 GET http://10.180.1.21/compute/v2.1/servers/58830b0e-dbf3-424d-8b9a-bb298b6bea21 0.542s
2025-04-03 08:07:56.074 69016 INFO tempest.lib.common.rest_client [req-320cb788-695e-4aae-8215-b3d80f4027f8 req-320cb788-695e-4aae-8215-b3d80f4027f8 ] Request (ServerMetadataNegativeTestJSON:setUpClass): 200 GET http://10.180.1.21/compute/v2.1/servers/3b0837ef-53fb-4851-b69f-ee0a1d89fbf8 0.471s
2025-04-03 08:07:56.096 69014 INFO tempest.lib.common.rest_client [req-1b842b12-dc35-4863-86f1-ee20255184e3 req-1b842b12-dc35-4863-86f1-ee20255184e3 ] Request (FloatingIPsTestJSON:setUpClass): 200 PUT http://10.180.1.21:9696/networking/v2.0/routers/944a6952-371b-44e2-9bff-9fc2b973a744/add_router_interface 1.345s
2025-04-03 08:07:56.096 69014 INFO tempest.lib.common.dynamic_creds [-] Created isolated network resources for: credentials: Credentials: {'domain_id': 'default', 'domain_name': 'Default', 'username': 'tempest-FloatingIPsTestJSON-886954686-project-member', 'project_domain_id': 'default', 'project_domain_name': 'Default', 'project_id': '4de9c7aa36e042fc8378ef8f520bdd12', 'project_name': 'tempest-FloatingIPsTestJSON-886954686', 'tenant_id': '4de9c7aa36e042fc8378ef8f520bdd12', 'tenant_name': 'tempest-FloatingIPsTestJSON-886954686', 'user_domain_id': 'default', 'user_domain_name': 'Default', 'user_id': 'b896a1c2a7394d21b3fa1efb37b427ca', 'system': None}, Network: {'id': '37db0bc6-4fb5-4a97-ac49-d04864e6064d', 'name': 'tempest-FloatingIPsTestJSON-1181766339-network', 'tenant_id': '4de9c7aa36e042fc8378ef8f520bdd12', 'admin_state_up': True, 'mtu': 8950, 'status': 'ACTIVE', 'subnets': [], 'shared': False, 'project_id': '4de9c7aa36e042fc8378ef8f520bdd12', 'port_security_enabled': True, 'router:external': False, 'provider:network_type': 'vlan', 'provider:physical_network': 'default', 'provider:segmentation_id': 134, 'availability_zone_hints': [], 'availability_zones': [], 'ipv4_address_scope': None, 'ipv6_address_scope': None, 'description': '', 'tags': [], 'created_at': '2025-04-03T08:07:52Z', 'updated_at': '2025-04-03T08:07:52Z', 'revision_number': 1}, Subnet: {'id': '87e1fed2-1c5c-4063-8bdf-56647cd4bb82', 'name': 'tempest-FloatingIPsTestJSON-1181766339-subnet', 'tenant_id': '4de9c7aa36e042fc8378ef8f520bdd12', 'network_id': '37db0bc6-4fb5-4a97-ac49-d04864e6064d', 'ip_version': 4, 'subnetpool_id': None, 'enable_dhcp': True, 'ipv6_ra_mode': None, 'ipv6_address_mode': None, 'gateway_ip': '192.168.128.1', 'cidr': '192.168.128.0/28', 'allocation_pools': [{'start': '192.168.128.2', 'end': '192.168.128.14'}], 'host_routes': [], 'dns_nameservers': [], 'description': '', 'router:external': False, 'service_types': [], 'tags': [], 'created_at': '2025-04-03T08:07:52Z', 'updated_at': '2025-04-03T08:07:52Z', 'revision_number': 0, 'project_id': '4de9c7aa36e042fc8378ef8f520bdd12'}, Router: {'id': '944a6952-371b-44e2-9bff-9fc2b973a744', 'name': 'tempest-FloatingIPsTestJSON-1181766339-router', 'tenant_id': '4de9c7aa36e042fc8378ef8f520bdd12', 'admin_state_up': True, 'status': 'ACTIVE', 'external_gateway_info': {'network_id': 'a43b096e-82c2-46c2-b7b4-c64e1e75b7fa', 'external_fixed_ips': [{'subnet_id': '11d41a4e-91aa-4a56-a8f8-df19e9c5f608', 'ip_address': '10.180.180.131'}], 'enable_snat': True}, 'description': '', 'availability_zones': [], 'distributed': False, 'ha': False, 'availability_zone_hints': [], 'routes': [], 'flavor_id': None, 'tags': [], 'created_at': '2025-04-03T08:07:53Z', 'updated_at': '2025-04-03T08:07:53Z', 'revision_number': 2, 'project_id': '4de9c7aa36e042fc8378ef8f520bdd12'}
2025-04-03 08:07:56.134 69008 INFO tempest.lib.common.rest_client [req-c0627673-813b-4c1f-9c1d-2ff2bbd306f5 req-c0627673-813b-4c1f-9c1d-2ff2bbd306f5 ] Request (ServersTestBootFromVolume:setUpClass): 200 GET http://10.180.1.21/compute/v2.1/servers/6278d756-139c-4fcd-bf31-304c978d6682 0.462s
2025-04-03 08:07:56.194 69014 INFO tempest.lib.common.rest_client [req-46ea26af-6509-4fc6-8664-46f2a665a4c4 req-46ea26af-6509-4fc6-8664-46f2a665a4c4 ] Request (FloatingIPsTestJSON:setUpClass): 201 POST http://10.180.1.21/identity/v3/auth/tokens 0.094s
2025-04-03 08:07:56.210 69045 INFO tempest.lib.common.rest_client [req-9583eb57-30d2-44f4-bb70-20ca5c32041f req-9583eb57-30d2-44f4-bb70-20ca5c32041f ] Request (ImagesOneServerNegativeTestJSON:tearDown): 200 GET http://10.180.1.21/compute/v2.1/servers/60ded0c9-7e20-4071-b5ce-9189d8d01d5c 0.560s
2025-04-03 08:07:56.223 68994 INFO tempest.lib.common.rest_client [req-ff8c788b-4077-4156-9e07-c45ed5b21275 req-ff8c788b-4077-4156-9e07-c45ed5b21275 ] Request (ServersAdmin275Test:tearDownClass): 200 GET http://10.180.1.21/compute/v2.1/servers/89ccc16e-d0e5-4f7d-985c-8693188e7ed5 0.538s
2025-04-03 08:07:56.232 69053 INFO tempest.lib.common.rest_client [req-e8f67833-c2f1-453f-a341-227d729a3a4a req-e8f67833-c2f1-453f-a341-227d729a3a4a ] Request (FlavorsAdminTestJSON:_run_cleanups): 202 DELETE http://10.180.1.21/compute/v2.1/flavors/1395676323 0.458s
2025-04-03 08:07:56.273 69031 INFO tempest.lib.common.rest_client [req-4fb941c7-e11e-4f87-9605-d1a2049f3dba req-4fb941c7-e11e-4f87-9605-d1a2049f3dba ] Request (FlavorsAccessTestJSON:test_flavor_access_add_remove): 200 POST http://10.180.1.21/compute/v2.1/flavors/656571015/action 0.355s
2025-04-03 08:07:56.350 69050 INFO tempest.lib.common.rest_client [req-68043901-8984-448e-9950-42588804af6a req-68043901-8984-448e-9950-42588804af6a ] Request (ImagesNegativeTestJSON:test_create_image_from_deleted_server): 200 GET http://10.180.1.21/compute/v2.1/servers/f500b495-7bfb-40ff-8a10-e46ca6744902 0.341s
2025-04-03 08:07:56.466 69045 INFO tempest.lib.common.rest_client [req-31031aa7-1ec0-42d5-a672-4e207e619387 req-31031aa7-1ec0-42d5-a672-4e207e619387 ] Request (ImagesOneServerNegativeTestJSON:setUp): 200 GET http://10.180.1.21/compute/v2.1/servers/60ded0c9-7e20-4071-b5ce-9189d8d01d5c 0.240s
2025-04-03 08:07:56.494 69053 INFO tempest.lib.common.rest_client [req-15ee20d5-4897-455d-810f-149b1f851cd1 req-15ee20d5-4897-455d-810f-149b1f851cd1 ] Request (FlavorsAdminTestJSON:_run_cleanups): 200 GET http://10.180.1.21/compute/v2.1/flavors/detail 0.261s
2025-04-03 08:07:56.724 69006 INFO tempest.lib.common.rest_client [req-de75ee9e-ac2d-49ca-b8ef-babc2c0aa551 req-de75ee9e-ac2d-49ca-b8ef-babc2c0aa551 ] Request (ServerActionsV293TestJSON:setUpClass): 200 GET http://10.180.1.21/volume/v3/volumes/ad78e308-8afd-46bf-a8e5-5e31a5c091b0 0.038s
2025-04-03 08:07:56.736 69037 INFO tempest.lib.common.rest_client [req-cef60e3f-d090-4757-801e-cd1661d309d1 req-cef60e3f-d090-4757-801e-cd1661d309d1 ] Request (ListServerFiltersTestJSON:test_list_servers_filter_by_shutoff_status): 200 GET http://10.180.1.21/compute/v2.1/servers/e75d2bc7-f356-4443-9641-d9ebf35843cd 0.500s
2025-04-03 08:07:56.911 69014 INFO tempest.lib.common.rest_client [req-b7c9806d-d54a-4a8f-a3e6-a878514df942 req-b7c9806d-d54a-4a8f-a3e6-a878514df942 ] Request (FloatingIPsTestJSON:test_allocate_floating_ip): 200 POST http://10.180.1.21/compute/v2.1/os-floating-ips 0.714s
2025-04-03 08:07:56.938 69041 INFO tempest.lib.common.rest_client [req-d0eac693-e016-42d9-8642-57727b151809 req-d0eac693-e016-42d9-8642-57727b151809 ] Request (ServersTestManualDisk:setUpClass): 200 GET http://10.180.1.21/compute/v2.1/servers/ae945f3f-fde8-4b25-a5bd-81014fc99690 0.696s
2025-04-03 08:07:56.949 69041 INFO tempest.common.waiters [-] State transition "BUILD/spawning" ==> "ACTIVE/None" after 30 second wait
2025-04-03 08:07:56.956 69031 INFO tempest.lib.common.rest_client [req-95a6a9d8-49f2-4748-b1ea-635d821e6a20 req-95a6a9d8-49f2-4748-b1ea-635d821e6a20 ] Request (FlavorsAccessTestJSON:test_flavor_access_add_remove): 200 GET http://10.180.1.21/compute/v2.1/flavors/detail 0.682s
2025-04-03 08:07:57.021 68998 INFO tempest.lib.common.rest_client [req-df38f989-67aa-4dea-85dc-77cc77028cd0 req-df38f989-67aa-4dea-85dc-77cc77028cd0 ] Request (ImagesTestJSON:test_create_image_from_suspended_server): 200 GET http://10.180.1.21/compute/v2.1/servers/d167585b-11f4-462c-b12e-c6a440c1476a 0.604s
2025-04-03 08:07:57.171 69051 INFO tempest.lib.common.rest_client [req-d338a8e9-e454-43c0-8f86-feae4421a6e8 req-d338a8e9-e454-43c0-8f86-feae4421a6e8 ] Request (VolumesAdminNegativeTest:test_update_attached_volume_with_nonexistent_volume_in_body): 200 GET http://10.180.1.21/compute/v2.1/servers/fa89e0b5-590d-43fb-bb11-02f8fdee0c2f 0.726s
2025-04-03 08:07:57.239 69039 INFO tempest.lib.common.rest_client [req-517a4f2b-4fa8-42a6-8f36-640033340124 req-517a4f2b-4fa8-42a6-8f36-640033340124 ] Request (ServersNegativeTestMultiTenantJSON:setUpClass): 200 GET http://10.180.1.21/compute/v2.1/servers/0097c367-bb3a-4b7b-9fcc-b3e3482689e2 0.770s
2025-04-03 08:07:57.336 69018 INFO tempest.lib.common.rest_client [req-4a570384-7d1f-4b7f-8d7c-7440f0675d92 req-4a570384-7d1f-4b7f-8d7c-7440f0675d92 ] Request (ServerDiskConfigTestJSON:test_rebuild_server_with_auto_disk_config): 200 GET http://10.180.1.21/compute/v2.1/servers/8790d635-fec5-4dcf-8cb0-220c2edec971 0.977s
2025-04-03 08:07:57.362 69053 INFO tempest.lib.common.rest_client [req-9caf6093-d3f6-4533-9e57-eb46b1c80f6c req-9caf6093-d3f6-4533-9e57-eb46b1c80f6c ] Request (FlavorsAdminTestJSON:test_list_public_flavor_with_other_user): 200 POST http://10.180.1.21/compute/v2.1/flavors 0.861s
2025-04-03 08:07:57.476 69028 INFO tempest.lib.common.rest_client [req-70fb9b21-0873-4ba5-85f2-fb4a9f145d8a req-70fb9b21-0873-4ba5-85f2-fb4a9f145d8a ] Request (ServerExternalEventsTest:tearDownClass): 200 GET http://10.180.1.21/compute/v2.1/servers/d1c7a508-7d45-4eff-bb06-b85bfe392772 0.943s
2025-04-03 08:07:57.538 69000 INFO tempest.lib.common.rest_client [req-8bb6280e-26f3-4f75-bcc9-52cc904cc216 req-8bb6280e-26f3-4f75-bcc9-52cc904cc216 ] Request (AttachInterfacesTestJSON:test_create_list_show_delete_interfaces_by_fixed_ip): 200 GET http://10.180.1.21/compute/v2.1/servers/045e54ff-9e2c-4b04-afac-34cb6580cb2c 0.954s
2025-04-03 08:07:57.600 69043 INFO tempest.lib.common.rest_client [req-3ed75e68-a9ad-470b-a2b9-380e20091c93 req-3ed75e68-a9ad-470b-a2b9-380e20091c93 ] Request (FloatingIPsAssociationTestJSON:test_associate_already_associated_floating_ip): 200 GET http://10.180.1.21/compute/v2.1/servers/0f618d12-dc7b-4739-8ace-9453a7175d75 0.950s
2025-04-03 08:07:57.716 69002 INFO tempest.lib.common.rest_client [req-7fe27b1f-5432-48ac-9c00-0d6f60e1c265 req-7fe27b1f-5432-48ac-9c00-0d6f60e1c265 ] Request (ServersAdminTestJSON:test_create_server_with_scheduling_hint): 200 GET http://10.180.1.21/compute/v2.1/servers/3463e09e-dc2f-432c-9eff-8192c2616240 1.062s
2025-04-03 08:07:57.743 69045 INFO tempest.lib.common.rest_client [req-45a1966e-bced-4717-812f-c2f711671660 req-45a1966e-bced-4717-812f-c2f711671660 ] Request (ImagesOneServerNegativeTestJSON:test_create_second_image_when_first_image_is_being_saved): 202 POST http://10.180.1.21/compute/v2.1/servers/60ded0c9-7e20-4071-b5ce-9189d8d01d5c/action 1.263s
2025-04-03 08:07:57.777 68996 INFO tempest.lib.common.rest_client [req-341e688e-da77-49ab-ab46-76e0d93d782a req-341e688e-da77-49ab-ab46-76e0d93d782a ] Request (ServerShowV257Test:test_rebuild_server): 200 GET http://10.180.1.21/compute/v2.1/servers/f45200cd-6cb0-498a-8858-1e70177031d9 1.068s
2025-04-03 08:07:57.780 69006 INFO tempest.lib.common.rest_client [req-9716db7e-60de-4f00-b186-74ff01437e49 req-9716db7e-60de-4f00-b186-74ff01437e49 ] Request (ServerActionsV293TestJSON:setUpClass): 200 GET http://10.180.1.21/volume/v3/volumes/ad78e308-8afd-46bf-a8e5-5e31a5c091b0 0.041s
2025-04-03 08:07:57.810 68990 INFO tempest.lib.common.rest_client [req-15b47ed7-f0d6-4634-a5da-c1eaa9cd4e53 req-15b47ed7-f0d6-4634-a5da-c1eaa9cd4e53 ] Request (MigrationsAdminTest:test_list_migrations_in_flavor_resize_situation): 200 GET http://10.180.1.21/compute/v2.1/servers/77fa5a89-961b-4c84-a75e-a5be0253677e 1.054s
2025-04-03 08:07:57.872 69033 INFO tempest.lib.common.rest_client [req-3c3b7ef4-ae3a-4299-824a-d6ee75f4535b req-3c3b7ef4-ae3a-4299-824a-d6ee75f4535b ] Request (ServerAddressesTestJSON:tearDownClass): 200 GET http://10.180.1.21/compute/v2.1/servers/9e337960-78c1-4ddb-a6f6-d6fd57dbf86d 1.017s
2025-04-03 08:07:57.892 68992 INFO tempest.lib.common.rest_client [req-fa7ac966-6dd3-496f-9c3f-7698b1a2bbfa req-fa7ac966-6dd3-496f-9c3f-7698b1a2bbfa ] Request (ServersAdminNegativeTestJSON:setUpClass): 200 GET http://10.180.1.21/compute/v2.1/servers/627fb348-1749-4480-97b9-b479a182d4ee 1.095s
2025-04-03 08:07:57.926 69035 INFO tempest.lib.common.rest_client [req-9f7f64a1-f8cd-452d-9e51-48ad705c42a7 req-9f7f64a1-f8cd-452d-9e51-48ad705c42a7 ] Request (ListServersNegativeTestJSON:setUpClass): 200 GET http://10.180.1.21/compute/v2.1/servers/275cdfcc-06f0-4c29-b18b-55cde38480a3 1.018s
2025-04-03 08:07:57.974 69014 INFO tempest.lib.common.rest_client [req-74a0ffac-af70-4f24-834f-62e93f763267 req-74a0ffac-af70-4f24-834f-62e93f763267 ] Request (FloatingIPsTestJSON:test_allocate_floating_ip): 200 GET http://10.180.1.21/compute/v2.1/os-floating-ips/97c0b770-88be-4f38-b616-d9026c37882f 1.061s
2025-04-03 08:07:57.992 69031 INFO tempest.lib.common.rest_client [req-3b4090b4-d21c-46de-94aa-823cc0bcae2c req-3b4090b4-d21c-46de-94aa-823cc0bcae2c ] Request (FlavorsAccessTestJSON:_run_cleanups): 202 DELETE http://10.180.1.21/compute/v2.1/flavors/656571015 1.024s
2025-04-03 08:07:58.016 69041 INFO tempest.lib.common.rest_client [req-632bade8-4085-459d-a9b8-926921357b3f req-632bade8-4085-459d-a9b8-926921357b3f ] Request (ServersTestManualDisk:setUpClass): 200 GET http://10.180.1.21/compute/v2.1/servers/ae945f3f-fde8-4b25-a5bd-81014fc99690/os-interface 1.067s
2025-04-03 08:07:58.052 69024 WARNING tempest.lib.common.ssh [-] Failed to establish authenticated ssh connection to cirros@10.180.180.139 ([Errno None] Unable to connect to port 22 on 10.180.180.139). Number attempts: 2. Retry after 3 seconds.: paramiko.ssh_exception.NoValidConnectionsError: [Errno None] Unable to connect to port 22 on 10.180.180.139
2025-04-03 08:07:58.059 69022 INFO tempest.lib.common.rest_client [req-bd3ee2fc-afe2-4dce-b330-68132b83799f req-bd3ee2fc-afe2-4dce-b330-68132b83799f ] Request (ServerActionsTestOtherA:setUpClass): 200 GET http://10.180.1.21/compute/v2.1/servers/23891bad-1b63-4237-9243-78954cf67d52 1.086s
2025-04-03 08:07:58.078 69020 INFO tempest.lib.common.rest_client [req-2a643cba-8d36-450a-9bb7-4e755479acb6 req-2a643cba-8d36-450a-9bb7-4e755479acb6 ] Request (ServerDiagnosticsV248Test:tearDownClass): 200 GET http://10.180.1.21/compute/v2.1/servers/a123c5f2-e775-4dd2-9a5a-35e7d6705dfa 1.094s
2025-04-03 08:07:58.142 69010 INFO tempest.lib.common.rest_client [req-87c988e1-71d0-4de9-baba-a5a0b15314de req-87c988e1-71d0-4de9-baba-a5a0b15314de ] Request (FloatingIPsAssociationNegativeTestJSON:tearDownClass): 200 GET http://10.180.1.21/compute/v2.1/servers/58830b0e-dbf3-424d-8b9a-bb298b6bea21 1.083s
2025-04-03 08:07:58.198 69016 INFO tempest.lib.common.rest_client [req-81cf50c2-1a46-4808-a1e5-805c6ca6a50b req-81cf50c2-1a46-4808-a1e5-805c6ca6a50b ] Request (ServerMetadataNegativeTestJSON:setUpClass): 200 GET http://10.180.1.21/compute/v2.1/servers/3b0837ef-53fb-4851-b69f-ee0a1d89fbf8 1.110s
2025-04-03 08:07:58.224 69012 INFO tempest.lib.common.rest_client [req-5bb00791-2663-46c0-a1b1-d5fd08ae3843 req-5bb00791-2663-46c0-a1b1-d5fd08ae3843 ] Request (ServerDiagnosticsTest:test_get_server_diagnostics): 200 GET http://10.180.1.21/compute/v2.1/servers/f9168b78-ed64-4109-84f0-db0af61d2f10 1.198s
2025-04-03 08:07:58.234 69012 INFO tempest.common.waiters [-] State transition "BUILD/None" ==> "BUILD/spawning" after 29 second wait
2025-04-03 08:07:58.270 69008 INFO tempest.lib.common.rest_client [req-4ba35097-9134-46b2-beb5-c7b893bf27fd req-4ba35097-9134-46b2-beb5-c7b893bf27fd ] Request (ServersTestBootFromVolume:setUpClass): 200 GET http://10.180.1.21/compute/v2.1/servers/6278d756-139c-4fcd-bf31-304c978d6682 1.126s
2025-04-03 08:07:58.312 68994 INFO tempest.lib.common.rest_client [req-6259b2ad-acf8-46c0-8dd9-884826da8330 req-6259b2ad-acf8-46c0-8dd9-884826da8330 ] Request (ServersAdmin275Test:tearDownClass): 200 GET http://10.180.1.21/compute/v2.1/servers/89ccc16e-d0e5-4f7d-985c-8693188e7ed5 1.068s
2025-04-03 08:07:58.339 69053 INFO tempest.lib.common.rest_client [req-331a5a31-1faf-43f2-a6b6-bfff5e2cd064 req-331a5a31-1faf-43f2-a6b6-bfff5e2cd064 ] Request (FlavorsAdminTestJSON:test_list_public_flavor_with_other_user): 200 GET http://10.180.1.21/compute/v2.1/flavors/detail 0.974s
2025-04-03 08:07:58.340 69050 INFO tempest.lib.common.rest_client [req-589bae9e-bea7-4680-b3b7-a0468df9ddb3 req-589bae9e-bea7-4680-b3b7-a0468df9ddb3 ] Request (ImagesNegativeTestJSON:test_create_image_from_deleted_server): 200 GET http://10.180.1.21/compute/v2.1/servers/f500b495-7bfb-40ff-8a10-e46ca6744902 0.979s
2025-04-03 08:07:58.348 69050 INFO tempest.common.waiters [-] State transition "ACTIVE/deleting" ==> "DELETED/None" after 3 second wait
2025-04-03 08:07:58.372 69045 INFO tempest.lib.common.rest_client [req-d414ab7c-0c2a-43ad-9bab-f7ad67a5e567 req-d414ab7c-0c2a-43ad-9bab-f7ad67a5e567 ] Request (ImagesOneServerNegativeTestJSON:test_create_second_image_when_first_image_is_being_saved): 409 POST http://10.180.1.21/compute/v2.1/servers/60ded0c9-7e20-4071-b5ce-9189d8d01d5c/action 0.628s
2025-04-03 08:07:58.484 69037 INFO tempest.lib.common.rest_client [req-8c1401db-37a1-4bad-854e-f91d1b76940c req-8c1401db-37a1-4bad-854e-f91d1b76940c ] Request (ListServerFiltersTestJSON:test_list_servers_filter_by_shutoff_status): 200 GET http://10.180.1.21/compute/v2.1/servers/e75d2bc7-f356-4443-9641-d9ebf35843cd 0.734s
2025-04-03 08:07:58.509 69031 INFO tempest.lib.common.rest_client [req-248f6b84-2fe2-4d66-aa79-53053fdae8dd req-248f6b84-2fe2-4d66-aa79-53053fdae8dd ] Request (FlavorsAccessTestJSON:_run_cleanups): 200 GET http://10.180.1.21/compute/v2.1/flavors/detail 0.516s
2025-04-03 08:07:58.565 68998 INFO tempest.lib.common.rest_client [req-5bd00892-f8f5-400c-8b32-d8aec0e95259 req-5bd00892-f8f5-400c-8b32-d8aec0e95259 ] Request (ImagesTestJSON:test_create_image_from_suspended_server): 200 GET http://10.180.1.21/compute/v2.1/servers/d167585b-11f4-462c-b12e-c6a440c1476a 0.532s
2025-04-03 08:07:58.581 69014 INFO tempest.lib.common.rest_client [req-f3983d9e-55ec-406e-9dca-9569152eaa08 req-f3983d9e-55ec-406e-9dca-9569152eaa08 ] Request (FloatingIPsTestJSON:test_allocate_floating_ip): 200 GET http://10.180.1.21/compute/v2.1/os-floating-ips 0.604s
2025-04-03 08:07:58.651 69039 INFO tempest.lib.common.rest_client [req-2f836f8e-78f8-4da2-bee9-91b93200770f req-2f836f8e-78f8-4da2-bee9-91b93200770f ] Request (ServersNegativeTestMultiTenantJSON:setUpClass): 200 GET http://10.180.1.21/compute/v2.1/servers/0097c367-bb3a-4b7b-9fcc-b3e3482689e2 0.404s
2025-04-03 08:07:58.660 69051 INFO tempest.lib.common.rest_client [req-5885dea2-0a1a-4143-886c-970b2fd661c7 req-5885dea2-0a1a-4143-886c-970b2fd661c7 ] Request (VolumesAdminNegativeTest:test_update_attached_volume_with_nonexistent_volume_in_body): 200 GET http://10.180.1.21/compute/v2.1/servers/fa89e0b5-590d-43fb-bb11-02f8fdee0c2f 0.479s
2025-04-03 08:07:58.668 69053 INFO tempest.lib.common.rest_client [req-05c81e94-57a0-436f-9598-866aa816efd5 req-05c81e94-57a0-436f-9598-866aa816efd5 ] Request (FlavorsAdminTestJSON:_run_cleanups): 202 DELETE http://10.180.1.21/compute/v2.1/flavors/154585752 0.324s
2025-04-03 08:07:58.669 69051 INFO tempest.common.waiters [-] State transition "BUILD/spawning" ==> "ACTIVE/None" after 31 second wait
2025-04-03 08:07:58.759 69045 INFO tempest.lib.common.rest_client [req-556883c8-9ad7-4108-a5a1-58e08d83116c req-556883c8-9ad7-4108-a5a1-58e08d83116c ] Request (ImagesOneServerNegativeTestJSON:test_create_second_image_when_first_image_is_being_saved): 204 DELETE http://10.180.1.21/compute/v2.1/images/6da24b67-71a4-4c41-b215-b9f29de7fe8d 0.386s
2025-04-03 08:07:58.786 69018 INFO tempest.lib.common.rest_client [req-dc555cea-a4d4-448f-97a2-1224a81f7058 req-dc555cea-a4d4-448f-97a2-1224a81f7058 ] Request (ServerDiskConfigTestJSON:test_rebuild_server_with_auto_disk_config): 200 GET http://10.180.1.21/compute/v2.1/servers/8790d635-fec5-4dcf-8cb0-220c2edec971 0.439s
2025-04-03 08:07:58.799 69018 INFO tempest.common.waiters [-] State transition "REBUILD/rebuilding" ==> "REBUILD/rebuild_spawning" after 3 second wait
2025-04-03 08:07:58.818 69031 INFO tempest.lib.common.rest_client [req-a77cb26d-4ea9-4613-a0cb-756910aaa462 req-a77cb26d-4ea9-4613-a0cb-756910aaa462 ] Request (FlavorsAccessTestJSON:test_flavor_access_list_with_private_flavor): 200 POST http://10.180.1.21/compute/v2.1/flavors 0.302s
2025-04-03 08:07:58.832 69006 INFO tempest.lib.common.rest_client [req-51a9beda-7052-42b6-844f-cf9fc45fce7f req-51a9beda-7052-42b6-844f-cf9fc45fce7f ] Request (ServerActionsV293TestJSON:setUpClass): 200 GET http://10.180.1.21/volume/v3/volumes/ad78e308-8afd-46bf-a8e5-5e31a5c091b0 0.035s
2025-04-03 08:07:58.842 69041 INFO tempest.lib.common.rest_client [req-b529d75d-d485-4051-9548-7ef03b87d28a req-b529d75d-d485-4051-9548-7ef03b87d28a ] Request (ServersTestManualDisk:setUpClass): 200 PUT http://10.180.1.21:9696/networking/v2.0/floatingips/b0cdadee-6371-4fc5-8924-bbe4ddb22f77 0.823s
2025-04-03 08:07:58.846 69028 INFO tempest.lib.common.rest_client [req-e7b44b74-7392-4bdd-91e1-2f2a98f2df6b req-e7b44b74-7392-4bdd-91e1-2f2a98f2df6b ] Request (ServerExternalEventsTest:tearDownClass): 200 GET http://10.180.1.21/compute/v2.1/servers/d1c7a508-7d45-4eff-bb06-b85bfe392772 0.360s
2025-04-03 08:07:58.877 69000 INFO tempest.lib.common.rest_client [req-3b19931c-81cc-415d-b7c9-f3deef370ccf req-3b19931c-81cc-415d-b7c9-f3deef370ccf ] Request (AttachInterfacesTestJSON:test_create_list_show_delete_interfaces_by_fixed_ip): 200 GET http://10.180.1.21/compute/v2.1/servers/045e54ff-9e2c-4b04-afac-34cb6580cb2c 0.330s
2025-04-03 08:07:58.885 69000 INFO tempest.common.waiters [-] State transition "BUILD/scheduling" ==> "BUILD/None" after 13 second wait
2025-04-03 08:07:58.934 69043 INFO tempest.lib.common.rest_client [req-656ec865-e178-40bc-bc34-fa41f92a1446 req-656ec865-e178-40bc-bc34-fa41f92a1446 ] Request (FloatingIPsAssociationTestJSON:test_associate_already_associated_floating_ip): 200 GET http://10.180.1.21/compute/v2.1/servers/0f618d12-dc7b-4739-8ace-9453a7175d75 0.323s
2025-04-03 08:07:58.962 69053 INFO tempest.lib.common.rest_client [req-84c1fa18-c815-491d-8a01-12652429fb3d req-84c1fa18-c815-491d-8a01-12652429fb3d ] Request (FlavorsAdminTestJSON:_run_cleanups): 200 GET http://10.180.1.21/compute/v2.1/flavors/detail 0.292s
2025-04-03 08:07:59.031 69051 INFO tempest.lib.common.rest_client [req-04417896-494d-4647-9186-b31e2399beee req-04417896-494d-4647-9186-b31e2399beee ] Request (VolumesAdminNegativeTest:test_update_attached_volume_with_nonexistent_volume_in_body): 200 GET http://10.180.1.21/compute/v2.1/servers/fa89e0b5-590d-43fb-bb11-02f8fdee0c2f/os-interface 0.362s
2025-04-03 08:07:59.117 69053 INFO tempest.lib.common.rest_client [req-fa7bd4c2-4b69-48ad-bcc5-446fc7178f32 req-fa7bd4c2-4b69-48ad-bcc5-446fc7178f32 ] Request (FlavorsAdminTestJSON:tearDownClass): 204 DELETE http://10.180.1.21/identity/v3/users/b9832628e030487e9de4ff9f894592c6 0.147s
2025-04-03 08:07:59.233 69053 INFO tempest.lib.common.rest_client [req-57b007c7-d740-46b1-b9c9-97172273c872 req-57b007c7-d740-46b1-b9c9-97172273c872 ] Request (FlavorsAdminTestJSON:tearDownClass): 204 DELETE http://10.180.1.21/identity/v3/users/fe68a765b7884cb8ba88979768c98aaa 0.115s
2025-04-03 08:07:59.233 69053 INFO tempest.lib.common.dynamic_creds [-] Deleting project and security group for project: 926d48465c2d4e47b30ee64f839f39fe
2025-04-03 08:07:59.236 69002 INFO tempest.lib.common.rest_client [req-e10dc7fc-6714-4278-ace1-749288cf714e req-e10dc7fc-6714-4278-ace1-749288cf714e ] Request (ServersAdminTestJSON:test_create_server_with_scheduling_hint): 200 GET http://10.180.1.21/compute/v2.1/servers/3463e09e-dc2f-432c-9eff-8192c2616240 0.507s
2025-04-03 08:07:59.331 69014 INFO tempest.lib.common.rest_client [req-72e0fd67-f01f-4e0d-9897-70cef691fcbc req-72e0fd67-f01f-4e0d-9897-70cef691fcbc ] Request (FloatingIPsTestJSON:_run_cleanups): 202 DELETE http://10.180.1.21/compute/v2.1/os-floating-ips/97c0b770-88be-4f38-b616-d9026c37882f 0.744s
2025-04-03 08:07:59.420 68996 INFO tempest.lib.common.rest_client [req-6ccfb6b6-b8c0-4254-8c3e-26adadd8dd0f req-6ccfb6b6-b8c0-4254-8c3e-26adadd8dd0f ] Request (ServerShowV257Test:test_rebuild_server): 200 GET http://10.180.1.21/compute/v2.1/servers/f45200cd-6cb0-498a-8858-1e70177031d9 0.633s
2025-04-03 08:07:59.444 69031 INFO tempest.lib.common.rest_client [req-e5749e10-9877-4497-b46b-4e7b248b01d6 req-e5749e10-9877-4497-b46b-4e7b248b01d6 ] Request (FlavorsAccessTestJSON:test_flavor_access_list_with_private_flavor): 200 GET http://10.180.1.21/compute/v2.1/flavors/1209251126/os-flavor-access 0.624s
2025-04-03 08:07:59.458 69045 INFO tempest.lib.common.rest_client [req-fe54961d-c600-4931-9228-f00f701e2c1e req-fe54961d-c600-4931-9228-f00f701e2c1e ] Request (ImagesOneServerNegativeTestJSON:tearDown): 200 GET http://10.180.1.21/compute/v2.1/servers/60ded0c9-7e20-4071-b5ce-9189d8d01d5c 0.699s
2025-04-03 08:07:59.504 69053 INFO tempest.lib.common.rest_client [req-85bb999e-0cd8-4207-9ce4-9382406da2de req-85bb999e-0cd8-4207-9ce4-9382406da2de ] Request (FlavorsAdminTestJSON:tearDownClass): 201 POST http://10.180.1.21/identity/v3/auth/tokens 0.270s
2025-04-03 08:07:59.507 68990 INFO tempest.lib.common.rest_client [req-e84e4399-37b7-439c-9cdd-539001b1860b req-e84e4399-37b7-439c-9cdd-539001b1860b ] Request (MigrationsAdminTest:test_list_migrations_in_flavor_resize_situation): 200 GET http://10.180.1.21/compute/v2.1/servers/77fa5a89-961b-4c84-a75e-a5be0253677e 0.685s
2025-04-03 08:07:59.579 69033 INFO tempest.lib.common.rest_client [req-0d0b2e9f-eed3-49b0-8913-60772a77a643 req-0d0b2e9f-eed3-49b0-8913-60772a77a643 ] Request (ServerAddressesTestJSON:tearDownClass): 200 GET http://10.180.1.21/compute/v2.1/servers/9e337960-78c1-4ddb-a6f6-d6fd57dbf86d 0.698s
2025-04-03 08:07:59.592 69041 INFO tempest.lib.common.rest_client [req-b23d26fd-cb28-41fa-ab81-4815baddc11c req-b23d26fd-cb28-41fa-ab81-4815baddc11c ] Request (ServersTestManualDisk:setUpClass): 200 GET http://10.180.1.21/compute/v2.1/servers/ae945f3f-fde8-4b25-a5bd-81014fc99690 0.749s
2025-04-03 08:07:59.602 69041 INFO tempest.lib.common.ssh [-] Creating ssh connection to '10.180.180.146:22' as 'cirros' with public key authentication
2025-04-03 08:07:59.661 69035 INFO tempest.lib.common.rest_client [req-2713c2ba-0b5b-4cf3-9ace-c0f8260df3b6 req-2713c2ba-0b5b-4cf3-9ace-c0f8260df3b6 ] Request (ListServersNegativeTestJSON:setUpClass): 200 GET http://10.180.1.21/compute/v2.1/servers/275cdfcc-06f0-4c29-b18b-55cde38480a3 0.726s
2025-04-03 08:07:59.698 68992 INFO tempest.lib.common.rest_client [req-6b8aca51-eff5-4d87-be2b-9f1e08f7acb1 req-6b8aca51-eff5-4d87-be2b-9f1e08f7acb1 ] Request (ServersAdminNegativeTestJSON:setUpClass): 200 GET http://10.180.1.21/compute/v2.1/servers/627fb348-1749-4480-97b9-b479a182d4ee 0.797s
2025-04-03 08:07:59.716 69051 INFO tempest.lib.common.rest_client [req-7d57da34-6a96-4755-8961-e1af76f2ffb0 req-7d57da34-6a96-4755-8961-e1af76f2ffb0 ] Request (VolumesAdminNegativeTest:test_update_attached_volume_with_nonexistent_volume_in_body): 200 PUT http://10.180.1.21:9696/networking/v2.0/floatingips/7265bd48-5d91-4c1e-abcf-01cc50431753 0.681s
2025-04-03 08:07:59.717 69051 INFO tempest.lib.common.ssh [-] Creating ssh connection to '10.180.180.212:22' as 'cirros' with public key authentication
2025-04-03 08:07:59.725 69020 INFO tempest.lib.common.rest_client [req-25e12d72-9d50-4587-b7de-2c1e551c4702 req-25e12d72-9d50-4587-b7de-2c1e551c4702 ] Request (ServerDiagnosticsV248Test:tearDownClass): 404 GET http://10.180.1.21/compute/v2.1/servers/a123c5f2-e775-4dd2-9a5a-35e7d6705dfa 0.630s
2025-04-03 08:07:59.724 69022 INFO tempest.lib.common.rest_client [req-b1415f88-f273-4889-8337-48bd288f18bb req-b1415f88-f273-4889-8337-48bd288f18bb ] Request (ServerActionsTestOtherA:setUpClass): 200 GET http://10.180.1.21/compute/v2.1/servers/23891bad-1b63-4237-9243-78954cf67d52 0.653s
2025-04-03 08:07:59.737 69053 INFO tempest.lib.common.rest_client [req-061a094c-3081-4218-b3f7-f7f80f19a583 req-061a094c-3081-4218-b3f7-f7f80f19a583 ] Request (FlavorsAdminTestJSON:tearDownClass): 200 GET http://10.180.1.21:9696/networking/v2.0/security-groups?tenant_id=926d48465c2d4e47b30ee64f839f39fe&name=default 0.232s
2025-04-03 08:07:59.789 69016 INFO tempest.lib.common.rest_client [req-9efc400a-3de0-4eeb-8568-2941dab7ee20 req-9efc400a-3de0-4eeb-8568-2941dab7ee20 ] Request (ServerMetadataNegativeTestJSON:setUpClass): 200 GET http://10.180.1.21/compute/v2.1/servers/3b0837ef-53fb-4851-b69f-ee0a1d89fbf8 0.578s
2025-04-03 08:07:59.798 69010 INFO tempest.lib.common.rest_client [req-df937f8c-8abb-4f3e-b529-8c21e55aff44 req-df937f8c-8abb-4f3e-b529-8c21e55aff44 ] Request (FloatingIPsAssociationNegativeTestJSON:tearDownClass): 200 GET http://10.180.1.21/compute/v2.1/servers/58830b0e-dbf3-424d-8b9a-bb298b6bea21 0.648s
2025-04-03 08:07:59.835 69020 INFO tempest.lib.common.rest_client [req-ba441ca5-5db3-46ee-bba5-e5f4ab22831f req-ba441ca5-5db3-46ee-bba5-e5f4ab22831f ] Request (ServerDiagnosticsV248Test:tearDownClass): 204 DELETE http://10.180.1.21/identity/v3/users/0726e9653bce4c849b44529b5b39ae8d 0.110s
2025-04-03 08:07:59.839 69053 INFO tempest.lib.common.rest_client [req-b70eeff3-1e0b-4003-a720-82d1f0d44f93 req-b70eeff3-1e0b-4003-a720-82d1f0d44f93 ] Request (FlavorsAdminTestJSON:tearDownClass): 204 DELETE http://10.180.1.21:9696/networking/v2.0/security-groups/160f0014-b85f-4f0f-aa54-5ab082de7be0 0.102s
2025-04-03 08:07:59.867 69008 INFO tempest.lib.common.rest_client [req-2385360e-062a-4798-adf3-936392691ab9 req-2385360e-062a-4798-adf3-936392691ab9 ] Request (ServersTestBootFromVolume:setUpClass): 200 GET http://10.180.1.21/compute/v2.1/servers/6278d756-139c-4fcd-bf31-304c978d6682 0.588s
2025-04-03 08:07:59.870 69006 INFO tempest.lib.common.rest_client [req-aac16701-2f9b-4c46-b989-405c484126b7 req-aac16701-2f9b-4c46-b989-405c484126b7 ] Request (ServerActionsV293TestJSON:setUpClass): 200 GET http://10.180.1.21/volume/v3/volumes/ad78e308-8afd-46bf-a8e5-5e31a5c091b0 0.029s
2025-04-03 08:07:59.915 69012 INFO tempest.lib.common.rest_client [req-0e1ca733-a13f-48ed-b94c-591b1df54d9a req-0e1ca733-a13f-48ed-b94c-591b1df54d9a ] Request (ServerDiagnosticsTest:test_get_server_diagnostics): 200 GET http://10.180.1.21/compute/v2.1/servers/f9168b78-ed64-4109-84f0-db0af61d2f10 0.680s
2025-04-03 08:07:59.944 69020 INFO tempest.lib.common.rest_client [req-2ea28e95-3900-465a-985b-f53972dfd702 req-2ea28e95-3900-465a-985b-f53972dfd702 ] Request (ServerDiagnosticsV248Test:tearDownClass): 204 DELETE http://10.180.1.21/identity/v3/users/4a28e78ddc4d4fcaba36c900727dfd7c 0.109s
2025-04-03 08:07:59.945 69020 INFO tempest.lib.common.dynamic_creds [-] Deleting project and security group for project: 89e67d52039141c9b45625b855c19b34
2025-04-03 08:07:59.954 68994 INFO tempest.lib.common.rest_client [req-23d67068-d9b5-415e-a994-390671334bc4 req-23d67068-d9b5-415e-a994-390671334bc4 ] Request (ServersAdmin275Test:tearDownClass): 200 GET http://10.180.1.21/compute/v2.1/servers/89ccc16e-d0e5-4f7d-985c-8693188e7ed5 0.631s
2025-04-03 08:07:59.961 69053 INFO tempest.lib.common.rest_client [req-3b345828-53e1-4f3a-835f-1716a876b2f2 req-3b345828-53e1-4f3a-835f-1716a876b2f2 ] Request (FlavorsAdminTestJSON:tearDownClass): 204 DELETE http://10.180.1.21/identity/v3/projects/926d48465c2d4e47b30ee64f839f39fe 0.121s
2025-04-03 08:07:59.961 69053 INFO tempest.lib.common.dynamic_creds [-] Deleting project and security group for project: 5aaa0451ae0341cb84eafe20668693cd
2025-04-03 08:08:00.034 69050 INFO tempest.lib.common.rest_client [req-863183ab-11bb-4942-bb3a-d8bf0c6177ca req-863183ab-11bb-4942-bb3a-d8bf0c6177ca ] Request (ImagesNegativeTestJSON:test_create_image_from_deleted_server): 200 GET http://10.180.1.21/compute/v2.1/servers/f500b495-7bfb-40ff-8a10-e46ca6744902 0.685s
2025-04-03 08:08:00.038 69020 INFO tempest.lib.common.rest_client [req-e85b60c2-61ef-4a3a-b592-c8dfa4dc56e7 req-e85b60c2-61ef-4a3a-b592-c8dfa4dc56e7 ] Request (ServerDiagnosticsV248Test:tearDownClass): 201 POST http://10.180.1.21/identity/v3/auth/tokens 0.093s
2025-04-03 08:08:00.094 69031 INFO tempest.lib.common.rest_client [req-f1f25a0f-04a2-4ef9-8499-f3ded569b508 req-f1f25a0f-04a2-4ef9-8499-f3ded569b508 ] Request (FlavorsAccessTestJSON:_run_cleanups): 202 DELETE http://10.180.1.21/compute/v2.1/flavors/1209251126 0.649s
2025-04-03 08:08:00.125 69053 INFO tempest.lib.common.rest_client [req-1c3d6943-df23-48bc-bb6f-f8692cedcafe req-1c3d6943-df23-48bc-bb6f-f8692cedcafe ] Request (FlavorsAdminTestJSON:tearDownClass): 200 GET http://10.180.1.21:9696/networking/v2.0/security-groups?tenant_id=5aaa0451ae0341cb84eafe20668693cd&name=default 0.164s
2025-04-03 08:08:00.205 69037 INFO tempest.lib.common.rest_client [req-7aa54066-8b8c-4776-aabf-855bf01b618c req-7aa54066-8b8c-4776-aabf-855bf01b618c ] Request (ListServerFiltersTestJSON:test_list_servers_filter_by_shutoff_status): 200 GET http://10.180.1.21/compute/v2.1/servers/e75d2bc7-f356-4443-9641-d9ebf35843cd 0.712s
2025-04-03 08:08:00.215 69037 INFO tempest.common.waiters [-] State transition "SHUTOFF/powering-on" ==> "ACTIVE/None" after 5 second wait
2025-04-03 08:08:00.271 69053 INFO tempest.lib.common.rest_client [req-436dbcd2-5dd1-4b19-8975-7d578cbb453f req-436dbcd2-5dd1-4b19-8975-7d578cbb453f ] Request (FlavorsAdminTestJSON:tearDownClass): 204 DELETE http://10.180.1.21:9696/networking/v2.0/security-groups/7cb43c3a-128a-473a-84d0-2a78db05a9f9 0.145s
2025-04-03 08:08:00.294 68998 INFO tempest.lib.common.rest_client [req-40b0af89-55ab-4211-9d70-0ea6cfa0c348 req-40b0af89-55ab-4211-9d70-0ea6cfa0c348 ] Request (ImagesTestJSON:test_create_image_from_suspended_server): 200 GET http://10.180.1.21/compute/v2.1/servers/d167585b-11f4-462c-b12e-c6a440c1476a 0.714s
2025-04-03 08:08:00.318 69020 INFO tempest.lib.common.rest_client [req-b676d457-cc93-40a3-aabc-57209cd3e808 req-b676d457-cc93-40a3-aabc-57209cd3e808 ] Request (ServerDiagnosticsV248Test:tearDownClass): 200 GET http://10.180.1.21:9696/networking/v2.0/security-groups?tenant_id=89e67d52039141c9b45625b855c19b34&name=default 0.279s
2025-04-03 08:08:00.361 69039 INFO tempest.lib.common.rest_client [req-58894365-bd64-4941-8a51-b9af43aa0a81 req-58894365-bd64-4941-8a51-b9af43aa0a81 ] Request (ServersNegativeTestMultiTenantJSON:setUpClass): 200 GET http://10.180.1.21/compute/v2.1/servers/0097c367-bb3a-4b7b-9fcc-b3e3482689e2 0.696s
2025-04-03 08:08:00.371 69053 INFO tempest.lib.common.rest_client [req-515b158e-bbec-4b27-979d-678c3de4a251 req-515b158e-bbec-4b27-979d-678c3de4a251 ] Request (FlavorsAdminTestJSON:tearDownClass): 204 DELETE http://10.180.1.21/identity/v3/projects/5aaa0451ae0341cb84eafe20668693cd 0.100s
2025-04-03 08:08:00.452 69020 INFO tempest.lib.common.rest_client [req-407c2ad3-d48f-4438-81f7-ff82b5181c41 req-407c2ad3-d48f-4438-81f7-ff82b5181c41 ] Request (ServerDiagnosticsV248Test:tearDownClass): 204 DELETE http://10.180.1.21:9696/networking/v2.0/security-groups/04a636f4-ba45-4251-a9fe-1913bc5699d2 0.134s
2025-04-03 08:08:00.470 69053 INFO tempest.lib.common.rest_client [req-86b4952a-e800-4413-93f8-6ec3b405cf19 req-86b4952a-e800-4413-93f8-6ec3b405cf19 ] Request (HypervisorAdminV228Test:setUpClass): 201 POST http://10.180.1.21/identity/v3/auth/tokens 0.097s
2025-04-03 08:08:00.510 69053 INFO tempest.lib.common.rest_client [req-c131c548-7bf0-4d3f-8cc8-adcb2619df94 req-c131c548-7bf0-4d3f-8cc8-adcb2619df94 ] Request (HypervisorAdminV228Test:setUpClass): 201 POST http://10.180.1.21/identity/v3/auth/tokens 0.037s
2025-04-03 08:08:00.517 69018 INFO tempest.lib.common.rest_client [req-37f3c6db-fb37-4ed7-b616-fee303281cc2 req-37f3c6db-fb37-4ed7-b616-fee303281cc2 ] Request (ServerDiskConfigTestJSON:test_rebuild_server_with_auto_disk_config): 200 GET http://10.180.1.21/compute/v2.1/servers/8790d635-fec5-4dcf-8cb0-220c2edec971 0.716s
2025-04-03 08:08:00.546 69020 INFO tempest.lib.common.rest_client [req-4147affd-d45e-4b1c-888e-aec8ca4cebb0 req-4147affd-d45e-4b1c-888e-aec8ca4cebb0 ] Request (ServerDiagnosticsV248Test:tearDownClass): 204 DELETE http://10.180.1.21/identity/v3/projects/89e67d52039141c9b45625b855c19b34 0.094s
2025-04-03 08:08:00.547 69020 INFO tempest.lib.common.dynamic_creds [-] Deleting project and security group for project: 414bd20f1ce04b6f892f638bec9216ab
2025-04-03 08:08:00.576 69053 INFO tempest.lib.common.rest_client [req-31f49b3e-84c4-42dd-890e-58c3a6fa446f req-31f49b3e-84c4-42dd-890e-58c3a6fa446f ] Request (HypervisorAdminV228Test:setUpClass): 200 GET http://10.180.1.21/identity/v3/domains?name=Default 0.065s
2025-04-03 08:08:00.589 69028 INFO tempest.lib.common.rest_client [req-a7727918-1f4f-4e27-b5d8-2fe9adea6bd2 req-a7727918-1f4f-4e27-b5d8-2fe9adea6bd2 ] Request (ServerExternalEventsTest:tearDownClass): 200 GET http://10.180.1.21/compute/v2.1/servers/d1c7a508-7d45-4eff-bb06-b85bfe392772 0.732s
2025-04-03 08:08:00.615 69053 INFO tempest.lib.common.rest_client [req-9d075a2f-8628-41a5-bcef-ca241fe34088 req-9d075a2f-8628-41a5-bcef-ca241fe34088 ] Request (HypervisorAdminV228Test:setUpClass): 201 POST http://10.180.1.21/identity/v3/projects 0.038s
2025-04-03 08:08:00.640 69000 INFO tempest.lib.common.rest_client [req-8696d0f7-5f46-4597-8032-2eab9ee51687 req-8696d0f7-5f46-4597-8032-2eab9ee51687 ] Request (AttachInterfacesTestJSON:test_create_list_show_delete_interfaces_by_fixed_ip): 200 GET http://10.180.1.21/compute/v2.1/servers/045e54ff-9e2c-4b04-afac-34cb6580cb2c 0.754s
2025-04-03 08:08:00.686 69053 INFO tempest.lib.common.rest_client [req-110ee025-78a5-4624-99a2-e2edab44d2e2 req-110ee025-78a5-4624-99a2-e2edab44d2e2 ] Request (HypervisorAdminV228Test:setUpClass): 201 POST http://10.180.1.21/identity/v3/users 0.071s
2025-04-03 08:08:00.693 69043 INFO tempest.lib.common.rest_client [req-a090de9b-4d6d-4f03-8029-178650aaad27 req-a090de9b-4d6d-4f03-8029-178650aaad27 ] Request (FloatingIPsAssociationTestJSON:test_associate_already_associated_floating_ip): 200 GET http://10.180.1.21/compute/v2.1/servers/0f618d12-dc7b-4739-8ace-9453a7175d75 0.749s
2025-04-03 08:08:00.715 69031 INFO tempest.lib.common.rest_client [req-c719b534-f3c3-48a3-a311-6e82b3c66f12 req-c719b534-f3c3-48a3-a311-6e82b3c66f12 ] Request (FlavorsAccessTestJSON:_run_cleanups): 200 GET http://10.180.1.21/compute/v2.1/flavors/detail 0.621s
2025-04-03 08:08:00.719 69053 INFO tempest.lib.common.rest_client [req-327ab0a0-077d-40a7-b04d-fa4e1730673d req-327ab0a0-077d-40a7-b04d-fa4e1730673d ] Request (HypervisorAdminV228Test:setUpClass): 200 GET http://10.180.1.21/identity/v3/roles 0.032s
2025-04-03 08:08:00.725 69037 INFO tempest.lib.common.rest_client [req-0821cb3a-53c6-47ec-a564-09e49cae2f25 req-0821cb3a-53c6-47ec-a564-09e49cae2f25 ] Request (ListServerFiltersTestJSON:test_list_servers_filter_by_zero_limit): 200 GET http://10.180.1.21/compute/v2.1/servers?limit=0 0.509s
2025-04-03 08:08:00.750 69053 INFO tempest.lib.common.rest_client [req-340b2a18-3a67-49e4-895d-819bf5fccd6e req-340b2a18-3a67-49e4-895d-819bf5fccd6e ] Request (HypervisorAdminV228Test:setUpClass): 204 PUT http://10.180.1.21/identity/v3/projects/ab96f744f1a3488795974603dcffbe3e/users/375a78c833874104b2171372974d9bc7/roles/893cc1bc207043eea98ffbe5a49282d9 0.031s
2025-04-03 08:08:00.750 69053 INFO tempest.lib.common.dynamic_creds [-] Dynamic test user 375a78c833874104b2171372974d9bc7 is created with scope project and roles: ['member']
2025-04-03 08:08:00.750 69053 INFO tempest.lib.common.dynamic_creds [-] Acquired dynamic creds: credentials: Credentials: {'domain_id': 'default', 'domain_name': 'Default', 'username': 'tempest-HypervisorAdminV228Test-779024780-project-member', 'project_domain_id': 'default', 'project_domain_name': 'Default', 'project_id': 'ab96f744f1a3488795974603dcffbe3e', 'project_name': 'tempest-HypervisorAdminV228Test-779024780', 'tenant_id': 'ab96f744f1a3488795974603dcffbe3e', 'tenant_name': 'tempest-HypervisorAdminV228Test-779024780', 'user_domain_id': 'default', 'user_domain_name': 'Default', 'user_id': '375a78c833874104b2171372974d9bc7', 'system': None}, Network: None, Subnet: None, Router: None
2025-04-03 08:08:00.750 69053 INFO tempest.lib.common.dynamic_creds [-] Created isolated network resources for: credentials: Credentials: {'domain_id': 'default', 'domain_name': 'Default', 'username': 'tempest-HypervisorAdminV228Test-779024780-project-member', 'project_domain_id': 'default', 'project_domain_name': 'Default', 'project_id': 'ab96f744f1a3488795974603dcffbe3e', 'project_name': 'tempest-HypervisorAdminV228Test-779024780', 'tenant_id': 'ab96f744f1a3488795974603dcffbe3e', 'tenant_name': 'tempest-HypervisorAdminV228Test-779024780', 'user_domain_id': 'default', 'user_domain_name': 'Default', 'user_id': '375a78c833874104b2171372974d9bc7', 'system': None}, Network: None, Subnet: None, Router: None
2025-04-03 08:08:00.792 69031 INFO tempest.lib.common.rest_client [req-c070bb5d-23f8-4b8d-bab3-a54584b636a8 req-c070bb5d-23f8-4b8d-bab3-a54584b636a8 ] Request (FlavorsAccessTestJSON:tearDownClass): 204 DELETE http://10.180.1.21/identity/v3/users/28903ca9f98e46aa81adeffbeb5146bc 0.069s
2025-04-03 08:08:00.817 69002 INFO tempest.lib.common.rest_client [req-cf0f687e-2333-4bc7-8bb8-8155319efb83 req-cf0f687e-2333-4bc7-8bb8-8155319efb83 ] Request (ServersAdminTestJSON:test_create_server_with_scheduling_hint): 200 GET http://10.180.1.21/compute/v2.1/servers/3463e09e-dc2f-432c-9eff-8192c2616240 0.573s
