2025-05-14 06:49:49.260 69698 INFO tempest.lib.common.rest_client [req-69528716-d7b5-4ddf-958f-b9e0321bddb0 req-69528716-d7b5-4ddf-958f-b9e0321bddb0 ] Request (ServerAddressesNegativeTestJSON:tearDownClass): 200 GET http://10.180.1.21/compute/v2.1/servers/5b765100-3eae-4e07-b5ef-abd247bb4835 0.390s
2025-05-14 06:49:49.318 69680 INFO tempest.lib.common.rest_client [req-67530a22-231b-4d18-b25c-242a732d61d2 req-67530a22-231b-4d18-b25c-242a732d61d2 ] Request (ServerActionsV293TestJSON:test_rebuild_volume_backed_server): 200 GET http://10.180.1.21/compute/v2.1/servers/38dfffac-77ba-45e6-83bd-455a2c5bfef4 0.205s
2025-05-14 06:49:49.327 69660 INFO tempest.lib.common.rest_client [req-ca06324d-0a65-44a8-aa8f-b0de8c5319f7 req-ca06324d-0a65-44a8-aa8f-b0de8c5319f7 ] Request (AttachInterfacesTestJSON:test_create_list_show_delete_interfaces_by_fixed_ip): 200 GET http://10.180.1.21/compute/v2.1/servers/519994ef-1c68-45cf-b022-d7433038e768 0.138s
2025-05-14 06:49:49.342 69708 INFO tempest.lib.common.rest_client [req-265a69dd-cd7a-4d23-90af-345f59780893 req-265a69dd-cd7a-4d23-90af-345f59780893 ] Request (InstanceActionsV221TestJSON:tearDownClass): 204 DELETE http://10.180.1.21/identity/v3/projects/879cf036aafd469ca0d5a817a44e6716 0.119s
2025-05-14 06:49:49.344 69671 INFO tempest.lib.common.rest_client [req-16c09470-d786-49b6-b64f-e5e17054d5d7 req-16c09470-d786-49b6-b64f-e5e17054d5d7 ] Request (ServerDiagnosticsTest:tearDownClass): 204 DELETE http://10.180.1.21/identity/v3/users/d4cb81e71f4149d0b78f8b4449ffd9fc 0.134s
2025-05-14 06:49:49.427 69708 INFO tempest.lib.common.rest_client [req-5f60fc04-3d21-4ef5-ab86-3945e1c53f3c req-5f60fc04-3d21-4ef5-ab86-3945e1c53f3c ] Request (ExtensionsTest:setUpClass): 201 POST http://10.180.1.21/identity/v3/auth/tokens 0.082s
2025-05-14 06:49:49.469 69708 INFO tempest.lib.common.rest_client [req-34a2d8f7-6ef6-4200-84c5-4d299e3abb31 req-34a2d8f7-6ef6-4200-84c5-4d299e3abb31 ] Request (ExtensionsTest:setUpClass): 201 POST http://10.180.1.21/identity/v3/auth/tokens 0.035s
2025-05-14 06:49:49.475 69672 INFO tempest.lib.common.rest_client [req-b3366960-eb5a-4efe-8ddc-96c758f86dc5 req-b3366960-eb5a-4efe-8ddc-96c758f86dc5 ] Request (ListImageFiltersTestJSON:setUpClass): 200 GET http://10.180.1.21/compute/v2.1/servers/aa2b8b36-3d7f-48d2-afee-d1412bd34fb2 0.138s
2025-05-14 06:49:49.492 69702 INFO tempest.lib.common.rest_client [req-23ea5f82-7309-40d4-82c2-5f056977bea8 req-23ea5f82-7309-40d4-82c2-5f056977bea8 ] Request (ServersTestJSON:tearDownClass): 200 GET http://10.180.1.21/compute/v2.1/servers/9c3b6446-8019-4eac-b0b9-1722de7181c6 0.090s
2025-05-14 06:49:49.500 69708 INFO tempest.lib.common.rest_client [req-6abe0299-d10f-435a-bde3-a42b3a39138d req-6abe0299-d10f-435a-bde3-a42b3a39138d ] Request (ExtensionsTest:setUpClass): 200 GET http://10.180.1.21/identity/v3/domains?name=Default 0.030s
2025-05-14 06:49:49.520 69671 INFO tempest.lib.common.rest_client [req-37b180a2-2c0b-4cec-bc3d-e3cad7157c60 req-37b180a2-2c0b-4cec-bc3d-e3cad7157c60 ] Request (ServerDiagnosticsTest:tearDownClass): 204 DELETE http://10.180.1.21/identity/v3/users/313637ecc2a54fa2be5b7438cfb59ce4 0.176s
2025-05-14 06:49:49.520 69671 INFO tempest.lib.common.dynamic_creds [-] Deleting project and security group for project: a4f267944c964afc84cfdf906553a4b4
2025-05-14 06:49:49.565 69708 INFO tempest.lib.common.rest_client [req-4caff95f-6ccd-42a8-88d0-30186377bf03 req-4caff95f-6ccd-42a8-88d0-30186377bf03 ] Request (ExtensionsTest:setUpClass): 201 POST http://10.180.1.21/identity/v3/projects 0.065s
2025-05-14 06:49:49.586 69671 INFO tempest.lib.common.rest_client [req-d5e435df-9c6c-482c-8a28-1361af29c448 req-d5e435df-9c6c-482c-8a28-1361af29c448 ] Request (ServerDiagnosticsTest:tearDownClass): 201 POST http://10.180.1.21/identity/v3/auth/tokens 0.065s
2025-05-14 06:49:49.626 69684 INFO tempest.lib.common.rest_client [req-331e0f0c-e3a6-4a06-89ab-1e84ea3572dd req-331e0f0c-e3a6-4a06-89ab-1e84ea3572dd ] Request (ServersAdmin275Test:_run_cleanups): 200 GET http://10.180.1.21/compute/v2.1/servers/c3c5257b-43a8-4732-a68f-00914ad78a98 0.092s
2025-05-14 06:49:49.639 69708 INFO tempest.lib.common.rest_client [req-a51a3acd-ce4e-4fb5-90d7-7398c33e227e req-a51a3acd-ce4e-4fb5-90d7-7398c33e227e ] Request (ExtensionsTest:setUpClass): 201 POST http://10.180.1.21/identity/v3/users 0.073s
2025-05-14 06:49:49.663 69708 INFO tempest.lib.common.rest_client [req-ff2c736c-66f3-4b46-af20-a095553ef30f req-ff2c736c-66f3-4b46-af20-a095553ef30f ] Request (ExtensionsTest:setUpClass): 200 GET http://10.180.1.21/identity/v3/roles 0.024s
2025-05-14 06:49:49.693 69708 INFO tempest.lib.common.rest_client [req-c9d49a78-4470-45ee-a5ac-f44e14d48aea req-c9d49a78-4470-45ee-a5ac-f44e14d48aea ] Request (ExtensionsTest:setUpClass): 204 PUT http://10.180.1.21/identity/v3/projects/7e03d715c5f842658d596afaba809366/users/60a9abfdad1b477683d797ff4f9e43b8/roles/0609a4e2993047a1a72e5fb71a609f23 0.029s
2025-05-14 06:49:49.693 69708 INFO tempest.lib.common.dynamic_creds [-] Dynamic test user 60a9abfdad1b477683d797ff4f9e43b8 is created with scope project and roles: ['member']
2025-05-14 06:49:49.693 69708 INFO tempest.lib.common.dynamic_creds [-] Acquired dynamic creds: credentials: Credentials: {'domain_id': 'default', 'domain_name': 'Default', 'username': 'tempest-ExtensionsTest-1329814360-project-member', 'project_domain_id': 'default', 'project_domain_name': 'Default', 'project_id': '7e03d715c5f842658d596afaba809366', 'project_name': 'tempest-ExtensionsTest-1329814360', 'tenant_id': '7e03d715c5f842658d596afaba809366', 'tenant_name': 'tempest-ExtensionsTest-1329814360', 'user_domain_id': 'default', 'user_domain_name': 'Default', 'user_id': '60a9abfdad1b477683d797ff4f9e43b8', 'system': None}, Network: None, Subnet: None, Router: None
2025-05-14 06:49:49.694 69708 INFO tempest.lib.common.dynamic_creds [-] Created isolated network resources for: credentials: Credentials: {'domain_id': 'default', 'domain_name': 'Default', 'username': 'tempest-ExtensionsTest-1329814360-project-member', 'project_domain_id': 'default', 'project_domain_name': 'Default', 'project_id': '7e03d715c5f842658d596afaba809366', 'project_name': 'tempest-ExtensionsTest-1329814360', 'tenant_id': '7e03d715c5f842658d596afaba809366', 'tenant_name': 'tempest-ExtensionsTest-1329814360', 'user_domain_id': 'default', 'user_domain_name': 'Default', 'user_id': '60a9abfdad1b477683d797ff4f9e43b8', 'system': None}, Network: None, Subnet: None, Router: None
2025-05-14 06:49:49.701 69662 INFO tempest.lib.common.rest_client [req-7f8a47b3-d90d-48ba-8b58-2082fc8ce1f8 req-7f8a47b3-d90d-48ba-8b58-2082fc8ce1f8 ] Request (ServerActionsTestJSON:setUpClass): 200 GET http://10.180.1.21/compute/v2.1/servers/1787cdf4-a184-4404-a9a8-f45877de9599 0.058s
2025-05-14 06:49:49.745 69682 INFO tempest.lib.common.rest_client [req-864e18c5-97bc-4e6c-ad3c-4cffb76e9fee req-864e18c5-97bc-4e6c-ad3c-4cffb76e9fee ] Request (ServerRescueTestJSONUnderV235:setUpClass): 200 GET http://10.180.1.21/compute/v2.1/servers/ee543d6d-19a1-4787-a2b3-fde6d8aa99fd 0.168s
2025-05-14 06:49:49.762 69708 INFO tempest.lib.common.rest_client [req-e2d235d8-715f-48f6-a220-1cc7f890cc61 req-e2d235d8-715f-48f6-a220-1cc7f890cc61 ] Request (ExtensionsTest:setUpClass): 201 POST http://10.180.1.21/identity/v3/auth/tokens 0.065s
2025-05-14 06:49:49.775 69671 INFO tempest.lib.common.rest_client [req-739995c5-20ce-4a8d-ad0c-a3d71e95ec75 req-739995c5-20ce-4a8d-ad0c-a3d71e95ec75 ] Request (ServerDiagnosticsTest:tearDownClass): 200 GET http://10.180.1.21:9696/networking/v2.0/security-groups?tenant_id=a4f267944c964afc84cfdf906553a4b4&name=default 0.189s
2025-05-14 06:49:49.779 69668 INFO tempest.lib.common.rest_client [req-bf9fca78-663c-4173-8815-75b6fee9a9af req-bf9fca78-663c-4173-8815-75b6fee9a9af ] Request (ServersAdminTestJSON:test_inject_network_info): 200 GET http://10.180.1.21/compute/v2.1/servers/92b7fbc4-a250-43f7-99b5-995a091a1af2 0.060s
2025-05-14 06:49:49.849 69708 INFO tempest.lib.common.rest_client [req-ad7fd1a7-6eed-4118-8d19-bb335cedeaea req-ad7fd1a7-6eed-4118-8d19-bb335cedeaea ] Request (ExtensionsTest:test_get_extension): 200 GET http://10.180.1.21/compute/v2.1/extensions/os-consoles 0.086s
2025-05-14 06:49:49.881 69646 INFO tempest.lib.common.rest_client [req-a619615b-99df-4f5b-b84b-182de6da7ef4 req-a619615b-99df-4f5b-b84b-182de6da7ef4 ] Request (DeleteServersAdminTestJSON:test_delete_server_while_in_error_state): 200 GET http://10.180.1.21/compute/v2.1/servers/ae9c7ebc-0839-4c60-82ab-1f2ef1bdccac 0.149s
2025-05-14 06:49:49.903 69654 INFO tempest.lib.common.rest_client [req-823cc53c-14ed-4a90-8a14-ba4a58428a1e req-823cc53c-14ed-4a90-8a14-ba4a58428a1e ] Request (ServerMetadataNegativeTestJSON:setUpClass): 200 GET http://10.180.1.21/compute/v2.1/servers/ca2afff9-d273-4f7b-a8c0-f1371b3aa6fc 0.100s
2025-05-14 06:49:49.918 69671 INFO tempest.lib.common.rest_client [req-b73c2a6c-72cf-4a21-acf1-1cfabb6c9d0c req-b73c2a6c-72cf-4a21-acf1-1cfabb6c9d0c ] Request (ServerDiagnosticsTest:tearDownClass): 204 DELETE http://10.180.1.21:9696/networking/v2.0/security-groups/a37bea61-35ef-4941-9f99-e6adc253ce1b 0.143s
2025-05-14 06:49:49.922 69708 INFO tempest.lib.common.rest_client [req-685fd00b-8e25-45c3-8d43-d275cc5db601 req-685fd00b-8e25-45c3-8d43-d275cc5db601 ] Request (ExtensionsTest:test_list_extensions): 200 GET http://10.180.1.21/compute/v2.1/extensions 0.071s
2025-05-14 06:49:49.946 69678 INFO tempest.lib.common.rest_client [req-f689ef5f-7e8b-4ea7-9a46-b9111c721b65 req-f689ef5f-7e8b-4ea7-9a46-b9111c721b65 ] Request (ImagesOneServerNegativeTestJSON:setUpClass): 200 GET http://10.180.1.21/compute/v2.1/servers/5c3ecd76-b649-4a9e-8bc0-8f39ba56a5a2 0.113s
2025-05-14 06:49:49.987 69700 INFO tempest.lib.common.rest_client [req-466f95f1-f514-45e0-868d-1958c4758b49 req-466f95f1-f514-45e0-868d-1958c4758b49 ] Request (ServerShowV257Test:test_rebuild_server): 200 GET http://10.180.1.21/compute/v2.1/servers/065b704e-0717-4af5-9816-52ebdf54b9db 0.060s
2025-05-14 06:49:50.038 69671 INFO tempest.lib.common.rest_client [req-2d5455fe-70e3-47a1-8ba6-279812c014be req-2d5455fe-70e3-47a1-8ba6-279812c014be ] Request (ServerDiagnosticsTest:tearDownClass): 204 DELETE http://10.180.1.21/identity/v3/projects/a4f267944c964afc84cfdf906553a4b4 0.119s
2025-05-14 06:49:50.039 69671 INFO tempest.lib.common.dynamic_creds [-] Deleting project and security group for project: ad03dc1eec6b43efa17a7c3d485cefa3
2025-05-14 06:49:50.046 69708 INFO tempest.lib.common.rest_client [req-062ace0d-efa8-4c6a-8295-af5cc5008e1a req-062ace0d-efa8-4c6a-8295-af5cc5008e1a ] Request (ExtensionsTest:tearDownClass): 204 DELETE http://10.180.1.21/identity/v3/users/60a9abfdad1b477683d797ff4f9e43b8 0.106s
2025-05-14 06:49:50.047 69708 INFO tempest.lib.common.dynamic_creds [-] Deleting project and security group for project: 7e03d715c5f842658d596afaba809366
2025-05-14 06:49:50.079 69671 INFO tempest.lib.common.rest_client [req-32756c19-ed6b-4eff-bfbb-d766cbfd73eb req-32756c19-ed6b-4eff-bfbb-d766cbfd73eb ] Request (ServerDiagnosticsTest:tearDownClass): 200 GET http://10.180.1.21:9696/networking/v2.0/security-groups?tenant_id=ad03dc1eec6b43efa17a7c3d485cefa3&name=default 0.040s
2025-05-14 06:49:50.101 69690 INFO tempest.lib.common.rest_client [req-39320ffe-ac58-4ec4-9a4a-ca186265d7e2 req-39320ffe-ac58-4ec4-9a4a-ca186265d7e2 ] Request (ImagesOneServerTestJSON:tearDownClass): 200 GET http://10.180.1.21/compute/v2.1/servers/8f6144e5-282f-4210-83f3-d17ebdc0fe12 0.101s
2025-05-14 06:49:50.138 69708 INFO tempest.lib.common.rest_client [req-d05c3166-3b8f-4d33-ae40-1bf9507c68bf req-d05c3166-3b8f-4d33-ae40-1bf9507c68bf ] Request (ExtensionsTest:tearDownClass): 201 POST http://10.180.1.21/identity/v3/auth/tokens 0.090s
2025-05-14 06:49:50.139 69674 INFO tempest.lib.common.rest_client [req-4564a2f6-2de8-45d4-a144-40b131de6753 req-4564a2f6-2de8-45d4-a144-40b131de6753 ] Request (MigrationsAdminTest:test_list_migrations_in_flavor_resize_situation): 200 GET http://10.180.1.21/compute/v2.1/servers/618567d8-1d8e-48e0-9ef1-6ecf755d01b5 0.139s
2025-05-14 06:49:50.153 69667 INFO tempest.lib.common.rest_client [req-65c1feef-889e-42bc-8603-2c59f415f073 req-65c1feef-889e-42bc-8603-2c59f415f073 ] Request (AttachInterfacesUnderV243Test:test_add_remove_fixed_ip): 200 GET http://10.180.1.21/compute/v2.1/servers/18c0d4a1-96ba-42e6-a696-0f9792684e5c 0.093s
2025-05-14 06:49:50.195 69656 INFO tempest.lib.common.rest_client [req-d226ebc1-d319-4a70-bfda-242563c90ea3 req-d226ebc1-d319-4a70-bfda-242563c90ea3 ] Request (ServerRescueNegativeTestJSON:setUpClass): 200 GET http://10.180.1.21/compute/v2.1/servers/4daec03b-466d-4d80-82b4-988e4e10f319 0.129s
2025-05-14 06:49:50.203 69671 INFO tempest.lib.common.rest_client [req-571e5d30-a2d1-4121-80fc-448b3efaad36 req-571e5d30-a2d1-4121-80fc-448b3efaad36 ] Request (ServerDiagnosticsTest:tearDownClass): 204 DELETE http://10.180.1.21:9696/networking/v2.0/security-groups/0182d191-d716-4d97-a912-ea40ea3ef2b3 0.123s
2025-05-14 06:49:50.220 69652 INFO tempest.lib.common.rest_client [req-94c2aa21-357a-4010-a8e8-6c830cdbabb3 req-94c2aa21-357a-4010-a8e8-6c830cdbabb3 ] Request (ListServerFiltersTestJSON:setUpClass): 200 GET http://10.180.1.21/compute/v2.1/servers/9e5bc7d9-d2f6-40dd-828d-e85a55bedbc4 0.094s
2025-05-14 06:49:50.274 69692 INFO tempest.lib.common.rest_client [req-cc75de51-6d66-41c5-a824-f14bf49989fb req-cc75de51-6d66-41c5-a824-f14bf49989fb ] Request (ServerMetadataTestJSON:tearDownClass): 200 GET http://10.180.1.21/compute/v2.1/servers/c8e87a78-3598-4db2-8006-72c42c0d89d6 0.136s
2025-05-14 06:49:50.279 69671 INFO tempest.lib.common.rest_client [req-0779c5a6-6339-4e24-8126-240b19c087f7 req-0779c5a6-6339-4e24-8126-240b19c087f7 ] Request (ServerDiagnosticsTest:tearDownClass): 204 DELETE http://10.180.1.21/identity/v3/projects/ad03dc1eec6b43efa17a7c3d485cefa3 0.075s
2025-05-14 06:49:50.284 69704 INFO tempest.lib.common.rest_client [req-1a80d5e5-474b-448d-aaac-826d6e4fbb1f req-1a80d5e5-474b-448d-aaac-826d6e4fbb1f ] Request (FloatingIPsAssociationTestJSON:test_associate_already_associated_floating_ip): 200 GET http://10.180.1.21/compute/v2.1/servers/c8166933-ec22-4c63-a220-1a52c05515ee 0.093s
2025-05-14 06:49:50.328 69708 INFO tempest.lib.common.rest_client [req-be00bdb0-38b8-4df9-8c96-0f8d2ce86b7d req-be00bdb0-38b8-4df9-8c96-0f8d2ce86b7d ] Request (ExtensionsTest:tearDownClass): 200 GET http://10.180.1.21:9696/networking/v2.0/security-groups?tenant_id=7e03d715c5f842658d596afaba809366&name=default 0.189s
2025-05-14 06:49:50.340 69671 INFO tempest.lib.common.rest_client [req-d414f5f0-9932-4909-8438-4d4359a9c2aa req-d414f5f0-9932-4909-8438-4d4359a9c2aa ] Request (FlavorsV2TestJSON:setUpClass): 201 POST http://10.180.1.21/identity/v3/auth/tokens 0.060s
2025-05-14 06:49:50.342 69706 INFO tempest.lib.common.rest_client [req-cf19a341-0493-410d-b9b2-fc55fdd28ff9 req-cf19a341-0493-410d-b9b2-fc55fdd28ff9 ] Request (ServersAaction247Test:test_create_backup): 200 GET http://10.180.1.21/compute/v2.1/servers/19afd615-3771-440d-8556-0342b1ff805f 0.134s
2025-05-14 06:49:50.346 69698 INFO tempest.lib.common.rest_client [req-1e0c9af4-c1ba-4b55-8cc2-6713910b4a51 req-1e0c9af4-c1ba-4b55-8cc2-6713910b4a51 ] Request (ServerAddressesNegativeTestJSON:tearDownClass): 200 GET http://10.180.1.21/compute/v2.1/servers/5b765100-3eae-4e07-b5ef-abd247bb4835 0.077s
2025-05-14 06:49:50.370 69671 INFO tempest.lib.common.rest_client [req-d7b5ac8d-3c72-4816-89a9-e3feff7040f4 req-d7b5ac8d-3c72-4816-89a9-e3feff7040f4 ] Request (FlavorsV2TestJSON:setUpClass): 201 POST http://10.180.1.21/identity/v3/auth/tokens 0.027s
2025-05-14 06:49:50.396 69671 INFO tempest.lib.common.rest_client [req-7b35bfda-7754-40fd-9d96-d7d337c9d698 req-7b35bfda-7754-40fd-9d96-d7d337c9d698 ] Request (FlavorsV2TestJSON:setUpClass): 200 GET http://10.180.1.21/identity/v3/domains?name=Default 0.025s
2025-05-14 06:49:50.400 69708 INFO tempest.lib.common.rest_client [req-90625357-ecce-4eaf-abc8-f9eb56d0011f req-90625357-ecce-4eaf-abc8-f9eb56d0011f ] Request (ExtensionsTest:tearDownClass): 204 DELETE http://10.180.1.21:9696/networking/v2.0/security-groups/5b055f99-71c4-4dce-8fc7-43d88a4be320 0.072s
2025-05-14 06:49:50.403 69660 INFO tempest.lib.common.rest_client [req-b5b12456-8cf6-4572-8408-303e3642193f req-b5b12456-8cf6-4572-8408-303e3642193f ] Request (AttachInterfacesTestJSON:test_create_list_show_delete_interfaces_by_fixed_ip): 200 GET http://10.180.1.21/compute/v2.1/servers/519994ef-1c68-45cf-b022-d7433038e768 0.068s
2025-05-14 06:49:50.434 69671 INFO tempest.lib.common.rest_client [req-0e4f45f9-2bc2-4c86-a722-b182ec037d27 req-0e4f45f9-2bc2-4c86-a722-b182ec037d27 ] Request (FlavorsV2TestJSON:setUpClass): 201 POST http://10.180.1.21/identity/v3/projects 0.037s
2025-05-14 06:49:50.468 69680 INFO tempest.lib.common.rest_client [req-01e4abfa-742e-4339-9a26-4bcf378bf2b0 req-01e4abfa-742e-4339-9a26-4bcf378bf2b0 ] Request (ServerActionsV293TestJSON:test_rebuild_volume_backed_server): 200 GET http://10.180.1.21/compute/v2.1/servers/38dfffac-77ba-45e6-83bd-455a2c5bfef4 0.138s
2025-05-14 06:49:50.480 69708 INFO tempest.lib.common.rest_client [req-0402c5f7-9cde-405f-91db-ecc80ee4cef0 req-0402c5f7-9cde-405f-91db-ecc80ee4cef0 ] Request (ExtensionsTest:tearDownClass): 204 DELETE http://10.180.1.21/identity/v3/projects/7e03d715c5f842658d596afaba809366 0.079s
2025-05-14 06:49:50.535 69671 INFO tempest.lib.common.rest_client [req-38da1400-882c-4c7b-9ab8-470afa8a7aaa req-38da1400-882c-4c7b-9ab8-470afa8a7aaa ] Request (FlavorsV2TestJSON:setUpClass): 201 POST http://10.180.1.21/identity/v3/users 0.100s
2025-05-14 06:49:50.571 69702 INFO tempest.lib.common.rest_client [req-aac75a90-30b1-4fd6-b719-758bb6a14415 req-aac75a90-30b1-4fd6-b719-758bb6a14415 ] Request (ServersTestJSON:tearDownClass): 200 GET http://10.180.1.21/compute/v2.1/servers/9c3b6446-8019-4eac-b0b9-1722de7181c6 0.068s
2025-05-14 06:49:50.581 69671 INFO tempest.lib.common.rest_client [req-6df181a5-7625-4c8f-8844-0da04f00c7ec req-6df181a5-7625-4c8f-8844-0da04f00c7ec ] Request (FlavorsV2TestJSON:setUpClass): 200 GET http://10.180.1.21/identity/v3/roles 0.046s
2025-05-14 06:49:50.611 69671 INFO tempest.lib.common.rest_client [req-104020f6-8a90-43d8-9676-f58a0d913e52 req-104020f6-8a90-43d8-9676-f58a0d913e52 ] Request (FlavorsV2TestJSON:setUpClass): 204 PUT http://10.180.1.21/identity/v3/projects/aa412dc3756e4d9d97dd016fc0399d38/users/be52ef04285245b8a9fa8ef425527c08/roles/0609a4e2993047a1a72e5fb71a609f23 0.029s
2025-05-14 06:49:50.611 69671 INFO tempest.lib.common.dynamic_creds [-] Dynamic test user be52ef04285245b8a9fa8ef425527c08 is created with scope project and roles: ['member']
2025-05-14 06:49:50.611 69671 INFO tempest.lib.common.dynamic_creds [-] Acquired dynamic creds: credentials: Credentials: {'domain_id': 'default', 'domain_name': 'Default', 'username': 'tempest-FlavorsV2TestJSON-203913440-project-member', 'project_domain_id': 'default', 'project_domain_name': 'Default', 'project_id': 'aa412dc3756e4d9d97dd016fc0399d38', 'project_name': 'tempest-FlavorsV2TestJSON-203913440', 'tenant_id': 'aa412dc3756e4d9d97dd016fc0399d38', 'tenant_name': 'tempest-FlavorsV2TestJSON-203913440', 'user_domain_id': 'default', 'user_domain_name': 'Default', 'user_id': 'be52ef04285245b8a9fa8ef425527c08', 'system': None}, Network: None, Subnet: None, Router: None
2025-05-14 06:49:50.612 69671 INFO tempest.lib.common.dynamic_creds [-] Created isolated network resources for: credentials: Credentials: {'domain_id': 'default', 'domain_name': 'Default', 'username': 'tempest-FlavorsV2TestJSON-203913440-project-member', 'project_domain_id': 'default', 'project_domain_name': 'Default', 'project_id': 'aa412dc3756e4d9d97dd016fc0399d38', 'project_name': 'tempest-FlavorsV2TestJSON-203913440', 'tenant_id': 'aa412dc3756e4d9d97dd016fc0399d38', 'tenant_name': 'tempest-FlavorsV2TestJSON-203913440', 'user_domain_id': 'default', 'user_domain_name': 'Default', 'user_id': 'be52ef04285245b8a9fa8ef425527c08', 'system': None}, Network: None, Subnet: None, Router: None
2025-05-14 06:49:50.612 69672 INFO tempest.lib.common.rest_client [req-e488e8b1-1f59-4375-adfa-2f715742d212 req-e488e8b1-1f59-4375-adfa-2f715742d212 ] Request (ListImageFiltersTestJSON:setUpClass): 200 GET http://10.180.1.21/compute/v2.1/servers/aa2b8b36-3d7f-48d2-afee-d1412bd34fb2 0.127s
2025-05-14 06:49:50.624 69672 INFO tempest.common.waiters [-] State transition "BUILD/spawning" ==> "ACTIVE/None" after 49 second wait
2025-05-14 06:49:50.685 69671 INFO tempest.lib.common.rest_client [req-85ea15bc-813f-4b22-b447-8152d99ea885 req-85ea15bc-813f-4b22-b447-8152d99ea885 ] Request (FlavorsV2TestJSON:setUpClass): 201 POST http://10.180.1.21/identity/v3/auth/tokens 0.067s
2025-05-14 06:49:50.707 69684 INFO tempest.lib.common.rest_client [req-4f385a1d-6fb0-4d58-a2b8-f46c1efc8d11 req-4f385a1d-6fb0-4d58-a2b8-f46c1efc8d11 ] Request (ServersAdmin275Test:_run_cleanups): 200 GET http://10.180.1.21/compute/v2.1/servers/c3c5257b-43a8-4732-a68f-00914ad78a98 0.069s
2025-05-14 06:49:50.713 69648 WARNING tempest.lib.common.ssh [-] Failed to establish authenticated ssh connection to cirros@10.180.180.214 ([Errno None] Unable to connect to port 22 on 10.180.180.214). Number attempts: 3. Retry after 4 seconds.: paramiko.ssh_exception.NoValidConnectionsError: [Errno None] Unable to connect to port 22 on 10.180.180.214
2025-05-14 06:49:50.741 69672 INFO tempest.lib.common.rest_client [req-968bf52c-b0c0-47a8-9024-7eaa141978df req-968bf52c-b0c0-47a8-9024-7eaa141978df ] Request (ListImageFiltersTestJSON:setUpClass): 200 GET http://10.180.1.21/compute/v2.1/servers/1444a73b-85f7-4917-854c-11183e643f50 0.116s
2025-05-14 06:49:50.784 69671 INFO tempest.lib.common.rest_client [req-41ed5f01-8bee-4327-ab79-9cc6259d7d06 req-41ed5f01-8bee-4327-ab79-9cc6259d7d06 ] Request (FlavorsV2TestJSON:test_get_flavor): 200 GET http://10.180.1.21/compute/v2.1/flavors/42 0.098s
2025-05-14 06:49:50.790 69662 INFO tempest.lib.common.rest_client [req-1bc46df2-7887-4f1e-8a39-2728ad3cc6f2 req-1bc46df2-7887-4f1e-8a39-2728ad3cc6f2 ] Request (ServerActionsTestJSON:setUpClass): 200 GET http://10.180.1.21/compute/v2.1/servers/1787cdf4-a184-4404-a9a8-f45877de9599 0.079s
2025-05-14 06:49:51.097 69682 INFO tempest.lib.common.rest_client [req-0631b648-00c6-4343-a247-0d7b8a13d113 req-0631b648-00c6-4343-a247-0d7b8a13d113 ] Request (ServerRescueTestJSONUnderV235:setUpClass): 200 GET http://10.180.1.21/compute/v2.1/servers/ee543d6d-19a1-4787-a2b3-fde6d8aa99fd 0.345s
2025-05-14 06:49:51.148 69668 INFO tempest.lib.common.rest_client [req-70111cde-6fe2-402f-9e8e-ab8342396f36 req-70111cde-6fe2-402f-9e8e-ab8342396f36 ] Request (ServersAdminTestJSON:test_inject_network_info): 200 GET http://10.180.1.21/compute/v2.1/servers/92b7fbc4-a250-43f7-99b5-995a091a1af2 0.360s
2025-05-14 06:49:51.173 69671 INFO tempest.lib.common.rest_client [req-02cbf53d-e759-40d5-b45e-308206be69d7 req-02cbf53d-e759-40d5-b45e-308206be69d7 ] Request (FlavorsV2TestJSON:test_list_flavors): 200 GET http://10.180.1.21/compute/v2.1/flavors 0.383s
2025-05-14 06:49:51.198 69672 INFO tempest.lib.common.rest_client [req-9cd603d7-6a52-4f88-a555-9c5ce2a258ee req-9cd603d7-6a52-4f88-a555-9c5ce2a258ee ] Request (ListImageFiltersTestJSON:setUpClass): 202 POST http://10.180.1.21/compute/v2.1/servers/1444a73b-85f7-4917-854c-11183e643f50/action 0.449s
2025-05-14 06:49:51.251 69654 INFO tempest.lib.common.rest_client [req-adf609ab-4762-492c-855c-cd61dc84ea02 req-adf609ab-4762-492c-855c-cd61dc84ea02 ] Request (ServerMetadataNegativeTestJSON:setUpClass): 200 GET http://10.180.1.21/compute/v2.1/servers/ca2afff9-d273-4f7b-a8c0-f1371b3aa6fc 0.339s
2025-05-14 06:49:51.283 69646 INFO tempest.lib.common.rest_client [req-93b66950-ab1a-4721-ba96-5572a256850d req-93b66950-ab1a-4721-ba96-5572a256850d ] Request (DeleteServersAdminTestJSON:test_delete_server_while_in_error_state): 200 GET http://10.180.1.21/compute/v2.1/servers/ae9c7ebc-0839-4c60-82ab-1f2ef1bdccac 0.393s
2025-05-14 06:49:51.302 69678 INFO tempest.lib.common.rest_client [req-150f4854-0378-43b8-8fd0-7b3d228e3959 req-150f4854-0378-43b8-8fd0-7b3d228e3959 ] Request (ImagesOneServerNegativeTestJSON:setUpClass): 200 GET http://10.180.1.21/compute/v2.1/servers/5c3ecd76-b649-4a9e-8bc0-8f39ba56a5a2 0.347s
2025-05-14 06:49:51.331 69700 INFO tempest.lib.common.rest_client [req-b896cfbd-a2b8-4cf4-8f98-b49bbb436d3d req-b896cfbd-a2b8-4cf4-8f98-b49bbb436d3d ] Request (ServerShowV257Test:test_rebuild_server): 200 GET http://10.180.1.21/compute/v2.1/servers/065b704e-0717-4af5-9816-52ebdf54b9db 0.333s
2025-05-14 06:49:51.352 69690 INFO tempest.lib.common.rest_client [req-8677a90e-f849-4718-9799-a6384030051b req-8677a90e-f849-4718-9799-a6384030051b ] Request (ImagesOneServerTestJSON:tearDownClass): 200 GET http://10.180.1.21/compute/v2.1/servers/8f6144e5-282f-4210-83f3-d17ebdc0fe12 0.239s
2025-05-14 06:49:51.409 69667 INFO tempest.lib.common.rest_client [req-6bb1b145-a75c-4ddd-ba1f-6e473a58d44a req-6bb1b145-a75c-4ddd-ba1f-6e473a58d44a ] Request (AttachInterfacesUnderV243Test:test_add_remove_fixed_ip): 200 GET http://10.180.1.21/compute/v2.1/servers/18c0d4a1-96ba-42e6-a696-0f9792684e5c 0.249s
2025-05-14 06:49:51.422 69671 INFO tempest.lib.common.rest_client [req-c819fe28-b329-4f2e-8684-10c3bdda4cf6 req-c819fe28-b329-4f2e-8684-10c3bdda4cf6 ] Request (FlavorsV2TestJSON:test_list_flavors): 200 GET http://10.180.1.21/compute/v2.1/flavors/42 0.245s
2025-05-14 06:49:51.434 69674 INFO tempest.lib.common.rest_client [req-27f38e13-5c78-4d76-98f2-684f7ad6c0fe req-27f38e13-5c78-4d76-98f2-684f7ad6c0fe ] Request (MigrationsAdminTest:test_list_migrations_in_flavor_resize_situation): 200 GET http://10.180.1.21/compute/v2.1/servers/618567d8-1d8e-48e0-9ef1-6ecf755d01b5 0.287s
2025-05-14 06:49:51.461 69672 INFO tempest.lib.common.rest_client [req-2ee346a2-9de4-4bbf-ab19-deb3db68fbd5 req-2ee346a2-9de4-4bbf-ab19-deb3db68fbd5 ] Request (ListImageFiltersTestJSON:setUpClass): 200 GET http://10.180.1.21/compute/v2.1/images/651ad78a-43e2-45f6-ae3e-1f10eb5e5736 0.261s
2025-05-14 06:49:51.497 69656 INFO tempest.lib.common.rest_client [req-c036ba1b-4926-4f3f-92b2-781b3ce88924 req-c036ba1b-4926-4f3f-92b2-781b3ce88924 ] Request (ServerRescueNegativeTestJSON:setUpClass): 200 GET http://10.180.1.21/compute/v2.1/servers/4daec03b-466d-4d80-82b4-988e4e10f319 0.291s
2025-05-14 06:49:51.542 69652 INFO tempest.lib.common.rest_client [req-61c8d2e9-b2f7-4fc8-b074-0253a3511620 req-61c8d2e9-b2f7-4fc8-b074-0253a3511620 ] Request (ListServerFiltersTestJSON:setUpClass): 200 GET http://10.180.1.21/compute/v2.1/servers/9e5bc7d9-d2f6-40dd-828d-e85a55bedbc4 0.312s
2025-05-14 06:49:51.577 69692 INFO tempest.lib.common.rest_client [req-86789cef-01d1-4481-9940-07a04967e400 req-86789cef-01d1-4481-9940-07a04967e400 ] Request (ServerMetadataTestJSON:tearDownClass): 200 GET http://10.180.1.21/compute/v2.1/servers/c8e87a78-3598-4db2-8006-72c42c0d89d6 0.294s
2025-05-14 06:49:51.601 69704 INFO tempest.lib.common.rest_client [req-c6860033-eb62-4e53-95a3-5658bb559c21 req-c6860033-eb62-4e53-95a3-5658bb559c21 ] Request (FloatingIPsAssociationTestJSON:test_associate_already_associated_floating_ip): 200 GET http://10.180.1.21/compute/v2.1/servers/c8166933-ec22-4c63-a220-1a52c05515ee 0.308s
2025-05-14 06:49:51.639 69698 INFO tempest.lib.common.rest_client [req-616097fe-cbe9-4e85-883d-456a862c774d req-616097fe-cbe9-4e85-883d-456a862c774d ] Request (ServerAddressesNegativeTestJSON:tearDownClass): 200 GET http://10.180.1.21/compute/v2.1/servers/5b765100-3eae-4e07-b5ef-abd247bb4835 0.285s
2025-05-14 06:49:51.667 69706 INFO tempest.lib.common.rest_client [req-a60971b1-3e76-4ceb-bfe6-01d4552ea47d req-a60971b1-3e76-4ceb-bfe6-01d4552ea47d ] Request (ServersAaction247Test:test_create_backup): 200 GET http://10.180.1.21/compute/v2.1/servers/19afd615-3771-440d-8556-0342b1ff805f 0.312s
2025-05-14 06:49:51.689 69671 INFO tempest.lib.common.rest_client [req-fa279254-b73a-481d-b03d-a42b4b1870b3 req-fa279254-b73a-481d-b03d-a42b4b1870b3 ] Request (FlavorsV2TestJSON:test_list_flavors_detailed_filter_by_min_disk): 200 GET http://10.180.1.21/compute/v2.1/flavors/42 0.262s
2025-05-14 06:49:51.697 69660 INFO tempest.lib.common.rest_client [req-f717a80b-d0e9-4a16-819c-f3b4c898152c req-f717a80b-d0e9-4a16-819c-f3b4c898152c ] Request (AttachInterfacesTestJSON:test_create_list_show_delete_interfaces_by_fixed_ip): 200 GET http://10.180.1.21/compute/v2.1/servers/519994ef-1c68-45cf-b022-d7433038e768 0.287s
2025-05-14 06:49:51.725 69702 INFO tempest.lib.common.rest_client [req-c488fda3-ceb5-45a6-831c-2a6d07920bf2 req-c488fda3-ceb5-45a6-831c-2a6d07920bf2 ] Request (ServersTestJSON:tearDownClass): 404 GET http://10.180.1.21/compute/v2.1/servers/9c3b6446-8019-4eac-b0b9-1722de7181c6 0.137s
2025-05-14 06:49:51.754 69671 INFO tempest.lib.common.rest_client [req-37e1f5f9-2989-451d-bc43-40c57b1a0fb7 req-37e1f5f9-2989-451d-bc43-40c57b1a0fb7 ] Request (FlavorsV2TestJSON:test_list_flavors_detailed_filter_by_min_disk): 200 GET http://10.180.1.21/compute/v2.1/flavors/detail?minDisk=2 0.063s
2025-05-14 06:49:51.820 69684 INFO tempest.lib.common.rest_client [req-3679e64c-bf25-430d-b4bc-5ca724267751 req-3679e64c-bf25-430d-b4bc-5ca724267751 ] Request (ServersAdmin275Test:_run_cleanups): 200 GET http://10.180.1.21/compute/v2.1/servers/c3c5257b-43a8-4732-a68f-00914ad78a98 0.101s
2025-05-14 06:49:51.843 69702 INFO tempest.lib.common.rest_client [req-22299ef8-cd8c-497e-aa7f-043596959452 req-22299ef8-cd8c-497e-aa7f-043596959452 ] Request (ServersTestJSON:tearDownClass): 202 DELETE http://10.180.1.21/compute/v2.1/os-keypairs/tempest-keypair-468764015 0.118s
2025-05-14 06:49:51.856 69671 INFO tempest.lib.common.rest_client [req-13b936a0-1745-4f9b-9f97-5c8de9dc462b req-13b936a0-1745-4f9b-9f97-5c8de9dc462b ] Request (FlavorsV2TestJSON:test_list_flavors_detailed_filter_by_min_ram): 200 GET http://10.180.1.21/compute/v2.1/flavors/42 0.094s
2025-05-14 06:49:51.895 69680 INFO tempest.lib.common.rest_client [req-7ee167e6-63ef-4ea9-bacc-4f77d8e3fb28 req-7ee167e6-63ef-4ea9-bacc-4f77d8e3fb28 ] Request (ServerActionsV293TestJSON:test_rebuild_volume_backed_server): 200 GET http://10.180.1.21/compute/v2.1/servers/38dfffac-77ba-45e6-83bd-455a2c5bfef4 0.414s
2025-05-14 06:49:51.912 69662 INFO tempest.lib.common.rest_client [req-f5ee4085-c90e-43a3-a620-4dc239de0978 req-f5ee4085-c90e-43a3-a620-4dc239de0978 ] Request (ServerActionsTestJSON:setUpClass): 200 GET http://10.180.1.21/compute/v2.1/servers/1787cdf4-a184-4404-a9a8-f45877de9599 0.115s
2025-05-14 06:49:51.938 69671 INFO tempest.lib.common.rest_client [req-6405ddca-f61b-4cdb-b8b4-445ffdce6694 req-6405ddca-f61b-4cdb-b8b4-445ffdce6694 ] Request (FlavorsV2TestJSON:test_list_flavors_detailed_filter_by_min_ram): 200 GET http://10.180.1.21/compute/v2.1/flavors/detail?minRam=193 0.079s
2025-05-14 06:49:51.960 69671 INFO tempest.lib.common.rest_client [req-23e2f711-8ab8-4dbc-8749-1cb68fa5d984 req-23e2f711-8ab8-4dbc-8749-1cb68fa5d984 ] Request (FlavorsV2TestJSON:test_list_flavors_detailed_limit_results): 200 GET http://10.180.1.21/compute/v2.1/flavors/detail?limit=1 0.016s
2025-05-14 06:49:51.971 69702 INFO tempest.lib.common.rest_client [req-0b10b05b-0be3-4796-b1b4-5b010f01543c req-0b10b05b-0be3-4796-b1b4-5b010f01543c ] Request (ServersTestJSON:tearDownClass): 204 DELETE http://10.180.1.21:9696/networking/v2.0/security-groups/397a6ae5-bd5b-44cd-a818-31ddfe350a21 0.127s
2025-05-14 06:49:51.981 69702 INFO tempest.lib.common.rest_client [req-3a7ac8a2-e30c-44bd-b65b-6df6e060623e req-3a7ac8a2-e30c-44bd-b65b-6df6e060623e ] Request (ServersTestJSON:tearDownClass): 404 GET http://10.180.1.21:9696/networking/v2.0/security-groups/397a6ae5-bd5b-44cd-a818-31ddfe350a21 0.010s
2025-05-14 06:49:51.981 69671 INFO tempest.lib.common.rest_client [req-459e9d04-b2ef-4888-b05f-0c9bb6ee2654 req-459e9d04-b2ef-4888-b05f-0c9bb6ee2654 ] Request (FlavorsV2TestJSON:test_list_flavors_detailed_using_marker): 200 GET http://10.180.1.21/compute/v2.1/flavors/42 0.017s
2025-05-14 06:49:52.020 69671 INFO tempest.lib.common.rest_client [req-89aa03ec-c7f7-4da1-a473-68febda23e04 req-89aa03ec-c7f7-4da1-a473-68febda23e04 ] Request (FlavorsV2TestJSON:test_list_flavors_detailed_using_marker): 200 GET http://10.180.1.21/compute/v2.1/flavors/detail?marker=42 0.036s
2025-05-14 06:49:52.039 69671 INFO tempest.lib.common.rest_client [req-8428a978-860b-489d-8422-332a5099031d req-8428a978-860b-489d-8422-332a5099031d ] Request (FlavorsV2TestJSON:test_list_flavors_filter_by_min_disk): 200 GET http://10.180.1.21/compute/v2.1/flavors/42 0.014s
2025-05-14 06:49:52.060 69671 INFO tempest.lib.common.rest_client [req-94339661-7b74-437b-b375-d432b5c00312 req-94339661-7b74-437b-b375-d432b5c00312 ] Request (FlavorsV2TestJSON:test_list_flavors_filter_by_min_disk): 200 GET http://10.180.1.21/compute/v2.1/flavors?minDisk=2 0.018s
2025-05-14 06:49:52.078 69671 INFO tempest.lib.common.rest_client [req-4fd7e621-2a52-4ad4-86e7-28218d070f5c req-4fd7e621-2a52-4ad4-86e7-28218d070f5c ] Request (FlavorsV2TestJSON:test_list_flavors_filter_by_min_ram): 200 GET http://10.180.1.21/compute/v2.1/flavors/42 0.014s
2025-05-14 06:49:52.106 69671 INFO tempest.lib.common.rest_client [req-7ff0d54b-6202-4ab0-8407-8f8267814259 req-7ff0d54b-6202-4ab0-8407-8f8267814259 ] Request (FlavorsV2TestJSON:test_list_flavors_filter_by_min_ram): 200 GET http://10.180.1.21/compute/v2.1/flavors?minRam=193 0.026s
2025-05-14 06:49:52.129 69671 INFO tempest.lib.common.rest_client [req-f030fdf1-cf73-46dc-ab31-23f8db6c7d6b req-f030fdf1-cf73-46dc-ab31-23f8db6c7d6b ] Request (FlavorsV2TestJSON:test_list_flavors_limit_results): 200 GET http://10.180.1.21/compute/v2.1/flavors?limit=1 0.019s
2025-05-14 06:49:52.145 69671 INFO tempest.lib.common.rest_client [req-63a3969a-5717-47e3-889d-186ea71fcaec req-63a3969a-5717-47e3-889d-186ea71fcaec ] Request (FlavorsV2TestJSON:test_list_flavors_using_marker): 200 GET http://10.180.1.21/compute/v2.1/flavors/42 0.014s
2025-05-14 06:49:52.173 69671 INFO tempest.lib.common.rest_client [req-d8b96d3a-8887-4829-afeb-f23ad71e9330 req-d8b96d3a-8887-4829-afeb-f23ad71e9330 ] Request (FlavorsV2TestJSON:test_list_flavors_using_marker): 200 GET http://10.180.1.21/compute/v2.1/flavors?marker=42 0.025s
2025-05-14 06:49:52.220 69702 INFO tempest.lib.common.rest_client [req-56f393d2-6830-40c0-a0dc-1b5d55c547f7 req-56f393d2-6830-40c0-a0dc-1b5d55c547f7 ] Request (ServersTestJSON:tearDownClass): 204 DELETE http://10.180.1.21:9696/networking/v2.0/floatingips/78dd416a-83b7-4ddd-a823-d7d385d6f475 0.238s
2025-05-14 06:49:52.245 69682 INFO tempest.lib.common.rest_client [req-c9c99e16-56d0-4ec1-8073-0b6b76824189 req-c9c99e16-56d0-4ec1-8073-0b6b76824189 ] Request (ServerRescueTestJSONUnderV235:setUpClass): 200 GET http://10.180.1.21/compute/v2.1/servers/ee543d6d-19a1-4787-a2b3-fde6d8aa99fd 0.139s
2025-05-14 06:49:52.273 69671 INFO tempest.lib.common.rest_client [req-3a701aa2-897a-4841-a06f-1effa1dea2d4 req-3a701aa2-897a-4841-a06f-1effa1dea2d4 ] Request (FlavorsV2TestJSON:test_list_flavors_with_detail): 200 GET http://10.180.1.21/compute/v2.1/flavors/detail 0.097s
2025-05-14 06:49:52.346 69654 INFO tempest.lib.common.rest_client [req-8ec80ddc-74ef-4cfd-8a33-8a16b4d5ae41 req-8ec80ddc-74ef-4cfd-8a33-8a16b4d5ae41 ] Request (ServerMetadataNegativeTestJSON:setUpClass): 200 GET http://10.180.1.21/compute/v2.1/servers/ca2afff9-d273-4f7b-a8c0-f1371b3aa6fc 0.086s
2025-05-14 06:49:52.359 69671 INFO tempest.lib.common.rest_client [req-d78541b0-c962-4c56-b3ba-08633e43068b req-d78541b0-c962-4c56-b3ba-08633e43068b ] Request (FlavorsV2TestJSON:test_list_flavors_with_detail): 200 GET http://10.180.1.21/compute/v2.1/flavors/42 0.075s
2025-05-14 06:49:52.376 69688 WARNING tempest.lib.common.ssh [-] Failed to establish authenticated ssh connection to cirros@10.180.180.134 ([Errno None] Unable to connect to port 22 on 10.180.180.134). Number attempts: 6. Retry after 7 seconds.: paramiko.ssh_exception.NoValidConnectionsError: [Errno None] Unable to connect to port 22 on 10.180.180.134
2025-05-14 06:49:52.502 69668 INFO tempest.lib.common.rest_client [req-719b0de9-9819-4f44-b965-e44acde2de5a req-719b0de9-9819-4f44-b965-e44acde2de5a ] Request (ServersAdminTestJSON:test_inject_network_info): 200 GET http://10.180.1.21/compute/v2.1/servers/92b7fbc4-a250-43f7-99b5-995a091a1af2 0.345s
2025-05-14 06:49:52.513 69671 INFO tempest.lib.common.rest_client [req-c89f66eb-d6c3-410a-b272-28275a879785 req-c89f66eb-d6c3-410a-b272-28275a879785 ] Request (FlavorsV2TestJSON:tearDownClass): 204 DELETE http://10.180.1.21/identity/v3/users/be52ef04285245b8a9fa8ef425527c08 0.145s
2025-05-14 06:49:52.513 69671 INFO tempest.lib.common.dynamic_creds [-] Deleting project and security group for project: aa412dc3756e4d9d97dd016fc0399d38
2025-05-14 06:49:52.573 69678 INFO tempest.lib.common.rest_client [req-ec2fc00c-b3e9-4101-9da5-ccf0de6d2d4f req-ec2fc00c-b3e9-4101-9da5-ccf0de6d2d4f ] Request (ImagesOneServerNegativeTestJSON:setUpClass): 200 GET http://10.180.1.21/compute/v2.1/servers/5c3ecd76-b649-4a9e-8bc0-8f39ba56a5a2 0.264s
2025-05-14 06:49:52.575 69646 INFO tempest.lib.common.rest_client [req-c59821d3-ab56-40ad-9454-47e31860e5c9 req-c59821d3-ab56-40ad-9454-47e31860e5c9 ] Request (DeleteServersAdminTestJSON:test_delete_server_while_in_error_state): 200 GET http://10.180.1.21/compute/v2.1/servers/ae9c7ebc-0839-4c60-82ab-1f2ef1bdccac 0.283s
2025-05-14 06:49:52.594 69671 INFO tempest.lib.common.rest_client [req-09b5aada-1c37-470f-bd73-d8f160f60032 req-09b5aada-1c37-470f-bd73-d8f160f60032 ] Request (FlavorsV2TestJSON:tearDownClass): 201 POST http://10.180.1.21/identity/v3/auth/tokens 0.079s
2025-05-14 06:49:52.628 69700 INFO tempest.lib.common.rest_client [req-e7cf4da2-b541-41cc-8281-9c238ec385db req-e7cf4da2-b541-41cc-8281-9c238ec385db ] Request (ServerShowV257Test:test_rebuild_server): 200 GET http://10.180.1.21/compute/v2.1/servers/065b704e-0717-4af5-9816-52ebdf54b9db 0.287s
2025-05-14 06:49:52.645 69690 INFO tempest.lib.common.rest_client [req-c87f1c7e-0f2e-43d3-81b2-9f064a3dfe52 req-c87f1c7e-0f2e-43d3-81b2-9f064a3dfe52 ] Request (ImagesOneServerTestJSON:tearDownClass): 200 GET http://10.180.1.21/compute/v2.1/servers/8f6144e5-282f-4210-83f3-d17ebdc0fe12 0.286s
2025-05-14 06:49:52.685 69667 INFO tempest.lib.common.rest_client [req-d5074f07-630e-47a9-8063-a5889df20bdd req-d5074f07-630e-47a9-8063-a5889df20bdd ] Request (AttachInterfacesUnderV243Test:test_add_remove_fixed_ip): 200 GET http://10.180.1.21/compute/v2.1/servers/18c0d4a1-96ba-42e6-a696-0f9792684e5c 0.267s
2025-05-14 06:49:52.718 69672 INFO tempest.lib.common.rest_client [req-90dc69cd-0d85-4eb5-96fe-5a749c0949de req-90dc69cd-0d85-4eb5-96fe-5a749c0949de ] Request (ListImageFiltersTestJSON:setUpClass): 200 GET http://10.180.1.21/compute/v2.1/images/651ad78a-43e2-45f6-ae3e-1f10eb5e5736 0.252s
2025-05-14 06:49:52.784 69656 INFO tempest.lib.common.rest_client [req-9fc0dfce-26b6-47fa-ad1e-063ca132784d req-9fc0dfce-26b6-47fa-ad1e-063ca132784d ] Request (ServerRescueNegativeTestJSON:setUpClass): 200 GET http://10.180.1.21/compute/v2.1/servers/4daec03b-466d-4d80-82b4-988e4e10f319 0.277s
2025-05-14 06:49:52.803 69674 INFO tempest.lib.common.rest_client [req-31a857b0-5f20-4976-99b9-29c3a46ee60e req-31a857b0-5f20-4976-99b9-29c3a46ee60e ] Request (MigrationsAdminTest:test_list_migrations_in_flavor_resize_situation): 200 GET http://10.180.1.21/compute/v2.1/servers/618567d8-1d8e-48e0-9ef1-6ecf755d01b5 0.359s
2025-05-14 06:49:52.844 69652 INFO tempest.lib.common.rest_client [req-eeae3a5f-ee05-4d57-8cfb-0104b26e552f req-eeae3a5f-ee05-4d57-8cfb-0104b26e552f ] Request (ListServerFiltersTestJSON:setUpClass): 200 GET http://10.180.1.21/compute/v2.1/servers/9e5bc7d9-d2f6-40dd-828d-e85a55bedbc4 0.293s
2025-05-14 06:49:52.855 69652 INFO tempest.common.waiters [-] State transition "BUILD/scheduling" ==> "BUILD/None" after 29 second wait
2025-05-14 06:49:52.856 69671 INFO tempest.lib.common.rest_client [req-8a073eb3-ea9a-49e4-8f69-14e05f97fa6f req-8a073eb3-ea9a-49e4-8f69-14e05f97fa6f ] Request (FlavorsV2TestJSON:tearDownClass): 200 GET http://10.180.1.21:9696/networking/v2.0/security-groups?tenant_id=aa412dc3756e4d9d97dd016fc0399d38&name=default 0.262s
2025-05-14 06:49:52.892 69692 INFO tempest.lib.common.rest_client [req-76436e40-bfc2-4486-a4ae-743ba657b0b6 req-76436e40-bfc2-4486-a4ae-743ba657b0b6 ] Request (ServerMetadataTestJSON:tearDownClass): 200 GET http://10.180.1.21/compute/v2.1/servers/c8e87a78-3598-4db2-8006-72c42c0d89d6 0.305s
2025-05-14 06:49:52.922 69704 INFO tempest.lib.common.rest_client [req-7ca39ee3-ec59-4d0d-99a3-b8e4d4ea1568 req-7ca39ee3-ec59-4d0d-99a3-b8e4d4ea1568 ] Request (FloatingIPsAssociationTestJSON:test_associate_already_associated_floating_ip): 200 GET http://10.180.1.21/compute/v2.1/servers/c8166933-ec22-4c63-a220-1a52c05515ee 0.313s
2025-05-14 06:49:52.964 69698 INFO tempest.lib.common.rest_client [req-aeb18b75-7aeb-474b-a831-512da16abb98 req-aeb18b75-7aeb-474b-a831-512da16abb98 ] Request (ServerAddressesNegativeTestJSON:tearDownClass): 200 GET http://10.180.1.21/compute/v2.1/servers/5b765100-3eae-4e07-b5ef-abd247bb4835 0.314s
2025-05-14 06:49:52.991 69706 INFO tempest.lib.common.rest_client [req-88053099-40b0-4a1d-802c-bd5c1517ca8a req-88053099-40b0-4a1d-802c-bd5c1517ca8a ] Request (ServersAaction247Test:test_create_backup): 200 GET http://10.180.1.21/compute/v2.1/servers/19afd615-3771-440d-8556-0342b1ff805f 0.313s
2025-05-14 06:49:52.995 69671 INFO tempest.lib.common.rest_client [req-b3753fb3-c4bb-4ce4-9dd3-6e8650fd7a84 req-b3753fb3-c4bb-4ce4-9dd3-6e8650fd7a84 ] Request (FlavorsV2TestJSON:tearDownClass): 204 DELETE http://10.180.1.21:9696/networking/v2.0/security-groups/70dade03-4a8d-4d11-ac70-eae3cf0fded7 0.138s
2025-05-14 06:49:53.008 69702 INFO tempest.lib.common.rest_client [req-bbd52470-ac9f-4dba-9fba-875a17b602a1 req-bbd52470-ac9f-4dba-9fba-875a17b602a1 ] Request (ServersTestJSON:tearDownClass): 200 PUT http://10.180.1.21:9696/networking/v2.0/routers/d7886c62-6d6e-4de0-bef3-d2e76d6f8201/remove_router_interface 0.788s
2025-05-14 06:49:53.032 69660 INFO tempest.lib.common.rest_client [req-b62d3fbf-b84a-4fde-a5d6-b658d4460501 req-b62d3fbf-b84a-4fde-a5d6-b658d4460501 ] Request (AttachInterfacesTestJSON:test_create_list_show_delete_interfaces_by_fixed_ip): 200 GET http://10.180.1.21/compute/v2.1/servers/519994ef-1c68-45cf-b022-d7433038e768 0.321s
2025-05-14 06:49:53.051 69684 INFO tempest.lib.common.rest_client [req-42738d82-002b-4a32-8d67-11f353050e3f req-42738d82-002b-4a32-8d67-11f353050e3f ] Request (ServersAdmin275Test:_run_cleanups): 200 GET http://10.180.1.21/compute/v2.1/servers/c3c5257b-43a8-4732-a68f-00914ad78a98 0.220s
2025-05-14 06:49:53.064 69671 INFO tempest.lib.common.rest_client [req-a87fae1a-04f0-49cf-8e5c-77173d956bc6 req-a87fae1a-04f0-49cf-8e5c-77173d956bc6 ] Request (FlavorsV2TestJSON:tearDownClass): 204 DELETE http://10.180.1.21/identity/v3/projects/aa412dc3756e4d9d97dd016fc0399d38 0.069s
2025-05-14 06:49:53.121 69662 INFO tempest.lib.common.rest_client [req-872ce370-0656-4570-8e59-e998b48306c9 req-872ce370-0656-4570-8e59-e998b48306c9 ] Request (ServerActionsTestJSON:setUpClass): 200 GET http://10.180.1.21/compute/v2.1/servers/1787cdf4-a184-4404-a9a8-f45877de9599 0.201s
2025-05-14 06:49:53.147 69671 INFO tempest.lib.common.rest_client [req-fc955076-c192-4371-adec-13fbb0a4d305 req-fc955076-c192-4371-adec-13fbb0a4d305 ] Request (ServerShowV247Test:setUpClass): 201 POST http://10.180.1.21/identity/v3/auth/tokens 0.081s
2025-05-14 06:49:53.165 69680 INFO tempest.lib.common.rest_client [req-6bca9c89-b15c-4074-81ac-d9400de3cac7 req-6bca9c89-b15c-4074-81ac-d9400de3cac7 ] Request (ServerActionsV293TestJSON:test_rebuild_volume_backed_server): 200 GET http://10.180.1.21/compute/v2.1/servers/38dfffac-77ba-45e6-83bd-455a2c5bfef4 0.254s
2025-05-14 06:49:53.181 69680 INFO tempest.common.waiters [-] State transition "REBUILD/rebuilding" ==> "ERROR/None" after 7 second wait
2025-05-14 06:49:53.188 69671 INFO tempest.lib.common.rest_client [req-bfb3daed-4372-4184-b5f2-419a555e48be req-bfb3daed-4372-4184-b5f2-419a555e48be ] Request (ServerShowV247Test:setUpClass): 201 POST http://10.180.1.21/identity/v3/auth/tokens 0.038s
2025-05-14 06:49:53.229 69671 INFO tempest.lib.common.rest_client [req-df786498-7a87-476c-8f46-07632d052037 req-df786498-7a87-476c-8f46-07632d052037 ] Request (ServerShowV247Test:setUpClass): 200 GET http://10.180.1.21/identity/v3/domains?name=Default 0.041s
2025-05-14 06:49:53.275 69671 INFO tempest.lib.common.rest_client [req-dcd7de8f-a41d-4188-9c4b-b8c6ce733459 req-dcd7de8f-a41d-4188-9c4b-b8c6ce733459 ] Request (ServerShowV247Test:setUpClass): 201 POST http://10.180.1.21/identity/v3/projects 0.045s
2025-05-14 06:49:53.308 69680 INFO tempest.lib.common.rest_client [req-0504c3a3-5627-4493-a372-adf3825f72ae req-0504c3a3-5627-4493-a372-adf3825f72ae ] Request (ServerActionsV293TestJSON:tearDownClass): 204 DELETE http://10.180.1.21/compute/v2.1/servers/38dfffac-77ba-45e6-83bd-455a2c5bfef4 0.125s
2025-05-14 06:49:53.377 69671 INFO tempest.lib.common.rest_client [req-13769ba5-1d21-4e12-8af2-eb45809dfd15 req-13769ba5-1d21-4e12-8af2-eb45809dfd15 ] Request (ServerShowV247Test:setUpClass): 201 POST http://10.180.1.21/identity/v3/users 0.101s
2025-05-14 06:49:53.400 69671 INFO tempest.lib.common.rest_client [req-4919d647-4c0d-4378-96f4-299690755722 req-4919d647-4c0d-4378-96f4-299690755722 ] Request (ServerShowV247Test:setUpClass): 200 GET http://10.180.1.21/identity/v3/roles 0.023s
2025-05-14 06:49:53.440 69671 INFO tempest.lib.common.rest_client [req-63c4b7a4-39c8-4693-ac7f-f14b373519e5 req-63c4b7a4-39c8-4693-ac7f-f14b373519e5 ] Request (ServerShowV247Test:setUpClass): 204 PUT http://10.180.1.21/identity/v3/projects/f776523f543d49d2b8c136e0c859304f/users/e8cfa30f2b0b43a48b15f4b1c4b9d050/roles/0609a4e2993047a1a72e5fb71a609f23 0.039s
2025-05-14 06:49:53.441 69671 INFO tempest.lib.common.dynamic_creds [-] Dynamic test user e8cfa30f2b0b43a48b15f4b1c4b9d050 is created with scope project and roles: ['member']
2025-05-14 06:49:53.441 69671 INFO tempest.lib.common.dynamic_creds [-] Acquired dynamic creds: credentials: Credentials: {'domain_id': 'default', 'domain_name': 'Default', 'username': 'tempest-ServerShowV247Test-1273487532-project-member', 'project_domain_id': 'default', 'project_domain_name': 'Default', 'project_id': 'f776523f543d49d2b8c136e0c859304f', 'project_name': 'tempest-ServerShowV247Test-1273487532', 'tenant_id': 'f776523f543d49d2b8c136e0c859304f', 'tenant_name': 'tempest-ServerShowV247Test-1273487532', 'user_domain_id': 'default', 'user_domain_name': 'Default', 'user_id': 'e8cfa30f2b0b43a48b15f4b1c4b9d050', 'system': None}, Network: None, Subnet: None, Router: None
2025-05-14 06:49:53.442 69671 INFO tempest.lib.common.dynamic_creds [-] Created isolated network resources for: credentials: Credentials: {'domain_id': 'default', 'domain_name': 'Default', 'username': 'tempest-ServerShowV247Test-1273487532-project-member', 'project_domain_id': 'default', 'project_domain_name': 'Default', 'project_id': 'f776523f543d49d2b8c136e0c859304f', 'project_name': 'tempest-ServerShowV247Test-1273487532', 'tenant_id': 'f776523f543d49d2b8c136e0c859304f', 'tenant_name': 'tempest-ServerShowV247Test-1273487532', 'user_domain_id': 'default', 'user_domain_name': 'Default', 'user_id': 'e8cfa30f2b0b43a48b15f4b1c4b9d050', 'system': None}, Network: None, Subnet: None, Router: None
2025-05-14 06:49:53.442 69682 INFO tempest.lib.common.rest_client [req-08e9f760-7a96-42ea-b5e4-cf4360581ff8 req-08e9f760-7a96-42ea-b5e4-cf4360581ff8 ] Request (ServerRescueTestJSONUnderV235:setUpClass): 200 GET http://10.180.1.21/compute/v2.1/servers/ee543d6d-19a1-4787-a2b3-fde6d8aa99fd 0.172s
2025-05-14 06:49:53.454 69702 INFO tempest.lib.common.rest_client [req-5b6f9b55-a059-431b-a22e-67bcb8a5c641 req-5b6f9b55-a059-431b-a22e-67bcb8a5c641 ] Request (ServersTestJSON:tearDownClass): 204 DELETE http://10.180.1.21:9696/networking/v2.0/routers/d7886c62-6d6e-4de0-bef3-d2e76d6f8201 0.446s
2025-05-14 06:49:53.469 69680 INFO tempest.lib.common.rest_client [req-e02d284d-fb42-4105-9645-cf1ec283309b req-e02d284d-fb42-4105-9645-cf1ec283309b ] Request (ServerActionsV293TestJSON:tearDownClass): 200 GET http://10.180.1.21/compute/v2.1/servers/38dfffac-77ba-45e6-83bd-455a2c5bfef4 0.161s
2025-05-14 06:49:53.510 69654 INFO tempest.lib.common.rest_client [req-ff660a67-5631-407f-bebe-876ac2359d30 req-ff660a67-5631-407f-bebe-876ac2359d30 ] Request (ServerMetadataNegativeTestJSON:setUpClass): 200 GET http://10.180.1.21/compute/v2.1/servers/ca2afff9-d273-4f7b-a8c0-f1371b3aa6fc 0.154s
2025-05-14 06:49:53.523 69671 INFO tempest.lib.common.rest_client [req-a20b71f5-8326-4647-98b1-41482ba0dfad req-a20b71f5-8326-4647-98b1-41482ba0dfad ] Request (ServerShowV247Test:setUpClass): 201 POST http://10.180.1.21/identity/v3/auth/tokens 0.076s
2025-05-14 06:49:53.585 69671 INFO tempest.lib.common.rest_client [req-9f0552f9-ef29-4d59-824a-5d594846c9b7 req-9f0552f9-ef29-4d59-824a-5d594846c9b7 ] Request (ServerShowV247Test:setUpClass): 200 GET http://10.180.1.21/identity/v3/projects/f776523f543d49d2b8c136e0c859304f 0.060s
2025-05-14 06:49:53.585 69671 INFO tempest.lib.common.dynamic_creds [-] Using the existing project f776523f543d49d2b8c136e0c859304f for scope project and roles: ['reader']
2025-05-14 06:49:53.587 69668 INFO tempest.lib.common.rest_client [req-b728db3b-f5d8-416d-8004-1962f29c6a9c req-b728db3b-f5d8-416d-8004-1962f29c6a9c ] Request (ServersAdminTestJSON:test_inject_network_info): 200 GET http://10.180.1.21/compute/v2.1/servers/92b7fbc4-a250-43f7-99b5-995a091a1af2 0.073s
2025-05-14 06:49:53.615 69702 INFO tempest.lib.common.rest_client [req-b3de1f16-a8e1-4b46-9a28-1778a9e90b96 req-b3de1f16-a8e1-4b46-9a28-1778a9e90b96 ] Request (ServersTestJSON:tearDownClass): 204 DELETE http://10.180.1.21:9696/networking/v2.0/subnets/14308688-fa48-4070-8ab8-9c886f0311cc 0.160s
2025-05-14 06:49:53.618 69671 INFO tempest.lib.common.rest_client [req-f10342b1-0494-431a-8e44-9943afb13a39 req-f10342b1-0494-431a-8e44-9943afb13a39 ] Request (ServerShowV247Test:setUpClass): 201 POST http://10.180.1.21/identity/v3/users 0.032s
