2025-05-14 06:50:49.548 69646 INFO tempest.lib.common.rest_client [req-17e66556-0eb6-458f-847e-0c4142ad3c81 req-17e66556-0eb6-458f-847e-0c4142ad3c81 ] Request (DeleteServersAdminTestJSON:tearDownClass): 204 DELETE http://10.180.1.21/identity/v3/projects/2ca83024a9354e8c824036a8c9896bbc 0.122s
2025-05-14 06:50:49.548 69646 INFO tempest.lib.common.dynamic_creds [-] Deleting project and security group for project: 535016dccddd4fa98328324e9ab06fb4
2025-05-14 06:50:49.557 69658 INFO tempest.lib.common.rest_client [req-174d43bf-1f03-4fc5-993c-5d2b481f4d64 req-174d43bf-1f03-4fc5-993c-5d2b481f4d64 ] Request (ServerDiskConfigTestJSON:test_rebuild_server_with_auto_disk_config): 200 GET http://10.180.1.21/compute/v2.1/servers/7602962a-51be-43bf-99a3-ccf0f576211c 0.380s
2025-05-14 06:50:49.574 69706 INFO tempest.lib.common.rest_client [req-49853625-86e5-44a9-b2d1-cc1d662b0cb1 req-49853625-86e5-44a9-b2d1-cc1d662b0cb1 ] Request (ServersAaction247Test:tearDownClass): 200 GET http://10.180.1.21/compute/v2.1/servers/19afd615-3771-440d-8556-0342b1ff805f 0.320s
2025-05-14 06:50:49.603 69646 INFO tempest.lib.common.rest_client [req-b2a169e5-c62e-4a42-9a05-dfe7937446a7 req-b2a169e5-c62e-4a42-9a05-dfe7937446a7 ] Request (DeleteServersAdminTestJSON:tearDownClass): 200 GET http://10.180.1.21:9696/networking/v2.0/security-groups?tenant_id=535016dccddd4fa98328324e9ab06fb4&name=default 0.055s
2025-05-14 06:50:49.611 69660 INFO tempest.lib.common.rest_client [req-b7ad0d6e-5f65-46f7-9767-b118163e5416 req-b7ad0d6e-5f65-46f7-9767-b118163e5416 ] Request (AttachInterfacesTestJSON:test_create_list_show_delete_interfaces_by_fixed_ip): 200 GET http://10.180.1.21/compute/v2.1/servers/519994ef-1c68-45cf-b022-d7433038e768 0.350s
2025-05-14 06:50:49.646 69688 INFO tempest.lib.common.rest_client [req-93dbea4b-6a4f-49e0-9a72-1ef44b91516d req-93dbea4b-6a4f-49e0-9a72-1ef44b91516d ] Request (VolumesAdminNegativeTest:test_update_attached_volume_with_nonexistent_volume_in_uri): 200 GET http://10.180.1.21/compute/v2.1/servers/b0e6c997-18b0-416f-9fc9-a79253131e80 0.318s
2025-05-14 06:50:49.727 69654 INFO tempest.lib.common.rest_client [req-e1de3e99-ae9a-4ca6-8bad-9bbded00ca0a req-e1de3e99-ae9a-4ca6-8bad-9bbded00ca0a ] Request (ServerMetadataNegativeTestJSON:setUpClass): 200 GET http://10.180.1.21/compute/v2.1/servers/ca2afff9-d273-4f7b-a8c0-f1371b3aa6fc 0.333s
2025-05-14 06:50:49.735 69654 INFO tempest.common.waiters [-] State transition "BUILD/None" ==> "BUILD/networking" after 82 second wait
2025-05-14 06:50:49.755 69674 INFO tempest.lib.common.rest_client [req-c6e8bb48-b3a4-4a39-a45c-141217d2463a req-c6e8bb48-b3a4-4a39-a45c-141217d2463a ] Request (MigrationsAdminTest:test_list_migrations_in_flavor_resize_situation): 200 GET http://10.180.1.21/compute/v2.1/servers/618567d8-1d8e-48e0-9ef1-6ecf755d01b5 0.367s
2025-05-14 06:50:49.765 69646 INFO tempest.lib.common.rest_client [req-52a12bc7-0a28-45b8-8fdd-dad1b82958ed req-52a12bc7-0a28-45b8-8fdd-dad1b82958ed ] Request (DeleteServersAdminTestJSON:tearDownClass): 204 DELETE http://10.180.1.21:9696/networking/v2.0/security-groups/fac3e274-62e6-4e2e-aab5-344b4118332a 0.162s
2025-05-14 06:50:49.794 69690 INFO tempest.lib.common.rest_client [req-577d5fa8-1f2f-4d07-afe7-931b29d4d236 req-577d5fa8-1f2f-4d07-afe7-931b29d4d236 ] Request (ServersTestMultiNic:test_verify_duplicate_network_nics): 200 GET http://10.180.1.21/compute/v2.1/servers/1f33e029-85f0-4da9-aff5-e7d921c73829 0.299s
2025-05-14 06:50:49.817 69671 INFO tempest.lib.common.rest_client [req-fc48de00-cd67-49b7-961f-65165284b386 req-fc48de00-cd67-49b7-961f-65165284b386 ] Request (ServerShowV247Test:test_update_rebuild_list_server): 200 GET http://10.180.1.21/compute/v2.1/servers/c2d5dd16-7066-47d9-8825-f1e86b8cac5f 0.251s
2025-05-14 06:50:49.859 69702 INFO tempest.lib.common.rest_client [req-e487b9a8-e0c7-4042-ae9f-f0b24cb2c521 req-e487b9a8-e0c7-4042-ae9f-f0b24cb2c521 ] Request (AttachVolumeShelveTestJSON:test_attach_volume_shelved_or_offload_server): 200 GET http://10.180.1.21/compute/v2.1/servers/c9fa009b-e531-4e27-933e-97f99a0ddc6b 0.230s
2025-05-14 06:50:49.896 69678 INFO tempest.lib.common.rest_client [req-de83aa40-ea6b-45ca-ae5a-849a0e45b548 req-de83aa40-ea6b-45ca-ae5a-849a0e45b548 ] Request (ImagesOneServerNegativeTestJSON:setUpClass): 200 GET http://10.180.1.21/compute/v2.1/servers/5c3ecd76-b649-4a9e-8bc0-8f39ba56a5a2 0.113s
2025-05-14 06:50:49.897 69667 INFO tempest.lib.common.rest_client [req-359b1005-b36c-4ea5-ba17-09aab5d81502 req-359b1005-b36c-4ea5-ba17-09aab5d81502 ] Request (AttachInterfacesUnderV243Test:test_add_remove_fixed_ip): 200 GET http://10.180.1.21/compute/v2.1/servers/18c0d4a1-96ba-42e6-a696-0f9792684e5c/ips 0.084s
2025-05-14 06:50:49.901 69646 INFO tempest.lib.common.rest_client [req-8de36828-f306-4cec-9054-68c5c9ea7862 req-8de36828-f306-4cec-9054-68c5c9ea7862 ] Request (DeleteServersAdminTestJSON:tearDownClass): 204 DELETE http://10.180.1.21/identity/v3/projects/535016dccddd4fa98328324e9ab06fb4 0.135s
2025-05-14 06:50:49.968 69704 INFO tempest.lib.common.rest_client [req-600fbba9-14c1-42de-9ed2-e531d63c8aeb req-600fbba9-14c1-42de-9ed2-e531d63c8aeb ] Request (FloatingIPsAssociationTestJSON:tearDownClass): 200 GET http://10.180.1.21/compute/v2.1/servers/c8166933-ec22-4c63-a220-1a52c05515ee 0.071s
2025-05-14 06:50:49.972 69646 INFO tempest.lib.common.rest_client [req-57e96a1f-5a24-4d8c-af73-269b2d21ed81 req-57e96a1f-5a24-4d8c-af73-269b2d21ed81 ] Request (FloatingIPsTestJSON:setUpClass): 201 POST http://10.180.1.21/identity/v3/auth/tokens 0.069s
2025-05-14 06:50:50.001 69646 INFO tempest.lib.common.rest_client [req-9d76fcb8-cf80-4b0e-8170-fa56a76a72fb req-9d76fcb8-cf80-4b0e-8170-fa56a76a72fb ] Request (FloatingIPsTestJSON:setUpClass): 201 POST http://10.180.1.21/identity/v3/auth/tokens 0.026s
2025-05-14 06:50:50.028 69646 INFO tempest.lib.common.rest_client [req-3da20ebf-d64e-4f55-afed-22ac7e1fd510 req-3da20ebf-d64e-4f55-afed-22ac7e1fd510 ] Request (FloatingIPsTestJSON:setUpClass): 200 GET http://10.180.1.21/identity/v3/domains?name=Default 0.026s
2025-05-14 06:50:50.054 69646 INFO tempest.lib.common.rest_client [req-36a73709-fe0d-4271-83b9-bc4b9f316c47 req-36a73709-fe0d-4271-83b9-bc4b9f316c47 ] Request (FloatingIPsTestJSON:setUpClass): 201 POST http://10.180.1.21/identity/v3/projects 0.026s
2025-05-14 06:50:50.117 69646 INFO tempest.lib.common.rest_client [req-972855f6-b8ff-44a0-a246-e1765ec97592 req-972855f6-b8ff-44a0-a246-e1765ec97592 ] Request (FloatingIPsTestJSON:setUpClass): 201 POST http://10.180.1.21/identity/v3/users 0.062s
2025-05-14 06:50:50.120 69648 INFO tempest.lib.common.rest_client [req-da6a7380-bd1f-453f-b91e-4a83bef0c10b req-da6a7380-bd1f-453f-b91e-4a83bef0c10b ] Request (ServersTestBootFromVolume:tearDownClass): 200 GET http://10.180.1.21/compute/v2.1/servers/b63ab591-c43b-4347-8dd7-4bd747f394d5 0.063s
2025-05-14 06:50:50.140 69646 INFO tempest.lib.common.rest_client [req-08657f19-af34-4142-8bfb-ce105a8de6d2 req-08657f19-af34-4142-8bfb-ce105a8de6d2 ] Request (FloatingIPsTestJSON:setUpClass): 200 GET http://10.180.1.21/identity/v3/roles 0.022s
2025-05-14 06:50:50.170 69682 INFO tempest.lib.common.rest_client [req-0d37fe32-6c29-4222-9f9a-ff8afd971e2a req-0d37fe32-6c29-4222-9f9a-ff8afd971e2a ] Request (ServerRescueTestJSONUnderV235:tearDownClass): 404 GET http://10.180.1.21/compute/v2.1/servers/ee543d6d-19a1-4787-a2b3-fde6d8aa99fd 0.024s
2025-05-14 06:50:50.176 69646 INFO tempest.lib.common.rest_client [req-facd96f3-44e1-41e0-9dfd-a03a4777deae req-facd96f3-44e1-41e0-9dfd-a03a4777deae ] Request (FloatingIPsTestJSON:setUpClass): 204 PUT http://10.180.1.21/identity/v3/projects/df1cf01ee94b4f269e058fe6d73d127c/users/40bf5215ce0a45ae9fb7525699df258f/roles/0609a4e2993047a1a72e5fb71a609f23 0.035s
2025-05-14 06:50:50.176 69646 INFO tempest.lib.common.dynamic_creds [-] Dynamic test user 40bf5215ce0a45ae9fb7525699df258f is created with scope project and roles: ['member']
2025-05-14 06:50:50.176 69646 INFO tempest.lib.common.dynamic_creds [-] Acquired dynamic creds: credentials: Credentials: {'domain_id': 'default', 'domain_name': 'Default', 'username': 'tempest-FloatingIPsTestJSON-246148528-project-member', 'project_domain_id': 'default', 'project_domain_name': 'Default', 'project_id': 'df1cf01ee94b4f269e058fe6d73d127c', 'project_name': 'tempest-FloatingIPsTestJSON-246148528', 'tenant_id': 'df1cf01ee94b4f269e058fe6d73d127c', 'tenant_name': 'tempest-FloatingIPsTestJSON-246148528', 'user_domain_id': 'default', 'user_domain_name': 'Default', 'user_id': '40bf5215ce0a45ae9fb7525699df258f', 'system': None}, Network: None, Subnet: None, Router: None
2025-05-14 06:50:50.245 69646 INFO tempest.lib.common.rest_client [req-fc0fcf80-1ad6-443a-8c59-e867d5b08cf7 req-fc0fcf80-1ad6-443a-8c59-e867d5b08cf7 ] Request (FloatingIPsTestJSON:setUpClass): 201 POST http://10.180.1.21/identity/v3/auth/tokens 0.068s
2025-05-14 06:50:50.327 69700 INFO tempest.lib.common.rest_client [req-7a5e9e18-9a65-40bc-9be3-b20b212859eb req-7a5e9e18-9a65-40bc-9be3-b20b212859eb ] Request (ServerShowV257Test:tearDownClass): 200 GET http://10.180.1.21/compute/v2.1/servers/065b704e-0717-4af5-9816-52ebdf54b9db 0.087s
2025-05-14 06:50:50.392 69692 INFO tempest.lib.common.rest_client [req-268ec4f7-8886-4fa4-ac49-f9ab8f95acde req-268ec4f7-8886-4fa4-ac49-f9ab8f95acde ] Request (ServerTagsTestJSON:setUpClass): 200 GET http://10.180.1.21/compute/v2.1/servers/760c785b-88cc-4cd1-a0f5-aecd58781d2f 0.069s
2025-05-14 06:50:50.409 69668 INFO tempest.lib.common.rest_client [req-c3e6bebd-36f9-4fdd-9674-dfd6adcffc36 req-c3e6bebd-36f9-4fdd-9674-dfd6adcffc36 ] Request (ServersAdminTestJSON:_run_cleanups): 200 GET http://10.180.1.21/compute/v2.1/servers/79bdbfcc-5ed4-41d9-97bd-9d5a9e829541 0.179s
2025-05-14 06:50:50.417 69668 INFO tempest.common.waiters [-] State transition "REBUILD/rebuilding" ==> "REBUILD/rebuild_spawning" after 4 second wait
2025-05-14 06:50:50.466 69656 INFO tempest.lib.common.rest_client [req-43915524-1e5d-4e59-94cb-050f3ce17113 req-43915524-1e5d-4e59-94cb-050f3ce17113 ] Request (ServerRescueNegativeTestJSON:test_rescued_vm_detach_volume): 200 GET http://10.180.1.21/compute/v2.1/servers/21ac72f2-c1e7-49e9-9a90-e393064471aa 0.077s
2025-05-14 06:50:50.517 69672 INFO tempest.lib.common.rest_client [req-bd4c7959-da1a-431d-b4bd-fa6ae5a95d61 req-bd4c7959-da1a-431d-b4bd-fa6ae5a95d61 ] Request (ListImageFiltersTestJSON:setUpClass): 200 GET http://10.180.1.21/compute/v2.1/images/c2ee43be-83b3-4c11-8aa1-d0d7332dd4b2 0.083s
2025-05-14 06:50:50.601 69662 INFO tempest.lib.common.rest_client [req-344435ac-3f9f-4e2f-bc1d-267521ed5700 req-344435ac-3f9f-4e2f-bc1d-267521ed5700 ] Request (ServerActionsTestJSON:setUpClass): 200 GET http://10.180.1.21/compute/v2.1/servers/1787cdf4-a184-4404-a9a8-f45877de9599 0.123s
2025-05-14 06:50:50.612 69652 INFO tempest.lib.common.rest_client [req-cd5cda1f-d953-4230-a686-165df7f14489 req-cd5cda1f-d953-4230-a686-165df7f14489 ] Request (ListServerFiltersTestJSON:test_list_servers_filter_by_shutoff_status): 200 GET http://10.180.1.21/compute/v2.1/servers/28443994-167a-440a-8235-c2ecc98733ee 0.199s
2025-05-14 06:50:50.653 69672 INFO tempest.lib.common.rest_client [req-de879b69-363a-4a26-b4aa-f74908c93351 req-de879b69-363a-4a26-b4aa-f74908c93351 ] Request (ListImageFiltersTestJSON:setUpClass): 200 GET http://10.180.1.21/compute/v2.1/images/c2ee43be-83b3-4c11-8aa1-d0d7332dd4b2 0.131s
2025-05-14 06:50:50.677 69684 INFO tempest.lib.common.rest_client [req-fcffb11b-8830-4302-a631-0ed11489b3b8 req-fcffb11b-8830-4302-a631-0ed11489b3b8 ] Request (MultipleCreateTestJSON:test_multiple_create): 200 GET http://10.180.1.21/compute/v2.1/servers/a40d52a2-46d5-43ba-85ff-0c96e92b7b23 0.158s
2025-05-14 06:50:50.726 69658 INFO tempest.lib.common.rest_client [req-d334e6eb-a870-4c31-9d76-69353e122289 req-d334e6eb-a870-4c31-9d76-69353e122289 ] Request (ServerDiskConfigTestJSON:test_rebuild_server_with_auto_disk_config): 200 GET http://10.180.1.21/compute/v2.1/servers/7602962a-51be-43bf-99a3-ccf0f576211c 0.157s
2025-05-14 06:50:50.760 69646 INFO tempest.lib.common.rest_client [req-a6d128ad-ec4b-4eca-b5e0-5d0978320fe5 req-a6d128ad-ec4b-4eca-b5e0-5d0978320fe5 ] Request (FloatingIPsTestJSON:setUpClass): 201 POST http://10.180.1.21:9696/networking/v2.0/networks 0.514s
2025-05-14 06:50:50.764 69706 INFO tempest.lib.common.rest_client [req-2358c7e4-38c9-4e10-94c1-5bb638126881 req-2358c7e4-38c9-4e10-94c1-5bb638126881 ] Request (ServersAaction247Test:tearDownClass): 200 GET http://10.180.1.21/compute/v2.1/servers/19afd615-3771-440d-8556-0342b1ff805f 0.175s
2025-05-14 06:50:50.781 69706 INFO tempest.common.waiters [-] State transition "ACTIVE/deleting" ==> "DELETED/None" after 5 second wait
2025-05-14 06:50:50.807 69660 INFO tempest.lib.common.rest_client [req-36151d10-0beb-48b0-8a9e-73c88849d1dc req-36151d10-0beb-48b0-8a9e-73c88849d1dc ] Request (AttachInterfacesTestJSON:test_create_list_show_delete_interfaces_by_fixed_ip): 200 GET http://10.180.1.21/compute/v2.1/servers/519994ef-1c68-45cf-b022-d7433038e768 0.184s
2025-05-14 06:50:50.807 69676 WARNING tempest.lib.common.ssh [-] Failed to establish authenticated ssh connection to cirros@10.180.180.187 ([Errno None] Unable to connect to port 22 on 10.180.180.187). Number attempts: 12. Retry after 13 seconds.: paramiko.ssh_exception.NoValidConnectionsError: [Errno None] Unable to connect to port 22 on 10.180.180.187
2025-05-14 06:50:50.837 69688 INFO tempest.lib.common.rest_client [req-f5623556-0b44-4577-8ba3-8e5490f380c4 req-f5623556-0b44-4577-8ba3-8e5490f380c4 ] Request (VolumesAdminNegativeTest:test_update_attached_volume_with_nonexistent_volume_in_uri): 200 GET http://10.180.1.21/compute/v2.1/servers/b0e6c997-18b0-416f-9fc9-a79253131e80 0.184s
2025-05-14 06:50:50.966 69672 INFO tempest.lib.common.rest_client [req-11886452-afc9-4e58-8362-b4dd8d622842 req-11886452-afc9-4e58-8362-b4dd8d622842 ] Request (ListImageFiltersTestJSON:setUpClass): 200 GET http://10.180.1.21/compute/v2.1/servers/1444a73b-85f7-4917-854c-11183e643f50 0.306s
2025-05-14 06:50:50.971 69646 INFO tempest.lib.common.rest_client [req-64a22f54-e776-428c-82c5-b674a4b01781 req-64a22f54-e776-428c-82c5-b674a4b01781 ] Request (FloatingIPsTestJSON:setUpClass): 201 POST http://10.180.1.21:9696/networking/v2.0/subnets 0.210s
2025-05-14 06:50:51.063 69654 INFO tempest.lib.common.rest_client [req-b33a7ea8-1c8d-4065-8301-4459f4674df4 req-b33a7ea8-1c8d-4065-8301-4459f4674df4 ] Request (ServerMetadataNegativeTestJSON:setUpClass): 200 GET http://10.180.1.21/compute/v2.1/servers/ca2afff9-d273-4f7b-a8c0-f1371b3aa6fc 0.324s
2025-05-14 06:50:51.077 69654 INFO tempest.common.waiters [-] State transition "BUILD/networking" ==> "BUILD/block_device_mapping" after 84 second wait
2025-05-14 06:50:51.333 69690 INFO tempest.lib.common.rest_client [req-ac84be8c-0c83-4e9b-8ec4-fe807e60aff3 req-ac84be8c-0c83-4e9b-8ec4-fe807e60aff3 ] Request (ServersTestMultiNic:test_verify_duplicate_network_nics): 200 GET http://10.180.1.21/compute/v2.1/servers/1f33e029-85f0-4da9-aff5-e7d921c73829 0.531s
2025-05-14 06:50:51.351 69674 INFO tempest.lib.common.rest_client [req-3239f3bf-c9a6-44b2-ad3c-539c4be37982 req-3239f3bf-c9a6-44b2-ad3c-539c4be37982 ] Request (MigrationsAdminTest:test_list_migrations_in_flavor_resize_situation): 200 GET http://10.180.1.21/compute/v2.1/servers/618567d8-1d8e-48e0-9ef1-6ecf755d01b5 0.584s
2025-05-14 06:50:51.403 69671 INFO tempest.lib.common.rest_client [req-40391c8c-8afd-4344-bc3f-3f2ae79b1c25 req-40391c8c-8afd-4344-bc3f-3f2ae79b1c25 ] Request (ServerShowV247Test:test_update_rebuild_list_server): 200 GET http://10.180.1.21/compute/v2.1/servers/c2d5dd16-7066-47d9-8825-f1e86b8cac5f 0.571s
2025-05-14 06:50:51.434 69702 INFO tempest.lib.common.rest_client [req-8a1eeed5-16cf-4a74-ada7-13043e4598bf req-8a1eeed5-16cf-4a74-ada7-13043e4598bf ] Request (AttachVolumeShelveTestJSON:test_attach_volume_shelved_or_offload_server): 200 GET http://10.180.1.21/compute/v2.1/servers/c9fa009b-e531-4e27-933e-97f99a0ddc6b 0.562s
2025-05-14 06:50:51.452 69667 INFO tempest.lib.common.rest_client [req-c1f225d5-e477-43a3-b35c-eff8c93be4b9 req-c1f225d5-e477-43a3-b35c-eff8c93be4b9 ] Request (AttachInterfacesUnderV243Test:test_add_remove_fixed_ip): 200 GET http://10.180.1.21/compute/v2.1/servers/18c0d4a1-96ba-42e6-a696-0f9792684e5c/ips 0.553s
2025-05-14 06:50:51.531 69678 INFO tempest.lib.common.rest_client [req-c9abfdff-561a-42c3-91fc-073a2c24687d req-c9abfdff-561a-42c3-91fc-073a2c24687d ] Request (ImagesOneServerNegativeTestJSON:setUpClass): 200 GET http://10.180.1.21/compute/v2.1/servers/5c3ecd76-b649-4a9e-8bc0-8f39ba56a5a2 0.626s
2025-05-14 06:50:51.539 69704 INFO tempest.lib.common.rest_client [req-61a28ef6-9cab-4f44-b6a2-9dbaafc47786 req-61a28ef6-9cab-4f44-b6a2-9dbaafc47786 ] Request (FloatingIPsAssociationTestJSON:tearDownClass): 200 GET http://10.180.1.21/compute/v2.1/servers/c8166933-ec22-4c63-a220-1a52c05515ee 0.564s
2025-05-14 06:50:51.621 69700 INFO tempest.lib.common.rest_client [req-5ff6593a-f9b4-48d6-a5e0-271b025d01ee req-5ff6593a-f9b4-48d6-a5e0-271b025d01ee ] Request (ServerShowV257Test:tearDownClass): 200 GET http://10.180.1.21/compute/v2.1/servers/065b704e-0717-4af5-9816-52ebdf54b9db 0.281s
2025-05-14 06:50:51.623 69648 INFO tempest.lib.common.rest_client [req-7dbbe6af-42c3-4cce-aac2-34f4c991950d req-7dbbe6af-42c3-4cce-aac2-34f4c991950d ] Request (ServersTestBootFromVolume:tearDownClass): 200 GET http://10.180.1.21/compute/v2.1/servers/b63ab591-c43b-4347-8dd7-4bd747f394d5 0.493s
2025-05-14 06:50:51.641 69682 INFO tempest.lib.common.rest_client [req-f2d112fd-1378-4d7e-bd0d-9f9349853b6c req-f2d112fd-1378-4d7e-bd0d-9f9349853b6c ] Request (ServerRescueTestJSONUnderV235:tearDownClass): 200 PUT http://10.180.1.21:9696/networking/v2.0/routers/a07d4ac1-831a-423c-ba22-64ec52c03f79/remove_router_interface 1.470s
2025-05-14 06:50:51.702 69692 INFO tempest.lib.common.rest_client [req-ba35fa61-27f4-4a9a-b42f-fb25a406d3a6 req-ba35fa61-27f4-4a9a-b42f-fb25a406d3a6 ] Request (ServerTagsTestJSON:setUpClass): 200 GET http://10.180.1.21/compute/v2.1/servers/760c785b-88cc-4cd1-a0f5-aecd58781d2f 0.292s
2025-05-14 06:50:51.784 69668 INFO tempest.lib.common.rest_client [req-2e29f494-5488-4b96-96b0-97bc545acdf2 req-2e29f494-5488-4b96-96b0-97bc545acdf2 ] Request (ServersAdminTestJSON:_run_cleanups): 200 GET http://10.180.1.21/compute/v2.1/servers/79bdbfcc-5ed4-41d9-97bd-9d5a9e829541 0.364s
2025-05-14 06:50:51.842 69656 INFO tempest.lib.common.rest_client [req-b2cb05b1-4ca9-4445-a6c7-ab245d1877e7 req-b2cb05b1-4ca9-4445-a6c7-ab245d1877e7 ] Request (ServerRescueNegativeTestJSON:test_rescued_vm_detach_volume): 200 GET http://10.180.1.21/compute/v2.1/servers/21ac72f2-c1e7-49e9-9a90-e393064471aa 0.367s
2025-05-14 06:50:51.854 69667 INFO tempest.lib.common.rest_client [req-372e77cf-4070-4812-89e3-8f72159c66c1 req-372e77cf-4070-4812-89e3-8f72159c66c1 ] Request (AttachInterfacesUnderV243Test:test_add_remove_fixed_ip): 200 GET http://10.180.1.21/compute/v2.1/servers/18c0d4a1-96ba-42e6-a696-0f9792684e5c 0.399s
2025-05-14 06:50:51.901 69662 INFO tempest.lib.common.rest_client [req-73846a24-5b4c-4c03-9cd6-40290d432f4e req-73846a24-5b4c-4c03-9cd6-40290d432f4e ] Request (ServerActionsTestJSON:setUpClass): 200 GET http://10.180.1.21/compute/v2.1/servers/1787cdf4-a184-4404-a9a8-f45877de9599 0.290s
2025-05-14 06:50:51.973 69684 INFO tempest.lib.common.rest_client [req-65e95035-b411-4c7b-b20e-4fc66faadebb req-65e95035-b411-4c7b-b20e-4fc66faadebb ] Request (MultipleCreateTestJSON:test_multiple_create): 200 GET http://10.180.1.21/compute/v2.1/servers/a40d52a2-46d5-43ba-85ff-0c96e92b7b23 0.281s
2025-05-14 06:50:52.005 69646 INFO tempest.lib.common.rest_client [req-4a34ab8c-7a6b-41d3-a93e-bf358e8dd32c req-4a34ab8c-7a6b-41d3-a93e-bf358e8dd32c ] Request (FloatingIPsTestJSON:setUpClass): 201 POST http://10.180.1.21:9696/networking/v2.0/routers 1.034s
2025-05-14 06:50:52.043 69658 INFO tempest.lib.common.rest_client [req-9cf75596-8424-43d7-a5dd-cbca483f6f0e req-9cf75596-8424-43d7-a5dd-cbca483f6f0e ] Request (ServerDiskConfigTestJSON:test_rebuild_server_with_auto_disk_config): 200 GET http://10.180.1.21/compute/v2.1/servers/7602962a-51be-43bf-99a3-ccf0f576211c 0.306s
2025-05-14 06:50:52.073 69652 INFO tempest.lib.common.rest_client [req-a3ffbf57-18ba-408d-8144-60e8aa34a2b4 req-a3ffbf57-18ba-408d-8144-60e8aa34a2b4 ] Request (ListServerFiltersTestJSON:test_list_servers_filter_by_shutoff_status): 200 GET http://10.180.1.21/compute/v2.1/servers/28443994-167a-440a-8235-c2ecc98733ee 0.452s
2025-05-14 06:50:52.108 69706 INFO tempest.lib.common.rest_client [req-6414e43a-9235-4ac3-95b7-eda3d9875f93 req-6414e43a-9235-4ac3-95b7-eda3d9875f93 ] Request (ServersAaction247Test:tearDownClass): 200 GET http://10.180.1.21/compute/v2.1/servers/19afd615-3771-440d-8556-0342b1ff805f 0.326s
2025-05-14 06:50:52.130 69660 INFO tempest.lib.common.rest_client [req-ba42ff14-3644-434d-9528-911b4631f13b req-ba42ff14-3644-434d-9528-911b4631f13b ] Request (AttachInterfacesTestJSON:test_create_list_show_delete_interfaces_by_fixed_ip): 200 GET http://10.180.1.21/compute/v2.1/servers/519994ef-1c68-45cf-b022-d7433038e768 0.315s
2025-05-14 06:50:52.158 69667 INFO tempest.lib.common.rest_client [req-7efadbbb-6ae9-4817-a466-6684c9b6b1ea req-7efadbbb-6ae9-4817-a466-6684c9b6b1ea ] Request (AttachInterfacesUnderV243Test:test_add_remove_fixed_ip): 202 POST http://10.180.1.21/compute/v2.1/servers/18c0d4a1-96ba-42e6-a696-0f9792684e5c/action 0.295s
2025-05-14 06:50:52.174 69688 INFO tempest.lib.common.rest_client [req-d861afac-9abf-4b90-8ec8-600c8c1e9b04 req-d861afac-9abf-4b90-8ec8-600c8c1e9b04 ] Request (VolumesAdminNegativeTest:test_update_attached_volume_with_nonexistent_volume_in_uri): 200 GET http://10.180.1.21/compute/v2.1/servers/b0e6c997-18b0-416f-9fc9-a79253131e80 0.329s
2025-05-14 06:50:52.289 69682 INFO tempest.lib.common.rest_client [req-6273ac34-ac99-4e39-96da-8f228c1130be req-6273ac34-ac99-4e39-96da-8f228c1130be ] Request (ServerRescueTestJSONUnderV235:tearDownClass): 204 DELETE http://10.180.1.21:9696/networking/v2.0/routers/a07d4ac1-831a-423c-ba22-64ec52c03f79 0.648s
2025-05-14 06:50:52.369 69654 INFO tempest.lib.common.rest_client [req-f276b5ca-4097-4e49-b846-1a432665accf req-f276b5ca-4097-4e49-b846-1a432665accf ] Request (ServerMetadataNegativeTestJSON:setUpClass): 200 GET http://10.180.1.21/compute/v2.1/servers/ca2afff9-d273-4f7b-a8c0-f1371b3aa6fc 0.291s
2025-05-14 06:50:52.379 69654 INFO tempest.common.waiters [-] State transition "BUILD/block_device_mapping" ==> "BUILD/spawning" after 85 second wait
2025-05-14 06:50:52.387 69672 INFO tempest.lib.common.rest_client [req-54f8a8e3-f9fd-413b-832a-39820d41edcb req-54f8a8e3-f9fd-413b-832a-39820d41edcb ] Request (ListImageFiltersTestJSON:setUpClass): 200 GET http://10.180.1.21/compute/v2.1/servers/1444a73b-85f7-4917-854c-11183e643f50 0.413s
2025-05-14 06:50:52.396 69672 INFO tempest.common.waiters [-] State transition "ACTIVE/image_uploading" ==> "ACTIVE/None" after 2 second wait
2025-05-14 06:50:52.406 69667 INFO tempest.lib.common.rest_client [req-03671fb4-c2a9-45bb-81d3-81a9484e7c4a req-03671fb4-c2a9-45bb-81d3-81a9484e7c4a ] Request (AttachInterfacesUnderV243Test:test_add_remove_fixed_ip): 200 GET http://10.180.1.21/compute/v2.1/servers/18c0d4a1-96ba-42e6-a696-0f9792684e5c/ips 0.248s
2025-05-14 06:50:52.438 69690 INFO tempest.lib.common.rest_client [req-61a54767-aca4-455a-8e57-7a9a281f4792 req-61a54767-aca4-455a-8e57-7a9a281f4792 ] Request (ServersTestMultiNic:test_verify_duplicate_network_nics): 200 GET http://10.180.1.21/compute/v2.1/servers/1f33e029-85f0-4da9-aff5-e7d921c73829 0.096s
2025-05-14 06:50:52.502 69682 INFO tempest.lib.common.rest_client [req-6fb5d292-8c45-40fc-98cc-adea3b7bcaf1 req-6fb5d292-8c45-40fc-98cc-adea3b7bcaf1 ] Request (ServerRescueTestJSONUnderV235:tearDownClass): 204 DELETE http://10.180.1.21:9696/networking/v2.0/subnets/45b76beb-8290-4ffd-8271-305cac6af306 0.213s
2025-05-14 06:50:52.565 69672 INFO tempest.lib.common.rest_client [req-0b6d4bcb-4d1b-4000-b7b4-e599a94d9ff5 req-0b6d4bcb-4d1b-4000-b7b4-e599a94d9ff5 ] Request (ListImageFiltersTestJSON:test_list_images_filter_by_changes_since): 200 GET http://10.180.1.21/compute/v2.1/images?changes-since=2025-05-14T06%3A48%3A52Z 0.167s
2025-05-14 06:50:52.567 69674 INFO tempest.lib.common.rest_client [req-aaa1c125-189c-4c34-993f-a2dba4c0c46e req-aaa1c125-189c-4c34-993f-a2dba4c0c46e ] Request (MigrationsAdminTest:test_list_migrations_in_flavor_resize_situation): 200 GET http://10.180.1.21/compute/v2.1/servers/618567d8-1d8e-48e0-9ef1-6ecf755d01b5 0.199s
2025-05-14 06:50:52.644 69702 INFO tempest.lib.common.rest_client [req-04fbf6ca-32f1-4fc9-80ca-9d9739525c7a req-04fbf6ca-32f1-4fc9-80ca-9d9739525c7a ] Request (AttachVolumeShelveTestJSON:test_attach_volume_shelved_or_offload_server): 200 GET http://10.180.1.21/compute/v2.1/servers/c9fa009b-e531-4e27-933e-97f99a0ddc6b 0.195s
2025-05-14 06:50:52.650 69671 INFO tempest.lib.common.rest_client [req-5c579435-9c7f-41b2-8fb0-b136d4eb3065 req-5c579435-9c7f-41b2-8fb0-b136d4eb3065 ] Request (ServerShowV247Test:test_update_rebuild_list_server): 200 GET http://10.180.1.21/compute/v2.1/servers/c2d5dd16-7066-47d9-8825-f1e86b8cac5f 0.231s
2025-05-14 06:50:52.717 69678 INFO tempest.lib.common.rest_client [req-640a30e6-76c1-40b2-935f-80f572b08cef req-640a30e6-76c1-40b2-935f-80f572b08cef ] Request (ImagesOneServerNegativeTestJSON:setUpClass): 200 GET http://10.180.1.21/compute/v2.1/servers/5c3ecd76-b649-4a9e-8bc0-8f39ba56a5a2 0.178s
2025-05-14 06:50:52.723 69704 INFO tempest.lib.common.rest_client [req-1c0f33cf-df7e-4526-80c3-253e8324fc8d req-1c0f33cf-df7e-4526-80c3-253e8324fc8d ] Request (FloatingIPsAssociationTestJSON:tearDownClass): 200 GET http://10.180.1.21/compute/v2.1/servers/c8166933-ec22-4c63-a220-1a52c05515ee 0.171s
2025-05-14 06:50:52.728 69678 INFO tempest.common.waiters [-] State transition "BUILD/None" ==> "BUILD/networking" after 85 second wait
2025-05-14 06:50:52.781 69672 INFO tempest.lib.common.rest_client [req-9d409c1a-cfba-49fc-976c-995abc2b7287 req-9d409c1a-cfba-49fc-976c-995abc2b7287 ] Request (ListImageFiltersTestJSON:test_list_images_filter_by_name): 200 GET http://10.180.1.21/compute/v2.1/images?name=tempest-ListImageFiltersTestJSON-image-1591235372 0.211s
2025-05-14 06:50:52.801 69682 INFO tempest.lib.common.rest_client [req-678ba668-a1ae-44a4-8bd3-79c517cb05d5 req-678ba668-a1ae-44a4-8bd3-79c517cb05d5 ] Request (ServerRescueTestJSONUnderV235:tearDownClass): 204 DELETE http://10.180.1.21:9696/networking/v2.0/networks/1ec82570-eb7b-4f49-9df9-dca77e617b73 0.298s
2025-05-14 06:50:52.816 69700 INFO tempest.lib.common.rest_client [req-ca616ee0-4626-4772-8781-47befcd5a084 req-ca616ee0-4626-4772-8781-47befcd5a084 ] Request (ServerShowV257Test:tearDownClass): 200 GET http://10.180.1.21/compute/v2.1/servers/065b704e-0717-4af5-9816-52ebdf54b9db 0.185s
2025-05-14 06:50:52.865 69648 INFO tempest.lib.common.rest_client [req-f9bd90df-994f-4cba-b3a3-495c92ac14b8 req-f9bd90df-994f-4cba-b3a3-495c92ac14b8 ] Request (ServersTestBootFromVolume:tearDownClass): 200 GET http://10.180.1.21/compute/v2.1/servers/b63ab591-c43b-4347-8dd7-4bd747f394d5 0.233s
2025-05-14 06:50:52.875 69692 INFO tempest.lib.common.rest_client [req-7b4a6f17-ecae-43a7-a428-2a4299e7a24a req-7b4a6f17-ecae-43a7-a428-2a4299e7a24a ] Request (ServerTagsTestJSON:setUpClass): 200 GET http://10.180.1.21/compute/v2.1/servers/760c785b-88cc-4cd1-a0f5-aecd58781d2f 0.162s
2025-05-14 06:50:52.930 69672 INFO tempest.lib.common.rest_client [req-6e28cedc-2430-4a90-8c9f-acf56b6b49f3 req-6e28cedc-2430-4a90-8c9f-acf56b6b49f3 ] Request (ListImageFiltersTestJSON:test_list_images_filter_by_server_id): 200 GET http://10.180.1.21/compute/v2.1/images?server=1444a73b-85f7-4917-854c-11183e643f50 0.140s
2025-05-14 06:50:52.930 69682 INFO tempest.lib.common.rest_client [req-3f806751-3a3d-42fb-8709-dd3823d4509a req-3f806751-3a3d-42fb-8709-dd3823d4509a ] Request (ServerRescueTestJSONUnderV235:tearDownClass): 204 DELETE http://10.180.1.21/identity/v3/users/fc3d10d281f4440e9a36f86e283766a1 0.128s
2025-05-14 06:50:52.930 69682 INFO tempest.lib.common.dynamic_creds [-] Deleting project and security group for project: 32cc15eb837e4ab98492bed4079b6b6e
2025-05-14 06:50:52.967 69682 INFO tempest.lib.common.rest_client [req-cbce93bd-8df1-4068-b07f-6c43af3eeeba req-cbce93bd-8df1-4068-b07f-6c43af3eeeba ] Request (ServerRescueTestJSONUnderV235:tearDownClass): 200 GET http://10.180.1.21:9696/networking/v2.0/security-groups?tenant_id=32cc15eb837e4ab98492bed4079b6b6e&name=default 0.037s
2025-05-14 06:50:53.018 69656 INFO tempest.lib.common.rest_client [req-5899c1d2-e63f-47f6-bc55-5fc90b93a38c req-5899c1d2-e63f-47f6-bc55-5fc90b93a38c ] Request (ServerRescueNegativeTestJSON:test_rescued_vm_detach_volume): 200 GET http://10.180.1.21/compute/v2.1/servers/21ac72f2-c1e7-49e9-9a90-e393064471aa 0.167s
2025-05-14 06:50:53.090 69662 INFO tempest.lib.common.rest_client [req-70b631a6-b491-43fa-9abc-4263716004a6 req-70b631a6-b491-43fa-9abc-4263716004a6 ] Request (ServerActionsTestJSON:setUpClass): 200 GET http://10.180.1.21/compute/v2.1/servers/1787cdf4-a184-4404-a9a8-f45877de9599 0.180s
2025-05-14 06:50:53.128 69668 INFO tempest.lib.common.rest_client [req-678d948c-2b45-448b-b6d4-dfa5929ca206 req-678d948c-2b45-448b-b6d4-dfa5929ca206 ] Request (ServersAdminTestJSON:_run_cleanups): 200 GET http://10.180.1.21/compute/v2.1/servers/79bdbfcc-5ed4-41d9-97bd-9d5a9e829541 0.333s
2025-05-14 06:50:53.141 69682 INFO tempest.lib.common.rest_client [req-d1acfc63-fdaf-44c9-bf17-2a73091a73ad req-d1acfc63-fdaf-44c9-bf17-2a73091a73ad ] Request (ServerRescueTestJSONUnderV235:tearDownClass): 204 DELETE http://10.180.1.21:9696/networking/v2.0/security-groups/4f8abb1f-1e22-4e90-94c2-785742a398d1 0.173s
2025-05-14 06:50:53.150 69672 INFO tempest.lib.common.rest_client [req-e0057a48-e919-4f95-821e-385c9262f408 req-e0057a48-e919-4f95-821e-385c9262f408 ] Request (ListImageFiltersTestJSON:test_list_images_filter_by_server_ref): 200 GET http://10.180.1.21/compute/v2.1/images?server=http%3A%2F%2F10.180.1.21%2Fcompute%2Fv2.1%2Fservers%2Faa2b8b36-3d7f-48d2-afee-d1412bd34fb2 0.218s
2025-05-14 06:50:53.195 69684 INFO tempest.lib.common.rest_client [req-ae1ac4d5-ad92-4d1a-a4bd-2ad0dec2c612 req-ae1ac4d5-ad92-4d1a-a4bd-2ad0dec2c612 ] Request (MultipleCreateTestJSON:test_multiple_create): 200 GET http://10.180.1.21/compute/v2.1/servers/a40d52a2-46d5-43ba-85ff-0c96e92b7b23 0.213s
2025-05-14 06:50:53.226 69658 INFO tempest.lib.common.rest_client [req-45bb5b77-6c36-4be2-abe7-0e4edb38b39d req-45bb5b77-6c36-4be2-abe7-0e4edb38b39d ] Request (ServerDiskConfigTestJSON:test_rebuild_server_with_auto_disk_config): 200 GET http://10.180.1.21/compute/v2.1/servers/7602962a-51be-43bf-99a3-ccf0f576211c 0.175s
2025-05-14 06:50:53.250 69682 INFO tempest.lib.common.rest_client [req-d06cd7c3-9346-495a-b8d0-9d54a6440cca req-d06cd7c3-9346-495a-b8d0-9d54a6440cca ] Request (ServerRescueTestJSONUnderV235:tearDownClass): 204 DELETE http://10.180.1.21/identity/v3/projects/32cc15eb837e4ab98492bed4079b6b6e 0.108s
2025-05-14 06:50:53.251 69682 INFO tempest.test [-] raised in ServerStableDeviceRescueTest.setUpClass. Invoking tearDownClass.
2025-05-14 06:50:53.314 69706 INFO tempest.lib.common.rest_client [req-fa8179b4-5887-4d76-a2b7-0616825592d8 req-fa8179b4-5887-4d76-a2b7-0616825592d8 ] Request (ServersAaction247Test:tearDownClass): 200 GET http://10.180.1.21/compute/v2.1/servers/19afd615-3771-440d-8556-0342b1ff805f 0.195s
2025-05-14 06:50:53.344 69652 INFO tempest.lib.common.rest_client [req-fdff1fd2-83a4-44c3-a509-d90129f15d83 req-fdff1fd2-83a4-44c3-a509-d90129f15d83 ] Request (ListServerFiltersTestJSON:test_list_servers_filter_by_shutoff_status): 200 GET http://10.180.1.21/compute/v2.1/servers/28443994-167a-440a-8235-c2ecc98733ee 0.262s
2025-05-14 06:50:53.365 69682 INFO tempest.lib.common.rest_client [req-c88ca8f5-b20e-464c-b5f1-ccba1b2ff46f req-c88ca8f5-b20e-464c-b5f1-ccba1b2ff46f ] Request (ServersListShow298Test:setUpClass): 201 POST http://10.180.1.21/identity/v3/auth/tokens 0.110s
2025-05-14 06:50:53.387 69660 INFO tempest.lib.common.rest_client [req-5121b07a-c2a7-400e-b14f-6ca3e38e4e59 req-5121b07a-c2a7-400e-b14f-6ca3e38e4e59 ] Request (AttachInterfacesTestJSON:test_create_list_show_delete_interfaces_by_fixed_ip): 200 GET http://10.180.1.21/compute/v2.1/servers/519994ef-1c68-45cf-b022-d7433038e768 0.244s
2025-05-14 06:50:53.414 69672 INFO tempest.lib.common.rest_client [req-c20fedbb-7692-449a-9205-f5b28f31eb68 req-c20fedbb-7692-449a-9205-f5b28f31eb68 ] Request (ListImageFiltersTestJSON:test_list_images_filter_by_server_ref): 200 GET http://10.180.1.21/compute/v2.1/images?server=http%3A%2F%2F10.180.1.21%2Fcompute%2Fservers%2Faa2b8b36-3d7f-48d2-afee-d1412bd34fb2 0.261s
2025-05-14 06:50:53.420 69682 INFO tempest.lib.common.rest_client [req-03a1d43c-7319-4a7c-a779-ad1f56646b27 req-03a1d43c-7319-4a7c-a779-ad1f56646b27 ] Request (ServersListShow298Test:setUpClass): 201 POST http://10.180.1.21/identity/v3/auth/tokens 0.052s
2025-05-14 06:50:53.463 69688 INFO tempest.lib.common.rest_client [req-18ea271d-75ca-43a0-82ab-56be949d1003 req-18ea271d-75ca-43a0-82ab-56be949d1003 ] Request (VolumesAdminNegativeTest:test_update_attached_volume_with_nonexistent_volume_in_uri): 200 GET http://10.180.1.21/compute/v2.1/servers/b0e6c997-18b0-416f-9fc9-a79253131e80 0.276s
2025-05-14 06:50:53.480 69682 INFO tempest.lib.common.rest_client [req-1d91c8b1-0759-4dc2-b6e3-83534ec68121 req-1d91c8b1-0759-4dc2-b6e3-83534ec68121 ] Request (ServersListShow298Test:setUpClass): 200 GET http://10.180.1.21/identity/v3/domains?name=Default 0.060s
2025-05-14 06:50:53.547 69667 INFO tempest.lib.common.rest_client [req-ef9cbca4-f9e4-4743-9274-790ac5b321f7 req-ef9cbca4-f9e4-4743-9274-790ac5b321f7 ] Request (AttachInterfacesUnderV243Test:test_add_remove_fixed_ip): 200 GET http://10.180.1.21/compute/v2.1/servers/18c0d4a1-96ba-42e6-a696-0f9792684e5c/ips 0.136s
2025-05-14 06:50:53.550 69682 INFO tempest.lib.common.rest_client [req-e7617456-631f-4d68-91af-6a9ed8ade169 req-e7617456-631f-4d68-91af-6a9ed8ade169 ] Request (ServersListShow298Test:setUpClass): 201 POST http://10.180.1.21/identity/v3/projects 0.069s
2025-05-14 06:50:53.622 69654 INFO tempest.lib.common.rest_client [req-914521c5-e6b0-4595-b666-a23a92fb2d36 req-914521c5-e6b0-4595-b666-a23a92fb2d36 ] Request (ServerMetadataNegativeTestJSON:setUpClass): 200 GET http://10.180.1.21/compute/v2.1/servers/ca2afff9-d273-4f7b-a8c0-f1371b3aa6fc 0.242s
2025-05-14 06:50:53.632 69672 INFO tempest.lib.common.rest_client [req-c13a30bd-c212-4f78-95d2-26f35490eefc req-c13a30bd-c212-4f78-95d2-26f35490eefc ] Request (ListImageFiltersTestJSON:test_list_images_filter_by_status): 200 GET http://10.180.1.21/compute/v2.1/images?status=ACTIVE 0.215s
2025-05-14 06:50:53.694 69682 INFO tempest.lib.common.rest_client [req-2bb67c75-d599-4530-a946-75d767a9d8bb req-2bb67c75-d599-4530-a946-75d767a9d8bb ] Request (ServersListShow298Test:setUpClass): 201 POST http://10.180.1.21/identity/v3/users 0.144s
2025-05-14 06:50:53.718 69690 INFO tempest.lib.common.rest_client [req-aebbece2-c44c-44e6-bdbf-b7a93bbfe64c req-aebbece2-c44c-44e6-bdbf-b7a93bbfe64c ] Request (ServersTestMultiNic:test_verify_duplicate_network_nics): 200 GET http://10.180.1.21/compute/v2.1/servers/1f33e029-85f0-4da9-aff5-e7d921c73829 0.272s
2025-05-14 06:50:53.725 69682 INFO tempest.lib.common.rest_client [req-75322600-b107-40d1-b9c3-aab9050ffb2d req-75322600-b107-40d1-b9c3-aab9050ffb2d ] Request (ServersListShow298Test:setUpClass): 200 GET http://10.180.1.21/identity/v3/roles 0.031s
2025-05-14 06:50:53.788 69682 INFO tempest.lib.common.rest_client [req-60c22f17-1683-4a42-8b15-ef3550ec9fe4 req-60c22f17-1683-4a42-8b15-ef3550ec9fe4 ] Request (ServersListShow298Test:setUpClass): 204 PUT http://10.180.1.21/identity/v3/projects/cf5e9ede3b5946b79381cbe56cd6a05f/users/2704e7991fc4474f92a30b8771a2f5a7/roles/0609a4e2993047a1a72e5fb71a609f23 0.062s
2025-05-14 06:50:53.788 69682 INFO tempest.lib.common.dynamic_creds [-] Dynamic test user 2704e7991fc4474f92a30b8771a2f5a7 is created with scope project and roles: ['member']
2025-05-14 06:50:53.789 69682 INFO tempest.lib.common.dynamic_creds [-] Acquired dynamic creds: credentials: Credentials: {'domain_id': 'default', 'domain_name': 'Default', 'username': 'tempest-ServersListShow298Test-2136003621-project-member', 'project_domain_id': 'default', 'project_domain_name': 'Default', 'project_id': 'cf5e9ede3b5946b79381cbe56cd6a05f', 'project_name': 'tempest-ServersListShow298Test-2136003621', 'tenant_id': 'cf5e9ede3b5946b79381cbe56cd6a05f', 'tenant_name': 'tempest-ServersListShow298Test-2136003621', 'user_domain_id': 'default', 'user_domain_name': 'Default', 'user_id': '2704e7991fc4474f92a30b8771a2f5a7', 'system': None}, Network: None, Subnet: None, Router: None
2025-05-14 06:50:53.789 69682 INFO tempest.lib.common.dynamic_creds [-] Created isolated network resources for: credentials: Credentials: {'domain_id': 'default', 'domain_name': 'Default', 'username': 'tempest-ServersListShow298Test-2136003621-project-member', 'project_domain_id': 'default', 'project_domain_name': 'Default', 'project_id': 'cf5e9ede3b5946b79381cbe56cd6a05f', 'project_name': 'tempest-ServersListShow298Test-2136003621', 'tenant_id': 'cf5e9ede3b5946b79381cbe56cd6a05f', 'tenant_name': 'tempest-ServersListShow298Test-2136003621', 'user_domain_id': 'default', 'user_domain_name': 'Default', 'user_id': '2704e7991fc4474f92a30b8771a2f5a7', 'system': None}, Network: None, Subnet: None, Router: None
2025-05-14 06:50:53.813 69672 INFO tempest.lib.common.rest_client [req-342cf38d-db7e-48bd-9d1b-4f1796ccf71f req-342cf38d-db7e-48bd-9d1b-4f1796ccf71f ] Request (ListImageFiltersTestJSON:test_list_images_filter_by_type): 200 GET http://10.180.1.21/compute/v2.1/images?type=snapshot 0.176s
2025-05-14 06:50:53.824 69674 INFO tempest.lib.common.rest_client [req-8d025de3-3ab3-420e-bc09-7b38736901b8 req-8d025de3-3ab3-420e-bc09-7b38736901b8 ] Request (MigrationsAdminTest:test_list_migrations_in_flavor_resize_situation): 200 GET http://10.180.1.21/compute/v2.1/servers/618567d8-1d8e-48e0-9ef1-6ecf755d01b5 0.244s
2025-05-14 06:50:53.880 69696 WARNING tempest.lib.common.ssh [-] Failed to establish authenticated ssh connection to cirros@10.180.180.210 ([Errno None] Unable to connect to port 22 on 10.180.180.210). Number attempts: 12. Retry after 13 seconds.: paramiko.ssh_exception.NoValidConnectionsError: [Errno None] Unable to connect to port 22 on 10.180.180.210
2025-05-14 06:50:53.903 69671 INFO tempest.lib.common.rest_client [req-41c5d80b-3869-4dbf-a397-4a73f7767757 req-41c5d80b-3869-4dbf-a397-4a73f7767757 ] Request (ServerShowV247Test:test_update_rebuild_list_server): 200 GET http://10.180.1.21/compute/v2.1/servers/c2d5dd16-7066-47d9-8825-f1e86b8cac5f 0.234s
2025-05-14 06:50:53.904 69702 INFO tempest.lib.common.rest_client [req-cec7febc-921e-4b72-afb7-b275ad28abc2 req-cec7febc-921e-4b72-afb7-b275ad28abc2 ] Request (AttachVolumeShelveTestJSON:test_attach_volume_shelved_or_offload_server): 200 GET http://10.180.1.21/compute/v2.1/servers/c9fa009b-e531-4e27-933e-97f99a0ddc6b 0.248s
2025-05-14 06:50:53.927 69682 INFO tempest.lib.common.rest_client [req-b0a5e8c8-09ef-4e93-acc9-331e029d740e req-b0a5e8c8-09ef-4e93-acc9-331e029d740e ] Request (ServersListShow298Test:setUpClass): 201 POST http://10.180.1.21/identity/v3/auth/tokens 0.133s
2025-05-14 06:50:53.977 69682 INFO tempest.lib.common.rest_client [req-761ce56d-796e-410f-9922-3cd9e3a336bf req-761ce56d-796e-410f-9922-3cd9e3a336bf ] Request (ServersListShow298Test:test_list_show_update_rebuild_server_298): 201 POST http://10.180.1.21/identity/v3/auth/tokens 0.039s
2025-05-14 06:50:53.977 69682 INFO tempest.lib.common.fixed_network [-] (ServersListShow298Test:test_list_show_update_rebuild_server_298) Found network None available for tenant
2025-05-14 06:50:53.985 69704 INFO tempest.lib.common.rest_client [req-2ff6c4e6-868f-46a5-afe3-267cf846122b req-2ff6c4e6-868f-46a5-afe3-267cf846122b ] Request (FloatingIPsAssociationTestJSON:tearDownClass): 200 GET http://10.180.1.21/compute/v2.1/servers/c8166933-ec22-4c63-a220-1a52c05515ee 0.252s
2025-05-14 06:50:54.034 69672 INFO tempest.lib.common.rest_client [req-e53167bd-ae49-4ba9-b00e-6fa908f91f99 req-e53167bd-ae49-4ba9-b00e-6fa908f91f99 ] Request (ListImageFiltersTestJSON:test_list_images_limit_results): 200 GET http://10.180.1.21/compute/v2.1/images?limit=1 0.218s
2025-05-14 06:50:54.064 69678 INFO tempest.lib.common.rest_client [req-c7cbbea7-a01f-4793-a594-1f2cd8130de6 req-c7cbbea7-a01f-4793-a594-1f2cd8130de6 ] Request (ImagesOneServerNegativeTestJSON:setUpClass): 200 GET http://10.180.1.21/compute/v2.1/servers/5c3ecd76-b649-4a9e-8bc0-8f39ba56a5a2 0.331s
2025-05-14 06:50:54.074 69678 INFO tempest.common.waiters [-] State transition "BUILD/networking" ==> "BUILD/spawning" after 87 second wait
2025-05-14 06:50:54.099 69700 INFO tempest.lib.common.rest_client [req-922197e6-c0d8-4e86-b652-043bd4b01ba0 req-922197e6-c0d8-4e86-b652-043bd4b01ba0 ] Request (ServerShowV257Test:tearDownClass): 200 GET http://10.180.1.21/compute/v2.1/servers/065b704e-0717-4af5-9816-52ebdf54b9db 0.270s
2025-05-14 06:50:54.134 69648 INFO tempest.lib.common.rest_client [req-fad5a873-f9db-4000-abfa-c43240dc03c5 req-fad5a873-f9db-4000-abfa-c43240dc03c5 ] Request (ServersTestBootFromVolume:tearDownClass): 200 GET http://10.180.1.21/compute/v2.1/servers/b63ab591-c43b-4347-8dd7-4bd747f394d5 0.261s
2025-05-14 06:50:54.154 69692 INFO tempest.lib.common.rest_client [req-00ec84b0-d994-48da-945f-4a3fb73dced8 req-00ec84b0-d994-48da-945f-4a3fb73dced8 ] Request (ServerTagsTestJSON:setUpClass): 200 GET http://10.180.1.21/compute/v2.1/servers/760c785b-88cc-4cd1-a0f5-aecd58781d2f 0.262s
2025-05-14 06:50:54.205 69656 INFO tempest.lib.common.rest_client [req-b3491eea-ba12-4bd5-bb0d-d79c3dd10154 req-b3491eea-ba12-4bd5-bb0d-d79c3dd10154 ] Request (ServerRescueNegativeTestJSON:test_rescued_vm_detach_volume): 200 GET http://10.180.1.21/compute/v2.1/servers/21ac72f2-c1e7-49e9-9a90-e393064471aa 0.176s
2025-05-14 06:50:54.259 69672 INFO tempest.lib.common.rest_client [req-f6392e17-4755-4d03-b357-5e41d054d390 req-f6392e17-4755-4d03-b357-5e41d054d390 ] Request (ListImageFiltersTestJSON:test_list_images_with_detail_filter_by_changes_since): 200 GET http://10.180.1.21/compute/v2.1/images/detail?changes-since=2025-05-14T06%3A48%3A40Z 0.221s
2025-05-14 06:50:54.307 69662 INFO tempest.lib.common.rest_client [req-1132e76a-792a-432b-b0d5-b970fdb184f4 req-1132e76a-792a-432b-b0d5-b970fdb184f4 ] Request (ServerActionsTestJSON:setUpClass): 200 GET http://10.180.1.21/compute/v2.1/servers/1787cdf4-a184-4404-a9a8-f45877de9599 0.206s
2025-05-14 06:50:54.327 69646 INFO tempest.lib.common.rest_client [req-8bfa7237-535a-4213-87fd-59201187f506 req-8bfa7237-535a-4213-87fd-59201187f506 ] Request (FloatingIPsTestJSON:setUpClass): 200 PUT http://10.180.1.21:9696/networking/v2.0/routers/ba15f065-0994-4278-9eef-1e2f0f780897/add_router_interface 2.321s
2025-05-14 06:50:54.327 69646 INFO tempest.lib.common.dynamic_creds [-] Created isolated network resources for: credentials: Credentials: {'domain_id': 'default', 'domain_name': 'Default', 'username': 'tempest-FloatingIPsTestJSON-246148528-project-member', 'project_domain_id': 'default', 'project_domain_name': 'Default', 'project_id': 'df1cf01ee94b4f269e058fe6d73d127c', 'project_name': 'tempest-FloatingIPsTestJSON-246148528', 'tenant_id': 'df1cf01ee94b4f269e058fe6d73d127c', 'tenant_name': 'tempest-FloatingIPsTestJSON-246148528', 'user_domain_id': 'default', 'user_domain_name': 'Default', 'user_id': '40bf5215ce0a45ae9fb7525699df258f', 'system': None}, Network: {'id': '2f93821c-ed22-41f6-9b76-1b37832e1bf5', 'name': 'tempest-FloatingIPsTestJSON-127274086-network', 'tenant_id': 'df1cf01ee94b4f269e058fe6d73d127c', 'admin_state_up': True, 'mtu': 8950, 'status': 'ACTIVE', 'subnets': [], 'shared': False, 'project_id': 'df1cf01ee94b4f269e058fe6d73d127c', 'port_security_enabled': True, 'router:external': False, 'provider:network_type': 'vlan', 'provider:physical_network': 'default', 'provider:segmentation_id': 324, 'availability_zone_hints': [], 'availability_zones': [], 'ipv4_address_scope': None, 'ipv6_address_scope': None, 'description': '', 'tags': [], 'created_at': '2025-05-14T06:50:50Z', 'updated_at': '2025-05-14T06:50:50Z', 'revision_number': 1}, Subnet: {'id': '40dfe832-b99a-4a20-b49f-be1b4bc48c4e', 'name': 'tempest-FloatingIPsTestJSON-127274086-subnet', 'tenant_id': 'df1cf01ee94b4f269e058fe6d73d127c', 'network_id': '2f93821c-ed22-41f6-9b76-1b37832e1bf5', 'ip_version': 4, 'subnetpool_id': None, 'enable_dhcp': True, 'ipv6_ra_mode': None, 'ipv6_address_mode': None, 'gateway_ip': '192.168.128.1', 'cidr': '192.168.128.0/28', 'allocation_pools': [{'start': '192.168.128.2', 'end': '192.168.128.14'}], 'host_routes': [], 'dns_nameservers': [], 'description': '', 'router:external': False, 'service_types': [], 'tags': [], 'created_at': '2025-05-14T06:50:50Z', 'updated_at': '2025-05-14T06:50:50Z', 'revision_number': 0, 'project_id': 'df1cf01ee94b4f269e058fe6d73d127c'}, Router: {'id': 'ba15f065-0994-4278-9eef-1e2f0f780897', 'name': 'tempest-FloatingIPsTestJSON-127274086-router', 'tenant_id': 'df1cf01ee94b4f269e058fe6d73d127c', 'admin_state_up': True, 'status': 'ACTIVE', 'external_gateway_info': {'network_id': 'c8f572d1-4b5c-45a3-9d3c-7908ad40d3d9', 'external_fixed_ips': [{'subnet_id': '892ba09c-f7a1-4eaa-970c-52dde487cb9d', 'ip_address': '10.180.180.180'}], 'enable_snat': True}, 'description': '', 'availability_zones': [], 'distributed': False, 'ha': False, 'availability_zone_hints': [], 'routes': [], 'flavor_id': None, 'tags': [], 'created_at': '2025-05-14T06:50:50Z', 'updated_at': '2025-05-14T06:50:51Z', 'revision_number': 2, 'project_id': 'df1cf01ee94b4f269e058fe6d73d127c'}
2025-05-14 06:50:54.347 69682 INFO tempest.lib.common.rest_client [req-6b6fa803-ab4b-434d-8be2-d4206e3891b4 req-6b6fa803-ab4b-434d-8be2-d4206e3891b4 ] Request (ServersListShow298Test:test_list_show_update_rebuild_server_298): 202 POST http://10.180.1.21/compute/v2.1/servers 0.369s
2025-05-14 06:50:54.418 69684 INFO tempest.lib.common.rest_client [req-fee61ef3-6d47-4970-8fb8-d9efd81fa2bf req-fee61ef3-6d47-4970-8fb8-d9efd81fa2bf ] Request (MultipleCreateTestJSON:test_multiple_create): 200 GET http://10.180.1.21/compute/v2.1/servers/a40d52a2-46d5-43ba-85ff-0c96e92b7b23 0.213s
2025-05-14 06:50:54.420 69668 INFO tempest.lib.common.rest_client [req-5931f93a-db8f-44bf-a8e4-0237f24b5fb2 req-5931f93a-db8f-44bf-a8e4-0237f24b5fb2 ] Request (ServersAdminTestJSON:_run_cleanups): 200 GET http://10.180.1.21/compute/v2.1/servers/79bdbfcc-5ed4-41d9-97bd-9d5a9e829541 0.278s
2025-05-14 06:50:54.427 69646 INFO tempest.lib.common.rest_client [req-c93960c6-f43c-416d-adff-b190bf9764ab req-c93960c6-f43c-416d-adff-b190bf9764ab ] Request (FloatingIPsTestJSON:setUpClass): 201 POST http://10.180.1.21/identity/v3/auth/tokens 0.097s
2025-05-14 06:50:54.482 69658 INFO tempest.lib.common.rest_client [req-735ecf1a-2bec-420b-a8cb-3ef4b87f919e req-735ecf1a-2bec-420b-a8cb-3ef4b87f919e ] Request (ServerDiskConfigTestJSON:test_rebuild_server_with_auto_disk_config): 200 GET http://10.180.1.21/compute/v2.1/servers/7602962a-51be-43bf-99a3-ccf0f576211c 0.245s
2025-05-14 06:50:54.501 69672 INFO tempest.lib.common.rest_client [req-6efb98ff-b6af-43c4-bc22-45cd342483be req-6efb98ff-b6af-43c4-bc22-45cd342483be ] Request (ListImageFiltersTestJSON:test_list_images_with_detail_filter_by_name): 200 GET http://10.180.1.21/compute/v2.1/images/detail?name=tempest-ListImageFiltersTestJSON-image-1591235372 0.236s
2025-05-14 06:50:54.573 69706 INFO tempest.lib.common.rest_client [req-a1af0757-5305-461d-b4ba-80658a1a95f3 req-a1af0757-5305-461d-b4ba-80658a1a95f3 ] Request (ServersAaction247Test:tearDownClass): 200 GET http://10.180.1.21/compute/v2.1/servers/19afd615-3771-440d-8556-0342b1ff805f 0.246s
2025-05-14 06:50:54.593 69682 INFO tempest.lib.common.rest_client [req-b6ec6d43-6415-4005-9967-1ff309149da3 req-b6ec6d43-6415-4005-9967-1ff309149da3 ] Request (ServersListShow298Test:test_list_show_update_rebuild_server_298): 200 GET http://10.180.1.21/compute/v2.1/servers/bb4da786-4200-4da5-82b4-b4a8a8d6f554 0.244s
2025-05-14 06:50:54.671 69660 INFO tempest.lib.common.rest_client [req-69fe58f9-2f5d-4300-8a77-174dca9fb967 req-69fe58f9-2f5d-4300-8a77-174dca9fb967 ] Request (AttachInterfacesTestJSON:test_create_list_show_delete_interfaces_by_fixed_ip): 200 GET http://10.180.1.21/compute/v2.1/servers/519994ef-1c68-45cf-b022-d7433038e768 0.270s
2025-05-14 06:50:54.729 69652 INFO tempest.lib.common.rest_client [req-0b04c338-9458-4e99-aa2d-575bb0aa6386 req-0b04c338-9458-4e99-aa2d-575bb0aa6386 ] Request (ListServerFiltersTestJSON:test_list_servers_filter_by_shutoff_status): 200 GET http://10.180.1.21/compute/v2.1/servers/28443994-167a-440a-8235-c2ecc98733ee 0.368s
2025-05-14 06:50:54.737 69652 INFO tempest.common.waiters [-] State transition "SHUTOFF/powering-on" ==> "ACTIVE/None" after 5 second wait
2025-05-14 06:50:54.798 69688 INFO tempest.lib.common.rest_client [req-be484127-d841-4974-9228-e08edf97be35 req-be484127-d841-4974-9228-e08edf97be35 ] Request (VolumesAdminNegativeTest:test_update_attached_volume_with_nonexistent_volume_in_uri): 200 GET http://10.180.1.21/compute/v2.1/servers/b0e6c997-18b0-416f-9fc9-a79253131e80 0.324s
2025-05-14 06:50:54.851 69672 INFO tempest.lib.common.rest_client [req-499ca67e-dcd0-4419-afd9-e6b6cc485436 req-499ca67e-dcd0-4419-afd9-e6b6cc485436 ] Request (ListImageFiltersTestJSON:test_list_images_with_detail_filter_by_server_ref): 200 GET http://10.180.1.21/compute/v2.1/images/detail?server=http%3A%2F%2F10.180.1.21%2Fcompute%2Fv2.1%2Fservers%2Faa2b8b36-3d7f-48d2-afee-d1412bd34fb2 0.344s
2025-05-14 06:50:54.889 69667 INFO tempest.lib.common.rest_client [req-4854be89-8622-4439-87eb-25762b2d6556 req-4854be89-8622-4439-87eb-25762b2d6556 ] Request (AttachInterfacesUnderV243Test:test_add_remove_fixed_ip): 200 GET http://10.180.1.21/compute/v2.1/servers/18c0d4a1-96ba-42e6-a696-0f9792684e5c/ips 0.339s
