2025-05-14 06:51:03.020 69646 INFO tempest.lib.common.rest_client [req-c13f07b1-78a7-4966-94f9-140c09d44705 req-c13f07b1-78a7-4966-94f9-140c09d44705 ] Request (ListImageFiltersNegativeTestJSON:setUpClass): 201 POST http://10.180.1.21/identity/v3/auth/tokens 0.043s
2025-05-14 06:51:03.041 69690 INFO tempest.lib.common.rest_client [req-9c7ae386-8d95-4da0-b429-917b33ab11c2 req-9c7ae386-8d95-4da0-b429-917b33ab11c2 ] Request (ServersTestMultiNic:test_verify_duplicate_network_nics): 200 GET http://10.180.1.21/compute/v2.1/servers/1f33e029-85f0-4da9-aff5-e7d921c73829 0.796s
2025-05-14 06:51:03.058 69646 INFO tempest.lib.common.rest_client [req-9e69a895-f8e4-45bb-9730-10276b579fae req-9e69a895-f8e4-45bb-9730-10276b579fae ] Request (ListImageFiltersNegativeTestJSON:setUpClass): 200 GET http://10.180.1.21/identity/v3/domains?name=Default 0.038s
2025-05-14 06:51:03.098 69646 INFO tempest.lib.common.rest_client [req-07146d8d-044f-4cf6-bde4-29defdb896d3 req-07146d8d-044f-4cf6-bde4-29defdb896d3 ] Request (ListImageFiltersNegativeTestJSON:setUpClass): 201 POST http://10.180.1.21/identity/v3/projects 0.039s
2025-05-14 06:51:03.124 69702 INFO tempest.lib.common.rest_client [req-e5a078eb-3a3a-476d-8e34-e835f763761d req-e5a078eb-3a3a-476d-8e34-e835f763761d ] Request (AttachVolumeShelveTestJSON:test_attach_volume_shelved_or_offload_server): 200 GET http://10.180.1.21/compute/v2.1/servers/c9fa009b-e531-4e27-933e-97f99a0ddc6b 0.577s
2025-05-14 06:51:03.169 69646 INFO tempest.lib.common.rest_client [req-bffa7c33-3067-486a-b11d-2e61e7e60541 req-bffa7c33-3067-486a-b11d-2e61e7e60541 ] Request (ListImageFiltersNegativeTestJSON:setUpClass): 201 POST http://10.180.1.21/identity/v3/users 0.070s
2025-05-14 06:51:03.195 69646 INFO tempest.lib.common.rest_client [req-08902386-cff3-423e-970e-d53fe7233f8c req-08902386-cff3-423e-970e-d53fe7233f8c ] Request (ListImageFiltersNegativeTestJSON:setUpClass): 200 GET http://10.180.1.21/identity/v3/roles 0.025s
2025-05-14 06:51:03.213 69652 INFO tempest.lib.common.rest_client [req-d1c090b6-3ac7-4dba-b5e7-aab60e07aa19 req-d1c090b6-3ac7-4dba-b5e7-aab60e07aa19 ] Request (ListServerFiltersTestJSON:tearDownClass): 204 DELETE http://10.180.1.21/compute/v2.1/servers/9e5bc7d9-d2f6-40dd-828d-e85a55bedbc4 0.598s
2025-05-14 06:51:03.226 69660 INFO tempest.lib.common.rest_client [req-80097cdc-35f9-44aa-a52d-364ea01fe89e req-80097cdc-35f9-44aa-a52d-364ea01fe89e ] Request (AttachInterfacesTestJSON:test_create_list_show_delete_interfaces_by_fixed_ip): 200 GET http://10.180.1.21/compute/v2.1/servers/519994ef-1c68-45cf-b022-d7433038e768 0.881s
2025-05-14 06:51:03.233 69646 INFO tempest.lib.common.rest_client [req-618b7f3d-e3a4-4919-9dd7-81b61e201f48 req-618b7f3d-e3a4-4919-9dd7-81b61e201f48 ] Request (ListImageFiltersNegativeTestJSON:setUpClass): 204 PUT http://10.180.1.21/identity/v3/projects/c919b2b8070a4e1491c7ac0e288f8dcc/users/e491a25667df4823aba77dd5ab9a1689/roles/0609a4e2993047a1a72e5fb71a609f23 0.038s
2025-05-14 06:51:03.233 69646 INFO tempest.lib.common.dynamic_creds [-] Dynamic test user e491a25667df4823aba77dd5ab9a1689 is created with scope project and roles: ['member']
2025-05-14 06:51:03.234 69646 INFO tempest.lib.common.dynamic_creds [-] Acquired dynamic creds: credentials: Credentials: {'domain_id': 'default', 'domain_name': 'Default', 'username': 'tempest-ListImageFiltersNegativeTestJSON-184931544-project-member', 'project_domain_id': 'default', 'project_domain_name': 'Default', 'project_id': 'c919b2b8070a4e1491c7ac0e288f8dcc', 'project_name': 'tempest-ListImageFiltersNegativeTestJSON-184931544', 'tenant_id': 'c919b2b8070a4e1491c7ac0e288f8dcc', 'tenant_name': 'tempest-ListImageFiltersNegativeTestJSON-184931544', 'user_domain_id': 'default', 'user_domain_name': 'Default', 'user_id': 'e491a25667df4823aba77dd5ab9a1689', 'system': None}, Network: None, Subnet: None, Router: None
2025-05-14 06:51:03.234 69646 INFO tempest.lib.common.dynamic_creds [-] Created isolated network resources for: credentials: Credentials: {'domain_id': 'default', 'domain_name': 'Default', 'username': 'tempest-ListImageFiltersNegativeTestJSON-184931544-project-member', 'project_domain_id': 'default', 'project_domain_name': 'Default', 'project_id': 'c919b2b8070a4e1491c7ac0e288f8dcc', 'project_name': 'tempest-ListImageFiltersNegativeTestJSON-184931544', 'tenant_id': 'c919b2b8070a4e1491c7ac0e288f8dcc', 'tenant_name': 'tempest-ListImageFiltersNegativeTestJSON-184931544', 'user_domain_id': 'default', 'user_domain_name': 'Default', 'user_id': 'e491a25667df4823aba77dd5ab9a1689', 'system': None}, Network: None, Subnet: None, Router: None
2025-05-14 06:51:03.286 69671 INFO tempest.lib.common.rest_client [req-09ce68ee-b110-4948-be57-68ab755e3ac4 req-09ce68ee-b110-4948-be57-68ab755e3ac4 ] Request (ServerShowV247Test:test_update_rebuild_list_server): 200 GET http://10.180.1.21/compute/v2.1/servers/c2d5dd16-7066-47d9-8825-f1e86b8cac5f 0.666s
2025-05-14 06:51:03.305 69704 INFO tempest.lib.common.rest_client [req-840db1ed-58c6-4216-b64f-a1b3a698be2c req-840db1ed-58c6-4216-b64f-a1b3a698be2c ] Request (FloatingIPsAssociationTestJSON:tearDownClass): 200 GET http://10.180.1.21/compute/v2.1/servers/c8166933-ec22-4c63-a220-1a52c05515ee 0.627s
2025-05-14 06:51:03.355 69646 INFO tempest.lib.common.rest_client [req-e7b8ea2a-20fe-46e1-a62b-b1badb642187 req-e7b8ea2a-20fe-46e1-a62b-b1badb642187 ] Request (ListImageFiltersNegativeTestJSON:setUpClass): 201 POST http://10.180.1.21/identity/v3/auth/tokens 0.114s
2025-05-14 06:51:03.384 69672 INFO tempest.lib.common.rest_client [req-ffb72ef5-809c-4887-aad0-d7558c8353fd req-ffb72ef5-809c-4887-aad0-d7558c8353fd ] Request (ListImageFiltersTestJSON:tearDownClass): 200 GET http://10.180.1.21/compute/v2.1/servers/aa2b8b36-3d7f-48d2-afee-d1412bd34fb2 0.489s
2025-05-14 06:51:03.413 69648 INFO tempest.lib.common.rest_client [req-41df983f-6fb7-432e-85da-9bcd54cafff2 req-41df983f-6fb7-432e-85da-9bcd54cafff2 ] Request (ServersTestBootFromVolume:tearDownClass): 204 DELETE http://10.180.1.21:9696/networking/v2.0/networks/2e3b9cdc-9929-45bb-9b24-6d589cc2b541 0.744s
2025-05-14 06:51:03.434 69674 INFO tempest.lib.common.rest_client [req-e952d7cf-64e4-4c70-a014-3c6a9c52be7e req-e952d7cf-64e4-4c70-a014-3c6a9c52be7e ] Request (MigrationsAdminTest:test_list_migrations_in_flavor_resize_situation): 200 GET http://10.180.1.21/compute/v2.1/servers/618567d8-1d8e-48e0-9ef1-6ecf755d01b5 0.634s
2025-05-14 06:51:03.453 69700 INFO tempest.lib.common.rest_client [req-92df7953-e970-42c4-9969-ad1836c51e80 req-92df7953-e970-42c4-9969-ad1836c51e80 ] Request (ServerShowV257Test:tearDownClass): 200 GET http://10.180.1.21/compute/v2.1/servers/065b704e-0717-4af5-9816-52ebdf54b9db 0.533s
2025-05-14 06:51:03.526 69667 INFO tempest.lib.common.rest_client [req-1ddd248f-d577-4c68-83c2-4082581a01ec req-1ddd248f-d577-4c68-83c2-4082581a01ec ] Request (AttachInterfacesUnderV243Test:_run_cleanups): 200 GET http://10.180.1.21/compute/v2.1/servers/18c0d4a1-96ba-42e6-a696-0f9792684e5c 0.518s
2025-05-14 06:51:03.551 69648 INFO tempest.lib.common.rest_client [req-a70ed564-8702-4c2b-98ac-4695a6f427ca req-a70ed564-8702-4c2b-98ac-4695a6f427ca ] Request (ServersTestBootFromVolume:tearDownClass): 204 DELETE http://10.180.1.21/identity/v3/users/2313effa3f89447f980794990513cc60 0.138s
2025-05-14 06:51:03.552 69648 INFO tempest.lib.common.dynamic_creds [-] Deleting project and security group for project: 2eef787d8d9d444a9636625a9338fa28
2025-05-14 06:51:03.588 69648 INFO tempest.lib.common.rest_client [req-9ddc4318-8d0a-4532-961b-be9ed65fcd16 req-9ddc4318-8d0a-4532-961b-be9ed65fcd16 ] Request (ServersTestBootFromVolume:tearDownClass): 200 GET http://10.180.1.21:9696/networking/v2.0/security-groups?tenant_id=2eef787d8d9d444a9636625a9338fa28&name=default 0.035s
2025-05-14 06:51:03.597 69656 INFO tempest.lib.common.rest_client [req-e4ebba17-a915-446c-b1a5-d95125335e94 req-e4ebba17-a915-446c-b1a5-d95125335e94 ] Request (ServerRescueNegativeTestJSON:test_rescued_vm_detach_volume): 200 GET http://10.180.1.21/compute/v2.1/servers/21ac72f2-c1e7-49e9-9a90-e393064471aa 0.536s
2025-05-14 06:51:03.628 69654 INFO tempest.lib.common.rest_client [req-fdc9c4e4-595d-4af2-ba3b-cc60d83a4b10 req-fdc9c4e4-595d-4af2-ba3b-cc60d83a4b10 ] Request (ServerMetadataNegativeTestJSON:test_metadata_items_limit): 200 GET http://10.180.1.21/compute/v2.1/os-quota-sets/71a4cde614834cb4a6532b7c9f2a9d2b 0.639s
2025-05-14 06:51:03.671 69692 INFO tempest.lib.common.rest_client [req-8edd5d33-3c98-47e8-a137-6b9951676348 req-8edd5d33-3c98-47e8-a137-6b9951676348 ] Request (ServerTagsTestJSON:setUpClass): 200 GET http://10.180.1.21/compute/v2.1/servers/760c785b-88cc-4cd1-a0f5-aecd58781d2f 0.528s
2025-05-14 06:51:03.708 69648 INFO tempest.lib.common.rest_client [req-e4b47f2b-e8c7-4f6f-860c-7fe3fbbd2024 req-e4b47f2b-e8c7-4f6f-860c-7fe3fbbd2024 ] Request (ServersTestBootFromVolume:tearDownClass): 204 DELETE http://10.180.1.21:9696/networking/v2.0/security-groups/fad14f96-6df5-4af5-a37d-34b4cb890535 0.120s
2025-05-14 06:51:03.731 69684 INFO tempest.lib.common.rest_client [req-d08859ac-1567-49b8-ba54-16e310a23928 req-d08859ac-1567-49b8-ba54-16e310a23928 ] Request (MultipleCreateTestJSON:test_multiple_create): 200 GET http://10.180.1.21/compute/v2.1/servers/a40d52a2-46d5-43ba-85ff-0c96e92b7b23 0.498s
2025-05-14 06:51:03.831 69648 INFO tempest.lib.common.rest_client [req-82e3dd52-3c47-49ac-adaa-ba03c7e3b22c req-82e3dd52-3c47-49ac-adaa-ba03c7e3b22c ] Request (ServersTestBootFromVolume:tearDownClass): 204 DELETE http://10.180.1.21/identity/v3/projects/2eef787d8d9d444a9636625a9338fa28 0.123s
2025-05-14 06:51:03.844 69652 INFO tempest.lib.common.rest_client [req-8cc0c55e-56de-421b-9498-06dd307df976 req-8cc0c55e-56de-421b-9498-06dd307df976 ] Request (ListServerFiltersTestJSON:tearDownClass): 200 GET http://10.180.1.21/compute/v2.1/servers/9e5bc7d9-d2f6-40dd-828d-e85a55bedbc4 0.630s
2025-05-14 06:51:03.863 69678 INFO tempest.lib.common.rest_client [req-c55ef7fd-1fac-4c3b-9b5d-fe22f26d52d0 req-c55ef7fd-1fac-4c3b-9b5d-fe22f26d52d0 ] Request (ImagesOneServerNegativeTestJSON:setUpClass): 200 GET http://10.180.1.21/compute/v2.1/servers/5c3ecd76-b649-4a9e-8bc0-8f39ba56a5a2 0.539s
2025-05-14 06:51:03.902 69658 INFO tempest.lib.common.rest_client [req-f252ae7e-f57a-4a7d-a73b-46af24436e6d req-f252ae7e-f57a-4a7d-a73b-46af24436e6d ] Request (ServerDiskConfigTestJSON:test_rebuild_server_with_auto_disk_config): 200 GET http://10.180.1.21/compute/v2.1/servers/7602962a-51be-43bf-99a3-ccf0f576211c 0.568s
2025-05-14 06:51:03.934 69648 INFO tempest.lib.common.rest_client [req-3f662449-a4dc-4930-837d-8a512e6ab2e5 req-3f662449-a4dc-4930-837d-8a512e6ab2e5 ] Request (ServerRescueTestJSON:setUpClass): 201 POST http://10.180.1.21/identity/v3/auth/tokens 0.101s
2025-05-14 06:51:03.972 69648 INFO tempest.lib.common.rest_client [req-7cb0d03d-53fc-4e25-8504-03e05711bbad req-7cb0d03d-53fc-4e25-8504-03e05711bbad ] Request (ServerRescueTestJSON:setUpClass): 201 POST http://10.180.1.21/identity/v3/auth/tokens 0.034s
2025-05-14 06:51:03.999 69648 INFO tempest.lib.common.rest_client [req-b392bad8-4d3c-42c9-8396-6d7e6d0e00fd req-b392bad8-4d3c-42c9-8396-6d7e6d0e00fd ] Request (ServerRescueTestJSON:setUpClass): 200 GET http://10.180.1.21/identity/v3/domains?name=Default 0.027s
2025-05-14 06:51:04.015 69646 INFO tempest.lib.common.rest_client [req-c38d8b04-95c6-4062-9c28-e486bac06360 req-c38d8b04-95c6-4062-9c28-e486bac06360 ] Request (ListImageFiltersNegativeTestJSON:test_get_nonexistent_image): 404 GET http://10.180.1.21/compute/v2.1/images/dc0fd600-ace3-4eec-9287-12b01ffa5cd2 0.657s
2025-05-14 06:51:04.020 69662 INFO tempest.lib.common.rest_client [req-2fc24317-92f0-4a51-87cc-6500a47d03f9 req-2fc24317-92f0-4a51-87cc-6500a47d03f9 ] Request (ServerActionsTestJSON:setUpClass): 200 GET http://10.180.1.21/compute/v2.1/servers/1787cdf4-a184-4404-a9a8-f45877de9599 0.473s
2025-05-14 06:51:04.033 69648 INFO tempest.lib.common.rest_client [req-ea88372f-8a99-4ae6-87a1-78c307ef452b req-ea88372f-8a99-4ae6-87a1-78c307ef452b ] Request (ServerRescueTestJSON:setUpClass): 201 POST http://10.180.1.21/identity/v3/projects 0.033s
2025-05-14 06:51:04.085 69654 INFO tempest.lib.common.rest_client [req-52f9bf38-7945-48bc-9919-55e6d46e2835 req-52f9bf38-7945-48bc-9919-55e6d46e2835 ] Request (ServerMetadataNegativeTestJSON:test_metadata_items_limit): 403 PUT http://10.180.1.21/compute/v2.1/servers/ca2afff9-d273-4f7b-a8c0-f1371b3aa6fc/metadata 0.454s
2025-05-14 06:51:04.129 69648 INFO tempest.lib.common.rest_client [req-049a6ddf-25af-42aa-b793-05526ebf15eb req-049a6ddf-25af-42aa-b793-05526ebf15eb ] Request (ServerRescueTestJSON:setUpClass): 201 POST http://10.180.1.21/identity/v3/users 0.096s
2025-05-14 06:51:04.155 69706 INFO tempest.lib.common.rest_client [req-d76b6466-cab8-4417-a1a2-6a365faea79c req-d76b6466-cab8-4417-a1a2-6a365faea79c ] Request (ServersAaction247Test:tearDownClass): 200 GET http://10.180.1.21/compute/v2.1/servers/19afd615-3771-440d-8556-0342b1ff805f 0.496s
2025-05-14 06:51:04.157 69648 INFO tempest.lib.common.rest_client [req-11985ff0-d2d9-48d9-a286-81c5ea2a94a6 req-11985ff0-d2d9-48d9-a286-81c5ea2a94a6 ] Request (ServerRescueTestJSON:setUpClass): 200 GET http://10.180.1.21/identity/v3/roles 0.027s
2025-05-14 06:51:04.160 69668 INFO tempest.lib.common.rest_client [req-2b3587bc-c9fc-45bd-a835-cd742b247834 req-2b3587bc-c9fc-45bd-a835-cd742b247834 ] Request (ServersAdminTestJSON:tearDownClass): 200 GET http://10.180.1.21/compute/v2.1/servers/92b7fbc4-a250-43f7-99b5-995a091a1af2 0.602s
2025-05-14 06:51:04.191 69646 INFO tempest.lib.common.rest_client [req-b1c11ced-b79f-47f0-8d21-4b7f08e8e197 req-b1c11ced-b79f-47f0-8d21-4b7f08e8e197 ] Request (ListImageFiltersNegativeTestJSON:tearDownClass): 204 DELETE http://10.180.1.21/identity/v3/users/e491a25667df4823aba77dd5ab9a1689 0.174s
2025-05-14 06:51:04.192 69646 INFO tempest.lib.common.dynamic_creds [-] Deleting project and security group for project: c919b2b8070a4e1491c7ac0e288f8dcc
2025-05-14 06:51:04.223 69688 INFO tempest.lib.common.rest_client [req-4b3300eb-315b-4bb3-9104-c7b74633a919 req-4b3300eb-315b-4bb3-9104-c7b74633a919 ] Request (VolumesAdminNegativeTest:test_update_attached_volume_with_nonexistent_volume_in_uri): 200 GET http://10.180.1.21/compute/v2.1/servers/b0e6c997-18b0-416f-9fc9-a79253131e80 0.248s
2025-05-14 06:51:04.227 69648 INFO tempest.lib.common.rest_client [req-f21a3107-3758-4604-80cc-87ed5d0c8c0a req-f21a3107-3758-4604-80cc-87ed5d0c8c0a ] Request (ServerRescueTestJSON:setUpClass): 204 PUT http://10.180.1.21/identity/v3/projects/31d752fd5b7b4e5d99cc1601e7e1e2ae/users/162dadf94c584a6790f2588b66853e60/roles/0609a4e2993047a1a72e5fb71a609f23 0.070s
2025-05-14 06:51:04.227 69648 INFO tempest.lib.common.dynamic_creds [-] Dynamic test user 162dadf94c584a6790f2588b66853e60 is created with scope project and roles: ['member']
2025-05-14 06:51:04.227 69648 INFO tempest.lib.common.dynamic_creds [-] Acquired dynamic creds: credentials: Credentials: {'domain_id': 'default', 'domain_name': 'Default', 'username': 'tempest-ServerRescueTestJSON-826761652-project-member', 'project_domain_id': 'default', 'project_domain_name': 'Default', 'project_id': '31d752fd5b7b4e5d99cc1601e7e1e2ae', 'project_name': 'tempest-ServerRescueTestJSON-826761652', 'tenant_id': '31d752fd5b7b4e5d99cc1601e7e1e2ae', 'tenant_name': 'tempest-ServerRescueTestJSON-826761652', 'user_domain_id': 'default', 'user_domain_name': 'Default', 'user_id': '162dadf94c584a6790f2588b66853e60', 'system': None}, Network: None, Subnet: None, Router: None
2025-05-14 06:51:04.256 69682 INFO tempest.lib.common.rest_client [req-9519e348-e9c5-4ad3-abab-0a0939f47449 req-9519e348-e9c5-4ad3-abab-0a0939f47449 ] Request (ServersListShow298Test:test_list_show_update_rebuild_server_298): 200 GET http://10.180.1.21/compute/v2.1/servers/bb4da786-4200-4da5-82b4-b4a8a8d6f554 0.270s
2025-05-14 06:51:04.283 69646 INFO tempest.lib.common.rest_client [req-c8f42edc-2a11-437e-9868-864dd3545c68 req-c8f42edc-2a11-437e-9868-864dd3545c68 ] Request (ListImageFiltersNegativeTestJSON:tearDownClass): 201 POST http://10.180.1.21/identity/v3/auth/tokens 0.091s
2025-05-14 06:51:04.286 69690 INFO tempest.lib.common.rest_client [req-79f965ec-d77e-404d-9d41-d7a57bf4fe68 req-79f965ec-d77e-404d-9d41-d7a57bf4fe68 ] Request (ServersTestMultiNic:test_verify_duplicate_network_nics): 200 GET http://10.180.1.21/compute/v2.1/servers/1f33e029-85f0-4da9-aff5-e7d921c73829 0.234s
2025-05-14 06:51:04.305 69648 INFO tempest.lib.common.rest_client [req-2fa4d756-cacd-4c8f-ae81-7abb373ad07c req-2fa4d756-cacd-4c8f-ae81-7abb373ad07c ] Request (ServerRescueTestJSON:setUpClass): 201 POST http://10.180.1.21/identity/v3/auth/tokens 0.078s
2025-05-14 06:51:04.328 69676 WARNING tempest.lib.common.ssh [-] Failed to establish authenticated ssh connection to cirros@10.180.180.187 ([Errno None] Unable to connect to port 22 on 10.180.180.187). Number attempts: 13. Retry after 14 seconds.: paramiko.ssh_exception.NoValidConnectionsError: [Errno None] Unable to connect to port 22 on 10.180.180.187
2025-05-14 06:51:04.334 69654 INFO tempest.lib.common.rest_client [req-c65aea4b-6680-482b-b2f1-bd0ecd64e9fc req-c65aea4b-6680-482b-b2f1-bd0ecd64e9fc ] Request (ServerMetadataNegativeTestJSON:test_metadata_items_limit): 403 POST http://10.180.1.21/compute/v2.1/servers/ca2afff9-d273-4f7b-a8c0-f1371b3aa6fc/metadata 0.249s
2025-05-14 06:51:04.374 69702 INFO tempest.lib.common.rest_client [req-d9bdbc67-1b6a-4e31-af47-34fd74399fbc req-d9bdbc67-1b6a-4e31-af47-34fd74399fbc ] Request (AttachVolumeShelveTestJSON:test_attach_volume_shelved_or_offload_server): 200 GET http://10.180.1.21/compute/v2.1/servers/c9fa009b-e531-4e27-933e-97f99a0ddc6b 0.236s
2025-05-14 06:51:04.465 69671 INFO tempest.lib.common.rest_client [req-36f0ce1f-1d63-48e8-9ac5-40225a45e8e9 req-36f0ce1f-1d63-48e8-9ac5-40225a45e8e9 ] Request (ServerShowV247Test:test_update_rebuild_list_server): 200 GET http://10.180.1.21/compute/v2.1/servers/c2d5dd16-7066-47d9-8825-f1e86b8cac5f 0.164s
2025-05-14 06:51:04.490 69660 INFO tempest.lib.common.rest_client [req-b442f4e0-71dc-42d7-8148-977687e0b8f6 req-b442f4e0-71dc-42d7-8148-977687e0b8f6 ] Request (AttachInterfacesTestJSON:test_create_list_show_delete_interfaces_by_fixed_ip): 200 GET http://10.180.1.21/compute/v2.1/servers/519994ef-1c68-45cf-b022-d7433038e768 0.252s
2025-05-14 06:51:04.495 69654 INFO tempest.lib.common.rest_client [req-a449fc82-8f7d-4ebf-8775-e29e4637310f req-a449fc82-8f7d-4ebf-8775-e29e4637310f ] Request (ServerMetadataNegativeTestJSON:test_server_create_metadata_key_too_long): 201 POST http://10.180.1.21/identity/v3/auth/tokens 0.156s
2025-05-14 06:51:04.496 69654 INFO tempest.lib.common.fixed_network [-] (ServerMetadataNegativeTestJSON:test_server_create_metadata_key_too_long) Found network {'id': '2699a339-e778-4350-92e6-4ae1b403ddf1', 'name': 'tempest-ServerMetadataNegativeTestJSON-1922084502-network', 'tenant_id': '71a4cde614834cb4a6532b7c9f2a9d2b', 'admin_state_up': True, 'mtu': 8950, 'status': 'ACTIVE', 'subnets': [], 'shared': False, 'project_id': '71a4cde614834cb4a6532b7c9f2a9d2b', 'port_security_enabled': True, 'router:external': False, 'provider:network_type': 'vlan', 'provider:physical_network': 'default', 'provider:segmentation_id': 735, 'availability_zone_hints': [], 'availability_zones': [], 'ipv4_address_scope': None, 'ipv6_address_scope': None, 'description': '', 'tags': [], 'created_at': '2025-05-14T06:49:24Z', 'updated_at': '2025-05-14T06:49:24Z', 'revision_number': 1} available for tenant
2025-05-14 06:51:04.550 69704 INFO tempest.lib.common.rest_client [req-c733a040-d44a-420a-abdf-8a2c3b5b9f42 req-c733a040-d44a-420a-abdf-8a2c3b5b9f42 ] Request (FloatingIPsAssociationTestJSON:tearDownClass): 200 GET http://10.180.1.21/compute/v2.1/servers/c8166933-ec22-4c63-a220-1a52c05515ee 0.232s
2025-05-14 06:51:04.571 69672 INFO tempest.lib.common.rest_client [req-0e841528-633b-4ea6-a70d-639345c44c0a req-0e841528-633b-4ea6-a70d-639345c44c0a ] Request (ListImageFiltersTestJSON:tearDownClass): 200 GET http://10.180.1.21/compute/v2.1/servers/aa2b8b36-3d7f-48d2-afee-d1412bd34fb2 0.178s
2025-05-14 06:51:04.579 69672 INFO tempest.common.waiters [-] State transition "ACTIVE/deleting" ==> "DELETED/None" after 4 second wait
2025-05-14 06:51:04.666 69700 INFO tempest.lib.common.rest_client [req-37ec90a5-c7c0-4440-8b6b-8e23e2fbe9a7 req-37ec90a5-c7c0-4440-8b6b-8e23e2fbe9a7 ] Request (ServerShowV257Test:tearDownClass): 200 GET http://10.180.1.21/compute/v2.1/servers/065b704e-0717-4af5-9816-52ebdf54b9db 0.203s
2025-05-14 06:51:04.679 69654 INFO tempest.lib.common.rest_client [req-cbbdfe31-d1db-4e7c-84ef-f7b0f582619b req-cbbdfe31-d1db-4e7c-84ef-f7b0f582619b ] Request (ServerMetadataNegativeTestJSON:test_server_create_metadata_key_too_long): 400 POST http://10.180.1.21/compute/v2.1/servers 0.182s
2025-05-14 06:51:04.729 69654 INFO tempest.lib.common.rest_client [req-cad6fb72-0f21-4601-8a66-dd5000afdfec req-cad6fb72-0f21-4601-8a66-dd5000afdfec ] Request (ServerMetadataNegativeTestJSON:test_server_create_metadata_key_too_long): 201 POST http://10.180.1.21/identity/v3/auth/tokens 0.047s
2025-05-14 06:51:04.729 69654 INFO tempest.lib.common.fixed_network [-] (ServerMetadataNegativeTestJSON:test_server_create_metadata_key_too_long) Found network {'id': '2699a339-e778-4350-92e6-4ae1b403ddf1', 'name': 'tempest-ServerMetadataNegativeTestJSON-1922084502-network', 'tenant_id': '71a4cde614834cb4a6532b7c9f2a9d2b', 'admin_state_up': True, 'mtu': 8950, 'status': 'ACTIVE', 'subnets': [], 'shared': False, 'project_id': '71a4cde614834cb4a6532b7c9f2a9d2b', 'port_security_enabled': True, 'router:external': False, 'provider:network_type': 'vlan', 'provider:physical_network': 'default', 'provider:segmentation_id': 735, 'availability_zone_hints': [], 'availability_zones': [], 'ipv4_address_scope': None, 'ipv6_address_scope': None, 'description': '', 'tags': [], 'created_at': '2025-05-14T06:49:24Z', 'updated_at': '2025-05-14T06:49:24Z', 'revision_number': 1} available for tenant
2025-05-14 06:51:04.746 69646 INFO tempest.lib.common.rest_client [req-8991289f-fe87-4594-9106-b726387801b5 req-8991289f-fe87-4594-9106-b726387801b5 ] Request (ListImageFiltersNegativeTestJSON:tearDownClass): 200 GET http://10.180.1.21:9696/networking/v2.0/security-groups?tenant_id=c919b2b8070a4e1491c7ac0e288f8dcc&name=default 0.462s
2025-05-14 06:51:04.772 69667 INFO tempest.lib.common.rest_client [req-11165615-091c-4391-b55b-d646b0e8b8c2 req-11165615-091c-4391-b55b-d646b0e8b8c2 ] Request (AttachInterfacesUnderV243Test:_run_cleanups): 200 GET http://10.180.1.21/compute/v2.1/servers/18c0d4a1-96ba-42e6-a696-0f9792684e5c 0.237s
2025-05-14 06:51:04.809 69674 INFO tempest.lib.common.rest_client [req-6606818c-4ec6-49ac-85cc-653dae6880cb req-6606818c-4ec6-49ac-85cc-653dae6880cb ] Request (MigrationsAdminTest:test_list_migrations_in_flavor_resize_situation): 200 GET http://10.180.1.21/compute/v2.1/servers/618567d8-1d8e-48e0-9ef1-6ecf755d01b5 0.362s
2025-05-14 06:51:04.853 69656 INFO tempest.lib.common.rest_client [req-84eb4874-f596-4165-be8f-7c81ffdd4031 req-84eb4874-f596-4165-be8f-7c81ffdd4031 ] Request (ServerRescueNegativeTestJSON:test_rescued_vm_detach_volume): 200 GET http://10.180.1.21/compute/v2.1/servers/21ac72f2-c1e7-49e9-9a90-e393064471aa 0.247s
2025-05-14 06:51:04.860 69654 INFO tempest.lib.common.rest_client [req-4c36ef81-c717-47a8-bb24-e463a79ed81d req-4c36ef81-c717-47a8-bb24-e463a79ed81d ] Request (ServerMetadataNegativeTestJSON:test_server_create_metadata_key_too_long): 400 POST http://10.180.1.21/compute/v2.1/servers 0.130s
2025-05-14 06:51:04.881 69692 INFO tempest.lib.common.rest_client [req-bef99f78-8bc9-4568-b36e-feb34cdca9f7 req-bef99f78-8bc9-4568-b36e-feb34cdca9f7 ] Request (ServerTagsTestJSON:setUpClass): 200 GET http://10.180.1.21/compute/v2.1/servers/760c785b-88cc-4cd1-a0f5-aecd58781d2f 0.197s
2025-05-14 06:51:04.909 69654 INFO tempest.lib.common.rest_client [req-47a891cf-5604-4fd0-8ab9-20a5cc874725 req-47a891cf-5604-4fd0-8ab9-20a5cc874725 ] Request (ServerMetadataNegativeTestJSON:test_server_create_metadata_key_too_long): 201 POST http://10.180.1.21/identity/v3/auth/tokens 0.038s
2025-05-14 06:51:04.909 69654 INFO tempest.lib.common.fixed_network [-] (ServerMetadataNegativeTestJSON:test_server_create_metadata_key_too_long) Found network {'id': '2699a339-e778-4350-92e6-4ae1b403ddf1', 'name': 'tempest-ServerMetadataNegativeTestJSON-1922084502-network', 'tenant_id': '71a4cde614834cb4a6532b7c9f2a9d2b', 'admin_state_up': True, 'mtu': 8950, 'status': 'ACTIVE', 'subnets': [], 'shared': False, 'project_id': '71a4cde614834cb4a6532b7c9f2a9d2b', 'port_security_enabled': True, 'router:external': False, 'provider:network_type': 'vlan', 'provider:physical_network': 'default', 'provider:segmentation_id': 735, 'availability_zone_hints': [], 'availability_zones': [], 'ipv4_address_scope': None, 'ipv6_address_scope': None, 'description': '', 'tags': [], 'created_at': '2025-05-14T06:49:24Z', 'updated_at': '2025-05-14T06:49:24Z', 'revision_number': 1} available for tenant
2025-05-14 06:51:04.923 69646 INFO tempest.lib.common.rest_client [req-c2da2b36-3ed0-4063-96fc-faf0951a9797 req-c2da2b36-3ed0-4063-96fc-faf0951a9797 ] Request (ListImageFiltersNegativeTestJSON:tearDownClass): 204 DELETE http://10.180.1.21:9696/networking/v2.0/security-groups/dd9feeef-afcd-442b-ba93-6b273fbcd28c 0.176s
2025-05-14 06:51:04.932 69648 INFO tempest.lib.common.rest_client [req-5e75ae4d-f1f1-4973-a599-13adfb5a5b2c req-5e75ae4d-f1f1-4973-a599-13adfb5a5b2c ] Request (ServerRescueTestJSON:setUpClass): 201 POST http://10.180.1.21:9696/networking/v2.0/networks 0.626s
2025-05-14 06:51:04.934 69684 INFO tempest.lib.common.rest_client [req-0c48360f-e8fd-45e1-bcf9-ead1c776d712 req-0c48360f-e8fd-45e1-bcf9-ead1c776d712 ] Request (MultipleCreateTestJSON:test_multiple_create): 200 GET http://10.180.1.21/compute/v2.1/servers/a40d52a2-46d5-43ba-85ff-0c96e92b7b23 0.190s
2025-05-14 06:51:05.029 69646 INFO tempest.lib.common.rest_client [req-afe1ef8f-5c82-4fb8-b4fe-cd72e428b86a req-afe1ef8f-5c82-4fb8-b4fe-cd72e428b86a ] Request (ListImageFiltersNegativeTestJSON:tearDownClass): 204 DELETE http://10.180.1.21/identity/v3/projects/c919b2b8070a4e1491c7ac0e288f8dcc 0.106s
2025-05-14 06:51:05.034 69652 INFO tempest.lib.common.rest_client [req-710b629a-8968-494a-99e7-bfebbd0b8b82 req-710b629a-8968-494a-99e7-bfebbd0b8b82 ] Request (ListServerFiltersTestJSON:tearDownClass): 200 GET http://10.180.1.21/compute/v2.1/servers/9e5bc7d9-d2f6-40dd-828d-e85a55bedbc4 0.181s
2025-05-14 06:51:05.041 69654 INFO tempest.lib.common.rest_client [req-89df168e-fe06-49a9-a88a-6075e55da3f0 req-89df168e-fe06-49a9-a88a-6075e55da3f0 ] Request (ServerMetadataNegativeTestJSON:test_server_create_metadata_key_too_long): 400 POST http://10.180.1.21/compute/v2.1/servers 0.131s
2025-05-14 06:51:05.099 69646 INFO tempest.lib.common.rest_client [req-61efc37e-a600-4a1b-8c26-99f5847f19ff req-61efc37e-a600-4a1b-8c26-99f5847f19ff ] Request (ServersNegativeTestMultiTenantJSON:setUpClass): 201 POST http://10.180.1.21/identity/v3/auth/tokens 0.066s
2025-05-14 06:51:05.109 69678 INFO tempest.lib.common.rest_client [req-3262c8d6-c9d1-4b17-a088-c941b291bc1b req-3262c8d6-c9d1-4b17-a088-c941b291bc1b ] Request (ImagesOneServerNegativeTestJSON:setUpClass): 200 GET http://10.180.1.21/compute/v2.1/servers/5c3ecd76-b649-4a9e-8bc0-8f39ba56a5a2 0.237s
2025-05-14 06:51:05.112 69658 INFO tempest.lib.common.rest_client [req-6d87223b-5d69-4f32-830c-4dbe886d5b57 req-6d87223b-5d69-4f32-830c-4dbe886d5b57 ] Request (ServerDiskConfigTestJSON:test_rebuild_server_with_auto_disk_config): 200 GET http://10.180.1.21/compute/v2.1/servers/7602962a-51be-43bf-99a3-ccf0f576211c 0.200s
2025-05-14 06:51:05.118 69678 INFO tempest.common.waiters [-] State transition "BUILD/spawning" ==> "ACTIVE/None" after 98 second wait
2025-05-14 06:51:05.124 69654 INFO tempest.lib.common.rest_client [req-073b1c36-afe7-4658-bad0-9f73232a4465 req-073b1c36-afe7-4658-bad0-9f73232a4465 ] Request (ServerMetadataNegativeTestJSON:test_server_create_metadata_key_too_long): 201 POST http://10.180.1.21/identity/v3/auth/tokens 0.079s
2025-05-14 06:51:05.124 69654 INFO tempest.lib.common.fixed_network [-] (ServerMetadataNegativeTestJSON:test_server_create_metadata_key_too_long) Found network {'id': '2699a339-e778-4350-92e6-4ae1b403ddf1', 'name': 'tempest-ServerMetadataNegativeTestJSON-1922084502-network', 'tenant_id': '71a4cde614834cb4a6532b7c9f2a9d2b', 'admin_state_up': True, 'mtu': 8950, 'status': 'ACTIVE', 'subnets': [], 'shared': False, 'project_id': '71a4cde614834cb4a6532b7c9f2a9d2b', 'port_security_enabled': True, 'router:external': False, 'provider:network_type': 'vlan', 'provider:physical_network': 'default', 'provider:segmentation_id': 735, 'availability_zone_hints': [], 'availability_zones': [], 'ipv4_address_scope': None, 'ipv6_address_scope': None, 'description': '', 'tags': [], 'created_at': '2025-05-14T06:49:24Z', 'updated_at': '2025-05-14T06:49:24Z', 'revision_number': 1} available for tenant
2025-05-14 06:51:05.142 69646 INFO tempest.lib.common.rest_client [req-8ade704c-abec-4833-bf87-133620dd80c6 req-8ade704c-abec-4833-bf87-133620dd80c6 ] Request (ServersNegativeTestMultiTenantJSON:setUpClass): 201 POST http://10.180.1.21/identity/v3/auth/tokens 0.040s
2025-05-14 06:51:05.168 69646 INFO tempest.lib.common.rest_client [req-7bbb8476-8b18-4e21-976d-09a40069498e req-7bbb8476-8b18-4e21-976d-09a40069498e ] Request (ServersNegativeTestMultiTenantJSON:setUpClass): 200 GET http://10.180.1.21/identity/v3/domains?name=Default 0.026s
2025-05-14 06:51:05.185 69648 INFO tempest.lib.common.rest_client [req-3abc933a-9996-4611-8317-28d8fdb6100a req-3abc933a-9996-4611-8317-28d8fdb6100a ] Request (ServerRescueTestJSON:setUpClass): 201 POST http://10.180.1.21:9696/networking/v2.0/subnets 0.252s
2025-05-14 06:51:05.198 69646 INFO tempest.lib.common.rest_client [req-5c2a9b54-a384-42e0-901b-7aa154f8b699 req-5c2a9b54-a384-42e0-901b-7aa154f8b699 ] Request (ServersNegativeTestMultiTenantJSON:setUpClass): 201 POST http://10.180.1.21/identity/v3/projects 0.029s
2025-05-14 06:51:05.235 69662 INFO tempest.lib.common.rest_client [req-5d1055c9-34fd-4857-a0ca-e87d4ec49675 req-5d1055c9-34fd-4857-a0ca-e87d4ec49675 ] Request (ServerActionsTestJSON:setUpClass): 200 GET http://10.180.1.21/compute/v2.1/servers/1787cdf4-a184-4404-a9a8-f45877de9599 0.206s
2025-05-14 06:51:05.242 69654 INFO tempest.lib.common.rest_client [req-1abdde61-628f-4a74-a776-abcaf873b0b6 req-1abdde61-628f-4a74-a776-abcaf873b0b6 ] Request (ServerMetadataNegativeTestJSON:test_server_create_metadata_key_too_long): 400 POST http://10.180.1.21/compute/v2.1/servers 0.117s
2025-05-14 06:51:05.246 69678 INFO tempest.lib.common.rest_client [req-9fdff2cd-0347-4e30-9994-5a0f4e010363 req-9fdff2cd-0347-4e30-9994-5a0f4e010363 ] Request (ImagesOneServerNegativeTestJSON:setUp): 200 GET http://10.180.1.21/compute/v2.1/servers/5c3ecd76-b649-4a9e-8bc0-8f39ba56a5a2 0.126s
2025-05-14 06:51:05.277 69646 INFO tempest.lib.common.rest_client [req-3884c8c0-8302-4fba-808a-94598485ccd0 req-3884c8c0-8302-4fba-808a-94598485ccd0 ] Request (ServersNegativeTestMultiTenantJSON:setUpClass): 201 POST http://10.180.1.21/identity/v3/users 0.078s
2025-05-14 06:51:05.300 69668 INFO tempest.lib.common.rest_client [req-38677d0b-ebaa-42b9-a34d-93ee2029686e req-38677d0b-ebaa-42b9-a34d-93ee2029686e ] Request (ServersAdminTestJSON:tearDownClass): 200 GET http://10.180.1.21/compute/v2.1/servers/92b7fbc4-a250-43f7-99b5-995a091a1af2 0.130s
2025-05-14 06:51:05.308 69646 INFO tempest.lib.common.rest_client [req-81060257-1500-4a79-8512-c2081f576de2 req-81060257-1500-4a79-8512-c2081f576de2 ] Request (ServersNegativeTestMultiTenantJSON:setUpClass): 200 GET http://10.180.1.21/identity/v3/roles 0.031s
2025-05-14 06:51:05.321 69706 INFO tempest.lib.common.rest_client [req-821f071a-0f6b-4217-b98a-a765ad824cd4 req-821f071a-0f6b-4217-b98a-a765ad824cd4 ] Request (ServersAaction247Test:tearDownClass): 200 GET http://10.180.1.21/compute/v2.1/servers/19afd615-3771-440d-8556-0342b1ff805f 0.148s
2025-05-14 06:51:05.331 69654 INFO tempest.lib.common.rest_client [req-b159f4e6-a9c4-4dec-b12e-8b2e4eb5ae7d req-b159f4e6-a9c4-4dec-b12e-8b2e4eb5ae7d ] Request (ServerMetadataNegativeTestJSON:test_server_metadata_non_existent_server): 404 GET http://10.180.1.21/compute/v2.1/servers/fb0ed559-ba48-472f-84e4-e69d8e9b3a2f/metadata/test2 0.087s
2025-05-14 06:51:05.340 69678 INFO tempest.lib.common.rest_client [req-e92ecea7-0201-4f2e-9781-e7a1f6a22a0b req-e92ecea7-0201-4f2e-9781-e7a1f6a22a0b ] Request (ImagesOneServerNegativeTestJSON:test_create_image_specify_invalid_metadata): 400 POST http://10.180.1.21/compute/v2.1/servers/5c3ecd76-b649-4a9e-8bc0-8f39ba56a5a2/action 0.083s
2025-05-14 06:51:05.352 69646 INFO tempest.lib.common.rest_client [req-2472dc5d-c853-423b-a5c0-063b8de63b7c req-2472dc5d-c853-423b-a5c0-063b8de63b7c ] Request (ServersNegativeTestMultiTenantJSON:setUpClass): 204 PUT http://10.180.1.21/identity/v3/projects/06b37404a98a40049c0b10324ce4870a/users/1efffb812b2646fd9c522f1b5099f76d/roles/0609a4e2993047a1a72e5fb71a609f23 0.043s
2025-05-14 06:51:05.352 69646 INFO tempest.lib.common.dynamic_creds [-] Dynamic test user 1efffb812b2646fd9c522f1b5099f76d is created with scope project and roles: ['member']
2025-05-14 06:51:05.353 69646 INFO tempest.lib.common.dynamic_creds [-] Acquired dynamic creds: credentials: Credentials: {'domain_id': 'default', 'domain_name': 'Default', 'username': 'tempest-ServersNegativeTestMultiTenantJSON-1837386025-project-member', 'project_domain_id': 'default', 'project_domain_name': 'Default', 'project_id': '06b37404a98a40049c0b10324ce4870a', 'project_name': 'tempest-ServersNegativeTestMultiTenantJSON-1837386025', 'tenant_id': '06b37404a98a40049c0b10324ce4870a', 'tenant_name': 'tempest-ServersNegativeTestMultiTenantJSON-1837386025', 'user_domain_id': 'default', 'user_domain_name': 'Default', 'user_id': '1efffb812b2646fd9c522f1b5099f76d', 'system': None}, Network: None, Subnet: None, Router: None
2025-05-14 06:51:05.358 69688 INFO tempest.lib.common.rest_client [req-01cd2e2b-a247-4095-abc3-37d28473965c req-01cd2e2b-a247-4095-abc3-37d28473965c ] Request (VolumesAdminNegativeTest:test_update_attached_volume_with_nonexistent_volume_in_uri): 200 GET http://10.180.1.21/compute/v2.1/servers/b0e6c997-18b0-416f-9fc9-a79253131e80 0.125s
2025-05-14 06:51:05.421 69682 INFO tempest.lib.common.rest_client [req-76b209c0-32cb-49be-81e4-22bf01615752 req-76b209c0-32cb-49be-81e4-22bf01615752 ] Request (ServersListShow298Test:test_list_show_update_rebuild_server_298): 200 GET http://10.180.1.21/compute/v2.1/servers/bb4da786-4200-4da5-82b4-b4a8a8d6f554 0.145s
2025-05-14 06:51:05.428 69690 INFO tempest.lib.common.rest_client [req-9bd1f007-9f5f-40c6-a1bb-2eec37414ba6 req-9bd1f007-9f5f-40c6-a1bb-2eec37414ba6 ] Request (ServersTestMultiNic:test_verify_duplicate_network_nics): 200 GET http://10.180.1.21/compute/v2.1/servers/1f33e029-85f0-4da9-aff5-e7d921c73829 0.129s
2025-05-14 06:51:05.428 69646 INFO tempest.lib.common.rest_client [req-e19679f3-78ef-4a96-93f4-cc68c31e9a64 req-e19679f3-78ef-4a96-93f4-cc68c31e9a64 ] Request (ServersNegativeTestMultiTenantJSON:setUpClass): 201 POST http://10.180.1.21/identity/v3/auth/tokens 0.075s
2025-05-14 06:51:05.454 69654 INFO tempest.lib.common.rest_client [req-b76eefeb-39d6-4dff-8b10-2a6b6ae39b2d req-b76eefeb-39d6-4dff-8b10-2a6b6ae39b2d ] Request (ServerMetadataNegativeTestJSON:test_set_metadata_invalid_key): 400 PUT http://10.180.1.21/compute/v2.1/servers/ca2afff9-d273-4f7b-a8c0-f1371b3aa6fc/metadata/key 0.121s
2025-05-14 06:51:05.519 69702 INFO tempest.lib.common.rest_client [req-6b1f7c62-91e1-46c9-8672-a96840cea54f req-6b1f7c62-91e1-46c9-8672-a96840cea54f ] Request (AttachVolumeShelveTestJSON:test_attach_volume_shelved_or_offload_server): 200 GET http://10.180.1.21/compute/v2.1/servers/c9fa009b-e531-4e27-933e-97f99a0ddc6b 0.135s
2025-05-14 06:51:05.532 69654 INFO tempest.lib.common.rest_client [req-e85b141d-5936-44cd-a586-f4a9ca747dec req-e85b141d-5936-44cd-a586-f4a9ca747dec ] Request (ServerMetadataNegativeTestJSON:test_set_metadata_non_existent_server): 404 PUT http://10.180.1.21/compute/v2.1/servers/5b53e0a1-4675-462f-a78e-eaba6701e622/metadata 0.077s
2025-05-14 06:51:05.558 69678 INFO tempest.lib.common.rest_client [req-6ba82117-8a22-479f-b4ff-945b3657b4ea req-6ba82117-8a22-479f-b4ff-945b3657b4ea ] Request (ImagesOneServerNegativeTestJSON:tearDown): 200 GET http://10.180.1.21/compute/v2.1/servers/5c3ecd76-b649-4a9e-8bc0-8f39ba56a5a2 0.216s
2025-05-14 06:51:05.632 69671 INFO tempest.lib.common.rest_client [req-e4c14e11-f847-43d5-91e8-3bbf9b1b7937 req-e4c14e11-f847-43d5-91e8-3bbf9b1b7937 ] Request (ServerShowV247Test:test_update_rebuild_list_server): 200 GET http://10.180.1.21/compute/v2.1/servers/c2d5dd16-7066-47d9-8825-f1e86b8cac5f 0.150s
2025-05-14 06:51:05.638 69654 INFO tempest.lib.common.rest_client [req-be7a32d1-a7b5-40a6-9d6c-594099605b5a req-be7a32d1-a7b5-40a6-9d6c-594099605b5a ] Request (ServerMetadataNegativeTestJSON:test_set_server_metadata_blank_key): 400 PUT http://10.180.1.21/compute/v2.1/servers/ca2afff9-d273-4f7b-a8c0-f1371b3aa6fc/metadata 0.104s
2025-05-14 06:51:05.661 69704 INFO tempest.lib.common.rest_client [req-5cc22b7c-e3ad-4113-b963-df100571163a req-5cc22b7c-e3ad-4113-b963-df100571163a ] Request (FloatingIPsAssociationTestJSON:tearDownClass): 404 GET http://10.180.1.21/compute/v2.1/servers/c8166933-ec22-4c63-a220-1a52c05515ee 0.103s
2025-05-14 06:51:05.697 69660 INFO tempest.lib.common.rest_client [req-213af6d7-a899-44ff-a94b-3ace7258f3fb req-213af6d7-a899-44ff-a94b-3ace7258f3fb ] Request (AttachInterfacesTestJSON:test_create_list_show_delete_interfaces_by_fixed_ip): 200 GET http://10.180.1.21/compute/v2.1/servers/519994ef-1c68-45cf-b022-d7433038e768 0.195s
2025-05-14 06:51:05.704 69660 INFO tempest.common.waiters [-] State transition "BUILD/spawning" ==> "ACTIVE/None" after 91 second wait
2025-05-14 06:51:05.770 69672 INFO tempest.lib.common.rest_client [req-cb3415e1-f031-482c-b553-455b59cfee93 req-cb3415e1-f031-482c-b553-455b59cfee93 ] Request (ListImageFiltersTestJSON:tearDownClass): 200 GET http://10.180.1.21/compute/v2.1/servers/aa2b8b36-3d7f-48d2-afee-d1412bd34fb2 0.188s
2025-05-14 06:51:05.774 69654 INFO tempest.lib.common.rest_client [req-68ba09ef-9ec7-4d54-bc93-01f79382b63d req-68ba09ef-9ec7-4d54-bc93-01f79382b63d ] Request (ServerMetadataNegativeTestJSON:test_set_server_metadata_missing_metadata): 400 PUT http://10.180.1.21/compute/v2.1/servers/ca2afff9-d273-4f7b-a8c0-f1371b3aa6fc/metadata 0.133s
2025-05-14 06:51:05.788 69678 INFO tempest.lib.common.rest_client [req-90c48e26-195d-4961-b214-55782589680c req-90c48e26-195d-4961-b214-55782589680c ] Request (ImagesOneServerNegativeTestJSON:setUp): 200 GET http://10.180.1.21/compute/v2.1/servers/5c3ecd76-b649-4a9e-8bc0-8f39ba56a5a2 0.219s
2025-05-14 06:51:05.824 69700 INFO tempest.lib.common.rest_client [req-76372538-e679-4884-96ea-04e92890331b req-76372538-e679-4884-96ea-04e92890331b ] Request (ServerShowV257Test:tearDownClass): 404 GET http://10.180.1.21/compute/v2.1/servers/065b704e-0717-4af5-9816-52ebdf54b9db 0.145s
2025-05-14 06:51:05.831 69646 INFO tempest.lib.common.rest_client [req-d87740bd-0051-4736-9ec1-b14bbabb9685 req-d87740bd-0051-4736-9ec1-b14bbabb9685 ] Request (ServersNegativeTestMultiTenantJSON:setUpClass): 201 POST http://10.180.1.21:9696/networking/v2.0/networks 0.403s
2025-05-14 06:51:05.920 69660 INFO tempest.lib.common.rest_client [req-9a00dbe7-0702-4a6d-9373-5d4614b7fd75 req-9a00dbe7-0702-4a6d-9373-5d4614b7fd75 ] Request (AttachInterfacesTestJSON:test_create_list_show_delete_interfaces_by_fixed_ip): 200 GET http://10.180.1.21/compute/v2.1/servers/519994ef-1c68-45cf-b022-d7433038e768/os-interface 0.215s
2025-05-14 06:51:05.933 69654 INFO tempest.lib.common.rest_client [req-617ed044-f333-4c25-b33f-5cbb8dbabd87 req-617ed044-f333-4c25-b33f-5cbb8dbabd87 ] Request (ServerMetadataNegativeTestJSON:test_update_metadata_non_existent_server): 404 POST http://10.180.1.21/compute/v2.1/servers/2e505a27-da5d-4a84-87fc-b0a52280ef10/metadata 0.157s
2025-05-14 06:51:05.936 69700 INFO tempest.lib.common.rest_client [req-f9c29630-b0ab-4d6e-ba4c-5f90c139bdc1 req-f9c29630-b0ab-4d6e-ba4c-5f90c139bdc1 ] Request (ServerShowV257Test:tearDownClass): 204 DELETE http://10.180.1.21/identity/v3/users/da5274f7e2dc444ea6677222c7b558b7 0.112s
2025-05-14 06:51:05.937 69700 INFO tempest.lib.common.dynamic_creds [-] Deleting project and security group for project: 97e36626ac6f41b7aa8952595d8cd2f7
2025-05-14 06:51:06.006 69700 INFO tempest.lib.common.rest_client [req-c1cda6d9-c533-44f6-86c5-aa7cddd56fe1 req-c1cda6d9-c533-44f6-86c5-aa7cddd56fe1 ] Request (ServerShowV257Test:tearDownClass): 201 POST http://10.180.1.21/identity/v3/auth/tokens 0.069s
2025-05-14 06:51:06.013 69667 INFO tempest.lib.common.rest_client [req-9d6f1f5b-4197-4374-9cad-2ca70b665015 req-9d6f1f5b-4197-4374-9cad-2ca70b665015 ] Request (AttachInterfacesUnderV243Test:_run_cleanups): 200 GET http://10.180.1.21/compute/v2.1/servers/18c0d4a1-96ba-42e6-a696-0f9792684e5c 0.227s
2025-05-14 06:51:06.022 69678 INFO tempest.lib.common.rest_client [req-7389a1c0-9b01-43d5-abdc-2af4020ca3d0 req-7389a1c0-9b01-43d5-abdc-2af4020ca3d0 ] Request (ImagesOneServerNegativeTestJSON:test_create_image_specify_metadata_over_limits): 400 POST http://10.180.1.21/compute/v2.1/servers/5c3ecd76-b649-4a9e-8bc0-8f39ba56a5a2/action 0.217s
2025-05-14 06:51:06.144 69674 INFO tempest.lib.common.rest_client [req-9d914f4a-dee1-43da-bc6a-2dbc306604d3 req-9d914f4a-dee1-43da-bc6a-2dbc306604d3 ] Request (MigrationsAdminTest:test_list_migrations_in_flavor_resize_situation): 200 GET http://10.180.1.21/compute/v2.1/servers/618567d8-1d8e-48e0-9ef1-6ecf755d01b5 0.317s
2025-05-14 06:51:06.201 69656 INFO tempest.lib.common.rest_client [req-f99c65bf-5ccb-4d9a-8370-687c3a0a496e req-f99c65bf-5ccb-4d9a-8370-687c3a0a496e ] Request (ServerRescueNegativeTestJSON:test_rescued_vm_detach_volume): 200 GET http://10.180.1.21/compute/v2.1/servers/21ac72f2-c1e7-49e9-9a90-e393064471aa 0.330s
2025-05-14 06:51:06.226 69704 INFO tempest.lib.common.rest_client [req-3ed22667-42eb-4ff6-af30-5d8b0d0c3eb0 req-3ed22667-42eb-4ff6-af30-5d8b0d0c3eb0 ] Request (FloatingIPsAssociationTestJSON:tearDownClass): 202 DELETE http://10.180.1.21/compute/v2.1/os-floating-ips/10d9500e-3d6a-4a0a-aeae-427534a94e7c 0.565s
2025-05-14 06:51:06.233 69654 INFO tempest.lib.common.rest_client [req-5b2e1513-8b86-434d-898d-ccc548d8de49 req-5b2e1513-8b86-434d-898d-ccc548d8de49 ] Request (ServerMetadataNegativeTestJSON:test_update_metadata_with_blank_key): 400 POST http://10.180.1.21/compute/v2.1/servers/ca2afff9-d273-4f7b-a8c0-f1371b3aa6fc/metadata 0.299s
2025-05-14 06:51:06.255 69692 INFO tempest.lib.common.rest_client [req-3e46e7eb-2d4f-46db-863b-cc98dd0b7f89 req-3e46e7eb-2d4f-46db-863b-cc98dd0b7f89 ] Request (ServerTagsTestJSON:setUpClass): 200 GET http://10.180.1.21/compute/v2.1/servers/760c785b-88cc-4cd1-a0f5-aecd58781d2f 0.357s
2025-05-14 06:51:06.295 69684 INFO tempest.lib.common.rest_client [req-80d0c1aa-828d-454d-a8cc-749b004009bb req-80d0c1aa-828d-454d-a8cc-749b004009bb ] Request (MultipleCreateTestJSON:test_multiple_create): 200 GET http://10.180.1.21/compute/v2.1/servers/a40d52a2-46d5-43ba-85ff-0c96e92b7b23 0.350s
2025-05-14 06:51:06.342 69678 INFO tempest.lib.common.rest_client [req-9a055500-7d98-4141-aca1-8fe22ec71029 req-9a055500-7d98-4141-aca1-8fe22ec71029 ] Request (ImagesOneServerNegativeTestJSON:tearDown): 200 GET http://10.180.1.21/compute/v2.1/servers/5c3ecd76-b649-4a9e-8bc0-8f39ba56a5a2 0.319s
2025-05-14 06:51:06.364 69652 INFO tempest.lib.common.rest_client [req-53660fd4-2150-4d2d-8e8a-2c45b6ee12c4 req-53660fd4-2150-4d2d-8e8a-2c45b6ee12c4 ] Request (ListServerFiltersTestJSON:tearDownClass): 200 GET http://10.180.1.21/compute/v2.1/servers/9e5bc7d9-d2f6-40dd-828d-e85a55bedbc4 0.315s
2025-05-14 06:51:06.384 69700 INFO tempest.lib.common.rest_client [req-5cc46f6c-8329-43b2-ac91-9c430be3e558 req-5cc46f6c-8329-43b2-ac91-9c430be3e558 ] Request (ServerShowV257Test:tearDownClass): 200 GET http://10.180.1.21:9696/networking/v2.0/security-groups?tenant_id=97e36626ac6f41b7aa8952595d8cd2f7&name=default 0.377s
2025-05-14 06:51:06.395 69646 INFO tempest.lib.common.rest_client [req-f99c0f02-d345-4d6a-8452-aebb27ecaa81 req-f99c0f02-d345-4d6a-8452-aebb27ecaa81 ] Request (ServersNegativeTestMultiTenantJSON:setUpClass): 201 POST http://10.180.1.21:9696/networking/v2.0/subnets 0.563s
2025-05-14 06:51:06.425 69658 INFO tempest.lib.common.rest_client [req-a5698335-397f-428b-ad88-492b84451b64 req-a5698335-397f-428b-ad88-492b84451b64 ] Request (ServerDiskConfigTestJSON:test_rebuild_server_with_auto_disk_config): 200 GET http://10.180.1.21/compute/v2.1/servers/7602962a-51be-43bf-99a3-ccf0f576211c 0.297s
2025-05-14 06:51:06.506 69700 INFO tempest.lib.common.rest_client [req-7df9d4e5-2749-4f42-8580-ac5e334950db req-7df9d4e5-2749-4f42-8580-ac5e334950db ] Request (ServerShowV257Test:tearDownClass): 204 DELETE http://10.180.1.21:9696/networking/v2.0/security-groups/bf6fa683-e9f6-4c8d-b677-c719fef090ed 0.122s
2025-05-14 06:51:06.533 69704 INFO tempest.lib.common.rest_client [req-ae9cd88f-f393-4cac-a0c7-b3b20c515622 req-ae9cd88f-f393-4cac-a0c7-b3b20c515622 ] Request (FloatingIPsAssociationTestJSON:tearDownClass): 204 DELETE http://10.180.1.21/compute/v2.1/servers/4bddbe9c-ef5c-4788-a28e-da0d981bde29 0.306s
2025-05-14 06:51:06.574 69654 INFO tempest.lib.common.rest_client [req-3111c073-c286-48d9-87ed-1d992acf8c76 req-3111c073-c286-48d9-87ed-1d992acf8c76 ] Request (ServerMetadataNegativeTestJSON:tearDownClass): 204 DELETE http://10.180.1.21/compute/v2.1/servers/ca2afff9-d273-4f7b-a8c0-f1371b3aa6fc 0.332s
2025-05-14 06:51:06.629 69648 INFO tempest.lib.common.rest_client [req-4ba203ba-0a23-44d4-a505-14987ccad117 req-4ba203ba-0a23-44d4-a505-14987ccad117 ] Request (ServerRescueTestJSON:setUpClass): 201 POST http://10.180.1.21:9696/networking/v2.0/routers 1.443s
2025-05-14 06:51:06.659 69700 INFO tempest.lib.common.rest_client [req-eca33a4d-b3b3-4940-b179-0f53130ed0b7 req-eca33a4d-b3b3-4940-b179-0f53130ed0b7 ] Request (ServerShowV257Test:tearDownClass): 204 DELETE http://10.180.1.21/identity/v3/projects/97e36626ac6f41b7aa8952595d8cd2f7 0.151s
2025-05-14 06:51:06.722 69668 INFO tempest.lib.common.rest_client [req-6020b703-f17e-40e1-85be-865d635d3ead req-6020b703-f17e-40e1-85be-865d635d3ead ] Request (ServersAdminTestJSON:tearDownClass): 200 GET http://10.180.1.21/compute/v2.1/servers/92b7fbc4-a250-43f7-99b5-995a091a1af2 0.410s
2025-05-14 06:51:06.734 69668 INFO tempest.common.waiters [-] State transition "ACTIVE/deleting" ==> "DELETED/None" after 4 second wait
2025-05-14 06:51:06.837 69706 INFO tempest.lib.common.rest_client [req-33b5309b-89ef-4efc-aeba-0c2272d47169 req-33b5309b-89ef-4efc-aeba-0c2272d47169 ] Request (ServersAaction247Test:tearDownClass): 200 GET http://10.180.1.21/compute/v2.1/servers/19afd615-3771-440d-8556-0342b1ff805f 0.493s
2025-05-14 06:51:06.878 69662 INFO tempest.lib.common.rest_client [req-1f54a0cb-2dd8-4192-b785-ec2a4335737b req-1f54a0cb-2dd8-4192-b785-ec2a4335737b ] Request (ServerActionsTestJSON:setUpClass): 200 GET http://10.180.1.21/compute/v2.1/servers/1787cdf4-a184-4404-a9a8-f45877de9599 0.634s
2025-05-14 06:51:06.970 69688 INFO tempest.lib.common.rest_client [req-840ed710-dde8-4319-91bd-b2d5f291633e req-840ed710-dde8-4319-91bd-b2d5f291633e ] Request (VolumesAdminNegativeTest:test_update_attached_volume_with_nonexistent_volume_in_uri): 200 GET http://10.180.1.21/compute/v2.1/servers/b0e6c997-18b0-416f-9fc9-a79253131e80 0.603s
2025-05-14 06:51:07.011 69678 INFO tempest.lib.common.rest_client [req-bee6105f-6a10-435e-bdb4-f91e067dcf3a req-bee6105f-6a10-435e-bdb4-f91e067dcf3a ] Request (ImagesOneServerNegativeTestJSON:setUp): 200 GET http://10.180.1.21/compute/v2.1/servers/5c3ecd76-b649-4a9e-8bc0-8f39ba56a5a2 0.651s
2025-05-14 06:51:07.070 69682 INFO tempest.lib.common.rest_client [req-f395aa61-f62e-4db7-b84a-f8ec356cc69a req-f395aa61-f62e-4db7-b84a-f8ec356cc69a ] Request (ServersListShow298Test:test_list_show_update_rebuild_server_298): 200 GET http://10.180.1.21/compute/v2.1/servers/bb4da786-4200-4da5-82b4-b4a8a8d6f554 0.635s
2025-05-14 06:51:07.107 69690 INFO tempest.lib.common.rest_client [req-473b5046-7591-44f5-b507-e5d3a8bb0f96 req-473b5046-7591-44f5-b507-e5d3a8bb0f96 ] Request (ServersTestMultiNic:test_verify_duplicate_network_nics): 200 GET http://10.180.1.21/compute/v2.1/servers/1f33e029-85f0-4da9-aff5-e7d921c73829 0.666s
2025-05-14 06:51:07.164 69702 INFO tempest.lib.common.rest_client [req-03c7b142-39d9-44a2-ae18-df9f77535b55 req-03c7b142-39d9-44a2-ae18-df9f77535b55 ] Request (AttachVolumeShelveTestJSON:test_attach_volume_shelved_or_offload_server): 200 GET http://10.180.1.21/compute/v2.1/servers/c9fa009b-e531-4e27-933e-97f99a0ddc6b 0.632s
2025-05-14 06:51:07.357 69660 INFO tempest.lib.common.rest_client [req-f7d731ce-c112-491e-9a49-1afe75025579 req-f7d731ce-c112-491e-9a49-1afe75025579 ] Request (AttachInterfacesTestJSON:test_create_list_show_delete_interfaces_by_fixed_ip): 200 PUT http://10.180.1.21:9696/networking/v2.0/floatingips/34d1686c-b528-4073-bcfe-831b61a72af6 1.431s
2025-05-14 06:51:07.367 69704 INFO tempest.lib.common.rest_client [req-4a4b9d5e-a6c1-47c9-980e-1196c0774342 req-4a4b9d5e-a6c1-47c9-980e-1196c0774342 ] Request (FloatingIPsAssociationTestJSON:tearDownClass): 200 GET http://10.180.1.21/compute/v2.1/servers/4bddbe9c-ef5c-4788-a28e-da0d981bde29 0.833s
2025-05-14 06:51:07.420 69654 INFO tempest.lib.common.rest_client [req-0c22ca28-f1d8-4f47-9284-6c1ba94dbebf req-0c22ca28-f1d8-4f47-9284-6c1ba94dbebf ] Request (ServerMetadataNegativeTestJSON:tearDownClass): 200 GET http://10.180.1.21/compute/v2.1/servers/ca2afff9-d273-4f7b-a8c0-f1371b3aa6fc 0.846s
2025-05-14 06:51:07.431 69671 INFO tempest.lib.common.rest_client [req-58aa91ad-ea39-4d59-bba5-68c7056ba0d4 req-58aa91ad-ea39-4d59-bba5-68c7056ba0d4 ] Request (ServerShowV247Test:test_update_rebuild_list_server): 200 GET http://10.180.1.21/compute/v2.1/servers/c2d5dd16-7066-47d9-8825-f1e86b8cac5f 0.783s
