2025-05-14 06:47:55.170 69668 INFO tempest.lib.common.rest_client [req-77f7aa0d-af1d-4ca2-9924-3146807e5e2e req-77f7aa0d-af1d-4ca2-9924-3146807e5e2e ] Request (ServersAdminTestJSON:setUpClass): 201 POST http://10.180.1.21:9696/networking/v2.0/routers 1.278s
2025-05-14 06:47:55.533 69660 INFO tempest.lib.common.rest_client [req-3848ae73-f1e0-4eaa-a6b5-f8c3d26a705d req-3848ae73-f1e0-4eaa-a6b5-f8c3d26a705d ] Request (FloatingIPsAssociationNegativeTestJSON:setUpClass): 202 POST http://10.180.1.21/compute/v2.1/servers 4.183s
2025-05-14 06:47:55.713 69690 INFO tempest.lib.common.rest_client [req-06d50e09-35d5-45c7-b9e0-1dcff3dccfa6 req-06d50e09-35d5-45c7-b9e0-1dcff3dccfa6 ] Request (ImagesOneServerTestJSON:setUpClass): 202 POST http://10.180.1.21/compute/v2.1/servers 3.995s
2025-05-14 06:47:55.727 69692 INFO tempest.lib.common.rest_client [req-f03e264c-03c2-4aae-bf4c-244f4a2045aa req-f03e264c-03c2-4aae-bf4c-244f4a2045aa ] Request (MultipleCreateNegativeTestJSON:test_max_count_less_than_one): 400 POST http://10.180.1.21/compute/v2.1/servers 3.569s
2025-05-14 06:47:55.734 69650 INFO tempest.lib.common.rest_client [req-4e4f2de4-0786-4711-8440-d3e2bce92444 req-4e4f2de4-0786-4711-8440-d3e2bce92444 ] Request (HostsAdminNegativeTestJSON:test_reboot_host_with_non_admin_user): 403 GET http://10.180.1.21/compute/v2.1/os-hosts/devstack/reboot 3.530s
2025-05-14 06:47:55.790 69652 INFO tempest.lib.common.rest_client [req-79e738bb-1f48-4935-b234-98ce5c3e28b7 req-79e738bb-1f48-4935-b234-98ce5c3e28b7 ] Request (KeyPairsV210TestJSON:test_admin_manage_keypairs_for_other_users): 201 POST http://10.180.1.21/compute/v2.1/os-keypairs 3.469s
2025-05-14 06:47:55.836 69692 INFO tempest.lib.common.rest_client [req-8d296e2b-5519-4ff4-b4ca-2f28d58813af req-8d296e2b-5519-4ff4-b4ca-2f28d58813af ] Request (MultipleCreateNegativeTestJSON:test_max_count_non_integer): 201 POST http://10.180.1.21/identity/v3/auth/tokens 0.102s
2025-05-14 06:47:55.837 69692 INFO tempest.lib.common.fixed_network [-] (MultipleCreateNegativeTestJSON:test_max_count_non_integer) Found network None available for tenant
2025-05-14 06:47:55.906 69674 INFO tempest.lib.common.rest_client [req-e0bb4142-a9d0-4c8f-ab78-7a38d63c9ec4 req-e0bb4142-a9d0-4c8f-ab78-7a38d63c9ec4 ] Request (FlavorsAccessNegativeTestJSON:test_add_flavor_access_duplicate): 200 POST http://10.180.1.21/compute/v2.1/flavors 3.574s
2025-05-14 06:47:55.931 69668 INFO tempest.lib.common.rest_client [req-602091aa-8ea4-4e12-b47a-c4870af737aa req-602091aa-8ea4-4e12-b47a-c4870af737aa ] Request (ServersAdminTestJSON:setUpClass): 200 PUT http://10.180.1.21:9696/networking/v2.0/routers/8e6d50a2-8cca-4ad8-bdea-6db39587b51e/add_router_interface 0.760s
2025-05-14 06:47:55.931 69668 INFO tempest.lib.common.dynamic_creds [-] Created isolated network resources for: credentials: Credentials: {'domain_id': 'default', 'domain_name': 'Default', 'username': 'tempest-ServersAdminTestJSON-1378634444-project-admin', 'project_domain_id': 'default', 'project_domain_name': 'Default', 'project_id': '39da7c9d76774ff4b16a36ab9da6b4e9', 'project_name': 'tempest-ServersAdminTestJSON-1378634444', 'tenant_id': '39da7c9d76774ff4b16a36ab9da6b4e9', 'tenant_name': 'tempest-ServersAdminTestJSON-1378634444', 'user_domain_id': 'default', 'user_domain_name': 'Default', 'user_id': '3293c0f5784447869f93cc9c38763b6b', 'system': None}, Network: {'id': '03cc5f43-7a84-4acd-b319-ef3cb855a3ad', 'name': 'tempest-ServersAdminTestJSON-1351755159-network', 'tenant_id': '39da7c9d76774ff4b16a36ab9da6b4e9', 'admin_state_up': True, 'mtu': 8950, 'status': 'ACTIVE', 'subnets': [], 'shared': False, 'project_id': '39da7c9d76774ff4b16a36ab9da6b4e9', 'port_security_enabled': True, 'router:external': False, 'provider:network_type': 'vlan', 'provider:physical_network': 'default', 'provider:segmentation_id': 700, 'availability_zone_hints': [], 'availability_zones': [], 'ipv4_address_scope': None, 'ipv6_address_scope': None, 'description': '', 'tags': [], 'created_at': '2025-05-14T06:47:53Z', 'updated_at': '2025-05-14T06:47:53Z', 'revision_number': 1}, Subnet: {'id': '2438e9c3-0497-4da3-a5a8-83f392261fb0', 'name': 'tempest-ServersAdminTestJSON-1351755159-subnet', 'tenant_id': '39da7c9d76774ff4b16a36ab9da6b4e9', 'network_id': '03cc5f43-7a84-4acd-b319-ef3cb855a3ad', 'ip_version': 4, 'subnetpool_id': None, 'enable_dhcp': True, 'ipv6_ra_mode': None, 'ipv6_address_mode': None, 'gateway_ip': '192.168.128.1', 'cidr': '192.168.128.0/28', 'allocation_pools': [{'start': '192.168.128.2', 'end': '192.168.128.14'}], 'host_routes': [], 'dns_nameservers': [], 'description': '', 'router:external': False, 'service_types': [], 'tags': [], 'created_at': '2025-05-14T06:47:53Z', 'updated_at': '2025-05-14T06:47:53Z', 'revision_number': 0, 'project_id': '39da7c9d76774ff4b16a36ab9da6b4e9'}, Router: {'id': '8e6d50a2-8cca-4ad8-bdea-6db39587b51e', 'name': 'tempest-ServersAdminTestJSON-1351755159-router', 'tenant_id': '39da7c9d76774ff4b16a36ab9da6b4e9', 'admin_state_up': True, 'status': 'ACTIVE', 'external_gateway_info': {'network_id': 'c8f572d1-4b5c-45a3-9d3c-7908ad40d3d9', 'external_fixed_ips': [{'subnet_id': '892ba09c-f7a1-4eaa-970c-52dde487cb9d', 'ip_address': '10.180.180.191'}], 'enable_snat': True}, 'description': '', 'availability_zones': [], 'distributed': False, 'ha': False, 'availability_zone_hints': [], 'routes': [], 'flavor_id': None, 'tags': [], 'created_at': '2025-05-14T06:47:53Z', 'updated_at': '2025-05-14T06:47:54Z', 'revision_number': 2, 'project_id': '39da7c9d76774ff4b16a36ab9da6b4e9'}
2025-05-14 06:47:55.935 69678 INFO tempest.lib.common.rest_client [req-24554e9d-101c-4806-b131-37d03bfabe14 req-24554e9d-101c-4806-b131-37d03bfabe14 ] Request (HypervisorAdminV228Test:test_get_list_hypervisor_details): 200 GET http://10.180.1.21/compute/v2.1/os-hypervisors/1 3.474s
2025-05-14 06:47:55.961 69654 INFO tempest.lib.common.rest_client [req-22be683a-9fd9-4691-89f7-1a73e6cdb438 req-22be683a-9fd9-4691-89f7-1a73e6cdb438 ] Request (AttachInterfacesV270Test:setUpClass): 201 POST http://10.180.1.21:9696/networking/v2.0/routers 2.266s
2025-05-14 06:47:55.972 69682 INFO tempest.lib.common.rest_client [req-ea1e84b3-9e08-45ee-8b4d-f245b2f18d76 req-ea1e84b3-9e08-45ee-8b4d-f245b2f18d76 ] Request (ServerPasswordTestJSON:setUpClass): 200 GET http://10.180.1.21/compute/v2.1/servers/def4786b-65c2-447f-a133-8b575067efe8 4.052s
2025-05-14 06:47:56.009 69708 INFO tempest.lib.common.rest_client [req-08cf1635-a9b3-4325-9962-faeecb488fdc req-08cf1635-a9b3-4325-9962-faeecb488fdc ] Request (FlavorsExtraSpecsNegativeTestJSON:test_flavor_get_nonexistent_key): 404 GET http://10.180.1.21/compute/v2.1/flavors/1291372283/os-extra_specs/hw:cpu_thread_policy 3.324s
2025-05-14 06:47:56.030 69668 INFO tempest.lib.common.rest_client [req-48876695-72d6-4b23-a229-d5e3814bcef1 req-48876695-72d6-4b23-a229-d5e3814bcef1 ] Request (ServersAdminTestJSON:setUpClass): 201 POST http://10.180.1.21/identity/v3/auth/tokens 0.096s
2025-05-14 06:47:56.037 69672 INFO tempest.lib.common.rest_client [req-096a188d-1531-49e4-9645-8c68ec8eb11c req-096a188d-1531-49e4-9645-8c68ec8eb11c ] Request (AZAdminV2TestJSON:test_get_availability_zone_list_detail): 200 GET http://10.180.1.21/compute/v2.1/os-availability-zone/detail 2.913s
2025-05-14 06:47:56.045 69656 INFO tempest.lib.common.rest_client [req-12c7d601-a769-4176-aaf1-7e9c273692c8 req-12c7d601-a769-4176-aaf1-7e9c273692c8 ] Request (TenantUsagesTestJSON:setUpClass): 200 GET http://10.180.1.21/compute/v2.1/servers/18f7a9f5-478d-409e-8ddb-18f83cea0499 3.234s
2025-05-14 06:47:56.071 69662 INFO tempest.lib.common.rest_client [req-73941ed6-8534-4eb5-a20a-22ce1131699f req-73941ed6-8534-4eb5-a20a-22ce1131699f ] Request (ServicesAdminTestJSON:test_get_service_by_host_name): 200 GET http://10.180.1.21/compute/v2.1/os-services?host=devstack 2.721s
2025-05-14 06:47:56.075 69667 INFO tempest.lib.common.rest_client [req-b1bfa86a-4f09-472e-a718-8cb8d25558db req-b1bfa86a-4f09-472e-a718-8cb8d25558db ] Request (HostsAdminTestJSON:test_list_hosts_with_a_blank_zone): 200 GET http://10.180.1.21/compute/v2.1/os-hosts?zone= 2.582s
2025-05-14 06:47:56.091 69696 INFO tempest.lib.common.rest_client [req-c6ae5031-4a0e-4b42-abe6-4747ada0bd52 req-c6ae5031-4a0e-4b42-abe6-4747ada0bd52 ] Request (VolumesAssistedSnapshotsTest:setUpClass): 201 POST http://10.180.1.21:9696/networking/v2.0/routers 2.352s
2025-05-14 06:47:56.116 69686 INFO tempest.lib.common.rest_client [req-d3f18120-779f-4582-9609-ad8dc0b0716a req-d3f18120-779f-4582-9609-ad8dc0b0716a ] Request (AggregatesAdminNegativeTestJSON:test_aggregate_add_existent_host): 200 POST http://10.180.1.21/compute/v2.1/os-aggregates 2.420s
2025-05-14 06:47:56.125 69678 INFO tempest.lib.common.rest_client [req-263b1d1d-fd31-453b-834f-ab3a88956eb0 req-263b1d1d-fd31-453b-834f-ab3a88956eb0 ] Request (HypervisorAdminV228Test:tearDownClass): 204 DELETE http://10.180.1.21/identity/v3/users/321b1cb861f141329833473a7895ad58 0.178s
2025-05-14 06:47:56.133 69668 INFO tempest.lib.common.rest_client [req-88ebedf2-8183-4939-ab74-99e4bf1243d9 req-88ebedf2-8183-4939-ab74-99e4bf1243d9 ] Request (ServersAdminTestJSON:setUpClass): 201 POST http://10.180.1.21/identity/v3/auth/tokens 0.098s
2025-05-14 06:47:56.134 69668 INFO tempest.lib.common.fixed_network [-] (ServersAdminTestJSON:setUpClass) Found network {'id': '4c670f7d-3b43-4b44-9b8c-474ad1b5710d', 'name': 'tempest-ServersAdminTestJSON-882274048-network', 'tenant_id': '33dcc27af5b845919591b98d37ad2a5d', 'admin_state_up': True, 'mtu': 8950, 'status': 'ACTIVE', 'subnets': [], 'shared': False, 'project_id': '33dcc27af5b845919591b98d37ad2a5d', 'port_security_enabled': True, 'router:external': False, 'provider:network_type': 'vlan', 'provider:physical_network': 'default', 'provider:segmentation_id': 268, 'availability_zone_hints': [], 'availability_zones': [], 'ipv4_address_scope': None, 'ipv6_address_scope': None, 'description': '', 'tags': [], 'created_at': '2025-05-14T06:47:46Z', 'updated_at': '2025-05-14T06:47:46Z', 'revision_number': 1} available for tenant
2025-05-14 06:47:56.165 69684 INFO tempest.lib.common.rest_client [req-5f87e35a-9de2-4098-97e2-09e82a98c6b1 req-5f87e35a-9de2-4098-97e2-09e82a98c6b1 ] Request (FlavorsExtraSpecsTestJSON:test_flavor_non_admin_get_all_keys): 200 POST http://10.180.1.21/compute/v2.1/flavors/320342252/os-extra_specs 2.417s
2025-05-14 06:47:56.220 69672 INFO tempest.lib.common.rest_client [req-bbc62a3c-8c54-487e-8a7e-acc3ab8e1868 req-bbc62a3c-8c54-487e-8a7e-acc3ab8e1868 ] Request (AZAdminV2TestJSON:tearDownClass): 204 DELETE http://10.180.1.21/identity/v3/users/a87c8684df384e89bdd82e7f2cad0abb 0.177s
2025-05-14 06:47:56.267 69698 INFO tempest.lib.common.rest_client [req-060a56fb-4e10-41ad-acec-419b7aa823df req-060a56fb-4e10-41ad-acec-419b7aa823df ] Request (FlavorMetadataValidation:test_flavor_update_with_custom_namespace): 200 POST http://10.180.1.21/compute/v2.1/flavors/1157503102/os-extra_specs 2.344s
2025-05-14 06:47:56.289 69688 INFO tempest.lib.common.rest_client [req-70a4fd1c-e2fa-46a5-b849-aae92436f21d req-70a4fd1c-e2fa-46a5-b849-aae92436f21d ] Request (ServicesAdminNegativeV253TestJSON:test_disable_service_with_invalid_service_id): 404 PUT http://10.180.1.21/compute/v2.1/os-services/ece5df35-6e16-4a92-b3d9-91421ec719ba 2.144s
2025-05-14 06:47:56.313 69648 INFO tempest.lib.common.rest_client [req-8646fe82-9b16-4c7c-8a8c-597ff7bfb362 req-8646fe82-9b16-4c7c-8a8c-597ff7bfb362 ] Request (HypervisorAdminTestJSON:test_get_hypervisor_list_details): 200 GET http://10.180.1.21/compute/v2.1/os-hypervisors/detail 2.131s
2025-05-14 06:47:56.393 69678 INFO tempest.lib.common.rest_client [req-58909be7-2ff4-434f-b61c-c341a9cfcaeb req-58909be7-2ff4-434f-b61c-c341a9cfcaeb ] Request (HypervisorAdminV228Test:tearDownClass): 204 DELETE http://10.180.1.21/identity/v3/users/155843f74c4f4de194e87a8c9191fffc 0.268s
2025-05-14 06:47:56.394 69678 INFO tempest.lib.common.dynamic_creds [-] Deleting project and security group for project: f3679069efc6493d895d767e4852a650
2025-05-14 06:47:56.406 69664 INFO tempest.lib.common.rest_client [req-fdcfaad2-c6ff-4a01-88ba-17fe2758cca2 req-fdcfaad2-c6ff-4a01-88ba-17fe2758cca2 ] Request (FlavorsAccessTestJSON:test_flavor_access_add_remove): 200 POST http://10.180.1.21/compute/v2.1/flavors/1448580042/action 2.766s
2025-05-14 06:47:56.425 69680 INFO tempest.lib.common.rest_client [req-a41cab8f-99a4-4310-a9b3-a9df9da39e65 req-a41cab8f-99a4-4310-a9b3-a9df9da39e65 ] Request (ServerActionsV293TestJSON:setUpClass): 201 POST http://10.180.1.21:9696/networking/v2.0/routers 2.020s
2025-05-14 06:47:56.433 69706 INFO tempest.lib.common.rest_client [req-9f600606-18f9-46c7-8287-633f42381eee req-9f600606-18f9-46c7-8287-633f42381eee ] Request (FlavorsAdminTestJSON:_run_cleanups): 202 DELETE http://10.180.1.21/compute/v2.1/flavors/538631776 2.045s
2025-05-14 06:47:56.493 69694 INFO tempest.lib.common.rest_client [req-3a81ed06-8442-496b-927d-8bbad82acdfb req-3a81ed06-8442-496b-927d-8bbad82acdfb ] Request (TenantUsagesNegativeTestJSON:test_get_usage_tenant_with_empty_tenant_id): 404 GET http://10.180.1.21/compute/v2.1/os-simple-tenant-usage/?start=2025-05-13T06%3A47%3A54.356410&end=2025-05-15T06%3A47%3A54.356410 2.136s
2025-05-14 06:47:56.494 69694 WARNING tempest.lib.common.rest_client [-] Deprecated: "tenant_id" property is deprecated for removal, use "project_id" instead
2025-05-14 06:47:56.508 69672 INFO tempest.lib.common.rest_client [req-3a32f52b-c074-45b3-8088-866ad16b73dc req-3a32f52b-c074-45b3-8088-866ad16b73dc ] Request (AZAdminV2TestJSON:tearDownClass): 204 DELETE http://10.180.1.21/identity/v3/users/5b5acbc8661b4a8aa4db20199f5117fd 0.285s
2025-05-14 06:47:56.508 69672 INFO tempest.lib.common.dynamic_creds [-] Deleting project and security group for project: da33f7b0a27c4e02a7af8e62f20790e6
2025-05-14 06:47:56.543 69678 INFO tempest.lib.common.rest_client [req-44d133c4-32d7-497b-8de5-eddb1e2feee0 req-44d133c4-32d7-497b-8de5-eddb1e2feee0 ] Request (HypervisorAdminV228Test:tearDownClass): 201 POST http://10.180.1.21/identity/v3/auth/tokens 0.149s
2025-05-14 06:47:56.599 69700 INFO tempest.lib.common.rest_client [req-050bdc7d-700f-4812-85d7-ea3e71149b30 req-050bdc7d-700f-4812-85d7-ea3e71149b30 ] Request (FlavorsV255TestJSON:test_crud_flavor): 200 GET http://10.180.1.21/compute/v2.1/flavors/1977568338 2.145s
2025-05-14 06:47:56.612 69672 INFO tempest.lib.common.rest_client [req-5097b709-29c2-4ae5-b4ce-74cc7ed11b43 req-5097b709-29c2-4ae5-b4ce-74cc7ed11b43 ] Request (AZAdminV2TestJSON:tearDownClass): 201 POST http://10.180.1.21/identity/v3/auth/tokens 0.104s
2025-05-14 06:47:56.671 69704 INFO tempest.lib.common.rest_client [req-7b9e7d3f-d67e-4bfc-b580-69e81d7643f3 req-7b9e7d3f-d67e-4bfc-b580-69e81d7643f3 ] Request (HypervisorAdminUnderV252Test:test_get_hypervisor_show_servers): 200 GET http://10.180.1.21/compute/v2.1/os-hypervisors/domain-c8.fc996f14-c53b-4953-92e3-bdfa48f5cc28/servers 2.104s
2025-05-14 06:47:56.743 69676 INFO tempest.lib.common.rest_client [req-4006019d-1e2d-4419-be09-36679e1aaeb9 req-4006019d-1e2d-4419-be09-36679e1aaeb9 ] Request (ServersWithSpecificFlavorTestJSON:test_verify_created_server_ephemeral_disk): 200 GET http://10.180.1.21/compute/v2.1/flavors/42 2.095s
2025-05-14 06:47:56.995 69654 INFO tempest.lib.common.rest_client [req-07f08a8b-06f4-4e2f-8043-e7418a23dc0c req-07f08a8b-06f4-4e2f-8043-e7418a23dc0c ] Request (AttachInterfacesV270Test:setUpClass): 200 PUT http://10.180.1.21:9696/networking/v2.0/routers/deaad821-3a0b-4df0-96df-bdb5650778d7/add_router_interface 1.034s
2025-05-14 06:47:56.996 69654 INFO tempest.lib.common.dynamic_creds [-] Created isolated network resources for: credentials: Credentials: {'domain_id': 'default', 'domain_name': 'Default', 'username': 'tempest-AttachInterfacesV270Test-341692122-project-member', 'project_domain_id': 'default', 'project_domain_name': 'Default', 'project_id': 'bd09185db4ab45bc85502cc065fd0d6f', 'project_name': 'tempest-AttachInterfacesV270Test-341692122', 'tenant_id': 'bd09185db4ab45bc85502cc065fd0d6f', 'tenant_name': 'tempest-AttachInterfacesV270Test-341692122', 'user_domain_id': 'default', 'user_domain_name': 'Default', 'user_id': 'afa78ce0d34d4858b5a74aabd8818892', 'system': None}, Network: {'id': 'c091950c-5500-4952-8362-083efaced57d', 'name': 'tempest-AttachInterfacesV270Test-1707762804-network', 'tenant_id': 'bd09185db4ab45bc85502cc065fd0d6f', 'admin_state_up': True, 'mtu': 8950, 'status': 'ACTIVE', 'subnets': [], 'shared': False, 'project_id': 'bd09185db4ab45bc85502cc065fd0d6f', 'port_security_enabled': True, 'router:external': False, 'provider:network_type': 'vlan', 'provider:physical_network': 'default', 'provider:segmentation_id': 568, 'availability_zone_hints': [], 'availability_zones': [], 'ipv4_address_scope': None, 'ipv6_address_scope': None, 'description': '', 'tags': [], 'created_at': '2025-05-14T06:47:52Z', 'updated_at': '2025-05-14T06:47:53Z', 'revision_number': 1}, Subnet: {'id': 'e5cd3867-3938-4d05-8438-1e476794cc3a', 'name': 'tempest-AttachInterfacesV270Test-1707762804-subnet', 'tenant_id': 'bd09185db4ab45bc85502cc065fd0d6f', 'network_id': 'c091950c-5500-4952-8362-083efaced57d', 'ip_version': 4, 'subnetpool_id': None, 'enable_dhcp': True, 'ipv6_ra_mode': None, 'ipv6_address_mode': None, 'gateway_ip': '192.168.128.1', 'cidr': '192.168.128.0/28', 'allocation_pools': [{'start': '192.168.128.2', 'end': '192.168.128.14'}], 'host_routes': [], 'dns_nameservers': [], 'description': '', 'router:external': False, 'service_types': [], 'tags': [], 'created_at': '2025-05-14T06:47:53Z', 'updated_at': '2025-05-14T06:47:53Z', 'revision_number': 0, 'project_id': 'bd09185db4ab45bc85502cc065fd0d6f'}, Router: {'id': 'deaad821-3a0b-4df0-96df-bdb5650778d7', 'name': 'tempest-AttachInterfacesV270Test-1707762804-router', 'tenant_id': 'bd09185db4ab45bc85502cc065fd0d6f', 'admin_state_up': True, 'status': 'ACTIVE', 'external_gateway_info': {'network_id': 'c8f572d1-4b5c-45a3-9d3c-7908ad40d3d9', 'external_fixed_ips': [{'subnet_id': '892ba09c-f7a1-4eaa-970c-52dde487cb9d', 'ip_address': '10.180.180.239'}], 'enable_snat': True}, 'description': '', 'availability_zones': [], 'distributed': False, 'ha': False, 'availability_zone_hints': [], 'routes': [], 'flavor_id': None, 'tags': [], 'created_at': '2025-05-14T06:47:53Z', 'updated_at': '2025-05-14T06:47:54Z', 'revision_number': 2, 'project_id': 'bd09185db4ab45bc85502cc065fd0d6f'}
2025-05-14 06:47:57.084 69654 INFO tempest.lib.common.rest_client [req-cb97e649-7057-4bbd-ae03-8359e740b8da req-cb97e649-7057-4bbd-ae03-8359e740b8da ] Request (AttachInterfacesV270Test:setUpClass): 201 POST http://10.180.1.21/identity/v3/auth/tokens 0.085s
2025-05-14 06:47:57.095 69678 INFO tempest.lib.common.rest_client [req-9bd50ad5-4812-4dbd-a398-51c02c755eb0 req-9bd50ad5-4812-4dbd-a398-51c02c755eb0 ] Request (HypervisorAdminV228Test:tearDownClass): 200 GET http://10.180.1.21:9696/networking/v2.0/security-groups?tenant_id=f3679069efc6493d895d767e4852a650&name=default 0.551s
2025-05-14 06:47:57.101 69646 INFO tempest.lib.common.rest_client [req-466561f0-26b2-4def-bfb9-d45659e407fb req-466561f0-26b2-4def-bfb9-d45659e407fb ] Request (DeleteServersAdminTestJSON:test_admin_delete_servers_of_others): 202 POST http://10.180.1.21/compute/v2.1/servers 2.640s
2025-05-14 06:47:57.112 69672 INFO tempest.lib.common.rest_client [req-bbd4893d-6afd-4a68-9c54-718bed17aa39 req-bbd4893d-6afd-4a68-9c54-718bed17aa39 ] Request (AZAdminV2TestJSON:tearDownClass): 200 GET http://10.180.1.21:9696/networking/v2.0/security-groups?tenant_id=da33f7b0a27c4e02a7af8e62f20790e6&name=default 0.499s
2025-05-14 06:47:57.120 69654 INFO tempest.lib.common.rest_client [req-1b14f8c6-7b25-45a3-81ad-4ffb3e1c680d req-1b14f8c6-7b25-45a3-81ad-4ffb3e1c680d ] Request (AttachInterfacesV270Test:test_create_get_list_interfaces): 201 POST http://10.180.1.21/identity/v3/auth/tokens 0.030s
2025-05-14 06:47:57.121 69654 INFO tempest.lib.common.fixed_network [-] (AttachInterfacesV270Test:test_create_get_list_interfaces) Found network {'id': 'c091950c-5500-4952-8362-083efaced57d', 'name': 'tempest-AttachInterfacesV270Test-1707762804-network', 'tenant_id': 'bd09185db4ab45bc85502cc065fd0d6f', 'admin_state_up': True, 'mtu': 8950, 'status': 'ACTIVE', 'subnets': [], 'shared': False, 'project_id': 'bd09185db4ab45bc85502cc065fd0d6f', 'port_security_enabled': True, 'router:external': False, 'provider:network_type': 'vlan', 'provider:physical_network': 'default', 'provider:segmentation_id': 568, 'availability_zone_hints': [], 'availability_zones': [], 'ipv4_address_scope': None, 'ipv6_address_scope': None, 'description': '', 'tags': [], 'created_at': '2025-05-14T06:47:52Z', 'updated_at': '2025-05-14T06:47:53Z', 'revision_number': 1} available for tenant
2025-05-14 06:47:57.209 69678 INFO tempest.lib.common.rest_client [req-f05a4257-7bd4-4ed8-b922-06910bf81a61 req-f05a4257-7bd4-4ed8-b922-06910bf81a61 ] Request (HypervisorAdminV228Test:tearDownClass): 204 DELETE http://10.180.1.21:9696/networking/v2.0/security-groups/d39b310a-852f-48c5-b0e4-f3d5d390a10c 0.113s
2025-05-14 06:47:57.301 69678 INFO tempest.lib.common.rest_client [req-7a612ba5-9b56-40fc-beb5-88465448e698 req-7a612ba5-9b56-40fc-beb5-88465448e698 ] Request (HypervisorAdminV228Test:tearDownClass): 204 DELETE http://10.180.1.21/identity/v3/projects/f3679069efc6493d895d767e4852a650 0.091s
2025-05-14 06:47:57.301 69678 INFO tempest.lib.common.dynamic_creds [-] Deleting project and security group for project: 4ce68bb450674af0938108f96a348576
2025-05-14 06:47:57.415 69678 INFO tempest.lib.common.rest_client [req-cee69239-c560-47f5-9220-2d08573bc69e req-cee69239-c560-47f5-9220-2d08573bc69e ] Request (HypervisorAdminV228Test:tearDownClass): 200 GET http://10.180.1.21:9696/networking/v2.0/security-groups?tenant_id=4ce68bb450674af0938108f96a348576&name=default 0.114s
2025-05-14 06:47:57.485 69678 INFO tempest.lib.common.rest_client [req-c2b6e825-9220-4302-b25d-e724297e61a1 req-c2b6e825-9220-4302-b25d-e724297e61a1 ] Request (HypervisorAdminV228Test:tearDownClass): 204 DELETE http://10.180.1.21:9696/networking/v2.0/security-groups/00b8f35e-f11e-45e2-96e2-edab4092ee70 0.069s
2025-05-14 06:47:57.594 69678 INFO tempest.lib.common.rest_client [req-07345ed2-da4f-41a8-ba5b-f9bce191b1eb req-07345ed2-da4f-41a8-ba5b-f9bce191b1eb ] Request (HypervisorAdminV228Test:tearDownClass): 204 DELETE http://10.180.1.21/identity/v3/projects/4ce68bb450674af0938108f96a348576 0.108s
2025-05-14 06:47:57.628 69672 INFO tempest.lib.common.rest_client [req-a0dceda2-0ee6-49fe-bd16-bb2dadcb1276 req-a0dceda2-0ee6-49fe-bd16-bb2dadcb1276 ] Request (AZAdminV2TestJSON:tearDownClass): 204 DELETE http://10.180.1.21:9696/networking/v2.0/security-groups/f7af289e-cc0e-4a5d-8e31-de896aebd4dc 0.516s
2025-05-14 06:47:57.699 69678 INFO tempest.lib.common.rest_client [req-0addb236-97b6-4478-8a0a-7632089575f2 req-0addb236-97b6-4478-8a0a-7632089575f2 ] Request (ServerDiagnosticsV248Test:setUpClass): 201 POST http://10.180.1.21/identity/v3/auth/tokens 0.104s
2025-05-14 06:47:57.754 69672 INFO tempest.lib.common.rest_client [req-2b969d56-35a0-4e76-917d-14046021b0c8 req-2b969d56-35a0-4e76-917d-14046021b0c8 ] Request (AZAdminV2TestJSON:tearDownClass): 204 DELETE http://10.180.1.21/identity/v3/projects/da33f7b0a27c4e02a7af8e62f20790e6 0.125s
2025-05-14 06:47:57.754 69672 INFO tempest.lib.common.dynamic_creds [-] Deleting project and security group for project: 76a1c8d3c2e64dcfba11dfc6baae822a
2025-05-14 06:47:57.782 69678 INFO tempest.lib.common.rest_client [req-481e193a-fbe3-4f16-ba9e-2e9ef7a9f2e5 req-481e193a-fbe3-4f16-ba9e-2e9ef7a9f2e5 ] Request (ServerDiagnosticsV248Test:setUpClass): 201 POST http://10.180.1.21/identity/v3/auth/tokens 0.076s
2025-05-14 06:47:57.836 69678 INFO tempest.lib.common.rest_client [req-37579ffb-8310-4e38-accb-f2cab1c0acde req-37579ffb-8310-4e38-accb-f2cab1c0acde ] Request (ServerDiagnosticsV248Test:setUpClass): 200 GET http://10.180.1.21/identity/v3/domains?name=Default 0.054s
2025-05-14 06:47:57.873 69671 INFO tempest.lib.common.rest_client [req-65de5651-d1a2-4be8-b816-3aed8d73c3c6 req-65de5651-d1a2-4be8-b816-3aed8d73c3c6 ] Request (SecurityGroupsTestAdminJSON:test_list_security_groups_list_all_tenants_filter): 200 POST http://10.180.1.21/compute/v2.1/os-security-groups 2.925s
2025-05-14 06:47:57.881 69678 INFO tempest.lib.common.rest_client [req-f81650b9-ee35-4716-a8a0-4db7df49fbad req-f81650b9-ee35-4716-a8a0-4db7df49fbad ] Request (ServerDiagnosticsV248Test:setUpClass): 201 POST http://10.180.1.21/identity/v3/projects 0.044s
2025-05-14 06:47:57.909 69672 INFO tempest.lib.common.rest_client [req-fc5ddabd-bc83-4d94-95c7-6ace79b6cf71 req-fc5ddabd-bc83-4d94-95c7-6ace79b6cf71 ] Request (AZAdminV2TestJSON:tearDownClass): 200 GET http://10.180.1.21:9696/networking/v2.0/security-groups?tenant_id=76a1c8d3c2e64dcfba11dfc6baae822a&name=default 0.154s
2025-05-14 06:47:57.962 69660 INFO tempest.lib.common.rest_client [req-abdc2c72-ea64-43ac-bef4-8223ce78d34a req-abdc2c72-ea64-43ac-bef4-8223ce78d34a ] Request (FloatingIPsAssociationNegativeTestJSON:setUpClass): 200 GET http://10.180.1.21/compute/v2.1/servers/fff38139-053a-493f-80e9-1cc9844f733b 2.427s
2025-05-14 06:47:57.965 69678 INFO tempest.lib.common.rest_client [req-4b8f397a-a225-41cb-8c54-5ebbf2732d3d req-4b8f397a-a225-41cb-8c54-5ebbf2732d3d ] Request (ServerDiagnosticsV248Test:setUpClass): 201 POST http://10.180.1.21/identity/v3/users 0.084s
2025-05-14 06:47:58.003 69678 INFO tempest.lib.common.rest_client [req-8d7ccdba-4c09-49ed-a9b1-2ca17b42b39e req-8d7ccdba-4c09-49ed-a9b1-2ca17b42b39e ] Request (ServerDiagnosticsV248Test:setUpClass): 200 GET http://10.180.1.21/identity/v3/roles 0.037s
2025-05-14 06:47:58.034 69672 INFO tempest.lib.common.rest_client [req-5096fa13-b341-4da6-8303-b100823773f1 req-5096fa13-b341-4da6-8303-b100823773f1 ] Request (AZAdminV2TestJSON:tearDownClass): 204 DELETE http://10.180.1.21:9696/networking/v2.0/security-groups/c33e52a7-478a-472d-ac0f-74a9ac194d5c 0.125s
2025-05-14 06:47:58.035 69678 INFO tempest.lib.common.rest_client [req-bc7b1e53-522c-4b76-9b8e-7713e7207850 req-bc7b1e53-522c-4b76-9b8e-7713e7207850 ] Request (ServerDiagnosticsV248Test:setUpClass): 204 PUT http://10.180.1.21/identity/v3/projects/feda2d5c97414af8b4024ec64bbf29b8/users/5c506f227a3948e8bb0fa2db0bd8c355/roles/0609a4e2993047a1a72e5fb71a609f23 0.031s
2025-05-14 06:47:58.035 69678 INFO tempest.lib.common.dynamic_creds [-] Dynamic test user 5c506f227a3948e8bb0fa2db0bd8c355 is created with scope project and roles: ['member']
2025-05-14 06:47:58.035 69678 INFO tempest.lib.common.dynamic_creds [-] Acquired dynamic creds: credentials: Credentials: {'domain_id': 'default', 'domain_name': 'Default', 'username': 'tempest-ServerDiagnosticsV248Test-315758272-project-member', 'project_domain_id': 'default', 'project_domain_name': 'Default', 'project_id': 'feda2d5c97414af8b4024ec64bbf29b8', 'project_name': 'tempest-ServerDiagnosticsV248Test-315758272', 'tenant_id': 'feda2d5c97414af8b4024ec64bbf29b8', 'tenant_name': 'tempest-ServerDiagnosticsV248Test-315758272', 'user_domain_id': 'default', 'user_domain_name': 'Default', 'user_id': '5c506f227a3948e8bb0fa2db0bd8c355', 'system': None}, Network: None, Subnet: None, Router: None
2025-05-14 06:47:58.035 69678 INFO tempest.lib.common.dynamic_creds [-] Created isolated network resources for: credentials: Credentials: {'domain_id': 'default', 'domain_name': 'Default', 'username': 'tempest-ServerDiagnosticsV248Test-315758272-project-member', 'project_domain_id': 'default', 'project_domain_name': 'Default', 'project_id': 'feda2d5c97414af8b4024ec64bbf29b8', 'project_name': 'tempest-ServerDiagnosticsV248Test-315758272', 'tenant_id': 'feda2d5c97414af8b4024ec64bbf29b8', 'tenant_name': 'tempest-ServerDiagnosticsV248Test-315758272', 'user_domain_id': 'default', 'user_domain_name': 'Default', 'user_id': '5c506f227a3948e8bb0fa2db0bd8c355', 'system': None}, Network: None, Subnet: None, Router: None
2025-05-14 06:47:58.064 69690 INFO tempest.lib.common.rest_client [req-b6ae2a43-ee18-4e4c-a0ce-7e7662292fc8 req-b6ae2a43-ee18-4e4c-a0ce-7e7662292fc8 ] Request (ImagesOneServerTestJSON:setUpClass): 200 GET http://10.180.1.21/compute/v2.1/servers/8f6144e5-282f-4210-83f3-d17ebdc0fe12 2.350s
2025-05-14 06:47:58.089 69650 INFO tempest.lib.common.rest_client [req-a593994b-387f-4f2f-b7ff-935aeb29348b req-a593994b-387f-4f2f-b7ff-935aeb29348b ] Request (HostsAdminNegativeTestJSON:test_reboot_nonexistent_host): 404 GET http://10.180.1.21/compute/v2.1/os-hosts/nonexistent_hostname/reboot 2.353s
2025-05-14 06:47:58.112 69678 INFO tempest.lib.common.rest_client [req-c6680612-2644-4aaa-80d8-9276f4a92d10 req-c6680612-2644-4aaa-80d8-9276f4a92d10 ] Request (ServerDiagnosticsV248Test:setUpClass): 201 POST http://10.180.1.21/identity/v3/auth/tokens 0.070s
2025-05-14 06:47:58.139 69678 INFO tempest.lib.common.rest_client [req-cca752e2-b56d-40c0-8e14-d2abda12fba8 req-cca752e2-b56d-40c0-8e14-d2abda12fba8 ] Request (ServerDiagnosticsV248Test:setUpClass): 201 POST http://10.180.1.21/identity/v3/projects 0.027s
2025-05-14 06:47:58.173 69672 INFO tempest.lib.common.rest_client [req-d6415a22-9f61-4e87-ae4d-1d8fe918d030 req-d6415a22-9f61-4e87-ae4d-1d8fe918d030 ] Request (AZAdminV2TestJSON:tearDownClass): 204 DELETE http://10.180.1.21/identity/v3/projects/76a1c8d3c2e64dcfba11dfc6baae822a 0.139s
2025-05-14 06:47:58.174 69672 INFO tempest.test [-] raised in LiveAutoBlockMigrationV225Test.setUpClass. Invoking tearDownClass.
2025-05-14 06:47:58.228 69678 INFO tempest.lib.common.rest_client [req-e4a08ce9-1547-407b-8f65-4f6d5e957157 req-e4a08ce9-1547-407b-8f65-4f6d5e957157 ] Request (ServerDiagnosticsV248Test:setUpClass): 201 POST http://10.180.1.21/identity/v3/users 0.088s
2025-05-14 06:47:58.239 69672 INFO tempest.lib.common.rest_client [req-00995da7-c82e-4054-82c1-efe80f2b1ec8 req-00995da7-c82e-4054-82c1-efe80f2b1ec8 ] Request (ImagesMetadataTestJSON:setUpClass): 201 POST http://10.180.1.21/identity/v3/auth/tokens 0.061s
2025-05-14 06:47:58.253 69678 INFO tempest.lib.common.rest_client [req-d0d6c267-1b1d-48d9-a688-c535c0e652ea req-d0d6c267-1b1d-48d9-a688-c535c0e652ea ] Request (ServerDiagnosticsV248Test:setUpClass): 200 GET http://10.180.1.21/identity/v3/roles 0.024s
2025-05-14 06:47:58.272 69672 INFO tempest.lib.common.rest_client [req-ac1a1917-d35a-44f7-a269-7be3ad26c232 req-ac1a1917-d35a-44f7-a269-7be3ad26c232 ] Request (ImagesMetadataTestJSON:setUpClass): 201 POST http://10.180.1.21/identity/v3/auth/tokens 0.030s
2025-05-14 06:47:58.289 69678 INFO tempest.lib.common.rest_client [req-3ffe1e3e-8cc1-4683-a2f4-a3c703753680 req-3ffe1e3e-8cc1-4683-a2f4-a3c703753680 ] Request (ServerDiagnosticsV248Test:setUpClass): 204 PUT http://10.180.1.21/identity/v3/projects/87d247433e0549a3af029f84be2722cd/users/2aa605160f7a4f63a12d639a6c2fd20c/roles/70373c9306af4a11a5f3f7fcd6d85892 0.036s
2025-05-14 06:47:58.307 69672 INFO tempest.lib.common.rest_client [req-f93c9ca9-4191-4f06-9ec8-1bdf2b04e1ee req-f93c9ca9-4191-4f06-9ec8-1bdf2b04e1ee ] Request (ImagesMetadataTestJSON:setUpClass): 200 GET http://10.180.1.21/identity/v3/domains?name=Default 0.032s
2025-05-14 06:47:58.345 69678 INFO tempest.lib.common.rest_client [req-dc14ef4b-38bf-4d0b-a972-8a9d32ec8f2d req-dc14ef4b-38bf-4d0b-a972-8a9d32ec8f2d ] Request (ServerDiagnosticsV248Test:setUpClass): 200 GET http://10.180.1.21/identity/v3/roles 0.055s
2025-05-14 06:47:58.366 69678 INFO tempest.lib.common.rest_client [req-2f7b2928-47c9-49a0-ac20-26f1e8cc7e0e req-2f7b2928-47c9-49a0-ac20-26f1e8cc7e0e ] Request (ServerDiagnosticsV248Test:setUpClass): 204 PUT http://10.180.1.21/identity/v3/projects/87d247433e0549a3af029f84be2722cd/users/2aa605160f7a4f63a12d639a6c2fd20c/roles/70373c9306af4a11a5f3f7fcd6d85892 0.021s
2025-05-14 06:47:58.366 69678 INFO tempest.lib.common.dynamic_creds [-] Dynamic test user 2aa605160f7a4f63a12d639a6c2fd20c is created with scope project and roles: ['admin']
2025-05-14 06:47:58.367 69678 INFO tempest.lib.common.dynamic_creds [-] Acquired dynamic creds: credentials: Credentials: {'domain_id': 'default', 'domain_name': 'Default', 'username': 'tempest-ServerDiagnosticsV248Test-615077689-project-admin', 'project_domain_id': 'default', 'project_domain_name': 'Default', 'project_id': '87d247433e0549a3af029f84be2722cd', 'project_name': 'tempest-ServerDiagnosticsV248Test-615077689', 'tenant_id': '87d247433e0549a3af029f84be2722cd', 'tenant_name': 'tempest-ServerDiagnosticsV248Test-615077689', 'user_domain_id': 'default', 'user_domain_name': 'Default', 'user_id': '2aa605160f7a4f63a12d639a6c2fd20c', 'system': None}, Network: None, Subnet: None, Router: None
2025-05-14 06:47:58.367 69678 INFO tempest.lib.common.dynamic_creds [-] Created isolated network resources for: credentials: Credentials: {'domain_id': 'default', 'domain_name': 'Default', 'username': 'tempest-ServerDiagnosticsV248Test-615077689-project-admin', 'project_domain_id': 'default', 'project_domain_name': 'Default', 'project_id': '87d247433e0549a3af029f84be2722cd', 'project_name': 'tempest-ServerDiagnosticsV248Test-615077689', 'tenant_id': '87d247433e0549a3af029f84be2722cd', 'tenant_name': 'tempest-ServerDiagnosticsV248Test-615077689', 'user_domain_id': 'default', 'user_domain_name': 'Default', 'user_id': '2aa605160f7a4f63a12d639a6c2fd20c', 'system': None}, Network: None, Subnet: None, Router: None
2025-05-14 06:47:58.377 69672 INFO tempest.lib.common.rest_client [req-05a3f778-0127-44da-84de-aac9db8398c8 req-05a3f778-0127-44da-84de-aac9db8398c8 ] Request (ImagesMetadataTestJSON:setUpClass): 201 POST http://10.180.1.21/identity/v3/projects 0.067s
2025-05-14 06:47:58.452 69672 INFO tempest.lib.common.rest_client [req-e4cc6d96-0895-4dc5-9476-44683df5ed04 req-e4cc6d96-0895-4dc5-9476-44683df5ed04 ] Request (ImagesMetadataTestJSON:setUpClass): 201 POST http://10.180.1.21/identity/v3/users 0.075s
2025-05-14 06:47:58.453 69678 INFO tempest.lib.common.rest_client [req-11c6990d-f74d-47b6-bb30-f7f4d2ea1971 req-11c6990d-f74d-47b6-bb30-f7f4d2ea1971 ] Request (ServerDiagnosticsV248Test:setUpClass): 201 POST http://10.180.1.21/identity/v3/auth/tokens 0.082s
2025-05-14 06:47:58.479 69672 INFO tempest.lib.common.rest_client [req-9c82fac6-c90e-4cc4-9f99-2545c67a89d3 req-9c82fac6-c90e-4cc4-9f99-2545c67a89d3 ] Request (ImagesMetadataTestJSON:setUpClass): 200 GET http://10.180.1.21/identity/v3/roles 0.026s
2025-05-14 06:47:58.496 69702 INFO tempest.lib.common.rest_client [req-5307db91-f341-4810-88bf-12d1250768d7 req-5307db91-f341-4810-88bf-12d1250768d7 ] Request (ServersTestJSON:setUpClass): 202 POST http://10.180.1.21/compute/v2.1/servers 3.397s
2025-05-14 06:47:58.509 69652 INFO tempest.lib.common.rest_client [req-ddaeeff3-c067-4739-ae2c-3a01693343e1 req-ddaeeff3-c067-4739-ae2c-3a01693343e1 ] Request (KeyPairsV210TestJSON:test_admin_manage_keypairs_for_other_users): 200 GET http://10.180.1.21/compute/v2.1/os-keypairs/tempest-keypair-67241747?user_id=64a1dae6222f459b9beb9907979d0242 2.717s
2025-05-14 06:47:58.514 69692 INFO tempest.lib.common.rest_client [req-940ccd73-5189-4078-8ee3-5210bf72d6e8 req-940ccd73-5189-4078-8ee3-5210bf72d6e8 ] Request (MultipleCreateNegativeTestJSON:test_max_count_non_integer): 400 POST http://10.180.1.21/compute/v2.1/servers 2.676s
2025-05-14 06:47:58.517 69672 INFO tempest.lib.common.rest_client [req-d5d7dc9b-0d94-4be0-94c7-88bf76e3f971 req-d5d7dc9b-0d94-4be0-94c7-88bf76e3f971 ] Request (ImagesMetadataTestJSON:setUpClass): 204 PUT http://10.180.1.21/identity/v3/projects/4ef11726871346dda8c3a251ac0657b1/users/789fe4d51e4d44cb9bd27b6293dd7ada/roles/0609a4e2993047a1a72e5fb71a609f23 0.038s
2025-05-14 06:47:58.518 69672 INFO tempest.lib.common.dynamic_creds [-] Dynamic test user 789fe4d51e4d44cb9bd27b6293dd7ada is created with scope project and roles: ['member']
2025-05-14 06:47:58.518 69672 INFO tempest.lib.common.dynamic_creds [-] Acquired dynamic creds: credentials: Credentials: {'domain_id': 'default', 'domain_name': 'Default', 'username': 'tempest-ImagesMetadataTestJSON-596349327-project-member', 'project_domain_id': 'default', 'project_domain_name': 'Default', 'project_id': '4ef11726871346dda8c3a251ac0657b1', 'project_name': 'tempest-ImagesMetadataTestJSON-596349327', 'tenant_id': '4ef11726871346dda8c3a251ac0657b1', 'tenant_name': 'tempest-ImagesMetadataTestJSON-596349327', 'user_domain_id': 'default', 'user_domain_name': 'Default', 'user_id': '789fe4d51e4d44cb9bd27b6293dd7ada', 'system': None}, Network: None, Subnet: None, Router: None
2025-05-14 06:47:58.518 69672 INFO tempest.lib.common.dynamic_creds [-] Created isolated network resources for: credentials: Credentials: {'domain_id': 'default', 'domain_name': 'Default', 'username': 'tempest-ImagesMetadataTestJSON-596349327-project-member', 'project_domain_id': 'default', 'project_domain_name': 'Default', 'project_id': '4ef11726871346dda8c3a251ac0657b1', 'project_name': 'tempest-ImagesMetadataTestJSON-596349327', 'tenant_id': '4ef11726871346dda8c3a251ac0657b1', 'tenant_name': 'tempest-ImagesMetadataTestJSON-596349327', 'user_domain_id': 'default', 'user_domain_name': 'Default', 'user_id': '789fe4d51e4d44cb9bd27b6293dd7ada', 'system': None}, Network: None, Subnet: None, Router: None
2025-05-14 06:47:58.535 69678 INFO tempest.lib.common.rest_client [req-5bc2392f-e188-4a23-91a7-c0d384e362f0 req-5bc2392f-e188-4a23-91a7-c0d384e362f0 ] Request (ServerDiagnosticsV248Test:test_get_server_diagnostics): 201 POST http://10.180.1.21/identity/v3/auth/tokens 0.078s
2025-05-14 06:47:58.536 69678 INFO tempest.lib.common.fixed_network [-] (ServerDiagnosticsV248Test:test_get_server_diagnostics) Found network None available for tenant
2025-05-14 06:47:58.578 69692 INFO tempest.lib.common.rest_client [req-f94781b2-d087-49f8-b86e-631cc852b5f8 req-f94781b2-d087-49f8-b86e-631cc852b5f8 ] Request (MultipleCreateNegativeTestJSON:test_min_count_less_than_one): 201 POST http://10.180.1.21/identity/v3/auth/tokens 0.059s
2025-05-14 06:47:58.579 69692 INFO tempest.lib.common.fixed_network [-] (MultipleCreateNegativeTestJSON:test_min_count_less_than_one) Found network None available for tenant
2025-05-14 06:47:58.583 69658 INFO tempest.lib.common.rest_client [req-3feca0af-3577-4184-af4d-94600d877e5a req-3feca0af-3577-4184-af4d-94600d877e5a ] Request (ServersTestFqdnHostnames:test_create_server_with_fqdn_name): 200 GET http://10.180.1.21/compute/v2.1/servers/9db1b0ba-ae45-4bcb-a3cf-69e497fa3357 2.826s
2025-05-14 06:47:58.592 69708 INFO tempest.lib.common.rest_client [req-31bfa131-7ded-4b4f-9295-6c29e5f4c9a0 req-31bfa131-7ded-4b4f-9295-6c29e5f4c9a0 ] Request (FlavorsExtraSpecsNegativeTestJSON:test_flavor_non_admin_set_keys): 403 POST http://10.180.1.21/compute/v2.1/flavors/1291372283/os-extra_specs 2.575s
2025-05-14 06:47:58.593 69658 INFO tempest.common.waiters [-] State transition "BUILD/None" ==> "BUILD/spawning" after 4 second wait
2025-05-14 06:47:58.612 69667 INFO tempest.lib.common.rest_client [req-247062d9-390f-4ec5-8133-209476dff98c req-247062d9-390f-4ec5-8133-209476dff98c ] Request (HostsAdminTestJSON:test_list_hosts_with_nonexistent_zone): 200 GET http://10.180.1.21/compute/v2.1/os-hosts?zone=xxx 2.533s
2025-05-14 06:47:58.623 69672 INFO tempest.lib.common.rest_client [req-bb9546e9-6993-4988-824b-dec79956e618 req-bb9546e9-6993-4988-824b-dec79956e618 ] Request (ImagesMetadataTestJSON:setUpClass): 201 POST http://10.180.1.21/identity/v3/auth/tokens 0.100s
2025-05-14 06:47:58.633 69662 INFO tempest.lib.common.rest_client [req-0e8c4179-5b68-4bd3-b571-de92299312e7 req-0e8c4179-5b68-4bd3-b571-de92299312e7 ] Request (ServicesAdminTestJSON:test_get_service_by_service_binary_name): 200 GET http://10.180.1.21/compute/v2.1/os-services?binary=nova-compute 2.544s
2025-05-14 06:47:58.704 69674 INFO tempest.lib.common.rest_client [req-24c843ed-23fc-4c07-81c8-e1554fc73dfa req-24c843ed-23fc-4c07-81c8-e1554fc73dfa ] Request (FlavorsAccessNegativeTestJSON:test_add_flavor_access_duplicate): 200 POST http://10.180.1.21/compute/v2.1/flavors/90695717/action 2.795s
2025-05-14 06:47:58.954 69686 INFO tempest.lib.common.rest_client [req-926a761f-2ef6-4755-94c7-d4fc13c1fc2d req-926a761f-2ef6-4755-94c7-d4fc13c1fc2d ] Request (AggregatesAdminNegativeTestJSON:test_aggregate_add_existent_host): 200 POST http://10.180.1.21/compute/v2.1/os-aggregates/1/action 2.836s
2025-05-14 06:47:58.974 69696 INFO tempest.lib.common.rest_client [req-d67a75d8-7a16-4e9b-9526-3f744270ce92 req-d67a75d8-7a16-4e9b-9526-3f744270ce92 ] Request (VolumesAssistedSnapshotsTest:setUpClass): 200 PUT http://10.180.1.21:9696/networking/v2.0/routers/233c7ffb-6805-4a6b-ad48-0115a2b1b21e/add_router_interface 2.882s
2025-05-14 06:47:58.974 69696 INFO tempest.lib.common.dynamic_creds [-] Created isolated network resources for: credentials: Credentials: {'domain_id': 'default', 'domain_name': 'Default', 'username': 'tempest-VolumesAssistedSnapshotsTest-237556366-project-admin', 'project_domain_id': 'default', 'project_domain_name': 'Default', 'project_id': 'a154ea6125204aa69269fc87e4b34b82', 'project_name': 'tempest-VolumesAssistedSnapshotsTest-237556366', 'tenant_id': 'a154ea6125204aa69269fc87e4b34b82', 'tenant_name': 'tempest-VolumesAssistedSnapshotsTest-237556366', 'user_domain_id': 'default', 'user_domain_name': 'Default', 'user_id': 'b0426cee6d364a3ea2a269191b16dffb', 'system': None}, Network: {'id': 'dff0aa7e-d711-4313-8b82-732320397be5', 'name': 'tempest-VolumesAssistedSnapshotsTest-80202019-network', 'tenant_id': 'a154ea6125204aa69269fc87e4b34b82', 'admin_state_up': True, 'mtu': 8950, 'status': 'ACTIVE', 'subnets': [], 'shared': False, 'project_id': 'a154ea6125204aa69269fc87e4b34b82', 'port_security_enabled': True, 'router:external': False, 'provider:network_type': 'vlan', 'provider:physical_network': 'default', 'provider:segmentation_id': 660, 'availability_zone_hints': [], 'availability_zones': [], 'ipv4_address_scope': None, 'ipv6_address_scope': None, 'description': '', 'tags': [], 'created_at': '2025-05-14T06:47:53Z', 'updated_at': '2025-05-14T06:47:53Z', 'revision_number': 1}, Subnet: {'id': '648fa51e-f02b-427e-bbbb-2d71c4551854', 'name': 'tempest-VolumesAssistedSnapshotsTest-80202019-subnet', 'tenant_id': 'a154ea6125204aa69269fc87e4b34b82', 'network_id': 'dff0aa7e-d711-4313-8b82-732320397be5', 'ip_version': 4, 'subnetpool_id': None, 'enable_dhcp': True, 'ipv6_ra_mode': None, 'ipv6_address_mode': None, 'gateway_ip': '192.168.128.1', 'cidr': '192.168.128.0/28', 'allocation_pools': [{'start': '192.168.128.2', 'end': '192.168.128.14'}], 'host_routes': [], 'dns_nameservers': [], 'description': '', 'router:external': False, 'service_types': [], 'tags': [], 'created_at': '2025-05-14T06:47:53Z', 'updated_at': '2025-05-14T06:47:53Z', 'revision_number': 0, 'project_id': 'a154ea6125204aa69269fc87e4b34b82'}, Router: {'id': '233c7ffb-6805-4a6b-ad48-0115a2b1b21e', 'name': 'tempest-VolumesAssistedSnapshotsTest-80202019-router', 'tenant_id': 'a154ea6125204aa69269fc87e4b34b82', 'admin_state_up': True, 'status': 'ACTIVE', 'external_gateway_info': {'network_id': 'c8f572d1-4b5c-45a3-9d3c-7908ad40d3d9', 'external_fixed_ips': [{'subnet_id': '892ba09c-f7a1-4eaa-970c-52dde487cb9d', 'ip_address': '10.180.180.230'}], 'enable_snat': True}, 'description': '', 'availability_zones': [], 'distributed': False, 'ha': False, 'availability_zone_hints': [], 'routes': [], 'flavor_id': None, 'tags': [], 'created_at': '2025-05-14T06:47:53Z', 'updated_at': '2025-05-14T06:47:54Z', 'revision_number': 2, 'project_id': 'a154ea6125204aa69269fc87e4b34b82'}
2025-05-14 06:47:59.039 69684 INFO tempest.lib.common.rest_client [req-6ee18857-4f23-47e0-8d01-20ac592a2bc7 req-6ee18857-4f23-47e0-8d01-20ac592a2bc7 ] Request (FlavorsExtraSpecsTestJSON:test_flavor_non_admin_get_all_keys): 200 GET http://10.180.1.21/compute/v2.1/flavors/320342252/os-extra_specs 2.873s
2025-05-14 06:47:59.066 69698 INFO tempest.lib.common.rest_client [req-25bd7512-0ca2-4eaf-8250-b2c2b5c9fbe7 req-25bd7512-0ca2-4eaf-8250-b2c2b5c9fbe7 ] Request (FlavorMetadataValidation:_run_cleanups): 202 DELETE http://10.180.1.21/compute/v2.1/flavors/1157503102 2.797s
2025-05-14 06:47:59.066 69696 INFO tempest.lib.common.rest_client [req-ef5526a5-6718-40b6-ada3-63ed4870be30 req-ef5526a5-6718-40b6-ada3-63ed4870be30 ] Request (VolumesAssistedSnapshotsTest:setUpClass): 201 POST http://10.180.1.21/identity/v3/auth/tokens 0.089s
2025-05-14 06:47:59.081 69688 INFO tempest.lib.common.rest_client [req-3c590612-57fa-4168-8f93-f6017969eede req-3c590612-57fa-4168-8f93-f6017969eede ] Request (ServicesAdminNegativeV253TestJSON:test_enable_service_with_invalid_service_id): 404 PUT http://10.180.1.21/compute/v2.1/os-services/ece5df35-6e16-4a92-b3d9-91421ec719ba 2.789s
2025-05-14 06:47:59.105 69648 INFO tempest.lib.common.rest_client [req-f3214e7f-546e-4909-995b-3770fb8e0e59 req-f3214e7f-546e-4909-995b-3770fb8e0e59 ] Request (HypervisorAdminTestJSON:test_get_hypervisor_show_details): 200 GET http://10.180.1.21/compute/v2.1/os-hypervisors 2.785s
2025-05-14 06:47:59.147 69672 INFO tempest.lib.common.rest_client [req-5c0d4121-ff2e-45d0-8f48-8dc1e632ed7e req-5c0d4121-ff2e-45d0-8f48-8dc1e632ed7e ] Request (ImagesMetadataTestJSON:setUpClass): 201 POST http://10.180.1.21/image/v2/images 0.523s
2025-05-14 06:47:59.150 69696 INFO tempest.lib.common.rest_client [req-069d05e7-8b84-48b3-92ff-21e4a0806711 req-069d05e7-8b84-48b3-92ff-21e4a0806711 ] Request (VolumesAssistedSnapshotsTest:setUpClass): 201 POST http://10.180.1.21/identity/v3/projects 0.083s
2025-05-14 06:47:59.207 69664 INFO tempest.lib.common.rest_client [req-0cf21224-9f4f-49af-b2ad-9771f1e87717 req-0cf21224-9f4f-49af-b2ad-9771f1e87717 ] Request (FlavorsAccessTestJSON:test_flavor_access_add_remove): 200 GET http://10.180.1.21/compute/v2.1/flavors/detail 2.800s
2025-05-14 06:47:59.212 69696 INFO tempest.lib.common.rest_client [req-0128f768-b19d-4b7f-b11a-ab560261278f req-0128f768-b19d-4b7f-b11a-ab560261278f ] Request (VolumesAssistedSnapshotsTest:setUpClass): 201 POST http://10.180.1.21/identity/v3/users 0.062s
2025-05-14 06:47:59.230 69706 INFO tempest.lib.common.rest_client [req-51cec08a-85ca-46fd-b23b-c176230f3cc5 req-51cec08a-85ca-46fd-b23b-c176230f3cc5 ] Request (FlavorsAdminTestJSON:_run_cleanups): 200 GET http://10.180.1.21/compute/v2.1/flavors/detail 2.796s
2025-05-14 06:47:59.235 69696 INFO tempest.lib.common.rest_client [req-4d151bb1-2c7b-4820-a0d0-e1ffc8c824dd req-4d151bb1-2c7b-4820-a0d0-e1ffc8c824dd ] Request (VolumesAssistedSnapshotsTest:setUpClass): 200 GET http://10.180.1.21/identity/v3/roles 0.022s
2025-05-14 06:47:59.241 69694 INFO tempest.lib.common.rest_client [req-d64c1951-d773-455c-a36c-15fb67634f29 req-d64c1951-d773-455c-a36c-15fb67634f29 ] Request (TenantUsagesNegativeTestJSON:test_get_usage_tenant_with_invalid_date): 400 GET http://10.180.1.21/compute/v2.1/os-simple-tenant-usage/7fbd23e155584c2b83d09a0c3d57d21c?start=2025-05-15T06%3A47%3A54.356410&end=2025-05-13T06%3A47%3A54.356410 2.746s
2025-05-14 06:47:59.268 69696 INFO tempest.lib.common.rest_client [req-40c5082d-75bc-4deb-8c15-ac5c94f780bf req-40c5082d-75bc-4deb-8c15-ac5c94f780bf ] Request (VolumesAssistedSnapshotsTest:setUpClass): 204 PUT http://10.180.1.21/identity/v3/projects/731514d5b35545ccb18a302f46729177/users/61bdb573dbcf4e149db6d26842607ea3/roles/70373c9306af4a11a5f3f7fcd6d85892 0.032s
2025-05-14 06:47:59.278 69700 INFO tempest.lib.common.rest_client [req-c8ff16bb-a74e-451e-8fc9-68fce1bca78d req-c8ff16bb-a74e-451e-8fc9-68fce1bca78d ] Request (FlavorsV255TestJSON:test_crud_flavor): 200 PUT http://10.180.1.21/compute/v2.1/flavors/1977568338 2.676s
2025-05-14 06:47:59.300 69704 INFO tempest.lib.common.rest_client [req-76264ea0-a3ed-4375-83c7-d6da866d8519 req-76264ea0-a3ed-4375-83c7-d6da866d8519 ] Request (HypervisorAdminUnderV252Test:test_search_hypervisor): 200 GET http://10.180.1.21/compute/v2.1/os-hypervisors 2.618s
2025-05-14 06:47:59.320 69696 INFO tempest.lib.common.rest_client [req-0a2e8b72-1eed-40ac-896f-2a28a7f47b64 req-0a2e8b72-1eed-40ac-896f-2a28a7f47b64 ] Request (VolumesAssistedSnapshotsTest:setUpClass): 200 GET http://10.180.1.21/identity/v3/roles 0.051s
2025-05-14 06:47:59.345 69696 INFO tempest.lib.common.rest_client [req-02b1e984-20b1-4d3a-b017-286c95c81d27 req-02b1e984-20b1-4d3a-b017-286c95c81d27 ] Request (VolumesAssistedSnapshotsTest:setUpClass): 204 PUT http://10.180.1.21/identity/v3/projects/731514d5b35545ccb18a302f46729177/users/61bdb573dbcf4e149db6d26842607ea3/roles/5255fa8428f14c69ae55d060bd6fe426 0.024s
2025-05-14 06:47:59.345 69696 INFO tempest.lib.common.dynamic_creds [-] Dynamic test user 61bdb573dbcf4e149db6d26842607ea3 is created with scope project and roles: ['admin', 'service']
2025-05-14 06:47:59.345 69696 INFO tempest.lib.common.dynamic_creds [-] Acquired dynamic creds: credentials: Credentials: {'domain_id': 'default', 'domain_name': 'Default', 'username': 'tempest-VolumesAssistedSnapshotsTest-183865263-project', 'project_domain_id': 'default', 'project_domain_name': 'Default', 'project_id': '731514d5b35545ccb18a302f46729177', 'project_name': 'tempest-VolumesAssistedSnapshotsTest-183865263', 'tenant_id': '731514d5b35545ccb18a302f46729177', 'tenant_name': 'tempest-VolumesAssistedSnapshotsTest-183865263', 'user_domain_id': 'default', 'user_domain_name': 'Default', 'user_id': '61bdb573dbcf4e149db6d26842607ea3', 'system': None}, Network: None, Subnet: None, Router: None
2025-05-14 06:47:59.382 69680 INFO tempest.lib.common.rest_client [req-d53b90cd-fda7-482e-8ade-6fc853ac316b req-d53b90cd-fda7-482e-8ade-6fc853ac316b ] Request (ServerActionsV293TestJSON:setUpClass): 200 PUT http://10.180.1.21:9696/networking/v2.0/routers/a50ca5d5-bcee-43af-bd45-9190862928ac/add_router_interface 2.956s
