2025-05-14 06:48:15.765 69706 INFO tempest.lib.common.rest_client [req-0dcb45de-6c11-4949-b316-e1106664a5a1 req-0dcb45de-6c11-4949-b316-e1106664a5a1 ] Request (FlavorsAdminTestJSON:_run_cleanups): 200 GET http://10.180.1.21/compute/v2.1/flavors/detail 2.118s
2025-05-14 06:48:15.767 69700 INFO tempest.lib.common.rest_client [req-e9125546-075e-4745-9ef2-0ff7da2b4914 req-e9125546-075e-4745-9ef2-0ff7da2b4914 ] Request (SecurityGroupRulesTestJSON:setUpClass): 200 PUT http://10.180.1.21:9696/networking/v2.0/routers/ad0dc44c-c3d4-41fe-ae14-8f85b848c5df/add_router_interface 3.190s
2025-05-14 06:48:15.769 69700 INFO tempest.lib.common.dynamic_creds [-] Created isolated network resources for: credentials: Credentials: {'domain_id': 'default', 'domain_name': 'Default', 'username': 'tempest-SecurityGroupRulesTestJSON-758565997-project-member', 'project_domain_id': 'default', 'project_domain_name': 'Default', 'project_id': 'f862c897568e4583aaec40cb0601f344', 'project_name': 'tempest-SecurityGroupRulesTestJSON-758565997', 'tenant_id': 'f862c897568e4583aaec40cb0601f344', 'tenant_name': 'tempest-SecurityGroupRulesTestJSON-758565997', 'user_domain_id': 'default', 'user_domain_name': 'Default', 'user_id': 'c5c7b50514db44ca8bb027b1175ca9a5', 'system': None}, Network: {'id': '5aeb3abb-7803-4820-90e7-a0436a8a26df', 'name': 'tempest-SecurityGroupRulesTestJSON-848813549-network', 'tenant_id': 'f862c897568e4583aaec40cb0601f344', 'admin_state_up': True, 'mtu': 8950, 'status': 'ACTIVE', 'subnets': [], 'shared': False, 'project_id': 'f862c897568e4583aaec40cb0601f344', 'port_security_enabled': True, 'router:external': False, 'provider:network_type': 'vlan', 'provider:physical_network': 'default', 'provider:segmentation_id': 885, 'availability_zone_hints': [], 'availability_zones': [], 'ipv4_address_scope': None, 'ipv6_address_scope': None, 'description': '', 'tags': [], 'created_at': '2025-05-14T06:48:08Z', 'updated_at': '2025-05-14T06:48:08Z', 'revision_number': 1}, Subnet: {'id': 'dc74f089-8155-4dee-9795-0ce85bbb2fb6', 'name': 'tempest-SecurityGroupRulesTestJSON-848813549-subnet', 'tenant_id': 'f862c897568e4583aaec40cb0601f344', 'network_id': '5aeb3abb-7803-4820-90e7-a0436a8a26df', 'ip_version': 4, 'subnetpool_id': None, 'enable_dhcp': True, 'ipv6_ra_mode': None, 'ipv6_address_mode': None, 'gateway_ip': '192.168.128.1', 'cidr': '192.168.128.0/28', 'allocation_pools': [{'start': '192.168.128.2', 'end': '192.168.128.14'}], 'host_routes': [], 'dns_nameservers': [], 'description': '', 'router:external': False, 'service_types': [], 'tags': [], 'created_at': '2025-05-14T06:48:08Z', 'updated_at': '2025-05-14T06:48:08Z', 'revision_number': 0, 'project_id': 'f862c897568e4583aaec40cb0601f344'}, Router: {'id': 'ad0dc44c-c3d4-41fe-ae14-8f85b848c5df', 'name': 'tempest-SecurityGroupRulesTestJSON-848813549-router', 'tenant_id': 'f862c897568e4583aaec40cb0601f344', 'admin_state_up': True, 'status': 'ACTIVE', 'external_gateway_info': {'network_id': 'c8f572d1-4b5c-45a3-9d3c-7908ad40d3d9', 'external_fixed_ips': [{'subnet_id': '892ba09c-f7a1-4eaa-970c-52dde487cb9d', 'ip_address': '10.180.180.145'}], 'enable_snat': True}, 'description': '', 'availability_zones': [], 'distributed': False, 'ha': False, 'availability_zone_hints': [], 'routes': [], 'flavor_id': None, 'tags': [], 'created_at': '2025-05-14T06:48:09Z', 'updated_at': '2025-05-14T06:48:10Z', 'revision_number': 2, 'project_id': 'f862c897568e4583aaec40cb0601f344'}
2025-05-14 06:48:15.773 69660 INFO tempest.lib.common.rest_client [req-f7b2390c-1dcf-4319-9586-b5b0dd833a2a req-f7b2390c-1dcf-4319-9586-b5b0dd833a2a ] Request (FloatingIPsAssociationNegativeTestJSON:setUpClass): 200 GET http://10.180.1.21/compute/v2.1/servers/fff38139-053a-493f-80e9-1cc9844f733b 2.500s
2025-05-14 06:48:15.780 69648 INFO tempest.lib.common.rest_client [req-95ecda20-3f58-4d0a-9a9d-e75193ed7797 req-95ecda20-3f58-4d0a-9a9d-e75193ed7797 ] Request (ServersTestBootFromVolume:setUpClass): 201 POST http://10.180.1.21/identity/v3/auth/tokens 0.059s
2025-05-14 06:48:15.780 69708 INFO tempest.lib.common.rest_client [req-c39e79bb-2753-45ce-b9f5-ab03488177a6 req-c39e79bb-2753-45ce-b9f5-ab03488177a6 ] Request (InstanceActionsV221TestJSON:setUpClass): 201 POST http://10.180.1.21/identity/v3/auth/tokens 0.106s
2025-05-14 06:48:15.818 69664 INFO tempest.lib.common.rest_client [req-7226a6d7-a27d-49e5-8fd5-e4ff9d695a19 req-7226a6d7-a27d-49e5-8fd5-e4ff9d695a19 ] Request (QuotasAdminTestV236:setUpClass): 200 GET http://10.180.1.21/identity/v3/domains?name=Default 0.076s
2025-05-14 06:48:15.897 69654 INFO tempest.lib.common.rest_client [req-92f24488-9425-41b2-a800-06954204b44b req-92f24488-9425-41b2-a800-06954204b44b ] Request (AttachInterfacesV270Test:test_create_get_list_interfaces): 200 GET http://10.180.1.21/compute/v2.1/servers/e1a393f0-10b5-4e3e-afb0-4f5eca95f791 2.164s
2025-05-14 06:48:15.911 69654 INFO tempest.common.waiters [-] State transition "BUILD/None" ==> "BUILD/networking" after 14 second wait
2025-05-14 06:48:15.923 69700 INFO tempest.lib.common.rest_client [req-b4162b25-dce3-4573-843e-477d24108ae5 req-b4162b25-dce3-4573-843e-477d24108ae5 ] Request (SecurityGroupRulesTestJSON:setUpClass): 201 POST http://10.180.1.21/identity/v3/auth/tokens 0.145s
2025-05-14 06:48:15.930 69674 INFO tempest.lib.common.rest_client [req-0406f475-3724-4918-9ec3-2ec706dbb965 req-0406f475-3724-4918-9ec3-2ec706dbb965 ] Request (FlavorsAccessNegativeTestJSON:test_flavor_non_admin_add): 403 POST http://10.180.1.21/compute/v2.1/flavors/1132647810/action 2.262s
2025-05-14 06:48:15.937 69704 INFO tempest.lib.common.rest_client [req-89cb83ac-64ad-4ae0-b1ff-57750084f075 req-89cb83ac-64ad-4ae0-b1ff-57750084f075 ] Request (HypervisorAdminNegativeTestJSON:test_get_hypervisor_uptime_with_non_admin_user): 403 GET http://10.180.1.21/compute/v2.1/os-hypervisors/1/uptime 2.044s
2025-05-14 06:48:15.944 69648 INFO tempest.lib.common.rest_client [req-fd96e783-a987-403d-8ae6-fc3525ee3445 req-fd96e783-a987-403d-8ae6-fc3525ee3445 ] Request (ServersTestBootFromVolume:setUpClass): 200 GET http://10.180.1.21/identity/v3/domains?name=Default 0.164s
2025-05-14 06:48:15.952 69708 INFO tempest.lib.common.rest_client [req-04de04e8-77f4-44eb-8e87-04e038bafd61 req-04de04e8-77f4-44eb-8e87-04e038bafd61 ] Request (InstanceActionsV221TestJSON:setUpClass): 201 POST http://10.180.1.21/identity/v3/auth/tokens 0.168s
2025-05-14 06:48:15.952 69698 INFO tempest.lib.common.rest_client [req-bd6e1b34-eb49-45c8-954f-1e31b667fe5c req-bd6e1b34-eb49-45c8-954f-1e31b667fe5c ] Request (HypervisorAdminNegativeUnderV252Test:test_show_servers_with_nonexistent_hypervisor): 404 GET http://10.180.1.21/compute/v2.1/os-hypervisors/1e7189f4-a9ee-4b4d-9ca8-cc767eecc619/servers 2.052s
2025-05-14 06:48:15.969 69678 INFO tempest.lib.common.rest_client [req-6af351c9-809e-4ae8-8cc9-0862eecdbad2 req-6af351c9-809e-4ae8-8cc9-0862eecdbad2 ] Request (ServerDiagnosticsV248Test:test_get_server_diagnostics): 200 GET http://10.180.1.21/compute/v2.1/servers/004d22f6-e3e6-4966-b700-5b69f2b8f472 2.123s
2025-05-14 06:48:15.976 69650 INFO tempest.lib.common.rest_client [req-898b0d23-10e1-4f6a-b9a5-99add3c45016 req-898b0d23-10e1-4f6a-b9a5-99add3c45016 ] Request (HostsAdminNegativeTestJSON:test_update_nonexistent_host): 404 PUT http://10.180.1.21/compute/v2.1/os-hosts/nonexistent_hostname 2.070s
2025-05-14 06:48:15.980 69664 INFO tempest.lib.common.rest_client [req-6452ece7-b871-47b8-8e1a-d8fe524c2bc0 req-6452ece7-b871-47b8-8e1a-d8fe524c2bc0 ] Request (QuotasAdminTestV236:setUpClass): 201 POST http://10.180.1.21/identity/v3/projects 0.161s
2025-05-14 06:48:15.988 69648 INFO tempest.lib.common.rest_client [req-589b3095-3c34-4b9b-9757-6737e1d7dba8 req-589b3095-3c34-4b9b-9757-6737e1d7dba8 ] Request (ServersTestBootFromVolume:setUpClass): 201 POST http://10.180.1.21/identity/v3/projects 0.043s
2025-05-14 06:48:16.117 69708 INFO tempest.lib.common.rest_client [req-2e10871f-b07a-4b99-87d2-d34e8249f025 req-2e10871f-b07a-4b99-87d2-d34e8249f025 ] Request (InstanceActionsV221TestJSON:setUpClass): 200 GET http://10.180.1.21/identity/v3/domains?name=Default 0.164s
2025-05-14 06:48:16.156 69698 INFO tempest.lib.common.rest_client [req-7e18ad7c-3732-4357-a1ef-4a98c6d0e03f req-7e18ad7c-3732-4357-a1ef-4a98c6d0e03f ] Request (HypervisorAdminNegativeUnderV252Test:tearDownClass): 204 DELETE http://10.180.1.21/identity/v3/users/b61e3afdba62481fafcbd1bc78ead95f 0.199s
2025-05-14 06:48:16.198 69658 INFO tempest.lib.common.rest_client [req-000debaa-23fc-464c-8bf5-4e01ac797f76 req-000debaa-23fc-464c-8bf5-4e01ac797f76 ] Request (ServersTestFqdnHostnames:test_create_server_with_fqdn_name): 200 GET http://10.180.1.21/compute/v2.1/servers/9db1b0ba-ae45-4bcb-a3cf-69e497fa3357 2.145s
2025-05-14 06:48:16.211 69658 INFO tempest.common.waiters [-] State transition "BUILD/spawning" ==> "ACTIVE/None" after 22 second wait
2025-05-14 06:48:16.248 69650 INFO tempest.lib.common.rest_client [req-5f1f1e07-633c-46ef-9e9a-78578c64fd9d req-5f1f1e07-633c-46ef-9e9a-78578c64fd9d ] Request (HostsAdminNegativeTestJSON:tearDownClass): 204 DELETE http://10.180.1.21/identity/v3/users/fbbc07c205c44fc5bd395893ee526393 0.269s
2025-05-14 06:48:16.287 69646 INFO tempest.lib.common.rest_client [req-51e4cfd5-3509-4515-8dc8-e7f55175a999 req-51e4cfd5-3509-4515-8dc8-e7f55175a999 ] Request (DeleteServersAdminTestJSON:test_admin_delete_servers_of_others): 200 GET http://10.180.1.21/compute/v2.1/servers/65e23711-82b8-4f46-805e-69017d84226d 2.231s
2025-05-14 06:48:16.343 69648 INFO tempest.lib.common.rest_client [req-ec1ab2c7-ca2b-4048-84bd-bd9145b9a1f2 req-ec1ab2c7-ca2b-4048-84bd-bd9145b9a1f2 ] Request (ServersTestBootFromVolume:setUpClass): 201 POST http://10.180.1.21/identity/v3/users 0.353s
2025-05-14 06:48:16.387 69708 INFO tempest.lib.common.rest_client [req-b19ba0d0-d456-4ec9-b189-4b8018c9fbd8 req-b19ba0d0-d456-4ec9-b189-4b8018c9fbd8 ] Request (InstanceActionsV221TestJSON:setUpClass): 201 POST http://10.180.1.21/identity/v3/projects 0.270s
2025-05-14 06:48:16.395 69664 INFO tempest.lib.common.rest_client [req-f0c184c8-4651-4032-8266-b2a1daca4922 req-f0c184c8-4651-4032-8266-b2a1daca4922 ] Request (QuotasAdminTestV236:setUpClass): 201 POST http://10.180.1.21/identity/v3/users 0.414s
2025-05-14 06:48:16.494 69682 INFO tempest.lib.common.rest_client [req-a160da66-11e5-40c9-a2a9-4ad9a91f2f63 req-a160da66-11e5-40c9-a2a9-4ad9a91f2f63 ] Request (ServerPasswordTestJSON:setUpClass): 200 GET http://10.180.1.21/compute/v2.1/servers/def4786b-65c2-447f-a133-8b575067efe8 2.028s
2025-05-14 06:48:16.507 69682 INFO tempest.common.waiters [-] State transition "BUILD/spawning" ==> "ACTIVE/None" after 21 second wait
2025-05-14 06:48:16.521 69698 INFO tempest.lib.common.rest_client [req-0d40a11e-4a7b-46fa-bcdf-6db2b9f40801 req-0d40a11e-4a7b-46fa-bcdf-6db2b9f40801 ] Request (HypervisorAdminNegativeUnderV252Test:tearDownClass): 204 DELETE http://10.180.1.21/identity/v3/users/6145bbf3f90d461ab0b30b899bc46eaa 0.364s
2025-05-14 06:48:16.521 69698 INFO tempest.lib.common.dynamic_creds [-] Deleting project and security group for project: 3308074d01e94081a7fd24c5f3dab2f1
2025-05-14 06:48:16.640 69648 INFO tempest.lib.common.rest_client [req-443aa7a4-d138-48ea-a703-c40d47c6711a req-443aa7a4-d138-48ea-a703-c40d47c6711a ] Request (ServersTestBootFromVolume:setUpClass): 200 GET http://10.180.1.21/identity/v3/roles 0.297s
2025-05-14 06:48:16.654 69650 INFO tempest.lib.common.rest_client [req-028a30ac-f406-4d81-858f-ddb0e4279943 req-028a30ac-f406-4d81-858f-ddb0e4279943 ] Request (HostsAdminNegativeTestJSON:tearDownClass): 204 DELETE http://10.180.1.21/identity/v3/users/3c6ee5776dfe4564be96d71bb01aba59 0.406s
2025-05-14 06:48:16.654 69650 INFO tempest.lib.common.dynamic_creds [-] Deleting project and security group for project: 167905b3a70e4c328baca979c278e935
2025-05-14 06:48:16.713 69664 INFO tempest.lib.common.rest_client [req-7cd84ac2-5bb3-4323-9099-14f8cecb68c3 req-7cd84ac2-5bb3-4323-9099-14f8cecb68c3 ] Request (QuotasAdminTestV236:setUpClass): 200 GET http://10.180.1.21/identity/v3/roles 0.318s
2025-05-14 06:48:16.728 69708 INFO tempest.lib.common.rest_client [req-11a8d0e0-3125-4c30-a3f5-3d90e2a4e70a req-11a8d0e0-3125-4c30-a3f5-3d90e2a4e70a ] Request (InstanceActionsV221TestJSON:setUpClass): 201 POST http://10.180.1.21/identity/v3/users 0.340s
2025-05-14 06:48:16.736 69680 INFO tempest.lib.common.rest_client [req-26fe1793-4e86-4f49-872f-243815e27196 req-26fe1793-4e86-4f49-872f-243815e27196 ] Request (ServerActionsV293TestJSON:setUpClass): 200 GET http://10.180.1.21/volume/v3/volumes/c5180242-630e-46ad-b436-f464aa880b45 0.044s
2025-05-14 06:48:16.744 69698 INFO tempest.lib.common.rest_client [req-f922f264-edc7-41f2-aac6-61b57edd2914 req-f922f264-edc7-41f2-aac6-61b57edd2914 ] Request (HypervisorAdminNegativeUnderV252Test:tearDownClass): 201 POST http://10.180.1.21/identity/v3/auth/tokens 0.222s
2025-05-14 06:48:16.764 69648 INFO tempest.lib.common.rest_client [req-a701d28a-8460-46cf-9e42-1b3a3e848d61 req-a701d28a-8460-46cf-9e42-1b3a3e848d61 ] Request (ServersTestBootFromVolume:setUpClass): 204 PUT http://10.180.1.21/identity/v3/projects/2eef787d8d9d444a9636625a9338fa28/users/2313effa3f89447f980794990513cc60/roles/0609a4e2993047a1a72e5fb71a609f23 0.123s
2025-05-14 06:48:16.764 69648 INFO tempest.lib.common.dynamic_creds [-] Dynamic test user 2313effa3f89447f980794990513cc60 is created with scope project and roles: ['member']
2025-05-14 06:48:16.765 69648 INFO tempest.lib.common.dynamic_creds [-] Acquired dynamic creds: credentials: Credentials: {'domain_id': 'default', 'domain_name': 'Default', 'username': 'tempest-ServersTestBootFromVolume-851167974-project-member', 'project_domain_id': 'default', 'project_domain_name': 'Default', 'project_id': '2eef787d8d9d444a9636625a9338fa28', 'project_name': 'tempest-ServersTestBootFromVolume-851167974', 'tenant_id': '2eef787d8d9d444a9636625a9338fa28', 'tenant_name': 'tempest-ServersTestBootFromVolume-851167974', 'user_domain_id': 'default', 'user_domain_name': 'Default', 'user_id': '2313effa3f89447f980794990513cc60', 'system': None}, Network: None, Subnet: None, Router: None
2025-05-14 06:48:16.822 69702 INFO tempest.lib.common.rest_client [req-555b606b-c1bb-4ffa-8d31-4e78cf894927 req-555b606b-c1bb-4ffa-8d31-4e78cf894927 ] Request (ServersTestJSON:setUpClass): 200 GET http://10.180.1.21/compute/v2.1/servers/9c3b6446-8019-4eac-b0b9-1722de7181c6 2.348s
2025-05-14 06:48:16.830 69650 INFO tempest.lib.common.rest_client [req-5a980957-8fee-4162-afca-7452407b2673 req-5a980957-8fee-4162-afca-7452407b2673 ] Request (HostsAdminNegativeTestJSON:tearDownClass): 201 POST http://10.180.1.21/identity/v3/auth/tokens 0.175s
2025-05-14 06:48:16.839 69664 INFO tempest.lib.common.rest_client [req-df1168c2-b685-4c62-9a79-b56ea740d4f8 req-df1168c2-b685-4c62-9a79-b56ea740d4f8 ] Request (QuotasAdminTestV236:setUpClass): 204 PUT http://10.180.1.21/identity/v3/projects/4c89ddaa0647441fa67aa013d0323499/users/6f600777b08544d58876837491fc24ee/roles/0609a4e2993047a1a72e5fb71a609f23 0.125s
2025-05-14 06:48:16.839 69664 INFO tempest.lib.common.dynamic_creds [-] Dynamic test user 6f600777b08544d58876837491fc24ee is created with scope project and roles: ['member']
2025-05-14 06:48:16.839 69664 INFO tempest.lib.common.dynamic_creds [-] Acquired dynamic creds: credentials: Credentials: {'domain_id': 'default', 'domain_name': 'Default', 'username': 'tempest-QuotasAdminTestV236-1781296539-project-member', 'project_domain_id': 'default', 'project_domain_name': 'Default', 'project_id': '4c89ddaa0647441fa67aa013d0323499', 'project_name': 'tempest-QuotasAdminTestV236-1781296539', 'tenant_id': '4c89ddaa0647441fa67aa013d0323499', 'tenant_name': 'tempest-QuotasAdminTestV236-1781296539', 'user_domain_id': 'default', 'user_domain_name': 'Default', 'user_id': '6f600777b08544d58876837491fc24ee', 'system': None}, Network: None, Subnet: None, Router: None
2025-05-14 06:48:16.840 69664 INFO tempest.lib.common.dynamic_creds [-] Created isolated network resources for: credentials: Credentials: {'domain_id': 'default', 'domain_name': 'Default', 'username': 'tempest-QuotasAdminTestV236-1781296539-project-member', 'project_domain_id': 'default', 'project_domain_name': 'Default', 'project_id': '4c89ddaa0647441fa67aa013d0323499', 'project_name': 'tempest-QuotasAdminTestV236-1781296539', 'tenant_id': '4c89ddaa0647441fa67aa013d0323499', 'tenant_name': 'tempest-QuotasAdminTestV236-1781296539', 'user_domain_id': 'default', 'user_domain_name': 'Default', 'user_id': '6f600777b08544d58876837491fc24ee', 'system': None}, Network: None, Subnet: None, Router: None
2025-05-14 06:48:16.899 69708 INFO tempest.lib.common.rest_client [req-2e44a615-f272-4fc3-ad0f-695a4e051ce9 req-2e44a615-f272-4fc3-ad0f-695a4e051ce9 ] Request (InstanceActionsV221TestJSON:setUpClass): 200 GET http://10.180.1.21/identity/v3/roles 0.170s
2025-05-14 06:48:16.912 69648 INFO tempest.lib.common.rest_client [req-d9698f72-3514-40ba-b1dc-768ac84443e1 req-d9698f72-3514-40ba-b1dc-768ac84443e1 ] Request (ServersTestBootFromVolume:setUpClass): 201 POST http://10.180.1.21/identity/v3/auth/tokens 0.147s
2025-05-14 06:48:16.990 69708 INFO tempest.lib.common.rest_client [req-08e88451-2b78-4d1f-a388-d0f754dc558f req-08e88451-2b78-4d1f-a388-d0f754dc558f ] Request (InstanceActionsV221TestJSON:setUpClass): 204 PUT http://10.180.1.21/identity/v3/projects/879cf036aafd469ca0d5a817a44e6716/users/5588b6509cad4212a1b930b647763e51/roles/0609a4e2993047a1a72e5fb71a609f23 0.090s
2025-05-14 06:48:16.990 69708 INFO tempest.lib.common.dynamic_creds [-] Dynamic test user 5588b6509cad4212a1b930b647763e51 is created with scope project and roles: ['member']
2025-05-14 06:48:16.990 69708 INFO tempest.lib.common.dynamic_creds [-] Acquired dynamic creds: credentials: Credentials: {'domain_id': 'default', 'domain_name': 'Default', 'username': 'tempest-InstanceActionsV221TestJSON-26070750-project-member', 'project_domain_id': 'default', 'project_domain_name': 'Default', 'project_id': '879cf036aafd469ca0d5a817a44e6716', 'project_name': 'tempest-InstanceActionsV221TestJSON-26070750', 'tenant_id': '879cf036aafd469ca0d5a817a44e6716', 'tenant_name': 'tempest-InstanceActionsV221TestJSON-26070750', 'user_domain_id': 'default', 'user_domain_name': 'Default', 'user_id': '5588b6509cad4212a1b930b647763e51', 'system': None}, Network: None, Subnet: None, Router: None
2025-05-14 06:48:17.032 69664 INFO tempest.lib.common.rest_client [req-ea8d0a73-10d8-4e8b-ad69-89338e6816c9 req-ea8d0a73-10d8-4e8b-ad69-89338e6816c9 ] Request (QuotasAdminTestV236:setUpClass): 201 POST http://10.180.1.21/identity/v3/auth/tokens 0.186s
2025-05-14 06:48:17.070 69650 INFO tempest.lib.common.rest_client [req-8a949bc4-8d6e-4ac5-92ec-bf390afad4d6 req-8a949bc4-8d6e-4ac5-92ec-bf390afad4d6 ] Request (HostsAdminNegativeTestJSON:tearDownClass): 200 GET http://10.180.1.21:9696/networking/v2.0/security-groups?tenant_id=167905b3a70e4c328baca979c278e935&name=default 0.240s
2025-05-14 06:48:17.106 69708 INFO tempest.lib.common.rest_client [req-e23bc6e3-7230-4da5-8986-dd966cd249c7 req-e23bc6e3-7230-4da5-8986-dd966cd249c7 ] Request (InstanceActionsV221TestJSON:setUpClass): 201 POST http://10.180.1.21/identity/v3/auth/tokens 0.116s
2025-05-14 06:48:17.136 69664 INFO tempest.lib.common.rest_client [req-2070c116-1796-4393-9870-f4f16af5ab9a req-2070c116-1796-4393-9870-f4f16af5ab9a ] Request (QuotasAdminTestV236:setUpClass): 201 POST http://10.180.1.21/identity/v3/projects 0.104s
2025-05-14 06:48:17.174 69671 INFO tempest.lib.common.rest_client [req-4446c4be-b485-4bd8-baf6-54bb5a617c7f req-4446c4be-b485-4bd8-baf6-54bb5a617c7f ] Request (SecurityGroupsTestAdminJSON:_run_cleanups): 202 DELETE http://10.180.1.21/compute/v2.1/os-security-groups/9613e694-d0cc-4ce8-9247-f6405852cf82 2.664s
2025-05-14 06:48:17.208 69664 INFO tempest.lib.common.rest_client [req-49d4f1a3-b3e9-4d55-ae6e-743faf56f245 req-49d4f1a3-b3e9-4d55-ae6e-743faf56f245 ] Request (QuotasAdminTestV236:setUpClass): 201 POST http://10.180.1.21/identity/v3/users 0.070s
2025-05-14 06:48:17.229 69664 INFO tempest.lib.common.rest_client [req-5b351118-2e39-4f23-aec4-9280e90c3c43 req-5b351118-2e39-4f23-aec4-9280e90c3c43 ] Request (QuotasAdminTestV236:setUpClass): 200 GET http://10.180.1.21/identity/v3/roles 0.021s
2025-05-14 06:48:17.257 69664 INFO tempest.lib.common.rest_client [req-c1ce99d3-9f1a-46c4-9086-5a9fb693882c req-c1ce99d3-9f1a-46c4-9086-5a9fb693882c ] Request (QuotasAdminTestV236:setUpClass): 204 PUT http://10.180.1.21/identity/v3/projects/ac33d83e5e694314b118ace01072e457/users/5f65b58225b44734b85a15911a8f8e44/roles/70373c9306af4a11a5f3f7fcd6d85892 0.027s
2025-05-14 06:48:17.271 69650 INFO tempest.lib.common.rest_client [req-078391e2-47f9-42b5-a080-a0acbd2334f3 req-078391e2-47f9-42b5-a080-a0acbd2334f3 ] Request (HostsAdminNegativeTestJSON:tearDownClass): 204 DELETE http://10.180.1.21:9696/networking/v2.0/security-groups/4ca12c05-69da-4acc-95a3-549100656d0d 0.200s
2025-05-14 06:48:17.317 69664 INFO tempest.lib.common.rest_client [req-bf2ac075-23a7-4c67-ba27-43a5f8f73b2f req-bf2ac075-23a7-4c67-ba27-43a5f8f73b2f ] Request (QuotasAdminTestV236:setUpClass): 200 GET http://10.180.1.21/identity/v3/roles 0.060s
2025-05-14 06:48:17.340 69664 INFO tempest.lib.common.rest_client [req-ed101743-a9e7-4c60-a99d-ec29343855f5 req-ed101743-a9e7-4c60-a99d-ec29343855f5 ] Request (QuotasAdminTestV236:setUpClass): 204 PUT http://10.180.1.21/identity/v3/projects/ac33d83e5e694314b118ace01072e457/users/5f65b58225b44734b85a15911a8f8e44/roles/70373c9306af4a11a5f3f7fcd6d85892 0.023s
2025-05-14 06:48:17.341 69664 INFO tempest.lib.common.dynamic_creds [-] Dynamic test user 5f65b58225b44734b85a15911a8f8e44 is created with scope project and roles: ['admin']
2025-05-14 06:48:17.341 69664 INFO tempest.lib.common.dynamic_creds [-] Acquired dynamic creds: credentials: Credentials: {'domain_id': 'default', 'domain_name': 'Default', 'username': 'tempest-QuotasAdminTestV236-409085766-project-admin', 'project_domain_id': 'default', 'project_domain_name': 'Default', 'project_id': 'ac33d83e5e694314b118ace01072e457', 'project_name': 'tempest-QuotasAdminTestV236-409085766', 'tenant_id': 'ac33d83e5e694314b118ace01072e457', 'tenant_name': 'tempest-QuotasAdminTestV236-409085766', 'user_domain_id': 'default', 'user_domain_name': 'Default', 'user_id': '5f65b58225b44734b85a15911a8f8e44', 'system': None}, Network: None, Subnet: None, Router: None
2025-05-14 06:48:17.341 69664 INFO tempest.lib.common.dynamic_creds [-] Created isolated network resources for: credentials: Credentials: {'domain_id': 'default', 'domain_name': 'Default', 'username': 'tempest-QuotasAdminTestV236-409085766-project-admin', 'project_domain_id': 'default', 'project_domain_name': 'Default', 'project_id': 'ac33d83e5e694314b118ace01072e457', 'project_name': 'tempest-QuotasAdminTestV236-409085766', 'tenant_id': 'ac33d83e5e694314b118ace01072e457', 'tenant_name': 'tempest-QuotasAdminTestV236-409085766', 'user_domain_id': 'default', 'user_domain_name': 'Default', 'user_id': '5f65b58225b44734b85a15911a8f8e44', 'system': None}, Network: None, Subnet: None, Router: None
2025-05-14 06:48:17.395 69650 INFO tempest.lib.common.rest_client [req-34526c51-ab05-42a5-8f12-c8979bbf07fb req-34526c51-ab05-42a5-8f12-c8979bbf07fb ] Request (HostsAdminNegativeTestJSON:tearDownClass): 204 DELETE http://10.180.1.21/identity/v3/projects/167905b3a70e4c328baca979c278e935 0.122s
2025-05-14 06:48:17.395 69650 INFO tempest.lib.common.dynamic_creds [-] Deleting project and security group for project: 7439ecbfac2b47df8c4aabccfad49523
2025-05-14 06:48:17.447 69692 INFO tempest.lib.common.rest_client [req-1d2a634a-72f0-4b1d-b798-afade3a42c7b req-1d2a634a-72f0-4b1d-b798-afade3a42c7b ] Request (ServerMetadataTestJSON:setUpClass): 202 POST http://10.180.1.21/compute/v2.1/servers 3.264s
2025-05-14 06:48:17.495 69664 INFO tempest.lib.common.rest_client [req-b16b2642-640c-4934-8ba5-412b6d18893f req-b16b2642-640c-4934-8ba5-412b6d18893f ] Request (QuotasAdminTestV236:setUpClass): 201 POST http://10.180.1.21/identity/v3/auth/tokens 0.149s
2025-05-14 06:48:17.534 69664 INFO tempest.lib.common.rest_client [req-09d91f45-1810-415e-aa61-23635eaeb107 req-09d91f45-1810-415e-aa61-23635eaeb107 ] Request (QuotasAdminTestV236:test_get_updated_quotas): 200 GET http://10.180.1.21/identity/v3/domains?name=Default 0.038s
2025-05-14 06:48:17.557 69698 INFO tempest.lib.common.rest_client [req-bd20e266-9f06-4bda-adf1-135db9afdb35 req-bd20e266-9f06-4bda-adf1-135db9afdb35 ] Request (HypervisorAdminNegativeUnderV252Test:tearDownClass): 200 GET http://10.180.1.21:9696/networking/v2.0/security-groups?tenant_id=3308074d01e94081a7fd24c5f3dab2f1&name=default 0.812s
2025-05-14 06:48:17.565 69667 INFO tempest.lib.common.rest_client [req-2c8e71e3-f5e7-4152-bca0-1fbebd60a45d req-2c8e71e3-f5e7-4152-bca0-1fbebd60a45d ] Request (QuotasAdminNegativeTest:test_create_server_when_cpu_quota_is_full): 200 GET http://10.180.1.21/compute/v2.1/os-quota-sets/e1147802594647fa82702e1102350c20 3.027s
2025-05-14 06:48:17.579 69664 INFO tempest.lib.common.rest_client [req-4bfc055d-4a5d-446b-8340-21eed07f3f10 req-4bfc055d-4a5d-446b-8340-21eed07f3f10 ] Request (QuotasAdminTestV236:test_get_updated_quotas): 201 POST http://10.180.1.21/identity/v3/projects 0.044s
2025-05-14 06:48:17.588 69694 INFO tempest.lib.common.rest_client [req-1bba3c8e-92f6-463c-a724-791b30f83af8 req-1bba3c8e-92f6-463c-a724-791b30f83af8 ] Request (InstanceActionsNegativeTestJSON:setUpClass): 200 GET http://10.180.1.21/compute/v2.1/servers/40d2c0bd-36c0-4ddd-b94b-4e8687e4076d 2.990s
2025-05-14 06:48:17.599 69694 INFO tempest.common.waiters [-] State transition "BUILD/scheduling" ==> "BUILD/None" after 4 second wait
2025-05-14 06:48:17.661 69664 INFO tempest.lib.common.rest_client [req-3a226694-1ce5-405d-9653-22cb72d0fc55 req-3a226694-1ce5-405d-9653-22cb72d0fc55 ] Request (QuotasAdminTestV236:test_get_updated_quotas): 200 GET http://10.180.1.21/identity/v3/domains?name=Default 0.081s
2025-05-14 06:48:17.670 69652 INFO tempest.lib.common.rest_client [req-c76145b1-9616-4f38-bd44-06feb505bcd6 req-c76145b1-9616-4f38-bd44-06feb505bcd6 ] Request (ServerExternalEventsTest:test_create_server_external_events): 200 GET http://10.180.1.21/compute/v2.1/servers/b000e444-e6d0-4996-b1d8-8ec67a5fae6d 3.068s
2025-05-14 06:48:17.678 69652 INFO tempest.common.waiters [-] State transition "BUILD/scheduling" ==> "BUILD/None" after 4 second wait
2025-05-14 06:48:17.771 69676 INFO tempest.lib.common.rest_client [req-33b7dd61-7b57-40b9-8f2f-c3322830f2f0 req-33b7dd61-7b57-40b9-8f2f-c3322830f2f0 ] Request (ServersWithSpecificFlavorTestJSON:test_verify_created_server_ephemeral_disk): 200 GET http://10.180.1.21/compute/v2.1/servers/fa887b3d-5fd3-4b2d-b7ed-7676d95b9c16 2.687s
2025-05-14 06:48:17.784 69680 INFO tempest.lib.common.rest_client [req-7b512843-4588-4a8e-884b-a10da4d9eed3 req-7b512843-4588-4a8e-884b-a10da4d9eed3 ] Request (ServerActionsV293TestJSON:setUpClass): 200 GET http://10.180.1.21/volume/v3/volumes/c5180242-630e-46ad-b436-f464aa880b45 0.039s
2025-05-14 06:48:17.833 69698 INFO tempest.lib.common.rest_client [req-896d635b-443c-449e-a90b-262b79f7efd9 req-896d635b-443c-449e-a90b-262b79f7efd9 ] Request (HypervisorAdminNegativeUnderV252Test:tearDownClass): 204 DELETE http://10.180.1.21:9696/networking/v2.0/security-groups/8c624ae5-c9fe-4598-bcdc-cba8bcfc5d4d 0.275s
2025-05-14 06:48:17.859 69688 INFO tempest.lib.common.rest_client [req-a825742f-8b40-41c9-aaa2-d5b30487ae39 req-a825742f-8b40-41c9-aaa2-d5b30487ae39 ] Request (VolumesAdminNegativeTest:setUpClass): 201 POST http://10.180.1.21:9696/networking/v2.0/routers 2.189s
2025-05-14 06:48:17.891 69648 INFO tempest.lib.common.rest_client [req-841114b1-328a-40ba-8389-271132d7e834 req-841114b1-328a-40ba-8389-271132d7e834 ] Request (ServersTestBootFromVolume:setUpClass): 201 POST http://10.180.1.21:9696/networking/v2.0/networks 0.978s
2025-05-14 06:48:17.897 69708 INFO tempest.lib.common.rest_client [req-09203107-d319-4fc8-95dc-60b61e5497be req-09203107-d319-4fc8-95dc-60b61e5497be ] Request (InstanceActionsV221TestJSON:setUpClass): 201 POST http://10.180.1.21:9696/networking/v2.0/networks 0.790s
2025-05-14 06:48:17.989 69698 INFO tempest.lib.common.rest_client [req-c6d51572-c57c-463c-af12-2c53856c50ed req-c6d51572-c57c-463c-af12-2c53856c50ed ] Request (HypervisorAdminNegativeUnderV252Test:tearDownClass): 204 DELETE http://10.180.1.21/identity/v3/projects/3308074d01e94081a7fd24c5f3dab2f1 0.156s
2025-05-14 06:48:17.989 69698 INFO tempest.lib.common.dynamic_creds [-] Deleting project and security group for project: c9a1697a1293464f8770a949203f10c0
2025-05-14 06:48:17.997 69656 INFO tempest.lib.common.rest_client [req-980c2ab5-ffbd-4cd2-b68b-bd19defde69b req-980c2ab5-ffbd-4cd2-b68b-bd19defde69b ] Request (TenantUsagesTestJSON:setUpClass): 200 GET http://10.180.1.21/compute/v2.1/servers/18f7a9f5-478d-409e-8ddb-18f83cea0499 2.868s
2025-05-14 06:48:18.009 69656 INFO tempest.common.waiters [-] State transition "BUILD/spawning" ==> "ACTIVE/None" after 22 second wait
2025-05-14 06:48:18.060 69650 INFO tempest.lib.common.rest_client [req-10e17df4-1dec-4797-839b-9f00597db874 req-10e17df4-1dec-4797-839b-9f00597db874 ] Request (HostsAdminNegativeTestJSON:tearDownClass): 200 GET http://10.180.1.21:9696/networking/v2.0/security-groups?tenant_id=7439ecbfac2b47df8c4aabccfad49523&name=default 0.664s
2025-05-14 06:48:18.288 69672 INFO tempest.lib.common.rest_client [req-d8a777a1-57aa-4a29-8015-8a1a0a4e0030 req-d8a777a1-57aa-4a29-8015-8a1a0a4e0030 ] Request (ImagesMetadataTestJSON:test_set_image_metadata): 200 PUT http://10.180.1.21/compute/v2.1/images/7c0e0884-af47-49f3-83cb-4553be1f938e/metadata 3.007s
2025-05-14 06:48:18.316 69698 INFO tempest.lib.common.rest_client [req-b8920566-d425-4df9-a47e-9fd3bc277753 req-b8920566-d425-4df9-a47e-9fd3bc277753 ] Request (HypervisorAdminNegativeUnderV252Test:tearDownClass): 200 GET http://10.180.1.21:9696/networking/v2.0/security-groups?tenant_id=c9a1697a1293464f8770a949203f10c0&name=default 0.327s
2025-05-14 06:48:18.389 69696 INFO tempest.lib.common.rest_client [req-c7edbd3d-5f4e-4153-aa84-79415bd5a2af req-c7edbd3d-5f4e-4153-aa84-79415bd5a2af ] Request (VolumesAssistedSnapshotsTest:test_volume_assisted_snapshot_create_delete): 200 GET http://10.180.1.21/compute/v2.1/servers/2fcce97a-83ca-4275-87eb-e0fa94789783 2.808s
2025-05-14 06:48:18.395 69686 INFO tempest.lib.common.rest_client [req-a8a5c3e0-847e-4a8f-9db5-426b87cb2c09 req-a8a5c3e0-847e-4a8f-9db5-426b87cb2c09 ] Request (AggregatesAdminNegativeTestJSON:test_aggregate_create_aggregate_name_length_less_than_1): 400 POST http://10.180.1.21/compute/v2.1/os-aggregates 2.680s
2025-05-14 06:48:18.401 69650 INFO tempest.lib.common.rest_client [req-3800ca5e-208e-457d-846c-7ee0c3150a19 req-3800ca5e-208e-457d-846c-7ee0c3150a19 ] Request (HostsAdminNegativeTestJSON:tearDownClass): 204 DELETE http://10.180.1.21:9696/networking/v2.0/security-groups/2cc4db18-829c-40df-84af-103666d07a5a 0.341s
2025-05-14 06:48:18.427 69684 INFO tempest.lib.common.rest_client [req-aee45690-e857-4544-b4bf-bfcc421f45c3 req-aee45690-e857-4544-b4bf-bfcc421f45c3 ] Request (FlavorsExtraSpecsTestJSON:tearDownClass): 200 GET http://10.180.1.21/compute/v2.1/flavors/detail 2.691s
2025-05-14 06:48:18.451 69706 INFO tempest.lib.common.rest_client [req-4abeb80c-6c69-4557-86f1-48c945184bee req-4abeb80c-6c69-4557-86f1-48c945184bee ] Request (FlavorsAdminTestJSON:test_create_flavor_with_uuid_id): 200 POST http://10.180.1.21/compute/v2.1/flavors 2.673s
2025-05-14 06:48:18.531 69650 INFO tempest.lib.common.rest_client [req-bc1f505a-3024-414e-b2a4-0f3829fada6a req-bc1f505a-3024-414e-b2a4-0f3829fada6a ] Request (HostsAdminNegativeTestJSON:tearDownClass): 204 DELETE http://10.180.1.21/identity/v3/projects/7439ecbfac2b47df8c4aabccfad49523 0.130s
2025-05-14 06:48:18.577 69708 INFO tempest.lib.common.rest_client [req-cfd1925c-fe30-40a1-aa33-ca87b5d88d18 req-cfd1925c-fe30-40a1-aa33-ca87b5d88d18 ] Request (InstanceActionsV221TestJSON:setUpClass): 201 POST http://10.180.1.21:9696/networking/v2.0/subnets 0.680s
2025-05-14 06:48:18.590 69648 INFO tempest.lib.common.rest_client [req-2208da6d-9cb0-4db1-b167-8c4225c1e85e req-2208da6d-9cb0-4db1-b167-8c4225c1e85e ] Request (ServersTestBootFromVolume:setUpClass): 201 POST http://10.180.1.21:9696/networking/v2.0/subnets 0.698s
2025-05-14 06:48:18.608 69698 INFO tempest.lib.common.rest_client [req-2c3c4c1f-d3af-4a76-835f-1065a510a208 req-2c3c4c1f-d3af-4a76-835f-1065a510a208 ] Request (HypervisorAdminNegativeUnderV252Test:tearDownClass): 204 DELETE http://10.180.1.21:9696/networking/v2.0/security-groups/2f06e75c-7403-4713-99a0-ab2c7a284a00 0.291s
2025-05-14 06:48:18.632 69684 INFO tempest.lib.common.rest_client [req-6cc143a5-8792-4a59-bec9-6c487c5aa620 req-6cc143a5-8792-4a59-bec9-6c487c5aa620 ] Request (FlavorsExtraSpecsTestJSON:tearDownClass): 204 DELETE http://10.180.1.21/identity/v3/users/839bedc470a145099d34c689d1e5cf12 0.200s
2025-05-14 06:48:18.679 69662 INFO tempest.lib.common.rest_client [req-527da7b3-c152-4dba-bde9-c67367f849aa req-527da7b3-c152-4dba-bde9-c67367f849aa ] Request (InstanceActionsTestJSON:setUpClass): 202 POST http://10.180.1.21/compute/v2.1/servers 3.933s
2025-05-14 06:48:18.710 69674 INFO tempest.lib.common.rest_client [req-ef5fe77b-bcec-4ead-83d3-41ce48e63aa8 req-ef5fe77b-bcec-4ead-83d3-41ce48e63aa8 ] Request (FlavorsAccessNegativeTestJSON:_run_cleanups): 202 DELETE http://10.180.1.21/compute/v2.1/flavors/1132647810 2.779s
2025-05-14 06:48:18.719 69704 INFO tempest.lib.common.rest_client [req-55dc6586-1e0c-4368-a0f8-56720e979c74 req-55dc6586-1e0c-4368-a0f8-56720e979c74 ] Request (HypervisorAdminNegativeTestJSON:test_get_nonexistent_hypervisor_uptime): 404 GET http://10.180.1.21/compute/v2.1/os-hypervisors/5e0411d9-34a4-4c1b-8b52-6c44f1bdd742/uptime 2.780s
2025-05-14 06:48:18.749 69650 INFO tempest.lib.common.rest_client [req-dc436d78-ef1e-41a0-8334-31af04bf8876 req-dc436d78-ef1e-41a0-8334-31af04bf8876 ] Request (HypervisorAdminV253TestBase:setUpClass): 201 POST http://10.180.1.21/identity/v3/auth/tokens 0.216s
2025-05-14 06:48:18.796 69698 INFO tempest.lib.common.rest_client [req-50993ca6-096b-4fa2-907d-2ac0c2a0c3c3 req-50993ca6-096b-4fa2-907d-2ac0c2a0c3c3 ] Request (HypervisorAdminNegativeUnderV252Test:tearDownClass): 204 DELETE http://10.180.1.21/identity/v3/projects/c9a1697a1293464f8770a949203f10c0 0.187s
2025-05-14 06:48:18.822 69684 INFO tempest.lib.common.rest_client [req-4d99cb28-07b0-4c0a-ba51-22c9c9239051 req-4d99cb28-07b0-4c0a-ba51-22c9c9239051 ] Request (FlavorsExtraSpecsTestJSON:tearDownClass): 204 DELETE http://10.180.1.21/identity/v3/users/b3a76a3648884f778d6554a1c1a62b0e 0.188s
2025-05-14 06:48:18.822 69684 INFO tempest.lib.common.dynamic_creds [-] Deleting project and security group for project: 3b5d2fb7129c454bb2df55c954fbe261
2025-05-14 06:48:18.831 69680 INFO tempest.lib.common.rest_client [req-cd714c23-07fa-430f-9f24-96507aa49865 req-cd714c23-07fa-430f-9f24-96507aa49865 ] Request (ServerActionsV293TestJSON:setUpClass): 200 GET http://10.180.1.21/volume/v3/volumes/c5180242-630e-46ad-b436-f464aa880b45 0.036s
2025-05-14 06:48:18.866 69650 INFO tempest.lib.common.rest_client [req-8e3851b1-4cd0-49f2-a1d6-e539be34cdc5 req-8e3851b1-4cd0-49f2-a1d6-e539be34cdc5 ] Request (HypervisorAdminV253TestBase:setUpClass): 201 POST http://10.180.1.21/identity/v3/auth/tokens 0.111s
2025-05-14 06:48:18.895 69684 INFO tempest.lib.common.rest_client [req-e75daae4-fc07-48cc-b7cc-c5cff9454e90 req-e75daae4-fc07-48cc-b7cc-c5cff9454e90 ] Request (FlavorsExtraSpecsTestJSON:tearDownClass): 201 POST http://10.180.1.21/identity/v3/auth/tokens 0.073s
2025-05-14 06:48:18.905 69698 INFO tempest.lib.common.rest_client [req-f0041fe9-89c0-4af7-aa1f-baba1b8507d8 req-f0041fe9-89c0-4af7-aa1f-baba1b8507d8 ] Request (ImagesDeleteNegativeTestJSON:setUpClass): 201 POST http://10.180.1.21/identity/v3/auth/tokens 0.106s
2025-05-14 06:48:18.916 69650 INFO tempest.lib.common.rest_client [req-cd07db37-b4b9-4aa2-bb01-6d0fda7bf992 req-cd07db37-b4b9-4aa2-bb01-6d0fda7bf992 ] Request (HypervisorAdminV253TestBase:setUpClass): 200 GET http://10.180.1.21/identity/v3/domains?name=Default 0.050s
2025-05-14 06:48:18.941 69698 INFO tempest.lib.common.rest_client [req-47f4ac20-82ba-468a-b358-885160a5f4d4 req-47f4ac20-82ba-468a-b358-885160a5f4d4 ] Request (ImagesDeleteNegativeTestJSON:setUpClass): 201 POST http://10.180.1.21/identity/v3/auth/tokens 0.033s
2025-05-14 06:48:18.968 69650 INFO tempest.lib.common.rest_client [req-78164ac6-9d3a-437c-a78b-0e97688c1518 req-78164ac6-9d3a-437c-a78b-0e97688c1518 ] Request (HypervisorAdminV253TestBase:setUpClass): 201 POST http://10.180.1.21/identity/v3/projects 0.051s
2025-05-14 06:48:18.981 69698 INFO tempest.lib.common.rest_client [req-6b551bdd-57ae-4579-a5ba-c115619a74bd req-6b551bdd-57ae-4579-a5ba-c115619a74bd ] Request (ImagesDeleteNegativeTestJSON:setUpClass): 200 GET http://10.180.1.21/identity/v3/domains?name=Default 0.039s
2025-05-14 06:48:19.032 69650 INFO tempest.lib.common.rest_client [req-a574ef22-d00e-48ee-bf73-45810010dbf8 req-a574ef22-d00e-48ee-bf73-45810010dbf8 ] Request (HypervisorAdminV253TestBase:setUpClass): 201 POST http://10.180.1.21/identity/v3/users 0.064s
2025-05-14 06:48:19.035 69658 INFO tempest.lib.common.rest_client [req-e8aff800-a73f-4aa6-985b-4e36a8293bfb req-e8aff800-a73f-4aa6-985b-4e36a8293bfb ] Request (ServersTestFqdnHostnames:test_create_server_with_fqdn_name): 200 GET http://10.180.1.21/compute/v2.1/servers/9db1b0ba-ae45-4bcb-a3cf-69e497fa3357/os-interface 2.823s
2025-05-14 06:48:19.053 69698 INFO tempest.lib.common.rest_client [req-f16af9ec-29a1-40fd-be4a-e9543b9741dd req-f16af9ec-29a1-40fd-be4a-e9543b9741dd ] Request (ImagesDeleteNegativeTestJSON:setUpClass): 201 POST http://10.180.1.21/identity/v3/projects 0.072s
2025-05-14 06:48:19.056 69650 INFO tempest.lib.common.rest_client [req-4eed3797-9fdf-43e1-a789-52becc59e79d req-4eed3797-9fdf-43e1-a789-52becc59e79d ] Request (HypervisorAdminV253TestBase:setUpClass): 200 GET http://10.180.1.21/identity/v3/roles 0.023s
2025-05-14 06:48:19.118 69698 INFO tempest.lib.common.rest_client [req-e35c4aed-17b4-4b34-8ca3-9f929378c0fe req-e35c4aed-17b4-4b34-8ca3-9f929378c0fe ] Request (ImagesDeleteNegativeTestJSON:setUpClass): 201 POST http://10.180.1.21/identity/v3/users 0.064s
2025-05-14 06:48:19.123 69650 INFO tempest.lib.common.rest_client [req-9e790586-bc25-41a7-a46c-c42f0cfbb0af req-9e790586-bc25-41a7-a46c-c42f0cfbb0af ] Request (HypervisorAdminV253TestBase:setUpClass): 204 PUT http://10.180.1.21/identity/v3/projects/b6a16a0a21c445b2b6a88ef232b59adc/users/2f0f6810c6bd4705be43fe82c244bb43/roles/0609a4e2993047a1a72e5fb71a609f23 0.066s
2025-05-14 06:48:19.123 69650 INFO tempest.lib.common.dynamic_creds [-] Dynamic test user 2f0f6810c6bd4705be43fe82c244bb43 is created with scope project and roles: ['member']
2025-05-14 06:48:19.123 69650 INFO tempest.lib.common.dynamic_creds [-] Acquired dynamic creds: credentials: Credentials: {'domain_id': 'default', 'domain_name': 'Default', 'username': 'tempest-HypervisorAdminV253TestBase-1288184886-project-member', 'project_domain_id': 'default', 'project_domain_name': 'Default', 'project_id': 'b6a16a0a21c445b2b6a88ef232b59adc', 'project_name': 'tempest-HypervisorAdminV253TestBase-1288184886', 'tenant_id': 'b6a16a0a21c445b2b6a88ef232b59adc', 'tenant_name': 'tempest-HypervisorAdminV253TestBase-1288184886', 'user_domain_id': 'default', 'user_domain_name': 'Default', 'user_id': '2f0f6810c6bd4705be43fe82c244bb43', 'system': None}, Network: None, Subnet: None, Router: None
2025-05-14 06:48:19.123 69650 INFO tempest.lib.common.dynamic_creds [-] Created isolated network resources for: credentials: Credentials: {'domain_id': 'default', 'domain_name': 'Default', 'username': 'tempest-HypervisorAdminV253TestBase-1288184886-project-member', 'project_domain_id': 'default', 'project_domain_name': 'Default', 'project_id': 'b6a16a0a21c445b2b6a88ef232b59adc', 'project_name': 'tempest-HypervisorAdminV253TestBase-1288184886', 'tenant_id': 'b6a16a0a21c445b2b6a88ef232b59adc', 'tenant_name': 'tempest-HypervisorAdminV253TestBase-1288184886', 'user_domain_id': 'default', 'user_domain_name': 'Default', 'user_id': '2f0f6810c6bd4705be43fe82c244bb43', 'system': None}, Network: None, Subnet: None, Router: None
2025-05-14 06:48:19.155 69700 INFO tempest.lib.common.rest_client [req-06b71b96-0532-408e-a94f-e0ef59b804ea req-06b71b96-0532-408e-a94f-e0ef59b804ea ] Request (SecurityGroupRulesTestJSON:test_security_group_rules_create): 200 POST http://10.180.1.21/compute/v2.1/os-security-groups 3.230s
2025-05-14 06:48:19.186 69698 INFO tempest.lib.common.rest_client [req-b4ac94b5-6e7d-4a53-9c01-52061bef52d9 req-b4ac94b5-6e7d-4a53-9c01-52061bef52d9 ] Request (ImagesDeleteNegativeTestJSON:setUpClass): 200 GET http://10.180.1.21/identity/v3/roles 0.067s
2025-05-14 06:48:19.222 69650 INFO tempest.lib.common.rest_client [req-fb2168f8-4c4f-423a-9390-4123cf54e515 req-fb2168f8-4c4f-423a-9390-4123cf54e515 ] Request (HypervisorAdminV253TestBase:setUpClass): 201 POST http://10.180.1.21/identity/v3/auth/tokens 0.095s
2025-05-14 06:48:19.228 69698 INFO tempest.lib.common.rest_client [req-3d518828-f350-4feb-89d6-0552f5584aba req-3d518828-f350-4feb-89d6-0552f5584aba ] Request (ImagesDeleteNegativeTestJSON:setUpClass): 204 PUT http://10.180.1.21/identity/v3/projects/01acc6a74b714ba384b3d0d12da61287/users/7be9b79934994aad924212b409ef89e4/roles/0609a4e2993047a1a72e5fb71a609f23 0.041s
2025-05-14 06:48:19.229 69698 INFO tempest.lib.common.dynamic_creds [-] Dynamic test user 7be9b79934994aad924212b409ef89e4 is created with scope project and roles: ['member']
2025-05-14 06:48:19.229 69698 INFO tempest.lib.common.dynamic_creds [-] Acquired dynamic creds: credentials: Credentials: {'domain_id': 'default', 'domain_name': 'Default', 'username': 'tempest-ImagesDeleteNegativeTestJSON-1857938557-project-member', 'project_domain_id': 'default', 'project_domain_name': 'Default', 'project_id': '01acc6a74b714ba384b3d0d12da61287', 'project_name': 'tempest-ImagesDeleteNegativeTestJSON-1857938557', 'tenant_id': '01acc6a74b714ba384b3d0d12da61287', 'tenant_name': 'tempest-ImagesDeleteNegativeTestJSON-1857938557', 'user_domain_id': 'default', 'user_domain_name': 'Default', 'user_id': '7be9b79934994aad924212b409ef89e4', 'system': None}, Network: None, Subnet: None, Router: None
2025-05-14 06:48:19.229 69698 INFO tempest.lib.common.dynamic_creds [-] Created isolated network resources for: credentials: Credentials: {'domain_id': 'default', 'domain_name': 'Default', 'username': 'tempest-ImagesDeleteNegativeTestJSON-1857938557-project-member', 'project_domain_id': 'default', 'project_domain_name': 'Default', 'project_id': '01acc6a74b714ba384b3d0d12da61287', 'project_name': 'tempest-ImagesDeleteNegativeTestJSON-1857938557', 'tenant_id': '01acc6a74b714ba384b3d0d12da61287', 'tenant_name': 'tempest-ImagesDeleteNegativeTestJSON-1857938557', 'user_domain_id': 'default', 'user_domain_name': 'Default', 'user_id': '7be9b79934994aad924212b409ef89e4', 'system': None}, Network: None, Subnet: None, Router: None
2025-05-14 06:48:19.253 69682 INFO tempest.lib.common.rest_client [req-13ea6869-6ccb-477d-9c78-cf768fb4f426 req-13ea6869-6ccb-477d-9c78-cf768fb4f426 ] Request (ServerPasswordTestJSON:test_delete_server_password): 204 DELETE http://10.180.1.21/compute/v2.1/servers/def4786b-65c2-447f-a133-8b575067efe8/os-server-password 2.745s
2025-05-14 06:48:19.270 69690 INFO tempest.lib.common.rest_client [req-7779f2af-c7f8-49c9-a0a5-ef2689a38ce0 req-7779f2af-c7f8-49c9-a0a5-ef2689a38ce0 ] Request (ImagesOneServerTestJSON:setUpClass): 200 GET http://10.180.1.21/compute/v2.1/servers/8f6144e5-282f-4210-83f3-d17ebdc0fe12 2.773s
2025-05-14 06:48:19.276 69684 INFO tempest.lib.common.rest_client [req-295523c6-5f79-4e94-8efa-216dc542713f req-295523c6-5f79-4e94-8efa-216dc542713f ] Request (FlavorsExtraSpecsTestJSON:tearDownClass): 200 GET http://10.180.1.21:9696/networking/v2.0/security-groups?tenant_id=3b5d2fb7129c454bb2df55c954fbe261&name=default 0.381s
2025-05-14 06:48:19.325 69698 INFO tempest.lib.common.rest_client [req-4e04219d-bd90-4727-88e2-1d24a98a008e req-4e04219d-bd90-4727-88e2-1d24a98a008e ] Request (ImagesDeleteNegativeTestJSON:setUpClass): 201 POST http://10.180.1.21/identity/v3/auth/tokens 0.092s
2025-05-14 06:48:19.339 69650 INFO tempest.lib.common.rest_client [req-62af9edf-1843-4d33-9809-28b14370e21e req-62af9edf-1843-4d33-9809-28b14370e21e ] Request (HypervisorAdminV253TestBase:setUpClass): 201 POST http://10.180.1.21/identity/v3/projects 0.116s
2025-05-14 06:48:19.428 69650 INFO tempest.lib.common.rest_client [req-97e87358-2e66-42fd-b6c9-0ab5f208631b req-97e87358-2e66-42fd-b6c9-0ab5f208631b ] Request (HypervisorAdminV253TestBase:setUpClass): 201 POST http://10.180.1.21/identity/v3/users 0.088s
2025-05-14 06:48:19.458 69650 INFO tempest.lib.common.rest_client [req-1a4bbb5a-c8a8-40ef-9f73-42f9d5bde86f req-1a4bbb5a-c8a8-40ef-9f73-42f9d5bde86f ] Request (HypervisorAdminV253TestBase:setUpClass): 200 GET http://10.180.1.21/identity/v3/roles 0.030s
2025-05-14 06:48:19.492 69650 INFO tempest.lib.common.rest_client [req-cdaacd88-ed78-45b4-a32f-0bf26e5f0fc5 req-cdaacd88-ed78-45b4-a32f-0bf26e5f0fc5 ] Request (HypervisorAdminV253TestBase:setUpClass): 204 PUT http://10.180.1.21/identity/v3/projects/65a1f1df2f4e4fbf9db6b4ff642b5e63/users/ef78cf46ad4647beb211135e46681a51/roles/70373c9306af4a11a5f3f7fcd6d85892 0.034s
2025-05-14 06:48:19.564 69650 INFO tempest.lib.common.rest_client [req-58031f89-7c56-41d3-be35-6b49559e7734 req-58031f89-7c56-41d3-be35-6b49559e7734 ] Request (HypervisorAdminV253TestBase:setUpClass): 200 GET http://10.180.1.21/identity/v3/roles 0.071s
2025-05-14 06:48:19.585 69668 INFO tempest.lib.common.rest_client [req-a89ffbb1-f23c-4c59-b13a-72dd710ba972 req-a89ffbb1-f23c-4c59-b13a-72dd710ba972 ] Request (ServersAdminTestJSON:setUpClass): 200 GET http://10.180.1.21/compute/v2.1/servers/3dea073e-95ab-448b-a0c1-93ad01083a3e 2.872s
2025-05-14 06:48:19.594 69650 INFO tempest.lib.common.rest_client [req-5c293815-d26c-4363-a9d2-1716e9687226 req-5c293815-d26c-4363-a9d2-1716e9687226 ] Request (HypervisorAdminV253TestBase:setUpClass): 204 PUT http://10.180.1.21/identity/v3/projects/65a1f1df2f4e4fbf9db6b4ff642b5e63/users/ef78cf46ad4647beb211135e46681a51/roles/70373c9306af4a11a5f3f7fcd6d85892 0.029s
2025-05-14 06:48:19.595 69650 INFO tempest.lib.common.dynamic_creds [-] Dynamic test user ef78cf46ad4647beb211135e46681a51 is created with scope project and roles: ['admin']
2025-05-14 06:48:19.595 69650 INFO tempest.lib.common.dynamic_creds [-] Acquired dynamic creds: credentials: Credentials: {'domain_id': 'default', 'domain_name': 'Default', 'username': 'tempest-HypervisorAdminV253TestBase-1013129457-project-admin', 'project_domain_id': 'default', 'project_domain_name': 'Default', 'project_id': '65a1f1df2f4e4fbf9db6b4ff642b5e63', 'project_name': 'tempest-HypervisorAdminV253TestBase-1013129457', 'tenant_id': '65a1f1df2f4e4fbf9db6b4ff642b5e63', 'tenant_name': 'tempest-HypervisorAdminV253TestBase-1013129457', 'user_domain_id': 'default', 'user_domain_name': 'Default', 'user_id': 'ef78cf46ad4647beb211135e46681a51', 'system': None}, Network: None, Subnet: None, Router: None
2025-05-14 06:48:19.595 69650 INFO tempest.lib.common.dynamic_creds [-] Created isolated network resources for: credentials: Credentials: {'domain_id': 'default', 'domain_name': 'Default', 'username': 'tempest-HypervisorAdminV253TestBase-1013129457-project-admin', 'project_domain_id': 'default', 'project_domain_name': 'Default', 'project_id': '65a1f1df2f4e4fbf9db6b4ff642b5e63', 'project_name': 'tempest-HypervisorAdminV253TestBase-1013129457', 'tenant_id': '65a1f1df2f4e4fbf9db6b4ff642b5e63', 'tenant_name': 'tempest-HypervisorAdminV253TestBase-1013129457', 'user_domain_id': 'default', 'user_domain_name': 'Default', 'user_id': 'ef78cf46ad4647beb211135e46681a51', 'system': None}, Network: None, Subnet: None, Router: None
2025-05-14 06:48:19.686 69650 INFO tempest.lib.common.rest_client [req-f85a6083-4581-4c01-8ee3-5868219567b9 req-f85a6083-4581-4c01-8ee3-5868219567b9 ] Request (HypervisorAdminV253TestBase:setUpClass): 201 POST http://10.180.1.21/identity/v3/auth/tokens 0.087s
2025-05-14 06:48:19.847 69684 INFO tempest.lib.common.rest_client [req-88a3fb00-bdd1-483d-9acf-2cd354fa0420 req-88a3fb00-bdd1-483d-9acf-2cd354fa0420 ] Request (FlavorsExtraSpecsTestJSON:tearDownClass): 204 DELETE http://10.180.1.21:9696/networking/v2.0/security-groups/9536583f-9255-4dcd-8635-695ae935ef1b 0.570s
2025-05-14 06:48:19.886 69680 INFO tempest.lib.common.rest_client [req-1c4c4cc6-747b-4e5c-a628-f4ab35d8141c req-1c4c4cc6-747b-4e5c-a628-f4ab35d8141c ] Request (ServerActionsV293TestJSON:setUpClass): 200 GET http://10.180.1.21/volume/v3/volumes/c5180242-630e-46ad-b436-f464aa880b45 0.043s
2025-05-14 06:48:19.905 69660 INFO tempest.lib.common.rest_client [req-0d306d7b-5b84-426f-995e-fd46339f954c req-0d306d7b-5b84-426f-995e-fd46339f954c ] Request (FloatingIPsAssociationNegativeTestJSON:setUpClass): 200 GET http://10.180.1.21/compute/v2.1/servers/fff38139-053a-493f-80e9-1cc9844f733b 3.113s
2025-05-14 06:48:19.913 69660 INFO tempest.common.waiters [-] State transition "BUILD/spawning" ==> "ACTIVE/None" after 22 second wait
2025-05-14 06:48:19.973 69654 INFO tempest.lib.common.rest_client [req-cf87a47e-2440-455a-bbc0-4d5e14a30f67 req-cf87a47e-2440-455a-bbc0-4d5e14a30f67 ] Request (AttachInterfacesV270Test:test_create_get_list_interfaces): 200 GET http://10.180.1.21/compute/v2.1/servers/e1a393f0-10b5-4e3e-afb0-4f5eca95f791 3.061s
2025-05-14 06:48:19.987 69654 INFO tempest.common.waiters [-] State transition "BUILD/networking" ==> "BUILD/spawning" after 18 second wait
2025-05-14 06:48:19.988 69684 INFO tempest.lib.common.rest_client [req-8dfe2378-d88f-4b14-a07d-f32eb938836e req-8dfe2378-d88f-4b14-a07d-f32eb938836e ] Request (FlavorsExtraSpecsTestJSON:tearDownClass): 204 DELETE http://10.180.1.21/identity/v3/projects/3b5d2fb7129c454bb2df55c954fbe261 0.140s
