2025-05-14 06:47:42.494 69654 INFO tempest.lib.common.dynamic_creds [-] Dynamic test user 2fe6d3067f1c4e0b939c7e40ed3920fb is created with scope project and roles: ['member']
2025-05-14 06:47:42.494 69654 INFO tempest.lib.common.dynamic_creds [-] Acquired dynamic creds: credentials: Credentials: {'domain_id': 'default', 'domain_name': 'Default', 'username': 'tempest-KeyPairsV22TestJSON-1075874020-project-member', 'project_domain_id': 'default', 'project_domain_name': 'Default', 'project_id': '47acc31853ec4f13a5652b7ef17f6d12', 'project_name': 'tempest-KeyPairsV22TestJSON-1075874020', 'tenant_id': '47acc31853ec4f13a5652b7ef17f6d12', 'tenant_name': 'tempest-KeyPairsV22TestJSON-1075874020', 'user_domain_id': 'default', 'user_domain_name': 'Default', 'user_id': '2fe6d3067f1c4e0b939c7e40ed3920fb', 'system': None}, Network: None, Subnet: None, Router: None
2025-05-14 06:47:42.494 69654 INFO tempest.lib.common.dynamic_creds [-] Created isolated network resources for: credentials: Credentials: {'domain_id': 'default', 'domain_name': 'Default', 'username': 'tempest-KeyPairsV22TestJSON-1075874020-project-member', 'project_domain_id': 'default', 'project_domain_name': 'Default', 'project_id': '47acc31853ec4f13a5652b7ef17f6d12', 'project_name': 'tempest-KeyPairsV22TestJSON-1075874020', 'tenant_id': '47acc31853ec4f13a5652b7ef17f6d12', 'tenant_name': 'tempest-KeyPairsV22TestJSON-1075874020', 'user_domain_id': 'default', 'user_domain_name': 'Default', 'user_id': '2fe6d3067f1c4e0b939c7e40ed3920fb', 'system': None}, Network: None, Subnet: None, Router: None
2025-05-14 06:47:42.550 69708 INFO tempest.lib.common.rest_client [req-48871a0e-edf2-4c41-a728-3b4f4c6b6792 req-48871a0e-edf2-4c41-a728-3b4f4c6b6792 ] Request (FlavorsExtraSpecsNegativeTestJSON:setUpClass): 201 POST http://10.180.1.21/identity/v3/users 0.695s
2025-05-14 06:47:42.570 69672 INFO tempest.lib.common.rest_client [req-8f70351a-495f-4c19-a1b0-f5c6f7435621 req-8f70351a-495f-4c19-a1b0-f5c6f7435621 ] Request (AZAdminV2TestJSON:setUpClass): 201 POST http://10.180.1.21/identity/v3/users 0.712s
2025-05-14 06:47:42.579 69660 INFO tempest.lib.common.rest_client [req-f1fd8936-fa37-4cc9-8eea-6598a9d53509 req-f1fd8936-fa37-4cc9-8eea-6598a9d53509 ] Request (FloatingIPsAssociationNegativeTestJSON:setUpClass): 201 POST http://10.180.1.21/identity/v3/projects 0.661s
2025-05-14 06:47:42.594 69696 INFO tempest.lib.common.rest_client [req-e933aa5b-b10d-4727-a5b0-0675bc9c94df req-e933aa5b-b10d-4727-a5b0-0675bc9c94df ] Request (VolumesAssistedSnapshotsTest:setUpClass): 201 POST http://10.180.1.21/identity/v3/projects 0.675s
2025-05-14 06:47:42.641 69646 INFO tempest.lib.common.rest_client [req-d599d5e6-5532-4f15-a832-c66490fb4ba3 req-d599d5e6-5532-4f15-a832-c66490fb4ba3 ] Request (AZAdminNegativeTestJSON:setUpClass): 200 GET http://10.180.1.21/identity/v3/roles 0.699s
2025-05-14 06:47:42.665 69662 INFO tempest.lib.common.rest_client [req-b56b727f-075f-4754-b24c-f763e2070ba0 req-b56b727f-075f-4754-b24c-f763e2070ba0 ] Request (ServicesAdminTestJSON:setUpClass): 201 POST http://10.180.1.21/identity/v3/users 0.724s
2025-05-14 06:47:42.669 69692 INFO tempest.lib.common.rest_client [req-b4b8d677-abba-43d3-bd8f-c7ab7712f75f req-b4b8d677-abba-43d3-bd8f-c7ab7712f75f ] Request (MultipleCreateNegativeTestJSON:setUpClass): 201 POST http://10.180.1.21/identity/v3/projects 0.670s
2025-05-14 06:47:42.721 69684 INFO tempest.lib.common.rest_client [req-2a746f55-336e-4090-b4aa-8373951a6c36 req-2a746f55-336e-4090-b4aa-8373951a6c36 ] Request (FlavorsExtraSpecsTestJSON:setUpClass): 201 POST http://10.180.1.21/identity/v3/projects 0.721s
2025-05-14 06:47:42.731 69682 INFO tempest.lib.common.rest_client [req-0d2f8a01-4308-4db6-9487-01f0ca6a9e39 req-0d2f8a01-4308-4db6-9487-01f0ca6a9e39 ] Request (ServerPasswordTestJSON:setUpClass): 201 POST http://10.180.1.21:9696/networking/v2.0/networks 0.899s
2025-05-14 06:47:42.735 69686 INFO tempest.lib.common.rest_client [req-f6e5dda0-a54d-49a7-bc1e-303b1ccc00e6 req-f6e5dda0-a54d-49a7-bc1e-303b1ccc00e6 ] Request (AggregatesAdminNegativeTestJSON:setUpClass): 201 POST http://10.180.1.21/identity/v3/projects 0.712s
2025-05-14 06:47:42.797 69652 INFO tempest.lib.common.rest_client [req-e20fe179-661b-4c38-af95-99e9ef987108 req-e20fe179-661b-4c38-af95-99e9ef987108 ] Request (KeyPairsV210TestJSON:setUpClass): 201 POST http://10.180.1.21/identity/v3/auth/tokens 0.730s
2025-05-14 06:47:42.798 69658 INFO tempest.lib.common.rest_client [req-4b40ec5c-da88-4611-94e4-ea3c35ef6080 req-4b40ec5c-da88-4611-94e4-ea3c35ef6080 ] Request (ServersTestFqdnHostnames:setUpClass): 201 POST http://10.180.1.21/identity/v3/auth/tokens 0.757s
2025-05-14 06:47:42.858 69688 INFO tempest.lib.common.rest_client [req-0eeae287-d1ec-4a37-9a5e-8ee5a3c49aeb req-0eeae287-d1ec-4a37-9a5e-8ee5a3c49aeb ] Request (ServicesAdminNegativeV253TestJSON:setUpClass): 201 POST http://10.180.1.21/identity/v3/projects 0.775s
2025-05-14 06:47:42.859 69690 INFO tempest.lib.common.rest_client [req-7625e617-e684-492e-9679-ee84205bfd9e req-7625e617-e684-492e-9679-ee84205bfd9e ] Request (ImagesOneServerTestJSON:setUpClass): 201 POST http://10.180.1.21/identity/v3/projects 0.780s
2025-05-14 06:47:42.889 69682 INFO tempest.lib.common.rest_client [req-21e40a58-afd5-41c1-b2e7-756f00c999e5 req-21e40a58-afd5-41c1-b2e7-756f00c999e5 ] Request (ServerPasswordTestJSON:setUpClass): 201 POST http://10.180.1.21:9696/networking/v2.0/subnets 0.157s
2025-05-14 06:47:42.918 69702 INFO tempest.lib.common.rest_client [req-fe7f97ee-8fa9-45f0-9e9f-ce4f154112d1 req-fe7f97ee-8fa9-45f0-9e9f-ce4f154112d1 ] Request (ServersTestJSON:setUpClass): 201 POST http://10.180.1.21/identity/v3/users 0.814s
2025-05-14 06:47:42.927 69648 INFO tempest.lib.common.rest_client [req-ff83e369-8538-483e-abb1-2201de0a4a68 req-ff83e369-8538-483e-abb1-2201de0a4a68 ] Request (HypervisorAdminTestJSON:setUpClass): 201 POST http://10.180.1.21/identity/v3/projects 0.824s
2025-05-14 06:47:42.947 69698 INFO tempest.lib.common.rest_client [req-8f4a2c53-8121-45e0-8abe-efc5f235f2eb req-8f4a2c53-8121-45e0-8abe-efc5f235f2eb ] Request (FlavorMetadataValidation:setUpClass): 201 POST http://10.180.1.21/identity/v3/projects 0.788s
2025-05-14 06:47:43.004 69671 INFO tempest.lib.common.rest_client [req-dda1546c-da53-472a-a7b5-dad4f1a23144 req-dda1546c-da53-472a-a7b5-dad4f1a23144 ] Request (QuotasSecurityGroupAdminNegativeTest:setUpClass): 201 POST http://10.180.1.21/identity/v3/projects 0.823s
2025-05-14 06:47:43.011 69650 INFO tempest.lib.common.rest_client [req-d039a8bd-7dd8-4339-b83e-e5cd24872a54 req-d039a8bd-7dd8-4339-b83e-e5cd24872a54 ] Request (HostsAdminNegativeTestJSON:setUpClass): 200 GET http://10.180.1.21/identity/v3/roles 0.843s
2025-05-14 06:47:43.053 69706 INFO tempest.lib.common.rest_client [req-e6c8d420-70e1-4594-8365-aa1082152f47 req-e6c8d420-70e1-4594-8365-aa1082152f47 ] Request (FlavorsAdminTestJSON:setUpClass): 201 POST http://10.180.1.21/identity/v3/projects 0.854s
2025-05-14 06:47:43.069 69680 INFO tempest.lib.common.rest_client [req-5858e239-96b9-4ef9-9678-47a048a180ab req-5858e239-96b9-4ef9-9678-47a048a180ab ] Request (AZV2TestJSON:setUpClass): 201 POST http://10.180.1.21/identity/v3/projects 0.819s
2025-05-14 06:47:43.110 69678 INFO tempest.lib.common.rest_client [req-8ee46c20-83ca-491d-ba87-2437eeae97bb req-8ee46c20-83ca-491d-ba87-2437eeae97bb ] Request (HypervisorAdminV228Test:setUpClass): 201 POST http://10.180.1.21/identity/v3/auth/tokens 0.860s
2025-05-14 06:47:43.127 69674 INFO tempest.lib.common.rest_client [req-b2090535-3dcf-411d-8886-229ca442e85d req-b2090535-3dcf-411d-8886-229ca442e85d ] Request (FlavorsAccessNegativeTestJSON:setUpClass): 201 POST http://10.180.1.21/identity/v3/users 0.854s
2025-05-14 06:47:43.133 69667 INFO tempest.lib.common.rest_client [req-64df6786-1120-42bf-8c0a-300101731e86 req-64df6786-1120-42bf-8c0a-300101731e86 ] Request (HostsAdminTestJSON:setUpClass): 201 POST http://10.180.1.21/identity/v3/users 0.858s
2025-05-14 06:47:43.151 69700 INFO tempest.lib.common.rest_client [req-e01d15a1-6857-4fa6-a3d0-b2399025170c req-e01d15a1-6857-4fa6-a3d0-b2399025170c ] Request (FlavorsV255TestJSON:setUpClass): 201 POST http://10.180.1.21/identity/v3/projects 0.821s
2025-05-14 06:47:43.152 69694 INFO tempest.lib.common.rest_client [req-a05a5c32-ecf1-4194-8fad-1d9deb94b731 req-a05a5c32-ecf1-4194-8fad-1d9deb94b731 ] Request (InstanceUsageAuditLogTestJSON:setUpClass): 200 GET http://10.180.1.21/identity/v3/roles 0.820s
2025-05-14 06:47:43.208 69664 INFO tempest.lib.common.rest_client [req-0fa00135-8a03-41c6-a429-478fc513121a req-0fa00135-8a03-41c6-a429-478fc513121a ] Request (FlavorsAccessTestJSON:setUpClass): 201 POST http://10.180.1.21/identity/v3/users 0.813s
2025-05-14 06:47:43.211 69656 INFO tempest.lib.common.rest_client [req-9fa9364f-47e3-4b6c-84a9-d77e4ef50dd9 req-9fa9364f-47e3-4b6c-84a9-d77e4ef50dd9 ] Request (TenantUsagesTestJSON:setUpClass): 201 POST http://10.180.1.21/identity/v3/projects 0.812s
2025-05-14 06:47:43.263 69676 INFO tempest.lib.common.rest_client [req-7acd24d6-7950-47f0-b3b1-3d37688ccf57 req-7acd24d6-7950-47f0-b3b1-3d37688ccf57 ] Request (ServersWithSpecificFlavorTestJSON:setUpClass): 204 PUT http://10.180.1.21/identity/v3/projects/46a68d42d93840c79ab3e35878e19660/users/9401e2704f1f4d1f8c0f7a70f651229d/roles/0609a4e2993047a1a72e5fb71a609f23 0.814s
2025-05-14 06:47:43.263 69676 INFO tempest.lib.common.dynamic_creds [-] Dynamic test user 9401e2704f1f4d1f8c0f7a70f651229d is created with scope project and roles: ['member']
2025-05-14 06:47:43.263 69676 INFO tempest.lib.common.dynamic_creds [-] Acquired dynamic creds: credentials: Credentials: {'domain_id': 'default', 'domain_name': 'Default', 'username': 'tempest-ServersWithSpecificFlavorTestJSON-279770149-project-member', 'project_domain_id': 'default', 'project_domain_name': 'Default', 'project_id': '46a68d42d93840c79ab3e35878e19660', 'project_name': 'tempest-ServersWithSpecificFlavorTestJSON-279770149', 'tenant_id': '46a68d42d93840c79ab3e35878e19660', 'tenant_name': 'tempest-ServersWithSpecificFlavorTestJSON-279770149', 'user_domain_id': 'default', 'user_domain_name': 'Default', 'user_id': '9401e2704f1f4d1f8c0f7a70f651229d', 'system': None}, Network: None, Subnet: None, Router: None
2025-05-14 06:47:43.269 69704 INFO tempest.lib.common.rest_client [req-32fbdf4d-159a-4bf4-9d83-72cf7fd21e24 req-32fbdf4d-159a-4bf4-9d83-72cf7fd21e24 ] Request (HypervisorAdminUnderV252Test:setUpClass): 201 POST http://10.180.1.21/identity/v3/projects 0.802s
2025-05-14 06:47:43.343 69654 INFO tempest.lib.common.rest_client [req-b6602f81-474d-4f3d-bfa9-497d81761439 req-b6602f81-474d-4f3d-bfa9-497d81761439 ] Request (KeyPairsV22TestJSON:setUpClass): 201 POST http://10.180.1.21/identity/v3/auth/tokens 0.800s
2025-05-14 06:47:43.358 69668 INFO tempest.lib.common.rest_client [req-fd39c013-740b-43c6-b6fe-03516552da22 req-fd39c013-740b-43c6-b6fe-03516552da22 ] Request (ServersAdminTestJSON:setUpClass): 201 POST http://10.180.1.21/identity/v3/users 0.880s
2025-05-14 06:47:43.365 69708 INFO tempest.lib.common.rest_client [req-1600f419-5a40-4940-accb-65b8292627b7 req-1600f419-5a40-4940-accb-65b8292627b7 ] Request (FlavorsExtraSpecsNegativeTestJSON:setUpClass): 200 GET http://10.180.1.21/identity/v3/roles 0.814s
2025-05-14 06:47:43.374 69672 INFO tempest.lib.common.rest_client [req-e933b6ed-7390-4180-bc9b-ee0d5092cd7b req-e933b6ed-7390-4180-bc9b-ee0d5092cd7b ] Request (AZAdminV2TestJSON:setUpClass): 200 GET http://10.180.1.21/identity/v3/roles 0.804s
2025-05-14 06:47:43.386 69660 INFO tempest.lib.common.rest_client [req-20c6eaf7-e58f-4f2f-8a05-3b36db0314b6 req-20c6eaf7-e58f-4f2f-8a05-3b36db0314b6 ] Request (FloatingIPsAssociationNegativeTestJSON:setUpClass): 201 POST http://10.180.1.21/identity/v3/users 0.807s
2025-05-14 06:47:43.395 69696 INFO tempest.lib.common.rest_client [req-d0760a66-d499-4384-a411-4e74e1a899cd req-d0760a66-d499-4384-a411-4e74e1a899cd ] Request (VolumesAssistedSnapshotsTest:setUpClass): 201 POST http://10.180.1.21/identity/v3/users 0.800s
2025-05-14 06:47:43.403 69646 INFO tempest.lib.common.rest_client [req-9c4d2a17-d900-4064-aa5c-386c072c4f92 req-9c4d2a17-d900-4064-aa5c-386c072c4f92 ] Request (AZAdminNegativeTestJSON:setUpClass): 204 PUT http://10.180.1.21/identity/v3/projects/8885a1fe56bb4917abf96501317bfabc/users/930ca8fb283a44c2833c7bed7776edbb/roles/70373c9306af4a11a5f3f7fcd6d85892 0.761s
2025-05-14 06:47:43.403 69646 INFO tempest.lib.common.dynamic_creds [-] Dynamic test user 930ca8fb283a44c2833c7bed7776edbb is created with scope project and roles: ['admin']
2025-05-14 06:47:43.403 69646 INFO tempest.lib.common.dynamic_creds [-] Acquired dynamic creds: credentials: Credentials: {'domain_id': 'default', 'domain_name': 'Default', 'username': 'tempest-AZAdminNegativeTestJSON-2113676364-project-admin', 'project_domain_id': 'default', 'project_domain_name': 'Default', 'project_id': '8885a1fe56bb4917abf96501317bfabc', 'project_name': 'tempest-AZAdminNegativeTestJSON-2113676364', 'tenant_id': '8885a1fe56bb4917abf96501317bfabc', 'tenant_name': 'tempest-AZAdminNegativeTestJSON-2113676364', 'user_domain_id': 'default', 'user_domain_name': 'Default', 'user_id': '930ca8fb283a44c2833c7bed7776edbb', 'system': None}, Network: None, Subnet: None, Router: None
2025-05-14 06:47:43.404 69646 INFO tempest.lib.common.dynamic_creds [-] Created isolated network resources for: credentials: Credentials: {'domain_id': 'default', 'domain_name': 'Default', 'username': 'tempest-AZAdminNegativeTestJSON-2113676364-project-admin', 'project_domain_id': 'default', 'project_domain_name': 'Default', 'project_id': '8885a1fe56bb4917abf96501317bfabc', 'project_name': 'tempest-AZAdminNegativeTestJSON-2113676364', 'tenant_id': '8885a1fe56bb4917abf96501317bfabc', 'tenant_name': 'tempest-AZAdminNegativeTestJSON-2113676364', 'user_domain_id': 'default', 'user_domain_name': 'Default', 'user_id': '930ca8fb283a44c2833c7bed7776edbb', 'system': None}, Network: None, Subnet: None, Router: None
2025-05-14 06:47:43.412 69662 INFO tempest.lib.common.rest_client [req-b74a2931-4b85-4c9e-8d55-b853ca564c4c req-b74a2931-4b85-4c9e-8d55-b853ca564c4c ] Request (ServicesAdminTestJSON:setUpClass): 200 GET http://10.180.1.21/identity/v3/roles 0.747s
2025-05-14 06:47:43.455 69692 INFO tempest.lib.common.rest_client [req-29087fe5-1599-49d3-bc6a-8b1c804d1268 req-29087fe5-1599-49d3-bc6a-8b1c804d1268 ] Request (MultipleCreateNegativeTestJSON:setUpClass): 201 POST http://10.180.1.21/identity/v3/users 0.785s
2025-05-14 06:47:43.466 69684 INFO tempest.lib.common.rest_client [req-cca08087-ebbf-4417-972d-e3711ce0401f req-cca08087-ebbf-4417-972d-e3711ce0401f ] Request (FlavorsExtraSpecsTestJSON:setUpClass): 201 POST http://10.180.1.21/identity/v3/users 0.745s
2025-05-14 06:47:43.477 69686 INFO tempest.lib.common.rest_client [req-da5d0804-e860-435a-a7ac-ef6475537c0c req-da5d0804-e860-435a-a7ac-ef6475537c0c ] Request (AggregatesAdminNegativeTestJSON:setUpClass): 201 POST http://10.180.1.21/identity/v3/users 0.741s
2025-05-14 06:47:43.498 69652 INFO tempest.lib.common.rest_client [req-ea67a408-d98a-4690-adc7-8492d12a28cc req-ea67a408-d98a-4690-adc7-8492d12a28cc ] Request (KeyPairsV210TestJSON:setUpClass): 201 POST http://10.180.1.21/identity/v3/projects 0.699s
2025-05-14 06:47:43.547 69688 INFO tempest.lib.common.rest_client [req-c605be61-bb5a-43c3-85c5-9bd4b48b5073 req-c605be61-bb5a-43c3-85c5-9bd4b48b5073 ] Request (ServicesAdminNegativeV253TestJSON:setUpClass): 201 POST http://10.180.1.21/identity/v3/users 0.688s
2025-05-14 06:47:43.570 69690 INFO tempest.lib.common.rest_client [req-05469b4a-93d5-45cc-99e1-765c99e2f1ab req-05469b4a-93d5-45cc-99e1-765c99e2f1ab ] Request (ImagesOneServerTestJSON:setUpClass): 201 POST http://10.180.1.21/identity/v3/users 0.711s
2025-05-14 06:47:43.585 69702 INFO tempest.lib.common.rest_client [req-77d7329a-fb03-411c-8452-0a02c571bf03 req-77d7329a-fb03-411c-8452-0a02c571bf03 ] Request (ServersTestJSON:setUpClass): 200 GET http://10.180.1.21/identity/v3/roles 0.665s
2025-05-14 06:47:43.600 69682 INFO tempest.lib.common.rest_client [req-9860103d-b533-4626-b31e-961a1f347bf0 req-9860103d-b533-4626-b31e-961a1f347bf0 ] Request (ServerPasswordTestJSON:setUpClass): 201 POST http://10.180.1.21:9696/networking/v2.0/routers 0.711s
2025-05-14 06:47:43.609 69698 INFO tempest.lib.common.rest_client [req-ec9ca760-4a75-47a6-9a42-e0a18ff0d140 req-ec9ca760-4a75-47a6-9a42-e0a18ff0d140 ] Request (FlavorMetadataValidation:setUpClass): 201 POST http://10.180.1.21/identity/v3/users 0.661s
2025-05-14 06:47:43.612 69648 INFO tempest.lib.common.rest_client [req-5acf56c1-3e1d-40cb-82cb-61062e832aee req-5acf56c1-3e1d-40cb-82cb-61062e832aee ] Request (HypervisorAdminTestJSON:setUpClass): 201 POST http://10.180.1.21/identity/v3/users 0.684s
2025-05-14 06:47:43.635 69671 INFO tempest.lib.common.rest_client [req-673e2022-fcf1-4189-97d2-32b1dd0f1653 req-673e2022-fcf1-4189-97d2-32b1dd0f1653 ] Request (QuotasSecurityGroupAdminNegativeTest:setUpClass): 201 POST http://10.180.1.21/identity/v3/users 0.631s
2025-05-14 06:47:43.636 69650 INFO tempest.lib.common.rest_client [req-9328ebdf-d7b5-4698-a835-3adfdc9dd939 req-9328ebdf-d7b5-4698-a835-3adfdc9dd939 ] Request (HostsAdminNegativeTestJSON:setUpClass): 204 PUT http://10.180.1.21/identity/v3/projects/167905b3a70e4c328baca979c278e935/users/3c6ee5776dfe4564be96d71bb01aba59/roles/70373c9306af4a11a5f3f7fcd6d85892 0.625s
2025-05-14 06:47:43.658 69658 INFO tempest.lib.common.rest_client [req-a87c210e-cf00-48de-92b8-73b7965bab73 req-a87c210e-cf00-48de-92b8-73b7965bab73 ] Request (ServersTestFqdnHostnames:test_create_server_with_fqdn_name): 200 POST http://10.180.1.21/compute/v2.1/os-keypairs 0.856s
2025-05-14 06:47:43.689 69680 INFO tempest.lib.common.rest_client [req-ec70c54c-3ac1-4752-b39c-28a9e93179a3 req-ec70c54c-3ac1-4752-b39c-28a9e93179a3 ] Request (AZV2TestJSON:setUpClass): 201 POST http://10.180.1.21/identity/v3/users 0.620s
2025-05-14 06:47:43.701 69706 INFO tempest.lib.common.rest_client [req-6aa45a23-784f-4f26-899c-733accb8ab53 req-6aa45a23-784f-4f26-899c-733accb8ab53 ] Request (FlavorsAdminTestJSON:setUpClass): 201 POST http://10.180.1.21/identity/v3/users 0.647s
2025-05-14 06:47:43.715 69678 INFO tempest.lib.common.rest_client [req-2db7a962-3fbc-4a80-a2ee-e2aff3727745 req-2db7a962-3fbc-4a80-a2ee-e2aff3727745 ] Request (HypervisorAdminV228Test:setUpClass): 201 POST http://10.180.1.21/identity/v3/projects 0.604s
2025-05-14 06:47:43.720 69674 INFO tempest.lib.common.rest_client [req-18a670b1-1f44-49fe-b56d-82c5d96ccde1 req-18a670b1-1f44-49fe-b56d-82c5d96ccde1 ] Request (FlavorsAccessNegativeTestJSON:setUpClass): 200 GET http://10.180.1.21/identity/v3/roles 0.592s
2025-05-14 06:47:43.764 69667 INFO tempest.lib.common.rest_client [req-7cf7a96d-cc74-4759-bba4-9348a2dafb2f req-7cf7a96d-cc74-4759-bba4-9348a2dafb2f ] Request (HostsAdminTestJSON:setUpClass): 200 GET http://10.180.1.21/identity/v3/roles 0.630s
2025-05-14 06:47:43.779 69694 INFO tempest.lib.common.rest_client [req-fec95da7-6fc3-4995-9f09-b4e6f07ede2a req-fec95da7-6fc3-4995-9f09-b4e6f07ede2a ] Request (InstanceUsageAuditLogTestJSON:setUpClass): 204 PUT http://10.180.1.21/identity/v3/projects/9857bad977954537b756f807b234bf2a/users/b06c472158d54b9aa555cb35cd08b7ec/roles/70373c9306af4a11a5f3f7fcd6d85892 0.627s
2025-05-14 06:47:43.780 69694 INFO tempest.lib.common.dynamic_creds [-] Dynamic test user b06c472158d54b9aa555cb35cd08b7ec is created with scope project and roles: ['admin']
2025-05-14 06:47:43.780 69694 INFO tempest.lib.common.dynamic_creds [-] Acquired dynamic creds: credentials: Credentials: {'domain_id': 'default', 'domain_name': 'Default', 'username': 'tempest-InstanceUsageAuditLogTestJSON-1697152364-project-admin', 'project_domain_id': 'default', 'project_domain_name': 'Default', 'project_id': '9857bad977954537b756f807b234bf2a', 'project_name': 'tempest-InstanceUsageAuditLogTestJSON-1697152364', 'tenant_id': '9857bad977954537b756f807b234bf2a', 'tenant_name': 'tempest-InstanceUsageAuditLogTestJSON-1697152364', 'user_domain_id': 'default', 'user_domain_name': 'Default', 'user_id': 'b06c472158d54b9aa555cb35cd08b7ec', 'system': None}, Network: None, Subnet: None, Router: None
2025-05-14 06:47:43.781 69700 INFO tempest.lib.common.rest_client [req-d92c04ae-db0f-4f97-b11f-edc65bb3b80d req-d92c04ae-db0f-4f97-b11f-edc65bb3b80d ] Request (FlavorsV255TestJSON:setUpClass): 201 POST http://10.180.1.21/identity/v3/users 0.630s
2025-05-14 06:47:43.783 69694 INFO tempest.lib.common.dynamic_creds [-] Created isolated network resources for: credentials: Credentials: {'domain_id': 'default', 'domain_name': 'Default', 'username': 'tempest-InstanceUsageAuditLogTestJSON-1697152364-project-admin', 'project_domain_id': 'default', 'project_domain_name': 'Default', 'project_id': '9857bad977954537b756f807b234bf2a', 'project_name': 'tempest-InstanceUsageAuditLogTestJSON-1697152364', 'tenant_id': '9857bad977954537b756f807b234bf2a', 'tenant_name': 'tempest-InstanceUsageAuditLogTestJSON-1697152364', 'user_domain_id': 'default', 'user_domain_name': 'Default', 'user_id': 'b06c472158d54b9aa555cb35cd08b7ec', 'system': None}, Network: None, Subnet: None, Router: None
2025-05-14 06:47:43.799 69658 INFO tempest.lib.common.rest_client [req-03eb996c-624f-4a38-ab8f-9e114bee410e req-03eb996c-624f-4a38-ab8f-9e114bee410e ] Request (ServersTestFqdnHostnames:test_create_server_with_fqdn_name): 201 POST http://10.180.1.21:9696/networking/v2.0/security-groups 0.139s
2025-05-14 06:47:43.830 69656 INFO tempest.lib.common.rest_client [req-ba48de0f-bd45-4ef1-868f-0ce915f111d8 req-ba48de0f-bd45-4ef1-868f-0ce915f111d8 ] Request (TenantUsagesTestJSON:setUpClass): 201 POST http://10.180.1.21/identity/v3/users 0.619s
2025-05-14 06:47:43.836 69664 INFO tempest.lib.common.rest_client [req-6c1406e8-b4e8-410b-a817-63f42d96acf8 req-6c1406e8-b4e8-410b-a817-63f42d96acf8 ] Request (FlavorsAccessTestJSON:setUpClass): 200 GET http://10.180.1.21/identity/v3/roles 0.627s
2025-05-14 06:47:43.853 69676 INFO tempest.lib.common.rest_client [req-d7567e56-d33a-47fd-8c3c-2ab2f746999f req-d7567e56-d33a-47fd-8c3c-2ab2f746999f ] Request (ServersWithSpecificFlavorTestJSON:setUpClass): 201 POST http://10.180.1.21/identity/v3/auth/tokens 0.590s
2025-05-14 06:47:43.860 69704 INFO tempest.lib.common.rest_client [req-6cb7431b-c53a-4049-848b-d53a25ebd49f req-6cb7431b-c53a-4049-848b-d53a25ebd49f ] Request (HypervisorAdminUnderV252Test:setUpClass): 201 POST http://10.180.1.21/identity/v3/users 0.591s
2025-05-14 06:47:43.879 69668 INFO tempest.lib.common.rest_client [req-c5224970-353f-4169-9d1d-cdab958b8758 req-c5224970-353f-4169-9d1d-cdab958b8758 ] Request (ServersAdminTestJSON:setUpClass): 200 GET http://10.180.1.21/identity/v3/roles 0.519s
2025-05-14 06:47:43.908 69708 INFO tempest.lib.common.rest_client [req-40b49f2f-9ed1-47a8-aa43-74cd03de8e9e req-40b49f2f-9ed1-47a8-aa43-74cd03de8e9e ] Request (FlavorsExtraSpecsNegativeTestJSON:setUpClass): 204 PUT http://10.180.1.21/identity/v3/projects/645f9c5529f64ae490073558d7ad868b/users/ed1be3ee36a648dda2b5694662d68081/roles/0609a4e2993047a1a72e5fb71a609f23 0.542s
2025-05-14 06:47:43.908 69708 INFO tempest.lib.common.dynamic_creds [-] Dynamic test user ed1be3ee36a648dda2b5694662d68081 is created with scope project and roles: ['member']
2025-05-14 06:47:43.908 69708 INFO tempest.lib.common.dynamic_creds [-] Acquired dynamic creds: credentials: Credentials: {'domain_id': 'default', 'domain_name': 'Default', 'username': 'tempest-FlavorsExtraSpecsNegativeTestJSON-75723973-project-member', 'project_domain_id': 'default', 'project_domain_name': 'Default', 'project_id': '645f9c5529f64ae490073558d7ad868b', 'project_name': 'tempest-FlavorsExtraSpecsNegativeTestJSON-75723973', 'tenant_id': '645f9c5529f64ae490073558d7ad868b', 'tenant_name': 'tempest-FlavorsExtraSpecsNegativeTestJSON-75723973', 'user_domain_id': 'default', 'user_domain_name': 'Default', 'user_id': 'ed1be3ee36a648dda2b5694662d68081', 'system': None}, Network: None, Subnet: None, Router: None
2025-05-14 06:47:43.909 69708 INFO tempest.lib.common.dynamic_creds [-] Created isolated network resources for: credentials: Credentials: {'domain_id': 'default', 'domain_name': 'Default', 'username': 'tempest-FlavorsExtraSpecsNegativeTestJSON-75723973-project-member', 'project_domain_id': 'default', 'project_domain_name': 'Default', 'project_id': '645f9c5529f64ae490073558d7ad868b', 'project_name': 'tempest-FlavorsExtraSpecsNegativeTestJSON-75723973', 'tenant_id': '645f9c5529f64ae490073558d7ad868b', 'tenant_name': 'tempest-FlavorsExtraSpecsNegativeTestJSON-75723973', 'user_domain_id': 'default', 'user_domain_name': 'Default', 'user_id': 'ed1be3ee36a648dda2b5694662d68081', 'system': None}, Network: None, Subnet: None, Router: None
2025-05-14 06:47:43.963 69658 INFO tempest.lib.common.rest_client [req-0c46c29e-21ec-48db-8cde-81740f8a2031 req-0c46c29e-21ec-48db-8cde-81740f8a2031 ] Request (ServersTestFqdnHostnames:test_create_server_with_fqdn_name): 201 POST http://10.180.1.21:9696/networking/v2.0/security-group-rules 0.164s
2025-05-14 06:47:43.969 69654 INFO tempest.lib.common.rest_client [req-8a0a69af-ca15-4385-b270-d19434c6b00e req-8a0a69af-ca15-4385-b270-d19434c6b00e ] Request (KeyPairsV22TestJSON:test_get_keypair_detail): 201 POST http://10.180.1.21/compute/v2.1/os-keypairs 0.623s
2025-05-14 06:47:43.978 69672 INFO tempest.lib.common.rest_client [req-d30baa02-ef6a-4979-b383-3d345116f5e5 req-d30baa02-ef6a-4979-b383-3d345116f5e5 ] Request (AZAdminV2TestJSON:setUpClass): 204 PUT http://10.180.1.21/identity/v3/projects/da33f7b0a27c4e02a7af8e62f20790e6/users/a87c8684df384e89bdd82e7f2cad0abb/roles/0609a4e2993047a1a72e5fb71a609f23 0.603s
2025-05-14 06:47:43.978 69672 INFO tempest.lib.common.dynamic_creds [-] Dynamic test user a87c8684df384e89bdd82e7f2cad0abb is created with scope project and roles: ['member']
2025-05-14 06:47:43.978 69672 INFO tempest.lib.common.dynamic_creds [-] Acquired dynamic creds: credentials: Credentials: {'domain_id': 'default', 'domain_name': 'Default', 'username': 'tempest-AZAdminV2TestJSON-2061864813-project-member', 'project_domain_id': 'default', 'project_domain_name': 'Default', 'project_id': 'da33f7b0a27c4e02a7af8e62f20790e6', 'project_name': 'tempest-AZAdminV2TestJSON-2061864813', 'tenant_id': 'da33f7b0a27c4e02a7af8e62f20790e6', 'tenant_name': 'tempest-AZAdminV2TestJSON-2061864813', 'user_domain_id': 'default', 'user_domain_name': 'Default', 'user_id': 'a87c8684df384e89bdd82e7f2cad0abb', 'system': None}, Network: None, Subnet: None, Router: None
2025-05-14 06:47:43.978 69672 INFO tempest.lib.common.dynamic_creds [-] Created isolated network resources for: credentials: Credentials: {'domain_id': 'default', 'domain_name': 'Default', 'username': 'tempest-AZAdminV2TestJSON-2061864813-project-member', 'project_domain_id': 'default', 'project_domain_name': 'Default', 'project_id': 'da33f7b0a27c4e02a7af8e62f20790e6', 'project_name': 'tempest-AZAdminV2TestJSON-2061864813', 'tenant_id': 'da33f7b0a27c4e02a7af8e62f20790e6', 'tenant_name': 'tempest-AZAdminV2TestJSON-2061864813', 'user_domain_id': 'default', 'user_domain_name': 'Default', 'user_id': 'a87c8684df384e89bdd82e7f2cad0abb', 'system': None}, Network: None, Subnet: None, Router: None
2025-05-14 06:47:43.984 69660 INFO tempest.lib.common.rest_client [req-60cca898-69e2-4464-b3de-fc9dd612028f req-60cca898-69e2-4464-b3de-fc9dd612028f ] Request (FloatingIPsAssociationNegativeTestJSON:setUpClass): 200 GET http://10.180.1.21/identity/v3/roles 0.597s
2025-05-14 06:47:43.989 69654 INFO tempest.lib.common.rest_client [req-c84e6f36-5e90-421f-845e-39f1ab86cc2a req-c84e6f36-5e90-421f-845e-39f1ab86cc2a ] Request (KeyPairsV22TestJSON:test_get_keypair_detail): 200 GET http://10.180.1.21/compute/v2.1/os-keypairs/tempest-keypair-1170125595 0.018s
2025-05-14 06:47:44.020 69654 INFO tempest.lib.common.rest_client [req-00786099-cda2-4374-b7b7-c42122f8444d req-00786099-cda2-4374-b7b7-c42122f8444d ] Request (KeyPairsV22TestJSON:_run_cleanups): 204 DELETE http://10.180.1.21/compute/v2.1/os-keypairs/tempest-keypair-1170125595 0.029s
2025-05-14 06:47:44.063 69646 INFO tempest.lib.common.rest_client [req-6dddb15d-9308-4db0-a3a3-aff595b37240 req-6dddb15d-9308-4db0-a3a3-aff595b37240 ] Request (AZAdminNegativeTestJSON:setUpClass): 201 POST http://10.180.1.21/identity/v3/auth/tokens 0.657s
2025-05-14 06:47:44.069 69654 INFO tempest.lib.common.rest_client [req-41ebe4a1-7ce9-4ae3-b917-41079d138109 req-41ebe4a1-7ce9-4ae3-b917-41079d138109 ] Request (KeyPairsV22TestJSON:test_keypair_create_delete): 201 POST http://10.180.1.21/compute/v2.1/os-keypairs 0.047s
2025-05-14 06:47:44.072 69696 INFO tempest.lib.common.rest_client [req-af7ff726-d5b3-4410-ac5b-759286739690 req-af7ff726-d5b3-4410-ac5b-759286739690 ] Request (VolumesAssistedSnapshotsTest:setUpClass): 200 GET http://10.180.1.21/identity/v3/roles 0.676s
2025-05-14 06:47:44.087 69662 INFO tempest.lib.common.rest_client [req-7540d70d-d7de-4dcc-9053-29f35462522e req-7540d70d-d7de-4dcc-9053-29f35462522e ] Request (ServicesAdminTestJSON:setUpClass): 204 PUT http://10.180.1.21/identity/v3/projects/cffe666e0eee48449f0e16a2f0264bdb/users/1c2d9b5160d84c6fabc24f5d15439921/roles/0609a4e2993047a1a72e5fb71a609f23 0.673s
2025-05-14 06:47:44.087 69662 INFO tempest.lib.common.dynamic_creds [-] Dynamic test user 1c2d9b5160d84c6fabc24f5d15439921 is created with scope project and roles: ['member']
2025-05-14 06:47:44.087 69662 INFO tempest.lib.common.dynamic_creds [-] Acquired dynamic creds: credentials: Credentials: {'domain_id': 'default', 'domain_name': 'Default', 'username': 'tempest-ServicesAdminTestJSON-428681585-project-member', 'project_domain_id': 'default', 'project_domain_name': 'Default', 'project_id': 'cffe666e0eee48449f0e16a2f0264bdb', 'project_name': 'tempest-ServicesAdminTestJSON-428681585', 'tenant_id': 'cffe666e0eee48449f0e16a2f0264bdb', 'tenant_name': 'tempest-ServicesAdminTestJSON-428681585', 'user_domain_id': 'default', 'user_domain_name': 'Default', 'user_id': '1c2d9b5160d84c6fabc24f5d15439921', 'system': None}, Network: None, Subnet: None, Router: None
2025-05-14 06:47:44.088 69662 INFO tempest.lib.common.dynamic_creds [-] Created isolated network resources for: credentials: Credentials: {'domain_id': 'default', 'domain_name': 'Default', 'username': 'tempest-ServicesAdminTestJSON-428681585-project-member', 'project_domain_id': 'default', 'project_domain_name': 'Default', 'project_id': 'cffe666e0eee48449f0e16a2f0264bdb', 'project_name': 'tempest-ServicesAdminTestJSON-428681585', 'tenant_id': 'cffe666e0eee48449f0e16a2f0264bdb', 'tenant_name': 'tempest-ServicesAdminTestJSON-428681585', 'user_domain_id': 'default', 'user_domain_name': 'Default', 'user_id': '1c2d9b5160d84c6fabc24f5d15439921', 'system': None}, Network: None, Subnet: None, Router: None
2025-05-14 06:47:44.089 69692 INFO tempest.lib.common.rest_client [req-3e396179-b2c9-47c9-81c1-c6e380d1d8b0 req-3e396179-b2c9-47c9-81c1-c6e380d1d8b0 ] Request (MultipleCreateNegativeTestJSON:setUpClass): 200 GET http://10.180.1.21/identity/v3/roles 0.634s
2025-05-14 06:47:44.090 69658 INFO tempest.lib.common.rest_client [req-a9ff81bb-0a07-434b-90b2-a09c5cdc0c6d req-a9ff81bb-0a07-434b-90b2-a09c5cdc0c6d ] Request (ServersTestFqdnHostnames:test_create_server_with_fqdn_name): 201 POST http://10.180.1.21:9696/networking/v2.0/security-group-rules 0.126s
2025-05-14 06:47:44.093 69654 INFO tempest.lib.common.rest_client [req-5a4a9edd-63c3-4580-9bfc-44e1b0209d74 req-5a4a9edd-63c3-4580-9bfc-44e1b0209d74 ] Request (KeyPairsV22TestJSON:_run_cleanups): 204 DELETE http://10.180.1.21/compute/v2.1/os-keypairs/tempest-keypair-103288 0.022s
2025-05-14 06:47:44.141 69686 INFO tempest.lib.common.rest_client [req-0fbaa589-a956-4111-a678-7fd35196ce8c req-0fbaa589-a956-4111-a678-7fd35196ce8c ] Request (AggregatesAdminNegativeTestJSON:setUpClass): 200 GET http://10.180.1.21/identity/v3/roles 0.664s
2025-05-14 06:47:44.143 69654 INFO tempest.lib.common.rest_client [req-aa391731-0324-49e1-90ee-1dded25d828a req-aa391731-0324-49e1-90ee-1dded25d828a ] Request (KeyPairsV22TestJSON:test_keypair_create_with_pub_key): 201 POST http://10.180.1.21/compute/v2.1/os-keypairs 0.048s
2025-05-14 06:47:44.164 69654 INFO tempest.lib.common.rest_client [req-fe9140f3-0d73-4969-813f-2b4fdb30230d req-fe9140f3-0d73-4969-813f-2b4fdb30230d ] Request (KeyPairsV22TestJSON:_run_cleanups): 204 DELETE http://10.180.1.21/compute/v2.1/os-keypairs/tempest-keypair-2118846369 0.019s
2025-05-14 06:47:44.166 69684 INFO tempest.lib.common.rest_client [req-69d762ca-1f63-4e56-82a1-71c4ce958412 req-69d762ca-1f63-4e56-82a1-71c4ce958412 ] Request (FlavorsExtraSpecsTestJSON:setUpClass): 200 GET http://10.180.1.21/identity/v3/roles 0.699s
2025-05-14 06:47:44.171 69652 INFO tempest.lib.common.rest_client [req-9c9d44f0-816d-48de-845d-da568ae112d8 req-9c9d44f0-816d-48de-845d-da568ae112d8 ] Request (KeyPairsV210TestJSON:setUpClass): 201 POST http://10.180.1.21/identity/v3/users 0.672s
2025-05-14 06:47:44.184 69688 INFO tempest.lib.common.rest_client [req-bc2026ea-21c2-4a70-be8e-7fa3cd9a8c97 req-bc2026ea-21c2-4a70-be8e-7fa3cd9a8c97 ] Request (ServicesAdminNegativeV253TestJSON:setUpClass): 200 GET http://10.180.1.21/identity/v3/roles 0.636s
2025-05-14 06:47:44.193 69690 INFO tempest.lib.common.rest_client [req-879be12e-88e1-4488-bf35-786ed0669c2a req-879be12e-88e1-4488-bf35-786ed0669c2a ] Request (ImagesOneServerTestJSON:setUpClass): 200 GET http://10.180.1.21/identity/v3/roles 0.622s
2025-05-14 06:47:44.203 69654 INFO tempest.lib.common.rest_client [req-66d2c0c0-1eaa-43c2-84b2-c34db96b2e7f req-66d2c0c0-1eaa-43c2-84b2-c34db96b2e7f ] Request (KeyPairsV22TestJSON:test_keypairs_create_list_delete): 201 POST http://10.180.1.21/compute/v2.1/os-keypairs 0.036s
2025-05-14 06:47:44.211 69698 INFO tempest.lib.common.rest_client [req-f0563fbc-f69a-41dc-957a-33092f0b71db req-f0563fbc-f69a-41dc-957a-33092f0b71db ] Request (FlavorMetadataValidation:setUpClass): 200 GET http://10.180.1.21/identity/v3/roles 0.601s
2025-05-14 06:47:44.215 69702 INFO tempest.lib.common.rest_client [req-dc77ef0f-a2e7-4ccf-a800-3e5546253f10 req-dc77ef0f-a2e7-4ccf-a800-3e5546253f10 ] Request (ServersTestJSON:setUpClass): 204 PUT http://10.180.1.21/identity/v3/projects/04bba80fa5e14c20b4d54aab8e343b18/users/eb04e030419f484eb86f78e7f0550caa/roles/0609a4e2993047a1a72e5fb71a609f23 0.629s
2025-05-14 06:47:44.215 69702 INFO tempest.lib.common.dynamic_creds [-] Dynamic test user eb04e030419f484eb86f78e7f0550caa is created with scope project and roles: ['member']
2025-05-14 06:47:44.215 69702 INFO tempest.lib.common.dynamic_creds [-] Acquired dynamic creds: credentials: Credentials: {'domain_id': 'default', 'domain_name': 'Default', 'username': 'tempest-ServersTestJSON-1088778731-project-member', 'project_domain_id': 'default', 'project_domain_name': 'Default', 'project_id': '04bba80fa5e14c20b4d54aab8e343b18', 'project_name': 'tempest-ServersTestJSON-1088778731', 'tenant_id': '04bba80fa5e14c20b4d54aab8e343b18', 'tenant_name': 'tempest-ServersTestJSON-1088778731', 'user_domain_id': 'default', 'user_domain_name': 'Default', 'user_id': 'eb04e030419f484eb86f78e7f0550caa', 'system': None}, Network: None, Subnet: None, Router: None
2025-05-14 06:47:44.242 69654 INFO tempest.lib.common.rest_client [req-eddab8cb-55ac-43e0-adfc-4dde1f3c6dc6 req-eddab8cb-55ac-43e0-adfc-4dde1f3c6dc6 ] Request (KeyPairsV22TestJSON:test_keypairs_create_list_delete): 201 POST http://10.180.1.21/compute/v2.1/os-keypairs 0.037s
2025-05-14 06:47:44.263 69648 INFO tempest.lib.common.rest_client [req-6c845eda-757d-4a79-b4b5-d4b5866e9f3d req-6c845eda-757d-4a79-b4b5-d4b5866e9f3d ] Request (HypervisorAdminTestJSON:setUpClass): 200 GET http://10.180.1.21/identity/v3/roles 0.650s
2025-05-14 06:47:44.266 69650 INFO tempest.lib.common.rest_client [req-663b266a-ebc6-4b74-bfab-36a4ecf67b16 req-663b266a-ebc6-4b74-bfab-36a4ecf67b16 ] Request (HostsAdminNegativeTestJSON:setUpClass): 200 GET http://10.180.1.21/identity/v3/roles 0.629s
2025-05-14 06:47:44.279 69671 INFO tempest.lib.common.rest_client [req-0cd5d326-c029-4804-a6db-ce7d11eff1b6 req-0cd5d326-c029-4804-a6db-ce7d11eff1b6 ] Request (QuotasSecurityGroupAdminNegativeTest:setUpClass): 200 GET http://10.180.1.21/identity/v3/roles 0.644s
2025-05-14 06:47:44.282 69680 INFO tempest.lib.common.rest_client [req-ae4f8abd-ea3c-4b83-98f2-0b3c2f2eb968 req-ae4f8abd-ea3c-4b83-98f2-0b3c2f2eb968 ] Request (AZV2TestJSON:setUpClass): 200 GET http://10.180.1.21/identity/v3/roles 0.593s
2025-05-14 06:47:44.288 69654 INFO tempest.lib.common.rest_client [req-cab64e90-6b63-4d5b-b52d-47144cce1f8d req-cab64e90-6b63-4d5b-b52d-47144cce1f8d ] Request (KeyPairsV22TestJSON:test_keypairs_create_list_delete): 201 POST http://10.180.1.21/compute/v2.1/os-keypairs 0.043s
2025-05-14 06:47:44.296 69706 INFO tempest.lib.common.rest_client [req-aa0aea55-f915-4f97-905c-481cc831f4a8 req-aa0aea55-f915-4f97-905c-481cc831f4a8 ] Request (FlavorsAdminTestJSON:setUpClass): 200 GET http://10.180.1.21/identity/v3/roles 0.595s
2025-05-14 06:47:44.306 69678 INFO tempest.lib.common.rest_client [req-2f5ed3b0-bf1a-4ec4-877c-2a2c267b1f8e req-2f5ed3b0-bf1a-4ec4-877c-2a2c267b1f8e ] Request (HypervisorAdminV228Test:setUpClass): 201 POST http://10.180.1.21/identity/v3/users 0.590s
2025-05-14 06:47:44.306 69654 INFO tempest.lib.common.rest_client [req-5dcfb334-bd28-42fb-82a8-c11d7dc4272e req-5dcfb334-bd28-42fb-82a8-c11d7dc4272e ] Request (KeyPairsV22TestJSON:test_keypairs_create_list_delete): 200 GET http://10.180.1.21/compute/v2.1/os-keypairs 0.015s
2025-05-14 06:47:44.324 69674 INFO tempest.lib.common.rest_client [req-0eddf95c-7389-45a8-96aa-9cef03674ea0 req-0eddf95c-7389-45a8-96aa-9cef03674ea0 ] Request (FlavorsAccessNegativeTestJSON:setUpClass): 204 PUT http://10.180.1.21/identity/v3/projects/6da1f9a39d36466594c4a1b868f0ee1e/users/401352c7abd842878513b1642572eb1c/roles/0609a4e2993047a1a72e5fb71a609f23 0.604s
2025-05-14 06:47:44.325 69674 INFO tempest.lib.common.dynamic_creds [-] Dynamic test user 401352c7abd842878513b1642572eb1c is created with scope project and roles: ['member']
2025-05-14 06:47:44.325 69674 INFO tempest.lib.common.dynamic_creds [-] Acquired dynamic creds: credentials: Credentials: {'domain_id': 'default', 'domain_name': 'Default', 'username': 'tempest-FlavorsAccessNegativeTestJSON-1670711021-project-member', 'project_domain_id': 'default', 'project_domain_name': 'Default', 'project_id': '6da1f9a39d36466594c4a1b868f0ee1e', 'project_name': 'tempest-FlavorsAccessNegativeTestJSON-1670711021', 'tenant_id': '6da1f9a39d36466594c4a1b868f0ee1e', 'tenant_name': 'tempest-FlavorsAccessNegativeTestJSON-1670711021', 'user_domain_id': 'default', 'user_domain_name': 'Default', 'user_id': '401352c7abd842878513b1642572eb1c', 'system': None}, Network: None, Subnet: None, Router: None
2025-05-14 06:47:44.325 69674 INFO tempest.lib.common.dynamic_creds [-] Created isolated network resources for: credentials: Credentials: {'domain_id': 'default', 'domain_name': 'Default', 'username': 'tempest-FlavorsAccessNegativeTestJSON-1670711021-project-member', 'project_domain_id': 'default', 'project_domain_name': 'Default', 'project_id': '6da1f9a39d36466594c4a1b868f0ee1e', 'project_name': 'tempest-FlavorsAccessNegativeTestJSON-1670711021', 'tenant_id': '6da1f9a39d36466594c4a1b868f0ee1e', 'tenant_name': 'tempest-FlavorsAccessNegativeTestJSON-1670711021', 'user_domain_id': 'default', 'user_domain_name': 'Default', 'user_id': '401352c7abd842878513b1642572eb1c', 'system': None}, Network: None, Subnet: None, Router: None
2025-05-14 06:47:44.330 69654 INFO tempest.lib.common.rest_client [req-6c31d15a-8ca7-46e8-838c-b6834ef706ee req-6c31d15a-8ca7-46e8-838c-b6834ef706ee ] Request (KeyPairsV22TestJSON:_run_cleanups): 204 DELETE http://10.180.1.21/compute/v2.1/os-keypairs/tempest-KeyPairsV22TestJSON-keypair-712406505 0.023s
2025-05-14 06:47:44.331 69667 INFO tempest.lib.common.rest_client [req-f01d1aaf-e878-4133-ab00-d985a9037ea8 req-f01d1aaf-e878-4133-ab00-d985a9037ea8 ] Request (HostsAdminTestJSON:setUpClass): 204 PUT http://10.180.1.21/identity/v3/projects/fc1f959a340d4c37bb34f42a06a866d2/users/3942d15aa5c8436ba7c4b93e320adc24/roles/0609a4e2993047a1a72e5fb71a609f23 0.566s
2025-05-14 06:47:44.331 69667 INFO tempest.lib.common.dynamic_creds [-] Dynamic test user 3942d15aa5c8436ba7c4b93e320adc24 is created with scope project and roles: ['member']
2025-05-14 06:47:44.331 69667 INFO tempest.lib.common.dynamic_creds [-] Acquired dynamic creds: credentials: Credentials: {'domain_id': 'default', 'domain_name': 'Default', 'username': 'tempest-HostsAdminTestJSON-440112098-project-member', 'project_domain_id': 'default', 'project_domain_name': 'Default', 'project_id': 'fc1f959a340d4c37bb34f42a06a866d2', 'project_name': 'tempest-HostsAdminTestJSON-440112098', 'tenant_id': 'fc1f959a340d4c37bb34f42a06a866d2', 'tenant_name': 'tempest-HostsAdminTestJSON-440112098', 'user_domain_id': 'default', 'user_domain_name': 'Default', 'user_id': '3942d15aa5c8436ba7c4b93e320adc24', 'system': None}, Network: None, Subnet: None, Router: None
2025-05-14 06:47:44.331 69667 INFO tempest.lib.common.dynamic_creds [-] Created isolated network resources for: credentials: Credentials: {'domain_id': 'default', 'domain_name': 'Default', 'username': 'tempest-HostsAdminTestJSON-440112098-project-member', 'project_domain_id': 'default', 'project_domain_name': 'Default', 'project_id': 'fc1f959a340d4c37bb34f42a06a866d2', 'project_name': 'tempest-HostsAdminTestJSON-440112098', 'tenant_id': 'fc1f959a340d4c37bb34f42a06a866d2', 'tenant_name': 'tempest-HostsAdminTestJSON-440112098', 'user_domain_id': 'default', 'user_domain_name': 'Default', 'user_id': '3942d15aa5c8436ba7c4b93e320adc24', 'system': None}, Network: None, Subnet: None, Router: None
2025-05-14 06:47:44.360 69654 INFO tempest.lib.common.rest_client [req-814b761a-51d3-45c8-bf1e-a95fcf81a34e req-814b761a-51d3-45c8-bf1e-a95fcf81a34e ] Request (KeyPairsV22TestJSON:_run_cleanups): 204 DELETE http://10.180.1.21/compute/v2.1/os-keypairs/tempest-KeyPairsV22TestJSON-keypair-1116494218 0.028s
2025-05-14 06:47:44.387 69654 INFO tempest.lib.common.rest_client [req-fa167c44-4de6-4398-beb9-b708c84eba15 req-fa167c44-4de6-4398-beb9-b708c84eba15 ] Request (KeyPairsV22TestJSON:_run_cleanups): 204 DELETE http://10.180.1.21/compute/v2.1/os-keypairs/tempest-KeyPairsV22TestJSON-keypair-242719626 0.027s
2025-05-14 06:47:44.398 69694 INFO tempest.lib.common.rest_client [req-a6f3ed22-ffae-4f9a-94a9-78cd40fdab0f req-a6f3ed22-ffae-4f9a-94a9-78cd40fdab0f ] Request (InstanceUsageAuditLogTestJSON:setUpClass): 201 POST http://10.180.1.21/identity/v3/auth/tokens 0.613s
2025-05-14 06:47:44.428 69700 INFO tempest.lib.common.rest_client [req-53ea888d-f137-40d1-9ae6-9aa8b62447c7 req-53ea888d-f137-40d1-9ae6-9aa8b62447c7 ] Request (FlavorsV255TestJSON:setUpClass): 200 GET http://10.180.1.21/identity/v3/roles 0.647s
2025-05-14 06:47:44.437 69654 INFO tempest.lib.common.rest_client [req-021bab81-38d2-4c0d-83b7-24d1bcbb4d11 req-021bab81-38d2-4c0d-83b7-24d1bcbb4d11 ] Request (KeyPairsV22TestJSON:test_keypairsv22_create_list_show): 201 POST http://10.180.1.21/compute/v2.1/os-keypairs 0.047s
2025-05-14 06:47:44.443 69656 INFO tempest.lib.common.rest_client [req-cd869e1b-b7f3-4d57-9842-865c664a3ef1 req-cd869e1b-b7f3-4d57-9842-865c664a3ef1 ] Request (TenantUsagesTestJSON:setUpClass): 200 GET http://10.180.1.21/identity/v3/roles 0.612s
2025-05-14 06:47:44.453 69664 INFO tempest.lib.common.rest_client [req-27e6390b-c1dc-4183-a7d4-c303c9041a21 req-27e6390b-c1dc-4183-a7d4-c303c9041a21 ] Request (FlavorsAccessTestJSON:setUpClass): 204 PUT http://10.180.1.21/identity/v3/projects/1472fd0f82bc4aea87caffd88ecfda01/users/e22d04d7e2d44b80894d93dc958557b0/roles/0609a4e2993047a1a72e5fb71a609f23 0.616s
2025-05-14 06:47:44.453 69664 INFO tempest.lib.common.dynamic_creds [-] Dynamic test user e22d04d7e2d44b80894d93dc958557b0 is created with scope project and roles: ['member']
2025-05-14 06:47:44.453 69664 INFO tempest.lib.common.dynamic_creds [-] Acquired dynamic creds: credentials: Credentials: {'domain_id': 'default', 'domain_name': 'Default', 'username': 'tempest-FlavorsAccessTestJSON-1554944014-project-member', 'project_domain_id': 'default', 'project_domain_name': 'Default', 'project_id': '1472fd0f82bc4aea87caffd88ecfda01', 'project_name': 'tempest-FlavorsAccessTestJSON-1554944014', 'tenant_id': '1472fd0f82bc4aea87caffd88ecfda01', 'tenant_name': 'tempest-FlavorsAccessTestJSON-1554944014', 'user_domain_id': 'default', 'user_domain_name': 'Default', 'user_id': 'e22d04d7e2d44b80894d93dc958557b0', 'system': None}, Network: None, Subnet: None, Router: None
2025-05-14 06:47:44.453 69664 INFO tempest.lib.common.dynamic_creds [-] Created isolated network resources for: credentials: Credentials: {'domain_id': 'default', 'domain_name': 'Default', 'username': 'tempest-FlavorsAccessTestJSON-1554944014-project-member', 'project_domain_id': 'default', 'project_domain_name': 'Default', 'project_id': '1472fd0f82bc4aea87caffd88ecfda01', 'project_name': 'tempest-FlavorsAccessTestJSON-1554944014', 'tenant_id': '1472fd0f82bc4aea87caffd88ecfda01', 'tenant_name': 'tempest-FlavorsAccessTestJSON-1554944014', 'user_domain_id': 'default', 'user_domain_name': 'Default', 'user_id': 'e22d04d7e2d44b80894d93dc958557b0', 'system': None}, Network: None, Subnet: None, Router: None
2025-05-14 06:47:44.484 69658 INFO tempest.lib.common.rest_client [req-4d42dff9-49cc-4a03-bfb6-1e532ee53e40 req-4d42dff9-49cc-4a03-bfb6-1e532ee53e40 ] Request (ServersTestFqdnHostnames:test_create_server_with_fqdn_name): 201 POST http://10.180.1.21:9696/networking/v2.0/floatingips 0.393s
2025-05-14 06:47:44.504 69704 INFO tempest.lib.common.rest_client [req-d31c5c15-d06c-4736-8222-40b9f38139aa req-d31c5c15-d06c-4736-8222-40b9f38139aa ] Request (HypervisorAdminUnderV252Test:setUpClass): 200 GET http://10.180.1.21/identity/v3/roles 0.643s
2025-05-14 06:47:44.525 69668 INFO tempest.lib.common.rest_client [req-3a9fb296-2cb1-4f6c-a625-478c59430f13 req-3a9fb296-2cb1-4f6c-a625-478c59430f13 ] Request (ServersAdminTestJSON:setUpClass): 204 PUT http://10.180.1.21/identity/v3/projects/33dcc27af5b845919591b98d37ad2a5d/users/1e64261739384070abfe9572ac24efb6/roles/0609a4e2993047a1a72e5fb71a609f23 0.645s
2025-05-14 06:47:44.525 69668 INFO tempest.lib.common.dynamic_creds [-] Dynamic test user 1e64261739384070abfe9572ac24efb6 is created with scope project and roles: ['member']
2025-05-14 06:47:44.526 69668 INFO tempest.lib.common.dynamic_creds [-] Acquired dynamic creds: credentials: Credentials: {'domain_id': 'default', 'domain_name': 'Default', 'username': 'tempest-ServersAdminTestJSON-668350373-project-member', 'project_domain_id': 'default', 'project_domain_name': 'Default', 'project_id': '33dcc27af5b845919591b98d37ad2a5d', 'project_name': 'tempest-ServersAdminTestJSON-668350373', 'tenant_id': '33dcc27af5b845919591b98d37ad2a5d', 'tenant_name': 'tempest-ServersAdminTestJSON-668350373', 'user_domain_id': 'default', 'user_domain_name': 'Default', 'user_id': '1e64261739384070abfe9572ac24efb6', 'system': None}, Network: None, Subnet: None, Router: None
2025-05-14 06:47:44.574 69660 INFO tempest.lib.common.rest_client [req-3f252375-6cbc-4ead-a5d4-625c20565238 req-3f252375-6cbc-4ead-a5d4-625c20565238 ] Request (FloatingIPsAssociationNegativeTestJSON:setUpClass): 204 PUT http://10.180.1.21/identity/v3/projects/3a226755ff804916a9706b92b93fdaf7/users/9839e9e6c070427f9bf33b00d07bc8d9/roles/0609a4e2993047a1a72e5fb71a609f23 0.590s
2025-05-14 06:47:44.575 69660 INFO tempest.lib.common.dynamic_creds [-] Dynamic test user 9839e9e6c070427f9bf33b00d07bc8d9 is created with scope project and roles: ['member']
2025-05-14 06:47:44.575 69660 INFO tempest.lib.common.dynamic_creds [-] Acquired dynamic creds: credentials: Credentials: {'domain_id': 'default', 'domain_name': 'Default', 'username': 'tempest-FloatingIPsAssociationNegativeTestJSON-1116673147-project-member', 'project_domain_id': 'default', 'project_domain_name': 'Default', 'project_id': '3a226755ff804916a9706b92b93fdaf7', 'project_name': 'tempest-FloatingIPsAssociationNegativeTestJSON-1116673147', 'tenant_id': '3a226755ff804916a9706b92b93fdaf7', 'tenant_name': 'tempest-FloatingIPsAssociationNegativeTestJSON-1116673147', 'user_domain_id': 'default', 'user_domain_name': 'Default', 'user_id': '9839e9e6c070427f9bf33b00d07bc8d9', 'system': None}, Network: None, Subnet: None, Router: None
2025-05-14 06:47:44.588 69708 INFO tempest.lib.common.rest_client [req-e075576c-9cbd-4ef6-a93a-7124e7c7b4d6 req-e075576c-9cbd-4ef6-a93a-7124e7c7b4d6 ] Request (FlavorsExtraSpecsNegativeTestJSON:setUpClass): 201 POST http://10.180.1.21/identity/v3/auth/tokens 0.617s
2025-05-14 06:47:44.635 69672 INFO tempest.lib.common.rest_client [req-8143dde2-49b3-42fd-b40e-61e2191cef7d req-8143dde2-49b3-42fd-b40e-61e2191cef7d ] Request (AZAdminV2TestJSON:setUpClass): 201 POST http://10.180.1.21/identity/v3/auth/tokens 0.597s
2025-05-14 06:47:44.653 69682 INFO tempest.lib.common.rest_client [req-e161fbb0-653b-4e37-97ec-67675db70b4d req-e161fbb0-653b-4e37-97ec-67675db70b4d ] Request (ServerPasswordTestJSON:setUpClass): 200 PUT http://10.180.1.21:9696/networking/v2.0/routers/3c7b0b93-745a-4b08-b608-64ecbbcfa8f9/add_router_interface 1.052s
