2025-05-14 06:49:59.410 69702 INFO tempest.lib.common.rest_client [req-9a699eb9-0206-4730-953f-b5f3ebb7813a req-9a699eb9-0206-4730-953f-b5f3ebb7813a ] Request (AttachVolumeShelveTestJSON:setUpClass): 201 POST http://10.180.1.21:9696/networking/v2.0/routers 1.367s
2025-05-14 06:49:59.423 69662 INFO tempest.lib.common.rest_client [req-6646f477-7c49-4a70-a684-cb0c29c371bf req-6646f477-7c49-4a70-a684-cb0c29c371bf ] Request (ServerActionsTestJSON:setUpClass): 200 GET http://10.180.1.21/compute/v2.1/servers/1787cdf4-a184-4404-a9a8-f45877de9599 0.654s
2025-05-14 06:49:59.466 69680 INFO tempest.lib.common.rest_client [req-2cd85022-1433-4f7f-a1bc-1c06efbbdc9b req-2cd85022-1433-4f7f-a1bc-1c06efbbdc9b ] Request (ServerActionsV293TestJSON:tearDownClass): 204 DELETE http://10.180.1.21/identity/v3/projects/b068de5f39ef4e5e903d06b4e634c3d5 0.176s
2025-05-14 06:49:59.468 69680 INFO tempest.test [-] raised in ServerBootFromVolumeStableRescueTest.setUpClass. Invoking tearDownClass.
2025-05-14 06:49:59.470 69680 INFO tempest.test [-] raised in ServerStableDeviceRescueTestIDE.setUpClass. Invoking tearDownClass.
2025-05-14 06:49:59.523 69654 INFO tempest.lib.common.rest_client [req-62380841-fd72-4f2d-ab98-b9f9c306668a req-62380841-fd72-4f2d-ab98-b9f9c306668a ] Request (ServerMetadataNegativeTestJSON:setUpClass): 200 GET http://10.180.1.21/compute/v2.1/servers/ca2afff9-d273-4f7b-a8c0-f1371b3aa6fc 0.684s
2025-05-14 06:49:59.554 69684 INFO tempest.lib.common.rest_client [req-90a5f35a-7f70-4631-9cec-dbede6635ed5 req-90a5f35a-7f70-4631-9cec-dbede6635ed5 ] Request (ServersAdmin275Test:tearDownClass): 200 GET http://10.180.1.21/compute/v2.1/servers/c3c5257b-43a8-4732-a68f-00914ad78a98 0.698s
2025-05-14 06:49:59.570 69684 INFO tempest.common.waiters [-] State transition "ACTIVE/deleting" ==> "DELETED/None" after 5 second wait
2025-05-14 06:49:59.603 69668 INFO tempest.lib.common.rest_client [req-4190a2d5-58a5-46f6-b258-8c07c1ed16e2 req-4190a2d5-58a5-46f6-b258-8c07c1ed16e2 ] Request (ServersAdminTestJSON:test_inject_network_info): 200 GET http://10.180.1.21/compute/v2.1/servers/92b7fbc4-a250-43f7-99b5-995a091a1af2 0.452s
2025-05-14 06:49:59.616 69678 INFO tempest.lib.common.rest_client [req-d1c08af8-32e8-4793-8243-498ac11e8eb4 req-d1c08af8-32e8-4793-8243-498ac11e8eb4 ] Request (ImagesOneServerNegativeTestJSON:setUpClass): 200 GET http://10.180.1.21/compute/v2.1/servers/5c3ecd76-b649-4a9e-8bc0-8f39ba56a5a2 0.455s
2025-05-14 06:49:59.685 69700 INFO tempest.lib.common.rest_client [req-47291374-bbdc-4239-88fa-2c20731c4926 req-47291374-bbdc-4239-88fa-2c20731c4926 ] Request (ServerShowV257Test:test_rebuild_server): 200 GET http://10.180.1.21/compute/v2.1/servers/065b704e-0717-4af5-9816-52ebdf54b9db 0.473s
2025-05-14 06:49:59.784 69690 INFO tempest.lib.common.rest_client [req-3325df44-d81e-43d1-9d3e-fe703b75cb3d req-3325df44-d81e-43d1-9d3e-fe703b75cb3d ] Request (ImagesOneServerTestJSON:tearDownClass): 200 GET http://10.180.1.21/compute/v2.1/servers/8f6144e5-282f-4210-83f3-d17ebdc0fe12 0.487s
2025-05-14 06:49:59.888 69688 WARNING tempest.lib.common.ssh [-] Failed to establish authenticated ssh connection to cirros@10.180.180.134 ([Errno None] Unable to connect to port 22 on 10.180.180.134). Number attempts: 7. Retry after 8 seconds.: paramiko.ssh_exception.NoValidConnectionsError: [Errno None] Unable to connect to port 22 on 10.180.180.134
2025-05-14 06:49:59.926 69667 INFO tempest.lib.common.rest_client [req-62cdec4d-62ff-4162-b05f-dfa09fd1a5c8 req-62cdec4d-62ff-4162-b05f-dfa09fd1a5c8 ] Request (AttachInterfacesUnderV243Test:test_add_remove_fixed_ip): 200 GET http://10.180.1.21/compute/v2.1/servers/18c0d4a1-96ba-42e6-a696-0f9792684e5c 0.555s
2025-05-14 06:49:59.935 69667 INFO tempest.common.waiters [-] State transition "BUILD/block_device_mapping" ==> "BUILD/spawning" after 51 second wait
2025-05-14 06:49:59.962 69672 INFO tempest.lib.common.rest_client [req-58845c4c-7135-40af-986a-a35715792661 req-58845c4c-7135-40af-986a-a35715792661 ] Request (ListImageFiltersTestJSON:setUpClass): 200 GET http://10.180.1.21/compute/v2.1/images/651ad78a-43e2-45f6-ae3e-1f10eb5e5736 0.562s
2025-05-14 06:50:00.035 69656 INFO tempest.lib.common.rest_client [req-8748a17d-0b76-43a4-8b5d-937c9bc8ba4b req-8748a17d-0b76-43a4-8b5d-937c9bc8ba4b ] Request (ServerRescueNegativeTestJSON:setUpClass): 200 GET http://10.180.1.21/compute/v2.1/servers/4daec03b-466d-4d80-82b4-988e4e10f319 0.554s
2025-05-14 06:50:00.104 69652 INFO tempest.lib.common.rest_client [req-7214a303-0fbf-4fa1-b233-34024b49f720 req-7214a303-0fbf-4fa1-b233-34024b49f720 ] Request (ListServerFiltersTestJSON:setUpClass): 200 GET http://10.180.1.21/compute/v2.1/servers/9e5bc7d9-d2f6-40dd-828d-e85a55bedbc4 0.560s
2025-05-14 06:50:00.138 69692 INFO tempest.lib.common.rest_client [req-155503c9-28d7-4d24-b751-5c06f701ff11 req-155503c9-28d7-4d24-b751-5c06f701ff11 ] Request (ServerMetadataTestJSON:tearDownClass): 404 GET http://10.180.1.21/compute/v2.1/servers/c8e87a78-3598-4db2-8006-72c42c0d89d6 0.496s
2025-05-14 06:50:00.330 69674 INFO tempest.lib.common.rest_client [req-c418952c-4b6f-4780-a165-85965479467b req-c418952c-4b6f-4780-a165-85965479467b ] Request (MigrationsAdminTest:test_list_migrations_in_flavor_resize_situation): 200 GET http://10.180.1.21/compute/v2.1/servers/618567d8-1d8e-48e0-9ef1-6ecf755d01b5 0.464s
2025-05-14 06:50:00.411 69704 INFO tempest.lib.common.rest_client [req-c88e225f-84ea-4a40-b477-eb78b80b44a2 req-c88e225f-84ea-4a40-b477-eb78b80b44a2 ] Request (FloatingIPsAssociationTestJSON:test_associate_already_associated_floating_ip): 200 GET http://10.180.1.21/compute/v2.1/servers/c8166933-ec22-4c63-a220-1a52c05515ee 0.480s
2025-05-14 06:50:00.504 69658 INFO tempest.lib.common.rest_client [req-bbd545f8-9246-45fe-b80b-e981b99c6914 req-bbd545f8-9246-45fe-b80b-e981b99c6914 ] Request (ServersTestFqdnHostnames:tearDownClass): 200 GET http://10.180.1.21/compute/v2.1/servers/9db1b0ba-ae45-4bcb-a3cf-69e497fa3357 0.498s
2025-05-14 06:50:00.582 69698 INFO tempest.lib.common.rest_client [req-08ce2aef-77ef-40c0-825f-8b9167030b0c req-08ce2aef-77ef-40c0-825f-8b9167030b0c ] Request (ServerAddressesNegativeTestJSON:tearDownClass): 200 GET http://10.180.1.21/compute/v2.1/servers/5b765100-3eae-4e07-b5ef-abd247bb4835 0.507s
2025-05-14 06:50:00.726 69648 WARNING tempest.lib.common.ssh [-] Failed to establish authenticated ssh connection to cirros@10.180.180.214 ([Errno None] Unable to connect to port 22 on 10.180.180.214). Number attempts: 5. Retry after 6 seconds.: paramiko.ssh_exception.NoValidConnectionsError: [Errno None] Unable to connect to port 22 on 10.180.180.214
2025-05-14 06:50:00.751 69646 INFO tempest.lib.common.rest_client [req-d5e80f29-068e-4785-ae5e-53a7b206b4df req-d5e80f29-068e-4785-ae5e-53a7b206b4df ] Request (DeleteServersAdminTestJSON:test_delete_server_while_in_error_state): 200 GET http://10.180.1.21/compute/v2.1/servers/ae9c7ebc-0839-4c60-82ab-1f2ef1bdccac 0.480s
2025-05-14 06:50:00.817 69702 INFO tempest.lib.common.rest_client [req-23b8c5b8-101d-4b66-887d-e200a0097211 req-23b8c5b8-101d-4b66-887d-e200a0097211 ] Request (AttachVolumeShelveTestJSON:setUpClass): 200 PUT http://10.180.1.21:9696/networking/v2.0/routers/a04ce12c-f796-4fe1-9f4f-580f3a6e0fbc/add_router_interface 1.406s
2025-05-14 06:50:00.817 69702 INFO tempest.lib.common.dynamic_creds [-] Created isolated network resources for: credentials: Credentials: {'domain_id': 'default', 'domain_name': 'Default', 'username': 'tempest-AttachVolumeShelveTestJSON-1449737908-project-member', 'project_domain_id': 'default', 'project_domain_name': 'Default', 'project_id': '00f436b853744265b257c1cfe6f3d308', 'project_name': 'tempest-AttachVolumeShelveTestJSON-1449737908', 'tenant_id': '00f436b853744265b257c1cfe6f3d308', 'tenant_name': 'tempest-AttachVolumeShelveTestJSON-1449737908', 'user_domain_id': 'default', 'user_domain_name': 'Default', 'user_id': 'ca43a52b160e46cda35136f0b5f027bb', 'system': None}, Network: {'id': 'ef99d982-0dd0-4e0b-87a1-fedd6b0f83de', 'name': 'tempest-AttachVolumeShelveTestJSON-1368965386-network', 'tenant_id': '00f436b853744265b257c1cfe6f3d308', 'admin_state_up': True, 'mtu': 8950, 'status': 'ACTIVE', 'subnets': [], 'shared': False, 'project_id': '00f436b853744265b257c1cfe6f3d308', 'port_security_enabled': True, 'router:external': False, 'provider:network_type': 'vlan', 'provider:physical_network': 'default', 'provider:segmentation_id': 322, 'availability_zone_hints': [], 'availability_zones': [], 'ipv4_address_scope': None, 'ipv6_address_scope': None, 'description': '', 'tags': [], 'created_at': '2025-05-14T06:49:57Z', 'updated_at': '2025-05-14T06:49:57Z', 'revision_number': 1}, Subnet: {'id': '31bfbbfd-1963-49e6-b22f-3749ab1fff36', 'name': 'tempest-AttachVolumeShelveTestJSON-1368965386-subnet', 'tenant_id': '00f436b853744265b257c1cfe6f3d308', 'network_id': 'ef99d982-0dd0-4e0b-87a1-fedd6b0f83de', 'ip_version': 4, 'subnetpool_id': None, 'enable_dhcp': True, 'ipv6_ra_mode': None, 'ipv6_address_mode': None, 'gateway_ip': '192.168.128.1', 'cidr': '192.168.128.0/28', 'allocation_pools': [{'start': '192.168.128.2', 'end': '192.168.128.14'}], 'host_routes': [], 'dns_nameservers': [], 'description': '', 'router:external': False, 'service_types': [], 'tags': [], 'created_at': '2025-05-14T06:49:57Z', 'updated_at': '2025-05-14T06:49:57Z', 'revision_number': 0, 'project_id': '00f436b853744265b257c1cfe6f3d308'}, Router: {'id': 'a04ce12c-f796-4fe1-9f4f-580f3a6e0fbc', 'name': 'tempest-AttachVolumeShelveTestJSON-1368965386-router', 'tenant_id': '00f436b853744265b257c1cfe6f3d308', 'admin_state_up': True, 'status': 'ACTIVE', 'external_gateway_info': {'network_id': 'c8f572d1-4b5c-45a3-9d3c-7908ad40d3d9', 'external_fixed_ips': [{'subnet_id': '892ba09c-f7a1-4eaa-970c-52dde487cb9d', 'ip_address': '10.180.180.229'}], 'enable_snat': True}, 'description': '', 'availability_zones': [], 'distributed': False, 'ha': False, 'availability_zone_hints': [], 'routes': [], 'flavor_id': None, 'tags': [], 'created_at': '2025-05-14T06:49:58Z', 'updated_at': '2025-05-14T06:49:59Z', 'revision_number': 2, 'project_id': '00f436b853744265b257c1cfe6f3d308'}
2025-05-14 06:50:00.847 69706 INFO tempest.lib.common.rest_client [req-61e19ec5-d2e9-4c02-9fbd-d07044f3d51f req-61e19ec5-d2e9-4c02-9fbd-d07044f3d51f ] Request (ServersAaction247Test:test_create_backup): 200 GET http://10.180.1.21/compute/v2.1/servers/19afd615-3771-440d-8556-0342b1ff805f 0.502s
2025-05-14 06:50:00.929 69660 INFO tempest.lib.common.rest_client [req-3edfd7f9-5c96-42ac-bc50-255dc772f44d req-3edfd7f9-5c96-42ac-bc50-255dc772f44d ] Request (AttachInterfacesTestJSON:test_create_list_show_delete_interfaces_by_fixed_ip): 200 GET http://10.180.1.21/compute/v2.1/servers/519994ef-1c68-45cf-b022-d7433038e768 0.573s
2025-05-14 06:50:00.949 69702 INFO tempest.lib.common.rest_client [req-a7549a97-d78f-440c-81b5-2e8bfdf3d1a6 req-a7549a97-d78f-440c-81b5-2e8bfdf3d1a6 ] Request (AttachVolumeShelveTestJSON:setUpClass): 201 POST http://10.180.1.21/identity/v3/auth/tokens 0.127s
2025-05-14 06:50:00.968 69682 INFO tempest.lib.common.rest_client [req-ed1050b7-cd6b-4280-9e36-1968092da4b9 req-ed1050b7-cd6b-4280-9e36-1968092da4b9 ] Request (ServerRescueTestJSONUnderV235:test_rescued_vm_associate_dissociate_floating_ip): 202 POST http://10.180.1.21/compute/v2.1/servers/ee543d6d-19a1-4787-a2b3-fde6d8aa99fd/action 1.689s
2025-05-14 06:50:00.995 69671 INFO tempest.lib.common.rest_client [req-35eb5734-2992-4c8c-910d-15b05a6ac835 req-35eb5734-2992-4c8c-910d-15b05a6ac835 ] Request (ServerShowV247Test:test_update_rebuild_list_server): 200 GET http://10.180.1.21/compute/v2.1/servers/c2d5dd16-7066-47d9-8825-f1e86b8cac5f 0.574s
2025-05-14 06:50:01.038 69662 INFO tempest.lib.common.rest_client [req-d978a2d5-b2cb-474c-bc55-f82780edf5ea req-d978a2d5-b2cb-474c-bc55-f82780edf5ea ] Request (ServerActionsTestJSON:setUpClass): 200 GET http://10.180.1.21/compute/v2.1/servers/1787cdf4-a184-4404-a9a8-f45877de9599 0.605s
2025-05-14 06:50:01.057 69654 INFO tempest.lib.common.rest_client [req-792d5556-59dc-48f8-93e4-6fdce719f58a req-792d5556-59dc-48f8-93e4-6fdce719f58a ] Request (ServerMetadataNegativeTestJSON:setUpClass): 200 GET http://10.180.1.21/compute/v2.1/servers/ca2afff9-d273-4f7b-a8c0-f1371b3aa6fc 0.523s
2025-05-14 06:50:01.128 69684 INFO tempest.lib.common.rest_client [req-02e937e6-1aaf-4acd-a0ad-3814e6d7282b req-02e937e6-1aaf-4acd-a0ad-3814e6d7282b ] Request (ServersAdmin275Test:tearDownClass): 200 GET http://10.180.1.21/compute/v2.1/servers/c3c5257b-43a8-4732-a68f-00914ad78a98 0.556s
2025-05-14 06:50:01.133 69668 INFO tempest.lib.common.rest_client [req-960773c4-8e88-4b2c-9692-2b7c9f65c5f8 req-960773c4-8e88-4b2c-9692-2b7c9f65c5f8 ] Request (ServersAdminTestJSON:test_inject_network_info): 200 GET http://10.180.1.21/compute/v2.1/servers/92b7fbc4-a250-43f7-99b5-995a091a1af2 0.517s
2025-05-14 06:50:01.219 69700 INFO tempest.lib.common.rest_client [req-ff581e9e-f294-481f-b51e-99b62121e9b8 req-ff581e9e-f294-481f-b51e-99b62121e9b8 ] Request (ServerShowV257Test:test_rebuild_server): 200 GET http://10.180.1.21/compute/v2.1/servers/065b704e-0717-4af5-9816-52ebdf54b9db 0.518s
2025-05-14 06:50:01.222 69678 INFO tempest.lib.common.rest_client [req-04138e01-2077-4b45-865f-df76df249dde req-04138e01-2077-4b45-865f-df76df249dde ] Request (ImagesOneServerNegativeTestJSON:setUpClass): 200 GET http://10.180.1.21/compute/v2.1/servers/5c3ecd76-b649-4a9e-8bc0-8f39ba56a5a2 0.595s
2025-05-14 06:50:01.303 69690 INFO tempest.lib.common.rest_client [req-656d80b1-0ebe-4f29-974a-15e7e1e5ee07 req-656d80b1-0ebe-4f29-974a-15e7e1e5ee07 ] Request (ImagesOneServerTestJSON:tearDownClass): 200 GET http://10.180.1.21/compute/v2.1/servers/8f6144e5-282f-4210-83f3-d17ebdc0fe12 0.503s
2025-05-14 06:50:01.375 69667 INFO tempest.lib.common.rest_client [req-04a6c281-4206-4103-81d0-bc33d20d3c7c req-04a6c281-4206-4103-81d0-bc33d20d3c7c ] Request (AttachInterfacesUnderV243Test:test_add_remove_fixed_ip): 200 GET http://10.180.1.21/compute/v2.1/servers/18c0d4a1-96ba-42e6-a696-0f9792684e5c 0.438s
2025-05-14 06:50:01.419 69692 INFO tempest.lib.common.rest_client [req-bd422337-2f4b-4a2c-bd40-9ce188be1220 req-bd422337-2f4b-4a2c-bd40-9ce188be1220 ] Request (ServerMetadataTestJSON:tearDownClass): 200 PUT http://10.180.1.21:9696/networking/v2.0/routers/f9279a57-b682-4b6c-a623-04dbad928b8f/remove_router_interface 1.280s
2025-05-14 06:50:01.427 69672 INFO tempest.lib.common.rest_client [req-707030cf-dc58-470d-9c90-3dc6c262c106 req-707030cf-dc58-470d-9c90-3dc6c262c106 ] Request (ListImageFiltersTestJSON:setUpClass): 200 GET http://10.180.1.21/compute/v2.1/images/651ad78a-43e2-45f6-ae3e-1f10eb5e5736 0.460s
2025-05-14 06:50:01.437 69702 INFO tempest.lib.common.rest_client [req-96faaa1e-f773-4c6c-8042-94c5306ca10f req-96faaa1e-f773-4c6c-8042-94c5306ca10f ] Request (ValidationResourcesFixture:setUp): 201 POST http://10.180.1.21/compute/v2.1/os-keypairs 0.485s
2025-05-14 06:50:01.548 69656 INFO tempest.lib.common.rest_client [req-a2eec62a-668d-4718-bb08-1556746e9457 req-a2eec62a-668d-4718-bb08-1556746e9457 ] Request (ServerRescueNegativeTestJSON:setUpClass): 200 GET http://10.180.1.21/compute/v2.1/servers/4daec03b-466d-4d80-82b4-988e4e10f319 0.502s
2025-05-14 06:50:01.650 69652 INFO tempest.lib.common.rest_client [req-eef98929-214b-46a6-b647-a353bcf161ee req-eef98929-214b-46a6-b647-a353bcf161ee ] Request (ListServerFiltersTestJSON:setUpClass): 200 GET http://10.180.1.21/compute/v2.1/servers/9e5bc7d9-d2f6-40dd-828d-e85a55bedbc4 0.537s
2025-05-14 06:50:02.040 69702 INFO tempest.lib.common.rest_client [req-49a0cca3-a951-4b78-8539-d44ac7848500 req-49a0cca3-a951-4b78-8539-d44ac7848500 ] Request (ValidationResourcesFixture:setUp): 201 POST http://10.180.1.21:9696/networking/v2.0/security-groups 0.601s
2025-05-14 06:50:02.086 69674 INFO tempest.lib.common.rest_client [req-1a4fe2bc-9782-45db-a35a-2b37bbac00be req-1a4fe2bc-9782-45db-a35a-2b37bbac00be ] Request (MigrationsAdminTest:test_list_migrations_in_flavor_resize_situation): 200 GET http://10.180.1.21/compute/v2.1/servers/618567d8-1d8e-48e0-9ef1-6ecf755d01b5 0.746s
2025-05-14 06:50:02.154 69702 INFO tempest.lib.common.rest_client [req-7c7e2e79-9c43-424c-9e64-9f05bc7d3d91 req-7c7e2e79-9c43-424c-9e64-9f05bc7d3d91 ] Request (ValidationResourcesFixture:setUp): 201 POST http://10.180.1.21:9696/networking/v2.0/security-group-rules 0.114s
2025-05-14 06:50:02.171 69704 INFO tempest.lib.common.rest_client [req-6f5514a0-5b5a-431a-91ac-4ad561fda677 req-6f5514a0-5b5a-431a-91ac-4ad561fda677 ] Request (FloatingIPsAssociationTestJSON:test_associate_already_associated_floating_ip): 200 GET http://10.180.1.21/compute/v2.1/servers/c8166933-ec22-4c63-a220-1a52c05515ee 0.748s
2025-05-14 06:50:02.252 69702 INFO tempest.lib.common.rest_client [req-c111e98a-f484-4b2a-af1a-4197fb0837ee req-c111e98a-f484-4b2a-af1a-4197fb0837ee ] Request (ValidationResourcesFixture:setUp): 201 POST http://10.180.1.21:9696/networking/v2.0/security-group-rules 0.097s
2025-05-14 06:50:02.286 69658 INFO tempest.lib.common.rest_client [req-44e31419-647a-44b3-b2e6-587f2e0de66a req-44e31419-647a-44b3-b2e6-587f2e0de66a ] Request (ServersTestFqdnHostnames:tearDownClass): 200 GET http://10.180.1.21/compute/v2.1/servers/9db1b0ba-ae45-4bcb-a3cf-69e497fa3357 0.770s
2025-05-14 06:50:02.364 69698 INFO tempest.lib.common.rest_client [req-21aebd43-8945-465c-b5ba-0ba3f4afc55e req-21aebd43-8945-465c-b5ba-0ba3f4afc55e ] Request (ServerAddressesNegativeTestJSON:tearDownClass): 200 GET http://10.180.1.21/compute/v2.1/servers/5b765100-3eae-4e07-b5ef-abd247bb4835 0.770s
2025-05-14 06:50:02.450 69646 INFO tempest.lib.common.rest_client [req-c0ae0a65-bf5c-459e-a3ee-027d728880ef req-c0ae0a65-bf5c-459e-a3ee-027d728880ef ] Request (DeleteServersAdminTestJSON:test_delete_server_while_in_error_state): 200 GET http://10.180.1.21/compute/v2.1/servers/ae9c7ebc-0839-4c60-82ab-1f2ef1bdccac 0.690s
2025-05-14 06:50:02.458 69646 INFO tempest.common.waiters [-] State transition "ERROR/deleting" ==> "DELETED/None" after 3 second wait
2025-05-14 06:50:02.549 69706 INFO tempest.lib.common.rest_client [req-e6833f78-b2eb-45f1-a269-b23460475615 req-e6833f78-b2eb-45f1-a269-b23460475615 ] Request (ServersAaction247Test:test_create_backup): 200 GET http://10.180.1.21/compute/v2.1/servers/19afd615-3771-440d-8556-0342b1ff805f 0.692s
2025-05-14 06:50:02.623 69660 INFO tempest.lib.common.rest_client [req-9cdef0e1-e76f-4646-a086-e67ed29f43cc req-9cdef0e1-e76f-4646-a086-e67ed29f43cc ] Request (AttachInterfacesTestJSON:test_create_list_show_delete_interfaces_by_fixed_ip): 200 GET http://10.180.1.21/compute/v2.1/servers/519994ef-1c68-45cf-b022-d7433038e768 0.684s
2025-05-14 06:50:02.624 69692 INFO tempest.lib.common.rest_client [req-f6bf0e2e-bbb6-44cc-9171-c09f178b44da req-f6bf0e2e-bbb6-44cc-9171-c09f178b44da ] Request (ServerMetadataTestJSON:tearDownClass): 204 DELETE http://10.180.1.21:9696/networking/v2.0/routers/f9279a57-b682-4b6c-a623-04dbad928b8f 1.205s
2025-05-14 06:50:02.696 69671 INFO tempest.lib.common.rest_client [req-47f42f68-3b21-4aff-af15-c27f550de0ee req-47f42f68-3b21-4aff-af15-c27f550de0ee ] Request (ServerShowV247Test:test_update_rebuild_list_server): 200 GET http://10.180.1.21/compute/v2.1/servers/c2d5dd16-7066-47d9-8825-f1e86b8cac5f 0.687s
2025-05-14 06:50:02.697 69702 INFO tempest.lib.common.rest_client [req-8b4f8fe1-4478-4c76-9d93-e5c948c209bb req-8b4f8fe1-4478-4c76-9d93-e5c948c209bb ] Request (ValidationResourcesFixture:setUp): 201 POST http://10.180.1.21:9696/networking/v2.0/floatingips 0.445s
2025-05-14 06:50:02.746 69702 INFO tempest.lib.common.rest_client [req-2b511d24-a438-46d7-92cc-ee19083f987a req-2b511d24-a438-46d7-92cc-ee19083f987a ] Request (AttachVolumeShelveTestJSON:test_attach_volume_shelved_or_offload_server): 201 POST http://10.180.1.21/identity/v3/auth/tokens 0.044s
2025-05-14 06:50:02.747 69702 INFO tempest.lib.common.fixed_network [-] (AttachVolumeShelveTestJSON:test_attach_volume_shelved_or_offload_server) Found network {'id': 'ef99d982-0dd0-4e0b-87a1-fedd6b0f83de', 'name': 'tempest-AttachVolumeShelveTestJSON-1368965386-network', 'tenant_id': '00f436b853744265b257c1cfe6f3d308', 'admin_state_up': True, 'mtu': 8950, 'status': 'ACTIVE', 'subnets': [], 'shared': False, 'project_id': '00f436b853744265b257c1cfe6f3d308', 'port_security_enabled': True, 'router:external': False, 'provider:network_type': 'vlan', 'provider:physical_network': 'default', 'provider:segmentation_id': 322, 'availability_zone_hints': [], 'availability_zones': [], 'ipv4_address_scope': None, 'ipv6_address_scope': None, 'description': '', 'tags': [], 'created_at': '2025-05-14T06:49:57Z', 'updated_at': '2025-05-14T06:49:57Z', 'revision_number': 1} available for tenant
2025-05-14 06:50:02.774 69662 INFO tempest.lib.common.rest_client [req-7016bd28-2bed-47a8-8bde-84a8c5046c9d req-7016bd28-2bed-47a8-8bde-84a8c5046c9d ] Request (ServerActionsTestJSON:setUpClass): 200 GET http://10.180.1.21/compute/v2.1/servers/1787cdf4-a184-4404-a9a8-f45877de9599 0.726s
2025-05-14 06:50:02.849 69654 INFO tempest.lib.common.rest_client [req-4d42f7e8-6d00-4d0a-adf7-2830f2200fd7 req-4d42f7e8-6d00-4d0a-adf7-2830f2200fd7 ] Request (ServerMetadataNegativeTestJSON:setUpClass): 200 GET http://10.180.1.21/compute/v2.1/servers/ca2afff9-d273-4f7b-a8c0-f1371b3aa6fc 0.781s
2025-05-14 06:50:02.870 69692 INFO tempest.lib.common.rest_client [req-d263a214-c687-4b09-b5f5-fe5c60075c3c req-d263a214-c687-4b09-b5f5-fe5c60075c3c ] Request (ServerMetadataTestJSON:tearDownClass): 204 DELETE http://10.180.1.21:9696/networking/v2.0/subnets/bfd286c1-88af-4fe6-b365-21d78f8a9a20 0.245s
2025-05-14 06:50:02.916 69668 INFO tempest.lib.common.rest_client [req-57481683-3946-4d4a-bf93-3deea7d28eff req-57481683-3946-4d4a-bf93-3deea7d28eff ] Request (ServersAdminTestJSON:test_inject_network_info): 200 GET http://10.180.1.21/compute/v2.1/servers/92b7fbc4-a250-43f7-99b5-995a091a1af2 0.772s
2025-05-14 06:50:02.994 69684 INFO tempest.lib.common.rest_client [req-7260415c-b9a9-47fa-b243-65248a513ec7 req-7260415c-b9a9-47fa-b243-65248a513ec7 ] Request (ServersAdmin275Test:tearDownClass): 200 GET http://10.180.1.21/compute/v2.1/servers/c3c5257b-43a8-4732-a68f-00914ad78a98 0.847s
2025-05-14 06:50:03.056 69700 INFO tempest.lib.common.rest_client [req-8e4cdb8d-3b4d-419f-8ddb-4b9ed3ea45f8 req-8e4cdb8d-3b4d-419f-8ddb-4b9ed3ea45f8 ] Request (ServerShowV257Test:test_rebuild_server): 200 GET http://10.180.1.21/compute/v2.1/servers/065b704e-0717-4af5-9816-52ebdf54b9db 0.826s
2025-05-14 06:50:03.111 69678 INFO tempest.lib.common.rest_client [req-52dc1876-a725-4d8a-affe-afdf079683e5 req-52dc1876-a725-4d8a-affe-afdf079683e5 ] Request (ImagesOneServerNegativeTestJSON:setUpClass): 200 GET http://10.180.1.21/compute/v2.1/servers/5c3ecd76-b649-4a9e-8bc0-8f39ba56a5a2 0.877s
2025-05-14 06:50:03.131 69682 INFO tempest.lib.common.rest_client [req-d8b9cd70-eca9-412a-b90f-12911339669e req-d8b9cd70-eca9-412a-b90f-12911339669e ] Request (ServerRescueTestJSONUnderV235:test_rescued_vm_associate_dissociate_floating_ip): 202 POST http://10.180.1.21/compute/v2.1/servers/ee543d6d-19a1-4787-a2b3-fde6d8aa99fd/action 2.162s
2025-05-14 06:50:03.142 69690 INFO tempest.lib.common.rest_client [req-5626bb39-662a-498c-9547-dce1e103d18e req-5626bb39-662a-498c-9547-dce1e103d18e ] Request (ImagesOneServerTestJSON:tearDownClass): 404 GET http://10.180.1.21/compute/v2.1/servers/8f6144e5-282f-4210-83f3-d17ebdc0fe12 0.829s
2025-05-14 06:50:03.195 69672 INFO tempest.lib.common.rest_client [req-cf0278b3-83d7-4278-84c7-c0c139d0dae2 req-cf0278b3-83d7-4278-84c7-c0c139d0dae2 ] Request (ListImageFiltersTestJSON:setUpClass): 200 GET http://10.180.1.21/compute/v2.1/images/651ad78a-43e2-45f6-ae3e-1f10eb5e5736 0.763s
2025-05-14 06:50:03.251 69692 INFO tempest.lib.common.rest_client [req-0763c483-5d24-4614-9903-09b2dc2401b4 req-0763c483-5d24-4614-9903-09b2dc2401b4 ] Request (ServerMetadataTestJSON:tearDownClass): 204 DELETE http://10.180.1.21:9696/networking/v2.0/networks/86d87148-80dd-4877-b224-fc6a2eba89d3 0.380s
2025-05-14 06:50:03.272 69656 INFO tempest.lib.common.rest_client [req-efd4905f-6d4e-4450-ad19-790aef6d6f55 req-efd4905f-6d4e-4450-ad19-790aef6d6f55 ] Request (ServerRescueNegativeTestJSON:setUpClass): 200 GET http://10.180.1.21/compute/v2.1/servers/4daec03b-466d-4d80-82b4-988e4e10f319 0.711s
2025-05-14 06:50:03.294 69667 INFO tempest.lib.common.rest_client [req-1dc35770-3f6e-427a-8b41-f36a8fc543a9 req-1dc35770-3f6e-427a-8b41-f36a8fc543a9 ] Request (AttachInterfacesUnderV243Test:test_add_remove_fixed_ip): 200 GET http://10.180.1.21/compute/v2.1/servers/18c0d4a1-96ba-42e6-a696-0f9792684e5c 0.906s
2025-05-14 06:50:03.349 69652 INFO tempest.lib.common.rest_client [req-3c90f3e7-61d3-4ed3-ba07-f4620deff8dd req-3c90f3e7-61d3-4ed3-ba07-f4620deff8dd ] Request (ListServerFiltersTestJSON:setUpClass): 200 GET http://10.180.1.21/compute/v2.1/servers/9e5bc7d9-d2f6-40dd-828d-e85a55bedbc4 0.689s
2025-05-14 06:50:03.427 69692 INFO tempest.lib.common.rest_client [req-6d760e71-2b1c-4149-b43e-16e5432a23e9 req-6d760e71-2b1c-4149-b43e-16e5432a23e9 ] Request (ServerMetadataTestJSON:tearDownClass): 204 DELETE http://10.180.1.21/identity/v3/users/0d2b11bb55fe4d3ebb6409891b5e2408 0.175s
2025-05-14 06:50:03.428 69692 INFO tempest.lib.common.dynamic_creds [-] Deleting project and security group for project: 679ab45cf9194eed935d7f7c5da0de3c
2025-05-14 06:50:03.474 69692 INFO tempest.lib.common.rest_client [req-90a74eb5-a771-4143-af88-b2e0c4bc78fd req-90a74eb5-a771-4143-af88-b2e0c4bc78fd ] Request (ServerMetadataTestJSON:tearDownClass): 200 GET http://10.180.1.21:9696/networking/v2.0/security-groups?tenant_id=679ab45cf9194eed935d7f7c5da0de3c&name=default 0.045s
2025-05-14 06:50:03.573 69692 INFO tempest.lib.common.rest_client [req-8dee63d8-b45f-4c75-8714-674e7ca07063 req-8dee63d8-b45f-4c75-8714-674e7ca07063 ] Request (ServerMetadataTestJSON:tearDownClass): 204 DELETE http://10.180.1.21:9696/networking/v2.0/security-groups/a4c71684-acec-4e82-a14d-dab41f780e33 0.098s
2025-05-14 06:50:03.580 69674 INFO tempest.lib.common.rest_client [req-b4066a94-1ab9-42b2-a8d3-3ee8f80b04d7 req-b4066a94-1ab9-42b2-a8d3-3ee8f80b04d7 ] Request (MigrationsAdminTest:test_list_migrations_in_flavor_resize_situation): 200 GET http://10.180.1.21/compute/v2.1/servers/618567d8-1d8e-48e0-9ef1-6ecf755d01b5 0.484s
2025-05-14 06:50:03.698 69692 INFO tempest.lib.common.rest_client [req-7235ba72-f6f7-4e35-85f9-b2a17bb895d2 req-7235ba72-f6f7-4e35-85f9-b2a17bb895d2 ] Request (ServerMetadataTestJSON:tearDownClass): 204 DELETE http://10.180.1.21/identity/v3/projects/679ab45cf9194eed935d7f7c5da0de3c 0.125s
2025-05-14 06:50:03.771 69692 INFO tempest.lib.common.rest_client [req-8d911ec3-071b-4375-bafe-6c61329e040f req-8d911ec3-071b-4375-bafe-6c61329e040f ] Request (ServerTagsTestJSON:setUpClass): 201 POST http://10.180.1.21/identity/v3/auth/tokens 0.071s
2025-05-14 06:50:03.805 69692 INFO tempest.lib.common.rest_client [req-4e764f98-9593-4830-a8d6-f447049eb323 req-4e764f98-9593-4830-a8d6-f447049eb323 ] Request (ServerTagsTestJSON:setUpClass): 201 POST http://10.180.1.21/identity/v3/auth/tokens 0.031s
2025-05-14 06:50:03.838 69692 INFO tempest.lib.common.rest_client [req-cf5ffb37-15b3-4e97-a036-f5a6a7b499fb req-cf5ffb37-15b3-4e97-a036-f5a6a7b499fb ] Request (ServerTagsTestJSON:setUpClass): 200 GET http://10.180.1.21/identity/v3/domains?name=Default 0.032s
2025-05-14 06:50:03.879 69692 INFO tempest.lib.common.rest_client [req-471705d2-4550-41e4-8ee3-945314c2d29b req-471705d2-4550-41e4-8ee3-945314c2d29b ] Request (ServerTagsTestJSON:setUpClass): 201 POST http://10.180.1.21/identity/v3/projects 0.040s
2025-05-14 06:50:03.949 69692 INFO tempest.lib.common.rest_client [req-4394578c-a2d4-443b-8efb-d04b4837dd4a req-4394578c-a2d4-443b-8efb-d04b4837dd4a ] Request (ServerTagsTestJSON:setUpClass): 201 POST http://10.180.1.21/identity/v3/users 0.070s
2025-05-14 06:50:03.978 69692 INFO tempest.lib.common.rest_client [req-e578dfe2-1e23-474a-9c4e-f4d3f4958cbc req-e578dfe2-1e23-474a-9c4e-f4d3f4958cbc ] Request (ServerTagsTestJSON:setUpClass): 200 GET http://10.180.1.21/identity/v3/roles 0.028s
2025-05-14 06:50:04.011 69692 INFO tempest.lib.common.rest_client [req-1477ee14-54de-4a5d-ac22-09d91662087a req-1477ee14-54de-4a5d-ac22-09d91662087a ] Request (ServerTagsTestJSON:setUpClass): 204 PUT http://10.180.1.21/identity/v3/projects/60d4f0bbed2e4663a6a33ab0a191e569/users/f166a5ab7d494deca29448439e7c6505/roles/0609a4e2993047a1a72e5fb71a609f23 0.032s
2025-05-14 06:50:04.011 69692 INFO tempest.lib.common.dynamic_creds [-] Dynamic test user f166a5ab7d494deca29448439e7c6505 is created with scope project and roles: ['member']
2025-05-14 06:50:04.011 69692 INFO tempest.lib.common.dynamic_creds [-] Acquired dynamic creds: credentials: Credentials: {'domain_id': 'default', 'domain_name': 'Default', 'username': 'tempest-ServerTagsTestJSON-1142715702-project-member', 'project_domain_id': 'default', 'project_domain_name': 'Default', 'project_id': '60d4f0bbed2e4663a6a33ab0a191e569', 'project_name': 'tempest-ServerTagsTestJSON-1142715702', 'tenant_id': '60d4f0bbed2e4663a6a33ab0a191e569', 'tenant_name': 'tempest-ServerTagsTestJSON-1142715702', 'user_domain_id': 'default', 'user_domain_name': 'Default', 'user_id': 'f166a5ab7d494deca29448439e7c6505', 'system': None}, Network: None, Subnet: None, Router: None
2025-05-14 06:50:04.036 69702 INFO tempest.lib.common.rest_client [req-fdc5d473-3c93-45da-be96-d8a657d1897f req-fdc5d473-3c93-45da-be96-d8a657d1897f ] Request (AttachVolumeShelveTestJSON:test_attach_volume_shelved_or_offload_server): 202 POST http://10.180.1.21/compute/v2.1/servers 1.289s
2025-05-14 06:50:04.079 69692 INFO tempest.lib.common.rest_client [req-1df343c8-2507-4f9d-ba5f-95862bbd1455 req-1df343c8-2507-4f9d-ba5f-95862bbd1455 ] Request (ServerTagsTestJSON:setUpClass): 201 POST http://10.180.1.21/identity/v3/auth/tokens 0.067s
2025-05-14 06:50:04.108 69704 INFO tempest.lib.common.rest_client [req-5dd795e1-6e3d-419f-b4d7-9e22240a3685 req-5dd795e1-6e3d-419f-b4d7-9e22240a3685 ] Request (FloatingIPsAssociationTestJSON:test_associate_already_associated_floating_ip): 200 GET http://10.180.1.21/compute/v2.1/servers/c8166933-ec22-4c63-a220-1a52c05515ee 0.928s
2025-05-14 06:50:04.211 69658 INFO tempest.lib.common.rest_client [req-4bac5b52-2c19-4cac-ac06-b6da410e9497 req-4bac5b52-2c19-4cac-ac06-b6da410e9497 ] Request (ServersTestFqdnHostnames:tearDownClass): 200 GET http://10.180.1.21/compute/v2.1/servers/9db1b0ba-ae45-4bcb-a3cf-69e497fa3357 0.916s
2025-05-14 06:50:04.256 69682 INFO tempest.lib.common.rest_client [req-853fd967-0f64-4dd0-8508-a37e8c296502 req-853fd967-0f64-4dd0-8508-a37e8c296502 ] Request (ServerRescueTestJSONUnderV235:_run_cleanups): 202 DELETE http://10.180.1.21/compute/v2.1/os-floating-ips/17255d20-219f-4b16-9083-cb73f4cca778 1.125s
2025-05-14 06:50:04.306 69698 INFO tempest.lib.common.rest_client [req-2eb68c39-3c0f-4a8f-8121-a2914f345272 req-2eb68c39-3c0f-4a8f-8121-a2914f345272 ] Request (ServerAddressesNegativeTestJSON:tearDownClass): 200 GET http://10.180.1.21/compute/v2.1/servers/5b765100-3eae-4e07-b5ef-abd247bb4835 0.930s
2025-05-14 06:50:04.335 69646 INFO tempest.lib.common.rest_client [req-34c0d33a-3b0d-4914-8e07-d68cdb757720 req-34c0d33a-3b0d-4914-8e07-d68cdb757720 ] Request (DeleteServersAdminTestJSON:test_delete_server_while_in_error_state): 200 GET http://10.180.1.21/compute/v2.1/servers/ae9c7ebc-0839-4c60-82ab-1f2ef1bdccac 0.875s
2025-05-14 06:50:04.379 69706 INFO tempest.lib.common.rest_client [req-1ca4d643-0961-41d8-a50a-36403729438f req-1ca4d643-0961-41d8-a50a-36403729438f ] Request (ServersAaction247Test:test_create_backup): 200 GET http://10.180.1.21/compute/v2.1/servers/19afd615-3771-440d-8556-0342b1ff805f 0.816s
2025-05-14 06:50:04.399 69660 INFO tempest.lib.common.rest_client [req-38846648-74d7-4418-8934-a55e5ac7dac8 req-38846648-74d7-4418-8934-a55e5ac7dac8 ] Request (AttachInterfacesTestJSON:test_create_list_show_delete_interfaces_by_fixed_ip): 200 GET http://10.180.1.21/compute/v2.1/servers/519994ef-1c68-45cf-b022-d7433038e768 0.765s
2025-05-14 06:50:04.483 69662 INFO tempest.lib.common.rest_client [req-e2ed3d7c-f322-4a2a-a17d-5715d712db98 req-e2ed3d7c-f322-4a2a-a17d-5715d712db98 ] Request (ServerActionsTestJSON:setUpClass): 200 GET http://10.180.1.21/compute/v2.1/servers/1787cdf4-a184-4404-a9a8-f45877de9599 0.697s
2025-05-14 06:50:04.484 69671 INFO tempest.lib.common.rest_client [req-246186da-5806-4ca6-bf68-ddb2c2b49aa7 req-246186da-5806-4ca6-bf68-ddb2c2b49aa7 ] Request (ServerShowV247Test:test_update_rebuild_list_server): 200 GET http://10.180.1.21/compute/v2.1/servers/c2d5dd16-7066-47d9-8825-f1e86b8cac5f 0.768s
2025-05-14 06:50:04.544 69654 INFO tempest.lib.common.rest_client [req-0f32b8a4-5cc3-4546-9f56-ef45a310912a req-0f32b8a4-5cc3-4546-9f56-ef45a310912a ] Request (ServerMetadataNegativeTestJSON:setUpClass): 200 GET http://10.180.1.21/compute/v2.1/servers/ca2afff9-d273-4f7b-a8c0-f1371b3aa6fc 0.687s
2025-05-14 06:50:04.566 69668 INFO tempest.lib.common.rest_client [req-bd2e50b0-5450-4795-925d-8cc0d483fff5 req-bd2e50b0-5450-4795-925d-8cc0d483fff5 ] Request (ServersAdminTestJSON:test_inject_network_info): 200 GET http://10.180.1.21/compute/v2.1/servers/92b7fbc4-a250-43f7-99b5-995a091a1af2 0.636s
2025-05-14 06:50:04.633 69702 INFO tempest.lib.common.rest_client [req-cb52fd2d-ea3d-4ea0-8a5a-23942442cc45 req-cb52fd2d-ea3d-4ea0-8a5a-23942442cc45 ] Request (AttachVolumeShelveTestJSON:test_attach_volume_shelved_or_offload_server): 200 GET http://10.180.1.21/compute/v2.1/servers/c9fa009b-e531-4e27-933e-97f99a0ddc6b 0.594s
2025-05-14 06:50:04.639 69692 INFO tempest.lib.common.rest_client [req-b7b45fae-6cba-4f85-9b68-5f3906c0a1e2 req-b7b45fae-6cba-4f85-9b68-5f3906c0a1e2 ] Request (ServerTagsTestJSON:setUpClass): 201 POST http://10.180.1.21:9696/networking/v2.0/networks 0.560s
2025-05-14 06:50:04.654 69684 INFO tempest.lib.common.rest_client [req-8fb63925-8529-4a15-9e9f-f17ee1517b2c req-8fb63925-8529-4a15-9e9f-f17ee1517b2c ] Request (ServersAdmin275Test:tearDownClass): 200 GET http://10.180.1.21/compute/v2.1/servers/c3c5257b-43a8-4732-a68f-00914ad78a98 0.643s
2025-05-14 06:50:04.701 69700 INFO tempest.lib.common.rest_client [req-9c0417cd-e39a-42d5-ba9e-d4b0cc836030 req-9c0417cd-e39a-42d5-ba9e-d4b0cc836030 ] Request (ServerShowV257Test:test_rebuild_server): 200 GET http://10.180.1.21/compute/v2.1/servers/065b704e-0717-4af5-9816-52ebdf54b9db 0.629s
2025-05-14 06:50:04.732 69678 INFO tempest.lib.common.rest_client [req-8dfda794-b009-4a7b-aea7-ecf628f7dfee req-8dfda794-b009-4a7b-aea7-ecf628f7dfee ] Request (ImagesOneServerNegativeTestJSON:setUpClass): 200 GET http://10.180.1.21/compute/v2.1/servers/5c3ecd76-b649-4a9e-8bc0-8f39ba56a5a2 0.609s
2025-05-14 06:50:04.747 69672 INFO tempest.lib.common.rest_client [req-18b6ec9a-720c-413b-bbc0-765a1cfd95c1 req-18b6ec9a-720c-413b-bbc0-765a1cfd95c1 ] Request (ListImageFiltersTestJSON:setUpClass): 200 GET http://10.180.1.21/compute/v2.1/images/651ad78a-43e2-45f6-ae3e-1f10eb5e5736 0.549s
2025-05-14 06:50:05.138 69690 INFO tempest.lib.common.rest_client [req-e17888d2-aef8-4a20-9e3e-b147c5c608ab req-e17888d2-aef8-4a20-9e3e-b147c5c608ab ] Request (ImagesOneServerTestJSON:tearDownClass): 200 PUT http://10.180.1.21:9696/networking/v2.0/routers/b73eeeeb-b4c7-46d8-bf8d-9393c63a1945/remove_router_interface 1.995s
2025-05-14 06:50:05.263 69682 INFO tempest.lib.common.rest_client [req-1868875e-1b41-4a29-90dd-89e3661facec req-1868875e-1b41-4a29-90dd-89e3661facec ] Request (ServerRescueTestJSONUnderV235:tearDownClass): 202 DELETE http://10.180.1.21/compute/v2.1/os-security-groups/c040da04-bbe2-4b69-928c-bd74de073ca6 1.005s
2025-05-14 06:50:05.269 69656 INFO tempest.lib.common.rest_client [req-3a17d3e0-45ce-4e7e-a7d1-69a78539583d req-3a17d3e0-45ce-4e7e-a7d1-69a78539583d ] Request (ServerRescueNegativeTestJSON:setUpClass): 200 GET http://10.180.1.21/compute/v2.1/servers/4daec03b-466d-4d80-82b4-988e4e10f319 0.983s
2025-05-14 06:50:05.284 69656 INFO tempest.common.waiters [-] State transition "BUILD/None" ==> "BUILD/networking" after 56 second wait
2025-05-14 06:50:05.344 69692 INFO tempest.lib.common.rest_client [req-2a276104-6fe9-497c-826b-f64f1c57f407 req-2a276104-6fe9-497c-826b-f64f1c57f407 ] Request (ServerTagsTestJSON:setUpClass): 201 POST http://10.180.1.21:9696/networking/v2.0/subnets 0.704s
2025-05-14 06:50:05.361 69652 INFO tempest.lib.common.rest_client [req-4e7f7b8c-5497-4493-b12d-39e7027edec4 req-4e7f7b8c-5497-4493-b12d-39e7027edec4 ] Request (ListServerFiltersTestJSON:setUpClass): 200 GET http://10.180.1.21/compute/v2.1/servers/9e5bc7d9-d2f6-40dd-828d-e85a55bedbc4 0.999s
2025-05-14 06:50:05.482 69667 INFO tempest.lib.common.rest_client [req-ea7ef0e2-9f73-45e2-895e-91efc56cf556 req-ea7ef0e2-9f73-45e2-895e-91efc56cf556 ] Request (AttachInterfacesUnderV243Test:test_add_remove_fixed_ip): 200 GET http://10.180.1.21/compute/v2.1/servers/18c0d4a1-96ba-42e6-a696-0f9792684e5c 1.176s
2025-05-14 06:50:05.561 69704 INFO tempest.lib.common.rest_client [req-216863ef-c7f6-4ecb-8270-9c333ef360d0 req-216863ef-c7f6-4ecb-8270-9c333ef360d0 ] Request (FloatingIPsAssociationTestJSON:test_associate_already_associated_floating_ip): 200 GET http://10.180.1.21/compute/v2.1/servers/c8166933-ec22-4c63-a220-1a52c05515ee 0.445s
2025-05-14 06:50:05.572 69674 INFO tempest.lib.common.rest_client [req-9b388e86-543b-4e5c-9cdc-b806bd03995a req-9b388e86-543b-4e5c-9cdc-b806bd03995a ] Request (MigrationsAdminTest:test_list_migrations_in_flavor_resize_situation): 200 GET http://10.180.1.21/compute/v2.1/servers/618567d8-1d8e-48e0-9ef1-6ecf755d01b5 0.980s
2025-05-14 06:50:05.644 69658 INFO tempest.lib.common.rest_client [req-2367bb73-0244-46b6-9518-f7718d7e48c6 req-2367bb73-0244-46b6-9518-f7718d7e48c6 ] Request (ServersTestFqdnHostnames:tearDownClass): 200 GET http://10.180.1.21/compute/v2.1/servers/9db1b0ba-ae45-4bcb-a3cf-69e497fa3357 0.414s
2025-05-14 06:50:05.698 69682 INFO tempest.lib.common.rest_client [req-2b472d12-c063-46e6-a61e-6b667796b430 req-2b472d12-c063-46e6-a61e-6b667796b430 ] Request (ServerRescueTestJSONUnderV235:tearDownClass): 204 DELETE http://10.180.1.21/compute/v2.1/servers/ee543d6d-19a1-4787-a2b3-fde6d8aa99fd 0.435s
2025-05-14 06:50:05.724 69698 INFO tempest.lib.common.rest_client [req-a4be0cf0-2a24-42bc-be15-6342a329f2ec req-a4be0cf0-2a24-42bc-be15-6342a329f2ec ] Request (ServerAddressesNegativeTestJSON:tearDownClass): 200 GET http://10.180.1.21/compute/v2.1/servers/5b765100-3eae-4e07-b5ef-abd247bb4835 0.407s
2025-05-14 06:50:05.796 69646 INFO tempest.lib.common.rest_client [req-b6076d9b-b940-445a-a366-cd5936c2edb0 req-b6076d9b-b940-445a-a366-cd5936c2edb0 ] Request (DeleteServersAdminTestJSON:test_delete_server_while_in_error_state): 200 GET http://10.180.1.21/compute/v2.1/servers/ae9c7ebc-0839-4c60-82ab-1f2ef1bdccac 0.454s
2025-05-14 06:50:05.808 69706 INFO tempest.lib.common.rest_client [req-2801bc18-7b1d-451f-8fa3-a2b37cfdd9f6 req-2801bc18-7b1d-451f-8fa3-a2b37cfdd9f6 ] Request (ServersAaction247Test:test_create_backup): 200 GET http://10.180.1.21/compute/v2.1/servers/19afd615-3771-440d-8556-0342b1ff805f 0.413s
2025-05-14 06:50:05.847 69660 INFO tempest.lib.common.rest_client [req-158e2d25-cbf9-48ce-a79d-3816d0fdb25d req-158e2d25-cbf9-48ce-a79d-3816d0fdb25d ] Request (AttachInterfacesTestJSON:test_create_list_show_delete_interfaces_by_fixed_ip): 200 GET http://10.180.1.21/compute/v2.1/servers/519994ef-1c68-45cf-b022-d7433038e768 0.437s
2025-05-14 06:50:05.865 69662 INFO tempest.lib.common.rest_client [req-cfbed6d3-83a8-4ebd-a13c-42e78f6e387f req-cfbed6d3-83a8-4ebd-a13c-42e78f6e387f ] Request (ServerActionsTestJSON:setUpClass): 200 GET http://10.180.1.21/compute/v2.1/servers/1787cdf4-a184-4404-a9a8-f45877de9599 0.373s
2025-05-14 06:50:05.899 69671 INFO tempest.lib.common.rest_client [req-28e7f2b3-511b-423b-826a-318bbb296171 req-28e7f2b3-511b-423b-826a-318bbb296171 ] Request (ServerShowV247Test:test_update_rebuild_list_server): 200 GET http://10.180.1.21/compute/v2.1/servers/c2d5dd16-7066-47d9-8825-f1e86b8cac5f 0.401s
2025-05-14 06:50:05.914 69654 INFO tempest.lib.common.rest_client [req-399b97c9-ffaf-433e-b991-d679a784b8f4 req-399b97c9-ffaf-433e-b991-d679a784b8f4 ] Request (ServerMetadataNegativeTestJSON:setUpClass): 200 GET http://10.180.1.21/compute/v2.1/servers/ca2afff9-d273-4f7b-a8c0-f1371b3aa6fc 0.360s
2025-05-14 06:50:05.948 69668 INFO tempest.lib.common.rest_client [req-7e41e4e6-cc05-47f9-8a1b-30a5bd47911e req-7e41e4e6-cc05-47f9-8a1b-30a5bd47911e ] Request (ServersAdminTestJSON:test_inject_network_info): 200 GET http://10.180.1.21/compute/v2.1/servers/92b7fbc4-a250-43f7-99b5-995a091a1af2 0.374s
2025-05-14 06:50:05.969 69702 INFO tempest.lib.common.rest_client [req-444a6ac4-6c6b-4bc8-b7db-074f9df1af6b req-444a6ac4-6c6b-4bc8-b7db-074f9df1af6b ] Request (AttachVolumeShelveTestJSON:test_attach_volume_shelved_or_offload_server): 200 GET http://10.180.1.21/compute/v2.1/servers/c9fa009b-e531-4e27-933e-97f99a0ddc6b 0.323s
2025-05-14 06:50:06.010 69684 INFO tempest.lib.common.rest_client [req-32ea6d08-144e-41b9-a5bd-b462444bb014 req-32ea6d08-144e-41b9-a5bd-b462444bb014 ] Request (ServersAdmin275Test:tearDownClass): 200 GET http://10.180.1.21/compute/v2.1/servers/c3c5257b-43a8-4732-a68f-00914ad78a98 0.339s
2025-05-14 06:50:06.076 69700 INFO tempest.lib.common.rest_client [req-8fc7a584-a184-4dcb-9289-335c052f5027 req-8fc7a584-a184-4dcb-9289-335c052f5027 ] Request (ServerShowV257Test:test_rebuild_server): 200 GET http://10.180.1.21/compute/v2.1/servers/065b704e-0717-4af5-9816-52ebdf54b9db 0.363s
2025-05-14 06:50:06.102 69682 INFO tempest.lib.common.rest_client [req-295af126-9103-450c-84dd-6f5274751293 req-295af126-9103-450c-84dd-6f5274751293 ] Request (ServerRescueTestJSONUnderV235:tearDownClass): 200 GET http://10.180.1.21/compute/v2.1/servers/ee543d6d-19a1-4787-a2b3-fde6d8aa99fd 0.403s
2025-05-14 06:50:06.141 69672 INFO tempest.lib.common.rest_client [req-40908271-3905-4a58-9323-d2dea3fac97d req-40908271-3905-4a58-9323-d2dea3fac97d ] Request (ListImageFiltersTestJSON:setUpClass): 200 GET http://10.180.1.21/compute/v2.1/images/651ad78a-43e2-45f6-ae3e-1f10eb5e5736 0.389s
2025-05-14 06:50:06.146 69678 INFO tempest.lib.common.rest_client [req-38c2a120-f7a0-4bc2-a5a4-5d6127c742d7 req-38c2a120-f7a0-4bc2-a5a4-5d6127c742d7 ] Request (ImagesOneServerNegativeTestJSON:setUpClass): 200 GET http://10.180.1.21/compute/v2.1/servers/5c3ecd76-b649-4a9e-8bc0-8f39ba56a5a2 0.404s
2025-05-14 06:50:06.301 69690 INFO tempest.lib.common.rest_client [req-65826501-6d48-41c5-890e-8241408c23c8 req-65826501-6d48-41c5-890e-8241408c23c8 ] Request (ImagesOneServerTestJSON:tearDownClass): 204 DELETE http://10.180.1.21:9696/networking/v2.0/routers/b73eeeeb-b4c7-46d8-bf8d-9393c63a1945 1.162s
2025-05-14 06:50:06.433 69656 INFO tempest.lib.common.rest_client [req-15a1039f-9f6b-4859-a8e0-36e018c65ebd req-15a1039f-9f6b-4859-a8e0-36e018c65ebd ] Request (ServerRescueNegativeTestJSON:setUpClass): 200 GET http://10.180.1.21/compute/v2.1/servers/4daec03b-466d-4d80-82b4-988e4e10f319 0.148s
2025-05-14 06:50:06.444 69656 INFO tempest.common.waiters [-] State transition "BUILD/networking" ==> "BUILD/spawning" after 57 second wait
2025-05-14 06:50:06.449 69652 INFO tempest.lib.common.rest_client [req-3597541c-ed1b-42d0-a7b5-eec35da1e97c req-3597541c-ed1b-42d0-a7b5-eec35da1e97c ] Request (ListServerFiltersTestJSON:setUpClass): 200 GET http://10.180.1.21/compute/v2.1/servers/9e5bc7d9-d2f6-40dd-828d-e85a55bedbc4 0.076s
2025-05-14 06:50:06.482 69690 INFO tempest.lib.common.rest_client [req-52367db0-5dc9-40bf-a892-574cbced0e30 req-52367db0-5dc9-40bf-a892-574cbced0e30 ] Request (ImagesOneServerTestJSON:tearDownClass): 204 DELETE http://10.180.1.21:9696/networking/v2.0/subnets/d3c5346e-fb1c-4bbd-a79f-b8faff90aaa8 0.181s
2025-05-14 06:50:06.655 69704 INFO tempest.lib.common.rest_client [req-f489a4d7-e7cc-40bf-ac32-dd3501629c8b req-f489a4d7-e7cc-40bf-ac32-dd3501629c8b ] Request (FloatingIPsAssociationTestJSON:test_associate_already_associated_floating_ip): 200 GET http://10.180.1.21/compute/v2.1/servers/c8166933-ec22-4c63-a220-1a52c05515ee 0.082s
2025-05-14 06:50:06.672 69667 INFO tempest.lib.common.rest_client [req-34d4b877-c66a-4e85-b321-9efe7c2a8027 req-34d4b877-c66a-4e85-b321-9efe7c2a8027 ] Request (AttachInterfacesUnderV243Test:test_add_remove_fixed_ip): 200 GET http://10.180.1.21/compute/v2.1/servers/18c0d4a1-96ba-42e6-a696-0f9792684e5c 0.173s
2025-05-14 06:50:06.694 69692 INFO tempest.lib.common.rest_client [req-083bcc8e-0bd9-4ff2-9479-a8cd1788ccf8 req-083bcc8e-0bd9-4ff2-9479-a8cd1788ccf8 ] Request (ServerTagsTestJSON:setUpClass): 201 POST http://10.180.1.21:9696/networking/v2.0/routers 1.350s
2025-05-14 06:50:06.766 69658 INFO tempest.lib.common.rest_client [req-d22dbd92-e879-408e-85fc-7c553f8ef7bb req-d22dbd92-e879-408e-85fc-7c553f8ef7bb ] Request (ServersTestFqdnHostnames:tearDownClass): 200 GET http://10.180.1.21/compute/v2.1/servers/9db1b0ba-ae45-4bcb-a3cf-69e497fa3357 0.110s
2025-05-14 06:50:06.813 69674 INFO tempest.lib.common.rest_client [req-7912e3e6-135e-4c7a-8455-9c8e5230a789 req-7912e3e6-135e-4c7a-8455-9c8e5230a789 ] Request (MigrationsAdminTest:test_list_migrations_in_flavor_resize_situation): 200 GET http://10.180.1.21/compute/v2.1/servers/618567d8-1d8e-48e0-9ef1-6ecf755d01b5 0.231s
2025-05-14 06:50:06.844 69698 INFO tempest.lib.common.rest_client [req-28dc1606-2a51-498f-aee2-3da02b1627b4 req-28dc1606-2a51-498f-aee2-3da02b1627b4 ] Request (ServerAddressesNegativeTestJSON:tearDownClass): 200 GET http://10.180.1.21/compute/v2.1/servers/5b765100-3eae-4e07-b5ef-abd247bb4835 0.101s
2025-05-14 06:50:06.885 69646 INFO tempest.lib.common.rest_client [req-3743e5f4-87d1-4acf-8a47-69c43b42364f req-3743e5f4-87d1-4acf-8a47-69c43b42364f ] Request (DeleteServersAdminTestJSON:test_delete_server_while_in_error_state): 200 GET http://10.180.1.21/compute/v2.1/servers/ae9c7ebc-0839-4c60-82ab-1f2ef1bdccac 0.074s
2025-05-14 06:50:06.918 69706 INFO tempest.lib.common.rest_client [req-84b65f77-5486-450a-8235-6938c392be45 req-84b65f77-5486-450a-8235-6938c392be45 ] Request (ServersAaction247Test:test_create_backup): 200 GET http://10.180.1.21/compute/v2.1/servers/19afd615-3771-440d-8556-0342b1ff805f 0.096s
2025-05-14 06:50:06.948 69690 INFO tempest.lib.common.rest_client [req-1b401cd7-692f-4ed8-8ddb-6ef3158241a3 req-1b401cd7-692f-4ed8-8ddb-6ef3158241a3 ] Request (ImagesOneServerTestJSON:tearDownClass): 204 DELETE http://10.180.1.21:9696/networking/v2.0/networks/6eec5728-5c02-4600-8038-e1c41de511de 0.465s
2025-05-14 06:50:06.950 69660 INFO tempest.lib.common.rest_client [req-aa99643e-1c9c-4801-9cf1-adc94b500ef1 req-aa99643e-1c9c-4801-9cf1-adc94b500ef1 ] Request (AttachInterfacesTestJSON:test_create_list_show_delete_interfaces_by_fixed_ip): 200 GET http://10.180.1.21/compute/v2.1/servers/519994ef-1c68-45cf-b022-d7433038e768 0.096s
2025-05-14 06:50:06.993 69662 INFO tempest.lib.common.rest_client [req-5949bb93-0427-4987-aae6-9bd693cad7fd req-5949bb93-0427-4987-aae6-9bd693cad7fd ] Request (ServerActionsTestJSON:setUpClass): 200 GET http://10.180.1.21/compute/v2.1/servers/1787cdf4-a184-4404-a9a8-f45877de9599 0.115s
2025-05-14 06:50:07.017 69671 INFO tempest.lib.common.rest_client [req-1ae0c169-dcd1-4032-ab41-e1ceb9ffa83a req-1ae0c169-dcd1-4032-ab41-e1ceb9ffa83a ] Request (ServerShowV247Test:test_update_rebuild_list_server): 200 GET http://10.180.1.21/compute/v2.1/servers/c2d5dd16-7066-47d9-8825-f1e86b8cac5f 0.106s
2025-05-14 06:50:07.034 69676 WARNING tempest.lib.common.ssh [-] Failed to establish authenticated ssh connection to cirros@10.180.180.187 ([Errno None] Unable to connect to port 22 on 10.180.180.187). Number attempts: 9. Retry after 10 seconds.: paramiko.ssh_exception.NoValidConnectionsError: [Errno None] Unable to connect to port 22 on 10.180.180.187
2025-05-14 06:50:07.051 69690 INFO tempest.lib.common.rest_client [req-74cfb2b8-72c6-433f-82f5-966f9ad4935c req-74cfb2b8-72c6-433f-82f5-966f9ad4935c ] Request (ImagesOneServerTestJSON:tearDownClass): 204 DELETE http://10.180.1.21/identity/v3/users/97f7a84a933447b681a6602a4e59914b 0.102s
2025-05-14 06:50:07.051 69654 INFO tempest.lib.common.rest_client [req-cef56e19-e861-4268-9a6f-58f23d904479 req-cef56e19-e861-4268-9a6f-58f23d904479 ] Request (ServerMetadataNegativeTestJSON:setUpClass): 200 GET http://10.180.1.21/compute/v2.1/servers/ca2afff9-d273-4f7b-a8c0-f1371b3aa6fc 0.126s
2025-05-14 06:50:07.051 69690 INFO tempest.lib.common.dynamic_creds [-] Deleting project and security group for project: 7bc2c53e013e49088a7413042e4f12d3
2025-05-14 06:50:07.061 69654 INFO tempest.common.waiters [-] State transition "BUILD/scheduling" ==> "BUILD/None" after 40 second wait
2025-05-14 06:50:07.072 69668 INFO tempest.lib.common.rest_client [req-10763d05-482b-465b-8bba-0bcdccc6c536 req-10763d05-482b-465b-8bba-0bcdccc6c536 ] Request (ServersAdminTestJSON:test_inject_network_info): 200 GET http://10.180.1.21/compute/v2.1/servers/92b7fbc4-a250-43f7-99b5-995a091a1af2 0.115s
2025-05-14 06:50:07.089 69690 INFO tempest.lib.common.rest_client [req-aee298ac-3693-4be8-90dc-0246ad36215d req-aee298ac-3693-4be8-90dc-0246ad36215d ] Request (ImagesOneServerTestJSON:tearDownClass): 200 GET http://10.180.1.21:9696/networking/v2.0/security-groups?tenant_id=7bc2c53e013e49088a7413042e4f12d3&name=default 0.037s
2025-05-14 06:50:07.120 69702 INFO tempest.lib.common.rest_client [req-ee928ca4-777c-444f-9b76-111dfdc805a3 req-ee928ca4-777c-444f-9b76-111dfdc805a3 ] Request (AttachVolumeShelveTestJSON:test_attach_volume_shelved_or_offload_server): 200 GET http://10.180.1.21/compute/v2.1/servers/c9fa009b-e531-4e27-933e-97f99a0ddc6b 0.136s
2025-05-14 06:50:07.189 69700 INFO tempest.lib.common.rest_client [req-c6b4eea8-98db-4a9b-8526-485759c8d372 req-c6b4eea8-98db-4a9b-8526-485759c8d372 ] Request (ServerShowV257Test:test_rebuild_server): 200 GET http://10.180.1.21/compute/v2.1/servers/065b704e-0717-4af5-9816-52ebdf54b9db 0.099s
2025-05-14 06:50:07.204 69700 INFO tempest.common.waiters [-] State transition "BUILD/None" ==> "BUILD/networking" after 53 second wait
