2025-05-14 06:47:59.382 69680 INFO tempest.lib.common.dynamic_creds [-] Created isolated network resources for: credentials: Credentials: {'domain_id': 'default', 'domain_name': 'Default', 'username': 'tempest-ServerActionsV293TestJSON-2068218622-project-member', 'project_domain_id': 'default', 'project_domain_name': 'Default', 'project_id': 'b068de5f39ef4e5e903d06b4e634c3d5', 'project_name': 'tempest-ServerActionsV293TestJSON-2068218622', 'tenant_id': 'b068de5f39ef4e5e903d06b4e634c3d5', 'tenant_name': 'tempest-ServerActionsV293TestJSON-2068218622', 'user_domain_id': 'default', 'user_domain_name': 'Default', 'user_id': '31fafc15525a4228865b72278ff6b52e', 'system': None}, Network: {'id': 'b9470aaa-9b07-4f42-8d74-a6d3e813a8d4', 'name': 'tempest-ServerActionsV293TestJSON-1745210636-network', 'tenant_id': 'b068de5f39ef4e5e903d06b4e634c3d5', 'admin_state_up': True, 'mtu': 8950, 'status': 'ACTIVE', 'subnets': [], 'shared': False, 'project_id': 'b068de5f39ef4e5e903d06b4e634c3d5', 'port_security_enabled': True, 'router:external': False, 'provider:network_type': 'vlan', 'provider:physical_network': 'default', 'provider:segmentation_id': 532, 'availability_zone_hints': [], 'availability_zones': [], 'ipv4_address_scope': None, 'ipv6_address_scope': None, 'description': '', 'tags': [], 'created_at': '2025-05-14T06:47:53Z', 'updated_at': '2025-05-14T06:47:53Z', 'revision_number': 1}, Subnet: {'id': 'ff35492a-798b-4922-9a8c-5aad33dfa349', 'name': 'tempest-ServerActionsV293TestJSON-1745210636-subnet', 'tenant_id': 'b068de5f39ef4e5e903d06b4e634c3d5', 'network_id': 'b9470aaa-9b07-4f42-8d74-a6d3e813a8d4', 'ip_version': 4, 'subnetpool_id': None, 'enable_dhcp': True, 'ipv6_ra_mode': None, 'ipv6_address_mode': None, 'gateway_ip': '192.168.128.1', 'cidr': '192.168.128.0/28', 'allocation_pools': [{'start': '192.168.128.2', 'end': '192.168.128.14'}], 'host_routes': [], 'dns_nameservers': [], 'description': '', 'router:external': False, 'service_types': [], 'tags': [], 'created_at': '2025-05-14T06:47:54Z', 'updated_at': '2025-05-14T06:47:54Z', 'revision_number': 0, 'project_id': 'b068de5f39ef4e5e903d06b4e634c3d5'}, Router: {'id': 'a50ca5d5-bcee-43af-bd45-9190862928ac', 'name': 'tempest-ServerActionsV293TestJSON-1745210636-router', 'tenant_id': 'b068de5f39ef4e5e903d06b4e634c3d5', 'admin_state_up': True, 'status': 'ACTIVE', 'external_gateway_info': {'network_id': 'c8f572d1-4b5c-45a3-9d3c-7908ad40d3d9', 'external_fixed_ips': [{'subnet_id': '892ba09c-f7a1-4eaa-970c-52dde487cb9d', 'ip_address': '10.180.180.128'}], 'enable_snat': True}, 'description': '', 'availability_zones': [], 'distributed': False, 'ha': False, 'availability_zone_hints': [], 'routes': [], 'flavor_id': None, 'tags': [], 'created_at': '2025-05-14T06:47:54Z', 'updated_at': '2025-05-14T06:47:55Z', 'revision_number': 2, 'project_id': 'b068de5f39ef4e5e903d06b4e634c3d5'}
2025-05-14 06:47:59.492 69676 INFO tempest.lib.common.rest_client [req-0e724e0c-93c7-47cb-90ff-8d2d5683d16c req-0e724e0c-93c7-47cb-90ff-8d2d5683d16c ] Request (ServersWithSpecificFlavorTestJSON:test_verify_created_server_ephemeral_disk): 200 POST http://10.180.1.21/compute/v2.1/flavors 2.745s
2025-05-14 06:47:59.497 69680 INFO tempest.lib.common.rest_client [req-16359aa4-9ebf-4027-8af2-28ef1902db87 req-16359aa4-9ebf-4027-8af2-28ef1902db87 ] Request (ServerActionsV293TestJSON:setUpClass): 201 POST http://10.180.1.21/identity/v3/auth/tokens 0.110s
2025-05-14 06:47:59.518 69668 INFO tempest.lib.common.rest_client [req-084d5f2e-0df1-42f3-918d-9994f6b4832c req-084d5f2e-0df1-42f3-918d-9994f6b4832c ] Request (ServersAdminTestJSON:setUpClass): 202 POST http://10.180.1.21/compute/v2.1/servers 3.383s
2025-05-14 06:47:59.577 69682 INFO tempest.lib.common.rest_client [req-197d4f9c-c16f-4a9d-8315-468543c4fb09 req-197d4f9c-c16f-4a9d-8315-468543c4fb09 ] Request (ServerPasswordTestJSON:setUpClass): 200 GET http://10.180.1.21/compute/v2.1/servers/def4786b-65c2-447f-a133-8b575067efe8 2.591s
2025-05-14 06:47:59.605 69668 INFO tempest.lib.common.rest_client [req-e8af25ea-1015-4b9b-be9c-6263b274019e req-e8af25ea-1015-4b9b-be9c-6263b274019e ] Request (ServersAdminTestJSON:setUpClass): 201 POST http://10.180.1.21/identity/v3/auth/tokens 0.077s
2025-05-14 06:47:59.606 69668 INFO tempest.lib.common.fixed_network [-] (ServersAdminTestJSON:setUpClass) Found network {'id': '4c670f7d-3b43-4b44-9b8c-474ad1b5710d', 'name': 'tempest-ServersAdminTestJSON-882274048-network', 'tenant_id': '33dcc27af5b845919591b98d37ad2a5d', 'admin_state_up': True, 'mtu': 8950, 'status': 'ACTIVE', 'subnets': [], 'shared': False, 'project_id': '33dcc27af5b845919591b98d37ad2a5d', 'port_security_enabled': True, 'router:external': False, 'provider:network_type': 'vlan', 'provider:physical_network': 'default', 'provider:segmentation_id': 268, 'availability_zone_hints': [], 'availability_zones': [], 'ipv4_address_scope': None, 'ipv6_address_scope': None, 'description': '', 'tags': [], 'created_at': '2025-05-14T06:47:46Z', 'updated_at': '2025-05-14T06:47:46Z', 'revision_number': 1} available for tenant
2025-05-14 06:47:59.647 69646 INFO tempest.lib.common.rest_client [req-2506991c-2539-4c3f-ac28-d8d18ba951a2 req-2506991c-2539-4c3f-ac28-d8d18ba951a2 ] Request (DeleteServersAdminTestJSON:test_admin_delete_servers_of_others): 200 GET http://10.180.1.21/compute/v2.1/servers/65e23711-82b8-4f46-805e-69017d84226d 2.544s
2025-05-14 06:47:59.690 69656 INFO tempest.lib.common.rest_client [req-d3aea9d1-434f-40db-9573-5ccb145d9b8b req-d3aea9d1-434f-40db-9573-5ccb145d9b8b ] Request (TenantUsagesTestJSON:setUpClass): 200 GET http://10.180.1.21/compute/v2.1/servers/18f7a9f5-478d-409e-8ddb-18f83cea0499 2.626s
2025-05-14 06:47:59.701 69656 INFO tempest.common.waiters [-] State transition "BUILD/None" ==> "BUILD/block_device_mapping" after 3 second wait
2025-05-14 06:47:59.701 69696 INFO tempest.lib.common.rest_client [req-53dfbe32-8dd9-480c-bfc4-aee9b8193305 req-53dfbe32-8dd9-480c-bfc4-aee9b8193305 ] Request (VolumesAssistedSnapshotsTest:setUpClass): 201 POST http://10.180.1.21:9696/networking/v2.0/networks 0.355s
2025-05-14 06:47:59.840 69671 INFO tempest.lib.common.rest_client [req-a604a983-bab9-4987-a4b1-81f0a4ff6ee3 req-a604a983-bab9-4987-a4b1-81f0a4ff6ee3 ] Request (SecurityGroupsTestAdminJSON:test_list_security_groups_list_all_tenants_filter): 200 POST http://10.180.1.21/compute/v2.1/os-security-groups 1.963s
2025-05-14 06:47:59.850 69650 INFO tempest.lib.common.rest_client [req-8353cafc-9fd7-4cad-bb8d-c2a95078706e req-8353cafc-9fd7-4cad-bb8d-c2a95078706e ] Request (HostsAdminNegativeTestJSON:test_show_host_detail_with_non_admin_user): 403 GET http://10.180.1.21/compute/v2.1/os-hosts/devstack 1.760s
2025-05-14 06:47:59.911 69702 INFO tempest.lib.common.rest_client [req-e94483ff-add6-4300-91f2-adfa0f28ef9b req-e94483ff-add6-4300-91f2-adfa0f28ef9b ] Request (ServersTestJSON:setUpClass): 200 GET http://10.180.1.21/compute/v2.1/servers/9c3b6446-8019-4eac-b0b9-1722de7181c6 1.413s
2025-05-14 06:47:59.952 69652 INFO tempest.lib.common.rest_client [req-01bbbdf5-4b05-4096-a590-037e8b225d69 req-01bbbdf5-4b05-4096-a590-037e8b225d69 ] Request (KeyPairsV210TestJSON:test_admin_manage_keypairs_for_other_users): 201 POST http://10.180.1.21/compute/v2.1/os-keypairs 1.440s
2025-05-14 06:48:00.047 69672 INFO tempest.lib.common.rest_client [req-319e47b3-adb2-4c1f-bac0-a54f4fe89dcf req-319e47b3-adb2-4c1f-bac0-a54f4fe89dcf ] Request (ImagesMetadataTestJSON:setUpClass): 204 PUT http://10.180.1.21/image/v2/images/7c0e0884-af47-49f3-83cb-4553be1f938e/file 0.900s
2025-05-14 06:48:00.057 69654 INFO tempest.lib.common.rest_client [req-3cc624a7-ab7b-4693-a8e3-c66aac1d6c85 req-3cc624a7-ab7b-4693-a8e3-c66aac1d6c85 ] Request (AttachInterfacesV270Test:test_create_get_list_interfaces): 202 POST http://10.180.1.21/compute/v2.1/servers 2.935s
2025-05-14 06:48:00.067 69692 INFO tempest.lib.common.rest_client [req-23601daf-819b-4546-a308-85aa8864c8f8 req-23601daf-819b-4546-a308-85aa8864c8f8 ] Request (MultipleCreateNegativeTestJSON:test_min_count_less_than_one): 400 POST http://10.180.1.21/compute/v2.1/servers 1.487s
2025-05-14 06:48:00.071 69696 INFO tempest.lib.common.rest_client [req-e1225310-f679-4cd8-88dc-6b5bd6a7574a req-e1225310-f679-4cd8-88dc-6b5bd6a7574a ] Request (VolumesAssistedSnapshotsTest:setUpClass): 201 POST http://10.180.1.21:9696/networking/v2.0/subnets 0.369s
2025-05-14 06:48:00.101 69708 INFO tempest.lib.common.rest_client [req-ec8fc9a6-5725-4801-9c60-b38b0f9c8441 req-ec8fc9a6-5725-4801-9c60-b38b0f9c8441 ] Request (FlavorsExtraSpecsNegativeTestJSON:test_flavor_non_admin_unset_keys): 200 POST http://10.180.1.21/compute/v2.1/flavors/1291372283/os-extra_specs 1.507s
2025-05-14 06:48:00.128 69662 INFO tempest.lib.common.rest_client [req-e37bb6c6-eb84-4bb7-b129-c5693dd22195 req-e37bb6c6-eb84-4bb7-b129-c5693dd22195 ] Request (ServicesAdminTestJSON:test_list_services): 200 GET http://10.180.1.21/compute/v2.1/os-services 1.491s
2025-05-14 06:48:00.136 69678 INFO tempest.lib.common.rest_client [req-86aad879-16b5-4153-ab25-23cdf7b35f28 req-86aad879-16b5-4153-ab25-23cdf7b35f28 ] Request (ServerDiagnosticsV248Test:test_get_server_diagnostics): 202 POST http://10.180.1.21/compute/v2.1/servers 1.600s
2025-05-14 06:48:00.153 69692 INFO tempest.lib.common.rest_client [req-0ccad5d4-016a-47ba-abf3-fcf34361de4f req-0ccad5d4-016a-47ba-abf3-fcf34361de4f ] Request (MultipleCreateNegativeTestJSON:test_min_count_non_integer): 201 POST http://10.180.1.21/identity/v3/auth/tokens 0.080s
2025-05-14 06:48:00.154 69692 INFO tempest.lib.common.fixed_network [-] (MultipleCreateNegativeTestJSON:test_min_count_non_integer) Found network None available for tenant
2025-05-14 06:48:00.210 69686 INFO tempest.lib.common.rest_client [req-f3c76777-8bc3-4dac-ba8b-64a6a8fab629 req-f3c76777-8bc3-4dac-ba8b-64a6a8fab629 ] Request (AggregatesAdminNegativeTestJSON:test_aggregate_add_existent_host): 409 POST http://10.180.1.21/compute/v2.1/os-aggregates/1/action 1.254s
2025-05-14 06:48:00.248 69674 INFO tempest.lib.common.rest_client [req-10e9f13d-ee7e-4607-9d4a-9a6bb65d54f9 req-10e9f13d-ee7e-4607-9d4a-9a6bb65d54f9 ] Request (FlavorsAccessNegativeTestJSON:test_add_flavor_access_duplicate): 409 POST http://10.180.1.21/compute/v2.1/flavors/90695717/action 1.543s
2025-05-14 06:48:00.268 69660 INFO tempest.lib.common.rest_client [req-18cbe92a-c045-4499-aa82-d69ced1438f3 req-18cbe92a-c045-4499-aa82-d69ced1438f3 ] Request (FloatingIPsAssociationNegativeTestJSON:setUpClass): 200 GET http://10.180.1.21/compute/v2.1/servers/fff38139-053a-493f-80e9-1cc9844f733b 1.290s
2025-05-14 06:48:00.276 69684 INFO tempest.lib.common.rest_client [req-12e96a26-1057-48f9-be94-3d4001486ba8 req-12e96a26-1057-48f9-be94-3d4001486ba8 ] Request (FlavorsExtraSpecsTestJSON:test_flavor_non_admin_get_specific_key): 200 POST http://10.180.1.21/compute/v2.1/flavors/320342252/os-extra_specs 1.232s
2025-05-14 06:48:00.289 69662 INFO tempest.lib.common.rest_client [req-475d5e77-960a-4d32-9d53-fc86daee95b9 req-475d5e77-960a-4d32-9d53-fc86daee95b9 ] Request (ServicesAdminTestJSON:tearDownClass): 204 DELETE http://10.180.1.21/identity/v3/users/1c2d9b5160d84c6fabc24f5d15439921 0.156s
2025-05-14 06:48:00.301 69698 INFO tempest.lib.common.rest_client [req-dff0c77b-4b46-43e5-bb73-435881b2ca0e req-dff0c77b-4b46-43e5-bb73-435881b2ca0e ] Request (FlavorMetadataValidation:_run_cleanups): 200 GET http://10.180.1.21/compute/v2.1/flavors/detail 1.234s
2025-05-14 06:48:00.327 69688 INFO tempest.lib.common.rest_client [req-323ade50-bc57-4dbb-9c9b-5cb87f1ce71e req-323ade50-bc57-4dbb-9c9b-5cb87f1ce71e ] Request (ServicesAdminNegativeV253TestJSON:test_get_service_by_invalid_params): 200 GET http://10.180.1.21/compute/v2.1/os-services 1.244s
2025-05-14 06:48:00.344 69690 INFO tempest.lib.common.rest_client [req-f475bc01-2241-4191-835e-6de385109ec3 req-f475bc01-2241-4191-835e-6de385109ec3 ] Request (ImagesOneServerTestJSON:setUpClass): 200 GET http://10.180.1.21/compute/v2.1/servers/8f6144e5-282f-4210-83f3-d17ebdc0fe12 1.266s
2025-05-14 06:48:00.352 69648 INFO tempest.lib.common.rest_client [req-2c5d6d6f-9c93-49b9-8bbf-a373b0054515 req-2c5d6d6f-9c93-49b9-8bbf-a373b0054515 ] Request (HypervisorAdminTestJSON:test_get_hypervisor_show_details): 200 GET http://10.180.1.21/compute/v2.1/os-hypervisors/1 1.245s
2025-05-14 06:48:00.378 69706 INFO tempest.lib.common.rest_client [req-c732535a-0d7c-4dbe-8572-52685bf3495a req-c732535a-0d7c-4dbe-8572-52685bf3495a ] Request (FlavorsAdminTestJSON:test_create_flavor_verify_entry_in_list_details): 200 POST http://10.180.1.21/compute/v2.1/flavors 1.135s
2025-05-14 06:48:00.409 69662 INFO tempest.lib.common.rest_client [req-f655fa5c-6d86-4922-9819-9efa379e6e53 req-f655fa5c-6d86-4922-9819-9efa379e6e53 ] Request (ServicesAdminTestJSON:tearDownClass): 204 DELETE http://10.180.1.21/identity/v3/users/4810e5659a454d04ab7d3437d4a04f59 0.120s
2025-05-14 06:48:00.410 69662 INFO tempest.lib.common.dynamic_creds [-] Deleting project and security group for project: 5584d4ba358c402a88d717cba395db1c
2025-05-14 06:48:00.423 69698 INFO tempest.lib.common.rest_client [req-65cc0ea2-8cf9-4678-8d59-c673460ef9c7 req-65cc0ea2-8cf9-4678-8d59-c673460ef9c7 ] Request (FlavorMetadataValidation:tearDownClass): 204 DELETE http://10.180.1.21/identity/v3/users/8a130afa753d4f3a9a9fe59442bed981 0.108s
2025-05-14 06:48:00.494 69662 INFO tempest.lib.common.rest_client [req-c7a3c137-537a-4f58-aaaf-d033a2e3aed4 req-c7a3c137-537a-4f58-aaaf-d033a2e3aed4 ] Request (ServicesAdminTestJSON:tearDownClass): 201 POST http://10.180.1.21/identity/v3/auth/tokens 0.084s
2025-05-14 06:48:00.548 69694 INFO tempest.lib.common.rest_client [req-8a4a85a1-84dc-4e34-a8b5-92b541fb4f8a req-8a4a85a1-84dc-4e34-a8b5-92b541fb4f8a ] Request (TenantUsagesNegativeTestJSON:test_list_usage_all_tenants_with_non_admin_user): 403 GET http://10.180.1.21/compute/v2.1/os-simple-tenant-usage?start=2025-05-13T06%3A47%3A54.356410&end=2025-05-15T06%3A47%3A54.356410&detailed=1 1.306s
2025-05-14 06:48:00.583 69700 INFO tempest.lib.common.rest_client [req-193b22c3-38fe-444e-b4c0-87ae1c62c396 req-193b22c3-38fe-444e-b4c0-87ae1c62c396 ] Request (FlavorsV255TestJSON:test_crud_flavor): 200 GET http://10.180.1.21/compute/v2.1/flavors/detail 1.302s
2025-05-14 06:48:00.592 69664 INFO tempest.lib.common.rest_client [req-cb637449-cf25-4899-a5cf-c7417ec0084f req-cb637449-cf25-4899-a5cf-c7417ec0084f ] Request (FlavorsAccessTestJSON:test_flavor_access_add_remove): 200 POST http://10.180.1.21/compute/v2.1/flavors/1448580042/action 1.375s
2025-05-14 06:48:00.604 69676 INFO tempest.lib.common.rest_client [req-08e0b279-0e8c-48c2-88a2-4d3a2db2926b req-08e0b279-0e8c-48c2-88a2-4d3a2db2926b ] Request (ServersWithSpecificFlavorTestJSON:test_verify_created_server_ephemeral_disk): 200 GET http://10.180.1.21/compute/v2.1/flavors/42/os-extra_specs 1.108s
2025-05-14 06:48:00.613 69704 INFO tempest.lib.common.rest_client [req-5c07bd9b-690e-4807-80a8-c4a1e6366e1f req-5c07bd9b-690e-4807-80a8-c4a1e6366e1f ] Request (HypervisorAdminUnderV252Test:test_search_hypervisor): 200 GET http://10.180.1.21/compute/v2.1/os-hypervisors/domain-c8.fc996f14-c53b-4953-92e3-bdfa48f5cc28/search 1.311s
2025-05-14 06:48:00.658 69698 INFO tempest.lib.common.rest_client [req-29d1c8f9-cec1-46f1-963a-1acee8822da7 req-29d1c8f9-cec1-46f1-963a-1acee8822da7 ] Request (FlavorMetadataValidation:tearDownClass): 204 DELETE http://10.180.1.21/identity/v3/users/29cc27e28ede4dbfb1c678a12d2caf65 0.234s
2025-05-14 06:48:00.658 69698 INFO tempest.lib.common.dynamic_creds [-] Deleting project and security group for project: c6ef7a8b1b8e4768a69855f04abf6e25
2025-05-14 06:48:00.768 69694 INFO tempest.lib.common.rest_client [req-3fa8f9bd-be79-4e68-8b93-8ea6edbb35f9 req-3fa8f9bd-be79-4e68-8b93-8ea6edbb35f9 ] Request (TenantUsagesNegativeTestJSON:tearDownClass): 204 DELETE http://10.180.1.21/identity/v3/users/33f89315d9224098a1b49e3a752b51a6 0.217s
2025-05-14 06:48:00.838 69658 INFO tempest.lib.common.rest_client [req-c7f9c708-6b20-4c0b-9639-0900c077b489 req-c7f9c708-6b20-4c0b-9639-0900c077b489 ] Request (ServersTestFqdnHostnames:test_create_server_with_fqdn_name): 200 GET http://10.180.1.21/compute/v2.1/servers/9db1b0ba-ae45-4bcb-a3cf-69e497fa3357 1.242s
2025-05-14 06:48:00.867 69662 INFO tempest.lib.common.rest_client [req-23354b48-f87c-4d9e-9289-20c1e47a1993 req-23354b48-f87c-4d9e-9289-20c1e47a1993 ] Request (ServicesAdminTestJSON:tearDownClass): 200 GET http://10.180.1.21:9696/networking/v2.0/security-groups?tenant_id=5584d4ba358c402a88d717cba395db1c&name=default 0.373s
2025-05-14 06:48:00.870 69704 INFO tempest.lib.common.rest_client [req-44c5c75b-8dbb-4b7d-8e30-b19559744982 req-44c5c75b-8dbb-4b7d-8e30-b19559744982 ] Request (HypervisorAdminUnderV252Test:tearDownClass): 204 DELETE http://10.180.1.21/identity/v3/users/fd3e835774d64e258cfb75dfb1ea35f2 0.254s
2025-05-14 06:48:00.919 69680 INFO tempest.lib.common.rest_client [req-dba958ec-b64e-421d-ab7f-a9e6fabbf932 req-dba958ec-b64e-421d-ab7f-a9e6fabbf932 ] Request (ServerActionsV293TestJSON:setUpClass): 201 POST http://10.180.1.21/compute/v2.1/os-keypairs 1.420s
2025-05-14 06:48:00.930 69698 INFO tempest.lib.common.rest_client [req-ccfd877e-c0ac-40a3-9852-795ee289cd72 req-ccfd877e-c0ac-40a3-9852-795ee289cd72 ] Request (FlavorMetadataValidation:tearDownClass): 201 POST http://10.180.1.21/identity/v3/auth/tokens 0.271s
2025-05-14 06:48:00.978 69662 INFO tempest.lib.common.rest_client [req-ba88bfd6-4e46-4e69-a146-d76c7b0db68a req-ba88bfd6-4e46-4e69-a146-d76c7b0db68a ] Request (ServicesAdminTestJSON:tearDownClass): 204 DELETE http://10.180.1.21:9696/networking/v2.0/security-groups/80c58e75-56fc-48ef-a740-4644e3ff1c01 0.110s
2025-05-14 06:48:00.991 69694 INFO tempest.lib.common.rest_client [req-7a106f95-d903-46f1-8363-7c5872827a06 req-7a106f95-d903-46f1-8363-7c5872827a06 ] Request (TenantUsagesNegativeTestJSON:tearDownClass): 204 DELETE http://10.180.1.21/identity/v3/users/43ff2d19da6c4608acbf7f53ac09dd59 0.223s
2025-05-14 06:48:00.991 69694 INFO tempest.lib.common.dynamic_creds [-] Deleting project and security group for project: 7fbd23e155584c2b83d09a0c3d57d21c
2025-05-14 06:48:00.996 69704 INFO tempest.lib.common.rest_client [req-92f0d21c-4b67-4203-bc2d-72dd76a4a525 req-92f0d21c-4b67-4203-bc2d-72dd76a4a525 ] Request (HypervisorAdminUnderV252Test:tearDownClass): 204 DELETE http://10.180.1.21/identity/v3/users/4aa80005d5f646f694fdcedb9574fb06 0.125s
2025-05-14 06:48:00.996 69704 INFO tempest.lib.common.dynamic_creds [-] Deleting project and security group for project: d01b45eb8bf246099f3903e4fccc85f8
2025-05-14 06:48:01.046 69680 INFO tempest.lib.common.rest_client [req-67d2f872-2dcd-4cca-9466-2af84ae199d2 req-67d2f872-2dcd-4cca-9466-2af84ae199d2 ] Request (ServerActionsV293TestJSON:setUpClass): 201 POST http://10.180.1.21:9696/networking/v2.0/security-groups 0.125s
2025-05-14 06:48:01.134 69662 INFO tempest.lib.common.rest_client [req-d8c2c26f-be72-4e60-9fb2-f46873b8a3df req-d8c2c26f-be72-4e60-9fb2-f46873b8a3df ] Request (ServicesAdminTestJSON:tearDownClass): 204 DELETE http://10.180.1.21/identity/v3/projects/5584d4ba358c402a88d717cba395db1c 0.156s
2025-05-14 06:48:01.134 69662 INFO tempest.lib.common.dynamic_creds [-] Deleting project and security group for project: cffe666e0eee48449f0e16a2f0264bdb
2025-05-14 06:48:01.163 69694 INFO tempest.lib.common.rest_client [req-b5f02d00-6a66-4cbe-aeb0-2691b4cc4a4e req-b5f02d00-6a66-4cbe-aeb0-2691b4cc4a4e ] Request (TenantUsagesNegativeTestJSON:tearDownClass): 201 POST http://10.180.1.21/identity/v3/auth/tokens 0.171s
2025-05-14 06:48:01.200 69704 INFO tempest.lib.common.rest_client [req-91239ec0-75fb-46e7-90dc-16f2f904eab3 req-91239ec0-75fb-46e7-90dc-16f2f904eab3 ] Request (HypervisorAdminUnderV252Test:tearDownClass): 201 POST http://10.180.1.21/identity/v3/auth/tokens 0.203s
2025-05-14 06:48:01.225 69680 INFO tempest.lib.common.rest_client [req-9d48718d-1b69-4ad9-a66e-4a2a6f616dfc req-9d48718d-1b69-4ad9-a66e-4a2a6f616dfc ] Request (ServerActionsV293TestJSON:setUpClass): 201 POST http://10.180.1.21:9696/networking/v2.0/security-group-rules 0.178s
2025-05-14 06:48:01.546 69698 INFO tempest.lib.common.rest_client [req-576508d2-4828-4bbd-93f1-66135830eb1f req-576508d2-4828-4bbd-93f1-66135830eb1f ] Request (FlavorMetadataValidation:tearDownClass): 200 GET http://10.180.1.21:9696/networking/v2.0/security-groups?tenant_id=c6ef7a8b1b8e4768a69855f04abf6e25&name=default 0.616s
2025-05-14 06:48:01.562 69662 INFO tempest.lib.common.rest_client [req-4de6954a-03df-4a89-9d64-471d2bbfbd7d req-4de6954a-03df-4a89-9d64-471d2bbfbd7d ] Request (ServicesAdminTestJSON:tearDownClass): 200 GET http://10.180.1.21:9696/networking/v2.0/security-groups?tenant_id=cffe666e0eee48449f0e16a2f0264bdb&name=default 0.427s
2025-05-14 06:48:01.581 69668 INFO tempest.lib.common.rest_client [req-f7bf9331-1ef8-428d-85a4-53784fc29746 req-f7bf9331-1ef8-428d-85a4-53784fc29746 ] Request (ServersAdminTestJSON:setUpClass): 202 POST http://10.180.1.21/compute/v2.1/servers 1.975s
2025-05-14 06:48:01.593 69650 INFO tempest.lib.common.rest_client [req-33d7263a-aaae-4c18-865a-2241340ac373 req-33d7263a-aaae-4c18-865a-2241340ac373 ] Request (HostsAdminNegativeTestJSON:test_show_host_detail_with_nonexistent_hostname): 404 GET http://10.180.1.21/compute/v2.1/os-hosts/nonexistent_hostname 1.742s
2025-05-14 06:48:01.604 69652 INFO tempest.lib.common.rest_client [req-83d1a5b1-50c7-4b71-94f6-9916f35d6f00 req-83d1a5b1-50c7-4b71-94f6-9916f35d6f00 ] Request (KeyPairsV210TestJSON:test_admin_manage_keypairs_for_other_users): 200 GET http://10.180.1.21/compute/v2.1/os-keypairs?user_id=64a1dae6222f459b9beb9907979d0242 1.651s
2025-05-14 06:48:01.649 69672 INFO tempest.lib.common.rest_client [req-c3e54d57-77ec-402b-8d0e-893521224feb req-c3e54d57-77ec-402b-8d0e-893521224feb ] Request (ImagesMetadataTestJSON:setUpClass): 200 GET http://10.180.1.21/compute/v2.1/images/7c0e0884-af47-49f3-83cb-4553be1f938e 1.602s
2025-05-14 06:48:01.654 69696 INFO tempest.lib.common.rest_client [req-d5c30d2e-d7e5-4a86-9eb9-7a0bc547e9d7 req-d5c30d2e-d7e5-4a86-9eb9-7a0bc547e9d7 ] Request (VolumesAssistedSnapshotsTest:setUpClass): 201 POST http://10.180.1.21:9696/networking/v2.0/routers 1.582s
2025-05-14 06:48:01.682 69680 INFO tempest.lib.common.rest_client [req-e8fed2da-4b78-4d9f-a347-7de946055d39 req-e8fed2da-4b78-4d9f-a347-7de946055d39 ] Request (ServerActionsV293TestJSON:setUpClass): 201 POST http://10.180.1.21:9696/networking/v2.0/security-group-rules 0.456s
2025-05-14 06:48:01.767 69694 INFO tempest.lib.common.rest_client [req-cdcf47f0-5d79-425e-892c-0cc2f4ab62c2 req-cdcf47f0-5d79-425e-892c-0cc2f4ab62c2 ] Request (TenantUsagesNegativeTestJSON:tearDownClass): 200 GET http://10.180.1.21:9696/networking/v2.0/security-groups?tenant_id=7fbd23e155584c2b83d09a0c3d57d21c&name=default 0.604s
2025-05-14 06:48:01.781 69704 INFO tempest.lib.common.rest_client [req-7902f373-32ad-44f6-b098-59751d21fae8 req-7902f373-32ad-44f6-b098-59751d21fae8 ] Request (HypervisorAdminUnderV252Test:tearDownClass): 200 GET http://10.180.1.21:9696/networking/v2.0/security-groups?tenant_id=d01b45eb8bf246099f3903e4fccc85f8&name=default 0.580s
2025-05-14 06:48:01.823 69654 INFO tempest.lib.common.rest_client [req-db069f33-33e4-4f94-b24f-30b229a75c48 req-db069f33-33e4-4f94-b24f-30b229a75c48 ] Request (AttachInterfacesV270Test:test_create_get_list_interfaces): 200 GET http://10.180.1.21/compute/v2.1/servers/e1a393f0-10b5-4e3e-afb0-4f5eca95f791 1.765s
2025-05-14 06:48:01.832 69708 INFO tempest.lib.common.rest_client [req-44942053-0cb8-4708-8073-6593a287be56 req-44942053-0cb8-4708-8073-6593a287be56 ] Request (FlavorsExtraSpecsNegativeTestJSON:test_flavor_non_admin_unset_keys): 403 DELETE http://10.180.1.21/compute/v2.1/flavors/1291372283/os-extra_specs/hw:numa_nodes 1.730s
2025-05-14 06:48:01.897 69662 INFO tempest.lib.common.rest_client [req-d4d71449-76b5-4fc4-87ef-2f68d6ff9f03 req-d4d71449-76b5-4fc4-87ef-2f68d6ff9f03 ] Request (ServicesAdminTestJSON:tearDownClass): 204 DELETE http://10.180.1.21:9696/networking/v2.0/security-groups/290d5bc4-5fee-4a03-9433-33499a18036f 0.334s
2025-05-14 06:48:01.907 69671 INFO tempest.lib.common.rest_client [req-e7c49487-7130-4ae9-8ce1-cd8c1f66af67 req-e7c49487-7130-4ae9-8ce1-cd8c1f66af67 ] Request (SecurityGroupsTestAdminJSON:test_list_security_groups_list_all_tenants_filter): 200 POST http://10.180.1.21/compute/v2.1/os-security-groups 2.063s
2025-05-14 06:48:01.909 69698 INFO tempest.lib.common.rest_client [req-0166f65a-e4f3-4f89-9ba1-d68daba4af2a req-0166f65a-e4f3-4f89-9ba1-d68daba4af2a ] Request (FlavorMetadataValidation:tearDownClass): 204 DELETE http://10.180.1.21:9696/networking/v2.0/security-groups/9fc2ce86-2953-48cc-8c55-fbae28e13d66 0.362s
2025-05-14 06:48:01.915 69692 INFO tempest.lib.common.rest_client [req-c4eb1a11-5323-4c24-af6a-a01d26cf847b req-c4eb1a11-5323-4c24-af6a-a01d26cf847b ] Request (MultipleCreateNegativeTestJSON:test_min_count_non_integer): 400 POST http://10.180.1.21/compute/v2.1/servers 1.760s
2025-05-14 06:48:01.971 69678 INFO tempest.lib.common.rest_client [req-0e7d7d7f-4c9d-4202-a876-bff018b18d3f req-0e7d7d7f-4c9d-4202-a876-bff018b18d3f ] Request (ServerDiagnosticsV248Test:test_get_server_diagnostics): 200 GET http://10.180.1.21/compute/v2.1/servers/004d22f6-e3e6-4966-b700-5b69f2b8f472 1.833s
2025-05-14 06:48:02.002 69662 INFO tempest.lib.common.rest_client [req-c708d564-491d-4fe6-ad1d-14bf280e5e80 req-c708d564-491d-4fe6-ad1d-14bf280e5e80 ] Request (ServicesAdminTestJSON:tearDownClass): 204 DELETE http://10.180.1.21/identity/v3/projects/cffe666e0eee48449f0e16a2f0264bdb 0.104s
2025-05-14 06:48:02.009 69698 INFO tempest.lib.common.rest_client [req-89638a7f-9bd5-4736-988f-d30fea654090 req-89638a7f-9bd5-4736-988f-d30fea654090 ] Request (FlavorMetadataValidation:tearDownClass): 204 DELETE http://10.180.1.21/identity/v3/projects/c6ef7a8b1b8e4768a69855f04abf6e25 0.100s
2025-05-14 06:48:02.009 69698 INFO tempest.lib.common.dynamic_creds [-] Deleting project and security group for project: 24c1867f64c34a04a271ac6befa16e78
2025-05-14 06:48:02.020 69694 INFO tempest.lib.common.rest_client [req-0ade1ce6-7943-49b1-86ba-e8db9b5e38a5 req-0ade1ce6-7943-49b1-86ba-e8db9b5e38a5 ] Request (TenantUsagesNegativeTestJSON:tearDownClass): 204 DELETE http://10.180.1.21:9696/networking/v2.0/security-groups/d847c6f9-ee93-4aa0-a4db-eca2a0fb251d 0.252s
2025-05-14 06:48:02.057 69686 INFO tempest.lib.common.rest_client [req-49fe9e51-1365-4e1c-a450-3c32ddbd107f req-49fe9e51-1365-4e1c-a450-3c32ddbd107f ] Request (AggregatesAdminNegativeTestJSON:_run_cleanups): 200 POST http://10.180.1.21/compute/v2.1/os-aggregates/1/action 1.846s
2025-05-14 06:48:02.067 69662 INFO tempest.lib.common.rest_client [req-68eaeba3-c265-4b03-b198-9f679bf464c8 req-68eaeba3-c265-4b03-b198-9f679bf464c8 ] Request (AbsoluteLimitsNegativeTestJSON:setUpClass): 201 POST http://10.180.1.21/identity/v3/auth/tokens 0.061s
2025-05-14 06:48:02.086 69684 INFO tempest.lib.common.rest_client [req-b27db25e-1c3d-47c3-ac4f-1a051d3ef34b req-b27db25e-1c3d-47c3-ac4f-1a051d3ef34b ] Request (FlavorsExtraSpecsTestJSON:test_flavor_non_admin_get_specific_key): 200 GET http://10.180.1.21/compute/v2.1/flavors/320342252/os-extra_specs/hw:numa_nodes 1.808s
2025-05-14 06:48:02.108 69688 INFO tempest.lib.common.rest_client [req-f65ad326-8b2a-421b-9f07-51b0c7f04146 req-f65ad326-8b2a-421b-9f07-51b0c7f04146 ] Request (ServicesAdminNegativeV253TestJSON:test_get_service_by_invalid_params): 200 GET http://10.180.1.21/compute/v2.1/os-services?xxx=nova-compute 1.778s
2025-05-14 06:48:02.128 69648 INFO tempest.lib.common.rest_client [req-05b84d51-fec4-4035-b701-9671716ddee5 req-05b84d51-fec4-4035-b701-9671716ddee5 ] Request (HypervisorAdminTestJSON:test_get_hypervisor_stats): 200 GET http://10.180.1.21/compute/v2.1/os-hypervisors/statistics 1.770s
2025-05-14 06:48:02.147 69704 INFO tempest.lib.common.rest_client [req-dd3905f6-ad73-496b-88a4-97c7865dec09 req-dd3905f6-ad73-496b-88a4-97c7865dec09 ] Request (HypervisorAdminUnderV252Test:tearDownClass): 204 DELETE http://10.180.1.21:9696/networking/v2.0/security-groups/52b0455f-7c40-4a0c-856a-d9f5ad0de7b8 0.365s
2025-05-14 06:48:02.149 69692 INFO tempest.lib.common.rest_client [req-f6b71f41-e34f-4814-a7c6-bcafab42c41a req-f6b71f41-e34f-4814-a7c6-bcafab42c41a ] Request (MultipleCreateNegativeTestJSON:tearDownClass): 204 DELETE http://10.180.1.21/identity/v3/users/ccd3d7e647574856b17e78a8110f7f32 0.233s
2025-05-14 06:48:02.150 69692 INFO tempest.lib.common.dynamic_creds [-] Deleting project and security group for project: 8e1675db137b4c07962115ce604dc196
2025-05-14 06:48:02.162 69706 INFO tempest.lib.common.rest_client [req-040360ea-5b9e-40c0-a8ea-b084fc0ec247 req-040360ea-5b9e-40c0-a8ea-b084fc0ec247 ] Request (FlavorsAdminTestJSON:test_create_flavor_verify_entry_in_list_details): 200 GET http://10.180.1.21/compute/v2.1/flavors/detail 1.779s
2025-05-14 06:48:02.239 69674 INFO tempest.lib.common.rest_client [req-bd8cd6e7-4a74-4d04-9c69-4f22f107dba6 req-bd8cd6e7-4a74-4d04-9c69-4f22f107dba6 ] Request (FlavorsAccessNegativeTestJSON:_run_cleanups): 200 POST http://10.180.1.21/compute/v2.1/flavors/90695717/action 1.990s
2025-05-14 06:48:02.275 69664 INFO tempest.lib.common.rest_client [req-375382c6-d898-4531-a54d-7976b9458951 req-375382c6-d898-4531-a54d-7976b9458951 ] Request (FlavorsAccessTestJSON:test_flavor_access_add_remove): 200 GET http://10.180.1.21/compute/v2.1/flavors/detail 1.682s
2025-05-14 06:48:02.277 69694 INFO tempest.lib.common.rest_client [req-0566386f-dbdc-4ce6-b357-0c373e52db3a req-0566386f-dbdc-4ce6-b357-0c373e52db3a ] Request (TenantUsagesNegativeTestJSON:tearDownClass): 204 DELETE http://10.180.1.21/identity/v3/projects/7fbd23e155584c2b83d09a0c3d57d21c 0.256s
2025-05-14 06:48:02.277 69694 INFO tempest.lib.common.dynamic_creds [-] Deleting project and security group for project: 17b418c875e14943b958d9806ba76d89
2025-05-14 06:48:02.283 69662 INFO tempest.lib.common.rest_client [req-f4100364-daec-463f-bc2d-b7ab77125cf5 req-f4100364-daec-463f-bc2d-b7ab77125cf5 ] Request (AbsoluteLimitsNegativeTestJSON:setUpClass): 201 POST http://10.180.1.21/identity/v3/auth/tokens 0.213s
2025-05-14 06:48:02.306 69700 INFO tempest.lib.common.rest_client [req-96ed5447-3b3d-4c44-a54d-e452c9a75513 req-96ed5447-3b3d-4c44-a54d-e452c9a75513 ] Request (FlavorsV255TestJSON:test_crud_flavor): 200 GET http://10.180.1.21/compute/v2.1/flavors 1.710s
2025-05-14 06:48:02.340 69676 INFO tempest.lib.common.rest_client [req-9a1b5e5d-3447-47c6-b45b-2a9f472bbf61 req-9a1b5e5d-3447-47c6-b45b-2a9f472bbf61 ] Request (ServersWithSpecificFlavorTestJSON:test_verify_created_server_ephemeral_disk): 200 POST http://10.180.1.21/compute/v2.1/flavors/90868301/os-extra_specs 1.733s
2025-05-14 06:48:02.346 69704 INFO tempest.lib.common.rest_client [req-044d1d96-5395-4d2a-97e4-1b5fd8b7cbc2 req-044d1d96-5395-4d2a-97e4-1b5fd8b7cbc2 ] Request (HypervisorAdminUnderV252Test:tearDownClass): 204 DELETE http://10.180.1.21/identity/v3/projects/d01b45eb8bf246099f3903e4fccc85f8 0.199s
2025-05-14 06:48:02.346 69704 INFO tempest.lib.common.dynamic_creds [-] Deleting project and security group for project: 4f877ba5bd6d42828ec02ac9e62fd026
2025-05-14 06:48:02.370 69698 INFO tempest.lib.common.rest_client [req-fe49a6fa-1649-416b-b269-48bd465a26e8 req-fe49a6fa-1649-416b-b269-48bd465a26e8 ] Request (FlavorMetadataValidation:tearDownClass): 200 GET http://10.180.1.21:9696/networking/v2.0/security-groups?tenant_id=24c1867f64c34a04a271ac6befa16e78&name=default 0.361s
2025-05-14 06:48:02.384 69648 INFO tempest.lib.common.rest_client [req-f56cbbda-6968-438f-b03b-0b94bdb0bf28 req-f56cbbda-6968-438f-b03b-0b94bdb0bf28 ] Request (HypervisorAdminTestJSON:tearDownClass): 204 DELETE http://10.180.1.21/identity/v3/users/15c9cb0216db4c8480cf66c14da686fe 0.253s
2025-05-14 06:48:02.414 69692 INFO tempest.lib.common.rest_client [req-e5b836ff-0bd5-4150-b366-c86b4bb4119b req-e5b836ff-0bd5-4150-b366-c86b4bb4119b ] Request (MultipleCreateNegativeTestJSON:tearDownClass): 201 POST http://10.180.1.21/identity/v3/auth/tokens 0.263s
2025-05-14 06:48:02.446 69646 INFO tempest.lib.common.rest_client [req-70673b61-2089-410e-879a-af5601c880c8 req-70673b61-2089-410e-879a-af5601c880c8 ] Request (DeleteServersAdminTestJSON:test_admin_delete_servers_of_others): 200 GET http://10.180.1.21/compute/v2.1/servers/65e23711-82b8-4f46-805e-69017d84226d 1.788s
2025-05-14 06:48:02.459 69662 INFO tempest.lib.common.rest_client [req-c27e5e54-c3ab-4e77-a8c4-b29740c4d742 req-c27e5e54-c3ab-4e77-a8c4-b29740c4d742 ] Request (AbsoluteLimitsNegativeTestJSON:setUpClass): 200 GET http://10.180.1.21/identity/v3/domains?name=Default 0.174s
2025-05-14 06:48:02.490 69648 INFO tempest.lib.common.rest_client [req-4a4e461c-9639-4081-bbce-7a776644c5df req-4a4e461c-9639-4081-bbce-7a776644c5df ] Request (HypervisorAdminTestJSON:tearDownClass): 204 DELETE http://10.180.1.21/identity/v3/users/aaddc21303f84b6aa6d22118858da0c6 0.106s
2025-05-14 06:48:02.491 69648 INFO tempest.lib.common.dynamic_creds [-] Deleting project and security group for project: c7aa743c419549c097687bff07800355
2025-05-14 06:48:02.530 69682 INFO tempest.lib.common.rest_client [req-cca8d271-c604-4159-ab3a-85f1c3f146cd req-cca8d271-c604-4159-ab3a-85f1c3f146cd ] Request (ServerPasswordTestJSON:setUpClass): 200 GET http://10.180.1.21/compute/v2.1/servers/def4786b-65c2-447f-a133-8b575067efe8 1.942s
2025-05-14 06:48:02.541 69682 INFO tempest.common.waiters [-] State transition "BUILD/None" ==> "BUILD/block_device_mapping" after 7 second wait
2025-05-14 06:48:02.561 69662 INFO tempest.lib.common.rest_client [req-0e0de2e7-2b86-4eab-a506-d90824d0c586 req-0e0de2e7-2b86-4eab-a506-d90824d0c586 ] Request (AbsoluteLimitsNegativeTestJSON:setUpClass): 201 POST http://10.180.1.21/identity/v3/projects 0.101s
2025-05-14 06:48:02.623 69662 INFO tempest.lib.common.rest_client [req-7a9a7333-7ee0-4b48-bb61-653bcc600575 req-7a9a7333-7ee0-4b48-bb61-653bcc600575 ] Request (AbsoluteLimitsNegativeTestJSON:setUpClass): 201 POST http://10.180.1.21/identity/v3/users 0.061s
2025-05-14 06:48:02.625 69648 INFO tempest.lib.common.rest_client [req-b7c134c2-cd0d-4699-859d-f848509bc134 req-b7c134c2-cd0d-4699-859d-f848509bc134 ] Request (HypervisorAdminTestJSON:tearDownClass): 201 POST http://10.180.1.21/identity/v3/auth/tokens 0.134s
2025-05-14 06:48:02.629 69702 INFO tempest.lib.common.rest_client [req-b5239b65-49d0-471e-b73b-03a10fe579de req-b5239b65-49d0-471e-b73b-03a10fe579de ] Request (ServersTestJSON:setUpClass): 200 GET http://10.180.1.21/compute/v2.1/servers/9c3b6446-8019-4eac-b0b9-1722de7181c6 1.706s
2025-05-14 06:48:02.644 69694 INFO tempest.lib.common.rest_client [req-07aca89b-98c0-4e57-a318-4d43de126d82 req-07aca89b-98c0-4e57-a318-4d43de126d82 ] Request (TenantUsagesNegativeTestJSON:tearDownClass): 200 GET http://10.180.1.21:9696/networking/v2.0/security-groups?tenant_id=17b418c875e14943b958d9806ba76d89&name=default 0.366s
2025-05-14 06:48:02.649 69662 INFO tempest.lib.common.rest_client [req-e901cb29-c37e-4893-b982-74915ed21ea2 req-e901cb29-c37e-4893-b982-74915ed21ea2 ] Request (AbsoluteLimitsNegativeTestJSON:setUpClass): 200 GET http://10.180.1.21/identity/v3/roles 0.025s
2025-05-14 06:48:02.676 69662 INFO tempest.lib.common.rest_client [req-d74d9fcf-08e5-42b9-9b83-e55f82e58d72 req-d74d9fcf-08e5-42b9-9b83-e55f82e58d72 ] Request (AbsoluteLimitsNegativeTestJSON:setUpClass): 204 PUT http://10.180.1.21/identity/v3/projects/29c58c26e2a8454ca5669b7f9645d684/users/c4d08560d71d433fbe54401c71f794c6/roles/0609a4e2993047a1a72e5fb71a609f23 0.026s
2025-05-14 06:48:02.676 69662 INFO tempest.lib.common.dynamic_creds [-] Dynamic test user c4d08560d71d433fbe54401c71f794c6 is created with scope project and roles: ['member']
2025-05-14 06:48:02.676 69662 INFO tempest.lib.common.dynamic_creds [-] Acquired dynamic creds: credentials: Credentials: {'domain_id': 'default', 'domain_name': 'Default', 'username': 'tempest-AbsoluteLimitsNegativeTestJSON-2053382411-project-member', 'project_domain_id': 'default', 'project_domain_name': 'Default', 'project_id': '29c58c26e2a8454ca5669b7f9645d684', 'project_name': 'tempest-AbsoluteLimitsNegativeTestJSON-2053382411', 'tenant_id': '29c58c26e2a8454ca5669b7f9645d684', 'tenant_name': 'tempest-AbsoluteLimitsNegativeTestJSON-2053382411', 'user_domain_id': 'default', 'user_domain_name': 'Default', 'user_id': 'c4d08560d71d433fbe54401c71f794c6', 'system': None}, Network: None, Subnet: None, Router: None
2025-05-14 06:48:02.677 69662 INFO tempest.lib.common.dynamic_creds [-] Created isolated network resources for: credentials: Credentials: {'domain_id': 'default', 'domain_name': 'Default', 'username': 'tempest-AbsoluteLimitsNegativeTestJSON-2053382411-project-member', 'project_domain_id': 'default', 'project_domain_name': 'Default', 'project_id': '29c58c26e2a8454ca5669b7f9645d684', 'project_name': 'tempest-AbsoluteLimitsNegativeTestJSON-2053382411', 'tenant_id': '29c58c26e2a8454ca5669b7f9645d684', 'tenant_name': 'tempest-AbsoluteLimitsNegativeTestJSON-2053382411', 'user_domain_id': 'default', 'user_domain_name': 'Default', 'user_id': 'c4d08560d71d433fbe54401c71f794c6', 'system': None}, Network: None, Subnet: None, Router: None
2025-05-14 06:48:02.690 69698 INFO tempest.lib.common.rest_client [req-6f4ed261-a2b9-41b9-b4ec-96a673fde3d9 req-6f4ed261-a2b9-41b9-b4ec-96a673fde3d9 ] Request (FlavorMetadataValidation:tearDownClass): 204 DELETE http://10.180.1.21:9696/networking/v2.0/security-groups/0f94655f-604e-4116-9e5f-0ad7646613b2 0.319s
2025-05-14 06:48:02.720 69656 INFO tempest.lib.common.rest_client [req-cc2d76a3-3948-41ab-a2f0-dc920cd9af7d req-cc2d76a3-3948-41ab-a2f0-dc920cd9af7d ] Request (TenantUsagesTestJSON:setUpClass): 200 GET http://10.180.1.21/compute/v2.1/servers/18f7a9f5-478d-409e-8ddb-18f83cea0499 2.016s
2025-05-14 06:48:02.729 69656 INFO tempest.common.waiters [-] State transition "BUILD/block_device_mapping" ==> "BUILD/spawning" after 6 second wait
2025-05-14 06:48:02.749 69660 INFO tempest.lib.common.rest_client [req-dcf0726e-1973-41ea-a83f-2d0c6830dd46 req-dcf0726e-1973-41ea-a83f-2d0c6830dd46 ] Request (FloatingIPsAssociationNegativeTestJSON:setUpClass): 200 GET http://10.180.1.21/compute/v2.1/servers/fff38139-053a-493f-80e9-1cc9844f733b 1.471s
2025-05-14 06:48:02.763 69662 INFO tempest.lib.common.rest_client [req-4cad979e-5b7c-403a-9d9f-261d3a92567f req-4cad979e-5b7c-403a-9d9f-261d3a92567f ] Request (AbsoluteLimitsNegativeTestJSON:setUpClass): 201 POST http://10.180.1.21/identity/v3/auth/tokens 0.082s
2025-05-14 06:48:02.766 69704 INFO tempest.lib.common.rest_client [req-4c7e29c6-3de2-4c23-becb-da4cc337efe6 req-4c7e29c6-3de2-4c23-becb-da4cc337efe6 ] Request (HypervisorAdminUnderV252Test:tearDownClass): 200 GET http://10.180.1.21:9696/networking/v2.0/security-groups?tenant_id=4f877ba5bd6d42828ec02ac9e62fd026&name=default 0.420s
2025-05-14 06:48:02.822 69698 INFO tempest.lib.common.rest_client [req-a6360a41-1e21-4c18-a6b3-3a9d20311313 req-a6360a41-1e21-4c18-a6b3-3a9d20311313 ] Request (FlavorMetadataValidation:tearDownClass): 204 DELETE http://10.180.1.21/identity/v3/projects/24c1867f64c34a04a271ac6befa16e78 0.131s
2025-05-14 06:48:02.846 69690 INFO tempest.lib.common.rest_client [req-ce54837c-7a4b-469c-b799-3cb7b0f1086f req-ce54837c-7a4b-469c-b799-3cb7b0f1086f ] Request (ImagesOneServerTestJSON:setUpClass): 200 GET http://10.180.1.21/compute/v2.1/servers/8f6144e5-282f-4210-83f3-d17ebdc0fe12 1.492s
2025-05-14 06:48:02.880 69698 INFO tempest.lib.common.rest_client [req-d43a9847-1b9f-4d7f-bcd5-f4c479b123f5 req-d43a9847-1b9f-4d7f-bcd5-f4c479b123f5 ] Request (HypervisorAdminNegativeUnderV252Test:setUpClass): 201 POST http://10.180.1.21/identity/v3/auth/tokens 0.056s
2025-05-14 06:48:02.917 69698 INFO tempest.lib.common.rest_client [req-2055b325-0759-45ab-be93-1d897ce79057 req-2055b325-0759-45ab-be93-1d897ce79057 ] Request (HypervisorAdminNegativeUnderV252Test:setUpClass): 201 POST http://10.180.1.21/identity/v3/auth/tokens 0.034s
2025-05-14 06:48:02.919 69650 INFO tempest.lib.common.rest_client [req-1285a6f3-e200-48af-b77e-a415e4e77e43 req-1285a6f3-e200-48af-b77e-a415e4e77e43 ] Request (HostsAdminNegativeTestJSON:test_shutdown_host_with_non_admin_user): 403 GET http://10.180.1.21/compute/v2.1/os-hosts/devstack/shutdown 1.324s
2025-05-14 06:48:02.937 69668 INFO tempest.lib.common.rest_client [req-b6d696a8-b10e-4370-bd28-dd9757f016fe req-b6d696a8-b10e-4370-bd28-dd9757f016fe ] Request (ServersAdminTestJSON:setUpClass): 200 GET http://10.180.1.21/compute/v2.1/servers/3dea073e-95ab-448b-a0c1-93ad01083a3e 1.353s
2025-05-14 06:48:02.940 69652 INFO tempest.lib.common.rest_client [req-c30da0af-9e89-4680-8515-dee717fc4fe3 req-c30da0af-9e89-4680-8515-dee717fc4fe3 ] Request (KeyPairsV210TestJSON:_run_cleanups): 204 DELETE http://10.180.1.21/compute/v2.1/os-keypairs/tempest-KeyPairsV210TestJSON-keypair-20873537 1.334s
2025-05-14 06:48:02.943 69692 INFO tempest.lib.common.rest_client [req-48417aab-778a-492f-9fc5-994edf4fd130 req-48417aab-778a-492f-9fc5-994edf4fd130 ] Request (MultipleCreateNegativeTestJSON:tearDownClass): 200 GET http://10.180.1.21:9696/networking/v2.0/security-groups?tenant_id=8e1675db137b4c07962115ce604dc196&name=default 0.529s
2025-05-14 06:48:02.946 69698 INFO tempest.lib.common.rest_client [req-9aa745ea-6502-4d4b-94ee-20bcfae5e12a req-9aa745ea-6502-4d4b-94ee-20bcfae5e12a ] Request (HypervisorAdminNegativeUnderV252Test:setUpClass): 200 GET http://10.180.1.21/identity/v3/domains?name=Default 0.028s
2025-05-14 06:48:02.982 69698 INFO tempest.lib.common.rest_client [req-57bd8cfc-d587-41c3-ba8e-68c368446b4a req-57bd8cfc-d587-41c3-ba8e-68c368446b4a ] Request (HypervisorAdminNegativeUnderV252Test:setUpClass): 201 POST http://10.180.1.21/identity/v3/projects 0.034s
2025-05-14 06:48:02.991 69694 INFO tempest.lib.common.rest_client [req-02f2ffc9-e8d6-4d21-b63e-1b05de5e7469 req-02f2ffc9-e8d6-4d21-b63e-1b05de5e7469 ] Request (TenantUsagesNegativeTestJSON:tearDownClass): 204 DELETE http://10.180.1.21:9696/networking/v2.0/security-groups/57a17a13-8b5d-439d-9588-eba4b662254b 0.347s
2025-05-14 06:48:03.024 69708 INFO tempest.lib.common.rest_client [req-53893ceb-194b-4c4c-bc9a-fae2c03b5d77 req-53893ceb-194b-4c4c-bc9a-fae2c03b5d77 ] Request (FlavorsExtraSpecsNegativeTestJSON:test_flavor_non_admin_update_specific_key): 200 POST http://10.180.1.21/compute/v2.1/flavors/1291372283/os-extra_specs 1.191s
2025-05-14 06:48:03.059 69698 INFO tempest.lib.common.rest_client [req-e750c35f-95f9-4e47-82bd-0c62ffb6199c req-e750c35f-95f9-4e47-82bd-0c62ffb6199c ] Request (HypervisorAdminNegativeUnderV252Test:setUpClass): 201 POST http://10.180.1.21/identity/v3/users 0.076s
2025-05-14 06:48:03.090 69698 INFO tempest.lib.common.rest_client [req-8b8dca90-60c4-4c0a-8c74-4a3cdc9e52cc req-8b8dca90-60c4-4c0a-8c74-4a3cdc9e52cc ] Request (HypervisorAdminNegativeUnderV252Test:setUpClass): 200 GET http://10.180.1.21/identity/v3/roles 0.030s
2025-05-14 06:48:03.097 69704 INFO tempest.lib.common.rest_client [req-0eb378ed-0083-459d-81e3-ecf576c97fc8 req-0eb378ed-0083-459d-81e3-ecf576c97fc8 ] Request (HypervisorAdminUnderV252Test:tearDownClass): 204 DELETE http://10.180.1.21:9696/networking/v2.0/security-groups/94fd7187-28c3-480d-aba0-ef7c1dedf8f2 0.330s
2025-05-14 06:48:03.107 69692 INFO tempest.lib.common.rest_client [req-ddef01f7-b628-4234-b83a-969d48ee0a66 req-ddef01f7-b628-4234-b83a-969d48ee0a66 ] Request (MultipleCreateNegativeTestJSON:tearDownClass): 204 DELETE http://10.180.1.21:9696/networking/v2.0/security-groups/2824c43b-338c-418a-8836-57bc03dfebab 0.162s
2025-05-14 06:48:03.130 69698 INFO tempest.lib.common.rest_client [req-c2841c0a-e44e-45a4-aaff-a1745cad8f4d req-c2841c0a-e44e-45a4-aaff-a1745cad8f4d ] Request (HypervisorAdminNegativeUnderV252Test:setUpClass): 204 PUT http://10.180.1.21/identity/v3/projects/3308074d01e94081a7fd24c5f3dab2f1/users/b61e3afdba62481fafcbd1bc78ead95f/roles/0609a4e2993047a1a72e5fb71a609f23 0.040s
2025-05-14 06:48:03.131 69698 INFO tempest.lib.common.dynamic_creds [-] Dynamic test user b61e3afdba62481fafcbd1bc78ead95f is created with scope project and roles: ['member']
2025-05-14 06:48:03.131 69698 INFO tempest.lib.common.dynamic_creds [-] Acquired dynamic creds: credentials: Credentials: {'domain_id': 'default', 'domain_name': 'Default', 'username': 'tempest-HypervisorAdminNegativeUnderV252Test-775024874-project-member', 'project_domain_id': 'default', 'project_domain_name': 'Default', 'project_id': '3308074d01e94081a7fd24c5f3dab2f1', 'project_name': 'tempest-HypervisorAdminNegativeUnderV252Test-775024874', 'tenant_id': '3308074d01e94081a7fd24c5f3dab2f1', 'tenant_name': 'tempest-HypervisorAdminNegativeUnderV252Test-775024874', 'user_domain_id': 'default', 'user_domain_name': 'Default', 'user_id': 'b61e3afdba62481fafcbd1bc78ead95f', 'system': None}, Network: None, Subnet: None, Router: None
2025-05-14 06:48:03.131 69698 INFO tempest.lib.common.dynamic_creds [-] Created isolated network resources for: credentials: Credentials: {'domain_id': 'default', 'domain_name': 'Default', 'username': 'tempest-HypervisorAdminNegativeUnderV252Test-775024874-project-member', 'project_domain_id': 'default', 'project_domain_name': 'Default', 'project_id': '3308074d01e94081a7fd24c5f3dab2f1', 'project_name': 'tempest-HypervisorAdminNegativeUnderV252Test-775024874', 'tenant_id': '3308074d01e94081a7fd24c5f3dab2f1', 'tenant_name': 'tempest-HypervisorAdminNegativeUnderV252Test-775024874', 'user_domain_id': 'default', 'user_domain_name': 'Default', 'user_id': 'b61e3afdba62481fafcbd1bc78ead95f', 'system': None}, Network: None, Subnet: None, Router: None
2025-05-14 06:48:03.143 69694 INFO tempest.lib.common.rest_client [req-26fd0430-a480-4b81-a82f-f1fe4c41924d req-26fd0430-a480-4b81-a82f-f1fe4c41924d ] Request (TenantUsagesNegativeTestJSON:tearDownClass): 204 DELETE http://10.180.1.21/identity/v3/projects/17b418c875e14943b958d9806ba76d89 0.151s
2025-05-14 06:48:03.217 69672 INFO tempest.lib.common.rest_client [req-75efd7ca-fc50-4167-93d9-a10ff937dc43 req-75efd7ca-fc50-4167-93d9-a10ff937dc43 ] Request (ImagesMetadataTestJSON:setUp): 200 PUT http://10.180.1.21/compute/v2.1/images/7c0e0884-af47-49f3-83cb-4553be1f938e/metadata 1.561s
2025-05-14 06:48:03.231 69648 INFO tempest.lib.common.rest_client [req-c576cc07-3198-4bd3-96af-6a8edbe16a9c req-c576cc07-3198-4bd3-96af-6a8edbe16a9c ] Request (HypervisorAdminTestJSON:tearDownClass): 200 GET http://10.180.1.21:9696/networking/v2.0/security-groups?tenant_id=c7aa743c419549c097687bff07800355&name=default 0.605s
2025-05-14 06:48:03.261 69704 INFO tempest.lib.common.rest_client [req-816a5dda-2e9f-4287-bdd8-41a7aedd8735 req-816a5dda-2e9f-4287-bdd8-41a7aedd8735 ] Request (HypervisorAdminUnderV252Test:tearDownClass): 204 DELETE http://10.180.1.21/identity/v3/projects/4f877ba5bd6d42828ec02ac9e62fd026 0.163s
2025-05-14 06:48:03.267 69692 INFO tempest.lib.common.rest_client [req-0d3f594d-b0a4-4f8e-a59c-f3ff093efc05 req-0d3f594d-b0a4-4f8e-a59c-f3ff093efc05 ] Request (MultipleCreateNegativeTestJSON:tearDownClass): 204 DELETE http://10.180.1.21/identity/v3/projects/8e1675db137b4c07962115ce604dc196 0.159s
2025-05-14 06:48:03.332 69648 INFO tempest.lib.common.rest_client [req-f9e6831d-87f1-46f1-8f8d-9db25ea75923 req-f9e6831d-87f1-46f1-8f8d-9db25ea75923 ] Request (HypervisorAdminTestJSON:tearDownClass): 204 DELETE http://10.180.1.21:9696/networking/v2.0/security-groups/6e4c9d77-471d-4e57-82cf-4be3f13eb18b 0.101s
2025-05-14 06:48:03.342 69694 INFO tempest.lib.common.rest_client [req-41c61d12-b5fd-4d56-b4d1-f1dfe84f96d9 req-41c61d12-b5fd-4d56-b4d1-f1dfe84f96d9 ] Request (InstanceActionsNegativeTestJSON:setUpClass): 201 POST http://10.180.1.21/identity/v3/auth/tokens 0.197s
2025-05-14 06:48:03.352 69698 INFO tempest.lib.common.rest_client [req-02a1faa2-7602-4ce3-b7a3-8167cd99f13f req-02a1faa2-7602-4ce3-b7a3-8167cd99f13f ] Request (HypervisorAdminNegativeUnderV252Test:setUpClass): 201 POST http://10.180.1.21/identity/v3/auth/tokens 0.216s
2025-05-14 06:48:03.365 69704 INFO tempest.lib.common.rest_client [req-06b0cc57-578d-4505-8105-c8ae099e9663 req-06b0cc57-578d-4505-8105-c8ae099e9663 ] Request (HypervisorAdminNegativeTestJSON:setUpClass): 201 POST http://10.180.1.21/identity/v3/auth/tokens 0.102s
2025-05-14 06:48:03.380 69692 INFO tempest.lib.common.rest_client [req-3f26464a-e862-462c-8dc5-b3e42ec8426d req-3f26464a-e862-462c-8dc5-b3e42ec8426d ] Request (ServerMetadataTestJSON:setUpClass): 201 POST http://10.180.1.21/identity/v3/auth/tokens 0.111s
2025-05-14 06:48:03.418 69648 INFO tempest.lib.common.rest_client [req-6850ac22-4f18-4d99-8df4-7c406590c805 req-6850ac22-4f18-4d99-8df4-7c406590c805 ] Request (HypervisorAdminTestJSON:tearDownClass): 204 DELETE http://10.180.1.21/identity/v3/projects/c7aa743c419549c097687bff07800355 0.085s
2025-05-14 06:48:03.418 69648 INFO tempest.lib.common.dynamic_creds [-] Deleting project and security group for project: dd79e083880749f9827afd833cec8663
2025-05-14 06:48:03.433 69694 INFO tempest.lib.common.rest_client [req-7c245e62-debe-4f64-a407-5537940cf1dc req-7c245e62-debe-4f64-a407-5537940cf1dc ] Request (InstanceActionsNegativeTestJSON:setUpClass): 201 POST http://10.180.1.21/identity/v3/auth/tokens 0.089s
2025-05-14 06:48:03.470 69704 INFO tempest.lib.common.rest_client [req-61cb8419-4957-4d98-b93a-6d23240800e1 req-61cb8419-4957-4d98-b93a-6d23240800e1 ] Request (HypervisorAdminNegativeTestJSON:setUpClass): 201 POST http://10.180.1.21/identity/v3/auth/tokens 0.103s
2025-05-14 06:48:03.476 69680 INFO tempest.lib.common.rest_client [req-a6870003-ec60-4707-afb9-5688c35a27a3 req-a6870003-ec60-4707-afb9-5688c35a27a3 ] Request (ServerActionsV293TestJSON:setUpClass): 201 POST http://10.180.1.21:9696/networking/v2.0/floatingips 1.793s
2025-05-14 06:48:03.496 69692 INFO tempest.lib.common.rest_client [req-09ba1d98-3a9f-4e7f-9c56-cd143d6cc685 req-09ba1d98-3a9f-4e7f-9c56-cd143d6cc685 ] Request (ServerMetadataTestJSON:setUpClass): 201 POST http://10.180.1.21/identity/v3/auth/tokens 0.114s
