2025-05-14 06:48:46.718 69650 INFO tempest.lib.common.rest_client [req-b2a072f9-3874-46fd-905a-846165754503 req-b2a072f9-3874-46fd-905a-846165754503 ] Request (SecurityGroupRulesNegativeTestJSON:setUpClass): 201 POST http://10.180.1.21/identity/v3/users 0.076s
2025-05-14 06:48:46.742 69650 INFO tempest.lib.common.rest_client [req-4632e67e-7f90-444c-ab35-3659728f16f6 req-4632e67e-7f90-444c-ab35-3659728f16f6 ] Request (SecurityGroupRulesNegativeTestJSON:setUpClass): 200 GET http://10.180.1.21/identity/v3/roles 0.023s
2025-05-14 06:48:46.772 69650 INFO tempest.lib.common.rest_client [req-9cd6ac16-7fcf-4b5c-a5f6-b6535fd3edaf req-9cd6ac16-7fcf-4b5c-a5f6-b6535fd3edaf ] Request (SecurityGroupRulesNegativeTestJSON:setUpClass): 204 PUT http://10.180.1.21/identity/v3/projects/405cb64b06c04dce997cba685c14996e/users/c7d80a2fae4f4a28b6eeae0b7c3802c2/roles/0609a4e2993047a1a72e5fb71a609f23 0.028s
2025-05-14 06:48:46.772 69650 INFO tempest.lib.common.dynamic_creds [-] Dynamic test user c7d80a2fae4f4a28b6eeae0b7c3802c2 is created with scope project and roles: ['member']
2025-05-14 06:48:46.772 69650 INFO tempest.lib.common.dynamic_creds [-] Acquired dynamic creds: credentials: Credentials: {'domain_id': 'default', 'domain_name': 'Default', 'username': 'tempest-SecurityGroupRulesNegativeTestJSON-1147853855-project-member', 'project_domain_id': 'default', 'project_domain_name': 'Default', 'project_id': '405cb64b06c04dce997cba685c14996e', 'project_name': 'tempest-SecurityGroupRulesNegativeTestJSON-1147853855', 'tenant_id': '405cb64b06c04dce997cba685c14996e', 'tenant_name': 'tempest-SecurityGroupRulesNegativeTestJSON-1147853855', 'user_domain_id': 'default', 'user_domain_name': 'Default', 'user_id': 'c7d80a2fae4f4a28b6eeae0b7c3802c2', 'system': None}, Network: None, Subnet: None, Router: None
2025-05-14 06:48:46.859 69650 INFO tempest.lib.common.rest_client [req-61d7f71a-fa25-4325-ba4c-c57b84ba1512 req-61d7f71a-fa25-4325-ba4c-c57b84ba1512 ] Request (SecurityGroupRulesNegativeTestJSON:setUpClass): 201 POST http://10.180.1.21/identity/v3/auth/tokens 0.086s
2025-05-14 06:48:46.905 69682 INFO tempest.lib.common.rest_client [req-f12dcc2b-7792-436c-b767-524eac9ca88f req-f12dcc2b-7792-436c-b767-524eac9ca88f ] Request (ServerPasswordTestJSON:tearDownClass): 200 PUT http://10.180.1.21:9696/networking/v2.0/routers/3c7b0b93-745a-4b08-b608-64ecbbcfa8f9/remove_router_interface 1.754s
2025-05-14 06:48:46.973 69700 INFO tempest.lib.common.rest_client [req-ad13a44c-17c7-4389-a6b6-5bb351d78589 req-ad13a44c-17c7-4389-a6b6-5bb351d78589 ] Request (SecurityGroupRulesTestJSON:test_security_group_rules_delete_when_peer_group_deleted): 202 DELETE http://10.180.1.21/compute/v2.1/os-security-groups/22b2cb9e-7ab6-4fa4-85e4-a92527840c55 1.474s
2025-05-14 06:48:47.010 69674 INFO tempest.lib.common.rest_client [req-e74c3723-ecce-49a6-b602-665c7bd87ac3 req-e74c3723-ecce-49a6-b602-665c7bd87ac3 ] Request (FlavorsAccessNegativeTestJSON:_run_cleanups): 200 GET http://10.180.1.21/compute/v2.1/flavors/detail 1.481s
2025-05-14 06:48:47.140 69674 INFO tempest.lib.common.rest_client [req-949b4bd4-d66e-4030-9fd8-de38587429da req-949b4bd4-d66e-4030-9fd8-de38587429da ] Request (FlavorsAccessNegativeTestJSON:tearDownClass): 204 DELETE http://10.180.1.21/identity/v3/users/401352c7abd842878513b1642572eb1c 0.119s
2025-05-14 06:48:47.201 69676 INFO tempest.lib.common.rest_client [req-a256a8fc-c249-4349-8302-caeaab6aa76e req-a256a8fc-c249-4349-8302-caeaab6aa76e ] Request (ServersWithSpecificFlavorTestJSON:test_verify_created_server_ephemeral_disk): 200 GET http://10.180.1.21/compute/v2.1/servers/fa887b3d-5fd3-4b2d-b7ed-7676d95b9c16 1.661s
2025-05-14 06:48:47.256 69674 INFO tempest.lib.common.rest_client [req-7ddde9d0-24d5-440c-8641-ab2f2ec45856 req-7ddde9d0-24d5-440c-8641-ab2f2ec45856 ] Request (FlavorsAccessNegativeTestJSON:tearDownClass): 204 DELETE http://10.180.1.21/identity/v3/users/a886c28074de4c51b953581eb83e1a41 0.116s
2025-05-14 06:48:47.333 69696 INFO tempest.lib.common.rest_client [req-da7a7258-2c40-4fa4-a6ab-7688b9c778b7 req-da7a7258-2c40-4fa4-a6ab-7688b9c778b7 ] Request (VolumesAssistedSnapshotsTest:test_volume_assisted_snapshot_create_delete): 200 GET http://10.180.1.21/compute/v2.1/servers/2fcce97a-83ca-4275-87eb-e0fa94789783 1.622s
2025-05-14 06:48:47.415 69680 INFO tempest.lib.common.rest_client [req-3c4b31dc-75cd-4c9d-aa62-24e78d229453 req-3c4b31dc-75cd-4c9d-aa62-24e78d229453 ] Request (ServerActionsV293TestJSON:setUpClass): 200 GET http://10.180.1.21/compute/v2.1/servers/38dfffac-77ba-45e6-83bd-455a2c5bfef4 1.637s
2025-05-14 06:48:47.430 69674 INFO tempest.lib.common.rest_client [req-d77d146a-02e3-4edb-a05b-46ebc04d7988 req-d77d146a-02e3-4edb-a05b-46ebc04d7988 ] Request (FlavorsAccessNegativeTestJSON:tearDownClass): 204 DELETE http://10.180.1.21/identity/v3/users/fcd4873bf0b74a049554386923590eb5 0.174s
2025-05-14 06:48:47.431 69674 INFO tempest.lib.common.dynamic_creds [-] Deleting project and security group for project: 6da1f9a39d36466594c4a1b868f0ee1e
2025-05-14 06:48:47.437 69664 INFO tempest.lib.common.rest_client [req-dcd22974-b855-4b86-8c11-914e69ab652a req-dcd22974-b855-4b86-8c11-914e69ab652a ] Request (FloatingIPDetailsTestJSON:setUpClass): 200 POST http://10.180.1.21/compute/v2.1/os-floating-ips 2.358s
2025-05-14 06:48:47.511 69674 INFO tempest.lib.common.rest_client [req-d838aafa-3670-4aaa-926c-a947407336e0 req-d838aafa-3670-4aaa-926c-a947407336e0 ] Request (FlavorsAccessNegativeTestJSON:tearDownClass): 201 POST http://10.180.1.21/identity/v3/auth/tokens 0.079s
2025-05-14 06:48:47.583 69660 INFO tempest.lib.common.rest_client [req-9b18fbe9-6138-45b3-bdb3-d98f05532ebd req-9b18fbe9-6138-45b3-bdb3-d98f05532ebd ] Request (FloatingIPsAssociationNegativeTestJSON:test_associate_nonexistent_floating_ip): 404 POST http://10.180.1.21/compute/v2.1/servers/fff38139-053a-493f-80e9-1cc9844f733b/action 1.712s
2025-05-14 06:48:47.605 69650 INFO tempest.lib.common.rest_client [req-9d75d2fb-8a0d-47ac-8fdd-540c3940f400 req-9d75d2fb-8a0d-47ac-8fdd-540c3940f400 ] Request (SecurityGroupRulesNegativeTestJSON:setUpClass): 201 POST http://10.180.1.21:9696/networking/v2.0/networks 0.745s
2025-05-14 06:48:47.654 69667 INFO tempest.lib.common.rest_client [req-5634895d-a7b2-441c-90cb-6e69da56f731 req-5634895d-a7b2-441c-90cb-6e69da56f731 ] Request (QuotasAdminNegativeTest:_run_cleanups): 200 PUT http://10.180.1.21/compute/v2.1/os-quota-sets/e1147802594647fa82702e1102350c20 1.857s
2025-05-14 06:48:47.699 69678 INFO tempest.lib.common.rest_client [req-63e4495e-eef4-414f-b24d-8f39b0e4df9e req-63e4495e-eef4-414f-b24d-8f39b0e4df9e ] Request (ServerDiagnosticsV248Test:tearDownClass): 200 GET http://10.180.1.21/compute/v2.1/servers/004d22f6-e3e6-4966-b700-5b69f2b8f472 1.801s
2025-05-14 06:48:47.706 69648 INFO tempest.lib.common.rest_client [req-7d867995-82ee-4ba6-825a-baf4e931804a req-7d867995-82ee-4ba6-825a-baf4e931804a ] Request (ServersTestBootFromVolume:setUpClass): 200 GET http://10.180.1.21/volume/v3/volumes/17b43ee7-b940-46f8-b256-252ce6095165 0.048s
2025-05-14 06:48:47.785 69704 INFO tempest.lib.common.rest_client [req-ec60b285-f906-4b42-9c67-8c03ca8ebb37 req-ec60b285-f906-4b42-9c67-8c03ca8ebb37 ] Request (FloatingIPsAssociationTestJSON:setUpClass): 200 GET http://10.180.1.21/compute/v2.1/servers/4bddbe9c-ef5c-4788-a28e-da0d981bde29 1.795s
2025-05-14 06:48:47.799 69668 INFO tempest.lib.common.rest_client [req-ac49d48b-78dc-4b7a-a0e2-30dddb4cad68 req-ac49d48b-78dc-4b7a-a0e2-30dddb4cad68 ] Request (ServersAdminTestJSON:test_create_server_with_scheduling_hint): 200 GET http://10.180.1.21/compute/v2.1/servers/881a0b1e-4043-4466-aec3-9ab73a4f9575 1.737s
2025-05-14 06:48:47.887 69708 INFO tempest.lib.common.rest_client [req-297215ad-0976-4b08-9fe0-e8212376e78a req-297215ad-0976-4b08-9fe0-e8212376e78a ] Request (InstanceActionsV221TestJSON:test_get_list_deleted_instance_actions): 200 GET http://10.180.1.21/compute/v2.1/servers/b0d99289-a726-4243-999e-72e375c48bdb 1.727s
2025-05-14 06:48:47.909 69646 INFO tempest.lib.common.rest_client [req-f3138193-f663-460f-bd11-a19c63da090e req-f3138193-f663-460f-bd11-a19c63da090e ] Request (DeleteServersAdminTestJSON:test_admin_delete_servers_of_others): 200 GET http://10.180.1.21/compute/v2.1/servers/65e23711-82b8-4f46-805e-69017d84226d 1.773s
2025-05-14 06:48:47.987 69698 INFO tempest.lib.common.rest_client [req-b3796a5d-90e3-4939-8987-fd4457ea51ee req-b3796a5d-90e3-4939-8987-fd4457ea51ee ] Request (ServerAddressesNegativeTestJSON:setUpClass): 200 GET http://10.180.1.21/compute/v2.1/servers/5b765100-3eae-4e07-b5ef-abd247bb4835 1.703s
2025-05-14 06:48:47.988 69674 INFO tempest.lib.common.rest_client [req-b16c89cb-a8c7-4aca-bcb5-65a55fc10533 req-b16c89cb-a8c7-4aca-bcb5-65a55fc10533 ] Request (FlavorsAccessNegativeTestJSON:tearDownClass): 200 GET http://10.180.1.21:9696/networking/v2.0/security-groups?tenant_id=6da1f9a39d36466594c4a1b868f0ee1e&name=default 0.477s
2025-05-14 06:48:48.084 69654 INFO tempest.lib.common.rest_client [req-896081fa-948f-4a23-91ab-84cc37cbc81d req-896081fa-948f-4a23-91ab-84cc37cbc81d ] Request (AttachInterfacesV270Test:tearDownClass): 200 GET http://10.180.1.21/compute/v2.1/servers/e1a393f0-10b5-4e3e-afb0-4f5eca95f791 1.713s
2025-05-14 06:48:48.097 69650 INFO tempest.lib.common.rest_client [req-69761b82-005b-410a-8136-e00af0b10d07 req-69761b82-005b-410a-8136-e00af0b10d07 ] Request (SecurityGroupRulesNegativeTestJSON:setUpClass): 201 POST http://10.180.1.21:9696/networking/v2.0/subnets 0.490s
2025-05-14 06:48:48.098 69684 INFO tempest.lib.common.rest_client [req-bff6c2c0-8ee5-4c66-848d-71f0d5f4ef14 req-bff6c2c0-8ee5-4c66-848d-71f0d5f4ef14 ] Request (ServersAdmin275Test:test_rebuild_update_server_275): 200 PUT http://10.180.1.21/compute/v2.1/servers/c3c5257b-43a8-4732-a68f-00914ad78a98 1.745s
2025-05-14 06:48:48.108 69686 INFO tempest.lib.common.rest_client [req-816be1c4-be7a-4ebd-b90f-e75f9732241a req-816be1c4-be7a-4ebd-b90f-e75f9732241a ] Request (AggregatesAdminNegativeTestJSON:test_aggregate_get_details_with_invalid_id): 404 GET http://10.180.1.21/compute/v2.1/os-aggregates/-1 1.652s
2025-05-14 06:48:48.132 69706 INFO tempest.lib.common.rest_client [req-9079b85b-aaf2-489a-a5e6-eaf39a4f0556 req-9079b85b-aaf2-489a-a5e6-eaf39a4f0556 ] Request (FlavorsAdminTestJSON:test_is_public_string_variations): 200 POST http://10.180.1.21/compute/v2.1/flavors 1.646s
2025-05-14 06:48:48.136 69690 INFO tempest.lib.common.rest_client [req-82abbb49-bf85-4925-848b-a395aea4c42c req-82abbb49-bf85-4925-848b-a395aea4c42c ] Request (ImagesOneServerTestJSON:test_create_delete_image): 200 GET http://10.180.1.21/compute/v2.1/images/1332866e-bc05-4133-82b5-81d1b211a172 1.726s
2025-05-14 06:48:48.192 69682 INFO tempest.lib.common.rest_client [req-f1aaf35d-ae27-46f9-a7a2-60ffa00f9795 req-f1aaf35d-ae27-46f9-a7a2-60ffa00f9795 ] Request (ServerPasswordTestJSON:tearDownClass): 204 DELETE http://10.180.1.21:9696/networking/v2.0/routers/3c7b0b93-745a-4b08-b608-64ecbbcfa8f9 1.286s
2025-05-14 06:48:48.243 69671 INFO tempest.lib.common.rest_client [req-b1174bb4-f25b-4bbb-be90-ad20c5ffedac req-b1174bb4-f25b-4bbb-be90-ad20c5ffedac ] Request (ServerDiagnosticsTest:test_get_server_diagnostics): 200 GET http://10.180.1.21/compute/v2.1/servers/2ff37a93-1d8d-4f5e-aaff-a83104a0c78d 1.733s
2025-05-14 06:48:48.252 69671 INFO tempest.common.waiters [-] State transition "BUILD/None" ==> "BUILD/block_device_mapping" after 20 second wait
2025-05-14 06:48:48.344 69656 INFO tempest.lib.common.rest_client [req-17f0ca4b-cdd3-4402-85da-dedbd349107b req-17f0ca4b-cdd3-4402-85da-dedbd349107b ] Request (TenantUsagesTestJSON:tearDownClass): 200 GET http://10.180.1.21/compute/v2.1/servers/18f7a9f5-478d-409e-8ddb-18f83cea0499 1.469s
2025-05-14 06:48:48.373 69674 INFO tempest.lib.common.rest_client [req-e27bd846-d553-4aeb-89e8-afe21777db83 req-e27bd846-d553-4aeb-89e8-afe21777db83 ] Request (FlavorsAccessNegativeTestJSON:tearDownClass): 204 DELETE http://10.180.1.21:9696/networking/v2.0/security-groups/e5514f03-248d-4f1c-80c7-d273e018ea5f 0.383s
2025-05-14 06:48:48.401 69700 INFO tempest.lib.common.rest_client [req-5f7c9e2e-149f-424c-bcf3-7791be6de2a2 req-5f7c9e2e-149f-424c-bcf3-7791be6de2a2 ] Request (SecurityGroupRulesTestJSON:test_security_group_rules_delete_when_peer_group_deleted): 200 GET http://10.180.1.21/compute/v2.1/os-security-groups/3b7261c1-f084-4eee-84e3-93e54b22936d 1.427s
2025-05-14 06:48:48.497 69692 INFO tempest.lib.common.rest_client [req-1fc6cc58-60af-4f50-ab6c-ddf5cc0d7861 req-1fc6cc58-60af-4f50-ab6c-ddf5cc0d7861 ] Request (ServerMetadataTestJSON:setUpClass): 200 GET http://10.180.1.21/compute/v2.1/servers/c8e87a78-3598-4db2-8006-72c42c0d89d6 1.675s
2025-05-14 06:48:48.513 69682 INFO tempest.lib.common.rest_client [req-a24c4666-7654-48c4-a9fe-6f25cf297d11 req-a24c4666-7654-48c4-a9fe-6f25cf297d11 ] Request (ServerPasswordTestJSON:tearDownClass): 204 DELETE http://10.180.1.21:9696/networking/v2.0/subnets/465190e3-411e-4910-85bc-859e82fa29a7 0.321s
2025-05-14 06:48:48.549 69674 INFO tempest.lib.common.rest_client [req-c3ceb603-488a-45db-98c9-69928b4bb4e2 req-c3ceb603-488a-45db-98c9-69928b4bb4e2 ] Request (FlavorsAccessNegativeTestJSON:tearDownClass): 204 DELETE http://10.180.1.21/identity/v3/projects/6da1f9a39d36466594c4a1b868f0ee1e 0.176s
2025-05-14 06:48:48.550 69674 INFO tempest.lib.common.dynamic_creds [-] Deleting project and security group for project: 415f61920389457dac3a2ba6098965fb
2025-05-14 06:48:48.583 69672 INFO tempest.lib.common.rest_client [req-0018d7ef-901a-47b4-b2a6-f1813a1081f3 req-0018d7ef-901a-47b4-b2a6-f1813a1081f3 ] Request (ListImageFiltersTestJSON:setUpClass): 204 PUT http://10.180.1.21/image/v2/images/a7f444e1-511a-4e74-897a-d47cf19f56a8/file 0.999s
2025-05-14 06:48:48.609 69652 INFO tempest.lib.common.rest_client [req-03bd33af-e0ae-4337-9f04-99ce13a475e4 req-03bd33af-e0ae-4337-9f04-99ce13a475e4 ] Request (ServerExternalEventsTest:tearDownClass): 200 GET http://10.180.1.21/compute/v2.1/servers/b000e444-e6d0-4996-b1d8-8ec67a5fae6d 1.482s
2025-05-14 06:48:48.628 69652 INFO tempest.common.waiters [-] State transition "ACTIVE/deleting" ==> "DELETED/None" after 2 second wait
2025-05-14 06:48:48.737 69694 INFO tempest.lib.common.rest_client [req-783095ea-b7e6-4962-a547-1e4b3ab5ae9a req-783095ea-b7e6-4962-a547-1e4b3ab5ae9a ] Request (InstanceActionsNegativeTestJSON:tearDownClass): 200 GET http://10.180.1.21/compute/v2.1/servers/40d2c0bd-36c0-4ddd-b94b-4e8687e4076d 1.310s
2025-05-14 06:48:48.761 69648 INFO tempest.lib.common.rest_client [req-9dd9f7a8-20cf-4d02-94d1-66a3b5e86939 req-9dd9f7a8-20cf-4d02-94d1-66a3b5e86939 ] Request (ServersTestBootFromVolume:setUpClass): 200 GET http://10.180.1.21/volume/v3/volumes/17b43ee7-b940-46f8-b256-252ce6095165 0.043s
2025-05-14 06:48:48.851 69662 INFO tempest.lib.common.rest_client [req-57888c4c-b110-43d9-a392-8c91860e7a9a req-57888c4c-b110-43d9-a392-8c91860e7a9a ] Request (InstanceActionsTestJSON:setUpClass): 200 GET http://10.180.1.21/compute/v2.1/servers/bacc70dd-aa33-4f81-b909-de5067be475d 1.814s
2025-05-14 06:48:48.923 69660 INFO tempest.lib.common.rest_client [req-e334a497-0399-47e7-8f5e-25aa95869330 req-e334a497-0399-47e7-8f5e-25aa95869330 ] Request (FloatingIPsAssociationNegativeTestJSON:test_dissociate_nonexistent_floating_ip): 404 POST http://10.180.1.21/compute/v2.1/servers/fff38139-053a-493f-80e9-1cc9844f733b/action 1.334s
2025-05-14 06:48:48.933 69667 INFO tempest.lib.common.rest_client [req-eb388016-ab08-4c48-91b8-d868169f2ffa req-eb388016-ab08-4c48-91b8-d868169f2ffa ] Request (QuotasAdminNegativeTest:test_update_quota_normal_user): 403 PUT http://10.180.1.21/compute/v2.1/os-quota-sets/e1147802594647fa82702e1102350c20 1.273s
2025-05-14 06:48:48.969 69674 INFO tempest.lib.common.rest_client [req-5dbd9b64-6db9-4a3b-989f-fc9d1dd110ba req-5dbd9b64-6db9-4a3b-989f-fc9d1dd110ba ] Request (FlavorsAccessNegativeTestJSON:tearDownClass): 200 GET http://10.180.1.21:9696/networking/v2.0/security-groups?tenant_id=415f61920389457dac3a2ba6098965fb&name=default 0.419s
2025-05-14 06:48:49.031 69688 INFO tempest.lib.common.rest_client [req-1d038fb6-02aa-40e3-aa8b-db8148a0e355 req-1d038fb6-02aa-40e3-aa8b-db8148a0e355 ] Request (VolumesAdminNegativeTest:test_update_attached_volume_with_nonexistent_volume_in_body): 200 GET http://10.180.1.21/compute/v2.1/servers/2a6009f5-bca6-47c4-8bf8-df472114d87e 1.327s
2025-05-14 06:48:49.041 69686 INFO tempest.lib.common.rest_client [req-b00ba394-cb56-4219-a153-73ac87852fd9 req-b00ba394-cb56-4219-a153-73ac87852fd9 ] Request (AggregatesAdminNegativeTestJSON:test_aggregate_list_as_user): 403 GET http://10.180.1.21/compute/v2.1/os-aggregates 0.931s
2025-05-14 06:48:49.103 69667 INFO tempest.lib.common.rest_client [req-8e1a74d0-a5f5-492f-a0a9-0aa2518f22ec req-8e1a74d0-a5f5-492f-a0a9-0aa2518f22ec ] Request (QuotasAdminNegativeTest:tearDownClass): 204 DELETE http://10.180.1.21/identity/v3/users/a86bd0ef3cbc41679d230ef42c576c12 0.169s
2025-05-14 06:48:49.149 69684 INFO tempest.lib.common.rest_client [req-2861a537-2204-40d6-b57d-d7ba2533b6b5 req-2861a537-2204-40d6-b57d-d7ba2533b6b5 ] Request (ServersAdmin275Test:test_rebuild_update_server_275): 200 GET http://10.180.1.21/compute/v2.1/servers/c3c5257b-43a8-4732-a68f-00914ad78a98 1.028s
2025-05-14 06:48:49.176 69706 INFO tempest.lib.common.rest_client [req-4ca492aa-5d94-4685-a63f-dfb6d07317cc req-4ca492aa-5d94-4685-a63f-dfb6d07317cc ] Request (FlavorsAdminTestJSON:test_is_public_string_variations): 200 POST http://10.180.1.21/compute/v2.1/flavors 1.038s
2025-05-14 06:48:49.202 69674 INFO tempest.lib.common.rest_client [req-b4db78e6-4ca1-4fd6-b24d-f22da04e0817 req-b4db78e6-4ca1-4fd6-b24d-f22da04e0817 ] Request (FlavorsAccessNegativeTestJSON:tearDownClass): 204 DELETE http://10.180.1.21:9696/networking/v2.0/security-groups/0b00615b-1f98-490e-89d2-747e4d0c5bfd 0.233s
2025-05-14 06:48:49.220 69690 INFO tempest.lib.common.rest_client [req-749b8097-ac2a-4b29-9f01-2b488bdd7337 req-749b8097-ac2a-4b29-9f01-2b488bdd7337 ] Request (ImagesOneServerTestJSON:test_create_delete_image): 200 GET http://10.180.1.21/compute/v2.1/images/1332866e-bc05-4133-82b5-81d1b211a172 1.078s
2025-05-14 06:48:49.230 69702 WARNING tempest.lib.common.ssh [-] Failed to establish authenticated ssh connection to cirros@10.180.180.198 ([Errno None] Unable to connect to port 22 on 10.180.180.198). Number attempts: 4. Retry after 5 seconds.: paramiko.ssh_exception.NoValidConnectionsError: [Errno None] Unable to connect to port 22 on 10.180.180.198
2025-05-14 06:48:49.253 69667 INFO tempest.lib.common.rest_client [req-130cf3d2-9d3b-4f3c-9515-e5e0f85fcda9 req-130cf3d2-9d3b-4f3c-9515-e5e0f85fcda9 ] Request (QuotasAdminNegativeTest:tearDownClass): 204 DELETE http://10.180.1.21/identity/v3/users/e4be338d6c9c4ff4bc447cf30aae6148 0.149s
2025-05-14 06:48:49.254 69667 INFO tempest.lib.common.dynamic_creds [-] Deleting project and security group for project: b5959d83273d4cd59de5e2f7b42f4681
2025-05-14 06:48:49.329 69674 INFO tempest.lib.common.rest_client [req-aad88013-75f7-46db-b78e-d6d6751586c8 req-aad88013-75f7-46db-b78e-d6d6751586c8 ] Request (FlavorsAccessNegativeTestJSON:tearDownClass): 204 DELETE http://10.180.1.21/identity/v3/projects/415f61920389457dac3a2ba6098965fb 0.126s
2025-05-14 06:48:49.329 69674 INFO tempest.lib.common.dynamic_creds [-] Deleting project and security group for project: c6b97f55e18e4cdca61489030eb60cb6
2025-05-14 06:48:49.337 69667 INFO tempest.lib.common.rest_client [req-00aa35a3-e808-4ca6-ac16-02a77181b9dc req-00aa35a3-e808-4ca6-ac16-02a77181b9dc ] Request (QuotasAdminNegativeTest:tearDownClass): 201 POST http://10.180.1.21/identity/v3/auth/tokens 0.082s
2025-05-14 06:48:49.407 69676 INFO tempest.lib.common.rest_client [req-efaf9f88-97f8-4291-9770-35d28ec98863 req-efaf9f88-97f8-4291-9770-35d28ec98863 ] Request (ServersWithSpecificFlavorTestJSON:test_verify_created_server_ephemeral_disk): 200 GET http://10.180.1.21/compute/v2.1/servers/fa887b3d-5fd3-4b2d-b7ed-7676d95b9c16 1.195s
2025-05-14 06:48:49.415 69676 INFO tempest.common.waiters [-] State transition "BUILD/spawning" ==> "ACTIVE/None" after 32 second wait
2025-05-14 06:48:49.498 69682 INFO tempest.lib.common.rest_client [req-769dc53c-f1b7-410b-bfbb-b4a2e83818b1 req-769dc53c-f1b7-410b-bfbb-b4a2e83818b1 ] Request (ServerPasswordTestJSON:tearDownClass): 204 DELETE http://10.180.1.21:9696/networking/v2.0/networks/cc86d552-e968-4dc4-883f-245063562471 0.984s
2025-05-14 06:48:49.572 69682 INFO tempest.lib.common.rest_client [req-11919b9d-3ccc-464d-88a7-ce2b3418febd req-11919b9d-3ccc-464d-88a7-ce2b3418febd ] Request (ServerPasswordTestJSON:tearDownClass): 204 DELETE http://10.180.1.21/identity/v3/users/61ee5452783c4b1ba103bc1c46af436c 0.073s
2025-05-14 06:48:49.576 69682 INFO tempest.lib.common.dynamic_creds [-] Deleting project and security group for project: 370e518b206f4078b49cff7a65248d3d
2025-05-14 06:48:49.625 69682 INFO tempest.lib.common.rest_client [req-45f2de61-ba00-4c2b-a522-5ffaa5ea924e req-45f2de61-ba00-4c2b-a522-5ffaa5ea924e ] Request (ServerPasswordTestJSON:tearDownClass): 200 GET http://10.180.1.21:9696/networking/v2.0/security-groups?tenant_id=370e518b206f4078b49cff7a65248d3d&name=default 0.048s
2025-05-14 06:48:49.662 69667 INFO tempest.lib.common.rest_client [req-1ae5d257-1709-4058-a506-7b75e3e8fa12 req-1ae5d257-1709-4058-a506-7b75e3e8fa12 ] Request (QuotasAdminNegativeTest:tearDownClass): 200 GET http://10.180.1.21:9696/networking/v2.0/security-groups?tenant_id=b5959d83273d4cd59de5e2f7b42f4681&name=default 0.325s
2025-05-14 06:48:49.695 69696 INFO tempest.lib.common.rest_client [req-1d5b729c-ce0b-4217-b7cd-1c62a727333a req-1d5b729c-ce0b-4217-b7cd-1c62a727333a ] Request (VolumesAssistedSnapshotsTest:test_volume_assisted_snapshot_create_delete): 200 GET http://10.180.1.21/compute/v2.1/servers/2fcce97a-83ca-4275-87eb-e0fa94789783 1.352s
2025-05-14 06:48:49.744 69674 INFO tempest.lib.common.rest_client [req-7f349cb5-04f9-41f9-941b-86eed4fb7b7f req-7f349cb5-04f9-41f9-941b-86eed4fb7b7f ] Request (FlavorsAccessNegativeTestJSON:tearDownClass): 200 GET http://10.180.1.21:9696/networking/v2.0/security-groups?tenant_id=c6b97f55e18e4cdca61489030eb60cb6&name=default 0.414s
2025-05-14 06:48:49.801 69682 INFO tempest.lib.common.rest_client [req-f3b70e8f-c812-4951-9b99-c7ec5f2ab160 req-f3b70e8f-c812-4951-9b99-c7ec5f2ab160 ] Request (ServerPasswordTestJSON:tearDownClass): 204 DELETE http://10.180.1.21:9696/networking/v2.0/security-groups/a7ecda19-6742-48ce-9619-d29fbda60757 0.175s
2025-05-14 06:48:49.808 69648 INFO tempest.lib.common.rest_client [req-d62b9ca3-988a-4dcb-895d-bcd2d07ceb40 req-d62b9ca3-988a-4dcb-895d-bcd2d07ceb40 ] Request (ServersTestBootFromVolume:setUpClass): 200 GET http://10.180.1.21/volume/v3/volumes/17b43ee7-b940-46f8-b256-252ce6095165 0.039s
2025-05-14 06:48:49.823 69667 INFO tempest.lib.common.rest_client [req-e63e0190-6343-4d2c-aec0-1de111edbd4a req-e63e0190-6343-4d2c-aec0-1de111edbd4a ] Request (QuotasAdminNegativeTest:tearDownClass): 204 DELETE http://10.180.1.21:9696/networking/v2.0/security-groups/c14a1354-236f-4972-a33f-57adc38d4b66 0.160s
2025-05-14 06:48:49.881 69674 INFO tempest.lib.common.rest_client [req-ac43a8f8-3c72-4281-b832-8ea7f0628e79 req-ac43a8f8-3c72-4281-b832-8ea7f0628e79 ] Request (FlavorsAccessNegativeTestJSON:tearDownClass): 204 DELETE http://10.180.1.21:9696/networking/v2.0/security-groups/63f053db-4453-4410-8905-e425b62c13cf 0.136s
2025-05-14 06:48:49.913 69682 INFO tempest.lib.common.rest_client [req-aeb29c16-2277-40a4-a316-833dbef12c9e req-aeb29c16-2277-40a4-a316-833dbef12c9e ] Request (ServerPasswordTestJSON:tearDownClass): 204 DELETE http://10.180.1.21/identity/v3/projects/370e518b206f4078b49cff7a65248d3d 0.112s
2025-05-14 06:48:49.921 69667 INFO tempest.lib.common.rest_client [req-0aa7a922-79f7-4b0f-ab3c-791dd38f1d3e req-0aa7a922-79f7-4b0f-ab3c-791dd38f1d3e ] Request (QuotasAdminNegativeTest:tearDownClass): 204 DELETE http://10.180.1.21/identity/v3/projects/b5959d83273d4cd59de5e2f7b42f4681 0.097s
2025-05-14 06:48:49.921 69667 INFO tempest.lib.common.dynamic_creds [-] Deleting project and security group for project: e1147802594647fa82702e1102350c20
2025-05-14 06:48:49.957 69700 INFO tempest.lib.common.rest_client [req-2e252d37-a224-475c-8ea9-7ad4151bcb58 req-2e252d37-a224-475c-8ea9-7ad4151bcb58 ] Request (SecurityGroupRulesTestJSON:test_security_group_rules_list): 200 POST http://10.180.1.21/compute/v2.1/os-security-groups 1.549s
2025-05-14 06:48:49.999 69682 INFO tempest.lib.common.rest_client [req-174209a9-7a8c-4ef4-8231-c1b48b9c2fc7 req-174209a9-7a8c-4ef4-8231-c1b48b9c2fc7 ] Request (ServerRescueTestJSONUnderV235:setUpClass): 201 POST http://10.180.1.21/identity/v3/auth/tokens 0.084s
2025-05-14 06:48:50.050 69680 INFO tempest.lib.common.rest_client [req-4b74723c-b37e-4537-8043-be474fb07739 req-4b74723c-b37e-4537-8043-be474fb07739 ] Request (ServerActionsV293TestJSON:setUpClass): 200 GET http://10.180.1.21/compute/v2.1/servers/38dfffac-77ba-45e6-83bd-455a2c5bfef4 1.614s
2025-05-14 06:48:50.056 69674 INFO tempest.lib.common.rest_client [req-b512fb01-04b8-4e93-af30-2b5acd66be59 req-b512fb01-04b8-4e93-af30-2b5acd66be59 ] Request (FlavorsAccessNegativeTestJSON:tearDownClass): 204 DELETE http://10.180.1.21/identity/v3/projects/c6b97f55e18e4cdca61489030eb60cb6 0.173s
2025-05-14 06:48:50.063 69680 INFO tempest.common.waiters [-] State transition "BUILD/None" ==> "BUILD/networking" after 20 second wait
2025-05-14 06:48:50.072 69682 INFO tempest.lib.common.rest_client [req-3168d18d-c79c-4c17-a086-f9cc43aee9fa req-3168d18d-c79c-4c17-a086-f9cc43aee9fa ] Request (ServerRescueTestJSONUnderV235:setUpClass): 201 POST http://10.180.1.21/identity/v3/auth/tokens 0.071s
2025-05-14 06:48:50.089 69674 INFO tempest.lib.common.rest_client [req-9695c31b-facf-4d5e-ad41-b53890900bf8 req-9695c31b-facf-4d5e-ad41-b53890900bf8 ] Request (MigrationsAdminTest:setUpClass): 201 POST http://10.180.1.21/identity/v3/auth/tokens 0.031s
2025-05-14 06:48:50.096 69667 INFO tempest.lib.common.rest_client [req-c4f92883-ccae-4b48-834c-fc8b59dd964f req-c4f92883-ccae-4b48-834c-fc8b59dd964f ] Request (QuotasAdminNegativeTest:tearDownClass): 200 GET http://10.180.1.21:9696/networking/v2.0/security-groups?tenant_id=e1147802594647fa82702e1102350c20&name=default 0.175s
2025-05-14 06:48:50.098 69672 INFO tempest.lib.common.rest_client [req-f71b0836-ce2c-4b1c-bb79-938590fc089e req-f71b0836-ce2c-4b1c-bb79-938590fc089e ] Request (ListImageFiltersTestJSON:setUpClass): 200 GET http://10.180.1.21/compute/v2.1/images/a7f444e1-511a-4e74-897a-d47cf19f56a8 1.515s
2025-05-14 06:48:50.107 69682 INFO tempest.lib.common.rest_client [req-6a147777-8442-479a-85b2-c654486048f0 req-6a147777-8442-479a-85b2-c654486048f0 ] Request (ServerRescueTestJSONUnderV235:setUpClass): 200 GET http://10.180.1.21/identity/v3/domains?name=Default 0.035s
2025-05-14 06:48:50.130 69674 INFO tempest.lib.common.rest_client [req-cc687982-0e8d-4c9d-8bf0-1b692b154081 req-cc687982-0e8d-4c9d-8bf0-1b692b154081 ] Request (MigrationsAdminTest:setUpClass): 201 POST http://10.180.1.21/identity/v3/auth/tokens 0.039s
2025-05-14 06:48:50.141 69650 INFO tempest.lib.common.rest_client [req-ad12a10e-82ac-4c2a-b6ab-1794270113e8 req-ad12a10e-82ac-4c2a-b6ab-1794270113e8 ] Request (SecurityGroupRulesNegativeTestJSON:setUpClass): 201 POST http://10.180.1.21:9696/networking/v2.0/routers 2.043s
2025-05-14 06:48:50.153 69682 INFO tempest.lib.common.rest_client [req-75684b68-4190-491f-9020-ed8b7071a1a2 req-75684b68-4190-491f-9020-ed8b7071a1a2 ] Request (ServerRescueTestJSONUnderV235:setUpClass): 201 POST http://10.180.1.21/identity/v3/projects 0.044s
2025-05-14 06:48:50.160 69674 INFO tempest.lib.common.rest_client [req-0c27ed25-fb9f-42e4-90dd-1e06b28aeb39 req-0c27ed25-fb9f-42e4-90dd-1e06b28aeb39 ] Request (MigrationsAdminTest:setUpClass): 200 GET http://10.180.1.21/identity/v3/domains?name=Default 0.029s
2025-05-14 06:48:50.179 69678 INFO tempest.lib.common.rest_client [req-0d1192ae-8d61-49eb-bcad-a282a5ca85b1 req-0d1192ae-8d61-49eb-bcad-a282a5ca85b1 ] Request (ServerDiagnosticsV248Test:tearDownClass): 200 GET http://10.180.1.21/compute/v2.1/servers/004d22f6-e3e6-4966-b700-5b69f2b8f472 1.470s
2025-05-14 06:48:50.200 69664 INFO tempest.lib.common.rest_client [req-157cfca9-239a-4d68-bc6e-49824351161f req-157cfca9-239a-4d68-bc6e-49824351161f ] Request (FloatingIPDetailsTestJSON:test_get_floating_ip_details): 200 POST http://10.180.1.21/compute/v2.1/os-floating-ips 2.760s
2025-05-14 06:48:50.228 69682 INFO tempest.lib.common.rest_client [req-67cf6d40-fe33-440f-8675-89bac01d7143 req-67cf6d40-fe33-440f-8675-89bac01d7143 ] Request (ServerRescueTestJSONUnderV235:setUpClass): 201 POST http://10.180.1.21/identity/v3/users 0.075s
2025-05-14 06:48:50.239 69704 INFO tempest.lib.common.rest_client [req-fac24e4b-a676-4c2c-b01b-e996ad062182 req-fac24e4b-a676-4c2c-b01b-e996ad062182 ] Request (FloatingIPsAssociationTestJSON:setUpClass): 200 GET http://10.180.1.21/compute/v2.1/servers/4bddbe9c-ef5c-4788-a28e-da0d981bde29 1.446s
2025-05-14 06:48:50.248 69674 INFO tempest.lib.common.rest_client [req-269cc95d-3200-4207-b7d3-528355cae797 req-269cc95d-3200-4207-b7d3-528355cae797 ] Request (MigrationsAdminTest:setUpClass): 201 POST http://10.180.1.21/identity/v3/projects 0.087s
2025-05-14 06:48:50.250 69682 INFO tempest.lib.common.rest_client [req-1c0a1d9c-8e0c-4993-9fc9-5dad3f44c4ad req-1c0a1d9c-8e0c-4993-9fc9-5dad3f44c4ad ] Request (ServerRescueTestJSONUnderV235:setUpClass): 200 GET http://10.180.1.21/identity/v3/roles 0.022s
2025-05-14 06:48:50.274 69668 INFO tempest.lib.common.rest_client [req-f3755011-324d-4b0b-a29a-d5502349f2d0 req-f3755011-324d-4b0b-a29a-d5502349f2d0 ] Request (ServersAdminTestJSON:test_create_server_with_scheduling_hint): 200 GET http://10.180.1.21/compute/v2.1/servers/881a0b1e-4043-4466-aec3-9ab73a4f9575 1.461s
2025-05-14 06:48:50.308 69667 INFO tempest.lib.common.rest_client [req-a8b02ac9-2335-4f95-856b-c32e62cc7bf2 req-a8b02ac9-2335-4f95-856b-c32e62cc7bf2 ] Request (QuotasAdminNegativeTest:tearDownClass): 204 DELETE http://10.180.1.21:9696/networking/v2.0/security-groups/b1a33217-82ea-49f9-b8b0-5b2523c344de 0.211s
2025-05-14 06:48:50.311 69682 INFO tempest.lib.common.rest_client [req-23e1b32e-8ba1-4bcd-bb87-315c61cca789 req-23e1b32e-8ba1-4bcd-bb87-315c61cca789 ] Request (ServerRescueTestJSONUnderV235:setUpClass): 204 PUT http://10.180.1.21/identity/v3/projects/32cc15eb837e4ab98492bed4079b6b6e/users/fc3d10d281f4440e9a36f86e283766a1/roles/0609a4e2993047a1a72e5fb71a609f23 0.060s
2025-05-14 06:48:50.311 69674 INFO tempest.lib.common.rest_client [req-b3244903-5a6f-4e76-aa6c-9ae294a6e814 req-b3244903-5a6f-4e76-aa6c-9ae294a6e814 ] Request (MigrationsAdminTest:setUpClass): 201 POST http://10.180.1.21/identity/v3/users 0.063s
2025-05-14 06:48:50.312 69682 INFO tempest.lib.common.dynamic_creds [-] Dynamic test user fc3d10d281f4440e9a36f86e283766a1 is created with scope project and roles: ['member']
2025-05-14 06:48:50.312 69682 INFO tempest.lib.common.dynamic_creds [-] Acquired dynamic creds: credentials: Credentials: {'domain_id': 'default', 'domain_name': 'Default', 'username': 'tempest-ServerRescueTestJSONUnderV235-660513466-project-member', 'project_domain_id': 'default', 'project_domain_name': 'Default', 'project_id': '32cc15eb837e4ab98492bed4079b6b6e', 'project_name': 'tempest-ServerRescueTestJSONUnderV235-660513466', 'tenant_id': '32cc15eb837e4ab98492bed4079b6b6e', 'tenant_name': 'tempest-ServerRescueTestJSONUnderV235-660513466', 'user_domain_id': 'default', 'user_domain_name': 'Default', 'user_id': 'fc3d10d281f4440e9a36f86e283766a1', 'system': None}, Network: None, Subnet: None, Router: None
2025-05-14 06:48:50.322 69708 INFO tempest.lib.common.rest_client [req-03ebe81c-61d1-4fb3-9d61-fd44c84a7634 req-03ebe81c-61d1-4fb3-9d61-fd44c84a7634 ] Request (InstanceActionsV221TestJSON:test_get_list_deleted_instance_actions): 200 GET http://10.180.1.21/compute/v2.1/servers/b0d99289-a726-4243-999e-72e375c48bdb 1.422s
2025-05-14 06:48:50.361 69658 WARNING tempest.lib.common.ssh [-] Failed to establish authenticated ssh connection to cirros@10.180.180.227 ([Errno None] Unable to connect to port 22 on 10.180.180.227). Number attempts: 5. Retry after 6 seconds.: paramiko.ssh_exception.NoValidConnectionsError: [Errno None] Unable to connect to port 22 on 10.180.180.227
2025-05-14 06:48:50.370 69646 INFO tempest.lib.common.rest_client [req-2b6a87ef-bc41-4143-b720-f3cfc547de1c req-2b6a87ef-bc41-4143-b720-f3cfc547de1c ] Request (DeleteServersAdminTestJSON:test_admin_delete_servers_of_others): 200 GET http://10.180.1.21/compute/v2.1/servers/65e23711-82b8-4f46-805e-69017d84226d 1.448s
2025-05-14 06:48:50.399 69674 INFO tempest.lib.common.rest_client [req-70088519-befb-409b-8e9a-4844d9d6cab3 req-70088519-befb-409b-8e9a-4844d9d6cab3 ] Request (MigrationsAdminTest:setUpClass): 200 GET http://10.180.1.21/identity/v3/roles 0.087s
2025-05-14 06:48:50.429 69682 INFO tempest.lib.common.rest_client [req-c75d8302-cd52-4dbd-a4f8-5621be2f58ce req-c75d8302-cd52-4dbd-a4f8-5621be2f58ce ] Request (ServerRescueTestJSONUnderV235:setUpClass): 201 POST http://10.180.1.21/identity/v3/auth/tokens 0.116s
2025-05-14 06:48:50.448 69698 INFO tempest.lib.common.rest_client [req-53d19cfc-b6db-489d-a277-3e82dbf83e82 req-53d19cfc-b6db-489d-a277-3e82dbf83e82 ] Request (ServerAddressesNegativeTestJSON:setUpClass): 200 GET http://10.180.1.21/compute/v2.1/servers/5b765100-3eae-4e07-b5ef-abd247bb4835 1.453s
2025-05-14 06:48:50.459 69698 INFO tempest.common.waiters [-] State transition "BUILD/scheduling" ==> "BUILD/None" after 5 second wait
2025-05-14 06:48:50.463 69660 INFO tempest.lib.common.rest_client [req-1cd1d037-039f-41d5-bdf7-ec860368c529 req-1cd1d037-039f-41d5-bdf7-ec860368c529 ] Request (FloatingIPsAssociationNegativeTestJSON:tearDownClass): 204 DELETE http://10.180.1.21/compute/v2.1/servers/fff38139-053a-493f-80e9-1cc9844f733b 1.539s
2025-05-14 06:48:50.487 69686 INFO tempest.lib.common.rest_client [req-890d3407-300a-4dcd-9cc6-d92713f5ac2c req-890d3407-300a-4dcd-9cc6-d92713f5ac2c ] Request (AggregatesAdminNegativeTestJSON:test_aggregate_remove_host_as_user): 200 POST http://10.180.1.21/compute/v2.1/os-aggregates 1.444s
2025-05-14 06:48:50.489 69667 INFO tempest.lib.common.rest_client [req-8a1eb7ab-b0e2-427f-964b-ec845ecff155 req-8a1eb7ab-b0e2-427f-964b-ec845ecff155 ] Request (QuotasAdminNegativeTest:tearDownClass): 204 DELETE http://10.180.1.21/identity/v3/projects/e1147802594647fa82702e1102350c20 0.181s
2025-05-14 06:48:50.491 69667 INFO tempest.test [-] raised in UpdateMultiattachVolumeNegativeTest.setUpClass. Invoking tearDownClass.
2025-05-14 06:48:50.507 69674 INFO tempest.lib.common.rest_client [req-23fcb0a4-792d-4917-b7f9-833cd1278fdd req-23fcb0a4-792d-4917-b7f9-833cd1278fdd ] Request (MigrationsAdminTest:setUpClass): 204 PUT http://10.180.1.21/identity/v3/projects/59118aab1ef7439a861de55e217fbea5/users/1e81db65f24749a7999b865910311fb1/roles/0609a4e2993047a1a72e5fb71a609f23 0.107s
2025-05-14 06:48:50.507 69674 INFO tempest.lib.common.dynamic_creds [-] Dynamic test user 1e81db65f24749a7999b865910311fb1 is created with scope project and roles: ['member']
2025-05-14 06:48:50.507 69674 INFO tempest.lib.common.dynamic_creds [-] Acquired dynamic creds: credentials: Credentials: {'domain_id': 'default', 'domain_name': 'Default', 'username': 'tempest-MigrationsAdminTest-1208307987-project-member', 'project_domain_id': 'default', 'project_domain_name': 'Default', 'project_id': '59118aab1ef7439a861de55e217fbea5', 'project_name': 'tempest-MigrationsAdminTest-1208307987', 'tenant_id': '59118aab1ef7439a861de55e217fbea5', 'tenant_name': 'tempest-MigrationsAdminTest-1208307987', 'user_domain_id': 'default', 'user_domain_name': 'Default', 'user_id': '1e81db65f24749a7999b865910311fb1', 'system': None}, Network: None, Subnet: None, Router: None
2025-05-14 06:48:50.507 69674 INFO tempest.lib.common.dynamic_creds [-] Created isolated network resources for: credentials: Credentials: {'domain_id': 'default', 'domain_name': 'Default', 'username': 'tempest-MigrationsAdminTest-1208307987-project-member', 'project_domain_id': 'default', 'project_domain_name': 'Default', 'project_id': '59118aab1ef7439a861de55e217fbea5', 'project_name': 'tempest-MigrationsAdminTest-1208307987', 'tenant_id': '59118aab1ef7439a861de55e217fbea5', 'tenant_name': 'tempest-MigrationsAdminTest-1208307987', 'user_domain_id': 'default', 'user_domain_name': 'Default', 'user_id': '1e81db65f24749a7999b865910311fb1', 'system': None}, Network: None, Subnet: None, Router: None
2025-05-14 06:48:50.510 69706 INFO tempest.lib.common.rest_client [req-94c455a2-c939-4c95-b693-507a3a7ae42f req-94c455a2-c939-4c95-b693-507a3a7ae42f ] Request (FlavorsAdminTestJSON:test_is_public_string_variations): 200 GET http://10.180.1.21/compute/v2.1/flavors/detail?is_public=f 1.330s
2025-05-14 06:48:50.570 69654 INFO tempest.lib.common.rest_client [req-8da00f02-3863-49fa-bc5e-68b0f564f3ac req-8da00f02-3863-49fa-bc5e-68b0f564f3ac ] Request (AttachInterfacesV270Test:tearDownClass): 200 GET http://10.180.1.21/compute/v2.1/servers/e1a393f0-10b5-4e3e-afb0-4f5eca95f791 1.472s
2025-05-14 06:48:50.589 69667 INFO tempest.lib.common.rest_client [req-8ebe831c-0908-4003-94f1-f6967e927047 req-8ebe831c-0908-4003-94f1-f6967e927047 ] Request (FlavorsV2NegativeTest:setUpClass): 201 POST http://10.180.1.21/identity/v3/auth/tokens 0.095s
2025-05-14 06:48:50.661 69667 INFO tempest.lib.common.rest_client [req-a0f94a8a-3487-469d-9e8b-55066080a0ba req-a0f94a8a-3487-469d-9e8b-55066080a0ba ] Request (FlavorsV2NegativeTest:setUpClass): 201 POST http://10.180.1.21/identity/v3/auth/tokens 0.068s
2025-05-14 06:48:50.672 69674 INFO tempest.lib.common.rest_client [req-74ed08f7-0d72-4d7a-b7c5-cbf16c4145de req-74ed08f7-0d72-4d7a-b7c5-cbf16c4145de ] Request (MigrationsAdminTest:setUpClass): 201 POST http://10.180.1.21/identity/v3/auth/tokens 0.160s
2025-05-14 06:48:50.687 69667 INFO tempest.lib.common.rest_client [req-a789109d-458b-4f51-9380-8f966142c819 req-a789109d-458b-4f51-9380-8f966142c819 ] Request (FlavorsV2NegativeTest:setUpClass): 200 GET http://10.180.1.21/identity/v3/domains?name=Default 0.025s
2025-05-14 06:48:50.708 69690 INFO tempest.lib.common.rest_client [req-9daad303-932b-4776-b9fb-1357649933e6 req-9daad303-932b-4776-b9fb-1357649933e6 ] Request (ImagesOneServerTestJSON:test_create_delete_image): 200 GET http://10.180.1.21/compute/v2.1/servers/8f6144e5-282f-4210-83f3-d17ebdc0fe12 1.484s
2025-05-14 06:48:50.716 69674 INFO tempest.lib.common.rest_client [req-9f2edee1-b305-465b-9e8c-53c29c1e0b09 req-9f2edee1-b305-465b-9e8c-53c29c1e0b09 ] Request (MigrationsAdminTest:setUpClass): 201 POST http://10.180.1.21/identity/v3/projects 0.043s
2025-05-14 06:48:50.729 69671 INFO tempest.lib.common.rest_client [req-4c2010d1-d187-4beb-bc4e-71928f44a620 req-4c2010d1-d187-4beb-bc4e-71928f44a620 ] Request (ServerDiagnosticsTest:test_get_server_diagnostics): 200 GET http://10.180.1.21/compute/v2.1/servers/2ff37a93-1d8d-4f5e-aaff-a83104a0c78d 1.475s
2025-05-14 06:48:50.733 69667 INFO tempest.lib.common.rest_client [req-02fbe367-1596-4d91-b74e-e440610688f3 req-02fbe367-1596-4d91-b74e-e440610688f3 ] Request (FlavorsV2NegativeTest:setUpClass): 201 POST http://10.180.1.21/identity/v3/projects 0.045s
2025-05-14 06:48:50.737 69671 INFO tempest.common.waiters [-] State transition "BUILD/block_device_mapping" ==> "BUILD/spawning" after 22 second wait
2025-05-14 06:48:50.782 69656 INFO tempest.lib.common.rest_client [req-aac9355f-7639-44f1-95e9-25b8457677fe req-aac9355f-7639-44f1-95e9-25b8457677fe ] Request (TenantUsagesTestJSON:tearDownClass): 200 GET http://10.180.1.21/compute/v2.1/servers/18f7a9f5-478d-409e-8ddb-18f83cea0499 1.422s
2025-05-14 06:48:50.816 69674 INFO tempest.lib.common.rest_client [req-c1821081-d936-41d3-8df3-2b5c67080c1d req-c1821081-d936-41d3-8df3-2b5c67080c1d ] Request (MigrationsAdminTest:setUpClass): 201 POST http://10.180.1.21/identity/v3/users 0.098s
2025-05-14 06:48:50.825 69667 INFO tempest.lib.common.rest_client [req-c29bcf25-b036-416f-8f43-7f9bf0ff0c98 req-c29bcf25-b036-416f-8f43-7f9bf0ff0c98 ] Request (FlavorsV2NegativeTest:setUpClass): 201 POST http://10.180.1.21/identity/v3/users 0.091s
2025-05-14 06:48:50.839 69674 INFO tempest.lib.common.rest_client [req-0db7b24e-18fe-46c5-a921-03e4e8ffd751 req-0db7b24e-18fe-46c5-a921-03e4e8ffd751 ] Request (MigrationsAdminTest:setUpClass): 200 GET http://10.180.1.21/identity/v3/roles 0.022s
2025-05-14 06:48:50.853 69667 INFO tempest.lib.common.rest_client [req-1842bb5a-2bf6-4181-b604-8417e50c598a req-1842bb5a-2bf6-4181-b604-8417e50c598a ] Request (FlavorsV2NegativeTest:setUpClass): 200 GET http://10.180.1.21/identity/v3/roles 0.028s
2025-05-14 06:48:50.868 69648 INFO tempest.lib.common.rest_client [req-7ccb42df-c4ca-4e2c-8891-f11348133bd2 req-7ccb42df-c4ca-4e2c-8891-f11348133bd2 ] Request (ServersTestBootFromVolume:setUpClass): 200 GET http://10.180.1.21/volume/v3/volumes/17b43ee7-b940-46f8-b256-252ce6095165 0.041s
2025-05-14 06:48:50.870 69674 INFO tempest.lib.common.rest_client [req-75b10983-049f-46c5-a8fc-8edef68aefbd req-75b10983-049f-46c5-a8fc-8edef68aefbd ] Request (MigrationsAdminTest:setUpClass): 204 PUT http://10.180.1.21/identity/v3/projects/7d3e72b4762d4e73839d06c33286ead5/users/352154bea10d4a859f4ff72da2e955a7/roles/70373c9306af4a11a5f3f7fcd6d85892 0.031s
2025-05-14 06:48:50.871 69676 INFO tempest.lib.common.rest_client [req-632304ee-3c8e-4711-8bf9-7aa80e5ca958 req-632304ee-3c8e-4711-8bf9-7aa80e5ca958 ] Request (ServersWithSpecificFlavorTestJSON:test_verify_created_server_ephemeral_disk): 200 GET http://10.180.1.21/compute/v2.1/servers/fa887b3d-5fd3-4b2d-b7ed-7676d95b9c16/os-interface 1.456s
2025-05-14 06:48:50.876 69648 INFO tempest.common.waiters [-] volume 17b43ee7-b940-46f8-b256-252ce6095165 reached available after waiting for 21.876211 seconds
2025-05-14 06:48:50.893 69667 INFO tempest.lib.common.rest_client [req-254e4bb8-3b9a-45d0-bf2c-04eec3657b89 req-254e4bb8-3b9a-45d0-bf2c-04eec3657b89 ] Request (FlavorsV2NegativeTest:setUpClass): 204 PUT http://10.180.1.21/identity/v3/projects/acf03613ac6c4e0289869cbb3172fe2f/users/fa77659fb00345808e2137fde610b93a/roles/0609a4e2993047a1a72e5fb71a609f23 0.040s
2025-05-14 06:48:50.893 69667 INFO tempest.lib.common.dynamic_creds [-] Dynamic test user fa77659fb00345808e2137fde610b93a is created with scope project and roles: ['member']
2025-05-14 06:48:50.894 69667 INFO tempest.lib.common.dynamic_creds [-] Acquired dynamic creds: credentials: Credentials: {'domain_id': 'default', 'domain_name': 'Default', 'username': 'tempest-FlavorsV2NegativeTest-1317783309-project-member', 'project_domain_id': 'default', 'project_domain_name': 'Default', 'project_id': 'acf03613ac6c4e0289869cbb3172fe2f', 'project_name': 'tempest-FlavorsV2NegativeTest-1317783309', 'tenant_id': 'acf03613ac6c4e0289869cbb3172fe2f', 'tenant_name': 'tempest-FlavorsV2NegativeTest-1317783309', 'user_domain_id': 'default', 'user_domain_name': 'Default', 'user_id': 'fa77659fb00345808e2137fde610b93a', 'system': None}, Network: None, Subnet: None, Router: None
2025-05-14 06:48:50.894 69667 INFO tempest.lib.common.dynamic_creds [-] Created isolated network resources for: credentials: Credentials: {'domain_id': 'default', 'domain_name': 'Default', 'username': 'tempest-FlavorsV2NegativeTest-1317783309-project-member', 'project_domain_id': 'default', 'project_domain_name': 'Default', 'project_id': 'acf03613ac6c4e0289869cbb3172fe2f', 'project_name': 'tempest-FlavorsV2NegativeTest-1317783309', 'tenant_id': 'acf03613ac6c4e0289869cbb3172fe2f', 'tenant_name': 'tempest-FlavorsV2NegativeTest-1317783309', 'user_domain_id': 'default', 'user_domain_name': 'Default', 'user_id': 'fa77659fb00345808e2137fde610b93a', 'system': None}, Network: None, Subnet: None, Router: None
2025-05-14 06:48:50.913 69692 INFO tempest.lib.common.rest_client [req-252d3314-10c1-4259-8840-c70d204863e3 req-252d3314-10c1-4259-8840-c70d204863e3 ] Request (ServerMetadataTestJSON:setUpClass): 200 GET http://10.180.1.21/compute/v2.1/servers/c8e87a78-3598-4db2-8006-72c42c0d89d6 1.392s
2025-05-14 06:48:50.927 69692 INFO tempest.common.waiters [-] State transition "BUILD/spawning" ==> "ACTIVE/None" after 30 second wait
2025-05-14 06:48:50.982 69674 INFO tempest.lib.common.rest_client [req-9533c101-6241-41da-a53f-30ea5c91ef85 req-9533c101-6241-41da-a53f-30ea5c91ef85 ] Request (MigrationsAdminTest:setUpClass): 200 GET http://10.180.1.21/identity/v3/roles 0.111s
2025-05-14 06:48:51.002 69674 INFO tempest.lib.common.rest_client [req-4b55e45a-26e5-41f2-a049-9fcfb222e43c req-4b55e45a-26e5-41f2-a049-9fcfb222e43c ] Request (MigrationsAdminTest:setUpClass): 204 PUT http://10.180.1.21/identity/v3/projects/7d3e72b4762d4e73839d06c33286ead5/users/352154bea10d4a859f4ff72da2e955a7/roles/70373c9306af4a11a5f3f7fcd6d85892 0.019s
2025-05-14 06:48:51.002 69674 INFO tempest.lib.common.dynamic_creds [-] Dynamic test user 352154bea10d4a859f4ff72da2e955a7 is created with scope project and roles: ['admin']
2025-05-14 06:48:51.002 69674 INFO tempest.lib.common.dynamic_creds [-] Acquired dynamic creds: credentials: Credentials: {'domain_id': 'default', 'domain_name': 'Default', 'username': 'tempest-MigrationsAdminTest-472520212-project-admin', 'project_domain_id': 'default', 'project_domain_name': 'Default', 'project_id': '7d3e72b4762d4e73839d06c33286ead5', 'project_name': 'tempest-MigrationsAdminTest-472520212', 'tenant_id': '7d3e72b4762d4e73839d06c33286ead5', 'tenant_name': 'tempest-MigrationsAdminTest-472520212', 'user_domain_id': 'default', 'user_domain_name': 'Default', 'user_id': '352154bea10d4a859f4ff72da2e955a7', 'system': None}, Network: None, Subnet: None, Router: None
2025-05-14 06:48:51.002 69674 INFO tempest.lib.common.dynamic_creds [-] Created isolated network resources for: credentials: Credentials: {'domain_id': 'default', 'domain_name': 'Default', 'username': 'tempest-MigrationsAdminTest-472520212-project-admin', 'project_domain_id': 'default', 'project_domain_name': 'Default', 'project_id': '7d3e72b4762d4e73839d06c33286ead5', 'project_name': 'tempest-MigrationsAdminTest-472520212', 'tenant_id': '7d3e72b4762d4e73839d06c33286ead5', 'tenant_name': 'tempest-MigrationsAdminTest-472520212', 'user_domain_id': 'default', 'user_domain_name': 'Default', 'user_id': '352154bea10d4a859f4ff72da2e955a7', 'system': None}, Network: None, Subnet: None, Router: None
2025-05-14 06:48:51.014 69667 INFO tempest.lib.common.rest_client [req-93bcbb09-126f-455e-8743-6ff79986b897 req-93bcbb09-126f-455e-8743-6ff79986b897 ] Request (FlavorsV2NegativeTest:setUpClass): 201 POST http://10.180.1.21/identity/v3/auth/tokens 0.117s
2025-05-14 06:48:51.032 69652 INFO tempest.lib.common.rest_client [req-664936b9-21e3-41fd-836b-f23376002b3c req-664936b9-21e3-41fd-836b-f23376002b3c ] Request (ServerExternalEventsTest:tearDownClass): 200 GET http://10.180.1.21/compute/v2.1/servers/b000e444-e6d0-4996-b1d8-8ec67a5fae6d 1.402s
2025-05-14 06:48:51.047 69694 INFO tempest.lib.common.rest_client [req-5ffbe2d4-b7ee-4323-8713-b40908d67739 req-5ffbe2d4-b7ee-4323-8713-b40908d67739 ] Request (InstanceActionsNegativeTestJSON:tearDownClass): 200 GET http://10.180.1.21/compute/v2.1/servers/40d2c0bd-36c0-4ddd-b94b-4e8687e4076d 1.297s
2025-05-14 06:48:51.057 69694 INFO tempest.common.waiters [-] State transition "ACTIVE/deleting" ==> "DELETED/None" after 5 second wait
2025-05-14 06:48:51.100 69674 INFO tempest.lib.common.rest_client [req-32944e45-9b27-4c6a-803b-09f19e6de44e req-32944e45-9b27-4c6a-803b-09f19e6de44e ] Request (MigrationsAdminTest:setUpClass): 201 POST http://10.180.1.21/identity/v3/auth/tokens 0.094s
2025-05-14 06:48:51.247 69662 INFO tempest.lib.common.rest_client [req-14cc01c0-aaf8-4546-ac79-b21e1729e780 req-14cc01c0-aaf8-4546-ac79-b21e1729e780 ] Request (InstanceActionsTestJSON:setUpClass): 200 GET http://10.180.1.21/compute/v2.1/servers/bacc70dd-aa33-4f81-b909-de5067be475d 1.386s
2025-05-14 06:48:51.377 69682 INFO tempest.lib.common.rest_client [req-66a0969a-b1e7-47a0-a9a2-7f850a0183d8 req-66a0969a-b1e7-47a0-a9a2-7f850a0183d8 ] Request (ServerRescueTestJSONUnderV235:setUpClass): 201 POST http://10.180.1.21:9696/networking/v2.0/networks 0.948s
2025-05-14 06:48:51.561 69688 INFO tempest.lib.common.rest_client [req-96547fa6-0ecc-47e4-a9db-8035f5ce136c req-96547fa6-0ecc-47e4-a9db-8035f5ce136c ] Request (VolumesAdminNegativeTest:test_update_attached_volume_with_nonexistent_volume_in_body): 200 GET http://10.180.1.21/compute/v2.1/servers/2a6009f5-bca6-47c4-8bf8-df472114d87e 1.518s
2025-05-14 06:48:51.612 69700 INFO tempest.lib.common.rest_client [req-e08df4ca-3dd6-42db-b861-68db8da441f7 req-e08df4ca-3dd6-42db-b861-68db8da441f7 ] Request (SecurityGroupRulesTestJSON:test_security_group_rules_list): 200 POST http://10.180.1.21/compute/v2.1/os-security-group-rules 1.650s
2025-05-14 06:48:51.619 69672 INFO tempest.lib.common.rest_client [req-61f16810-ee22-4096-9f1d-360dab21f85c req-61f16810-ee22-4096-9f1d-360dab21f85c ] Request (ListImageFiltersTestJSON:setUpClass): 200 GET http://10.180.1.21/compute/v2.1/images/a7f444e1-511a-4e74-897a-d47cf19f56a8 1.516s
2025-05-14 06:48:51.713 69684 INFO tempest.lib.common.rest_client [req-240565f1-704f-4303-a0e5-8f634a53769a req-240565f1-704f-4303-a0e5-8f634a53769a ] Request (ServersAdmin275Test:test_rebuild_update_server_275): 200 GET http://10.180.1.21/compute/v2.1/servers/c3c5257b-43a8-4732-a68f-00914ad78a98 1.549s
2025-05-14 06:48:51.773 69682 INFO tempest.lib.common.rest_client [req-7607fd43-edf6-4794-a295-d408e388f0b5 req-7607fd43-edf6-4794-a295-d408e388f0b5 ] Request (ServerRescueTestJSONUnderV235:setUpClass): 201 POST http://10.180.1.21:9696/networking/v2.0/subnets 0.395s
2025-05-14 06:48:51.778 69664 INFO tempest.lib.common.rest_client [req-6d006537-6ba0-4b64-8afa-f07bebe0be11 req-6d006537-6ba0-4b64-8afa-f07bebe0be11 ] Request (FloatingIPDetailsTestJSON:test_get_floating_ip_details): 200 GET http://10.180.1.21/compute/v2.1/os-floating-ips/4b718994-21c0-4dd9-b36c-8c3e2a856b4f 1.576s
