2025-05-14 06:50:39.003 69652 INFO tempest.lib.common.rest_client [req-4c87d6a1-0750-4faf-b0c2-4441e948263b req-4c87d6a1-0750-4faf-b0c2-4441e948263b ] Request (ListServerFiltersTestJSON:setUpClass): 200 GET http://10.180.1.21/compute/v2.1/servers/9e5bc7d9-d2f6-40dd-828d-e85a55bedbc4 0.165s
2025-05-14 06:50:39.053 69658 INFO tempest.lib.common.rest_client [req-8fb5b4ec-d353-4e8f-8f22-0cf74d3d6296 req-8fb5b4ec-d353-4e8f-8f22-0cf74d3d6296 ] Request (ServersTestFqdnHostnames:tearDownClass): 200 PUT http://10.180.1.21:9696/networking/v2.0/routers/68fb1b36-6de9-442f-8f5d-d696bb4acae3/remove_router_interface 1.048s
2025-05-14 06:50:39.070 69660 INFO tempest.lib.common.rest_client [req-b5f6eeeb-75ac-4784-b575-7fdd1a151816 req-b5f6eeeb-75ac-4784-b575-7fdd1a151816 ] Request (AttachInterfacesTestJSON:test_create_list_show_delete_interfaces_by_fixed_ip): 200 GET http://10.180.1.21/compute/v2.1/servers/519994ef-1c68-45cf-b022-d7433038e768 0.178s
2025-05-14 06:50:39.076 69654 INFO tempest.lib.common.rest_client [req-1ead8a09-f2e6-4af2-a3a5-4313bd4efa3e req-1ead8a09-f2e6-4af2-a3a5-4313bd4efa3e ] Request (ServerMetadataNegativeTestJSON:setUpClass): 200 GET http://10.180.1.21/compute/v2.1/servers/ca2afff9-d273-4f7b-a8c0-f1371b3aa6fc 0.135s
2025-05-14 06:50:39.144 69690 INFO tempest.lib.common.rest_client [req-182d2c3a-2108-4fda-a146-6da9f4e91e74 req-182d2c3a-2108-4fda-a146-6da9f4e91e74 ] Request (ServersTestMultiNic:test_verify_duplicate_network_nics): 200 GET http://10.180.1.21/compute/v2.1/servers/1f33e029-85f0-4da9-aff5-e7d921c73829 0.109s
2025-05-14 06:50:39.146 69648 INFO tempest.lib.common.rest_client [req-e0e17842-b125-495c-9db4-58d1bcacecee req-e0e17842-b125-495c-9db4-58d1bcacecee ] Request (ServersTestBootFromVolume:tearDownClass): 200 GET http://10.180.1.21/compute/v2.1/servers/b63ab591-c43b-4347-8dd7-4bd747f394d5 0.174s
2025-05-14 06:50:39.200 69671 INFO tempest.lib.common.rest_client [req-eedd7320-6813-409b-b7c9-74ef7cafe0b7 req-eedd7320-6813-409b-b7c9-74ef7cafe0b7 ] Request (ServerShowV247Test:test_update_rebuild_list_server): 200 GET http://10.180.1.21/compute/v2.1/servers/c2d5dd16-7066-47d9-8825-f1e86b8cac5f 0.081s
2025-05-14 06:50:39.261 69702 INFO tempest.lib.common.rest_client [req-25092dfc-676f-432e-88bc-ea17022e4ac7 req-25092dfc-676f-432e-88bc-ea17022e4ac7 ] Request (AttachVolumeShelveTestJSON:test_attach_volume_shelved_or_offload_server): 200 GET http://10.180.1.21/compute/v2.1/servers/c9fa009b-e531-4e27-933e-97f99a0ddc6b 0.085s
2025-05-14 06:50:39.320 69678 INFO tempest.lib.common.rest_client [req-8b3ccf81-1677-4773-b627-7fca8a650cb0 req-8b3ccf81-1677-4773-b627-7fca8a650cb0 ] Request (ImagesOneServerNegativeTestJSON:setUpClass): 200 GET http://10.180.1.21/compute/v2.1/servers/5c3ecd76-b649-4a9e-8bc0-8f39ba56a5a2 0.078s
2025-05-14 06:50:39.341 69656 INFO tempest.lib.common.rest_client [req-71e7990e-df69-4a97-a286-9665ab3fbe9d req-71e7990e-df69-4a97-a286-9665ab3fbe9d ] Request (ServerRescueNegativeTestJSON:test_rescued_vm_attach_volume): 200 GET http://10.180.1.21/compute/v2.1/servers/3a0b8487-3566-4af1-9ef6-7d4ecf07dee5 0.164s
2025-05-14 06:50:39.390 69704 INFO tempest.lib.common.rest_client [req-4cd96604-57fb-4e2c-9e71-8b9e645eb31e req-4cd96604-57fb-4e2c-9e71-8b9e645eb31e ] Request (FloatingIPsAssociationTestJSON:tearDownClass): 200 GET http://10.180.1.21/compute/v2.1/servers/c8166933-ec22-4c63-a220-1a52c05515ee 0.139s
2025-05-14 06:50:39.413 69682 INFO tempest.lib.common.rest_client [req-6349caa5-6d3e-41ca-90d4-de285aede771 req-6349caa5-6d3e-41ca-90d4-de285aede771 ] Request (ServerRescueTestJSONUnderV235:tearDownClass): 200 GET http://10.180.1.21/compute/v2.1/servers/ee543d6d-19a1-4787-a2b3-fde6d8aa99fd 0.095s
2025-05-14 06:50:39.441 69688 INFO tempest.lib.common.rest_client [req-1746d687-a25b-4291-aa92-7aa8f6bb338f req-1746d687-a25b-4291-aa92-7aa8f6bb338f ] Request (VolumesAdminNegativeTest:test_update_attached_volume_with_nonexistent_volume_in_body): 200 GET http://10.180.1.21/volume/v3/volumes/0c4c9447-f6c3-476e-9853-14163beedaa7 0.039s
2025-05-14 06:50:39.462 69658 INFO tempest.lib.common.rest_client [req-3dbcd9ab-60a8-47c9-8d16-3ceac1e237a3 req-3dbcd9ab-60a8-47c9-8d16-3ceac1e237a3 ] Request (ServersTestFqdnHostnames:tearDownClass): 204 DELETE http://10.180.1.21:9696/networking/v2.0/routers/68fb1b36-6de9-442f-8f5d-d696bb4acae3 0.408s
2025-05-14 06:50:39.621 69658 INFO tempest.lib.common.rest_client [req-23545e56-3cba-4cfa-95ad-d2f999223663 req-23545e56-3cba-4cfa-95ad-d2f999223663 ] Request (ServersTestFqdnHostnames:tearDownClass): 204 DELETE http://10.180.1.21:9696/networking/v2.0/subnets/33fbf9cd-d31c-47a8-a524-0b3e3664cf1f 0.158s
2025-05-14 06:50:39.660 69700 INFO tempest.lib.common.rest_client [req-35ae5789-593b-44b0-9ed1-a54a6bf3fc9e req-35ae5789-593b-44b0-9ed1-a54a6bf3fc9e ] Request (ServerShowV257Test:tearDownClass): 200 GET http://10.180.1.21/compute/v2.1/servers/065b704e-0717-4af5-9816-52ebdf54b9db 0.091s
2025-05-14 06:50:39.679 69684 INFO tempest.lib.common.rest_client [req-53ac366b-3583-4753-9c64-db981c75b013 req-53ac366b-3583-4753-9c64-db981c75b013 ] Request (ServersAdmin275Test:tearDownClass): 404 GET http://10.180.1.21/compute/v2.1/servers/c3c5257b-43a8-4732-a68f-00914ad78a98 0.033s
2025-05-14 06:50:39.789 69692 INFO tempest.lib.common.rest_client [req-f0304774-e4b7-4b22-97db-64b571d65dd1 req-f0304774-e4b7-4b22-97db-64b571d65dd1 ] Request (ServerTagsTestJSON:setUpClass): 200 GET http://10.180.1.21/compute/v2.1/servers/760c785b-88cc-4cd1-a0f5-aecd58781d2f 0.070s
2025-05-14 06:50:39.867 69684 INFO tempest.lib.common.rest_client [req-20bdf5db-61ac-49ef-ae73-57f7a39850f8 req-20bdf5db-61ac-49ef-ae73-57f7a39850f8 ] Request (ServersAdmin275Test:tearDownClass): 204 DELETE http://10.180.1.21/identity/v3/users/bf6c5bc3804844c893a22320ee5c4a3d 0.187s
2025-05-14 06:50:39.869 69674 INFO tempest.lib.common.rest_client [req-e94f5b7a-7ae9-46b1-9ecf-2a1b9cfc5b61 req-e94f5b7a-7ae9-46b1-9ecf-2a1b9cfc5b61 ] Request (MigrationsAdminTest:test_list_migrations_in_flavor_resize_situation): 200 GET http://10.180.1.21/compute/v2.1/servers/618567d8-1d8e-48e0-9ef1-6ecf755d01b5 0.124s
2025-05-14 06:50:39.883 69646 INFO tempest.lib.common.rest_client [req-332bd583-1754-4902-a15b-91325b388970 req-332bd583-1754-4902-a15b-91325b388970 ] Request (DeleteServersAdminTestJSON:test_delete_server_while_in_error_state): 200 GET http://10.180.1.21/compute/v2.1/servers/ae9c7ebc-0839-4c60-82ab-1f2ef1bdccac 0.078s
2025-05-14 06:50:39.913 69667 WARNING tempest.lib.common.ssh [-] Failed to establish authenticated ssh connection to cirros@10.180.180.133 ([Errno None] Unable to connect to port 22 on 10.180.180.133). Number attempts: 6. Retry after 7 seconds.: paramiko.ssh_exception.NoValidConnectionsError: [Errno None] Unable to connect to port 22 on 10.180.180.133
2025-05-14 06:50:39.914 69658 INFO tempest.lib.common.rest_client [req-28a1de92-268c-4ceb-910b-0b7713f173b4 req-28a1de92-268c-4ceb-910b-0b7713f173b4 ] Request (ServersTestFqdnHostnames:tearDownClass): 204 DELETE http://10.180.1.21:9696/networking/v2.0/networks/8970b32c-01f7-4c77-be62-2ce25d806257 0.293s
2025-05-14 06:50:39.943 69662 INFO tempest.lib.common.rest_client [req-3205b102-4f2b-4880-bffb-627225229f02 req-3205b102-4f2b-4880-bffb-627225229f02 ] Request (ServerActionsTestJSON:setUpClass): 200 GET http://10.180.1.21/compute/v2.1/servers/1787cdf4-a184-4404-a9a8-f45877de9599 0.079s
2025-05-14 06:50:39.979 69672 INFO tempest.lib.common.rest_client [req-617b7710-b20c-461e-820a-61215a0ba654 req-617b7710-b20c-461e-820a-61215a0ba654 ] Request (ListImageFiltersTestJSON:setUpClass): 200 GET http://10.180.1.21/compute/v2.1/images/c2ee43be-83b3-4c11-8aa1-d0d7332dd4b2 0.060s
2025-05-14 06:50:40.024 69684 INFO tempest.lib.common.rest_client [req-90603607-d9e9-4fea-b10e-4b85f69d18e3 req-90603607-d9e9-4fea-b10e-4b85f69d18e3 ] Request (ServersAdmin275Test:tearDownClass): 204 DELETE http://10.180.1.21/identity/v3/users/cd4c2a354bca4727aad5191af119e248 0.157s
2025-05-14 06:50:40.025 69684 INFO tempest.lib.common.dynamic_creds [-] Deleting project and security group for project: 58524ce9aa6a49558b0794c4184923e5
2025-05-14 06:50:40.034 69658 INFO tempest.lib.common.rest_client [req-49a8b9eb-c0a1-4be1-b7bf-c29b604ee01d req-49a8b9eb-c0a1-4be1-b7bf-c29b604ee01d ] Request (ServersTestFqdnHostnames:tearDownClass): 204 DELETE http://10.180.1.21/identity/v3/users/1e606484b2764fd097292280c6a5fce0 0.119s
2025-05-14 06:50:40.034 69658 INFO tempest.lib.common.dynamic_creds [-] Deleting project and security group for project: d8c0b59cc7f74e5cae9200a6022f7ba8
2025-05-14 06:50:40.062 69668 INFO tempest.lib.common.rest_client [req-b83e2026-4630-4f7b-a433-ad1fcee25fc9 req-b83e2026-4630-4f7b-a433-ad1fcee25fc9 ] Request (ServersAdminTestJSON:test_rebuild_server_in_error_state): 200 GET http://10.180.1.21/compute/v2.1/servers/79bdbfcc-5ed4-41d9-97bd-9d5a9e829541 0.172s
2025-05-14 06:50:40.090 69658 INFO tempest.lib.common.rest_client [req-a429f927-7db8-4207-b78a-79840c490b2b req-a429f927-7db8-4207-b78a-79840c490b2b ] Request (ServersTestFqdnHostnames:tearDownClass): 200 GET http://10.180.1.21:9696/networking/v2.0/security-groups?tenant_id=d8c0b59cc7f74e5cae9200a6022f7ba8&name=default 0.056s
2025-05-14 06:50:40.093 69706 INFO tempest.lib.common.rest_client [req-2b7fcc7c-deb7-4cda-ad60-5f5c651ea297 req-2b7fcc7c-deb7-4cda-ad60-5f5c651ea297 ] Request (ServersAaction247Test:test_create_backup): 200 GET http://10.180.1.21/compute/v2.1/servers/19afd615-3771-440d-8556-0342b1ff805f 0.086s
2025-05-14 06:50:40.110 69684 INFO tempest.lib.common.rest_client [req-f5d07ad6-5bd0-448b-8976-ac40a1ee318c req-f5d07ad6-5bd0-448b-8976-ac40a1ee318c ] Request (ServersAdmin275Test:tearDownClass): 201 POST http://10.180.1.21/identity/v3/auth/tokens 0.084s
2025-05-14 06:50:40.186 69660 INFO tempest.lib.common.rest_client [req-4aa4a0ca-a78e-4b16-a390-605a916a1571 req-4aa4a0ca-a78e-4b16-a390-605a916a1571 ] Request (AttachInterfacesTestJSON:test_create_list_show_delete_interfaces_by_fixed_ip): 200 GET http://10.180.1.21/compute/v2.1/servers/519994ef-1c68-45cf-b022-d7433038e768 0.107s
2025-05-14 06:50:40.277 69684 INFO tempest.lib.common.rest_client [req-e1705c88-2f52-43b9-9a74-424c25f4c0f2 req-e1705c88-2f52-43b9-9a74-424c25f4c0f2 ] Request (ServersAdmin275Test:tearDownClass): 200 GET http://10.180.1.21:9696/networking/v2.0/security-groups?tenant_id=58524ce9aa6a49558b0794c4184923e5&name=default 0.167s
2025-05-14 06:50:40.278 69654 INFO tempest.lib.common.rest_client [req-a635cb3c-3958-4ef2-ba43-c67dc91b92bd req-a635cb3c-3958-4ef2-ba43-c67dc91b92bd ] Request (ServerMetadataNegativeTestJSON:setUpClass): 200 GET http://10.180.1.21/compute/v2.1/servers/ca2afff9-d273-4f7b-a8c0-f1371b3aa6fc 0.189s
2025-05-14 06:50:40.367 69684 INFO tempest.lib.common.rest_client [req-91995241-acb7-423a-b475-b315adcb0380 req-91995241-acb7-423a-b475-b315adcb0380 ] Request (ServersAdmin275Test:tearDownClass): 204 DELETE http://10.180.1.21:9696/networking/v2.0/security-groups/92fea1de-3f52-4208-9b2d-a3864bab08c6 0.089s
2025-05-14 06:50:40.435 69684 INFO tempest.lib.common.rest_client [req-78853f18-dec2-49b9-a04a-91698b142bbb req-78853f18-dec2-49b9-a04a-91698b142bbb ] Request (ServersAdmin275Test:tearDownClass): 204 DELETE http://10.180.1.21/identity/v3/projects/58524ce9aa6a49558b0794c4184923e5 0.068s
2025-05-14 06:50:40.436 69684 INFO tempest.lib.common.dynamic_creds [-] Deleting project and security group for project: ba374a901b65443eb245c274afda95ac
2025-05-14 06:50:40.492 69688 INFO tempest.lib.common.rest_client [req-c124eb99-a7cd-4b2d-92ba-0b5463da49be req-c124eb99-a7cd-4b2d-92ba-0b5463da49be ] Request (VolumesAdminNegativeTest:test_update_attached_volume_with_nonexistent_volume_in_body): 200 GET http://10.180.1.21/volume/v3/volumes/0c4c9447-f6c3-476e-9853-14163beedaa7 0.042s
2025-05-14 06:50:40.501 69688 INFO tempest.common.waiters [-] Attachment a7ccee4c-483e-473f-831b-6bc727b7fa22 created for volume 0c4c9447-f6c3-476e-9853-14163beedaa7 to server 2a6009f5-bca6-47c4-8bf8-df472114d87e after waiting for 8.501369 seconds
2025-05-14 06:50:40.549 69688 INFO tempest.lib.common.rest_client [req-aee93c17-402a-4489-ad04-db669af6c2e7 req-aee93c17-402a-4489-ad04-db669af6c2e7 ] Request (VolumesAdminNegativeTest:test_update_attached_volume_with_nonexistent_volume_in_body): 200 GET http://10.180.1.21/volume/v3/volumes/0c4c9447-f6c3-476e-9853-14163beedaa7 0.046s
2025-05-14 06:50:40.560 69688 INFO tempest.common.waiters [-] volume 0c4c9447-f6c3-476e-9853-14163beedaa7 reached in-use after waiting for 0.560666 seconds
2025-05-14 06:50:40.567 69690 INFO tempest.lib.common.rest_client [req-4b7be1e7-853a-4884-912e-43702c46b10e req-4b7be1e7-853a-4884-912e-43702c46b10e ] Request (ServersTestMultiNic:test_verify_duplicate_network_nics): 200 GET http://10.180.1.21/compute/v2.1/servers/1f33e029-85f0-4da9-aff5-e7d921c73829 0.413s
2025-05-14 06:50:40.587 69684 INFO tempest.lib.common.rest_client [req-a68ddc58-c0d9-4ef3-a1c1-015c281c64d0 req-a68ddc58-c0d9-4ef3-a1c1-015c281c64d0 ] Request (ServersAdmin275Test:tearDownClass): 200 GET http://10.180.1.21:9696/networking/v2.0/security-groups?tenant_id=ba374a901b65443eb245c274afda95ac&name=default 0.151s
2025-05-14 06:50:40.593 69652 INFO tempest.lib.common.rest_client [req-08943e06-13be-4f6f-8bf2-98e1698af1f2 req-08943e06-13be-4f6f-8bf2-98e1698af1f2 ] Request (ListServerFiltersTestJSON:setUpClass): 200 GET http://10.180.1.21/compute/v2.1/servers/9e5bc7d9-d2f6-40dd-828d-e85a55bedbc4 0.578s
2025-05-14 06:50:40.598 69658 INFO tempest.lib.common.rest_client [req-4b11e4ed-bcf2-467b-9fcb-3d729e429442 req-4b11e4ed-bcf2-467b-9fcb-3d729e429442 ] Request (ServersTestFqdnHostnames:tearDownClass): 204 DELETE http://10.180.1.21:9696/networking/v2.0/security-groups/c259af34-6a7f-443c-a577-5c8cde9c1703 0.507s
2025-05-14 06:50:40.602 69652 INFO tempest.common.waiters [-] State transition "BUILD/spawning" ==> "ACTIVE/None" after 77 second wait
2025-05-14 06:50:40.661 69671 INFO tempest.lib.common.rest_client [req-65cf4f38-4ce9-4130-b943-12061bf96822 req-65cf4f38-4ce9-4130-b943-12061bf96822 ] Request (ServerShowV247Test:test_update_rebuild_list_server): 200 GET http://10.180.1.21/compute/v2.1/servers/c2d5dd16-7066-47d9-8825-f1e86b8cac5f 0.448s
2025-05-14 06:50:40.676 69648 INFO tempest.lib.common.rest_client [req-06f5acd4-4854-4c5b-bd5d-bdf50aed6cb3 req-06f5acd4-4854-4c5b-bd5d-bdf50aed6cb3 ] Request (ServersTestBootFromVolume:tearDownClass): 200 GET http://10.180.1.21/compute/v2.1/servers/b63ab591-c43b-4347-8dd7-4bd747f394d5 0.521s
2025-05-14 06:50:40.694 69684 INFO tempest.lib.common.rest_client [req-c0afb7e7-d26b-4cff-ba80-3eb09c880ccc req-c0afb7e7-d26b-4cff-ba80-3eb09c880ccc ] Request (ServersAdmin275Test:tearDownClass): 204 DELETE http://10.180.1.21:9696/networking/v2.0/security-groups/d01e2282-c2da-4538-9c1c-e871635a4510 0.107s
2025-05-14 06:50:40.714 69702 INFO tempest.lib.common.rest_client [req-7f6d8bab-7593-4103-8794-34454f3b23cd req-7f6d8bab-7593-4103-8794-34454f3b23cd ] Request (AttachVolumeShelveTestJSON:test_attach_volume_shelved_or_offload_server): 200 GET http://10.180.1.21/compute/v2.1/servers/c9fa009b-e531-4e27-933e-97f99a0ddc6b 0.442s
2025-05-14 06:50:40.731 69658 INFO tempest.lib.common.rest_client [req-f56e21f2-96e8-4e14-95b2-750c9a40a526 req-f56e21f2-96e8-4e14-95b2-750c9a40a526 ] Request (ServersTestFqdnHostnames:tearDownClass): 204 DELETE http://10.180.1.21/identity/v3/projects/d8c0b59cc7f74e5cae9200a6022f7ba8 0.132s
2025-05-14 06:50:40.732 69678 INFO tempest.lib.common.rest_client [req-3c7b55fe-7e73-475b-8682-170acd6346af req-3c7b55fe-7e73-475b-8682-170acd6346af ] Request (ImagesOneServerNegativeTestJSON:setUpClass): 200 GET http://10.180.1.21/compute/v2.1/servers/5c3ecd76-b649-4a9e-8bc0-8f39ba56a5a2 0.400s
2025-05-14 06:50:40.752 69684 INFO tempest.lib.common.rest_client [req-d743f85f-9875-4c84-8d0c-d43a3798b920 req-d743f85f-9875-4c84-8d0c-d43a3798b920 ] Request (ServersAdmin275Test:tearDownClass): 204 DELETE http://10.180.1.21/identity/v3/projects/ba374a901b65443eb245c274afda95ac 0.057s
2025-05-14 06:50:40.788 69658 INFO tempest.lib.common.rest_client [req-0582b428-f1d1-400e-a147-7f22c97fd3b7 req-0582b428-f1d1-400e-a147-7f22c97fd3b7 ] Request (ServerDiskConfigTestJSON:setUpClass): 201 POST http://10.180.1.21/identity/v3/auth/tokens 0.055s
2025-05-14 06:50:40.808 69704 INFO tempest.lib.common.rest_client [req-a5a5239b-5f9b-41f3-98b9-0ed5ce37fe30 req-a5a5239b-5f9b-41f3-98b9-0ed5ce37fe30 ] Request (FloatingIPsAssociationTestJSON:tearDownClass): 200 GET http://10.180.1.21/compute/v2.1/servers/c8166933-ec22-4c63-a220-1a52c05515ee 0.408s
2025-05-14 06:50:40.817 69684 INFO tempest.lib.common.rest_client [req-81f79550-cd82-49b6-82a4-bc3643e62aef req-81f79550-cd82-49b6-82a4-bc3643e62aef ] Request (ImagesMetadataNegativeTestJSON:setUpClass): 201 POST http://10.180.1.21/identity/v3/auth/tokens 0.063s
2025-05-14 06:50:40.824 69658 INFO tempest.lib.common.rest_client [req-74ff4e5d-efac-43f5-a420-de2f3866f9c0 req-74ff4e5d-efac-43f5-a420-de2f3866f9c0 ] Request (ServerDiskConfigTestJSON:setUpClass): 201 POST http://10.180.1.21/identity/v3/auth/tokens 0.032s
2025-05-14 06:50:40.839 69656 INFO tempest.lib.common.rest_client [req-6fc4130f-0329-46e5-8679-1c0d9d5d7afa req-6fc4130f-0329-46e5-8679-1c0d9d5d7afa ] Request (ServerRescueNegativeTestJSON:test_rescued_vm_attach_volume): 200 GET http://10.180.1.21/compute/v2.1/servers/3a0b8487-3566-4af1-9ef6-7d4ecf07dee5 0.486s
2025-05-14 06:50:40.849 69656 INFO tempest.common.waiters [-] State transition "ACTIVE/rescuing" ==> "RESCUE/None" after 10 second wait
2025-05-14 06:50:40.852 69658 INFO tempest.lib.common.rest_client [req-470a2ba8-d85f-4dab-af72-191c9dc92697 req-470a2ba8-d85f-4dab-af72-191c9dc92697 ] Request (ServerDiskConfigTestJSON:setUpClass): 200 GET http://10.180.1.21/identity/v3/domains?name=Default 0.027s
2025-05-14 06:50:40.859 69684 INFO tempest.lib.common.rest_client [req-67329435-20fc-47d2-9a00-8fec0d34da34 req-67329435-20fc-47d2-9a00-8fec0d34da34 ] Request (ImagesMetadataNegativeTestJSON:setUpClass): 201 POST http://10.180.1.21/identity/v3/auth/tokens 0.039s
2025-05-14 06:50:40.867 69682 INFO tempest.lib.common.rest_client [req-7e9ee0f8-faa9-4aeb-8a6d-9699ee4990cb req-7e9ee0f8-faa9-4aeb-8a6d-9699ee4990cb ] Request (ServerRescueTestJSONUnderV235:tearDownClass): 200 GET http://10.180.1.21/compute/v2.1/servers/ee543d6d-19a1-4787-a2b3-fde6d8aa99fd 0.445s
2025-05-14 06:50:40.888 69658 INFO tempest.lib.common.rest_client [req-25154394-1177-46f6-bb23-78ad0d79201d req-25154394-1177-46f6-bb23-78ad0d79201d ] Request (ServerDiskConfigTestJSON:setUpClass): 201 POST http://10.180.1.21/identity/v3/projects 0.035s
2025-05-14 06:50:40.942 69684 INFO tempest.lib.common.rest_client [req-19f4f223-af6f-47e5-8390-7e2997701362 req-19f4f223-af6f-47e5-8390-7e2997701362 ] Request (ImagesMetadataNegativeTestJSON:setUpClass): 200 GET http://10.180.1.21/identity/v3/domains?name=Default 0.083s
2025-05-14 06:50:40.967 69652 INFO tempest.lib.common.rest_client [req-f0b0ff39-62be-41a3-8a51-8787e4297036 req-f0b0ff39-62be-41a3-8a51-8787e4297036 ] Request (ListServerFiltersTestJSON:setUpClass): 200 GET http://10.180.1.21/compute/v2.1/servers/28443994-167a-440a-8235-c2ecc98733ee 0.365s
2025-05-14 06:50:40.968 69658 INFO tempest.lib.common.rest_client [req-7f62b387-df8c-4190-aebf-511c354984ec req-7f62b387-df8c-4190-aebf-511c354984ec ] Request (ServerDiskConfigTestJSON:setUpClass): 201 POST http://10.180.1.21/identity/v3/users 0.079s
2025-05-14 06:50:40.995 69684 INFO tempest.lib.common.rest_client [req-ffc5ed6e-20d1-46cd-a773-ac0f881d2ecb req-ffc5ed6e-20d1-46cd-a773-ac0f881d2ecb ] Request (ImagesMetadataNegativeTestJSON:setUpClass): 201 POST http://10.180.1.21/identity/v3/projects 0.052s
2025-05-14 06:50:41.007 69658 INFO tempest.lib.common.rest_client [req-13a47d47-6dd2-417a-bea8-8dd9105c564d req-13a47d47-6dd2-417a-bea8-8dd9105c564d ] Request (ServerDiskConfigTestJSON:setUpClass): 200 GET http://10.180.1.21/identity/v3/roles 0.039s
2025-05-14 06:50:41.035 69700 INFO tempest.lib.common.rest_client [req-d438aa5d-63a7-494f-8c10-dac5f1d1dfce req-d438aa5d-63a7-494f-8c10-dac5f1d1dfce ] Request (ServerShowV257Test:tearDownClass): 200 GET http://10.180.1.21/compute/v2.1/servers/065b704e-0717-4af5-9816-52ebdf54b9db 0.364s
2025-05-14 06:50:41.055 69684 INFO tempest.lib.common.rest_client [req-bce0aa1c-7b67-4cf3-966b-f96e622a9e97 req-bce0aa1c-7b67-4cf3-966b-f96e622a9e97 ] Request (ImagesMetadataNegativeTestJSON:setUpClass): 201 POST http://10.180.1.21/identity/v3/users 0.059s
2025-05-14 06:50:41.073 69658 INFO tempest.lib.common.rest_client [req-e77333c3-cac5-4d25-810f-1641d67362cb req-e77333c3-cac5-4d25-810f-1641d67362cb ] Request (ServerDiskConfigTestJSON:setUpClass): 204 PUT http://10.180.1.21/identity/v3/projects/ba731dd12b284748bc66a46cddd5ba2d/users/d60090a843dc44c3a8e58a5566184c43/roles/0609a4e2993047a1a72e5fb71a609f23 0.066s
2025-05-14 06:50:41.073 69658 INFO tempest.lib.common.dynamic_creds [-] Dynamic test user d60090a843dc44c3a8e58a5566184c43 is created with scope project and roles: ['member']
2025-05-14 06:50:41.074 69658 INFO tempest.lib.common.dynamic_creds [-] Acquired dynamic creds: credentials: Credentials: {'domain_id': 'default', 'domain_name': 'Default', 'username': 'tempest-ServerDiskConfigTestJSON-2123209560-project-member', 'project_domain_id': 'default', 'project_domain_name': 'Default', 'project_id': 'ba731dd12b284748bc66a46cddd5ba2d', 'project_name': 'tempest-ServerDiskConfigTestJSON-2123209560', 'tenant_id': 'ba731dd12b284748bc66a46cddd5ba2d', 'tenant_name': 'tempest-ServerDiskConfigTestJSON-2123209560', 'user_domain_id': 'default', 'user_domain_name': 'Default', 'user_id': 'd60090a843dc44c3a8e58a5566184c43', 'system': None}, Network: None, Subnet: None, Router: None
2025-05-14 06:50:41.077 69684 INFO tempest.lib.common.rest_client [req-16ee4e92-7d1c-4e1f-ad3d-d3273cb9c821 req-16ee4e92-7d1c-4e1f-ad3d-d3273cb9c821 ] Request (ImagesMetadataNegativeTestJSON:setUpClass): 200 GET http://10.180.1.21/identity/v3/roles 0.022s
2025-05-14 06:50:41.084 69688 INFO tempest.lib.common.rest_client [req-27a8bb16-47a0-4ea9-a883-1a7ea4e976b1 req-27a8bb16-47a0-4ea9-a883-1a7ea4e976b1 ] Request (VolumesAdminNegativeTest:test_update_attached_volume_with_nonexistent_volume_in_body): 400 PUT http://10.180.1.21/compute/v2.1/servers/2a6009f5-bca6-47c4-8bf8-df472114d87e/os-volume_attachments/0c4c9447-f6c3-476e-9853-14163beedaa7 0.522s
2025-05-14 06:50:41.099 69692 INFO tempest.lib.common.rest_client [req-99112cc8-13e0-4f2f-aa75-680f81d32a61 req-99112cc8-13e0-4f2f-aa75-680f81d32a61 ] Request (ServerTagsTestJSON:setUpClass): 200 GET http://10.180.1.21/compute/v2.1/servers/760c785b-88cc-4cd1-a0f5-aecd58781d2f 0.297s
2025-05-14 06:50:41.110 69656 INFO tempest.lib.common.rest_client [req-2d4001da-e87b-4406-a032-c8a80874f91c req-2d4001da-e87b-4406-a032-c8a80874f91c ] Request (ServerRescueNegativeTestJSON:test_rescued_vm_attach_volume): 409 POST http://10.180.1.21/compute/v2.1/servers/3a0b8487-3566-4af1-9ef6-7d4ecf07dee5/os-volume_attachments 0.260s
2025-05-14 06:50:41.118 69688 INFO tempest.lib.common.rest_client [req-3a800696-52de-419c-8eaa-d0a5a3702854 req-3a800696-52de-419c-8eaa-d0a5a3702854 ] Request (VolumesAdminNegativeTest:_run_cleanups): 200 GET http://10.180.1.21/volume/v3/volumes/0c4c9447-f6c3-476e-9853-14163beedaa7 0.033s
2025-05-14 06:50:41.155 69684 INFO tempest.lib.common.rest_client [req-453e42db-3045-47fa-97f2-177b4689230e req-453e42db-3045-47fa-97f2-177b4689230e ] Request (ImagesMetadataNegativeTestJSON:setUpClass): 204 PUT http://10.180.1.21/identity/v3/projects/6dcb78f571c64476bb2364e4072d5cda/users/6aa516f60ff04000b409f2a1959a5f95/roles/0609a4e2993047a1a72e5fb71a609f23 0.077s
2025-05-14 06:50:41.155 69684 INFO tempest.lib.common.dynamic_creds [-] Dynamic test user 6aa516f60ff04000b409f2a1959a5f95 is created with scope project and roles: ['member']
2025-05-14 06:50:41.155 69684 INFO tempest.lib.common.dynamic_creds [-] Acquired dynamic creds: credentials: Credentials: {'domain_id': 'default', 'domain_name': 'Default', 'username': 'tempest-ImagesMetadataNegativeTestJSON-445707429-project-member', 'project_domain_id': 'default', 'project_domain_name': 'Default', 'project_id': '6dcb78f571c64476bb2364e4072d5cda', 'project_name': 'tempest-ImagesMetadataNegativeTestJSON-445707429', 'tenant_id': '6dcb78f571c64476bb2364e4072d5cda', 'tenant_name': 'tempest-ImagesMetadataNegativeTestJSON-445707429', 'user_domain_id': 'default', 'user_domain_name': 'Default', 'user_id': '6aa516f60ff04000b409f2a1959a5f95', 'system': None}, Network: None, Subnet: None, Router: None
2025-05-14 06:50:41.155 69684 INFO tempest.lib.common.dynamic_creds [-] Created isolated network resources for: credentials: Credentials: {'domain_id': 'default', 'domain_name': 'Default', 'username': 'tempest-ImagesMetadataNegativeTestJSON-445707429-project-member', 'project_domain_id': 'default', 'project_domain_name': 'Default', 'project_id': '6dcb78f571c64476bb2364e4072d5cda', 'project_name': 'tempest-ImagesMetadataNegativeTestJSON-445707429', 'tenant_id': '6dcb78f571c64476bb2364e4072d5cda', 'tenant_name': 'tempest-ImagesMetadataNegativeTestJSON-445707429', 'user_domain_id': 'default', 'user_domain_name': 'Default', 'user_id': '6aa516f60ff04000b409f2a1959a5f95', 'system': None}, Network: None, Subnet: None, Router: None
2025-05-14 06:50:41.161 69658 INFO tempest.lib.common.rest_client [req-29f83b13-2560-4b4c-939a-43bc76fbcb00 req-29f83b13-2560-4b4c-939a-43bc76fbcb00 ] Request (ServerDiskConfigTestJSON:setUpClass): 201 POST http://10.180.1.21/identity/v3/auth/tokens 0.087s
2025-05-14 06:50:41.190 69646 INFO tempest.lib.common.rest_client [req-881dfd32-65a6-4a60-a396-f17bb649caad req-881dfd32-65a6-4a60-a396-f17bb649caad ] Request (DeleteServersAdminTestJSON:test_delete_server_while_in_error_state): 200 GET http://10.180.1.21/compute/v2.1/servers/ae9c7ebc-0839-4c60-82ab-1f2ef1bdccac 0.297s
2025-05-14 06:50:41.262 69684 INFO tempest.lib.common.rest_client [req-da9fbbc2-e1f5-4357-9aeb-a9b194275a6b req-da9fbbc2-e1f5-4357-9aeb-a9b194275a6b ] Request (ImagesMetadataNegativeTestJSON:setUpClass): 201 POST http://10.180.1.21/identity/v3/auth/tokens 0.103s
2025-05-14 06:50:41.265 69662 INFO tempest.lib.common.rest_client [req-32c792e3-4fcf-4ce1-b6d2-f528b679bbb4 req-32c792e3-4fcf-4ce1-b6d2-f528b679bbb4 ] Request (ServerActionsTestJSON:setUpClass): 200 GET http://10.180.1.21/compute/v2.1/servers/1787cdf4-a184-4404-a9a8-f45877de9599 0.313s
2025-05-14 06:50:41.297 69674 INFO tempest.lib.common.rest_client [req-1d5fd401-e4f1-44d0-8044-cbff2ec2f4d0 req-1d5fd401-e4f1-44d0-8044-cbff2ec2f4d0 ] Request (MigrationsAdminTest:test_list_migrations_in_flavor_resize_situation): 200 GET http://10.180.1.21/compute/v2.1/servers/618567d8-1d8e-48e0-9ef1-6ecf755d01b5 0.411s
2025-05-14 06:50:41.341 69672 INFO tempest.lib.common.rest_client [req-ad3fca07-796e-4294-9d9d-6fbec2a4209f req-ad3fca07-796e-4294-9d9d-6fbec2a4209f ] Request (ListImageFiltersTestJSON:setUpClass): 200 GET http://10.180.1.21/compute/v2.1/images/c2ee43be-83b3-4c11-8aa1-d0d7332dd4b2 0.356s
2025-05-14 06:50:41.384 69652 INFO tempest.lib.common.rest_client [req-bc812934-9674-4ddf-b441-8134b071463a req-bc812934-9674-4ddf-b441-8134b071463a ] Request (ListServerFiltersTestJSON:setUpClass): 200 GET http://10.180.1.21/compute/v2.1/servers/384b0c67-defe-49f6-b6e2-7c91026707ab 0.408s
2025-05-14 06:50:41.473 69706 INFO tempest.lib.common.rest_client [req-a29b1652-59b7-4b48-a866-33b5853cffc1 req-a29b1652-59b7-4b48-a866-33b5853cffc1 ] Request (ServersAaction247Test:test_create_backup): 200 GET http://10.180.1.21/compute/v2.1/servers/19afd615-3771-440d-8556-0342b1ff805f 0.367s
2025-05-14 06:50:41.535 69668 INFO tempest.lib.common.rest_client [req-c731c06a-1a0c-4536-817d-56f829492632 req-c731c06a-1a0c-4536-817d-56f829492632 ] Request (ServersAdminTestJSON:test_rebuild_server_in_error_state): 200 GET http://10.180.1.21/compute/v2.1/servers/79bdbfcc-5ed4-41d9-97bd-9d5a9e829541 0.464s
2025-05-14 06:50:41.548 69656 INFO tempest.lib.common.rest_client [req-55c577ee-1641-48ce-a050-40b6b24ee878 req-55c577ee-1641-48ce-a050-40b6b24ee878 ] Request (ServerRescueNegativeTestJSON:_run_cleanups): 202 POST http://10.180.1.21/compute/v2.1/servers/3a0b8487-3566-4af1-9ef6-7d4ecf07dee5/action 0.438s
2025-05-14 06:50:41.617 69660 INFO tempest.lib.common.rest_client [req-9d2a0164-a25d-4c38-8654-a3d16aa0a4bb req-9d2a0164-a25d-4c38-8654-a3d16aa0a4bb ] Request (AttachInterfacesTestJSON:test_create_list_show_delete_interfaces_by_fixed_ip): 200 GET http://10.180.1.21/compute/v2.1/servers/519994ef-1c68-45cf-b022-d7433038e768 0.422s
2025-05-14 06:50:41.669 69658 INFO tempest.lib.common.rest_client [req-78514f10-6d7e-427d-a075-8c54ad661cc0 req-78514f10-6d7e-427d-a075-8c54ad661cc0 ] Request (ServerDiskConfigTestJSON:setUpClass): 201 POST http://10.180.1.21:9696/networking/v2.0/networks 0.507s
2025-05-14 06:50:41.739 69688 INFO tempest.lib.common.rest_client [req-b17fb2d3-efd5-4e7e-8a76-1098e7f52ad6 req-b17fb2d3-efd5-4e7e-8a76-1098e7f52ad6 ] Request (VolumesAdminNegativeTest:_run_cleanups): 202 DELETE http://10.180.1.21/compute/v2.1/servers/2a6009f5-bca6-47c4-8bf8-df472114d87e/os-volume_attachments/0c4c9447-f6c3-476e-9853-14163beedaa7 0.613s
2025-05-14 06:50:41.746 69684 INFO tempest.lib.common.rest_client [req-1bc5bd62-bbaa-4f7b-9f41-4580ab6f3695 req-1bc5bd62-bbaa-4f7b-9f41-4580ab6f3695 ] Request (ImagesMetadataNegativeTestJSON:test_delete_nonexistent_image_metadata_item): 404 DELETE http://10.180.1.21/compute/v2.1/images/3ef80360-2ec0-41d3-adf4-0afeecaa5fae/metadata/os_distro 0.483s
2025-05-14 06:50:41.809 69654 INFO tempest.lib.common.rest_client [req-5b2472d1-96d8-4d25-a588-a37a53b96bee req-5b2472d1-96d8-4d25-a588-a37a53b96bee ] Request (ServerMetadataNegativeTestJSON:setUpClass): 200 GET http://10.180.1.21/compute/v2.1/servers/ca2afff9-d273-4f7b-a8c0-f1371b3aa6fc 0.522s
2025-05-14 06:50:41.904 69658 INFO tempest.lib.common.rest_client [req-0aec0429-2259-4e7a-86f3-11d8ed54345d req-0aec0429-2259-4e7a-86f3-11d8ed54345d ] Request (ServerDiskConfigTestJSON:setUpClass): 201 POST http://10.180.1.21:9696/networking/v2.0/subnets 0.235s
2025-05-14 06:50:41.999 69656 INFO tempest.lib.common.rest_client [req-befcad36-23f2-4355-8c43-b70c203f937c req-befcad36-23f2-4355-8c43-b70c203f937c ] Request (ServerRescueNegativeTestJSON:_run_cleanups): 200 GET http://10.180.1.21/compute/v2.1/servers/3a0b8487-3566-4af1-9ef6-7d4ecf07dee5 0.450s
2025-05-14 06:50:42.025 69652 INFO tempest.lib.common.rest_client [req-8424e0dd-9cdf-4af2-854b-4ee2abc9d5dd req-8424e0dd-9cdf-4af2-854b-4ee2abc9d5dd ] Request (ListServerFiltersTestJSON:test_list_servers_detailed_filter_by_flavor): 200 GET http://10.180.1.21/compute/v2.1/servers/detail?flavor=84 0.629s
2025-05-14 06:50:42.074 69690 INFO tempest.lib.common.rest_client [req-5dcaecec-0d13-4fe6-ab23-6e5f7b611403 req-5dcaecec-0d13-4fe6-ab23-6e5f7b611403 ] Request (ServersTestMultiNic:test_verify_duplicate_network_nics): 200 GET http://10.180.1.21/compute/v2.1/servers/1f33e029-85f0-4da9-aff5-e7d921c73829 0.499s
2025-05-14 06:50:42.082 69690 INFO tempest.common.waiters [-] State transition "BUILD/scheduling" ==> "BUILD/None" after 29 second wait
2025-05-14 06:50:42.103 69671 INFO tempest.lib.common.rest_client [req-b98b74f6-062e-4ef9-81ba-2ce44815782d req-b98b74f6-062e-4ef9-81ba-2ce44815782d ] Request (ServerShowV247Test:test_update_rebuild_list_server): 200 GET http://10.180.1.21/compute/v2.1/servers/c2d5dd16-7066-47d9-8825-f1e86b8cac5f 0.429s
2025-05-14 06:50:42.176 69702 INFO tempest.lib.common.rest_client [req-0751e108-f12d-4bfe-a708-ef39b5a2e0e7 req-0751e108-f12d-4bfe-a708-ef39b5a2e0e7 ] Request (AttachVolumeShelveTestJSON:test_attach_volume_shelved_or_offload_server): 200 GET http://10.180.1.21/compute/v2.1/servers/c9fa009b-e531-4e27-933e-97f99a0ddc6b 0.450s
2025-05-14 06:50:42.225 69688 INFO tempest.lib.common.rest_client [req-4915eab7-34bb-46aa-9fe0-79590abd0693 req-4915eab7-34bb-46aa-9fe0-79590abd0693 ] Request (VolumesAdminNegativeTest:_run_cleanups): 200 GET http://10.180.1.21/compute/v2.1/servers/2a6009f5-bca6-47c4-8bf8-df472114d87e/os-volume_attachments 0.485s
2025-05-14 06:50:42.293 69678 INFO tempest.lib.common.rest_client [req-595c8ebb-62cd-4915-9da7-d1e33c6bcfc8 req-595c8ebb-62cd-4915-9da7-d1e33c6bcfc8 ] Request (ImagesOneServerNegativeTestJSON:setUpClass): 200 GET http://10.180.1.21/compute/v2.1/servers/5c3ecd76-b649-4a9e-8bc0-8f39ba56a5a2 0.548s
2025-05-14 06:50:42.318 69684 INFO tempest.lib.common.rest_client [req-264a5e39-594b-4427-8d58-3e0b2377ea0e req-264a5e39-594b-4427-8d58-3e0b2377ea0e ] Request (ImagesMetadataNegativeTestJSON:test_get_nonexistent_image_metadata_item): 404 GET http://10.180.1.21/compute/v2.1/images/eadb9433-c35f-405a-b303-5c993f8a3578/metadata/os_version 0.570s
2025-05-14 06:50:42.382 69704 INFO tempest.lib.common.rest_client [req-92f36d0d-644c-437e-be3e-8fdb4c47d4c1 req-92f36d0d-644c-437e-be3e-8fdb4c47d4c1 ] Request (FloatingIPsAssociationTestJSON:tearDownClass): 200 GET http://10.180.1.21/compute/v2.1/servers/c8166933-ec22-4c63-a220-1a52c05515ee 0.563s
2025-05-14 06:50:42.421 69648 INFO tempest.lib.common.rest_client [req-2c13fd4f-6c35-40f9-8285-b2902aa65f23 req-2c13fd4f-6c35-40f9-8285-b2902aa65f23 ] Request (ServersTestBootFromVolume:tearDownClass): 200 GET http://10.180.1.21/compute/v2.1/servers/b63ab591-c43b-4347-8dd7-4bd747f394d5 0.734s
2025-05-14 06:50:42.447 69682 INFO tempest.lib.common.rest_client [req-0b6cc7cd-2b4f-4c1f-a3b2-2039b79926f9 req-0b6cc7cd-2b4f-4c1f-a3b2-2039b79926f9 ] Request (ServerRescueTestJSONUnderV235:tearDownClass): 200 GET http://10.180.1.21/compute/v2.1/servers/ee543d6d-19a1-4787-a2b3-fde6d8aa99fd 0.570s
2025-05-14 06:50:42.538 69700 INFO tempest.lib.common.rest_client [req-ffa67915-179d-422a-b861-3f58f79d8d39 req-ffa67915-179d-422a-b861-3f58f79d8d39 ] Request (ServerShowV257Test:tearDownClass): 200 GET http://10.180.1.21/compute/v2.1/servers/065b704e-0717-4af5-9816-52ebdf54b9db 0.492s
2025-05-14 06:50:42.617 69692 INFO tempest.lib.common.rest_client [req-3d06ff50-4404-4089-adc6-80912cc65ef1 req-3d06ff50-4404-4089-adc6-80912cc65ef1 ] Request (ServerTagsTestJSON:setUpClass): 200 GET http://10.180.1.21/compute/v2.1/servers/760c785b-88cc-4cd1-a0f5-aecd58781d2f 0.507s
2025-05-14 06:50:42.628 69652 INFO tempest.lib.common.rest_client [req-ef386d49-42db-4d24-b4ac-5d38451a7a63 req-ef386d49-42db-4d24-b4ac-5d38451a7a63 ] Request (ListServerFiltersTestJSON:test_list_servers_detailed_filter_by_server_name): 200 GET http://10.180.1.21/compute/v2.1/servers/detail?name=tempest-ListServerFiltersTestJSON-instance-1726414048 0.590s
2025-05-14 06:50:42.693 69662 INFO tempest.lib.common.rest_client [req-579f9ac5-5fd3-425d-ae97-0cac9fca4f3f req-579f9ac5-5fd3-425d-ae97-0cac9fca4f3f ] Request (ServerActionsTestJSON:setUpClass): 200 GET http://10.180.1.21/compute/v2.1/servers/1787cdf4-a184-4404-a9a8-f45877de9599 0.418s
2025-05-14 06:50:42.693 69646 INFO tempest.lib.common.rest_client [req-f97d06bc-57b9-4ba4-8d3a-b919236a9fe6 req-f97d06bc-57b9-4ba4-8d3a-b919236a9fe6 ] Request (DeleteServersAdminTestJSON:test_delete_server_while_in_error_state): 200 GET http://10.180.1.21/compute/v2.1/servers/ae9c7ebc-0839-4c60-82ab-1f2ef1bdccac 0.494s
2025-05-14 06:50:42.722 69684 INFO tempest.lib.common.rest_client [req-1f5fbd76-0b45-43b9-a6b3-37066ff28aa7 req-1f5fbd76-0b45-43b9-a6b3-37066ff28aa7 ] Request (ImagesMetadataNegativeTestJSON:test_list_nonexistent_image_metadata): 404 GET http://10.180.1.21/compute/v2.1/images/4522a074-8c6b-4473-bb86-e9e278712591/metadata 0.402s
2025-05-14 06:50:42.762 69672 INFO tempest.lib.common.rest_client [req-d9e2bf20-e4c9-4629-b7a7-9e056b9b4eda req-d9e2bf20-e4c9-4629-b7a7-9e056b9b4eda ] Request (ListImageFiltersTestJSON:setUpClass): 200 GET http://10.180.1.21/compute/v2.1/images/c2ee43be-83b3-4c11-8aa1-d0d7332dd4b2 0.417s
2025-05-14 06:50:42.830 69674 INFO tempest.lib.common.rest_client [req-4281c156-a860-485b-a7f9-8350bf165056 req-4281c156-a860-485b-a7f9-8350bf165056 ] Request (MigrationsAdminTest:test_list_migrations_in_flavor_resize_situation): 200 GET http://10.180.1.21/compute/v2.1/servers/618567d8-1d8e-48e0-9ef1-6ecf755d01b5 0.521s
2025-05-14 06:50:42.830 69706 INFO tempest.lib.common.rest_client [req-ff731a30-2a03-4989-b51f-34c8bc3bac26 req-ff731a30-2a03-4989-b51f-34c8bc3bac26 ] Request (ServersAaction247Test:test_create_backup): 200 GET http://10.180.1.21/compute/v2.1/servers/19afd615-3771-440d-8556-0342b1ff805f 0.344s
2025-05-14 06:50:42.892 69660 INFO tempest.lib.common.rest_client [req-3e8f0604-d0f1-4402-a587-9aa74f850125 req-3e8f0604-d0f1-4402-a587-9aa74f850125 ] Request (AttachInterfacesTestJSON:test_create_list_show_delete_interfaces_by_fixed_ip): 200 GET http://10.180.1.21/compute/v2.1/servers/519994ef-1c68-45cf-b022-d7433038e768 0.260s
2025-05-14 06:50:42.927 69658 INFO tempest.lib.common.rest_client [req-049074f1-9208-4d57-8dd5-921faea88ae2 req-049074f1-9208-4d57-8dd5-921faea88ae2 ] Request (ServerDiskConfigTestJSON:setUpClass): 201 POST http://10.180.1.21:9696/networking/v2.0/routers 1.022s
2025-05-14 06:50:42.945 69668 INFO tempest.lib.common.rest_client [req-b3ea2bd2-9f58-4b61-86cb-abf5fabf9c71 req-b3ea2bd2-9f58-4b61-86cb-abf5fabf9c71 ] Request (ServersAdminTestJSON:test_rebuild_server_in_error_state): 200 GET http://10.180.1.21/compute/v2.1/servers/79bdbfcc-5ed4-41d9-97bd-9d5a9e829541 0.398s
2025-05-14 06:50:42.970 69684 INFO tempest.lib.common.rest_client [req-c27add21-e2b9-419f-b30e-7025cdbaaad1 req-c27add21-e2b9-419f-b30e-7025cdbaaad1 ] Request (ImagesMetadataNegativeTestJSON:test_set_nonexistent_image_metadata): 404 PUT http://10.180.1.21/compute/v2.1/images/6bd7b293-f191-43a9-9c87-bb78385cda01/metadata 0.246s
2025-05-14 06:50:43.025 69654 INFO tempest.lib.common.rest_client [req-ebf90066-a464-4a48-91e6-d63c1fdedc49 req-ebf90066-a464-4a48-91e6-d63c1fdedc49 ] Request (ServerMetadataNegativeTestJSON:setUpClass): 200 GET http://10.180.1.21/compute/v2.1/servers/ca2afff9-d273-4f7b-a8c0-f1371b3aa6fc 0.207s
2025-05-14 06:50:43.053 69684 INFO tempest.lib.common.rest_client [req-1cd7121f-065a-4852-a669-0411fab00c7a req-1cd7121f-065a-4852-a669-0411fab00c7a ] Request (ImagesMetadataNegativeTestJSON:test_set_nonexistent_image_metadata_item): 404 PUT http://10.180.1.21/compute/v2.1/images/f726bb60-4fdb-4c33-b1f8-ff70534bbb7a/metadata/os_distro 0.082s
2025-05-14 06:50:43.146 69652 INFO tempest.lib.common.rest_client [req-ed4561de-1fe3-4d76-841a-b74986f916cd req-ed4561de-1fe3-4d76-841a-b74986f916cd ] Request (ListServerFiltersTestJSON:test_list_servers_detailed_filter_by_server_status): 200 GET http://10.180.1.21/compute/v2.1/servers/detail?status=active 0.501s
2025-05-14 06:50:43.165 69684 INFO tempest.lib.common.rest_client [req-c27cb4a0-b315-4aac-b94c-dacd7de61358 req-c27cb4a0-b315-4aac-b94c-dacd7de61358 ] Request (ImagesMetadataNegativeTestJSON:test_update_nonexistent_image_metadata): 404 POST http://10.180.1.21/compute/v2.1/images/30eb6ca8-05f0-4dab-bc86-eebca6b30435/metadata 0.110s
2025-05-14 06:50:43.184 69656 INFO tempest.lib.common.rest_client [req-43998c90-bc87-49a5-8178-b972193a75e8 req-43998c90-bc87-49a5-8178-b972193a75e8 ] Request (ServerRescueNegativeTestJSON:_run_cleanups): 200 GET http://10.180.1.21/compute/v2.1/servers/3a0b8487-3566-4af1-9ef6-7d4ecf07dee5 0.176s
2025-05-14 06:50:43.236 69690 INFO tempest.lib.common.rest_client [req-c3f8fb1b-0111-4afa-8cbf-aa78cb5aa7c0 req-c3f8fb1b-0111-4afa-8cbf-aa78cb5aa7c0 ] Request (ServersTestMultiNic:test_verify_duplicate_network_nics): 200 GET http://10.180.1.21/compute/v2.1/servers/1f33e029-85f0-4da9-aff5-e7d921c73829 0.152s
2025-05-14 06:50:43.253 69671 INFO tempest.lib.common.rest_client [req-209929a7-5f6f-490d-bd1f-ef2233435a2c req-209929a7-5f6f-490d-bd1f-ef2233435a2c ] Request (ServerShowV247Test:test_update_rebuild_list_server): 200 GET http://10.180.1.21/compute/v2.1/servers/c2d5dd16-7066-47d9-8825-f1e86b8cac5f 0.140s
2025-05-14 06:50:43.302 69684 INFO tempest.lib.common.rest_client [req-6126d6e7-1e71-4a33-a702-15a14d5db86a req-6126d6e7-1e71-4a33-a702-15a14d5db86a ] Request (ImagesMetadataNegativeTestJSON:tearDownClass): 204 DELETE http://10.180.1.21/identity/v3/users/6aa516f60ff04000b409f2a1959a5f95 0.134s
2025-05-14 06:50:43.302 69684 INFO tempest.lib.common.dynamic_creds [-] Deleting project and security group for project: 6dcb78f571c64476bb2364e4072d5cda
2025-05-14 06:50:43.311 69702 INFO tempest.lib.common.rest_client [req-38e6ac8e-69fe-4e7f-ac10-4cda9de528ce req-38e6ac8e-69fe-4e7f-ac10-4cda9de528ce ] Request (AttachVolumeShelveTestJSON:test_attach_volume_shelved_or_offload_server): 200 GET http://10.180.1.21/compute/v2.1/servers/c9fa009b-e531-4e27-933e-97f99a0ddc6b 0.123s
2025-05-14 06:50:43.342 69688 INFO tempest.lib.common.rest_client [req-103a5dc2-0bcb-42e1-af76-bdb206256247 req-103a5dc2-0bcb-42e1-af76-bdb206256247 ] Request (VolumesAdminNegativeTest:_run_cleanups): 200 GET http://10.180.1.21/compute/v2.1/servers/2a6009f5-bca6-47c4-8bf8-df472114d87e/os-volume_attachments 0.114s
2025-05-14 06:50:43.376 69652 INFO tempest.lib.common.rest_client [req-21cdf856-4e99-4ba0-af01-7a9dd5fa7a37 req-21cdf856-4e99-4ba0-af01-7a9dd5fa7a37 ] Request (ListServerFiltersTestJSON:test_list_servers_detailed_limit_results): 200 GET http://10.180.1.21/compute/v2.1/servers/detail?limit=1 0.217s
2025-05-14 06:50:43.390 69684 INFO tempest.lib.common.rest_client [req-ec1e370a-876f-4d8a-b1d5-62d4cd55d58d req-ec1e370a-876f-4d8a-b1d5-62d4cd55d58d ] Request (ImagesMetadataNegativeTestJSON:tearDownClass): 201 POST http://10.180.1.21/identity/v3/auth/tokens 0.088s
2025-05-14 06:50:43.404 69678 INFO tempest.lib.common.rest_client [req-6e5433fe-87f0-4b8b-93fd-bc1be943f674 req-6e5433fe-87f0-4b8b-93fd-bc1be943f674 ] Request (ImagesOneServerNegativeTestJSON:setUpClass): 200 GET http://10.180.1.21/compute/v2.1/servers/5c3ecd76-b649-4a9e-8bc0-8f39ba56a5a2 0.102s
2025-05-14 06:50:43.467 69652 INFO tempest.lib.common.rest_client [req-0972c581-f9f7-407e-9af7-1d1aa723b1b8 req-0972c581-f9f7-407e-9af7-1d1aa723b1b8 ] Request (ListServerFiltersTestJSON:test_list_servers_filter_by_active_status): 200 GET http://10.180.1.21/compute/v2.1/servers?status=active 0.079s
2025-05-14 06:50:43.505 69704 INFO tempest.lib.common.rest_client [req-87eebc93-318e-4809-bed7-b8b3e692ceb4 req-87eebc93-318e-4809-bed7-b8b3e692ceb4 ] Request (FloatingIPsAssociationTestJSON:tearDownClass): 200 GET http://10.180.1.21/compute/v2.1/servers/c8166933-ec22-4c63-a220-1a52c05515ee 0.115s
2025-05-14 06:50:43.594 69648 INFO tempest.lib.common.rest_client [req-09f6ccbf-b5fa-49d2-b6b5-affb857fb0e3 req-09f6ccbf-b5fa-49d2-b6b5-affb857fb0e3 ] Request (ServersTestBootFromVolume:tearDownClass): 200 GET http://10.180.1.21/compute/v2.1/servers/b63ab591-c43b-4347-8dd7-4bd747f394d5 0.163s
2025-05-14 06:50:43.600 69682 INFO tempest.lib.common.rest_client [req-14aa5096-e746-4552-b4cf-7f9e4e94b7de req-14aa5096-e746-4552-b4cf-7f9e4e94b7de ] Request (ServerRescueTestJSONUnderV235:tearDownClass): 200 GET http://10.180.1.21/compute/v2.1/servers/ee543d6d-19a1-4787-a2b3-fde6d8aa99fd 0.143s
2025-05-14 06:50:43.700 69700 INFO tempest.lib.common.rest_client [req-b5e29f2a-4df7-4248-85fc-08dcc284eb52 req-b5e29f2a-4df7-4248-85fc-08dcc284eb52 ] Request (ServerShowV257Test:tearDownClass): 200 GET http://10.180.1.21/compute/v2.1/servers/065b704e-0717-4af5-9816-52ebdf54b9db 0.151s
2025-05-14 06:50:43.706 69684 INFO tempest.lib.common.rest_client [req-2015e279-74da-40eb-8649-16ef70cc8df8 req-2015e279-74da-40eb-8649-16ef70cc8df8 ] Request (ImagesMetadataNegativeTestJSON:tearDownClass): 200 GET http://10.180.1.21:9696/networking/v2.0/security-groups?tenant_id=6dcb78f571c64476bb2364e4072d5cda&name=default 0.315s
2025-05-14 06:50:43.738 69652 INFO tempest.lib.common.rest_client [req-8ab361ed-10d2-4591-97d6-d5015aead60e req-8ab361ed-10d2-4591-97d6-d5015aead60e ] Request (ListServerFiltersTestJSON:test_list_servers_filter_by_exceed_limit): 200 GET http://10.180.1.21/compute/v2.1/servers?limit=100000 0.267s
2025-05-14 06:50:43.775 69692 INFO tempest.lib.common.rest_client [req-46b55001-7f13-44e9-be90-4f146d8e0767 req-46b55001-7f13-44e9-be90-4f146d8e0767 ] Request (ServerTagsTestJSON:setUpClass): 200 GET http://10.180.1.21/compute/v2.1/servers/760c785b-88cc-4cd1-a0f5-aecd58781d2f 0.145s
2025-05-14 06:50:43.836 69646 INFO tempest.lib.common.rest_client [req-d3e2e701-4c2c-42d9-b380-99bbb2a1a3e5 req-d3e2e701-4c2c-42d9-b380-99bbb2a1a3e5 ] Request (DeleteServersAdminTestJSON:test_delete_server_while_in_error_state): 200 GET http://10.180.1.21/compute/v2.1/servers/ae9c7ebc-0839-4c60-82ab-1f2ef1bdccac 0.136s
2025-05-14 06:50:43.856 69662 INFO tempest.lib.common.rest_client [req-f63c9f39-d802-48e8-a7bf-7444a91410c1 req-f63c9f39-d802-48e8-a7bf-7444a91410c1 ] Request (ServerActionsTestJSON:setUpClass): 200 GET http://10.180.1.21/compute/v2.1/servers/1787cdf4-a184-4404-a9a8-f45877de9599 0.154s
2025-05-14 06:50:43.879 69684 INFO tempest.lib.common.rest_client [req-1c74c99a-4f14-413a-ba1f-1d441494e15f req-1c74c99a-4f14-413a-ba1f-1d441494e15f ] Request (ImagesMetadataNegativeTestJSON:tearDownClass): 204 DELETE http://10.180.1.21:9696/networking/v2.0/security-groups/3d7a0246-7ffc-4fb4-88ce-1571898fe21c 0.170s
2025-05-14 06:50:43.886 69652 INFO tempest.lib.common.rest_client [req-b1d714bb-eab7-4f99-8f4b-b470a89fa83e req-b1d714bb-eab7-4f99-8f4b-b470a89fa83e ] Request (ListServerFiltersTestJSON:test_list_servers_filter_by_exceed_limit): 200 GET http://10.180.1.21/compute/v2.1/servers 0.144s
2025-05-14 06:50:43.899 69672 INFO tempest.lib.common.rest_client [req-dfb126e7-0fbe-4cb5-aa5a-eea79792bfd2 req-dfb126e7-0fbe-4cb5-aa5a-eea79792bfd2 ] Request (ListImageFiltersTestJSON:setUpClass): 200 GET http://10.180.1.21/compute/v2.1/images/c2ee43be-83b3-4c11-8aa1-d0d7332dd4b2 0.130s
2025-05-14 06:50:43.899 69658 INFO tempest.lib.common.rest_client [req-188a4956-c2c7-43d1-acf8-75332ab8e953 req-188a4956-c2c7-43d1-acf8-75332ab8e953 ] Request (ServerDiskConfigTestJSON:setUpClass): 200 PUT http://10.180.1.21:9696/networking/v2.0/routers/1bb3316d-0e29-4892-afac-924069bf4be7/add_router_interface 0.971s
2025-05-14 06:50:43.899 69658 INFO tempest.lib.common.dynamic_creds [-] Created isolated network resources for: credentials: Credentials: {'domain_id': 'default', 'domain_name': 'Default', 'username': 'tempest-ServerDiskConfigTestJSON-2123209560-project-member', 'project_domain_id': 'default', 'project_domain_name': 'Default', 'project_id': 'ba731dd12b284748bc66a46cddd5ba2d', 'project_name': 'tempest-ServerDiskConfigTestJSON-2123209560', 'tenant_id': 'ba731dd12b284748bc66a46cddd5ba2d', 'tenant_name': 'tempest-ServerDiskConfigTestJSON-2123209560', 'user_domain_id': 'default', 'user_domain_name': 'Default', 'user_id': 'd60090a843dc44c3a8e58a5566184c43', 'system': None}, Network: {'id': '43c90530-5b00-4c46-9f31-163efa223b20', 'name': 'tempest-ServerDiskConfigTestJSON-841992022-network', 'tenant_id': 'ba731dd12b284748bc66a46cddd5ba2d', 'admin_state_up': True, 'mtu': 8950, 'status': 'ACTIVE', 'subnets': [], 'shared': False, 'project_id': 'ba731dd12b284748bc66a46cddd5ba2d', 'port_security_enabled': True, 'router:external': False, 'provider:network_type': 'vlan', 'provider:physical_network': 'default', 'provider:segmentation_id': 345, 'availability_zone_hints': [], 'availability_zones': [], 'ipv4_address_scope': None, 'ipv6_address_scope': None, 'description': '', 'tags': [], 'created_at': '2025-05-14T06:50:41Z', 'updated_at': '2025-05-14T06:50:41Z', 'revision_number': 1}, Subnet: {'id': '1e8e7ea1-663b-4549-8e75-02e81707f6fd', 'name': 'tempest-ServerDiskConfigTestJSON-841992022-subnet', 'tenant_id': 'ba731dd12b284748bc66a46cddd5ba2d', 'network_id': '43c90530-5b00-4c46-9f31-163efa223b20', 'ip_version': 4, 'subnetpool_id': None, 'enable_dhcp': True, 'ipv6_ra_mode': None, 'ipv6_address_mode': None, 'gateway_ip': '192.168.128.1', 'cidr': '192.168.128.0/28', 'allocation_pools': [{'start': '192.168.128.2', 'end': '192.168.128.14'}], 'host_routes': [], 'dns_nameservers': [], 'description': '', 'router:external': False, 'service_types': [], 'tags': [], 'created_at': '2025-05-14T06:50:41Z', 'updated_at': '2025-05-14T06:50:41Z', 'revision_number': 0, 'project_id': 'ba731dd12b284748bc66a46cddd5ba2d'}, Router: {'id': '1bb3316d-0e29-4892-afac-924069bf4be7', 'name': 'tempest-ServerDiskConfigTestJSON-841992022-router', 'tenant_id': 'ba731dd12b284748bc66a46cddd5ba2d', 'admin_state_up': True, 'status': 'ACTIVE', 'external_gateway_info': {'network_id': 'c8f572d1-4b5c-45a3-9d3c-7908ad40d3d9', 'external_fixed_ips': [{'subnet_id': '892ba09c-f7a1-4eaa-970c-52dde487cb9d', 'ip_address': '10.180.180.211'}], 'enable_snat': True}, 'description': '', 'availability_zones': [], 'distributed': False, 'ha': False, 'availability_zone_hints': [], 'routes': [], 'flavor_id': None, 'tags': [], 'created_at': '2025-05-14T06:50:41Z', 'updated_at': '2025-05-14T06:50:42Z', 'revision_number': 2, 'project_id': 'ba731dd12b284748bc66a46cddd5ba2d'}
2025-05-14 06:50:43.972 69706 INFO tempest.lib.common.rest_client [req-2b920f2d-87f6-4bc2-b65d-12a0085ca2e3 req-2b920f2d-87f6-4bc2-b65d-12a0085ca2e3 ] Request (ServersAaction247Test:test_create_backup): 200 GET http://10.180.1.21/compute/v2.1/servers/19afd615-3771-440d-8556-0342b1ff805f 0.128s
2025-05-14 06:50:43.979 69684 INFO tempest.lib.common.rest_client [req-82aeac40-a05d-4886-ae93-52898a509541 req-82aeac40-a05d-4886-ae93-52898a509541 ] Request (ImagesMetadataNegativeTestJSON:tearDownClass): 204 DELETE http://10.180.1.21/identity/v3/projects/6dcb78f571c64476bb2364e4072d5cda 0.098s
2025-05-14 06:50:43.982 69706 INFO tempest.common.waiters [-] State transition "BUILD/spawning" ==> "ACTIVE/None" after 79 second wait
2025-05-14 06:50:44.011 69674 INFO tempest.lib.common.rest_client [req-c140a9d8-02bf-472f-9a8d-b05e140a92ef req-c140a9d8-02bf-472f-9a8d-b05e140a92ef ] Request (MigrationsAdminTest:test_list_migrations_in_flavor_resize_situation): 200 GET http://10.180.1.21/compute/v2.1/servers/618567d8-1d8e-48e0-9ef1-6ecf755d01b5 0.172s
