2025-05-14 07:49:15.343 69623 INFO tempest.lib.common.rest_client [req-042d40a0-289e-469f-a047-b3bd4d983ac3 req-042d40a0-289e-469f-a047-b3bd4d983ac3 ] Request (TenantUsagesTestJSON:setUpClass): 200 GET http://10.180.1.21/compute/v2.1/servers/5373d961-6fd2-43ff-8014-6fca7cad0727 1.509s
2025-05-14 07:49:15.354 69615 INFO tempest.lib.common.rest_client [req-f6a77d02-ff5b-4735-a4a4-7d46ae698db8 req-f6a77d02-ff5b-4735-a4a4-7d46ae698db8 ] Request (FlavorsAccessNegativeTestJSON:test_flavor_non_admin_remove): 403 POST http://10.180.1.21/compute/v2.1/flavors/1960595871/action 1.443s
2025-05-14 07:49:15.362 69661 INFO tempest.lib.common.rest_client [req-a6a46e8f-e672-4b19-9806-cc02f5cf5d64 req-a6a46e8f-e672-4b19-9806-cc02f5cf5d64 ] Request (TestVersions:tearDownClass): 201 POST http://10.180.1.21/identity/v3/auth/tokens 0.075s
2025-05-14 07:49:15.380 69645 INFO tempest.lib.common.rest_client [req-c467a842-24f6-41e6-8e16-34f46e245479 req-c467a842-24f6-41e6-8e16-34f46e245479 ] Request (AggregatesAdminNegativeTestJSON:_run_cleanups): 200 DELETE http://10.180.1.21/compute/v2.1/os-aggregates/4 1.458s
2025-05-14 07:49:15.383 69651 INFO tempest.lib.common.rest_client [req-13a236b2-49bc-42ec-8de8-796c48eeedf8 req-13a236b2-49bc-42ec-8de8-796c48eeedf8 ] Request (ImagesOneServerTestJSON:setUpClass): 201 POST http://10.180.1.21:9696/networking/v2.0/networks 1.005s
2025-05-14 07:49:15.397 69619 INFO tempest.lib.common.rest_client [req-55b88459-5192-4165-ab89-d991b20eb4e1 req-55b88459-5192-4165-ab89-d991b20eb4e1 ] Request (FloatingIPDetailsTestJSON:setUpClass): 200 PUT http://10.180.1.21:9696/networking/v2.0/routers/7c05fa18-907e-4a8e-ac68-0208386c09cb/add_router_interface 3.905s
2025-05-14 07:49:15.397 69619 INFO tempest.lib.common.dynamic_creds [-] Created isolated network resources for: credentials: Credentials: {'domain_id': 'default', 'domain_name': 'Default', 'username': 'tempest-FloatingIPDetailsTestJSON-627485815-project-member', 'project_domain_id': 'default', 'project_domain_name': 'Default', 'project_id': '7ea9e3b79b6b4fa48b152ba930723ed8', 'project_name': 'tempest-FloatingIPDetailsTestJSON-627485815', 'tenant_id': '7ea9e3b79b6b4fa48b152ba930723ed8', 'tenant_name': 'tempest-FloatingIPDetailsTestJSON-627485815', 'user_domain_id': 'default', 'user_domain_name': 'Default', 'user_id': '1cdcdc4ff70546739959c9298c1318b7', 'system': None}, Network: {'id': 'abb9fc5e-8e75-485f-a63c-d264b397bfcf', 'name': 'tempest-FloatingIPDetailsTestJSON-2123015866-network', 'tenant_id': '7ea9e3b79b6b4fa48b152ba930723ed8', 'admin_state_up': True, 'mtu': 8950, 'status': 'ACTIVE', 'subnets': [], 'shared': False, 'project_id': '7ea9e3b79b6b4fa48b152ba930723ed8', 'port_security_enabled': True, 'router:external': False, 'provider:network_type': 'vlan', 'provider:physical_network': 'default', 'provider:segmentation_id': 660, 'availability_zone_hints': [], 'availability_zones': [], 'ipv4_address_scope': None, 'ipv6_address_scope': None, 'description': '', 'tags': [], 'created_at': '2025-05-14T07:49:06Z', 'updated_at': '2025-05-14T07:49:06Z', 'revision_number': 1}, Subnet: {'id': '66bfa523-777b-46ce-85c9-8f23807f732d', 'name': 'tempest-FloatingIPDetailsTestJSON-2123015866-subnet', 'tenant_id': '7ea9e3b79b6b4fa48b152ba930723ed8', 'network_id': 'abb9fc5e-8e75-485f-a63c-d264b397bfcf', 'ip_version': 4, 'subnetpool_id': None, 'enable_dhcp': True, 'ipv6_ra_mode': None, 'ipv6_address_mode': None, 'gateway_ip': '192.168.128.1', 'cidr': '192.168.128.0/28', 'allocation_pools': [{'start': '192.168.128.2', 'end': '192.168.128.14'}], 'host_routes': [], 'dns_nameservers': [], 'description': '', 'router:external': False, 'service_types': [], 'tags': [], 'created_at': '2025-05-14T07:49:07Z', 'updated_at': '2025-05-14T07:49:07Z', 'revision_number': 0, 'project_id': '7ea9e3b79b6b4fa48b152ba930723ed8'}, Router: {'id': '7c05fa18-907e-4a8e-ac68-0208386c09cb', 'name': 'tempest-FloatingIPDetailsTestJSON-2123015866-router', 'tenant_id': '7ea9e3b79b6b4fa48b152ba930723ed8', 'admin_state_up': True, 'status': 'ACTIVE', 'external_gateway_info': {'network_id': '329fad16-ea4d-4603-be45-a1ed0b4ccd01', 'external_fixed_ips': [{'subnet_id': 'fcafac97-d61d-4e6c-ac1a-5b2ec2d25b47', 'ip_address': '10.180.180.203'}], 'enable_snat': True}, 'description': '', 'availability_zones': [], 'distributed': False, 'ha': False, 'availability_zone_hints': [], 'routes': [], 'flavor_id': None, 'tags': [], 'created_at': '2025-05-14T07:49:08Z', 'updated_at': '2025-05-14T07:49:10Z', 'revision_number': 2, 'project_id': '7ea9e3b79b6b4fa48b152ba930723ed8'}
2025-05-14 07:49:15.466 69671 INFO tempest.lib.common.rest_client [req-375d6c82-56f6-4e22-b302-d732af52c6ed req-375d6c82-56f6-4e22-b302-d732af52c6ed ] Request (SecurityGroupsTestJSON:test_list_security_groups_by_server): 200 GET http://10.180.1.21/compute/v2.1/servers/1bd841c8-d845-49fd-b275-67494acbc939 1.542s
2025-05-14 07:49:15.480 69619 INFO tempest.lib.common.rest_client [req-2f91f529-a65d-44fc-af3c-e9e82c4c17c5 req-2f91f529-a65d-44fc-af3c-e9e82c4c17c5 ] Request (FloatingIPDetailsTestJSON:setUpClass): 201 POST http://10.180.1.21/identity/v3/auth/tokens 0.080s
2025-05-14 07:49:15.789 69659 INFO tempest.lib.common.rest_client [req-70c57660-f6c8-4861-b703-9aa5ee7ce7be req-70c57660-f6c8-4861-b703-9aa5ee7ce7be ] Request (ServersAdminTestJSON:setUpClass): 200 GET http://10.180.1.21/compute/v2.1/servers/afe25b42-95b1-4d8e-aa5c-4cb75d7a0c10 1.945s
2025-05-14 07:49:15.810 69653 INFO tempest.lib.common.rest_client [req-ab3c334e-9971-47c9-97e9-636919d4e330 req-ab3c334e-9971-47c9-97e9-636919d4e330 ] Request (FlavorsAdminTestJSON:test_create_list_flavor_without_extra_data): 200 GET http://10.180.1.21/compute/v2.1/flavors/890431528 1.865s
2025-05-14 07:49:15.822 69627 INFO tempest.lib.common.rest_client [req-94bb6583-0dd4-4a6d-9b8a-62553c563752 req-94bb6583-0dd4-4a6d-9b8a-62553c563752 ] Request (AttachInterfacesV270Test:setUpClass): 201 POST http://10.180.1.21:9696/networking/v2.0/networks 1.322s
2025-05-14 07:49:15.860 69625 INFO tempest.lib.common.rest_client [req-27b3acd3-8de1-4eb3-bb34-791629c357c6 req-27b3acd3-8de1-4eb3-bb34-791629c357c6 ] Request (HypervisorAdminNegativeTestJSON:tearDownClass): 200 GET http://10.180.1.21:9696/networking/v2.0/security-groups?tenant_id=618b7ceb1d0a42708dee75c4aed32653&name=default 0.772s
2025-05-14 07:49:15.916 69617 INFO tempest.lib.common.rest_client [req-b5857bb2-cba4-44d2-aef4-32121f884284 req-b5857bb2-cba4-44d2-aef4-32121f884284 ] Request (VolumesAssistedSnapshotsTest:test_volume_assisted_snapshot_create_delete): 200 GET http://10.180.1.21/compute/v2.1/servers/1edd6ab2-40c6-45e6-bba3-66b6379012e9 1.924s
2025-05-14 07:49:15.925 69617 INFO tempest.common.waiters [-] State transition "BUILD/scheduling" ==> "BUILD/None" after 10 second wait
2025-05-14 07:49:15.975 69639 INFO tempest.lib.common.rest_client [req-089348b2-5971-42ea-8af8-29c060d085f2 req-089348b2-5971-42ea-8af8-29c060d085f2 ] Request (ImagesTestJSON:test_create_image_from_stopped_server): 200 GET http://10.180.1.21/compute/v2.1/servers/ffe2e50a-e538-4fb7-ba9f-2ade5a1b3117 2.048s
2025-05-14 07:49:15.985 69639 INFO tempest.common.waiters [-] State transition "BUILD/None" ==> "BUILD/spawning" after 16 second wait
2025-05-14 07:49:16.142 69669 INFO tempest.lib.common.rest_client [req-68a93cab-ee4f-4ffa-a1ec-30bd42a63299 req-68a93cab-ee4f-4ffa-a1ec-30bd42a63299 ] Request (ServersAdminNegativeTestJSON:test_migrate_non_existent_server): 404 POST http://10.180.1.21/compute/v2.1/servers/6303dbb5-326c-4152-a6d4-71b3fe31988d/action 2.121s
2025-05-14 07:49:16.148 69625 INFO tempest.lib.common.rest_client [req-c595be14-5c56-4f0a-a463-ab05d3fe4da3 req-c595be14-5c56-4f0a-a463-ab05d3fe4da3 ] Request (HypervisorAdminNegativeTestJSON:tearDownClass): 204 DELETE http://10.180.1.21:9696/networking/v2.0/security-groups/7ed8dc76-4286-4e00-8e6d-674d5d369576 0.287s
2025-05-14 07:49:16.149 69661 INFO tempest.lib.common.rest_client [req-783c1ee3-10b6-4cd8-94fc-8a8e0c299150 req-783c1ee3-10b6-4cd8-94fc-8a8e0c299150 ] Request (TestVersions:tearDownClass): 200 GET http://10.180.1.21:9696/networking/v2.0/security-groups?tenant_id=613fd55d03f446b0b2c541acbd8f1d67&name=default 0.787s
2025-05-14 07:49:16.250 69625 INFO tempest.lib.common.rest_client [req-9dd07772-aeba-48eb-9ff3-75fe9e1d9daf req-9dd07772-aeba-48eb-9ff3-75fe9e1d9daf ] Request (HypervisorAdminNegativeTestJSON:tearDownClass): 204 DELETE http://10.180.1.21/identity/v3/projects/618b7ceb1d0a42708dee75c4aed32653 0.102s
2025-05-14 07:49:16.251 69625 INFO tempest.test [-] raised in SpiceDirectConsoleTestJSON.setUpClass. Invoking tearDownClass.
2025-05-14 07:49:16.322 69669 INFO tempest.lib.common.rest_client [req-fda51c0a-d184-4261-b6e5-2a64b704fcc8 req-fda51c0a-d184-4261-b6e5-2a64b704fcc8 ] Request (ServersAdminNegativeTestJSON:test_migrate_server_invalid_state): 201 POST http://10.180.1.21/identity/v3/auth/tokens 0.170s
2025-05-14 07:49:16.322 69669 INFO tempest.lib.common.fixed_network [-] (ServersAdminNegativeTestJSON:test_migrate_server_invalid_state) Found network None available for tenant
2025-05-14 07:49:16.328 69625 INFO tempest.lib.common.rest_client [req-243cc5dd-7408-461a-85d9-d4e0b5a6b116 req-243cc5dd-7408-461a-85d9-d4e0b5a6b116 ] Request (VolumesAdminNegativeTest:setUpClass): 201 POST http://10.180.1.21/identity/v3/auth/tokens 0.070s
2025-05-14 07:49:16.371 69625 INFO tempest.lib.common.rest_client [req-fe1f9dfd-8ab8-4b77-835d-b024a0afe4f2 req-fe1f9dfd-8ab8-4b77-835d-b024a0afe4f2 ] Request (VolumesAdminNegativeTest:setUpClass): 201 POST http://10.180.1.21/identity/v3/auth/tokens 0.039s
2025-05-14 07:49:16.386 69627 INFO tempest.lib.common.rest_client [req-caf70142-2fdc-4d4e-817d-c0dc5c118c0d req-caf70142-2fdc-4d4e-817d-c0dc5c118c0d ] Request (AttachInterfacesV270Test:setUpClass): 201 POST http://10.180.1.21:9696/networking/v2.0/subnets 0.564s
2025-05-14 07:49:16.389 69651 INFO tempest.lib.common.rest_client [req-ee243170-b627-495e-9d66-ca5ad0439802 req-ee243170-b627-495e-9d66-ca5ad0439802 ] Request (ImagesOneServerTestJSON:setUpClass): 201 POST http://10.180.1.21:9696/networking/v2.0/subnets 1.005s
2025-05-14 07:49:16.409 69625 INFO tempest.lib.common.rest_client [req-6fb724bc-2f03-4bda-b446-e90cb2d6557d req-6fb724bc-2f03-4bda-b446-e90cb2d6557d ] Request (VolumesAdminNegativeTest:setUpClass): 200 GET http://10.180.1.21/identity/v3/domains?name=Default 0.037s
2025-05-14 07:49:16.424 69661 INFO tempest.lib.common.rest_client [req-c6cc48ae-4b7b-4133-a1a0-be896cfc0424 req-c6cc48ae-4b7b-4133-a1a0-be896cfc0424 ] Request (TestVersions:tearDownClass): 204 DELETE http://10.180.1.21:9696/networking/v2.0/security-groups/47d85023-0ee2-4770-9772-4467b55d3209 0.274s
2025-05-14 07:49:16.444 69667 INFO tempest.lib.common.rest_client [req-f5dc5553-d445-4a67-9a52-cbd84f50d0f8 req-f5dc5553-d445-4a67-9a52-cbd84f50d0f8 ] Request (SecurityGroupRulesTestJSON:test_security_group_rules_create): 200 POST http://10.180.1.21/compute/v2.1/os-security-groups 2.433s
2025-05-14 07:49:16.447 69625 INFO tempest.lib.common.rest_client [req-4aca63f0-bfd5-4958-9169-e180f930bf54 req-4aca63f0-bfd5-4958-9169-e180f930bf54 ] Request (VolumesAdminNegativeTest:setUpClass): 201 POST http://10.180.1.21/identity/v3/projects 0.038s
2025-05-14 07:49:16.522 69625 INFO tempest.lib.common.rest_client [req-19da5364-31c8-4448-875c-365bea765294 req-19da5364-31c8-4448-875c-365bea765294 ] Request (VolumesAdminNegativeTest:setUpClass): 201 POST http://10.180.1.21/identity/v3/users 0.074s
2025-05-14 07:49:16.558 69661 INFO tempest.lib.common.rest_client [req-ac78382c-2c84-44b2-b689-7e0a1e6ae8c2 req-ac78382c-2c84-44b2-b689-7e0a1e6ae8c2 ] Request (TestVersions:tearDownClass): 204 DELETE http://10.180.1.21/identity/v3/projects/613fd55d03f446b0b2c541acbd8f1d67 0.133s
2025-05-14 07:49:16.593 69625 INFO tempest.lib.common.rest_client [req-06da9eb0-b1d8-491a-aa54-5694c6d45f88 req-06da9eb0-b1d8-491a-aa54-5694c6d45f88 ] Request (VolumesAdminNegativeTest:setUpClass): 200 GET http://10.180.1.21/identity/v3/roles 0.070s
2025-05-14 07:49:16.638 69625 INFO tempest.lib.common.rest_client [req-5cf34a11-a692-46a3-a7cc-55c3bc790e9c req-5cf34a11-a692-46a3-a7cc-55c3bc790e9c ] Request (VolumesAdminNegativeTest:setUpClass): 204 PUT http://10.180.1.21/identity/v3/projects/0e171860108f4fbfa622309e5dbe4a1a/users/9fbb48d7caf347b29c46d7b4712d4561/roles/3dc90f427f18449999960da81974b05b 0.044s
2025-05-14 07:49:16.638 69625 INFO tempest.lib.common.dynamic_creds [-] Dynamic test user 9fbb48d7caf347b29c46d7b4712d4561 is created with scope project and roles: ['member']
2025-05-14 07:49:16.638 69625 INFO tempest.lib.common.dynamic_creds [-] Acquired dynamic creds: credentials: Credentials: {'domain_id': 'default', 'domain_name': 'Default', 'username': 'tempest-VolumesAdminNegativeTest-1325354114-project-member', 'project_domain_id': 'default', 'project_domain_name': 'Default', 'project_id': '0e171860108f4fbfa622309e5dbe4a1a', 'project_name': 'tempest-VolumesAdminNegativeTest-1325354114', 'tenant_id': '0e171860108f4fbfa622309e5dbe4a1a', 'tenant_name': 'tempest-VolumesAdminNegativeTest-1325354114', 'user_domain_id': 'default', 'user_domain_name': 'Default', 'user_id': '9fbb48d7caf347b29c46d7b4712d4561', 'system': None}, Network: None, Subnet: None, Router: None
2025-05-14 07:49:16.717 69625 INFO tempest.lib.common.rest_client [req-bb7c6b24-bae6-4338-bc57-af3375c07a06 req-bb7c6b24-bae6-4338-bc57-af3375c07a06 ] Request (VolumesAdminNegativeTest:setUpClass): 201 POST http://10.180.1.21/identity/v3/auth/tokens 0.078s
2025-05-14 07:49:16.749 69647 INFO tempest.lib.common.rest_client [req-8b290944-92ee-4b17-9310-d73a128939a4 req-8b290944-92ee-4b17-9310-d73a128939a4 ] Request (ImagesMetadataTestJSON:setUp): 200 PUT http://10.180.1.21/compute/v2.1/images/1c8c119c-f865-4179-a828-5c2a911fbc26/metadata 2.520s
2025-05-14 07:49:16.837 69613 INFO tempest.lib.common.rest_client [req-565b374c-ed88-4e96-83ae-173e099c7a81 req-565b374c-ed88-4e96-83ae-173e099c7a81 ] Request (ServerDiagnosticsTest:test_get_server_diagnostics): 200 GET http://10.180.1.21/compute/v2.1/servers/4a9b799d-0be0-40d6-a3e1-b490077eac0d/diagnostics 2.722s
2025-05-14 07:49:16.866 69655 INFO tempest.lib.common.rest_client [req-81a078fe-d103-4449-821c-c8908f649e58 req-81a078fe-d103-4449-821c-c8908f649e58 ] Request (ServerExternalEventsTest:test_create_server_external_events): 200 POST http://10.180.1.21/compute/v2.1/os-server-external-events 2.271s
2025-05-14 07:49:16.881 69637 INFO tempest.lib.common.rest_client [req-15f34931-63bd-4d9a-849c-a3930eb266f0 req-15f34931-63bd-4d9a-849c-a3930eb266f0 ] Request (FloatingIPsNegativeTestJSON:test_allocate_floating_ip_from_nonexistent_pool): 404 POST http://10.180.1.21/compute/v2.1/os-floating-ips 2.133s
2025-05-14 07:49:17.002 69641 INFO tempest.lib.common.rest_client [req-9b8e6080-6ecc-48ab-b398-eb454c9b14ab req-9b8e6080-6ecc-48ab-b398-eb454c9b14ab ] Request (QuotasAdminTestV236:test_get_updated_quotas): 200 GET http://10.180.1.21/compute/v2.1/os-quota-sets/07e27f4f1a8f40cfba96971fad0679e5?user_id=6bc0cee5b7a34e07a2f2b4ab19417acd 1.934s
2025-05-14 07:49:17.022 69631 INFO tempest.lib.common.rest_client [req-b9ab8936-a92b-40de-9eb5-6bb6db8918f7 req-b9ab8936-a92b-40de-9eb5-6bb6db8918f7 ] Request (AttachInterfacesUnderV243Test:setUpClass): 201 POST http://10.180.1.21:9696/networking/v2.0/routers 1.831s
2025-05-14 07:49:17.027 69621 INFO tempest.lib.common.rest_client [req-0014562b-e86f-4859-b276-bad984434b49 req-0014562b-e86f-4859-b276-bad984434b49 ] Request (KeyPairsV2TestJSON:_run_cleanups): 202 DELETE http://10.180.1.21/compute/v2.1/os-keypairs/tempest-keypair-1599019539 1.919s
2025-05-14 07:49:17.054 69611 INFO tempest.lib.common.rest_client [req-61daa972-7734-4d75-b870-fad728e62742 req-61daa972-7734-4d75-b870-fad728e62742 ] Request (FlavorsV2TestJSON:test_list_flavors_filter_by_min_ram): 200 GET http://10.180.1.21/compute/v2.1/flavors?minRam=193 1.918s
2025-05-14 07:49:17.116 69657 INFO tempest.lib.common.rest_client [req-5f702d34-72c9-4dfd-b883-4466c9084b0c req-5f702d34-72c9-4dfd-b883-4466c9084b0c ] Request (DeleteServersAdminTestJSON:test_admin_delete_servers_of_others): 204 DELETE http://10.180.1.21/compute/v2.1/servers/347e6d11-5b68-4e8e-aa8f-22ad5784f16d 2.139s
2025-05-14 07:49:17.127 69641 INFO tempest.lib.common.rest_client [req-6d4541b0-b62e-4464-a5d1-1672a8038767 req-6d4541b0-b62e-4464-a5d1-1672a8038767 ] Request (QuotasAdminTestV236:_run_cleanups): 204 DELETE http://10.180.1.21/identity/v3/users/6bc0cee5b7a34e07a2f2b4ab19417acd 0.122s
2025-05-14 07:49:17.155 69663 INFO tempest.lib.common.rest_client [req-044da66b-eb03-4a2f-abed-b4d8377dcd32 req-044da66b-eb03-4a2f-abed-b4d8377dcd32 ] Request (ListServersNegativeTestJSON:setUpClass): 200 GET http://10.180.1.21/compute/v2.1/servers/089fa934-e1b4-4412-999a-c79df4191b9a 1.981s
2025-05-14 07:49:17.224 69649 INFO tempest.lib.common.rest_client [req-82cb24c8-0aea-4f83-b4fb-adc649409609 req-82cb24c8-0aea-4f83-b4fb-adc649409609 ] Request (ServersAdmin275Test:test_rebuild_update_server_275): 200 GET http://10.180.1.21/compute/v2.1/servers/c43b0096-1133-485b-b45a-f3fdb718ac7e 1.927s
2025-05-14 07:49:17.240 69649 INFO tempest.common.waiters [-] State transition "BUILD/scheduling" ==> "BUILD/None" after 11 second wait
2025-05-14 07:49:17.260 69645 INFO tempest.lib.common.rest_client [req-bb239475-a412-4591-9b23-bd5a4d4eca3a req-bb239475-a412-4591-9b23-bd5a4d4eca3a ] Request (AggregatesAdminNegativeTestJSON:test_aggregate_delete_as_user): 200 POST http://10.180.1.21/compute/v2.1/os-aggregates 1.878s
2025-05-14 07:49:17.299 69641 INFO tempest.lib.common.rest_client [req-05c03f18-7acd-4ef8-8f86-bb7aebe3131f req-05c03f18-7acd-4ef8-8f86-bb7aebe3131f ] Request (QuotasAdminTestV236:_run_cleanups): 204 DELETE http://10.180.1.21/identity/v3/projects/07e27f4f1a8f40cfba96971fad0679e5 0.171s
2025-05-14 07:49:17.299 69665 INFO tempest.lib.common.rest_client [req-f2556b6d-0d38-4f69-b6e8-6d52f20984d6 req-f2556b6d-0d38-4f69-b6e8-6d52f20984d6 ] Request (ServersTestManualDisk:setUpClass): 201 POST http://10.180.1.21:9696/networking/v2.0/routers 2.649s
2025-05-14 07:49:17.307 69625 INFO tempest.lib.common.rest_client [req-982bb69f-9dcb-4496-88b6-468d605e7b67 req-982bb69f-9dcb-4496-88b6-468d605e7b67 ] Request (VolumesAdminNegativeTest:setUpClass): 201 POST http://10.180.1.21:9696/networking/v2.0/networks 0.589s
2025-05-14 07:49:17.377 69615 INFO tempest.lib.common.rest_client [req-5b544cff-67ed-4369-ba67-3e3fbee83d8c req-5b544cff-67ed-4369-ba67-3e3fbee83d8c ] Request (FlavorsAccessNegativeTestJSON:_run_cleanups): 200 POST http://10.180.1.21/compute/v2.1/flavors/1960595871/action 2.022s
2025-05-14 07:49:17.380 69673 INFO tempest.lib.common.rest_client [req-286a84e6-865a-4a06-90cb-f36ff64f9151 req-286a84e6-865a-4a06-90cb-f36ff64f9151 ] Request (ServersWithSpecificFlavorTestJSON:test_verify_created_server_ephemeral_disk): 200 GET http://10.180.1.21/compute/v2.1/servers/220e39b0-a762-4978-8b16-abe5b1c883cd 1.996s
2025-05-14 07:49:17.420 69633 INFO tempest.lib.common.rest_client [req-8ae7e6c5-2906-44bd-8c84-729753759b1f req-8ae7e6c5-2906-44bd-8c84-729753759b1f ] Request (QuotasAdminTestJSON:test_delete_quota): 200 GET http://10.180.1.21/identity/v3/domains?name=Default 0.094s
2025-05-14 07:49:17.441 69641 INFO tempest.lib.common.rest_client [req-4176debc-d4b9-42f3-8038-59ace2cec7d8 req-4176debc-d4b9-42f3-8038-59ace2cec7d8 ] Request (QuotasAdminTestV236:tearDownClass): 204 DELETE http://10.180.1.21/identity/v3/users/e21ba92a901b41e782f6e9df939575d4 0.140s
2025-05-14 07:49:17.527 69633 INFO tempest.lib.common.rest_client [req-4e619254-ab5c-440f-9d32-772cfa6fa91c req-4e619254-ab5c-440f-9d32-772cfa6fa91c ] Request (QuotasAdminTestJSON:test_delete_quota): 201 POST http://10.180.1.21/identity/v3/projects 0.105s
2025-05-14 07:49:17.599 69653 INFO tempest.lib.common.rest_client [req-a2970ae6-479f-4040-9e36-760437353e7c req-a2970ae6-479f-4040-9e36-760437353e7c ] Request (FlavorsAdminTestJSON:test_create_list_flavor_without_extra_data): 200 GET http://10.180.1.21/compute/v2.1/flavors/detail 1.777s
2025-05-14 07:49:17.626 69633 INFO tempest.lib.common.rest_client [req-896a4f3c-1ae5-456b-b0da-2758640480e6 req-896a4f3c-1ae5-456b-b0da-2758640480e6 ] Request (QuotasAdminTestJSON:test_delete_quota): 200 GET http://10.180.1.21/identity/v3/domains?name=Default 0.099s
2025-05-14 07:49:17.642 69641 INFO tempest.lib.common.rest_client [req-80b56752-bfcf-4ae4-a5d5-03a803f79f8f req-80b56752-bfcf-4ae4-a5d5-03a803f79f8f ] Request (QuotasAdminTestV236:tearDownClass): 204 DELETE http://10.180.1.21/identity/v3/users/8f6061e25ad940388f19edf0544ff6e4 0.200s
2025-05-14 07:49:17.642 69641 INFO tempest.lib.common.dynamic_creds [-] Deleting project and security group for project: 5015f9900e0b41dd9ba89c320e74a606
2025-05-14 07:49:17.707 69641 INFO tempest.lib.common.rest_client [req-768ba438-93f9-45fc-b4f9-dd1b93f58782 req-768ba438-93f9-45fc-b4f9-dd1b93f58782 ] Request (QuotasAdminTestV236:tearDownClass): 201 POST http://10.180.1.21/identity/v3/auth/tokens 0.065s
2025-05-14 07:49:18.012 69635 INFO tempest.lib.common.rest_client [req-51afe6f6-7453-488f-8f42-edccac13d3ba req-51afe6f6-7453-488f-8f42-edccac13d3ba ] Request (FloatingIPsAssociationTestJSON:setUpClass): 200 GET http://10.180.1.21/compute/v2.1/servers/f6b92178-3fa6-45fb-ac25-131d61d7e811 2.131s
2025-05-14 07:49:18.122 69643 INFO tempest.lib.common.rest_client [req-7e71296e-8342-4956-b83c-8885f1171bfe req-7e71296e-8342-4956-b83c-8885f1171bfe ] Request (ServerDiagnosticsNegativeTest:test_get_server_diagnostics_by_non_admin): 200 GET http://10.180.1.21/compute/v2.1/servers/4f767aa7-83ad-4b6f-b891-484faae230d5 2.015s
2025-05-14 07:49:18.169 69625 INFO tempest.lib.common.rest_client [req-ed1a0587-f86d-4176-b2e2-f7ee31027ddd req-ed1a0587-f86d-4176-b2e2-f7ee31027ddd ] Request (VolumesAdminNegativeTest:setUpClass): 201 POST http://10.180.1.21:9696/networking/v2.0/subnets 0.861s
2025-05-14 07:49:18.209 69641 INFO tempest.lib.common.rest_client [req-10ff322b-368f-4533-8d10-3a6139072e0e req-10ff322b-368f-4533-8d10-3a6139072e0e ] Request (QuotasAdminTestV236:tearDownClass): 200 GET http://10.180.1.21:9696/networking/v2.0/security-groups?tenant_id=5015f9900e0b41dd9ba89c320e74a606&name=default 0.502s
2025-05-14 07:49:18.255 69629 INFO tempest.lib.common.rest_client [req-14f95598-25da-4a70-9e5c-4cfd56dfa70c req-14f95598-25da-4a70-9e5c-4cfd56dfa70c ] Request (MigrationsAdminTest:test_list_migrations_in_flavor_resize_situation): 200 GET http://10.180.1.21/compute/v2.1/servers/4e5401b1-a0a4-41e2-96e0-e6855a8bb806 2.017s
2025-05-14 07:49:18.488 69641 INFO tempest.lib.common.rest_client [req-94cf31ac-cea5-469f-aafd-eb21caedd58f req-94cf31ac-cea5-469f-aafd-eb21caedd58f ] Request (QuotasAdminTestV236:tearDownClass): 204 DELETE http://10.180.1.21:9696/networking/v2.0/security-groups/8c928752-bbda-4739-ac43-418453c5d7af 0.278s
2025-05-14 07:49:18.576 69641 INFO tempest.lib.common.rest_client [req-a0fd7efb-6905-4deb-a751-b3f19eb1d137 req-a0fd7efb-6905-4deb-a751-b3f19eb1d137 ] Request (QuotasAdminTestV236:tearDownClass): 204 DELETE http://10.180.1.21/identity/v3/projects/5015f9900e0b41dd9ba89c320e74a606 0.087s
2025-05-14 07:49:18.576 69641 INFO tempest.lib.common.dynamic_creds [-] Deleting project and security group for project: 87ea0c4f0bf54501bcfcb56b8b975137
2025-05-14 07:49:18.666 69627 INFO tempest.lib.common.rest_client [req-759561e5-c93a-416e-9fe7-d0905bf457e4 req-759561e5-c93a-416e-9fe7-d0905bf457e4 ] Request (AttachInterfacesV270Test:setUpClass): 201 POST http://10.180.1.21:9696/networking/v2.0/routers 2.279s
2025-05-14 07:49:18.708 69651 INFO tempest.lib.common.rest_client [req-b1403713-62be-495b-89e3-998408b1364a req-b1403713-62be-495b-89e3-998408b1364a ] Request (ImagesOneServerTestJSON:setUpClass): 201 POST http://10.180.1.21:9696/networking/v2.0/routers 2.319s
2025-05-14 07:49:18.822 69669 INFO tempest.lib.common.rest_client [req-d390b89c-f631-41df-a96b-5e5328174399 req-d390b89c-f631-41df-a96b-5e5328174399 ] Request (ServersAdminNegativeTestJSON:test_migrate_server_invalid_state): 202 POST http://10.180.1.21/compute/v2.1/servers 2.500s
2025-05-14 07:49:19.016 69641 INFO tempest.lib.common.rest_client [req-84e6c6d2-d4fb-4944-9298-a118c3d74f31 req-84e6c6d2-d4fb-4944-9298-a118c3d74f31 ] Request (QuotasAdminTestV236:tearDownClass): 200 GET http://10.180.1.21:9696/networking/v2.0/security-groups?tenant_id=87ea0c4f0bf54501bcfcb56b8b975137&name=default 0.438s
2025-05-14 07:49:19.055 69623 INFO tempest.lib.common.rest_client [req-49e5160f-1e04-4f06-b5c2-c14c39930703 req-49e5160f-1e04-4f06-b5c2-c14c39930703 ] Request (TenantUsagesTestJSON:setUpClass): 200 GET http://10.180.1.21/compute/v2.1/servers/5373d961-6fd2-43ff-8014-6fca7cad0727 2.702s
2025-05-14 07:49:19.389 69667 INFO tempest.lib.common.rest_client [req-dd651e4b-d3a2-416f-b1b2-52300595a41c req-dd651e4b-d3a2-416f-b1b2-52300595a41c ] Request (SecurityGroupRulesTestJSON:test_security_group_rules_create): 200 POST http://10.180.1.21/compute/v2.1/os-security-group-rules 2.941s
2025-05-14 07:49:19.467 69641 INFO tempest.lib.common.rest_client [req-54401f21-fac0-47bf-8e4f-b5e255e70437 req-54401f21-fac0-47bf-8e4f-b5e255e70437 ] Request (QuotasAdminTestV236:tearDownClass): 204 DELETE http://10.180.1.21:9696/networking/v2.0/security-groups/4f04753f-4224-4cf4-a6df-15fd05e61b0e 0.450s
2025-05-14 07:49:19.487 69671 INFO tempest.lib.common.rest_client [req-38c9d1de-2d89-41a3-89df-f650832ad5a6 req-38c9d1de-2d89-41a3-89df-f650832ad5a6 ] Request (SecurityGroupsTestJSON:test_list_security_groups_by_server): 200 GET http://10.180.1.21/compute/v2.1/servers/1bd841c8-d845-49fd-b275-67494acbc939 3.008s
2025-05-14 07:49:19.580 69641 INFO tempest.lib.common.rest_client [req-545963c3-1e7c-43fe-94bd-18451728af22 req-545963c3-1e7c-43fe-94bd-18451728af22 ] Request (QuotasAdminTestV236:tearDownClass): 204 DELETE http://10.180.1.21/identity/v3/projects/87ea0c4f0bf54501bcfcb56b8b975137 0.112s
2025-05-14 07:49:19.649 69641 INFO tempest.lib.common.rest_client [req-aba98894-1cd9-4505-97d7-737aa00a2d27 req-aba98894-1cd9-4505-97d7-737aa00a2d27 ] Request (AZV2TestJSON:setUpClass): 201 POST http://10.180.1.21/identity/v3/auth/tokens 0.068s
2025-05-14 07:49:19.695 69641 INFO tempest.lib.common.rest_client [req-96a60501-a85a-4fe9-80ce-0e4b3220a319 req-96a60501-a85a-4fe9-80ce-0e4b3220a319 ] Request (AZV2TestJSON:setUpClass): 201 POST http://10.180.1.21/identity/v3/auth/tokens 0.043s
2025-05-14 07:49:19.715 69647 INFO tempest.lib.common.rest_client [req-8f055de5-0833-4bdd-a2fe-6822ab3f71b9 req-8f055de5-0833-4bdd-a2fe-6822ab3f71b9 ] Request (ImagesMetadataTestJSON:test_set_image_metadata_item): 200 PUT http://10.180.1.21/compute/v2.1/images/1c8c119c-f865-4179-a828-5c2a911fbc26/metadata/os_version 2.965s
2025-05-14 07:49:19.727 69641 INFO tempest.lib.common.rest_client [req-89f18560-9c77-4c58-84d7-634dd27f4ac5 req-89f18560-9c77-4c58-84d7-634dd27f4ac5 ] Request (AZV2TestJSON:setUpClass): 200 GET http://10.180.1.21/identity/v3/domains?name=Default 0.032s
2025-05-14 07:49:19.766 69641 INFO tempest.lib.common.rest_client [req-d9204f3d-14c4-415a-b046-0fe1da3adc12 req-d9204f3d-14c4-415a-b046-0fe1da3adc12 ] Request (AZV2TestJSON:setUpClass): 201 POST http://10.180.1.21/identity/v3/projects 0.038s
2025-05-14 07:49:19.838 69641 INFO tempest.lib.common.rest_client [req-7ba99ed1-0035-4811-8d44-829a0784388d req-7ba99ed1-0035-4811-8d44-829a0784388d ] Request (AZV2TestJSON:setUpClass): 201 POST http://10.180.1.21/identity/v3/users 0.071s
2025-05-14 07:49:19.871 69641 INFO tempest.lib.common.rest_client [req-e545a702-cc2c-4971-9f38-7e5354b4d86f req-e545a702-cc2c-4971-9f38-7e5354b4d86f ] Request (AZV2TestJSON:setUpClass): 200 GET http://10.180.1.21/identity/v3/roles 0.032s
2025-05-14 07:49:19.918 69641 INFO tempest.lib.common.rest_client [req-bdf7ce86-b3ed-4fd4-9758-113139c40ecd req-bdf7ce86-b3ed-4fd4-9758-113139c40ecd ] Request (AZV2TestJSON:setUpClass): 204 PUT http://10.180.1.21/identity/v3/projects/a2e998e6dc0b4027a2228ba136ef15b5/users/3af595c5b8ce4b058d46db24179ad7b0/roles/3dc90f427f18449999960da81974b05b 0.047s
2025-05-14 07:49:19.918 69641 INFO tempest.lib.common.dynamic_creds [-] Dynamic test user 3af595c5b8ce4b058d46db24179ad7b0 is created with scope project and roles: ['member']
2025-05-14 07:49:19.919 69641 INFO tempest.lib.common.dynamic_creds [-] Acquired dynamic creds: credentials: Credentials: {'domain_id': 'default', 'domain_name': 'Default', 'username': 'tempest-AZV2TestJSON-714427148-project-member', 'project_domain_id': 'default', 'project_domain_name': 'Default', 'project_id': 'a2e998e6dc0b4027a2228ba136ef15b5', 'project_name': 'tempest-AZV2TestJSON-714427148', 'tenant_id': 'a2e998e6dc0b4027a2228ba136ef15b5', 'tenant_name': 'tempest-AZV2TestJSON-714427148', 'user_domain_id': 'default', 'user_domain_name': 'Default', 'user_id': '3af595c5b8ce4b058d46db24179ad7b0', 'system': None}, Network: None, Subnet: None, Router: None
2025-05-14 07:49:19.919 69641 INFO tempest.lib.common.dynamic_creds [-] Created isolated network resources for: credentials: Credentials: {'domain_id': 'default', 'domain_name': 'Default', 'username': 'tempest-AZV2TestJSON-714427148-project-member', 'project_domain_id': 'default', 'project_domain_name': 'Default', 'project_id': 'a2e998e6dc0b4027a2228ba136ef15b5', 'project_name': 'tempest-AZV2TestJSON-714427148', 'tenant_id': 'a2e998e6dc0b4027a2228ba136ef15b5', 'tenant_name': 'tempest-AZV2TestJSON-714427148', 'user_domain_id': 'default', 'user_domain_name': 'Default', 'user_id': '3af595c5b8ce4b058d46db24179ad7b0', 'system': None}, Network: None, Subnet: None, Router: None
2025-05-14 07:49:19.963 69631 INFO tempest.lib.common.rest_client [req-8f6793dd-0d86-4067-810d-109c32d4d7cb req-8f6793dd-0d86-4067-810d-109c32d4d7cb ] Request (AttachInterfacesUnderV243Test:setUpClass): 200 PUT http://10.180.1.21:9696/networking/v2.0/routers/1f6cfcf1-0efc-419f-a31f-b406fe4920a4/add_router_interface 2.940s
2025-05-14 07:49:19.963 69631 INFO tempest.lib.common.dynamic_creds [-] Created isolated network resources for: credentials: Credentials: {'domain_id': 'default', 'domain_name': 'Default', 'username': 'tempest-AttachInterfacesUnderV243Test-935623636-project-member', 'project_domain_id': 'default', 'project_domain_name': 'Default', 'project_id': '64c97ab34bba482ebe610f04ee336830', 'project_name': 'tempest-AttachInterfacesUnderV243Test-935623636', 'tenant_id': '64c97ab34bba482ebe610f04ee336830', 'tenant_name': 'tempest-AttachInterfacesUnderV243Test-935623636', 'user_domain_id': 'default', 'user_domain_name': 'Default', 'user_id': 'a3138f9754ce447e8baf6b606720bbe5', 'system': None}, Network: {'id': '73fe6518-8cec-4cdd-9865-27d6d9e37941', 'name': 'tempest-AttachInterfacesUnderV243Test-1192682235-network', 'tenant_id': '64c97ab34bba482ebe610f04ee336830', 'admin_state_up': True, 'mtu': 8950, 'status': 'ACTIVE', 'subnets': [], 'shared': False, 'project_id': '64c97ab34bba482ebe610f04ee336830', 'port_security_enabled': True, 'router:external': False, 'provider:network_type': 'vlan', 'provider:physical_network': 'default', 'provider:segmentation_id': 672, 'availability_zone_hints': [], 'availability_zones': [], 'ipv4_address_scope': None, 'ipv6_address_scope': None, 'description': '', 'tags': [], 'created_at': '2025-05-14T07:49:14Z', 'updated_at': '2025-05-14T07:49:14Z', 'revision_number': 1}, Subnet: {'id': '3342c355-829b-4fe8-a957-c0546bc026a5', 'name': 'tempest-AttachInterfacesUnderV243Test-1192682235-subnet', 'tenant_id': '64c97ab34bba482ebe610f04ee336830', 'network_id': '73fe6518-8cec-4cdd-9865-27d6d9e37941', 'ip_version': 4, 'subnetpool_id': None, 'enable_dhcp': True, 'ipv6_ra_mode': None, 'ipv6_address_mode': None, 'gateway_ip': '192.168.128.1', 'cidr': '192.168.128.0/28', 'allocation_pools': [{'start': '192.168.128.2', 'end': '192.168.128.14'}], 'host_routes': [], 'dns_nameservers': [], 'description': '', 'router:external': False, 'service_types': [], 'tags': [], 'created_at': '2025-05-14T07:49:14Z', 'updated_at': '2025-05-14T07:49:14Z', 'revision_number': 0, 'project_id': '64c97ab34bba482ebe610f04ee336830'}, Router: {'id': '1f6cfcf1-0efc-419f-a31f-b406fe4920a4', 'name': 'tempest-AttachInterfacesUnderV243Test-1192682235-router', 'tenant_id': '64c97ab34bba482ebe610f04ee336830', 'admin_state_up': True, 'status': 'ACTIVE', 'external_gateway_info': {'network_id': '329fad16-ea4d-4603-be45-a1ed0b4ccd01', 'external_fixed_ips': [{'subnet_id': 'fcafac97-d61d-4e6c-ac1a-5b2ec2d25b47', 'ip_address': '10.180.180.151'}], 'enable_snat': True}, 'description': '', 'availability_zones': [], 'distributed': False, 'ha': False, 'availability_zone_hints': [], 'routes': [], 'flavor_id': None, 'tags': [], 'created_at': '2025-05-14T07:49:15Z', 'updated_at': '2025-05-14T07:49:16Z', 'revision_number': 2, 'project_id': '64c97ab34bba482ebe610f04ee336830'}
2025-05-14 07:49:19.964 69659 INFO tempest.lib.common.rest_client [req-b1f97ef1-4632-4e4c-9ddc-8f1c6318a297 req-b1f97ef1-4632-4e4c-9ddc-8f1c6318a297 ] Request (ServersAdminTestJSON:setUpClass): 200 GET http://10.180.1.21/compute/v2.1/servers/afe25b42-95b1-4d8e-aa5c-4cb75d7a0c10 3.166s
2025-05-14 07:49:20.024 69641 INFO tempest.lib.common.rest_client [req-b8192c8b-cb13-4dad-9018-267be9ce8319 req-b8192c8b-cb13-4dad-9018-267be9ce8319 ] Request (AZV2TestJSON:setUpClass): 201 POST http://10.180.1.21/identity/v3/auth/tokens 0.100s
2025-05-14 07:49:20.055 69631 INFO tempest.lib.common.rest_client [req-733a38d9-a260-4b44-854c-d70f89b3df68 req-733a38d9-a260-4b44-854c-d70f89b3df68 ] Request (AttachInterfacesUnderV243Test:setUpClass): 201 POST http://10.180.1.21/identity/v3/auth/tokens 0.083s
2025-05-14 07:49:20.150 69613 INFO tempest.lib.common.rest_client [req-e2ac13bf-4541-47af-8ddb-dd293c516040 req-e2ac13bf-4541-47af-8ddb-dd293c516040 ] Request (ServerDiagnosticsTest:tearDownClass): 204 DELETE http://10.180.1.21/compute/v2.1/servers/4a9b799d-0be0-40d6-a3e1-b490077eac0d 3.303s
2025-05-14 07:49:20.255 69655 INFO tempest.lib.common.rest_client [req-6805dc94-0670-4bae-9f2c-ead66585a421 req-6805dc94-0670-4bae-9f2c-ead66585a421 ] Request (ServerExternalEventsTest:tearDownClass): 204 DELETE http://10.180.1.21/compute/v2.1/servers/d18dfec2-6406-4edc-8313-f0b39f7c277b 3.386s
2025-05-14 07:49:20.287 69637 INFO tempest.lib.common.rest_client [req-0c4d0ae8-59c8-4e39-9596-437325245014 req-0c4d0ae8-59c8-4e39-9596-437325245014 ] Request (FloatingIPsNegativeTestJSON:test_delete_nonexistent_floating_ip): 404 DELETE http://10.180.1.21/compute/v2.1/os-floating-ips/d60cd6fa-97f9-4d27-8be9-849c9b695117 3.404s
2025-05-14 07:49:20.308 69619 INFO tempest.lib.common.rest_client [req-f8add96e-b82c-42bb-9c5d-07d56cec4e6b req-f8add96e-b82c-42bb-9c5d-07d56cec4e6b ] Request (FloatingIPDetailsTestJSON:setUpClass): 200 POST http://10.180.1.21/compute/v2.1/os-floating-ips 4.827s
2025-05-14 07:49:20.374 69617 INFO tempest.lib.common.rest_client [req-bd066315-224f-44c9-b11d-9ecc51953dff req-bd066315-224f-44c9-b11d-9ecc51953dff ] Request (VolumesAssistedSnapshotsTest:test_volume_assisted_snapshot_create_delete): 200 GET http://10.180.1.21/compute/v2.1/servers/1edd6ab2-40c6-45e6-bba3-66b6379012e9 3.444s
2025-05-14 07:49:20.447 69621 INFO tempest.lib.common.rest_client [req-9545b944-cbcc-4bfb-b2a4-f2f30bd176cf req-9545b944-cbcc-4bfb-b2a4-f2f30bd176cf ] Request (KeyPairsV2TestJSON:test_keypair_create_with_pub_key): 200 POST http://10.180.1.21/compute/v2.1/os-keypairs 3.415s
2025-05-14 07:49:20.467 69611 INFO tempest.lib.common.rest_client [req-284c3269-4578-47ec-8aa2-7c0f356d5960 req-284c3269-4578-47ec-8aa2-7c0f356d5960 ] Request (FlavorsV2TestJSON:test_list_flavors_limit_results): 200 GET http://10.180.1.21/compute/v2.1/flavors?limit=1 3.407s
2025-05-14 07:49:20.657 69657 INFO tempest.lib.common.rest_client [req-dd35a948-6a69-4cdb-8951-ee900672f5a3 req-dd35a948-6a69-4cdb-8951-ee900672f5a3 ] Request (DeleteServersAdminTestJSON:test_admin_delete_servers_of_others): 200 GET http://10.180.1.21/compute/v2.1/servers/347e6d11-5b68-4e8e-aa8f-22ad5784f16d 3.541s
2025-05-14 07:49:20.660 69645 INFO tempest.lib.common.rest_client [req-2487c6c1-3147-42bc-a0a4-719a39e7d403 req-2487c6c1-3147-42bc-a0a4-719a39e7d403 ] Request (AggregatesAdminNegativeTestJSON:test_aggregate_delete_as_user): 403 DELETE http://10.180.1.21/compute/v2.1/os-aggregates/5 3.398s
2025-05-14 07:49:20.683 69615 INFO tempest.lib.common.rest_client [req-8a3bc8de-3975-452c-8f5c-f6dfb4dc39eb req-8a3bc8de-3975-452c-8f5c-f6dfb4dc39eb ] Request (FlavorsAccessNegativeTestJSON:_run_cleanups): 202 DELETE http://10.180.1.21/compute/v2.1/flavors/1960595871 3.305s
2025-05-14 07:49:20.700 69653 INFO tempest.lib.common.rest_client [req-f642b11b-10c5-4f98-809c-74cc91670d96 req-f642b11b-10c5-4f98-809c-74cc91670d96 ] Request (FlavorsAdminTestJSON:_run_cleanups): 202 DELETE http://10.180.1.21/compute/v2.1/flavors/890431528 3.089s
2025-05-14 07:49:20.781 69639 INFO tempest.lib.common.rest_client [req-9fe055dc-4d1b-40c6-aa3a-40b49b2b0381 req-9fe055dc-4d1b-40c6-aa3a-40b49b2b0381 ] Request (ImagesTestJSON:test_create_image_from_stopped_server): 200 GET http://10.180.1.21/compute/v2.1/servers/ffe2e50a-e538-4fb7-ba9f-2ade5a1b3117 3.793s
2025-05-14 07:49:20.874 69633 INFO tempest.lib.common.rest_client [req-6a858e11-a43a-46d2-83ad-4b3b6c5eab13 req-6a858e11-a43a-46d2-83ad-4b3b6c5eab13 ] Request (QuotasAdminTestJSON:test_delete_quota): 200 GET http://10.180.1.21/compute/v2.1/os-quota-sets/96c9d39ba2414c1ab42901f1b96c3c50 3.248s
2025-05-14 07:49:20.898 69663 INFO tempest.lib.common.rest_client [req-991cbe01-0c36-4144-babe-9970bb234194 req-991cbe01-0c36-4144-babe-9970bb234194 ] Request (ListServersNegativeTestJSON:setUpClass): 200 GET http://10.180.1.21/compute/v2.1/servers/089fa934-e1b4-4412-999a-c79df4191b9a 2.730s
2025-05-14 07:49:20.910 69663 INFO tempest.common.waiters [-] State transition "BUILD/scheduling" ==> "BUILD/None" after 14 second wait
2025-05-14 07:49:20.971 69649 INFO tempest.lib.common.rest_client [req-49b7dbe2-b7cb-463b-b664-101ca07d13c7 req-49b7dbe2-b7cb-463b-b664-101ca07d13c7 ] Request (ServersAdmin275Test:test_rebuild_update_server_275): 200 GET http://10.180.1.21/compute/v2.1/servers/c43b0096-1133-485b-b45a-f3fdb718ac7e 2.729s
2025-05-14 07:49:21.014 69673 INFO tempest.lib.common.rest_client [req-8075043d-3bd9-4079-b8d7-3dee82c353cf req-8075043d-3bd9-4079-b8d7-3dee82c353cf ] Request (ServersWithSpecificFlavorTestJSON:test_verify_created_server_ephemeral_disk): 200 GET http://10.180.1.21/compute/v2.1/servers/220e39b0-a762-4978-8b16-abe5b1c883cd 2.620s
2025-05-14 07:49:21.070 69669 INFO tempest.lib.common.rest_client [req-e9282b4d-c18b-4a3e-b5f4-0b0d1908f46d req-e9282b4d-c18b-4a3e-b5f4-0b0d1908f46d ] Request (ServersAdminNegativeTestJSON:test_migrate_server_invalid_state): 200 GET http://10.180.1.21/compute/v2.1/servers/f47ae27b-8118-4331-9e67-afc6fc410200 2.246s
2025-05-14 07:49:21.139 69643 INFO tempest.lib.common.rest_client [req-49c84a23-fe1a-4b38-af6b-0efb90786069 req-49c84a23-fe1a-4b38-af6b-0efb90786069 ] Request (ServerDiagnosticsNegativeTest:test_get_server_diagnostics_by_non_admin): 200 GET http://10.180.1.21/compute/v2.1/servers/4f767aa7-83ad-4b6f-b891-484faae230d5 2.006s
2025-05-14 07:49:21.223 69629 INFO tempest.lib.common.rest_client [req-e39c067a-2e0f-4b8c-a702-3a4fb36386e3 req-e39c067a-2e0f-4b8c-a702-3a4fb36386e3 ] Request (MigrationsAdminTest:test_list_migrations_in_flavor_resize_situation): 200 GET http://10.180.1.21/compute/v2.1/servers/4e5401b1-a0a4-41e2-96e0-e6855a8bb806 1.957s
2025-05-14 07:49:21.396 69625 INFO tempest.lib.common.rest_client [req-eb0c2495-aeaa-4f2e-b883-49ecdb41ac1b req-eb0c2495-aeaa-4f2e-b883-49ecdb41ac1b ] Request (VolumesAdminNegativeTest:setUpClass): 201 POST http://10.180.1.21:9696/networking/v2.0/routers 3.226s
2025-05-14 07:49:21.431 69635 INFO tempest.lib.common.rest_client [req-ee531c54-1511-40f5-8c44-8b2c8d7ead49 req-ee531c54-1511-40f5-8c44-8b2c8d7ead49 ] Request (FloatingIPsAssociationTestJSON:setUpClass): 200 GET http://10.180.1.21/compute/v2.1/servers/f6b92178-3fa6-45fb-ac25-131d61d7e811 2.411s
2025-05-14 07:49:21.442 69665 INFO tempest.lib.common.rest_client [req-3b3df496-e7b3-43c4-aeae-7b12ecc50a21 req-3b3df496-e7b3-43c4-aeae-7b12ecc50a21 ] Request (ServersTestManualDisk:setUpClass): 200 PUT http://10.180.1.21:9696/networking/v2.0/routers/aa0f8940-0659-4583-989d-081fb2b708e5/add_router_interface 4.142s
2025-05-14 07:49:21.442 69665 INFO tempest.lib.common.dynamic_creds [-] Created isolated network resources for: credentials: Credentials: {'domain_id': 'default', 'domain_name': 'Default', 'username': 'tempest-ServersTestManualDisk-897339823-project-member', 'project_domain_id': 'default', 'project_domain_name': 'Default', 'project_id': '926fef0972a24f33915e45afffdcd19f', 'project_name': 'tempest-ServersTestManualDisk-897339823', 'tenant_id': '926fef0972a24f33915e45afffdcd19f', 'tenant_name': 'tempest-ServersTestManualDisk-897339823', 'user_domain_id': 'default', 'user_domain_name': 'Default', 'user_id': '0e1ccdb5b70a454fa38a81ebfae4a793', 'system': None}, Network: {'id': 'd0effbcc-7203-496f-8d40-a47c7c1a2ab4', 'name': 'tempest-ServersTestManualDisk-913419143-network', 'tenant_id': '926fef0972a24f33915e45afffdcd19f', 'admin_state_up': True, 'mtu': 8950, 'status': 'ACTIVE', 'subnets': [], 'shared': False, 'project_id': '926fef0972a24f33915e45afffdcd19f', 'port_security_enabled': True, 'router:external': False, 'provider:network_type': 'vlan', 'provider:physical_network': 'default', 'provider:segmentation_id': 245, 'availability_zone_hints': [], 'availability_zones': [], 'ipv4_address_scope': None, 'ipv6_address_scope': None, 'description': '', 'tags': [], 'created_at': '2025-05-14T07:49:13Z', 'updated_at': '2025-05-14T07:49:13Z', 'revision_number': 1}, Subnet: {'id': '12738243-f06c-472d-b842-7262919c71e2', 'name': 'tempest-ServersTestManualDisk-913419143-subnet', 'tenant_id': '926fef0972a24f33915e45afffdcd19f', 'network_id': 'd0effbcc-7203-496f-8d40-a47c7c1a2ab4', 'ip_version': 4, 'subnetpool_id': None, 'enable_dhcp': True, 'ipv6_ra_mode': None, 'ipv6_address_mode': None, 'gateway_ip': '192.168.128.1', 'cidr': '192.168.128.0/28', 'allocation_pools': [{'start': '192.168.128.2', 'end': '192.168.128.14'}], 'host_routes': [], 'dns_nameservers': [], 'description': '', 'router:external': False, 'service_types': [], 'tags': [], 'created_at': '2025-05-14T07:49:13Z', 'updated_at': '2025-05-14T07:49:13Z', 'revision_number': 0, 'project_id': '926fef0972a24f33915e45afffdcd19f'}, Router: {'id': 'aa0f8940-0659-4583-989d-081fb2b708e5', 'name': 'tempest-ServersTestManualDisk-913419143-router', 'tenant_id': '926fef0972a24f33915e45afffdcd19f', 'admin_state_up': True, 'status': 'ACTIVE', 'external_gateway_info': {'network_id': '329fad16-ea4d-4603-be45-a1ed0b4ccd01', 'external_fixed_ips': [{'subnet_id': 'fcafac97-d61d-4e6c-ac1a-5b2ec2d25b47', 'ip_address': '10.180.180.205'}], 'enable_snat': True}, 'description': '', 'availability_zones': [], 'distributed': False, 'ha': False, 'availability_zone_hints': [], 'routes': [], 'flavor_id': None, 'tags': [], 'created_at': '2025-05-14T07:49:14Z', 'updated_at': '2025-05-14T07:49:16Z', 'revision_number': 2, 'project_id': '926fef0972a24f33915e45afffdcd19f'}
2025-05-14 07:49:21.492 69647 INFO tempest.lib.common.rest_client [req-1525f5c5-68df-4c3b-ac85-d64dd850e539 req-1525f5c5-68df-4c3b-ac85-d64dd850e539 ] Request (ImagesMetadataTestJSON:test_set_image_metadata_item): 200 GET http://10.180.1.21/compute/v2.1/images/1c8c119c-f865-4179-a828-5c2a911fbc26/metadata 1.776s
2025-05-14 07:49:21.578 69665 INFO tempest.lib.common.rest_client [req-1afa3d0a-442f-4412-83b6-58041388ba0e req-1afa3d0a-442f-4412-83b6-58041388ba0e ] Request (ServersTestManualDisk:setUpClass): 201 POST http://10.180.1.21/identity/v3/auth/tokens 0.131s
2025-05-14 07:49:21.587 69641 INFO tempest.lib.common.rest_client [req-a7324ea2-2a0c-43c9-a28e-006810fc28c1 req-a7324ea2-2a0c-43c9-a28e-006810fc28c1 ] Request (AZV2TestJSON:test_get_availability_zone_list_with_non_admin_user): 200 GET http://10.180.1.21/compute/v2.1/os-availability-zone 1.561s
2025-05-14 07:49:21.636 69667 INFO tempest.lib.common.rest_client [req-4976fb07-0366-458a-8b45-73657dfea01f req-4976fb07-0366-458a-8b45-73657dfea01f ] Request (SecurityGroupRulesTestJSON:test_security_group_rules_create_with_optional_cidr): 200 POST http://10.180.1.21/compute/v2.1/os-security-groups 2.243s
2025-05-14 07:49:21.676 69631 INFO tempest.lib.common.rest_client [req-e8a0249c-86fe-4d31-bf57-0e9f4be7f12d req-e8a0249c-86fe-4d31-bf57-0e9f4be7f12d ] Request (ValidationResourcesFixture:setUp): 200 POST http://10.180.1.21/compute/v2.1/os-keypairs 1.619s
2025-05-14 07:49:21.760 69641 INFO tempest.lib.common.rest_client [req-df697f80-3a43-4a90-ad83-f9edab651290 req-df697f80-3a43-4a90-ad83-f9edab651290 ] Request (AZV2TestJSON:tearDownClass): 204 DELETE http://10.180.1.21/identity/v3/users/3af595c5b8ce4b058d46db24179ad7b0 0.166s
2025-05-14 07:49:21.760 69641 INFO tempest.lib.common.dynamic_creds [-] Deleting project and security group for project: a2e998e6dc0b4027a2228ba136ef15b5
2025-05-14 07:49:21.835 69641 INFO tempest.lib.common.rest_client [req-364d9220-01d4-40cf-9274-cf760762d7db req-364d9220-01d4-40cf-9274-cf760762d7db ] Request (AZV2TestJSON:tearDownClass): 201 POST http://10.180.1.21/identity/v3/auth/tokens 0.074s
2025-05-14 07:49:21.884 69623 INFO tempest.lib.common.rest_client [req-bdfeada1-6a8c-4a59-b019-86eb5c19ba83 req-bdfeada1-6a8c-4a59-b019-86eb5c19ba83 ] Request (TenantUsagesTestJSON:setUpClass): 200 GET http://10.180.1.21/compute/v2.1/servers/5373d961-6fd2-43ff-8014-6fca7cad0727 1.810s
2025-05-14 07:49:21.993 69613 INFO tempest.lib.common.rest_client [req-4d2c7e3f-eba2-4b10-b696-1b1ebabe9328 req-4d2c7e3f-eba2-4b10-b696-1b1ebabe9328 ] Request (ServerDiagnosticsTest:tearDownClass): 200 GET http://10.180.1.21/compute/v2.1/servers/4a9b799d-0be0-40d6-a3e1-b490077eac0d 1.843s
2025-05-14 07:49:22.043 69631 INFO tempest.lib.common.rest_client [req-aa67382e-d32c-4ce6-9984-85ebb1132201 req-aa67382e-d32c-4ce6-9984-85ebb1132201 ] Request (ValidationResourcesFixture:setUp): 201 POST http://10.180.1.21:9696/networking/v2.0/security-groups 0.365s
2025-05-14 07:49:22.048 69637 INFO tempest.lib.common.rest_client [req-db1e52bf-a22c-4c8c-ae65-425866f7949f req-db1e52bf-a22c-4c8c-ae65-425866f7949f ] Request (FloatingIPsNegativeTestJSON:tearDownClass): 200 PUT http://10.180.1.21:9696/networking/v2.0/routers/fcd21513-dd05-4b1e-89a5-1618d3bf0790/remove_router_interface 1.760s
2025-05-14 07:49:22.116 69655 INFO tempest.lib.common.rest_client [req-7fd70a61-9a22-4a5b-b5ca-0f91cd50c143 req-7fd70a61-9a22-4a5b-b5ca-0f91cd50c143 ] Request (ServerExternalEventsTest:tearDownClass): 200 GET http://10.180.1.21/compute/v2.1/servers/d18dfec2-6406-4edc-8313-f0b39f7c277b 1.860s
2025-05-14 07:49:22.135 69621 INFO tempest.lib.common.rest_client [req-9a92d326-e481-449f-a66e-71e38fc76cd4 req-9a92d326-e481-449f-a66e-71e38fc76cd4 ] Request (KeyPairsV2TestJSON:_run_cleanups): 202 DELETE http://10.180.1.21/compute/v2.1/os-keypairs/tempest-keypair-1914111247 1.687s
2025-05-14 07:49:22.154 69611 INFO tempest.lib.common.rest_client [req-a96d6235-ab9d-40ca-95d7-2e63cc611cd8 req-a96d6235-ab9d-40ca-95d7-2e63cc611cd8 ] Request (FlavorsV2TestJSON:test_list_flavors_using_marker): 200 GET http://10.180.1.21/compute/v2.1/flavors/42 1.682s
2025-05-14 07:49:22.221 69641 INFO tempest.lib.common.rest_client [req-6104b617-7ae9-4961-b819-df6c3793b21a req-6104b617-7ae9-4961-b819-df6c3793b21a ] Request (AZV2TestJSON:tearDownClass): 200 GET http://10.180.1.21:9696/networking/v2.0/security-groups?tenant_id=a2e998e6dc0b4027a2228ba136ef15b5&name=default 0.386s
2025-05-14 07:49:22.251 69671 INFO tempest.lib.common.rest_client [req-a065e920-0636-4717-8854-885bf44503f3 req-a065e920-0636-4717-8854-885bf44503f3 ] Request (SecurityGroupsTestJSON:test_list_security_groups_by_server): 200 GET http://10.180.1.21/compute/v2.1/servers/1bd841c8-d845-49fd-b275-67494acbc939 1.752s
2025-05-14 07:49:22.279 69645 INFO tempest.lib.common.rest_client [req-7c2acb63-8f1d-439c-bb75-0ec4310df8d6 req-7c2acb63-8f1d-439c-bb75-0ec4310df8d6 ] Request (AggregatesAdminNegativeTestJSON:_run_cleanups): 200 DELETE http://10.180.1.21/compute/v2.1/os-aggregates/5 1.619s
2025-05-14 07:49:22.304 69615 INFO tempest.lib.common.rest_client [req-1dea6907-e7ce-4d1b-8e20-b0ceb125504f req-1dea6907-e7ce-4d1b-8e20-b0ceb125504f ] Request (FlavorsAccessNegativeTestJSON:_run_cleanups): 200 GET http://10.180.1.21/compute/v2.1/flavors/detail 1.620s
2025-05-14 07:49:22.311 69627 INFO tempest.lib.common.rest_client [req-5cd6539a-1ebd-4bc5-8ffd-7c6276010146 req-5cd6539a-1ebd-4bc5-8ffd-7c6276010146 ] Request (AttachInterfacesV270Test:setUpClass): 200 PUT http://10.180.1.21:9696/networking/v2.0/routers/623286d8-d5fb-43d2-bcd6-b5c43ed9b31f/add_router_interface 3.644s
