2025-05-14 07:50:06.494 69623 INFO tempest.lib.common.rest_client [req-205709e4-8534-44b7-bb05-5e3a2f5b65df req-205709e4-8534-44b7-bb05-5e3a2f5b65df ] Request (TenantUsagesTestJSON:tearDownClass): 204 DELETE http://10.180.1.21:9696/networking/v2.0/security-groups/72b8c930-3940-4cc1-b5db-78bc436e7c77 0.344s
2025-05-14 07:50:06.525 69625 INFO tempest.lib.common.rest_client [req-0ce234e5-d629-431f-bd05-d3fc9cadc6f9 req-0ce234e5-d629-431f-bd05-d3fc9cadc6f9 ] Request (VolumesAdminNegativeTest:test_update_attached_volume_with_nonexistent_volume_in_body): 200 GET http://10.180.1.21/compute/v2.1/servers/cc206bac-006b-4745-8f4f-55dfe218121c 1.459s
2025-05-14 07:50:06.547 69651 INFO tempest.lib.common.rest_client [req-b842f40c-0e29-488f-a0c3-9c84786f6068 req-b842f40c-0e29-488f-a0c3-9c84786f6068 ] Request (ImagesOneServerTestJSON:setUpClass): 200 GET http://10.180.1.21/compute/v2.1/servers/98551255-5e8d-4e4d-96b0-7d2e7a706189 1.555s
2025-05-14 07:50:06.572 69623 INFO tempest.lib.common.rest_client [req-d34960a6-8fa3-4e36-91a7-28712eb4daed req-d34960a6-8fa3-4e36-91a7-28712eb4daed ] Request (TenantUsagesTestJSON:tearDownClass): 204 DELETE http://10.180.1.21/identity/v3/projects/1511bc7dd5bc4fbb99f903915f931b03 0.078s
2025-05-14 07:50:06.607 69655 INFO tempest.lib.common.rest_client [req-cf04d46f-7ef1-4315-8915-479ad7454be2 req-cf04d46f-7ef1-4315-8915-479ad7454be2 ] Request (ServerMetadataTestJSON:setUpClass): 200 GET http://10.180.1.21/compute/v2.1/servers/9869d107-a676-4f7c-aa1c-63d2841ff564 1.465s
2025-05-14 07:50:06.630 69615 INFO tempest.lib.common.rest_client [req-356562d9-d9f7-4ac8-82bf-374b57a132e9 req-356562d9-d9f7-4ac8-82bf-374b57a132e9 ] Request (ServerMetadataNegativeTestJSON:setUpClass): 200 GET http://10.180.1.21/compute/v2.1/servers/08f26a0a-472b-45af-a24e-56e8add1b9aa 1.465s
2025-05-14 07:50:06.642 69615 INFO tempest.common.waiters [-] State transition "BUILD/scheduling" ==> "BUILD/None" after 23 second wait
2025-05-14 07:50:06.650 69623 INFO tempest.lib.common.rest_client [req-53a98733-8490-406b-8c1c-abefd5fe9f3c req-53a98733-8490-406b-8c1c-abefd5fe9f3c ] Request (ImagesDeleteNegativeTestJSON:setUpClass): 201 POST http://10.180.1.21/identity/v3/auth/tokens 0.076s
2025-05-14 07:50:06.676 69665 INFO tempest.lib.common.rest_client [req-6151c9a7-8d2d-47f4-a6c0-5f23a65db511 req-6151c9a7-8d2d-47f4-a6c0-5f23a65db511 ] Request (ServersTestManualDisk:setUpClass): 200 GET http://10.180.1.21/compute/v2.1/servers/13f55876-520c-4486-8bae-2b0962436054 1.389s
2025-05-14 07:50:06.679 69667 INFO tempest.lib.common.rest_client [req-9a3ceeec-cc7a-4049-96dc-e81459fcd45b req-9a3ceeec-cc7a-4049-96dc-e81459fcd45b ] Request (QuotasTestJSON:tearDownClass): 204 DELETE http://10.180.1.21:9696/networking/v2.0/security-groups/1433652d-ba03-49f0-85ae-3d24bbeea4b4 0.217s
2025-05-14 07:50:06.691 69623 INFO tempest.lib.common.rest_client [req-e57092ee-f308-4ad2-816d-f81b67bb68c0 req-e57092ee-f308-4ad2-816d-f81b67bb68c0 ] Request (ImagesDeleteNegativeTestJSON:setUpClass): 201 POST http://10.180.1.21/identity/v3/auth/tokens 0.038s
2025-05-14 07:50:06.713 69619 INFO tempest.lib.common.rest_client [req-86928dc8-3af6-43b7-9c30-f9d9285c856d req-86928dc8-3af6-43b7-9c30-f9d9285c856d ] Request (InstanceActionsTestJSON:setUpClass): 200 GET http://10.180.1.21/compute/v2.1/servers/ae7cbc62-f044-444c-9444-3a5d456d73a0 1.287s
2025-05-14 07:50:06.715 69623 INFO tempest.lib.common.rest_client [req-657b5fdb-477a-49aa-9785-b8f759517e18 req-657b5fdb-477a-49aa-9785-b8f759517e18 ] Request (ImagesDeleteNegativeTestJSON:setUpClass): 200 GET http://10.180.1.21/identity/v3/domains?name=Default 0.024s
2025-05-14 07:50:06.743 69617 WARNING tempest.lib.common.ssh [-] Failed to establish authenticated ssh connection to cirros@10.180.180.175 ([Errno None] Unable to connect to port 22 on 10.180.180.175). Number attempts: 4. Retry after 5 seconds.: paramiko.ssh_exception.NoValidConnectionsError: [Errno None] Unable to connect to port 22 on 10.180.180.175
2025-05-14 07:50:06.745 69611 INFO tempest.lib.common.rest_client [req-1d8d07d8-acae-411a-85f1-37389f5efc4b req-1d8d07d8-acae-411a-85f1-37389f5efc4b ] Request (AttachInterfacesTestJSON:test_create_list_show_delete_interfaces_by_fixed_ip): 200 GET http://10.180.1.21/compute/v2.1/servers/169fceb8-b9fa-46cf-b61b-e82fa2e67543 1.186s
2025-05-14 07:50:06.750 69667 INFO tempest.lib.common.rest_client [req-72fdf991-3eda-4047-8cc6-9a29dabbb4c8 req-72fdf991-3eda-4047-8cc6-9a29dabbb4c8 ] Request (QuotasTestJSON:tearDownClass): 204 DELETE http://10.180.1.21/identity/v3/projects/e750e2070bcf4b49955827516bfbc5dc 0.070s
2025-05-14 07:50:06.790 69623 INFO tempest.lib.common.rest_client [req-b5c7e58c-92d9-463e-be47-5bf86c9534b3 req-b5c7e58c-92d9-463e-be47-5bf86c9534b3 ] Request (ImagesDeleteNegativeTestJSON:setUpClass): 201 POST http://10.180.1.21/identity/v3/projects 0.074s
2025-05-14 07:50:06.790 69649 INFO tempest.lib.common.rest_client [req-4f2952d1-673e-4fc3-961d-0237dbe15c78 req-4f2952d1-673e-4fc3-961d-0237dbe15c78 ] Request (ServersAdmin275Test:tearDownClass): 200 GET http://10.180.1.21/compute/v2.1/servers/c43b0096-1133-485b-b45a-f3fdb718ac7e 1.049s
2025-05-14 07:50:06.862 69635 INFO tempest.lib.common.rest_client [req-d22259c9-38f9-46bb-893b-4fce6d46a38d req-d22259c9-38f9-46bb-893b-4fce6d46a38d ] Request (FloatingIPsAssociationTestJSON:test_associate_already_associated_floating_ip): 200 GET http://10.180.1.21/compute/v2.1/servers/38d1e69b-afaa-4753-afed-59e67f5ed6c9 0.843s
2025-05-14 07:50:06.867 69623 INFO tempest.lib.common.rest_client [req-5b2f5713-2d9f-4eae-8058-9337d78a66ca req-5b2f5713-2d9f-4eae-8058-9337d78a66ca ] Request (ImagesDeleteNegativeTestJSON:setUpClass): 201 POST http://10.180.1.21/identity/v3/users 0.077s
2025-05-14 07:50:06.904 69623 INFO tempest.lib.common.rest_client [req-aadf1059-5088-4593-8155-92ebc450334f req-aadf1059-5088-4593-8155-92ebc450334f ] Request (ImagesDeleteNegativeTestJSON:setUpClass): 200 GET http://10.180.1.21/identity/v3/roles 0.037s
2025-05-14 07:50:06.916 69643 INFO tempest.lib.common.rest_client [req-262676a1-e072-4ade-961e-5f5aa172eef2 req-262676a1-e072-4ade-961e-5f5aa172eef2 ] Request (ServerDiagnosticsNegativeTest:tearDownClass): 200 GET http://10.180.1.21/compute/v2.1/servers/4f767aa7-83ad-4b6f-b891-484faae230d5 1.026s
2025-05-14 07:50:06.944 69623 INFO tempest.lib.common.rest_client [req-6d6a6bb4-addf-46d2-8a36-fa76deb270b1 req-6d6a6bb4-addf-46d2-8a36-fa76deb270b1 ] Request (ImagesDeleteNegativeTestJSON:setUpClass): 204 PUT http://10.180.1.21/identity/v3/projects/8fcfb563cb9740e0883a1b287354c2f0/users/549d47a58fee4fe29e380f8f695d8657/roles/3dc90f427f18449999960da81974b05b 0.039s
2025-05-14 07:50:06.944 69623 INFO tempest.lib.common.dynamic_creds [-] Dynamic test user 549d47a58fee4fe29e380f8f695d8657 is created with scope project and roles: ['member']
2025-05-14 07:50:06.944 69623 INFO tempest.lib.common.dynamic_creds [-] Acquired dynamic creds: credentials: Credentials: {'domain_id': 'default', 'domain_name': 'Default', 'username': 'tempest-ImagesDeleteNegativeTestJSON-607393945-project-member', 'project_domain_id': 'default', 'project_domain_name': 'Default', 'project_id': '8fcfb563cb9740e0883a1b287354c2f0', 'project_name': 'tempest-ImagesDeleteNegativeTestJSON-607393945', 'tenant_id': '8fcfb563cb9740e0883a1b287354c2f0', 'tenant_name': 'tempest-ImagesDeleteNegativeTestJSON-607393945', 'user_domain_id': 'default', 'user_domain_name': 'Default', 'user_id': '549d47a58fee4fe29e380f8f695d8657', 'system': None}, Network: None, Subnet: None, Router: None
2025-05-14 07:50:06.945 69623 INFO tempest.lib.common.dynamic_creds [-] Created isolated network resources for: credentials: Credentials: {'domain_id': 'default', 'domain_name': 'Default', 'username': 'tempest-ImagesDeleteNegativeTestJSON-607393945-project-member', 'project_domain_id': 'default', 'project_domain_name': 'Default', 'project_id': '8fcfb563cb9740e0883a1b287354c2f0', 'project_name': 'tempest-ImagesDeleteNegativeTestJSON-607393945', 'tenant_id': '8fcfb563cb9740e0883a1b287354c2f0', 'tenant_name': 'tempest-ImagesDeleteNegativeTestJSON-607393945', 'user_domain_id': 'default', 'user_domain_name': 'Default', 'user_id': '549d47a58fee4fe29e380f8f695d8657', 'system': None}, Network: None, Subnet: None, Router: None
2025-05-14 07:50:06.964 69639 INFO tempest.lib.common.rest_client [req-6889b1bb-cf96-4731-b303-be20e1f98e1b req-6889b1bb-cf96-4731-b303-be20e1f98e1b ] Request (ImagesTestJSON:test_create_image_from_suspended_server): 200 GET http://10.180.1.21/compute/v2.1/servers/564a2204-e77f-4c8b-8f78-4f12a0f6152f 0.810s
2025-05-14 07:50:06.971 69653 INFO tempest.lib.common.rest_client [req-e4282658-d3b7-41f2-a6e0-c6d4eb6bd5e9 req-e4282658-d3b7-41f2-a6e0-c6d4eb6bd5e9 ] Request (FloatingIPsAssociationNegativeTestJSON:setUpClass): 200 PUT http://10.180.1.21:9696/networking/v2.0/routers/4cac4efe-6fc3-47a5-ae80-a9d3b4fcdb4d/add_router_interface 2.786s
2025-05-14 07:50:06.971 69653 INFO tempest.lib.common.dynamic_creds [-] Created isolated network resources for: credentials: Credentials: {'domain_id': 'default', 'domain_name': 'Default', 'username': 'tempest-FloatingIPsAssociationNegativeTestJSON-231011606-project-member', 'project_domain_id': 'default', 'project_domain_name': 'Default', 'project_id': '24123e3d8cc3467d8278e304e8271888', 'project_name': 'tempest-FloatingIPsAssociationNegativeTestJSON-231011606', 'tenant_id': '24123e3d8cc3467d8278e304e8271888', 'tenant_name': 'tempest-FloatingIPsAssociationNegativeTestJSON-231011606', 'user_domain_id': 'default', 'user_domain_name': 'Default', 'user_id': '17c909d0e5034c3887a296ab2ff59752', 'system': None}, Network: {'id': 'e11de383-4c2d-41d9-881b-8b8dca3a7946', 'name': 'tempest-FloatingIPsAssociationNegativeTestJSON-1746229735-network', 'tenant_id': '24123e3d8cc3467d8278e304e8271888', 'admin_state_up': True, 'mtu': 8950, 'status': 'ACTIVE', 'subnets': [], 'shared': False, 'project_id': '24123e3d8cc3467d8278e304e8271888', 'port_security_enabled': True, 'router:external': False, 'provider:network_type': 'vlan', 'provider:physical_network': 'default', 'provider:segmentation_id': 918, 'availability_zone_hints': [], 'availability_zones': [], 'ipv4_address_scope': None, 'ipv6_address_scope': None, 'description': '', 'tags': [], 'created_at': '2025-05-14T07:50:01Z', 'updated_at': '2025-05-14T07:50:01Z', 'revision_number': 1}, Subnet: {'id': 'f934d29c-b8dc-423e-92e7-ab501104c70c', 'name': 'tempest-FloatingIPsAssociationNegativeTestJSON-1746229735-subnet', 'tenant_id': '24123e3d8cc3467d8278e304e8271888', 'network_id': 'e11de383-4c2d-41d9-881b-8b8dca3a7946', 'ip_version': 4, 'subnetpool_id': None, 'enable_dhcp': True, 'ipv6_ra_mode': None, 'ipv6_address_mode': None, 'gateway_ip': '192.168.128.1', 'cidr': '192.168.128.0/28', 'allocation_pools': [{'start': '192.168.128.2', 'end': '192.168.128.14'}], 'host_routes': [], 'dns_nameservers': [], 'description': '', 'router:external': False, 'service_types': [], 'tags': [], 'created_at': '2025-05-14T07:50:01Z', 'updated_at': '2025-05-14T07:50:01Z', 'revision_number': 0, 'project_id': '24123e3d8cc3467d8278e304e8271888'}, Router: {'id': '4cac4efe-6fc3-47a5-ae80-a9d3b4fcdb4d', 'name': 'tempest-FloatingIPsAssociationNegativeTestJSON-1746229735-router', 'tenant_id': '24123e3d8cc3467d8278e304e8271888', 'admin_state_up': True, 'status': 'ACTIVE', 'external_gateway_info': {'network_id': '329fad16-ea4d-4603-be45-a1ed0b4ccd01', 'external_fixed_ips': [{'subnet_id': 'fcafac97-d61d-4e6c-ac1a-5b2ec2d25b47', 'ip_address': '10.180.180.189'}], 'enable_snat': True}, 'description': '', 'availability_zones': [], 'distributed': False, 'ha': False, 'availability_zone_hints': [], 'routes': [], 'flavor_id': None, 'tags': [], 'created_at': '2025-05-14T07:50:01Z', 'updated_at': '2025-05-14T07:50:02Z', 'revision_number': 2, 'project_id': '24123e3d8cc3467d8278e304e8271888'}
2025-05-14 07:50:07.004 69637 INFO tempest.lib.common.rest_client [req-b7e07a7a-391a-46f8-9038-618d4f37a85b req-b7e07a7a-391a-46f8-9038-618d4f37a85b ] Request (InstanceActionsV221TestJSON:test_get_list_deleted_instance_actions): 200 GET http://10.180.1.21/compute/v2.1/servers/b784d34b-8156-43de-9e77-fb1d931c33e9 0.833s
2025-05-14 07:50:07.047 69671 INFO tempest.lib.common.rest_client [req-534a463c-6b9c-4f64-9722-0d3db5c9311d req-534a463c-6b9c-4f64-9722-0d3db5c9311d ] Request (SecurityGroupsTestJSON:test_server_security_groups): 200 GET http://10.180.1.21/compute/v2.1/servers/36d49fac-f237-4a44-be70-066ad12631c6 0.790s
2025-05-14 07:50:07.065 69613 INFO tempest.lib.common.rest_client [req-fc4e951c-4e39-41fd-a4a4-ab7f47cae221 req-fc4e951c-4e39-41fd-a4a4-ab7f47cae221 ] Request (SecurityGroupRulesNegativeTestJSON:test_create_security_group_rule_duplicate): 400 POST http://10.180.1.21/compute/v2.1/os-security-group-rules 0.631s
2025-05-14 07:50:07.068 69623 INFO tempest.lib.common.rest_client [req-de00cdca-b77f-452e-aa52-5d3403ba3b59 req-de00cdca-b77f-452e-aa52-5d3403ba3b59 ] Request (ImagesDeleteNegativeTestJSON:setUpClass): 201 POST http://10.180.1.21/identity/v3/auth/tokens 0.120s
2025-05-14 07:50:07.080 69653 INFO tempest.lib.common.rest_client [req-f505a108-380b-49ea-bf40-b59bff5d13ae req-f505a108-380b-49ea-bf40-b59bff5d13ae ] Request (FloatingIPsAssociationNegativeTestJSON:setUpClass): 201 POST http://10.180.1.21/identity/v3/auth/tokens 0.099s
2025-05-14 07:50:07.115 69653 INFO tempest.lib.common.rest_client [req-04710efd-ffa2-4a97-82cb-a8345f2c7a79 req-04710efd-ffa2-4a97-82cb-a8345f2c7a79 ] Request (FloatingIPsAssociationNegativeTestJSON:setUpClass): 201 POST http://10.180.1.21/identity/v3/auth/tokens 0.029s
2025-05-14 07:50:07.115 69653 INFO tempest.lib.common.fixed_network [-] (FloatingIPsAssociationNegativeTestJSON:setUpClass) Found network {'id': 'e11de383-4c2d-41d9-881b-8b8dca3a7946', 'name': 'tempest-FloatingIPsAssociationNegativeTestJSON-1746229735-network', 'tenant_id': '24123e3d8cc3467d8278e304e8271888', 'admin_state_up': True, 'mtu': 8950, 'status': 'ACTIVE', 'subnets': [], 'shared': False, 'project_id': '24123e3d8cc3467d8278e304e8271888', 'port_security_enabled': True, 'router:external': False, 'provider:network_type': 'vlan', 'provider:physical_network': 'default', 'provider:segmentation_id': 918, 'availability_zone_hints': [], 'availability_zones': [], 'ipv4_address_scope': None, 'ipv6_address_scope': None, 'description': '', 'tags': [], 'created_at': '2025-05-14T07:50:01Z', 'updated_at': '2025-05-14T07:50:01Z', 'revision_number': 1} available for tenant
2025-05-14 07:50:07.143 69645 INFO tempest.lib.common.rest_client [req-b8a42e07-5053-4aaa-872e-1f57e6e2f7aa req-b8a42e07-5053-4aaa-872e-1f57e6e2f7aa ] Request (ServerAddressesNegativeTestJSON:setUpClass): 201 POST http://10.180.1.21:9696/networking/v2.0/routers 1.763s
2025-05-14 07:50:07.180 69627 INFO tempest.lib.common.rest_client [req-32f90e59-0963-4b6e-a751-6ce56e78c65d req-32f90e59-0963-4b6e-a751-6ce56e78c65d ] Request (AttachInterfacesV270Test:test_create_get_list_interfaces): 200 GET http://10.180.1.21/compute/v2.1/servers/6514d903-1c1c-402c-a440-3c11fc6849d3 0.683s
2025-05-14 07:50:07.258 69663 INFO tempest.lib.common.rest_client [req-1e3bd15b-3525-4f76-91e7-098d2dd12a7b req-1e3bd15b-3525-4f76-91e7-098d2dd12a7b ] Request (ListServersNegativeTestJSON:setUpClass): 200 GET http://10.180.1.21/compute/v2.1/servers/08bafbfc-161c-46ab-883a-a86e1db3499a 0.571s
2025-05-14 07:50:07.289 69669 INFO tempest.lib.common.rest_client [req-96b05ed0-66ab-4e04-bb6c-4a45ffda2ca9 req-96b05ed0-66ab-4e04-bb6c-4a45ffda2ca9 ] Request (ServersAdminNegativeTestJSON:test_migrate_server_invalid_state): 200 GET http://10.180.1.21/compute/v2.1/servers/f47ae27b-8118-4331-9e67-afc6fc410200 0.705s
2025-05-14 07:50:07.314 69657 INFO tempest.lib.common.rest_client [req-727fdfa3-abdf-4b9f-8d8c-63bfc4ab35de req-727fdfa3-abdf-4b9f-8d8c-63bfc4ab35de ] Request (DeleteServersAdminTestJSON:test_delete_server_while_in_error_state): 200 GET http://10.180.1.21/compute/v2.1/servers/2e1ac2fc-ed22-4d5b-bb5d-3d86015a0f3d 0.543s
2025-05-14 07:50:07.396 69647 INFO tempest.lib.common.rest_client [req-9c37bf65-1236-4d1b-a6c4-50cc4b07bac9 req-9c37bf65-1236-4d1b-a6c4-50cc4b07bac9 ] Request (ServerActionsTestJSON:setUpClass): 200 GET http://10.180.1.21/compute/v2.1/servers/9e46d111-4d9f-4a6c-a83f-b3ad002d44b1 0.519s
2025-05-14 07:50:07.486 69641 INFO tempest.lib.common.rest_client [req-cf684554-2213-4d8a-b5bd-591e53e4f6e0 req-cf684554-2213-4d8a-b5bd-591e53e4f6e0 ] Request (InstanceActionsNegativeTestJSON:setUpClass): 200 GET http://10.180.1.21/compute/v2.1/servers/71670670-eaeb-4ea4-8a75-f87b443ef5ff 0.478s
2025-05-14 07:50:07.643 69633 INFO tempest.lib.common.rest_client [req-5e66323b-9c25-4cd1-b910-60f062ab3038 req-5e66323b-9c25-4cd1-b910-60f062ab3038 ] Request (ServersV294TestFqdnHostnames:setUpClass): 200 GET http://10.180.1.21/compute/v2.1/servers/a06e99d5-651a-4923-bab3-cdbea3aa096a 0.658s
2025-05-14 07:50:07.735 69623 INFO tempest.lib.common.rest_client [req-e7781c81-afe3-4765-a659-5a68e9aab0fa req-e7781c81-afe3-4765-a659-5a68e9aab0fa ] Request (ImagesDeleteNegativeTestJSON:test_delete_image_blank_id): 404 DELETE http://10.180.1.21/compute/v2.1/images/ 0.666s
2025-05-14 07:50:07.806 69659 INFO tempest.lib.common.rest_client [req-ef11eea1-ddef-43d6-9daf-a03d075308ac req-ef11eea1-ddef-43d6-9daf-a03d075308ac ] Request (ServersAdminTestJSON:test_create_server_with_scheduling_hint): 200 GET http://10.180.1.21/compute/v2.1/servers/905a3dd7-0e33-4aa6-adc0-79597406c6af 0.730s
2025-05-14 07:50:08.115 69613 INFO tempest.lib.common.rest_client [req-0cf6b7b9-26f6-4c87-8abe-bb346d197163 req-0cf6b7b9-26f6-4c87-8abe-bb346d197163 ] Request (SecurityGroupRulesNegativeTestJSON:_run_cleanups): 202 DELETE http://10.180.1.21/compute/v2.1/os-security-group-rules/412a78c3-bd51-4954-9bcf-7c266772208e 1.049s
2025-05-14 07:50:08.133 69621 INFO tempest.lib.common.rest_client [req-26e69064-4bda-4349-ae77-a5cd1bc89c20 req-26e69064-4bda-4349-ae77-a5cd1bc89c20 ] Request (ServersNegativeTestJSON:setUpClass): 200 PUT http://10.180.1.21:9696/networking/v2.0/routers/7e349fcf-3d51-47aa-bf6a-760e51495fe0/add_router_interface 2.375s
2025-05-14 07:50:08.134 69621 INFO tempest.lib.common.dynamic_creds [-] Created isolated network resources for: credentials: Credentials: {'domain_id': 'default', 'domain_name': 'Default', 'username': 'tempest-ServersNegativeTestJSON-1422483490-project-member', 'project_domain_id': 'default', 'project_domain_name': 'Default', 'project_id': '1f49b0923c5949cda31ee2c3412de93a', 'project_name': 'tempest-ServersNegativeTestJSON-1422483490', 'tenant_id': '1f49b0923c5949cda31ee2c3412de93a', 'tenant_name': 'tempest-ServersNegativeTestJSON-1422483490', 'user_domain_id': 'default', 'user_domain_name': 'Default', 'user_id': '3282e44630244a799381f9b99c367976', 'system': None}, Network: {'id': '59527599-f97c-4e39-ab77-6743a60bb0e8', 'name': 'tempest-ServersNegativeTestJSON-1254193000-network', 'tenant_id': '1f49b0923c5949cda31ee2c3412de93a', 'admin_state_up': True, 'mtu': 8950, 'status': 'ACTIVE', 'subnets': [], 'shared': False, 'project_id': '1f49b0923c5949cda31ee2c3412de93a', 'port_security_enabled': True, 'router:external': False, 'provider:network_type': 'vlan', 'provider:physical_network': 'default', 'provider:segmentation_id': 728, 'availability_zone_hints': [], 'availability_zones': [], 'ipv4_address_scope': None, 'ipv6_address_scope': None, 'description': '', 'tags': [], 'created_at': '2025-05-14T07:50:02Z', 'updated_at': '2025-05-14T07:50:02Z', 'revision_number': 1}, Subnet: {'id': '7f7b2dd9-1432-4e00-b5d3-a40bf27675aa', 'name': 'tempest-ServersNegativeTestJSON-1254193000-subnet', 'tenant_id': '1f49b0923c5949cda31ee2c3412de93a', 'network_id': '59527599-f97c-4e39-ab77-6743a60bb0e8', 'ip_version': 4, 'subnetpool_id': None, 'enable_dhcp': True, 'ipv6_ra_mode': None, 'ipv6_address_mode': None, 'gateway_ip': '192.168.128.1', 'cidr': '192.168.128.0/28', 'allocation_pools': [{'start': '192.168.128.2', 'end': '192.168.128.14'}], 'host_routes': [], 'dns_nameservers': [], 'description': '', 'router:external': False, 'service_types': [], 'tags': [], 'created_at': '2025-05-14T07:50:02Z', 'updated_at': '2025-05-14T07:50:02Z', 'revision_number': 0, 'project_id': '1f49b0923c5949cda31ee2c3412de93a'}, Router: {'id': '7e349fcf-3d51-47aa-bf6a-760e51495fe0', 'name': 'tempest-ServersNegativeTestJSON-1254193000-router', 'tenant_id': '1f49b0923c5949cda31ee2c3412de93a', 'admin_state_up': True, 'status': 'ACTIVE', 'external_gateway_info': {'network_id': '329fad16-ea4d-4603-be45-a1ed0b4ccd01', 'external_fixed_ips': [{'subnet_id': 'fcafac97-d61d-4e6c-ac1a-5b2ec2d25b47', 'ip_address': '10.180.180.152'}], 'enable_snat': True}, 'description': '', 'availability_zones': [], 'distributed': False, 'ha': False, 'availability_zone_hints': [], 'routes': [], 'flavor_id': None, 'tags': [], 'created_at': '2025-05-14T07:50:03Z', 'updated_at': '2025-05-14T07:50:04Z', 'revision_number': 2, 'project_id': '1f49b0923c5949cda31ee2c3412de93a'}
2025-05-14 07:50:08.226 69621 INFO tempest.lib.common.rest_client [req-b35c77aa-407b-455a-accc-ac869edbd999 req-b35c77aa-407b-455a-accc-ac869edbd999 ] Request (ServersNegativeTestJSON:setUpClass): 201 POST http://10.180.1.21/identity/v3/auth/tokens 0.087s
2025-05-14 07:50:08.274 69621 INFO tempest.lib.common.rest_client [req-ff09c8fa-5b8a-41fa-8580-30bdd35f46f2 req-ff09c8fa-5b8a-41fa-8580-30bdd35f46f2 ] Request (ServersNegativeTestJSON:setUpClass): 201 POST http://10.180.1.21/identity/v3/auth/tokens 0.044s
2025-05-14 07:50:08.275 69621 INFO tempest.lib.common.fixed_network [-] (ServersNegativeTestJSON:setUpClass) Found network {'id': '59527599-f97c-4e39-ab77-6743a60bb0e8', 'name': 'tempest-ServersNegativeTestJSON-1254193000-network', 'tenant_id': '1f49b0923c5949cda31ee2c3412de93a', 'admin_state_up': True, 'mtu': 8950, 'status': 'ACTIVE', 'subnets': [], 'shared': False, 'project_id': '1f49b0923c5949cda31ee2c3412de93a', 'port_security_enabled': True, 'router:external': False, 'provider:network_type': 'vlan', 'provider:physical_network': 'default', 'provider:segmentation_id': 728, 'availability_zone_hints': [], 'availability_zones': [], 'ipv4_address_scope': None, 'ipv6_address_scope': None, 'description': '', 'tags': [], 'created_at': '2025-05-14T07:50:02Z', 'updated_at': '2025-05-14T07:50:02Z', 'revision_number': 1} available for tenant
2025-05-14 07:50:08.333 69653 INFO tempest.lib.common.rest_client [req-2935d286-08c0-4abe-9836-eddaff25b62c req-2935d286-08c0-4abe-9836-eddaff25b62c ] Request (FloatingIPsAssociationNegativeTestJSON:setUpClass): 202 POST http://10.180.1.21/compute/v2.1/servers 1.216s
2025-05-14 07:50:08.523 69629 INFO tempest.lib.common.rest_client [req-d380f527-fd7e-4142-8601-137c1ca86bef req-d380f527-fd7e-4142-8601-137c1ca86bef ] Request (MigrationsAdminTest:test_list_migrations_in_flavor_resize_situation): 200 GET http://10.180.1.21/compute/v2.1/servers/4e5401b1-a0a4-41e2-96e0-e6855a8bb806 1.374s
2025-05-14 07:50:08.650 69625 INFO tempest.lib.common.rest_client [req-f2227c18-5dfd-4bfc-b990-d146b2d36419 req-f2227c18-5dfd-4bfc-b990-d146b2d36419 ] Request (VolumesAdminNegativeTest:test_update_attached_volume_with_nonexistent_volume_in_body): 200 GET http://10.180.1.21/compute/v2.1/servers/cc206bac-006b-4745-8f4f-55dfe218121c 1.115s
2025-05-14 07:50:08.726 69673 WARNING tempest.lib.common.ssh [-] Failed to establish authenticated ssh connection to cirros@10.180.180.153 ([Errno None] Unable to connect to port 22 on 10.180.180.153). Number attempts: 2. Retry after 3 seconds.: paramiko.ssh_exception.NoValidConnectionsError: [Errno None] Unable to connect to port 22 on 10.180.180.153
2025-05-14 07:50:08.834 69631 INFO tempest.lib.common.rest_client [req-563e539f-31fa-4d71-8b13-b3813487ef51 req-563e539f-31fa-4d71-8b13-b3813487ef51 ] Request (AttachInterfacesUnderV243Test:test_add_remove_fixed_ip): 200 GET http://10.180.1.21/compute/v2.1/servers/04666d7c-26f8-46cf-bc3d-ea6b4ddc650e 1.611s
2025-05-14 07:50:08.914 69655 INFO tempest.lib.common.rest_client [req-b3897c1d-7eb1-41c8-887f-39b1e5a3f85f req-b3897c1d-7eb1-41c8-887f-39b1e5a3f85f ] Request (ServerMetadataTestJSON:setUpClass): 200 GET http://10.180.1.21/compute/v2.1/servers/9869d107-a676-4f7c-aa1c-63d2841ff564 1.296s
2025-05-14 07:50:08.918 69651 INFO tempest.lib.common.rest_client [req-6ac3af70-5451-4c71-b809-2396166fafa7 req-6ac3af70-5451-4c71-b809-2396166fafa7 ] Request (ImagesOneServerTestJSON:setUpClass): 200 GET http://10.180.1.21/compute/v2.1/servers/98551255-5e8d-4e4d-96b0-7d2e7a706189 1.357s
2025-05-14 07:50:08.984 69615 INFO tempest.lib.common.rest_client [req-d042212f-d93c-48b3-b78d-01cc70efc19c req-d042212f-d93c-48b3-b78d-01cc70efc19c ] Request (ServerMetadataNegativeTestJSON:setUpClass): 200 GET http://10.180.1.21/compute/v2.1/servers/08f26a0a-472b-45af-a24e-56e8add1b9aa 1.340s
2025-05-14 07:50:09.105 69619 INFO tempest.lib.common.rest_client [req-cd358269-1cde-4190-ba3a-f6207063ec3d req-cd358269-1cde-4190-ba3a-f6207063ec3d ] Request (InstanceActionsTestJSON:setUpClass): 200 GET http://10.180.1.21/compute/v2.1/servers/ae7cbc62-f044-444c-9444-3a5d456d73a0 1.382s
2025-05-14 07:50:09.125 69665 INFO tempest.lib.common.rest_client [req-03a2d1c7-32ab-4f56-b938-cebdc1583417 req-03a2d1c7-32ab-4f56-b938-cebdc1583417 ] Request (ServersTestManualDisk:setUpClass): 200 GET http://10.180.1.21/compute/v2.1/servers/13f55876-520c-4486-8bae-2b0962436054 1.438s
2025-05-14 07:50:09.136 69665 INFO tempest.common.waiters [-] State transition "BUILD/None" ==> "BUILD/block_device_mapping" after 39 second wait
2025-05-14 07:50:09.137 69623 INFO tempest.lib.common.rest_client [req-5245b57e-11ca-41a1-a3bb-f974fb11bfd4 req-5245b57e-11ca-41a1-a3bb-f974fb11bfd4 ] Request (ImagesDeleteNegativeTestJSON:test_delete_image_negative_image_id): 404 DELETE http://10.180.1.21/compute/v2.1/images/-1 1.400s
2025-05-14 07:50:09.212 69611 INFO tempest.lib.common.rest_client [req-b534958a-25ef-4969-8a83-8d754001fbd2 req-b534958a-25ef-4969-8a83-8d754001fbd2 ] Request (AttachInterfacesTestJSON:test_create_list_show_delete_interfaces_by_fixed_ip): 200 GET http://10.180.1.21/compute/v2.1/servers/169fceb8-b9fa-46cf-b61b-e82fa2e67543 1.456s
2025-05-14 07:50:09.232 69649 INFO tempest.lib.common.rest_client [req-283b135a-31f4-4427-8c53-f73768e9b342 req-283b135a-31f4-4427-8c53-f73768e9b342 ] Request (ServersAdmin275Test:tearDownClass): 200 GET http://10.180.1.21/compute/v2.1/servers/c43b0096-1133-485b-b45a-f3fdb718ac7e 1.426s
2025-05-14 07:50:09.288 69635 INFO tempest.lib.common.rest_client [req-65cebd8f-d361-4651-8a54-c23280b07ec6 req-65cebd8f-d361-4651-8a54-c23280b07ec6 ] Request (FloatingIPsAssociationTestJSON:test_associate_already_associated_floating_ip): 200 GET http://10.180.1.21/compute/v2.1/servers/38d1e69b-afaa-4753-afed-59e67f5ed6c9 1.413s
2025-05-14 07:50:09.302 69643 INFO tempest.lib.common.rest_client [req-c2e53f0d-3f49-40a4-be7d-0f75e42e8932 req-c2e53f0d-3f49-40a4-be7d-0f75e42e8932 ] Request (ServerDiagnosticsNegativeTest:tearDownClass): 200 GET http://10.180.1.21/compute/v2.1/servers/4f767aa7-83ad-4b6f-b891-484faae230d5 1.375s
2025-05-14 07:50:09.349 69639 INFO tempest.lib.common.rest_client [req-faedad7f-49a6-434e-b3d2-e15b71ae7911 req-faedad7f-49a6-434e-b3d2-e15b71ae7911 ] Request (ImagesTestJSON:test_create_image_from_suspended_server): 200 GET http://10.180.1.21/compute/v2.1/servers/564a2204-e77f-4c8b-8f78-4f12a0f6152f 1.363s
2025-05-14 07:50:09.386 69637 INFO tempest.lib.common.rest_client [req-930c7280-094d-439b-990d-9f16d994aeac req-930c7280-094d-439b-990d-9f16d994aeac ] Request (InstanceActionsV221TestJSON:test_get_list_deleted_instance_actions): 200 GET http://10.180.1.21/compute/v2.1/servers/b784d34b-8156-43de-9e77-fb1d931c33e9 1.366s
2025-05-14 07:50:09.400 69671 INFO tempest.lib.common.rest_client [req-1b0c2848-d21d-4ae9-8e8d-ffd933e5a065 req-1b0c2848-d21d-4ae9-8e8d-ffd933e5a065 ] Request (SecurityGroupsTestJSON:test_server_security_groups): 200 GET http://10.180.1.21/compute/v2.1/servers/36d49fac-f237-4a44-be70-066ad12631c6 1.340s
2025-05-14 07:50:09.496 69627 INFO tempest.lib.common.rest_client [req-bea0597d-46f2-4027-a4f4-a504e0014e83 req-bea0597d-46f2-4027-a4f4-a504e0014e83 ] Request (AttachInterfacesV270Test:test_create_get_list_interfaces): 200 GET http://10.180.1.21/compute/v2.1/servers/6514d903-1c1c-402c-a440-3c11fc6849d3 1.299s
2025-05-14 07:50:09.508 69627 INFO tempest.common.waiters [-] State transition "BUILD/spawning" ==> "ACTIVE/None" after 41 second wait
2025-05-14 07:50:09.560 69663 INFO tempest.lib.common.rest_client [req-0fbda713-75f5-409a-8be5-b369f242d1ac req-0fbda713-75f5-409a-8be5-b369f242d1ac ] Request (ListServersNegativeTestJSON:setUpClass): 200 GET http://10.180.1.21/compute/v2.1/servers/08bafbfc-161c-46ab-883a-a86e1db3499a 1.289s
2025-05-14 07:50:09.629 69613 INFO tempest.lib.common.rest_client [req-98c125bb-880a-405f-8fed-90e8638ee303 req-98c125bb-880a-405f-8fed-90e8638ee303 ] Request (SecurityGroupRulesNegativeTestJSON:test_create_security_group_rule_with_invalid_from_port): 200 POST http://10.180.1.21/compute/v2.1/os-security-groups 1.512s
2025-05-14 07:50:09.777 69669 INFO tempest.lib.common.rest_client [req-d32841dc-adbb-4f01-ab31-e176851b0918 req-d32841dc-adbb-4f01-ab31-e176851b0918 ] Request (ServersAdminNegativeTestJSON:test_migrate_server_invalid_state): 200 GET http://10.180.1.21/compute/v2.1/servers/f47ae27b-8118-4331-9e67-afc6fc410200 1.478s
2025-05-14 07:50:09.785 69669 INFO tempest.common.waiters [-] State transition "BUILD/spawning" ==> "ACTIVE/None" after 48 second wait
2025-05-14 07:50:09.837 69645 INFO tempest.lib.common.rest_client [req-a3c8c626-e4d1-49cf-a148-8ffe2e6e28e9 req-a3c8c626-e4d1-49cf-a148-8ffe2e6e28e9 ] Request (ServerAddressesNegativeTestJSON:setUpClass): 200 PUT http://10.180.1.21:9696/networking/v2.0/routers/6e82b01f-1229-4cd3-84cb-163120795551/add_router_interface 2.694s
2025-05-14 07:50:09.838 69645 INFO tempest.lib.common.dynamic_creds [-] Created isolated network resources for: credentials: Credentials: {'domain_id': 'default', 'domain_name': 'Default', 'username': 'tempest-ServerAddressesNegativeTestJSON-1133003788-project-member', 'project_domain_id': 'default', 'project_domain_name': 'Default', 'project_id': 'cab41a7f3bd74d0884e560d9fccfa976', 'project_name': 'tempest-ServerAddressesNegativeTestJSON-1133003788', 'tenant_id': 'cab41a7f3bd74d0884e560d9fccfa976', 'tenant_name': 'tempest-ServerAddressesNegativeTestJSON-1133003788', 'user_domain_id': 'default', 'user_domain_name': 'Default', 'user_id': 'c70bee007b334af7865b91ec8b1bd413', 'system': None}, Network: {'id': '04d5b24b-6500-4d9a-9a85-0175905a8155', 'name': 'tempest-ServerAddressesNegativeTestJSON-405732571-network', 'tenant_id': 'cab41a7f3bd74d0884e560d9fccfa976', 'admin_state_up': True, 'mtu': 8950, 'status': 'ACTIVE', 'subnets': [], 'shared': False, 'project_id': 'cab41a7f3bd74d0884e560d9fccfa976', 'port_security_enabled': True, 'router:external': False, 'provider:network_type': 'vlan', 'provider:physical_network': 'default', 'provider:segmentation_id': 536, 'availability_zone_hints': [], 'availability_zones': [], 'ipv4_address_scope': None, 'ipv6_address_scope': None, 'description': '', 'tags': [], 'created_at': '2025-05-14T07:50:04Z', 'updated_at': '2025-05-14T07:50:04Z', 'revision_number': 1}, Subnet: {'id': '111246bc-26c4-414a-8038-c16a044991ee', 'name': 'tempest-ServerAddressesNegativeTestJSON-405732571-subnet', 'tenant_id': 'cab41a7f3bd74d0884e560d9fccfa976', 'network_id': '04d5b24b-6500-4d9a-9a85-0175905a8155', 'ip_version': 4, 'subnetpool_id': None, 'enable_dhcp': True, 'ipv6_ra_mode': None, 'ipv6_address_mode': None, 'gateway_ip': '192.168.128.1', 'cidr': '192.168.128.0/28', 'allocation_pools': [{'start': '192.168.128.2', 'end': '192.168.128.14'}], 'host_routes': [], 'dns_nameservers': [], 'description': '', 'router:external': False, 'service_types': [], 'tags': [], 'created_at': '2025-05-14T07:50:04Z', 'updated_at': '2025-05-14T07:50:04Z', 'revision_number': 0, 'project_id': 'cab41a7f3bd74d0884e560d9fccfa976'}, Router: {'id': '6e82b01f-1229-4cd3-84cb-163120795551', 'name': 'tempest-ServerAddressesNegativeTestJSON-405732571-router', 'tenant_id': 'cab41a7f3bd74d0884e560d9fccfa976', 'admin_state_up': True, 'status': 'ACTIVE', 'external_gateway_info': {'network_id': '329fad16-ea4d-4603-be45-a1ed0b4ccd01', 'external_fixed_ips': [{'subnet_id': 'fcafac97-d61d-4e6c-ac1a-5b2ec2d25b47', 'ip_address': '10.180.180.173'}], 'enable_snat': True}, 'description': '', 'availability_zones': [], 'distributed': False, 'ha': False, 'availability_zone_hints': [], 'routes': [], 'flavor_id': None, 'tags': [], 'created_at': '2025-05-14T07:50:05Z', 'updated_at': '2025-05-14T07:50:06Z', 'revision_number': 2, 'project_id': 'cab41a7f3bd74d0884e560d9fccfa976'}
2025-05-14 07:50:09.841 69657 INFO tempest.lib.common.rest_client [req-fb504415-9639-47d9-811e-8b8b5e0081ea req-fb504415-9639-47d9-811e-8b8b5e0081ea ] Request (DeleteServersAdminTestJSON:test_delete_server_while_in_error_state): 200 GET http://10.180.1.21/compute/v2.1/servers/2e1ac2fc-ed22-4d5b-bb5d-3d86015a0f3d 1.519s
2025-05-14 07:50:09.910 69653 INFO tempest.lib.common.rest_client [req-0f814f60-3e8e-425e-a5e0-b9f474bad4af req-0f814f60-3e8e-425e-a5e0-b9f474bad4af ] Request (FloatingIPsAssociationNegativeTestJSON:setUpClass): 200 GET http://10.180.1.21/compute/v2.1/servers/c2bc4b50-d4a8-4705-a450-20233a3527bc 1.574s
2025-05-14 07:50:09.950 69645 INFO tempest.lib.common.rest_client [req-440b648d-d9c1-4c96-aeb0-6da7b523b6fd req-440b648d-d9c1-4c96-aeb0-6da7b523b6fd ] Request (ServerAddressesNegativeTestJSON:setUpClass): 201 POST http://10.180.1.21/identity/v3/auth/tokens 0.108s
2025-05-14 07:50:09.965 69621 INFO tempest.lib.common.rest_client [req-f1882637-2fb2-438f-b127-8b464b52d076 req-f1882637-2fb2-438f-b127-8b464b52d076 ] Request (ServersNegativeTestJSON:setUpClass): 202 POST http://10.180.1.21/compute/v2.1/servers 1.689s
2025-05-14 07:50:09.969 69647 INFO tempest.lib.common.rest_client [req-4d864f9c-0c46-45af-aedb-3a5f05ff7f15 req-4d864f9c-0c46-45af-aedb-3a5f05ff7f15 ] Request (ServerActionsTestJSON:setUpClass): 200 GET http://10.180.1.21/compute/v2.1/servers/9e46d111-4d9f-4a6c-a83f-b3ad002d44b1 1.563s
2025-05-14 07:50:10.003 69645 INFO tempest.lib.common.rest_client [req-b038476f-f333-41f1-a396-876a75273cdb req-b038476f-f333-41f1-a396-876a75273cdb ] Request (ServerAddressesNegativeTestJSON:setUpClass): 201 POST http://10.180.1.21/identity/v3/auth/tokens 0.049s
2025-05-14 07:50:10.004 69645 INFO tempest.lib.common.fixed_network [-] (ServerAddressesNegativeTestJSON:setUpClass) Found network {'id': '04d5b24b-6500-4d9a-9a85-0175905a8155', 'name': 'tempest-ServerAddressesNegativeTestJSON-405732571-network', 'tenant_id': 'cab41a7f3bd74d0884e560d9fccfa976', 'admin_state_up': True, 'mtu': 8950, 'status': 'ACTIVE', 'subnets': [], 'shared': False, 'project_id': 'cab41a7f3bd74d0884e560d9fccfa976', 'port_security_enabled': True, 'router:external': False, 'provider:network_type': 'vlan', 'provider:physical_network': 'default', 'provider:segmentation_id': 536, 'availability_zone_hints': [], 'availability_zones': [], 'ipv4_address_scope': None, 'ipv6_address_scope': None, 'description': '', 'tags': [], 'created_at': '2025-05-14T07:50:04Z', 'updated_at': '2025-05-14T07:50:04Z', 'revision_number': 1} available for tenant
2025-05-14 07:50:10.035 69633 INFO tempest.lib.common.rest_client [req-f4bf3566-eaa7-4732-b682-8d681424c7fe req-f4bf3566-eaa7-4732-b682-8d681424c7fe ] Request (ServersV294TestFqdnHostnames:setUpClass): 200 GET http://10.180.1.21/compute/v2.1/servers/a06e99d5-651a-4923-bab3-cdbea3aa096a 1.376s
2025-05-14 07:50:10.039 69641 INFO tempest.lib.common.rest_client [req-5cce786e-2084-40b3-a221-f39487f4e7f0 req-5cce786e-2084-40b3-a221-f39487f4e7f0 ] Request (InstanceActionsNegativeTestJSON:setUpClass): 200 GET http://10.180.1.21/compute/v2.1/servers/71670670-eaeb-4ea4-8a75-f87b443ef5ff 1.544s
2025-05-14 07:50:10.065 69623 INFO tempest.lib.common.rest_client [req-dfaa0738-b2d1-4176-a993-4c23a1da4220 req-dfaa0738-b2d1-4176-a993-4c23a1da4220 ] Request (ImagesDeleteNegativeTestJSON:test_delete_image_non_hex_string_id): 404 DELETE http://10.180.1.21/compute/v2.1/images/4a5aa1a4-eb7a-48cc-abae-e7cad63a4b6j 0.926s
2025-05-14 07:50:10.092 69659 INFO tempest.lib.common.rest_client [req-fe64cbfa-fd27-4eed-ac22-12b7db577e4a req-fe64cbfa-fd27-4eed-ac22-12b7db577e4a ] Request (ServersAdminTestJSON:test_create_server_with_scheduling_hint): 200 GET http://10.180.1.21/compute/v2.1/servers/905a3dd7-0e33-4aa6-adc0-79597406c6af 1.276s
2025-05-14 07:50:10.228 69629 INFO tempest.lib.common.rest_client [req-b9ec8fd6-1369-45f3-a865-2eb12423f8d3 req-b9ec8fd6-1369-45f3-a865-2eb12423f8d3 ] Request (MigrationsAdminTest:test_list_migrations_in_flavor_resize_situation): 200 GET http://10.180.1.21/compute/v2.1/servers/4e5401b1-a0a4-41e2-96e0-e6855a8bb806 0.694s
2025-05-14 07:50:10.266 69613 INFO tempest.lib.common.rest_client [req-8d8c9811-ac0d-4e1f-8a12-817982e8234e req-8d8c9811-ac0d-4e1f-8a12-817982e8234e ] Request (SecurityGroupRulesNegativeTestJSON:test_create_security_group_rule_with_invalid_from_port): 400 POST http://10.180.1.21/compute/v2.1/os-security-group-rules 0.631s
2025-05-14 07:50:10.332 69625 INFO tempest.lib.common.rest_client [req-a2922188-069b-4d6b-a787-10ec55d1ae5a req-a2922188-069b-4d6b-a787-10ec55d1ae5a ] Request (VolumesAdminNegativeTest:test_update_attached_volume_with_nonexistent_volume_in_body): 200 GET http://10.180.1.21/compute/v2.1/servers/cc206bac-006b-4745-8f4f-55dfe218121c 0.672s
2025-05-14 07:50:10.438 69669 INFO tempest.lib.common.rest_client [req-a90ea6bf-4e8f-496a-8cbb-2b1664c67371 req-a90ea6bf-4e8f-496a-8cbb-2b1664c67371 ] Request (ServersAdminNegativeTestJSON:test_migrate_server_invalid_state): 202 POST http://10.180.1.21/compute/v2.1/servers/f47ae27b-8118-4331-9e67-afc6fc410200/action 0.653s
2025-05-14 07:50:10.535 69631 INFO tempest.lib.common.rest_client [req-12b73053-a4d5-4391-92a1-f197e83f84e9 req-12b73053-a4d5-4391-92a1-f197e83f84e9 ] Request (AttachInterfacesUnderV243Test:test_add_remove_fixed_ip): 200 GET http://10.180.1.21/compute/v2.1/servers/04666d7c-26f8-46cf-bc3d-ea6b4ddc650e 0.692s
2025-05-14 07:50:10.601 69655 INFO tempest.lib.common.rest_client [req-b874e9fd-caab-4485-8b3d-7007d7e7d4ae req-b874e9fd-caab-4485-8b3d-7007d7e7d4ae ] Request (ServerMetadataTestJSON:setUpClass): 200 GET http://10.180.1.21/compute/v2.1/servers/9869d107-a676-4f7c-aa1c-63d2841ff564 0.675s
2025-05-14 07:50:10.733 69651 INFO tempest.lib.common.rest_client [req-cdbb4fcd-55de-4d01-a367-cb89f4be97c2 req-cdbb4fcd-55de-4d01-a367-cb89f4be97c2 ] Request (ImagesOneServerTestJSON:setUpClass): 200 GET http://10.180.1.21/compute/v2.1/servers/98551255-5e8d-4e4d-96b0-7d2e7a706189 0.804s
2025-05-14 07:50:10.823 69621 INFO tempest.lib.common.rest_client [req-35d1aef4-efd0-4dd9-b277-695e9271f4b5 req-35d1aef4-efd0-4dd9-b277-695e9271f4b5 ] Request (ServersNegativeTestJSON:setUpClass): 200 GET http://10.180.1.21/compute/v2.1/servers/a2dab00f-aed0-4811-98a2-fb4e42d59bc5 0.856s
2025-05-14 07:50:10.903 69615 INFO tempest.lib.common.rest_client [req-310cb03f-230f-4302-9ab9-4aca2897ad54 req-310cb03f-230f-4302-9ab9-4aca2897ad54 ] Request (ServerMetadataNegativeTestJSON:setUpClass): 200 GET http://10.180.1.21/compute/v2.1/servers/08f26a0a-472b-45af-a24e-56e8add1b9aa 0.907s
2025-05-14 07:50:11.409 69645 INFO tempest.lib.common.rest_client [req-b74825e6-5128-494f-8377-9670ccab1441 req-b74825e6-5128-494f-8377-9670ccab1441 ] Request (ServerAddressesNegativeTestJSON:setUpClass): 202 POST http://10.180.1.21/compute/v2.1/servers 1.405s
2025-05-14 07:50:11.422 69623 INFO tempest.lib.common.rest_client [req-9976dfba-c92c-4cd1-a88f-156e422ea989 req-9976dfba-c92c-4cd1-a88f-156e422ea989 ] Request (ImagesDeleteNegativeTestJSON:test_delete_image_with_id_over_character_limit): 404 DELETE http://10.180.1.21/compute/v2.1/images/62e2f9e7-f56b-4a4a-8c94-db85102ad8d21 1.351s
2025-05-14 07:50:11.509 69619 INFO tempest.lib.common.rest_client [req-8fc2f26f-f857-45e5-9ee6-f85bfc592179 req-8fc2f26f-f857-45e5-9ee6-f85bfc592179 ] Request (InstanceActionsTestJSON:setUpClass): 200 GET http://10.180.1.21/compute/v2.1/servers/ae7cbc62-f044-444c-9444-3a5d456d73a0 1.396s
2025-05-14 07:50:11.729 69665 INFO tempest.lib.common.rest_client [req-2f914763-2e88-4eb3-b9d7-dd58b608cadd req-2f914763-2e88-4eb3-b9d7-dd58b608cadd ] Request (ServersTestManualDisk:setUpClass): 200 GET http://10.180.1.21/compute/v2.1/servers/13f55876-520c-4486-8bae-2b0962436054 1.588s
2025-05-14 07:50:11.737 69665 INFO tempest.common.waiters [-] State transition "BUILD/block_device_mapping" ==> "BUILD/spawning" after 41 second wait
2025-05-14 07:50:11.813 69611 INFO tempest.lib.common.rest_client [req-324e17d3-3707-4cd8-bd21-7b017cc71084 req-324e17d3-3707-4cd8-bd21-7b017cc71084 ] Request (AttachInterfacesTestJSON:test_create_list_show_delete_interfaces_by_fixed_ip): 200 GET http://10.180.1.21/compute/v2.1/servers/169fceb8-b9fa-46cf-b61b-e82fa2e67543 1.587s
2025-05-14 07:50:11.820 69611 INFO tempest.common.waiters [-] State transition "BUILD/scheduling" ==> "BUILD/None" after 25 second wait
2025-05-14 07:50:11.903 69649 INFO tempest.lib.common.rest_client [req-3c0e7038-29c0-4b7b-88ef-c52227b04d81 req-3c0e7038-29c0-4b7b-88ef-c52227b04d81 ] Request (ServersAdmin275Test:tearDownClass): 200 GET http://10.180.1.21/compute/v2.1/servers/c43b0096-1133-485b-b45a-f3fdb718ac7e 1.655s
2025-05-14 07:50:11.909 69613 INFO tempest.lib.common.rest_client [req-9bf6bf12-b0d3-4236-9604-2f178344f5e9 req-9bf6bf12-b0d3-4236-9604-2f178344f5e9 ] Request (SecurityGroupRulesNegativeTestJSON:test_create_security_group_rule_with_invalid_id): 400 POST http://10.180.1.21/compute/v2.1/os-security-group-rules 1.642s
2025-05-14 07:50:11.913 69649 INFO tempest.common.waiters [-] State transition "ACTIVE/deleting" ==> "DELETED/None" after 5 second wait
2025-05-14 07:50:11.978 69635 INFO tempest.lib.common.rest_client [req-c88a5d92-3f6d-4af1-bdda-2c4645db829c req-c88a5d92-3f6d-4af1-bdda-2c4645db829c ] Request (FloatingIPsAssociationTestJSON:test_associate_already_associated_floating_ip): 200 GET http://10.180.1.21/compute/v2.1/servers/38d1e69b-afaa-4753-afed-59e67f5ed6c9 1.674s
2025-05-14 07:50:12.043 69643 INFO tempest.lib.common.rest_client [req-ef6d29d7-c9a2-4f57-9a53-8e7a60a6fa23 req-ef6d29d7-c9a2-4f57-9a53-8e7a60a6fa23 ] Request (ServerDiagnosticsNegativeTest:tearDownClass): 200 GET http://10.180.1.21/compute/v2.1/servers/4f767aa7-83ad-4b6f-b891-484faae230d5 1.733s
2025-05-14 07:50:12.050 69643 INFO tempest.common.waiters [-] State transition "ACTIVE/deleting" ==> "DELETED/None" after 6 second wait
2025-05-14 07:50:12.096 69639 INFO tempest.lib.common.rest_client [req-68c41fc0-cec0-4d04-9aeb-646dab1a8dae req-68c41fc0-cec0-4d04-9aeb-646dab1a8dae ] Request (ImagesTestJSON:test_create_image_from_suspended_server): 200 GET http://10.180.1.21/compute/v2.1/servers/564a2204-e77f-4c8b-8f78-4f12a0f6152f 1.736s
2025-05-14 07:50:12.151 69637 INFO tempest.lib.common.rest_client [req-01732798-c75b-4802-a0a2-87e1bf4181ed req-01732798-c75b-4802-a0a2-87e1bf4181ed ] Request (InstanceActionsV221TestJSON:test_get_list_deleted_instance_actions): 200 GET http://10.180.1.21/compute/v2.1/servers/b784d34b-8156-43de-9e77-fb1d931c33e9 1.754s
2025-05-14 07:50:12.205 69671 INFO tempest.lib.common.rest_client [req-c2dfd8ed-ca3a-4212-adae-3270f78c04af req-c2dfd8ed-ca3a-4212-adae-3270f78c04af ] Request (SecurityGroupsTestJSON:test_server_security_groups): 200 GET http://10.180.1.21/compute/v2.1/servers/36d49fac-f237-4a44-be70-066ad12631c6 1.795s
2025-05-14 07:50:12.419 69669 INFO tempest.lib.common.rest_client [req-e539050c-d447-4318-8610-488b7e763642 req-e539050c-d447-4318-8610-488b7e763642 ] Request (ServersAdminNegativeTestJSON:test_migrate_server_invalid_state): 200 GET http://10.180.1.21/compute/v2.1/servers/f47ae27b-8118-4331-9e67-afc6fc410200 1.980s
2025-05-14 07:50:12.481 69663 INFO tempest.lib.common.rest_client [req-8e708d31-2910-4e45-9057-6e79d99a8344 req-8e708d31-2910-4e45-9057-6e79d99a8344 ] Request (ListServersNegativeTestJSON:setUpClass): 200 GET http://10.180.1.21/compute/v2.1/servers/08bafbfc-161c-46ab-883a-a86e1db3499a 1.909s
2025-05-14 07:50:12.531 69657 INFO tempest.lib.common.rest_client [req-693da748-2eaf-4ca5-a76a-0018315789d0 req-693da748-2eaf-4ca5-a76a-0018315789d0 ] Request (DeleteServersAdminTestJSON:test_delete_server_while_in_error_state): 200 GET http://10.180.1.21/compute/v2.1/servers/2e1ac2fc-ed22-4d5b-bb5d-3d86015a0f3d 1.673s
2025-05-14 07:50:12.538 69657 INFO tempest.common.waiters [-] State transition "BUILD/scheduling" ==> "BUILD/None" after 28 second wait
2025-05-14 07:50:12.581 69653 INFO tempest.lib.common.rest_client [req-c1618680-86ea-434e-92a0-8c633f5cd945 req-c1618680-86ea-434e-92a0-8c633f5cd945 ] Request (FloatingIPsAssociationNegativeTestJSON:setUpClass): 200 GET http://10.180.1.21/compute/v2.1/servers/c2bc4b50-d4a8-4705-a450-20233a3527bc 1.658s
2025-05-14 07:50:12.630 69647 INFO tempest.lib.common.rest_client [req-b4405b7a-3f90-459e-9a32-1ebd913938c6 req-b4405b7a-3f90-459e-9a32-1ebd913938c6 ] Request (ServerActionsTestJSON:setUpClass): 200 GET http://10.180.1.21/compute/v2.1/servers/9e46d111-4d9f-4a6c-a83f-b3ad002d44b1 1.649s
2025-05-14 07:50:12.688 69633 INFO tempest.lib.common.rest_client [req-aa8a97a8-7ef9-442f-9bf0-e4687cf0672a req-aa8a97a8-7ef9-442f-9bf0-e4687cf0672a ] Request (ServersV294TestFqdnHostnames:setUpClass): 200 GET http://10.180.1.21/compute/v2.1/servers/a06e99d5-651a-4923-bab3-cdbea3aa096a 1.641s
2025-05-14 07:50:12.781 69641 INFO tempest.lib.common.rest_client [req-4728bd5f-ed10-44ff-831b-be41a402c688 req-4728bd5f-ed10-44ff-831b-be41a402c688 ] Request (InstanceActionsNegativeTestJSON:setUpClass): 200 GET http://10.180.1.21/compute/v2.1/servers/71670670-eaeb-4ea4-8a75-f87b443ef5ff 1.730s
2025-05-14 07:50:12.788 69641 INFO tempest.common.waiters [-] State transition "BUILD/None" ==> "BUILD/spawning" after 41 second wait
2025-05-14 07:50:12.832 69659 INFO tempest.lib.common.rest_client [req-18879d98-b434-43e9-a1e1-e584af185887 req-18879d98-b434-43e9-a1e1-e584af185887 ] Request (ServersAdminTestJSON:test_create_server_with_scheduling_hint): 200 GET http://10.180.1.21/compute/v2.1/servers/905a3dd7-0e33-4aa6-adc0-79597406c6af 1.730s
2025-05-14 07:50:12.921 69629 INFO tempest.lib.common.rest_client [req-00e307ad-5e6b-496c-b62f-7bf8a5f141a6 req-00e307ad-5e6b-496c-b62f-7bf8a5f141a6 ] Request (MigrationsAdminTest:test_list_migrations_in_flavor_resize_situation): 200 GET http://10.180.1.21/compute/v2.1/servers/4e5401b1-a0a4-41e2-96e0-e6855a8bb806 1.683s
2025-05-14 07:50:12.978 69625 INFO tempest.lib.common.rest_client [req-caeef50f-d9be-4258-82f2-98f623a1bb68 req-caeef50f-d9be-4258-82f2-98f623a1bb68 ] Request (VolumesAdminNegativeTest:test_update_attached_volume_with_nonexistent_volume_in_body): 200 GET http://10.180.1.21/compute/v2.1/servers/cc206bac-006b-4745-8f4f-55dfe218121c 1.637s
2025-05-14 07:50:13.036 69645 INFO tempest.lib.common.rest_client [req-95489b60-8d7c-4e93-af95-13f379c41a6c req-95489b60-8d7c-4e93-af95-13f379c41a6c ] Request (ServerAddressesNegativeTestJSON:setUpClass): 200 GET http://10.180.1.21/compute/v2.1/servers/7626c8f9-ebba-44f1-a1a6-fc97379f170c 1.625s
2025-05-14 07:50:13.058 69623 INFO tempest.lib.common.rest_client [req-f5984493-5057-45f6-bdb7-5d693d171e47 req-f5984493-5057-45f6-bdb7-5d693d171e47 ] Request (ImagesDeleteNegativeTestJSON:test_delete_image_with_invalid_image_id): 404 DELETE http://10.180.1.21/compute/v2.1/images/tempest-invalid-1104499534 1.634s
2025-05-14 07:50:13.145 69627 INFO tempest.lib.common.rest_client [req-cf9cf3ee-c6e0-444a-a13d-1d98455f1834 req-cf9cf3ee-c6e0-444a-a13d-1d98455f1834 ] Request (AttachInterfacesV270Test:test_create_get_list_interfaces): 400 POST http://10.180.1.21/compute/v2.1/servers/6514d903-1c1c-402c-a440-3c11fc6849d3/os-interface 3.636s
2025-05-14 07:50:13.187 69631 INFO tempest.lib.common.rest_client [req-6de0f385-fa31-48db-9186-a6b5736559eb req-6de0f385-fa31-48db-9186-a6b5736559eb ] Request (AttachInterfacesUnderV243Test:test_add_remove_fixed_ip): 200 GET http://10.180.1.21/compute/v2.1/servers/04666d7c-26f8-46cf-bc3d-ea6b4ddc650e 1.636s
2025-05-14 07:50:13.203 69655 INFO tempest.lib.common.rest_client [req-b2f1c2da-98f3-4ea1-a95b-026f9ae76c18 req-b2f1c2da-98f3-4ea1-a95b-026f9ae76c18 ] Request (ServerMetadataTestJSON:setUpClass): 200 GET http://10.180.1.21/compute/v2.1/servers/9869d107-a676-4f7c-aa1c-63d2841ff564 1.590s
2025-05-14 07:50:13.259 69621 INFO tempest.lib.common.rest_client [req-4c1be052-a979-4803-9bbf-43c19810ee0e req-4c1be052-a979-4803-9bbf-43c19810ee0e ] Request (ServersNegativeTestJSON:setUpClass): 200 GET http://10.180.1.21/compute/v2.1/servers/a2dab00f-aed0-4811-98a2-fb4e42d59bc5 1.421s
2025-05-14 07:50:13.352 69651 INFO tempest.lib.common.rest_client [req-18aa68d5-3e78-4d48-ba3f-e392f382e049 req-18aa68d5-3e78-4d48-ba3f-e392f382e049 ] Request (ImagesOneServerTestJSON:setUpClass): 200 GET http://10.180.1.21/compute/v2.1/servers/98551255-5e8d-4e4d-96b0-7d2e7a706189 1.610s
2025-05-14 07:50:13.359 69651 INFO tempest.common.waiters [-] State transition "BUILD/spawning" ==> "ACTIVE/None" after 45 second wait
2025-05-14 07:50:13.380 69613 INFO tempest.lib.common.rest_client [req-1a06efb8-dac3-4f3c-9c5b-8de1534d537e req-1a06efb8-dac3-4f3c-9c5b-8de1534d537e ] Request (SecurityGroupRulesNegativeTestJSON:test_create_security_group_rule_with_invalid_ip_protocol): 200 POST http://10.180.1.21/compute/v2.1/os-security-groups 1.468s
2025-05-14 07:50:13.417 69615 INFO tempest.lib.common.rest_client [req-78146da5-0804-4207-99ca-cc3e57fa78a8 req-78146da5-0804-4207-99ca-cc3e57fa78a8 ] Request (ServerMetadataNegativeTestJSON:setUpClass): 200 GET http://10.180.1.21/compute/v2.1/servers/08f26a0a-472b-45af-a24e-56e8add1b9aa 1.504s
2025-05-14 07:50:13.458 69619 INFO tempest.lib.common.rest_client [req-a4b937cd-ccf0-49d2-b5cc-582d9736f1db req-a4b937cd-ccf0-49d2-b5cc-582d9736f1db ] Request (InstanceActionsTestJSON:setUpClass): 200 GET http://10.180.1.21/compute/v2.1/servers/ae7cbc62-f044-444c-9444-3a5d456d73a0 0.932s
