2025-05-14 07:49:32.847 69615 INFO tempest.lib.common.rest_client [req-25799cdb-2ad5-4da1-aa8b-f2764f65a659 req-25799cdb-2ad5-4da1-aa8b-f2764f65a659 ] Request (FlavorsAccessNegativeTestJSON:tearDownClass): 204 DELETE http://10.180.1.21/identity/v3/projects/19f49b958c9f4506b0a31bfc5c2ec0f1 0.110s
2025-05-14 07:49:32.849 69615 INFO tempest.test [-] raised in ServersOnMultiNodesTest.setUpClass. Invoking tearDownClass.
2025-05-14 07:49:32.880 69665 INFO tempest.lib.common.rest_client [req-3d0412cc-d706-4209-b7cf-5144a8b9dcbe req-3d0412cc-d706-4209-b7cf-5144a8b9dcbe ] Request (ServersTestManualDisk:setUpClass): 200 GET http://10.180.1.21/compute/v2.1/servers/13f55876-520c-4486-8bae-2b0962436054 1.210s
2025-05-14 07:49:32.884 69647 INFO tempest.lib.common.rest_client [req-db1a0f69-f754-4725-864f-c5e744acdbf1 req-db1a0f69-f754-4725-864f-c5e744acdbf1 ] Request (ServerActionsTestJSON:setUpClass): 201 POST http://10.180.1.21/identity/v3/auth/tokens 0.133s
2025-05-14 07:49:32.908 69611 INFO tempest.lib.common.rest_client [req-c76d4e19-0e95-494e-81a6-5281b0a20450 req-c76d4e19-0e95-494e-81a6-5281b0a20450 ] Request (AttachInterfacesTestJSON:setUpClass): 201 POST http://10.180.1.21/identity/v3/auth/tokens 0.083s
2025-05-14 07:49:32.912 69615 INFO tempest.lib.common.rest_client [req-587a31aa-06f3-410b-b8d0-39af1c3885ee req-587a31aa-06f3-410b-b8d0-39af1c3885ee ] Request (ServerMetadataNegativeTestJSON:setUpClass): 201 POST http://10.180.1.21/identity/v3/auth/tokens 0.060s
2025-05-14 07:49:32.938 69647 INFO tempest.lib.common.rest_client [req-f00b99a4-1812-43ae-8c02-7a849ace49a9 req-f00b99a4-1812-43ae-8c02-7a849ace49a9 ] Request (ServerActionsTestJSON:setUpClass): 201 POST http://10.180.1.21/identity/v3/auth/tokens 0.051s
2025-05-14 07:49:32.941 69611 INFO tempest.lib.common.rest_client [req-cd00c6a3-37fd-4c52-8417-369208c7990d req-cd00c6a3-37fd-4c52-8417-369208c7990d ] Request (AttachInterfacesTestJSON:setUpClass): 201 POST http://10.180.1.21/identity/v3/auth/tokens 0.031s
2025-05-14 07:49:32.968 69647 INFO tempest.lib.common.rest_client [req-c2a8ed52-8ad4-4b54-977e-3195fec75fb5 req-c2a8ed52-8ad4-4b54-977e-3195fec75fb5 ] Request (ServerActionsTestJSON:setUpClass): 200 GET http://10.180.1.21/identity/v3/domains?name=Default 0.029s
2025-05-14 07:49:32.970 69615 INFO tempest.lib.common.rest_client [req-e694d643-fedb-4e54-a517-7bb2bb33e344 req-e694d643-fedb-4e54-a517-7bb2bb33e344 ] Request (ServerMetadataNegativeTestJSON:setUpClass): 201 POST http://10.180.1.21/identity/v3/auth/tokens 0.055s
2025-05-14 07:49:32.997 69647 INFO tempest.lib.common.rest_client [req-ec4166ba-ba7a-4e0e-8a96-2c04915351b4 req-ec4166ba-ba7a-4e0e-8a96-2c04915351b4 ] Request (ServerActionsTestJSON:setUpClass): 201 POST http://10.180.1.21/identity/v3/projects 0.028s
2025-05-14 07:49:32.999 69611 INFO tempest.lib.common.rest_client [req-c8dd3fac-f0a5-402a-a29f-27747ae63aef req-c8dd3fac-f0a5-402a-a29f-27747ae63aef ] Request (AttachInterfacesTestJSON:setUpClass): 200 GET http://10.180.1.21/identity/v3/domains?name=Default 0.057s
2025-05-14 07:49:33.064 69615 INFO tempest.lib.common.rest_client [req-aa7bbfee-32e6-46cd-adeb-12710d5d4f91 req-aa7bbfee-32e6-46cd-adeb-12710d5d4f91 ] Request (ServerMetadataNegativeTestJSON:setUpClass): 200 GET http://10.180.1.21/identity/v3/domains?name=Default 0.093s
2025-05-14 07:49:33.069 69647 INFO tempest.lib.common.rest_client [req-2bdcabd0-1617-44c5-95ee-ff11c54b341d req-2bdcabd0-1617-44c5-95ee-ff11c54b341d ] Request (ServerActionsTestJSON:setUpClass): 201 POST http://10.180.1.21/identity/v3/users 0.071s
2025-05-14 07:49:33.088 69625 INFO tempest.lib.common.rest_client [req-5f3e1132-d365-44fc-9504-0fb59a98ccf8 req-5f3e1132-d365-44fc-9504-0fb59a98ccf8 ] Request (VolumesAdminNegativeTest:test_update_attached_volume_with_nonexistent_volume_in_body): 202 POST http://10.180.1.21/compute/v2.1/servers 1.424s
2025-05-14 07:49:33.095 69611 INFO tempest.lib.common.rest_client [req-4cac60b5-8d63-4552-ba4b-66b4bc9fe8e5 req-4cac60b5-8d63-4552-ba4b-66b4bc9fe8e5 ] Request (AttachInterfacesTestJSON:setUpClass): 201 POST http://10.180.1.21/identity/v3/projects 0.095s
2025-05-14 07:49:33.099 69615 INFO tempest.lib.common.rest_client [req-35d46e47-c93b-4142-b07c-2fe559df16d2 req-35d46e47-c93b-4142-b07c-2fe559df16d2 ] Request (ServerMetadataNegativeTestJSON:setUpClass): 201 POST http://10.180.1.21/identity/v3/projects 0.034s
2025-05-14 07:49:33.114 69637 INFO tempest.lib.common.rest_client [req-68425e2e-75a8-43e6-9b5a-cf8625f38020 req-68425e2e-75a8-43e6-9b5a-cf8625f38020 ] Request (ImagesMetadataNegativeTestJSON:test_set_nonexistent_image_metadata): 404 PUT http://10.180.1.21/compute/v2.1/images/df1d3322-1059-44aa-a53f-932b723b3eaf/metadata 1.310s
2025-05-14 07:49:33.172 69611 INFO tempest.lib.common.rest_client [req-c4bc0443-1dd3-407c-aad5-4f5853a29536 req-c4bc0443-1dd3-407c-aad5-4f5853a29536 ] Request (AttachInterfacesTestJSON:setUpClass): 201 POST http://10.180.1.21/identity/v3/users 0.077s
2025-05-14 07:49:33.191 69663 INFO tempest.lib.common.rest_client [req-43fed286-c72a-47ff-be54-3222fbb088b8 req-43fed286-c72a-47ff-be54-3222fbb088b8 ] Request (ListServersNegativeTestJSON:setUpClass): 200 GET http://10.180.1.21/compute/v2.1/servers/089fa934-e1b4-4412-999a-c79df4191b9a 1.268s
2025-05-14 07:49:33.206 69647 INFO tempest.lib.common.rest_client [req-e8f2795c-2a59-4430-92f8-2cef73d8a913 req-e8f2795c-2a59-4430-92f8-2cef73d8a913 ] Request (ServerActionsTestJSON:setUpClass): 200 GET http://10.180.1.21/identity/v3/roles 0.136s
2025-05-14 07:49:33.213 69615 INFO tempest.lib.common.rest_client [req-194c4c77-38a3-4f60-bfe5-754ec7ef7ca1 req-194c4c77-38a3-4f60-bfe5-754ec7ef7ca1 ] Request (ServerMetadataNegativeTestJSON:setUpClass): 201 POST http://10.180.1.21/identity/v3/users 0.114s
2025-05-14 07:49:33.225 69611 INFO tempest.lib.common.rest_client [req-c76570cf-9f43-4a33-81b7-5b3fb92e0d53 req-c76570cf-9f43-4a33-81b7-5b3fb92e0d53 ] Request (AttachInterfacesTestJSON:setUpClass): 200 GET http://10.180.1.21/identity/v3/roles 0.052s
2025-05-14 07:49:33.246 69615 INFO tempest.lib.common.rest_client [req-b6fe5caf-a21d-418d-8855-e60cf2365bcf req-b6fe5caf-a21d-418d-8855-e60cf2365bcf ] Request (ServerMetadataNegativeTestJSON:setUpClass): 200 GET http://10.180.1.21/identity/v3/roles 0.032s
2025-05-14 07:49:33.258 69621 INFO tempest.lib.common.rest_client [req-10945a49-d05f-4b5f-8a72-30c12fe4f0cf req-10945a49-d05f-4b5f-8a72-30c12fe4f0cf ] Request (KeyPairsV2TestJSON:_run_cleanups): 202 DELETE http://10.180.1.21/compute/v2.1/os-keypairs/tempest-KeyPairsV2TestJSON-keypair-1928881331 1.257s
2025-05-14 07:49:33.259 69647 INFO tempest.lib.common.rest_client [req-31f32647-ebe6-4aa2-99f3-68038203ce9e req-31f32647-ebe6-4aa2-99f3-68038203ce9e ] Request (ServerActionsTestJSON:setUpClass): 204 PUT http://10.180.1.21/identity/v3/projects/eb8427f90a8d4e7fae632a096e3e649f/users/525823b3fb9d4a79a9fb0b920ca7a6bf/roles/3dc90f427f18449999960da81974b05b 0.053s
2025-05-14 07:49:33.260 69647 INFO tempest.lib.common.dynamic_creds [-] Dynamic test user 525823b3fb9d4a79a9fb0b920ca7a6bf is created with scope project and roles: ['member']
2025-05-14 07:49:33.260 69647 INFO tempest.lib.common.dynamic_creds [-] Acquired dynamic creds: credentials: Credentials: {'domain_id': 'default', 'domain_name': 'Default', 'username': 'tempest-ServerActionsTestJSON-532501355-project-member', 'project_domain_id': 'default', 'project_domain_name': 'Default', 'project_id': 'eb8427f90a8d4e7fae632a096e3e649f', 'project_name': 'tempest-ServerActionsTestJSON-532501355', 'tenant_id': 'eb8427f90a8d4e7fae632a096e3e649f', 'tenant_name': 'tempest-ServerActionsTestJSON-532501355', 'user_domain_id': 'default', 'user_domain_name': 'Default', 'user_id': '525823b3fb9d4a79a9fb0b920ca7a6bf', 'system': None}, Network: None, Subnet: None, Router: None
2025-05-14 07:49:33.275 69611 INFO tempest.lib.common.rest_client [req-b56eeabb-c500-443e-84fa-d96b54d4eac8 req-b56eeabb-c500-443e-84fa-d96b54d4eac8 ] Request (AttachInterfacesTestJSON:setUpClass): 204 PUT http://10.180.1.21/identity/v3/projects/bff50d352421443f8f7dbda63f29dcdf/users/752b76220eb646caa5910fac515a529c/roles/3dc90f427f18449999960da81974b05b 0.048s
2025-05-14 07:49:33.275 69611 INFO tempest.lib.common.dynamic_creds [-] Dynamic test user 752b76220eb646caa5910fac515a529c is created with scope project and roles: ['member']
2025-05-14 07:49:33.275 69611 INFO tempest.lib.common.dynamic_creds [-] Acquired dynamic creds: credentials: Credentials: {'domain_id': 'default', 'domain_name': 'Default', 'username': 'tempest-AttachInterfacesTestJSON-368024256-project-member', 'project_domain_id': 'default', 'project_domain_name': 'Default', 'project_id': 'bff50d352421443f8f7dbda63f29dcdf', 'project_name': 'tempest-AttachInterfacesTestJSON-368024256', 'tenant_id': 'bff50d352421443f8f7dbda63f29dcdf', 'tenant_name': 'tempest-AttachInterfacesTestJSON-368024256', 'user_domain_id': 'default', 'user_domain_name': 'Default', 'user_id': '752b76220eb646caa5910fac515a529c', 'system': None}, Network: None, Subnet: None, Router: None
2025-05-14 07:49:33.311 69619 INFO tempest.lib.common.rest_client [req-e30d8897-4e8b-4714-b5ef-7487d954d7a2 req-e30d8897-4e8b-4714-b5ef-7487d954d7a2 ] Request (FloatingIPDetailsTestJSON:_run_cleanups): 202 DELETE http://10.180.1.21/compute/v2.1/os-floating-ips/9ab55d8f-ba13-4b19-95e9-67d37379be16 1.625s
2025-05-14 07:49:33.337 69647 INFO tempest.lib.common.rest_client [req-b087a98c-d751-4de4-91d7-4ca7ef8755a2 req-b087a98c-d751-4de4-91d7-4ca7ef8755a2 ] Request (ServerActionsTestJSON:setUpClass): 201 POST http://10.180.1.21/identity/v3/auth/tokens 0.076s
2025-05-14 07:49:33.361 69611 INFO tempest.lib.common.rest_client [req-c5cf6aeb-ceed-4c1f-b95e-7a6fae8d5778 req-c5cf6aeb-ceed-4c1f-b95e-7a6fae8d5778 ] Request (AttachInterfacesTestJSON:setUpClass): 201 POST http://10.180.1.21/identity/v3/auth/tokens 0.085s
2025-05-14 07:49:33.376 69673 INFO tempest.lib.common.rest_client [req-955b5fd6-3a6a-4a35-9766-c792152258ec req-955b5fd6-3a6a-4a35-9766-c792152258ec ] Request (ServersWithSpecificFlavorTestJSON:test_verify_created_server_ephemeral_disk): 200 GET http://10.180.1.21/compute/v2.1/servers/220e39b0-a762-4978-8b16-abe5b1c883cd 1.305s
2025-05-14 07:49:33.384 69645 INFO tempest.lib.common.rest_client [req-77dbb38e-dcd1-4c5f-a504-f56cf9c3eedb req-77dbb38e-dcd1-4c5f-a504-f56cf9c3eedb ] Request (AggregatesAdminNegativeTestJSON:test_aggregate_list_as_user): 403 GET http://10.180.1.21/compute/v2.1/os-aggregates 1.246s
2025-05-14 07:49:33.395 69615 INFO tempest.lib.common.rest_client [req-d5a7c548-323c-43cb-9a5a-78f148a002c5 req-d5a7c548-323c-43cb-9a5a-78f148a002c5 ] Request (ServerMetadataNegativeTestJSON:setUpClass): 204 PUT http://10.180.1.21/identity/v3/projects/c61dd82cdf284271bae4aed0e50f42d3/users/6e393fccb15d417e9dc10b960b6a2dba/roles/3dc90f427f18449999960da81974b05b 0.146s
2025-05-14 07:49:33.395 69615 INFO tempest.lib.common.dynamic_creds [-] Dynamic test user 6e393fccb15d417e9dc10b960b6a2dba is created with scope project and roles: ['member']
2025-05-14 07:49:33.395 69615 INFO tempest.lib.common.dynamic_creds [-] Acquired dynamic creds: credentials: Credentials: {'domain_id': 'default', 'domain_name': 'Default', 'username': 'tempest-ServerMetadataNegativeTestJSON-1077856448-project-member', 'project_domain_id': 'default', 'project_domain_name': 'Default', 'project_id': 'c61dd82cdf284271bae4aed0e50f42d3', 'project_name': 'tempest-ServerMetadataNegativeTestJSON-1077856448', 'tenant_id': 'c61dd82cdf284271bae4aed0e50f42d3', 'tenant_name': 'tempest-ServerMetadataNegativeTestJSON-1077856448', 'user_domain_id': 'default', 'user_domain_name': 'Default', 'user_id': '6e393fccb15d417e9dc10b960b6a2dba', 'system': None}, Network: None, Subnet: None, Router: None
2025-05-14 07:49:33.397 69639 INFO tempest.lib.common.rest_client [req-b8da072a-377d-4be9-8cf9-d8eceec60377 req-b8da072a-377d-4be9-8cf9-d8eceec60377 ] Request (ImagesTestJSON:test_create_image_from_stopped_server): 200 GET http://10.180.1.21/compute/v2.1/servers/ffe2e50a-e538-4fb7-ba9f-2ade5a1b3117 1.328s
2025-05-14 07:49:33.414 69653 INFO tempest.lib.common.rest_client [req-c0c57bf0-789e-44d4-b4e3-09cce9b5f28d req-c0c57bf0-789e-44d4-b4e3-09cce9b5f28d ] Request (FlavorsAdminTestJSON:test_is_public_string_variations): 200 POST http://10.180.1.21/compute/v2.1/flavors 1.254s
2025-05-14 07:49:33.455 69649 INFO tempest.lib.common.rest_client [req-dbef2d97-f4fd-41c5-b124-f88e2cc207c5 req-dbef2d97-f4fd-41c5-b124-f88e2cc207c5 ] Request (ServersAdmin275Test:test_rebuild_update_server_275): 200 GET http://10.180.1.21/compute/v2.1/servers/c43b0096-1133-485b-b45a-f3fdb718ac7e 1.292s
2025-05-14 07:49:33.484 69627 INFO tempest.lib.common.rest_client [req-d49acd7f-8fe2-499b-bb16-c3012c3e3f0b req-d49acd7f-8fe2-499b-bb16-c3012c3e3f0b ] Request (AttachInterfacesV270Test:test_create_get_list_interfaces): 200 GET http://10.180.1.21/compute/v2.1/servers/6514d903-1c1c-402c-a440-3c11fc6849d3 1.241s
2025-05-14 07:49:33.503 69615 INFO tempest.lib.common.rest_client [req-ceebebbf-6ad0-4956-90a2-ec4e2fc8e8c7 req-ceebebbf-6ad0-4956-90a2-ec4e2fc8e8c7 ] Request (ServerMetadataNegativeTestJSON:setUpClass): 201 POST http://10.180.1.21/identity/v3/auth/tokens 0.107s
2025-05-14 07:49:33.510 69629 INFO tempest.lib.common.rest_client [req-699f1301-6853-44ef-b812-40adecce27e0 req-699f1301-6853-44ef-b812-40adecce27e0 ] Request (MigrationsAdminTest:test_list_migrations_in_flavor_resize_situation): 200 GET http://10.180.1.21/compute/v2.1/servers/4e5401b1-a0a4-41e2-96e0-e6855a8bb806 1.212s
2025-05-14 07:49:33.550 69669 INFO tempest.lib.common.rest_client [req-b02d4a66-d24b-40d6-884d-48796d2b547f req-b02d4a66-d24b-40d6-884d-48796d2b547f ] Request (ServersAdminNegativeTestJSON:test_migrate_server_invalid_state): 200 GET http://10.180.1.21/compute/v2.1/servers/f47ae27b-8118-4331-9e67-afc6fc410200 1.242s
2025-05-14 07:49:33.569 69643 INFO tempest.lib.common.rest_client [req-be910762-8a50-43c3-bf74-d758f2bf436b req-be910762-8a50-43c3-bf74-d758f2bf436b ] Request (ServerDiagnosticsNegativeTest:test_get_server_diagnostics_by_non_admin): 200 GET http://10.180.1.21/compute/v2.1/servers/4f767aa7-83ad-4b6f-b891-484faae230d5 1.212s
2025-05-14 07:49:33.629 69651 INFO tempest.lib.common.rest_client [req-9f38ac69-32a2-4343-a93e-6cac7e2d8a69 req-9f38ac69-32a2-4343-a93e-6cac7e2d8a69 ] Request (ImagesOneServerTestJSON:setUpClass): 200 GET http://10.180.1.21/compute/v2.1/servers/98551255-5e8d-4e4d-96b0-7d2e7a706189 1.212s
2025-05-14 07:49:33.784 69615 INFO tempest.lib.common.rest_client [req-940fa060-9088-45db-bebe-9cd39e0d72ca req-940fa060-9088-45db-bebe-9cd39e0d72ca ] Request (ServerMetadataNegativeTestJSON:setUpClass): 201 POST http://10.180.1.21:9696/networking/v2.0/networks 0.280s
2025-05-14 07:49:33.849 69633 INFO tempest.lib.common.rest_client [req-e7f63fe7-39c6-4a41-8eb5-54c3a3dbc490 req-e7f63fe7-39c6-4a41-8eb5-54c3a3dbc490 ] Request (QuotasAdminTestJSON:test_get_updated_quotas): 200 PUT http://10.180.1.21/compute/v2.1/os-quota-sets/901e3a6a004a449f946c45b2bb667156?user_id=e361a8b50ac84d12b36750346852e772 1.221s
2025-05-14 07:49:33.877 69623 INFO tempest.lib.common.rest_client [req-8699d331-90e0-4395-8f87-fc867cb4b9c3 req-8699d331-90e0-4395-8f87-fc867cb4b9c3 ] Request (TenantUsagesTestJSON:test_get_usage_tenant_with_non_admin_user): 200 GET http://10.180.1.21/compute/v2.1/os-simple-tenant-usage/1aae8137c6d7442c8f8625cfa75a1bdd?start=2025-05-13T07%3A49%3A31.593060&end=2025-05-15T07%3A49%3A31.593060 1.217s
2025-05-14 07:49:33.907 69667 INFO tempest.lib.common.rest_client [req-663bea8c-9c4f-424a-9865-681bd5998eb8 req-663bea8c-9c4f-424a-9865-681bd5998eb8 ] Request (SecurityGroupRulesTestJSON:test_security_group_rules_delete_when_peer_group_deleted): 200 POST http://10.180.1.21/compute/v2.1/os-security-groups 1.545s
2025-05-14 07:49:33.935 69647 INFO tempest.lib.common.rest_client [req-004f2bb1-2ee3-442b-86cb-8f142d1130a7 req-004f2bb1-2ee3-442b-86cb-8f142d1130a7 ] Request (ServerActionsTestJSON:setUpClass): 201 POST http://10.180.1.21:9696/networking/v2.0/networks 0.598s
2025-05-14 07:49:33.957 69613 INFO tempest.lib.common.rest_client [req-5251918d-17f7-4efa-aa0e-744be96d0aa6 req-5251918d-17f7-4efa-aa0e-744be96d0aa6 ] Request (ServerDiagnosticsTest:tearDownClass): 200 GET http://10.180.1.21/compute/v2.1/servers/4a9b799d-0be0-40d6-a3e1-b490077eac0d 1.296s
2025-05-14 07:49:33.977 69655 INFO tempest.lib.common.rest_client [req-2959e70a-dea5-4294-a796-1b00ff7b3abb req-2959e70a-dea5-4294-a796-1b00ff7b3abb ] Request (ServerExternalEventsTest:tearDownClass): 200 GET http://10.180.1.21/compute/v2.1/servers/d18dfec2-6406-4edc-8313-f0b39f7c277b 1.250s
2025-05-14 07:49:33.980 69611 INFO tempest.lib.common.rest_client [req-9a13d1e6-f3db-46b8-9a6a-b6914bda492e req-9a13d1e6-f3db-46b8-9a6a-b6914bda492e ] Request (AttachInterfacesTestJSON:setUpClass): 201 POST http://10.180.1.21:9696/networking/v2.0/networks 0.619s
2025-05-14 07:49:34.021 69641 INFO tempest.lib.common.rest_client [req-51193ea8-e581-4749-9f28-9190eea2d76f req-51193ea8-e581-4749-9f28-9190eea2d76f ] Request (InstanceActionsNegativeTestJSON:setUpClass): 200 GET http://10.180.1.21/compute/v2.1/servers/71670670-eaeb-4ea4-8a75-f87b443ef5ff 1.229s
2025-05-14 07:49:34.052 69659 INFO tempest.lib.common.rest_client [req-b8bf78ee-d21c-4d4e-ada3-8777c70ba159 req-b8bf78ee-d21c-4d4e-ada3-8777c70ba159 ] Request (ServersAdminTestJSON:test_create_server_with_scheduling_hint): 200 GET http://10.180.1.21/compute/v2.1/servers/905a3dd7-0e33-4aa6-adc0-79597406c6af 1.239s
2025-05-14 07:49:34.056 69615 INFO tempest.lib.common.rest_client [req-783499d1-8a44-4238-881c-a84590238900 req-783499d1-8a44-4238-881c-a84590238900 ] Request (ServerMetadataNegativeTestJSON:setUpClass): 201 POST http://10.180.1.21:9696/networking/v2.0/subnets 0.271s
2025-05-14 07:49:34.161 69631 INFO tempest.lib.common.rest_client [req-d3375c66-02ef-4e66-b156-bc8e90f2d3b1 req-d3375c66-02ef-4e66-b156-bc8e90f2d3b1 ] Request (AttachInterfacesUnderV243Test:test_add_remove_fixed_ip): 200 GET http://10.180.1.21/compute/v2.1/servers/04666d7c-26f8-46cf-bc3d-ea6b4ddc650e 1.287s
2025-05-14 07:49:34.237 69671 INFO tempest.lib.common.rest_client [req-b6f8db1b-e468-4984-b86b-c814f35e52c6 req-b6f8db1b-e468-4984-b86b-c814f35e52c6 ] Request (SecurityGroupsTestJSON:test_list_security_groups_by_server): 200 GET http://10.180.1.21/compute/v2.1/servers/1bd841c8-d845-49fd-b275-67494acbc939 1.328s
2025-05-14 07:49:34.316 69625 INFO tempest.lib.common.rest_client [req-9aaa5033-ff40-419b-a22a-412b53ff4b27 req-9aaa5033-ff40-419b-a22a-412b53ff4b27 ] Request (VolumesAdminNegativeTest:test_update_attached_volume_with_nonexistent_volume_in_body): 200 GET http://10.180.1.21/compute/v2.1/servers/cc206bac-006b-4745-8f4f-55dfe218121c 1.226s
2025-05-14 07:49:34.341 69637 INFO tempest.lib.common.rest_client [req-a2f29495-c98c-460d-ba68-8cec53c60c33 req-a2f29495-c98c-460d-ba68-8cec53c60c33 ] Request (ImagesMetadataNegativeTestJSON:test_set_nonexistent_image_metadata_item): 404 PUT http://10.180.1.21/compute/v2.1/images/eb325199-c05b-4ce5-bd8c-a81b59016202/metadata/os_distro 1.226s
2025-05-14 07:49:34.405 69617 INFO tempest.lib.common.rest_client [req-6a87b785-05f0-4732-9794-d2f3ee6dad91 req-6a87b785-05f0-4732-9794-d2f3ee6dad91 ] Request (VolumesAssistedSnapshotsTest:test_volume_assisted_snapshot_create_delete): 200 GET http://10.180.1.21/compute/v2.1/servers/1edd6ab2-40c6-45e6-bba3-66b6379012e9 1.413s
2025-05-14 07:49:34.406 69611 INFO tempest.lib.common.rest_client [req-a0c81266-c33e-4f8b-9a2c-4544220d6db7 req-a0c81266-c33e-4f8b-9a2c-4544220d6db7 ] Request (AttachInterfacesTestJSON:setUpClass): 201 POST http://10.180.1.21:9696/networking/v2.0/subnets 0.426s
2025-05-14 07:49:34.413 69635 INFO tempest.lib.common.rest_client [req-93dc7692-2e13-4dc0-94e8-f57f0df51ca2 req-93dc7692-2e13-4dc0-94e8-f57f0df51ca2 ] Request (FloatingIPsAssociationTestJSON:test_associate_already_associated_floating_ip): 200 GET http://10.180.1.21/compute/v2.1/servers/38d1e69b-afaa-4753-afed-59e67f5ed6c9 1.262s
2025-05-14 07:49:34.425 69621 INFO tempest.lib.common.rest_client [req-e41f4eee-9124-4e22-b6b9-88a18f8761d0 req-e41f4eee-9124-4e22-b6b9-88a18f8761d0 ] Request (KeyPairsV2TestJSON:_run_cleanups): 202 DELETE http://10.180.1.21/compute/v2.1/os-keypairs/tempest-KeyPairsV2TestJSON-keypair-1857399574 1.166s
2025-05-14 07:49:34.458 69645 INFO tempest.lib.common.rest_client [req-8320c68f-82ff-4ff9-bd86-79a33f0fa859 req-8320c68f-82ff-4ff9-bd86-79a33f0fa859 ] Request (AggregatesAdminNegativeTestJSON:test_aggregate_remove_host_as_user): 200 POST http://10.180.1.21/compute/v2.1/os-aggregates 1.068s
2025-05-14 07:49:34.482 69653 INFO tempest.lib.common.rest_client [req-1c560e48-43e0-46ae-8ada-18a8f5fb6544 req-1c560e48-43e0-46ae-8ada-18a8f5fb6544 ] Request (FlavorsAdminTestJSON:test_is_public_string_variations): 200 GET http://10.180.1.21/compute/v2.1/flavors/detail?is_public=f 1.066s
2025-05-14 07:49:34.489 69647 INFO tempest.lib.common.rest_client [req-e3351e06-0245-4dfd-bc8b-5b1a8100f696 req-e3351e06-0245-4dfd-bc8b-5b1a8100f696 ] Request (ServerActionsTestJSON:setUpClass): 201 POST http://10.180.1.21:9696/networking/v2.0/subnets 0.553s
2025-05-14 07:49:34.549 69621 INFO tempest.lib.common.rest_client [req-b0c87914-a54c-4bf3-ac00-e2ffcad70954 req-b0c87914-a54c-4bf3-ac00-e2ffcad70954 ] Request (KeyPairsV2TestJSON:tearDownClass): 204 DELETE http://10.180.1.21/identity/v3/users/fc9602b1aa7646a89a8223de3cd4a4a8 0.121s
2025-05-14 07:49:34.549 69621 INFO tempest.lib.common.dynamic_creds [-] Deleting project and security group for project: a946ebb15c2a40ab9cd45ca484ed68cf
2025-05-14 07:49:34.590 69657 INFO tempest.lib.common.rest_client [req-0a8656f8-927c-4f68-9d70-76ce7d30d581 req-0a8656f8-927c-4f68-9d70-76ce7d30d581 ] Request (DeleteServersAdminTestJSON:test_admin_delete_servers_of_others): 200 GET http://10.180.1.21/compute/v2.1/servers/347e6d11-5b68-4e8e-aa8f-22ad5784f16d 0.858s
2025-05-14 07:49:34.624 69619 INFO tempest.lib.common.rest_client [req-e1172530-35fb-49bd-b171-61fde914704c req-e1172530-35fb-49bd-b171-61fde914704c ] Request (FloatingIPDetailsTestJSON:test_list_floating_ips): 200 GET http://10.180.1.21/compute/v2.1/os-floating-ips 1.312s
2025-05-14 07:49:34.637 69621 INFO tempest.lib.common.rest_client [req-df537f6c-8446-4b44-8111-9949b377c293 req-df537f6c-8446-4b44-8111-9949b377c293 ] Request (KeyPairsV2TestJSON:tearDownClass): 201 POST http://10.180.1.21/identity/v3/auth/tokens 0.087s
2025-05-14 07:49:34.691 69623 INFO tempest.lib.common.rest_client [req-f0d1a45c-0749-45e6-b6d0-ce8561a3e9e7 req-f0d1a45c-0749-45e6-b6d0-ce8561a3e9e7 ] Request (TenantUsagesTestJSON:test_list_usage_all_tenants): 200 GET http://10.180.1.21/compute/v2.1/os-simple-tenant-usage?start=2025-05-13T07%3A49%3A31.593060&end=2025-05-15T07%3A49%3A31.593060&detailed=1 0.804s
2025-05-14 07:49:34.752 69633 INFO tempest.lib.common.rest_client [req-a3434678-062b-4615-9dbc-edb3ffa9423c req-a3434678-062b-4615-9dbc-edb3ffa9423c ] Request (QuotasAdminTestJSON:test_get_updated_quotas): 200 GET http://10.180.1.21/compute/v2.1/os-quota-sets/901e3a6a004a449f946c45b2bb667156?user_id=e361a8b50ac84d12b36750346852e772 0.901s
2025-05-14 07:49:34.774 69665 INFO tempest.lib.common.rest_client [req-a8bb9d25-04c8-43a7-95b5-2e6c85a3012b req-a8bb9d25-04c8-43a7-95b5-2e6c85a3012b ] Request (ServersTestManualDisk:setUpClass): 200 GET http://10.180.1.21/compute/v2.1/servers/13f55876-520c-4486-8bae-2b0962436054 0.884s
2025-05-14 07:49:34.827 69633 INFO tempest.lib.common.rest_client [req-84d1e217-5090-41e2-a2e3-601f9f2cebe3 req-84d1e217-5090-41e2-a2e3-601f9f2cebe3 ] Request (QuotasAdminTestJSON:_run_cleanups): 204 DELETE http://10.180.1.21/identity/v3/users/e361a8b50ac84d12b36750346852e772 0.072s
2025-05-14 07:49:34.854 69663 INFO tempest.lib.common.rest_client [req-a0743489-aac0-4f7b-890a-c0a67aacb585 req-a0743489-aac0-4f7b-890a-c0a67aacb585 ] Request (ListServersNegativeTestJSON:setUpClass): 200 GET http://10.180.1.21/compute/v2.1/servers/089fa934-e1b4-4412-999a-c79df4191b9a 0.649s
2025-05-14 07:49:34.873 69637 INFO tempest.lib.common.rest_client [req-ba12b252-8170-4d3d-b2cb-300bcfa5c9ad req-ba12b252-8170-4d3d-b2cb-300bcfa5c9ad ] Request (ImagesMetadataNegativeTestJSON:test_update_nonexistent_image_metadata): 404 POST http://10.180.1.21/compute/v2.1/images/c95d10aa-c529-4872-bb6f-2f5dfb2a7c40/metadata 0.530s
2025-05-14 07:49:34.930 69633 INFO tempest.lib.common.rest_client [req-71cb79f6-da08-4158-b2e9-f6dd08696ae1 req-71cb79f6-da08-4158-b2e9-f6dd08696ae1 ] Request (QuotasAdminTestJSON:_run_cleanups): 204 DELETE http://10.180.1.21/identity/v3/projects/901e3a6a004a449f946c45b2bb667156 0.102s
2025-05-14 07:49:34.944 69673 INFO tempest.lib.common.rest_client [req-96f93740-2083-4ba5-b6d0-2f4b375c2260 req-96f93740-2083-4ba5-b6d0-2f4b375c2260 ] Request (ServersWithSpecificFlavorTestJSON:test_verify_created_server_ephemeral_disk): 200 GET http://10.180.1.21/compute/v2.1/servers/220e39b0-a762-4978-8b16-abe5b1c883cd 0.557s
2025-05-14 07:49:35.021 69637 INFO tempest.lib.common.rest_client [req-7e717931-c6e9-43c0-8767-45f8f37ea9e5 req-7e717931-c6e9-43c0-8767-45f8f37ea9e5 ] Request (ImagesMetadataNegativeTestJSON:tearDownClass): 204 DELETE http://10.180.1.21/identity/v3/users/83502c5a2a9a4b9ea12fe37192212abd 0.146s
2025-05-14 07:49:35.021 69637 INFO tempest.lib.common.dynamic_creds [-] Deleting project and security group for project: c4ebf95527d440d99a087f50ea19ecbc
2025-05-14 07:49:35.091 69637 INFO tempest.lib.common.rest_client [req-6e1c7654-337a-4d3e-a9c5-d822085b1180 req-6e1c7654-337a-4d3e-a9c5-d822085b1180 ] Request (ImagesMetadataNegativeTestJSON:tearDownClass): 201 POST http://10.180.1.21/identity/v3/auth/tokens 0.070s
2025-05-14 07:49:35.148 69639 INFO tempest.lib.common.rest_client [req-38f51017-8513-4816-852a-af5952d3ea3f req-38f51017-8513-4816-852a-af5952d3ea3f ] Request (ImagesTestJSON:test_create_image_from_stopped_server): 200 GET http://10.180.1.21/compute/v2.1/servers/ffe2e50a-e538-4fb7-ba9f-2ade5a1b3117 0.739s
2025-05-14 07:49:35.162 69639 INFO tempest.common.waiters [-] State transition "ACTIVE/powering-off" ==> "SHUTOFF/None" after 2 second wait
2025-05-14 07:49:35.322 69621 INFO tempest.lib.common.rest_client [req-b46a5a72-4a60-41b1-9b54-971ef2d80451 req-b46a5a72-4a60-41b1-9b54-971ef2d80451 ] Request (KeyPairsV2TestJSON:tearDownClass): 200 GET http://10.180.1.21:9696/networking/v2.0/security-groups?tenant_id=a946ebb15c2a40ab9cd45ca484ed68cf&name=default 0.685s
2025-05-14 07:49:35.449 69621 INFO tempest.lib.common.rest_client [req-d13763f1-c283-49f7-a5b8-d1683dcb7725 req-d13763f1-c283-49f7-a5b8-d1683dcb7725 ] Request (KeyPairsV2TestJSON:tearDownClass): 204 DELETE http://10.180.1.21:9696/networking/v2.0/security-groups/f17cafd3-5981-42c3-ac99-a1cbcb13f35d 0.127s
2025-05-14 07:49:35.473 69645 INFO tempest.lib.common.rest_client [req-2a553648-1c43-4d9a-bf55-1fb6ec3b0105 req-2a553648-1c43-4d9a-bf55-1fb6ec3b0105 ] Request (AggregatesAdminNegativeTestJSON:test_aggregate_remove_host_as_user): 200 POST http://10.180.1.21/compute/v2.1/os-aggregates/7/action 1.010s
2025-05-14 07:49:35.518 69621 INFO tempest.lib.common.rest_client [req-c8c0c717-9598-405c-8c9e-d797f9e885f2 req-c8c0c717-9598-405c-8c9e-d797f9e885f2 ] Request (KeyPairsV2TestJSON:tearDownClass): 204 DELETE http://10.180.1.21/identity/v3/projects/a946ebb15c2a40ab9cd45ca484ed68cf 0.068s
2025-05-14 07:49:35.535 69611 INFO tempest.lib.common.rest_client [req-37b04e7b-1f63-43c5-91df-1ce541f43ea5 req-37b04e7b-1f63-43c5-91df-1ce541f43ea5 ] Request (AttachInterfacesTestJSON:setUpClass): 201 POST http://10.180.1.21:9696/networking/v2.0/routers 1.127s
2025-05-14 07:49:35.558 69667 INFO tempest.lib.common.rest_client [req-6f2afcf6-630c-435c-961d-640d2cb66229 req-6f2afcf6-630c-435c-961d-640d2cb66229 ] Request (SecurityGroupRulesTestJSON:test_security_group_rules_delete_when_peer_group_deleted): 200 POST http://10.180.1.21/compute/v2.1/os-security-group-rules 1.647s
2025-05-14 07:49:35.569 69649 INFO tempest.lib.common.rest_client [req-4ce1a9eb-180d-4c24-a864-bd127493544e req-4ce1a9eb-180d-4c24-a864-bd127493544e ] Request (ServersAdmin275Test:test_rebuild_update_server_275): 200 GET http://10.180.1.21/compute/v2.1/servers/c43b0096-1133-485b-b45a-f3fdb718ac7e 1.097s
2025-05-14 07:49:35.583 69653 INFO tempest.lib.common.rest_client [req-b56dffa1-37c7-4f30-866b-e1bb5bab3b6e req-b56dffa1-37c7-4f30-866b-e1bb5bab3b6e ] Request (FlavorsAdminTestJSON:test_is_public_string_variations): 200 GET http://10.180.1.21/compute/v2.1/flavors/detail?is_public=false 1.096s
2025-05-14 07:49:35.589 69637 INFO tempest.lib.common.rest_client [req-a43b5409-41de-4432-a14f-ccd1a8259d18 req-a43b5409-41de-4432-a14f-ccd1a8259d18 ] Request (ImagesMetadataNegativeTestJSON:tearDownClass): 200 GET http://10.180.1.21:9696/networking/v2.0/security-groups?tenant_id=c4ebf95527d440d99a087f50ea19ecbc&name=default 0.498s
2025-05-14 07:49:35.597 69621 INFO tempest.lib.common.rest_client [req-a4e28f9b-d4ab-4781-910a-f3d3d3c14cca req-a4e28f9b-d4ab-4781-910a-f3d3d3c14cca ] Request (KeyPairsV22TestJSON:setUpClass): 201 POST http://10.180.1.21/identity/v3/auth/tokens 0.078s
2025-05-14 07:49:35.630 69621 INFO tempest.lib.common.rest_client [req-75491d5c-ad11-499c-b7dd-481a15cb08f3 req-75491d5c-ad11-499c-b7dd-481a15cb08f3 ] Request (KeyPairsV22TestJSON:setUpClass): 201 POST http://10.180.1.21/identity/v3/auth/tokens 0.030s
2025-05-14 07:49:35.650 69627 INFO tempest.lib.common.rest_client [req-9824801c-56a2-43fd-b2d0-b666d1179a8c req-9824801c-56a2-43fd-b2d0-b666d1179a8c ] Request (AttachInterfacesV270Test:test_create_get_list_interfaces): 200 GET http://10.180.1.21/compute/v2.1/servers/6514d903-1c1c-402c-a440-3c11fc6849d3 1.152s
2025-05-14 07:49:35.663 69621 INFO tempest.lib.common.rest_client [req-8df67ad6-6e99-4742-96ec-62ae86336037 req-8df67ad6-6e99-4742-96ec-62ae86336037 ] Request (KeyPairsV22TestJSON:setUpClass): 200 GET http://10.180.1.21/identity/v3/domains?name=Default 0.032s
2025-05-14 07:49:35.665 69629 INFO tempest.lib.common.rest_client [req-7d4750cc-7621-4e89-9336-01a4614ecd9c req-7d4750cc-7621-4e89-9336-01a4614ecd9c ] Request (MigrationsAdminTest:test_list_migrations_in_flavor_resize_situation): 200 GET http://10.180.1.21/compute/v2.1/servers/4e5401b1-a0a4-41e2-96e0-e6855a8bb806 1.146s
2025-05-14 07:49:35.692 69621 INFO tempest.lib.common.rest_client [req-b06cb07f-3af8-4434-a36f-b8bd1ab69ed1 req-b06cb07f-3af8-4434-a36f-b8bd1ab69ed1 ] Request (KeyPairsV22TestJSON:setUpClass): 201 POST http://10.180.1.21/identity/v3/projects 0.028s
2025-05-14 07:49:35.738 69669 INFO tempest.lib.common.rest_client [req-027af952-ab29-46b2-8337-71a64c8a59e6 req-027af952-ab29-46b2-8337-71a64c8a59e6 ] Request (ServersAdminNegativeTestJSON:test_migrate_server_invalid_state): 200 GET http://10.180.1.21/compute/v2.1/servers/f47ae27b-8118-4331-9e67-afc6fc410200 1.177s
2025-05-14 07:49:35.747 69621 INFO tempest.lib.common.rest_client [req-8e6a128d-f2e4-4716-b762-790b7fe6ea26 req-8e6a128d-f2e4-4716-b762-790b7fe6ea26 ] Request (KeyPairsV22TestJSON:setUpClass): 201 POST http://10.180.1.21/identity/v3/users 0.055s
2025-05-14 07:49:35.758 69643 INFO tempest.lib.common.rest_client [req-6154fa06-363d-4bce-bdb6-73e316940d41 req-6154fa06-363d-4bce-bdb6-73e316940d41 ] Request (ServerDiagnosticsNegativeTest:test_get_server_diagnostics_by_non_admin): 200 GET http://10.180.1.21/compute/v2.1/servers/4f767aa7-83ad-4b6f-b891-484faae230d5 1.180s
2025-05-14 07:49:35.770 69621 INFO tempest.lib.common.rest_client [req-735dd766-29d4-4e10-8195-5ed4215ee408 req-735dd766-29d4-4e10-8195-5ed4215ee408 ] Request (KeyPairsV22TestJSON:setUpClass): 200 GET http://10.180.1.21/identity/v3/roles 0.022s
2025-05-14 07:49:35.798 69621 INFO tempest.lib.common.rest_client [req-b8e8c7cc-69b1-43ac-b113-8786cf9a2953 req-b8e8c7cc-69b1-43ac-b113-8786cf9a2953 ] Request (KeyPairsV22TestJSON:setUpClass): 204 PUT http://10.180.1.21/identity/v3/projects/f4bac3415e9345e3aa4a66b057bb87d6/users/8ade18fec1b44206a8c68ead4475c7d4/roles/3dc90f427f18449999960da81974b05b 0.027s
2025-05-14 07:49:35.799 69621 INFO tempest.lib.common.dynamic_creds [-] Dynamic test user 8ade18fec1b44206a8c68ead4475c7d4 is created with scope project and roles: ['member']
2025-05-14 07:49:35.799 69621 INFO tempest.lib.common.dynamic_creds [-] Acquired dynamic creds: credentials: Credentials: {'domain_id': 'default', 'domain_name': 'Default', 'username': 'tempest-KeyPairsV22TestJSON-1111154830-project-member', 'project_domain_id': 'default', 'project_domain_name': 'Default', 'project_id': 'f4bac3415e9345e3aa4a66b057bb87d6', 'project_name': 'tempest-KeyPairsV22TestJSON-1111154830', 'tenant_id': 'f4bac3415e9345e3aa4a66b057bb87d6', 'tenant_name': 'tempest-KeyPairsV22TestJSON-1111154830', 'user_domain_id': 'default', 'user_domain_name': 'Default', 'user_id': '8ade18fec1b44206a8c68ead4475c7d4', 'system': None}, Network: None, Subnet: None, Router: None
2025-05-14 07:49:35.799 69621 INFO tempest.lib.common.dynamic_creds [-] Created isolated network resources for: credentials: Credentials: {'domain_id': 'default', 'domain_name': 'Default', 'username': 'tempest-KeyPairsV22TestJSON-1111154830-project-member', 'project_domain_id': 'default', 'project_domain_name': 'Default', 'project_id': 'f4bac3415e9345e3aa4a66b057bb87d6', 'project_name': 'tempest-KeyPairsV22TestJSON-1111154830', 'tenant_id': 'f4bac3415e9345e3aa4a66b057bb87d6', 'tenant_name': 'tempest-KeyPairsV22TestJSON-1111154830', 'user_domain_id': 'default', 'user_domain_name': 'Default', 'user_id': '8ade18fec1b44206a8c68ead4475c7d4', 'system': None}, Network: None, Subnet: None, Router: None
2025-05-14 07:49:35.846 69651 INFO tempest.lib.common.rest_client [req-37185b92-41a6-4908-99bb-c47946356d19 req-37185b92-41a6-4908-99bb-c47946356d19 ] Request (ImagesOneServerTestJSON:setUpClass): 200 GET http://10.180.1.21/compute/v2.1/servers/98551255-5e8d-4e4d-96b0-7d2e7a706189 1.205s
2025-05-14 07:49:35.876 69621 INFO tempest.lib.common.rest_client [req-cda4c4d2-f03d-479c-9485-d8020ad35e16 req-cda4c4d2-f03d-479c-9485-d8020ad35e16 ] Request (KeyPairsV22TestJSON:setUpClass): 201 POST http://10.180.1.21/identity/v3/auth/tokens 0.074s
2025-05-14 07:49:35.895 69637 INFO tempest.lib.common.rest_client [req-95391743-cf3c-4551-be83-7fc6f8c1c2c9 req-95391743-cf3c-4551-be83-7fc6f8c1c2c9 ] Request (ImagesMetadataNegativeTestJSON:tearDownClass): 204 DELETE http://10.180.1.21:9696/networking/v2.0/security-groups/76afc57f-ad2e-474e-af9c-167767b8a8ed 0.304s
2025-05-14 07:49:35.935 69623 INFO tempest.lib.common.rest_client [req-3b19b815-55e8-44a9-96d2-abc60979e81d req-3b19b815-55e8-44a9-96d2-abc60979e81d ] Request (TenantUsagesTestJSON:tearDownClass): 204 DELETE http://10.180.1.21/compute/v2.1/servers/5373d961-6fd2-43ff-8014-6fca7cad0727 1.235s
2025-05-14 07:49:35.997 69637 INFO tempest.lib.common.rest_client [req-f7a5c754-56ef-4b60-ad97-d7b73caee694 req-f7a5c754-56ef-4b60-ad97-d7b73caee694 ] Request (ImagesMetadataNegativeTestJSON:tearDownClass): 204 DELETE http://10.180.1.21/identity/v3/projects/c4ebf95527d440d99a087f50ea19ecbc 0.102s
2025-05-14 07:49:36.061 69637 INFO tempest.lib.common.rest_client [req-c28fb20a-480b-4b18-ad0e-2891c94e543d req-c28fb20a-480b-4b18-ad0e-2891c94e543d ] Request (InstanceActionsV221TestJSON:setUpClass): 201 POST http://10.180.1.21/identity/v3/auth/tokens 0.062s
2025-05-14 07:49:36.102 69637 INFO tempest.lib.common.rest_client [req-19d48b95-6277-460f-ba14-cb12166d8ed0 req-19d48b95-6277-460f-ba14-cb12166d8ed0 ] Request (InstanceActionsV221TestJSON:setUpClass): 201 POST http://10.180.1.21/identity/v3/auth/tokens 0.038s
2025-05-14 07:49:36.119 69633 INFO tempest.lib.common.rest_client [req-30182f4c-2376-43ee-9c2e-662cf603a640 req-30182f4c-2376-43ee-9c2e-662cf603a640 ] Request (QuotasAdminTestJSON:test_update_all_quota_resources_for_tenant): 200 GET http://10.180.1.21/compute/v2.1/os-quota-sets/a28a65ecfb2841c2bdf3cbca82bb11b0/defaults 1.187s
2025-05-14 07:49:36.124 69637 INFO tempest.lib.common.rest_client [req-98258481-05ac-4df3-94ab-62ec7ae803a9 req-98258481-05ac-4df3-94ab-62ec7ae803a9 ] Request (InstanceActionsV221TestJSON:setUpClass): 200 GET http://10.180.1.21/identity/v3/domains?name=Default 0.021s
2025-05-14 07:49:36.174 69637 INFO tempest.lib.common.rest_client [req-099a5648-7428-4d2d-a0cb-72738fc2bc3b req-099a5648-7428-4d2d-a0cb-72738fc2bc3b ] Request (InstanceActionsV221TestJSON:setUpClass): 201 POST http://10.180.1.21/identity/v3/projects 0.050s
2025-05-14 07:49:36.245 69613 INFO tempest.lib.common.rest_client [req-2fcce867-3fcd-49f1-81ae-abefcd42ffaf req-2fcce867-3fcd-49f1-81ae-abefcd42ffaf ] Request (ServerDiagnosticsTest:tearDownClass): 200 GET http://10.180.1.21/compute/v2.1/servers/4a9b799d-0be0-40d6-a3e1-b490077eac0d 1.278s
2025-05-14 07:49:36.274 69637 INFO tempest.lib.common.rest_client [req-a42b4cb8-1da4-4f9f-aa73-a0574b30d45c req-a42b4cb8-1da4-4f9f-aa73-a0574b30d45c ] Request (InstanceActionsV221TestJSON:setUpClass): 201 POST http://10.180.1.21/identity/v3/users 0.099s
2025-05-14 07:49:36.313 69637 INFO tempest.lib.common.rest_client [req-1ef86895-17db-48b2-b35d-e6a09d699a08 req-1ef86895-17db-48b2-b35d-e6a09d699a08 ] Request (InstanceActionsV221TestJSON:setUpClass): 200 GET http://10.180.1.21/identity/v3/roles 0.038s
2025-05-14 07:49:36.349 69637 INFO tempest.lib.common.rest_client [req-eb2bdb68-73a3-44c0-952c-747bd3341b67 req-eb2bdb68-73a3-44c0-952c-747bd3341b67 ] Request (InstanceActionsV221TestJSON:setUpClass): 204 PUT http://10.180.1.21/identity/v3/projects/9f68f30ff99e44e6a09c137129f8e304/users/4422a1dc386f4776ac559b7bd0421fd0/roles/3dc90f427f18449999960da81974b05b 0.035s
2025-05-14 07:49:36.349 69637 INFO tempest.lib.common.dynamic_creds [-] Dynamic test user 4422a1dc386f4776ac559b7bd0421fd0 is created with scope project and roles: ['member']
2025-05-14 07:49:36.349 69637 INFO tempest.lib.common.dynamic_creds [-] Acquired dynamic creds: credentials: Credentials: {'domain_id': 'default', 'domain_name': 'Default', 'username': 'tempest-InstanceActionsV221TestJSON-337113485-project-member', 'project_domain_id': 'default', 'project_domain_name': 'Default', 'project_id': '9f68f30ff99e44e6a09c137129f8e304', 'project_name': 'tempest-InstanceActionsV221TestJSON-337113485', 'tenant_id': '9f68f30ff99e44e6a09c137129f8e304', 'tenant_name': 'tempest-InstanceActionsV221TestJSON-337113485', 'user_domain_id': 'default', 'user_domain_name': 'Default', 'user_id': '4422a1dc386f4776ac559b7bd0421fd0', 'system': None}, Network: None, Subnet: None, Router: None
2025-05-14 07:49:36.362 69655 INFO tempest.lib.common.rest_client [req-44f26c68-7fb2-47b0-a438-e2c50f528172 req-44f26c68-7fb2-47b0-a438-e2c50f528172 ] Request (ServerExternalEventsTest:tearDownClass): 200 GET http://10.180.1.21/compute/v2.1/servers/d18dfec2-6406-4edc-8313-f0b39f7c277b 1.376s
2025-05-14 07:49:36.379 69619 INFO tempest.lib.common.rest_client [req-8bd589d5-88c3-430d-b2eb-63c03a52d6d3 req-8bd589d5-88c3-430d-b2eb-63c03a52d6d3 ] Request (FloatingIPDetailsTestJSON:tearDownClass): 202 DELETE http://10.180.1.21/compute/v2.1/os-floating-ips/deed500f-78a6-40ab-a812-9b1975bf3879 1.748s
2025-05-14 07:49:36.380 69615 INFO tempest.lib.common.rest_client [req-fa28b73c-470b-438b-b223-24b27d8612d4 req-fa28b73c-470b-438b-b223-24b27d8612d4 ] Request (ServerMetadataNegativeTestJSON:setUpClass): 201 POST http://10.180.1.21:9696/networking/v2.0/routers 2.324s
2025-05-14 07:49:36.426 69641 INFO tempest.lib.common.rest_client [req-9bb5a7da-bab6-49f3-8ab3-6031c2a489c4 req-9bb5a7da-bab6-49f3-8ab3-6031c2a489c4 ] Request (InstanceActionsNegativeTestJSON:setUpClass): 200 GET http://10.180.1.21/compute/v2.1/servers/71670670-eaeb-4ea4-8a75-f87b443ef5ff 1.395s
2025-05-14 07:49:36.434 69637 INFO tempest.lib.common.rest_client [req-4062beff-43a6-4535-8f04-807139d9caec req-4062beff-43a6-4535-8f04-807139d9caec ] Request (InstanceActionsV221TestJSON:setUpClass): 201 POST http://10.180.1.21/identity/v3/auth/tokens 0.084s
2025-05-14 07:49:36.456 69659 INFO tempest.lib.common.rest_client [req-00f00d3e-5bc5-48be-afdd-2aa8092f40d0 req-00f00d3e-5bc5-48be-afdd-2aa8092f40d0 ] Request (ServersAdminTestJSON:test_create_server_with_scheduling_hint): 200 GET http://10.180.1.21/compute/v2.1/servers/905a3dd7-0e33-4aa6-adc0-79597406c6af 1.389s
2025-05-14 07:49:36.545 69631 INFO tempest.lib.common.rest_client [req-98d78560-1c43-43e0-a2be-6ac57879067b req-98d78560-1c43-43e0-a2be-6ac57879067b ] Request (AttachInterfacesUnderV243Test:test_add_remove_fixed_ip): 200 GET http://10.180.1.21/compute/v2.1/servers/04666d7c-26f8-46cf-bc3d-ea6b4ddc650e 1.373s
2025-05-14 07:49:36.589 69647 INFO tempest.lib.common.rest_client [req-75ea5dec-c319-4b0d-8ec3-a7a290cc9101 req-75ea5dec-c319-4b0d-8ec3-a7a290cc9101 ] Request (ServerActionsTestJSON:setUpClass): 201 POST http://10.180.1.21:9696/networking/v2.0/routers 2.099s
2025-05-14 07:49:36.947 69637 INFO tempest.lib.common.rest_client [req-3abc482e-d78f-4363-bb18-9f81c0943c43 req-3abc482e-d78f-4363-bb18-9f81c0943c43 ] Request (InstanceActionsV221TestJSON:setUpClass): 201 POST http://10.180.1.21:9696/networking/v2.0/networks 0.513s
2025-05-14 07:49:37.039 69639 INFO tempest.lib.common.rest_client [req-27a10dd2-229a-4f99-82ff-589035624053 req-27a10dd2-229a-4f99-82ff-589035624053 ] Request (ImagesTestJSON:test_create_image_from_stopped_server): 202 POST http://10.180.1.21/compute/v2.1/servers/ffe2e50a-e538-4fb7-ba9f-2ade5a1b3117/action 1.876s
2025-05-14 07:49:37.135 69625 INFO tempest.lib.common.rest_client [req-6469c493-d7aa-44de-8671-7e6926dcedff req-6469c493-d7aa-44de-8671-7e6926dcedff ] Request (VolumesAdminNegativeTest:test_update_attached_volume_with_nonexistent_volume_in_body): 200 GET http://10.180.1.21/compute/v2.1/servers/cc206bac-006b-4745-8f4f-55dfe218121c 1.805s
2025-05-14 07:49:37.187 69671 INFO tempest.lib.common.rest_client [req-8ac01910-6c42-4478-88d2-e0cd51c89bca req-8ac01910-6c42-4478-88d2-e0cd51c89bca ] Request (SecurityGroupsTestJSON:test_list_security_groups_by_server): 200 GET http://10.180.1.21/compute/v2.1/servers/1bd841c8-d845-49fd-b275-67494acbc939 1.936s
2025-05-14 07:49:37.198 69671 INFO tempest.common.waiters [-] State transition "BUILD/spawning" ==> "ACTIVE/None" after 32 second wait
2025-05-14 07:49:37.275 69635 INFO tempest.lib.common.rest_client [req-b05c0f3d-b1e0-4f5d-a960-3c7e131b3a1d req-b05c0f3d-b1e0-4f5d-a960-3c7e131b3a1d ] Request (FloatingIPsAssociationTestJSON:test_associate_already_associated_floating_ip): 200 GET http://10.180.1.21/compute/v2.1/servers/38d1e69b-afaa-4753-afed-59e67f5ed6c9 1.847s
2025-05-14 07:49:37.285 69645 INFO tempest.lib.common.rest_client [req-a5997825-ef7c-4097-86c5-a3fed210f2f6 req-a5997825-ef7c-4097-86c5-a3fed210f2f6 ] Request (AggregatesAdminNegativeTestJSON:test_aggregate_remove_host_as_user): 403 POST http://10.180.1.21/compute/v2.1/os-aggregates/7/action 1.810s
2025-05-14 07:49:37.669 69667 INFO tempest.lib.common.rest_client [req-c6f89230-d68a-41cc-8b48-c120645743d3 req-c6f89230-d68a-41cc-8b48-c120645743d3 ] Request (SecurityGroupRulesTestJSON:test_security_group_rules_delete_when_peer_group_deleted): 202 DELETE http://10.180.1.21/compute/v2.1/os-security-groups/21977812-0087-421a-ab9c-bb71753fe12a 2.109s
2025-05-14 07:49:37.688 69653 INFO tempest.lib.common.rest_client [req-14aefd65-e699-4787-8fc1-9824b361ab81 req-14aefd65-e699-4787-8fc1-9824b361ab81 ] Request (FlavorsAdminTestJSON:test_is_public_string_variations): 200 GET http://10.180.1.21/compute/v2.1/flavors/detail?is_public=no 2.101s
2025-05-14 07:49:37.712 69637 INFO tempest.lib.common.rest_client [req-b7e772b5-bd87-49ee-a5ce-aae7ca92db8f req-b7e772b5-bd87-49ee-a5ce-aae7ca92db8f ] Request (InstanceActionsV221TestJSON:setUpClass): 201 POST http://10.180.1.21:9696/networking/v2.0/subnets 0.763s
2025-05-14 07:49:37.731 69617 INFO tempest.lib.common.rest_client [req-296a2381-ad68-4971-b629-676bff28e62b req-296a2381-ad68-4971-b629-676bff28e62b ] Request (VolumesAssistedSnapshotsTest:test_volume_assisted_snapshot_create_delete): 200 GET http://10.180.1.21/compute/v2.1/servers/1edd6ab2-40c6-45e6-bba3-66b6379012e9 2.315s
2025-05-14 07:49:37.791 69657 INFO tempest.lib.common.rest_client [req-33054d3e-c8c9-4e2b-a955-610c91a70472 req-33054d3e-c8c9-4e2b-a955-610c91a70472 ] Request (DeleteServersAdminTestJSON:test_admin_delete_servers_of_others): 200 GET http://10.180.1.21/compute/v2.1/servers/347e6d11-5b68-4e8e-aa8f-22ad5784f16d 2.185s
2025-05-14 07:49:37.811 69665 INFO tempest.lib.common.rest_client [req-6019826a-5186-410b-a804-03d54dd9c246 req-6019826a-5186-410b-a804-03d54dd9c246 ] Request (ServersTestManualDisk:setUpClass): 200 GET http://10.180.1.21/compute/v2.1/servers/13f55876-520c-4486-8bae-2b0962436054 2.024s
2025-05-14 07:49:37.983 69621 INFO tempest.lib.common.rest_client [req-ff7175b0-57de-44b5-8575-5771f838a880 req-ff7175b0-57de-44b5-8575-5771f838a880 ] Request (KeyPairsV22TestJSON:test_get_keypair_detail): 201 POST http://10.180.1.21/compute/v2.1/os-keypairs 2.106s
2025-05-14 07:49:38.072 69663 INFO tempest.lib.common.rest_client [req-a3eeebb9-eb63-4b7c-911d-5588f47fb88d req-a3eeebb9-eb63-4b7c-911d-5588f47fb88d ] Request (ListServersNegativeTestJSON:setUpClass): 200 GET http://10.180.1.21/compute/v2.1/servers/089fa934-e1b4-4412-999a-c79df4191b9a 2.209s
2025-05-14 07:49:38.083 69663 INFO tempest.common.waiters [-] State transition "BUILD/None" ==> "BUILD/spawning" after 32 second wait
2025-05-14 07:49:38.171 69673 INFO tempest.lib.common.rest_client [req-75f669fa-5bd4-42f2-a71c-869d0a1d5986 req-75f669fa-5bd4-42f2-a71c-869d0a1d5986 ] Request (ServersWithSpecificFlavorTestJSON:test_verify_created_server_ephemeral_disk): 200 GET http://10.180.1.21/compute/v2.1/servers/220e39b0-a762-4978-8b16-abe5b1c883cd 2.218s
2025-05-14 07:49:38.262 69611 INFO tempest.lib.common.rest_client [req-2cbb3b8f-c970-4aad-afa1-2b579fb81e8b req-2cbb3b8f-c970-4aad-afa1-2b579fb81e8b ] Request (AttachInterfacesTestJSON:setUpClass): 200 PUT http://10.180.1.21:9696/networking/v2.0/routers/9376d559-01b6-4b83-ad32-a315cb9b2b87/add_router_interface 2.726s
2025-05-14 07:49:38.262 69611 INFO tempest.lib.common.dynamic_creds [-] Created isolated network resources for: credentials: Credentials: {'domain_id': 'default', 'domain_name': 'Default', 'username': 'tempest-AttachInterfacesTestJSON-368024256-project-member', 'project_domain_id': 'default', 'project_domain_name': 'Default', 'project_id': 'bff50d352421443f8f7dbda63f29dcdf', 'project_name': 'tempest-AttachInterfacesTestJSON-368024256', 'tenant_id': 'bff50d352421443f8f7dbda63f29dcdf', 'tenant_name': 'tempest-AttachInterfacesTestJSON-368024256', 'user_domain_id': 'default', 'user_domain_name': 'Default', 'user_id': '752b76220eb646caa5910fac515a529c', 'system': None}, Network: {'id': '6ebe7ede-aef0-42dc-8d94-398ac031574c', 'name': 'tempest-AttachInterfacesTestJSON-1323406191-network', 'tenant_id': 'bff50d352421443f8f7dbda63f29dcdf', 'admin_state_up': True, 'mtu': 8950, 'status': 'ACTIVE', 'subnets': [], 'shared': False, 'project_id': 'bff50d352421443f8f7dbda63f29dcdf', 'port_security_enabled': True, 'router:external': False, 'provider:network_type': 'vlan', 'provider:physical_network': 'default', 'provider:segmentation_id': 12, 'availability_zone_hints': [], 'availability_zones': [], 'ipv4_address_scope': None, 'ipv6_address_scope': None, 'description': '', 'tags': [], 'created_at': '2025-05-14T07:49:33Z', 'updated_at': '2025-05-14T07:49:33Z', 'revision_number': 1}, Subnet: {'id': '7483c080-59b3-4fd6-83ee-e94e8ea8d9e7', 'name': 'tempest-AttachInterfacesTestJSON-1323406191-subnet', 'tenant_id': 'bff50d352421443f8f7dbda63f29dcdf', 'network_id': '6ebe7ede-aef0-42dc-8d94-398ac031574c', 'ip_version': 4, 'subnetpool_id': None, 'enable_dhcp': True, 'ipv6_ra_mode': None, 'ipv6_address_mode': None, 'gateway_ip': '192.168.128.1', 'cidr': '192.168.128.0/28', 'allocation_pools': [{'start': '192.168.128.2', 'end': '192.168.128.14'}], 'host_routes': [], 'dns_nameservers': [], 'description': '', 'router:external': False, 'service_types': [], 'tags': [], 'created_at': '2025-05-14T07:49:34Z', 'updated_at': '2025-05-14T07:49:34Z', 'revision_number': 0, 'project_id': 'bff50d352421443f8f7dbda63f29dcdf'}, Router: {'id': '9376d559-01b6-4b83-ad32-a315cb9b2b87', 'name': 'tempest-AttachInterfacesTestJSON-1323406191-router', 'tenant_id': 'bff50d352421443f8f7dbda63f29dcdf', 'admin_state_up': True, 'status': 'ACTIVE', 'external_gateway_info': {'network_id': '329fad16-ea4d-4603-be45-a1ed0b4ccd01', 'external_fixed_ips': [{'subnet_id': 'fcafac97-d61d-4e6c-ac1a-5b2ec2d25b47', 'ip_address': '10.180.180.168'}], 'enable_snat': True}, 'description': '', 'availability_zones': [], 'distributed': False, 'ha': False, 'availability_zone_hints': [], 'routes': [], 'flavor_id': None, 'tags': [], 'created_at': '2025-05-14T07:49:34Z', 'updated_at': '2025-05-14T07:49:35Z', 'revision_number': 2, 'project_id': 'bff50d352421443f8f7dbda63f29dcdf'}
2025-05-14 07:49:38.370 69623 INFO tempest.lib.common.rest_client [req-093a4197-f9ee-4bcc-ba9c-481297709e7c req-093a4197-f9ee-4bcc-ba9c-481297709e7c ] Request (TenantUsagesTestJSON:tearDownClass): 200 GET http://10.180.1.21/compute/v2.1/servers/5373d961-6fd2-43ff-8014-6fca7cad0727 2.435s
2025-05-14 07:49:38.395 69611 INFO tempest.lib.common.rest_client [req-d1603091-85e4-461d-9970-54c5fca35948 req-d1603091-85e4-461d-9970-54c5fca35948 ] Request (AttachInterfacesTestJSON:setUpClass): 201 POST http://10.180.1.21/identity/v3/auth/tokens 0.125s
2025-05-14 07:49:38.501 69633 INFO tempest.lib.common.rest_client [req-a819d538-6403-4b3c-9dab-754272c60b56 req-a819d538-6403-4b3c-9dab-754272c60b56 ] Request (QuotasAdminTestJSON:test_update_all_quota_resources_for_tenant): 200 PUT http://10.180.1.21/compute/v2.1/os-quota-sets/a28a65ecfb2841c2bdf3cbca82bb11b0 2.380s
2025-05-14 07:49:38.574 69649 INFO tempest.lib.common.rest_client [req-cf08cfe1-e4a1-4c64-8f93-91186cb116a2 req-cf08cfe1-e4a1-4c64-8f93-91186cb116a2 ] Request (ServersAdmin275Test:test_rebuild_update_server_275): 200 GET http://10.180.1.21/compute/v2.1/servers/c43b0096-1133-485b-b45a-f3fdb718ac7e 1.992s
