2025-05-14 07:48:45.986 69659 INFO tempest.lib.common.rest_client [req-79b99f3e-7086-441d-8630-3cbace3cb608 req-79b99f3e-7086-441d-8630-3cbace3cb608 ] Request (ServersAdminTestJSON:setUpClass): 204 PUT http://10.180.1.21/identity/v3/projects/fc2cb61aa9ac4624abd88c74c54af8ac/users/2f7daea707e24c2ca8be4819c35cd08f/roles/e64486f31ac24cd49cddefc8b25bda64 0.195s
2025-05-14 07:48:46.021 69639 INFO tempest.lib.common.rest_client [req-b562d802-e665-48d9-8e98-9ae2fe3419f4 req-b562d802-e665-48d9-8e98-9ae2fe3419f4 ] Request (FloatingIPDetailsNegativeTestJSON:tearDownClass): 204 DELETE http://10.180.1.21/identity/v3/users/ce8d4af773604e87b69cfa5580d13bb8 0.315s
2025-05-14 07:48:46.021 69639 INFO tempest.lib.common.dynamic_creds [-] Deleting project and security group for project: 3b75616cfad1438a8caa131e90aa34af
2025-05-14 07:48:46.023 69617 INFO tempest.lib.common.rest_client [req-2428c7ff-bf1f-4475-ae10-edd0d99f9604 req-2428c7ff-bf1f-4475-ae10-edd0d99f9604 ] Request (VolumesAssistedSnapshotsTest:setUpClass): 201 POST http://10.180.1.21:9696/networking/v2.0/subnets 0.150s
2025-05-14 07:48:46.045 69639 INFO tempest.lib.common.rest_client [req-040b91dd-e100-4713-ba8c-b4d6d344f7d5 req-040b91dd-e100-4713-ba8c-b4d6d344f7d5 ] Request (FloatingIPDetailsNegativeTestJSON:tearDownClass): 200 GET http://10.180.1.21:9696/networking/v2.0/security-groups?tenant_id=3b75616cfad1438a8caa131e90aa34af&name=default 0.023s
2025-05-14 07:48:46.080 69635 INFO tempest.lib.common.rest_client [req-e9d73a49-d58a-49d4-8d85-63f06009c4f5 req-e9d73a49-d58a-49d4-8d85-63f06009c4f5 ] Request (FloatingIPsAssociationTestJSON:setUpClass): 201 POST http://10.180.1.21/identity/v3/auth/tokens 0.262s
2025-05-14 07:48:46.112 69655 INFO tempest.lib.common.rest_client [req-af007d11-4894-466a-bd5a-b9c1954f132a req-af007d11-4894-466a-bd5a-b9c1954f132a ] Request (ServerExternalEventsTest:setUpClass): 200 GET http://10.180.1.21/identity/v3/roles 0.264s
2025-05-14 07:48:46.133 69667 INFO tempest.lib.common.rest_client [req-64114b06-bbea-4536-aa4b-f2e358df2408 req-64114b06-bbea-4536-aa4b-f2e358df2408 ] Request (ServicesAdminNegativeTestJSON:setUpClass): 201 POST http://10.180.1.21/identity/v3/auth/tokens 0.270s
2025-05-14 07:48:46.185 69621 INFO tempest.lib.common.rest_client [req-7fa00bad-2d2d-43ca-8b00-f6af044982fe req-7fa00bad-2d2d-43ca-8b00-f6af044982fe ] Request (HostsAdminTestJSON:tearDownClass): 204 DELETE http://10.180.1.21/identity/v3/projects/19953f68b3ca493fa78e1f69e36d5ad1 0.316s
2025-05-14 07:48:46.186 69621 INFO tempest.lib.common.dynamic_creds [-] Deleting project and security group for project: f5dbb1e73a3e4caa807a2b293cb4fa6a
2025-05-14 07:48:46.188 69639 INFO tempest.lib.common.rest_client [req-689dfcbb-a42b-46a5-a7d4-0c6b27c5b785 req-689dfcbb-a42b-46a5-a7d4-0c6b27c5b785 ] Request (FloatingIPDetailsNegativeTestJSON:tearDownClass): 204 DELETE http://10.180.1.21:9696/networking/v2.0/security-groups/29d1b2c1-7081-4ff8-bc5e-9ef3c9450109 0.142s
2025-05-14 07:48:46.271 69631 INFO tempest.lib.common.rest_client [req-3784005e-4fee-4534-a4d7-b981472c0653 req-3784005e-4fee-4534-a4d7-b981472c0653 ] Request (AbsoluteLimitsNegativeTestJSON:test_max_metadata_exceed_limit): 403 POST http://10.180.1.21/compute/v2.1/servers 4.769s
2025-05-14 07:48:46.293 69615 INFO tempest.lib.common.rest_client [req-4d24dcaa-e32e-4439-874a-5d65bf7fc6c3 req-4d24dcaa-e32e-4439-874a-5d65bf7fc6c3 ] Request (FlavorsAccessNegativeTestJSON:setUpClass): 201 POST http://10.180.1.21/identity/v3/auth/tokens 0.370s
2025-05-14 07:48:46.293 69615 WARNING tempest.lib.common.rest_client [-] Deprecated: "tenant_id" property is deprecated for removal, use "project_id" instead
2025-05-14 07:48:46.325 69621 INFO tempest.lib.common.rest_client [req-e9c07bb1-697f-4a55-85ec-b88e55e1a3bd req-e9c07bb1-697f-4a55-85ec-b88e55e1a3bd ] Request (HostsAdminTestJSON:tearDownClass): 200 GET http://10.180.1.21:9696/networking/v2.0/security-groups?tenant_id=f5dbb1e73a3e4caa807a2b293cb4fa6a&name=default 0.139s
2025-05-14 07:48:46.327 69673 INFO tempest.lib.common.rest_client [req-cb4d3113-57bf-4c83-8d5f-cdf708d6a337 req-cb4d3113-57bf-4c83-8d5f-cdf708d6a337 ] Request (ServersWithSpecificFlavorTestJSON:setUpClass): 200 GET http://10.180.1.21/identity/v3/roles 0.395s
2025-05-14 07:48:46.335 69659 INFO tempest.lib.common.rest_client [req-e58755e6-80b3-4caf-902f-27040edbd95a req-e58755e6-80b3-4caf-902f-27040edbd95a ] Request (ServersAdminTestJSON:setUpClass): 200 GET http://10.180.1.21/identity/v3/roles 0.348s
2025-05-14 07:48:46.357 69635 INFO tempest.lib.common.rest_client [req-0463b762-356c-4cc9-b124-53ff5951f5ed req-0463b762-356c-4cc9-b124-53ff5951f5ed ] Request (FloatingIPsAssociationTestJSON:setUpClass): 200 GET http://10.180.1.21/identity/v3/domains?name=Default 0.276s
2025-05-14 07:48:46.366 69655 INFO tempest.lib.common.rest_client [req-88a7c584-c8ee-46c7-b3ec-a209e472670a req-88a7c584-c8ee-46c7-b3ec-a209e472670a ] Request (ServerExternalEventsTest:setUpClass): 204 PUT http://10.180.1.21/identity/v3/projects/7bc1b93a0a1a4f34a195187a76bae667/users/5fb28bd1282141e9848f5d7c50053dd0/roles/d34f4bfc3d1a4aa7a9acab1cd0bd2c05 0.253s
2025-05-14 07:48:46.412 69621 INFO tempest.lib.common.rest_client [req-65ba7360-6c7f-4f36-a8d7-c9bfbb476418 req-65ba7360-6c7f-4f36-a8d7-c9bfbb476418 ] Request (HostsAdminTestJSON:tearDownClass): 204 DELETE http://10.180.1.21:9696/networking/v2.0/security-groups/9b88e141-ca4b-4a70-a823-c52df71630f4 0.087s
2025-05-14 07:48:46.427 69667 INFO tempest.lib.common.rest_client [req-22455dc8-e4c6-4770-a3bb-6f98cb5ebcfd req-22455dc8-e4c6-4770-a3bb-6f98cb5ebcfd ] Request (ServicesAdminNegativeTestJSON:setUpClass): 200 GET http://10.180.1.21/identity/v3/domains?name=Default 0.293s
2025-05-14 07:48:46.448 69639 INFO tempest.lib.common.rest_client [req-a924077e-9ac2-42cd-ab21-16dbbc597ba3 req-a924077e-9ac2-42cd-ab21-16dbbc597ba3 ] Request (FloatingIPDetailsNegativeTestJSON:tearDownClass): 204 DELETE http://10.180.1.21/identity/v3/projects/3b75616cfad1438a8caa131e90aa34af 0.260s
2025-05-14 07:48:46.545 69669 INFO tempest.lib.common.rest_client [req-edd54011-1d08-4b2b-a0dc-7c84651c88d3 req-edd54011-1d08-4b2b-a0dc-7c84651c88d3 ] Request (QuotasSecurityGroupAdminNegativeTest:tearDownClass): 200 GET http://10.180.1.21:9696/networking/v2.0/security-groups?tenant_id=f6adbd9198f7414bbdc96f6851c1789e&name=default 0.658s
2025-05-14 07:48:46.566 69643 INFO tempest.lib.common.rest_client [req-44dff45c-0d4f-488c-baba-b47e04461ce8 req-44dff45c-0d4f-488c-baba-b47e04461ce8 ] Request (FlavorsV255TestJSON:test_crud_flavor): 200 POST http://10.180.1.21/compute/v2.1/flavors 2.824s
2025-05-14 07:48:46.612 69631 INFO tempest.lib.common.rest_client [req-a0fdee25-3b46-4345-8924-1cea94c67249 req-a0fdee25-3b46-4345-8924-1cea94c67249 ] Request (AbsoluteLimitsNegativeTestJSON:tearDownClass): 204 DELETE http://10.180.1.21/identity/v3/users/594be894ccea4f5290062be94301cdfb 0.333s
2025-05-14 07:48:46.612 69631 INFO tempest.lib.common.dynamic_creds [-] Deleting project and security group for project: 36eb85fdaf894096a72e36ec44b95422
2025-05-14 07:48:46.624 69669 INFO tempest.lib.common.rest_client [req-08220c4b-97fc-410d-adab-c60aa51d3abc req-08220c4b-97fc-410d-adab-c60aa51d3abc ] Request (QuotasSecurityGroupAdminNegativeTest:tearDownClass): 204 DELETE http://10.180.1.21:9696/networking/v2.0/security-groups/ed77560f-65be-4911-a1b7-e191124d4737 0.075s
2025-05-14 07:48:46.633 69649 INFO tempest.lib.common.rest_client [req-bd1d4bfe-4aa8-40ea-a28c-23c787f205f7 req-bd1d4bfe-4aa8-40ea-a28c-23c787f205f7 ] Request (QuotasAdminTestV257:test_get_updated_quotas): 200 GET http://10.180.1.21/identity/v3/domains?name=Default 0.326s
2025-05-14 07:48:46.685 69673 INFO tempest.lib.common.rest_client [req-9ed71800-b847-41fb-bc6a-70a84cf0c0fc req-9ed71800-b847-41fb-bc6a-70a84cf0c0fc ] Request (ServersWithSpecificFlavorTestJSON:setUpClass): 204 PUT http://10.180.1.21/identity/v3/projects/40f6f223d20446bab66cffb96adec350/users/30ba32407d6f477c8f8374fcd4f70d20/roles/e64486f31ac24cd49cddefc8b25bda64 0.358s
2025-05-14 07:48:46.723 69659 INFO tempest.lib.common.rest_client [req-d5d71deb-e620-4b9d-a5a2-2cd960de6740 req-d5d71deb-e620-4b9d-a5a2-2cd960de6740 ] Request (ServersAdminTestJSON:setUpClass): 204 PUT http://10.180.1.21/identity/v3/projects/fc2cb61aa9ac4624abd88c74c54af8ac/users/2f7daea707e24c2ca8be4819c35cd08f/roles/e64486f31ac24cd49cddefc8b25bda64 0.388s
2025-05-14 07:48:46.723 69659 INFO tempest.lib.common.dynamic_creds [-] Dynamic test user 2f7daea707e24c2ca8be4819c35cd08f is created with scope project and roles: ['admin']
2025-05-14 07:48:46.724 69659 INFO tempest.lib.common.dynamic_creds [-] Acquired dynamic creds: credentials: Credentials: {'domain_id': 'default', 'domain_name': 'Default', 'username': 'tempest-ServersAdminTestJSON-165790944-project-admin', 'project_domain_id': 'default', 'project_domain_name': 'Default', 'project_id': 'fc2cb61aa9ac4624abd88c74c54af8ac', 'project_name': 'tempest-ServersAdminTestJSON-165790944', 'tenant_id': 'fc2cb61aa9ac4624abd88c74c54af8ac', 'tenant_name': 'tempest-ServersAdminTestJSON-165790944', 'user_domain_id': 'default', 'user_domain_name': 'Default', 'user_id': '2f7daea707e24c2ca8be4819c35cd08f', 'system': None}, Network: None, Subnet: None, Router: None
2025-05-14 07:48:46.784 69655 INFO tempest.lib.common.rest_client [req-4f70ae46-c3d6-41fc-a626-7c17dfcef67f req-4f70ae46-c3d6-41fc-a626-7c17dfcef67f ] Request (ServerExternalEventsTest:setUpClass): 200 GET http://10.180.1.21/identity/v3/roles 0.418s
2025-05-14 07:48:46.788 69635 INFO tempest.lib.common.rest_client [req-868f0be6-2e11-4be3-a312-e6ca640fa0f6 req-868f0be6-2e11-4be3-a312-e6ca640fa0f6 ] Request (FloatingIPsAssociationTestJSON:setUpClass): 201 POST http://10.180.1.21/identity/v3/projects 0.431s
2025-05-14 07:48:46.848 69667 INFO tempest.lib.common.rest_client [req-9e67e17d-0d14-4e19-9dcc-435dda522785 req-9e67e17d-0d14-4e19-9dcc-435dda522785 ] Request (ServicesAdminNegativeTestJSON:setUpClass): 201 POST http://10.180.1.21/identity/v3/projects 0.420s
2025-05-14 07:48:46.877 69621 INFO tempest.lib.common.rest_client [req-e1b0848f-f783-4b06-95a0-7e5571ac914c req-e1b0848f-f783-4b06-95a0-7e5571ac914c ] Request (HostsAdminTestJSON:tearDownClass): 204 DELETE http://10.180.1.21/identity/v3/projects/f5dbb1e73a3e4caa807a2b293cb4fa6a 0.464s
2025-05-14 07:48:46.906 69639 INFO tempest.lib.common.rest_client [req-e7a73ce5-8445-4c71-8d7c-bf689db02ae2 req-e7a73ce5-8445-4c71-8d7c-bf689db02ae2 ] Request (ImagesTestJSON:setUpClass): 201 POST http://10.180.1.21/identity/v3/auth/tokens 0.456s
2025-05-14 07:48:46.922 69659 INFO tempest.lib.common.rest_client [req-313e353e-c11e-44de-b59f-0f97a22bcf91 req-313e353e-c11e-44de-b59f-0f97a22bcf91 ] Request (ServersAdminTestJSON:setUpClass): 201 POST http://10.180.1.21:9696/networking/v2.0/networks 0.198s
2025-05-14 07:48:46.930 69631 INFO tempest.lib.common.rest_client [req-f2965d2a-3f4b-4f00-a51a-5fc481ddb001 req-f2965d2a-3f4b-4f00-a51a-5fc481ddb001 ] Request (AbsoluteLimitsNegativeTestJSON:tearDownClass): 201 POST http://10.180.1.21/identity/v3/auth/tokens 0.318s
2025-05-14 07:48:46.987 69669 INFO tempest.lib.common.rest_client [req-26e1ce8e-8d31-495d-8fa8-bf938d1f2cd8 req-26e1ce8e-8d31-495d-8fa8-bf938d1f2cd8 ] Request (QuotasSecurityGroupAdminNegativeTest:tearDownClass): 204 DELETE http://10.180.1.21/identity/v3/projects/f6adbd9198f7414bbdc96f6851c1789e 0.362s
2025-05-14 07:48:46.987 69669 INFO tempest.lib.common.dynamic_creds [-] Deleting project and security group for project: a97a574697dc4b14bfecaa9d7d3e436b
2025-05-14 07:48:47.007 69671 INFO tempest.lib.common.rest_client [req-f27487f3-8baa-4149-8618-89db67d46a99 req-f27487f3-8baa-4149-8618-89db67d46a99 ] Request (AZAdminV2TestJSON:test_get_availability_zone_list): 200 GET http://10.180.1.21/compute/v2.1/os-availability-zone 2.658s
2025-05-14 07:48:47.040 69673 INFO tempest.lib.common.rest_client [req-f0a94a22-2a71-4368-88a1-ad9dcd0550f1 req-f0a94a22-2a71-4368-88a1-ad9dcd0550f1 ] Request (ServersWithSpecificFlavorTestJSON:setUpClass): 200 GET http://10.180.1.21/identity/v3/roles 0.354s
2025-05-14 07:48:47.064 69655 INFO tempest.lib.common.rest_client [req-8213cb63-d352-4e41-861e-08fdf1ad9b94 req-8213cb63-d352-4e41-861e-08fdf1ad9b94 ] Request (ServerExternalEventsTest:setUpClass): 204 PUT http://10.180.1.21/identity/v3/projects/7bc1b93a0a1a4f34a195187a76bae667/users/5fb28bd1282141e9848f5d7c50053dd0/roles/e64486f31ac24cd49cddefc8b25bda64 0.280s
2025-05-14 07:48:47.065 69655 INFO tempest.lib.common.dynamic_creds [-] Dynamic test user 5fb28bd1282141e9848f5d7c50053dd0 is created with scope project and roles: ['service', 'admin']
2025-05-14 07:48:47.065 69655 INFO tempest.lib.common.dynamic_creds [-] Acquired dynamic creds: credentials: Credentials: {'domain_id': 'default', 'domain_name': 'Default', 'username': 'tempest-ServerExternalEventsTest-1587618105-project', 'project_domain_id': 'default', 'project_domain_name': 'Default', 'project_id': '7bc1b93a0a1a4f34a195187a76bae667', 'project_name': 'tempest-ServerExternalEventsTest-1587618105', 'tenant_id': '7bc1b93a0a1a4f34a195187a76bae667', 'tenant_name': 'tempest-ServerExternalEventsTest-1587618105', 'user_domain_id': 'default', 'user_domain_name': 'Default', 'user_id': '5fb28bd1282141e9848f5d7c50053dd0', 'system': None}, Network: None, Subnet: None, Router: None
2025-05-14 07:48:47.065 69655 INFO tempest.lib.common.dynamic_creds [-] Created isolated network resources for: credentials: Credentials: {'domain_id': 'default', 'domain_name': 'Default', 'username': 'tempest-ServerExternalEventsTest-1587618105-project', 'project_domain_id': 'default', 'project_domain_name': 'Default', 'project_id': '7bc1b93a0a1a4f34a195187a76bae667', 'project_name': 'tempest-ServerExternalEventsTest-1587618105', 'tenant_id': '7bc1b93a0a1a4f34a195187a76bae667', 'tenant_name': 'tempest-ServerExternalEventsTest-1587618105', 'user_domain_id': 'default', 'user_domain_name': 'Default', 'user_id': '5fb28bd1282141e9848f5d7c50053dd0', 'system': None}, Network: None, Subnet: None, Router: None
2025-05-14 07:48:47.092 69649 INFO tempest.lib.common.rest_client [req-4dafd485-5578-4dd0-996e-0778766a100a req-4dafd485-5578-4dd0-996e-0778766a100a ] Request (QuotasAdminTestV257:test_get_updated_quotas): 201 POST http://10.180.1.21/identity/v3/projects 0.459s
2025-05-14 07:48:47.131 69659 INFO tempest.lib.common.rest_client [req-bef3fb1b-5ea7-44d2-8e0e-50ef427c861d req-bef3fb1b-5ea7-44d2-8e0e-50ef427c861d ] Request (ServersAdminTestJSON:setUpClass): 201 POST http://10.180.1.21:9696/networking/v2.0/subnets 0.209s
2025-05-14 07:48:47.138 69669 INFO tempest.lib.common.rest_client [req-2cb98ad4-d696-4971-b366-4461244ce681 req-2cb98ad4-d696-4971-b366-4461244ce681 ] Request (QuotasSecurityGroupAdminNegativeTest:tearDownClass): 200 GET http://10.180.1.21:9696/networking/v2.0/security-groups?tenant_id=a97a574697dc4b14bfecaa9d7d3e436b&name=default 0.151s
2025-05-14 07:48:47.150 69667 INFO tempest.lib.common.rest_client [req-979db8ff-646c-4e9e-a805-259cc851ebc6 req-979db8ff-646c-4e9e-a805-259cc851ebc6 ] Request (ServicesAdminNegativeTestJSON:setUpClass): 201 POST http://10.180.1.21/identity/v3/users 0.301s
2025-05-14 07:48:47.162 69635 INFO tempest.lib.common.rest_client [req-95d688bd-c5f4-4739-a7c4-31116b9bb16a req-95d688bd-c5f4-4739-a7c4-31116b9bb16a ] Request (FloatingIPsAssociationTestJSON:setUpClass): 201 POST http://10.180.1.21/identity/v3/users 0.373s
2025-05-14 07:48:47.173 69621 INFO tempest.lib.common.rest_client [req-0881be62-405f-41ad-a63d-ffb7b7729c08 req-0881be62-405f-41ad-a63d-ffb7b7729c08 ] Request (QuotaClassesAdmin257Test:setUpClass): 201 POST http://10.180.1.21/identity/v3/auth/tokens 0.295s
2025-05-14 07:48:47.188 69639 INFO tempest.lib.common.rest_client [req-00cc056e-3376-4afb-ac9b-567e16d5bf2e req-00cc056e-3376-4afb-ac9b-567e16d5bf2e ] Request (ImagesTestJSON:setUpClass): 201 POST http://10.180.1.21/identity/v3/auth/tokens 0.278s
2025-05-14 07:48:47.216 69669 INFO tempest.lib.common.rest_client [req-8d5b207f-a941-432a-acf9-5ba03722cf4d req-8d5b207f-a941-432a-acf9-5ba03722cf4d ] Request (QuotasSecurityGroupAdminNegativeTest:tearDownClass): 204 DELETE http://10.180.1.21:9696/networking/v2.0/security-groups/056a004c-681b-41e7-8b5f-1b64aaf39d10 0.077s
2025-05-14 07:48:47.236 69673 INFO tempest.lib.common.rest_client [req-d9d0a92d-4187-4c15-a686-54b211bff6a2 req-d9d0a92d-4187-4c15-a686-54b211bff6a2 ] Request (ServersWithSpecificFlavorTestJSON:setUpClass): 204 PUT http://10.180.1.21/identity/v3/projects/40f6f223d20446bab66cffb96adec350/users/30ba32407d6f477c8f8374fcd4f70d20/roles/e64486f31ac24cd49cddefc8b25bda64 0.196s
2025-05-14 07:48:47.236 69673 INFO tempest.lib.common.dynamic_creds [-] Dynamic test user 30ba32407d6f477c8f8374fcd4f70d20 is created with scope project and roles: ['admin']
2025-05-14 07:48:47.237 69673 INFO tempest.lib.common.dynamic_creds [-] Acquired dynamic creds: credentials: Credentials: {'domain_id': 'default', 'domain_name': 'Default', 'username': 'tempest-ServersWithSpecificFlavorTestJSON-1734814257-project-admin', 'project_domain_id': 'default', 'project_domain_name': 'Default', 'project_id': '40f6f223d20446bab66cffb96adec350', 'project_name': 'tempest-ServersWithSpecificFlavorTestJSON-1734814257', 'tenant_id': '40f6f223d20446bab66cffb96adec350', 'tenant_name': 'tempest-ServersWithSpecificFlavorTestJSON-1734814257', 'user_domain_id': 'default', 'user_domain_name': 'Default', 'user_id': '30ba32407d6f477c8f8374fcd4f70d20', 'system': None}, Network: None, Subnet: None, Router: None
2025-05-14 07:48:47.258 69665 INFO tempest.lib.common.rest_client [req-b6588f62-e318-4c6b-a7fb-b4104fe5db84 req-b6588f62-e318-4c6b-a7fb-b4104fe5db84 ] Request (FloatingIPsTestJSON:test_allocate_floating_ip): 200 POST http://10.180.1.21/compute/v2.1/os-floating-ips 3.792s
2025-05-14 07:48:47.275 69641 INFO tempest.lib.common.rest_client [req-eb3d2f75-5cc9-45dd-ace3-0645df709c38 req-eb3d2f75-5cc9-45dd-ace3-0645df709c38 ] Request (InstanceUsageAuditLogTestJSON:test_list_instance_usage_audit_logs): 200 GET http://10.180.1.21/compute/v2.1/os-instance_usage_audit_log 2.800s
2025-05-14 07:48:47.300 69647 INFO tempest.lib.common.rest_client [req-e85132c1-0420-431e-a1a0-318875251656 req-e85132c1-0420-431e-a1a0-318875251656 ] Request (FlavorMetadataValidation:test_flavor_update_with_custom_namespace): 200 POST http://10.180.1.21/compute/v2.1/flavors 2.948s
2025-05-14 07:48:47.314 69655 INFO tempest.lib.common.rest_client [req-6c33a3b4-3e18-4669-9add-9eaafd542518 req-6c33a3b4-3e18-4669-9add-9eaafd542518 ] Request (ServerExternalEventsTest:setUpClass): 201 POST http://10.180.1.21/identity/v3/auth/tokens 0.247s
2025-05-14 07:48:47.367 69667 INFO tempest.lib.common.rest_client [req-edb02c31-4bdb-4b86-b680-1bdeabe7f8ca req-edb02c31-4bdb-4b86-b680-1bdeabe7f8ca ] Request (ServicesAdminNegativeTestJSON:setUpClass): 200 GET http://10.180.1.21/identity/v3/roles 0.216s
2025-05-14 07:48:47.382 69649 INFO tempest.lib.common.rest_client [req-d42d0c98-c891-4f1f-bb84-5dc5f87ab847 req-d42d0c98-c891-4f1f-bb84-5dc5f87ab847 ] Request (QuotasAdminTestV257:test_get_updated_quotas): 200 GET http://10.180.1.21/identity/v3/domains?name=Default 0.289s
2025-05-14 07:48:47.384 69635 INFO tempest.lib.common.rest_client [req-af73667b-94a9-47e0-8e2a-22dfaff9a0c2 req-af73667b-94a9-47e0-8e2a-22dfaff9a0c2 ] Request (FloatingIPsAssociationTestJSON:setUpClass): 200 GET http://10.180.1.21/identity/v3/roles 0.222s
2025-05-14 07:48:47.405 69621 INFO tempest.lib.common.rest_client [req-3f85c0e9-9187-4e46-ae7c-18384a691a0b req-3f85c0e9-9187-4e46-ae7c-18384a691a0b ] Request (QuotaClassesAdmin257Test:setUpClass): 201 POST http://10.180.1.21/identity/v3/auth/tokens 0.229s
2025-05-14 07:48:47.407 69639 INFO tempest.lib.common.rest_client [req-ea626cc2-cc29-4df4-9ce8-b9a55f4bf2c3 req-ea626cc2-cc29-4df4-9ce8-b9a55f4bf2c3 ] Request (ImagesTestJSON:setUpClass): 200 GET http://10.180.1.21/identity/v3/domains?name=Default 0.219s
2025-05-14 07:48:47.431 69673 INFO tempest.lib.common.rest_client [req-2e0d46f2-44dc-4780-9e4a-79a25e2ef26d req-2e0d46f2-44dc-4780-9e4a-79a25e2ef26d ] Request (ServersWithSpecificFlavorTestJSON:setUpClass): 201 POST http://10.180.1.21:9696/networking/v2.0/networks 0.194s
2025-05-14 07:48:47.461 69623 INFO tempest.lib.common.rest_client [req-17a0f70c-e04d-47df-a516-a2b2cc28657a req-17a0f70c-e04d-47df-a516-a2b2cc28657a ] Request (ServicesAdminTestJSON:test_get_service_by_service_binary_name): 200 GET http://10.180.1.21/compute/v2.1/os-services?binary=nova-compute 2.965s
2025-05-14 07:48:47.467 69641 INFO tempest.lib.common.rest_client [req-c1b8938b-0715-4762-b563-fd4651f84b92 req-c1b8938b-0715-4762-b563-fd4651f84b92 ] Request (InstanceUsageAuditLogTestJSON:tearDownClass): 204 DELETE http://10.180.1.21/identity/v3/users/e0a6e62d0a564dc68034e2ded371b5c0 0.188s
2025-05-14 07:48:47.470 69669 INFO tempest.lib.common.rest_client [req-e690e649-25bb-41e9-8482-d5672db9467a req-e690e649-25bb-41e9-8482-d5672db9467a ] Request (QuotasSecurityGroupAdminNegativeTest:tearDownClass): 204 DELETE http://10.180.1.21/identity/v3/projects/a97a574697dc4b14bfecaa9d7d3e436b 0.253s
2025-05-14 07:48:47.470 69617 INFO tempest.lib.common.rest_client [req-d75fb223-1d12-4dc4-b5e3-71838d2f836e req-d75fb223-1d12-4dc4-b5e3-71838d2f836e ] Request (VolumesAssistedSnapshotsTest:setUpClass): 201 POST http://10.180.1.21:9696/networking/v2.0/routers 1.446s
2025-05-14 07:48:47.505 69631 INFO tempest.lib.common.rest_client [req-aebdab4b-3a64-4e64-a591-0e534387b596 req-aebdab4b-3a64-4e64-a591-0e534387b596 ] Request (AbsoluteLimitsNegativeTestJSON:tearDownClass): 200 GET http://10.180.1.21:9696/networking/v2.0/security-groups?tenant_id=36eb85fdaf894096a72e36ec44b95422&name=default 0.575s
2025-05-14 07:48:47.524 69655 INFO tempest.lib.common.rest_client [req-9fe4b71c-ee57-42be-b25e-2f40be364586 req-9fe4b71c-ee57-42be-b25e-2f40be364586 ] Request (ServerExternalEventsTest:test_create_server_external_events): 201 POST http://10.180.1.21/identity/v3/auth/tokens 0.205s
2025-05-14 07:48:47.524 69655 INFO tempest.lib.common.fixed_network [-] (ServerExternalEventsTest:test_create_server_external_events) Found network None available for tenant
2025-05-14 07:48:47.584 69667 INFO tempest.lib.common.rest_client [req-002987c3-3e0a-4212-88e9-41126f03b2fc req-002987c3-3e0a-4212-88e9-41126f03b2fc ] Request (ServicesAdminNegativeTestJSON:setUpClass): 204 PUT http://10.180.1.21/identity/v3/projects/3e7fa10c1a64415d916cc804d215bb3a/users/0c19fde0681a48b9980d18fba17b52da/roles/3dc90f427f18449999960da81974b05b 0.217s
2025-05-14 07:48:47.585 69667 INFO tempest.lib.common.dynamic_creds [-] Dynamic test user 0c19fde0681a48b9980d18fba17b52da is created with scope project and roles: ['member']
2025-05-14 07:48:47.585 69667 INFO tempest.lib.common.dynamic_creds [-] Acquired dynamic creds: credentials: Credentials: {'domain_id': 'default', 'domain_name': 'Default', 'username': 'tempest-ServicesAdminNegativeTestJSON-2079677656-project-member', 'project_domain_id': 'default', 'project_domain_name': 'Default', 'project_id': '3e7fa10c1a64415d916cc804d215bb3a', 'project_name': 'tempest-ServicesAdminNegativeTestJSON-2079677656', 'tenant_id': '3e7fa10c1a64415d916cc804d215bb3a', 'tenant_name': 'tempest-ServicesAdminNegativeTestJSON-2079677656', 'user_domain_id': 'default', 'user_domain_name': 'Default', 'user_id': '0c19fde0681a48b9980d18fba17b52da', 'system': None}, Network: None, Subnet: None, Router: None
2025-05-14 07:48:47.585 69667 INFO tempest.lib.common.dynamic_creds [-] Created isolated network resources for: credentials: Credentials: {'domain_id': 'default', 'domain_name': 'Default', 'username': 'tempest-ServicesAdminNegativeTestJSON-2079677656-project-member', 'project_domain_id': 'default', 'project_domain_name': 'Default', 'project_id': '3e7fa10c1a64415d916cc804d215bb3a', 'project_name': 'tempest-ServicesAdminNegativeTestJSON-2079677656', 'tenant_id': '3e7fa10c1a64415d916cc804d215bb3a', 'tenant_name': 'tempest-ServicesAdminNegativeTestJSON-2079677656', 'user_domain_id': 'default', 'user_domain_name': 'Default', 'user_id': '0c19fde0681a48b9980d18fba17b52da', 'system': None}, Network: None, Subnet: None, Router: None
2025-05-14 07:48:47.591 69645 INFO tempest.lib.common.rest_client [req-f50a835d-389f-4d21-b173-9f5bbb65dd44 req-f50a835d-389f-4d21-b173-9f5bbb65dd44 ] Request (AggregatesAdminNegativeTestJSON:setUpClass): 200 GET http://10.180.1.21/compute/v2.1/os-services?binary=nova-compute 2.928s
2025-05-14 07:48:47.593 69635 INFO tempest.lib.common.rest_client [req-de49d109-5de2-46d4-aec2-6ba5b82a2bfc req-de49d109-5de2-46d4-aec2-6ba5b82a2bfc ] Request (FloatingIPsAssociationTestJSON:setUpClass): 204 PUT http://10.180.1.21/identity/v3/projects/14c273f772c542a99b17692071074bff/users/fe459f7a6e164799a28567878163a940/roles/3dc90f427f18449999960da81974b05b 0.208s
2025-05-14 07:48:47.593 69635 INFO tempest.lib.common.dynamic_creds [-] Dynamic test user fe459f7a6e164799a28567878163a940 is created with scope project and roles: ['member']
2025-05-14 07:48:47.594 69635 INFO tempest.lib.common.dynamic_creds [-] Acquired dynamic creds: credentials: Credentials: {'domain_id': 'default', 'domain_name': 'Default', 'username': 'tempest-FloatingIPsAssociationTestJSON-617831359-project-member', 'project_domain_id': 'default', 'project_domain_name': 'Default', 'project_id': '14c273f772c542a99b17692071074bff', 'project_name': 'tempest-FloatingIPsAssociationTestJSON-617831359', 'tenant_id': '14c273f772c542a99b17692071074bff', 'tenant_name': 'tempest-FloatingIPsAssociationTestJSON-617831359', 'user_domain_id': 'default', 'user_domain_name': 'Default', 'user_id': 'fe459f7a6e164799a28567878163a940', 'system': None}, Network: None, Subnet: None, Router: None
2025-05-14 07:48:47.609 69631 INFO tempest.lib.common.rest_client [req-f042a1ab-44f9-4639-92b1-ef823e83d4a4 req-f042a1ab-44f9-4639-92b1-ef823e83d4a4 ] Request (AbsoluteLimitsNegativeTestJSON:tearDownClass): 204 DELETE http://10.180.1.21:9696/networking/v2.0/security-groups/f4ca2588-40e3-49cf-937c-26f9d4f915a4 0.103s
2025-05-14 07:48:47.633 69673 INFO tempest.lib.common.rest_client [req-1aafbe41-f4ff-42d9-8722-a2743ae6703a req-1aafbe41-f4ff-42d9-8722-a2743ae6703a ] Request (ServersWithSpecificFlavorTestJSON:setUpClass): 201 POST http://10.180.1.21:9696/networking/v2.0/subnets 0.201s
2025-05-14 07:48:47.641 69621 INFO tempest.lib.common.rest_client [req-da125137-42ab-4d04-8b1f-7c6b236f0f15 req-da125137-42ab-4d04-8b1f-7c6b236f0f15 ] Request (QuotaClassesAdmin257Test:setUpClass): 200 GET http://10.180.1.21/identity/v3/domains?name=Default 0.236s
2025-05-14 07:48:47.648 69639 INFO tempest.lib.common.rest_client [req-482b9ea8-59d9-49fe-9c5c-a1dee26e46ee req-482b9ea8-59d9-49fe-9c5c-a1dee26e46ee ] Request (ImagesTestJSON:setUpClass): 201 POST http://10.180.1.21/identity/v3/projects 0.240s
2025-05-14 07:48:47.736 69641 INFO tempest.lib.common.rest_client [req-b6f866dd-005b-417c-9a71-1687727900c9 req-b6f866dd-005b-417c-9a71-1687727900c9 ] Request (InstanceUsageAuditLogTestJSON:tearDownClass): 204 DELETE http://10.180.1.21/identity/v3/users/776b271cbf3a4a4094b940cfbfe6a1f4 0.268s
2025-05-14 07:48:47.736 69641 INFO tempest.lib.common.dynamic_creds [-] Deleting project and security group for project: 57492489fbeb40e9bb542b8fef8113c8
2025-05-14 07:48:47.788 69669 INFO tempest.lib.common.rest_client [req-99bf2312-3fa5-4fa0-b58c-5ad905a80f9e req-99bf2312-3fa5-4fa0-b58c-5ad905a80f9e ] Request (ServersAdminNegativeTestJSON:setUpClass): 201 POST http://10.180.1.21/identity/v3/auth/tokens 0.316s
2025-05-14 07:48:47.811 69667 INFO tempest.lib.common.rest_client [req-97499882-5f05-43ce-961b-5a61beb39512 req-97499882-5f05-43ce-961b-5a61beb39512 ] Request (ServicesAdminNegativeTestJSON:setUpClass): 201 POST http://10.180.1.21/identity/v3/auth/tokens 0.221s
2025-05-14 07:48:47.833 69635 INFO tempest.lib.common.rest_client [req-7b7666f7-da8e-4836-9993-63d515489a2c req-7b7666f7-da8e-4836-9993-63d515489a2c ] Request (FloatingIPsAssociationTestJSON:setUpClass): 201 POST http://10.180.1.21/identity/v3/auth/tokens 0.238s
2025-05-14 07:48:47.898 69631 INFO tempest.lib.common.rest_client [req-7e9c6c77-4a86-4ee1-ac4a-f90e7ff791aa req-7e9c6c77-4a86-4ee1-ac4a-f90e7ff791aa ] Request (AbsoluteLimitsNegativeTestJSON:tearDownClass): 204 DELETE http://10.180.1.21/identity/v3/projects/36eb85fdaf894096a72e36ec44b95422 0.289s
2025-05-14 07:48:47.933 69637 INFO tempest.lib.common.rest_client [req-1ae75a3d-b36e-4031-9b68-74220b43b3ae req-1ae75a3d-b36e-4031-9b68-74220b43b3ae ] Request (KeyPairsV210TestJSON:test_admin_manage_keypairs_for_other_users): 201 POST http://10.180.1.21/compute/v2.1/os-keypairs 3.062s
2025-05-14 07:48:47.937 69621 INFO tempest.lib.common.rest_client [req-e9a8d49b-d199-4166-a084-5eaccf0c91b2 req-e9a8d49b-d199-4166-a084-5eaccf0c91b2 ] Request (QuotaClassesAdmin257Test:setUpClass): 201 POST http://10.180.1.21/identity/v3/projects 0.295s
2025-05-14 07:48:47.991 69641 INFO tempest.lib.common.rest_client [req-5cc69d28-9b47-4fc4-b992-008051239a7c req-5cc69d28-9b47-4fc4-b992-008051239a7c ] Request (InstanceUsageAuditLogTestJSON:tearDownClass): 201 POST http://10.180.1.21/identity/v3/auth/tokens 0.254s
2025-05-14 07:48:48.001 69639 INFO tempest.lib.common.rest_client [req-710f6ac8-47fb-4765-8ae6-4a8aa81b957a req-710f6ac8-47fb-4765-8ae6-4a8aa81b957a ] Request (ImagesTestJSON:setUpClass): 201 POST http://10.180.1.21/identity/v3/users 0.352s
2025-05-14 07:48:48.014 69669 INFO tempest.lib.common.rest_client [req-0e20f5f8-55f6-49c1-a9fb-436e87bd8648 req-0e20f5f8-55f6-49c1-a9fb-436e87bd8648 ] Request (ServersAdminNegativeTestJSON:setUpClass): 201 POST http://10.180.1.21/identity/v3/auth/tokens 0.224s
2025-05-14 07:48:48.032 69667 INFO tempest.lib.common.rest_client [req-51a356aa-f08e-421c-8c4b-59786063dc79 req-51a356aa-f08e-421c-8c4b-59786063dc79 ] Request (ServicesAdminNegativeTestJSON:setUpClass): 201 POST http://10.180.1.21/identity/v3/projects 0.220s
2025-05-14 07:48:48.089 69631 INFO tempest.lib.common.rest_client [req-236a20bb-ef9b-4ad6-bb78-674317815507 req-236a20bb-ef9b-4ad6-bb78-674317815507 ] Request (SecurityGroupsNegativeTestJSON:setUpClass): 201 POST http://10.180.1.21/identity/v3/auth/tokens 0.189s
2025-05-14 07:48:48.149 69621 INFO tempest.lib.common.rest_client [req-64f7af93-4570-44fb-bf80-f9831bd3a202 req-64f7af93-4570-44fb-bf80-f9831bd3a202 ] Request (QuotaClassesAdmin257Test:setUpClass): 201 POST http://10.180.1.21/identity/v3/users 0.211s
2025-05-14 07:48:48.203 69627 INFO tempest.lib.common.rest_client [req-436cbb1b-aae9-46c0-a000-227b241582ac req-436cbb1b-aae9-46c0-a000-227b241582ac ] Request (HostsAdminNegativeTestJSON:setUpClass): 200 GET http://10.180.1.21/compute/v2.1/os-hosts 3.247s
2025-05-14 07:48:48.216 69639 INFO tempest.lib.common.rest_client [req-68c8aa1b-0e5e-4dcf-b3d5-0059b6a0b113 req-68c8aa1b-0e5e-4dcf-b3d5-0059b6a0b113 ] Request (ImagesTestJSON:setUpClass): 200 GET http://10.180.1.21/identity/v3/roles 0.214s
2025-05-14 07:48:48.219 69651 INFO tempest.lib.common.rest_client [req-b5078ecb-0eeb-48e4-a370-8ea82c65239b req-b5078ecb-0eeb-48e4-a370-8ea82c65239b ] Request (QuotasAdminNegativeTest:test_create_server_when_cpu_quota_is_full): 200 GET http://10.180.1.21/compute/v2.1/os-quota-sets/4a4714c3aca748bc97bc8139ae4e6926 3.483s
2025-05-14 07:48:48.230 69669 INFO tempest.lib.common.rest_client [req-b768fb1c-dc4b-4829-a3d4-2b10a3c2cdce req-b768fb1c-dc4b-4829-a3d4-2b10a3c2cdce ] Request (ServersAdminNegativeTestJSON:setUpClass): 200 GET http://10.180.1.21/identity/v3/domains?name=Default 0.215s
2025-05-14 07:48:48.245 69667 INFO tempest.lib.common.rest_client [req-a121decf-898d-42b3-9f27-53be0f87ccf5 req-a121decf-898d-42b3-9f27-53be0f87ccf5 ] Request (ServicesAdminNegativeTestJSON:setUpClass): 201 POST http://10.180.1.21/identity/v3/users 0.212s
2025-05-14 07:48:48.253 69631 INFO tempest.lib.common.rest_client [req-a3d2aaca-aad6-4e77-8279-0475bd20a869 req-a3d2aaca-aad6-4e77-8279-0475bd20a869 ] Request (SecurityGroupsNegativeTestJSON:setUpClass): 201 POST http://10.180.1.21/identity/v3/auth/tokens 0.162s
2025-05-14 07:48:48.264 69621 INFO tempest.lib.common.rest_client [req-ec1ed744-1625-410e-b3dc-f1156b6fa5bf req-ec1ed744-1625-410e-b3dc-f1156b6fa5bf ] Request (QuotaClassesAdmin257Test:setUpClass): 200 GET http://10.180.1.21/identity/v3/roles 0.115s
2025-05-14 07:48:48.287 69639 INFO tempest.lib.common.rest_client [req-cd7d9e7e-f14b-4856-a56e-08dbeeb06de3 req-cd7d9e7e-f14b-4856-a56e-08dbeeb06de3 ] Request (ImagesTestJSON:setUpClass): 204 PUT http://10.180.1.21/identity/v3/projects/f32cd998d5ab406a864d485401e1629e/users/4f70820204b247249ebb849fd922c4d1/roles/3dc90f427f18449999960da81974b05b 0.070s
2025-05-14 07:48:48.287 69639 INFO tempest.lib.common.dynamic_creds [-] Dynamic test user 4f70820204b247249ebb849fd922c4d1 is created with scope project and roles: ['member']
2025-05-14 07:48:48.287 69639 INFO tempest.lib.common.dynamic_creds [-] Acquired dynamic creds: credentials: Credentials: {'domain_id': 'default', 'domain_name': 'Default', 'username': 'tempest-ImagesTestJSON-100749969-project-member', 'project_domain_id': 'default', 'project_domain_name': 'Default', 'project_id': 'f32cd998d5ab406a864d485401e1629e', 'project_name': 'tempest-ImagesTestJSON-100749969', 'tenant_id': 'f32cd998d5ab406a864d485401e1629e', 'tenant_name': 'tempest-ImagesTestJSON-100749969', 'user_domain_id': 'default', 'user_domain_name': 'Default', 'user_id': '4f70820204b247249ebb849fd922c4d1', 'system': None}, Network: None, Subnet: None, Router: None
2025-05-14 07:48:48.326 69629 INFO tempest.lib.common.rest_client [req-adb1862c-6a9c-494d-a683-fc4bbd24f6e3 req-adb1862c-6a9c-494d-a683-fc4bbd24f6e3 ] Request (FlavorsAccessTestJSON:test_flavor_access_add_remove): 200 POST http://10.180.1.21/compute/v2.1/flavors 3.310s
2025-05-14 07:48:48.354 69669 INFO tempest.lib.common.rest_client [req-da83bd31-1e1c-46b7-bb72-40a22a085b87 req-da83bd31-1e1c-46b7-bb72-40a22a085b87 ] Request (ServersAdminNegativeTestJSON:setUpClass): 201 POST http://10.180.1.21/identity/v3/projects 0.123s
2025-05-14 07:48:48.367 69673 INFO tempest.lib.common.rest_client [req-b04109c4-4d38-4b46-83a8-3b254f0580b5 req-b04109c4-4d38-4b46-83a8-3b254f0580b5 ] Request (ServersWithSpecificFlavorTestJSON:setUpClass): 201 POST http://10.180.1.21:9696/networking/v2.0/routers 0.734s
2025-05-14 07:48:48.402 69659 INFO tempest.lib.common.rest_client [req-1b2c43fe-4e49-402d-aebd-33cca675bfa7 req-1b2c43fe-4e49-402d-aebd-33cca675bfa7 ] Request (ServersAdminTestJSON:setUpClass): 201 POST http://10.180.1.21:9696/networking/v2.0/routers 1.270s
2025-05-14 07:48:48.405 69667 INFO tempest.lib.common.rest_client [req-bea968e2-0996-4a01-9874-a946aec3bacb req-bea968e2-0996-4a01-9874-a946aec3bacb ] Request (ServicesAdminNegativeTestJSON:setUpClass): 200 GET http://10.180.1.21/identity/v3/roles 0.159s
2025-05-14 07:48:48.408 69631 INFO tempest.lib.common.rest_client [req-aee8e762-2716-4e1c-b5d3-d308a2a06182 req-aee8e762-2716-4e1c-b5d3-d308a2a06182 ] Request (SecurityGroupsNegativeTestJSON:setUpClass): 200 GET http://10.180.1.21/identity/v3/domains?name=Default 0.155s
2025-05-14 07:48:48.429 69621 INFO tempest.lib.common.rest_client [req-0827f488-0b8d-48d9-928e-ebb903da9d7c req-0827f488-0b8d-48d9-928e-ebb903da9d7c ] Request (QuotaClassesAdmin257Test:setUpClass): 204 PUT http://10.180.1.21/identity/v3/projects/cad011f119a34c36a81cf1d943bae4a8/users/8d0922ed687f4cfa942f3b7c4e9a1ba7/roles/3dc90f427f18449999960da81974b05b 0.164s
2025-05-14 07:48:48.430 69621 INFO tempest.lib.common.dynamic_creds [-] Dynamic test user 8d0922ed687f4cfa942f3b7c4e9a1ba7 is created with scope project and roles: ['member']
2025-05-14 07:48:48.430 69621 INFO tempest.lib.common.dynamic_creds [-] Acquired dynamic creds: credentials: Credentials: {'domain_id': 'default', 'domain_name': 'Default', 'username': 'tempest-QuotaClassesAdmin257Test-653440789-project-member', 'project_domain_id': 'default', 'project_domain_name': 'Default', 'project_id': 'cad011f119a34c36a81cf1d943bae4a8', 'project_name': 'tempest-QuotaClassesAdmin257Test-653440789', 'tenant_id': 'cad011f119a34c36a81cf1d943bae4a8', 'tenant_name': 'tempest-QuotaClassesAdmin257Test-653440789', 'user_domain_id': 'default', 'user_domain_name': 'Default', 'user_id': '8d0922ed687f4cfa942f3b7c4e9a1ba7', 'system': None}, Network: None, Subnet: None, Router: None
2025-05-14 07:48:48.430 69621 INFO tempest.lib.common.dynamic_creds [-] Created isolated network resources for: credentials: Credentials: {'domain_id': 'default', 'domain_name': 'Default', 'username': 'tempest-QuotaClassesAdmin257Test-653440789-project-member', 'project_domain_id': 'default', 'project_domain_name': 'Default', 'project_id': 'cad011f119a34c36a81cf1d943bae4a8', 'project_name': 'tempest-QuotaClassesAdmin257Test-653440789', 'tenant_id': 'cad011f119a34c36a81cf1d943bae4a8', 'tenant_name': 'tempest-QuotaClassesAdmin257Test-653440789', 'user_domain_id': 'default', 'user_domain_name': 'Default', 'user_id': '8d0922ed687f4cfa942f3b7c4e9a1ba7', 'system': None}, Network: None, Subnet: None, Router: None
2025-05-14 07:48:48.438 69661 INFO tempest.lib.common.rest_client [req-74bd220b-cd12-451e-bf63-1a2a9b45da14 req-74bd220b-cd12-451e-bf63-1a2a9b45da14 ] Request (HypervisorAdminV253TestBase:test_list_show_detail_hypervisors): 200 GET http://10.180.1.21/compute/v2.1/os-hypervisors/detail?with_servers=True 3.164s
2025-05-14 07:48:48.461 69639 INFO tempest.lib.common.rest_client [req-cae4e4de-60f7-4173-ac78-4526cb08204e req-cae4e4de-60f7-4173-ac78-4526cb08204e ] Request (ImagesTestJSON:setUpClass): 201 POST http://10.180.1.21/identity/v3/auth/tokens 0.172s
2025-05-14 07:48:48.483 69669 INFO tempest.lib.common.rest_client [req-7f0b0b9b-e9d9-4760-b3ff-a63b75136508 req-7f0b0b9b-e9d9-4760-b3ff-a63b75136508 ] Request (ServersAdminNegativeTestJSON:setUpClass): 201 POST http://10.180.1.21/identity/v3/users 0.128s
2025-05-14 07:48:48.506 69667 INFO tempest.lib.common.rest_client [req-060d94f1-dc21-49eb-a0f8-a7a338214f4a req-060d94f1-dc21-49eb-a0f8-a7a338214f4a ] Request (ServicesAdminNegativeTestJSON:setUpClass): 204 PUT http://10.180.1.21/identity/v3/projects/a387abea02ac4edf879afaac4b57069a/users/3fad10d0219a4272bad8068b515a275d/roles/e64486f31ac24cd49cddefc8b25bda64 0.099s
2025-05-14 07:48:48.534 69641 INFO tempest.lib.common.rest_client [req-6f986a94-fc05-4dd7-9c32-3f264ca49162 req-6f986a94-fc05-4dd7-9c32-3f264ca49162 ] Request (InstanceUsageAuditLogTestJSON:tearDownClass): 200 GET http://10.180.1.21:9696/networking/v2.0/security-groups?tenant_id=57492489fbeb40e9bb542b8fef8113c8&name=default 0.543s
2025-05-14 07:48:48.555 69653 INFO tempest.lib.common.rest_client [req-e72a1f9f-3cba-4f34-89c9-381e5929185e req-e72a1f9f-3cba-4f34-89c9-381e5929185e ] Request (FlavorsAdminTestJSON:test_create_flavor_using_string_ram): 200 POST http://10.180.1.21/compute/v2.1/flavors 3.220s
2025-05-14 07:48:48.575 69631 INFO tempest.lib.common.rest_client [req-91671342-ae63-4d1f-9f5c-66a8f01a7764 req-91671342-ae63-4d1f-9f5c-66a8f01a7764 ] Request (SecurityGroupsNegativeTestJSON:setUpClass): 201 POST http://10.180.1.21/identity/v3/projects 0.166s
2025-05-14 07:48:48.581 69611 INFO tempest.lib.common.rest_client [req-656fa007-8978-410c-be57-f235564f1646 req-656fa007-8978-410c-be57-f235564f1646 ] Request (HypervisorAdminNegativeUnderV252Test:test_show_servers_with_non_admin_user): 200 GET http://10.180.1.21/compute/v2.1/os-hypervisors 3.221s
2025-05-14 07:48:48.629 69621 INFO tempest.lib.common.rest_client [req-2ec88e45-66fb-4261-b066-6a675a70c5ca req-2ec88e45-66fb-4261-b066-6a675a70c5ca ] Request (QuotaClassesAdmin257Test:setUpClass): 201 POST http://10.180.1.21/identity/v3/auth/tokens 0.193s
2025-05-14 07:48:48.650 69635 INFO tempest.lib.common.rest_client [req-8908872d-18a8-4b04-bf7b-1a8995a561a6 req-8908872d-18a8-4b04-bf7b-1a8995a561a6 ] Request (FloatingIPsAssociationTestJSON:setUpClass): 201 POST http://10.180.1.21:9696/networking/v2.0/networks 0.816s
2025-05-14 07:48:48.708 69625 INFO tempest.lib.common.rest_client [req-6e90c935-107f-4e07-87c3-4050ca81da79 req-6e90c935-107f-4e07-87c3-4050ca81da79 ] Request (FlavorsV261TestJSON:test_crud_flavor): 200 GET http://10.180.1.21/compute/v2.1/flavors/384516792 3.362s
2025-05-14 07:48:48.742 69669 INFO tempest.lib.common.rest_client [req-0621adf6-5d7f-4ea6-b85f-7717eff5c0e2 req-0621adf6-5d7f-4ea6-b85f-7717eff5c0e2 ] Request (ServersAdminNegativeTestJSON:setUpClass): 200 GET http://10.180.1.21/identity/v3/roles 0.258s
2025-05-14 07:48:48.749 69667 INFO tempest.lib.common.rest_client [req-34d368f2-f869-4b08-9968-06835af36557 req-34d368f2-f869-4b08-9968-06835af36557 ] Request (ServicesAdminNegativeTestJSON:setUpClass): 200 GET http://10.180.1.21/identity/v3/roles 0.243s
2025-05-14 07:48:48.768 69631 INFO tempest.lib.common.rest_client [req-4fed4f3c-8c1c-48c3-9339-6db5690c09d3 req-4fed4f3c-8c1c-48c3-9339-6db5690c09d3 ] Request (SecurityGroupsNegativeTestJSON:setUpClass): 201 POST http://10.180.1.21/identity/v3/users 0.192s
2025-05-14 07:48:48.796 69621 INFO tempest.lib.common.rest_client [req-860bf7d5-6819-40d7-b4d5-ab8dc963c9e7 req-860bf7d5-6819-40d7-b4d5-ab8dc963c9e7 ] Request (QuotaClassesAdmin257Test:setUpClass): 201 POST http://10.180.1.21/identity/v3/projects 0.167s
2025-05-14 07:48:48.838 69641 INFO tempest.lib.common.rest_client [req-3459b83f-9978-49e9-8985-c67cbf2c65c2 req-3459b83f-9978-49e9-8985-c67cbf2c65c2 ] Request (InstanceUsageAuditLogTestJSON:tearDownClass): 204 DELETE http://10.180.1.21:9696/networking/v2.0/security-groups/35a350ea-3bbc-4581-a317-665473417b5d 0.303s
2025-05-14 07:48:48.865 69669 INFO tempest.lib.common.rest_client [req-5c1e185a-2f85-4158-93c7-63bedd2f2a3a req-5c1e185a-2f85-4158-93c7-63bedd2f2a3a ] Request (ServersAdminNegativeTestJSON:setUpClass): 204 PUT http://10.180.1.21/identity/v3/projects/1c209f3cc46f4bdf92c1ba7a74a445e6/users/1af43546d0184a5db22eb18c33223ab8/roles/3dc90f427f18449999960da81974b05b 0.123s
2025-05-14 07:48:48.865 69669 INFO tempest.lib.common.dynamic_creds [-] Dynamic test user 1af43546d0184a5db22eb18c33223ab8 is created with scope project and roles: ['member']
2025-05-14 07:48:48.866 69669 INFO tempest.lib.common.dynamic_creds [-] Acquired dynamic creds: credentials: Credentials: {'domain_id': 'default', 'domain_name': 'Default', 'username': 'tempest-ServersAdminNegativeTestJSON-1849074686-project-member', 'project_domain_id': 'default', 'project_domain_name': 'Default', 'project_id': '1c209f3cc46f4bdf92c1ba7a74a445e6', 'project_name': 'tempest-ServersAdminNegativeTestJSON-1849074686', 'tenant_id': '1c209f3cc46f4bdf92c1ba7a74a445e6', 'tenant_name': 'tempest-ServersAdminNegativeTestJSON-1849074686', 'user_domain_id': 'default', 'user_domain_name': 'Default', 'user_id': '1af43546d0184a5db22eb18c33223ab8', 'system': None}, Network: None, Subnet: None, Router: None
2025-05-14 07:48:48.866 69669 INFO tempest.lib.common.dynamic_creds [-] Created isolated network resources for: credentials: Credentials: {'domain_id': 'default', 'domain_name': 'Default', 'username': 'tempest-ServersAdminNegativeTestJSON-1849074686-project-member', 'project_domain_id': 'default', 'project_domain_name': 'Default', 'project_id': '1c209f3cc46f4bdf92c1ba7a74a445e6', 'project_name': 'tempest-ServersAdminNegativeTestJSON-1849074686', 'tenant_id': '1c209f3cc46f4bdf92c1ba7a74a445e6', 'tenant_name': 'tempest-ServersAdminNegativeTestJSON-1849074686', 'user_domain_id': 'default', 'user_domain_name': 'Default', 'user_id': '1af43546d0184a5db22eb18c33223ab8', 'system': None}, Network: None, Subnet: None, Router: None
2025-05-14 07:48:48.924 69667 INFO tempest.lib.common.rest_client [req-becb9da6-4d3b-4ce9-8f8b-406e12d80d0f req-becb9da6-4d3b-4ce9-8f8b-406e12d80d0f ] Request (ServicesAdminNegativeTestJSON:setUpClass): 204 PUT http://10.180.1.21/identity/v3/projects/a387abea02ac4edf879afaac4b57069a/users/3fad10d0219a4272bad8068b515a275d/roles/e64486f31ac24cd49cddefc8b25bda64 0.175s
2025-05-14 07:48:48.924 69667 INFO tempest.lib.common.dynamic_creds [-] Dynamic test user 3fad10d0219a4272bad8068b515a275d is created with scope project and roles: ['admin']
2025-05-14 07:48:48.925 69667 INFO tempest.lib.common.dynamic_creds [-] Acquired dynamic creds: credentials: Credentials: {'domain_id': 'default', 'domain_name': 'Default', 'username': 'tempest-ServicesAdminNegativeTestJSON-1300346641-project-admin', 'project_domain_id': 'default', 'project_domain_name': 'Default', 'project_id': 'a387abea02ac4edf879afaac4b57069a', 'project_name': 'tempest-ServicesAdminNegativeTestJSON-1300346641', 'tenant_id': 'a387abea02ac4edf879afaac4b57069a', 'tenant_name': 'tempest-ServicesAdminNegativeTestJSON-1300346641', 'user_domain_id': 'default', 'user_domain_name': 'Default', 'user_id': '3fad10d0219a4272bad8068b515a275d', 'system': None}, Network: None, Subnet: None, Router: None
2025-05-14 07:48:48.925 69667 INFO tempest.lib.common.dynamic_creds [-] Created isolated network resources for: credentials: Credentials: {'domain_id': 'default', 'domain_name': 'Default', 'username': 'tempest-ServicesAdminNegativeTestJSON-1300346641-project-admin', 'project_domain_id': 'default', 'project_domain_name': 'Default', 'project_id': 'a387abea02ac4edf879afaac4b57069a', 'project_name': 'tempest-ServicesAdminNegativeTestJSON-1300346641', 'tenant_id': 'a387abea02ac4edf879afaac4b57069a', 'tenant_name': 'tempest-ServicesAdminNegativeTestJSON-1300346641', 'user_domain_id': 'default', 'user_domain_name': 'Default', 'user_id': '3fad10d0219a4272bad8068b515a275d', 'system': None}, Network: None, Subnet: None, Router: None
2025-05-14 07:48:48.931 69631 INFO tempest.lib.common.rest_client [req-877c2641-8fea-46e6-936c-bfc6345cf476 req-877c2641-8fea-46e6-936c-bfc6345cf476 ] Request (SecurityGroupsNegativeTestJSON:setUpClass): 200 GET http://10.180.1.21/identity/v3/roles 0.162s
2025-05-14 07:48:48.953 69617 INFO tempest.lib.common.rest_client [req-68721082-abd3-4823-a618-517dde754391 req-68721082-abd3-4823-a618-517dde754391 ] Request (VolumesAssistedSnapshotsTest:setUpClass): 200 PUT http://10.180.1.21:9696/networking/v2.0/routers/c1a55e07-2f67-44c4-b4fc-3cb667252d80/add_router_interface 1.482s
2025-05-14 07:48:48.954 69617 INFO tempest.lib.common.dynamic_creds [-] Created isolated network resources for: credentials: Credentials: {'domain_id': 'default', 'domain_name': 'Default', 'username': 'tempest-VolumesAssistedSnapshotsTest-103819724-project-admin', 'project_domain_id': 'default', 'project_domain_name': 'Default', 'project_id': '89306699eedd493dbc9a2737a8193dac', 'project_name': 'tempest-VolumesAssistedSnapshotsTest-103819724', 'tenant_id': '89306699eedd493dbc9a2737a8193dac', 'tenant_name': 'tempest-VolumesAssistedSnapshotsTest-103819724', 'user_domain_id': 'default', 'user_domain_name': 'Default', 'user_id': '8cc265a48e1849189402f60f69891c57', 'system': None}, Network: {'id': '1019fb49-3be1-4371-8daf-3de338e64fe1', 'name': 'tempest-VolumesAssistedSnapshotsTest-1649332731-network', 'tenant_id': '89306699eedd493dbc9a2737a8193dac', 'admin_state_up': True, 'mtu': 8950, 'status': 'ACTIVE', 'subnets': [], 'shared': False, 'project_id': '89306699eedd493dbc9a2737a8193dac', 'port_security_enabled': True, 'router:external': False, 'provider:network_type': 'vlan', 'provider:physical_network': 'default', 'provider:segmentation_id': 484, 'availability_zone_hints': [], 'availability_zones': [], 'ipv4_address_scope': None, 'ipv6_address_scope': None, 'description': '', 'tags': [], 'created_at': '2025-05-14T07:48:45Z', 'updated_at': '2025-05-14T07:48:45Z', 'revision_number': 1}, Subnet: {'id': '2e2b16b9-c4b7-4ca9-8f53-a123be71619a', 'name': 'tempest-VolumesAssistedSnapshotsTest-1649332731-subnet', 'tenant_id': '89306699eedd493dbc9a2737a8193dac', 'network_id': '1019fb49-3be1-4371-8daf-3de338e64fe1', 'ip_version': 4, 'subnetpool_id': None, 'enable_dhcp': True, 'ipv6_ra_mode': None, 'ipv6_address_mode': None, 'gateway_ip': '192.168.128.1', 'cidr': '192.168.128.0/28', 'allocation_pools': [{'start': '192.168.128.2', 'end': '192.168.128.14'}], 'host_routes': [], 'dns_nameservers': [], 'description': '', 'router:external': False, 'service_types': [], 'tags': [], 'created_at': '2025-05-14T07:48:45Z', 'updated_at': '2025-05-14T07:48:45Z', 'revision_number': 0, 'project_id': '89306699eedd493dbc9a2737a8193dac'}, Router: {'id': 'c1a55e07-2f67-44c4-b4fc-3cb667252d80', 'name': 'tempest-VolumesAssistedSnapshotsTest-1649332731-router', 'tenant_id': '89306699eedd493dbc9a2737a8193dac', 'admin_state_up': True, 'status': 'ACTIVE', 'external_gateway_info': {'network_id': '329fad16-ea4d-4603-be45-a1ed0b4ccd01', 'external_fixed_ips': [{'subnet_id': 'fcafac97-d61d-4e6c-ac1a-5b2ec2d25b47', 'ip_address': '10.180.180.232'}], 'enable_snat': True}, 'description': '', 'availability_zones': [], 'distributed': False, 'ha': False, 'availability_zone_hints': [], 'routes': [], 'flavor_id': None, 'tags': [], 'created_at': '2025-05-14T07:48:46Z', 'updated_at': '2025-05-14T07:48:46Z', 'revision_number': 2, 'project_id': '89306699eedd493dbc9a2737a8193dac'}
2025-05-14 07:48:48.958 69663 INFO tempest.lib.common.rest_client [req-a354118a-e5ff-4c28-9a29-b514f6b18383 req-a354118a-e5ff-4c28-9a29-b514f6b18383 ] Request (NetworksTest:test_get_network): 200 GET http://10.180.1.21/compute/v2.1/os-networks 3.489s
2025-05-14 07:48:49.013 69621 INFO tempest.lib.common.rest_client [req-65655213-d514-4735-b0eb-7cf06b7cfdd3 req-65655213-d514-4735-b0eb-7cf06b7cfdd3 ] Request (QuotaClassesAdmin257Test:setUpClass): 201 POST http://10.180.1.21/identity/v3/users 0.216s
2025-05-14 07:48:49.048 69641 INFO tempest.lib.common.rest_client [req-f9b332d1-65f5-4eda-b562-aee95f6e220a req-f9b332d1-65f5-4eda-b562-aee95f6e220a ] Request (InstanceUsageAuditLogTestJSON:tearDownClass): 204 DELETE http://10.180.1.21/identity/v3/projects/57492489fbeb40e9bb542b8fef8113c8 0.207s
2025-05-14 07:48:49.048 69641 INFO tempest.lib.common.dynamic_creds [-] Deleting project and security group for project: 9b7680b1fca248ba9841f994963a3263
