2025-05-14 07:48:49.088 69669 INFO tempest.lib.common.rest_client [req-f91f48c4-0392-4141-9cbe-fa135548af2d req-f91f48c4-0392-4141-9cbe-fa135548af2d ] Request (ServersAdminNegativeTestJSON:setUpClass): 201 POST http://10.180.1.21/identity/v3/auth/tokens 0.218s
2025-05-14 07:48:49.127 69635 INFO tempest.lib.common.rest_client [req-823918d7-d3a7-4073-96e7-26a0ff57e4bb req-823918d7-d3a7-4073-96e7-26a0ff57e4bb ] Request (FloatingIPsAssociationTestJSON:setUpClass): 201 POST http://10.180.1.21:9696/networking/v2.0/subnets 0.477s
2025-05-14 07:48:49.133 69619 INFO tempest.lib.common.rest_client [req-343307ab-d613-46d7-826b-69b664cc40bb req-343307ab-d613-46d7-826b-69b664cc40bb ] Request (ServicesAdminNegativeV253TestJSON:test_disable_service_with_invalid_service_id): 404 PUT http://10.180.1.21/compute/v2.1/os-services/3df7c4b0-3fec-4b9d-91f2-581990f4591d 3.305s
2025-05-14 07:48:49.141 69667 INFO tempest.lib.common.rest_client [req-f214655c-77f2-4595-80de-0c3bd8c20b32 req-f214655c-77f2-4595-80de-0c3bd8c20b32 ] Request (ServicesAdminNegativeTestJSON:setUpClass): 201 POST http://10.180.1.21/identity/v3/auth/tokens 0.212s
2025-05-14 07:48:49.159 69631 INFO tempest.lib.common.rest_client [req-3653f37c-5f71-42e1-8a8f-2881e7f6f120 req-3653f37c-5f71-42e1-8a8f-2881e7f6f120 ] Request (SecurityGroupsNegativeTestJSON:setUpClass): 204 PUT http://10.180.1.21/identity/v3/projects/7d659215f74f49dd9a8abb42f688f607/users/30b00c7bd3c44d0fac53f1737e9f4c59/roles/3dc90f427f18449999960da81974b05b 0.228s
2025-05-14 07:48:49.159 69631 INFO tempest.lib.common.dynamic_creds [-] Dynamic test user 30b00c7bd3c44d0fac53f1737e9f4c59 is created with scope project and roles: ['member']
2025-05-14 07:48:49.159 69631 INFO tempest.lib.common.dynamic_creds [-] Acquired dynamic creds: credentials: Credentials: {'domain_id': 'default', 'domain_name': 'Default', 'username': 'tempest-SecurityGroupsNegativeTestJSON-1794605583-project-member', 'project_domain_id': 'default', 'project_domain_name': 'Default', 'project_id': '7d659215f74f49dd9a8abb42f688f607', 'project_name': 'tempest-SecurityGroupsNegativeTestJSON-1794605583', 'tenant_id': '7d659215f74f49dd9a8abb42f688f607', 'tenant_name': 'tempest-SecurityGroupsNegativeTestJSON-1794605583', 'user_domain_id': 'default', 'user_domain_name': 'Default', 'user_id': '30b00c7bd3c44d0fac53f1737e9f4c59', 'system': None}, Network: None, Subnet: None, Router: None
2025-05-14 07:48:49.236 69621 INFO tempest.lib.common.rest_client [req-f92be6bb-c8a6-44fb-bf90-68f7ad9f1fca req-f92be6bb-c8a6-44fb-bf90-68f7ad9f1fca ] Request (QuotaClassesAdmin257Test:setUpClass): 200 GET http://10.180.1.21/identity/v3/roles 0.223s
2025-05-14 07:48:49.237 69613 INFO tempest.lib.common.rest_client [req-3b00fe6e-bf1a-4219-922d-e14553e7046d req-3b00fe6e-bf1a-4219-922d-e14553e7046d ] Request (ServerDiagnosticsTest:test_get_server_diagnostics): 202 POST http://10.180.1.21/compute/v2.1/servers 3.694s
2025-05-14 07:48:49.241 69617 INFO tempest.lib.common.rest_client [req-4d1caa48-b87b-4b09-a6c7-737e85c406c0 req-4d1caa48-b87b-4b09-a6c7-737e85c406c0 ] Request (VolumesAssistedSnapshotsTest:setUpClass): 201 POST http://10.180.1.21/identity/v3/auth/tokens 0.283s
2025-05-14 07:48:49.280 69669 INFO tempest.lib.common.rest_client [req-16868ac6-ff5d-482c-8a44-f10ef0c2fa08 req-16868ac6-ff5d-482c-8a44-f10ef0c2fa08 ] Request (ServersAdminNegativeTestJSON:setUpClass): 201 POST http://10.180.1.21/identity/v3/projects 0.192s
2025-05-14 07:48:49.282 69641 INFO tempest.lib.common.rest_client [req-a2138fc9-f65f-4011-adc0-13a1aa03b041 req-a2138fc9-f65f-4011-adc0-13a1aa03b041 ] Request (InstanceUsageAuditLogTestJSON:tearDownClass): 200 GET http://10.180.1.21:9696/networking/v2.0/security-groups?tenant_id=9b7680b1fca248ba9841f994963a3263&name=default 0.233s
2025-05-14 07:48:49.339 69631 INFO tempest.lib.common.rest_client [req-119ad463-9468-436a-b0d1-1a45efcade1d req-119ad463-9468-436a-b0d1-1a45efcade1d ] Request (SecurityGroupsNegativeTestJSON:setUpClass): 201 POST http://10.180.1.21/identity/v3/auth/tokens 0.179s
2025-05-14 07:48:49.362 69621 INFO tempest.lib.common.rest_client [req-da67b49f-e065-47e0-8c9f-dada4b7d69d2 req-da67b49f-e065-47e0-8c9f-dada4b7d69d2 ] Request (QuotaClassesAdmin257Test:setUpClass): 204 PUT http://10.180.1.21/identity/v3/projects/4358ec33509547f088383f6f74110127/users/1332334249e043cc97d1208de53b92b0/roles/e64486f31ac24cd49cddefc8b25bda64 0.125s
2025-05-14 07:48:49.461 69617 INFO tempest.lib.common.rest_client [req-0603f872-51b3-4da3-9e08-2084883bd3a4 req-0603f872-51b3-4da3-9e08-2084883bd3a4 ] Request (VolumesAssistedSnapshotsTest:setUpClass): 201 POST http://10.180.1.21/identity/v3/projects 0.219s
2025-05-14 07:48:49.481 69615 INFO tempest.lib.common.rest_client [req-c88c0e81-065a-4dce-b3d5-55fba32a5373 req-c88c0e81-065a-4dce-b3d5-55fba32a5373 ] Request (FlavorsAccessNegativeTestJSON:test_add_flavor_access_duplicate): 200 POST http://10.180.1.21/compute/v2.1/flavors 3.186s
2025-05-14 07:48:49.508 69639 INFO tempest.lib.common.rest_client [req-09561229-6d0d-477a-98cc-92e528c2e88c req-09561229-6d0d-477a-98cc-92e528c2e88c ] Request (ImagesTestJSON:setUpClass): 201 POST http://10.180.1.21:9696/networking/v2.0/networks 1.047s
2025-05-14 07:48:49.521 69669 INFO tempest.lib.common.rest_client [req-08542c9b-8d0b-4307-8438-39e60caf7575 req-08542c9b-8d0b-4307-8438-39e60caf7575 ] Request (ServersAdminNegativeTestJSON:setUpClass): 201 POST http://10.180.1.21/identity/v3/users 0.240s
2025-05-14 07:48:49.559 69641 INFO tempest.lib.common.rest_client [req-2b368943-0733-43c3-978f-cd94ef4998c5 req-2b368943-0733-43c3-978f-cd94ef4998c5 ] Request (InstanceUsageAuditLogTestJSON:tearDownClass): 204 DELETE http://10.180.1.21:9696/networking/v2.0/security-groups/7327f248-f2a8-4e85-a12b-86967b1c00a5 0.276s
2025-05-14 07:48:49.587 69621 INFO tempest.lib.common.rest_client [req-0f287465-bbf3-445f-8f11-031fe8ae302a req-0f287465-bbf3-445f-8f11-031fe8ae302a ] Request (QuotaClassesAdmin257Test:setUpClass): 200 GET http://10.180.1.21/identity/v3/roles 0.225s
2025-05-14 07:48:49.591 69617 INFO tempest.lib.common.rest_client [req-ddac442e-2310-479a-9ea3-c5a286fb5da4 req-ddac442e-2310-479a-9ea3-c5a286fb5da4 ] Request (VolumesAssistedSnapshotsTest:setUpClass): 201 POST http://10.180.1.21/identity/v3/users 0.129s
2025-05-14 07:48:49.612 69669 INFO tempest.lib.common.rest_client [req-4aca3852-8373-4c25-b48a-42b6318a064e req-4aca3852-8373-4c25-b48a-42b6318a064e ] Request (ServersAdminNegativeTestJSON:setUpClass): 200 GET http://10.180.1.21/identity/v3/roles 0.091s
2025-05-14 07:48:49.662 69643 INFO tempest.lib.common.rest_client [req-cd8be273-ce81-4f5b-812f-9d2f1c94b5e1 req-cd8be273-ce81-4f5b-812f-9d2f1c94b5e1 ] Request (FlavorsV255TestJSON:test_crud_flavor): 200 GET http://10.180.1.21/compute/v2.1/flavors/1058636962 3.091s
2025-05-14 07:48:49.669 69641 INFO tempest.lib.common.rest_client [req-ef92056a-265f-4509-906b-178f8ff48a69 req-ef92056a-265f-4509-906b-178f8ff48a69 ] Request (InstanceUsageAuditLogTestJSON:tearDownClass): 204 DELETE http://10.180.1.21/identity/v3/projects/9b7680b1fca248ba9841f994963a3263 0.110s
2025-05-14 07:48:49.691 69671 INFO tempest.lib.common.rest_client [req-bbece75c-4311-42af-b176-5518f791c119 req-bbece75c-4311-42af-b176-5518f791c119 ] Request (AZAdminV2TestJSON:test_get_availability_zone_list_detail): 200 GET http://10.180.1.21/compute/v2.1/os-availability-zone/detail 2.677s
2025-05-14 07:48:49.726 69621 INFO tempest.lib.common.rest_client [req-d5dc4a1b-0217-4022-b4aa-eb88f984ba5d req-d5dc4a1b-0217-4022-b4aa-eb88f984ba5d ] Request (QuotaClassesAdmin257Test:setUpClass): 204 PUT http://10.180.1.21/identity/v3/projects/4358ec33509547f088383f6f74110127/users/1332334249e043cc97d1208de53b92b0/roles/e64486f31ac24cd49cddefc8b25bda64 0.138s
2025-05-14 07:48:49.727 69621 INFO tempest.lib.common.dynamic_creds [-] Dynamic test user 1332334249e043cc97d1208de53b92b0 is created with scope project and roles: ['admin']
2025-05-14 07:48:49.727 69621 INFO tempest.lib.common.dynamic_creds [-] Acquired dynamic creds: credentials: Credentials: {'domain_id': 'default', 'domain_name': 'Default', 'username': 'tempest-QuotaClassesAdmin257Test-523037753-project-admin', 'project_domain_id': 'default', 'project_domain_name': 'Default', 'project_id': '4358ec33509547f088383f6f74110127', 'project_name': 'tempest-QuotaClassesAdmin257Test-523037753', 'tenant_id': '4358ec33509547f088383f6f74110127', 'tenant_name': 'tempest-QuotaClassesAdmin257Test-523037753', 'user_domain_id': 'default', 'user_domain_name': 'Default', 'user_id': '1332334249e043cc97d1208de53b92b0', 'system': None}, Network: None, Subnet: None, Router: None
2025-05-14 07:48:49.727 69621 INFO tempest.lib.common.dynamic_creds [-] Created isolated network resources for: credentials: Credentials: {'domain_id': 'default', 'domain_name': 'Default', 'username': 'tempest-QuotaClassesAdmin257Test-523037753-project-admin', 'project_domain_id': 'default', 'project_domain_name': 'Default', 'project_id': '4358ec33509547f088383f6f74110127', 'project_name': 'tempest-QuotaClassesAdmin257Test-523037753', 'tenant_id': '4358ec33509547f088383f6f74110127', 'tenant_name': 'tempest-QuotaClassesAdmin257Test-523037753', 'user_domain_id': 'default', 'user_domain_name': 'Default', 'user_id': '1332334249e043cc97d1208de53b92b0', 'system': None}, Network: None, Subnet: None, Router: None
2025-05-14 07:48:49.731 69617 INFO tempest.lib.common.rest_client [req-9f577b86-3a98-498a-9a81-5aeba719f05e req-9f577b86-3a98-498a-9a81-5aeba719f05e ] Request (VolumesAssistedSnapshotsTest:setUpClass): 200 GET http://10.180.1.21/identity/v3/roles 0.140s
2025-05-14 07:48:49.789 69641 INFO tempest.lib.common.rest_client [req-5ad1cc37-b3d7-4c7e-adbc-2e97c6d75e37 req-5ad1cc37-b3d7-4c7e-adbc-2e97c6d75e37 ] Request (QuotasAdminTestV236:setUpClass): 201 POST http://10.180.1.21/identity/v3/auth/tokens 0.118s
2025-05-14 07:48:49.812 69657 INFO tempest.lib.common.rest_client [req-66f133a6-a78f-4d0a-af1c-7988bb4018d0 req-66f133a6-a78f-4d0a-af1c-7988bb4018d0 ] Request (DeleteServersAdminTestJSON:test_admin_delete_servers_of_others): 202 POST http://10.180.1.21/compute/v2.1/servers 3.974s
2025-05-14 07:48:49.816 69669 INFO tempest.lib.common.rest_client [req-fdd83768-488e-407a-9e91-ff276bc5e8a1 req-fdd83768-488e-407a-9e91-ff276bc5e8a1 ] Request (ServersAdminNegativeTestJSON:setUpClass): 204 PUT http://10.180.1.21/identity/v3/projects/d6fc24097d6e4d4eae6ee04d8f526f85/users/340e22659ec34dd5bd6f490090a5e337/roles/e64486f31ac24cd49cddefc8b25bda64 0.203s
2025-05-14 07:48:49.891 69671 INFO tempest.lib.common.rest_client [req-da078e99-1d84-4d81-af26-71ae2b2bc510 req-da078e99-1d84-4d81-af26-71ae2b2bc510 ] Request (AZAdminV2TestJSON:tearDownClass): 204 DELETE http://10.180.1.21/identity/v3/users/be60f7de6a70433f8355ef95670f3205 0.192s
2025-05-14 07:48:49.896 69621 INFO tempest.lib.common.rest_client [req-9f1c1d5d-e444-4a4c-a5bb-19778be7c8e2 req-9f1c1d5d-e444-4a4c-a5bb-19778be7c8e2 ] Request (QuotaClassesAdmin257Test:setUpClass): 201 POST http://10.180.1.21/identity/v3/auth/tokens 0.165s
2025-05-14 07:48:49.913 69647 INFO tempest.lib.common.rest_client [req-69572a92-b0c3-42e8-b610-3080463ffbb9 req-69572a92-b0c3-42e8-b610-3080463ffbb9 ] Request (FlavorMetadataValidation:test_flavor_update_with_custom_namespace): 200 POST http://10.180.1.21/compute/v2.1/flavors/1017902597/os-extra_specs 2.611s
2025-05-14 07:48:49.962 69665 INFO tempest.lib.common.rest_client [req-36e7d2a6-7775-4944-a122-b6c819b64852 req-36e7d2a6-7775-4944-a122-b6c819b64852 ] Request (FloatingIPsTestJSON:test_allocate_floating_ip): 200 GET http://10.180.1.21/compute/v2.1/os-floating-ips/c0f1cf35-d852-4e4c-8be9-344406640b0f 2.701s
2025-05-14 07:48:49.963 69641 INFO tempest.lib.common.rest_client [req-2a6867f5-97ce-41cb-b5c2-44bffbeb872e req-2a6867f5-97ce-41cb-b5c2-44bffbeb872e ] Request (QuotasAdminTestV236:setUpClass): 201 POST http://10.180.1.21/identity/v3/auth/tokens 0.171s
2025-05-14 07:48:49.975 69617 INFO tempest.lib.common.rest_client [req-788bb336-a2d7-43b7-ae03-09e4a75c907e req-788bb336-a2d7-43b7-ae03-09e4a75c907e ] Request (VolumesAssistedSnapshotsTest:setUpClass): 204 PUT http://10.180.1.21/identity/v3/projects/3af8b387bd2d44a8b64581a2e1053ea0/users/f4fb46f855da4541b2aa8e591e950eaf/roles/d34f4bfc3d1a4aa7a9acab1cd0bd2c05 0.243s
2025-05-14 07:48:49.992 69623 INFO tempest.lib.common.rest_client [req-97c06dda-28cc-4a28-b8da-afac099848ed req-97c06dda-28cc-4a28-b8da-afac099848ed ] Request (ServicesAdminTestJSON:test_list_services): 200 GET http://10.180.1.21/compute/v2.1/os-services 2.528s
2025-05-14 07:48:50.033 69669 INFO tempest.lib.common.rest_client [req-7bac3094-a7cf-4a67-9505-6247d73b6483 req-7bac3094-a7cf-4a67-9505-6247d73b6483 ] Request (ServersAdminNegativeTestJSON:setUpClass): 200 GET http://10.180.1.21/identity/v3/roles 0.216s
2025-05-14 07:48:50.068 69671 INFO tempest.lib.common.rest_client [req-9e41e224-ff8b-4532-9820-625c5d1df662 req-9e41e224-ff8b-4532-9820-625c5d1df662 ] Request (AZAdminV2TestJSON:tearDownClass): 204 DELETE http://10.180.1.21/identity/v3/users/5805ec56ba9b44c58ae8ec0c5bc013b8 0.176s
2025-05-14 07:48:50.069 69671 INFO tempest.lib.common.dynamic_creds [-] Deleting project and security group for project: df863467b2ab418cbdbf3ce59bff477b
2025-05-14 07:48:50.129 69641 INFO tempest.lib.common.rest_client [req-5012c59a-6b48-4d06-b458-d48ad2959a18 req-5012c59a-6b48-4d06-b458-d48ad2959a18 ] Request (QuotasAdminTestV236:setUpClass): 200 GET http://10.180.1.21/identity/v3/domains?name=Default 0.165s
2025-05-14 07:48:50.134 69639 INFO tempest.lib.common.rest_client [req-298681ae-f2c6-4ab8-9da1-4e1c403e9dda req-298681ae-f2c6-4ab8-9da1-4e1c403e9dda ] Request (ImagesTestJSON:setUpClass): 201 POST http://10.180.1.21:9696/networking/v2.0/subnets 0.625s
2025-05-14 07:48:50.157 69631 INFO tempest.lib.common.rest_client [req-74903839-13d6-421c-a479-cb30c611b21b req-74903839-13d6-421c-a479-cb30c611b21b ] Request (SecurityGroupsNegativeTestJSON:setUpClass): 201 POST http://10.180.1.21:9696/networking/v2.0/networks 0.818s
2025-05-14 07:48:50.165 69617 INFO tempest.lib.common.rest_client [req-2ff622ca-0fdf-46ab-b0c0-e3d6732c4e18 req-2ff622ca-0fdf-46ab-b0c0-e3d6732c4e18 ] Request (VolumesAssistedSnapshotsTest:setUpClass): 200 GET http://10.180.1.21/identity/v3/roles 0.189s
2025-05-14 07:48:50.236 69673 INFO tempest.lib.common.rest_client [req-2b2df450-b258-4860-8fd7-bac67388b65c req-2b2df450-b258-4860-8fd7-bac67388b65c ] Request (ServersWithSpecificFlavorTestJSON:setUpClass): 200 PUT http://10.180.1.21:9696/networking/v2.0/routers/5a1cee08-a282-4913-8c2d-ee421c0a7b4c/add_router_interface 1.869s
2025-05-14 07:48:50.236 69673 INFO tempest.lib.common.dynamic_creds [-] Created isolated network resources for: credentials: Credentials: {'domain_id': 'default', 'domain_name': 'Default', 'username': 'tempest-ServersWithSpecificFlavorTestJSON-1734814257-project-admin', 'project_domain_id': 'default', 'project_domain_name': 'Default', 'project_id': '40f6f223d20446bab66cffb96adec350', 'project_name': 'tempest-ServersWithSpecificFlavorTestJSON-1734814257', 'tenant_id': '40f6f223d20446bab66cffb96adec350', 'tenant_name': 'tempest-ServersWithSpecificFlavorTestJSON-1734814257', 'user_domain_id': 'default', 'user_domain_name': 'Default', 'user_id': '30ba32407d6f477c8f8374fcd4f70d20', 'system': None}, Network: {'id': '57189d11-6be8-4906-8fae-6005bfa3afbc', 'name': 'tempest-ServersWithSpecificFlavorTestJSON-245077072-network', 'tenant_id': '40f6f223d20446bab66cffb96adec350', 'admin_state_up': True, 'mtu': 8950, 'status': 'ACTIVE', 'subnets': [], 'shared': False, 'project_id': '40f6f223d20446bab66cffb96adec350', 'port_security_enabled': True, 'router:external': False, 'provider:network_type': 'vlan', 'provider:physical_network': 'default', 'provider:segmentation_id': 981, 'availability_zone_hints': [], 'availability_zones': [], 'ipv4_address_scope': None, 'ipv6_address_scope': None, 'description': '', 'tags': [], 'created_at': '2025-05-14T07:48:47Z', 'updated_at': '2025-05-14T07:48:47Z', 'revision_number': 1}, Subnet: {'id': '6fb3cf14-10b5-4116-a001-51d7549e4c62', 'name': 'tempest-ServersWithSpecificFlavorTestJSON-245077072-subnet', 'tenant_id': '40f6f223d20446bab66cffb96adec350', 'network_id': '57189d11-6be8-4906-8fae-6005bfa3afbc', 'ip_version': 4, 'subnetpool_id': None, 'enable_dhcp': True, 'ipv6_ra_mode': None, 'ipv6_address_mode': None, 'gateway_ip': '192.168.128.1', 'cidr': '192.168.128.0/28', 'allocation_pools': [{'start': '192.168.128.2', 'end': '192.168.128.14'}], 'host_routes': [], 'dns_nameservers': [], 'description': '', 'router:external': False, 'service_types': [], 'tags': [], 'created_at': '2025-05-14T07:48:47Z', 'updated_at': '2025-05-14T07:48:47Z', 'revision_number': 0, 'project_id': '40f6f223d20446bab66cffb96adec350'}, Router: {'id': '5a1cee08-a282-4913-8c2d-ee421c0a7b4c', 'name': 'tempest-ServersWithSpecificFlavorTestJSON-245077072-router', 'tenant_id': '40f6f223d20446bab66cffb96adec350', 'admin_state_up': True, 'status': 'ACTIVE', 'external_gateway_info': {'network_id': '329fad16-ea4d-4603-be45-a1ed0b4ccd01', 'external_fixed_ips': [{'subnet_id': 'fcafac97-d61d-4e6c-ac1a-5b2ec2d25b47', 'ip_address': '10.180.180.237'}], 'enable_snat': True}, 'description': '', 'availability_zones': [], 'distributed': False, 'ha': False, 'availability_zone_hints': [], 'routes': [], 'flavor_id': None, 'tags': [], 'created_at': '2025-05-14T07:48:47Z', 'updated_at': '2025-05-14T07:48:48Z', 'revision_number': 2, 'project_id': '40f6f223d20446bab66cffb96adec350'}
2025-05-14 07:48:50.349 69623 INFO tempest.lib.common.rest_client [req-0fcbff85-3de1-4f6c-b977-da7606ce6c03 req-0fcbff85-3de1-4f6c-b977-da7606ce6c03 ] Request (ServicesAdminTestJSON:tearDownClass): 204 DELETE http://10.180.1.21/identity/v3/users/67c7c1f4e0f047fca2d67e4e067485d8 0.353s
2025-05-14 07:48:50.351 69669 INFO tempest.lib.common.rest_client [req-afef6d7e-789b-49bd-b7c1-ab75b73811a1 req-afef6d7e-789b-49bd-b7c1-ab75b73811a1 ] Request (ServersAdminNegativeTestJSON:setUpClass): 204 PUT http://10.180.1.21/identity/v3/projects/d6fc24097d6e4d4eae6ee04d8f526f85/users/340e22659ec34dd5bd6f490090a5e337/roles/e64486f31ac24cd49cddefc8b25bda64 0.318s
2025-05-14 07:48:50.351 69669 INFO tempest.lib.common.dynamic_creds [-] Dynamic test user 340e22659ec34dd5bd6f490090a5e337 is created with scope project and roles: ['admin']
2025-05-14 07:48:50.352 69669 INFO tempest.lib.common.dynamic_creds [-] Acquired dynamic creds: credentials: Credentials: {'domain_id': 'default', 'domain_name': 'Default', 'username': 'tempest-ServersAdminNegativeTestJSON-133981845-project-admin', 'project_domain_id': 'default', 'project_domain_name': 'Default', 'project_id': 'd6fc24097d6e4d4eae6ee04d8f526f85', 'project_name': 'tempest-ServersAdminNegativeTestJSON-133981845', 'tenant_id': 'd6fc24097d6e4d4eae6ee04d8f526f85', 'tenant_name': 'tempest-ServersAdminNegativeTestJSON-133981845', 'user_domain_id': 'default', 'user_domain_name': 'Default', 'user_id': '340e22659ec34dd5bd6f490090a5e337', 'system': None}, Network: None, Subnet: None, Router: None
2025-05-14 07:48:50.352 69669 INFO tempest.lib.common.dynamic_creds [-] Created isolated network resources for: credentials: Credentials: {'domain_id': 'default', 'domain_name': 'Default', 'username': 'tempest-ServersAdminNegativeTestJSON-133981845-project-admin', 'project_domain_id': 'default', 'project_domain_name': 'Default', 'project_id': 'd6fc24097d6e4d4eae6ee04d8f526f85', 'project_name': 'tempest-ServersAdminNegativeTestJSON-133981845', 'tenant_id': 'd6fc24097d6e4d4eae6ee04d8f526f85', 'tenant_name': 'tempest-ServersAdminNegativeTestJSON-133981845', 'user_domain_id': 'default', 'user_domain_name': 'Default', 'user_id': '340e22659ec34dd5bd6f490090a5e337', 'system': None}, Network: None, Subnet: None, Router: None
2025-05-14 07:48:50.452 69671 INFO tempest.lib.common.rest_client [req-d2f88de5-b90c-4d81-86b2-45966c5fd972 req-d2f88de5-b90c-4d81-86b2-45966c5fd972 ] Request (AZAdminV2TestJSON:tearDownClass): 201 POST http://10.180.1.21/identity/v3/auth/tokens 0.383s
2025-05-14 07:48:50.467 69641 INFO tempest.lib.common.rest_client [req-c8565a6d-e509-4fe7-86c1-f81112093b66 req-c8565a6d-e509-4fe7-86c1-f81112093b66 ] Request (QuotasAdminTestV236:setUpClass): 201 POST http://10.180.1.21/identity/v3/projects 0.336s
2025-05-14 07:48:50.472 69635 INFO tempest.lib.common.rest_client [req-ef7029fe-fffe-4a87-b57a-41ab99045e99 req-ef7029fe-fffe-4a87-b57a-41ab99045e99 ] Request (FloatingIPsAssociationTestJSON:setUpClass): 201 POST http://10.180.1.21:9696/networking/v2.0/routers 1.344s
2025-05-14 07:48:50.581 69617 INFO tempest.lib.common.rest_client [req-a4ae6013-ce1b-4f90-9c83-00f7ade4c877 req-a4ae6013-ce1b-4f90-9c83-00f7ade4c877 ] Request (VolumesAssistedSnapshotsTest:setUpClass): 204 PUT http://10.180.1.21/identity/v3/projects/3af8b387bd2d44a8b64581a2e1053ea0/users/f4fb46f855da4541b2aa8e591e950eaf/roles/e64486f31ac24cd49cddefc8b25bda64 0.415s
2025-05-14 07:48:50.581 69617 INFO tempest.lib.common.dynamic_creds [-] Dynamic test user f4fb46f855da4541b2aa8e591e950eaf is created with scope project and roles: ['service', 'admin']
2025-05-14 07:48:50.582 69617 INFO tempest.lib.common.dynamic_creds [-] Acquired dynamic creds: credentials: Credentials: {'domain_id': 'default', 'domain_name': 'Default', 'username': 'tempest-VolumesAssistedSnapshotsTest-1960152013-project', 'project_domain_id': 'default', 'project_domain_name': 'Default', 'project_id': '3af8b387bd2d44a8b64581a2e1053ea0', 'project_name': 'tempest-VolumesAssistedSnapshotsTest-1960152013', 'tenant_id': '3af8b387bd2d44a8b64581a2e1053ea0', 'tenant_name': 'tempest-VolumesAssistedSnapshotsTest-1960152013', 'user_domain_id': 'default', 'user_domain_name': 'Default', 'user_id': 'f4fb46f855da4541b2aa8e591e950eaf', 'system': None}, Network: None, Subnet: None, Router: None
2025-05-14 07:48:50.616 69673 INFO tempest.lib.common.rest_client [req-abb91068-5d81-4216-ad39-94d8f86588e6 req-abb91068-5d81-4216-ad39-94d8f86588e6 ] Request (ServersWithSpecificFlavorTestJSON:setUpClass): 201 POST http://10.180.1.21/identity/v3/auth/tokens 0.373s
2025-05-14 07:48:50.725 69623 INFO tempest.lib.common.rest_client [req-ec9fcea2-9596-45e7-bd48-2ea8d809841e req-ec9fcea2-9596-45e7-bd48-2ea8d809841e ] Request (ServicesAdminTestJSON:tearDownClass): 204 DELETE http://10.180.1.21/identity/v3/users/2dd3ba35c75849e3968ce80dc2c4b760 0.375s
2025-05-14 07:48:50.725 69623 INFO tempest.lib.common.dynamic_creds [-] Deleting project and security group for project: a5342b793dce4702ad708ec1f360ff82
2025-05-14 07:48:50.734 69669 INFO tempest.lib.common.rest_client [req-9317fd67-80a4-47d2-a2d3-092b2c71594d req-9317fd67-80a4-47d2-a2d3-092b2c71594d ] Request (ServersAdminNegativeTestJSON:setUpClass): 201 POST http://10.180.1.21/identity/v3/auth/tokens 0.380s
2025-05-14 07:48:50.750 69631 INFO tempest.lib.common.rest_client [req-85e889bb-7236-4abd-9f93-751969dd9b3e req-85e889bb-7236-4abd-9f93-751969dd9b3e ] Request (SecurityGroupsNegativeTestJSON:setUpClass): 201 POST http://10.180.1.21:9696/networking/v2.0/subnets 0.592s
2025-05-14 07:48:50.804 69641 INFO tempest.lib.common.rest_client [req-b97593f9-3545-46b6-a392-fded9c5dc332 req-b97593f9-3545-46b6-a392-fded9c5dc332 ] Request (QuotasAdminTestV236:setUpClass): 201 POST http://10.180.1.21/identity/v3/users 0.336s
2025-05-14 07:48:50.844 69655 INFO tempest.lib.common.rest_client [req-874dc0a1-b32a-4870-bd69-a2f0390523c5 req-874dc0a1-b32a-4870-bd69-a2f0390523c5 ] Request (ServerExternalEventsTest:test_create_server_external_events): 202 POST http://10.180.1.21/compute/v2.1/servers 3.319s
2025-05-14 07:48:50.886 69623 INFO tempest.lib.common.rest_client [req-3df27a9d-29f0-4d25-8261-2af550ca9ebd req-3df27a9d-29f0-4d25-8261-2af550ca9ebd ] Request (ServicesAdminTestJSON:tearDownClass): 201 POST http://10.180.1.21/identity/v3/auth/tokens 0.160s
2025-05-14 07:48:50.894 69645 INFO tempest.lib.common.rest_client [req-2a60e44b-ab2c-4d8e-8f3d-e9d9c2edddab req-2a60e44b-ab2c-4d8e-8f3d-e9d9c2edddab ] Request (AggregatesAdminNegativeTestJSON:test_aggregate_add_existent_host): 200 POST http://10.180.1.21/compute/v2.1/os-aggregates 3.299s
2025-05-14 07:48:50.933 69641 INFO tempest.lib.common.rest_client [req-442ad940-60b9-4173-82cd-39e0c8f15252 req-442ad940-60b9-4173-82cd-39e0c8f15252 ] Request (QuotasAdminTestV236:setUpClass): 200 GET http://10.180.1.21/identity/v3/roles 0.128s
2025-05-14 07:48:50.949 69669 INFO tempest.lib.common.rest_client [req-d4419e45-eee5-49bb-9bbe-acc77a246892 req-d4419e45-eee5-49bb-9bbe-acc77a246892 ] Request (ServersAdminNegativeTestJSON:setUpClass): 201 POST http://10.180.1.21/identity/v3/auth/tokens 0.208s
2025-05-14 07:48:50.950 69669 INFO tempest.lib.common.fixed_network [-] (ServersAdminNegativeTestJSON:setUpClass) Found network None available for tenant
2025-05-14 07:48:50.959 69637 INFO tempest.lib.common.rest_client [req-99210722-663b-44d6-8af6-e15df2b3a6e8 req-99210722-663b-44d6-8af6-e15df2b3a6e8 ] Request (KeyPairsV210TestJSON:test_admin_manage_keypairs_for_other_users): 201 POST http://10.180.1.21/compute/v2.1/os-keypairs 3.022s
2025-05-14 07:48:50.961 69649 INFO tempest.lib.common.rest_client [req-1ebd2a1a-67c3-4da4-b12d-07d4aef8e6c0 req-1ebd2a1a-67c3-4da4-b12d-07d4aef8e6c0 ] Request (QuotasAdminTestV257:test_get_updated_quotas): 200 PUT http://10.180.1.21/compute/v2.1/os-quota-sets/403a34a0f4344c62912cca9ba8b45047 3.577s
2025-05-14 07:48:50.982 69641 INFO tempest.lib.common.rest_client [req-ac0eee7e-e494-466d-afe5-4a864cdb9ff6 req-ac0eee7e-e494-466d-afe5-4a864cdb9ff6 ] Request (QuotasAdminTestV236:setUpClass): 204 PUT http://10.180.1.21/identity/v3/projects/87ea0c4f0bf54501bcfcb56b8b975137/users/e21ba92a901b41e782f6e9df939575d4/roles/3dc90f427f18449999960da81974b05b 0.049s
2025-05-14 07:48:50.983 69641 INFO tempest.lib.common.dynamic_creds [-] Dynamic test user e21ba92a901b41e782f6e9df939575d4 is created with scope project and roles: ['member']
2025-05-14 07:48:50.983 69641 INFO tempest.lib.common.dynamic_creds [-] Acquired dynamic creds: credentials: Credentials: {'domain_id': 'default', 'domain_name': 'Default', 'username': 'tempest-QuotasAdminTestV236-171277256-project-member', 'project_domain_id': 'default', 'project_domain_name': 'Default', 'project_id': '87ea0c4f0bf54501bcfcb56b8b975137', 'project_name': 'tempest-QuotasAdminTestV236-171277256', 'tenant_id': '87ea0c4f0bf54501bcfcb56b8b975137', 'tenant_name': 'tempest-QuotasAdminTestV236-171277256', 'user_domain_id': 'default', 'user_domain_name': 'Default', 'user_id': 'e21ba92a901b41e782f6e9df939575d4', 'system': None}, Network: None, Subnet: None, Router: None
2025-05-14 07:48:50.983 69641 INFO tempest.lib.common.dynamic_creds [-] Created isolated network resources for: credentials: Credentials: {'domain_id': 'default', 'domain_name': 'Default', 'username': 'tempest-QuotasAdminTestV236-171277256-project-member', 'project_domain_id': 'default', 'project_domain_name': 'Default', 'project_id': '87ea0c4f0bf54501bcfcb56b8b975137', 'project_name': 'tempest-QuotasAdminTestV236-171277256', 'tenant_id': '87ea0c4f0bf54501bcfcb56b8b975137', 'tenant_name': 'tempest-QuotasAdminTestV236-171277256', 'user_domain_id': 'default', 'user_domain_name': 'Default', 'user_id': 'e21ba92a901b41e782f6e9df939575d4', 'system': None}, Network: None, Subnet: None, Router: None
2025-05-14 07:48:51.049 69659 INFO tempest.lib.common.rest_client [req-9f4bdead-0c77-46fb-b8bd-aed85d875f48 req-9f4bdead-0c77-46fb-b8bd-aed85d875f48 ] Request (ServersAdminTestJSON:setUpClass): 200 PUT http://10.180.1.21:9696/networking/v2.0/routers/ef74fd44-702e-4597-a6f7-d81a7aabf7d0/add_router_interface 2.647s
2025-05-14 07:48:51.049 69659 INFO tempest.lib.common.dynamic_creds [-] Created isolated network resources for: credentials: Credentials: {'domain_id': 'default', 'domain_name': 'Default', 'username': 'tempest-ServersAdminTestJSON-165790944-project-admin', 'project_domain_id': 'default', 'project_domain_name': 'Default', 'project_id': 'fc2cb61aa9ac4624abd88c74c54af8ac', 'project_name': 'tempest-ServersAdminTestJSON-165790944', 'tenant_id': 'fc2cb61aa9ac4624abd88c74c54af8ac', 'tenant_name': 'tempest-ServersAdminTestJSON-165790944', 'user_domain_id': 'default', 'user_domain_name': 'Default', 'user_id': '2f7daea707e24c2ca8be4819c35cd08f', 'system': None}, Network: {'id': '5a004e46-97c9-4b38-b941-26b14f6359aa', 'name': 'tempest-ServersAdminTestJSON-960845131-network', 'tenant_id': 'fc2cb61aa9ac4624abd88c74c54af8ac', 'admin_state_up': True, 'mtu': 8950, 'status': 'ACTIVE', 'subnets': [], 'shared': False, 'project_id': 'fc2cb61aa9ac4624abd88c74c54af8ac', 'port_security_enabled': True, 'router:external': False, 'provider:network_type': 'vlan', 'provider:physical_network': 'default', 'provider:segmentation_id': 24, 'availability_zone_hints': [], 'availability_zones': [], 'ipv4_address_scope': None, 'ipv6_address_scope': None, 'description': '', 'tags': [], 'created_at': '2025-05-14T07:48:46Z', 'updated_at': '2025-05-14T07:48:46Z', 'revision_number': 1}, Subnet: {'id': '05443e91-fd84-4bc4-bf6e-4aa1a0b03216', 'name': 'tempest-ServersAdminTestJSON-960845131-subnet', 'tenant_id': 'fc2cb61aa9ac4624abd88c74c54af8ac', 'network_id': '5a004e46-97c9-4b38-b941-26b14f6359aa', 'ip_version': 4, 'subnetpool_id': None, 'enable_dhcp': True, 'ipv6_ra_mode': None, 'ipv6_address_mode': None, 'gateway_ip': '192.168.128.1', 'cidr': '192.168.128.0/28', 'allocation_pools': [{'start': '192.168.128.2', 'end': '192.168.128.14'}], 'host_routes': [], 'dns_nameservers': [], 'description': '', 'router:external': False, 'service_types': [], 'tags': [], 'created_at': '2025-05-14T07:48:46Z', 'updated_at': '2025-05-14T07:48:46Z', 'revision_number': 0, 'project_id': 'fc2cb61aa9ac4624abd88c74c54af8ac'}, Router: {'id': 'ef74fd44-702e-4597-a6f7-d81a7aabf7d0', 'name': 'tempest-ServersAdminTestJSON-960845131-router', 'tenant_id': 'fc2cb61aa9ac4624abd88c74c54af8ac', 'admin_state_up': True, 'status': 'ACTIVE', 'external_gateway_info': {'network_id': '329fad16-ea4d-4603-be45-a1ed0b4ccd01', 'external_fixed_ips': [{'subnet_id': 'fcafac97-d61d-4e6c-ac1a-5b2ec2d25b47', 'ip_address': '10.180.180.198'}], 'enable_snat': True}, 'description': '', 'availability_zones': [], 'distributed': False, 'ha': False, 'availability_zone_hints': [], 'routes': [], 'flavor_id': None, 'tags': [], 'created_at': '2025-05-14T07:48:47Z', 'updated_at': '2025-05-14T07:48:47Z', 'revision_number': 2, 'project_id': 'fc2cb61aa9ac4624abd88c74c54af8ac'}
2025-05-14 07:48:51.095 69627 INFO tempest.lib.common.rest_client [req-a5d6f05a-05f8-4a93-aa75-a19ae69517cd req-a5d6f05a-05f8-4a93-aa75-a19ae69517cd ] Request (HostsAdminNegativeTestJSON:test_list_hosts_with_non_admin_user): 403 GET http://10.180.1.21/compute/v2.1/os-hosts 2.887s
2025-05-14 07:48:51.161 69641 INFO tempest.lib.common.rest_client [req-9bab1d65-6af3-4c1f-a967-6d334efd8893 req-9bab1d65-6af3-4c1f-a967-6d334efd8893 ] Request (QuotasAdminTestV236:setUpClass): 201 POST http://10.180.1.21/identity/v3/auth/tokens 0.174s
2025-05-14 07:48:51.180 69671 INFO tempest.lib.common.rest_client [req-474f1d80-5c2f-4ec9-b5ea-e3af415fd164 req-474f1d80-5c2f-4ec9-b5ea-e3af415fd164 ] Request (AZAdminV2TestJSON:tearDownClass): 200 GET http://10.180.1.21:9696/networking/v2.0/security-groups?tenant_id=df863467b2ab418cbdbf3ce59bff477b&name=default 0.728s
2025-05-14 07:48:51.216 69651 INFO tempest.lib.common.rest_client [req-c79e0fa2-0107-4995-a7c6-e8d206be7c55 req-c79e0fa2-0107-4995-a7c6-e8d206be7c55 ] Request (QuotasAdminNegativeTest:test_create_server_when_cpu_quota_is_full): 200 PUT http://10.180.1.21/compute/v2.1/os-quota-sets/4a4714c3aca748bc97bc8139ae4e6926 2.992s
2025-05-14 07:48:51.261 69661 INFO tempest.lib.common.rest_client [req-d201db74-3691-4853-b6d1-be422f9e59d5 req-d201db74-3691-4853-b6d1-be422f9e59d5 ] Request (HypervisorAdminV253TestBase:test_list_show_detail_hypervisors): 200 GET http://10.180.1.21/compute/v2.1/os-hypervisors?with_servers=True 2.815s
2025-05-14 07:48:51.272 69659 INFO tempest.lib.common.rest_client [req-b1c6ea16-a812-4fd3-80ce-365960bf4201 req-b1c6ea16-a812-4fd3-80ce-365960bf4201 ] Request (ServersAdminTestJSON:setUpClass): 201 POST http://10.180.1.21/identity/v3/auth/tokens 0.217s
2025-05-14 07:48:51.284 69617 INFO tempest.lib.common.rest_client [req-9c01efa0-efea-4bf0-84c0-301f6ea0147f req-9c01efa0-efea-4bf0-84c0-301f6ea0147f ] Request (VolumesAssistedSnapshotsTest:setUpClass): 201 POST http://10.180.1.21:9696/networking/v2.0/networks 0.701s
2025-05-14 07:48:51.295 69653 INFO tempest.lib.common.rest_client [req-230c8ec9-58f3-4e90-8dd1-4059db460b1e req-230c8ec9-58f3-4e90-8dd1-4059db460b1e ] Request (FlavorsAdminTestJSON:_run_cleanups): 202 DELETE http://10.180.1.21/compute/v2.1/flavors/886302113 2.737s
2025-05-14 07:48:51.307 69611 INFO tempest.lib.common.rest_client [req-05ad066a-2ae3-4345-ae2b-baa99590e3de req-05ad066a-2ae3-4345-ae2b-baa99590e3de ] Request (HypervisorAdminNegativeUnderV252Test:test_show_servers_with_non_admin_user): 403 GET http://10.180.1.21/compute/v2.1/os-hypervisors/1/servers 2.725s
2025-05-14 07:48:51.310 69641 INFO tempest.lib.common.rest_client [req-163cc930-b704-4e5c-a66d-f2fe5ddfc903 req-163cc930-b704-4e5c-a66d-f2fe5ddfc903 ] Request (QuotasAdminTestV236:setUpClass): 201 POST http://10.180.1.21/identity/v3/projects 0.148s
2025-05-14 07:48:51.340 69625 INFO tempest.lib.common.rest_client [req-257571a5-7551-4910-a72d-9fb9a1674c63 req-257571a5-7551-4910-a72d-9fb9a1674c63 ] Request (FlavorsV261TestJSON:test_crud_flavor): 200 PUT http://10.180.1.21/compute/v2.1/flavors/384516792 2.629s
2025-05-14 07:48:51.342 69623 INFO tempest.lib.common.rest_client [req-eb001d45-de71-4649-8008-a0480ffb30b3 req-eb001d45-de71-4649-8008-a0480ffb30b3 ] Request (ServicesAdminTestJSON:tearDownClass): 200 GET http://10.180.1.21:9696/networking/v2.0/security-groups?tenant_id=a5342b793dce4702ad708ec1f360ff82&name=default 0.455s
2025-05-14 07:48:51.366 69651 INFO tempest.lib.common.rest_client [req-912502a2-468d-4ce7-a997-195a3c021f43 req-912502a2-468d-4ce7-a997-195a3c021f43 ] Request (QuotasAdminNegativeTest:test_create_server_when_cpu_quota_is_full): 201 POST http://10.180.1.21/identity/v3/auth/tokens 0.139s
2025-05-14 07:48:51.367 69651 INFO tempest.lib.common.fixed_network [-] (QuotasAdminNegativeTest:test_create_server_when_cpu_quota_is_full) Found network None available for tenant
2025-05-14 07:48:51.395 69629 INFO tempest.lib.common.rest_client [req-d2b77c8e-295f-44b6-9c02-d5eac5f39618 req-d2b77c8e-295f-44b6-9c02-d5eac5f39618 ] Request (FlavorsAccessTestJSON:test_flavor_access_add_remove): 200 POST http://10.180.1.21/compute/v2.1/flavors/845554036/action 3.066s
2025-05-14 07:48:51.411 69619 INFO tempest.lib.common.rest_client [req-12419536-1377-4246-b574-ee36ccb43888 req-12419536-1377-4246-b574-ee36ccb43888 ] Request (ServicesAdminNegativeV253TestJSON:test_enable_service_with_invalid_service_id): 404 PUT http://10.180.1.21/compute/v2.1/os-services/3df7c4b0-3fec-4b9d-91f2-581990f4591d 2.276s
2025-05-14 07:48:51.421 69659 INFO tempest.lib.common.rest_client [req-51b034e8-a881-4a3d-87e5-d170bb9628c5 req-51b034e8-a881-4a3d-87e5-d170bb9628c5 ] Request (ServersAdminTestJSON:setUpClass): 201 POST http://10.180.1.21/identity/v3/auth/tokens 0.145s
2025-05-14 07:48:51.421 69659 INFO tempest.lib.common.fixed_network [-] (ServersAdminTestJSON:setUpClass) Found network {'id': '738f9fe5-a712-4fc6-b6d8-5fa33541fff0', 'name': 'tempest-ServersAdminTestJSON-1493608264-network', 'tenant_id': '8d619ef36833444b930735873e6d2a6b', 'admin_state_up': True, 'mtu': 8950, 'status': 'ACTIVE', 'subnets': [], 'shared': False, 'project_id': '8d619ef36833444b930735873e6d2a6b', 'port_security_enabled': True, 'router:external': False, 'provider:network_type': 'vlan', 'provider:physical_network': 'default', 'provider:segmentation_id': 334, 'availability_zone_hints': [], 'availability_zones': [], 'ipv4_address_scope': None, 'ipv6_address_scope': None, 'description': '', 'tags': [], 'created_at': '2025-05-14T07:48:40Z', 'updated_at': '2025-05-14T07:48:40Z', 'revision_number': 1} available for tenant
2025-05-14 07:48:51.439 69641 INFO tempest.lib.common.rest_client [req-7fa67659-89fc-4304-9f55-e478d3c35f52 req-7fa67659-89fc-4304-9f55-e478d3c35f52 ] Request (QuotasAdminTestV236:setUpClass): 201 POST http://10.180.1.21/identity/v3/users 0.129s
2025-05-14 07:48:51.457 69671 INFO tempest.lib.common.rest_client [req-ed91dbe6-63ca-44b9-b690-85b8bae646f8 req-ed91dbe6-63ca-44b9-b690-85b8bae646f8 ] Request (AZAdminV2TestJSON:tearDownClass): 204 DELETE http://10.180.1.21:9696/networking/v2.0/security-groups/89acf84c-9e46-4b33-ac3a-bd9710f3bf1b 0.276s
2025-05-14 07:48:51.464 69641 INFO tempest.lib.common.rest_client [req-84c47a8d-6aa0-4b69-ab59-cce33c92b0db req-84c47a8d-6aa0-4b69-ab59-cce33c92b0db ] Request (QuotasAdminTestV236:setUpClass): 200 GET http://10.180.1.21/identity/v3/roles 0.024s
2025-05-14 07:48:51.474 69663 INFO tempest.lib.common.rest_client [req-9f0dd39e-7c3e-4ae5-b42e-9dd3bef1c62b req-9f0dd39e-7c3e-4ae5-b42e-9dd3bef1c62b ] Request (NetworksTest:test_get_network): 200 GET http://10.180.1.21/compute/v2.1/os-networks/329fad16-ea4d-4603-be45-a1ed0b4ccd01 2.515s
2025-05-14 07:48:51.537 69671 INFO tempest.lib.common.rest_client [req-07cb0d7f-e5f5-45bd-a098-2405f12343ef req-07cb0d7f-e5f5-45bd-a098-2405f12343ef ] Request (AZAdminV2TestJSON:tearDownClass): 204 DELETE http://10.180.1.21/identity/v3/projects/df863467b2ab418cbdbf3ce59bff477b 0.079s
2025-05-14 07:48:51.537 69671 INFO tempest.lib.common.dynamic_creds [-] Deleting project and security group for project: 68cc4304f810429fb0d05d64e2e651d9
2025-05-14 07:48:51.551 69667 INFO tempest.lib.common.rest_client [req-3fa6cb95-3b18-42c0-ab54-1350f93124ee req-3fa6cb95-3b18-42c0-ab54-1350f93124ee ] Request (ServicesAdminNegativeTestJSON:test_get_service_by_invalid_params): 200 GET http://10.180.1.21/compute/v2.1/os-services 2.409s
2025-05-14 07:48:51.569 69623 INFO tempest.lib.common.rest_client [req-f70899b7-12a2-4b5d-b2e0-4705b2903f95 req-f70899b7-12a2-4b5d-b2e0-4705b2903f95 ] Request (ServicesAdminTestJSON:tearDownClass): 204 DELETE http://10.180.1.21:9696/networking/v2.0/security-groups/a7b5d558-3361-46f8-b908-7d19f6be2d90 0.226s
2025-05-14 07:48:51.590 69641 INFO tempest.lib.common.rest_client [req-96c0d532-cd7d-4d14-be88-26012cef3a58 req-96c0d532-cd7d-4d14-be88-26012cef3a58 ] Request (QuotasAdminTestV236:setUpClass): 204 PUT http://10.180.1.21/identity/v3/projects/5015f9900e0b41dd9ba89c320e74a606/users/8f6061e25ad940388f19edf0544ff6e4/roles/e64486f31ac24cd49cddefc8b25bda64 0.125s
2025-05-14 07:48:51.627 69613 INFO tempest.lib.common.rest_client [req-c2938d81-7e16-4c63-b8f6-65b51530191f req-c2938d81-7e16-4c63-b8f6-65b51530191f ] Request (ServerDiagnosticsTest:test_get_server_diagnostics): 200 GET http://10.180.1.21/compute/v2.1/servers/4a9b799d-0be0-40d6-a3e1-b490077eac0d 2.386s
2025-05-14 07:48:51.655 69643 INFO tempest.lib.common.rest_client [req-e8ce19af-4171-4fa5-a535-97fdb2a91184 req-e8ce19af-4171-4fa5-a535-97fdb2a91184 ] Request (FlavorsV255TestJSON:test_crud_flavor): 200 PUT http://10.180.1.21/compute/v2.1/flavors/1058636962 1.989s
2025-05-14 07:48:51.686 69623 INFO tempest.lib.common.rest_client [req-496ef9c2-04fc-4e44-ab62-75692d9aeffc req-496ef9c2-04fc-4e44-ab62-75692d9aeffc ] Request (ServicesAdminTestJSON:tearDownClass): 204 DELETE http://10.180.1.21/identity/v3/projects/a5342b793dce4702ad708ec1f360ff82 0.116s
2025-05-14 07:48:51.686 69623 INFO tempest.lib.common.dynamic_creds [-] Deleting project and security group for project: 08fb1447eeff4d53b708126b75b23069
2025-05-14 07:48:51.732 69615 INFO tempest.lib.common.rest_client [req-0d8bda47-66fd-46d3-8c6d-183b73a731f0 req-0d8bda47-66fd-46d3-8c6d-183b73a731f0 ] Request (FlavorsAccessNegativeTestJSON:test_add_flavor_access_duplicate): 200 POST http://10.180.1.21/compute/v2.1/flavors/1754358164/action 2.247s
2025-05-14 07:48:51.750 69641 INFO tempest.lib.common.rest_client [req-622d43ba-416b-4c7f-be04-e27cf8fce362 req-622d43ba-416b-4c7f-be04-e27cf8fce362 ] Request (QuotasAdminTestV236:setUpClass): 200 GET http://10.180.1.21/identity/v3/roles 0.160s
2025-05-14 07:48:51.757 69647 INFO tempest.lib.common.rest_client [req-ca72db8c-fc9f-4ed6-b76d-48bd1f39edc1 req-ca72db8c-fc9f-4ed6-b76d-48bd1f39edc1 ] Request (FlavorMetadataValidation:_run_cleanups): 202 DELETE http://10.180.1.21/compute/v2.1/flavors/1017902597 1.842s
2025-05-14 07:48:51.761 69657 INFO tempest.lib.common.rest_client [req-7c0fad06-f543-49e5-a2c8-7861fde68933 req-7c0fad06-f543-49e5-a2c8-7861fde68933 ] Request (DeleteServersAdminTestJSON:test_admin_delete_servers_of_others): 200 GET http://10.180.1.21/compute/v2.1/servers/347e6d11-5b68-4e8e-aa8f-22ad5784f16d 1.946s
2025-05-14 07:48:51.770 69641 INFO tempest.lib.common.rest_client [req-8e5d98d6-b582-487c-9d69-d157abf45ac6 req-8e5d98d6-b582-487c-9d69-d157abf45ac6 ] Request (QuotasAdminTestV236:setUpClass): 204 PUT http://10.180.1.21/identity/v3/projects/5015f9900e0b41dd9ba89c320e74a606/users/8f6061e25ad940388f19edf0544ff6e4/roles/e64486f31ac24cd49cddefc8b25bda64 0.019s
2025-05-14 07:48:51.770 69641 INFO tempest.lib.common.dynamic_creds [-] Dynamic test user 8f6061e25ad940388f19edf0544ff6e4 is created with scope project and roles: ['admin']
2025-05-14 07:48:51.771 69641 INFO tempest.lib.common.dynamic_creds [-] Acquired dynamic creds: credentials: Credentials: {'domain_id': 'default', 'domain_name': 'Default', 'username': 'tempest-QuotasAdminTestV236-457825329-project-admin', 'project_domain_id': 'default', 'project_domain_name': 'Default', 'project_id': '5015f9900e0b41dd9ba89c320e74a606', 'project_name': 'tempest-QuotasAdminTestV236-457825329', 'tenant_id': '5015f9900e0b41dd9ba89c320e74a606', 'tenant_name': 'tempest-QuotasAdminTestV236-457825329', 'user_domain_id': 'default', 'user_domain_name': 'Default', 'user_id': '8f6061e25ad940388f19edf0544ff6e4', 'system': None}, Network: None, Subnet: None, Router: None
2025-05-14 07:48:51.771 69641 INFO tempest.lib.common.dynamic_creds [-] Created isolated network resources for: credentials: Credentials: {'domain_id': 'default', 'domain_name': 'Default', 'username': 'tempest-QuotasAdminTestV236-457825329-project-admin', 'project_domain_id': 'default', 'project_domain_name': 'Default', 'project_id': '5015f9900e0b41dd9ba89c320e74a606', 'project_name': 'tempest-QuotasAdminTestV236-457825329', 'tenant_id': '5015f9900e0b41dd9ba89c320e74a606', 'tenant_name': 'tempest-QuotasAdminTestV236-457825329', 'user_domain_id': 'default', 'user_domain_name': 'Default', 'user_id': '8f6061e25ad940388f19edf0544ff6e4', 'system': None}, Network: None, Subnet: None, Router: None
2025-05-14 07:48:51.802 69671 INFO tempest.lib.common.rest_client [req-3e72bd21-ca76-4f0e-8db7-b6ae30b971e2 req-3e72bd21-ca76-4f0e-8db7-b6ae30b971e2 ] Request (AZAdminV2TestJSON:tearDownClass): 200 GET http://10.180.1.21:9696/networking/v2.0/security-groups?tenant_id=68cc4304f810429fb0d05d64e2e651d9&name=default 0.265s
2025-05-14 07:48:51.847 69641 INFO tempest.lib.common.rest_client [req-92f4b6d6-cfeb-4c6a-aaa7-f0a73ab7893d req-92f4b6d6-cfeb-4c6a-aaa7-f0a73ab7893d ] Request (QuotasAdminTestV236:setUpClass): 201 POST http://10.180.1.21/identity/v3/auth/tokens 0.074s
2025-05-14 07:48:51.848 69641 WARNING tempest.lib.common.rest_client [-] Deprecated: "tenant_id" property is deprecated for removal, use "project_id" instead
2025-05-14 07:48:51.893 69673 INFO tempest.lib.common.rest_client [req-23f01cbf-c9dc-43f0-8309-1630db0d3ccb req-23f01cbf-c9dc-43f0-8309-1630db0d3ccb ] Request (ServersWithSpecificFlavorTestJSON:test_verify_created_server_ephemeral_disk): 200 GET http://10.180.1.21/compute/v2.1/flavors/42 1.276s
2025-05-14 07:48:51.960 69665 INFO tempest.lib.common.rest_client [req-1872c146-786b-4372-9303-cac451f2a9bc req-1872c146-786b-4372-9303-cac451f2a9bc ] Request (FloatingIPsTestJSON:test_allocate_floating_ip): 200 GET http://10.180.1.21/compute/v2.1/os-floating-ips 1.995s
2025-05-14 07:48:51.966 69655 INFO tempest.lib.common.rest_client [req-e20b5e7d-b3d5-4db4-982c-53f3525b5060 req-e20b5e7d-b3d5-4db4-982c-53f3525b5060 ] Request (ServerExternalEventsTest:test_create_server_external_events): 200 GET http://10.180.1.21/compute/v2.1/servers/d18dfec2-6406-4edc-8313-f0b39f7c277b 1.121s
2025-05-14 07:48:51.969 69671 INFO tempest.lib.common.rest_client [req-c57559e9-51af-4d8a-9b91-7d3b97b0c550 req-c57559e9-51af-4d8a-9b91-7d3b97b0c550 ] Request (AZAdminV2TestJSON:tearDownClass): 204 DELETE http://10.180.1.21:9696/networking/v2.0/security-groups/369d2397-faf2-4ed8-b873-4daf8661fd60 0.166s
2025-05-14 07:48:51.977 69623 INFO tempest.lib.common.rest_client [req-ff06390b-d136-4e3a-b1ee-f5e67f870893 req-ff06390b-d136-4e3a-b1ee-f5e67f870893 ] Request (ServicesAdminTestJSON:tearDownClass): 200 GET http://10.180.1.21:9696/networking/v2.0/security-groups?tenant_id=08fb1447eeff4d53b708126b75b23069&name=default 0.290s
2025-05-14 07:48:52.035 69617 INFO tempest.lib.common.rest_client [req-ba8bfef6-6083-4af0-8eff-f4e4fabca746 req-ba8bfef6-6083-4af0-8eff-f4e4fabca746 ] Request (VolumesAssistedSnapshotsTest:setUpClass): 201 POST http://10.180.1.21:9696/networking/v2.0/subnets 0.751s
2025-05-14 07:48:52.052 69639 INFO tempest.lib.common.rest_client [req-750cac30-99b0-4fd4-89fd-6338ba38ce4b req-750cac30-99b0-4fd4-89fd-6338ba38ce4b ] Request (ImagesTestJSON:setUpClass): 201 POST http://10.180.1.21:9696/networking/v2.0/routers 1.916s
2025-05-14 07:48:52.195 69671 INFO tempest.lib.common.rest_client [req-72aa3275-8c98-484e-8ab3-0fef7873046c req-72aa3275-8c98-484e-8ab3-0fef7873046c ] Request (AZAdminV2TestJSON:tearDownClass): 204 DELETE http://10.180.1.21/identity/v3/projects/68cc4304f810429fb0d05d64e2e651d9 0.225s
2025-05-14 07:48:52.219 69623 INFO tempest.lib.common.rest_client [req-dc298110-ba84-42f2-8773-9618fd75e037 req-dc298110-ba84-42f2-8773-9618fd75e037 ] Request (ServicesAdminTestJSON:tearDownClass): 204 DELETE http://10.180.1.21:9696/networking/v2.0/security-groups/1f5d7a36-1055-4c6b-bd9e-1bcd3c59006b 0.242s
2025-05-14 07:48:52.316 69671 INFO tempest.lib.common.rest_client [req-be1b98d8-d3b0-4330-a101-a7e7bab5d8d3 req-be1b98d8-d3b0-4330-a101-a7e7bab5d8d3 ] Request (SecurityGroupsTestJSON:setUpClass): 201 POST http://10.180.1.21/identity/v3/auth/tokens 0.118s
2025-05-14 07:48:52.384 69623 INFO tempest.lib.common.rest_client [req-3b83bc87-a632-489e-ab0d-d277868c005e req-3b83bc87-a632-489e-ab0d-d277868c005e ] Request (ServicesAdminTestJSON:tearDownClass): 204 DELETE http://10.180.1.21/identity/v3/projects/08fb1447eeff4d53b708126b75b23069 0.164s
2025-05-14 07:48:52.439 69671 INFO tempest.lib.common.rest_client [req-b884bff7-14cd-45a9-893e-79546c4777af req-b884bff7-14cd-45a9-893e-79546c4777af ] Request (SecurityGroupsTestJSON:setUpClass): 201 POST http://10.180.1.21/identity/v3/auth/tokens 0.121s
2025-05-14 07:48:52.468 69623 INFO tempest.lib.common.rest_client [req-54452f28-4fab-4a9a-acef-9f385c099f3a req-54452f28-4fab-4a9a-acef-9f385c099f3a ] Request (TenantUsagesTestJSON:setUpClass): 201 POST http://10.180.1.21/identity/v3/auth/tokens 0.082s
2025-05-14 07:48:52.478 69671 INFO tempest.lib.common.rest_client [req-5b09b4b5-f870-462f-aa5e-0fc91f040f47 req-5b09b4b5-f870-462f-aa5e-0fc91f040f47 ] Request (SecurityGroupsTestJSON:setUpClass): 200 GET http://10.180.1.21/identity/v3/domains?name=Default 0.038s
2025-05-14 07:48:52.506 69671 INFO tempest.lib.common.rest_client [req-b9a7b641-3320-40a4-9927-ba7e97415865 req-b9a7b641-3320-40a4-9927-ba7e97415865 ] Request (SecurityGroupsTestJSON:setUpClass): 201 POST http://10.180.1.21/identity/v3/projects 0.028s
2025-05-14 07:48:52.509 69623 INFO tempest.lib.common.rest_client [req-8cf51193-b15d-42dd-8d0a-95217050c02a req-8cf51193-b15d-42dd-8d0a-95217050c02a ] Request (TenantUsagesTestJSON:setUpClass): 201 POST http://10.180.1.21/identity/v3/auth/tokens 0.037s
2025-05-14 07:48:52.539 69645 INFO tempest.lib.common.rest_client [req-bd945fc9-406a-4b78-8400-2490be91c122 req-bd945fc9-406a-4b78-8400-2490be91c122 ] Request (AggregatesAdminNegativeTestJSON:test_aggregate_add_existent_host): 200 POST http://10.180.1.21/compute/v2.1/os-aggregates/1/action 1.643s
2025-05-14 07:48:52.561 69637 INFO tempest.lib.common.rest_client [req-d57e8f07-2351-41d6-a391-5934942891d8 req-d57e8f07-2351-41d6-a391-5934942891d8 ] Request (KeyPairsV210TestJSON:test_admin_manage_keypairs_for_other_users): 200 GET http://10.180.1.21/compute/v2.1/os-keypairs/tempest-keypair-1936450409?user_id=881a45f834764edd825667366f5c394e 1.599s
2025-05-14 07:48:52.567 69623 INFO tempest.lib.common.rest_client [req-a15662b7-e755-4d54-91fb-b335f6536099 req-a15662b7-e755-4d54-91fb-b335f6536099 ] Request (TenantUsagesTestJSON:setUpClass): 200 GET http://10.180.1.21/identity/v3/domains?name=Default 0.058s
2025-05-14 07:48:52.571 69671 INFO tempest.lib.common.rest_client [req-1b938145-5d83-4090-8ca5-0704e20e57e9 req-1b938145-5d83-4090-8ca5-0704e20e57e9 ] Request (SecurityGroupsTestJSON:setUpClass): 201 POST http://10.180.1.21/identity/v3/users 0.064s
2025-05-14 07:48:52.598 69671 INFO tempest.lib.common.rest_client [req-232c2825-f359-49d7-9712-1f154f61b8c1 req-232c2825-f359-49d7-9712-1f154f61b8c1 ] Request (SecurityGroupsTestJSON:setUpClass): 200 GET http://10.180.1.21/identity/v3/roles 0.027s
2025-05-14 07:48:52.600 69623 INFO tempest.lib.common.rest_client [req-158a76a0-5814-4925-ad99-713a2d1a41af req-158a76a0-5814-4925-ad99-713a2d1a41af ] Request (TenantUsagesTestJSON:setUpClass): 201 POST http://10.180.1.21/identity/v3/projects 0.032s
2025-05-14 07:48:52.632 69669 INFO tempest.lib.common.rest_client [req-05f3f1f5-90c2-4e6d-87c1-188dba612fc2 req-05f3f1f5-90c2-4e6d-87c1-188dba612fc2 ] Request (ServersAdminNegativeTestJSON:setUpClass): 202 POST http://10.180.1.21/compute/v2.1/servers 1.682s
2025-05-14 07:48:52.644 69627 INFO tempest.lib.common.rest_client [req-deed49f6-60c0-4ccd-a015-31672b2a719a req-deed49f6-60c0-4ccd-a015-31672b2a719a ] Request (HostsAdminNegativeTestJSON:test_reboot_host_with_non_admin_user): 403 GET http://10.180.1.21/compute/v2.1/os-hosts/devstack/reboot 1.543s
