2025-05-14 07:48:52.667 69661 INFO tempest.lib.common.rest_client [req-d220536f-6912-4872-a21f-ee4bcff0c0d8 req-d220536f-6912-4872-a21f-ee4bcff0c0d8 ] Request (HypervisorAdminV253TestBase:test_list_show_detail_hypervisors): 200 GET http://10.180.1.21/compute/v2.1/os-hypervisors/caa9ba4d-1bf1-4129-a314-713bb6912151 1.401s
2025-05-14 07:48:52.668 69671 INFO tempest.lib.common.rest_client [req-a518a9fd-cfb6-4de0-96f0-38c9cc87a91a req-a518a9fd-cfb6-4de0-96f0-38c9cc87a91a ] Request (SecurityGroupsTestJSON:setUpClass): 204 PUT http://10.180.1.21/identity/v3/projects/a3fe891138054ace81751dc807189e3d/users/1582160553da4e979483adaa338313bb/roles/3dc90f427f18449999960da81974b05b 0.069s
2025-05-14 07:48:52.668 69671 INFO tempest.lib.common.dynamic_creds [-] Dynamic test user 1582160553da4e979483adaa338313bb is created with scope project and roles: ['member']
2025-05-14 07:48:52.668 69671 INFO tempest.lib.common.dynamic_creds [-] Acquired dynamic creds: credentials: Credentials: {'domain_id': 'default', 'domain_name': 'Default', 'username': 'tempest-SecurityGroupsTestJSON-743277672-project-member', 'project_domain_id': 'default', 'project_domain_name': 'Default', 'project_id': 'a3fe891138054ace81751dc807189e3d', 'project_name': 'tempest-SecurityGroupsTestJSON-743277672', 'tenant_id': 'a3fe891138054ace81751dc807189e3d', 'tenant_name': 'tempest-SecurityGroupsTestJSON-743277672', 'user_domain_id': 'default', 'user_domain_name': 'Default', 'user_id': '1582160553da4e979483adaa338313bb', 'system': None}, Network: None, Subnet: None, Router: None
2025-05-14 07:48:52.704 69653 INFO tempest.lib.common.rest_client [req-8dacb8e4-6647-496c-824b-2a923e9be687 req-8dacb8e4-6647-496c-824b-2a923e9be687 ] Request (FlavorsAdminTestJSON:_run_cleanups): 200 GET http://10.180.1.21/compute/v2.1/flavors/detail 1.409s
2025-05-14 07:48:52.728 69611 INFO tempest.lib.common.rest_client [req-69582540-c46b-4a32-b050-07c3a70695fb req-69582540-c46b-4a32-b050-07c3a70695fb ] Request (HypervisorAdminNegativeUnderV252Test:test_show_servers_with_nonexistent_hypervisor): 404 GET http://10.180.1.21/compute/v2.1/os-hypervisors/48be3395-1b81-4e20-b9ae-c27c33cd3db1/servers 1.418s
2025-05-14 07:48:52.742 69623 INFO tempest.lib.common.rest_client [req-d48b5bfe-5c6b-4acb-bb68-49cf57c28827 req-d48b5bfe-5c6b-4acb-bb68-49cf57c28827 ] Request (TenantUsagesTestJSON:setUpClass): 201 POST http://10.180.1.21/identity/v3/users 0.141s
2025-05-14 07:48:52.765 69625 INFO tempest.lib.common.rest_client [req-89dec268-bac8-4a50-8f3b-9b3458e724dd req-89dec268-bac8-4a50-8f3b-9b3458e724dd ] Request (FlavorsV261TestJSON:test_crud_flavor): 200 GET http://10.180.1.21/compute/v2.1/flavors/detail 1.420s
2025-05-14 07:48:52.780 69671 INFO tempest.lib.common.rest_client [req-754a273c-201a-4aaa-bfd4-7d98353229dc req-754a273c-201a-4aaa-bfd4-7d98353229dc ] Request (SecurityGroupsTestJSON:setUpClass): 201 POST http://10.180.1.21/identity/v3/auth/tokens 0.112s
2025-05-14 07:48:52.795 69649 INFO tempest.lib.common.rest_client [req-bd9efb75-4abf-42ca-a629-7c75b919291a req-bd9efb75-4abf-42ca-a629-7c75b919291a ] Request (QuotasAdminTestV257:test_get_updated_quotas): 200 GET http://10.180.1.21/compute/v2.1/os-quota-sets/403a34a0f4344c62912cca9ba8b45047/detail 1.832s
2025-05-14 07:48:52.832 69661 INFO tempest.lib.common.rest_client [req-6abc9339-bfad-4b87-bc2e-7da3a5e568ad req-6abc9339-bfad-4b87-bc2e-7da3a5e568ad ] Request (HypervisorAdminV253TestBase:tearDownClass): 204 DELETE http://10.180.1.21/identity/v3/users/1856adefb511464eb2aeef492bcf8f83 0.150s
2025-05-14 07:48:52.873 69611 INFO tempest.lib.common.rest_client [req-8ec570af-388d-42dd-95b0-818ab94ce03e req-8ec570af-388d-42dd-95b0-818ab94ce03e ] Request (HypervisorAdminNegativeUnderV252Test:tearDownClass): 204 DELETE http://10.180.1.21/identity/v3/users/b48eb2cc34204f788e4c637be133ee70 0.143s
2025-05-14 07:48:52.887 69631 INFO tempest.lib.common.rest_client [req-1c10a50a-2f21-4653-9faf-f11933e31686 req-1c10a50a-2f21-4653-9faf-f11933e31686 ] Request (SecurityGroupsNegativeTestJSON:setUpClass): 201 POST http://10.180.1.21:9696/networking/v2.0/routers 2.137s
2025-05-14 07:48:52.917 69623 INFO tempest.lib.common.rest_client [req-1ac60939-d827-4019-8e10-8f9e66c6ecee req-1ac60939-d827-4019-8e10-8f9e66c6ecee ] Request (TenantUsagesTestJSON:setUpClass): 200 GET http://10.180.1.21/identity/v3/roles 0.174s
2025-05-14 07:48:53.024 69649 INFO tempest.lib.common.rest_client [req-45ad094d-80f2-4121-9384-10d533386531 req-45ad094d-80f2-4121-9384-10d533386531 ] Request (QuotasAdminTestV257:test_get_updated_quotas): 200 GET http://10.180.1.21/identity/v3/domains?name=Default 0.222s
2025-05-14 07:48:53.057 69629 INFO tempest.lib.common.rest_client [req-2b05f019-e640-4109-907c-f80466f5f0d3 req-2b05f019-e640-4109-907c-f80466f5f0d3 ] Request (FlavorsAccessTestJSON:test_flavor_access_add_remove): 200 GET http://10.180.1.21/compute/v2.1/flavors/detail 1.660s
2025-05-14 07:48:53.077 69619 INFO tempest.lib.common.rest_client [req-d17faf2a-5853-44c3-8f35-925eacc9a0ed req-d17faf2a-5853-44c3-8f35-925eacc9a0ed ] Request (ServicesAdminNegativeV253TestJSON:test_get_service_by_invalid_params): 200 GET http://10.180.1.21/compute/v2.1/os-services 1.665s
2025-05-14 07:48:53.097 69661 INFO tempest.lib.common.rest_client [req-09d65d9e-419f-4682-b9a6-6a3a45e81d0b req-09d65d9e-419f-4682-b9a6-6a3a45e81d0b ] Request (HypervisorAdminV253TestBase:tearDownClass): 204 DELETE http://10.180.1.21/identity/v3/users/dad36aa0a8f944c8a1f4f3d156971f3e 0.264s
2025-05-14 07:48:53.097 69661 INFO tempest.lib.common.dynamic_creds [-] Deleting project and security group for project: 00ea37765e8c4b9e830c0bce4a446dd1
2025-05-14 07:48:53.102 69611 INFO tempest.lib.common.rest_client [req-85ba86c5-ca77-40a8-995a-4366f0efea3c req-85ba86c5-ca77-40a8-995a-4366f0efea3c ] Request (HypervisorAdminNegativeUnderV252Test:tearDownClass): 204 DELETE http://10.180.1.21/identity/v3/users/d47a78d03bfa46fa9d20a17655506847 0.228s
2025-05-14 07:48:53.102 69611 INFO tempest.lib.common.dynamic_creds [-] Deleting project and security group for project: 08adfec65aaf467db4fefa664f5d2732
2025-05-14 07:48:53.168 69635 INFO tempest.lib.common.rest_client [req-dad4dfb7-03c1-4687-bad2-24bd3b2c4fba req-dad4dfb7-03c1-4687-bad2-24bd3b2c4fba ] Request (FloatingIPsAssociationTestJSON:setUpClass): 200 PUT http://10.180.1.21:9696/networking/v2.0/routers/be62c2c8-deb2-4c06-8af2-7d8bfadbd2ed/add_router_interface 2.695s
2025-05-14 07:48:53.168 69635 INFO tempest.lib.common.dynamic_creds [-] Created isolated network resources for: credentials: Credentials: {'domain_id': 'default', 'domain_name': 'Default', 'username': 'tempest-FloatingIPsAssociationTestJSON-617831359-project-member', 'project_domain_id': 'default', 'project_domain_name': 'Default', 'project_id': '14c273f772c542a99b17692071074bff', 'project_name': 'tempest-FloatingIPsAssociationTestJSON-617831359', 'tenant_id': '14c273f772c542a99b17692071074bff', 'tenant_name': 'tempest-FloatingIPsAssociationTestJSON-617831359', 'user_domain_id': 'default', 'user_domain_name': 'Default', 'user_id': 'fe459f7a6e164799a28567878163a940', 'system': None}, Network: {'id': '4ae5822b-5964-49f1-be68-f8ba4f43a227', 'name': 'tempest-FloatingIPsAssociationTestJSON-1473244657-network', 'tenant_id': '14c273f772c542a99b17692071074bff', 'admin_state_up': True, 'mtu': 8950, 'status': 'ACTIVE', 'subnets': [], 'shared': False, 'project_id': '14c273f772c542a99b17692071074bff', 'port_security_enabled': True, 'router:external': False, 'provider:network_type': 'vlan', 'provider:physical_network': 'default', 'provider:segmentation_id': 986, 'availability_zone_hints': [], 'availability_zones': [], 'ipv4_address_scope': None, 'ipv6_address_scope': None, 'description': '', 'tags': [], 'created_at': '2025-05-14T07:48:48Z', 'updated_at': '2025-05-14T07:48:48Z', 'revision_number': 1}, Subnet: {'id': '9e5a5b58-a0d4-4555-8164-66f3e6382edb', 'name': 'tempest-FloatingIPsAssociationTestJSON-1473244657-subnet', 'tenant_id': '14c273f772c542a99b17692071074bff', 'network_id': '4ae5822b-5964-49f1-be68-f8ba4f43a227', 'ip_version': 4, 'subnetpool_id': None, 'enable_dhcp': True, 'ipv6_ra_mode': None, 'ipv6_address_mode': None, 'gateway_ip': '192.168.128.1', 'cidr': '192.168.128.0/28', 'allocation_pools': [{'start': '192.168.128.2', 'end': '192.168.128.14'}], 'host_routes': [], 'dns_nameservers': [], 'description': '', 'router:external': False, 'service_types': [], 'tags': [], 'created_at': '2025-05-14T07:48:48Z', 'updated_at': '2025-05-14T07:48:48Z', 'revision_number': 0, 'project_id': '14c273f772c542a99b17692071074bff'}, Router: {'id': 'be62c2c8-deb2-4c06-8af2-7d8bfadbd2ed', 'name': 'tempest-FloatingIPsAssociationTestJSON-1473244657-router', 'tenant_id': '14c273f772c542a99b17692071074bff', 'admin_state_up': True, 'status': 'ACTIVE', 'external_gateway_info': {'network_id': '329fad16-ea4d-4603-be45-a1ed0b4ccd01', 'external_fixed_ips': [{'subnet_id': 'fcafac97-d61d-4e6c-ac1a-5b2ec2d25b47', 'ip_address': '10.180.180.145'}], 'enable_snat': True}, 'description': '', 'availability_zones': [], 'distributed': False, 'ha': False, 'availability_zone_hints': [], 'routes': [], 'flavor_id': None, 'tags': [], 'created_at': '2025-05-14T07:48:49Z', 'updated_at': '2025-05-14T07:48:49Z', 'revision_number': 2, 'project_id': '14c273f772c542a99b17692071074bff'}
2025-05-14 07:48:53.189 69649 INFO tempest.lib.common.rest_client [req-24e07ff4-5918-4498-953e-d49b77ece275 req-24e07ff4-5918-4498-953e-d49b77ece275 ] Request (QuotasAdminTestV257:test_get_updated_quotas): 201 POST http://10.180.1.21/identity/v3/users 0.164s
2025-05-14 07:48:53.218 69623 INFO tempest.lib.common.rest_client [req-e92e8748-5ff7-4855-8b53-ed5417e722ed req-e92e8748-5ff7-4855-8b53-ed5417e722ed ] Request (TenantUsagesTestJSON:setUpClass): 204 PUT http://10.180.1.21/identity/v3/projects/1aae8137c6d7442c8f8625cfa75a1bdd/users/a3f41d3b8d774e4e99103c8ceb51a157/roles/3dc90f427f18449999960da81974b05b 0.299s
2025-05-14 07:48:53.218 69623 INFO tempest.lib.common.dynamic_creds [-] Dynamic test user a3f41d3b8d774e4e99103c8ceb51a157 is created with scope project and roles: ['member']
2025-05-14 07:48:53.218 69623 INFO tempest.lib.common.dynamic_creds [-] Acquired dynamic creds: credentials: Credentials: {'domain_id': 'default', 'domain_name': 'Default', 'username': 'tempest-TenantUsagesTestJSON-916719561-project-member', 'project_domain_id': 'default', 'project_domain_name': 'Default', 'project_id': '1aae8137c6d7442c8f8625cfa75a1bdd', 'project_name': 'tempest-TenantUsagesTestJSON-916719561', 'tenant_id': '1aae8137c6d7442c8f8625cfa75a1bdd', 'tenant_name': 'tempest-TenantUsagesTestJSON-916719561', 'user_domain_id': 'default', 'user_domain_name': 'Default', 'user_id': 'a3f41d3b8d774e4e99103c8ceb51a157', 'system': None}, Network: None, Subnet: None, Router: None
2025-05-14 07:48:53.218 69623 INFO tempest.lib.common.dynamic_creds [-] Created isolated network resources for: credentials: Credentials: {'domain_id': 'default', 'domain_name': 'Default', 'username': 'tempest-TenantUsagesTestJSON-916719561-project-member', 'project_domain_id': 'default', 'project_domain_name': 'Default', 'project_id': '1aae8137c6d7442c8f8625cfa75a1bdd', 'project_name': 'tempest-TenantUsagesTestJSON-916719561', 'tenant_id': '1aae8137c6d7442c8f8625cfa75a1bdd', 'tenant_name': 'tempest-TenantUsagesTestJSON-916719561', 'user_domain_id': 'default', 'user_domain_name': 'Default', 'user_id': 'a3f41d3b8d774e4e99103c8ceb51a157', 'system': None}, Network: None, Subnet: None, Router: None
2025-05-14 07:48:53.286 69661 INFO tempest.lib.common.rest_client [req-0bde935f-392b-44a8-a9e4-e95357b4c327 req-0bde935f-392b-44a8-a9e4-e95357b4c327 ] Request (HypervisorAdminV253TestBase:tearDownClass): 201 POST http://10.180.1.21/identity/v3/auth/tokens 0.188s
2025-05-14 07:48:53.317 69611 INFO tempest.lib.common.rest_client [req-0795abef-42d8-4c19-a373-01b49c309ed2 req-0795abef-42d8-4c19-a373-01b49c309ed2 ] Request (HypervisorAdminNegativeUnderV252Test:tearDownClass): 201 POST http://10.180.1.21/identity/v3/auth/tokens 0.215s
2025-05-14 07:48:53.330 69651 INFO tempest.lib.common.rest_client [req-d99374d0-5500-4632-a452-f369d0bd9212 req-d99374d0-5500-4632-a452-f369d0bd9212 ] Request (QuotasAdminNegativeTest:test_create_server_when_cpu_quota_is_full): 403 POST http://10.180.1.21/compute/v2.1/servers 1.962s
2025-05-14 07:48:53.389 69635 INFO tempest.lib.common.rest_client [req-3e9b030d-8b0a-4437-80bd-9833d0a5199c req-3e9b030d-8b0a-4437-80bd-9833d0a5199c ] Request (FloatingIPsAssociationTestJSON:setUpClass): 201 POST http://10.180.1.21/identity/v3/auth/tokens 0.212s
2025-05-14 07:48:53.393 69649 INFO tempest.lib.common.rest_client [req-9a75d452-896c-4f07-9568-a388b9ab3c60 req-9a75d452-896c-4f07-9568-a388b9ab3c60 ] Request (QuotasAdminTestV257:test_get_updated_quotas): 200 GET http://10.180.1.21/identity/v3/domains?name=Default 0.203s
2025-05-14 07:48:53.459 69623 INFO tempest.lib.common.rest_client [req-e4b0320d-74c7-4e1d-8448-182a3e81d2ee req-e4b0320d-74c7-4e1d-8448-182a3e81d2ee ] Request (TenantUsagesTestJSON:setUpClass): 201 POST http://10.180.1.21/identity/v3/auth/tokens 0.236s
2025-05-14 07:48:53.481 69635 INFO tempest.lib.common.rest_client [req-f221b50b-fa51-4a19-b8a6-1f4a2a96d6d2 req-f221b50b-fa51-4a19-b8a6-1f4a2a96d6d2 ] Request (FloatingIPsAssociationTestJSON:setUpClass): 201 POST http://10.180.1.21/identity/v3/auth/tokens 0.089s
2025-05-14 07:48:53.482 69635 INFO tempest.lib.common.fixed_network [-] (FloatingIPsAssociationTestJSON:setUpClass) Found network {'id': '4ae5822b-5964-49f1-be68-f8ba4f43a227', 'name': 'tempest-FloatingIPsAssociationTestJSON-1473244657-network', 'tenant_id': '14c273f772c542a99b17692071074bff', 'admin_state_up': True, 'mtu': 8950, 'status': 'ACTIVE', 'subnets': [], 'shared': False, 'project_id': '14c273f772c542a99b17692071074bff', 'port_security_enabled': True, 'router:external': False, 'provider:network_type': 'vlan', 'provider:physical_network': 'default', 'provider:segmentation_id': 986, 'availability_zone_hints': [], 'availability_zones': [], 'ipv4_address_scope': None, 'ipv6_address_scope': None, 'description': '', 'tags': [], 'created_at': '2025-05-14T07:48:48Z', 'updated_at': '2025-05-14T07:48:48Z', 'revision_number': 1} available for tenant
2025-05-14 07:48:53.504 69623 INFO tempest.lib.common.rest_client [req-eb0a8058-2dd6-4aea-8c0e-3a574ea42b50 req-eb0a8058-2dd6-4aea-8c0e-3a574ea42b50 ] Request (TenantUsagesTestJSON:setUpClass): 201 POST http://10.180.1.21/identity/v3/projects 0.045s
2025-05-14 07:48:53.535 69663 INFO tempest.lib.common.rest_client [req-b16df0cc-6641-4d47-992e-2dcb344df995 req-b16df0cc-6641-4d47-992e-2dcb344df995 ] Request (NetworksTest:test_list_all_networks): 200 GET http://10.180.1.21/compute/v2.1/os-networks 2.050s
2025-05-14 07:48:53.562 69667 INFO tempest.lib.common.rest_client [req-8e0a214c-c680-4a44-8038-013837e32e12 req-8e0a214c-c680-4a44-8038-013837e32e12 ] Request (ServicesAdminNegativeTestJSON:test_get_service_by_invalid_params): 200 GET http://10.180.1.21/compute/v2.1/os-services?xxx=nova-compute 2.007s
2025-05-14 07:48:53.575 69623 INFO tempest.lib.common.rest_client [req-e3cad90a-6215-41d1-9821-4c71917cc7d5 req-e3cad90a-6215-41d1-9821-4c71917cc7d5 ] Request (TenantUsagesTestJSON:setUpClass): 201 POST http://10.180.1.21/identity/v3/users 0.070s
2025-05-14 07:48:53.587 69643 INFO tempest.lib.common.rest_client [req-b03e4f7c-e79f-4e05-b638-35b3c9381a99 req-b03e4f7c-e79f-4e05-b638-35b3c9381a99 ] Request (FlavorsV255TestJSON:test_crud_flavor): 200 GET http://10.180.1.21/compute/v2.1/flavors/detail 1.929s
2025-05-14 07:48:53.593 69671 INFO tempest.lib.common.rest_client [req-c1e4259d-677a-42d9-a3b0-4c417fc89ac9 req-c1e4259d-677a-42d9-a3b0-4c417fc89ac9 ] Request (SecurityGroupsTestJSON:setUpClass): 201 POST http://10.180.1.21:9696/networking/v2.0/networks 0.812s
2025-05-14 07:48:53.597 69623 INFO tempest.lib.common.rest_client [req-8f3e1a06-190c-4844-a75a-d6f86cf9a20a req-8f3e1a06-190c-4844-a75a-d6f86cf9a20a ] Request (TenantUsagesTestJSON:setUpClass): 200 GET http://10.180.1.21/identity/v3/roles 0.021s
2025-05-14 07:48:53.619 69663 INFO tempest.lib.common.rest_client [req-84990005-ba45-4b5b-a3f8-03428d288e3e req-84990005-ba45-4b5b-a3f8-03428d288e3e ] Request (NetworksTest:tearDownClass): 204 DELETE http://10.180.1.21/identity/v3/users/9a3e4c0b1286473dbd0f7cc610bf7bd8 0.081s
2025-05-14 07:48:53.686 69623 INFO tempest.lib.common.rest_client [req-05d14dc6-2197-492f-a734-8ce0bf5820ee req-05d14dc6-2197-492f-a734-8ce0bf5820ee ] Request (TenantUsagesTestJSON:setUpClass): 204 PUT http://10.180.1.21/identity/v3/projects/1511bc7dd5bc4fbb99f903915f931b03/users/5e26f26517884aada43d26fc9ac258ad/roles/e64486f31ac24cd49cddefc8b25bda64 0.089s
2025-05-14 07:48:53.740 69661 INFO tempest.lib.common.rest_client [req-a4e162f8-3ef5-4c4b-9dac-87939a7562f0 req-a4e162f8-3ef5-4c4b-9dac-87939a7562f0 ] Request (HypervisorAdminV253TestBase:tearDownClass): 200 GET http://10.180.1.21:9696/networking/v2.0/security-groups?tenant_id=00ea37765e8c4b9e830c0bce4a446dd1&name=default 0.454s
2025-05-14 07:48:53.756 69611 INFO tempest.lib.common.rest_client [req-702af2b1-d801-4955-9648-4025a460840f req-702af2b1-d801-4955-9648-4025a460840f ] Request (HypervisorAdminNegativeUnderV252Test:tearDownClass): 200 GET http://10.180.1.21:9696/networking/v2.0/security-groups?tenant_id=08adfec65aaf467db4fefa664f5d2732&name=default 0.438s
2025-05-14 07:48:53.757 69615 INFO tempest.lib.common.rest_client [req-c36b7197-4283-473c-97ec-98e9ba548431 req-c36b7197-4283-473c-97ec-98e9ba548431 ] Request (FlavorsAccessNegativeTestJSON:test_add_flavor_access_duplicate): 409 POST http://10.180.1.21/compute/v2.1/flavors/1754358164/action 2.023s
2025-05-14 07:48:53.766 69623 INFO tempest.lib.common.rest_client [req-ae03dd21-2637-49f5-b3d6-e4dd8f33263e req-ae03dd21-2637-49f5-b3d6-e4dd8f33263e ] Request (TenantUsagesTestJSON:setUpClass): 200 GET http://10.180.1.21/identity/v3/roles 0.079s
2025-05-14 07:48:53.784 69663 INFO tempest.lib.common.rest_client [req-d2228ed5-94ba-4a56-8dac-8e444e4f95e2 req-d2228ed5-94ba-4a56-8dac-8e444e4f95e2 ] Request (NetworksTest:tearDownClass): 204 DELETE http://10.180.1.21/identity/v3/users/43aa46575cc9455eb27f6b81a08c428a 0.162s
2025-05-14 07:48:53.784 69647 INFO tempest.lib.common.rest_client [req-2aa81e04-ec00-46fc-8e21-9418eb09d2f5 req-2aa81e04-ec00-46fc-8e21-9418eb09d2f5 ] Request (FlavorMetadataValidation:_run_cleanups): 200 GET http://10.180.1.21/compute/v2.1/flavors/detail 2.026s
2025-05-14 07:48:53.785 69663 INFO tempest.lib.common.dynamic_creds [-] Deleting project and security group for project: 696ba943185944e6a02d9e57bf8a957b
2025-05-14 07:48:53.834 69623 INFO tempest.lib.common.rest_client [req-15bde03c-3d98-42e6-b426-b935f230b449 req-15bde03c-3d98-42e6-b426-b935f230b449 ] Request (TenantUsagesTestJSON:setUpClass): 204 PUT http://10.180.1.21/identity/v3/projects/1511bc7dd5bc4fbb99f903915f931b03/users/5e26f26517884aada43d26fc9ac258ad/roles/e64486f31ac24cd49cddefc8b25bda64 0.068s
2025-05-14 07:48:53.834 69623 INFO tempest.lib.common.dynamic_creds [-] Dynamic test user 5e26f26517884aada43d26fc9ac258ad is created with scope project and roles: ['admin']
2025-05-14 07:48:53.834 69623 INFO tempest.lib.common.dynamic_creds [-] Acquired dynamic creds: credentials: Credentials: {'domain_id': 'default', 'domain_name': 'Default', 'username': 'tempest-TenantUsagesTestJSON-1738041342-project-admin', 'project_domain_id': 'default', 'project_domain_name': 'Default', 'project_id': '1511bc7dd5bc4fbb99f903915f931b03', 'project_name': 'tempest-TenantUsagesTestJSON-1738041342', 'tenant_id': '1511bc7dd5bc4fbb99f903915f931b03', 'tenant_name': 'tempest-TenantUsagesTestJSON-1738041342', 'user_domain_id': 'default', 'user_domain_name': 'Default', 'user_id': '5e26f26517884aada43d26fc9ac258ad', 'system': None}, Network: None, Subnet: None, Router: None
2025-05-14 07:48:53.835 69623 INFO tempest.lib.common.dynamic_creds [-] Created isolated network resources for: credentials: Credentials: {'domain_id': 'default', 'domain_name': 'Default', 'username': 'tempest-TenantUsagesTestJSON-1738041342-project-admin', 'project_domain_id': 'default', 'project_domain_name': 'Default', 'project_id': '1511bc7dd5bc4fbb99f903915f931b03', 'project_name': 'tempest-TenantUsagesTestJSON-1738041342', 'tenant_id': '1511bc7dd5bc4fbb99f903915f931b03', 'tenant_name': 'tempest-TenantUsagesTestJSON-1738041342', 'user_domain_id': 'default', 'user_domain_name': 'Default', 'user_id': '5e26f26517884aada43d26fc9ac258ad', 'system': None}, Network: None, Subnet: None, Router: None
2025-05-14 07:48:53.887 69663 INFO tempest.lib.common.rest_client [req-c776a750-6735-4a39-a3be-2496155bf132 req-c776a750-6735-4a39-a3be-2496155bf132 ] Request (NetworksTest:tearDownClass): 201 POST http://10.180.1.21/identity/v3/auth/tokens 0.102s
2025-05-14 07:48:53.901 69661 INFO tempest.lib.common.rest_client [req-27b92bc1-7221-4349-958d-7f99472442ea req-27b92bc1-7221-4349-958d-7f99472442ea ] Request (HypervisorAdminV253TestBase:tearDownClass): 204 DELETE http://10.180.1.21:9696/networking/v2.0/security-groups/535a8329-d3cb-4b87-9a3e-484b8e5f03d1 0.160s
2025-05-14 07:48:53.960 69673 INFO tempest.lib.common.rest_client [req-dd4a9acf-0dd6-4394-afbd-2876cfff8bf9 req-dd4a9acf-0dd6-4394-afbd-2876cfff8bf9 ] Request (ServersWithSpecificFlavorTestJSON:test_verify_created_server_ephemeral_disk): 200 POST http://10.180.1.21/compute/v2.1/flavors 2.063s
2025-05-14 07:48:53.971 69647 INFO tempest.lib.common.rest_client [req-8e27dc0d-cb6c-4606-9d9f-9046345b317b req-8e27dc0d-cb6c-4606-9d9f-9046345b317b ] Request (FlavorMetadataValidation:tearDownClass): 204 DELETE http://10.180.1.21/identity/v3/users/e2c9a3ee9e1c4775b86ccaf359568b92 0.176s
2025-05-14 07:48:53.992 69611 INFO tempest.lib.common.rest_client [req-f3e451e2-690a-459d-acc2-d87f292012c5 req-f3e451e2-690a-459d-acc2-d87f292012c5 ] Request (HypervisorAdminNegativeUnderV252Test:tearDownClass): 204 DELETE http://10.180.1.21:9696/networking/v2.0/security-groups/40edfff2-b61a-4fd0-91ba-7bf39a4217af 0.236s
2025-05-14 07:48:54.003 69623 INFO tempest.lib.common.rest_client [req-f7732ca0-7c8d-4324-bbfa-bb912555e44d req-f7732ca0-7c8d-4324-bbfa-bb912555e44d ] Request (TenantUsagesTestJSON:setUpClass): 201 POST http://10.180.1.21/identity/v3/auth/tokens 0.165s
2025-05-14 07:48:54.004 69623 WARNING tempest.lib.common.rest_client [-] Deprecated: "tenant_id" property is deprecated for removal, use "project_id" instead
2025-05-14 07:48:54.103 69617 INFO tempest.lib.common.rest_client [req-fd83a11e-5967-4cf6-bcb0-98bc740e8eb4 req-fd83a11e-5967-4cf6-bcb0-98bc740e8eb4 ] Request (VolumesAssistedSnapshotsTest:setUpClass): 201 POST http://10.180.1.21:9696/networking/v2.0/routers 2.066s
2025-05-14 07:48:54.150 69631 INFO tempest.lib.common.rest_client [req-4aae3521-e275-4910-bb4e-5ea2d021440f req-4aae3521-e275-4910-bb4e-5ea2d021440f ] Request (SecurityGroupsNegativeTestJSON:setUpClass): 200 PUT http://10.180.1.21:9696/networking/v2.0/routers/b8aa5858-b344-474a-936d-48918f7eba53/add_router_interface 1.262s
2025-05-14 07:48:54.151 69631 INFO tempest.lib.common.dynamic_creds [-] Created isolated network resources for: credentials: Credentials: {'domain_id': 'default', 'domain_name': 'Default', 'username': 'tempest-SecurityGroupsNegativeTestJSON-1794605583-project-member', 'project_domain_id': 'default', 'project_domain_name': 'Default', 'project_id': '7d659215f74f49dd9a8abb42f688f607', 'project_name': 'tempest-SecurityGroupsNegativeTestJSON-1794605583', 'tenant_id': '7d659215f74f49dd9a8abb42f688f607', 'tenant_name': 'tempest-SecurityGroupsNegativeTestJSON-1794605583', 'user_domain_id': 'default', 'user_domain_name': 'Default', 'user_id': '30b00c7bd3c44d0fac53f1737e9f4c59', 'system': None}, Network: {'id': 'aed306e3-f067-4bbf-935d-262746bfdbb1', 'name': 'tempest-SecurityGroupsNegativeTestJSON-1187701990-network', 'tenant_id': '7d659215f74f49dd9a8abb42f688f607', 'admin_state_up': True, 'mtu': 8950, 'status': 'ACTIVE', 'subnets': [], 'shared': False, 'project_id': '7d659215f74f49dd9a8abb42f688f607', 'port_security_enabled': True, 'router:external': False, 'provider:network_type': 'vlan', 'provider:physical_network': 'default', 'provider:segmentation_id': 655, 'availability_zone_hints': [], 'availability_zones': [], 'ipv4_address_scope': None, 'ipv6_address_scope': None, 'description': '', 'tags': [], 'created_at': '2025-05-14T07:48:49Z', 'updated_at': '2025-05-14T07:48:50Z', 'revision_number': 1}, Subnet: {'id': 'f68e6456-012c-49b6-a501-ae8091873c23', 'name': 'tempest-SecurityGroupsNegativeTestJSON-1187701990-subnet', 'tenant_id': '7d659215f74f49dd9a8abb42f688f607', 'network_id': 'aed306e3-f067-4bbf-935d-262746bfdbb1', 'ip_version': 4, 'subnetpool_id': None, 'enable_dhcp': True, 'ipv6_ra_mode': None, 'ipv6_address_mode': None, 'gateway_ip': '192.168.128.1', 'cidr': '192.168.128.0/28', 'allocation_pools': [{'start': '192.168.128.2', 'end': '192.168.128.14'}], 'host_routes': [], 'dns_nameservers': [], 'description': '', 'router:external': False, 'service_types': [], 'tags': [], 'created_at': '2025-05-14T07:48:50Z', 'updated_at': '2025-05-14T07:48:50Z', 'revision_number': 0, 'project_id': '7d659215f74f49dd9a8abb42f688f607'}, Router: {'id': 'b8aa5858-b344-474a-936d-48918f7eba53', 'name': 'tempest-SecurityGroupsNegativeTestJSON-1187701990-router', 'tenant_id': '7d659215f74f49dd9a8abb42f688f607', 'admin_state_up': True, 'status': 'ACTIVE', 'external_gateway_info': {'network_id': '329fad16-ea4d-4603-be45-a1ed0b4ccd01', 'external_fixed_ips': [{'subnet_id': 'fcafac97-d61d-4e6c-ac1a-5b2ec2d25b47', 'ip_address': '10.180.180.146'}], 'enable_snat': True}, 'description': '', 'availability_zones': [], 'distributed': False, 'ha': False, 'availability_zone_hints': [], 'routes': [], 'flavor_id': None, 'tags': [], 'created_at': '2025-05-14T07:48:50Z', 'updated_at': '2025-05-14T07:48:52Z', 'revision_number': 2, 'project_id': '7d659215f74f49dd9a8abb42f688f607'}
2025-05-14 07:48:54.209 69671 INFO tempest.lib.common.rest_client [req-83310ddb-2eb3-432a-b606-623df491e4bb req-83310ddb-2eb3-432a-b606-623df491e4bb ] Request (SecurityGroupsTestJSON:setUpClass): 201 POST http://10.180.1.21:9696/networking/v2.0/subnets 0.615s
2025-05-14 07:48:54.213 69661 INFO tempest.lib.common.rest_client [req-ec16dd95-78da-4e5d-877a-6959c17e517b req-ec16dd95-78da-4e5d-877a-6959c17e517b ] Request (HypervisorAdminV253TestBase:tearDownClass): 204 DELETE http://10.180.1.21/identity/v3/projects/00ea37765e8c4b9e830c0bce4a446dd1 0.311s
2025-05-14 07:48:54.213 69661 INFO tempest.lib.common.dynamic_creds [-] Deleting project and security group for project: b1dbef7628ce464fac5d3b4962b63290
2025-05-14 07:48:54.228 69647 INFO tempest.lib.common.rest_client [req-22541d16-1f68-401f-b914-56b1b64ddb61 req-22541d16-1f68-401f-b914-56b1b64ddb61 ] Request (FlavorMetadataValidation:tearDownClass): 204 DELETE http://10.180.1.21/identity/v3/users/0302e14c79a54ebaba725fe0e5b65ae8 0.256s
2025-05-14 07:48:54.228 69647 INFO tempest.lib.common.dynamic_creds [-] Deleting project and security group for project: 1a3ceaf2ab34460184a34b5081b9a2ce
2025-05-14 07:48:54.307 69623 INFO tempest.lib.common.rest_client [req-599113f3-8a5b-45f0-ad7c-53e0f3f7dbd9 req-599113f3-8a5b-45f0-ad7c-53e0f3f7dbd9 ] Request (TenantUsagesTestJSON:setUpClass): 201 POST http://10.180.1.21/identity/v3/auth/tokens 0.298s
2025-05-14 07:48:54.308 69623 INFO tempest.lib.common.fixed_network [-] (TenantUsagesTestJSON:setUpClass) Found network None available for tenant
2025-05-14 07:48:54.309 69659 INFO tempest.lib.common.rest_client [req-31a59d7c-8755-4afb-97dc-64955fa2d7ef req-31a59d7c-8755-4afb-97dc-64955fa2d7ef ] Request (ServersAdminTestJSON:setUpClass): 202 POST http://10.180.1.21/compute/v2.1/servers 2.887s
2025-05-14 07:48:54.359 69645 INFO tempest.lib.common.rest_client [req-1f3da3cd-5b2a-48ca-8d17-4f19ea85449a req-1f3da3cd-5b2a-48ca-8d17-4f19ea85449a ] Request (AggregatesAdminNegativeTestJSON:test_aggregate_add_existent_host): 409 POST http://10.180.1.21/compute/v2.1/os-aggregates/1/action 1.818s
2025-05-14 07:48:54.374 69611 INFO tempest.lib.common.rest_client [req-919c23ab-1234-476d-9fc9-7dae177f8d34 req-919c23ab-1234-476d-9fc9-7dae177f8d34 ] Request (HypervisorAdminNegativeUnderV252Test:tearDownClass): 204 DELETE http://10.180.1.21/identity/v3/projects/08adfec65aaf467db4fefa664f5d2732 0.381s
2025-05-14 07:48:54.375 69611 INFO tempest.lib.common.dynamic_creds [-] Deleting project and security group for project: 4f729c6f993647ad895c0c85d9a0030e
2025-05-14 07:48:54.395 69637 INFO tempest.lib.common.rest_client [req-61a2a640-10ff-445f-a724-bd136d2abbd4 req-61a2a640-10ff-445f-a724-bd136d2abbd4 ] Request (KeyPairsV210TestJSON:test_admin_manage_keypairs_for_other_users): 201 POST http://10.180.1.21/compute/v2.1/os-keypairs 1.830s
2025-05-14 07:48:54.399 69631 INFO tempest.lib.common.rest_client [req-e1f1da6e-5804-4ccf-a15c-d0367f5c9036 req-e1f1da6e-5804-4ccf-a15c-d0367f5c9036 ] Request (SecurityGroupsNegativeTestJSON:setUpClass): 201 POST http://10.180.1.21/identity/v3/auth/tokens 0.244s
2025-05-14 07:48:54.439 69647 INFO tempest.lib.common.rest_client [req-280d0b81-82ac-4eb8-a11b-ecd16e0e854a req-280d0b81-82ac-4eb8-a11b-ecd16e0e854a ] Request (FlavorMetadataValidation:tearDownClass): 201 POST http://10.180.1.21/identity/v3/auth/tokens 0.210s
2025-05-14 07:48:54.462 69659 INFO tempest.lib.common.rest_client [req-0d9e82cc-0df3-42f2-ba14-9eec4e56532a req-0d9e82cc-0df3-42f2-ba14-9eec4e56532a ] Request (ServersAdminTestJSON:setUpClass): 201 POST http://10.180.1.21/identity/v3/auth/tokens 0.144s
2025-05-14 07:48:54.462 69659 INFO tempest.lib.common.fixed_network [-] (ServersAdminTestJSON:setUpClass) Found network {'id': '738f9fe5-a712-4fc6-b6d8-5fa33541fff0', 'name': 'tempest-ServersAdminTestJSON-1493608264-network', 'tenant_id': '8d619ef36833444b930735873e6d2a6b', 'admin_state_up': True, 'mtu': 8950, 'status': 'ACTIVE', 'subnets': [], 'shared': False, 'project_id': '8d619ef36833444b930735873e6d2a6b', 'port_security_enabled': True, 'router:external': False, 'provider:network_type': 'vlan', 'provider:physical_network': 'default', 'provider:segmentation_id': 334, 'availability_zone_hints': [], 'availability_zones': [], 'ipv4_address_scope': None, 'ipv6_address_scope': None, 'description': '', 'tags': [], 'created_at': '2025-05-14T07:48:40Z', 'updated_at': '2025-05-14T07:48:40Z', 'revision_number': 1} available for tenant
2025-05-14 07:48:54.607 69669 INFO tempest.lib.common.rest_client [req-4df62ba2-3ecb-466e-a9a9-3642bca14625 req-4df62ba2-3ecb-466e-a9a9-3642bca14625 ] Request (ServersAdminNegativeTestJSON:setUpClass): 200 GET http://10.180.1.21/compute/v2.1/servers/06ba8358-d330-4103-9a21-34d402b69612 1.971s
2025-05-14 07:48:54.629 69611 INFO tempest.lib.common.rest_client [req-5cd779d6-d14f-436a-8c92-d1fe67e79023 req-5cd779d6-d14f-436a-8c92-d1fe67e79023 ] Request (HypervisorAdminNegativeUnderV252Test:tearDownClass): 200 GET http://10.180.1.21:9696/networking/v2.0/security-groups?tenant_id=4f729c6f993647ad895c0c85d9a0030e&name=default 0.254s
2025-05-14 07:48:54.736 69613 INFO tempest.lib.common.rest_client [req-1eb9c738-6789-4d82-ac46-26e5691fe93e req-1eb9c738-6789-4d82-ac46-26e5691fe93e ] Request (ServerDiagnosticsTest:test_get_server_diagnostics): 200 GET http://10.180.1.21/compute/v2.1/servers/4a9b799d-0be0-40d6-a3e1-b490077eac0d 2.092s
2025-05-14 07:48:54.746 69613 INFO tempest.common.waiters [-] State transition "BUILD/None" ==> "BUILD/networking" after 3 second wait
2025-05-14 07:48:54.751 69627 INFO tempest.lib.common.rest_client [req-16be3c80-93ae-4302-aeb6-4196c7cba3e1 req-16be3c80-93ae-4302-aeb6-4196c7cba3e1 ] Request (HostsAdminNegativeTestJSON:test_reboot_nonexistent_host): 404 GET http://10.180.1.21/compute/v2.1/os-hosts/nonexistent_hostname/reboot 2.106s
2025-05-14 07:48:54.781 69653 INFO tempest.lib.common.rest_client [req-cb1a9d15-3176-45d4-9dc2-ae481c6f5762 req-cb1a9d15-3176-45d4-9dc2-ae481c6f5762 ] Request (FlavorsAdminTestJSON:test_create_flavor_verify_entry_in_list_details): 200 POST http://10.180.1.21/compute/v2.1/flavors 2.059s
2025-05-14 07:48:54.871 69657 INFO tempest.lib.common.rest_client [req-624ac539-471d-4c1c-b12e-fd90a624c73d req-624ac539-471d-4c1c-b12e-fd90a624c73d ] Request (DeleteServersAdminTestJSON:test_admin_delete_servers_of_others): 200 GET http://10.180.1.21/compute/v2.1/servers/347e6d11-5b68-4e8e-aa8f-22ad5784f16d 2.098s
2025-05-14 07:48:54.900 69647 INFO tempest.lib.common.rest_client [req-f80add91-74df-4004-93d5-b1ef98c75126 req-f80add91-74df-4004-93d5-b1ef98c75126 ] Request (FlavorMetadataValidation:tearDownClass): 200 GET http://10.180.1.21:9696/networking/v2.0/security-groups?tenant_id=1a3ceaf2ab34460184a34b5081b9a2ce&name=default 0.460s
2025-05-14 07:48:54.903 69625 INFO tempest.lib.common.rest_client [req-b1d9de02-204d-4d84-bd1a-5cd9ab6f9511 req-b1d9de02-204d-4d84-bd1a-5cd9ab6f9511 ] Request (FlavorsV261TestJSON:test_crud_flavor): 200 GET http://10.180.1.21/compute/v2.1/flavors 2.123s
2025-05-14 07:48:54.929 69663 INFO tempest.lib.common.rest_client [req-0d841404-df21-4fb8-a46d-a33c2c31d907 req-0d841404-df21-4fb8-a46d-a33c2c31d907 ] Request (NetworksTest:tearDownClass): 200 GET http://10.180.1.21:9696/networking/v2.0/security-groups?tenant_id=696ba943185944e6a02d9e57bf8a957b&name=default 1.041s
2025-05-14 07:48:54.938 69611 INFO tempest.lib.common.rest_client [req-62f481c6-6fd3-4940-8e54-fc902b0c8751 req-62f481c6-6fd3-4940-8e54-fc902b0c8751 ] Request (HypervisorAdminNegativeUnderV252Test:tearDownClass): 204 DELETE http://10.180.1.21:9696/networking/v2.0/security-groups/ae738bd0-9aa3-48a2-9418-dd219e74bf13 0.309s
2025-05-14 07:48:55.011 69661 INFO tempest.lib.common.rest_client [req-12f21270-4435-4664-826a-e133cbcab0d1 req-12f21270-4435-4664-826a-e133cbcab0d1 ] Request (HypervisorAdminV253TestBase:tearDownClass): 200 GET http://10.180.1.21:9696/networking/v2.0/security-groups?tenant_id=b1dbef7628ce464fac5d3b4962b63290&name=default 0.797s
2025-05-14 07:48:55.018 69655 INFO tempest.lib.common.rest_client [req-867eb724-1f45-49cd-b3d6-93b54a30901f req-867eb724-1f45-49cd-b3d6-93b54a30901f ] Request (ServerExternalEventsTest:test_create_server_external_events): 200 GET http://10.180.1.21/compute/v2.1/servers/d18dfec2-6406-4edc-8313-f0b39f7c277b 2.039s
2025-05-14 07:48:55.025 69611 INFO tempest.lib.common.rest_client [req-4b175d2e-d0b6-4317-ab2a-6986d005773e req-4b175d2e-d0b6-4317-ab2a-6986d005773e ] Request (HypervisorAdminNegativeUnderV252Test:tearDownClass): 204 DELETE http://10.180.1.21/identity/v3/projects/4f729c6f993647ad895c0c85d9a0030e 0.086s
2025-05-14 07:48:55.037 69655 INFO tempest.common.waiters [-] State transition "BUILD/scheduling" ==> "BUILD/None" after 4 second wait
2025-05-14 07:48:55.109 69611 INFO tempest.lib.common.rest_client [req-7a021458-c60f-40b7-bbf5-6703896f1cdc req-7a021458-c60f-40b7-bbf5-6703896f1cdc ] Request (FlavorsV2TestJSON:setUpClass): 201 POST http://10.180.1.21/identity/v3/auth/tokens 0.083s
2025-05-14 07:48:55.157 69611 INFO tempest.lib.common.rest_client [req-ecf0f27e-034b-4c76-bef6-c96660bce6f7 req-ecf0f27e-034b-4c76-bef6-c96660bce6f7 ] Request (FlavorsV2TestJSON:setUpClass): 201 POST http://10.180.1.21/identity/v3/auth/tokens 0.043s
2025-05-14 07:48:55.199 69611 INFO tempest.lib.common.rest_client [req-f3e271ba-b3c3-49ef-ada5-a9963906b6ce req-f3e271ba-b3c3-49ef-ada5-a9963906b6ce ] Request (FlavorsV2TestJSON:setUpClass): 200 GET http://10.180.1.21/identity/v3/domains?name=Default 0.042s
2025-05-14 07:48:55.201 69629 INFO tempest.lib.common.rest_client [req-7176ee86-ddf4-405b-a36b-4a6ab713c35a req-7176ee86-ddf4-405b-a36b-4a6ab713c35a ] Request (FlavorsAccessTestJSON:test_flavor_access_add_remove): 200 POST http://10.180.1.21/compute/v2.1/flavors/845554036/action 2.135s
2025-05-14 07:48:55.206 69647 INFO tempest.lib.common.rest_client [req-0605c4ac-1d7c-4132-b1cf-824afbb5000e req-0605c4ac-1d7c-4132-b1cf-824afbb5000e ] Request (FlavorMetadataValidation:tearDownClass): 204 DELETE http://10.180.1.21:9696/networking/v2.0/security-groups/221eb049-92d2-4fca-8f75-3881c2417878 0.306s
2025-05-14 07:48:55.231 69663 INFO tempest.lib.common.rest_client [req-ab1108ab-ccbb-4e12-951a-6d2961cefedc req-ab1108ab-ccbb-4e12-951a-6d2961cefedc ] Request (NetworksTest:tearDownClass): 204 DELETE http://10.180.1.21:9696/networking/v2.0/security-groups/9c2b7a08-6198-43ae-985a-733820cdeedc 0.302s
2025-05-14 07:48:55.234 69619 INFO tempest.lib.common.rest_client [req-a4b69319-ffe3-4a6e-b499-6ff4b1929567 req-a4b69319-ffe3-4a6e-b499-6ff4b1929567 ] Request (ServicesAdminNegativeV253TestJSON:test_get_service_by_invalid_params): 200 GET http://10.180.1.21/compute/v2.1/os-services?xxx=nova-compute 2.154s
2025-05-14 07:48:55.256 69611 INFO tempest.lib.common.rest_client [req-8e120c07-7174-42df-aab5-9048b1250449 req-8e120c07-7174-42df-aab5-9048b1250449 ] Request (FlavorsV2TestJSON:setUpClass): 201 POST http://10.180.1.21/identity/v3/projects 0.057s
2025-05-14 07:48:55.273 69639 INFO tempest.lib.common.rest_client [req-099fc423-4f1b-49ad-9c95-1c693044e239 req-099fc423-4f1b-49ad-9c95-1c693044e239 ] Request (ImagesTestJSON:setUpClass): 200 PUT http://10.180.1.21:9696/networking/v2.0/routers/c18395f7-b759-483c-bfcf-620ac5540352/add_router_interface 3.221s
2025-05-14 07:48:55.274 69639 INFO tempest.lib.common.dynamic_creds [-] Created isolated network resources for: credentials: Credentials: {'domain_id': 'default', 'domain_name': 'Default', 'username': 'tempest-ImagesTestJSON-100749969-project-member', 'project_domain_id': 'default', 'project_domain_name': 'Default', 'project_id': 'f32cd998d5ab406a864d485401e1629e', 'project_name': 'tempest-ImagesTestJSON-100749969', 'tenant_id': 'f32cd998d5ab406a864d485401e1629e', 'tenant_name': 'tempest-ImagesTestJSON-100749969', 'user_domain_id': 'default', 'user_domain_name': 'Default', 'user_id': '4f70820204b247249ebb849fd922c4d1', 'system': None}, Network: {'id': '05117f79-8950-4c9e-b5d9-903a4dd44d7e', 'name': 'tempest-ImagesTestJSON-1290271199-network', 'tenant_id': 'f32cd998d5ab406a864d485401e1629e', 'admin_state_up': True, 'mtu': 8950, 'status': 'ACTIVE', 'subnets': [], 'shared': False, 'project_id': 'f32cd998d5ab406a864d485401e1629e', 'port_security_enabled': True, 'router:external': False, 'provider:network_type': 'vlan', 'provider:physical_network': 'default', 'provider:segmentation_id': 902, 'availability_zone_hints': [], 'availability_zones': [], 'ipv4_address_scope': None, 'ipv6_address_scope': None, 'description': '', 'tags': [], 'created_at': '2025-05-14T07:48:49Z', 'updated_at': '2025-05-14T07:48:49Z', 'revision_number': 1}, Subnet: {'id': 'bb0efa44-714b-4f52-b9e7-0fb2bab63469', 'name': 'tempest-ImagesTestJSON-1290271199-subnet', 'tenant_id': 'f32cd998d5ab406a864d485401e1629e', 'network_id': '05117f79-8950-4c9e-b5d9-903a4dd44d7e', 'ip_version': 4, 'subnetpool_id': None, 'enable_dhcp': True, 'ipv6_ra_mode': None, 'ipv6_address_mode': None, 'gateway_ip': '192.168.128.1', 'cidr': '192.168.128.0/28', 'allocation_pools': [{'start': '192.168.128.2', 'end': '192.168.128.14'}], 'host_routes': [], 'dns_nameservers': [], 'description': '', 'router:external': False, 'service_types': [], 'tags': [], 'created_at': '2025-05-14T07:48:49Z', 'updated_at': '2025-05-14T07:48:49Z', 'revision_number': 0, 'project_id': 'f32cd998d5ab406a864d485401e1629e'}, Router: {'id': 'c18395f7-b759-483c-bfcf-620ac5540352', 'name': 'tempest-ImagesTestJSON-1290271199-router', 'tenant_id': 'f32cd998d5ab406a864d485401e1629e', 'admin_state_up': True, 'status': 'ACTIVE', 'external_gateway_info': {'network_id': '329fad16-ea4d-4603-be45-a1ed0b4ccd01', 'external_fixed_ips': [{'subnet_id': 'fcafac97-d61d-4e6c-ac1a-5b2ec2d25b47', 'ip_address': '10.180.180.132'}], 'enable_snat': True}, 'description': '', 'availability_zones': [], 'distributed': False, 'ha': False, 'availability_zone_hints': [], 'routes': [], 'flavor_id': None, 'tags': [], 'created_at': '2025-05-14T07:48:50Z', 'updated_at': '2025-05-14T07:48:51Z', 'revision_number': 2, 'project_id': 'f32cd998d5ab406a864d485401e1629e'}
2025-05-14 07:48:55.297 69647 INFO tempest.lib.common.rest_client [req-48d6a8e8-0d05-4f05-a8d5-40ee8cecebe0 req-48d6a8e8-0d05-4f05-a8d5-40ee8cecebe0 ] Request (FlavorMetadataValidation:tearDownClass): 204 DELETE http://10.180.1.21/identity/v3/projects/1a3ceaf2ab34460184a34b5081b9a2ce 0.090s
2025-05-14 07:48:55.297 69647 INFO tempest.lib.common.dynamic_creds [-] Deleting project and security group for project: 22b5f5cc4a8b45819dffe1725e24d969
2025-05-14 07:48:55.379 69611 INFO tempest.lib.common.rest_client [req-82177c28-23a4-441e-aa1f-0fcbf696e6f9 req-82177c28-23a4-441e-aa1f-0fcbf696e6f9 ] Request (FlavorsV2TestJSON:setUpClass): 201 POST http://10.180.1.21/identity/v3/users 0.123s
2025-05-14 07:48:55.387 69661 INFO tempest.lib.common.rest_client [req-72518cd2-00bc-4bef-897d-c35b91551942 req-72518cd2-00bc-4bef-897d-c35b91551942 ] Request (HypervisorAdminV253TestBase:tearDownClass): 204 DELETE http://10.180.1.21:9696/networking/v2.0/security-groups/e16805e7-5799-4935-ad76-2ad50bce95fb 0.375s
2025-05-14 07:48:55.418 69663 INFO tempest.lib.common.rest_client [req-4657a835-152c-4d19-a1e9-48042bb672b5 req-4657a835-152c-4d19-a1e9-48042bb672b5 ] Request (NetworksTest:tearDownClass): 204 DELETE http://10.180.1.21/identity/v3/projects/696ba943185944e6a02d9e57bf8a957b 0.186s
2025-05-14 07:48:55.418 69663 INFO tempest.lib.common.dynamic_creds [-] Deleting project and security group for project: d678d3931ffe487fba73516b8db78cb9
2025-05-14 07:48:55.472 69639 INFO tempest.lib.common.rest_client [req-029da181-2bc4-42f7-be4a-146c3188a649 req-029da181-2bc4-42f7-be4a-146c3188a649 ] Request (ImagesTestJSON:setUpClass): 201 POST http://10.180.1.21/identity/v3/auth/tokens 0.194s
2025-05-14 07:48:55.552 69611 INFO tempest.lib.common.rest_client [req-859c3e2e-462b-44a1-b4d2-288590d159c0 req-859c3e2e-462b-44a1-b4d2-288590d159c0 ] Request (FlavorsV2TestJSON:setUpClass): 200 GET http://10.180.1.21/identity/v3/roles 0.172s
2025-05-14 07:48:55.589 69639 INFO tempest.lib.common.rest_client [req-5adf690d-9755-4538-a8ea-abffa8172078 req-5adf690d-9755-4538-a8ea-abffa8172078 ] Request (ImagesTestJSON:test_create_image_from_stopped_server): 201 POST http://10.180.1.21/identity/v3/auth/tokens 0.109s
2025-05-14 07:48:55.589 69639 INFO tempest.lib.common.fixed_network [-] (ImagesTestJSON:test_create_image_from_stopped_server) Found network {'id': '05117f79-8950-4c9e-b5d9-903a4dd44d7e', 'name': 'tempest-ImagesTestJSON-1290271199-network', 'tenant_id': 'f32cd998d5ab406a864d485401e1629e', 'admin_state_up': True, 'mtu': 8950, 'status': 'ACTIVE', 'subnets': [], 'shared': False, 'project_id': 'f32cd998d5ab406a864d485401e1629e', 'port_security_enabled': True, 'router:external': False, 'provider:network_type': 'vlan', 'provider:physical_network': 'default', 'provider:segmentation_id': 902, 'availability_zone_hints': [], 'availability_zones': [], 'ipv4_address_scope': None, 'ipv6_address_scope': None, 'description': '', 'tags': [], 'created_at': '2025-05-14T07:48:49Z', 'updated_at': '2025-05-14T07:48:49Z', 'revision_number': 1} available for tenant
2025-05-14 07:48:55.608 69665 INFO tempest.lib.common.rest_client [req-8521347c-3f17-479f-baa4-1b517689ff3d req-8521347c-3f17-479f-baa4-1b517689ff3d ] Request (FloatingIPsTestJSON:_run_cleanups): 202 DELETE http://10.180.1.21/compute/v2.1/os-floating-ips/c0f1cf35-d852-4e4c-8be9-344406640b0f 3.645s
2025-05-14 07:48:55.615 69651 INFO tempest.lib.common.rest_client [req-b581bcb9-4c54-48fc-9b3e-ddc49025b4b4 req-b581bcb9-4c54-48fc-9b3e-ddc49025b4b4 ] Request (QuotasAdminNegativeTest:_run_cleanups): 200 PUT http://10.180.1.21/compute/v2.1/os-quota-sets/4a4714c3aca748bc97bc8139ae4e6926 2.285s
2025-05-14 07:48:55.624 69611 INFO tempest.lib.common.rest_client [req-a692303b-f9f4-45db-8ee4-4c4fb79b90c9 req-a692303b-f9f4-45db-8ee4-4c4fb79b90c9 ] Request (FlavorsV2TestJSON:setUpClass): 204 PUT http://10.180.1.21/identity/v3/projects/7c0404ecf9f64129aa7d27f8a7424bae/users/36c6b155d87b4df0aff9bff796baf3d0/roles/3dc90f427f18449999960da81974b05b 0.072s
2025-05-14 07:48:55.625 69611 INFO tempest.lib.common.dynamic_creds [-] Dynamic test user 36c6b155d87b4df0aff9bff796baf3d0 is created with scope project and roles: ['member']
2025-05-14 07:48:55.625 69611 INFO tempest.lib.common.dynamic_creds [-] Acquired dynamic creds: credentials: Credentials: {'domain_id': 'default', 'domain_name': 'Default', 'username': 'tempest-FlavorsV2TestJSON-1615930375-project-member', 'project_domain_id': 'default', 'project_domain_name': 'Default', 'project_id': '7c0404ecf9f64129aa7d27f8a7424bae', 'project_name': 'tempest-FlavorsV2TestJSON-1615930375', 'tenant_id': '7c0404ecf9f64129aa7d27f8a7424bae', 'tenant_name': 'tempest-FlavorsV2TestJSON-1615930375', 'user_domain_id': 'default', 'user_domain_name': 'Default', 'user_id': '36c6b155d87b4df0aff9bff796baf3d0', 'system': None}, Network: None, Subnet: None, Router: None
2025-05-14 07:48:55.625 69611 INFO tempest.lib.common.dynamic_creds [-] Created isolated network resources for: credentials: Credentials: {'domain_id': 'default', 'domain_name': 'Default', 'username': 'tempest-FlavorsV2TestJSON-1615930375-project-member', 'project_domain_id': 'default', 'project_domain_name': 'Default', 'project_id': '7c0404ecf9f64129aa7d27f8a7424bae', 'project_name': 'tempest-FlavorsV2TestJSON-1615930375', 'tenant_id': '7c0404ecf9f64129aa7d27f8a7424bae', 'tenant_name': 'tempest-FlavorsV2TestJSON-1615930375', 'user_domain_id': 'default', 'user_domain_name': 'Default', 'user_id': '36c6b155d87b4df0aff9bff796baf3d0', 'system': None}, Network: None, Subnet: None, Router: None
2025-05-14 07:48:55.637 69661 INFO tempest.lib.common.rest_client [req-e1c7c62b-bf11-4518-8405-6d3419b918ef req-e1c7c62b-bf11-4518-8405-6d3419b918ef ] Request (HypervisorAdminV253TestBase:tearDownClass): 204 DELETE http://10.180.1.21/identity/v3/projects/b1dbef7628ce464fac5d3b4962b63290 0.249s
2025-05-14 07:48:55.712 69671 INFO tempest.lib.common.rest_client [req-22c3c0d7-bacb-40ec-9ec4-3955d00bca01 req-22c3c0d7-bacb-40ec-9ec4-3955d00bca01 ] Request (SecurityGroupsTestJSON:setUpClass): 201 POST http://10.180.1.21:9696/networking/v2.0/routers 1.502s
2025-05-14 07:48:55.751 69647 INFO tempest.lib.common.rest_client [req-369bb12a-a29c-4bca-975a-39e4ca3b867c req-369bb12a-a29c-4bca-975a-39e4ca3b867c ] Request (FlavorMetadataValidation:tearDownClass): 200 GET http://10.180.1.21:9696/networking/v2.0/security-groups?tenant_id=22b5f5cc4a8b45819dffe1725e24d969&name=default 0.453s
2025-05-14 07:48:55.832 69661 INFO tempest.lib.common.rest_client [req-7e044bf0-6c91-451a-b9f5-ac2d20debc99 req-7e044bf0-6c91-451a-b9f5-ac2d20debc99 ] Request (TenantUsagesNegativeTestJSON:setUpClass): 201 POST http://10.180.1.21/identity/v3/auth/tokens 0.193s
2025-05-14 07:48:55.844 69611 INFO tempest.lib.common.rest_client [req-b95d3992-0592-40b8-96a2-e8fca5033ecf req-b95d3992-0592-40b8-96a2-e8fca5033ecf ] Request (FlavorsV2TestJSON:setUpClass): 201 POST http://10.180.1.21/identity/v3/auth/tokens 0.208s
2025-05-14 07:48:55.848 69649 INFO tempest.lib.common.rest_client [req-ed56284e-e0c3-4616-b018-ead5ccf9dee4 req-ed56284e-e0c3-4616-b018-ead5ccf9dee4 ] Request (QuotasAdminTestV257:test_get_updated_quotas): 200 PUT http://10.180.1.21/compute/v2.1/os-quota-sets/403a34a0f4344c62912cca9ba8b45047?user_id=ab2191f253b64b35ba77cab90714e600 2.455s
2025-05-14 07:48:55.861 69661 INFO tempest.lib.common.rest_client [req-b0c1d871-ec1b-4f5d-bab4-95f9d4ada072 req-b0c1d871-ec1b-4f5d-bab4-95f9d4ada072 ] Request (TenantUsagesNegativeTestJSON:setUpClass): 201 POST http://10.180.1.21/identity/v3/auth/tokens 0.027s
2025-05-14 07:48:55.869 69663 INFO tempest.lib.common.rest_client [req-dc9271a5-4082-4157-9c2f-6400f422a72b req-dc9271a5-4082-4157-9c2f-6400f422a72b ] Request (NetworksTest:tearDownClass): 200 GET http://10.180.1.21:9696/networking/v2.0/security-groups?tenant_id=d678d3931ffe487fba73516b8db78cb9&name=default 0.450s
2025-05-14 07:48:55.875 69667 INFO tempest.lib.common.rest_client [req-95970ece-1941-4a42-92e8-787b630c7882 req-95970ece-1941-4a42-92e8-787b630c7882 ] Request (ServicesAdminNegativeTestJSON:test_get_service_by_invalid_service_and_valid_host): 200 GET http://10.180.1.21/compute/v2.1/os-services 2.304s
2025-05-14 07:48:55.897 69661 INFO tempest.lib.common.rest_client [req-16b7f705-9765-4515-bbbf-37f72481cd73 req-16b7f705-9765-4515-bbbf-37f72481cd73 ] Request (TenantUsagesNegativeTestJSON:setUpClass): 200 GET http://10.180.1.21/identity/v3/domains?name=Default 0.035s
2025-05-14 07:48:55.905 69643 INFO tempest.lib.common.rest_client [req-d276651e-3e7d-48c7-bfe6-582239c4ffd3 req-d276651e-3e7d-48c7-bfe6-582239c4ffd3 ] Request (FlavorsV255TestJSON:test_crud_flavor): 200 GET http://10.180.1.21/compute/v2.1/flavors 2.310s
2025-05-14 07:48:55.936 69661 INFO tempest.lib.common.rest_client [req-631a37d9-47a0-4d54-b0b3-3f375ae143b1 req-631a37d9-47a0-4d54-b0b3-3f375ae143b1 ] Request (TenantUsagesNegativeTestJSON:setUpClass): 201 POST http://10.180.1.21/identity/v3/projects 0.038s
2025-05-14 07:48:56.005 69661 INFO tempest.lib.common.rest_client [req-c0226c56-d64d-4ff8-b65f-d47e5eb42a1e req-c0226c56-d64d-4ff8-b65f-d47e5eb42a1e ] Request (TenantUsagesNegativeTestJSON:setUpClass): 201 POST http://10.180.1.21/identity/v3/users 0.068s
2025-05-14 07:48:56.042 69661 INFO tempest.lib.common.rest_client [req-6a3dac22-bd50-49bc-a10f-b4473616a16c req-6a3dac22-bd50-49bc-a10f-b4473616a16c ] Request (TenantUsagesNegativeTestJSON:setUpClass): 200 GET http://10.180.1.21/identity/v3/roles 0.037s
2025-05-14 07:48:56.079 69615 INFO tempest.lib.common.rest_client [req-b7bb8bc2-61f5-4902-9d5f-2d2b86cfd413 req-b7bb8bc2-61f5-4902-9d5f-2d2b86cfd413 ] Request (FlavorsAccessNegativeTestJSON:_run_cleanups): 200 POST http://10.180.1.21/compute/v2.1/flavors/1754358164/action 2.322s
2025-05-14 07:48:56.087 69647 INFO tempest.lib.common.rest_client [req-1b53100e-c487-447d-a7c9-70b8c823f381 req-1b53100e-c487-447d-a7c9-70b8c823f381 ] Request (FlavorMetadataValidation:tearDownClass): 204 DELETE http://10.180.1.21:9696/networking/v2.0/security-groups/4774893f-6668-4900-9544-ca18fd6855f4 0.335s
