2025-05-14 07:51:27.898 69651 INFO tempest.lib.common.rest_client [req-ab86ccce-cda9-4c48-a1c7-f4458515db17 req-ab86ccce-cda9-4c48-a1c7-f4458515db17 ] Request (ImagesOneServerTestJSON:tearDownClass): 200 GET http://10.180.1.21/compute/v2.1/servers/98551255-5e8d-4e4d-96b0-7d2e7a706189 0.863s
2025-05-14 07:51:27.914 69625 INFO tempest.lib.common.rest_client [req-0777376a-53f3-4fea-bf0a-c2954acb0974 req-0777376a-53f3-4fea-bf0a-c2954acb0974 ] Request (VolumesAdminNegativeTest:test_update_attached_volume_with_nonexistent_volume_in_body): 200 GET http://10.180.1.21/volume/v3/volumes/227100b4-2008-4e5f-8252-1fcd7e4c7a48 0.041s
2025-05-14 07:51:27.921 69625 INFO tempest.common.waiters [-] Attachment 471fc021-ef79-425c-91fc-2a75826323a5 created for volume 227100b4-2008-4e5f-8252-1fcd7e4c7a48 to server cc206bac-006b-4745-8f4f-55dfe218121c after waiting for 9.921035 seconds
2025-05-14 07:51:27.956 69625 INFO tempest.lib.common.rest_client [req-11e8ec17-543d-48da-9b65-2c1290ba1dfc req-11e8ec17-543d-48da-9b65-2c1290ba1dfc ] Request (VolumesAdminNegativeTest:test_update_attached_volume_with_nonexistent_volume_in_body): 200 GET http://10.180.1.21/volume/v3/volumes/227100b4-2008-4e5f-8252-1fcd7e4c7a48 0.035s
2025-05-14 07:51:27.964 69625 INFO tempest.common.waiters [-] volume 227100b4-2008-4e5f-8252-1fcd7e4c7a48 reached in-use after waiting for 0.964526 seconds
2025-05-14 07:51:27.996 69669 INFO tempest.lib.common.rest_client [req-f8f6730e-1618-4755-a0bc-331a97989679 req-f8f6730e-1618-4755-a0bc-331a97989679 ] Request (ServersAdminNegativeTestJSON:tearDownClass): 200 GET http://10.180.1.21/compute/v2.1/servers/06ba8358-d330-4103-9a21-34d402b69612 0.889s
2025-05-14 07:51:28.037 69615 INFO tempest.lib.common.rest_client [req-c0d7657f-c54c-47e8-91f8-e39e349350b9 req-c0d7657f-c54c-47e8-91f8-e39e349350b9 ] Request (ServerMetadataNegativeTestJSON:tearDownClass): 200 PUT http://10.180.1.21:9696/networking/v2.0/routers/e9f9be73-351b-4734-9ac9-535ddcc748ed/remove_router_interface 0.876s
2025-05-14 07:51:28.062 69655 INFO tempest.lib.common.rest_client [req-dd19b3f7-0823-4f0d-8fb7-a040f9ed04d4 req-dd19b3f7-0823-4f0d-8fb7-a040f9ed04d4 ] Request (ServerMetadataTestJSON:tearDownClass): 200 GET http://10.180.1.21/compute/v2.1/servers/9869d107-a676-4f7c-aa1c-63d2841ff564 0.862s
2025-05-14 07:51:28.071 69655 INFO tempest.common.waiters [-] State transition "ACTIVE/deleting" ==> "DELETED/None" after 4 second wait
2025-05-14 07:51:28.118 69641 INFO tempest.lib.common.rest_client [req-6742df9c-0059-4785-ba86-2cc27fd01b46 req-6742df9c-0059-4785-ba86-2cc27fd01b46 ] Request (ServerGroupTestJSON:test_create_server_with_scheduler_hint_group): 200 GET http://10.180.1.21/compute/v2.1/servers/9098c79f-7ab4-4692-9d84-0261024fee2e 0.865s
2025-05-14 07:51:28.230 69671 INFO tempest.lib.common.rest_client [req-65286245-ab12-49da-9562-835211bd69d0 req-65286245-ab12-49da-9562-835211bd69d0 ] Request (SecurityGroupsTestJSON:test_server_security_groups): 202 POST http://10.180.1.21/compute/v2.1/servers/36d49fac-f237-4a44-be70-066ad12631c6/action 0.742s
2025-05-14 07:51:28.310 69637 INFO tempest.lib.common.rest_client [req-9998ebaa-1841-4438-95f1-ffdf8bc4830d req-9998ebaa-1841-4438-95f1-ffdf8bc4830d ] Request (InstanceActionsV221TestJSON:test_get_list_deleted_instance_actions): 200 GET http://10.180.1.21/compute/v2.1/servers/b784d34b-8156-43de-9e77-fb1d931c33e9 0.637s
2025-05-14 07:51:28.368 69659 INFO tempest.lib.common.rest_client [req-6d35db99-7072-44b9-a288-9a9ea272ab2c req-6d35db99-7072-44b9-a288-9a9ea272ab2c ] Request (ServersAdminTestJSON:test_inject_network_info): 200 GET http://10.180.1.21/compute/v2.1/servers/74d6e662-0bde-4c7c-a515-e9d4d90e82b5 0.638s
2025-05-14 07:51:28.431 69635 INFO tempest.lib.common.rest_client [req-b3372003-7dca-4523-b2ce-e3b6255510da req-b3372003-7dca-4523-b2ce-e3b6255510da ] Request (FloatingIPsAssociationTestJSON:tearDownClass): 200 GET http://10.180.1.21/compute/v2.1/servers/f6b92178-3fa6-45fb-ac25-131d61d7e811 0.640s
2025-05-14 07:51:28.477 69615 INFO tempest.lib.common.rest_client [req-e59772d6-a637-4d9c-9341-97a688702bf4 req-e59772d6-a637-4d9c-9341-97a688702bf4 ] Request (ServerMetadataNegativeTestJSON:tearDownClass): 204 DELETE http://10.180.1.21:9696/networking/v2.0/routers/e9f9be73-351b-4734-9ac9-535ddcc748ed 0.440s
2025-05-14 07:51:28.481 69649 INFO tempest.lib.common.rest_client [req-e3efe56c-3fbd-4f02-a962-477865f6700f req-e3efe56c-3fbd-4f02-a962-477865f6700f ] Request (ServerRescueTestJSONUnderV235:setUpClass): 200 GET http://10.180.1.21/compute/v2.1/servers/e9a88232-87fa-4d01-a1b6-7865a5142faa 0.629s
2025-05-14 07:51:28.542 69665 INFO tempest.lib.common.rest_client [req-c1273f63-1ccd-41fe-948b-4fc3dab58ea5 req-c1273f63-1ccd-41fe-948b-4fc3dab58ea5 ] Request (ServersTestManualDisk:tearDownClass): 200 GET http://10.180.1.21/compute/v2.1/servers/13f55876-520c-4486-8bae-2b0962436054 0.606s
2025-05-14 07:51:28.599 69615 INFO tempest.lib.common.rest_client [req-7a9180e9-e901-48e0-9c3b-f5a0bd91bb62 req-7a9180e9-e901-48e0-9c3b-f5a0bd91bb62 ] Request (ServerMetadataNegativeTestJSON:tearDownClass): 204 DELETE http://10.180.1.21:9696/networking/v2.0/subnets/a485d085-43af-4f83-8d9f-d35c7261649a 0.122s
2025-05-14 07:51:28.774 69625 INFO tempest.lib.common.rest_client [req-008471c5-2ec8-4d18-a3e3-fe62e4d9c780 req-008471c5-2ec8-4d18-a3e3-fe62e4d9c780 ] Request (VolumesAdminNegativeTest:test_update_attached_volume_with_nonexistent_volume_in_body): 400 PUT http://10.180.1.21/compute/v2.1/servers/cc206bac-006b-4745-8f4f-55dfe218121c/os-volume_attachments/227100b4-2008-4e5f-8252-1fcd7e4c7a48 0.805s
2025-05-14 07:51:28.806 69625 INFO tempest.lib.common.rest_client [req-d04c41ab-794e-4742-8b77-a0d7033fd5b7 req-d04c41ab-794e-4742-8b77-a0d7033fd5b7 ] Request (VolumesAdminNegativeTest:_run_cleanups): 200 GET http://10.180.1.21/volume/v3/volumes/227100b4-2008-4e5f-8252-1fcd7e4c7a48 0.031s
2025-05-14 07:51:28.825 69643 INFO tempest.lib.common.rest_client [req-000e660e-3d04-4a14-a719-e44db09f4044 req-000e660e-3d04-4a14-a719-e44db09f4044 ] Request (ServersTestJSON:test_create_server_specify_multibyte_character_name): 200 GET http://10.180.1.21/compute/v2.1/servers/a3122aed-c4a5-473f-85f7-546745a608cd 0.842s
2025-05-14 07:51:28.861 69639 INFO tempest.lib.common.rest_client [req-55da8139-23db-4c0d-a301-db4598211c63 req-55da8139-23db-4c0d-a301-db4598211c63 ] Request (ImagesTestJSON:test_create_image_from_suspended_server): 200 GET http://10.180.1.21/compute/v2.1/images/a6d6b7cd-e0ff-488d-86a2-49b65be46f60 0.837s
2025-05-14 07:51:28.921 69617 INFO tempest.lib.common.rest_client [req-c69e0fcb-754b-415b-bdf1-fb1a0bfe96f3 req-c69e0fcb-754b-415b-bdf1-fb1a0bfe96f3 ] Request (VolumesAssistedSnapshotsTest:test_volume_assisted_snapshot_create_delete): 200 GET http://10.180.1.21/volume/v3/volumes/f6185f42-282a-4bb0-b545-c216e7b29d20 0.032s
2025-05-14 07:51:28.921 69657 INFO tempest.lib.common.rest_client [req-b538b9e5-53cb-42e0-85e0-a8e8a060759e req-b538b9e5-53cb-42e0-85e0-a8e8a060759e ] Request (DeleteServersAdminTestJSON:test_delete_server_while_in_error_state): 200 GET http://10.180.1.21/compute/v2.1/servers/2e1ac2fc-ed22-4d5b-bb5d-3d86015a0f3d 0.827s
2025-05-14 07:51:28.928 69617 INFO tempest.common.waiters [-] Attachment 8c1faab1-b93d-4117-9975-f85e4521091a created for volume f6185f42-282a-4bb0-b545-c216e7b29d20 to server 1edd6ab2-40c6-45e6-bba3-66b6379012e9 after waiting for 8.928527 seconds
2025-05-14 07:51:28.958 69617 INFO tempest.lib.common.rest_client [req-7edd1cc5-dfca-431f-a493-c8877bf818bf req-7edd1cc5-dfca-431f-a493-c8877bf818bf ] Request (VolumesAssistedSnapshotsTest:test_volume_assisted_snapshot_create_delete): 200 GET http://10.180.1.21/volume/v3/volumes/f6185f42-282a-4bb0-b545-c216e7b29d20 0.029s
2025-05-14 07:51:28.966 69617 INFO tempest.common.waiters [-] volume f6185f42-282a-4bb0-b545-c216e7b29d20 reached in-use after waiting for 0.966279 seconds
2025-05-14 07:51:28.974 69615 INFO tempest.lib.common.rest_client [req-07b6cfb7-947b-47d2-8318-d95d28113ad3 req-07b6cfb7-947b-47d2-8318-d95d28113ad3 ] Request (ServerMetadataNegativeTestJSON:tearDownClass): 204 DELETE http://10.180.1.21:9696/networking/v2.0/networks/b5ad1808-4f0c-4884-9991-20d77b779b92 0.374s
2025-05-14 07:51:28.983 69613 INFO tempest.lib.common.rest_client [req-eb9f2f82-e648-4ef5-ba00-7c2655de8b45 req-eb9f2f82-e648-4ef5-ba00-7c2655de8b45 ] Request (MultipleCreateTestJSON:test_multiple_create): 200 GET http://10.180.1.21/compute/v2.1/servers/0cf6e03a-bfda-4342-be28-537a16128547 0.836s
2025-05-14 07:51:29.118 69615 INFO tempest.lib.common.rest_client [req-a558cbd4-2576-4962-8e80-051bd8da8fc5 req-a558cbd4-2576-4962-8e80-051bd8da8fc5 ] Request (ServerMetadataNegativeTestJSON:tearDownClass): 204 DELETE http://10.180.1.21/identity/v3/users/6e393fccb15d417e9dc10b960b6a2dba 0.143s
2025-05-14 07:51:29.118 69615 INFO tempest.lib.common.dynamic_creds [-] Deleting project and security group for project: c61dd82cdf284271bae4aed0e50f42d3
2025-05-14 07:51:29.149 69633 WARNING tempest.lib.common.ssh [-] Failed to establish authenticated ssh connection to cirros@10.180.180.238 ([Errno None] Unable to connect to port 22 on 10.180.180.238). Number attempts: 5. Retry after 6 seconds.: paramiko.ssh_exception.NoValidConnectionsError: [Errno None] Unable to connect to port 22 on 10.180.180.238
2025-05-14 07:51:29.156 69615 INFO tempest.lib.common.rest_client [req-74e94bd3-f465-4897-ab67-e4d0e1529ed9 req-74e94bd3-f465-4897-ab67-e4d0e1529ed9 ] Request (ServerMetadataNegativeTestJSON:tearDownClass): 200 GET http://10.180.1.21:9696/networking/v2.0/security-groups?tenant_id=c61dd82cdf284271bae4aed0e50f42d3&name=default 0.037s
2025-05-14 07:51:29.156 69671 INFO tempest.lib.common.rest_client [req-bab414cd-769c-4fcd-8ecf-8046956dd42a req-bab414cd-769c-4fcd-8ecf-8046956dd42a ] Request (SecurityGroupsTestJSON:test_server_security_groups): 200 GET http://10.180.1.21/compute/v2.1/servers/36d49fac-f237-4a44-be70-066ad12631c6 0.926s
2025-05-14 07:51:29.326 69615 INFO tempest.lib.common.rest_client [req-4c0e67a1-c270-4d4f-8179-2c98a40009c6 req-4c0e67a1-c270-4d4f-8179-2c98a40009c6 ] Request (ServerMetadataNegativeTestJSON:tearDownClass): 204 DELETE http://10.180.1.21:9696/networking/v2.0/security-groups/fe609f60-dc2d-4f80-83ce-e0e4a35e431c 0.170s
2025-05-14 07:51:29.329 69653 INFO tempest.lib.common.rest_client [req-684f5dd6-aa02-45e2-b170-08daf9485c46 req-684f5dd6-aa02-45e2-b170-08daf9485c46 ] Request (FloatingIPsAssociationNegativeTestJSON:setUpClass): 200 GET http://10.180.1.21/compute/v2.1/servers/c2bc4b50-d4a8-4705-a450-20233a3527bc 1.053s
2025-05-14 07:51:29.430 69673 WARNING tempest.lib.common.ssh [-] Failed to establish authenticated ssh connection to cirros@10.180.180.153 ([Errno None] Unable to connect to port 22 on 10.180.180.153). Number attempts: 10. Retry after 11 seconds.: paramiko.ssh_exception.NoValidConnectionsError: [Errno None] Unable to connect to port 22 on 10.180.180.153
2025-05-14 07:51:29.443 69615 INFO tempest.lib.common.rest_client [req-e060999c-e5d8-4cc5-bbc6-af5951b4ee60 req-e060999c-e5d8-4cc5-bbc6-af5951b4ee60 ] Request (ServerMetadataNegativeTestJSON:tearDownClass): 204 DELETE http://10.180.1.21/identity/v3/projects/c61dd82cdf284271bae4aed0e50f42d3 0.116s
2025-05-14 07:51:29.520 69615 INFO tempest.lib.common.rest_client [req-a8598ee1-e1f0-4685-9143-08eded790877 req-a8598ee1-e1f0-4685-9143-08eded790877 ] Request (ServerPasswordTestJSON:setUpClass): 201 POST http://10.180.1.21/identity/v3/auth/tokens 0.075s
2025-05-14 07:51:29.523 69629 INFO tempest.lib.common.rest_client [req-a931b815-cbc6-491c-b6b9-0f363686bd55 req-a931b815-cbc6-491c-b6b9-0f363686bd55 ] Request (MigrationsAdminTest:test_list_migrations_in_flavor_resize_situation): 200 GET http://10.180.1.21/compute/v2.1/servers/4e5401b1-a0a4-41e2-96e0-e6855a8bb806 1.114s
2025-05-14 07:51:29.564 69615 INFO tempest.lib.common.rest_client [req-3176f0c6-b07a-4e16-9032-23d075df9dd3 req-3176f0c6-b07a-4e16-9032-23d075df9dd3 ] Request (ServerPasswordTestJSON:setUpClass): 201 POST http://10.180.1.21/identity/v3/auth/tokens 0.037s
2025-05-14 07:51:29.592 69631 INFO tempest.lib.common.rest_client [req-76ab603f-f5ba-4868-ac69-77f3c7b53805 req-76ab603f-f5ba-4868-ac69-77f3c7b53805 ] Request (AttachInterfacesUnderV243Test:_run_cleanups): 200 GET http://10.180.1.21/compute/v2.1/servers/04666d7c-26f8-46cf-bc3d-ea6b4ddc650e 1.028s
2025-05-14 07:51:29.603 69615 INFO tempest.lib.common.rest_client [req-c7363375-3925-4078-9026-d858b2bbf135 req-c7363375-3925-4078-9026-d858b2bbf135 ] Request (ServerPasswordTestJSON:setUpClass): 200 GET http://10.180.1.21/identity/v3/domains?name=Default 0.039s
2025-05-14 07:51:29.634 69615 INFO tempest.lib.common.rest_client [req-921e72c7-f372-4580-b75e-e35b1df924f3 req-921e72c7-f372-4580-b75e-e35b1df924f3 ] Request (ServerPasswordTestJSON:setUpClass): 201 POST http://10.180.1.21/identity/v3/projects 0.030s
2025-05-14 07:51:29.704 69615 INFO tempest.lib.common.rest_client [req-20cd77dc-4bc9-46d8-96c9-07873c32f1b9 req-20cd77dc-4bc9-46d8-96c9-07873c32f1b9 ] Request (ServerPasswordTestJSON:setUpClass): 201 POST http://10.180.1.21/identity/v3/users 0.070s
2025-05-14 07:51:29.725 69615 INFO tempest.lib.common.rest_client [req-c4a08149-6ec3-4495-84cf-f3d6438b0651 req-c4a08149-6ec3-4495-84cf-f3d6438b0651 ] Request (ServerPasswordTestJSON:setUpClass): 200 GET http://10.180.1.21/identity/v3/roles 0.020s
2025-05-14 07:51:29.755 69615 INFO tempest.lib.common.rest_client [req-2ca32a9b-df67-42aa-ae48-5724a0ae58d7 req-2ca32a9b-df67-42aa-ae48-5724a0ae58d7 ] Request (ServerPasswordTestJSON:setUpClass): 204 PUT http://10.180.1.21/identity/v3/projects/12eae44d0682490b82d485c93a2409f9/users/68c6599b6cf64d2691029af8e501133f/roles/3dc90f427f18449999960da81974b05b 0.029s
2025-05-14 07:51:29.755 69615 INFO tempest.lib.common.dynamic_creds [-] Dynamic test user 68c6599b6cf64d2691029af8e501133f is created with scope project and roles: ['member']
2025-05-14 07:51:29.755 69615 INFO tempest.lib.common.dynamic_creds [-] Acquired dynamic creds: credentials: Credentials: {'domain_id': 'default', 'domain_name': 'Default', 'username': 'tempest-ServerPasswordTestJSON-281241922-project-member', 'project_domain_id': 'default', 'project_domain_name': 'Default', 'project_id': '12eae44d0682490b82d485c93a2409f9', 'project_name': 'tempest-ServerPasswordTestJSON-281241922', 'tenant_id': '12eae44d0682490b82d485c93a2409f9', 'tenant_name': 'tempest-ServerPasswordTestJSON-281241922', 'user_domain_id': 'default', 'user_domain_name': 'Default', 'user_id': '68c6599b6cf64d2691029af8e501133f', 'system': None}, Network: None, Subnet: None, Router: None
2025-05-14 07:51:29.837 69615 INFO tempest.lib.common.rest_client [req-34470d65-71a3-484d-8b0f-b50f1f19b9c2 req-34470d65-71a3-484d-8b0f-b50f1f19b9c2 ] Request (ServerPasswordTestJSON:setUpClass): 201 POST http://10.180.1.21/identity/v3/auth/tokens 0.081s
2025-05-14 07:51:29.895 69619 INFO tempest.lib.common.rest_client [req-4e165661-477a-44c7-976d-7babf24847c5 req-4e165661-477a-44c7-976d-7babf24847c5 ] Request (InstanceActionsTestJSON:tearDownClass): 200 GET http://10.180.1.21/compute/v2.1/servers/ae7cbc62-f044-444c-9444-3a5d456d73a0 1.260s
2025-05-14 07:51:30.015 69621 INFO tempest.lib.common.rest_client [req-0a3cbb75-fba3-45e2-b638-01a5b1e81fe9 req-0a3cbb75-fba3-45e2-b638-01a5b1e81fe9 ] Request (ServersNegativeTestJSON:setUpClass): 200 GET http://10.180.1.21/compute/v2.1/servers/a2dab00f-aed0-4811-98a2-fb4e42d59bc5 1.321s
2025-05-14 07:51:30.024 69621 INFO tempest.common.waiters [-] State transition "BUILD/None" ==> "BUILD/block_device_mapping" after 80 second wait
2025-05-14 07:51:30.077 69645 INFO tempest.lib.common.rest_client [req-e2a4fff9-d19c-425e-9648-653b1ab080a4 req-e2a4fff9-d19c-425e-9648-653b1ab080a4 ] Request (ServerAddressesNegativeTestJSON:setUpClass): 200 GET http://10.180.1.21/compute/v2.1/servers/7626c8f9-ebba-44f1-a1a6-fc97379f170c 1.333s
2025-05-14 07:51:30.163 69623 INFO tempest.lib.common.rest_client [req-7b0efaec-042d-43ab-9f0d-61fe7cfb4caa req-7b0efaec-042d-43ab-9f0d-61fe7cfb4caa ] Request (ImagesNegativeTestJSON:test_create_image_from_deleted_server): 200 GET http://10.180.1.21/compute/v2.1/servers/92d67e6e-f081-4006-94d8-241696d59b88 1.367s
2025-05-14 07:51:30.361 69625 INFO tempest.lib.common.rest_client [req-657bcf8e-e5dd-4ca4-990f-f213a2d94db2 req-657bcf8e-e5dd-4ca4-990f-f213a2d94db2 ] Request (VolumesAdminNegativeTest:_run_cleanups): 202 DELETE http://10.180.1.21/compute/v2.1/servers/cc206bac-006b-4745-8f4f-55dfe218121c/os-volume_attachments/227100b4-2008-4e5f-8252-1fcd7e4c7a48 1.545s
2025-05-14 07:51:30.431 69627 INFO tempest.lib.common.rest_client [req-5ec526c9-f2f3-4f02-9873-ce4ffb8ed376 req-5ec526c9-f2f3-4f02-9873-ce4ffb8ed376 ] Request (ServersNegativeTestMultiTenantJSON:setUpClass): 200 GET http://10.180.1.21/compute/v2.1/servers/2e74bd29-b088-44e8-9e4c-214355a7bfad 1.587s
2025-05-14 07:51:30.432 69615 INFO tempest.lib.common.rest_client [req-e494c9f7-ac5b-42d0-b528-2b57cf816690 req-e494c9f7-ac5b-42d0-b528-2b57cf816690 ] Request (ServerPasswordTestJSON:setUpClass): 201 POST http://10.180.1.21:9696/networking/v2.0/networks 0.594s
2025-05-14 07:51:30.502 69651 INFO tempest.lib.common.rest_client [req-33702485-f1e1-422a-81dd-c18ca3a4ea09 req-33702485-f1e1-422a-81dd-c18ca3a4ea09 ] Request (ImagesOneServerTestJSON:tearDownClass): 200 GET http://10.180.1.21/compute/v2.1/servers/98551255-5e8d-4e4d-96b0-7d2e7a706189 1.588s
2025-05-14 07:51:30.590 69647 WARNING tempest.lib.common.ssh [-] Failed to establish authenticated ssh connection to cirros@10.180.180.143 ([Errno None] Unable to connect to port 22 on 10.180.180.143). Number attempts: 6. Retry after 7 seconds.: paramiko.ssh_exception.NoValidConnectionsError: [Errno None] Unable to connect to port 22 on 10.180.180.143
2025-05-14 07:51:30.596 69615 INFO tempest.lib.common.rest_client [req-0b305035-4d9e-4404-8020-f0599516e3ea req-0b305035-4d9e-4404-8020-f0599516e3ea ] Request (ServerPasswordTestJSON:setUpClass): 201 POST http://10.180.1.21:9696/networking/v2.0/subnets 0.164s
2025-05-14 07:51:30.694 69617 INFO tempest.lib.common.rest_client [req-36f25a16-8ab6-4ce7-bc00-06c01064b381 req-36f25a16-8ab6-4ce7-bc00-06c01064b381 ] Request (VolumesAssistedSnapshotsTest:test_volume_assisted_snapshot_create_delete): 200 POST http://10.180.1.21/compute/v2.1/os-assisted-volume-snapshots 1.728s
2025-05-14 07:51:30.766 69669 INFO tempest.lib.common.rest_client [req-e8a44af8-ad85-4b04-be8a-4b1aa92e427f req-e8a44af8-ad85-4b04-be8a-4b1aa92e427f ] Request (ServersAdminNegativeTestJSON:tearDownClass): 200 GET http://10.180.1.21/compute/v2.1/servers/06ba8358-d330-4103-9a21-34d402b69612 1.760s
2025-05-14 07:51:30.830 69655 INFO tempest.lib.common.rest_client [req-d0a05bdb-3379-41fe-801c-649e68753a0e req-d0a05bdb-3379-41fe-801c-649e68753a0e ] Request (ServerMetadataTestJSON:tearDownClass): 200 GET http://10.180.1.21/compute/v2.1/servers/9869d107-a676-4f7c-aa1c-63d2841ff564 1.758s
2025-05-14 07:51:30.881 69641 INFO tempest.lib.common.rest_client [req-ffa18769-28b6-4269-8a04-a86d65c24ada req-ffa18769-28b6-4269-8a04-a86d65c24ada ] Request (ServerGroupTestJSON:test_create_server_with_scheduler_hint_group): 200 GET http://10.180.1.21/compute/v2.1/servers/9098c79f-7ab4-4692-9d84-0261024fee2e 1.754s
2025-05-14 07:51:30.949 69637 INFO tempest.lib.common.rest_client [req-cc0026c2-50ce-4597-a58d-5627532d93e2 req-cc0026c2-50ce-4597-a58d-5627532d93e2 ] Request (InstanceActionsV221TestJSON:test_get_list_deleted_instance_actions): 200 GET http://10.180.1.21/compute/v2.1/servers/b784d34b-8156-43de-9e77-fb1d931c33e9 1.625s
2025-05-14 07:51:31.001 69659 INFO tempest.lib.common.rest_client [req-7a14aa34-6b0b-47eb-b932-ed2131faf176 req-7a14aa34-6b0b-47eb-b932-ed2131faf176 ] Request (ServersAdminTestJSON:test_inject_network_info): 200 GET http://10.180.1.21/compute/v2.1/servers/74d6e662-0bde-4c7c-a515-e9d4d90e82b5 1.618s
2025-05-14 07:51:31.082 69635 INFO tempest.lib.common.rest_client [req-e4d5787b-8331-46de-9c83-45ad3e61134b req-e4d5787b-8331-46de-9c83-45ad3e61134b ] Request (FloatingIPsAssociationTestJSON:tearDownClass): 200 GET http://10.180.1.21/compute/v2.1/servers/f6b92178-3fa6-45fb-ac25-131d61d7e811 1.644s
2025-05-14 07:51:31.130 69649 INFO tempest.lib.common.rest_client [req-3f60fe77-c1e0-41f4-8e0e-c004bb8af643 req-3f60fe77-c1e0-41f4-8e0e-c004bb8af643 ] Request (ServerRescueTestJSONUnderV235:setUpClass): 200 GET http://10.180.1.21/compute/v2.1/servers/e9a88232-87fa-4d01-a1b6-7865a5142faa 1.641s
2025-05-14 07:51:31.202 69665 INFO tempest.lib.common.rest_client [req-4a0804b7-4abe-420b-b726-a9aed610e1f2 req-4a0804b7-4abe-420b-b726-a9aed610e1f2 ] Request (ServersTestManualDisk:tearDownClass): 200 GET http://10.180.1.21/compute/v2.1/servers/13f55876-520c-4486-8bae-2b0962436054 1.642s
2025-05-14 07:51:31.275 69643 INFO tempest.lib.common.rest_client [req-2e146952-97ec-4343-9219-f015beab27cf req-2e146952-97ec-4343-9219-f015beab27cf ] Request (ServersTestJSON:test_create_server_specify_multibyte_character_name): 200 GET http://10.180.1.21/compute/v2.1/servers/a3122aed-c4a5-473f-85f7-546745a608cd 1.442s
2025-05-14 07:51:31.279 69615 INFO tempest.lib.common.rest_client [req-2ac0c553-adcf-4296-8cee-28b78f0d4029 req-2ac0c553-adcf-4296-8cee-28b78f0d4029 ] Request (ServerPasswordTestJSON:setUpClass): 201 POST http://10.180.1.21:9696/networking/v2.0/routers 0.682s
2025-05-14 07:51:31.327 69639 INFO tempest.lib.common.rest_client [req-6399a49c-6920-498c-bbdb-e1148e8ac857 req-6399a49c-6920-498c-bbdb-e1148e8ac857 ] Request (ImagesTestJSON:test_create_image_from_suspended_server): 200 GET http://10.180.1.21/compute/v2.1/images/a6d6b7cd-e0ff-488d-86a2-49b65be46f60 1.456s
2025-05-14 07:51:31.408 69657 INFO tempest.lib.common.rest_client [req-0bb4400b-864b-4265-9af1-7a22187aaf9e req-0bb4400b-864b-4265-9af1-7a22187aaf9e ] Request (DeleteServersAdminTestJSON:test_delete_server_while_in_error_state): 200 GET http://10.180.1.21/compute/v2.1/servers/2e1ac2fc-ed22-4d5b-bb5d-3d86015a0f3d 1.469s
2025-05-14 07:51:31.468 69613 INFO tempest.lib.common.rest_client [req-f4971563-e328-4d3f-a712-8787e8e3013f req-f4971563-e328-4d3f-a712-8787e8e3013f ] Request (MultipleCreateTestJSON:test_multiple_create): 200 GET http://10.180.1.21/compute/v2.1/servers/0cf6e03a-bfda-4342-be28-537a16128547 1.477s
2025-05-14 07:51:31.604 69671 INFO tempest.lib.common.rest_client [req-33f74f65-b7a7-4307-93d0-1f49a6c4a8a8 req-33f74f65-b7a7-4307-93d0-1f49a6c4a8a8 ] Request (SecurityGroupsTestJSON:test_server_security_groups): 200 GET http://10.180.1.21/compute/v2.1/servers/36d49fac-f237-4a44-be70-066ad12631c6 1.433s
2025-05-14 07:51:31.615 69671 INFO tempest.common.waiters [-] State transition "HARD_REBOOT/rebooting_hard" ==> "HARD_REBOOT/reboot_pending_hard" after 2 second wait
2025-05-14 07:51:31.797 69653 INFO tempest.lib.common.rest_client [req-b82f4ba4-09cc-4145-8728-0823c87ff28f req-b82f4ba4-09cc-4145-8728-0823c87ff28f ] Request (FloatingIPsAssociationNegativeTestJSON:setUpClass): 200 GET http://10.180.1.21/compute/v2.1/servers/c2bc4b50-d4a8-4705-a450-20233a3527bc 1.459s
2025-05-14 07:51:31.808 69653 INFO tempest.common.waiters [-] State transition "BUILD/spawning" ==> "ACTIVE/None" after 82 second wait
2025-05-14 07:51:31.834 69625 INFO tempest.lib.common.rest_client [req-8d4f34a8-7c7a-4af0-aa41-92ad5d090d59 req-8d4f34a8-7c7a-4af0-aa41-92ad5d090d59 ] Request (VolumesAdminNegativeTest:_run_cleanups): 200 GET http://10.180.1.21/compute/v2.1/servers/cc206bac-006b-4745-8f4f-55dfe218121c/os-volume_attachments 1.473s
2025-05-14 07:51:31.945 69629 INFO tempest.lib.common.rest_client [req-ab3d0168-55e8-4793-9f3b-acfe8d1adec5 req-ab3d0168-55e8-4793-9f3b-acfe8d1adec5 ] Request (MigrationsAdminTest:test_list_migrations_in_flavor_resize_situation): 200 GET http://10.180.1.21/compute/v2.1/servers/4e5401b1-a0a4-41e2-96e0-e6855a8bb806 1.413s
2025-05-14 07:51:31.953 69629 INFO tempest.common.waiters [-] State transition "VERIFY_RESIZE/None" ==> "ACTIVE/None" after 42 second wait
2025-05-14 07:51:32.008 69631 INFO tempest.lib.common.rest_client [req-e2ea0e3b-114b-4a59-940d-29b8e2558060 req-e2ea0e3b-114b-4a59-940d-29b8e2558060 ] Request (AttachInterfacesUnderV243Test:_run_cleanups): 200 GET http://10.180.1.21/compute/v2.1/servers/04666d7c-26f8-46cf-bc3d-ea6b4ddc650e 1.402s
2025-05-14 07:51:32.037 69617 INFO tempest.lib.common.rest_client [req-67fe3743-9dec-4d6a-881a-2e21b507cfb0 req-67fe3743-9dec-4d6a-881a-2e21b507cfb0 ] Request (VolumesAssistedSnapshotsTest:test_volume_assisted_snapshot_create_delete): 204 DELETE http://10.180.1.21/compute/v2.1/os-assisted-volume-snapshots/None?delete_info=%7B%22volume_id%22%3A+%22f6185f42-282a-4bb0-b545-c216e7b29d20%22%7D 1.342s
2025-05-14 07:51:32.074 69617 INFO tempest.lib.common.rest_client [req-8050f850-dbf3-4bc6-8ccc-914a7b36b68c req-8050f850-dbf3-4bc6-8ccc-914a7b36b68c ] Request (VolumesAssistedSnapshotsTest:_run_cleanups): 200 GET http://10.180.1.21/volume/v3/volumes/f6185f42-282a-4bb0-b545-c216e7b29d20 0.037s
2025-05-14 07:51:32.105 69619 INFO tempest.lib.common.rest_client [req-9ed121bf-dbcf-4355-906d-33e9c94789ea req-9ed121bf-dbcf-4355-906d-33e9c94789ea ] Request (InstanceActionsTestJSON:tearDownClass): 200 GET http://10.180.1.21/compute/v2.1/servers/ae7cbc62-f044-444c-9444-3a5d456d73a0 1.199s
2025-05-14 07:51:32.194 69615 INFO tempest.lib.common.rest_client [req-764cb820-44b0-46b2-b7fa-faa75f237267 req-764cb820-44b0-46b2-b7fa-faa75f237267 ] Request (ServerPasswordTestJSON:setUpClass): 200 PUT http://10.180.1.21:9696/networking/v2.0/routers/22951797-0416-4a99-9ca2-5e84ac3e35d3/add_router_interface 0.915s
2025-05-14 07:51:32.194 69615 INFO tempest.lib.common.dynamic_creds [-] Created isolated network resources for: credentials: Credentials: {'domain_id': 'default', 'domain_name': 'Default', 'username': 'tempest-ServerPasswordTestJSON-281241922-project-member', 'project_domain_id': 'default', 'project_domain_name': 'Default', 'project_id': '12eae44d0682490b82d485c93a2409f9', 'project_name': 'tempest-ServerPasswordTestJSON-281241922', 'tenant_id': '12eae44d0682490b82d485c93a2409f9', 'tenant_name': 'tempest-ServerPasswordTestJSON-281241922', 'user_domain_id': 'default', 'user_domain_name': 'Default', 'user_id': '68c6599b6cf64d2691029af8e501133f', 'system': None}, Network: {'id': '5944b6fa-7921-4d13-9aa4-756cee051e86', 'name': 'tempest-ServerPasswordTestJSON-913883689-network', 'tenant_id': '12eae44d0682490b82d485c93a2409f9', 'admin_state_up': True, 'mtu': 8950, 'status': 'ACTIVE', 'subnets': [], 'shared': False, 'project_id': '12eae44d0682490b82d485c93a2409f9', 'port_security_enabled': True, 'router:external': False, 'provider:network_type': 'vlan', 'provider:physical_network': 'default', 'provider:segmentation_id': 376, 'availability_zone_hints': [], 'availability_zones': [], 'ipv4_address_scope': None, 'ipv6_address_scope': None, 'description': '', 'tags': [], 'created_at': '2025-05-14T07:51:30Z', 'updated_at': '2025-05-14T07:51:30Z', 'revision_number': 1}, Subnet: {'id': '1106723f-ff1e-4a2c-9d1a-6fccec047a3c', 'name': 'tempest-ServerPasswordTestJSON-913883689-subnet', 'tenant_id': '12eae44d0682490b82d485c93a2409f9', 'network_id': '5944b6fa-7921-4d13-9aa4-756cee051e86', 'ip_version': 4, 'subnetpool_id': None, 'enable_dhcp': True, 'ipv6_ra_mode': None, 'ipv6_address_mode': None, 'gateway_ip': '192.168.128.1', 'cidr': '192.168.128.0/28', 'allocation_pools': [{'start': '192.168.128.2', 'end': '192.168.128.14'}], 'host_routes': [], 'dns_nameservers': [], 'description': '', 'router:external': False, 'service_types': [], 'tags': [], 'created_at': '2025-05-14T07:51:30Z', 'updated_at': '2025-05-14T07:51:30Z', 'revision_number': 0, 'project_id': '12eae44d0682490b82d485c93a2409f9'}, Router: {'id': '22951797-0416-4a99-9ca2-5e84ac3e35d3', 'name': 'tempest-ServerPasswordTestJSON-913883689-router', 'tenant_id': '12eae44d0682490b82d485c93a2409f9', 'admin_state_up': True, 'status': 'ACTIVE', 'external_gateway_info': {'network_id': '329fad16-ea4d-4603-be45-a1ed0b4ccd01', 'external_fixed_ips': [{'subnet_id': 'fcafac97-d61d-4e6c-ac1a-5b2ec2d25b47', 'ip_address': '10.180.180.174'}], 'enable_snat': True}, 'description': '', 'availability_zones': [], 'distributed': False, 'ha': False, 'availability_zone_hints': [], 'routes': [], 'flavor_id': None, 'tags': [], 'created_at': '2025-05-14T07:51:30Z', 'updated_at': '2025-05-14T07:51:30Z', 'revision_number': 2, 'project_id': '12eae44d0682490b82d485c93a2409f9'}
2025-05-14 07:51:32.196 69621 INFO tempest.lib.common.rest_client [req-d64e2e20-2720-4b2c-95f9-18b9530aaa47 req-d64e2e20-2720-4b2c-95f9-18b9530aaa47 ] Request (ServersNegativeTestJSON:setUpClass): 200 GET http://10.180.1.21/compute/v2.1/servers/a2dab00f-aed0-4811-98a2-fb4e42d59bc5 1.171s
2025-05-14 07:51:32.204 69621 INFO tempest.common.waiters [-] State transition "BUILD/block_device_mapping" ==> "BUILD/spawning" after 82 second wait
2025-05-14 07:51:32.251 69645 INFO tempest.lib.common.rest_client [req-84a63f7f-9a68-40fb-96af-08acc49df197 req-84a63f7f-9a68-40fb-96af-08acc49df197 ] Request (ServerAddressesNegativeTestJSON:setUpClass): 200 GET http://10.180.1.21/compute/v2.1/servers/7626c8f9-ebba-44f1-a1a6-fc97379f170c 1.162s
2025-05-14 07:51:32.293 69615 INFO tempest.lib.common.rest_client [req-77991d4b-0c29-416a-856e-7b63a3dc1dee req-77991d4b-0c29-416a-856e-7b63a3dc1dee ] Request (ServerPasswordTestJSON:setUpClass): 201 POST http://10.180.1.21/identity/v3/auth/tokens 0.095s
2025-05-14 07:51:32.332 69623 INFO tempest.lib.common.rest_client [req-03d892ed-6a80-4447-b564-6b7795acc9d8 req-03d892ed-6a80-4447-b564-6b7795acc9d8 ] Request (ImagesNegativeTestJSON:test_create_image_from_deleted_server): 200 GET http://10.180.1.21/compute/v2.1/servers/92d67e6e-f081-4006-94d8-241696d59b88 1.157s
2025-05-14 07:51:32.355 69615 INFO tempest.lib.common.rest_client [req-e5679cde-2594-4122-9781-14f5b3019757 req-e5679cde-2594-4122-9781-14f5b3019757 ] Request (ServerPasswordTestJSON:setUpClass): 201 POST http://10.180.1.21/identity/v3/auth/tokens 0.054s
2025-05-14 07:51:32.356 69615 INFO tempest.lib.common.fixed_network [-] (ServerPasswordTestJSON:setUpClass) Found network {'id': '5944b6fa-7921-4d13-9aa4-756cee051e86', 'name': 'tempest-ServerPasswordTestJSON-913883689-network', 'tenant_id': '12eae44d0682490b82d485c93a2409f9', 'admin_state_up': True, 'mtu': 8950, 'status': 'ACTIVE', 'subnets': [], 'shared': False, 'project_id': '12eae44d0682490b82d485c93a2409f9', 'port_security_enabled': True, 'router:external': False, 'provider:network_type': 'vlan', 'provider:physical_network': 'default', 'provider:segmentation_id': 376, 'availability_zone_hints': [], 'availability_zones': [], 'ipv4_address_scope': None, 'ipv6_address_scope': None, 'description': '', 'tags': [], 'created_at': '2025-05-14T07:51:30Z', 'updated_at': '2025-05-14T07:51:30Z', 'revision_number': 1} available for tenant
2025-05-14 07:51:32.372 69639 INFO tempest.lib.common.rest_client [req-772227a5-4d0a-4460-8099-68b8ac74d202 req-772227a5-4d0a-4460-8099-68b8ac74d202 ] Request (ImagesTestJSON:test_create_image_from_suspended_server): 200 GET http://10.180.1.21/compute/v2.1/images/a6d6b7cd-e0ff-488d-86a2-49b65be46f60 1.042s
2025-05-14 07:51:32.412 69639 INFO tempest.lib.common.rest_client [req-93c11067-7e82-4b85-820f-c48007d10ea6 req-93c11067-7e82-4b85-820f-c48007d10ea6 ] Request (ImagesTestJSON:test_create_image_from_suspended_server): 200 GET http://10.180.1.21/image/v2/images/a6d6b7cd-e0ff-488d-86a2-49b65be46f60/tasks 0.036s
2025-05-14 07:51:32.448 69627 INFO tempest.lib.common.rest_client [req-102b930a-68e5-41c8-95b9-0351c3c924ac req-102b930a-68e5-41c8-95b9-0351c3c924ac ] Request (ServersNegativeTestMultiTenantJSON:setUpClass): 200 GET http://10.180.1.21/compute/v2.1/servers/2e74bd29-b088-44e8-9e4c-214355a7bfad 1.006s
2025-05-14 07:51:32.517 69651 INFO tempest.lib.common.rest_client [req-b2812110-661d-4875-8c43-2462e5a99fb9 req-b2812110-661d-4875-8c43-2462e5a99fb9 ] Request (ImagesOneServerTestJSON:tearDownClass): 200 GET http://10.180.1.21/compute/v2.1/servers/98551255-5e8d-4e4d-96b0-7d2e7a706189 1.007s
2025-05-14 07:51:32.586 69669 INFO tempest.lib.common.rest_client [req-d28ef6b5-f886-4071-bdb4-f7cd821a5a7e req-d28ef6b5-f886-4071-bdb4-f7cd821a5a7e ] Request (ServersAdminNegativeTestJSON:tearDownClass): 200 GET http://10.180.1.21/compute/v2.1/servers/06ba8358-d330-4103-9a21-34d402b69612 0.812s
2025-05-14 07:51:33.284 69653 INFO tempest.lib.common.rest_client [req-e787ba3a-dfaf-4b7c-9738-3b58be5c2744 req-e787ba3a-dfaf-4b7c-9738-3b58be5c2744 ] Request (FloatingIPsAssociationNegativeTestJSON:test_associate_ip_to_server_with_floating_ip): 200 POST http://10.180.1.21/compute/v2.1/os-floating-ips 1.475s
2025-05-14 07:51:33.330 69611 INFO tempest.lib.common.rest_client [req-49586a64-10ed-4fd6-99bc-8cc0f26dd1a7 req-49586a64-10ed-4fd6-99bc-8cc0f26dd1a7 ] Request (AttachInterfacesTestJSON:test_create_list_show_delete_interfaces_by_fixed_ip): 200 POST http://10.180.1.21/compute/v2.1/servers/169fceb8-b9fa-46cf-b61b-e82fa2e67543/os-interface 8.157s
2025-05-14 07:51:33.358 69655 INFO tempest.lib.common.rest_client [req-1238bb86-d746-4610-8045-71daac1e0539 req-1238bb86-d746-4610-8045-71daac1e0539 ] Request (ServerMetadataTestJSON:tearDownClass): 200 GET http://10.180.1.21/compute/v2.1/servers/9869d107-a676-4f7c-aa1c-63d2841ff564 1.514s
2025-05-14 07:51:33.383 69641 INFO tempest.lib.common.rest_client [req-afa1d64e-aa24-4212-bc48-9d9f0dd9e5b3 req-afa1d64e-aa24-4212-bc48-9d9f0dd9e5b3 ] Request (ServerGroupTestJSON:test_create_server_with_scheduler_hint_group): 200 GET http://10.180.1.21/compute/v2.1/servers/9098c79f-7ab4-4692-9d84-0261024fee2e 1.492s
2025-05-14 07:51:33.391 69641 INFO tempest.common.waiters [-] State transition "BUILD/scheduling" ==> "BUILD/None" after 21 second wait
2025-05-14 07:51:33.449 69637 INFO tempest.lib.common.rest_client [req-9846f285-109f-40cc-8f41-81a6c857a079 req-9846f285-109f-40cc-8f41-81a6c857a079 ] Request (InstanceActionsV221TestJSON:test_get_list_deleted_instance_actions): 200 GET http://10.180.1.21/compute/v2.1/servers/b784d34b-8156-43de-9e77-fb1d931c33e9 1.490s
2025-05-14 07:51:33.466 69629 INFO tempest.lib.common.rest_client [req-0b22aca1-e849-45e3-84ce-fb2020b917d6 req-0b22aca1-e849-45e3-84ce-fb2020b917d6 ] Request (MigrationsAdminTest:test_list_migrations_in_flavor_resize_situation): 200 GET http://10.180.1.21/compute/v2.1/servers/4e5401b1-a0a4-41e2-96e0-e6855a8bb806 1.512s
2025-05-14 07:51:33.503 69659 INFO tempest.lib.common.rest_client [req-936ce0b3-8212-4171-a9a1-6e8fff993b32 req-936ce0b3-8212-4171-a9a1-6e8fff993b32 ] Request (ServersAdminTestJSON:test_inject_network_info): 200 GET http://10.180.1.21/compute/v2.1/servers/74d6e662-0bde-4c7c-a515-e9d4d90e82b5 1.487s
2025-05-14 07:51:33.559 69635 INFO tempest.lib.common.rest_client [req-80662577-7a24-47db-8c03-121dacc552d9 req-80662577-7a24-47db-8c03-121dacc552d9 ] Request (FloatingIPsAssociationTestJSON:tearDownClass): 200 GET http://10.180.1.21/compute/v2.1/servers/f6b92178-3fa6-45fb-ac25-131d61d7e811 1.464s
2025-05-14 07:51:33.613 69649 INFO tempest.lib.common.rest_client [req-b8f5faea-478c-479c-94eb-4148b3d19777 req-b8f5faea-478c-479c-94eb-4148b3d19777 ] Request (ServerRescueTestJSONUnderV235:setUpClass): 200 GET http://10.180.1.21/compute/v2.1/servers/e9a88232-87fa-4d01-a1b6-7865a5142faa 1.471s
2025-05-14 07:51:33.622 69617 INFO tempest.lib.common.rest_client [req-fe79b6ad-234a-41f9-bcb0-a21f4062b349 req-fe79b6ad-234a-41f9-bcb0-a21f4062b349 ] Request (VolumesAssistedSnapshotsTest:_run_cleanups): 202 DELETE http://10.180.1.21/compute/v2.1/servers/1edd6ab2-40c6-45e6-bba3-66b6379012e9/os-volume_attachments/f6185f42-282a-4bb0-b545-c216e7b29d20 1.540s
2025-05-14 07:51:33.686 69665 INFO tempest.lib.common.rest_client [req-b9891878-bf07-455e-90ba-872a87cec2ce req-b9891878-bf07-455e-90ba-872a87cec2ce ] Request (ServersTestManualDisk:tearDownClass): 200 GET http://10.180.1.21/compute/v2.1/servers/13f55876-520c-4486-8bae-2b0962436054 1.475s
2025-05-14 07:51:33.693 69643 INFO tempest.lib.common.rest_client [req-01159825-3480-4878-8ae0-d4294e4aa29e req-01159825-3480-4878-8ae0-d4294e4aa29e ] Request (ServersTestJSON:test_create_server_specify_multibyte_character_name): 200 GET http://10.180.1.21/compute/v2.1/servers/a3122aed-c4a5-473f-85f7-546745a608cd 1.401s
2025-05-14 07:51:33.818 69639 INFO tempest.lib.common.rest_client [req-26e21c43-fdfa-4d90-b938-438659aa265a req-26e21c43-fdfa-4d90-b938-438659aa265a ] Request (ImagesTestJSON:_run_cleanups): 204 DELETE http://10.180.1.21/compute/v2.1/images/a6d6b7cd-e0ff-488d-86a2-49b65be46f60 1.404s
2025-05-14 07:51:33.840 69657 INFO tempest.lib.common.rest_client [req-729db726-3b5b-40d5-901b-b1d4b3e731fc req-729db726-3b5b-40d5-901b-b1d4b3e731fc ] Request (DeleteServersAdminTestJSON:test_delete_server_while_in_error_state): 404 GET http://10.180.1.21/compute/v2.1/servers/2e1ac2fc-ed22-4d5b-bb5d-3d86015a0f3d 1.424s
2025-05-14 07:51:33.889 69613 INFO tempest.lib.common.rest_client [req-2de8766d-8852-429c-9772-fd408edd4a63 req-2de8766d-8852-429c-9772-fd408edd4a63 ] Request (MultipleCreateTestJSON:test_multiple_create): 200 GET http://10.180.1.21/compute/v2.1/servers/0cf6e03a-bfda-4342-be28-537a16128547 1.411s
2025-05-14 07:51:34.019 69671 INFO tempest.lib.common.rest_client [req-50bdfdb3-f479-4445-b855-20d65aa40e50 req-50bdfdb3-f479-4445-b855-20d65aa40e50 ] Request (SecurityGroupsTestJSON:test_server_security_groups): 200 GET http://10.180.1.21/compute/v2.1/servers/36d49fac-f237-4a44-be70-066ad12631c6 1.401s
2025-05-14 07:51:34.027 69671 INFO tempest.common.waiters [-] State transition "HARD_REBOOT/reboot_pending_hard" ==> "ACTIVE/None" after 5 second wait
2025-05-14 07:51:34.051 69625 INFO tempest.lib.common.rest_client [req-2e8f36c5-c922-4dd8-87af-93d317ec8433 req-2e8f36c5-c922-4dd8-87af-93d317ec8433 ] Request (VolumesAdminNegativeTest:_run_cleanups): 200 GET http://10.180.1.21/compute/v2.1/servers/cc206bac-006b-4745-8f4f-55dfe218121c/os-volume_attachments 1.214s
2025-05-14 07:51:34.052 69615 INFO tempest.lib.common.rest_client [req-66d0d08d-0678-4e3b-8e95-16a24769dd88 req-66d0d08d-0678-4e3b-8e95-16a24769dd88 ] Request (ServerPasswordTestJSON:setUpClass): 202 POST http://10.180.1.21/compute/v2.1/servers 1.695s
2025-05-14 07:51:34.118 69631 INFO tempest.lib.common.rest_client [req-d2903fb8-e9c8-43b0-823e-97758bfed3d8 req-d2903fb8-e9c8-43b0-823e-97758bfed3d8 ] Request (AttachInterfacesUnderV243Test:_run_cleanups): 200 GET http://10.180.1.21/compute/v2.1/servers/04666d7c-26f8-46cf-bc3d-ea6b4ddc650e 1.095s
2025-05-14 07:51:34.138 69619 INFO tempest.lib.common.rest_client [req-37fcd047-3547-437a-a01c-86ec251277ac req-37fcd047-3547-437a-a01c-86ec251277ac ] Request (InstanceActionsTestJSON:tearDownClass): 200 GET http://10.180.1.21/compute/v2.1/servers/ae7cbc62-f044-444c-9444-3a5d456d73a0 1.024s
2025-05-14 07:51:34.199 69645 INFO tempest.lib.common.rest_client [req-ed1bf5ca-67e9-42ba-acaa-77e61630c399 req-ed1bf5ca-67e9-42ba-acaa-77e61630c399 ] Request (ServerAddressesNegativeTestJSON:setUpClass): 200 GET http://10.180.1.21/compute/v2.1/servers/7626c8f9-ebba-44f1-a1a6-fc97379f170c 0.939s
2025-05-14 07:51:34.207 69645 INFO tempest.common.waiters [-] State transition "BUILD/None" ==> "BUILD/networking" after 81 second wait
2025-05-14 07:51:34.269 69621 INFO tempest.lib.common.rest_client [req-201a6036-d416-4208-810b-553ab7a60b4b req-201a6036-d416-4208-810b-553ab7a60b4b ] Request (ServersNegativeTestJSON:setUpClass): 200 GET http://10.180.1.21/compute/v2.1/servers/a2dab00f-aed0-4811-98a2-fb4e42d59bc5 1.063s
2025-05-14 07:51:34.348 69611 INFO tempest.lib.common.rest_client [req-565fd212-5a46-4ef9-8fc7-ea0fd4f0a5c2 req-565fd212-5a46-4ef9-8fc7-ea0fd4f0a5c2 ] Request (AttachInterfacesTestJSON:test_create_list_show_delete_interfaces_by_fixed_ip): 200 GET http://10.180.1.21/compute/v2.1/servers/169fceb8-b9fa-46cf-b61b-e82fa2e67543/os-interface/f9728ee7-72d3-4a6c-9537-8864514d3351 1.016s
2025-05-14 07:51:34.414 69623 INFO tempest.lib.common.rest_client [req-fc6a34e7-2f79-48e2-b936-5cbb15ae688b req-fc6a34e7-2f79-48e2-b936-5cbb15ae688b ] Request (ImagesNegativeTestJSON:test_create_image_from_deleted_server): 200 GET http://10.180.1.21/compute/v2.1/servers/92d67e6e-f081-4006-94d8-241696d59b88 1.072s
2025-05-14 07:51:34.457 69627 INFO tempest.lib.common.rest_client [req-bcfb64e2-66f2-4131-9073-88effefd8794 req-bcfb64e2-66f2-4131-9073-88effefd8794 ] Request (ServersNegativeTestMultiTenantJSON:setUpClass): 200 GET http://10.180.1.21/compute/v2.1/servers/2e74bd29-b088-44e8-9e4c-214355a7bfad 1.000s
2025-05-14 07:51:34.496 69629 INFO tempest.lib.common.rest_client [req-931501d9-c883-4acf-a034-3728a0e647fa req-931501d9-c883-4acf-a034-3728a0e647fa ] Request (MigrationsAdminTest:test_list_migrations_in_flavor_resize_situation): 200 POST http://10.180.1.21/compute/v2.1/os-keypairs 1.021s
2025-05-14 07:51:34.555 69651 INFO tempest.lib.common.rest_client [req-44c97482-30da-4fbe-ab61-4fc5e93d9910 req-44c97482-30da-4fbe-ab61-4fc5e93d9910 ] Request (ImagesOneServerTestJSON:tearDownClass): 200 GET http://10.180.1.21/compute/v2.1/servers/98551255-5e8d-4e4d-96b0-7d2e7a706189 1.027s
2025-05-14 07:51:34.630 69669 INFO tempest.lib.common.rest_client [req-9b50cf70-655a-4047-aafb-caa42000e8a6 req-9b50cf70-655a-4047-aafb-caa42000e8a6 ] Request (ServersAdminNegativeTestJSON:tearDownClass): 200 GET http://10.180.1.21/compute/v2.1/servers/06ba8358-d330-4103-9a21-34d402b69612 1.032s
2025-05-14 07:51:34.660 69617 INFO tempest.lib.common.rest_client [req-12316cc1-9e37-451c-9ef9-9e2d56f61188 req-12316cc1-9e37-451c-9ef9-9e2d56f61188 ] Request (VolumesAssistedSnapshotsTest:_run_cleanups): 200 GET http://10.180.1.21/compute/v2.1/servers/1edd6ab2-40c6-45e6-bba3-66b6379012e9/os-volume_attachments 1.038s
2025-05-14 07:51:34.676 69629 INFO tempest.lib.common.rest_client [req-bcc7cc9d-0eb8-481c-a62f-2ab38ff0f7b4 req-bcc7cc9d-0eb8-481c-a62f-2ab38ff0f7b4 ] Request (MigrationsAdminTest:test_list_migrations_in_flavor_resize_situation): 201 POST http://10.180.1.21:9696/networking/v2.0/security-groups 0.178s
2025-05-14 07:51:34.748 69639 INFO tempest.lib.common.rest_client [req-0ff43688-4f4d-4fae-acba-e7bb972f917e req-0ff43688-4f4d-4fae-acba-e7bb972f917e ] Request (ImagesTestJSON:_run_cleanups): 204 DELETE http://10.180.1.21/compute/v2.1/servers/564a2204-e77f-4c8b-8f78-4f12a0f6152f 0.929s
2025-05-14 07:51:34.777 69657 INFO tempest.lib.common.rest_client [req-ba92ba1e-a436-42b3-a4bb-0784a18e1fa6 req-ba92ba1e-a436-42b3-a4bb-0784a18e1fa6 ] Request (DeleteServersAdminTestJSON:tearDownClass): 404 DELETE http://10.180.1.21/compute/v2.1/servers/2e1ac2fc-ed22-4d5b-bb5d-3d86015a0f3d 0.936s
2025-05-14 07:51:34.839 69629 INFO tempest.lib.common.rest_client [req-ff7924f7-57ea-43d6-9245-4ad98c4177be req-ff7924f7-57ea-43d6-9245-4ad98c4177be ] Request (MigrationsAdminTest:test_list_migrations_in_flavor_resize_situation): 201 POST http://10.180.1.21:9696/networking/v2.0/security-group-rules 0.162s
2025-05-14 07:51:34.852 69639 INFO tempest.lib.common.rest_client [req-b4337c9f-a6a1-4121-8115-ff5c26c04bf5 req-b4337c9f-a6a1-4121-8115-ff5c26c04bf5 ] Request (ImagesTestJSON:test_create_server_from_snapshot): 201 POST http://10.180.1.21/identity/v3/auth/tokens 0.096s
2025-05-14 07:51:34.853 69639 INFO tempest.lib.common.fixed_network [-] (ImagesTestJSON:test_create_server_from_snapshot) Found network {'id': '05117f79-8950-4c9e-b5d9-903a4dd44d7e', 'name': 'tempest-ImagesTestJSON-1290271199-network', 'tenant_id': 'f32cd998d5ab406a864d485401e1629e', 'admin_state_up': True, 'mtu': 8950, 'status': 'ACTIVE', 'subnets': [], 'shared': False, 'project_id': 'f32cd998d5ab406a864d485401e1629e', 'port_security_enabled': True, 'router:external': False, 'provider:network_type': 'vlan', 'provider:physical_network': 'default', 'provider:segmentation_id': 902, 'availability_zone_hints': [], 'availability_zones': [], 'ipv4_address_scope': None, 'ipv6_address_scope': None, 'description': '', 'tags': [], 'created_at': '2025-05-14T07:48:49Z', 'updated_at': '2025-05-14T07:48:49Z', 'revision_number': 1} available for tenant
2025-05-14 07:51:35.064 69629 INFO tempest.lib.common.rest_client [req-8a5e1d5c-262c-4077-929b-707ce0531172 req-8a5e1d5c-262c-4077-929b-707ce0531172 ] Request (MigrationsAdminTest:test_list_migrations_in_flavor_resize_situation): 201 POST http://10.180.1.21:9696/networking/v2.0/security-group-rules 0.225s
2025-05-14 07:51:35.317 69671 INFO tempest.lib.common.rest_client [req-1b2f9b6a-bf17-4bbc-bca6-a98711099179 req-1b2f9b6a-bf17-4bbc-bca6-a98711099179 ] Request (SecurityGroupsTestJSON:test_server_security_groups): 202 POST http://10.180.1.21/compute/v2.1/servers/36d49fac-f237-4a44-be70-066ad12631c6/action 1.289s
2025-05-14 07:51:35.402 69615 INFO tempest.lib.common.rest_client [req-9a031ed9-c5d2-4f16-a6a5-45f8949803b2 req-9a031ed9-c5d2-4f16-a6a5-45f8949803b2 ] Request (ServerPasswordTestJSON:setUpClass): 200 GET http://10.180.1.21/compute/v2.1/servers/9d9c61b6-69ab-4be1-9c6d-8b93763d4584 1.348s
2025-05-14 07:51:35.476 69611 INFO tempest.lib.common.rest_client [req-738274b7-2810-4f44-a861-43cdb01ec869 req-738274b7-2810-4f44-a861-43cdb01ec869 ] Request (AttachInterfacesTestJSON:test_create_list_show_delete_interfaces_by_fixed_ip): 200 GET http://10.180.1.21/compute/v2.1/servers/169fceb8-b9fa-46cf-b61b-e82fa2e67543/os-interface 1.125s
2025-05-14 07:51:35.563 69655 INFO tempest.lib.common.rest_client [req-547fdf54-81d3-4110-8f64-9f0e529aa14b req-547fdf54-81d3-4110-8f64-9f0e529aa14b ] Request (ServerMetadataTestJSON:tearDownClass): 200 GET http://10.180.1.21/compute/v2.1/servers/9869d107-a676-4f7c-aa1c-63d2841ff564 1.196s
2025-05-14 07:51:35.627 69641 INFO tempest.lib.common.rest_client [req-c4e90c86-223d-4c06-bedc-89ae438db800 req-c4e90c86-223d-4c06-bedc-89ae438db800 ] Request (ServerGroupTestJSON:test_create_server_with_scheduler_hint_group): 200 GET http://10.180.1.21/compute/v2.1/servers/9098c79f-7ab4-4692-9d84-0261024fee2e 1.235s
2025-05-14 07:51:35.657 69633 WARNING tempest.lib.common.ssh [-] Failed to establish authenticated ssh connection to cirros@10.180.180.238 ([Errno None] Unable to connect to port 22 on 10.180.180.238). Number attempts: 6. Retry after 7 seconds.: paramiko.ssh_exception.NoValidConnectionsError: [Errno None] Unable to connect to port 22 on 10.180.180.238
2025-05-14 07:51:35.708 69637 INFO tempest.lib.common.rest_client [req-06f0644b-3512-4338-93c3-efc095e95d5b req-06f0644b-3512-4338-93c3-efc095e95d5b ] Request (InstanceActionsV221TestJSON:test_get_list_deleted_instance_actions): 200 GET http://10.180.1.21/compute/v2.1/servers/b784d34b-8156-43de-9e77-fb1d931c33e9 1.245s
2025-05-14 07:51:35.763 69659 INFO tempest.lib.common.rest_client [req-a690c912-6d81-46de-8f00-ab1e0ad6c450 req-a690c912-6d81-46de-8f00-ab1e0ad6c450 ] Request (ServersAdminTestJSON:test_inject_network_info): 200 GET http://10.180.1.21/compute/v2.1/servers/74d6e662-0bde-4c7c-a515-e9d4d90e82b5 1.248s
2025-05-14 07:51:35.795 69653 INFO tempest.lib.common.rest_client [req-75284214-5d27-451b-8092-cc3eaa557561 req-75284214-5d27-451b-8092-cc3eaa557561 ] Request (FloatingIPsAssociationNegativeTestJSON:test_associate_ip_to_server_with_floating_ip): 202 POST http://10.180.1.21/compute/v2.1/servers/c2bc4b50-d4a8-4705-a450-20233a3527bc/action 2.508s
2025-05-14 07:51:35.864 69635 INFO tempest.lib.common.rest_client [req-5fab5e0a-db57-4219-ae01-8878036c64cb req-5fab5e0a-db57-4219-ae01-8878036c64cb ] Request (FloatingIPsAssociationTestJSON:tearDownClass): 200 GET http://10.180.1.21/compute/v2.1/servers/f6b92178-3fa6-45fb-ac25-131d61d7e811 1.298s
2025-05-14 07:51:35.877 69649 INFO tempest.lib.common.rest_client [req-a410f680-0fc1-48b4-adb6-7a310b6482f5 req-a410f680-0fc1-48b4-adb6-7a310b6482f5 ] Request (ServerRescueTestJSONUnderV235:setUpClass): 200 GET http://10.180.1.21/compute/v2.1/servers/e9a88232-87fa-4d01-a1b6-7865a5142faa 1.257s
2025-05-14 07:51:35.941 69665 INFO tempest.lib.common.rest_client [req-4213da24-47ed-4801-9a92-6c714c1322d0 req-4213da24-47ed-4801-9a92-6c714c1322d0 ] Request (ServersTestManualDisk:tearDownClass): 200 GET http://10.180.1.21/compute/v2.1/servers/13f55876-520c-4486-8bae-2b0962436054 1.247s
2025-05-14 07:51:35.964 69657 INFO tempest.lib.common.rest_client [req-aa7a43d8-ac41-48af-bdf3-4f1f5c0ce949 req-aa7a43d8-ac41-48af-bdf3-4f1f5c0ce949 ] Request (DeleteServersAdminTestJSON:tearDownClass): 404 GET http://10.180.1.21/compute/v2.1/servers/2e1ac2fc-ed22-4d5b-bb5d-3d86015a0f3d 1.187s
2025-05-14 07:51:35.980 69643 INFO tempest.lib.common.rest_client [req-60c60c64-8b09-4d2b-bd98-f30ec253c7f9 req-60c60c64-8b09-4d2b-bd98-f30ec253c7f9 ] Request (ServersTestJSON:test_create_server_specify_multibyte_character_name): 200 GET http://10.180.1.21/compute/v2.1/servers/a3122aed-c4a5-473f-85f7-546745a608cd 1.273s
2025-05-14 07:51:36.025 69629 INFO tempest.lib.common.rest_client [req-f9ea1c4d-ef91-4337-ad5f-3189d113b5ff req-f9ea1c4d-ef91-4337-ad5f-3189d113b5ff ] Request (MigrationsAdminTest:test_list_migrations_in_flavor_resize_situation): 201 POST http://10.180.1.21:9696/networking/v2.0/floatingips 0.960s
2025-05-14 07:51:36.042 69613 INFO tempest.lib.common.rest_client [req-5fcefcf4-c7e8-4fc3-9673-1d7914ea76c1 req-5fcefcf4-c7e8-4fc3-9673-1d7914ea76c1 ] Request (MultipleCreateTestJSON:test_multiple_create): 200 GET http://10.180.1.21/compute/v2.1/servers/0cf6e03a-bfda-4342-be28-537a16128547 1.143s
2025-05-14 07:51:36.069 69625 INFO tempest.lib.common.rest_client [req-678868e0-fb2b-4cb0-bedf-bf93599d3eff req-678868e0-fb2b-4cb0-bedf-bf93599d3eff ] Request (VolumesAdminNegativeTest:_run_cleanups): 200 GET http://10.180.1.21/compute/v2.1/servers/cc206bac-006b-4745-8f4f-55dfe218121c/os-volume_attachments 1.016s
2025-05-14 07:51:36.104 69625 INFO tempest.lib.common.rest_client [req-c63e1d82-2d0c-44ea-b38d-fd2564cb7eec req-c63e1d82-2d0c-44ea-b38d-fd2564cb7eec ] Request (VolumesAdminNegativeTest:_run_cleanups): 200 GET http://10.180.1.21/volume/v3/volumes/227100b4-2008-4e5f-8252-1fcd7e4c7a48 0.033s
2025-05-14 07:51:36.112 69625 INFO tempest.common.waiters [-] volume 227100b4-2008-4e5f-8252-1fcd7e4c7a48 reached available after waiting for 0.112089 seconds
