2025-02-19 11:03:38.669 64784 INFO tempest.lib.common.rest_client [req-2f65f299-105d-406d-a06b-c0ee4b87bcaf req-2f65f299-105d-406d-a06b-c0ee4b87bcaf ] Request (ServerRescueTestJSON:test_rescue_unrescue_instance): 200 GET http://10.180.1.21/compute/v2.1/servers/57c7045b-f9d7-46d9-8017-15896cee5224 0.047s
2025-02-19 11:03:38.795 64820 INFO tempest.lib.common.rest_client [req-5bf4097a-95b8-4563-bd62-a4d02136ee34 req-5bf4097a-95b8-4563-bd62-a4d02136ee34 ] Request (FloatingIPsAssociationTestJSON:tearDownClass): 200 GET http://10.180.1.21/compute/v2.1/servers/44cba84c-0e8a-485d-810f-60dc64152206 0.058s
2025-02-19 11:03:38.827 64760 INFO tempest.lib.common.rest_client [req-a217b45e-7197-4674-9ae4-db498faf4f2d req-a217b45e-7197-4674-9ae4-db498faf4f2d ] Request (ServersNegativeTestJSON:setUpClass): 200 GET http://10.180.1.21/compute/v2.1/servers/88f3252f-5271-4778-b8e4-a952460d400d 0.046s
2025-02-19 11:03:38.876 64788 INFO tempest.lib.common.rest_client [req-606585a9-8e8d-4b2c-addb-282461558d21 req-606585a9-8e8d-4b2c-addb-282461558d21 ] Request (ServersTestBootFromVolume:setUpClass): 200 GET http://10.180.1.21/compute/v2.1/servers/57de5093-57f2-414f-b665-89affbbf74dd 0.047s
2025-02-19 11:03:38.886 64762 INFO tempest.lib.common.rest_client [req-64b61c58-823a-4afb-9589-9c483adf67ae req-64b61c58-823a-4afb-9589-9c483adf67ae ] Request (ServersAdminTestJSON:test_inject_network_info): 200 GET http://10.180.1.21/compute/v2.1/servers/0981bdf7-7ad1-45d4-a556-7e69da1cf213 0.045s
2025-02-19 11:03:39.013 64777 INFO tempest.lib.common.rest_client [req-a95a0655-26d8-46f0-bd28-9f8053a2f401 req-a95a0655-26d8-46f0-bd28-9f8053a2f401 ] Request (ServersAdminNegativeTestJSON:tearDownClass): 200 GET http://10.180.1.21/compute/v2.1/servers/08c515e5-c17a-4333-a240-55f0fbb93a86 0.056s
2025-02-19 11:03:39.063 64786 INFO tempest.lib.common.rest_client [req-442c894f-d255-415e-a4b8-33073aad6166 req-442c894f-d255-415e-a4b8-33073aad6166 ] Request (DeleteServersTestJSON:test_delete_server_while_in_attached_volume): 200 GET http://10.180.1.21/compute/v2.1/servers/ebd70bba-160b-41dc-94ca-5d45e99e5dd8 0.054s
2025-02-19 11:03:39.070 64786 INFO tempest.common.waiters [-] State transition "BUILD/scheduling" ==> "BUILD/None" after 16 second wait
2025-02-19 11:03:39.129 64790 INFO tempest.lib.common.rest_client [req-0ecffe10-f569-433d-8fd8-873c29b7ac23 req-0ecffe10-f569-433d-8fd8-873c29b7ac23 ] Request (InstanceActionsNegativeTestJSON:tearDownClass): 200 GET http://10.180.1.21/compute/v2.1/servers/4865661d-e1c2-4e2a-9051-bab851553c15 0.090s
2025-02-19 11:03:39.141 64772 INFO tempest.lib.common.rest_client [req-5ad34a63-88ba-47a6-be3a-c89441ab3e41 req-5ad34a63-88ba-47a6-be3a-c89441ab3e41 ] Request (ServerAddressesNegativeTestJSON:setUpClass): 200 GET http://10.180.1.21/compute/v2.1/servers/5d32979c-4d4b-4ec2-ae7a-23f8808cce19 0.056s
2025-02-19 11:03:39.177 64768 INFO tempest.lib.common.rest_client [req-62b2dc78-42a6-4cae-bde0-2964c61e000d req-62b2dc78-42a6-4cae-bde0-2964c61e000d ] Request (ServersTestManualDisk:setUpClass): 200 GET http://10.180.1.21/compute/v2.1/servers/cbdfcbe9-0ca2-4812-850b-15af857303a7 0.049s
2025-02-19 11:03:39.191 64792 INFO tempest.lib.common.rest_client [req-84c38eb4-01d0-4533-9eda-bc3bcce9070d req-84c38eb4-01d0-4533-9eda-bc3bcce9070d ] Request (ServerActionsTestOtherB:setUpClass): 200 GET http://10.180.1.21/compute/v2.1/servers/cdcc1d35-9ead-4e4c-ada3-ab31513b73af 0.048s
2025-02-19 11:03:39.205 64814 INFO tempest.lib.common.rest_client [req-88512eaf-e342-4ab3-869f-b539690cd101 req-88512eaf-e342-4ab3-869f-b539690cd101 ] Request (TenantUsagesTestJSON:tearDownClass): 404 GET http://10.180.1.21/compute/v2.1/servers/0d963c2d-4091-418b-a3fc-e60f7bf22b2a 0.021s
2025-02-19 11:03:39.228 64774 WARNING tempest.lib.common.ssh [-] Failed to establish authenticated ssh connection to cirros@10.180.180.186 ([Errno None] Unable to connect to port 22 on 10.180.180.186). Number attempts: 4. Retry after 5 seconds.: paramiko.ssh_exception.NoValidConnectionsError: [Errno None] Unable to connect to port 22 on 10.180.180.186
2025-02-19 11:03:39.269 64802 INFO tempest.lib.common.rest_client [req-3618c423-504f-4bf8-9d85-b0aa356c21f3 req-3618c423-504f-4bf8-9d85-b0aa356c21f3 ] Request (ImagesOneServerNegativeTestJSON:_run_cleanups): 200 GET http://10.180.1.21/compute/v2.1/servers/c852ede9-4489-49bb-89cf-6664ff3d5567 0.049s
2025-02-19 11:03:39.283 64818 INFO tempest.lib.common.rest_client [req-4a36a3ad-babf-4ba2-8f37-8240934903f2 req-4a36a3ad-babf-4ba2-8f37-8240934903f2 ] Request (ServerShowV257Test:test_rebuild_server): 200 GET http://10.180.1.21/compute/v2.1/servers/29249acd-a277-4c8b-aa14-a981b1ef16e1 0.049s
2025-02-19 11:03:39.293 64818 INFO tempest.common.waiters [-] State transition "BUILD/spawning" ==> "ACTIVE/None" after 68 second wait
2025-02-19 11:03:39.309 64814 INFO tempest.lib.common.rest_client [req-5e6da551-6c94-43a9-b1c9-eadb8429ba2a req-5e6da551-6c94-43a9-b1c9-eadb8429ba2a ] Request (TenantUsagesTestJSON:tearDownClass): 204 DELETE http://10.180.1.21/identity/v3/users/ac58d066e310431aa7eda2e7b872766b 0.103s
2025-02-19 11:03:39.329 64810 INFO tempest.lib.common.rest_client [req-9693bda5-d55d-49d0-825d-28f5e6aeab5a req-9693bda5-d55d-49d0-825d-28f5e6aeab5a ] Request (SecurityGroupsTestJSON:test_server_security_groups): 200 GET http://10.180.1.21/compute/v2.1/servers/95420eb6-9a0f-446f-bed0-b8d47808f5c6 0.051s
2025-02-19 11:03:39.391 64814 INFO tempest.lib.common.rest_client [req-9fa95353-ac3c-4d3b-9236-983a370ac836 req-9fa95353-ac3c-4d3b-9236-983a370ac836 ] Request (TenantUsagesTestJSON:tearDownClass): 204 DELETE http://10.180.1.21/identity/v3/users/fb173fcc744a4523ac51ec0f809e6f29 0.082s
2025-02-19 11:03:39.392 64814 INFO tempest.lib.common.dynamic_creds [-] Deleting project and security group for project: 83eeb70c593742d4aa37e9fa859841e0
2025-02-19 11:03:39.452 64814 INFO tempest.lib.common.rest_client [req-ee197ba4-4f9c-4c71-9f3e-97acc4967abf req-ee197ba4-4f9c-4c71-9f3e-97acc4967abf ] Request (TenantUsagesTestJSON:tearDownClass): 201 POST http://10.180.1.21/identity/v3/auth/tokens 0.060s
2025-02-19 11:03:39.464 64818 INFO tempest.lib.common.rest_client [req-f084d892-3814-442f-8fde-9bf17de46a30 req-f084d892-3814-442f-8fde-9bf17de46a30 ] Request (ServerShowV257Test:test_rebuild_server): 202 POST http://10.180.1.21/compute/v2.1/servers/29249acd-a277-4c8b-aa14-a981b1ef16e1/action 0.169s
2025-02-19 11:03:39.531 64814 INFO tempest.lib.common.rest_client [req-60e4ad44-c844-427e-bbc3-f30e331c9ddf req-60e4ad44-c844-427e-bbc3-f30e331c9ddf ] Request (TenantUsagesTestJSON:tearDownClass): 200 GET http://10.180.1.21:9696/networking/v2.0/security-groups?tenant_id=83eeb70c593742d4aa37e9fa859841e0&name=default 0.078s
2025-02-19 11:03:39.531 64818 INFO tempest.lib.common.rest_client [req-f2fc316b-aec6-430f-9b24-7ee93841c9e2 req-f2fc316b-aec6-430f-9b24-7ee93841c9e2 ] Request (ServerShowV257Test:test_rebuild_server): 200 GET http://10.180.1.21/compute/v2.1/servers/29249acd-a277-4c8b-aa14-a981b1ef16e1 0.060s
2025-02-19 11:03:39.538 64778 INFO tempest.lib.common.rest_client [req-47d98b1d-213f-434e-9dc0-fb26672e111a req-47d98b1d-213f-434e-9dc0-fb26672e111a ] Request (ServerGroupTestJSON:_run_cleanups): 200 GET http://10.180.1.21/compute/v2.1/servers/c806a2df-2ef2-44aa-a265-ece27caa6307 0.165s
2025-02-19 11:03:39.592 64806 INFO tempest.lib.common.rest_client [req-593cc735-f4d8-4ed3-85aa-e8e6d038d5ae req-593cc735-f4d8-4ed3-85aa-e8e6d038d5ae ] Request (MultipleCreateTestJSON:_run_cleanups): 200 GET http://10.180.1.21/compute/v2.1/servers/5e644577-0d03-40a8-b3bb-3df850f4f66b 0.071s
2025-02-19 11:03:39.621 64814 INFO tempest.lib.common.rest_client [req-289f12b9-cbec-475a-93b8-095bad03ad1c req-289f12b9-cbec-475a-93b8-095bad03ad1c ] Request (TenantUsagesTestJSON:tearDownClass): 204 DELETE http://10.180.1.21:9696/networking/v2.0/security-groups/03fac5b8-8389-4c07-af7a-524dd4e4a24b 0.090s
2025-02-19 11:03:39.643 64770 INFO tempest.lib.common.rest_client [req-60b5fe46-0893-4039-9fd7-662c74f5c730 req-60b5fe46-0893-4039-9fd7-662c74f5c730 ] Request (MigrationsAdminTest:test_list_migrations_in_flavor_resize_situation): 200 GET http://10.180.1.21/compute/v2.1/servers/4527a9ba-28f7-4698-aec0-6389cfc9d788 0.090s
2025-02-19 11:03:39.680 64764 INFO tempest.lib.common.rest_client [req-41d6e97e-b2a2-4a8f-8078-ed061b0b3391 req-41d6e97e-b2a2-4a8f-8078-ed061b0b3391 ] Request (ImagesTestJSON:test_create_image_from_suspended_server): 200 GET http://10.180.1.21/compute/v2.1/servers/6826ea78-727c-4fbe-bb2c-13c66fdcaf3b 0.047s
2025-02-19 11:03:39.684 64814 INFO tempest.lib.common.rest_client [req-e7a6fed4-91ac-4bfe-80e0-a24ad04fca95 req-e7a6fed4-91ac-4bfe-80e0-a24ad04fca95 ] Request (TenantUsagesTestJSON:tearDownClass): 204 DELETE http://10.180.1.21/identity/v3/projects/83eeb70c593742d4aa37e9fa859841e0 0.062s
2025-02-19 11:03:39.684 64814 INFO tempest.lib.common.dynamic_creds [-] Deleting project and security group for project: 341cc794786a46a1b23d25a363cb275d
2025-02-19 11:03:39.729 64784 INFO tempest.lib.common.rest_client [req-939f8116-29c8-41e2-805f-8e411dc750e3 req-939f8116-29c8-41e2-805f-8e411dc750e3 ] Request (ServerRescueTestJSON:test_rescue_unrescue_instance): 200 GET http://10.180.1.21/compute/v2.1/servers/57c7045b-f9d7-46d9-8017-15896cee5224 0.052s
2025-02-19 11:03:39.787 64814 INFO tempest.lib.common.rest_client [req-4f871c69-ae1a-4d16-885b-e76b88b78649 req-4f871c69-ae1a-4d16-885b-e76b88b78649 ] Request (TenantUsagesTestJSON:tearDownClass): 200 GET http://10.180.1.21:9696/networking/v2.0/security-groups?tenant_id=341cc794786a46a1b23d25a363cb275d&name=default 0.102s
2025-02-19 11:03:39.865 64814 INFO tempest.lib.common.rest_client [req-ac2b6a36-b404-4bc5-864f-c8a8e9931326 req-ac2b6a36-b404-4bc5-864f-c8a8e9931326 ] Request (TenantUsagesTestJSON:tearDownClass): 204 DELETE http://10.180.1.21:9696/networking/v2.0/security-groups/e8a14a98-b2b6-44a5-bb9b-dec956858f3e 0.078s
2025-02-19 11:03:39.867 64820 INFO tempest.lib.common.rest_client [req-993f5bdc-11ab-4dec-a3e3-8301e4a22200 req-993f5bdc-11ab-4dec-a3e3-8301e4a22200 ] Request (FloatingIPsAssociationTestJSON:tearDownClass): 200 GET http://10.180.1.21/compute/v2.1/servers/44cba84c-0e8a-485d-810f-60dc64152206 0.065s
2025-02-19 11:03:39.891 64760 INFO tempest.lib.common.rest_client [req-3bcb12ae-0b2a-4e98-ad68-3d8f7dc08274 req-3bcb12ae-0b2a-4e98-ad68-3d8f7dc08274 ] Request (ServersNegativeTestJSON:setUpClass): 200 GET http://10.180.1.21/compute/v2.1/servers/88f3252f-5271-4778-b8e4-a952460d400d 0.057s
2025-02-19 11:03:39.944 64788 INFO tempest.lib.common.rest_client [req-57cf017a-5e76-4e36-aa87-6fcf64ff189d req-57cf017a-5e76-4e36-aa87-6fcf64ff189d ] Request (ServersTestBootFromVolume:setUpClass): 200 GET http://10.180.1.21/compute/v2.1/servers/57de5093-57f2-414f-b665-89affbbf74dd 0.058s
2025-02-19 11:03:39.950 64762 INFO tempest.lib.common.rest_client [req-f0176309-72e3-40c7-a877-f5b82375f140 req-f0176309-72e3-40c7-a877-f5b82375f140 ] Request (ServersAdminTestJSON:test_inject_network_info): 200 GET http://10.180.1.21/compute/v2.1/servers/0981bdf7-7ad1-45d4-a556-7e69da1cf213 0.057s
2025-02-19 11:03:39.958 64762 INFO tempest.common.waiters [-] State transition "BUILD/scheduling" ==> "BUILD/None" after 13 second wait
2025-02-19 11:03:39.960 64814 INFO tempest.lib.common.rest_client [req-77b170c0-cc2d-4471-8e27-8b86d8c35033 req-77b170c0-cc2d-4471-8e27-8b86d8c35033 ] Request (TenantUsagesTestJSON:tearDownClass): 204 DELETE http://10.180.1.21/identity/v3/projects/341cc794786a46a1b23d25a363cb275d 0.094s
2025-02-19 11:03:40.019 64814 INFO tempest.lib.common.rest_client [req-2a5368fa-c57d-4dfb-8158-1e2831c861ce req-2a5368fa-c57d-4dfb-8158-1e2831c861ce ] Request (KeyPairsNegativeTestJSON:setUpClass): 201 POST http://10.180.1.21/identity/v3/auth/tokens 0.057s
2025-02-19 11:03:40.047 64814 INFO tempest.lib.common.rest_client [req-aaa76c71-5f81-4bf3-ac79-2cc0c5289ae3 req-aaa76c71-5f81-4bf3-ac79-2cc0c5289ae3 ] Request (KeyPairsNegativeTestJSON:setUpClass): 201 POST http://10.180.1.21/identity/v3/auth/tokens 0.025s
2025-02-19 11:03:40.070 64814 INFO tempest.lib.common.rest_client [req-4eee98d5-01cb-4795-b34f-32810abb01d7 req-4eee98d5-01cb-4795-b34f-32810abb01d7 ] Request (KeyPairsNegativeTestJSON:setUpClass): 200 GET http://10.180.1.21/identity/v3/domains?name=Default 0.022s
2025-02-19 11:03:40.076 64777 INFO tempest.lib.common.rest_client [req-2e5ee31e-59da-422e-95a4-924ddca15883 req-2e5ee31e-59da-422e-95a4-924ddca15883 ] Request (ServersAdminNegativeTestJSON:tearDownClass): 200 GET http://10.180.1.21/compute/v2.1/servers/08c515e5-c17a-4333-a240-55f0fbb93a86 0.055s
2025-02-19 11:03:40.099 64814 INFO tempest.lib.common.rest_client [req-bf94466a-7ade-4388-8270-b0ff3f1a6488 req-bf94466a-7ade-4388-8270-b0ff3f1a6488 ] Request (KeyPairsNegativeTestJSON:setUpClass): 201 POST http://10.180.1.21/identity/v3/projects 0.029s
2025-02-19 11:03:40.120 64786 INFO tempest.lib.common.rest_client [req-5cc48cf2-fc1d-45dd-b828-43125c1f08fb req-5cc48cf2-fc1d-45dd-b828-43125c1f08fb ] Request (DeleteServersTestJSON:test_delete_server_while_in_attached_volume): 200 GET http://10.180.1.21/compute/v2.1/servers/ebd70bba-160b-41dc-94ca-5d45e99e5dd8 0.049s
2025-02-19 11:03:40.154 64814 INFO tempest.lib.common.rest_client [req-813f90b1-20dc-47ee-bff2-51f3b4258f84 req-813f90b1-20dc-47ee-bff2-51f3b4258f84 ] Request (KeyPairsNegativeTestJSON:setUpClass): 201 POST http://10.180.1.21/identity/v3/users 0.055s
2025-02-19 11:03:40.180 64814 INFO tempest.lib.common.rest_client [req-560165ee-a779-4222-a7ee-bf374abd5444 req-560165ee-a779-4222-a7ee-bf374abd5444 ] Request (KeyPairsNegativeTestJSON:setUpClass): 200 GET http://10.180.1.21/identity/v3/roles 0.025s
2025-02-19 11:03:40.209 64772 INFO tempest.lib.common.rest_client [req-6a23d7f3-5456-459a-b830-7b876cb7b83d req-6a23d7f3-5456-459a-b830-7b876cb7b83d ] Request (ServerAddressesNegativeTestJSON:setUpClass): 200 GET http://10.180.1.21/compute/v2.1/servers/5d32979c-4d4b-4ec2-ae7a-23f8808cce19 0.060s
2025-02-19 11:03:40.210 64814 INFO tempest.lib.common.rest_client [req-d91bd4dc-bf88-4ea6-a565-779213162dc3 req-d91bd4dc-bf88-4ea6-a565-779213162dc3 ] Request (KeyPairsNegativeTestJSON:setUpClass): 204 PUT http://10.180.1.21/identity/v3/projects/d15ee9d5e07644a7b791fa9aee290a67/users/72d50326ab8c469bba633caa4c3c6fa3/roles/e316fca7f46a4ecfb70a024a0311f75b 0.029s
2025-02-19 11:03:40.210 64814 INFO tempest.lib.common.dynamic_creds [-] Dynamic test user 72d50326ab8c469bba633caa4c3c6fa3 is created with scope project and roles: ['member']
2025-02-19 11:03:40.210 64814 INFO tempest.lib.common.dynamic_creds [-] Acquired dynamic creds: credentials: Credentials: {'domain_id': 'default', 'domain_name': 'Default', 'username': 'tempest-KeyPairsNegativeTestJSON-1635005205-project-member', 'project_domain_id': 'default', 'project_domain_name': 'Default', 'project_id': 'd15ee9d5e07644a7b791fa9aee290a67', 'project_name': 'tempest-KeyPairsNegativeTestJSON-1635005205', 'tenant_id': 'd15ee9d5e07644a7b791fa9aee290a67', 'tenant_name': 'tempest-KeyPairsNegativeTestJSON-1635005205', 'user_domain_id': 'default', 'user_domain_name': 'Default', 'user_id': '72d50326ab8c469bba633caa4c3c6fa3', 'system': None}, Network: None, Subnet: None, Router: None
2025-02-19 11:03:40.210 64814 INFO tempest.lib.common.dynamic_creds [-] Created isolated network resources for: credentials: Credentials: {'domain_id': 'default', 'domain_name': 'Default', 'username': 'tempest-KeyPairsNegativeTestJSON-1635005205-project-member', 'project_domain_id': 'default', 'project_domain_name': 'Default', 'project_id': 'd15ee9d5e07644a7b791fa9aee290a67', 'project_name': 'tempest-KeyPairsNegativeTestJSON-1635005205', 'tenant_id': 'd15ee9d5e07644a7b791fa9aee290a67', 'tenant_name': 'tempest-KeyPairsNegativeTestJSON-1635005205', 'user_domain_id': 'default', 'user_domain_name': 'Default', 'user_id': '72d50326ab8c469bba633caa4c3c6fa3', 'system': None}, Network: None, Subnet: None, Router: None
2025-02-19 11:03:40.261 64768 INFO tempest.lib.common.rest_client [req-8ef2102e-7559-4a57-8238-796dbb67d0f5 req-8ef2102e-7559-4a57-8238-796dbb67d0f5 ] Request (ServersTestManualDisk:setUpClass): 200 GET http://10.180.1.21/compute/v2.1/servers/cbdfcbe9-0ca2-4812-850b-15af857303a7 0.077s
2025-02-19 11:03:40.267 64780 WARNING tempest.lib.common.ssh [-] Failed to establish authenticated ssh connection to cirros@10.180.180.198 ([Errno None] Unable to connect to port 22 on 10.180.180.198). Number attempts: 9. Retry after 10 seconds.: paramiko.ssh_exception.NoValidConnectionsError: [Errno None] Unable to connect to port 22 on 10.180.180.198
2025-02-19 11:03:40.273 64790 INFO tempest.lib.common.rest_client [req-30ace97e-1bff-4604-9c8e-9cd17a931150 req-30ace97e-1bff-4604-9c8e-9cd17a931150 ] Request (InstanceActionsNegativeTestJSON:tearDownClass): 200 GET http://10.180.1.21/compute/v2.1/servers/4865661d-e1c2-4e2a-9051-bab851553c15 0.134s
2025-02-19 11:03:40.281 64814 INFO tempest.lib.common.rest_client [req-c92ba77a-7fb9-4d8b-8d37-ba87b45d029a req-c92ba77a-7fb9-4d8b-8d37-ba87b45d029a ] Request (KeyPairsNegativeTestJSON:setUpClass): 201 POST http://10.180.1.21/identity/v3/auth/tokens 0.067s
2025-02-19 11:03:40.315 64792 INFO tempest.lib.common.rest_client [req-beb6a8b1-27c1-45f1-844d-be0374b46903 req-beb6a8b1-27c1-45f1-844d-be0374b46903 ] Request (ServerActionsTestOtherB:setUpClass): 200 GET http://10.180.1.21/compute/v2.1/servers/cdcc1d35-9ead-4e4c-ada3-ab31513b73af 0.115s
2025-02-19 11:03:40.328 64802 INFO tempest.lib.common.rest_client [req-6d721d51-adec-4de6-a460-bff30a0752f4 req-6d721d51-adec-4de6-a460-bff30a0752f4 ] Request (ImagesOneServerNegativeTestJSON:_run_cleanups): 200 GET http://10.180.1.21/compute/v2.1/servers/c852ede9-4489-49bb-89cf-6664ff3d5567 0.050s
2025-02-19 11:03:40.383 64814 INFO tempest.lib.common.rest_client [req-d56c0b87-1b21-477e-95a3-b57b355eb2a7 req-d56c0b87-1b21-477e-95a3-b57b355eb2a7 ] Request (KeyPairsNegativeTestJSON:test_create_keypair_invalid_name): 400 POST http://10.180.1.21/compute/v2.1/os-keypairs 0.100s
2025-02-19 11:03:40.394 64810 INFO tempest.lib.common.rest_client [req-06f46ce9-b773-4615-8952-4103ce80b38d req-06f46ce9-b773-4615-8952-4103ce80b38d ] Request (SecurityGroupsTestJSON:test_server_security_groups): 200 GET http://10.180.1.21/compute/v2.1/servers/95420eb6-9a0f-446f-bed0-b8d47808f5c6 0.056s
2025-02-19 11:03:40.419 64814 INFO tempest.lib.common.rest_client [req-eca7c5e9-7a77-49ca-a562-9b5f0e9f2c67 req-eca7c5e9-7a77-49ca-a562-9b5f0e9f2c67 ] Request (KeyPairsNegativeTestJSON:test_create_keypair_when_public_key_bits_exceeds_maximum): 400 POST http://10.180.1.21/compute/v2.1/os-keypairs 0.034s
2025-02-19 11:03:40.450 64814 INFO tempest.lib.common.rest_client [req-b7e16fd6-aaed-4b08-9099-43b543a17288 req-b7e16fd6-aaed-4b08-9099-43b543a17288 ] Request (KeyPairsNegativeTestJSON:test_create_keypair_with_duplicate_name): 200 POST http://10.180.1.21/compute/v2.1/os-keypairs 0.030s
2025-02-19 11:03:40.481 64814 INFO tempest.lib.common.rest_client [req-c799a75c-03c3-40cf-a3b6-b2cf9ef926ae req-c799a75c-03c3-40cf-a3b6-b2cf9ef926ae ] Request (KeyPairsNegativeTestJSON:test_create_keypair_with_duplicate_name): 409 POST http://10.180.1.21/compute/v2.1/os-keypairs 0.028s
2025-02-19 11:03:40.498 64814 INFO tempest.lib.common.rest_client [req-b661fd17-15a2-4266-8610-a740b02bd40a req-b661fd17-15a2-4266-8610-a740b02bd40a ] Request (KeyPairsNegativeTestJSON:test_create_keypair_with_duplicate_name): 202 DELETE http://10.180.1.21/compute/v2.1/os-keypairs/tempest-keypair-1861975688 0.017s
2025-02-19 11:03:40.507 64814 INFO tempest.lib.common.rest_client [req-05c490ad-4003-4b49-a478-9884cb42d65f req-05c490ad-4003-4b49-a478-9884cb42d65f ] Request (KeyPairsNegativeTestJSON:test_create_keypair_with_empty_name_string): 400 POST http://10.180.1.21/compute/v2.1/os-keypairs 0.007s
2025-02-19 11:03:40.533 64814 INFO tempest.lib.common.rest_client [req-ab2314d4-ed06-4760-92f4-3da34661240e req-ab2314d4-ed06-4760-92f4-3da34661240e ] Request (KeyPairsNegativeTestJSON:test_create_keypair_with_empty_public_key): 400 POST http://10.180.1.21/compute/v2.1/os-keypairs 0.024s
2025-02-19 11:03:40.545 64814 INFO tempest.lib.common.rest_client [req-f3330269-7734-4b96-a8dc-ad4fd2f163ec req-f3330269-7734-4b96-a8dc-ad4fd2f163ec ] Request (KeyPairsNegativeTestJSON:test_create_keypair_with_long_keynames): 400 POST http://10.180.1.21/compute/v2.1/os-keypairs 0.010s
2025-02-19 11:03:40.572 64814 INFO tempest.lib.common.rest_client [req-cf3236df-6b4a-4a07-82be-ca4eea019ed9 req-cf3236df-6b4a-4a07-82be-ca4eea019ed9 ] Request (KeyPairsNegativeTestJSON:test_keypair_create_with_invalid_pub_key): 400 POST http://10.180.1.21/compute/v2.1/os-keypairs 0.026s
2025-02-19 11:03:40.607 64818 INFO tempest.lib.common.rest_client [req-eeeff900-5c4a-41d8-b972-1ec606cfcb7f req-eeeff900-5c4a-41d8-b972-1ec606cfcb7f ] Request (ServerShowV257Test:test_rebuild_server): 200 GET http://10.180.1.21/compute/v2.1/servers/29249acd-a277-4c8b-aa14-a981b1ef16e1 0.067s
2025-02-19 11:03:40.619 64814 INFO tempest.lib.common.rest_client [req-ab440dc5-5a9d-4421-b5af-8695c5fe2dc6 req-ab440dc5-5a9d-4421-b5af-8695c5fe2dc6 ] Request (KeyPairsNegativeTestJSON:test_keypair_delete_nonexistent_key): 404 DELETE http://10.180.1.21/compute/v2.1/os-keypairs/tempest-keypair-non-existent-1712873898 0.045s
2025-02-19 11:03:40.670 64778 INFO tempest.lib.common.rest_client [req-50980e33-3e1c-47ae-8c57-2b1f895f6560 req-50980e33-3e1c-47ae-8c57-2b1f895f6560 ] Request (ServerGroupTestJSON:_run_cleanups): 200 GET http://10.180.1.21/compute/v2.1/servers/c806a2df-2ef2-44aa-a265-ece27caa6307 0.123s
2025-02-19 11:03:40.676 64806 INFO tempest.lib.common.rest_client [req-536f9d46-683e-4ca9-85d0-5fafee6f3441 req-536f9d46-683e-4ca9-85d0-5fafee6f3441 ] Request (MultipleCreateTestJSON:_run_cleanups): 200 GET http://10.180.1.21/compute/v2.1/servers/5e644577-0d03-40a8-b3bb-3df850f4f66b 0.076s
2025-02-19 11:03:40.727 64814 INFO tempest.lib.common.rest_client [req-f3684aa1-e36f-4584-9166-571ea48fa83a req-f3684aa1-e36f-4584-9166-571ea48fa83a ] Request (KeyPairsNegativeTestJSON:tearDownClass): 204 DELETE http://10.180.1.21/identity/v3/users/72d50326ab8c469bba633caa4c3c6fa3 0.106s
2025-02-19 11:03:40.728 64814 INFO tempest.lib.common.dynamic_creds [-] Deleting project and security group for project: d15ee9d5e07644a7b791fa9aee290a67
2025-02-19 11:03:40.744 64764 INFO tempest.lib.common.rest_client [req-30996207-93e0-4735-ac84-14ef93ece309 req-30996207-93e0-4735-ac84-14ef93ece309 ] Request (ImagesTestJSON:test_create_image_from_suspended_server): 200 GET http://10.180.1.21/compute/v2.1/servers/6826ea78-727c-4fbe-bb2c-13c66fdcaf3b 0.057s
2025-02-19 11:03:40.760 64770 INFO tempest.lib.common.rest_client [req-ba538aef-9cf3-4e2f-b4fb-af273fe9ef87 req-ba538aef-9cf3-4e2f-b4fb-af273fe9ef87 ] Request (MigrationsAdminTest:test_list_migrations_in_flavor_resize_situation): 200 GET http://10.180.1.21/compute/v2.1/servers/4527a9ba-28f7-4698-aec0-6389cfc9d788 0.108s
2025-02-19 11:03:40.783 64814 INFO tempest.lib.common.rest_client [req-b8abc482-6f2a-4ca3-98b4-4f1375275f38 req-b8abc482-6f2a-4ca3-98b4-4f1375275f38 ] Request (KeyPairsNegativeTestJSON:tearDownClass): 201 POST http://10.180.1.21/identity/v3/auth/tokens 0.055s
2025-02-19 11:03:40.785 64784 INFO tempest.lib.common.rest_client [req-e6c9909e-126a-4c8c-b7ec-53ec6bf7c5ce req-e6c9909e-126a-4c8c-b7ec-53ec6bf7c5ce ] Request (ServerRescueTestJSON:test_rescue_unrescue_instance): 200 GET http://10.180.1.21/compute/v2.1/servers/57c7045b-f9d7-46d9-8017-15896cee5224 0.049s
2025-02-19 11:03:40.792 64784 INFO tempest.common.waiters [-] State transition "BUILD/scheduling" ==> "BUILD/None" after 12 second wait
2025-02-19 11:03:40.943 64820 INFO tempest.lib.common.rest_client [req-170b65ba-7b04-406e-89dc-d67cd34a57db req-170b65ba-7b04-406e-89dc-d67cd34a57db ] Request (FloatingIPsAssociationTestJSON:tearDownClass): 200 GET http://10.180.1.21/compute/v2.1/servers/44cba84c-0e8a-485d-810f-60dc64152206 0.068s
2025-02-19 11:03:40.950 64814 INFO tempest.lib.common.rest_client [req-ab579696-a6fe-43a5-a350-f9ed72420252 req-ab579696-a6fe-43a5-a350-f9ed72420252 ] Request (KeyPairsNegativeTestJSON:tearDownClass): 200 GET http://10.180.1.21:9696/networking/v2.0/security-groups?tenant_id=d15ee9d5e07644a7b791fa9aee290a67&name=default 0.167s
2025-02-19 11:03:40.959 64760 INFO tempest.lib.common.rest_client [req-3c5b767d-8dd9-47f9-8b93-45b4a5672efc req-3c5b767d-8dd9-47f9-8b93-45b4a5672efc ] Request (ServersNegativeTestJSON:setUpClass): 200 GET http://10.180.1.21/compute/v2.1/servers/88f3252f-5271-4778-b8e4-a952460d400d 0.058s
2025-02-19 11:03:41.010 64788 INFO tempest.lib.common.rest_client [req-2393f1eb-5c34-4209-a337-1c1163fad86a req-2393f1eb-5c34-4209-a337-1c1163fad86a ] Request (ServersTestBootFromVolume:setUpClass): 200 GET http://10.180.1.21/compute/v2.1/servers/57de5093-57f2-414f-b665-89affbbf74dd 0.060s
2025-02-19 11:03:41.014 64762 INFO tempest.lib.common.rest_client [req-5b296542-9101-4dc1-ba96-b1e1795eb6ab req-5b296542-9101-4dc1-ba96-b1e1795eb6ab ] Request (ServersAdminTestJSON:test_inject_network_info): 200 GET http://10.180.1.21/compute/v2.1/servers/0981bdf7-7ad1-45d4-a556-7e69da1cf213 0.054s
2025-02-19 11:03:41.039 64814 INFO tempest.lib.common.rest_client [req-3a1bb610-7d95-4a5c-a83e-164c509e5608 req-3a1bb610-7d95-4a5c-a83e-164c509e5608 ] Request (KeyPairsNegativeTestJSON:tearDownClass): 204 DELETE http://10.180.1.21:9696/networking/v2.0/security-groups/90bbacf3-9231-4e01-8ece-22f7da32f7e9 0.088s
2025-02-19 11:03:41.099 64814 INFO tempest.lib.common.rest_client [req-6658e7f6-1a9f-4c43-bcd1-9d0e6f848ae5 req-6658e7f6-1a9f-4c43-bcd1-9d0e6f848ae5 ] Request (KeyPairsNegativeTestJSON:tearDownClass): 204 DELETE http://10.180.1.21/identity/v3/projects/d15ee9d5e07644a7b791fa9aee290a67 0.060s
2025-02-19 11:03:41.145 64777 INFO tempest.lib.common.rest_client [req-f4485931-0c4a-4fe7-b549-4ea2fc3ad52f req-f4485931-0c4a-4fe7-b549-4ea2fc3ad52f ] Request (ServersAdminNegativeTestJSON:tearDownClass): 200 GET http://10.180.1.21/compute/v2.1/servers/08c515e5-c17a-4333-a240-55f0fbb93a86 0.060s
2025-02-19 11:03:41.156 64814 INFO tempest.lib.common.rest_client [req-01fed726-53d3-4df1-bbca-79c0b4bd6274 req-01fed726-53d3-4df1-bbca-79c0b4bd6274 ] Request (QuotasTestJSON:setUpClass): 201 POST http://10.180.1.21/identity/v3/auth/tokens 0.056s
2025-02-19 11:03:41.179 64786 INFO tempest.lib.common.rest_client [req-e7687add-7280-4b74-81c7-f4bf99cff71b req-e7687add-7280-4b74-81c7-f4bf99cff71b ] Request (DeleteServersTestJSON:test_delete_server_while_in_attached_volume): 200 GET http://10.180.1.21/compute/v2.1/servers/ebd70bba-160b-41dc-94ca-5d45e99e5dd8 0.051s
2025-02-19 11:03:41.189 64814 INFO tempest.lib.common.rest_client [req-9c6e2748-d746-43a7-af0a-05fec82bc69c req-9c6e2748-d746-43a7-af0a-05fec82bc69c ] Request (QuotasTestJSON:setUpClass): 201 POST http://10.180.1.21/identity/v3/auth/tokens 0.030s
2025-02-19 11:03:41.213 64814 INFO tempest.lib.common.rest_client [req-03d53d2d-49e3-4a2b-a489-6aa0951864f3 req-03d53d2d-49e3-4a2b-a489-6aa0951864f3 ] Request (QuotasTestJSON:setUpClass): 200 GET http://10.180.1.21/identity/v3/domains?name=Default 0.023s
2025-02-19 11:03:41.241 64814 INFO tempest.lib.common.rest_client [req-91ba0133-74b2-4dd2-98b5-8efe42a9f355 req-91ba0133-74b2-4dd2-98b5-8efe42a9f355 ] Request (QuotasTestJSON:setUpClass): 201 POST http://10.180.1.21/identity/v3/projects 0.027s
2025-02-19 11:03:41.266 64772 INFO tempest.lib.common.rest_client [req-135c6697-87f8-48b5-809a-9d96ef47e521 req-135c6697-87f8-48b5-809a-9d96ef47e521 ] Request (ServerAddressesNegativeTestJSON:setUpClass): 200 GET http://10.180.1.21/compute/v2.1/servers/5d32979c-4d4b-4ec2-ae7a-23f8808cce19 0.048s
2025-02-19 11:03:41.296 64814 INFO tempest.lib.common.rest_client [req-e44fbfe0-6fb8-4f16-a2c5-efe5f51e85d1 req-e44fbfe0-6fb8-4f16-a2c5-efe5f51e85d1 ] Request (QuotasTestJSON:setUpClass): 201 POST http://10.180.1.21/identity/v3/users 0.054s
2025-02-19 11:03:41.318 64814 INFO tempest.lib.common.rest_client [req-cfb934b8-0725-4c48-b1eb-a0f236175a30 req-cfb934b8-0725-4c48-b1eb-a0f236175a30 ] Request (QuotasTestJSON:setUpClass): 200 GET http://10.180.1.21/identity/v3/roles 0.021s
2025-02-19 11:03:41.320 64768 INFO tempest.lib.common.rest_client [req-653fef39-7502-45c7-9c1d-e8d6ab8657c7 req-653fef39-7502-45c7-9c1d-e8d6ab8657c7 ] Request (ServersTestManualDisk:setUpClass): 200 GET http://10.180.1.21/compute/v2.1/servers/cbdfcbe9-0ca2-4812-850b-15af857303a7 0.050s
2025-02-19 11:03:41.331 64790 INFO tempest.lib.common.rest_client [req-2238124f-557b-4c0e-9775-db6600ad059c req-2238124f-557b-4c0e-9775-db6600ad059c ] Request (InstanceActionsNegativeTestJSON:tearDownClass): 200 GET http://10.180.1.21/compute/v2.1/servers/4865661d-e1c2-4e2a-9051-bab851553c15 0.049s
2025-02-19 11:03:41.344 64814 INFO tempest.lib.common.rest_client [req-527fa1bb-6866-48d4-b2cb-f5015b39967c req-527fa1bb-6866-48d4-b2cb-f5015b39967c ] Request (QuotasTestJSON:setUpClass): 204 PUT http://10.180.1.21/identity/v3/projects/bed8c0c730504d74bc783d8d63e6126f/users/09da05bf2d0a46f985c1ae52d270e34a/roles/e316fca7f46a4ecfb70a024a0311f75b 0.026s
2025-02-19 11:03:41.344 64814 INFO tempest.lib.common.dynamic_creds [-] Dynamic test user 09da05bf2d0a46f985c1ae52d270e34a is created with scope project and roles: ['member']
2025-02-19 11:03:41.345 64814 INFO tempest.lib.common.dynamic_creds [-] Acquired dynamic creds: credentials: Credentials: {'domain_id': 'default', 'domain_name': 'Default', 'username': 'tempest-QuotasTestJSON-1914047080-project-member', 'project_domain_id': 'default', 'project_domain_name': 'Default', 'project_id': 'bed8c0c730504d74bc783d8d63e6126f', 'project_name': 'tempest-QuotasTestJSON-1914047080', 'tenant_id': 'bed8c0c730504d74bc783d8d63e6126f', 'tenant_name': 'tempest-QuotasTestJSON-1914047080', 'user_domain_id': 'default', 'user_domain_name': 'Default', 'user_id': '09da05bf2d0a46f985c1ae52d270e34a', 'system': None}, Network: None, Subnet: None, Router: None
2025-02-19 11:03:41.345 64814 INFO tempest.lib.common.dynamic_creds [-] Created isolated network resources for: credentials: Credentials: {'domain_id': 'default', 'domain_name': 'Default', 'username': 'tempest-QuotasTestJSON-1914047080-project-member', 'project_domain_id': 'default', 'project_domain_name': 'Default', 'project_id': 'bed8c0c730504d74bc783d8d63e6126f', 'project_name': 'tempest-QuotasTestJSON-1914047080', 'tenant_id': 'bed8c0c730504d74bc783d8d63e6126f', 'tenant_name': 'tempest-QuotasTestJSON-1914047080', 'user_domain_id': 'default', 'user_domain_name': 'Default', 'user_id': '09da05bf2d0a46f985c1ae52d270e34a', 'system': None}, Network: None, Subnet: None, Router: None
2025-02-19 11:03:41.372 64792 INFO tempest.lib.common.rest_client [req-0c86002e-fc2e-4376-b1cc-ec382c191959 req-0c86002e-fc2e-4376-b1cc-ec382c191959 ] Request (ServerActionsTestOtherB:setUpClass): 200 GET http://10.180.1.21/compute/v2.1/servers/cdcc1d35-9ead-4e4c-ada3-ab31513b73af 0.049s
2025-02-19 11:03:41.387 64802 INFO tempest.lib.common.rest_client [req-6f5de99c-5e1a-4164-aadc-b66e9ac82c53 req-6f5de99c-5e1a-4164-aadc-b66e9ac82c53 ] Request (ImagesOneServerNegativeTestJSON:_run_cleanups): 200 GET http://10.180.1.21/compute/v2.1/servers/c852ede9-4489-49bb-89cf-6664ff3d5567 0.051s
2025-02-19 11:03:41.416 64814 INFO tempest.lib.common.rest_client [req-e901a642-4c70-42f3-be8e-cc4535373b23 req-e901a642-4c70-42f3-be8e-cc4535373b23 ] Request (QuotasTestJSON:setUpClass): 201 POST http://10.180.1.21/identity/v3/auth/tokens 0.068s
2025-02-19 11:03:41.456 64810 INFO tempest.lib.common.rest_client [req-c54c731a-ede4-44bf-a592-5d881a66ee37 req-c54c731a-ede4-44bf-a592-5d881a66ee37 ] Request (SecurityGroupsTestJSON:test_server_security_groups): 200 GET http://10.180.1.21/compute/v2.1/servers/95420eb6-9a0f-446f-bed0-b8d47808f5c6 0.054s
2025-02-19 11:03:41.463 64810 INFO tempest.common.waiters [-] State transition "BUILD/None" ==> "BUILD/networking" after 68 second wait
2025-02-19 11:03:41.500 64814 INFO tempest.lib.common.rest_client [req-42169ddd-1529-4eed-95e1-415c75d757a0 req-42169ddd-1529-4eed-95e1-415c75d757a0 ] Request (QuotasTestJSON:test_compare_tenant_quotas_with_default_quotas): 200 GET http://10.180.1.21/compute/v2.1/os-quota-sets/bed8c0c730504d74bc783d8d63e6126f/defaults 0.083s
2025-02-19 11:03:41.542 64814 INFO tempest.lib.common.rest_client [req-278f5d31-c024-46c6-8b46-f65016588e1d req-278f5d31-c024-46c6-8b46-f65016588e1d ] Request (QuotasTestJSON:test_compare_tenant_quotas_with_default_quotas): 200 GET http://10.180.1.21/compute/v2.1/os-quota-sets/bed8c0c730504d74bc783d8d63e6126f 0.039s
2025-02-19 11:03:41.577 64814 INFO tempest.lib.common.rest_client [req-5b6a41d9-c72d-4049-9201-e9e4a8513fa9 req-5b6a41d9-c72d-4049-9201-e9e4a8513fa9 ] Request (QuotasTestJSON:test_get_default_quotas): 200 GET http://10.180.1.21/compute/v2.1/os-quota-sets/bed8c0c730504d74bc783d8d63e6126f/defaults 0.031s
2025-02-19 11:03:41.619 64814 INFO tempest.lib.common.rest_client [req-efe91264-a9b2-4725-b597-9aed3f8ade8e req-efe91264-a9b2-4725-b597-9aed3f8ade8e ] Request (QuotasTestJSON:test_get_quotas): 200 GET http://10.180.1.21/compute/v2.1/os-quota-sets/bed8c0c730504d74bc783d8d63e6126f 0.039s
2025-02-19 11:03:41.668 64814 INFO tempest.lib.common.rest_client [req-d7dbe53b-c968-4222-a788-1fd5560331d7 req-d7dbe53b-c968-4222-a788-1fd5560331d7 ] Request (QuotasTestJSON:test_get_quotas): 200 GET http://10.180.1.21/compute/v2.1/os-quota-sets/bed8c0c730504d74bc783d8d63e6126f?user_id=09da05bf2d0a46f985c1ae52d270e34a 0.045s
2025-02-19 11:03:41.673 64818 INFO tempest.lib.common.rest_client [req-1b4743cc-29d5-4cec-940f-ecc22651a4c1 req-1b4743cc-29d5-4cec-940f-ecc22651a4c1 ] Request (ServerShowV257Test:test_rebuild_server): 200 GET http://10.180.1.21/compute/v2.1/servers/29249acd-a277-4c8b-aa14-a981b1ef16e1 0.056s
2025-02-19 11:03:41.729 64778 INFO tempest.lib.common.rest_client [req-46215521-b39f-480d-b384-b06c24eb8199 req-46215521-b39f-480d-b384-b06c24eb8199 ] Request (ServerGroupTestJSON:_run_cleanups): 200 GET http://10.180.1.21/compute/v2.1/servers/c806a2df-2ef2-44aa-a265-ece27caa6307 0.052s
2025-02-19 11:03:41.741 64806 INFO tempest.lib.common.rest_client [req-8680cf62-cb2c-4370-8a3e-2f980e29f902 req-8680cf62-cb2c-4370-8a3e-2f980e29f902 ] Request (MultipleCreateTestJSON:_run_cleanups): 200 GET http://10.180.1.21/compute/v2.1/servers/5e644577-0d03-40a8-b3bb-3df850f4f66b 0.057s
2025-02-19 11:03:41.782 64814 INFO tempest.lib.common.rest_client [req-b0c95a24-1747-4b87-a25b-c9b3530e88b3 req-b0c95a24-1747-4b87-a25b-c9b3530e88b3 ] Request (QuotasTestJSON:tearDownClass): 204 DELETE http://10.180.1.21/identity/v3/users/09da05bf2d0a46f985c1ae52d270e34a 0.107s
2025-02-19 11:03:41.782 64814 INFO tempest.lib.common.dynamic_creds [-] Deleting project and security group for project: bed8c0c730504d74bc783d8d63e6126f
2025-02-19 11:03:41.805 64764 INFO tempest.lib.common.rest_client [req-4f0a2dbc-6b15-4d5d-bbca-c29fb4f39b98 req-4f0a2dbc-6b15-4d5d-bbca-c29fb4f39b98 ] Request (ImagesTestJSON:test_create_image_from_suspended_server): 200 GET http://10.180.1.21/compute/v2.1/servers/6826ea78-727c-4fbe-bb2c-13c66fdcaf3b 0.051s
2025-02-19 11:03:41.835 64814 INFO tempest.lib.common.rest_client [req-3b0678ab-11e5-4780-b306-d98f4ede408f req-3b0678ab-11e5-4780-b306-d98f4ede408f ] Request (QuotasTestJSON:tearDownClass): 201 POST http://10.180.1.21/identity/v3/auth/tokens 0.053s
2025-02-19 11:03:41.851 64800 WARNING tempest.lib.common.ssh [-] Failed to establish authenticated ssh connection to cirros@10.180.180.229 ([Errno None] Unable to connect to port 22 on 10.180.180.229). Number attempts: 7. Retry after 8 seconds.: paramiko.ssh_exception.NoValidConnectionsError: [Errno None] Unable to connect to port 22 on 10.180.180.229
2025-02-19 11:03:41.854 64784 INFO tempest.lib.common.rest_client [req-b6fe3a70-34cc-4260-96ac-44b5ef76bdfe req-b6fe3a70-34cc-4260-96ac-44b5ef76bdfe ] Request (ServerRescueTestJSON:test_rescue_unrescue_instance): 200 GET http://10.180.1.21/compute/v2.1/servers/57c7045b-f9d7-46d9-8017-15896cee5224 0.062s
2025-02-19 11:03:41.863 64770 INFO tempest.lib.common.rest_client [req-ded035ce-86f3-4bb2-8696-6d97ae85330e req-ded035ce-86f3-4bb2-8696-6d97ae85330e ] Request (MigrationsAdminTest:test_list_migrations_in_flavor_resize_situation): 200 GET http://10.180.1.21/compute/v2.1/servers/4527a9ba-28f7-4698-aec0-6389cfc9d788 0.096s
2025-02-19 11:03:42.013 64820 INFO tempest.lib.common.rest_client [req-8b58f3b5-070a-4d22-916c-70d1a2d77652 req-8b58f3b5-070a-4d22-916c-70d1a2d77652 ] Request (FloatingIPsAssociationTestJSON:tearDownClass): 200 GET http://10.180.1.21/compute/v2.1/servers/44cba84c-0e8a-485d-810f-60dc64152206 0.063s
2025-02-19 11:03:42.019 64760 INFO tempest.lib.common.rest_client [req-2c97c853-0a20-4ec1-96bf-5082687dbf22 req-2c97c853-0a20-4ec1-96bf-5082687dbf22 ] Request (ServersNegativeTestJSON:setUpClass): 200 GET http://10.180.1.21/compute/v2.1/servers/88f3252f-5271-4778-b8e4-a952460d400d 0.052s
2025-02-19 11:03:42.041 64814 INFO tempest.lib.common.rest_client [req-fea6e3d3-59f2-4072-8c8c-57d599d61312 req-fea6e3d3-59f2-4072-8c8c-57d599d61312 ] Request (QuotasTestJSON:tearDownClass): 200 GET http://10.180.1.21:9696/networking/v2.0/security-groups?tenant_id=bed8c0c730504d74bc783d8d63e6126f&name=default 0.205s
2025-02-19 11:03:42.072 64762 INFO tempest.lib.common.rest_client [req-e2aab46b-c7ff-43ed-b520-a500e12ecc9a req-e2aab46b-c7ff-43ed-b520-a500e12ecc9a ] Request (ServersAdminTestJSON:test_inject_network_info): 200 GET http://10.180.1.21/compute/v2.1/servers/0981bdf7-7ad1-45d4-a556-7e69da1cf213 0.051s
2025-02-19 11:03:42.095 64788 INFO tempest.lib.common.rest_client [req-52664939-382e-48c8-9f85-48f9cf9bba24 req-52664939-382e-48c8-9f85-48f9cf9bba24 ] Request (ServersTestBootFromVolume:setUpClass): 200 GET http://10.180.1.21/compute/v2.1/servers/57de5093-57f2-414f-b665-89affbbf74dd 0.076s
2025-02-19 11:03:42.108 64796 WARNING tempest.lib.common.ssh [-] Failed to establish authenticated ssh connection to cirros@10.180.180.139 ([Errno None] Unable to connect to port 22 on 10.180.180.139). Number attempts: 11. Retry after 12 seconds.: paramiko.ssh_exception.NoValidConnectionsError: [Errno None] Unable to connect to port 22 on 10.180.180.139
2025-02-19 11:03:42.161 64814 INFO tempest.lib.common.rest_client [req-4300f434-c407-4e47-a009-457047afbee6 req-4300f434-c407-4e47-a009-457047afbee6 ] Request (QuotasTestJSON:tearDownClass): 204 DELETE http://10.180.1.21:9696/networking/v2.0/security-groups/d5c94565-f812-4687-ba59-3fba3c698a20 0.119s
2025-02-19 11:03:42.214 64777 INFO tempest.lib.common.rest_client [req-6b53982b-78aa-4b53-a318-c4e830be2f5d req-6b53982b-78aa-4b53-a318-c4e830be2f5d ] Request (ServersAdminNegativeTestJSON:tearDownClass): 200 GET http://10.180.1.21/compute/v2.1/servers/08c515e5-c17a-4333-a240-55f0fbb93a86 0.061s
2025-02-19 11:03:42.239 64786 INFO tempest.lib.common.rest_client [req-f1c73da8-25ce-4212-a750-fa3d852f16ce req-f1c73da8-25ce-4212-a750-fa3d852f16ce ] Request (DeleteServersTestJSON:test_delete_server_while_in_attached_volume): 200 GET http://10.180.1.21/compute/v2.1/servers/ebd70bba-160b-41dc-94ca-5d45e99e5dd8 0.053s
2025-02-19 11:03:42.240 64814 INFO tempest.lib.common.rest_client [req-121aedc0-bf91-4a94-bdf5-27915065169f req-121aedc0-bf91-4a94-bdf5-27915065169f ] Request (QuotasTestJSON:tearDownClass): 204 DELETE http://10.180.1.21/identity/v3/projects/bed8c0c730504d74bc783d8d63e6126f 0.078s
2025-02-19 11:03:42.324 64772 INFO tempest.lib.common.rest_client [req-296e4b27-a567-4742-b92b-bc9ec8a5f0b1 req-296e4b27-a567-4742-b92b-bc9ec8a5f0b1 ] Request (ServerAddressesNegativeTestJSON:setUpClass): 200 GET http://10.180.1.21/compute/v2.1/servers/5d32979c-4d4b-4ec2-ae7a-23f8808cce19 0.050s
2025-02-19 11:03:42.380 64768 INFO tempest.lib.common.rest_client [req-e0d410d1-3a24-47de-90ef-8975815131a4 req-e0d410d1-3a24-47de-90ef-8975815131a4 ] Request (ServersTestManualDisk:setUpClass): 200 GET http://10.180.1.21/compute/v2.1/servers/cbdfcbe9-0ca2-4812-850b-15af857303a7 0.051s
2025-02-19 11:03:42.400 64790 INFO tempest.lib.common.rest_client [req-7cda55b7-1936-4101-8990-52aff4a489d5 req-7cda55b7-1936-4101-8990-52aff4a489d5 ] Request (InstanceActionsNegativeTestJSON:tearDownClass): 200 GET http://10.180.1.21/compute/v2.1/servers/4865661d-e1c2-4e2a-9051-bab851553c15 0.059s
2025-02-19 11:03:42.407 64790 INFO tempest.common.waiters [-] State transition "ACTIVE/deleting" ==> "DELETED/None" after 4 second wait
2025-02-19 11:03:42.459 64802 INFO tempest.lib.common.rest_client [req-cb3c2439-5891-4191-902c-32fd1c555bcc req-cb3c2439-5891-4191-902c-32fd1c555bcc ] Request (ImagesOneServerNegativeTestJSON:_run_cleanups): 200 GET http://10.180.1.21/compute/v2.1/servers/c852ede9-4489-49bb-89cf-6664ff3d5567 0.065s
2025-02-19 11:03:42.679 64792 INFO tempest.lib.common.rest_client [req-b15396d0-664a-467b-a5cb-ff4fe208e933 req-b15396d0-664a-467b-a5cb-ff4fe208e933 ] Request (ServerActionsTestOtherB:setUpClass): 200 GET http://10.180.1.21/compute/v2.1/servers/cdcc1d35-9ead-4e4c-ada3-ab31513b73af 0.299s
2025-02-19 11:03:42.752 64818 INFO tempest.lib.common.rest_client [req-37b3f7ae-cdb6-498c-aaa8-7bff2765252d req-37b3f7ae-cdb6-498c-aaa8-7bff2765252d ] Request (ServerShowV257Test:test_rebuild_server): 200 GET http://10.180.1.21/compute/v2.1/servers/29249acd-a277-4c8b-aa14-a981b1ef16e1 0.070s
2025-02-19 11:03:42.762 64818 INFO tempest.common.waiters [-] State transition "REBUILD/rebuilding" ==> "REBUILD/rebuild_spawning" after 3 second wait
2025-02-19 11:03:42.810 64778 INFO tempest.lib.common.rest_client [req-9a36f16f-eb58-4370-b592-36d65194d806 req-9a36f16f-eb58-4370-b592-36d65194d806 ] Request (ServerGroupTestJSON:_run_cleanups): 200 GET http://10.180.1.21/compute/v2.1/servers/c806a2df-2ef2-44aa-a265-ece27caa6307 0.072s
2025-02-19 11:03:42.811 64810 INFO tempest.lib.common.rest_client [req-a7accce8-9bb0-4557-bc89-acb617cd598a req-a7accce8-9bb0-4557-bc89-acb617cd598a ] Request (SecurityGroupsTestJSON:test_server_security_groups): 200 GET http://10.180.1.21/compute/v2.1/servers/95420eb6-9a0f-446f-bed0-b8d47808f5c6 0.348s
2025-02-19 11:03:42.817 64778 INFO tempest.common.waiters [-] State transition "ACTIVE/deleting" ==> "DELETED/None" after 4 second wait
2025-02-19 11:03:42.819 64810 INFO tempest.common.waiters [-] State transition "BUILD/networking" ==> "BUILD/block_device_mapping" after 69 second wait
2025-02-19 11:03:42.867 64764 INFO tempest.lib.common.rest_client [req-2f27268b-ba89-41ed-9495-824eb102baa4 req-2f27268b-ba89-41ed-9495-824eb102baa4 ] Request (ImagesTestJSON:test_create_image_from_suspended_server): 200 GET http://10.180.1.21/compute/v2.1/servers/6826ea78-727c-4fbe-bb2c-13c66fdcaf3b 0.054s
2025-02-19 11:03:42.868 64806 INFO tempest.lib.common.rest_client [req-8661f1e3-f08f-4cf0-ab1f-0148bc1641ac req-8661f1e3-f08f-4cf0-ab1f-0148bc1641ac ] Request (MultipleCreateTestJSON:_run_cleanups): 200 GET http://10.180.1.21/compute/v2.1/servers/5e644577-0d03-40a8-b3bb-3df850f4f66b 0.118s
2025-02-19 11:03:42.919 64784 INFO tempest.lib.common.rest_client [req-0853f3b9-573f-47b9-bf56-25a5c081063d req-0853f3b9-573f-47b9-bf56-25a5c081063d ] Request (ServerRescueTestJSON:test_rescue_unrescue_instance): 200 GET http://10.180.1.21/compute/v2.1/servers/57c7045b-f9d7-46d9-8017-15896cee5224 0.056s
2025-02-19 11:03:42.985 64770 INFO tempest.lib.common.rest_client [req-a38a67c2-80e3-4815-b82d-0e6faffb0263 req-a38a67c2-80e3-4815-b82d-0e6faffb0263 ] Request (MigrationsAdminTest:test_list_migrations_in_flavor_resize_situation): 200 GET http://10.180.1.21/compute/v2.1/servers/4527a9ba-28f7-4698-aec0-6389cfc9d788 0.114s
2025-02-19 11:03:43.079 64820 INFO tempest.lib.common.rest_client [req-d01cd89f-a929-4b8e-a93a-ed31e5a304c5 req-d01cd89f-a929-4b8e-a93a-ed31e5a304c5 ] Request (FloatingIPsAssociationTestJSON:tearDownClass): 200 GET http://10.180.1.21/compute/v2.1/servers/44cba84c-0e8a-485d-810f-60dc64152206 0.057s
2025-02-19 11:03:43.084 64760 INFO tempest.lib.common.rest_client [req-56b0b52c-007b-4de7-8f3d-c45eb948eb9d req-56b0b52c-007b-4de7-8f3d-c45eb948eb9d ] Request (ServersNegativeTestJSON:setUpClass): 200 GET http://10.180.1.21/compute/v2.1/servers/88f3252f-5271-4778-b8e4-a952460d400d 0.053s
2025-02-19 11:03:43.122 64762 INFO tempest.lib.common.rest_client [req-1091238f-c4cb-4c9a-8a5d-15b8bc54a641 req-1091238f-c4cb-4c9a-8a5d-15b8bc54a641 ] Request (ServersAdminTestJSON:test_inject_network_info): 200 GET http://10.180.1.21/compute/v2.1/servers/0981bdf7-7ad1-45d4-a556-7e69da1cf213 0.042s
2025-02-19 11:03:43.153 64788 INFO tempest.lib.common.rest_client [req-44e5ad37-bf6e-40d1-9e96-41852d329c55 req-44e5ad37-bf6e-40d1-9e96-41852d329c55 ] Request (ServersTestBootFromVolume:setUpClass): 200 GET http://10.180.1.21/compute/v2.1/servers/57de5093-57f2-414f-b665-89affbbf74dd 0.049s
2025-02-19 11:03:43.282 64777 INFO tempest.lib.common.rest_client [req-f102ee57-e4fe-497f-b5c0-73935936039e req-f102ee57-e4fe-497f-b5c0-73935936039e ] Request (ServersAdminNegativeTestJSON:tearDownClass): 200 GET http://10.180.1.21/compute/v2.1/servers/08c515e5-c17a-4333-a240-55f0fbb93a86 0.057s
2025-02-19 11:03:43.297 64786 INFO tempest.lib.common.rest_client [req-a95cbf74-8e66-43c5-8041-6fe6e75e48da req-a95cbf74-8e66-43c5-8041-6fe6e75e48da ] Request (DeleteServersTestJSON:test_delete_server_while_in_attached_volume): 200 GET http://10.180.1.21/compute/v2.1/servers/ebd70bba-160b-41dc-94ca-5d45e99e5dd8 0.050s
2025-02-19 11:03:43.380 64772 INFO tempest.lib.common.rest_client [req-1233a9d2-5624-4690-9a48-914ed2e19292 req-1233a9d2-5624-4690-9a48-914ed2e19292 ] Request (ServerAddressesNegativeTestJSON:setUpClass): 200 GET http://10.180.1.21/compute/v2.1/servers/5d32979c-4d4b-4ec2-ae7a-23f8808cce19 0.048s
2025-02-19 11:03:43.453 64768 INFO tempest.lib.common.rest_client [req-0146adbb-edf4-4a44-8254-7fbd826a2fce req-0146adbb-edf4-4a44-8254-7fbd826a2fce ] Request (ServersTestManualDisk:setUpClass): 200 GET http://10.180.1.21/compute/v2.1/servers/cbdfcbe9-0ca2-4812-850b-15af857303a7 0.063s
2025-02-19 11:03:43.470 64790 INFO tempest.lib.common.rest_client [req-16447975-95f0-4d50-a434-37a720873b2b req-16447975-95f0-4d50-a434-37a720873b2b ] Request (InstanceActionsNegativeTestJSON:tearDownClass): 200 GET http://10.180.1.21/compute/v2.1/servers/4865661d-e1c2-4e2a-9051-bab851553c15 0.061s
2025-02-19 11:03:43.515 64802 INFO tempest.lib.common.rest_client [req-b88fd6e7-9d89-4289-8272-882c8ec1298a req-b88fd6e7-9d89-4289-8272-882c8ec1298a ] Request (ImagesOneServerNegativeTestJSON:_run_cleanups): 200 GET http://10.180.1.21/compute/v2.1/servers/c852ede9-4489-49bb-89cf-6664ff3d5567 0.048s
2025-02-19 11:03:43.743 64792 INFO tempest.lib.common.rest_client [req-5d374d7f-c761-4c13-8cb5-2d63dc1e8773 req-5d374d7f-c761-4c13-8cb5-2d63dc1e8773 ] Request (ServerActionsTestOtherB:setUpClass): 200 GET http://10.180.1.21/compute/v2.1/servers/cdcc1d35-9ead-4e4c-ada3-ab31513b73af 0.057s
2025-02-19 11:03:43.771 64782 WARNING tempest.lib.common.ssh [-] Failed to establish authenticated ssh connection to cirros@10.180.180.191 ([Errno None] Unable to connect to port 22 on 10.180.180.191). Number attempts: 11. Retry after 12 seconds.: paramiko.ssh_exception.NoValidConnectionsError: [Errno None] Unable to connect to port 22 on 10.180.180.191
2025-02-19 11:03:43.814 64818 INFO tempest.lib.common.rest_client [req-471247dd-0a60-46a9-ad3e-bee1c95774c0 req-471247dd-0a60-46a9-ad3e-bee1c95774c0 ] Request (ServerShowV257Test:test_rebuild_server): 200 GET http://10.180.1.21/compute/v2.1/servers/29249acd-a277-4c8b-aa14-a981b1ef16e1 0.050s
2025-02-19 11:03:43.879 64778 INFO tempest.lib.common.rest_client [req-d7d536c7-ab08-4913-bc67-44426468e457 req-d7d536c7-ab08-4913-bc67-44426468e457 ] Request (ServerGroupTestJSON:_run_cleanups): 200 GET http://10.180.1.21/compute/v2.1/servers/c806a2df-2ef2-44aa-a265-ece27caa6307 0.061s
2025-02-19 11:03:43.921 64764 INFO tempest.lib.common.rest_client [req-2974d3ba-7029-4a6e-af7e-f4d9879ed9aa req-2974d3ba-7029-4a6e-af7e-f4d9879ed9aa ] Request (ImagesTestJSON:test_create_image_from_suspended_server): 200 GET http://10.180.1.21/compute/v2.1/servers/6826ea78-727c-4fbe-bb2c-13c66fdcaf3b 0.047s
2025-02-19 11:03:43.926 64810 INFO tempest.lib.common.rest_client [req-4cb63bca-8fca-4a4c-a0c8-66589d2299a5 req-4cb63bca-8fca-4a4c-a0c8-66589d2299a5 ] Request (SecurityGroupsTestJSON:test_server_security_groups): 200 GET http://10.180.1.21/compute/v2.1/servers/95420eb6-9a0f-446f-bed0-b8d47808f5c6 0.105s
2025-02-19 11:03:43.932 64810 INFO tempest.common.waiters [-] State transition "BUILD/block_device_mapping" ==> "BUILD/spawning" after 70 second wait
2025-02-19 11:03:43.975 64806 INFO tempest.lib.common.rest_client [req-1ab96b83-1881-48ee-90d3-46e679d7e2b7 req-1ab96b83-1881-48ee-90d3-46e679d7e2b7 ] Request (MultipleCreateTestJSON:_run_cleanups): 200 GET http://10.180.1.21/compute/v2.1/servers/5e644577-0d03-40a8-b3bb-3df850f4f66b 0.096s
2025-02-19 11:03:43.980 64784 INFO tempest.lib.common.rest_client [req-65e6415e-511c-4319-a5cd-08e2da3dd650 req-65e6415e-511c-4319-a5cd-08e2da3dd650 ] Request (ServerRescueTestJSON:test_rescue_unrescue_instance): 200 GET http://10.180.1.21/compute/v2.1/servers/57c7045b-f9d7-46d9-8017-15896cee5224 0.054s
2025-02-19 11:03:44.072 64770 INFO tempest.lib.common.rest_client [req-f112a96a-e2a4-4cd3-8271-ad562ff3e7d8 req-f112a96a-e2a4-4cd3-8271-ad562ff3e7d8 ] Request (MigrationsAdminTest:test_list_migrations_in_flavor_resize_situation): 200 GET http://10.180.1.21/compute/v2.1/servers/4527a9ba-28f7-4698-aec0-6389cfc9d788 0.079s
2025-02-19 11:03:44.140 64760 INFO tempest.lib.common.rest_client [req-4078e0f6-53ff-4dcd-b8b3-151ff301446f req-4078e0f6-53ff-4dcd-b8b3-151ff301446f ] Request (ServersNegativeTestJSON:setUpClass): 200 GET http://10.180.1.21/compute/v2.1/servers/88f3252f-5271-4778-b8e4-a952460d400d 0.047s
2025-02-19 11:03:44.146 64820 INFO tempest.lib.common.rest_client [req-baabd838-8355-41dd-8689-22d471fd3a9c req-baabd838-8355-41dd-8689-22d471fd3a9c ] Request (FloatingIPsAssociationTestJSON:tearDownClass): 200 GET http://10.180.1.21/compute/v2.1/servers/44cba84c-0e8a-485d-810f-60dc64152206 0.059s
