2025-02-19 11:02:03.110 64770 INFO tempest.lib.common.rest_client [req-4cab82ad-9556-4fd5-9a48-a49a8a0d51d5 req-4cab82ad-9556-4fd5-9a48-a49a8a0d51d5 ] Request (KeyPairsV210TestJSON:_run_cleanups): 204 DELETE http://10.180.1.21/compute/v2.1/os-keypairs/tempest-keypair-568218979?user_id=e86e479477f54006b7942f0f46d81b9c 0.700s
2025-02-19 11:02:03.130 64804 INFO tempest.lib.common.rest_client [req-64e99062-45c5-491f-8321-d32bfef303c2 req-64e99062-45c5-491f-8321-d32bfef303c2 ] Request (ImagesMetadataNegativeTestJSON:test_list_nonexistent_image_metadata): 404 GET http://10.180.1.21/compute/v2.1/images/6a02e931-e334-465f-bebf-85f364b92a2d/metadata 0.669s
2025-02-19 11:02:03.141 64820 INFO tempest.lib.common.rest_client [req-f7ddf9e3-ce8e-4f05-897c-aaf42d0f2978 req-f7ddf9e3-ce8e-4f05-897c-aaf42d0f2978 ] Request (FloatingIPsAssociationTestJSON:test_associate_already_associated_floating_ip): 200 GET http://10.180.1.21/compute/v2.1/servers/3299739d-1b3d-49ed-b2a3-ccee2418ab1d 0.749s
2025-02-19 11:02:03.166 64814 INFO tempest.lib.common.rest_client [req-d0a98fc9-abf6-4d17-87f8-e51bbe8d3a84 req-d0a98fc9-abf6-4d17-87f8-e51bbe8d3a84 ] Request (ServerDiagnosticsTest:tearDownClass): 204 DELETE http://10.180.1.21:9696/networking/v2.0/security-groups/380fa0b9-f0d5-4205-83e9-91dfa9f58ad4 0.121s
2025-02-19 11:02:03.200 64772 INFO tempest.lib.common.rest_client [req-6f9f2832-f153-4e23-98b0-133622dba1ef req-6f9f2832-f153-4e23-98b0-133622dba1ef ] Request (ServersAdmin275Test:test_rebuild_update_server_275): 200 GET http://10.180.1.21/compute/v2.1/servers/1a443c3f-117d-4632-9f1f-f00b17394c3f 0.701s
2025-02-19 11:02:03.209 64772 INFO tempest.common.waiters [-] State transition "REBUILD/rebuild_spawning" ==> "ACTIVE/None" after 10 second wait
2025-02-19 11:02:03.266 64814 INFO tempest.lib.common.rest_client [req-287b25ce-d3f9-4482-b390-366c1fe11aa9 req-287b25ce-d3f9-4482-b390-366c1fe11aa9 ] Request (ServerDiagnosticsTest:tearDownClass): 204 DELETE http://10.180.1.21/identity/v3/projects/1f02a90bd68c4f448c9c8aca00d2f719 0.099s
2025-02-19 11:02:03.266 64814 INFO tempest.lib.common.dynamic_creds [-] Deleting project and security group for project: a3159e756e8d499fb6ad7c3757025606
2025-02-19 11:02:03.329 64814 INFO tempest.lib.common.rest_client [req-8214941c-75ed-458f-83d8-eeb1c44305fa req-8214941c-75ed-458f-83d8-eeb1c44305fa ] Request (ServerDiagnosticsTest:tearDownClass): 200 GET http://10.180.1.21:9696/networking/v2.0/security-groups?tenant_id=a3159e756e8d499fb6ad7c3757025606&name=default 0.063s
2025-02-19 11:02:03.336 64806 INFO tempest.lib.common.rest_client [req-854f7f10-2269-4cc4-a100-10e2219f0328 req-854f7f10-2269-4cc4-a100-10e2219f0328 ] Request (QuotasAdminNegativeTest:test_create_server_when_memory_quota_is_full): 403 POST http://10.180.1.21/compute/v2.1/servers 0.754s
2025-02-19 11:02:03.367 64788 INFO tempest.lib.common.rest_client [req-06b61157-e695-4d38-bcaa-7b15f4343b3b req-06b61157-e695-4d38-bcaa-7b15f4343b3b ] Request (AggregatesAdminNegativeTestJSON:test_aggregate_remove_nonexistent_host): 200 POST http://10.180.1.21/compute/v2.1/os-aggregates 0.748s
2025-02-19 11:02:03.378 64818 INFO tempest.lib.common.rest_client [req-3051f1e2-8fa8-4386-ab5b-7b59cdd13bb2 req-3051f1e2-8fa8-4386-ab5b-7b59cdd13bb2 ] Request (SecurityGroupRulesTestJSON:test_security_group_rules_create_with_optional_cidr): 200 POST http://10.180.1.21/compute/v2.1/os-security-group-rules 0.765s
2025-02-19 11:02:03.460 64814 INFO tempest.lib.common.rest_client [req-4653d20f-e92c-48a9-8897-5ac181accffd req-4653d20f-e92c-48a9-8897-5ac181accffd ] Request (ServerDiagnosticsTest:tearDownClass): 204 DELETE http://10.180.1.21:9696/networking/v2.0/security-groups/8ef0380e-f32f-4c88-984c-a677acaaff0a 0.131s
2025-02-19 11:02:03.517 64777 INFO tempest.lib.common.rest_client [req-4a4fd3ad-eb4f-41bc-a170-05183c2ee941 req-4a4fd3ad-eb4f-41bc-a170-05183c2ee941 ] Request (ServersAdminNegativeTestJSON:test_migrate_server_invalid_state): 200 GET http://10.180.1.21/compute/v2.1/servers/5c6ceda1-24ea-4706-bb14-7408d945ff55 0.886s
2025-02-19 11:02:03.552 64790 INFO tempest.lib.common.rest_client [req-c35077fb-4290-46a2-86a8-aa4c0d87a049 req-c35077fb-4290-46a2-86a8-aa4c0d87a049 ] Request (ServerExternalEventsTest:tearDownClass): 404 GET http://10.180.1.21/compute/v2.1/servers/4aaac52e-e991-4949-bae7-1084593aad3d 0.781s
2025-02-19 11:02:03.559 64802 INFO tempest.lib.common.rest_client [req-ee748e5f-13b8-42bb-b122-62c211963b54 req-ee748e5f-13b8-42bb-b122-62c211963b54 ] Request (ImagesOneServerNegativeTestJSON:test_create_image_specify_name_over_character_limit): 400 POST http://10.180.1.21/compute/v2.1/servers/a58a3926-6b91-442a-bb19-e8557b50b57a/action 0.774s
2025-02-19 11:02:03.593 64814 INFO tempest.lib.common.rest_client [req-d55177d5-ecec-44c9-ac3c-67242a4e77a5 req-d55177d5-ecec-44c9-ac3c-67242a4e77a5 ] Request (ServerDiagnosticsTest:tearDownClass): 204 DELETE http://10.180.1.21/identity/v3/projects/a3159e756e8d499fb6ad7c3757025606 0.132s
2025-02-19 11:02:03.611 64784 INFO tempest.lib.common.rest_client [req-257c0097-b713-44b2-9db2-41bd4f98ed20 req-257c0097-b713-44b2-9db2-41bd4f98ed20 ] Request (ImagesMetadataTestJSON:test_set_image_metadata): 200 GET http://10.180.1.21/compute/v2.1/images/6c779400-bba6-4547-9274-609a8fb8a10d/metadata 0.684s
2025-02-19 11:02:03.639 64814 INFO tempest.lib.common.rest_client [req-69568779-978a-4aea-be21-50093f74a3f3 req-69568779-978a-4aea-be21-50093f74a3f3 ] Request (TenantUsagesTestJSON:setUpClass): 201 POST http://10.180.1.21/identity/v3/auth/tokens 0.042s
2025-02-19 11:02:03.697 64790 INFO tempest.lib.common.rest_client [req-50a7dda2-863a-4c51-af5c-89d2ca87922b req-50a7dda2-863a-4c51-af5c-89d2ca87922b ] Request (ServerExternalEventsTest:tearDownClass): 204 DELETE http://10.180.1.21/identity/v3/users/b78cf1730521499b8d8425fed44a4858 0.145s
2025-02-19 11:02:03.730 64814 INFO tempest.lib.common.rest_client [req-522455b1-9fc5-4e12-9d86-6b3ba5ede308 req-522455b1-9fc5-4e12-9d86-6b3ba5ede308 ] Request (TenantUsagesTestJSON:setUpClass): 201 POST http://10.180.1.21/identity/v3/auth/tokens 0.085s
2025-02-19 11:02:03.745 64796 WARNING tempest.lib.common.ssh [-] Failed to establish authenticated ssh connection to cirros@10.180.180.139 ([Errno None] Unable to connect to port 22 on 10.180.180.139). Number attempts: 1. Retry after 2 seconds.: paramiko.ssh_exception.NoValidConnectionsError: [Errno None] Unable to connect to port 22 on 10.180.180.139
2025-02-19 11:02:03.757 64798 INFO tempest.lib.common.rest_client [req-5ad3e2ae-633d-44f1-b722-e004683bc3cd req-5ad3e2ae-633d-44f1-b722-e004683bc3cd ] Request (ServerAddressesTestJSON:setUpClass): 200 GET http://10.180.1.21/compute/v2.1/servers/5bb4533f-fd1f-4f67-9d60-d34509284bd5 0.777s
2025-02-19 11:02:03.767 64814 INFO tempest.lib.common.rest_client [req-77201392-9bf8-4226-8c7f-4f6f84afa143 req-77201392-9bf8-4226-8c7f-4f6f84afa143 ] Request (TenantUsagesTestJSON:setUpClass): 200 GET http://10.180.1.21/identity/v3/domains?name=Default 0.036s
2025-02-19 11:02:03.787 64790 INFO tempest.lib.common.rest_client [req-276a47c5-f2ff-4a1f-b51f-1ec20570cfed req-276a47c5-f2ff-4a1f-b51f-1ec20570cfed ] Request (ServerExternalEventsTest:tearDownClass): 204 DELETE http://10.180.1.21/identity/v3/users/4f5d439be91d42c8a63329a38f214058 0.089s
2025-02-19 11:02:03.848 64760 INFO tempest.lib.common.rest_client [req-c10e09f6-6f78-43f6-b7cd-f04f869e6499 req-c10e09f6-6f78-43f6-b7cd-f04f869e6499 ] Request (ServersAaction247Test:tearDownClass): 200 GET http://10.180.1.21/compute/v2.1/servers/493ae756-b9ef-45fd-af3f-2d9ba80c797c 0.799s
2025-02-19 11:02:03.870 64814 INFO tempest.lib.common.rest_client [req-41822c47-3f62-4451-9dbb-1d2b55776835 req-41822c47-3f62-4451-9dbb-1d2b55776835 ] Request (TenantUsagesTestJSON:setUpClass): 201 POST http://10.180.1.21/identity/v3/projects 0.102s
2025-02-19 11:02:03.929 64790 INFO tempest.lib.common.rest_client [req-8942c160-94bf-4133-ab88-648716347661 req-8942c160-94bf-4133-ab88-648716347661 ] Request (ServerExternalEventsTest:tearDownClass): 204 DELETE http://10.180.1.21/identity/v3/users/bed7717b1e4d459cab999b7e48f2a086 0.142s
2025-02-19 11:02:03.929 64790 INFO tempest.lib.common.dynamic_creds [-] Deleting project and security group for project: caab9e0a3a964975853de77d1c51dc0a
2025-02-19 11:02:03.984 64800 INFO tempest.lib.common.rest_client [req-f4a9ad7f-b9c4-4f14-a609-dc0ef449981b req-f4a9ad7f-b9c4-4f14-a609-dc0ef449981b ] Request (ServerActionsV293TestJSON:setUpClass): 202 POST http://10.180.1.21/compute/v2.1/servers 1.279s
2025-02-19 11:02:04.009 64812 INFO tempest.lib.common.rest_client [req-713958bb-ce27-4a31-942f-14c81480bdc3 req-713958bb-ce27-4a31-942f-14c81480bdc3 ] Request (ServersWithSpecificFlavorTestJSON:test_verify_created_server_ephemeral_disk): 200 GET http://10.180.1.21/compute/v2.1/servers/49bcdc71-bde6-45c3-a4d1-4e0458b5a415 0.924s
2025-02-19 11:02:04.023 64812 INFO tempest.lib.common.ssh [-] Creating ssh connection to '10.180.180.226:22' as 'cirros' with public key authentication
2025-02-19 11:02:04.024 64814 INFO tempest.lib.common.rest_client [req-2be02bd7-1796-487b-b2c2-655c3be6f053 req-2be02bd7-1796-487b-b2c2-655c3be6f053 ] Request (TenantUsagesTestJSON:setUpClass): 201 POST http://10.180.1.21/identity/v3/users 0.153s
2025-02-19 11:02:04.030 64790 INFO tempest.lib.common.rest_client [req-a4e1ce12-7b22-4ea6-9a4c-da8de2240d26 req-a4e1ce12-7b22-4ea6-9a4c-da8de2240d26 ] Request (ServerExternalEventsTest:tearDownClass): 201 POST http://10.180.1.21/identity/v3/auth/tokens 0.101s
2025-02-19 11:02:04.038 64770 INFO tempest.lib.common.rest_client [req-b03d6235-f4a3-48a4-a3dd-6d5d3ad7eb53 req-b03d6235-f4a3-48a4-a3dd-6d5d3ad7eb53 ] Request (KeyPairsV210TestJSON:_run_cleanups): 204 DELETE http://10.180.1.21/compute/v2.1/os-keypairs/tempest-keypair-894694534?user_id=e86e479477f54006b7942f0f46d81b9c 0.927s
2025-02-19 11:02:04.065 64804 INFO tempest.lib.common.rest_client [req-b7f6d352-db53-4612-b5b2-0c190712891f req-b7f6d352-db53-4612-b5b2-0c190712891f ] Request (ImagesMetadataNegativeTestJSON:test_set_nonexistent_image_metadata): 404 PUT http://10.180.1.21/compute/v2.1/images/da15234e-e558-4871-9c4c-1904a8e7f942/metadata 0.933s
2025-02-19 11:02:04.066 64814 INFO tempest.lib.common.rest_client [req-af635339-d3a9-46e3-9a69-633dad96c78a req-af635339-d3a9-46e3-9a69-633dad96c78a ] Request (TenantUsagesTestJSON:setUpClass): 200 GET http://10.180.1.21/identity/v3/roles 0.041s
2025-02-19 11:02:04.069 64778 INFO tempest.lib.common.rest_client [req-e0a3629f-4918-423e-a6f4-3ae39fef5b90 req-e0a3629f-4918-423e-a6f4-3ae39fef5b90 ] Request (FloatingIPsTestJSON:tearDownClass): 200 PUT http://10.180.1.21:9696/networking/v2.0/routers/1c8af089-aa0b-41a2-a7de-7ee1bac9be34/remove_router_interface 1.255s
2025-02-19 11:02:04.140 64770 INFO tempest.lib.common.rest_client [req-6a8f01a1-bc82-45f3-86a2-b64ca3b03960 req-6a8f01a1-bc82-45f3-86a2-b64ca3b03960 ] Request (KeyPairsV210TestJSON:tearDownClass): 204 DELETE http://10.180.1.21/identity/v3/users/e86e479477f54006b7942f0f46d81b9c 0.101s
2025-02-19 11:02:04.217 64774 INFO tempest.lib.common.rest_client [req-1f0295f7-819f-4c22-aac6-527e8b5a5cbd req-1f0295f7-819f-4c22-aac6-527e8b5a5cbd ] Request (QuotasAdminTestV236:test_get_updated_quotas): 200 GET http://10.180.1.21/compute/v2.1/os-quota-sets/b8fc80c2807b49169ee9947d608d34b9?user_id=405a2de490724469a586f76ae5381c50 1.121s
2025-02-19 11:02:04.280 64814 INFO tempest.lib.common.rest_client [req-40b3ce36-a505-4937-bb88-fd15e6c3033b req-40b3ce36-a505-4937-bb88-fd15e6c3033b ] Request (TenantUsagesTestJSON:setUpClass): 204 PUT http://10.180.1.21/identity/v3/projects/83eeb70c593742d4aa37e9fa859841e0/users/ac58d066e310431aa7eda2e7b872766b/roles/e316fca7f46a4ecfb70a024a0311f75b 0.213s
2025-02-19 11:02:04.280 64814 INFO tempest.lib.common.dynamic_creds [-] Dynamic test user ac58d066e310431aa7eda2e7b872766b is created with scope project and roles: ['member']
2025-02-19 11:02:04.281 64814 INFO tempest.lib.common.dynamic_creds [-] Acquired dynamic creds: credentials: Credentials: {'domain_id': 'default', 'domain_name': 'Default', 'username': 'tempest-TenantUsagesTestJSON-1754389054-project-member', 'project_domain_id': 'default', 'project_domain_name': 'Default', 'project_id': '83eeb70c593742d4aa37e9fa859841e0', 'project_name': 'tempest-TenantUsagesTestJSON-1754389054', 'tenant_id': '83eeb70c593742d4aa37e9fa859841e0', 'tenant_name': 'tempest-TenantUsagesTestJSON-1754389054', 'user_domain_id': 'default', 'user_domain_name': 'Default', 'user_id': 'ac58d066e310431aa7eda2e7b872766b', 'system': None}, Network: None, Subnet: None, Router: None
2025-02-19 11:02:04.281 64814 INFO tempest.lib.common.dynamic_creds [-] Created isolated network resources for: credentials: Credentials: {'domain_id': 'default', 'domain_name': 'Default', 'username': 'tempest-TenantUsagesTestJSON-1754389054-project-member', 'project_domain_id': 'default', 'project_domain_name': 'Default', 'project_id': '83eeb70c593742d4aa37e9fa859841e0', 'project_name': 'tempest-TenantUsagesTestJSON-1754389054', 'tenant_id': '83eeb70c593742d4aa37e9fa859841e0', 'tenant_name': 'tempest-TenantUsagesTestJSON-1754389054', 'user_domain_id': 'default', 'user_domain_name': 'Default', 'user_id': 'ac58d066e310431aa7eda2e7b872766b', 'system': None}, Network: None, Subnet: None, Router: None
2025-02-19 11:02:04.377 64810 INFO tempest.lib.common.rest_client [req-4a2d3c51-e893-4dda-8f92-d2eedc501c12 req-4a2d3c51-e893-4dda-8f92-d2eedc501c12 ] Request (SecurityGroupsTestJSON:test_list_security_groups_by_server): 200 GET http://10.180.1.21/compute/v2.1/servers/ca8eed0f-3212-4528-ac6e-b5b714c34478 1.157s
2025-02-19 11:02:04.416 64774 INFO tempest.lib.common.rest_client [req-e8395508-b42a-4f1d-8b1d-0057b7691b50 req-e8395508-b42a-4f1d-8b1d-0057b7691b50 ] Request (QuotasAdminTestV236:_run_cleanups): 204 DELETE http://10.180.1.21/identity/v3/users/405a2de490724469a586f76ae5381c50 0.197s
2025-02-19 11:02:04.420 64770 INFO tempest.lib.common.rest_client [req-d20af449-ccd0-48e9-a96b-6e5bc4c74665 req-d20af449-ccd0-48e9-a96b-6e5bc4c74665 ] Request (KeyPairsV210TestJSON:tearDownClass): 204 DELETE http://10.180.1.21/identity/v3/users/0be23209e5ea407dba96add13ee328da 0.279s
2025-02-19 11:02:04.420 64770 INFO tempest.lib.common.dynamic_creds [-] Deleting project and security group for project: 1864c47166d748fbb1e060e0d27a0f04
2025-02-19 11:02:04.432 64790 INFO tempest.lib.common.rest_client [req-ebd22f7c-318d-474c-bee2-f483b53b838d req-ebd22f7c-318d-474c-bee2-f483b53b838d ] Request (ServerExternalEventsTest:tearDownClass): 200 GET http://10.180.1.21:9696/networking/v2.0/security-groups?tenant_id=caab9e0a3a964975853de77d1c51dc0a&name=default 0.402s
2025-02-19 11:02:04.467 64786 INFO tempest.lib.common.rest_client [req-9278969b-1775-432a-a661-382db2ff2057 req-9278969b-1775-432a-a661-382db2ff2057 ] Request (DeleteServersTestJSON:test_delete_active_server): 200 GET http://10.180.1.21/compute/v2.1/servers/686e78f4-a5c2-465a-9018-5623795aadd0 1.163s
2025-02-19 11:02:04.498 64814 INFO tempest.lib.common.rest_client [req-5650206c-2a2b-456a-b433-a33dbdfbb955 req-5650206c-2a2b-456a-b433-a33dbdfbb955 ] Request (TenantUsagesTestJSON:setUpClass): 201 POST http://10.180.1.21/identity/v3/auth/tokens 0.214s
2025-02-19 11:02:04.565 64774 INFO tempest.lib.common.rest_client [req-1a801e09-17bd-4d44-b228-42280650b9b6 req-1a801e09-17bd-4d44-b228-42280650b9b6 ] Request (QuotasAdminTestV236:_run_cleanups): 204 DELETE http://10.180.1.21/identity/v3/projects/b8fc80c2807b49169ee9947d608d34b9 0.148s
2025-02-19 11:02:04.569 64770 INFO tempest.lib.common.rest_client [req-13c8e016-e0b6-4fa6-a230-98de6472421c req-13c8e016-e0b6-4fa6-a230-98de6472421c ] Request (KeyPairsV210TestJSON:tearDownClass): 201 POST http://10.180.1.21/identity/v3/auth/tokens 0.149s
2025-02-19 11:02:04.570 64764 INFO tempest.lib.common.rest_client [req-339b50bf-316a-4c62-a670-da466962afbb req-339b50bf-316a-4c62-a670-da466962afbb ] Request (ImagesTestJSON:test_create_image_from_stopped_server): 200 GET http://10.180.1.21/compute/v2.1/servers/6b932cd2-a6f5-4cc3-b287-91737817d6f7 1.260s
2025-02-19 11:02:04.625 64790 INFO tempest.lib.common.rest_client [req-4bdf228e-bc99-462e-b193-824282b1e5b8 req-4bdf228e-bc99-462e-b193-824282b1e5b8 ] Request (ServerExternalEventsTest:tearDownClass): 204 DELETE http://10.180.1.21:9696/networking/v2.0/security-groups/334c1b33-298a-416a-ad10-d3ac8079406a 0.192s
2025-02-19 11:02:04.639 64778 INFO tempest.lib.common.rest_client [req-f2bc54cb-f965-4e12-8844-0129067a48b0 req-f2bc54cb-f965-4e12-8844-0129067a48b0 ] Request (FloatingIPsTestJSON:tearDownClass): 204 DELETE http://10.180.1.21:9696/networking/v2.0/routers/1c8af089-aa0b-41a2-a7de-7ee1bac9be34 0.569s
2025-02-19 11:02:04.645 64814 INFO tempest.lib.common.rest_client [req-ff4927c5-bc2d-4b17-87cc-74e8d9d1b3a2 req-ff4927c5-bc2d-4b17-87cc-74e8d9d1b3a2 ] Request (TenantUsagesTestJSON:setUpClass): 201 POST http://10.180.1.21/identity/v3/projects 0.146s
2025-02-19 11:02:04.688 64774 INFO tempest.lib.common.rest_client [req-485d27a8-07c5-4e53-8a2b-27679ff7195c req-485d27a8-07c5-4e53-8a2b-27679ff7195c ] Request (QuotasAdminTestV236:tearDownClass): 204 DELETE http://10.180.1.21/identity/v3/users/8487bab74f4341d3a7299a76ce2eb5c3 0.121s
2025-02-19 11:02:04.728 64772 INFO tempest.lib.common.rest_client [req-7e86900c-274a-4960-be5d-8562aa087411 req-7e86900c-274a-4960-be5d-8562aa087411 ] Request (ServersAdmin275Test:test_rebuild_update_server_275): 202 POST http://10.180.1.21/compute/v2.1/servers/1a443c3f-117d-4632-9f1f-f00b17394c3f/action 1.518s
2025-02-19 11:02:04.752 64788 INFO tempest.lib.common.rest_client [req-507006a8-b473-4a7e-8266-87d9bb261633 req-507006a8-b473-4a7e-8266-87d9bb261633 ] Request (AggregatesAdminNegativeTestJSON:test_aggregate_remove_nonexistent_host): 404 POST http://10.180.1.21/compute/v2.1/os-aggregates/8/action 1.383s
2025-02-19 11:02:04.771 64778 INFO tempest.lib.common.rest_client [req-edcf2e99-dab2-4f96-942f-8d85aa58aa49 req-edcf2e99-dab2-4f96-942f-8d85aa58aa49 ] Request (FloatingIPsTestJSON:tearDownClass): 204 DELETE http://10.180.1.21:9696/networking/v2.0/subnets/524fc42f-ba01-42fc-a9f3-30de80c84f76 0.131s
2025-02-19 11:02:04.781 64814 INFO tempest.lib.common.rest_client [req-2d6fb35e-a222-4224-b1a6-c914e00d588e req-2d6fb35e-a222-4224-b1a6-c914e00d588e ] Request (TenantUsagesTestJSON:setUpClass): 201 POST http://10.180.1.21/identity/v3/users 0.135s
2025-02-19 11:02:04.807 64790 INFO tempest.lib.common.rest_client [req-a21c4c19-4930-4206-97b4-33e5073a85a8 req-a21c4c19-4930-4206-97b4-33e5073a85a8 ] Request (ServerExternalEventsTest:tearDownClass): 204 DELETE http://10.180.1.21/identity/v3/projects/caab9e0a3a964975853de77d1c51dc0a 0.182s
2025-02-19 11:02:04.807 64790 INFO tempest.lib.common.dynamic_creds [-] Deleting project and security group for project: f5db1938780e49d5bdd3fd0cbb7a64ec
2025-02-19 11:02:04.829 64762 INFO tempest.lib.common.rest_client [req-4a6743ae-c673-447c-882b-227095f98dd6 req-4a6743ae-c673-447c-882b-227095f98dd6 ] Request (ServersAdminTestJSON:setUpClass): 200 GET http://10.180.1.21/compute/v2.1/servers/7a36ccc9-c594-48f8-a847-9b26cd0431fb 1.454s
2025-02-19 11:02:04.878 64770 INFO tempest.lib.common.rest_client [req-082e3d30-f15a-4470-b1ac-e58d7e44207b req-082e3d30-f15a-4470-b1ac-e58d7e44207b ] Request (KeyPairsV210TestJSON:tearDownClass): 200 GET http://10.180.1.21:9696/networking/v2.0/security-groups?tenant_id=1864c47166d748fbb1e060e0d27a0f04&name=default 0.308s
2025-02-19 11:02:04.894 64774 INFO tempest.lib.common.rest_client [req-e9eee946-3b96-498c-8dc7-7bf458d846e0 req-e9eee946-3b96-498c-8dc7-7bf458d846e0 ] Request (QuotasAdminTestV236:tearDownClass): 204 DELETE http://10.180.1.21/identity/v3/users/f870228757b54d2fb8b492c309cad5ce 0.205s
2025-02-19 11:02:04.894 64774 INFO tempest.lib.common.dynamic_creds [-] Deleting project and security group for project: 90fb86fbf78b4d36959814e28891ebb5
2025-02-19 11:02:04.916 64768 INFO tempest.lib.common.rest_client [req-9fcf58df-3788-4204-a57a-64962f208de6 req-9fcf58df-3788-4204-a57a-64962f208de6 ] Request (AttachInterfacesV270Test:test_create_get_list_interfaces): 200 GET http://10.180.1.21/compute/v2.1/servers/bbbc7f19-5604-436d-af15-4bfd0fffac0b 1.539s
2025-02-19 11:02:04.957 64814 INFO tempest.lib.common.rest_client [req-255e323e-17e5-4767-bfec-efbb905458fd req-255e323e-17e5-4767-bfec-efbb905458fd ] Request (TenantUsagesTestJSON:setUpClass): 200 GET http://10.180.1.21/identity/v3/roles 0.175s
2025-02-19 11:02:04.960 64770 INFO tempest.lib.common.rest_client [req-d83257fd-616d-4eea-abee-9bdf74f7c4c0 req-d83257fd-616d-4eea-abee-9bdf74f7c4c0 ] Request (KeyPairsV210TestJSON:tearDownClass): 204 DELETE http://10.180.1.21:9696/networking/v2.0/security-groups/c3f7c001-127f-4b6f-80e7-952db8d9ba18 0.082s
2025-02-19 11:02:04.971 64774 INFO tempest.lib.common.rest_client [req-c0cf5225-b976-4da2-b760-54e1ad206334 req-c0cf5225-b976-4da2-b760-54e1ad206334 ] Request (QuotasAdminTestV236:tearDownClass): 201 POST http://10.180.1.21/identity/v3/auth/tokens 0.077s
2025-02-19 11:02:04.987 64814 INFO tempest.lib.common.rest_client [req-9e8d930b-a840-461e-8a94-047b9ad7fef4 req-9e8d930b-a840-461e-8a94-047b9ad7fef4 ] Request (TenantUsagesTestJSON:setUpClass): 204 PUT http://10.180.1.21/identity/v3/projects/341cc794786a46a1b23d25a363cb275d/users/fb173fcc744a4523ac51ec0f809e6f29/roles/d968412e13904db7984c69e74f3d7271 0.029s
2025-02-19 11:02:05.000 64806 INFO tempest.lib.common.rest_client [req-053a4630-07e1-44e2-94f3-7ff48591cbc0 req-053a4630-07e1-44e2-94f3-7ff48591cbc0 ] Request (QuotasAdminNegativeTest:_run_cleanups): 200 PUT http://10.180.1.21/compute/v2.1/os-quota-sets/a163ac8ebbad4a05932904d36dc85ef0 1.664s
2025-02-19 11:02:05.030 64770 INFO tempest.lib.common.rest_client [req-de437b20-f8a7-43b7-8140-423c0f15b2cb req-de437b20-f8a7-43b7-8140-423c0f15b2cb ] Request (KeyPairsV210TestJSON:tearDownClass): 204 DELETE http://10.180.1.21/identity/v3/projects/1864c47166d748fbb1e060e0d27a0f04 0.069s
2025-02-19 11:02:05.030 64770 INFO tempest.lib.common.dynamic_creds [-] Deleting project and security group for project: 340637089bfb441c83588d926081c134
2025-02-19 11:02:05.035 64790 INFO tempest.lib.common.rest_client [req-7dbf4aa2-3eeb-4921-9fef-09b56014beee req-7dbf4aa2-3eeb-4921-9fef-09b56014beee ] Request (ServerExternalEventsTest:tearDownClass): 200 GET http://10.180.1.21:9696/networking/v2.0/security-groups?tenant_id=f5db1938780e49d5bdd3fd0cbb7a64ec&name=default 0.228s
2025-02-19 11:02:05.087 64814 INFO tempest.lib.common.rest_client [req-784d3ca5-c1cb-47d2-ae6c-b0420e4f4537 req-784d3ca5-c1cb-47d2-ae6c-b0420e4f4537 ] Request (TenantUsagesTestJSON:setUpClass): 200 GET http://10.180.1.21/identity/v3/roles 0.099s
2025-02-19 11:02:05.103 64780 INFO tempest.lib.common.rest_client [req-d23a1703-73da-47ce-9577-37a0c148569d req-d23a1703-73da-47ce-9577-37a0c148569d ] Request (AttachVolumeShelveTestJSON:test_attach_volume_shelved_or_offload_server): 200 GET http://10.180.1.21/compute/v2.1/servers/a9cd65b5-58ae-4174-ba35-131d685991ef 1.650s
2025-02-19 11:02:05.107 64778 INFO tempest.lib.common.rest_client [req-ae85b2cf-0afc-493f-b735-5ac18f4f050f req-ae85b2cf-0afc-493f-b735-5ac18f4f050f ] Request (FloatingIPsTestJSON:tearDownClass): 204 DELETE http://10.180.1.21:9696/networking/v2.0/networks/d47d1d6e-0cef-47a5-a245-cf8683f13eb5 0.335s
2025-02-19 11:02:05.111 64814 INFO tempest.lib.common.rest_client [req-f886a1ab-e3cd-4ad0-acd2-3cb14e54f190 req-f886a1ab-e3cd-4ad0-acd2-3cb14e54f190 ] Request (TenantUsagesTestJSON:setUpClass): 204 PUT http://10.180.1.21/identity/v3/projects/341cc794786a46a1b23d25a363cb275d/users/fb173fcc744a4523ac51ec0f809e6f29/roles/d968412e13904db7984c69e74f3d7271 0.024s
2025-02-19 11:02:05.111 64814 INFO tempest.lib.common.dynamic_creds [-] Dynamic test user fb173fcc744a4523ac51ec0f809e6f29 is created with scope project and roles: ['admin']
2025-02-19 11:02:05.112 64814 INFO tempest.lib.common.dynamic_creds [-] Acquired dynamic creds: credentials: Credentials: {'domain_id': 'default', 'domain_name': 'Default', 'username': 'tempest-TenantUsagesTestJSON-1831076638-project-admin', 'project_domain_id': 'default', 'project_domain_name': 'Default', 'project_id': '341cc794786a46a1b23d25a363cb275d', 'project_name': 'tempest-TenantUsagesTestJSON-1831076638', 'tenant_id': '341cc794786a46a1b23d25a363cb275d', 'tenant_name': 'tempest-TenantUsagesTestJSON-1831076638', 'user_domain_id': 'default', 'user_domain_name': 'Default', 'user_id': 'fb173fcc744a4523ac51ec0f809e6f29', 'system': None}, Network: None, Subnet: None, Router: None
2025-02-19 11:02:05.112 64814 INFO tempest.lib.common.dynamic_creds [-] Created isolated network resources for: credentials: Credentials: {'domain_id': 'default', 'domain_name': 'Default', 'username': 'tempest-TenantUsagesTestJSON-1831076638-project-admin', 'project_domain_id': 'default', 'project_domain_name': 'Default', 'project_id': '341cc794786a46a1b23d25a363cb275d', 'project_name': 'tempest-TenantUsagesTestJSON-1831076638', 'tenant_id': '341cc794786a46a1b23d25a363cb275d', 'tenant_name': 'tempest-TenantUsagesTestJSON-1831076638', 'user_domain_id': 'default', 'user_domain_name': 'Default', 'user_id': 'fb173fcc744a4523ac51ec0f809e6f29', 'system': None}, Network: None, Subnet: None, Router: None
2025-02-19 11:02:05.171 64818 INFO tempest.lib.common.rest_client [req-cb9b3dc8-1a96-41fb-9dc5-b0bd53fdcb42 req-cb9b3dc8-1a96-41fb-9dc5-b0bd53fdcb42 ] Request (SecurityGroupRulesTestJSON:test_security_group_rules_create_with_optional_group_id): 200 POST http://10.180.1.21/compute/v2.1/os-security-groups 1.787s
2025-02-19 11:02:05.221 64814 INFO tempest.lib.common.rest_client [req-39409866-682a-4043-8b3a-3495cca309d5 req-39409866-682a-4043-8b3a-3495cca309d5 ] Request (TenantUsagesTestJSON:setUpClass): 201 POST http://10.180.1.21/identity/v3/auth/tokens 0.107s
2025-02-19 11:02:05.222 64814 WARNING tempest.lib.common.rest_client [-] Deprecated: "tenant_id" property is deprecated for removal, use "project_id" instead
2025-02-19 11:02:05.232 64816 INFO tempest.lib.common.rest_client [req-154d8ac9-7883-47be-b258-8236ad220b04 req-154d8ac9-7883-47be-b258-8236ad220b04 ] Request (ServersNegativeTestMultiTenantJSON:setUpClass): 200 GET http://10.180.1.21/compute/v2.1/servers/6db2f440-6651-4694-872b-72536274f44f 1.634s
2025-02-19 11:02:05.236 64802 INFO tempest.lib.common.rest_client [req-647d2263-edda-4cd0-a14a-19393b6d2d40 req-647d2263-edda-4cd0-a14a-19393b6d2d40 ] Request (ImagesOneServerNegativeTestJSON:tearDown): 200 GET http://10.180.1.21/compute/v2.1/servers/a58a3926-6b91-442a-bb19-e8557b50b57a 1.676s
2025-02-19 11:02:05.285 64778 INFO tempest.lib.common.rest_client [req-74709c03-8114-4408-940a-b6a6b443a93e req-74709c03-8114-4408-940a-b6a6b443a93e ] Request (FloatingIPsTestJSON:tearDownClass): 204 DELETE http://10.180.1.21/identity/v3/users/a6f05d9ca9a045988f9134e77ea78d04 0.177s
2025-02-19 11:02:05.285 64778 INFO tempest.lib.common.dynamic_creds [-] Deleting project and security group for project: 3829836f4ac44c088907a31adcf11cba
2025-02-19 11:02:05.297 64814 INFO tempest.lib.common.rest_client [req-24c01fb6-6261-4ff6-b5bd-4e5435743897 req-24c01fb6-6261-4ff6-b5bd-4e5435743897 ] Request (TenantUsagesTestJSON:setUpClass): 201 POST http://10.180.1.21/identity/v3/auth/tokens 0.071s
2025-02-19 11:02:05.298 64814 INFO tempest.lib.common.fixed_network [-] (TenantUsagesTestJSON:setUpClass) Found network None available for tenant
2025-02-19 11:02:05.320 64808 INFO tempest.lib.common.rest_client [req-8db15fac-31f0-4699-a141-7cc8651492d0 req-8db15fac-31f0-4699-a141-7cc8651492d0 ] Request (DeleteServersAdminTestJSON:test_delete_server_while_in_error_state): 200 GET http://10.180.1.21/compute/v2.1/servers/7467c72f-b5e5-4911-9d66-6944280908cb 1.419s
2025-02-19 11:02:05.323 64790 INFO tempest.lib.common.rest_client [req-888b49a5-9ced-4d94-80e3-103742bd1d0b req-888b49a5-9ced-4d94-80e3-103742bd1d0b ] Request (ServerExternalEventsTest:tearDownClass): 204 DELETE http://10.180.1.21:9696/networking/v2.0/security-groups/e0b15868-dc70-4f9c-b942-e53d2b8725ce 0.287s
2025-02-19 11:02:05.326 64778 INFO tempest.lib.common.rest_client [req-b468c6c2-2cac-4b19-92eb-8f03d2630907 req-b468c6c2-2cac-4b19-92eb-8f03d2630907 ] Request (FloatingIPsTestJSON:tearDownClass): 200 GET http://10.180.1.21:9696/networking/v2.0/security-groups?tenant_id=3829836f4ac44c088907a31adcf11cba&name=default 0.039s
2025-02-19 11:02:05.337 64770 INFO tempest.lib.common.rest_client [req-235f6b6c-9e31-466a-a3f5-78f130e92a92 req-235f6b6c-9e31-466a-a3f5-78f130e92a92 ] Request (KeyPairsV210TestJSON:tearDownClass): 200 GET http://10.180.1.21:9696/networking/v2.0/security-groups?tenant_id=340637089bfb441c83588d926081c134&name=default 0.306s
2025-02-19 11:02:05.397 64800 INFO tempest.lib.common.rest_client [req-9f8bd7b1-b0f7-4515-81ce-b4bcca32ff0d req-9f8bd7b1-b0f7-4515-81ce-b4bcca32ff0d ] Request (ServerActionsV293TestJSON:setUpClass): 200 GET http://10.180.1.21/compute/v2.1/servers/99eba029-a1cf-428f-a608-b4fe81e4c6a7 1.411s
2025-02-19 11:02:05.406 64782 WARNING tempest.lib.common.ssh [-] Failed to establish authenticated ssh connection to cirros@10.180.180.191 ([Errno None] Unable to connect to port 22 on 10.180.180.191). Number attempts: 1. Retry after 2 seconds.: paramiko.ssh_exception.NoValidConnectionsError: [Errno None] Unable to connect to port 22 on 10.180.180.191
2025-02-19 11:02:05.422 64774 INFO tempest.lib.common.rest_client [req-a549b132-0a45-41a8-baa1-7652aa89db14 req-a549b132-0a45-41a8-baa1-7652aa89db14 ] Request (QuotasAdminTestV236:tearDownClass): 200 GET http://10.180.1.21:9696/networking/v2.0/security-groups?tenant_id=90fb86fbf78b4d36959814e28891ebb5&name=default 0.451s
2025-02-19 11:02:05.466 64790 INFO tempest.lib.common.rest_client [req-2f060a42-2fb6-4ada-8dc1-1a53cc39e1bd req-2f060a42-2fb6-4ada-8dc1-1a53cc39e1bd ] Request (ServerExternalEventsTest:tearDownClass): 204 DELETE http://10.180.1.21/identity/v3/projects/f5db1938780e49d5bdd3fd0cbb7a64ec 0.142s
2025-02-19 11:02:05.466 64790 INFO tempest.lib.common.dynamic_creds [-] Deleting project and security group for project: 2abe841b792546889fd81bfd3a25dcd6
2025-02-19 11:02:05.478 64778 INFO tempest.lib.common.rest_client [req-8a1d3415-f52b-4510-9f91-d26fccee8fbe req-8a1d3415-f52b-4510-9f91-d26fccee8fbe ] Request (FloatingIPsTestJSON:tearDownClass): 204 DELETE http://10.180.1.21:9696/networking/v2.0/security-groups/6396afcc-cef8-4c7a-b920-b0bbcc98a518 0.151s
2025-02-19 11:02:05.483 64766 INFO tempest.lib.common.rest_client [req-d4ead48b-3922-43e6-896f-9745c7115cb7 req-d4ead48b-3922-43e6-896f-9745c7115cb7 ] Request (VolumesAdminNegativeTest:test_update_attached_volume_with_nonexistent_volume_in_body): 200 GET http://10.180.1.21/compute/v2.1/servers/184b46f6-60a1-4425-ae07-726c056b1a18 1.475s
2025-02-19 11:02:05.507 64804 INFO tempest.lib.common.rest_client [req-ba4c409a-522b-470c-83cf-17b2c49d86c1 req-ba4c409a-522b-470c-83cf-17b2c49d86c1 ] Request (ImagesMetadataNegativeTestJSON:test_set_nonexistent_image_metadata_item): 404 PUT http://10.180.1.21/compute/v2.1/images/5236c009-e858-4f5b-a4df-a32d16272602/metadata/os_distro 1.441s
2025-02-19 11:02:05.529 64790 INFO tempest.lib.common.rest_client [req-58cb9542-d976-4397-8bbc-6186fc4ffec0 req-58cb9542-d976-4397-8bbc-6186fc4ffec0 ] Request (ServerExternalEventsTest:tearDownClass): 200 GET http://10.180.1.21:9696/networking/v2.0/security-groups?tenant_id=2abe841b792546889fd81bfd3a25dcd6&name=default 0.063s
2025-02-19 11:02:05.541 64774 INFO tempest.lib.common.rest_client [req-41b5ca7b-0c27-47d2-a038-ef6f7618502a req-41b5ca7b-0c27-47d2-a038-ef6f7618502a ] Request (QuotasAdminTestV236:tearDownClass): 204 DELETE http://10.180.1.21:9696/networking/v2.0/security-groups/dbd5a80a-0133-4970-8ca4-5cfc39e464b0 0.118s
2025-02-19 11:02:05.561 64770 INFO tempest.lib.common.rest_client [req-b4bc1148-983b-4e30-acc6-ba13676da813 req-b4bc1148-983b-4e30-acc6-ba13676da813 ] Request (KeyPairsV210TestJSON:tearDownClass): 204 DELETE http://10.180.1.21:9696/networking/v2.0/security-groups/3abe1ed0-d71d-4060-b5c6-908ae09f0017 0.223s
2025-02-19 11:02:05.571 64784 INFO tempest.lib.common.rest_client [req-e51059bc-22b5-404e-88c3-5cb4cc708701 req-e51059bc-22b5-404e-88c3-5cb4cc708701 ] Request (ImagesMetadataTestJSON:setUp): 200 PUT http://10.180.1.21/compute/v2.1/images/6c779400-bba6-4547-9274-609a8fb8a10d/metadata 1.956s
2025-02-19 11:02:05.587 64792 INFO tempest.lib.common.rest_client [req-06f2349d-bfeb-48cf-8d35-1bce9961757b req-06f2349d-bfeb-48cf-8d35-1bce9961757b ] Request (ImagesNegativeTestJSON:test_create_image_from_deleted_server): 200 GET http://10.180.1.21/compute/v2.1/servers/cd909add-c6fc-4f7b-a74e-89fd2710884e 1.487s
2025-02-19 11:02:05.596 64822 WARNING tempest.lib.common.ssh [-] Failed to establish authenticated ssh connection to cirros@10.180.180.194 ([Errno None] Unable to connect to port 22 on 10.180.180.194). Number attempts: 3. Retry after 4 seconds.: paramiko.ssh_exception.NoValidConnectionsError: [Errno None] Unable to connect to port 22 on 10.180.180.194
2025-02-19 11:02:05.597 64792 INFO tempest.common.waiters [-] State transition "ACTIVE/deleting" ==> "DELETED/None" after 4 second wait
2025-02-19 11:02:05.632 64820 INFO tempest.lib.common.rest_client [req-114fd0d5-7317-4de9-880b-c6038bc4fe9e req-114fd0d5-7317-4de9-880b-c6038bc4fe9e ] Request (FloatingIPsAssociationTestJSON:test_associate_already_associated_floating_ip): 200 GET http://10.180.1.21/compute/v2.1/servers/3299739d-1b3d-49ed-b2a3-ccee2418ab1d 1.481s
2025-02-19 11:02:05.643 64778 INFO tempest.lib.common.rest_client [req-e04c17ae-d165-4d11-bc94-d93d6656b8b2 req-e04c17ae-d165-4d11-bc94-d93d6656b8b2 ] Request (FloatingIPsTestJSON:tearDownClass): 204 DELETE http://10.180.1.21/identity/v3/projects/3829836f4ac44c088907a31adcf11cba 0.164s
2025-02-19 11:02:05.663 64774 INFO tempest.lib.common.rest_client [req-7ddbc5fc-5985-4915-93c0-5ba82e21689b req-7ddbc5fc-5985-4915-93c0-5ba82e21689b ] Request (QuotasAdminTestV236:tearDownClass): 204 DELETE http://10.180.1.21/identity/v3/projects/90fb86fbf78b4d36959814e28891ebb5 0.121s
2025-02-19 11:02:05.664 64774 INFO tempest.lib.common.dynamic_creds [-] Deleting project and security group for project: 0be727550254401d967d0db14c0d20ee
2025-02-19 11:02:05.686 64790 INFO tempest.lib.common.rest_client [req-9aa02da0-fe03-4bf7-a32b-647d1710bdef req-9aa02da0-fe03-4bf7-a32b-647d1710bdef ] Request (ServerExternalEventsTest:tearDownClass): 204 DELETE http://10.180.1.21:9696/networking/v2.0/security-groups/d1017fee-6833-4760-849a-3861937d36d9 0.156s
2025-02-19 11:02:05.739 64772 INFO tempest.lib.common.rest_client [req-ce75b697-4811-4275-be92-b1f17df2ee6f req-ce75b697-4811-4275-be92-b1f17df2ee6f ] Request (ServersAdmin275Test:_run_cleanups): 200 GET http://10.180.1.21/compute/v2.1/servers/1a443c3f-117d-4632-9f1f-f00b17394c3f 0.997s
2025-02-19 11:02:05.741 64778 INFO tempest.lib.common.rest_client [req-fe052fd6-e4b5-4cf7-b4c6-2f0666a03292 req-fe052fd6-e4b5-4cf7-b4c6-2f0666a03292 ] Request (ServerGroupTestJSON:setUpClass): 201 POST http://10.180.1.21/identity/v3/auth/tokens 0.096s
2025-02-19 11:02:05.748 64777 INFO tempest.lib.common.rest_client [req-23b78f6d-fe40-4c9d-ba4c-8027f3d2f3f0 req-23b78f6d-fe40-4c9d-ba4c-8027f3d2f3f0 ] Request (ServersAdminNegativeTestJSON:test_migrate_server_invalid_state): 200 GET http://10.180.1.21/compute/v2.1/servers/5c6ceda1-24ea-4706-bb14-7408d945ff55 1.222s
2025-02-19 11:02:05.772 64788 INFO tempest.lib.common.rest_client [req-e1013eed-acf1-47ce-957e-085bad892f2a req-e1013eed-acf1-47ce-957e-085bad892f2a ] Request (AggregatesAdminNegativeTestJSON:_run_cleanups): 200 DELETE http://10.180.1.21/compute/v2.1/os-aggregates/8 1.019s
2025-02-19 11:02:05.803 64774 INFO tempest.lib.common.rest_client [req-cd23353b-adf0-46fa-8fce-50a5d10ddd46 req-cd23353b-adf0-46fa-8fce-50a5d10ddd46 ] Request (QuotasAdminTestV236:tearDownClass): 200 GET http://10.180.1.21:9696/networking/v2.0/security-groups?tenant_id=0be727550254401d967d0db14c0d20ee&name=default 0.138s
2025-02-19 11:02:05.822 64770 INFO tempest.lib.common.rest_client [req-0ab32bd4-6726-43f1-a669-5e440448e864 req-0ab32bd4-6726-43f1-a669-5e440448e864 ] Request (KeyPairsV210TestJSON:tearDownClass): 204 DELETE http://10.180.1.21/identity/v3/projects/340637089bfb441c83588d926081c134 0.261s
2025-02-19 11:02:05.837 64790 INFO tempest.lib.common.rest_client [req-a45e52b4-7a5f-463f-9af8-7ccb712f6cbc req-a45e52b4-7a5f-463f-9af8-7ccb712f6cbc ] Request (ServerExternalEventsTest:tearDownClass): 204 DELETE http://10.180.1.21/identity/v3/projects/2abe841b792546889fd81bfd3a25dcd6 0.150s
2025-02-19 11:02:05.850 64760 INFO tempest.lib.common.rest_client [req-df13c727-561a-495f-9f01-a1e3e12c83cd req-df13c727-561a-495f-9f01-a1e3e12c83cd ] Request (ServersAaction247Test:tearDownClass): 200 GET http://10.180.1.21/compute/v2.1/servers/493ae756-b9ef-45fd-af3f-2d9ba80c797c 0.986s
2025-02-19 11:02:05.858 64806 INFO tempest.lib.common.rest_client [req-1b6fbf7e-4604-4dc5-bd34-df3e3171f0f0 req-1b6fbf7e-4604-4dc5-bd34-df3e3171f0f0 ] Request (QuotasAdminNegativeTest:test_update_quota_normal_user): 403 PUT http://10.180.1.21/compute/v2.1/os-quota-sets/a163ac8ebbad4a05932904d36dc85ef0 0.854s
2025-02-19 11:02:05.899 64798 INFO tempest.lib.common.rest_client [req-e9d57826-6181-4774-9729-d99ec901db69 req-e9d57826-6181-4774-9729-d99ec901db69 ] Request (ServerAddressesTestJSON:setUpClass): 200 GET http://10.180.1.21/compute/v2.1/servers/5bb4533f-fd1f-4f67-9d60-d34509284bd5 1.131s
2025-02-19 11:02:05.900 64778 INFO tempest.lib.common.rest_client [req-93927d91-7e45-4d28-8320-a79cf7853d42 req-93927d91-7e45-4d28-8320-a79cf7853d42 ] Request (ServerGroupTestJSON:setUpClass): 201 POST http://10.180.1.21/identity/v3/auth/tokens 0.156s
2025-02-19 11:02:05.910 64798 INFO tempest.common.waiters [-] State transition "BUILD/spawning" ==> "ACTIVE/None" after 29 second wait
2025-02-19 11:02:05.924 64770 INFO tempest.lib.common.rest_client [req-d240d438-e9a2-4bba-9773-19f4bbe6bef9 req-d240d438-e9a2-4bba-9773-19f4bbe6bef9 ] Request (MigrationsAdminTest:setUpClass): 201 POST http://10.180.1.21/identity/v3/auth/tokens 0.099s
2025-02-19 11:02:05.936 64774 INFO tempest.lib.common.rest_client [req-f74d4844-c961-4232-9189-2eb25e311125 req-f74d4844-c961-4232-9189-2eb25e311125 ] Request (QuotasAdminTestV236:tearDownClass): 204 DELETE http://10.180.1.21:9696/networking/v2.0/security-groups/5754f7a8-9b5d-4efe-be22-c9f56bdc93ad 0.133s
2025-02-19 11:02:05.970 64788 INFO tempest.lib.common.rest_client [req-9f2e98de-ee27-41a1-953b-2426c6077cdf req-9f2e98de-ee27-41a1-953b-2426c6077cdf ] Request (AggregatesAdminNegativeTestJSON:tearDownClass): 204 DELETE http://10.180.1.21/identity/v3/users/b47e442cb7ce467aaeddf6502fb348d0 0.193s
2025-02-19 11:02:05.979 64790 INFO tempest.lib.common.rest_client [req-20f5918b-7b4c-4f75-be58-09580684afc6 req-20f5918b-7b4c-4f75-be58-09580684afc6 ] Request (ServicesAdminNegativeTestJSON:setUpClass): 201 POST http://10.180.1.21/identity/v3/auth/tokens 0.140s
2025-02-19 11:02:06.023 64802 INFO tempest.lib.common.rest_client [req-ef115734-b32a-40b9-8f39-3dcfa2370216 req-ef115734-b32a-40b9-8f39-3dcfa2370216 ] Request (ImagesOneServerNegativeTestJSON:setUp): 200 GET http://10.180.1.21/compute/v2.1/servers/a58a3926-6b91-442a-bb19-e8557b50b57a 0.772s
2025-02-19 11:02:06.033 64778 INFO tempest.lib.common.rest_client [req-e1609ec4-6049-49b4-9db1-79d6c9a9ac7f req-e1609ec4-6049-49b4-9db1-79d6c9a9ac7f ] Request (ServerGroupTestJSON:setUpClass): 200 GET http://10.180.1.21/identity/v3/domains?name=Default 0.133s
2025-02-19 11:02:06.046 64818 INFO tempest.lib.common.rest_client [req-3e12d073-b3b8-4c6b-affc-2a4ec40c3570 req-3e12d073-b3b8-4c6b-affc-2a4ec40c3570 ] Request (SecurityGroupRulesTestJSON:test_security_group_rules_create_with_optional_group_id): 200 POST http://10.180.1.21/compute/v2.1/os-security-groups 0.871s
2025-02-19 11:02:06.058 64770 INFO tempest.lib.common.rest_client [req-43620b82-f3c7-4d1d-9c20-6cf019445ec3 req-43620b82-f3c7-4d1d-9c20-6cf019445ec3 ] Request (MigrationsAdminTest:setUpClass): 201 POST http://10.180.1.21/identity/v3/auth/tokens 0.129s
2025-02-19 11:02:06.107 64774 INFO tempest.lib.common.rest_client [req-abc9ccac-22ab-4b36-9cdb-59afaf37cdde req-abc9ccac-22ab-4b36-9cdb-59afaf37cdde ] Request (QuotasAdminTestV236:tearDownClass): 204 DELETE http://10.180.1.21/identity/v3/projects/0be727550254401d967d0db14c0d20ee 0.170s
2025-02-19 11:02:06.166 64810 INFO tempest.lib.common.rest_client [req-83402cb7-93d7-4904-9239-cc9b96a38648 req-83402cb7-93d7-4904-9239-cc9b96a38648 ] Request (SecurityGroupsTestJSON:test_list_security_groups_by_server): 200 GET http://10.180.1.21/compute/v2.1/servers/ca8eed0f-3212-4528-ac6e-b5b714c34478 0.768s
2025-02-19 11:02:06.200 64806 INFO tempest.lib.common.rest_client [req-77bfe606-eb14-4463-96f7-1c7c8b13d6c7 req-77bfe606-eb14-4463-96f7-1c7c8b13d6c7 ] Request (QuotasAdminNegativeTest:tearDownClass): 204 DELETE http://10.180.1.21/identity/v3/users/f936cc3bcff14dee8c81748a439028ae 0.340s
2025-02-19 11:02:06.221 64786 INFO tempest.lib.common.rest_client [req-26c0d8d8-9895-4980-97f2-9c7d4910c028 req-26c0d8d8-9895-4980-97f2-9c7d4910c028 ] Request (DeleteServersTestJSON:test_delete_active_server): 200 GET http://10.180.1.21/compute/v2.1/servers/686e78f4-a5c2-465a-9018-5623795aadd0 0.745s
2025-02-19 11:02:06.224 64788 INFO tempest.lib.common.rest_client [req-e979d01b-32fb-45ca-a0cc-985eb03f729c req-e979d01b-32fb-45ca-a0cc-985eb03f729c ] Request (AggregatesAdminNegativeTestJSON:tearDownClass): 204 DELETE http://10.180.1.21/identity/v3/users/6d3fcbd9a2d74eb2b4a0869a4f38e485 0.254s
2025-02-19 11:02:06.224 64788 INFO tempest.lib.common.dynamic_creds [-] Deleting project and security group for project: 0eec33dca6124302b5b1174f4899aea2
2025-02-19 11:02:06.229 64786 INFO tempest.common.waiters [-] State transition "BUILD/scheduling" ==> "BUILD/None" after 10 second wait
2025-02-19 11:02:06.244 64804 INFO tempest.lib.common.rest_client [req-dba9fa3a-1ebc-4003-9a84-9455fa7f5775 req-dba9fa3a-1ebc-4003-9a84-9455fa7f5775 ] Request (ImagesMetadataNegativeTestJSON:test_update_nonexistent_image_metadata): 404 POST http://10.180.1.21/compute/v2.1/images/9dd7c2e2-2720-4bec-8b27-9ad8f2ec5af5/metadata 0.734s
2025-02-19 11:02:06.264 64790 INFO tempest.lib.common.rest_client [req-d183203b-a8eb-4f04-8616-1860ae2c381a req-d183203b-a8eb-4f04-8616-1860ae2c381a ] Request (ServicesAdminNegativeTestJSON:setUpClass): 201 POST http://10.180.1.21/identity/v3/auth/tokens 0.282s
2025-02-19 11:02:06.300 64778 INFO tempest.lib.common.rest_client [req-fc9e43d4-f6be-4549-bfac-159835824de1 req-fc9e43d4-f6be-4549-bfac-159835824de1 ] Request (ServerGroupTestJSON:setUpClass): 201 POST http://10.180.1.21/identity/v3/projects 0.267s
2025-02-19 11:02:06.377 64774 INFO tempest.lib.common.rest_client [req-88e674b8-9151-47be-aa9f-0eb432216c1d req-88e674b8-9151-47be-aa9f-0eb432216c1d ] Request (ServerActionsTestJSON:setUpClass): 201 POST http://10.180.1.21/identity/v3/auth/tokens 0.268s
2025-02-19 11:02:06.386 64770 INFO tempest.lib.common.rest_client [req-73ccad98-d7b8-44ae-8d65-8e8143815c2f req-73ccad98-d7b8-44ae-8d65-8e8143815c2f ] Request (MigrationsAdminTest:setUpClass): 200 GET http://10.180.1.21/identity/v3/domains?name=Default 0.328s
2025-02-19 11:02:06.416 64788 INFO tempest.lib.common.rest_client [req-021fa93e-2c31-4a8a-9f35-1e3312d130cc req-021fa93e-2c31-4a8a-9f35-1e3312d130cc ] Request (AggregatesAdminNegativeTestJSON:tearDownClass): 201 POST http://10.180.1.21/identity/v3/auth/tokens 0.191s
2025-02-19 11:02:06.486 64806 INFO tempest.lib.common.rest_client [req-b8e19e17-2bb9-4658-a116-52266158fee7 req-b8e19e17-2bb9-4658-a116-52266158fee7 ] Request (QuotasAdminNegativeTest:tearDownClass): 204 DELETE http://10.180.1.21/identity/v3/users/1df645ced73847d3b4ed2fa37610f85c 0.285s
2025-02-19 11:02:06.486 64806 INFO tempest.lib.common.dynamic_creds [-] Deleting project and security group for project: db561f82fbd04f0c93a8fa27fd49b2a1
2025-02-19 11:02:06.502 64804 INFO tempest.lib.common.rest_client [req-7b193c48-aab2-4ab5-9bec-a5b5326ea656 req-7b193c48-aab2-4ab5-9bec-a5b5326ea656 ] Request (ImagesMetadataNegativeTestJSON:tearDownClass): 204 DELETE http://10.180.1.21/identity/v3/users/90c563da61474d37a1f1fffc48d5ac27 0.257s
2025-02-19 11:02:06.502 64804 INFO tempest.lib.common.dynamic_creds [-] Deleting project and security group for project: 86313938ac8641e88193cd29b68b4fa2
2025-02-19 11:02:06.516 64784 INFO tempest.lib.common.rest_client [req-d7b84dd7-2e86-49a2-b1d1-f506ee172da2 req-d7b84dd7-2e86-49a2-b1d1-f506ee172da2 ] Request (ImagesMetadataTestJSON:test_set_image_metadata_item): 200 PUT http://10.180.1.21/compute/v2.1/images/6c779400-bba6-4547-9274-609a8fb8a10d/metadata/os_version 0.943s
2025-02-19 11:02:06.574 64778 INFO tempest.lib.common.rest_client [req-d17e1b85-b940-4652-9f3d-df1c5827ddae req-d17e1b85-b940-4652-9f3d-df1c5827ddae ] Request (ServerGroupTestJSON:setUpClass): 201 POST http://10.180.1.21/identity/v3/users 0.272s
2025-02-19 11:02:06.597 64764 INFO tempest.lib.common.rest_client [req-ea4ed7f0-b8e1-47e7-8103-f15a4a980a58 req-ea4ed7f0-b8e1-47e7-8103-f15a4a980a58 ] Request (ImagesTestJSON:test_create_image_from_stopped_server): 200 GET http://10.180.1.21/compute/v2.1/servers/6b932cd2-a6f5-4cc3-b287-91737817d6f7 1.011s
2025-02-19 11:02:06.602 64774 INFO tempest.lib.common.rest_client [req-612edc51-7653-4a55-bf76-0239ce5e665a req-612edc51-7653-4a55-bf76-0239ce5e665a ] Request (ServerActionsTestJSON:setUpClass): 201 POST http://10.180.1.21/identity/v3/auth/tokens 0.223s
2025-02-19 11:02:06.617 64814 INFO tempest.lib.common.rest_client [req-9c93885e-3baf-4199-be02-9eb07b72b671 req-9c93885e-3baf-4199-be02-9eb07b72b671 ] Request (TenantUsagesTestJSON:setUpClass): 202 POST http://10.180.1.21/compute/v2.1/servers 1.318s
2025-02-19 11:02:06.645 64770 INFO tempest.lib.common.rest_client [req-07ef1ddb-fdcb-4aa6-9634-a80b28acb969 req-07ef1ddb-fdcb-4aa6-9634-a80b28acb969 ] Request (MigrationsAdminTest:setUpClass): 201 POST http://10.180.1.21/identity/v3/projects 0.258s
2025-02-19 11:02:06.651 64798 INFO tempest.lib.common.rest_client [req-975f401c-f044-4895-87c0-de806d11ebe4 req-975f401c-f044-4895-87c0-de806d11ebe4 ] Request (ServerAddressesTestJSON:test_list_server_addresses): 200 GET http://10.180.1.21/compute/v2.1/servers/5bb4533f-fd1f-4f67-9d60-d34509284bd5/ips 0.739s
2025-02-19 11:02:06.724 64768 INFO tempest.lib.common.rest_client [req-7798b837-13fc-4111-a782-1131c8a6ebd8 req-7798b837-13fc-4111-a782-1131c8a6ebd8 ] Request (AttachInterfacesV270Test:test_create_get_list_interfaces): 200 GET http://10.180.1.21/compute/v2.1/servers/bbbc7f19-5604-436d-af15-4bfd0fffac0b 0.796s
2025-02-19 11:02:06.724 64790 INFO tempest.lib.common.rest_client [req-b7b8d423-a970-4cad-b590-2e7ebaff2b4f req-b7b8d423-a970-4cad-b590-2e7ebaff2b4f ] Request (ServicesAdminNegativeTestJSON:setUpClass): 200 GET http://10.180.1.21/identity/v3/domains?name=Default 0.459s
2025-02-19 11:02:06.759 64806 INFO tempest.lib.common.rest_client [req-3d0fa059-67e7-408b-a18b-551f0362d6b5 req-3d0fa059-67e7-408b-a18b-551f0362d6b5 ] Request (QuotasAdminNegativeTest:tearDownClass): 201 POST http://10.180.1.21/identity/v3/auth/tokens 0.272s
2025-02-19 11:02:06.766 64804 INFO tempest.lib.common.rest_client [req-c97897ee-44cd-4982-919d-5afb6b0ae901 req-c97897ee-44cd-4982-919d-5afb6b0ae901 ] Request (ImagesMetadataNegativeTestJSON:tearDownClass): 201 POST http://10.180.1.21/identity/v3/auth/tokens 0.264s
2025-02-19 11:02:06.779 64778 INFO tempest.lib.common.rest_client [req-66aaa025-9108-4fff-8153-4bdf46437e6e req-66aaa025-9108-4fff-8153-4bdf46437e6e ] Request (ServerGroupTestJSON:setUpClass): 200 GET http://10.180.1.21/identity/v3/roles 0.204s
2025-02-19 11:02:06.791 64774 INFO tempest.lib.common.rest_client [req-18f91456-1464-434d-ab1f-65a923e5063b req-18f91456-1464-434d-ab1f-65a923e5063b ] Request (ServerActionsTestJSON:setUpClass): 200 GET http://10.180.1.21/identity/v3/domains?name=Default 0.186s
2025-02-19 11:02:06.807 64770 INFO tempest.lib.common.rest_client [req-225859ff-2264-4084-a732-ead37618f7f3 req-225859ff-2264-4084-a732-ead37618f7f3 ] Request (MigrationsAdminTest:setUpClass): 201 POST http://10.180.1.21/identity/v3/users 0.158s
2025-02-19 11:02:06.811 64796 WARNING tempest.lib.common.ssh [-] Failed to establish authenticated ssh connection to cirros@10.180.180.139 ([Errno None] Unable to connect to port 22 on 10.180.180.139). Number attempts: 2. Retry after 3 seconds.: paramiko.ssh_exception.NoValidConnectionsError: [Errno None] Unable to connect to port 22 on 10.180.180.139
2025-02-19 11:02:06.824 64790 INFO tempest.lib.common.rest_client [req-99a538cd-cf0c-48e1-a72d-11aaca90ff9c req-99a538cd-cf0c-48e1-a72d-11aaca90ff9c ] Request (ServicesAdminNegativeTestJSON:setUpClass): 201 POST http://10.180.1.21/identity/v3/projects 0.100s
2025-02-19 11:02:06.851 64762 INFO tempest.lib.common.rest_client [req-1f1d8b99-d4d5-4182-b12b-9c22fc7812e6 req-1f1d8b99-d4d5-4182-b12b-9c22fc7812e6 ] Request (ServersAdminTestJSON:setUpClass): 200 GET http://10.180.1.21/compute/v2.1/servers/7a36ccc9-c594-48f8-a847-9b26cd0431fb 1.008s
2025-02-19 11:02:06.860 64762 INFO tempest.common.waiters [-] State transition "BUILD/None" ==> "BUILD/block_device_mapping" after 26 second wait
2025-02-19 11:02:06.893 64778 INFO tempest.lib.common.rest_client [req-83ad8198-5e36-4753-a9fc-9c40396d91ed req-83ad8198-5e36-4753-a9fc-9c40396d91ed ] Request (ServerGroupTestJSON:setUpClass): 204 PUT http://10.180.1.21/identity/v3/projects/97a73c8e2b2e41178c425e437e0c4dd4/users/8dfaa865044b49d0ba39fb5a67e0b8f4/roles/e316fca7f46a4ecfb70a024a0311f75b 0.114s
2025-02-19 11:02:06.893 64778 INFO tempest.lib.common.dynamic_creds [-] Dynamic test user 8dfaa865044b49d0ba39fb5a67e0b8f4 is created with scope project and roles: ['member']
