2025-02-19 11:02:26.703 64804 INFO tempest.lib.common.rest_client [req-094df0aa-a227-4879-ad2c-307eab711572 req-094df0aa-a227-4879-ad2c-307eab711572 ] Request (KeyPairsV22TestJSON:test_keypairsv22_create_list_show): 200 GET http://10.180.1.21/compute/v2.1/os-keypairs 0.738s
2025-02-19 11:02:26.710 64790 INFO tempest.lib.common.rest_client [req-fc063e43-567a-4e76-97da-7e4869cb721d req-fc063e43-567a-4e76-97da-7e4869cb721d ] Request (InstanceActionsNegativeTestJSON:setUpClass): 200 PUT http://10.180.1.21:9696/networking/v2.0/routers/0f633fa0-1bca-4663-ab0e-1fc683c6ee28/add_router_interface 1.275s
2025-02-19 11:02:26.710 64790 INFO tempest.lib.common.dynamic_creds [-] Created isolated network resources for: credentials: Credentials: {'domain_id': 'default', 'domain_name': 'Default', 'username': 'tempest-InstanceActionsNegativeTestJSON-1895992846-project-member', 'project_domain_id': 'default', 'project_domain_name': 'Default', 'project_id': '246a98611ea54d669c0551f11293fd44', 'project_name': 'tempest-InstanceActionsNegativeTestJSON-1895992846', 'tenant_id': '246a98611ea54d669c0551f11293fd44', 'tenant_name': 'tempest-InstanceActionsNegativeTestJSON-1895992846', 'user_domain_id': 'default', 'user_domain_name': 'Default', 'user_id': 'bdac5a0145094597a73c5607646a766a', 'system': None}, Network: {'id': 'c5908716-beca-4323-ab4f-c0597ff5e3ff', 'name': 'tempest-InstanceActionsNegativeTestJSON-2076179799-network', 'tenant_id': '246a98611ea54d669c0551f11293fd44', 'admin_state_up': True, 'mtu': 8950, 'status': 'ACTIVE', 'subnets': [], 'shared': False, 'project_id': '246a98611ea54d669c0551f11293fd44', 'port_security_enabled': True, 'router:external': False, 'provider:network_type': 'vlan', 'provider:physical_network': 'default', 'provider:segmentation_id': 874, 'availability_zone_hints': [], 'availability_zones': [], 'ipv4_address_scope': None, 'ipv6_address_scope': None, 'description': '', 'tags': [], 'created_at': '2025-02-19T11:02:24Z', 'updated_at': '2025-02-19T11:02:24Z', 'revision_number': 1}, Subnet: {'id': '4f28eac4-9349-4154-9e85-dc4b66abdbfe', 'name': 'tempest-InstanceActionsNegativeTestJSON-2076179799-subnet', 'tenant_id': '246a98611ea54d669c0551f11293fd44', 'network_id': 'c5908716-beca-4323-ab4f-c0597ff5e3ff', 'ip_version': 4, 'subnetpool_id': None, 'enable_dhcp': True, 'ipv6_ra_mode': None, 'ipv6_address_mode': None, 'gateway_ip': '192.168.128.1', 'cidr': '192.168.128.0/28', 'allocation_pools': [{'start': '192.168.128.2', 'end': '192.168.128.14'}], 'host_routes': [], 'dns_nameservers': [], 'description': '', 'router:external': False, 'service_types': [], 'tags': [], 'created_at': '2025-02-19T11:02:24Z', 'updated_at': '2025-02-19T11:02:24Z', 'revision_number': 0, 'project_id': '246a98611ea54d669c0551f11293fd44'}, Router: {'id': '0f633fa0-1bca-4663-ab0e-1fc683c6ee28', 'name': 'tempest-InstanceActionsNegativeTestJSON-2076179799-router', 'tenant_id': '246a98611ea54d669c0551f11293fd44', 'admin_state_up': True, 'status': 'ACTIVE', 'external_gateway_info': {'network_id': 'c440407e-65a9-43cb-bcde-ac1a1ee5159e', 'external_fixed_ips': [{'subnet_id': '48474b95-9e38-449c-8857-13a7767dfbcc', 'ip_address': '10.180.180.210'}], 'enable_snat': True}, 'description': '', 'availability_zones': [], 'distributed': False, 'ha': False, 'availability_zone_hints': [], 'routes': [], 'flavor_id': None, 'tags': [], 'created_at': '2025-02-19T11:02:24Z', 'updated_at': '2025-02-19T11:02:25Z', 'revision_number': 2, 'project_id': '246a98611ea54d669c0551f11293fd44'}
2025-02-19 11:02:26.775 64770 INFO tempest.lib.common.rest_client [req-ccebc8fb-32f6-40b7-8cb1-23c7f4464c96 req-ccebc8fb-32f6-40b7-8cb1-23c7f4464c96 ] Request (MigrationsAdminTest:test_list_migrations_in_flavor_resize_situation): 200 GET http://10.180.1.21/compute/v2.1/servers/4527a9ba-28f7-4698-aec0-6389cfc9d788 0.734s
2025-02-19 11:02:26.816 64790 INFO tempest.lib.common.rest_client [req-8ee0c513-d505-46ad-ab37-4bf489c33152 req-8ee0c513-d505-46ad-ab37-4bf489c33152 ] Request (InstanceActionsNegativeTestJSON:setUpClass): 201 POST http://10.180.1.21/identity/v3/auth/tokens 0.102s
2025-02-19 11:02:26.848 64790 INFO tempest.lib.common.rest_client [req-e7d64240-37fa-47c3-9f29-1d9aa669b02b req-e7d64240-37fa-47c3-9f29-1d9aa669b02b ] Request (InstanceActionsNegativeTestJSON:setUpClass): 201 POST http://10.180.1.21/identity/v3/auth/tokens 0.026s
2025-02-19 11:02:26.848 64790 INFO tempest.lib.common.fixed_network [-] (InstanceActionsNegativeTestJSON:setUpClass) Found network {'id': 'c5908716-beca-4323-ab4f-c0597ff5e3ff', 'name': 'tempest-InstanceActionsNegativeTestJSON-2076179799-network', 'tenant_id': '246a98611ea54d669c0551f11293fd44', 'admin_state_up': True, 'mtu': 8950, 'status': 'ACTIVE', 'subnets': [], 'shared': False, 'project_id': '246a98611ea54d669c0551f11293fd44', 'port_security_enabled': True, 'router:external': False, 'provider:network_type': 'vlan', 'provider:physical_network': 'default', 'provider:segmentation_id': 874, 'availability_zone_hints': [], 'availability_zones': [], 'ipv4_address_scope': None, 'ipv6_address_scope': None, 'description': '', 'tags': [], 'created_at': '2025-02-19T11:02:24Z', 'updated_at': '2025-02-19T11:02:24Z', 'revision_number': 1} available for tenant
2025-02-19 11:02:27.014 64810 INFO tempest.lib.common.rest_client [req-700fd2ba-1ba9-4740-9495-d9d38a27825a req-700fd2ba-1ba9-4740-9495-d9d38a27825a ] Request (SecurityGroupsTestJSON:test_security_groups_create_list_delete): 404 GET http://10.180.1.21/compute/v2.1/os-security-groups/32d8c011-dbab-4878-8b4c-db2913c7a38a 0.948s
2025-02-19 11:02:27.165 64780 INFO tempest.lib.common.rest_client [req-055611c4-d3db-4832-8575-95959ac63406 req-055611c4-d3db-4832-8575-95959ac63406 ] Request (AttachVolumeShelveTestJSON:test_attach_volume_shelved_or_offload_server): 200 GET http://10.180.1.21/compute/v2.1/servers/a9cd65b5-58ae-4174-ba35-131d685991ef/os-interface 1.055s
2025-02-19 11:02:27.366 64820 INFO tempest.lib.common.rest_client [req-2118e335-a705-46cf-bcbf-71946293b85a req-2118e335-a705-46cf-bcbf-71946293b85a ] Request (FloatingIPsAssociationTestJSON:test_associate_already_associated_floating_ip): 200 GET http://10.180.1.21/compute/v2.1/servers/3299739d-1b3d-49ed-b2a3-ccee2418ab1d 0.972s
2025-02-19 11:02:27.427 64788 INFO tempest.lib.common.rest_client [req-ebc7300b-168e-455e-bb53-f84a372ad3c9 req-ebc7300b-168e-455e-bb53-f84a372ad3c9 ] Request (ServersTestBootFromVolume:setUpClass): 200 GET http://10.180.1.21/volume/v3/volumes/e78920c7-a7c2-400c-a0ba-78c20512112a 0.040s
2025-02-19 11:02:27.457 64778 INFO tempest.lib.common.rest_client [req-2c3d84b4-ee38-423f-8c97-28a75990e930 req-2c3d84b4-ee38-423f-8c97-28a75990e930 ] Request (ServerGroupTestJSON:test_create_server_with_scheduler_hint_group): 202 POST http://10.180.1.21/compute/v2.1/servers 1.562s
2025-02-19 11:02:27.569 64772 INFO tempest.lib.common.rest_client [req-27ec9bf1-2f52-4c97-8ed3-ff889a679bc1 req-27ec9bf1-2f52-4c97-8ed3-ff889a679bc1 ] Request (ServersAdmin275Test:tearDownClass): 200 GET http://10.180.1.21/compute/v2.1/servers/1a443c3f-117d-4632-9f1f-f00b17394c3f 1.097s
2025-02-19 11:02:27.672 64798 INFO tempest.lib.common.rest_client [req-3d3956d6-2937-4bdd-a1f3-90868b965573 req-3d3956d6-2937-4bdd-a1f3-90868b965573 ] Request (ServerAddressesTestJSON:tearDownClass): 200 GET http://10.180.1.21/compute/v2.1/servers/5bb4533f-fd1f-4f67-9d60-d34509284bd5 1.139s
2025-02-19 11:02:27.681 64768 INFO tempest.lib.common.rest_client [req-82e41dc9-d764-4592-bd1b-7485f51a3738 req-82e41dc9-d764-4592-bd1b-7485f51a3738 ] Request (AttachInterfacesV270Test:tearDownClass): 200 GET http://10.180.1.21/compute/v2.1/servers/bbbc7f19-5604-436d-af15-4bfd0fffac0b 1.242s
2025-02-19 11:02:27.706 64777 INFO tempest.lib.common.rest_client [req-5200e36f-b0e7-4458-ab89-dfc35020f19a req-5200e36f-b0e7-4458-ab89-dfc35020f19a ] Request (ServersAdminNegativeTestJSON:_run_cleanups): 200 GET http://10.180.1.21/compute/v2.1/flavors/detail 1.042s
2025-02-19 11:02:27.730 64792 INFO tempest.lib.common.rest_client [req-5f631bb4-75e3-47d7-8bab-de1284faf989 req-5f631bb4-75e3-47d7-8bab-de1284faf989 ] Request (ImagesNegativeTestJSON:test_create_image_from_deleted_server): 404 POST http://10.180.1.21/compute/v2.1/servers/cd909add-c6fc-4f7b-a74e-89fd2710884e/action 1.039s
2025-02-19 11:02:27.740 64784 INFO tempest.lib.common.rest_client [req-a0702f69-46ba-4160-9b2e-5565ff5c0d00 req-a0702f69-46ba-4160-9b2e-5565ff5c0d00 ] Request (ServerRescueTestJSON:setUpClass): 200 GET http://10.180.1.21/compute/v2.1/servers/3e5f0538-c92f-41c2-a451-ecdece381f8f 1.160s
2025-02-19 11:02:27.756 64804 INFO tempest.lib.common.rest_client [req-104a39e5-d3fb-47d4-be6b-ba844ececdb9 req-104a39e5-d3fb-47d4-be6b-ba844ececdb9 ] Request (KeyPairsV22TestJSON:_run_cleanups): 204 DELETE http://10.180.1.21/compute/v2.1/os-keypairs/tempest-keypair-1548971990 1.051s
2025-02-19 11:02:27.798 64786 INFO tempest.lib.common.rest_client [req-b5fbb402-0971-42ea-9d22-f012ec030de7 req-b5fbb402-0971-42ea-9d22-f012ec030de7 ] Request (DeleteServersTestJSON:test_delete_active_server): 200 GET http://10.180.1.21/compute/v2.1/servers/686e78f4-a5c2-465a-9018-5623795aadd0 1.050s
2025-02-19 11:02:27.812 64786 INFO tempest.common.waiters [-] State transition "BUILD/None" ==> "BUILD/networking" after 31 second wait
2025-02-19 11:02:27.837 64764 INFO tempest.lib.common.rest_client [req-7568a282-6192-4a8b-928d-796ca7297cf0 req-7568a282-6192-4a8b-928d-796ca7297cf0 ] Request (ImagesTestJSON:test_create_image_from_stopped_server): 200 GET http://10.180.1.21/compute/v2.1/servers/6b932cd2-a6f5-4cc3-b287-91737817d6f7 1.048s
2025-02-19 11:02:27.923 64802 INFO tempest.lib.common.rest_client [req-5ace7a08-70cf-4200-a4cc-6c15438465b0 req-5ace7a08-70cf-4200-a4cc-6c15438465b0 ] Request (ImagesOneServerNegativeTestJSON:_run_cleanups): 200 GET http://10.180.1.21/compute/v2.1/servers/a58a3926-6b91-442a-bb19-e8557b50b57a 1.061s
2025-02-19 11:02:28.001 64774 INFO tempest.lib.common.rest_client [req-c5c93c52-f529-4055-81c8-175c8b757261 req-c5c93c52-f529-4055-81c8-175c8b757261 ] Request (ServerActionsTestJSON:setUpClass): 200 GET http://10.180.1.21/compute/v2.1/servers/31ab3f26-c0cf-4ff0-b92c-b4fd75fc1e0e 1.138s
2025-02-19 11:02:28.087 64762 INFO tempest.lib.common.rest_client [req-82794488-2865-4faa-bcc0-bb1fecc924bb req-82794488-2865-4faa-bcc0-bb1fecc924bb ] Request (ServersAdminTestJSON:test_create_server_with_scheduling_hint): 200 GET http://10.180.1.21/compute/v2.1/servers/47374946-3398-439c-b530-9f249844450b 1.156s
2025-02-19 11:02:28.334 64818 INFO tempest.lib.common.rest_client [req-64a11896-b85c-4801-aae7-531ef56156ae req-64a11896-b85c-4801-aae7-531ef56156ae ] Request (SecurityGroupRulesTestJSON:tearDownClass): 200 PUT http://10.180.1.21:9696/networking/v2.0/routers/7631345f-f549-44ed-8cdf-83b982e41afc/remove_router_interface 1.916s
2025-02-19 11:02:28.347 64780 INFO tempest.lib.common.rest_client [req-241d4358-0cd3-4810-a37f-954346780b7c req-241d4358-0cd3-4810-a37f-954346780b7c ] Request (AttachVolumeShelveTestJSON:test_attach_volume_shelved_or_offload_server): 200 PUT http://10.180.1.21:9696/networking/v2.0/floatingips/4b824c4e-c615-4542-8570-72092337dfb0 1.179s
2025-02-19 11:02:28.348 64780 INFO tempest.lib.common.ssh [-] Creating ssh connection to '10.180.180.198:22' as 'cirros' with public key authentication
2025-02-19 11:02:28.381 64810 INFO tempest.lib.common.rest_client [req-3b62fc32-f314-4256-9f3b-68f3cd2ffe91 req-3b62fc32-f314-4256-9f3b-68f3cd2ffe91 ] Request (SecurityGroupsTestJSON:test_security_groups_create_list_delete): 202 DELETE http://10.180.1.21/compute/v2.1/os-security-groups/3f39d7a4-bf31-4841-8b60-0dd8d0aed199 1.367s
2025-02-19 11:02:28.486 64788 INFO tempest.lib.common.rest_client [req-c20a293b-754d-4dc6-99c4-a717157d777b req-c20a293b-754d-4dc6-99c4-a717157d777b ] Request (ServersTestBootFromVolume:setUpClass): 200 GET http://10.180.1.21/volume/v3/volumes/e78920c7-a7c2-400c-a0ba-78c20512112a 0.048s
2025-02-19 11:02:28.540 64808 INFO tempest.lib.common.rest_client [req-af70e87a-c131-46a9-88ce-27601e51e5ee req-af70e87a-c131-46a9-88ce-27601e51e5ee ] Request (DeleteServersAdminTestJSON:test_delete_server_while_in_error_state): 200 GET http://10.180.1.21/compute/v2.1/servers/7467c72f-b5e5-4911-9d66-6944280908cb 1.288s
2025-02-19 11:02:28.567 64790 INFO tempest.lib.common.rest_client [req-ccaa46ec-8e66-4753-bc8a-ff24f5b30b67 req-ccaa46ec-8e66-4753-bc8a-ff24f5b30b67 ] Request (InstanceActionsNegativeTestJSON:setUpClass): 202 POST http://10.180.1.21/compute/v2.1/servers 1.718s
2025-02-19 11:02:28.675 64760 INFO tempest.lib.common.rest_client [req-53557539-3b65-447e-93b6-408d84954eaa req-53557539-3b65-447e-93b6-408d84954eaa ] Request (ServersNegativeTestJSON:setUpClass): 200 GET http://10.180.1.21/compute/v2.1/servers/d0381940-546b-45e7-984e-a78444d069f1 1.344s
2025-02-19 11:02:28.748 64816 INFO tempest.lib.common.rest_client [req-feca2be7-231a-477f-8186-aeba6bf6621a req-feca2be7-231a-477f-8186-aeba6bf6621a ] Request (ServersNegativeTestMultiTenantJSON:setUpClass): 200 GET http://10.180.1.21/compute/v2.1/servers/6db2f440-6651-4694-872b-72536274f44f 1.491s
2025-02-19 11:02:28.759 64778 INFO tempest.lib.common.rest_client [req-6252032f-aef0-4737-97e5-07d50a539c80 req-6252032f-aef0-4737-97e5-07d50a539c80 ] Request (ServerGroupTestJSON:test_create_server_with_scheduler_hint_group): 200 GET http://10.180.1.21/compute/v2.1/servers/c806a2df-2ef2-44aa-a265-ece27caa6307 1.300s
2025-02-19 11:02:28.824 64766 INFO tempest.lib.common.rest_client [req-7674f4ea-d016-407b-9c2f-8524f32f0b58 req-7674f4ea-d016-407b-9c2f-8524f32f0b58 ] Request (VolumesAdminNegativeTest:test_update_attached_volume_with_nonexistent_volume_in_body): 200 GET http://10.180.1.21/compute/v2.1/servers/184b46f6-60a1-4425-ae07-726c056b1a18 1.287s
2025-02-19 11:02:28.856 64800 INFO tempest.lib.common.rest_client [req-6cfe1e94-cd97-4fd5-be1b-ceeadc950f8b req-6cfe1e94-cd97-4fd5-be1b-ceeadc950f8b ] Request (ServerActionsV293TestJSON:setUpClass): 200 GET http://10.180.1.21/compute/v2.1/servers/99eba029-a1cf-428f-a608-b4fe81e4c6a7 1.319s
2025-02-19 11:02:28.881 64806 INFO tempest.lib.common.rest_client [req-b78b0187-058d-4baa-934f-c33bcb3ecc0f req-b78b0187-058d-4baa-934f-c33bcb3ecc0f ] Request (MultipleCreateTestJSON:test_multiple_create): 200 GET http://10.180.1.21/compute/v2.1/servers/58178746-86f1-4b0b-941a-7ee6a7a7f3c1 1.253s
2025-02-19 11:02:28.915 64814 INFO tempest.lib.common.rest_client [req-3325f6cc-51e1-40ac-8ee0-4047193e5aa3 req-3325f6cc-51e1-40ac-8ee0-4047193e5aa3 ] Request (TenantUsagesTestJSON:setUpClass): 200 GET http://10.180.1.21/compute/v2.1/servers/0d963c2d-4091-418b-a3fc-e60f7bf22b2a 1.286s
2025-02-19 11:02:28.922 64777 INFO tempest.lib.common.rest_client [req-eb384d58-36c1-4fb6-ba4f-72c7906ffd60 req-eb384d58-36c1-4fb6-ba4f-72c7906ffd60 ] Request (ServersAdminNegativeTestJSON:test_restore_server_invalid_state): 409 POST http://10.180.1.21/compute/v2.1/servers/08c515e5-c17a-4333-a240-55f0fbb93a86/action 1.210s
2025-02-19 11:02:28.923 64792 INFO tempest.lib.common.rest_client [req-328ba405-9bcd-439c-ba40-03b53a42dad2 req-328ba405-9bcd-439c-ba40-03b53a42dad2 ] Request (ImagesNegativeTestJSON:test_create_image_from_invalid_server): 404 POST http://10.180.1.21/compute/v2.1/servers/tempest-invalid-268504466/action 1.191s
2025-02-19 11:02:28.981 64770 INFO tempest.lib.common.rest_client [req-a0dd3357-f35b-4c74-b286-bc5421f9a18c req-a0dd3357-f35b-4c74-b286-bc5421f9a18c ] Request (MigrationsAdminTest:test_list_migrations_in_flavor_resize_situation): 200 GET http://10.180.1.21/compute/v2.1/servers/4527a9ba-28f7-4698-aec0-6389cfc9d788 1.196s
2025-02-19 11:02:29.111 64818 INFO tempest.lib.common.rest_client [req-7de650be-0700-4f70-a291-e084f0eadc7f req-7de650be-0700-4f70-a291-e084f0eadc7f ] Request (SecurityGroupRulesTestJSON:tearDownClass): 204 DELETE http://10.180.1.21:9696/networking/v2.0/routers/7631345f-f549-44ed-8cdf-83b982e41afc 0.776s
2025-02-19 11:02:29.118 64820 INFO tempest.lib.common.rest_client [req-360e59d4-7651-4553-abfd-14077cd30d13 req-360e59d4-7651-4553-abfd-14077cd30d13 ] Request (FloatingIPsAssociationTestJSON:test_associate_already_associated_floating_ip): 200 GET http://10.180.1.21/compute/v2.1/servers/3299739d-1b3d-49ed-b2a3-ccee2418ab1d 0.741s
2025-02-19 11:02:29.146 64810 INFO tempest.lib.common.rest_client [req-bb8ccf29-c46f-40bf-90e5-6158b6296680 req-bb8ccf29-c46f-40bf-90e5-6158b6296680 ] Request (SecurityGroupsTestJSON:test_security_groups_create_list_delete): 404 GET http://10.180.1.21/compute/v2.1/os-security-groups/3f39d7a4-bf31-4841-8b60-0dd8d0aed199 0.764s
2025-02-19 11:02:29.209 64790 INFO tempest.lib.common.rest_client [req-0f288c33-727b-4fb5-a76c-4283c3133760 req-0f288c33-727b-4fb5-a76c-4283c3133760 ] Request (InstanceActionsNegativeTestJSON:setUpClass): 200 GET http://10.180.1.21/compute/v2.1/servers/4865661d-e1c2-4e2a-9051-bab851553c15 0.638s
2025-02-19 11:02:29.297 64772 INFO tempest.lib.common.rest_client [req-1d7ad64a-3d1b-46a9-8602-55730284a17f req-1d7ad64a-3d1b-46a9-8602-55730284a17f ] Request (ServersAdmin275Test:tearDownClass): 200 GET http://10.180.1.21/compute/v2.1/servers/1a443c3f-117d-4632-9f1f-f00b17394c3f 0.716s
2025-02-19 11:02:29.310 64818 INFO tempest.lib.common.rest_client [req-cddd0886-54d6-4574-97ef-d50596cbb38e req-cddd0886-54d6-4574-97ef-d50596cbb38e ] Request (SecurityGroupRulesTestJSON:tearDownClass): 204 DELETE http://10.180.1.21:9696/networking/v2.0/subnets/21d360fd-9a74-492a-a783-bd5a55b72ee9 0.199s
2025-02-19 11:02:29.361 64798 INFO tempest.lib.common.rest_client [req-6f09ed79-410b-4019-830d-9efbd1d2134d req-6f09ed79-410b-4019-830d-9efbd1d2134d ] Request (ServerAddressesTestJSON:tearDownClass): 200 GET http://10.180.1.21/compute/v2.1/servers/5bb4533f-fd1f-4f67-9d60-d34509284bd5 0.676s
2025-02-19 11:02:29.446 64768 INFO tempest.lib.common.rest_client [req-b33e38e2-1f7d-4bd0-bbd8-83a9557fae77 req-b33e38e2-1f7d-4bd0-bbd8-83a9557fae77 ] Request (AttachInterfacesV270Test:tearDownClass): 200 GET http://10.180.1.21/compute/v2.1/servers/bbbc7f19-5604-436d-af15-4bfd0fffac0b 0.752s
2025-02-19 11:02:29.528 64784 INFO tempest.lib.common.rest_client [req-8f92033c-770d-4bd3-b295-f1df3e0f654b req-8f92033c-770d-4bd3-b295-f1df3e0f654b ] Request (ServerRescueTestJSON:setUpClass): 200 GET http://10.180.1.21/compute/v2.1/servers/3e5f0538-c92f-41c2-a451-ecdece381f8f 0.777s
2025-02-19 11:02:29.529 64788 INFO tempest.lib.common.rest_client [req-fe279790-945b-485f-96b5-62b524f13d48 req-fe279790-945b-485f-96b5-62b524f13d48 ] Request (ServersTestBootFromVolume:setUpClass): 200 GET http://10.180.1.21/volume/v3/volumes/e78920c7-a7c2-400c-a0ba-78c20512112a 0.034s
2025-02-19 11:02:29.547 64804 INFO tempest.lib.common.rest_client [req-5853d92f-5fd1-4b6c-93ef-8613ed864945 req-5853d92f-5fd1-4b6c-93ef-8613ed864945 ] Request (KeyPairsV22TestJSON:test_keypairsv22_create_list_show_with_type): 201 POST http://10.180.1.21/compute/v2.1/os-keypairs 1.790s
2025-02-19 11:02:29.588 64818 INFO tempest.lib.common.rest_client [req-6b8f27e0-2166-4f4e-8139-fbb1c673318d req-6b8f27e0-2166-4f4e-8139-fbb1c673318d ] Request (SecurityGroupRulesTestJSON:tearDownClass): 204 DELETE http://10.180.1.21:9696/networking/v2.0/networks/67cf0ebe-91e4-4ac1-9d74-ed9772eafdd4 0.277s
2025-02-19 11:02:29.595 64796 WARNING tempest.lib.common.ssh [-] Failed to establish authenticated ssh connection to cirros@10.180.180.139 ([Errno None] Unable to connect to port 22 on 10.180.180.139). Number attempts: 5. Retry after 6 seconds.: paramiko.ssh_exception.NoValidConnectionsError: [Errno None] Unable to connect to port 22 on 10.180.180.139
2025-02-19 11:02:29.612 64764 INFO tempest.lib.common.rest_client [req-63887b82-8c73-4004-bef0-ae28ca3323ea req-63887b82-8c73-4004-bef0-ae28ca3323ea ] Request (ImagesTestJSON:test_create_image_from_stopped_server): 200 GET http://10.180.1.21/compute/v2.1/servers/6b932cd2-a6f5-4cc3-b287-91737817d6f7 0.767s
2025-02-19 11:02:29.659 64794 WARNING tempest.lib.common.ssh [-] Failed to establish authenticated ssh connection to cirros@10.180.180.163 ([Errno None] Unable to connect to port 22 on 10.180.180.163). Number attempts: 7. Retry after 8 seconds.: paramiko.ssh_exception.NoValidConnectionsError: [Errno None] Unable to connect to port 22 on 10.180.180.163
2025-02-19 11:02:29.687 64786 INFO tempest.lib.common.rest_client [req-e54b7ac9-e5ad-4b1c-a8f2-07f6d6bcb318 req-e54b7ac9-e5ad-4b1c-a8f2-07f6d6bcb318 ] Request (DeleteServersTestJSON:test_delete_active_server): 200 GET http://10.180.1.21/compute/v2.1/servers/686e78f4-a5c2-465a-9018-5623795aadd0 0.874s
2025-02-19 11:02:29.689 64818 INFO tempest.lib.common.rest_client [req-440cbe59-5e64-4d92-8b63-e586b023f7be req-440cbe59-5e64-4d92-8b63-e586b023f7be ] Request (SecurityGroupRulesTestJSON:tearDownClass): 204 DELETE http://10.180.1.21/identity/v3/users/5dcac2413c2b478e93454f341c74c701 0.101s
2025-02-19 11:02:29.690 64818 INFO tempest.lib.common.dynamic_creds [-] Deleting project and security group for project: 2ae26ffc66b44a22b33e81d7a822a7e5
2025-02-19 11:02:29.694 64786 INFO tempest.common.waiters [-] State transition "BUILD/networking" ==> "BUILD/spawning" after 33 second wait
2025-02-19 11:02:29.695 64792 INFO tempest.lib.common.rest_client [req-30f83130-8ee6-4feb-a9da-3a04dd621393 req-30f83130-8ee6-4feb-a9da-3a04dd621393 ] Request (ImagesNegativeTestJSON:test_create_image_specify_uuid_35_characters_or_less): 404 POST http://10.180.1.21/compute/v2.1/servers/aaaaaaaaaaaaaaaaaaaaaaaaaaaaaaaaaaa/action 0.770s
2025-02-19 11:02:29.699 64777 INFO tempest.lib.common.rest_client [req-094acc08-1f9c-4ef0-a708-af7bd7a9d212 req-094acc08-1f9c-4ef0-a708-af7bd7a9d212 ] Request (ServersAdminNegativeTestJSON:tearDownClass): 204 DELETE http://10.180.1.21/compute/v2.1/servers/5c6ceda1-24ea-4706-bb14-7408d945ff55 0.776s
2025-02-19 11:02:29.739 64818 INFO tempest.lib.common.rest_client [req-a97840a0-91d5-407b-943e-b55ab67bddc5 req-a97840a0-91d5-407b-943e-b55ab67bddc5 ] Request (SecurityGroupRulesTestJSON:tearDownClass): 200 GET http://10.180.1.21:9696/networking/v2.0/security-groups?tenant_id=2ae26ffc66b44a22b33e81d7a822a7e5&name=default 0.049s
2025-02-19 11:02:29.754 64774 INFO tempest.lib.common.rest_client [req-75751078-d09b-4744-8b35-c22b49c78be0 req-75751078-d09b-4744-8b35-c22b49c78be0 ] Request (ServerActionsTestJSON:setUpClass): 200 GET http://10.180.1.21/compute/v2.1/servers/31ab3f26-c0cf-4ff0-b92c-b4fd75fc1e0e 0.741s
2025-02-19 11:02:29.761 64802 INFO tempest.lib.common.rest_client [req-5f235ca1-e084-487a-b845-950482c77148 req-5f235ca1-e084-487a-b845-950482c77148 ] Request (ImagesOneServerNegativeTestJSON:_run_cleanups): 200 GET http://10.180.1.21/compute/v2.1/servers/a58a3926-6b91-442a-bb19-e8557b50b57a 0.829s
2025-02-19 11:02:29.809 64762 INFO tempest.lib.common.rest_client [req-0e8f0461-4910-4565-acd1-3fd7398f440a req-0e8f0461-4910-4565-acd1-3fd7398f440a ] Request (ServersAdminTestJSON:test_create_server_with_scheduling_hint): 200 GET http://10.180.1.21/compute/v2.1/servers/47374946-3398-439c-b530-9f249844450b 0.707s
2025-02-19 11:02:29.836 64804 INFO tempest.lib.common.rest_client [req-ee77567a-218f-40d2-9243-92dbd0de221e req-ee77567a-218f-40d2-9243-92dbd0de221e ] Request (KeyPairsV22TestJSON:test_keypairsv22_create_list_show_with_type): 200 GET http://10.180.1.21/compute/v2.1/os-keypairs/tempest-keypair-1380760384 0.286s
2025-02-19 11:02:29.838 64818 INFO tempest.lib.common.rest_client [req-1ca84b1e-6ac8-40e4-9714-326c188b4ff0 req-1ca84b1e-6ac8-40e4-9714-326c188b4ff0 ] Request (SecurityGroupRulesTestJSON:tearDownClass): 204 DELETE http://10.180.1.21:9696/networking/v2.0/security-groups/24f085e3-2cff-44c0-a7ae-703993a5e676 0.099s
2025-02-19 11:02:29.870 64810 INFO tempest.lib.common.rest_client [req-0bc6d6ef-0be9-495d-89d5-ba8ca47dd0fd req-0bc6d6ef-0be9-495d-89d5-ba8ca47dd0fd ] Request (SecurityGroupsTestJSON:test_security_groups_create_list_delete): 202 DELETE http://10.180.1.21/compute/v2.1/os-security-groups/3e2d4f24-6a11-4b5e-b4e0-9ff613bf2cbd 0.724s
2025-02-19 11:02:29.931 64760 INFO tempest.lib.common.rest_client [req-b8f2f01a-1609-4bbe-be0d-6c26246804ee req-b8f2f01a-1609-4bbe-be0d-6c26246804ee ] Request (ServersNegativeTestJSON:setUpClass): 200 GET http://10.180.1.21/compute/v2.1/servers/d0381940-546b-45e7-984e-a78444d069f1 0.245s
2025-02-19 11:02:29.937 64792 INFO tempest.lib.common.rest_client [req-aeb8c8f8-7455-480f-8e9f-f2910973120a req-aeb8c8f8-7455-480f-8e9f-f2910973120a ] Request (ImagesNegativeTestJSON:test_create_image_specify_uuid_37_characters_or_more): 404 POST http://10.180.1.21/compute/v2.1/servers/aaaaaaaaaaaaaaaaaaaaaaaaaaaaaaaaaaaaa/action 0.241s
2025-02-19 11:02:29.947 64808 INFO tempest.lib.common.rest_client [req-e8e97190-d5db-405c-a60b-bc1762e6a888 req-e8e97190-d5db-405c-a60b-bc1762e6a888 ] Request (DeleteServersAdminTestJSON:test_delete_server_while_in_error_state): 200 GET http://10.180.1.21/compute/v2.1/servers/7467c72f-b5e5-4911-9d66-6944280908cb 0.398s
2025-02-19 11:02:29.961 64818 INFO tempest.lib.common.rest_client [req-acdd68a5-97cd-45d3-9801-129db959613c req-acdd68a5-97cd-45d3-9801-129db959613c ] Request (SecurityGroupRulesTestJSON:tearDownClass): 204 DELETE http://10.180.1.21/identity/v3/projects/2ae26ffc66b44a22b33e81d7a822a7e5 0.122s
2025-02-19 11:02:30.041 64818 INFO tempest.lib.common.rest_client [req-24d8fc4f-ac51-4d3a-b064-da724a9589a4 req-24d8fc4f-ac51-4d3a-b064-da724a9589a4 ] Request (ServerShowV257Test:setUpClass): 201 POST http://10.180.1.21/identity/v3/auth/tokens 0.078s
2025-02-19 11:02:30.066 64777 INFO tempest.lib.common.rest_client [req-0e73defa-f9c3-4a46-9cba-bc8e824046b8 req-0e73defa-f9c3-4a46-9cba-bc8e824046b8 ] Request (ServersAdminNegativeTestJSON:tearDownClass): 200 GET http://10.180.1.21/compute/v2.1/servers/5c6ceda1-24ea-4706-bb14-7408d945ff55 0.366s
2025-02-19 11:02:30.070 64816 INFO tempest.lib.common.rest_client [req-54356deb-b8f2-4727-8892-4713c699d4b7 req-54356deb-b8f2-4727-8892-4713c699d4b7 ] Request (ServersNegativeTestMultiTenantJSON:setUpClass): 200 GET http://10.180.1.21/compute/v2.1/servers/6db2f440-6651-4694-872b-72536274f44f 0.313s
2025-02-19 11:02:30.074 64818 INFO tempest.lib.common.rest_client [req-bb826fc0-7622-4a02-80d0-0fddf92d48ae req-bb826fc0-7622-4a02-80d0-0fddf92d48ae ] Request (ServerShowV257Test:setUpClass): 201 POST http://10.180.1.21/identity/v3/auth/tokens 0.031s
2025-02-19 11:02:30.076 64804 INFO tempest.lib.common.rest_client [req-94139782-bf87-4efd-b86d-75da80a8ca39 req-94139782-bf87-4efd-b86d-75da80a8ca39 ] Request (KeyPairsV22TestJSON:test_keypairsv22_create_list_show_with_type): 200 GET http://10.180.1.21/compute/v2.1/os-keypairs 0.236s
2025-02-19 11:02:30.107 64818 INFO tempest.lib.common.rest_client [req-67f8209d-8a36-4549-a0df-50332f59d2c2 req-67f8209d-8a36-4549-a0df-50332f59d2c2 ] Request (ServerShowV257Test:setUpClass): 200 GET http://10.180.1.21/identity/v3/domains?name=Default 0.032s
2025-02-19 11:02:30.122 64778 INFO tempest.lib.common.rest_client [req-c9bd9345-c8a5-4afb-8100-cf8f16e3b9d8 req-c9bd9345-c8a5-4afb-8100-cf8f16e3b9d8 ] Request (ServerGroupTestJSON:test_create_server_with_scheduler_hint_group): 200 GET http://10.180.1.21/compute/v2.1/servers/c806a2df-2ef2-44aa-a265-ece27caa6307 0.353s
2025-02-19 11:02:30.128 64766 INFO tempest.lib.common.rest_client [req-5be03cf5-e1b1-43e1-a919-11cd2084e073 req-5be03cf5-e1b1-43e1-a919-11cd2084e073 ] Request (VolumesAdminNegativeTest:test_update_attached_volume_with_nonexistent_volume_in_body): 200 GET http://10.180.1.21/compute/v2.1/servers/184b46f6-60a1-4425-ae07-726c056b1a18 0.287s
2025-02-19 11:02:30.135 64818 INFO tempest.lib.common.rest_client [req-cffa1416-2109-4902-a6ec-7be8f02b105e req-cffa1416-2109-4902-a6ec-7be8f02b105e ] Request (ServerShowV257Test:setUpClass): 201 POST http://10.180.1.21/identity/v3/projects 0.028s
2025-02-19 11:02:30.139 64810 INFO tempest.lib.common.rest_client [req-0439fb25-2dba-4ed4-912d-9bbfc1c3cad5 req-0439fb25-2dba-4ed4-912d-9bbfc1c3cad5 ] Request (SecurityGroupsTestJSON:test_security_groups_create_list_delete): 404 GET http://10.180.1.21/compute/v2.1/os-security-groups/3e2d4f24-6a11-4b5e-b4e0-9ff613bf2cbd 0.269s
2025-02-19 11:02:30.179 64800 INFO tempest.lib.common.rest_client [req-22b0783a-892c-4c0b-a475-586c2d47d83f req-22b0783a-892c-4c0b-a475-586c2d47d83f ] Request (ServerActionsV293TestJSON:setUpClass): 200 GET http://10.180.1.21/compute/v2.1/servers/99eba029-a1cf-428f-a608-b4fe81e4c6a7 0.309s
2025-02-19 11:02:30.182 64806 INFO tempest.lib.common.rest_client [req-204d3657-006e-4fa5-8347-5d82d13f01a3 req-204d3657-006e-4fa5-8347-5d82d13f01a3 ] Request (MultipleCreateTestJSON:test_multiple_create): 200 GET http://10.180.1.21/compute/v2.1/servers/58178746-86f1-4b0b-941a-7ee6a7a7f3c1 0.293s
2025-02-19 11:02:30.188 64818 INFO tempest.lib.common.rest_client [req-154a339b-6ed8-43b3-8641-7257f5bb5e01 req-154a339b-6ed8-43b3-8641-7257f5bb5e01 ] Request (ServerShowV257Test:setUpClass): 201 POST http://10.180.1.21/identity/v3/users 0.052s
2025-02-19 11:02:30.198 64792 INFO tempest.lib.common.rest_client [req-27a5bebe-8f22-4ab1-a781-4b8ad5ca930e req-27a5bebe-8f22-4ab1-a781-4b8ad5ca930e ] Request (ImagesNegativeTestJSON:tearDownClass): 404 DELETE http://10.180.1.21/compute/v2.1/servers/cd909add-c6fc-4f7b-a74e-89fd2710884e 0.259s
2025-02-19 11:02:30.209 64818 INFO tempest.lib.common.rest_client [req-5de4379c-1bb4-4339-ae90-a00cbb0e9b53 req-5de4379c-1bb4-4339-ae90-a00cbb0e9b53 ] Request (ServerShowV257Test:setUpClass): 200 GET http://10.180.1.21/identity/v3/roles 0.020s
2025-02-19 11:02:30.225 64814 INFO tempest.lib.common.rest_client [req-a96ee43d-bd98-49c4-b63a-7b5c03eaf0d0 req-a96ee43d-bd98-49c4-b63a-7b5c03eaf0d0 ] Request (TenantUsagesTestJSON:setUpClass): 200 GET http://10.180.1.21/compute/v2.1/servers/0d963c2d-4091-418b-a3fc-e60f7bf22b2a 0.297s
2025-02-19 11:02:30.243 64804 INFO tempest.lib.common.rest_client [req-133d9050-91fe-4a68-999e-3d9062191e4f req-133d9050-91fe-4a68-999e-3d9062191e4f ] Request (KeyPairsV22TestJSON:_run_cleanups): 204 DELETE http://10.180.1.21/compute/v2.1/os-keypairs/tempest-keypair-1380760384 0.165s
2025-02-19 11:02:30.251 64770 INFO tempest.lib.common.rest_client [req-c822df67-7987-4d28-ba22-6788e0560bea req-c822df67-7987-4d28-ba22-6788e0560bea ] Request (MigrationsAdminTest:test_list_migrations_in_flavor_resize_situation): 200 GET http://10.180.1.21/compute/v2.1/servers/4527a9ba-28f7-4698-aec0-6389cfc9d788 0.261s
2025-02-19 11:02:30.254 64818 INFO tempest.lib.common.rest_client [req-2ee63480-a621-4ca0-ae06-be72edd97be6 req-2ee63480-a621-4ca0-ae06-be72edd97be6 ] Request (ServerShowV257Test:setUpClass): 204 PUT http://10.180.1.21/identity/v3/projects/64f99336d02a46d89c54dfafcb2bf532/users/4800731ee92b4ab287a2bb81df6e4bf4/roles/e316fca7f46a4ecfb70a024a0311f75b 0.044s
2025-02-19 11:02:30.254 64818 INFO tempest.lib.common.dynamic_creds [-] Dynamic test user 4800731ee92b4ab287a2bb81df6e4bf4 is created with scope project and roles: ['member']
2025-02-19 11:02:30.255 64818 INFO tempest.lib.common.dynamic_creds [-] Acquired dynamic creds: credentials: Credentials: {'domain_id': 'default', 'domain_name': 'Default', 'username': 'tempest-ServerShowV257Test-1303961310-project-member', 'project_domain_id': 'default', 'project_domain_name': 'Default', 'project_id': '64f99336d02a46d89c54dfafcb2bf532', 'project_name': 'tempest-ServerShowV257Test-1303961310', 'tenant_id': '64f99336d02a46d89c54dfafcb2bf532', 'tenant_name': 'tempest-ServerShowV257Test-1303961310', 'user_domain_id': 'default', 'user_domain_name': 'Default', 'user_id': '4800731ee92b4ab287a2bb81df6e4bf4', 'system': None}, Network: None, Subnet: None, Router: None
2025-02-19 11:02:30.255 64818 INFO tempest.lib.common.dynamic_creds [-] Created isolated network resources for: credentials: Credentials: {'domain_id': 'default', 'domain_name': 'Default', 'username': 'tempest-ServerShowV257Test-1303961310-project-member', 'project_domain_id': 'default', 'project_domain_name': 'Default', 'project_id': '64f99336d02a46d89c54dfafcb2bf532', 'project_name': 'tempest-ServerShowV257Test-1303961310', 'tenant_id': '64f99336d02a46d89c54dfafcb2bf532', 'tenant_name': 'tempest-ServerShowV257Test-1303961310', 'user_domain_id': 'default', 'user_domain_name': 'Default', 'user_id': '4800731ee92b4ab287a2bb81df6e4bf4', 'system': None}, Network: None, Subnet: None, Router: None
2025-02-19 11:02:30.322 64818 INFO tempest.lib.common.rest_client [req-ebdfee28-da39-4015-a227-5b41132eb635 req-ebdfee28-da39-4015-a227-5b41132eb635 ] Request (ServerShowV257Test:setUpClass): 201 POST http://10.180.1.21/identity/v3/auth/tokens 0.061s
2025-02-19 11:02:30.348 64804 INFO tempest.lib.common.rest_client [req-0b45fe81-62b9-40ee-8960-524243bf9d06 req-0b45fe81-62b9-40ee-8960-524243bf9d06 ] Request (KeyPairsV22TestJSON:tearDownClass): 204 DELETE http://10.180.1.21/identity/v3/users/e72eb603e10945e486822b883f121092 0.102s
2025-02-19 11:02:30.348 64804 INFO tempest.lib.common.dynamic_creds [-] Deleting project and security group for project: 8e0ff7a7f7a242329e0f7baf5723b1a1
2025-02-19 11:02:30.362 64820 INFO tempest.lib.common.rest_client [req-7e4fd595-0506-47b0-9079-45c8838f7602 req-7e4fd595-0506-47b0-9079-45c8838f7602 ] Request (FloatingIPsAssociationTestJSON:test_associate_already_associated_floating_ip): 200 GET http://10.180.1.21/compute/v2.1/servers/3299739d-1b3d-49ed-b2a3-ccee2418ab1d 0.235s
2025-02-19 11:02:30.378 64810 INFO tempest.lib.common.rest_client [req-17aa4d2d-8106-4265-99ce-c8bef109a072 req-17aa4d2d-8106-4265-99ce-c8bef109a072 ] Request (SecurityGroupsTestJSON:test_security_groups_create_list_delete): 200 GET http://10.180.1.21/compute/v2.1/os-security-groups 0.239s
2025-02-19 11:02:30.394 64792 INFO tempest.lib.common.rest_client [req-f4c6f185-c408-46fc-be43-453f5b69dbbc req-f4c6f185-c408-46fc-be43-453f5b69dbbc ] Request (ImagesNegativeTestJSON:tearDownClass): 404 GET http://10.180.1.21/compute/v2.1/servers/cd909add-c6fc-4f7b-a74e-89fd2710884e 0.196s
2025-02-19 11:02:30.400 64818 INFO tempest.lib.common.rest_client [req-a72ad737-057a-461b-8fdb-623b6547b3ca req-a72ad737-057a-461b-8fdb-623b6547b3ca ] Request (ServerShowV257Test:test_rebuild_server): 201 POST http://10.180.1.21/identity/v3/auth/tokens 0.073s
2025-02-19 11:02:30.401 64818 INFO tempest.lib.common.fixed_network [-] (ServerShowV257Test:test_rebuild_server) Found network None available for tenant
2025-02-19 11:02:30.420 64804 INFO tempest.lib.common.rest_client [req-217d73ec-911d-4255-81c8-f7800c2ab857 req-217d73ec-911d-4255-81c8-f7800c2ab857 ] Request (KeyPairsV22TestJSON:tearDownClass): 201 POST http://10.180.1.21/identity/v3/auth/tokens 0.072s
2025-02-19 11:02:30.452 64790 INFO tempest.lib.common.rest_client [req-7a8b5eb7-868b-4e62-916a-01cb3c53cf2f req-7a8b5eb7-868b-4e62-916a-01cb3c53cf2f ] Request (InstanceActionsNegativeTestJSON:setUpClass): 200 GET http://10.180.1.21/compute/v2.1/servers/4865661d-e1c2-4e2a-9051-bab851553c15 0.233s
2025-02-19 11:02:30.574 64788 INFO tempest.lib.common.rest_client [req-18e4d316-4618-4bd2-8efd-8ce310842f9b req-18e4d316-4618-4bd2-8efd-8ce310842f9b ] Request (ServersTestBootFromVolume:setUpClass): 200 GET http://10.180.1.21/volume/v3/volumes/e78920c7-a7c2-400c-a0ba-78c20512112a 0.036s
2025-02-19 11:02:30.741 64798 INFO tempest.lib.common.rest_client [req-45068b53-aaf8-4b07-bca6-358b6e73baca req-45068b53-aaf8-4b07-bca6-358b6e73baca ] Request (ServerAddressesTestJSON:tearDownClass): 200 GET http://10.180.1.21/compute/v2.1/servers/5bb4533f-fd1f-4f67-9d60-d34509284bd5 0.367s
2025-02-19 11:02:30.743 64772 INFO tempest.lib.common.rest_client [req-fe06b3e8-c15f-41c0-aec4-346fb6352a9d req-fe06b3e8-c15f-41c0-aec4-346fb6352a9d ] Request (ServersAdmin275Test:tearDownClass): 200 GET http://10.180.1.21/compute/v2.1/servers/1a443c3f-117d-4632-9f1f-f00b17394c3f 0.434s
2025-02-19 11:02:30.939 64818 INFO tempest.lib.common.rest_client [req-95fb8c01-e050-4a3b-b995-90186894617f req-95fb8c01-e050-4a3b-b995-90186894617f ] Request (ServerShowV257Test:test_rebuild_server): 202 POST http://10.180.1.21/compute/v2.1/servers 0.537s
2025-02-19 11:02:30.948 64804 INFO tempest.lib.common.rest_client [req-ee220912-0643-4a03-b33d-a39b602e9c1a req-ee220912-0643-4a03-b33d-a39b602e9c1a ] Request (KeyPairsV22TestJSON:tearDownClass): 200 GET http://10.180.1.21:9696/networking/v2.0/security-groups?tenant_id=8e0ff7a7f7a242329e0f7baf5723b1a1&name=default 0.526s
2025-02-19 11:02:31.000 64810 INFO tempest.lib.common.rest_client [req-1ba092ea-9218-480c-9087-82601fda1c3d req-1ba092ea-9218-480c-9087-82601fda1c3d ] Request (SecurityGroupsTestJSON:test_server_security_groups): 200 POST http://10.180.1.21/compute/v2.1/os-security-groups 0.612s
2025-02-19 11:02:31.035 64768 INFO tempest.lib.common.rest_client [req-bfdc8419-db56-4d64-849d-a755395b9705 req-bfdc8419-db56-4d64-849d-a755395b9705 ] Request (AttachInterfacesV270Test:tearDownClass): 200 GET http://10.180.1.21/compute/v2.1/servers/bbbc7f19-5604-436d-af15-4bfd0fffac0b 0.576s
2025-02-19 11:02:31.047 64768 INFO tempest.common.waiters [-] State transition "ACTIVE/deleting" ==> "DELETED/None" after 4 second wait
2025-02-19 11:02:31.085 64784 INFO tempest.lib.common.rest_client [req-00a55b79-d952-4fbe-b71a-647e32537f08 req-00a55b79-d952-4fbe-b71a-647e32537f08 ] Request (ServerRescueTestJSON:setUpClass): 200 GET http://10.180.1.21/compute/v2.1/servers/3e5f0538-c92f-41c2-a451-ecdece381f8f 0.546s
2025-02-19 11:02:31.116 64764 INFO tempest.lib.common.rest_client [req-adf16cd0-5a00-4a96-9649-cc03fa136e1f req-adf16cd0-5a00-4a96-9649-cc03fa136e1f ] Request (ImagesTestJSON:test_create_image_from_stopped_server): 200 GET http://10.180.1.21/compute/v2.1/servers/6b932cd2-a6f5-4cc3-b287-91737817d6f7 0.492s
2025-02-19 11:02:31.175 64804 INFO tempest.lib.common.rest_client [req-5cd6e00a-3429-49a1-8509-2f9fe57386a0 req-5cd6e00a-3429-49a1-8509-2f9fe57386a0 ] Request (KeyPairsV22TestJSON:tearDownClass): 204 DELETE http://10.180.1.21:9696/networking/v2.0/security-groups/a8e1cf26-5ab0-48d4-8e05-66c7ed00983b 0.226s
2025-02-19 11:02:31.185 64774 INFO tempest.lib.common.rest_client [req-021a5742-768e-4e08-92e8-6a1ed0ad1c29 req-021a5742-768e-4e08-92e8-6a1ed0ad1c29 ] Request (ServerActionsTestJSON:setUpClass): 200 GET http://10.180.1.21/compute/v2.1/servers/31ab3f26-c0cf-4ff0-b92c-b4fd75fc1e0e 0.419s
2025-02-19 11:02:31.258 64804 INFO tempest.lib.common.rest_client [req-220c37d3-6273-4845-93b6-f86a9c85ee52 req-220c37d3-6273-4845-93b6-f86a9c85ee52 ] Request (KeyPairsV22TestJSON:tearDownClass): 204 DELETE http://10.180.1.21/identity/v3/projects/8e0ff7a7f7a242329e0f7baf5723b1a1 0.082s
2025-02-19 11:02:31.260 64782 WARNING tempest.lib.common.ssh [-] Failed to establish authenticated ssh connection to cirros@10.180.180.191 ([Errno None] Unable to connect to port 22 on 10.180.180.191). Number attempts: 5. Retry after 6 seconds.: paramiko.ssh_exception.NoValidConnectionsError: [Errno None] Unable to connect to port 22 on 10.180.180.191
2025-02-19 11:02:31.263 64786 INFO tempest.lib.common.rest_client [req-fa4b289d-07c3-4019-b027-ed02525d7074 req-fa4b289d-07c3-4019-b027-ed02525d7074 ] Request (DeleteServersTestJSON:test_delete_active_server): 200 GET http://10.180.1.21/compute/v2.1/servers/686e78f4-a5c2-465a-9018-5623795aadd0 0.568s
2025-02-19 11:02:31.270 64802 INFO tempest.lib.common.rest_client [req-a5a0830e-ca6e-4250-a5d8-1ca70060e8cf req-a5a0830e-ca6e-4250-a5d8-1ca70060e8cf ] Request (ImagesOneServerNegativeTestJSON:_run_cleanups): 200 GET http://10.180.1.21/compute/v2.1/servers/a58a3926-6b91-442a-bb19-e8557b50b57a 0.497s
2025-02-19 11:02:31.333 64762 INFO tempest.lib.common.rest_client [req-dbeed186-fdf0-4f9f-9b54-46b8bcec90b1 req-dbeed186-fdf0-4f9f-9b54-46b8bcec90b1 ] Request (ServersAdminTestJSON:test_create_server_with_scheduling_hint): 200 GET http://10.180.1.21/compute/v2.1/servers/47374946-3398-439c-b530-9f249844450b 0.513s
2025-02-19 11:02:31.338 64760 INFO tempest.lib.common.rest_client [req-e5844e1b-0034-4caf-b41d-22d7c6bdfac3 req-e5844e1b-0034-4caf-b41d-22d7c6bdfac3 ] Request (ServersNegativeTestJSON:setUpClass): 200 GET http://10.180.1.21/compute/v2.1/servers/d0381940-546b-45e7-984e-a78444d069f1 0.399s
2025-02-19 11:02:31.365 64804 INFO tempest.lib.common.rest_client [req-37578ebb-6e36-4fc7-b88d-4bd18dde6530 req-37578ebb-6e36-4fc7-b88d-4bd18dde6530 ] Request (VolumesGetTestJSON:setUpClass): 201 POST http://10.180.1.21/identity/v3/auth/tokens 0.105s
2025-02-19 11:02:31.388 64822 WARNING tempest.lib.common.ssh [-] Failed to establish authenticated ssh connection to cirros@10.180.180.194 ([Errno None] Unable to connect to port 22 on 10.180.180.194). Number attempts: 6. Retry after 7 seconds.: paramiko.ssh_exception.NoValidConnectionsError: [Errno None] Unable to connect to port 22 on 10.180.180.194
2025-02-19 11:02:31.400 64804 INFO tempest.lib.common.rest_client [req-a692eb3f-9ddd-4435-a966-f031287a9196 req-a692eb3f-9ddd-4435-a966-f031287a9196 ] Request (VolumesGetTestJSON:setUpClass): 201 POST http://10.180.1.21/identity/v3/auth/tokens 0.032s
2025-02-19 11:02:31.402 64818 INFO tempest.lib.common.rest_client [req-bce83a93-2c79-4afd-8a9c-cd37c025f5d5 req-bce83a93-2c79-4afd-8a9c-cd37c025f5d5 ] Request (ServerShowV257Test:test_rebuild_server): 200 GET http://10.180.1.21/compute/v2.1/servers/29249acd-a277-4c8b-aa14-a981b1ef16e1 0.461s
2025-02-19 11:02:31.433 64804 INFO tempest.lib.common.rest_client [req-116b11cf-1f9a-4ed4-8a69-f4b72fe8f9f9 req-116b11cf-1f9a-4ed4-8a69-f4b72fe8f9f9 ] Request (VolumesGetTestJSON:setUpClass): 200 GET http://10.180.1.21/identity/v3/domains?name=Default 0.033s
2025-02-19 11:02:31.491 64804 INFO tempest.lib.common.rest_client [req-c5ff85fd-3e91-4a04-ad3f-3931f813f0e3 req-c5ff85fd-3e91-4a04-ad3f-3931f813f0e3 ] Request (VolumesGetTestJSON:setUpClass): 201 POST http://10.180.1.21/identity/v3/projects 0.057s
2025-02-19 11:02:31.537 64808 INFO tempest.lib.common.rest_client [req-bf6a1459-fd32-479e-9025-d220b14de502 req-bf6a1459-fd32-479e-9025-d220b14de502 ] Request (DeleteServersAdminTestJSON:test_delete_server_while_in_error_state): 200 GET http://10.180.1.21/compute/v2.1/servers/7467c72f-b5e5-4911-9d66-6944280908cb 0.580s
2025-02-19 11:02:31.599 64804 INFO tempest.lib.common.rest_client [req-8ca55549-377b-47ab-9d94-fc83249239dc req-8ca55549-377b-47ab-9d94-fc83249239dc ] Request (VolumesGetTestJSON:setUpClass): 201 POST http://10.180.1.21/identity/v3/users 0.107s
2025-02-19 11:02:31.616 64810 INFO tempest.lib.common.rest_client [req-924d63ea-26d1-44d1-b281-f2630d382f7b req-924d63ea-26d1-44d1-b281-f2630d382f7b ] Request (SecurityGroupsTestJSON:test_server_security_groups): 200 POST http://10.180.1.21/compute/v2.1/os-security-groups 0.612s
2025-02-19 11:02:31.634 64788 INFO tempest.lib.common.rest_client [req-3e75c42e-8cb0-4b7d-aae0-dd6a78386afe req-3e75c42e-8cb0-4b7d-aae0-dd6a78386afe ] Request (ServersTestBootFromVolume:setUpClass): 200 GET http://10.180.1.21/volume/v3/volumes/e78920c7-a7c2-400c-a0ba-78c20512112a 0.052s
2025-02-19 11:02:31.649 64804 INFO tempest.lib.common.rest_client [req-c97eadd6-2958-4fa2-b92e-effe0a542a9f req-c97eadd6-2958-4fa2-b92e-effe0a542a9f ] Request (VolumesGetTestJSON:setUpClass): 200 GET http://10.180.1.21/identity/v3/roles 0.048s
2025-02-19 11:02:31.686 64804 INFO tempest.lib.common.rest_client [req-e4d699ca-73cc-4b55-bcf5-fe247eb06d73 req-e4d699ca-73cc-4b55-bcf5-fe247eb06d73 ] Request (VolumesGetTestJSON:setUpClass): 204 PUT http://10.180.1.21/identity/v3/projects/e460d701ea514fd3b852d26460c8d7b9/users/441ec0e993664665a6f3ed0c03dd9fbf/roles/e316fca7f46a4ecfb70a024a0311f75b 0.037s
2025-02-19 11:02:31.687 64804 INFO tempest.lib.common.dynamic_creds [-] Dynamic test user 441ec0e993664665a6f3ed0c03dd9fbf is created with scope project and roles: ['member']
2025-02-19 11:02:31.687 64804 INFO tempest.lib.common.dynamic_creds [-] Acquired dynamic creds: credentials: Credentials: {'domain_id': 'default', 'domain_name': 'Default', 'username': 'tempest-VolumesGetTestJSON-1201292743-project-member', 'project_domain_id': 'default', 'project_domain_name': 'Default', 'project_id': 'e460d701ea514fd3b852d26460c8d7b9', 'project_name': 'tempest-VolumesGetTestJSON-1201292743', 'tenant_id': 'e460d701ea514fd3b852d26460c8d7b9', 'tenant_name': 'tempest-VolumesGetTestJSON-1201292743', 'user_domain_id': 'default', 'user_domain_name': 'Default', 'user_id': '441ec0e993664665a6f3ed0c03dd9fbf', 'system': None}, Network: None, Subnet: None, Router: None
2025-02-19 11:02:31.687 64804 INFO tempest.lib.common.dynamic_creds [-] Created isolated network resources for: credentials: Credentials: {'domain_id': 'default', 'domain_name': 'Default', 'username': 'tempest-VolumesGetTestJSON-1201292743-project-member', 'project_domain_id': 'default', 'project_domain_name': 'Default', 'project_id': 'e460d701ea514fd3b852d26460c8d7b9', 'project_name': 'tempest-VolumesGetTestJSON-1201292743', 'tenant_id': 'e460d701ea514fd3b852d26460c8d7b9', 'tenant_name': 'tempest-VolumesGetTestJSON-1201292743', 'user_domain_id': 'default', 'user_domain_name': 'Default', 'user_id': '441ec0e993664665a6f3ed0c03dd9fbf', 'system': None}, Network: None, Subnet: None, Router: None
2025-02-19 11:02:31.706 64810 INFO tempest.lib.common.rest_client [req-6ff20c59-0a9b-44e9-ba22-572cb932992e req-6ff20c59-0a9b-44e9-ba22-572cb932992e ] Request (SecurityGroupsTestJSON:test_server_security_groups): 201 POST http://10.180.1.21/identity/v3/auth/tokens 0.078s
2025-02-19 11:02:31.707 64810 INFO tempest.lib.common.fixed_network [-] (SecurityGroupsTestJSON:test_server_security_groups) Found network {'id': 'b4ddcaa6-3f9f-4613-8dcf-887e199720f4', 'name': 'tempest-SecurityGroupsTestJSON-519395081-network', 'tenant_id': '8234b8c9231d4c92bf0b95b977a5eaea', 'admin_state_up': True, 'mtu': 8950, 'status': 'ACTIVE', 'subnets': [], 'shared': False, 'project_id': '8234b8c9231d4c92bf0b95b977a5eaea', 'port_security_enabled': True, 'router:external': False, 'provider:network_type': 'vlan', 'provider:physical_network': 'default', 'provider:segmentation_id': 909, 'availability_zone_hints': [], 'availability_zones': [], 'ipv4_address_scope': None, 'ipv6_address_scope': None, 'description': '', 'tags': [], 'created_at': '2025-02-19T11:01:21Z', 'updated_at': '2025-02-19T11:01:21Z', 'revision_number': 1} available for tenant
2025-02-19 11:02:31.741 64777 INFO tempest.lib.common.rest_client [req-08594665-fc3f-4ae7-a272-78e11ce6c6bd req-08594665-fc3f-4ae7-a272-78e11ce6c6bd ] Request (ServersAdminNegativeTestJSON:tearDownClass): 200 GET http://10.180.1.21/compute/v2.1/servers/5c6ceda1-24ea-4706-bb14-7408d945ff55 0.667s
2025-02-19 11:02:31.779 64804 INFO tempest.lib.common.rest_client [req-f145f3d7-b239-4194-aa47-881a60d1682a req-f145f3d7-b239-4194-aa47-881a60d1682a ] Request (VolumesGetTestJSON:setUpClass): 201 POST http://10.180.1.21/identity/v3/auth/tokens 0.089s
2025-02-19 11:02:31.812 64778 INFO tempest.lib.common.rest_client [req-da1a0d1b-0cd2-4b0a-8712-f58bfa26af8a req-da1a0d1b-0cd2-4b0a-8712-f58bfa26af8a ] Request (ServerGroupTestJSON:test_create_server_with_scheduler_hint_group): 200 GET http://10.180.1.21/compute/v2.1/servers/c806a2df-2ef2-44aa-a265-ece27caa6307 0.681s
2025-02-19 11:02:31.849 64816 INFO tempest.lib.common.rest_client [req-758f3042-4e05-4464-bc3a-b38ffbab9e3a req-758f3042-4e05-4464-bc3a-b38ffbab9e3a ] Request (ServersNegativeTestMultiTenantJSON:setUpClass): 200 GET http://10.180.1.21/compute/v2.1/servers/6db2f440-6651-4694-872b-72536274f44f 0.770s
2025-02-19 11:02:31.864 64816 INFO tempest.common.waiters [-] State transition "BUILD/spawning" ==> "ACTIVE/None" after 36 second wait
2025-02-19 11:02:31.945 64800 INFO tempest.lib.common.rest_client [req-1288fb1f-404c-4892-a31b-e487bf61cb9c req-1288fb1f-404c-4892-a31b-e487bf61cb9c ] Request (ServerActionsV293TestJSON:setUpClass): 200 GET http://10.180.1.21/compute/v2.1/servers/99eba029-a1cf-428f-a608-b4fe81e4c6a7 0.756s
2025-02-19 11:02:32.011 64806 INFO tempest.lib.common.rest_client [req-8cc53bf8-e920-410b-9730-6f227befa766 req-8cc53bf8-e920-410b-9730-6f227befa766 ] Request (MultipleCreateTestJSON:test_multiple_create): 200 GET http://10.180.1.21/compute/v2.1/servers/58178746-86f1-4b0b-941a-7ee6a7a7f3c1 0.821s
2025-02-19 11:02:32.028 64766 INFO tempest.lib.common.rest_client [req-7f9c1520-37ac-452a-8ae6-4ac2ead15eca req-7f9c1520-37ac-452a-8ae6-4ac2ead15eca ] Request (VolumesAdminNegativeTest:test_update_attached_volume_with_nonexistent_volume_in_body): 200 GET http://10.180.1.21/compute/v2.1/servers/184b46f6-60a1-4425-ae07-726c056b1a18 0.890s
2025-02-19 11:02:32.036 64766 INFO tempest.common.waiters [-] State transition "BUILD/None" ==> "BUILD/block_device_mapping" after 33 second wait
2025-02-19 11:02:32.067 64814 INFO tempest.lib.common.rest_client [req-b95c73aa-6a4c-4b6f-859a-74e7c3468be0 req-b95c73aa-6a4c-4b6f-859a-74e7c3468be0 ] Request (TenantUsagesTestJSON:setUpClass): 200 GET http://10.180.1.21/compute/v2.1/servers/0d963c2d-4091-418b-a3fc-e60f7bf22b2a 0.834s
2025-02-19 11:02:32.086 64770 INFO tempest.lib.common.rest_client [req-232f6388-213c-4271-9554-d3357945bed2 req-232f6388-213c-4271-9554-d3357945bed2 ] Request (MigrationsAdminTest:test_list_migrations_in_flavor_resize_situation): 200 GET http://10.180.1.21/compute/v2.1/servers/4527a9ba-28f7-4698-aec0-6389cfc9d788 0.826s
2025-02-19 11:02:32.128 64792 INFO tempest.lib.common.rest_client [req-98e2e48d-7475-465a-8a98-5c5aa2196dfb req-98e2e48d-7475-465a-8a98-5c5aa2196dfb ] Request (ImagesNegativeTestJSON:tearDownClass): 200 PUT http://10.180.1.21:9696/networking/v2.0/routers/10574bb3-fd79-4a8b-85cd-c5b7c109a6d9/remove_router_interface 1.733s
2025-02-19 11:02:32.151 64790 INFO tempest.lib.common.rest_client [req-3eb668c6-f3cb-482e-802a-f90280e64e02 req-3eb668c6-f3cb-482e-802a-f90280e64e02 ] Request (InstanceActionsNegativeTestJSON:setUpClass): 200 GET http://10.180.1.21/compute/v2.1/servers/4865661d-e1c2-4e2a-9051-bab851553c15 0.686s
2025-02-19 11:02:32.221 64820 INFO tempest.lib.common.rest_client [req-98dc7011-23e8-4703-bdfd-359b8d940cc0 req-98dc7011-23e8-4703-bdfd-359b8d940cc0 ] Request (FloatingIPsAssociationTestJSON:test_associate_already_associated_floating_ip): 200 GET http://10.180.1.21/compute/v2.1/servers/3299739d-1b3d-49ed-b2a3-ccee2418ab1d 0.851s
