2025-02-19 11:03:58.541 64764 INFO tempest.lib.common.rest_client [req-573c3358-4bd6-4a24-a3cf-b7ba6e8322f9 req-573c3358-4bd6-4a24-a3cf-b7ba6e8322f9 ] Request (ImagesTestJSON:test_create_image_from_suspended_server): 200 GET http://10.180.1.21/compute/v2.1/servers/6826ea78-727c-4fbe-bb2c-13c66fdcaf3b 0.056s
2025-02-19 11:03:58.598 64810 INFO tempest.lib.common.rest_client [req-80d32adf-1a0b-4d92-a2e0-3b8cfa4a6b17 req-80d32adf-1a0b-4d92-a2e0-3b8cfa4a6b17 ] Request (SecurityGroupsTestJSON:test_server_security_groups): 200 GET http://10.180.1.21/compute/v2.1/servers/95420eb6-9a0f-446f-bed0-b8d47808f5c6 0.102s
2025-02-19 11:03:58.649 64818 INFO tempest.lib.common.rest_client [req-90757675-10b1-4819-9ba2-3656a131cd2f req-90757675-10b1-4819-9ba2-3656a131cd2f ] Request (ServerShowV257Test:tearDownClass): 200 GET http://10.180.1.21/compute/v2.1/servers/29249acd-a277-4c8b-aa14-a981b1ef16e1 0.072s
2025-02-19 11:03:58.701 64820 INFO tempest.lib.common.rest_client [req-bfb7e7ec-5de0-4c29-9faf-4734fa4b7e1a req-bfb7e7ec-5de0-4c29-9faf-4734fa4b7e1a ] Request (ListImageFiltersTestJSON:setUpClass): 201 POST http://10.180.1.21/image/v2/images 0.398s
2025-02-19 11:03:58.703 64784 INFO tempest.lib.common.rest_client [req-eea62233-0f6f-4d2f-995d-2b389068acf6 req-eea62233-0f6f-4d2f-995d-2b389068acf6 ] Request (ServerRescueTestJSON:test_rescue_unrescue_instance): 200 GET http://10.180.1.21/compute/v2.1/servers/57c7045b-f9d7-46d9-8017-15896cee5224 0.058s
2025-02-19 11:03:58.764 64777 INFO tempest.lib.common.rest_client [req-71608a22-675b-4166-aa23-d9cc3ec3d9f4 req-71608a22-675b-4166-aa23-d9cc3ec3d9f4 ] Request (ImagesOneServerTestJSON:setUpClass): 200 GET http://10.180.1.21/compute/v2.1/servers/4531838e-0b18-44a3-ab03-87107bfde98b 0.062s
2025-02-19 11:03:58.833 64806 INFO tempest.lib.common.rest_client [req-1e73f073-374e-4198-a31f-6689ee6eea12 req-1e73f073-374e-4198-a31f-6689ee6eea12 ] Request (MultipleCreateTestJSON:test_multiple_create_with_reservation_return): 200 GET http://10.180.1.21/compute/v2.1/servers/f52d4edf-1555-4a6f-9d8f-4b0865cc6cb7 0.065s
2025-02-19 11:03:58.878 64802 INFO tempest.lib.common.rest_client [req-88f7e7af-3065-4139-a987-ef8cf41141b5 req-88f7e7af-3065-4139-a987-ef8cf41141b5 ] Request (ImagesOneServerNegativeTestJSON:_run_cleanups): 200 GET http://10.180.1.21/compute/v2.1/servers/c852ede9-4489-49bb-89cf-6664ff3d5567 0.164s
2025-02-19 11:03:58.892 64760 INFO tempest.lib.common.rest_client [req-2f17564a-ad01-4fb6-87bb-d0f6d3ac9926 req-2f17564a-ad01-4fb6-87bb-d0f6d3ac9926 ] Request (ServersNegativeTestJSON:setUpClass): 200 GET http://10.180.1.21/compute/v2.1/servers/88f3252f-5271-4778-b8e4-a952460d400d 0.056s
2025-02-19 11:03:58.960 64786 INFO tempest.lib.common.rest_client [req-5681b72b-0915-472f-9e61-864285281cbc req-5681b72b-0915-472f-9e61-864285281cbc ] Request (DeleteServersTestJSON:test_delete_server_while_in_attached_volume): 200 GET http://10.180.1.21/compute/v2.1/servers/ebd70bba-160b-41dc-94ca-5d45e99e5dd8 0.054s
2025-02-19 11:03:59.000 64792 INFO tempest.lib.common.rest_client [req-f0cda70b-ee0e-43a3-9429-985ef9bffa6a req-f0cda70b-ee0e-43a3-9429-985ef9bffa6a ] Request (ServerActionsTestOtherB:setUpClass): 200 GET http://10.180.1.21/compute/v2.1/servers/cdcc1d35-9ead-4e4c-ada3-ab31513b73af 0.109s
2025-02-19 11:03:59.014 64762 INFO tempest.lib.common.rest_client [req-c18384ce-d073-44a5-8eb9-65d5b0885973 req-c18384ce-d073-44a5-8eb9-65d5b0885973 ] Request (ServersAdminTestJSON:test_inject_network_info): 200 GET http://10.180.1.21/compute/v2.1/servers/0981bdf7-7ad1-45d4-a556-7e69da1cf213 0.069s
2025-02-19 11:03:59.158 64770 INFO tempest.lib.common.rest_client [req-cff43578-02f8-4705-94da-a219137c99ee req-cff43578-02f8-4705-94da-a219137c99ee ] Request (MigrationsAdminTest:test_list_migrations_in_flavor_resize_situation): 200 GET http://10.180.1.21/compute/v2.1/servers/4527a9ba-28f7-4698-aec0-6389cfc9d788 0.101s
2025-02-19 11:03:59.287 64772 INFO tempest.lib.common.rest_client [req-a2eba9aa-b2c3-4656-a6b1-3038897f04ce req-a2eba9aa-b2c3-4656-a6b1-3038897f04ce ] Request (ServerAddressesNegativeTestJSON:setUpClass): 200 GET http://10.180.1.21/compute/v2.1/servers/5d32979c-4d4b-4ec2-ae7a-23f8808cce19 0.113s
2025-02-19 11:03:59.340 64788 INFO tempest.lib.common.rest_client [req-330135f2-fa47-47e1-8824-a96facdd84d0 req-330135f2-fa47-47e1-8824-a96facdd84d0 ] Request (ServersTestBootFromVolume:setUpClass): 200 GET http://10.180.1.21/compute/v2.1/servers/57de5093-57f2-414f-b665-89affbbf74dd 0.138s
2025-02-19 11:03:59.387 64782 WARNING tempest.lib.common.ssh [-] Failed to establish authenticated ssh connection to cirros@10.180.180.191 ([Errno None] Unable to connect to port 22 on 10.180.180.191). Number attempts: 12. Retry after 13 seconds.: paramiko.ssh_exception.NoValidConnectionsError: [Errno None] Unable to connect to port 22 on 10.180.180.191
2025-02-19 11:03:59.391 64768 INFO tempest.lib.common.rest_client [req-248969d9-f782-4c60-a92d-a0a5b7012de9 req-248969d9-f782-4c60-a92d-a0a5b7012de9 ] Request (ServersTestManualDisk:setUpClass): 200 GET http://10.180.1.21/compute/v2.1/servers/cbdfcbe9-0ca2-4812-850b-15af857303a7 0.091s
2025-02-19 11:03:59.400 64768 INFO tempest.common.waiters [-] State transition "BUILD/networking" ==> "BUILD/spawning" after 54 second wait
2025-02-19 11:03:59.445 64790 INFO tempest.lib.common.rest_client [req-4fc6a923-65ac-4df5-b4fc-fb9372113c6f req-4fc6a923-65ac-4df5-b4fc-fb9372113c6f ] Request (InstanceActionsNegativeTestJSON:tearDownClass): 200 GET http://10.180.1.21/compute/v2.1/servers/4865661d-e1c2-4e2a-9051-bab851553c15 0.070s
2025-02-19 11:03:59.548 64778 INFO tempest.lib.common.rest_client [req-c7ae8660-0e76-4240-8acd-d914be575801 req-c7ae8660-0e76-4240-8acd-d914be575801 ] Request (ServerGroupTestJSON:_run_cleanups): 200 GET http://10.180.1.21/compute/v2.1/servers/c806a2df-2ef2-44aa-a265-ece27caa6307 0.067s
2025-02-19 11:03:59.605 64764 INFO tempest.lib.common.rest_client [req-8855098e-79c8-4606-a25a-3175767fa4ad req-8855098e-79c8-4606-a25a-3175767fa4ad ] Request (ImagesTestJSON:test_create_image_from_suspended_server): 200 GET http://10.180.1.21/compute/v2.1/servers/6826ea78-727c-4fbe-bb2c-13c66fdcaf3b 0.057s
2025-02-19 11:03:59.728 64818 INFO tempest.lib.common.rest_client [req-3d2d9374-14ea-4f05-917d-acb1eac81bc5 req-3d2d9374-14ea-4f05-917d-acb1eac81bc5 ] Request (ServerShowV257Test:tearDownClass): 200 GET http://10.180.1.21/compute/v2.1/servers/29249acd-a277-4c8b-aa14-a981b1ef16e1 0.069s
2025-02-19 11:03:59.757 64810 INFO tempest.lib.common.rest_client [req-95f08f3d-ba63-4c6b-be73-5c20c7755a63 req-95f08f3d-ba63-4c6b-be73-5c20c7755a63 ] Request (SecurityGroupsTestJSON:test_server_security_groups): 200 GET http://10.180.1.21/compute/v2.1/servers/95420eb6-9a0f-446f-bed0-b8d47808f5c6 0.151s
2025-02-19 11:03:59.764 64810 INFO tempest.common.waiters [-] State transition "HARD_REBOOT/rebooting_hard" ==> "HARD_REBOOT/reboot_started_hard" after 4 second wait
2025-02-19 11:03:59.789 64784 INFO tempest.lib.common.rest_client [req-d2181607-fcb0-4af7-aa84-e1616cc12668 req-d2181607-fcb0-4af7-aa84-e1616cc12668 ] Request (ServerRescueTestJSON:test_rescue_unrescue_instance): 200 GET http://10.180.1.21/compute/v2.1/servers/57c7045b-f9d7-46d9-8017-15896cee5224 0.078s
2025-02-19 11:03:59.842 64777 INFO tempest.lib.common.rest_client [req-73e21b6a-24e7-4463-9080-456c2e9efe02 req-73e21b6a-24e7-4463-9080-456c2e9efe02 ] Request (ImagesOneServerTestJSON:setUpClass): 200 GET http://10.180.1.21/compute/v2.1/servers/4531838e-0b18-44a3-ab03-87107bfde98b 0.071s
2025-02-19 11:03:59.909 64806 INFO tempest.lib.common.rest_client [req-7921601b-9577-4a44-acfb-b34be82629ed req-7921601b-9577-4a44-acfb-b34be82629ed ] Request (MultipleCreateTestJSON:test_multiple_create_with_reservation_return): 200 GET http://10.180.1.21/compute/v2.1/servers/f52d4edf-1555-4a6f-9d8f-4b0865cc6cb7 0.067s
2025-02-19 11:03:59.967 64760 INFO tempest.lib.common.rest_client [req-bbac5d2f-90cc-41d7-987d-7c534d6aa4e2 req-bbac5d2f-90cc-41d7-987d-7c534d6aa4e2 ] Request (ServersNegativeTestJSON:setUpClass): 200 GET http://10.180.1.21/compute/v2.1/servers/88f3252f-5271-4778-b8e4-a952460d400d 0.066s
2025-02-19 11:04:00.003 64802 INFO tempest.lib.common.rest_client [req-533214b1-2847-4343-a1f6-19d908724216 req-533214b1-2847-4343-a1f6-19d908724216 ] Request (ImagesOneServerNegativeTestJSON:_run_cleanups): 200 GET http://10.180.1.21/compute/v2.1/servers/c852ede9-4489-49bb-89cf-6664ff3d5567 0.118s
2025-02-19 11:04:00.026 64786 INFO tempest.lib.common.rest_client [req-db197848-5d7d-424c-9745-ab087933bd42 req-db197848-5d7d-424c-9745-ab087933bd42 ] Request (DeleteServersTestJSON:test_delete_server_while_in_attached_volume): 200 GET http://10.180.1.21/compute/v2.1/servers/ebd70bba-160b-41dc-94ca-5d45e99e5dd8 0.056s
2025-02-19 11:04:00.084 64762 INFO tempest.lib.common.rest_client [req-958be49b-5bcb-4260-afb2-6850c479e3fd req-958be49b-5bcb-4260-afb2-6850c479e3fd ] Request (ServersAdminTestJSON:test_inject_network_info): 200 GET http://10.180.1.21/compute/v2.1/servers/0981bdf7-7ad1-45d4-a556-7e69da1cf213 0.062s
2025-02-19 11:04:00.122 64792 INFO tempest.lib.common.rest_client [req-9a3c6aa6-3884-4484-8be1-e2a5f083a279 req-9a3c6aa6-3884-4484-8be1-e2a5f083a279 ] Request (ServerActionsTestOtherB:setUpClass): 200 GET http://10.180.1.21/compute/v2.1/servers/cdcc1d35-9ead-4e4c-ada3-ab31513b73af 0.113s
2025-02-19 11:04:00.300 64770 INFO tempest.lib.common.rest_client [req-bdaa0a1f-c0ee-4e18-b6ee-46254b63313b req-bdaa0a1f-c0ee-4e18-b6ee-46254b63313b ] Request (MigrationsAdminTest:test_list_migrations_in_flavor_resize_situation): 200 GET http://10.180.1.21/compute/v2.1/servers/4527a9ba-28f7-4698-aec0-6389cfc9d788 0.131s
2025-02-19 11:04:00.308 64770 INFO tempest.common.waiters [-] State transition "RESIZE/resize_finish" ==> "VERIFY_RESIZE/None" after 56 second wait
2025-02-19 11:04:00.337 64820 INFO tempest.lib.common.rest_client [req-6dab9bea-940e-48d4-a7ff-054bcf7c26ed req-6dab9bea-940e-48d4-a7ff-054bcf7c26ed ] Request (ListImageFiltersTestJSON:setUpClass): 204 PUT http://10.180.1.21/image/v2/images/1071c759-6995-4c00-ae49-cb62c870b063/file 0.635s
2025-02-19 11:04:00.381 64770 INFO tempest.lib.common.rest_client [req-77496817-285b-4f27-9b54-238a1a8c2eef req-77496817-285b-4f27-9b54-238a1a8c2eef ] Request (MigrationsAdminTest:test_list_migrations_in_flavor_resize_situation): 204 POST http://10.180.1.21/compute/v2.1/servers/4527a9ba-28f7-4698-aec0-6389cfc9d788/action 0.073s
2025-02-19 11:04:00.409 64772 INFO tempest.lib.common.rest_client [req-8a018e0b-87e7-40de-8aa5-fad824ceffdc req-8a018e0b-87e7-40de-8aa5-fad824ceffdc ] Request (ServerAddressesNegativeTestJSON:setUpClass): 200 GET http://10.180.1.21/compute/v2.1/servers/5d32979c-4d4b-4ec2-ae7a-23f8808cce19 0.113s
2025-02-19 11:04:00.415 64820 INFO tempest.lib.common.rest_client [req-0ae813d3-99e0-4649-ba23-d353adc65bc0 req-0ae813d3-99e0-4649-ba23-d353adc65bc0 ] Request (ListImageFiltersTestJSON:setUpClass): 200 GET http://10.180.1.21/compute/v2.1/images/1071c759-6995-4c00-ae49-cb62c870b063 0.077s
2025-02-19 11:04:00.553 64788 INFO tempest.lib.common.rest_client [req-f3080040-5b7a-40c9-abfc-ab2b2fe502f8 req-f3080040-5b7a-40c9-abfc-ab2b2fe502f8 ] Request (ServersTestBootFromVolume:setUpClass): 200 GET http://10.180.1.21/compute/v2.1/servers/57de5093-57f2-414f-b665-89affbbf74dd 0.205s
2025-02-19 11:04:00.556 64770 INFO tempest.lib.common.rest_client [req-2dbf2130-c8d4-4d6a-aa9d-1a55d0c0641b req-2dbf2130-c8d4-4d6a-aa9d-1a55d0c0641b ] Request (MigrationsAdminTest:test_list_migrations_in_flavor_resize_situation): 200 GET http://10.180.1.21/compute/v2.1/servers/4527a9ba-28f7-4698-aec0-6389cfc9d788 0.174s
2025-02-19 11:04:00.560 64788 INFO tempest.common.waiters [-] State transition "BUILD/spawning" ==> "ACTIVE/None" after 77 second wait
2025-02-19 11:04:00.592 64820 INFO tempest.lib.common.rest_client [req-f6a1c20c-3f68-450a-853d-1f19121a7454 req-f6a1c20c-3f68-450a-853d-1f19121a7454 ] Request (ListImageFiltersTestJSON:setUpClass): 200 GET http://10.180.1.21/compute/v2.1/images/1071c759-6995-4c00-ae49-cb62c870b063 0.173s
2025-02-19 11:04:00.664 64790 INFO tempest.lib.common.rest_client [req-5dced837-1aae-4169-892c-e42fbc1d0748 req-5dced837-1aae-4169-892c-e42fbc1d0748 ] Request (InstanceActionsNegativeTestJSON:tearDownClass): 200 GET http://10.180.1.21/compute/v2.1/servers/4865661d-e1c2-4e2a-9051-bab851553c15 0.211s
2025-02-19 11:04:00.677 64768 INFO tempest.lib.common.rest_client [req-3ffd8d02-b850-4846-9f3a-3cb0604b857a req-3ffd8d02-b850-4846-9f3a-3cb0604b857a ] Request (ServersTestManualDisk:setUpClass): 200 GET http://10.180.1.21/compute/v2.1/servers/cbdfcbe9-0ca2-4812-850b-15af857303a7 0.276s
2025-02-19 11:04:00.747 64788 INFO tempest.lib.common.rest_client [req-156b98a5-1923-4505-9e40-f9a8a6273b88 req-156b98a5-1923-4505-9e40-f9a8a6273b88 ] Request (ServersTestBootFromVolume:setUpClass): 200 GET http://10.180.1.21/compute/v2.1/servers/57de5093-57f2-414f-b665-89affbbf74dd/os-interface 0.187s
2025-02-19 11:04:00.752 64778 INFO tempest.lib.common.rest_client [req-83633fd5-0acd-41f3-973f-48d9e030003e req-83633fd5-0acd-41f3-973f-48d9e030003e ] Request (ServerGroupTestJSON:_run_cleanups): 200 GET http://10.180.1.21/compute/v2.1/servers/c806a2df-2ef2-44aa-a265-ece27caa6307 0.191s
2025-02-19 11:04:00.828 64818 INFO tempest.lib.common.rest_client [req-aa9fc189-801c-4e83-95f9-4995a03b516a req-aa9fc189-801c-4e83-95f9-4995a03b516a ] Request (ServerShowV257Test:tearDownClass): 200 GET http://10.180.1.21/compute/v2.1/servers/29249acd-a277-4c8b-aa14-a981b1ef16e1 0.088s
2025-02-19 11:04:00.950 64820 INFO tempest.lib.common.rest_client [req-cce1237a-7af6-4247-8665-e5b664995d50 req-cce1237a-7af6-4247-8665-e5b664995d50 ] Request (ListImageFiltersTestJSON:setUpClass): 201 POST http://10.180.1.21/image/v2/images 0.351s
2025-02-19 11:04:01.019 64810 INFO tempest.lib.common.rest_client [req-1f436882-02a3-4245-b985-6063cd9a02d9 req-1f436882-02a3-4245-b985-6063cd9a02d9 ] Request (SecurityGroupsTestJSON:test_server_security_groups): 200 GET http://10.180.1.21/compute/v2.1/servers/95420eb6-9a0f-446f-bed0-b8d47808f5c6 0.254s
2025-02-19 11:04:01.026 64810 INFO tempest.common.waiters [-] State transition "HARD_REBOOT/reboot_started_hard" ==> "ACTIVE/None" after 6 second wait
2025-02-19 11:04:01.031 64764 INFO tempest.lib.common.rest_client [req-47b1e691-ad7b-435b-85eb-201444605ae6 req-47b1e691-ad7b-435b-85eb-201444605ae6 ] Request (ImagesTestJSON:test_create_image_from_suspended_server): 200 GET http://10.180.1.21/compute/v2.1/servers/6826ea78-727c-4fbe-bb2c-13c66fdcaf3b 0.415s
2025-02-19 11:04:01.038 64764 INFO tempest.common.waiters [-] State transition "BUILD/None" ==> "BUILD/networking" after 54 second wait
2025-02-19 11:04:01.103 64777 INFO tempest.lib.common.rest_client [req-27b90ac2-1c35-4855-b97a-5101aac4d87b req-27b90ac2-1c35-4855-b97a-5101aac4d87b ] Request (ImagesOneServerTestJSON:setUpClass): 200 GET http://10.180.1.21/compute/v2.1/servers/4531838e-0b18-44a3-ab03-87107bfde98b 0.251s
2025-02-19 11:04:01.109 64784 INFO tempest.lib.common.rest_client [req-58d5c2db-15ee-4166-b084-c68732ae4a66 req-58d5c2db-15ee-4166-b084-c68732ae4a66 ] Request (ServerRescueTestJSON:test_rescue_unrescue_instance): 200 GET http://10.180.1.21/compute/v2.1/servers/57c7045b-f9d7-46d9-8017-15896cee5224 0.309s
2025-02-19 11:04:01.116 64812 WARNING tempest.lib.common.ssh [-] Failed to establish authenticated ssh connection to cirros@10.180.180.226 ([Errno None] Unable to connect to port 22 on 10.180.180.226). Number attempts: 12. Retry after 13 seconds.: paramiko.ssh_exception.NoValidConnectionsError: [Errno None] Unable to connect to port 22 on 10.180.180.226
2025-02-19 11:04:01.187 64806 INFO tempest.lib.common.rest_client [req-76822bd5-bb3c-4c49-8cf6-c33082d52abd req-76822bd5-bb3c-4c49-8cf6-c33082d52abd ] Request (MultipleCreateTestJSON:test_multiple_create_with_reservation_return): 200 GET http://10.180.1.21/compute/v2.1/servers/f52d4edf-1555-4a6f-9d8f-4b0865cc6cb7 0.270s
2025-02-19 11:04:01.205 64760 INFO tempest.lib.common.rest_client [req-ca015bce-4007-4c08-9ff3-b979c9cb55a7 req-ca015bce-4007-4c08-9ff3-b979c9cb55a7 ] Request (ServersNegativeTestJSON:setUpClass): 200 GET http://10.180.1.21/compute/v2.1/servers/88f3252f-5271-4778-b8e4-a952460d400d 0.228s
2025-02-19 11:04:01.353 64802 INFO tempest.lib.common.rest_client [req-95469555-a306-4d88-8442-103be0ee440c req-95469555-a306-4d88-8442-103be0ee440c ] Request (ImagesOneServerNegativeTestJSON:_run_cleanups): 200 GET http://10.180.1.21/compute/v2.1/servers/c852ede9-4489-49bb-89cf-6664ff3d5567 0.343s
2025-02-19 11:04:01.650 64786 INFO tempest.lib.common.rest_client [req-0b5a8be7-9e0f-4099-a2bb-5a51b02a299e req-0b5a8be7-9e0f-4099-a2bb-5a51b02a299e ] Request (DeleteServersTestJSON:test_delete_server_while_in_attached_volume): 200 GET http://10.180.1.21/compute/v2.1/servers/ebd70bba-160b-41dc-94ca-5d45e99e5dd8 0.616s
2025-02-19 11:04:01.723 64762 INFO tempest.lib.common.rest_client [req-ade02525-8db3-489b-947e-30078da3b45c req-ade02525-8db3-489b-947e-30078da3b45c ] Request (ServersAdminTestJSON:test_inject_network_info): 200 GET http://10.180.1.21/compute/v2.1/servers/0981bdf7-7ad1-45d4-a556-7e69da1cf213 0.631s
2025-02-19 11:04:01.867 64788 INFO tempest.lib.common.rest_client [req-a6e6e36a-9d7e-4f91-8a30-47f8854f74d2 req-a6e6e36a-9d7e-4f91-8a30-47f8854f74d2 ] Request (ServersTestBootFromVolume:setUpClass): 200 PUT http://10.180.1.21:9696/networking/v2.0/floatingips/d99f012a-5c24-42b0-910b-b4e36caf20b2 1.117s
2025-02-19 11:04:01.946 64792 INFO tempest.lib.common.rest_client [req-c7f6a0a3-be3d-4312-8962-9182e28146de req-c7f6a0a3-be3d-4312-8962-9182e28146de ] Request (ServerActionsTestOtherB:setUpClass): 200 GET http://10.180.1.21/compute/v2.1/servers/cdcc1d35-9ead-4e4c-ada3-ab31513b73af 0.817s
2025-02-19 11:04:01.962 64792 INFO tempest.common.waiters [-] State transition "BUILD/spawning" ==> "ACTIVE/None" after 75 second wait
2025-02-19 11:04:02.122 64810 INFO tempest.lib.common.rest_client [req-25548417-7dac-4c4d-9718-9e20d399bea9 req-25548417-7dac-4c4d-9718-9e20d399bea9 ] Request (SecurityGroupsTestJSON:test_server_security_groups): 202 POST http://10.180.1.21/compute/v2.1/servers/95420eb6-9a0f-446f-bed0-b8d47808f5c6/action 1.096s
2025-02-19 11:04:02.143 64772 INFO tempest.lib.common.rest_client [req-607f0025-ac0c-4550-84f2-036d39312f64 req-607f0025-ac0c-4550-84f2-036d39312f64 ] Request (ServerAddressesNegativeTestJSON:setUpClass): 200 GET http://10.180.1.21/compute/v2.1/servers/5d32979c-4d4b-4ec2-ae7a-23f8808cce19 0.725s
2025-02-19 11:04:02.263 64790 INFO tempest.lib.common.rest_client [req-0b2e433b-e3b9-4ac7-a679-74104b131073 req-0b2e433b-e3b9-4ac7-a679-74104b131073 ] Request (InstanceActionsNegativeTestJSON:tearDownClass): 200 GET http://10.180.1.21/compute/v2.1/servers/4865661d-e1c2-4e2a-9051-bab851553c15 0.591s
2025-02-19 11:04:02.273 64770 INFO tempest.lib.common.rest_client [req-932664fa-8308-4c08-9ee5-273e5b3a0cce req-932664fa-8308-4c08-9ee5-273e5b3a0cce ] Request (MigrationsAdminTest:test_list_migrations_in_flavor_resize_situation): 200 GET http://10.180.1.21/compute/v2.1/servers/4527a9ba-28f7-4698-aec0-6389cfc9d788 0.706s
2025-02-19 11:04:02.296 64780 INFO paramiko.transport [-] Connected (version 2.0, client dropbear_2020.81)
2025-02-19 11:04:02.348 64778 INFO tempest.lib.common.rest_client [req-ad37028d-38c2-47e6-92f6-f0394f06c44e req-ad37028d-38c2-47e6-92f6-f0394f06c44e ] Request (ServerGroupTestJSON:_run_cleanups): 200 GET http://10.180.1.21/compute/v2.1/servers/c806a2df-2ef2-44aa-a265-ece27caa6307 0.588s
2025-02-19 11:04:02.359 64780 INFO paramiko.transport [-] Authentication (publickey) successful!
2025-02-19 11:04:02.359 64780 INFO tempest.lib.common.ssh [-] ssh connection to cirros@10.180.180.198 successfully created
2025-02-19 11:04:02.385 64768 INFO tempest.lib.common.rest_client [req-f8de95c0-1cd4-401a-b36f-4340567c260a req-f8de95c0-1cd4-401a-b36f-4340567c260a ] Request (ServersTestManualDisk:setUpClass): 200 GET http://10.180.1.21/compute/v2.1/servers/cbdfcbe9-0ca2-4812-850b-15af857303a7 0.698s
2025-02-19 11:04:02.423 64818 INFO tempest.lib.common.rest_client [req-181b91fb-f880-4521-a91b-a2af70741281 req-181b91fb-f880-4521-a91b-a2af70741281 ] Request (ServerShowV257Test:tearDownClass): 200 GET http://10.180.1.21/compute/v2.1/servers/29249acd-a277-4c8b-aa14-a981b1ef16e1 0.584s
2025-02-19 11:04:02.506 64792 INFO tempest.lib.common.rest_client [req-86798af5-a69f-4849-ac22-8003fdd7d2ae req-86798af5-a69f-4849-ac22-8003fdd7d2ae ] Request (ServerActionsTestOtherB:setUpClass): 200 GET http://10.180.1.21/compute/v2.1/servers/cdcc1d35-9ead-4e4c-ada3-ab31513b73af/os-interface 0.542s
2025-02-19 11:04:02.600 64788 INFO tempest.lib.common.rest_client [req-ec869cb3-6b76-46ee-8ac0-46253204a0f4 req-ec869cb3-6b76-46ee-8ac0-46253204a0f4 ] Request (ServersTestBootFromVolume:setUpClass): 200 GET http://10.180.1.21/compute/v2.1/servers/57de5093-57f2-414f-b665-89affbbf74dd 0.732s
2025-02-19 11:04:02.612 64788 INFO tempest.lib.common.ssh [-] Creating ssh connection to '10.180.180.180:22' as 'cirros' with public key authentication
2025-02-19 11:04:02.652 64764 INFO tempest.lib.common.rest_client [req-900ef3b2-4525-4f7f-9221-2335edae2b69 req-900ef3b2-4525-4f7f-9221-2335edae2b69 ] Request (ImagesTestJSON:test_create_image_from_suspended_server): 200 GET http://10.180.1.21/compute/v2.1/servers/6826ea78-727c-4fbe-bb2c-13c66fdcaf3b 0.614s
2025-02-19 11:04:02.665 64820 INFO tempest.lib.common.rest_client [req-2e93e026-0c93-4ea3-9b8a-822b4c3da7af req-2e93e026-0c93-4ea3-9b8a-822b4c3da7af ] Request (ListImageFiltersTestJSON:setUpClass): 204 PUT http://10.180.1.21/image/v2/images/de72679d-3d82-4020-9a6a-f96cc65ed64d/file 0.713s
2025-02-19 11:04:02.665 64764 INFO tempest.common.waiters [-] State transition "BUILD/networking" ==> "BUILD/spawning" after 55 second wait
2025-02-19 11:04:02.676 64777 INFO tempest.lib.common.rest_client [req-59f00024-ace8-493c-adcc-f23f4b700318 req-59f00024-ace8-493c-adcc-f23f4b700318 ] Request (ImagesOneServerTestJSON:setUpClass): 200 GET http://10.180.1.21/compute/v2.1/servers/4531838e-0b18-44a3-ab03-87107bfde98b 0.558s
2025-02-19 11:04:02.748 64784 INFO tempest.lib.common.rest_client [req-0827959f-85f1-4982-b258-707735fb846f req-0827959f-85f1-4982-b258-707735fb846f ] Request (ServerRescueTestJSON:test_rescue_unrescue_instance): 200 GET http://10.180.1.21/compute/v2.1/servers/57c7045b-f9d7-46d9-8017-15896cee5224 0.625s
2025-02-19 11:04:02.752 64810 INFO tempest.lib.common.rest_client [req-df88dab7-360a-401d-99d2-aec65b06f073 req-df88dab7-360a-401d-99d2-aec65b06f073 ] Request (SecurityGroupsTestJSON:test_server_security_groups): 400 DELETE http://10.180.1.21/compute/v2.1/os-security-groups/d56968f0-09ac-450f-b3be-d23e15b46d5b 0.629s
2025-02-19 11:04:02.819 64760 INFO tempest.lib.common.rest_client [req-ca99ab7d-e975-47db-bdcd-9d90aac6a24a req-ca99ab7d-e975-47db-bdcd-9d90aac6a24a ] Request (ServersNegativeTestJSON:setUpClass): 200 GET http://10.180.1.21/compute/v2.1/servers/88f3252f-5271-4778-b8e4-a952460d400d 0.600s
2025-02-19 11:04:02.827 64806 INFO tempest.lib.common.rest_client [req-2e45a669-35a1-4594-8a63-4315002b54bf req-2e45a669-35a1-4594-8a63-4315002b54bf ] Request (MultipleCreateTestJSON:test_multiple_create_with_reservation_return): 200 GET http://10.180.1.21/compute/v2.1/servers/f52d4edf-1555-4a6f-9d8f-4b0865cc6cb7 0.630s
2025-02-19 11:04:02.834 64806 INFO tempest.common.waiters [-] State transition "BUILD/scheduling" ==> "BUILD/None" after 12 second wait
2025-02-19 11:04:02.849 64780 INFO tempest.lib.common.rest_client [req-76675376-9f25-4961-a90c-a1d839a0d9b2 req-76675376-9f25-4961-a90c-a1d839a0d9b2 ] Request (AttachVolumeShelveTestJSON:test_attach_volume_shelved_or_offload_server): 200 GET http://10.180.1.21/compute/v2.1/servers/a9cd65b5-58ae-4174-ba35-131d685991ef/ips 0.489s
2025-02-19 11:04:02.920 64786 INFO tempest.lib.common.rest_client [req-724f09d9-03c5-4c31-b424-119c5936db3f req-724f09d9-03c5-4c31-b424-119c5936db3f ] Request (DeleteServersTestJSON:test_delete_server_while_in_attached_volume): 200 GET http://10.180.1.21/compute/v2.1/servers/ebd70bba-160b-41dc-94ca-5d45e99e5dd8 0.261s
2025-02-19 11:04:02.928 64786 INFO tempest.common.waiters [-] State transition "BUILD/None" ==> "BUILD/networking" after 39 second wait
2025-02-19 11:04:02.957 64820 INFO tempest.lib.common.rest_client [req-9cad98e2-c5b7-4abf-9dbb-368e1e3e217b req-9cad98e2-c5b7-4abf-9dbb-368e1e3e217b ] Request (ListImageFiltersTestJSON:setUpClass): 200 GET http://10.180.1.21/compute/v2.1/images/de72679d-3d82-4020-9a6a-f96cc65ed64d 0.292s
2025-02-19 11:04:02.986 64802 INFO tempest.lib.common.rest_client [req-407640de-6b2f-403d-8658-27a7128caf02 req-407640de-6b2f-403d-8658-27a7128caf02 ] Request (ImagesOneServerNegativeTestJSON:_run_cleanups): 200 GET http://10.180.1.21/compute/v2.1/servers/c852ede9-4489-49bb-89cf-6664ff3d5567 0.619s
2025-02-19 11:04:02.997 64802 INFO tempest.common.waiters [-] State transition "BUILD/spawning" ==> "ACTIVE/None" after 73 second wait
2025-02-19 11:04:03.002 64780 INFO tempest.lib.common.rest_client [req-19b476c0-2150-490e-97e4-f68432ed6fb5 req-19b476c0-2150-490e-97e4-f68432ed6fb5 ] Request (AttachVolumeShelveTestJSON:test_attach_volume_shelved_or_offload_server): 202 POST http://10.180.1.21/volume/v3/volumes 0.151s
2025-02-19 11:04:03.041 64762 INFO tempest.lib.common.rest_client [req-533274ce-b0fc-456a-b403-c01e9a5b2b13 req-533274ce-b0fc-456a-b403-c01e9a5b2b13 ] Request (ServersAdminTestJSON:test_inject_network_info): 200 GET http://10.180.1.21/compute/v2.1/servers/0981bdf7-7ad1-45d4-a556-7e69da1cf213 0.308s
2025-02-19 11:04:03.066 64780 INFO tempest.lib.common.rest_client [req-0eea96f9-da2f-4f85-bf81-af0dd2f08988 req-0eea96f9-da2f-4f85-bf81-af0dd2f08988 ] Request (AttachVolumeShelveTestJSON:test_attach_volume_shelved_or_offload_server): 200 GET http://10.180.1.21/volume/v3/volumes/91b132f0-b4ca-407d-8362-210440675069 0.055s
2025-02-19 11:04:03.074 64820 INFO tempest.lib.common.rest_client [req-5599bc55-ffb2-4faf-bcda-df9364ed5c04 req-5599bc55-ffb2-4faf-bcda-df9364ed5c04 ] Request (ListImageFiltersTestJSON:setUpClass): 200 GET http://10.180.1.21/compute/v2.1/images/de72679d-3d82-4020-9a6a-f96cc65ed64d 0.111s
2025-02-19 11:04:03.079 64810 INFO tempest.lib.common.rest_client [req-728a0520-337d-44e1-85ec-06df5839d792 req-728a0520-337d-44e1-85ec-06df5839d792 ] Request (SecurityGroupsTestJSON:test_server_security_groups): 204 DELETE http://10.180.1.21/compute/v2.1/servers/95420eb6-9a0f-446f-bed0-b8d47808f5c6 0.326s
2025-02-19 11:04:03.231 64802 INFO tempest.lib.common.rest_client [req-8e3e99b4-4c8c-400c-9959-1b6bb928be0a req-8e3e99b4-4c8c-400c-9959-1b6bb928be0a ] Request (ImagesOneServerNegativeTestJSON:setUp): 200 GET http://10.180.1.21/compute/v2.1/servers/c852ede9-4489-49bb-89cf-6664ff3d5567 0.232s
2025-02-19 11:04:03.242 64810 INFO tempest.lib.common.rest_client [req-f855eccb-b408-4934-9b75-87aa4f0ad165 req-f855eccb-b408-4934-9b75-87aa4f0ad165 ] Request (SecurityGroupsTestJSON:test_server_security_groups): 200 GET http://10.180.1.21/compute/v2.1/servers/95420eb6-9a0f-446f-bed0-b8d47808f5c6 0.163s
2025-02-19 11:04:03.346 64792 INFO tempest.lib.common.rest_client [req-d260b1a2-2c9e-4de6-ba58-027eb8251815 req-d260b1a2-2c9e-4de6-ba58-027eb8251815 ] Request (ServerActionsTestOtherB:setUpClass): 200 PUT http://10.180.1.21:9696/networking/v2.0/floatingips/44fae8af-fd02-4f76-bc97-f0319c59aba0 0.836s
2025-02-19 11:04:03.347 64792 INFO tempest.lib.common.ssh [-] Creating ssh connection to '10.180.180.211:22' as 'cirros' with public key authentication
2025-02-19 11:04:03.369 64772 INFO tempest.lib.common.rest_client [req-00e64251-ffe7-479a-baba-fb0654b99bbc req-00e64251-ffe7-479a-baba-fb0654b99bbc ] Request (ServerAddressesNegativeTestJSON:setUpClass): 200 GET http://10.180.1.21/compute/v2.1/servers/5d32979c-4d4b-4ec2-ae7a-23f8808cce19 0.218s
2025-02-19 11:04:03.434 64822 WARNING tempest.lib.common.ssh [-] Failed to establish authenticated ssh connection to cirros@10.180.180.194 ([Errno None] Unable to connect to port 22 on 10.180.180.194). Number attempts: 13. Retry after 14 seconds.: paramiko.ssh_exception.NoValidConnectionsError: [Errno None] Unable to connect to port 22 on 10.180.180.194
2025-02-19 11:04:03.434 64820 INFO tempest.lib.common.rest_client [req-bb5566ff-562c-4624-b133-c76a61743152 req-bb5566ff-562c-4624-b133-c76a61743152 ] Request (ListImageFiltersTestJSON:setUpClass): 201 POST http://10.180.1.21/image/v2/images 0.357s
2025-02-19 11:04:03.443 64790 INFO tempest.lib.common.rest_client [req-2f94e1d1-c0ab-471d-b4cb-c1ca9c618350 req-2f94e1d1-c0ab-471d-b4cb-c1ca9c618350 ] Request (InstanceActionsNegativeTestJSON:tearDownClass): 200 GET http://10.180.1.21/compute/v2.1/servers/4865661d-e1c2-4e2a-9051-bab851553c15 0.168s
2025-02-19 11:04:03.556 64770 INFO tempest.lib.common.rest_client [req-0cfba3ac-b002-41e1-8721-79dc0bc27e38 req-0cfba3ac-b002-41e1-8721-79dc0bc27e38 ] Request (MigrationsAdminTest:test_list_migrations_in_flavor_resize_situation): 200 GET http://10.180.1.21/compute/v2.1/servers/4527a9ba-28f7-4698-aec0-6389cfc9d788 0.273s
2025-02-19 11:04:03.633 64778 INFO tempest.lib.common.rest_client [req-ad5ee811-a33b-473c-916e-18d875999774 req-ad5ee811-a33b-473c-916e-18d875999774 ] Request (ServerGroupTestJSON:_run_cleanups): 200 GET http://10.180.1.21/compute/v2.1/servers/c806a2df-2ef2-44aa-a265-ece27caa6307 0.274s
2025-02-19 11:04:03.719 64802 INFO tempest.lib.common.rest_client [req-698b704b-6882-42fe-b221-86a18a35001a req-698b704b-6882-42fe-b221-86a18a35001a ] Request (ImagesOneServerNegativeTestJSON:test_delete_image_that_is_not_yet_active): 202 POST http://10.180.1.21/compute/v2.1/servers/c852ede9-4489-49bb-89cf-6664ff3d5567/action 0.481s
2025-02-19 11:04:03.754 64768 INFO tempest.lib.common.rest_client [req-4226bd74-c3b9-4790-ac4b-5aef907ea885 req-4226bd74-c3b9-4790-ac4b-5aef907ea885 ] Request (ServersTestManualDisk:setUpClass): 200 GET http://10.180.1.21/compute/v2.1/servers/cbdfcbe9-0ca2-4812-850b-15af857303a7 0.353s
2025-02-19 11:04:03.781 64818 INFO tempest.lib.common.rest_client [req-88dc5496-2f5a-47d0-a55b-8356f637bdd2 req-88dc5496-2f5a-47d0-a55b-8356f637bdd2 ] Request (ServerShowV257Test:tearDownClass): 200 GET http://10.180.1.21/compute/v2.1/servers/29249acd-a277-4c8b-aa14-a981b1ef16e1 0.342s
2025-02-19 11:04:03.832 64777 INFO tempest.lib.common.rest_client [req-dbb6f5f6-b361-46c5-9366-a7c58b91a211 req-dbb6f5f6-b361-46c5-9366-a7c58b91a211 ] Request (ImagesOneServerTestJSON:setUpClass): 200 GET http://10.180.1.21/compute/v2.1/servers/4531838e-0b18-44a3-ab03-87107bfde98b 0.145s
2025-02-19 11:04:03.840 64777 INFO tempest.common.waiters [-] State transition "BUILD/scheduling" ==> "BUILD/None" after 13 second wait
2025-02-19 11:04:03.875 64764 INFO tempest.lib.common.rest_client [req-4f1177c8-f2a5-4caa-957e-b672f909026d req-4f1177c8-f2a5-4caa-957e-b672f909026d ] Request (ImagesTestJSON:test_create_image_from_suspended_server): 200 GET http://10.180.1.21/compute/v2.1/servers/6826ea78-727c-4fbe-bb2c-13c66fdcaf3b 0.208s
2025-02-19 11:04:03.923 64802 INFO tempest.lib.common.rest_client [req-b34f6b32-9e91-4b83-b132-f6c22cdf53ff req-b34f6b32-9e91-4b83-b132-f6c22cdf53ff ] Request (ImagesOneServerNegativeTestJSON:test_delete_image_that_is_not_yet_active): 204 DELETE http://10.180.1.21/compute/v2.1/images/c8347cbd-2644-4e36-a8fd-73902066a91e 0.202s
2025-02-19 11:04:03.944 64784 INFO tempest.lib.common.rest_client [req-b9e87bf1-2b33-426c-960b-db18e9b14547 req-b9e87bf1-2b33-426c-960b-db18e9b14547 ] Request (ServerRescueTestJSON:test_rescue_unrescue_instance): 200 GET http://10.180.1.21/compute/v2.1/servers/57c7045b-f9d7-46d9-8017-15896cee5224 0.188s
2025-02-19 11:04:03.989 64760 INFO tempest.lib.common.rest_client [req-3be6ce2e-5838-4af5-bb8d-c927c58235d7 req-3be6ce2e-5838-4af5-bb8d-c927c58235d7 ] Request (ServersNegativeTestJSON:setUpClass): 200 GET http://10.180.1.21/compute/v2.1/servers/88f3252f-5271-4778-b8e4-a952460d400d 0.161s
2025-02-19 11:04:04.000 64806 INFO tempest.lib.common.rest_client [req-ec042b49-8aff-439b-91f9-db8c24c9254c req-ec042b49-8aff-439b-91f9-db8c24c9254c ] Request (MultipleCreateTestJSON:test_multiple_create_with_reservation_return): 200 GET http://10.180.1.21/compute/v2.1/servers/f52d4edf-1555-4a6f-9d8f-4b0865cc6cb7 0.165s
2025-02-19 11:04:04.005 64802 INFO tempest.lib.common.rest_client [req-e2ac5ce9-0ac9-4bcb-aeb0-bdce10b696b4 req-e2ac5ce9-0ac9-4bcb-aeb0-bdce10b696b4 ] Request (ImagesOneServerNegativeTestJSON:test_delete_image_that_is_not_yet_active): 404 GET http://10.180.1.21/compute/v2.1/images/c8347cbd-2644-4e36-a8fd-73902066a91e 0.077s
2025-02-19 11:04:04.108 64780 INFO tempest.lib.common.rest_client [req-e70465ee-79b6-4315-a51b-faa71c497482 req-e70465ee-79b6-4315-a51b-faa71c497482 ] Request (AttachVolumeShelveTestJSON:test_attach_volume_shelved_or_offload_server): 200 GET http://10.180.1.21/volume/v3/volumes/91b132f0-b4ca-407d-8362-210440675069 0.033s
2025-02-19 11:04:04.117 64780 INFO tempest.common.waiters [-] volume 91b132f0-b4ca-407d-8362-210440675069 reached available after waiting for 1.117117 seconds
2025-02-19 11:04:04.118 64780 INFO tempest.lib.common.ssh [-] Creating ssh connection to '10.180.180.198:22' as 'cirros' with public key authentication
2025-02-19 11:04:04.121 64780 INFO paramiko.transport [-] Connected (version 2.0, client dropbear_2020.81)
2025-02-19 11:04:04.175 64786 INFO tempest.lib.common.rest_client [req-6a3bff2e-2401-47f8-b6a2-eab8252207ff req-6a3bff2e-2401-47f8-b6a2-eab8252207ff ] Request (DeleteServersTestJSON:test_delete_server_while_in_attached_volume): 200 GET http://10.180.1.21/compute/v2.1/servers/ebd70bba-160b-41dc-94ca-5d45e99e5dd8 0.245s
2025-02-19 11:04:04.176 64802 INFO tempest.lib.common.rest_client [req-8cde227d-0372-4697-aa24-01d85a05c97c req-8cde227d-0372-4697-aa24-01d85a05c97c ] Request (ImagesOneServerNegativeTestJSON:tearDown): 200 GET http://10.180.1.21/compute/v2.1/servers/c852ede9-4489-49bb-89cf-6664ff3d5567 0.171s
2025-02-19 11:04:04.182 64786 INFO tempest.common.waiters [-] State transition "BUILD/networking" ==> "BUILD/block_device_mapping" after 41 second wait
2025-02-19 11:04:04.233 64762 INFO tempest.lib.common.rest_client [req-5ef5560b-5308-4a99-ad1e-c8682abf00cb req-5ef5560b-5308-4a99-ad1e-c8682abf00cb ] Request (ServersAdminTestJSON:test_inject_network_info): 200 GET http://10.180.1.21/compute/v2.1/servers/0981bdf7-7ad1-45d4-a556-7e69da1cf213 0.177s
2025-02-19 11:04:04.234 64780 INFO paramiko.transport [-] Authentication (publickey) successful!
2025-02-19 11:04:04.235 64780 INFO tempest.lib.common.ssh [-] ssh connection to cirros@10.180.180.198 successfully created
2025-02-19 11:04:04.242 64780 INFO tempest.lib.common.ssh [-] Creating ssh connection to '10.180.180.198:22' as 'cirros' with public key authentication
2025-02-19 11:04:04.245 64780 INFO paramiko.transport [-] Connected (version 2.0, client dropbear_2020.81)
2025-02-19 11:04:04.341 64780 INFO paramiko.transport [-] Authentication (publickey) successful!
2025-02-19 11:04:04.342 64780 INFO tempest.lib.common.ssh [-] ssh connection to cirros@10.180.180.198 successfully created
2025-02-19 11:04:04.364 64810 INFO tempest.lib.common.rest_client [req-2d54adf6-e078-44f7-b263-3a8c1baacc4f req-2d54adf6-e078-44f7-b263-3a8c1baacc4f ] Request (SecurityGroupsTestJSON:test_server_security_groups): 200 GET http://10.180.1.21/compute/v2.1/servers/95420eb6-9a0f-446f-bed0-b8d47808f5c6 0.114s
2025-02-19 11:04:04.532 64772 INFO tempest.lib.common.rest_client [req-33abad20-faee-4530-b080-7ca6379043cd req-33abad20-faee-4530-b080-7ca6379043cd ] Request (ServerAddressesNegativeTestJSON:setUpClass): 200 GET http://10.180.1.21/compute/v2.1/servers/5d32979c-4d4b-4ec2-ae7a-23f8808cce19 0.155s
2025-02-19 11:04:04.628 64790 INFO tempest.lib.common.rest_client [req-1e56ace6-33e0-4b14-b183-56fdae4eb61f req-1e56ace6-33e0-4b14-b183-56fdae4eb61f ] Request (InstanceActionsNegativeTestJSON:tearDownClass): 200 GET http://10.180.1.21/compute/v2.1/servers/4865661d-e1c2-4e2a-9051-bab851553c15 0.172s
2025-02-19 11:04:04.722 64770 INFO tempest.lib.common.rest_client [req-268f35ed-92c3-47db-9bf5-54181a1c70c3 req-268f35ed-92c3-47db-9bf5-54181a1c70c3 ] Request (MigrationsAdminTest:test_list_migrations_in_flavor_resize_situation): 200 GET http://10.180.1.21/compute/v2.1/servers/4527a9ba-28f7-4698-aec0-6389cfc9d788 0.158s
2025-02-19 11:04:04.787 64778 INFO tempest.lib.common.rest_client [req-e598aa6c-1ab5-4b23-ac3c-39d598613709 req-e598aa6c-1ab5-4b23-ac3c-39d598613709 ] Request (ServerGroupTestJSON:_run_cleanups): 200 GET http://10.180.1.21/compute/v2.1/servers/c806a2df-2ef2-44aa-a265-ece27caa6307 0.146s
2025-02-19 11:04:04.829 64780 INFO tempest.lib.common.rest_client [req-c8466f47-d6e3-42dc-b9b6-0b1ffad1ef92 req-c8466f47-d6e3-42dc-b9b6-0b1ffad1ef92 ] Request (AttachVolumeShelveTestJSON:test_attach_volume_shelved_or_offload_server): 202 POST http://10.180.1.21/compute/v2.1/servers/a9cd65b5-58ae-4174-ba35-131d685991ef/action 0.487s
2025-02-19 11:04:04.896 64818 INFO tempest.lib.common.rest_client [req-8249375c-9271-47cb-b4f4-3516a99f03a7 req-8249375c-9271-47cb-b4f4-3516a99f03a7 ] Request (ServerShowV257Test:tearDownClass): 200 GET http://10.180.1.21/compute/v2.1/servers/29249acd-a277-4c8b-aa14-a981b1ef16e1 0.098s
2025-02-19 11:04:04.905 64768 INFO tempest.lib.common.rest_client [req-fdb4824e-c77a-4b87-be1f-8409e9763914 req-fdb4824e-c77a-4b87-be1f-8409e9763914 ] Request (ServersTestManualDisk:setUpClass): 200 GET http://10.180.1.21/compute/v2.1/servers/cbdfcbe9-0ca2-4812-850b-15af857303a7 0.139s
2025-02-19 11:04:04.912 64774 WARNING tempest.lib.common.ssh [-] Failed to establish authenticated ssh connection to cirros@10.180.180.186 ([Errno None] Unable to connect to port 22 on 10.180.180.186). Number attempts: 7. Retry after 8 seconds.: paramiko.ssh_exception.NoValidConnectionsError: [Errno None] Unable to connect to port 22 on 10.180.180.186
2025-02-19 11:04:04.965 64777 INFO tempest.lib.common.rest_client [req-b3727c62-2c6b-43c5-b39b-ddea9cb3192b req-b3727c62-2c6b-43c5-b39b-ddea9cb3192b ] Request (ImagesOneServerTestJSON:setUpClass): 200 GET http://10.180.1.21/compute/v2.1/servers/4531838e-0b18-44a3-ab03-87107bfde98b 0.124s
2025-02-19 11:04:05.050 64780 INFO tempest.lib.common.rest_client [req-897e2700-588c-4608-96fb-2a90c2c7e1c9 req-897e2700-588c-4608-96fb-2a90c2c7e1c9 ] Request (AttachVolumeShelveTestJSON:test_attach_volume_shelved_or_offload_server): 200 GET http://10.180.1.21/compute/v2.1/servers/a9cd65b5-58ae-4174-ba35-131d685991ef 0.220s
2025-02-19 11:04:05.061 64764 INFO tempest.lib.common.rest_client [req-71750adf-8f1c-445f-b4da-e27c2997525c req-71750adf-8f1c-445f-b4da-e27c2997525c ] Request (ImagesTestJSON:test_create_image_from_suspended_server): 200 GET http://10.180.1.21/compute/v2.1/servers/6826ea78-727c-4fbe-bb2c-13c66fdcaf3b 0.172s
2025-02-19 11:04:05.072 64820 INFO tempest.lib.common.rest_client [req-7126bab9-163c-4adb-936b-66e304695f07 req-7126bab9-163c-4adb-936b-66e304695f07 ] Request (ListImageFiltersTestJSON:setUpClass): 204 PUT http://10.180.1.21/image/v2/images/7ebb48e3-c283-4973-8c8e-b33585fb556e/file 0.637s
2025-02-19 11:04:05.094 64784 INFO tempest.lib.common.rest_client [req-c3004a6d-d023-4e12-ab49-55aa68e0e63c req-c3004a6d-d023-4e12-ab49-55aa68e0e63c ] Request (ServerRescueTestJSON:test_rescue_unrescue_instance): 200 GET http://10.180.1.21/compute/v2.1/servers/57c7045b-f9d7-46d9-8017-15896cee5224 0.138s
2025-02-19 11:04:05.105 64760 INFO tempest.lib.common.rest_client [req-096375b6-df4c-442f-8fad-88cf61e338bb req-096375b6-df4c-442f-8fad-88cf61e338bb ] Request (ServersNegativeTestJSON:setUpClass): 200 GET http://10.180.1.21/compute/v2.1/servers/88f3252f-5271-4778-b8e4-a952460d400d 0.108s
2025-02-19 11:04:05.140 64820 INFO tempest.lib.common.rest_client [req-2f7fc9bf-5509-47f2-82eb-82d6d06e946c req-2f7fc9bf-5509-47f2-82eb-82d6d06e946c ] Request (ListImageFiltersTestJSON:setUpClass): 200 GET http://10.180.1.21/compute/v2.1/images/7ebb48e3-c283-4973-8c8e-b33585fb556e 0.068s
2025-02-19 11:04:05.144 64806 INFO tempest.lib.common.rest_client [req-7dbccf5c-20b1-430c-8728-a4b28623bd74 req-7dbccf5c-20b1-430c-8728-a4b28623bd74 ] Request (MultipleCreateTestJSON:test_multiple_create_with_reservation_return): 200 GET http://10.180.1.21/compute/v2.1/servers/f52d4edf-1555-4a6f-9d8f-4b0865cc6cb7 0.136s
2025-02-19 11:04:05.172 64820 INFO tempest.lib.common.rest_client [req-e0f5c8df-dbb7-4439-aa5a-664ea15ec942 req-e0f5c8df-dbb7-4439-aa5a-664ea15ec942 ] Request (ListImageFiltersTestJSON:setUpClass): 200 GET http://10.180.1.21/compute/v2.1/images/7ebb48e3-c283-4973-8c8e-b33585fb556e 0.029s
2025-02-19 11:04:05.206 64820 INFO tempest.lib.common.rest_client [req-513c3577-3a4a-4879-b4ba-3291aa9e88ea req-513c3577-3a4a-4879-b4ba-3291aa9e88ea ] Request (ListImageFiltersTestJSON:setUpClass): 201 POST http://10.180.1.21/identity/v3/auth/tokens 0.027s
2025-02-19 11:04:05.207 64820 INFO tempest.lib.common.fixed_network [-] (ListImageFiltersTestJSON:setUpClass) Found network None available for tenant
2025-02-19 11:04:05.307 64802 INFO tempest.lib.common.rest_client [req-d87a1ceb-2483-403b-8300-d44dbfb80e5d req-d87a1ceb-2483-403b-8300-d44dbfb80e5d ] Request (ImagesOneServerNegativeTestJSON:tearDown): 200 GET http://10.180.1.21/compute/v2.1/servers/c852ede9-4489-49bb-89cf-6664ff3d5567 0.121s
2025-02-19 11:04:05.313 64786 INFO tempest.lib.common.rest_client [req-44a79e34-5e2f-4c93-ad33-c25074758579 req-44a79e34-5e2f-4c93-ad33-c25074758579 ] Request (DeleteServersTestJSON:test_delete_server_while_in_attached_volume): 200 GET http://10.180.1.21/compute/v2.1/servers/ebd70bba-160b-41dc-94ca-5d45e99e5dd8 0.130s
2025-02-19 11:04:05.313 64802 INFO tempest.common.waiters [-] State transition "ACTIVE/image_snapshot_pending" ==> "ACTIVE/image_snapshot" after 1 second wait
2025-02-19 11:04:05.321 64786 INFO tempest.common.waiters [-] State transition "BUILD/block_device_mapping" ==> "BUILD/spawning" after 42 second wait
2025-02-19 11:04:05.376 64762 INFO tempest.lib.common.rest_client [req-acac53a5-28d1-449b-8fe3-95ffce6f728c req-acac53a5-28d1-449b-8fe3-95ffce6f728c ] Request (ServersAdminTestJSON:test_inject_network_info): 200 GET http://10.180.1.21/compute/v2.1/servers/0981bdf7-7ad1-45d4-a556-7e69da1cf213 0.134s
2025-02-19 11:04:05.385 64762 INFO tempest.common.waiters [-] State transition "BUILD/None" ==> "BUILD/networking" after 39 second wait
2025-02-19 11:04:05.441 64800 WARNING tempest.lib.common.ssh [-] Failed to establish authenticated ssh connection to cirros@10.180.180.229 ([Errno None] Unable to connect to port 22 on 10.180.180.229). Number attempts: 9. Retry after 10 seconds.: paramiko.ssh_exception.NoValidConnectionsError: [Errno None] Unable to connect to port 22 on 10.180.180.229
2025-02-19 11:04:05.547 64820 INFO tempest.lib.common.rest_client [req-99f932c2-3a19-495e-a4db-ae26a3f99298 req-99f932c2-3a19-495e-a4db-ae26a3f99298 ] Request (ListImageFiltersTestJSON:setUpClass): 202 POST http://10.180.1.21/compute/v2.1/servers 0.340s
2025-02-19 11:04:05.574 64810 INFO tempest.lib.common.rest_client [req-ac5ed85d-9fc9-482f-8d80-69a0dffd93f4 req-ac5ed85d-9fc9-482f-8d80-69a0dffd93f4 ] Request (SecurityGroupsTestJSON:test_server_security_groups): 200 GET http://10.180.1.21/compute/v2.1/servers/95420eb6-9a0f-446f-bed0-b8d47808f5c6 0.195s
2025-02-19 11:04:05.615 64820 INFO tempest.lib.common.rest_client [req-b009fbf6-6def-426c-9dbc-89a7940f57b0 req-b009fbf6-6def-426c-9dbc-89a7940f57b0 ] Request (ListImageFiltersTestJSON:setUpClass): 201 POST http://10.180.1.21/identity/v3/auth/tokens 0.061s
2025-02-19 11:04:05.616 64820 INFO tempest.lib.common.fixed_network [-] (ListImageFiltersTestJSON:setUpClass) Found network None available for tenant
2025-02-19 11:04:05.659 64772 INFO tempest.lib.common.rest_client [req-144705da-85d9-479c-aed7-cac44c668270 req-144705da-85d9-479c-aed7-cac44c668270 ] Request (ServerAddressesNegativeTestJSON:setUpClass): 200 GET http://10.180.1.21/compute/v2.1/servers/5d32979c-4d4b-4ec2-ae7a-23f8808cce19 0.116s
2025-02-19 11:04:05.660 64794 WARNING tempest.lib.common.ssh [-] Failed to establish authenticated ssh connection to cirros@10.180.180.163 ([Errno None] Unable to connect to port 22 on 10.180.180.163). Number attempts: 14. Retry after 15 seconds.: paramiko.ssh_exception.NoValidConnectionsError: [Errno None] Unable to connect to port 22 on 10.180.180.163
2025-02-19 11:04:05.723 64790 INFO tempest.lib.common.rest_client [req-97764707-044f-40f9-bdb9-d387d4c11d0d req-97764707-044f-40f9-bdb9-d387d4c11d0d ] Request (InstanceActionsNegativeTestJSON:tearDownClass): 200 GET http://10.180.1.21/compute/v2.1/servers/4865661d-e1c2-4e2a-9051-bab851553c15 0.083s
2025-02-19 11:04:05.724 64788 WARNING tempest.lib.common.ssh [-] Failed to establish authenticated ssh connection to cirros@10.180.180.180 ([Errno None] Unable to connect to port 22 on 10.180.180.180). Number attempts: 1. Retry after 2 seconds.: paramiko.ssh_exception.NoValidConnectionsError: [Errno None] Unable to connect to port 22 on 10.180.180.180
2025-02-19 11:04:05.826 64820 INFO tempest.lib.common.rest_client [req-38fb62a0-7c47-4484-a09d-811f0483d62f req-38fb62a0-7c47-4484-a09d-811f0483d62f ] Request (ListImageFiltersTestJSON:setUpClass): 202 POST http://10.180.1.21/compute/v2.1/servers 0.210s
2025-02-19 11:04:05.878 64770 INFO tempest.lib.common.rest_client [req-c7308fa5-6f02-475f-8998-cb224120adb8 req-c7308fa5-6f02-475f-8998-cb224120adb8 ] Request (MigrationsAdminTest:test_list_migrations_in_flavor_resize_situation): 200 GET http://10.180.1.21/compute/v2.1/servers/4527a9ba-28f7-4698-aec0-6389cfc9d788 0.147s
2025-02-19 11:04:05.902 64778 INFO tempest.lib.common.rest_client [req-37ad8ffd-b178-4720-9b56-f9132c81881e req-37ad8ffd-b178-4720-9b56-f9132c81881e ] Request (ServerGroupTestJSON:_run_cleanups): 200 GET http://10.180.1.21/compute/v2.1/servers/c806a2df-2ef2-44aa-a265-ece27caa6307 0.107s
2025-02-19 11:04:05.923 64820 INFO tempest.lib.common.rest_client [req-0298a53d-23fa-466c-9d18-d132c43e61a5 req-0298a53d-23fa-466c-9d18-d132c43e61a5 ] Request (ListImageFiltersTestJSON:setUpClass): 200 GET http://10.180.1.21/compute/v2.1/servers/b13e79da-5a9e-4e1d-a535-e5b97e76d2aa 0.095s
2025-02-19 11:04:05.989 64818 INFO tempest.lib.common.rest_client [req-b5a35889-1e8b-401c-998c-8b2fe4bdbe56 req-b5a35889-1e8b-401c-998c-8b2fe4bdbe56 ] Request (ServerShowV257Test:tearDownClass): 200 GET http://10.180.1.21/compute/v2.1/servers/29249acd-a277-4c8b-aa14-a981b1ef16e1 0.080s
2025-02-19 11:04:06.044 64777 INFO tempest.lib.common.rest_client [req-3eea3914-c16f-420e-99c9-819207cf1e00 req-3eea3914-c16f-420e-99c9-819207cf1e00 ] Request (ImagesOneServerTestJSON:setUpClass): 200 GET http://10.180.1.21/compute/v2.1/servers/4531838e-0b18-44a3-ab03-87107bfde98b 0.071s
2025-02-19 11:04:06.048 64768 INFO tempest.lib.common.rest_client [req-2950c9ed-52f6-499e-8510-d3c15abc2100 req-2950c9ed-52f6-499e-8510-d3c15abc2100 ] Request (ServersTestManualDisk:setUpClass): 200 GET http://10.180.1.21/compute/v2.1/servers/cbdfcbe9-0ca2-4812-850b-15af857303a7 0.134s
2025-02-19 11:04:06.228 64780 INFO tempest.lib.common.rest_client [req-360f86c4-f6ca-419d-8a86-c7e3fc5ad51e req-360f86c4-f6ca-419d-8a86-c7e3fc5ad51e ] Request (AttachVolumeShelveTestJSON:test_attach_volume_shelved_or_offload_server): 200 GET http://10.180.1.21/compute/v2.1/servers/a9cd65b5-58ae-4174-ba35-131d685991ef 0.168s
2025-02-19 11:04:06.280 64764 INFO tempest.lib.common.rest_client [req-0dfc6b72-bcf9-457c-99d1-b92ce9e7a3c1 req-0dfc6b72-bcf9-457c-99d1-b92ce9e7a3c1 ] Request (ImagesTestJSON:test_create_image_from_suspended_server): 200 GET http://10.180.1.21/compute/v2.1/servers/6826ea78-727c-4fbe-bb2c-13c66fdcaf3b 0.211s
2025-02-19 11:04:06.295 64784 INFO tempest.lib.common.rest_client [req-df858413-84da-46e7-95c7-d8a36cb72074 req-df858413-84da-46e7-95c7-d8a36cb72074 ] Request (ServerRescueTestJSON:test_rescue_unrescue_instance): 200 GET http://10.180.1.21/compute/v2.1/servers/57c7045b-f9d7-46d9-8017-15896cee5224 0.192s
2025-02-19 11:04:06.338 64760 INFO tempest.lib.common.rest_client [req-4ffe7a82-0d56-422c-87ef-e58fcc0ab90a req-4ffe7a82-0d56-422c-87ef-e58fcc0ab90a ] Request (ServersNegativeTestJSON:setUpClass): 200 GET http://10.180.1.21/compute/v2.1/servers/88f3252f-5271-4778-b8e4-a952460d400d 0.225s
2025-02-19 11:04:06.366 64806 INFO tempest.lib.common.rest_client [req-797412a3-2d46-49d4-89f3-05607b37ca4e req-797412a3-2d46-49d4-89f3-05607b37ca4e ] Request (MultipleCreateTestJSON:test_multiple_create_with_reservation_return): 200 GET http://10.180.1.21/compute/v2.1/servers/f52d4edf-1555-4a6f-9d8f-4b0865cc6cb7 0.214s
2025-02-19 11:04:06.540 64802 INFO tempest.lib.common.rest_client [req-2528afb7-936c-45c4-bf04-07ff139dbcf4 req-2528afb7-936c-45c4-bf04-07ff139dbcf4 ] Request (ImagesOneServerNegativeTestJSON:tearDown): 200 GET http://10.180.1.21/compute/v2.1/servers/c852ede9-4489-49bb-89cf-6664ff3d5567 0.225s
2025-02-19 11:04:06.547 64802 INFO tempest.common.waiters [-] State transition "ACTIVE/image_snapshot" ==> "ACTIVE/image_pending_upload" after 2 second wait
2025-02-19 11:04:06.564 64786 INFO tempest.lib.common.rest_client [req-254fec17-ad1a-4780-9204-4d3e5ce1a788 req-254fec17-ad1a-4780-9204-4d3e5ce1a788 ] Request (DeleteServersTestJSON:test_delete_server_while_in_attached_volume): 200 GET http://10.180.1.21/compute/v2.1/servers/ebd70bba-160b-41dc-94ca-5d45e99e5dd8 0.243s
2025-02-19 11:04:06.666 64810 INFO tempest.lib.common.rest_client [req-db12b317-869c-4769-89ba-88fb72070431 req-db12b317-869c-4769-89ba-88fb72070431 ] Request (SecurityGroupsTestJSON:test_server_security_groups): 200 GET http://10.180.1.21/compute/v2.1/servers/95420eb6-9a0f-446f-bed0-b8d47808f5c6 0.078s
2025-02-19 11:04:06.740 64762 INFO tempest.lib.common.rest_client [req-77368019-201b-46b1-95e6-da417848377a req-77368019-201b-46b1-95e6-da417848377a ] Request (ServersAdminTestJSON:test_inject_network_info): 200 GET http://10.180.1.21/compute/v2.1/servers/0981bdf7-7ad1-45d4-a556-7e69da1cf213 0.353s
