2025-02-19 11:03:30.450 64772 INFO tempest.lib.common.rest_client [req-758d3433-6321-4cfc-8674-f3bec79a79c8 req-758d3433-6321-4cfc-8674-f3bec79a79c8 ] Request (ServerAddressesNegativeTestJSON:setUpClass): 200 GET http://10.180.1.21/compute/v2.1/servers/5d32979c-4d4b-4ec2-ae7a-23f8808cce19 0.063s
2025-02-19 11:03:30.506 64768 INFO tempest.lib.common.rest_client [req-b5102576-01cd-4357-b570-f81dda936948 req-b5102576-01cd-4357-b570-f81dda936948 ] Request (ServersTestManualDisk:setUpClass): 200 GET http://10.180.1.21/compute/v2.1/servers/cbdfcbe9-0ca2-4812-850b-15af857303a7 0.068s
2025-02-19 11:03:30.511 64814 INFO tempest.lib.common.rest_client [req-28817d91-0014-48b1-af5d-e481c24c6a03 req-28817d91-0014-48b1-af5d-e481c24c6a03 ] Request (TenantUsagesTestJSON:tearDownClass): 200 GET http://10.180.1.21/compute/v2.1/servers/0d963c2d-4091-418b-a3fc-e60f7bf22b2a 0.091s
2025-02-19 11:03:30.636 64792 INFO tempest.lib.common.rest_client [req-0516fb23-07d9-4c4e-8d29-cafb113e25ec req-0516fb23-07d9-4c4e-8d29-cafb113e25ec ] Request (ServerActionsTestOtherB:setUpClass): 200 GET http://10.180.1.21/compute/v2.1/servers/cdcc1d35-9ead-4e4c-ada3-ab31513b73af 0.052s
2025-02-19 11:03:30.684 64802 INFO tempest.lib.common.rest_client [req-da589780-fffe-4540-920f-e87a119164f2 req-da589780-fffe-4540-920f-e87a119164f2 ] Request (ImagesOneServerNegativeTestJSON:_run_cleanups): 200 GET http://10.180.1.21/compute/v2.1/servers/c852ede9-4489-49bb-89cf-6664ff3d5567 0.054s
2025-02-19 11:03:30.728 64770 INFO tempest.lib.common.rest_client [req-267aa6d4-72ec-44fd-bb3b-6c5a6f535799 req-267aa6d4-72ec-44fd-bb3b-6c5a6f535799 ] Request (MigrationsAdminTest:test_list_migrations_in_flavor_resize_situation): 200 GET http://10.180.1.21/compute/v2.1/servers/4527a9ba-28f7-4698-aec0-6389cfc9d788 0.123s
2025-02-19 11:03:30.758 64818 INFO tempest.lib.common.rest_client [req-9db3328a-3c91-409c-a5c8-2c75d404796f req-9db3328a-3c91-409c-a5c8-2c75d404796f ] Request (ServerShowV257Test:test_rebuild_server): 200 GET http://10.180.1.21/compute/v2.1/servers/29249acd-a277-4c8b-aa14-a981b1ef16e1 0.070s
2025-02-19 11:03:30.766 64818 INFO tempest.common.waiters [-] State transition "BUILD/None" ==> "BUILD/networking" after 59 second wait
2025-02-19 11:03:30.818 64810 INFO tempest.lib.common.rest_client [req-4f4248d6-a8ec-4344-ae8e-aa9bad2ec9d2 req-4f4248d6-a8ec-4344-ae8e-aa9bad2ec9d2 ] Request (SecurityGroupsTestJSON:test_server_security_groups): 200 GET http://10.180.1.21/compute/v2.1/servers/95420eb6-9a0f-446f-bed0-b8d47808f5c6 0.072s
2025-02-19 11:03:30.823 64760 INFO tempest.lib.common.rest_client [req-e23688d8-9858-477f-967f-af675fe7a53a req-e23688d8-9858-477f-967f-af675fe7a53a ] Request (ServersNegativeTestJSON:setUpClass): 200 GET http://10.180.1.21/compute/v2.1/servers/d0381940-546b-45e7-984e-a78444d069f1 0.101s
2025-02-19 11:03:30.907 64812 WARNING tempest.lib.common.ssh [-] Failed to establish authenticated ssh connection to cirros@10.180.180.226 ([Errno None] Unable to connect to port 22 on 10.180.180.226). Number attempts: 10. Retry after 11 seconds.: paramiko.ssh_exception.NoValidConnectionsError: [Errno None] Unable to connect to port 22 on 10.180.180.226
2025-02-19 11:03:31.033 64806 INFO tempest.lib.common.rest_client [req-323a4990-1ab1-482b-be45-2981fde21ae3 req-323a4990-1ab1-482b-be45-2981fde21ae3 ] Request (MultipleCreateTestJSON:_run_cleanups): 200 GET http://10.180.1.21/compute/v2.1/servers/5e644577-0d03-40a8-b3bb-3df850f4f66b 0.064s
2025-02-19 11:03:31.044 64790 INFO tempest.lib.common.rest_client [req-0006d7c6-50f6-4c12-b22c-b580287ba67d req-0006d7c6-50f6-4c12-b22c-b580287ba67d ] Request (InstanceActionsNegativeTestJSON:setUpClass): 200 GET http://10.180.1.21/compute/v2.1/servers/4865661d-e1c2-4e2a-9051-bab851553c15 0.096s
2025-02-19 11:03:31.076 64764 INFO tempest.lib.common.rest_client [req-9b246ccd-bf50-4f23-ab8f-5b72106f9ed9 req-9b246ccd-bf50-4f23-ab8f-5b72106f9ed9 ] Request (ImagesTestJSON:test_create_image_from_suspended_server): 200 GET http://10.180.1.21/compute/v2.1/servers/6826ea78-727c-4fbe-bb2c-13c66fdcaf3b 0.063s
2025-02-19 11:03:31.101 64784 INFO tempest.lib.common.rest_client [req-124ee333-acbf-44bf-b98c-d6db9257aa53 req-124ee333-acbf-44bf-b98c-d6db9257aa53 ] Request (ServerRescueTestJSON:test_rescue_unrescue_instance): 200 GET http://10.180.1.21/compute/v2.1/servers/57c7045b-f9d7-46d9-8017-15896cee5224 0.046s
2025-02-19 11:03:31.126 64820 INFO tempest.lib.common.rest_client [req-503a5e66-8742-453a-839a-c7bd7791f467 req-503a5e66-8742-453a-839a-c7bd7791f467 ] Request (FloatingIPsAssociationTestJSON:tearDownClass): 200 GET http://10.180.1.21/compute/v2.1/servers/44cba84c-0e8a-485d-810f-60dc64152206 0.050s
2025-02-19 11:03:31.284 64778 INFO tempest.lib.common.rest_client [req-814b4594-34fd-4adc-855a-90aab3ec4bea req-814b4594-34fd-4adc-855a-90aab3ec4bea ] Request (ServerGroupTestJSON:test_create_server_with_scheduler_hint_group): 200 GET http://10.180.1.21/compute/v2.1/servers/c806a2df-2ef2-44aa-a265-ece27caa6307 0.092s
2025-02-19 11:03:31.292 64800 WARNING tempest.lib.common.ssh [-] Failed to establish authenticated ssh connection to cirros@10.180.180.229 ([Errno None] Unable to connect to port 22 on 10.180.180.229). Number attempts: 6. Retry after 7 seconds.: paramiko.ssh_exception.NoValidConnectionsError: [Errno None] Unable to connect to port 22 on 10.180.180.229
2025-02-19 11:03:31.405 64788 INFO tempest.lib.common.rest_client [req-db08b479-7754-4e8d-a32f-103f3dbd58cb req-db08b479-7754-4e8d-a32f-103f3dbd58cb ] Request (ServersTestBootFromVolume:setUpClass): 200 GET http://10.180.1.21/compute/v2.1/servers/57de5093-57f2-414f-b665-89affbbf74dd 0.053s
2025-02-19 11:03:31.464 64777 INFO tempest.lib.common.rest_client [req-f705f1ce-d439-4c11-bc93-27e2cd110cb9 req-f705f1ce-d439-4c11-bc93-27e2cd110cb9 ] Request (ServersAdminNegativeTestJSON:tearDownClass): 200 GET http://10.180.1.21/compute/v2.1/servers/08c515e5-c17a-4333-a240-55f0fbb93a86 0.071s
2025-02-19 11:03:31.464 64762 INFO tempest.lib.common.rest_client [req-9f8312ed-f671-4c40-9938-177691a013cc req-9f8312ed-f671-4c40-9938-177691a013cc ] Request (ServersAdminTestJSON:test_inject_network_info): 200 GET http://10.180.1.21/compute/v2.1/servers/0981bdf7-7ad1-45d4-a556-7e69da1cf213 0.060s
2025-02-19 11:03:31.526 64786 INFO tempest.lib.common.rest_client [req-0cf625d4-da15-4d42-94c4-06f32f79ac35 req-0cf625d4-da15-4d42-94c4-06f32f79ac35 ] Request (DeleteServersTestJSON:test_delete_server_while_in_attached_volume): 200 GET http://10.180.1.21/compute/v2.1/servers/ebd70bba-160b-41dc-94ca-5d45e99e5dd8 0.076s
2025-02-19 11:03:31.533 64772 INFO tempest.lib.common.rest_client [req-2652e6e0-58a1-4c36-a59c-e40a006c4f12 req-2652e6e0-58a1-4c36-a59c-e40a006c4f12 ] Request (ServerAddressesNegativeTestJSON:setUpClass): 200 GET http://10.180.1.21/compute/v2.1/servers/5d32979c-4d4b-4ec2-ae7a-23f8808cce19 0.075s
2025-02-19 11:03:31.572 64768 INFO tempest.lib.common.rest_client [req-a0a304da-ab06-4ecc-a713-5359b67011d4 req-a0a304da-ab06-4ecc-a713-5359b67011d4 ] Request (ServersTestManualDisk:setUpClass): 200 GET http://10.180.1.21/compute/v2.1/servers/cbdfcbe9-0ca2-4812-850b-15af857303a7 0.058s
2025-02-19 11:03:31.589 64814 INFO tempest.lib.common.rest_client [req-9eb6fde7-5cd4-479b-aac5-ffd4f339a5e6 req-9eb6fde7-5cd4-479b-aac5-ffd4f339a5e6 ] Request (TenantUsagesTestJSON:tearDownClass): 200 GET http://10.180.1.21/compute/v2.1/servers/0d963c2d-4091-418b-a3fc-e60f7bf22b2a 0.071s
2025-02-19 11:03:31.611 64774 WARNING tempest.lib.common.ssh [-] Failed to establish authenticated ssh connection to cirros@10.180.180.186 ([Errno None] Unable to connect to port 22 on 10.180.180.186). Number attempts: 3. Retry after 4 seconds.: paramiko.ssh_exception.NoValidConnectionsError: [Errno None] Unable to connect to port 22 on 10.180.180.186
2025-02-19 11:03:31.690 64792 INFO tempest.lib.common.rest_client [req-ac999f90-0c89-4478-ad08-f3a67b6adc25 req-ac999f90-0c89-4478-ad08-f3a67b6adc25 ] Request (ServerActionsTestOtherB:setUpClass): 200 GET http://10.180.1.21/compute/v2.1/servers/cdcc1d35-9ead-4e4c-ada3-ab31513b73af 0.046s
2025-02-19 11:03:31.737 64802 INFO tempest.lib.common.rest_client [req-ff1e538f-6ecc-4279-8fe6-951ca62a153b req-ff1e538f-6ecc-4279-8fe6-951ca62a153b ] Request (ImagesOneServerNegativeTestJSON:_run_cleanups): 200 GET http://10.180.1.21/compute/v2.1/servers/c852ede9-4489-49bb-89cf-6664ff3d5567 0.045s
2025-02-19 11:03:31.819 64818 INFO tempest.lib.common.rest_client [req-16b2ee27-6ed1-41a8-915b-6a41934178ee req-16b2ee27-6ed1-41a8-915b-6a41934178ee ] Request (ServerShowV257Test:test_rebuild_server): 200 GET http://10.180.1.21/compute/v2.1/servers/29249acd-a277-4c8b-aa14-a981b1ef16e1 0.052s
2025-02-19 11:03:31.828 64818 INFO tempest.common.waiters [-] State transition "BUILD/networking" ==> "BUILD/block_device_mapping" after 60 second wait
2025-02-19 11:03:31.874 64810 INFO tempest.lib.common.rest_client [req-e44ee78d-fbef-461f-851a-a9b9b375832c req-e44ee78d-fbef-461f-851a-a9b9b375832c ] Request (SecurityGroupsTestJSON:test_server_security_groups): 200 GET http://10.180.1.21/compute/v2.1/servers/95420eb6-9a0f-446f-bed0-b8d47808f5c6 0.048s
2025-02-19 11:03:31.884 64770 INFO tempest.lib.common.rest_client [req-64b5dc08-e4c6-45de-8bda-a891c23287a0 req-64b5dc08-e4c6-45de-8bda-a891c23287a0 ] Request (MigrationsAdminTest:test_list_migrations_in_flavor_resize_situation): 200 GET http://10.180.1.21/compute/v2.1/servers/4527a9ba-28f7-4698-aec0-6389cfc9d788 0.143s
2025-02-19 11:03:31.951 64760 INFO tempest.lib.common.rest_client [req-2e79663e-0026-4948-ae7c-e357c9c56a60 req-2e79663e-0026-4948-ae7c-e357c9c56a60 ] Request (ServersNegativeTestJSON:setUpClass): 200 GET http://10.180.1.21/compute/v2.1/servers/d0381940-546b-45e7-984e-a78444d069f1 0.121s
2025-02-19 11:03:31.958 64760 INFO tempest.common.waiters [-] State transition "BUILD/spawning" ==> "ACTIVE/None" after 69 second wait
2025-02-19 11:03:32.015 64760 INFO tempest.lib.common.rest_client [req-9324eb23-eb0a-496c-bed1-285cbfe43c17 req-9324eb23-eb0a-496c-bed1-285cbfe43c17 ] Request (ServersNegativeTestJSON:setUpClass): 201 POST http://10.180.1.21/identity/v3/auth/tokens 0.054s
2025-02-19 11:03:32.016 64760 INFO tempest.lib.common.fixed_network [-] (ServersNegativeTestJSON:setUpClass) Found network {'id': '3bf64cee-1c33-49ef-8f40-4936c511f838', 'name': 'tempest-ServersNegativeTestJSON-1746169105-network', 'tenant_id': '122a792cf0b742658db01a3db3c71133', 'admin_state_up': True, 'mtu': 8950, 'status': 'ACTIVE', 'subnets': [], 'shared': False, 'project_id': '122a792cf0b742658db01a3db3c71133', 'port_security_enabled': True, 'router:external': False, 'provider:network_type': 'vlan', 'provider:physical_network': 'default', 'provider:segmentation_id': 69, 'availability_zone_hints': [], 'availability_zones': [], 'ipv4_address_scope': None, 'ipv6_address_scope': None, 'description': '', 'tags': [], 'created_at': '2025-02-19T11:02:14Z', 'updated_at': '2025-02-19T11:02:14Z', 'revision_number': 1} available for tenant
2025-02-19 11:03:32.097 64806 INFO tempest.lib.common.rest_client [req-3d6ef1fe-92a7-4f75-9eed-bcd83aca5733 req-3d6ef1fe-92a7-4f75-9eed-bcd83aca5733 ] Request (MultipleCreateTestJSON:_run_cleanups): 200 GET http://10.180.1.21/compute/v2.1/servers/5e644577-0d03-40a8-b3bb-3df850f4f66b 0.056s
2025-02-19 11:03:32.217 64790 INFO tempest.lib.common.rest_client [req-dff60049-b27e-4ab7-b267-b5832aa3a9d8 req-dff60049-b27e-4ab7-b267-b5832aa3a9d8 ] Request (InstanceActionsNegativeTestJSON:setUpClass): 200 GET http://10.180.1.21/compute/v2.1/servers/4865661d-e1c2-4e2a-9051-bab851553c15 0.165s
2025-02-19 11:03:32.269 64764 INFO tempest.lib.common.rest_client [req-560f3adc-ee94-4624-b410-af2a2297a1b7 req-560f3adc-ee94-4624-b410-af2a2297a1b7 ] Request (ImagesTestJSON:test_create_image_from_suspended_server): 200 GET http://10.180.1.21/compute/v2.1/servers/6826ea78-727c-4fbe-bb2c-13c66fdcaf3b 0.185s
2025-02-19 11:03:32.316 64784 INFO tempest.lib.common.rest_client [req-6ccb7485-0472-4cd2-99ec-182367a4fe3b req-6ccb7485-0472-4cd2-99ec-182367a4fe3b ] Request (ServerRescueTestJSON:test_rescue_unrescue_instance): 200 GET http://10.180.1.21/compute/v2.1/servers/57c7045b-f9d7-46d9-8017-15896cee5224 0.208s
2025-02-19 11:03:32.332 64760 INFO tempest.lib.common.rest_client [req-ed2efc95-4e9c-4da6-b301-a8c0cd9b55d4 req-ed2efc95-4e9c-4da6-b301-a8c0cd9b55d4 ] Request (ServersNegativeTestJSON:setUpClass): 202 POST http://10.180.1.21/compute/v2.1/servers 0.316s
2025-02-19 11:03:32.377 64820 INFO tempest.lib.common.rest_client [req-79c71182-616b-43b7-9bfd-69a6e79994d4 req-79c71182-616b-43b7-9bfd-69a6e79994d4 ] Request (FloatingIPsAssociationTestJSON:tearDownClass): 200 GET http://10.180.1.21/compute/v2.1/servers/44cba84c-0e8a-485d-810f-60dc64152206 0.243s
2025-02-19 11:03:32.418 64760 INFO tempest.lib.common.rest_client [req-585b0946-3704-40a6-89c5-6f15a65209f1 req-585b0946-3704-40a6-89c5-6f15a65209f1 ] Request (ServersNegativeTestJSON:setUpClass): 200 GET http://10.180.1.21/compute/v2.1/servers/88f3252f-5271-4778-b8e4-a952460d400d 0.084s
2025-02-19 11:03:32.440 64778 INFO tempest.lib.common.rest_client [req-3a2e3eb5-3ebf-4757-96e1-5ae2b8a2f26f req-3a2e3eb5-3ebf-4757-96e1-5ae2b8a2f26f ] Request (ServerGroupTestJSON:test_create_server_with_scheduler_hint_group): 200 GET http://10.180.1.21/compute/v2.1/servers/c806a2df-2ef2-44aa-a265-ece27caa6307 0.148s
2025-02-19 11:03:32.468 64788 INFO tempest.lib.common.rest_client [req-a5e19d64-b2fe-40f4-adc6-8b607dbef8b2 req-a5e19d64-b2fe-40f4-adc6-8b607dbef8b2 ] Request (ServersTestBootFromVolume:setUpClass): 200 GET http://10.180.1.21/compute/v2.1/servers/57de5093-57f2-414f-b665-89affbbf74dd 0.055s
2025-02-19 11:03:32.531 64762 INFO tempest.lib.common.rest_client [req-c77ec00c-0756-4a4b-85e8-cc832d6fbcb7 req-c77ec00c-0756-4a4b-85e8-cc832d6fbcb7 ] Request (ServersAdminTestJSON:test_inject_network_info): 200 GET http://10.180.1.21/compute/v2.1/servers/0981bdf7-7ad1-45d4-a556-7e69da1cf213 0.054s
2025-02-19 11:03:32.533 64777 INFO tempest.lib.common.rest_client [req-191550d9-ccdb-40df-88ac-b1ba8b5e07b9 req-191550d9-ccdb-40df-88ac-b1ba8b5e07b9 ] Request (ServersAdminNegativeTestJSON:tearDownClass): 200 GET http://10.180.1.21/compute/v2.1/servers/08c515e5-c17a-4333-a240-55f0fbb93a86 0.061s
2025-02-19 11:03:32.588 64786 INFO tempest.lib.common.rest_client [req-b5b111a5-9e50-4e1d-a34f-f9f9966b8995 req-b5b111a5-9e50-4e1d-a34f-f9f9966b8995 ] Request (DeleteServersTestJSON:test_delete_server_while_in_attached_volume): 200 GET http://10.180.1.21/compute/v2.1/servers/ebd70bba-160b-41dc-94ca-5d45e99e5dd8 0.054s
2025-02-19 11:03:32.600 64772 INFO tempest.lib.common.rest_client [req-5f702595-bf35-45b1-919f-2e4bba3c3ac4 req-5f702595-bf35-45b1-919f-2e4bba3c3ac4 ] Request (ServerAddressesNegativeTestJSON:setUpClass): 200 GET http://10.180.1.21/compute/v2.1/servers/5d32979c-4d4b-4ec2-ae7a-23f8808cce19 0.060s
2025-02-19 11:03:32.637 64768 INFO tempest.lib.common.rest_client [req-c14ea82c-a430-4c0b-93f3-6a7514e92e8f req-c14ea82c-a430-4c0b-93f3-6a7514e92e8f ] Request (ServersTestManualDisk:setUpClass): 200 GET http://10.180.1.21/compute/v2.1/servers/cbdfcbe9-0ca2-4812-850b-15af857303a7 0.056s
2025-02-19 11:03:32.657 64814 INFO tempest.lib.common.rest_client [req-5103a592-f402-4ffc-bc76-ef281f1636a3 req-5103a592-f402-4ffc-bc76-ef281f1636a3 ] Request (TenantUsagesTestJSON:tearDownClass): 200 GET http://10.180.1.21/compute/v2.1/servers/0d963c2d-4091-418b-a3fc-e60f7bf22b2a 0.059s
2025-02-19 11:03:32.751 64792 INFO tempest.lib.common.rest_client [req-be109fcc-821f-44ce-a9f3-5b6dd5537120 req-be109fcc-821f-44ce-a9f3-5b6dd5537120 ] Request (ServerActionsTestOtherB:setUpClass): 200 GET http://10.180.1.21/compute/v2.1/servers/cdcc1d35-9ead-4e4c-ada3-ab31513b73af 0.053s
2025-02-19 11:03:32.798 64802 INFO tempest.lib.common.rest_client [req-9c1f50ed-c6eb-4a31-878d-bc12a2e03298 req-9c1f50ed-c6eb-4a31-878d-bc12a2e03298 ] Request (ImagesOneServerNegativeTestJSON:_run_cleanups): 200 GET http://10.180.1.21/compute/v2.1/servers/c852ede9-4489-49bb-89cf-6664ff3d5567 0.052s
2025-02-19 11:03:32.884 64818 INFO tempest.lib.common.rest_client [req-7ed793b8-b704-4802-a1e5-0293c7cc8a60 req-7ed793b8-b704-4802-a1e5-0293c7cc8a60 ] Request (ServerShowV257Test:test_rebuild_server): 200 GET http://10.180.1.21/compute/v2.1/servers/29249acd-a277-4c8b-aa14-a981b1ef16e1 0.056s
2025-02-19 11:03:32.894 64818 INFO tempest.common.waiters [-] State transition "BUILD/block_device_mapping" ==> "BUILD/spawning" after 61 second wait
2025-02-19 11:03:32.945 64810 INFO tempest.lib.common.rest_client [req-bc556048-c326-449a-9163-ec9425d893a9 req-bc556048-c326-449a-9163-ec9425d893a9 ] Request (SecurityGroupsTestJSON:test_server_security_groups): 200 GET http://10.180.1.21/compute/v2.1/servers/95420eb6-9a0f-446f-bed0-b8d47808f5c6 0.063s
2025-02-19 11:03:32.994 64770 INFO tempest.lib.common.rest_client [req-528356d9-e375-4ae8-8f43-1c96f6bf9ba3 req-528356d9-e375-4ae8-8f43-1c96f6bf9ba3 ] Request (MigrationsAdminTest:test_list_migrations_in_flavor_resize_situation): 200 GET http://10.180.1.21/compute/v2.1/servers/4527a9ba-28f7-4698-aec0-6389cfc9d788 0.101s
2025-02-19 11:03:33.159 64806 INFO tempest.lib.common.rest_client [req-865fb220-0256-42e5-b6ec-8bf53034fcf9 req-865fb220-0256-42e5-b6ec-8bf53034fcf9 ] Request (MultipleCreateTestJSON:_run_cleanups): 200 GET http://10.180.1.21/compute/v2.1/servers/5e644577-0d03-40a8-b3bb-3df850f4f66b 0.054s
2025-02-19 11:03:33.313 64790 INFO tempest.lib.common.rest_client [req-73fd4bc1-44f2-4386-bf4b-f3e90a1785d9 req-73fd4bc1-44f2-4386-bf4b-f3e90a1785d9 ] Request (InstanceActionsNegativeTestJSON:setUpClass): 200 GET http://10.180.1.21/compute/v2.1/servers/4865661d-e1c2-4e2a-9051-bab851553c15 0.086s
2025-02-19 11:03:33.330 64764 INFO tempest.lib.common.rest_client [req-70504a24-3561-4948-af68-dab6f08124d7 req-70504a24-3561-4948-af68-dab6f08124d7 ] Request (ImagesTestJSON:test_create_image_from_suspended_server): 200 GET http://10.180.1.21/compute/v2.1/servers/6826ea78-727c-4fbe-bb2c-13c66fdcaf3b 0.051s
2025-02-19 11:03:33.337 64764 INFO tempest.common.waiters [-] State transition "BUILD/scheduling" ==> "BUILD/None" after 26 second wait
2025-02-19 11:03:33.377 64784 INFO tempest.lib.common.rest_client [req-e23ff118-8c9d-4f09-a483-b4501f76f4dd req-e23ff118-8c9d-4f09-a483-b4501f76f4dd ] Request (ServerRescueTestJSON:test_rescue_unrescue_instance): 200 GET http://10.180.1.21/compute/v2.1/servers/57c7045b-f9d7-46d9-8017-15896cee5224 0.052s
2025-02-19 11:03:33.449 64820 INFO tempest.lib.common.rest_client [req-f65f62c4-e8f6-47f0-83b1-d2f6185e6a25 req-f65f62c4-e8f6-47f0-83b1-d2f6185e6a25 ] Request (FloatingIPsAssociationTestJSON:tearDownClass): 200 GET http://10.180.1.21/compute/v2.1/servers/44cba84c-0e8a-485d-810f-60dc64152206 0.064s
2025-02-19 11:03:33.475 64760 INFO tempest.lib.common.rest_client [req-692a1d6f-aa93-4c1a-bdbb-cc7a1a840e03 req-692a1d6f-aa93-4c1a-bdbb-cc7a1a840e03 ] Request (ServersNegativeTestJSON:setUpClass): 200 GET http://10.180.1.21/compute/v2.1/servers/88f3252f-5271-4778-b8e4-a952460d400d 0.049s
2025-02-19 11:03:33.524 64788 INFO tempest.lib.common.rest_client [req-fdc78ee1-0902-42a6-ae54-e9b0cbfdeede req-fdc78ee1-0902-42a6-ae54-e9b0cbfdeede ] Request (ServersTestBootFromVolume:setUpClass): 200 GET http://10.180.1.21/compute/v2.1/servers/57de5093-57f2-414f-b665-89affbbf74dd 0.048s
2025-02-19 11:03:33.582 64778 INFO tempest.lib.common.rest_client [req-2bcb1277-f433-4b15-8a5f-52f211556ced req-2bcb1277-f433-4b15-8a5f-52f211556ced ] Request (ServerGroupTestJSON:test_create_server_with_scheduler_hint_group): 200 GET http://10.180.1.21/compute/v2.1/servers/c806a2df-2ef2-44aa-a265-ece27caa6307 0.134s
2025-02-19 11:03:33.592 64762 INFO tempest.lib.common.rest_client [req-710206a3-c467-485a-915b-da065f272ac4 req-710206a3-c467-485a-915b-da065f272ac4 ] Request (ServersAdminTestJSON:test_inject_network_info): 200 GET http://10.180.1.21/compute/v2.1/servers/0981bdf7-7ad1-45d4-a556-7e69da1cf213 0.053s
2025-02-19 11:03:33.636 64777 INFO tempest.lib.common.rest_client [req-de101a64-7880-4d80-ab73-95c0b9ffd069 req-de101a64-7880-4d80-ab73-95c0b9ffd069 ] Request (ServersAdminNegativeTestJSON:tearDownClass): 200 GET http://10.180.1.21/compute/v2.1/servers/08c515e5-c17a-4333-a240-55f0fbb93a86 0.094s
2025-02-19 11:03:33.647 64786 INFO tempest.lib.common.rest_client [req-6ee13647-5b40-4a76-be14-82a1a18dc176 req-6ee13647-5b40-4a76-be14-82a1a18dc176 ] Request (DeleteServersTestJSON:test_delete_server_while_in_attached_volume): 200 GET http://10.180.1.21/compute/v2.1/servers/ebd70bba-160b-41dc-94ca-5d45e99e5dd8 0.050s
2025-02-19 11:03:33.687 64772 INFO tempest.lib.common.rest_client [req-a2d0eabd-edd4-4713-9bc0-73691df11b06 req-a2d0eabd-edd4-4713-9bc0-73691df11b06 ] Request (ServerAddressesNegativeTestJSON:setUpClass): 200 GET http://10.180.1.21/compute/v2.1/servers/5d32979c-4d4b-4ec2-ae7a-23f8808cce19 0.077s
2025-02-19 11:03:33.693 64768 INFO tempest.lib.common.rest_client [req-345cce01-5673-4f1a-88cd-42bfc728d0e4 req-345cce01-5673-4f1a-88cd-42bfc728d0e4 ] Request (ServersTestManualDisk:setUpClass): 200 GET http://10.180.1.21/compute/v2.1/servers/cbdfcbe9-0ca2-4812-850b-15af857303a7 0.047s
2025-02-19 11:03:33.737 64814 INFO tempest.lib.common.rest_client [req-767afa88-7868-4976-88ec-d9d8b072abf4 req-767afa88-7868-4976-88ec-d9d8b072abf4 ] Request (TenantUsagesTestJSON:tearDownClass): 200 GET http://10.180.1.21/compute/v2.1/servers/0d963c2d-4091-418b-a3fc-e60f7bf22b2a 0.073s
2025-02-19 11:03:33.810 64792 INFO tempest.lib.common.rest_client [req-2e567f76-5279-4ea7-93f1-f8ba157110fa req-2e567f76-5279-4ea7-93f1-f8ba157110fa ] Request (ServerActionsTestOtherB:setUpClass): 200 GET http://10.180.1.21/compute/v2.1/servers/cdcc1d35-9ead-4e4c-ada3-ab31513b73af 0.050s
2025-02-19 11:03:33.851 64802 INFO tempest.lib.common.rest_client [req-25c014c7-a4ca-46d8-a738-34a39c9e41b6 req-25c014c7-a4ca-46d8-a738-34a39c9e41b6 ] Request (ImagesOneServerNegativeTestJSON:_run_cleanups): 200 GET http://10.180.1.21/compute/v2.1/servers/c852ede9-4489-49bb-89cf-6664ff3d5567 0.046s
2025-02-19 11:03:33.946 64818 INFO tempest.lib.common.rest_client [req-139fb69e-9c01-4eea-a7b2-5a453347d4fc req-139fb69e-9c01-4eea-a7b2-5a453347d4fc ] Request (ServerShowV257Test:test_rebuild_server): 200 GET http://10.180.1.21/compute/v2.1/servers/29249acd-a277-4c8b-aa14-a981b1ef16e1 0.051s
2025-02-19 11:03:34.001 64810 INFO tempest.lib.common.rest_client [req-d407acf7-b7fa-4ae3-b11c-be2aa62af538 req-d407acf7-b7fa-4ae3-b11c-be2aa62af538 ] Request (SecurityGroupsTestJSON:test_server_security_groups): 200 GET http://10.180.1.21/compute/v2.1/servers/95420eb6-9a0f-446f-bed0-b8d47808f5c6 0.048s
2025-02-19 11:03:34.085 64770 INFO tempest.lib.common.rest_client [req-a8e2c371-a2dc-40b7-98e8-55e7e7d8a9c4 req-a8e2c371-a2dc-40b7-98e8-55e7e7d8a9c4 ] Request (MigrationsAdminTest:test_list_migrations_in_flavor_resize_situation): 200 GET http://10.180.1.21/compute/v2.1/servers/4527a9ba-28f7-4698-aec0-6389cfc9d788 0.083s
2025-02-19 11:03:34.224 64806 INFO tempest.lib.common.rest_client [req-6cd8d562-ea76-43ee-acca-680d9838ee80 req-6cd8d562-ea76-43ee-acca-680d9838ee80 ] Request (MultipleCreateTestJSON:_run_cleanups): 200 GET http://10.180.1.21/compute/v2.1/servers/5e644577-0d03-40a8-b3bb-3df850f4f66b 0.057s
2025-02-19 11:03:34.299 64822 WARNING tempest.lib.common.ssh [-] Failed to establish authenticated ssh connection to cirros@10.180.180.194 ([Errno None] Unable to connect to port 22 on 10.180.180.194). Number attempts: 11. Retry after 12 seconds.: paramiko.ssh_exception.NoValidConnectionsError: [Errno None] Unable to connect to port 22 on 10.180.180.194
2025-02-19 11:03:34.398 64764 INFO tempest.lib.common.rest_client [req-73eaeb8a-b6a9-4b29-9ca9-75206390d611 req-73eaeb8a-b6a9-4b29-9ca9-75206390d611 ] Request (ImagesTestJSON:test_create_image_from_suspended_server): 200 GET http://10.180.1.21/compute/v2.1/servers/6826ea78-727c-4fbe-bb2c-13c66fdcaf3b 0.060s
2025-02-19 11:03:34.454 64784 INFO tempest.lib.common.rest_client [req-7d84a019-54fe-41e9-a634-d9ac5e459896 req-7d84a019-54fe-41e9-a634-d9ac5e459896 ] Request (ServerRescueTestJSON:test_rescue_unrescue_instance): 200 GET http://10.180.1.21/compute/v2.1/servers/57c7045b-f9d7-46d9-8017-15896cee5224 0.070s
2025-02-19 11:03:34.472 64790 INFO tempest.lib.common.rest_client [req-d08ca25d-cfaa-4f4e-a221-2e5a08fca80d req-d08ca25d-cfaa-4f4e-a221-2e5a08fca80d ] Request (InstanceActionsNegativeTestJSON:setUpClass): 200 GET http://10.180.1.21/compute/v2.1/servers/4865661d-e1c2-4e2a-9051-bab851553c15 0.152s
2025-02-19 11:03:34.522 64820 INFO tempest.lib.common.rest_client [req-5125f57d-dcf1-4a9b-91b2-f15c28a8ae45 req-5125f57d-dcf1-4a9b-91b2-f15c28a8ae45 ] Request (FloatingIPsAssociationTestJSON:tearDownClass): 200 GET http://10.180.1.21/compute/v2.1/servers/44cba84c-0e8a-485d-810f-60dc64152206 0.066s
2025-02-19 11:03:34.541 64760 INFO tempest.lib.common.rest_client [req-16fc8f17-a17d-4c56-b0fc-86ad8177be28 req-16fc8f17-a17d-4c56-b0fc-86ad8177be28 ] Request (ServersNegativeTestJSON:setUpClass): 200 GET http://10.180.1.21/compute/v2.1/servers/88f3252f-5271-4778-b8e4-a952460d400d 0.058s
2025-02-19 11:03:34.584 64788 INFO tempest.lib.common.rest_client [req-51caa2bd-7e11-4944-87a5-207537768e4d req-51caa2bd-7e11-4944-87a5-207537768e4d ] Request (ServersTestBootFromVolume:setUpClass): 200 GET http://10.180.1.21/compute/v2.1/servers/57de5093-57f2-414f-b665-89affbbf74dd 0.054s
2025-02-19 11:03:34.658 64762 INFO tempest.lib.common.rest_client [req-8611ea7c-e59d-477a-b977-91d101ecd787 req-8611ea7c-e59d-477a-b977-91d101ecd787 ] Request (ServersAdminTestJSON:test_inject_network_info): 200 GET http://10.180.1.21/compute/v2.1/servers/0981bdf7-7ad1-45d4-a556-7e69da1cf213 0.058s
2025-02-19 11:03:34.696 64778 INFO tempest.lib.common.rest_client [req-9a293095-158d-40f2-ab98-22866f637dcf req-9a293095-158d-40f2-ab98-22866f637dcf ] Request (ServerGroupTestJSON:test_create_server_with_scheduler_hint_group): 200 GET http://10.180.1.21/compute/v2.1/servers/c806a2df-2ef2-44aa-a265-ece27caa6307 0.107s
2025-02-19 11:03:34.714 64777 INFO tempest.lib.common.rest_client [req-a7f22a74-db0f-4d4a-ab90-301066583025 req-a7f22a74-db0f-4d4a-ab90-301066583025 ] Request (ServersAdminNegativeTestJSON:tearDownClass): 200 GET http://10.180.1.21/compute/v2.1/servers/08c515e5-c17a-4333-a240-55f0fbb93a86 0.071s
2025-02-19 11:03:34.752 64786 INFO tempest.lib.common.rest_client [req-9ee9ee77-3a2e-42d9-9aae-fbb1158d203a req-9ee9ee77-3a2e-42d9-9aae-fbb1158d203a ] Request (DeleteServersTestJSON:test_delete_server_while_in_attached_volume): 200 GET http://10.180.1.21/compute/v2.1/servers/ebd70bba-160b-41dc-94ca-5d45e99e5dd8 0.097s
2025-02-19 11:03:34.766 64772 INFO tempest.lib.common.rest_client [req-d3b94b3c-8ff5-4987-91e9-97be56d0afe0 req-d3b94b3c-8ff5-4987-91e9-97be56d0afe0 ] Request (ServerAddressesNegativeTestJSON:setUpClass): 200 GET http://10.180.1.21/compute/v2.1/servers/5d32979c-4d4b-4ec2-ae7a-23f8808cce19 0.071s
2025-02-19 11:03:34.799 64768 INFO tempest.lib.common.rest_client [req-5ef37d88-fda7-45f3-9f30-42708d6eae7f req-5ef37d88-fda7-45f3-9f30-42708d6eae7f ] Request (ServersTestManualDisk:setUpClass): 200 GET http://10.180.1.21/compute/v2.1/servers/cbdfcbe9-0ca2-4812-850b-15af857303a7 0.098s
2025-02-19 11:03:34.822 64814 INFO tempest.lib.common.rest_client [req-e6bc9b0e-def9-44b1-9c07-1296ef237025 req-e6bc9b0e-def9-44b1-9c07-1296ef237025 ] Request (TenantUsagesTestJSON:tearDownClass): 200 GET http://10.180.1.21/compute/v2.1/servers/0d963c2d-4091-418b-a3fc-e60f7bf22b2a 0.078s
2025-02-19 11:03:34.865 64792 INFO tempest.lib.common.rest_client [req-c8dffba3-da3d-4ed9-8a13-c5fc5769431c req-c8dffba3-da3d-4ed9-8a13-c5fc5769431c ] Request (ServerActionsTestOtherB:setUpClass): 200 GET http://10.180.1.21/compute/v2.1/servers/cdcc1d35-9ead-4e4c-ada3-ab31513b73af 0.047s
2025-02-19 11:03:34.909 64802 INFO tempest.lib.common.rest_client [req-6a8bdf55-734d-4856-8934-f192eeb76589 req-6a8bdf55-734d-4856-8934-f192eeb76589 ] Request (ImagesOneServerNegativeTestJSON:_run_cleanups): 200 GET http://10.180.1.21/compute/v2.1/servers/c852ede9-4489-49bb-89cf-6664ff3d5567 0.050s
2025-02-19 11:03:35.003 64766 WARNING tempest.lib.common.ssh [-] Failed to establish authenticated ssh connection to cirros@10.180.180.215 ([Errno None] Unable to connect to port 22 on 10.180.180.215). Number attempts: 7. Retry after 8 seconds.: paramiko.ssh_exception.NoValidConnectionsError: [Errno None] Unable to connect to port 22 on 10.180.180.215
2025-02-19 11:03:35.008 64818 INFO tempest.lib.common.rest_client [req-d8f1b225-8887-4f11-ba5a-51597ec6fe6c req-d8f1b225-8887-4f11-ba5a-51597ec6fe6c ] Request (ServerShowV257Test:test_rebuild_server): 200 GET http://10.180.1.21/compute/v2.1/servers/29249acd-a277-4c8b-aa14-a981b1ef16e1 0.052s
2025-02-19 11:03:35.055 64810 INFO tempest.lib.common.rest_client [req-8e494369-26a7-4294-8f4e-6dfb7586ffd6 req-8e494369-26a7-4294-8f4e-6dfb7586ffd6 ] Request (SecurityGroupsTestJSON:test_server_security_groups): 200 GET http://10.180.1.21/compute/v2.1/servers/95420eb6-9a0f-446f-bed0-b8d47808f5c6 0.046s
2025-02-19 11:03:35.175 64770 INFO tempest.lib.common.rest_client [req-663be9ac-f567-4a69-8df0-6a0e4389e891 req-663be9ac-f567-4a69-8df0-6a0e4389e891 ] Request (MigrationsAdminTest:test_list_migrations_in_flavor_resize_situation): 200 GET http://10.180.1.21/compute/v2.1/servers/4527a9ba-28f7-4698-aec0-6389cfc9d788 0.082s
2025-02-19 11:03:35.289 64806 INFO tempest.lib.common.rest_client [req-ed98cd6f-4b44-498a-a652-fdbaa4677e79 req-ed98cd6f-4b44-498a-a652-fdbaa4677e79 ] Request (MultipleCreateTestJSON:_run_cleanups): 200 GET http://10.180.1.21/compute/v2.1/servers/5e644577-0d03-40a8-b3bb-3df850f4f66b 0.056s
2025-02-19 11:03:35.456 64764 INFO tempest.lib.common.rest_client [req-8aa58e38-299a-442f-8fe5-630fd5b9b4fa req-8aa58e38-299a-442f-8fe5-630fd5b9b4fa ] Request (ImagesTestJSON:test_create_image_from_suspended_server): 200 GET http://10.180.1.21/compute/v2.1/servers/6826ea78-727c-4fbe-bb2c-13c66fdcaf3b 0.049s
2025-02-19 11:03:35.510 64784 INFO tempest.lib.common.rest_client [req-4dd7b844-62b5-4150-be43-895fa8abcfa1 req-4dd7b844-62b5-4150-be43-895fa8abcfa1 ] Request (ServerRescueTestJSON:test_rescue_unrescue_instance): 200 GET http://10.180.1.21/compute/v2.1/servers/57c7045b-f9d7-46d9-8017-15896cee5224 0.047s
2025-02-19 11:03:35.565 64790 INFO tempest.lib.common.rest_client [req-b99eb92b-3e22-44f5-ad80-5db4813295ea req-b99eb92b-3e22-44f5-ad80-5db4813295ea ] Request (InstanceActionsNegativeTestJSON:setUpClass): 200 GET http://10.180.1.21/compute/v2.1/servers/4865661d-e1c2-4e2a-9051-bab851553c15 0.084s
2025-02-19 11:03:35.585 64820 INFO tempest.lib.common.rest_client [req-07413eb4-b722-4dac-8316-b7a22f01f19d req-07413eb4-b722-4dac-8316-b7a22f01f19d ] Request (FloatingIPsAssociationTestJSON:tearDownClass): 200 GET http://10.180.1.21/compute/v2.1/servers/44cba84c-0e8a-485d-810f-60dc64152206 0.054s
2025-02-19 11:03:35.611 64760 INFO tempest.lib.common.rest_client [req-7ce2bedc-2b31-49d4-a28b-bdcc74d09d1c req-7ce2bedc-2b31-49d4-a28b-bdcc74d09d1c ] Request (ServersNegativeTestJSON:setUpClass): 200 GET http://10.180.1.21/compute/v2.1/servers/88f3252f-5271-4778-b8e4-a952460d400d 0.062s
2025-02-19 11:03:35.645 64788 INFO tempest.lib.common.rest_client [req-edf3b402-5ddf-4163-8ee0-ca42f1f220db req-edf3b402-5ddf-4163-8ee0-ca42f1f220db ] Request (ServersTestBootFromVolume:setUpClass): 200 GET http://10.180.1.21/compute/v2.1/servers/57de5093-57f2-414f-b665-89affbbf74dd 0.052s
2025-02-19 11:03:35.718 64762 INFO tempest.lib.common.rest_client [req-a877d0b3-94b6-44ce-84c2-ddb91849c6d1 req-a877d0b3-94b6-44ce-84c2-ddb91849c6d1 ] Request (ServersAdminTestJSON:test_inject_network_info): 200 GET http://10.180.1.21/compute/v2.1/servers/0981bdf7-7ad1-45d4-a556-7e69da1cf213 0.052s
2025-02-19 11:03:35.799 64777 INFO tempest.lib.common.rest_client [req-352f644c-e9a3-4786-9c3a-5ab19d325b52 req-352f644c-e9a3-4786-9c3a-5ab19d325b52 ] Request (ServersAdminNegativeTestJSON:tearDownClass): 200 GET http://10.180.1.21/compute/v2.1/servers/08c515e5-c17a-4333-a240-55f0fbb93a86 0.075s
2025-02-19 11:03:35.814 64778 INFO tempest.lib.common.rest_client [req-62b133bd-2cc2-4a21-aab4-da0df198d6a6 req-62b133bd-2cc2-4a21-aab4-da0df198d6a6 ] Request (ServerGroupTestJSON:test_create_server_with_scheduler_hint_group): 200 GET http://10.180.1.21/compute/v2.1/servers/c806a2df-2ef2-44aa-a265-ece27caa6307 0.109s
2025-02-19 11:03:35.850 64786 INFO tempest.lib.common.rest_client [req-6b3a46c2-7beb-4480-b8af-717a7a414a68 req-6b3a46c2-7beb-4480-b8af-717a7a414a68 ] Request (DeleteServersTestJSON:test_delete_server_while_in_attached_volume): 200 GET http://10.180.1.21/compute/v2.1/servers/ebd70bba-160b-41dc-94ca-5d45e99e5dd8 0.090s
2025-02-19 11:03:35.866 64772 INFO tempest.lib.common.rest_client [req-fe0fbd82-23f3-437b-8fa3-b98d116dd0c2 req-fe0fbd82-23f3-437b-8fa3-b98d116dd0c2 ] Request (ServerAddressesNegativeTestJSON:setUpClass): 200 GET http://10.180.1.21/compute/v2.1/servers/5d32979c-4d4b-4ec2-ae7a-23f8808cce19 0.092s
2025-02-19 11:03:35.903 64768 INFO tempest.lib.common.rest_client [req-9c8dfcc7-9cfa-446a-9173-404b7cc6b3d1 req-9c8dfcc7-9cfa-446a-9173-404b7cc6b3d1 ] Request (ServersTestManualDisk:setUpClass): 200 GET http://10.180.1.21/compute/v2.1/servers/cbdfcbe9-0ca2-4812-850b-15af857303a7 0.095s
2025-02-19 11:03:35.924 64814 INFO tempest.lib.common.rest_client [req-763f5ed3-4166-4e34-b262-e7142be06000 req-763f5ed3-4166-4e34-b262-e7142be06000 ] Request (TenantUsagesTestJSON:tearDownClass): 200 GET http://10.180.1.21/compute/v2.1/servers/0d963c2d-4091-418b-a3fc-e60f7bf22b2a 0.093s
2025-02-19 11:03:35.955 64792 INFO tempest.lib.common.rest_client [req-4df8cf81-ba7d-4b1f-8e5c-2ebe5e9717ee req-4df8cf81-ba7d-4b1f-8e5c-2ebe5e9717ee ] Request (ServerActionsTestOtherB:setUpClass): 200 GET http://10.180.1.21/compute/v2.1/servers/cdcc1d35-9ead-4e4c-ada3-ab31513b73af 0.082s
2025-02-19 11:03:35.973 64802 INFO tempest.lib.common.rest_client [req-d862caf5-e0d9-4c3d-a1eb-73f53965cdbf req-d862caf5-e0d9-4c3d-a1eb-73f53965cdbf ] Request (ImagesOneServerNegativeTestJSON:_run_cleanups): 200 GET http://10.180.1.21/compute/v2.1/servers/c852ede9-4489-49bb-89cf-6664ff3d5567 0.057s
2025-02-19 11:03:36.074 64818 INFO tempest.lib.common.rest_client [req-06fa68ab-68cb-47ae-a44c-c2192805ed38 req-06fa68ab-68cb-47ae-a44c-c2192805ed38 ] Request (ServerShowV257Test:test_rebuild_server): 200 GET http://10.180.1.21/compute/v2.1/servers/29249acd-a277-4c8b-aa14-a981b1ef16e1 0.056s
2025-02-19 11:03:36.111 64810 INFO tempest.lib.common.rest_client [req-f58b219f-929b-44b5-8867-3f0f0934de39 req-f58b219f-929b-44b5-8867-3f0f0934de39 ] Request (SecurityGroupsTestJSON:test_server_security_groups): 200 GET http://10.180.1.21/compute/v2.1/servers/95420eb6-9a0f-446f-bed0-b8d47808f5c6 0.049s
2025-02-19 11:03:36.270 64770 INFO tempest.lib.common.rest_client [req-d954458f-1ad3-47bc-af59-22e97cc04f24 req-d954458f-1ad3-47bc-af59-22e97cc04f24 ] Request (MigrationsAdminTest:test_list_migrations_in_flavor_resize_situation): 200 GET http://10.180.1.21/compute/v2.1/servers/4527a9ba-28f7-4698-aec0-6389cfc9d788 0.086s
2025-02-19 11:03:36.362 64806 INFO tempest.lib.common.rest_client [req-fdac8aec-6cb8-4739-ad31-554c493a1f78 req-fdac8aec-6cb8-4739-ad31-554c493a1f78 ] Request (MultipleCreateTestJSON:_run_cleanups): 200 GET http://10.180.1.21/compute/v2.1/servers/5e644577-0d03-40a8-b3bb-3df850f4f66b 0.065s
2025-02-19 11:03:36.511 64764 INFO tempest.lib.common.rest_client [req-fe21d5b9-11aa-4865-aa48-c9a3c5c568c9 req-fe21d5b9-11aa-4865-aa48-c9a3c5c568c9 ] Request (ImagesTestJSON:test_create_image_from_suspended_server): 200 GET http://10.180.1.21/compute/v2.1/servers/6826ea78-727c-4fbe-bb2c-13c66fdcaf3b 0.047s
2025-02-19 11:03:36.562 64784 INFO tempest.lib.common.rest_client [req-44a27daf-8295-4854-813a-90ef9748d1ce req-44a27daf-8295-4854-813a-90ef9748d1ce ] Request (ServerRescueTestJSON:test_rescue_unrescue_instance): 200 GET http://10.180.1.21/compute/v2.1/servers/57c7045b-f9d7-46d9-8017-15896cee5224 0.045s
2025-02-19 11:03:36.652 64820 INFO tempest.lib.common.rest_client [req-0749dbb7-be06-48a0-b9d1-05281d846117 req-0749dbb7-be06-48a0-b9d1-05281d846117 ] Request (FloatingIPsAssociationTestJSON:tearDownClass): 200 GET http://10.180.1.21/compute/v2.1/servers/44cba84c-0e8a-485d-810f-60dc64152206 0.057s
2025-02-19 11:03:36.667 64790 INFO tempest.lib.common.rest_client [req-e040d83d-252c-4bf1-8b39-3f1f35c2836d req-e040d83d-252c-4bf1-8b39-3f1f35c2836d ] Request (InstanceActionsNegativeTestJSON:setUpClass): 200 GET http://10.180.1.21/compute/v2.1/servers/4865661d-e1c2-4e2a-9051-bab851553c15 0.091s
2025-02-19 11:03:36.697 64760 INFO tempest.lib.common.rest_client [req-bb56d8f2-4b51-4582-84bf-890c9b2d7aa3 req-bb56d8f2-4b51-4582-84bf-890c9b2d7aa3 ] Request (ServersNegativeTestJSON:setUpClass): 200 GET http://10.180.1.21/compute/v2.1/servers/88f3252f-5271-4778-b8e4-a952460d400d 0.079s
2025-02-19 11:03:36.710 64788 INFO tempest.lib.common.rest_client [req-5afbf576-41fe-4602-b31e-904b78916c30 req-5afbf576-41fe-4602-b31e-904b78916c30 ] Request (ServersTestBootFromVolume:setUpClass): 200 GET http://10.180.1.21/compute/v2.1/servers/57de5093-57f2-414f-b665-89affbbf74dd 0.056s
2025-02-19 11:03:36.771 64762 INFO tempest.lib.common.rest_client [req-36bf40aa-3e5a-4626-80c5-cc297981eb0c req-36bf40aa-3e5a-4626-80c5-cc297981eb0c ] Request (ServersAdminTestJSON:test_inject_network_info): 200 GET http://10.180.1.21/compute/v2.1/servers/0981bdf7-7ad1-45d4-a556-7e69da1cf213 0.045s
2025-02-19 11:03:36.884 64777 INFO tempest.lib.common.rest_client [req-fd1346d1-a65b-4e82-9385-65f0e6f526a8 req-fd1346d1-a65b-4e82-9385-65f0e6f526a8 ] Request (ServersAdminNegativeTestJSON:tearDownClass): 200 GET http://10.180.1.21/compute/v2.1/servers/08c515e5-c17a-4333-a240-55f0fbb93a86 0.076s
2025-02-19 11:03:36.942 64786 INFO tempest.lib.common.rest_client [req-d523bea7-e657-4fff-aae2-0e6f77e362b8 req-d523bea7-e657-4fff-aae2-0e6f77e362b8 ] Request (DeleteServersTestJSON:test_delete_server_while_in_attached_volume): 200 GET http://10.180.1.21/compute/v2.1/servers/ebd70bba-160b-41dc-94ca-5d45e99e5dd8 0.084s
2025-02-19 11:03:36.945 64778 INFO tempest.lib.common.rest_client [req-b9f11389-85a2-4ac8-a05a-c34bba7d7940 req-b9f11389-85a2-4ac8-a05a-c34bba7d7940 ] Request (ServerGroupTestJSON:test_create_server_with_scheduler_hint_group): 200 GET http://10.180.1.21/compute/v2.1/servers/c806a2df-2ef2-44aa-a265-ece27caa6307 0.123s
2025-02-19 11:03:36.994 64772 INFO tempest.lib.common.rest_client [req-4bdd98a3-ca25-42e9-a974-dc2d55a0524d req-4bdd98a3-ca25-42e9-a974-dc2d55a0524d ] Request (ServerAddressesNegativeTestJSON:setUpClass): 200 GET http://10.180.1.21/compute/v2.1/servers/5d32979c-4d4b-4ec2-ae7a-23f8808cce19 0.119s
2025-02-19 11:03:37.000 64768 INFO tempest.lib.common.rest_client [req-01b29a6f-dfa6-493e-a922-9ef841461433 req-01b29a6f-dfa6-493e-a922-9ef841461433 ] Request (ServersTestManualDisk:setUpClass): 200 GET http://10.180.1.21/compute/v2.1/servers/cbdfcbe9-0ca2-4812-850b-15af857303a7 0.089s
2025-02-19 11:03:37.053 64792 INFO tempest.lib.common.rest_client [req-b9f14906-fb99-46e7-af25-252d884d052e req-b9f14906-fb99-46e7-af25-252d884d052e ] Request (ServerActionsTestOtherB:setUpClass): 200 GET http://10.180.1.21/compute/v2.1/servers/cdcc1d35-9ead-4e4c-ada3-ab31513b73af 0.090s
2025-02-19 11:03:37.061 64814 INFO tempest.lib.common.rest_client [req-6c958d6b-3f22-44e0-89e3-21484baaceea req-6c958d6b-3f22-44e0-89e3-21484baaceea ] Request (TenantUsagesTestJSON:tearDownClass): 200 GET http://10.180.1.21/compute/v2.1/servers/0d963c2d-4091-418b-a3fc-e60f7bf22b2a 0.128s
2025-02-19 11:03:37.101 64802 INFO tempest.lib.common.rest_client [req-c76786e6-3948-4b51-a336-a95c048fb294 req-c76786e6-3948-4b51-a336-a95c048fb294 ] Request (ImagesOneServerNegativeTestJSON:_run_cleanups): 200 GET http://10.180.1.21/compute/v2.1/servers/c852ede9-4489-49bb-89cf-6664ff3d5567 0.121s
2025-02-19 11:03:37.138 64818 INFO tempest.lib.common.rest_client [req-a5f832db-ddcd-4ff6-b871-3a6e6243a5d6 req-a5f832db-ddcd-4ff6-b871-3a6e6243a5d6 ] Request (ServerShowV257Test:test_rebuild_server): 200 GET http://10.180.1.21/compute/v2.1/servers/29249acd-a277-4c8b-aa14-a981b1ef16e1 0.055s
2025-02-19 11:03:37.178 64810 INFO tempest.lib.common.rest_client [req-9cf72f75-98be-47b2-9a22-9430ffd177ef req-9cf72f75-98be-47b2-9a22-9430ffd177ef ] Request (SecurityGroupsTestJSON:test_server_security_groups): 200 GET http://10.180.1.21/compute/v2.1/servers/95420eb6-9a0f-446f-bed0-b8d47808f5c6 0.059s
2025-02-19 11:03:37.394 64770 INFO tempest.lib.common.rest_client [req-c7d2d5c2-dc7a-4f86-ba71-5973ef68bf5a req-c7d2d5c2-dc7a-4f86-ba71-5973ef68bf5a ] Request (MigrationsAdminTest:test_list_migrations_in_flavor_resize_situation): 200 GET http://10.180.1.21/compute/v2.1/servers/4527a9ba-28f7-4698-aec0-6389cfc9d788 0.115s
2025-02-19 11:03:37.436 64806 INFO tempest.lib.common.rest_client [req-9e05008a-d0c3-4d4f-92cb-953c3ac16e23 req-9e05008a-d0c3-4d4f-92cb-953c3ac16e23 ] Request (MultipleCreateTestJSON:_run_cleanups): 200 GET http://10.180.1.21/compute/v2.1/servers/5e644577-0d03-40a8-b3bb-3df850f4f66b 0.065s
2025-02-19 11:03:37.571 64764 INFO tempest.lib.common.rest_client [req-9be90c7d-b4ea-4497-9d7e-f31011d8895b req-9be90c7d-b4ea-4497-9d7e-f31011d8895b ] Request (ImagesTestJSON:test_create_image_from_suspended_server): 200 GET http://10.180.1.21/compute/v2.1/servers/6826ea78-727c-4fbe-bb2c-13c66fdcaf3b 0.051s
2025-02-19 11:03:37.614 64784 INFO tempest.lib.common.rest_client [req-00e83db6-71d9-4f7c-b61a-66803e722278 req-00e83db6-71d9-4f7c-b61a-66803e722278 ] Request (ServerRescueTestJSON:test_rescue_unrescue_instance): 200 GET http://10.180.1.21/compute/v2.1/servers/57c7045b-f9d7-46d9-8017-15896cee5224 0.045s
2025-02-19 11:03:37.627 64794 WARNING tempest.lib.common.ssh [-] Failed to establish authenticated ssh connection to cirros@10.180.180.163 ([Errno None] Unable to connect to port 22 on 10.180.180.163). Number attempts: 12. Retry after 13 seconds.: paramiko.ssh_exception.NoValidConnectionsError: [Errno None] Unable to connect to port 22 on 10.180.180.163
2025-02-19 11:03:37.728 64820 INFO tempest.lib.common.rest_client [req-a3384fe1-17eb-4f0e-99b1-0df0494ed495 req-a3384fe1-17eb-4f0e-99b1-0df0494ed495 ] Request (FloatingIPsAssociationTestJSON:tearDownClass): 200 GET http://10.180.1.21/compute/v2.1/servers/44cba84c-0e8a-485d-810f-60dc64152206 0.067s
2025-02-19 11:03:37.774 64760 INFO tempest.lib.common.rest_client [req-b8fcd845-702a-4755-8bf1-0e954ac06663 req-b8fcd845-702a-4755-8bf1-0e954ac06663 ] Request (ServersNegativeTestJSON:setUpClass): 200 GET http://10.180.1.21/compute/v2.1/servers/88f3252f-5271-4778-b8e4-a952460d400d 0.068s
2025-02-19 11:03:37.787 64790 INFO tempest.lib.common.rest_client [req-12ce413e-dad4-4453-a7e0-4f9a1ec322a3 req-12ce413e-dad4-4453-a7e0-4f9a1ec322a3 ] Request (InstanceActionsNegativeTestJSON:setUpClass): 200 GET http://10.180.1.21/compute/v2.1/servers/4865661d-e1c2-4e2a-9051-bab851553c15 0.112s
2025-02-19 11:03:37.794 64790 INFO tempest.common.waiters [-] State transition "BUILD/spawning" ==> "ACTIVE/None" after 68 second wait
2025-02-19 11:03:37.821 64788 INFO tempest.lib.common.rest_client [req-4e5efead-8515-4978-8878-859c142564fc req-4e5efead-8515-4978-8878-859c142564fc ] Request (ServersTestBootFromVolume:setUpClass): 200 GET http://10.180.1.21/compute/v2.1/servers/57de5093-57f2-414f-b665-89affbbf74dd 0.102s
2025-02-19 11:03:37.833 64762 INFO tempest.lib.common.rest_client [req-f31dbaf1-7920-4bd9-8c0b-f5be86a847d2 req-f31dbaf1-7920-4bd9-8c0b-f5be86a847d2 ] Request (ServersAdminTestJSON:test_inject_network_info): 200 GET http://10.180.1.21/compute/v2.1/servers/0981bdf7-7ad1-45d4-a556-7e69da1cf213 0.054s
2025-02-19 11:03:37.847 64790 INFO tempest.lib.common.rest_client [req-c13a506c-d680-47be-8f3d-07635dfb139b req-c13a506c-d680-47be-8f3d-07635dfb139b ] Request (InstanceActionsNegativeTestJSON:test_get_instance_action_invalid_request): 404 GET http://10.180.1.21/compute/v2.1/servers/4865661d-e1c2-4e2a-9051-bab851553c15/os-instance-actions/999 0.052s
2025-02-19 11:03:37.860 64790 INFO tempest.lib.common.rest_client [req-ade766ad-7435-4371-8c7f-6a50ff6a3792 req-ade766ad-7435-4371-8c7f-6a50ff6a3792 ] Request (InstanceActionsNegativeTestJSON:test_list_instance_actions_non_existent_server): 404 GET http://10.180.1.21/compute/v2.1/servers/adbc7c4c-f637-414b-9b75-6971e9f25f5e/os-instance-actions 0.011s
2025-02-19 11:03:37.931 64790 INFO tempest.lib.common.rest_client [req-07f3504f-2382-4c77-a44b-13f4135245e8 req-07f3504f-2382-4c77-a44b-13f4135245e8 ] Request (InstanceActionsNegativeTestJSON:tearDownClass): 204 DELETE http://10.180.1.21/compute/v2.1/servers/4865661d-e1c2-4e2a-9051-bab851553c15 0.066s
2025-02-19 11:03:37.950 64777 INFO tempest.lib.common.rest_client [req-d933dce9-f563-4642-b14c-45f6019e6fd2 req-d933dce9-f563-4642-b14c-45f6019e6fd2 ] Request (ServersAdminNegativeTestJSON:tearDownClass): 200 GET http://10.180.1.21/compute/v2.1/servers/08c515e5-c17a-4333-a240-55f0fbb93a86 0.056s
2025-02-19 11:03:38.000 64786 INFO tempest.lib.common.rest_client [req-4c1763f9-da8d-4fe3-9005-39b9916681c7 req-4c1763f9-da8d-4fe3-9005-39b9916681c7 ] Request (DeleteServersTestJSON:test_delete_server_while_in_attached_volume): 200 GET http://10.180.1.21/compute/v2.1/servers/ebd70bba-160b-41dc-94ca-5d45e99e5dd8 0.050s
2025-02-19 11:03:38.029 64790 INFO tempest.lib.common.rest_client [req-95fd3ac7-0069-4c7d-b726-4c671c04f00c req-95fd3ac7-0069-4c7d-b726-4c671c04f00c ] Request (InstanceActionsNegativeTestJSON:tearDownClass): 200 GET http://10.180.1.21/compute/v2.1/servers/4865661d-e1c2-4e2a-9051-bab851553c15 0.097s
2025-02-19 11:03:38.078 64772 INFO tempest.lib.common.rest_client [req-600be943-f26a-4530-9202-f8492719291b req-600be943-f26a-4530-9202-f8492719291b ] Request (ServerAddressesNegativeTestJSON:setUpClass): 200 GET http://10.180.1.21/compute/v2.1/servers/5d32979c-4d4b-4ec2-ae7a-23f8808cce19 0.075s
2025-02-19 11:03:38.091 64778 INFO tempest.lib.common.rest_client [req-3efa3888-7c66-4071-b82b-4336f18c988d req-3efa3888-7c66-4071-b82b-4336f18c988d ] Request (ServerGroupTestJSON:test_create_server_with_scheduler_hint_group): 200 GET http://10.180.1.21/compute/v2.1/servers/c806a2df-2ef2-44aa-a265-ece27caa6307 0.138s
2025-02-19 11:03:38.098 64778 INFO tempest.common.waiters [-] State transition "BUILD/spawning" ==> "ACTIVE/None" after 70 second wait
2025-02-19 11:03:38.120 64768 INFO tempest.lib.common.rest_client [req-55c44269-e9c6-4a39-bd62-ed580ae85ad2 req-55c44269-e9c6-4a39-bd62-ed580ae85ad2 ] Request (ServersTestManualDisk:setUpClass): 200 GET http://10.180.1.21/compute/v2.1/servers/cbdfcbe9-0ca2-4812-850b-15af857303a7 0.112s
2025-02-19 11:03:38.134 64792 INFO tempest.lib.common.rest_client [req-7302f446-343e-4425-ab6c-aa8ddb7d4c9d req-7302f446-343e-4425-ab6c-aa8ddb7d4c9d ] Request (ServerActionsTestOtherB:setUpClass): 200 GET http://10.180.1.21/compute/v2.1/servers/cdcc1d35-9ead-4e4c-ada3-ab31513b73af 0.073s
2025-02-19 11:03:38.166 64778 INFO tempest.lib.common.rest_client [req-8446d99d-8d1b-4e59-a634-8ad05e0dcc36 req-8446d99d-8d1b-4e59-a634-8ad05e0dcc36 ] Request (ServerGroupTestJSON:test_create_server_with_scheduler_hint_group): 200 GET http://10.180.1.21/compute/v2.1/os-server-groups/bdb7c330-3962-4f1b-ad43-9aabb3f0ae88 0.067s
2025-02-19 11:03:38.176 64814 INFO tempest.lib.common.rest_client [req-655798ad-6d25-4df8-a610-9b6d8cb06bec req-655798ad-6d25-4df8-a610-9b6d8cb06bec ] Request (TenantUsagesTestJSON:tearDownClass): 200 GET http://10.180.1.21/compute/v2.1/servers/0d963c2d-4091-418b-a3fc-e60f7bf22b2a 0.108s
2025-02-19 11:03:38.210 64802 INFO tempest.lib.common.rest_client [req-ea571825-e466-495c-b70d-136dc91c0cf2 req-ea571825-e466-495c-b70d-136dc91c0cf2 ] Request (ImagesOneServerNegativeTestJSON:_run_cleanups): 200 GET http://10.180.1.21/compute/v2.1/servers/c852ede9-4489-49bb-89cf-6664ff3d5567 0.100s
2025-02-19 11:03:38.223 64818 INFO tempest.lib.common.rest_client [req-bd65b5a7-5a71-46d7-a4a1-a82566652655 req-bd65b5a7-5a71-46d7-a4a1-a82566652655 ] Request (ServerShowV257Test:test_rebuild_server): 200 GET http://10.180.1.21/compute/v2.1/servers/29249acd-a277-4c8b-aa14-a981b1ef16e1 0.075s
2025-02-19 11:03:38.270 64810 INFO tempest.lib.common.rest_client [req-1c5e6e6c-51b2-4a44-9d95-5cc7e7aad3e5 req-1c5e6e6c-51b2-4a44-9d95-5cc7e7aad3e5 ] Request (SecurityGroupsTestJSON:test_server_security_groups): 200 GET http://10.180.1.21/compute/v2.1/servers/95420eb6-9a0f-446f-bed0-b8d47808f5c6 0.080s
2025-02-19 11:03:38.278 64778 INFO tempest.lib.common.rest_client [req-075c95a1-93dc-40b3-b0b9-5491b687e777 req-075c95a1-93dc-40b3-b0b9-5491b687e777 ] Request (ServerGroupTestJSON:_run_cleanups): 204 DELETE http://10.180.1.21/compute/v2.1/servers/c806a2df-2ef2-44aa-a265-ece27caa6307 0.110s
2025-02-19 11:03:38.362 64778 INFO tempest.lib.common.rest_client [req-e61ec007-8ae1-4baa-b3e4-9df89c8b7a7d req-e61ec007-8ae1-4baa-b3e4-9df89c8b7a7d ] Request (ServerGroupTestJSON:_run_cleanups): 200 GET http://10.180.1.21/compute/v2.1/servers/c806a2df-2ef2-44aa-a265-ece27caa6307 0.084s
2025-02-19 11:03:38.514 64806 INFO tempest.lib.common.rest_client [req-d6111c2c-4c11-445e-9674-671152b3aa60 req-d6111c2c-4c11-445e-9674-671152b3aa60 ] Request (MultipleCreateTestJSON:_run_cleanups): 200 GET http://10.180.1.21/compute/v2.1/servers/5e644577-0d03-40a8-b3bb-3df850f4f66b 0.065s
2025-02-19 11:03:38.544 64770 INFO tempest.lib.common.rest_client [req-9d8b5362-173a-46ec-b89e-3a8c7e87445b req-9d8b5362-173a-46ec-b89e-3a8c7e87445b ] Request (MigrationsAdminTest:test_list_migrations_in_flavor_resize_situation): 200 GET http://10.180.1.21/compute/v2.1/servers/4527a9ba-28f7-4698-aec0-6389cfc9d788 0.142s
2025-02-19 11:03:38.625 64764 INFO tempest.lib.common.rest_client [req-3c01b38a-40fa-4fbd-a755-2578cf12dfce req-3c01b38a-40fa-4fbd-a755-2578cf12dfce ] Request (ImagesTestJSON:test_create_image_from_suspended_server): 200 GET http://10.180.1.21/compute/v2.1/servers/6826ea78-727c-4fbe-bb2c-13c66fdcaf3b 0.046s
