2025-02-19 11:01:25.669 64772 INFO tempest.lib.common.rest_client [req-29654587-1822-4669-9039-cf6371f6c05a req-29654587-1822-4669-9039-cf6371f6c05a ] Request (ServersAdmin275Test:setUpClass): 201 POST http://10.180.1.21/identity/v3/auth/tokens 0.071s
2025-02-19 11:01:25.721 64772 INFO tempest.lib.common.rest_client [req-c9e6d9a3-1587-4e01-8c4b-2dce698bb3d1 req-c9e6d9a3-1587-4e01-8c4b-2dce698bb3d1 ] Request (ServersAdmin275Test:setUpClass): 201 POST http://10.180.1.21/identity/v3/auth/tokens 0.050s
2025-02-19 11:01:25.752 64802 INFO tempest.lib.common.rest_client [req-6885d16e-d33c-400e-b564-0184ac216d7e req-6885d16e-d33c-400e-b564-0184ac216d7e ] Request (ImagesOneServerNegativeTestJSON:setUpClass): 201 POST http://10.180.1.21/identity/v3/auth/tokens 0.086s
2025-02-19 11:01:25.753 64772 INFO tempest.lib.common.rest_client [req-0a7b0434-f7c8-4ae1-83e4-466bdf5982de req-0a7b0434-f7c8-4ae1-83e4-466bdf5982de ] Request (ServersAdmin275Test:setUpClass): 200 GET http://10.180.1.21/identity/v3/domains?name=Default 0.032s
2025-02-19 11:01:25.754 64786 INFO tempest.lib.common.rest_client [req-85791b41-e300-403a-af4d-e7b714143f60 req-85791b41-e300-403a-af4d-e7b714143f60 ] Request (QuotasAdminTestJSON:test_delete_quota): 200 PUT http://10.180.1.21/compute/v2.1/os-quota-sets/970272daf4c9400c9fe751972c1af804 1.772s
2025-02-19 11:01:25.773 64760 INFO tempest.lib.common.rest_client [req-352a9e01-5f9a-4c84-8064-85e345642b58 req-352a9e01-5f9a-4c84-8064-85e345642b58 ] Request (ServersAaction247Test:test_create_backup): 200 GET http://10.180.1.21/compute/v2.1/servers/493ae756-b9ef-45fd-af3f-2d9ba80c797c 1.684s
2025-02-19 11:01:25.803 64802 INFO tempest.lib.common.rest_client [req-6db7e9da-3a0b-46d0-80a4-63f845c4eba6 req-6db7e9da-3a0b-46d0-80a4-63f845c4eba6 ] Request (ImagesOneServerNegativeTestJSON:setUpClass): 201 POST http://10.180.1.21/identity/v3/auth/tokens 0.044s
2025-02-19 11:01:25.817 64802 INFO tempest.lib.common.fixed_network [-] (ImagesOneServerNegativeTestJSON:setUpClass) Found network {'id': 'f742c78a-97a1-4fac-89f8-1b1ac1afe3fd', 'name': 'tempest-ImagesOneServerNegativeTestJSON-1002782425-network', 'tenant_id': '1b46183a164846548e1e9ea550aae102', 'admin_state_up': True, 'mtu': 8950, 'status': 'ACTIVE', 'subnets': [], 'shared': False, 'project_id': '1b46183a164846548e1e9ea550aae102', 'port_security_enabled': True, 'router:external': False, 'provider:network_type': 'vlan', 'provider:physical_network': 'default', 'provider:segmentation_id': 689, 'availability_zone_hints': [], 'availability_zones': [], 'ipv4_address_scope': None, 'ipv6_address_scope': None, 'description': '', 'tags': [], 'created_at': '2025-02-19T11:01:15Z', 'updated_at': '2025-02-19T11:01:15Z', 'revision_number': 1} available for tenant
2025-02-19 11:01:25.838 64772 INFO tempest.lib.common.rest_client [req-60a615f8-a892-41ec-86aa-79cc4a17060b req-60a615f8-a892-41ec-86aa-79cc4a17060b ] Request (ServersAdmin275Test:setUpClass): 201 POST http://10.180.1.21/identity/v3/projects 0.084s
2025-02-19 11:01:25.859 64770 INFO tempest.lib.common.rest_client [req-55102469-9ad0-433d-a441-4021d5f70f0e req-55102469-9ad0-433d-a441-4021d5f70f0e ] Request (FlavorsAccessNegativeTestJSON:test_flavor_non_admin_add): 200 POST http://10.180.1.21/compute/v2.1/flavors 1.488s
2025-02-19 11:01:25.886 64766 INFO tempest.lib.common.rest_client [req-7d8e96e8-b034-4c92-9c98-57e19d17bae7 req-7d8e96e8-b034-4c92-9c98-57e19d17bae7 ] Request (HostsAdminTestJSON:test_show_host_detail): 200 GET http://10.180.1.21/compute/v2.1/os-hosts 1.503s
2025-02-19 11:01:25.902 64800 INFO tempest.lib.common.rest_client [req-a97baae8-388d-497c-b494-bf71d0ab2bd0 req-a97baae8-388d-497c-b494-bf71d0ab2bd0 ] Request (SecurityGroupsNegativeTestJSON:tearDownClass): 204 DELETE http://10.180.1.21:9696/networking/v2.0/routers/a2f982e5-111c-4537-8faf-bdafd8f95d38 2.759s
2025-02-19 11:01:25.904 64806 INFO tempest.lib.common.rest_client [req-2480e7c7-2528-4eee-8072-8bc3b0946359 req-2480e7c7-2528-4eee-8072-8bc3b0946359 ] Request (FlavorsExtraSpecsTestJSON:test_flavor_set_get_update_show_unset_keys): 200 GET http://10.180.1.21/compute/v2.1/flavors/1714973407/os-extra_specs 1.500s
2025-02-19 11:01:25.938 64772 INFO tempest.lib.common.rest_client [req-8bd53a4d-6059-4711-acbe-b8041c5d8ac8 req-8bd53a4d-6059-4711-acbe-b8041c5d8ac8 ] Request (ServersAdmin275Test:setUpClass): 201 POST http://10.180.1.21/identity/v3/users 0.100s
2025-02-19 11:01:25.971 64772 INFO tempest.lib.common.rest_client [req-5a4acdd3-d98b-45fa-9f0a-2bcd14bf6797 req-5a4acdd3-d98b-45fa-9f0a-2bcd14bf6797 ] Request (ServersAdmin275Test:setUpClass): 200 GET http://10.180.1.21/identity/v3/roles 0.032s
2025-02-19 11:01:26.021 64772 INFO tempest.lib.common.rest_client [req-0d69a7c4-8b1f-4220-9f02-e6c9f2f84033 req-0d69a7c4-8b1f-4220-9f02-e6c9f2f84033 ] Request (ServersAdmin275Test:setUpClass): 204 PUT http://10.180.1.21/identity/v3/projects/10f015539a0f47f5871e2298fade594c/users/afe4ce52982a400193ee2765cd1f9252/roles/e316fca7f46a4ecfb70a024a0311f75b 0.049s
2025-02-19 11:01:26.021 64772 INFO tempest.lib.common.dynamic_creds [-] Dynamic test user afe4ce52982a400193ee2765cd1f9252 is created with scope project and roles: ['member']
2025-02-19 11:01:26.021 64772 INFO tempest.lib.common.dynamic_creds [-] Acquired dynamic creds: credentials: Credentials: {'domain_id': 'default', 'domain_name': 'Default', 'username': 'tempest-ServersAdmin275Test-320236202-project-member', 'project_domain_id': 'default', 'project_domain_name': 'Default', 'project_id': '10f015539a0f47f5871e2298fade594c', 'project_name': 'tempest-ServersAdmin275Test-320236202', 'tenant_id': '10f015539a0f47f5871e2298fade594c', 'tenant_name': 'tempest-ServersAdmin275Test-320236202', 'user_domain_id': 'default', 'user_domain_name': 'Default', 'user_id': 'afe4ce52982a400193ee2765cd1f9252', 'system': None}, Network: None, Subnet: None, Router: None
2025-02-19 11:01:26.022 64772 INFO tempest.lib.common.dynamic_creds [-] Created isolated network resources for: credentials: Credentials: {'domain_id': 'default', 'domain_name': 'Default', 'username': 'tempest-ServersAdmin275Test-320236202-project-member', 'project_domain_id': 'default', 'project_domain_name': 'Default', 'project_id': '10f015539a0f47f5871e2298fade594c', 'project_name': 'tempest-ServersAdmin275Test-320236202', 'tenant_id': '10f015539a0f47f5871e2298fade594c', 'tenant_name': 'tempest-ServersAdmin275Test-320236202', 'user_domain_id': 'default', 'user_domain_name': 'Default', 'user_id': 'afe4ce52982a400193ee2765cd1f9252', 'system': None}, Network: None, Subnet: None, Router: None
2025-02-19 11:01:26.065 64796 INFO tempest.lib.common.rest_client [req-b38a5ea8-6388-4d55-b541-36879f8887d1 req-b38a5ea8-6388-4d55-b541-36879f8887d1 ] Request (VolumesAssistedSnapshotsTest:test_volume_assisted_snapshot_create_delete): 201 POST http://10.180.1.21:9696/networking/v2.0/floatingips 2.478s
2025-02-19 11:01:26.075 64818 INFO tempest.lib.common.rest_client [req-bd20e0bd-4e52-47dc-98a1-e1478e40bea4 req-bd20e0bd-4e52-47dc-98a1-e1478e40bea4 ] Request (ServicesAdminNegativeV253TestJSON:tearDownClass): 204 DELETE http://10.180.1.21:9696/networking/v2.0/security-groups/f247be57-8da2-45b6-9c14-645f989c3c95 0.448s
2025-02-19 11:01:26.120 64772 INFO tempest.lib.common.rest_client [req-1bebde2d-31cf-49d6-a57a-4a5eb77d0d24 req-1bebde2d-31cf-49d6-a57a-4a5eb77d0d24 ] Request (ServersAdmin275Test:setUpClass): 201 POST http://10.180.1.21/identity/v3/auth/tokens 0.091s
2025-02-19 11:01:26.133 64796 INFO tempest.lib.common.rest_client [req-ba4ac9a5-ed0c-4f92-a288-cbf3491126a7 req-ba4ac9a5-ed0c-4f92-a288-cbf3491126a7 ] Request (VolumesAssistedSnapshotsTest:test_volume_assisted_snapshot_create_delete): 201 POST http://10.180.1.21/identity/v3/auth/tokens 0.061s
2025-02-19 11:01:26.133 64796 INFO tempest.lib.common.fixed_network [-] (VolumesAssistedSnapshotsTest:test_volume_assisted_snapshot_create_delete) Found network {'id': 'fc89fea2-9055-418b-b78b-72dd428aa056', 'name': 'tempest-VolumesAssistedSnapshotsTest-910254618-network', 'tenant_id': 'e3352efb5c524d2da795c2f3fdda7d7e', 'admin_state_up': True, 'mtu': 8950, 'status': 'ACTIVE', 'subnets': [], 'shared': False, 'project_id': 'e3352efb5c524d2da795c2f3fdda7d7e', 'port_security_enabled': True, 'router:external': False, 'provider:network_type': 'vlan', 'provider:physical_network': 'default', 'provider:segmentation_id': 516, 'availability_zone_hints': [], 'availability_zones': [], 'ipv4_address_scope': None, 'ipv6_address_scope': None, 'description': '', 'tags': [], 'created_at': '2025-02-19T11:00:58Z', 'updated_at': '2025-02-19T11:00:58Z', 'revision_number': 1} available for tenant
2025-02-19 11:01:26.190 64772 INFO tempest.lib.common.rest_client [req-648f578e-7696-496d-89c4-a1f4e960544f req-648f578e-7696-496d-89c4-a1f4e960544f ] Request (ServersAdmin275Test:setUpClass): 201 POST http://10.180.1.21/identity/v3/projects 0.070s
2025-02-19 11:01:26.210 64818 INFO tempest.lib.common.rest_client [req-b41c2cb2-7d27-46cb-9303-b8a55512fc03 req-b41c2cb2-7d27-46cb-9303-b8a55512fc03 ] Request (ServicesAdminNegativeV253TestJSON:tearDownClass): 204 DELETE http://10.180.1.21/identity/v3/projects/593db4243e2049c3bec5292e6812a96f 0.134s
2025-02-19 11:01:26.223 64810 INFO tempest.lib.common.rest_client [req-b72a804d-b676-4fcf-8684-7b87a020985e req-b72a804d-b676-4fcf-8684-7b87a020985e ] Request (SecurityGroupsTestJSON:setUpClass): 201 POST http://10.180.1.21:9696/networking/v2.0/routers 4.074s
2025-02-19 11:01:26.240 64818 INFO tempest.lib.common.rest_client [req-33b5da09-c0ca-46f9-a9f9-b47c8b57da57 req-33b5da09-c0ca-46f9-a9f9-b47c8b57da57 ] Request (AbsoluteLimitsNegativeTestJSON:setUpClass): 201 POST http://10.180.1.21/identity/v3/auth/tokens 0.029s
2025-02-19 11:01:26.251 64772 INFO tempest.lib.common.rest_client [req-7f89e2c9-ea17-4043-97a3-75ac1e686aaf req-7f89e2c9-ea17-4043-97a3-75ac1e686aaf ] Request (ServersAdmin275Test:setUpClass): 201 POST http://10.180.1.21/identity/v3/users 0.060s
2025-02-19 11:01:26.271 64818 INFO tempest.lib.common.rest_client [req-c0c4d633-aa09-48b0-8e83-7c9724e176b4 req-c0c4d633-aa09-48b0-8e83-7c9724e176b4 ] Request (AbsoluteLimitsNegativeTestJSON:setUpClass): 201 POST http://10.180.1.21/identity/v3/auth/tokens 0.027s
2025-02-19 11:01:26.280 64772 INFO tempest.lib.common.rest_client [req-bef40c4d-14c3-4ac9-91d6-183a1678f95d req-bef40c4d-14c3-4ac9-91d6-183a1678f95d ] Request (ServersAdmin275Test:setUpClass): 200 GET http://10.180.1.21/identity/v3/roles 0.028s
2025-02-19 11:01:26.295 64818 INFO tempest.lib.common.rest_client [req-97b71f89-6250-43c5-ac7d-ada168954386 req-97b71f89-6250-43c5-ac7d-ada168954386 ] Request (AbsoluteLimitsNegativeTestJSON:setUpClass): 200 GET http://10.180.1.21/identity/v3/domains?name=Default 0.023s
2025-02-19 11:01:26.316 64772 INFO tempest.lib.common.rest_client [req-8a3a68c2-5e7d-4515-b957-f14be2bb9f5b req-8a3a68c2-5e7d-4515-b957-f14be2bb9f5b ] Request (ServersAdmin275Test:setUpClass): 204 PUT http://10.180.1.21/identity/v3/projects/68929bc808cc48439363c7f04e6de8e9/users/2ade313dec894265a2ae282584e0a23c/roles/d968412e13904db7984c69e74f3d7271 0.035s
2025-02-19 11:01:26.326 64808 INFO tempest.lib.common.rest_client [req-3d8b364a-7bb5-4bfc-b9d7-013a535ddfe3 req-3d8b364a-7bb5-4bfc-b9d7-013a535ddfe3 ] Request (DeleteServersAdminTestJSON:test_admin_delete_servers_of_others): 200 GET http://10.180.1.21/compute/v2.1/servers/6a78f86d-6afd-43b3-9a63-600f0c73e97a 1.776s
2025-02-19 11:01:26.328 64818 INFO tempest.lib.common.rest_client [req-6f930ebc-4dca-47ae-8adb-73ab21f3b29f req-6f930ebc-4dca-47ae-8adb-73ab21f3b29f ] Request (AbsoluteLimitsNegativeTestJSON:setUpClass): 201 POST http://10.180.1.21/identity/v3/projects 0.033s
2025-02-19 11:01:26.394 64818 INFO tempest.lib.common.rest_client [req-3ee6012f-3b7a-4615-a282-97e42d232980 req-3ee6012f-3b7a-4615-a282-97e42d232980 ] Request (AbsoluteLimitsNegativeTestJSON:setUpClass): 201 POST http://10.180.1.21/identity/v3/users 0.065s
2025-02-19 11:01:26.408 64772 INFO tempest.lib.common.rest_client [req-a6876c56-d812-455b-b61a-9d7710e7ad77 req-a6876c56-d812-455b-b61a-9d7710e7ad77 ] Request (ServersAdmin275Test:setUpClass): 200 GET http://10.180.1.21/identity/v3/roles 0.091s
2025-02-19 11:01:26.419 64818 INFO tempest.lib.common.rest_client [req-11a3ced5-3e4a-481f-b2a4-4a217a765220 req-11a3ced5-3e4a-481f-b2a4-4a217a765220 ] Request (AbsoluteLimitsNegativeTestJSON:setUpClass): 200 GET http://10.180.1.21/identity/v3/roles 0.024s
2025-02-19 11:01:26.433 64772 INFO tempest.lib.common.rest_client [req-2979c303-12ba-4fa4-8da1-68c84528f64b req-2979c303-12ba-4fa4-8da1-68c84528f64b ] Request (ServersAdmin275Test:setUpClass): 204 PUT http://10.180.1.21/identity/v3/projects/68929bc808cc48439363c7f04e6de8e9/users/2ade313dec894265a2ae282584e0a23c/roles/d968412e13904db7984c69e74f3d7271 0.024s
2025-02-19 11:01:26.433 64772 INFO tempest.lib.common.dynamic_creds [-] Dynamic test user 2ade313dec894265a2ae282584e0a23c is created with scope project and roles: ['admin']
2025-02-19 11:01:26.433 64772 INFO tempest.lib.common.dynamic_creds [-] Acquired dynamic creds: credentials: Credentials: {'domain_id': 'default', 'domain_name': 'Default', 'username': 'tempest-ServersAdmin275Test-972473339-project-admin', 'project_domain_id': 'default', 'project_domain_name': 'Default', 'project_id': '68929bc808cc48439363c7f04e6de8e9', 'project_name': 'tempest-ServersAdmin275Test-972473339', 'tenant_id': '68929bc808cc48439363c7f04e6de8e9', 'tenant_name': 'tempest-ServersAdmin275Test-972473339', 'user_domain_id': 'default', 'user_domain_name': 'Default', 'user_id': '2ade313dec894265a2ae282584e0a23c', 'system': None}, Network: None, Subnet: None, Router: None
2025-02-19 11:01:26.434 64772 INFO tempest.lib.common.dynamic_creds [-] Created isolated network resources for: credentials: Credentials: {'domain_id': 'default', 'domain_name': 'Default', 'username': 'tempest-ServersAdmin275Test-972473339-project-admin', 'project_domain_id': 'default', 'project_domain_name': 'Default', 'project_id': '68929bc808cc48439363c7f04e6de8e9', 'project_name': 'tempest-ServersAdmin275Test-972473339', 'tenant_id': '68929bc808cc48439363c7f04e6de8e9', 'tenant_name': 'tempest-ServersAdmin275Test-972473339', 'user_domain_id': 'default', 'user_domain_name': 'Default', 'user_id': '2ade313dec894265a2ae282584e0a23c', 'system': None}, Network: None, Subnet: None, Router: None
2025-02-19 11:01:26.455 64818 INFO tempest.lib.common.rest_client [req-4af3f6f0-41f1-4bb7-ac64-816f2b3af8ba req-4af3f6f0-41f1-4bb7-ac64-816f2b3af8ba ] Request (AbsoluteLimitsNegativeTestJSON:setUpClass): 204 PUT http://10.180.1.21/identity/v3/projects/d3a50438a2d04742a967bcf07367d903/users/416a2d955d14451baf79375a140df07e/roles/e316fca7f46a4ecfb70a024a0311f75b 0.035s
2025-02-19 11:01:26.455 64818 INFO tempest.lib.common.dynamic_creds [-] Dynamic test user 416a2d955d14451baf79375a140df07e is created with scope project and roles: ['member']
2025-02-19 11:01:26.455 64818 INFO tempest.lib.common.dynamic_creds [-] Acquired dynamic creds: credentials: Credentials: {'domain_id': 'default', 'domain_name': 'Default', 'username': 'tempest-AbsoluteLimitsNegativeTestJSON-493321494-project-member', 'project_domain_id': 'default', 'project_domain_name': 'Default', 'project_id': 'd3a50438a2d04742a967bcf07367d903', 'project_name': 'tempest-AbsoluteLimitsNegativeTestJSON-493321494', 'tenant_id': 'd3a50438a2d04742a967bcf07367d903', 'tenant_name': 'tempest-AbsoluteLimitsNegativeTestJSON-493321494', 'user_domain_id': 'default', 'user_domain_name': 'Default', 'user_id': '416a2d955d14451baf79375a140df07e', 'system': None}, Network: None, Subnet: None, Router: None
2025-02-19 11:01:26.455 64818 INFO tempest.lib.common.dynamic_creds [-] Created isolated network resources for: credentials: Credentials: {'domain_id': 'default', 'domain_name': 'Default', 'username': 'tempest-AbsoluteLimitsNegativeTestJSON-493321494-project-member', 'project_domain_id': 'default', 'project_domain_name': 'Default', 'project_id': 'd3a50438a2d04742a967bcf07367d903', 'project_name': 'tempest-AbsoluteLimitsNegativeTestJSON-493321494', 'tenant_id': 'd3a50438a2d04742a967bcf07367d903', 'tenant_name': 'tempest-AbsoluteLimitsNegativeTestJSON-493321494', 'user_domain_id': 'default', 'user_domain_name': 'Default', 'user_id': '416a2d955d14451baf79375a140df07e', 'system': None}, Network: None, Subnet: None, Router: None
2025-02-19 11:01:26.512 64772 INFO tempest.lib.common.rest_client [req-946431cf-d2ce-4373-abb1-8c876a1b8f8c req-946431cf-d2ce-4373-abb1-8c876a1b8f8c ] Request (ServersAdmin275Test:setUpClass): 201 POST http://10.180.1.21/identity/v3/auth/tokens 0.074s
2025-02-19 11:01:26.528 64818 INFO tempest.lib.common.rest_client [req-5cbe7cc7-fc99-4e89-b08a-1d6ad097f0cc req-5cbe7cc7-fc99-4e89-b08a-1d6ad097f0cc ] Request (AbsoluteLimitsNegativeTestJSON:setUpClass): 201 POST http://10.180.1.21/identity/v3/auth/tokens 0.068s
2025-02-19 11:01:26.570 64772 INFO tempest.lib.common.rest_client [req-5158a213-d5f8-47d4-92d0-ae321050b14e req-5158a213-d5f8-47d4-92d0-ae321050b14e ] Request (ServersAdmin275Test:test_rebuild_update_server_275): 201 POST http://10.180.1.21/identity/v3/auth/tokens 0.054s
2025-02-19 11:01:26.571 64772 INFO tempest.lib.common.fixed_network [-] (ServersAdmin275Test:test_rebuild_update_server_275) Found network None available for tenant
2025-02-19 11:01:26.653 64762 INFO tempest.lib.common.rest_client [req-a2a02fde-3ffe-44c2-be03-1cd8deb1b627 req-a2a02fde-3ffe-44c2-be03-1cd8deb1b627 ] Request (ServersAdminTestJSON:setUpClass): 200 PUT http://10.180.1.21:9696/networking/v2.0/routers/80eb6a94-16b0-4f77-bf73-7428e844955c/add_router_interface 5.741s
2025-02-19 11:01:26.653 64762 INFO tempest.lib.common.dynamic_creds [-] Created isolated network resources for: credentials: Credentials: {'domain_id': 'default', 'domain_name': 'Default', 'username': 'tempest-ServersAdminTestJSON-1461262248-project-member', 'project_domain_id': 'default', 'project_domain_name': 'Default', 'project_id': '5445cfeb9b0e4f209a03a94721a5973a', 'project_name': 'tempest-ServersAdminTestJSON-1461262248', 'tenant_id': '5445cfeb9b0e4f209a03a94721a5973a', 'tenant_name': 'tempest-ServersAdminTestJSON-1461262248', 'user_domain_id': 'default', 'user_domain_name': 'Default', 'user_id': 'fe301aff93bf4ab2944dc9e019a9af3e', 'system': None}, Network: {'id': 'b42c890e-4191-4a47-803e-ca59ec192612', 'name': 'tempest-ServersAdminTestJSON-2112483500-network', 'tenant_id': '5445cfeb9b0e4f209a03a94721a5973a', 'admin_state_up': True, 'mtu': 8950, 'status': 'ACTIVE', 'subnets': [], 'shared': False, 'project_id': '5445cfeb9b0e4f209a03a94721a5973a', 'port_security_enabled': True, 'router:external': False, 'provider:network_type': 'vlan', 'provider:physical_network': 'default', 'provider:segmentation_id': 234, 'availability_zone_hints': [], 'availability_zones': [], 'ipv4_address_scope': None, 'ipv6_address_scope': None, 'description': '', 'tags': [], 'created_at': '2025-02-19T11:01:15Z', 'updated_at': '2025-02-19T11:01:15Z', 'revision_number': 1}, Subnet: {'id': '99619a77-a8d8-4cde-8268-69cbf63081f4', 'name': 'tempest-ServersAdminTestJSON-2112483500-subnet', 'tenant_id': '5445cfeb9b0e4f209a03a94721a5973a', 'network_id': 'b42c890e-4191-4a47-803e-ca59ec192612', 'ip_version': 4, 'subnetpool_id': None, 'enable_dhcp': True, 'ipv6_ra_mode': None, 'ipv6_address_mode': None, 'gateway_ip': '192.168.128.1', 'cidr': '192.168.128.0/28', 'allocation_pools': [{'start': '192.168.128.2', 'end': '192.168.128.14'}], 'host_routes': [], 'dns_nameservers': [], 'description': '', 'router:external': False, 'service_types': [], 'tags': [], 'created_at': '2025-02-19T11:01:16Z', 'updated_at': '2025-02-19T11:01:16Z', 'revision_number': 0, 'project_id': '5445cfeb9b0e4f209a03a94721a5973a'}, Router: {'id': '80eb6a94-16b0-4f77-bf73-7428e844955c', 'name': 'tempest-ServersAdminTestJSON-2112483500-router', 'tenant_id': '5445cfeb9b0e4f209a03a94721a5973a', 'admin_state_up': True, 'status': 'ACTIVE', 'external_gateway_info': {'network_id': 'c440407e-65a9-43cb-bcde-ac1a1ee5159e', 'external_fixed_ips': [{'subnet_id': '48474b95-9e38-449c-8857-13a7767dfbcc', 'ip_address': '10.180.180.216'}], 'enable_snat': True}, 'description': '', 'availability_zones': [], 'distributed': False, 'ha': False, 'availability_zone_hints': [], 'routes': [], 'flavor_id': None, 'tags': [], 'created_at': '2025-02-19T11:01:17Z', 'updated_at': '2025-02-19T11:01:19Z', 'revision_number': 2, 'project_id': '5445cfeb9b0e4f209a03a94721a5973a'}
2025-02-19 11:01:26.672 64800 INFO tempest.lib.common.rest_client [req-4dc4ff68-be3e-4139-b2e7-ae269d1ff65c req-4dc4ff68-be3e-4139-b2e7-ae269d1ff65c ] Request (SecurityGroupsNegativeTestJSON:tearDownClass): 204 DELETE http://10.180.1.21:9696/networking/v2.0/subnets/468cf490-b7ec-4817-b67f-8f8b6aa2be69 0.769s
2025-02-19 11:01:26.746 64762 INFO tempest.lib.common.rest_client [req-9806d5ac-4a3f-4207-8b53-82b7ae48d28b req-9806d5ac-4a3f-4207-8b53-82b7ae48d28b ] Request (ServersAdminTestJSON:setUpClass): 201 POST http://10.180.1.21/identity/v3/auth/tokens 0.087s
2025-02-19 11:01:26.830 64762 INFO tempest.lib.common.rest_client [req-57ffbdf4-81cf-495b-97f3-ef63b30b1eba req-57ffbdf4-81cf-495b-97f3-ef63b30b1eba ] Request (ServersAdminTestJSON:setUpClass): 201 POST http://10.180.1.21/identity/v3/projects 0.084s
2025-02-19 11:01:26.915 64762 INFO tempest.lib.common.rest_client [req-f6823efd-854e-4fe3-b167-19a3f479ec73 req-f6823efd-854e-4fe3-b167-19a3f479ec73 ] Request (ServersAdminTestJSON:setUpClass): 201 POST http://10.180.1.21/identity/v3/users 0.084s
2025-02-19 11:01:26.940 64762 INFO tempest.lib.common.rest_client [req-8eb3f2d1-0512-4485-a0ad-36dcbc4b4222 req-8eb3f2d1-0512-4485-a0ad-36dcbc4b4222 ] Request (ServersAdminTestJSON:setUpClass): 200 GET http://10.180.1.21/identity/v3/roles 0.025s
2025-02-19 11:01:26.989 64762 INFO tempest.lib.common.rest_client [req-0fc75b2e-059c-4b19-8190-71ffea018c74 req-0fc75b2e-059c-4b19-8190-71ffea018c74 ] Request (ServersAdminTestJSON:setUpClass): 204 PUT http://10.180.1.21/identity/v3/projects/e164d020d29b48c18303bf556ccc30c5/users/073438a6f1fd47dabeb1fcf846946043/roles/d968412e13904db7984c69e74f3d7271 0.049s
2025-02-19 11:01:27.058 64762 INFO tempest.lib.common.rest_client [req-bb48a3e2-839f-44dd-b0de-d14a8d13887f req-bb48a3e2-839f-44dd-b0de-d14a8d13887f ] Request (ServersAdminTestJSON:setUpClass): 200 GET http://10.180.1.21/identity/v3/roles 0.068s
2025-02-19 11:01:27.089 64762 INFO tempest.lib.common.rest_client [req-ea4dc8a0-ec5b-42c0-ad22-c63443ec65f4 req-ea4dc8a0-ec5b-42c0-ad22-c63443ec65f4 ] Request (ServersAdminTestJSON:setUpClass): 204 PUT http://10.180.1.21/identity/v3/projects/e164d020d29b48c18303bf556ccc30c5/users/073438a6f1fd47dabeb1fcf846946043/roles/d968412e13904db7984c69e74f3d7271 0.030s
2025-02-19 11:01:27.089 64762 INFO tempest.lib.common.dynamic_creds [-] Dynamic test user 073438a6f1fd47dabeb1fcf846946043 is created with scope project and roles: ['admin']
2025-02-19 11:01:27.089 64762 INFO tempest.lib.common.dynamic_creds [-] Acquired dynamic creds: credentials: Credentials: {'domain_id': 'default', 'domain_name': 'Default', 'username': 'tempest-ServersAdminTestJSON-328681434-project-admin', 'project_domain_id': 'default', 'project_domain_name': 'Default', 'project_id': 'e164d020d29b48c18303bf556ccc30c5', 'project_name': 'tempest-ServersAdminTestJSON-328681434', 'tenant_id': 'e164d020d29b48c18303bf556ccc30c5', 'tenant_name': 'tempest-ServersAdminTestJSON-328681434', 'user_domain_id': 'default', 'user_domain_name': 'Default', 'user_id': '073438a6f1fd47dabeb1fcf846946043', 'system': None}, Network: None, Subnet: None, Router: None
2025-02-19 11:01:27.195 64778 INFO tempest.lib.common.rest_client [req-c0711283-d186-41de-9259-6c390c7c3d52 req-c0711283-d186-41de-9259-6c390c7c3d52 ] Request (SecurityGroupsTestAdminJSON:_run_cleanups): 202 DELETE http://10.180.1.21/compute/v2.1/os-security-groups/f16d4393-6b92-4b66-bc69-b1e3e64b8bd4 2.453s
2025-02-19 11:01:27.209 64784 INFO tempest.lib.common.rest_client [req-18232d11-e86d-4d21-b8a8-fec50b3a52d7 req-18232d11-e86d-4d21-b8a8-fec50b3a52d7 ] Request (HostsAdminNegativeTestJSON:test_update_host_with_non_admin_user): 403 PUT http://10.180.1.21/compute/v2.1/os-hosts/devstack 2.428s
2025-02-19 11:01:27.226 64764 INFO tempest.lib.common.rest_client [req-f750786c-817a-468f-9531-34fde2813add req-f750786c-817a-468f-9531-34fde2813add ] Request (FlavorsV2TestJSON:test_list_flavors_detailed_filter_by_min_ram): 200 GET http://10.180.1.21/compute/v2.1/flavors/42 2.438s
2025-02-19 11:01:27.259 64788 INFO tempest.lib.common.rest_client [req-b2bf3f6c-620e-4869-8bc1-2eae83e934b9 req-b2bf3f6c-620e-4869-8bc1-2eae83e934b9 ] Request (AggregatesAdminNegativeTestJSON:_run_cleanups): 200 DELETE http://10.180.1.21/compute/v2.1/os-aggregates/3 2.449s
2025-02-19 11:01:27.305 64812 INFO tempest.lib.common.rest_client [req-62c64dd7-b086-4570-b42b-a7888cea1f2c req-62c64dd7-b086-4570-b42b-a7888cea1f2c ] Request (ValidationResourcesFixture:setUp): 200 POST http://10.180.1.21/compute/v2.1/os-keypairs 2.492s
2025-02-19 11:01:27.329 64816 INFO tempest.lib.common.rest_client [req-c4250ea0-7608-4c8b-9901-5eef47f55ea6 req-c4250ea0-7608-4c8b-9901-5eef47f55ea6 ] Request (ImagesDeleteNegativeTestJSON:test_delete_image_with_invalid_image_id): 404 DELETE http://10.180.1.21/compute/v2.1/images/tempest-invalid-1878371561 2.503s
2025-02-19 11:01:27.629 64780 INFO tempest.lib.common.rest_client [req-c68db769-7b8a-4178-b73a-e419e7b9b83d req-c68db769-7b8a-4178-b73a-e419e7b9b83d ] Request (ServerGroup264TestJSON:tearDownClass): 204 DELETE http://10.180.1.21:9696/networking/v2.0/routers/07115fb5-e9ce-48f4-b321-8a788d7dcb69 2.448s
2025-02-19 11:01:27.772 64768 INFO tempest.lib.common.rest_client [req-970b43a0-126a-4503-b57f-407d88573417 req-970b43a0-126a-4503-b57f-407d88573417 ] Request (FloatingIPDetailsTestJSON:tearDownClass): 202 DELETE http://10.180.1.21/compute/v2.1/os-floating-ips/138696d3-ebfb-45a4-80ca-d753b63420cd 3.456s
2025-02-19 11:01:27.798 64812 INFO tempest.lib.common.rest_client [req-8f1e47af-4abc-43b2-9a4d-d1ed173664bc req-8f1e47af-4abc-43b2-9a4d-d1ed173664bc ] Request (ValidationResourcesFixture:setUp): 201 POST http://10.180.1.21:9696/networking/v2.0/security-groups 0.491s
2025-02-19 11:01:27.813 64800 INFO tempest.lib.common.rest_client [req-ebbdea67-4b6b-4c75-9d88-73e61bafd5ab req-ebbdea67-4b6b-4c75-9d88-73e61bafd5ab ] Request (SecurityGroupsNegativeTestJSON:tearDownClass): 204 DELETE http://10.180.1.21:9696/networking/v2.0/networks/f6fda810-770a-4a1d-b6ec-5c144cb03911 1.140s
2025-02-19 11:01:27.843 64777 INFO tempest.lib.common.rest_client [req-b25ccea5-f8a1-4682-9840-bf82829512f7 req-b25ccea5-f8a1-4682-9840-bf82829512f7 ] Request (ServersAdminNegativeTestJSON:setUpClass): 200 GET http://10.180.1.21/compute/v2.1/servers/08c515e5-c17a-4333-a240-55f0fbb93a86 3.005s
2025-02-19 11:01:27.863 64786 INFO tempest.lib.common.rest_client [req-879e1884-7f8c-4b47-9b61-6680f0199045 req-879e1884-7f8c-4b47-9b61-6680f0199045 ] Request (QuotasAdminTestJSON:test_delete_quota): 202 DELETE http://10.180.1.21/compute/v2.1/os-quota-sets/970272daf4c9400c9fe751972c1af804 2.107s
2025-02-19 11:01:27.905 64762 INFO tempest.lib.common.rest_client [req-a91d659d-f5e2-4088-981e-327d600b9a0c req-a91d659d-f5e2-4088-981e-327d600b9a0c ] Request (ServersAdminTestJSON:setUpClass): 201 POST http://10.180.1.21:9696/networking/v2.0/networks 0.815s
2025-02-19 11:01:27.936 64800 INFO tempest.lib.common.rest_client [req-76fe8e53-7254-4882-bd63-cb5746fb5059 req-76fe8e53-7254-4882-bd63-cb5746fb5059 ] Request (SecurityGroupsNegativeTestJSON:tearDownClass): 204 DELETE http://10.180.1.21/identity/v3/users/ebee3dfc24864cd0b161043074f4a468 0.122s
2025-02-19 11:01:27.936 64800 INFO tempest.lib.common.dynamic_creds [-] Deleting project and security group for project: 3720ad0bbc8f4c7eb304cab8f50ad05a
2025-02-19 11:01:27.937 64782 INFO tempest.lib.common.rest_client [req-3212eb24-8a38-4f04-9f19-8c179946cddb req-3212eb24-8a38-4f04-9f19-8c179946cddb ] Request (ServersTestFqdnHostnames:test_create_server_with_fqdn_name): 201 POST http://10.180.1.21:9696/networking/v2.0/floatingips 3.104s
2025-02-19 11:01:28.027 64792 INFO tempest.lib.common.rest_client [req-998e7f07-d93b-412e-95e2-7c1b03058060 req-998e7f07-d93b-412e-95e2-7c1b03058060 ] Request (ImagesNegativeTestJSON:setUpClass): 200 PUT http://10.180.1.21:9696/networking/v2.0/routers/10574bb3-fd79-4a8b-85cd-c5b7c109a6d9/add_router_interface 5.566s
2025-02-19 11:01:28.028 64792 INFO tempest.lib.common.dynamic_creds [-] Created isolated network resources for: credentials: Credentials: {'domain_id': 'default', 'domain_name': 'Default', 'username': 'tempest-ImagesNegativeTestJSON-975079101-project-member', 'project_domain_id': 'default', 'project_domain_name': 'Default', 'project_id': '712d8f6cea5c4ca584f2b58b5907197e', 'project_name': 'tempest-ImagesNegativeTestJSON-975079101', 'tenant_id': '712d8f6cea5c4ca584f2b58b5907197e', 'tenant_name': 'tempest-ImagesNegativeTestJSON-975079101', 'user_domain_id': 'default', 'user_domain_name': 'Default', 'user_id': 'adc155d7f06c43e9a96bca7ec5622295', 'system': None}, Network: {'id': '10ef40ff-527e-4f02-be45-3b3845432364', 'name': 'tempest-ImagesNegativeTestJSON-2093802099-network', 'tenant_id': '712d8f6cea5c4ca584f2b58b5907197e', 'admin_state_up': True, 'mtu': 8950, 'status': 'ACTIVE', 'subnets': [], 'shared': False, 'project_id': '712d8f6cea5c4ca584f2b58b5907197e', 'port_security_enabled': True, 'router:external': False, 'provider:network_type': 'vlan', 'provider:physical_network': 'default', 'provider:segmentation_id': 424, 'availability_zone_hints': [], 'availability_zones': [], 'ipv4_address_scope': None, 'ipv6_address_scope': None, 'description': '', 'tags': [], 'created_at': '2025-02-19T11:01:17Z', 'updated_at': '2025-02-19T11:01:17Z', 'revision_number': 1}, Subnet: {'id': 'b7ccaa5e-c107-413b-8745-6960e7cfdddb', 'name': 'tempest-ImagesNegativeTestJSON-2093802099-subnet', 'tenant_id': '712d8f6cea5c4ca584f2b58b5907197e', 'network_id': '10ef40ff-527e-4f02-be45-3b3845432364', 'ip_version': 4, 'subnetpool_id': None, 'enable_dhcp': True, 'ipv6_ra_mode': None, 'ipv6_address_mode': None, 'gateway_ip': '192.168.128.1', 'cidr': '192.168.128.0/28', 'allocation_pools': [{'start': '192.168.128.2', 'end': '192.168.128.14'}], 'host_routes': [], 'dns_nameservers': [], 'description': '', 'router:external': False, 'service_types': [], 'tags': [], 'created_at': '2025-02-19T11:01:18Z', 'updated_at': '2025-02-19T11:01:18Z', 'revision_number': 0, 'project_id': '712d8f6cea5c4ca584f2b58b5907197e'}, Router: {'id': '10574bb3-fd79-4a8b-85cd-c5b7c109a6d9', 'name': 'tempest-ImagesNegativeTestJSON-2093802099-router', 'tenant_id': '712d8f6cea5c4ca584f2b58b5907197e', 'admin_state_up': True, 'status': 'ACTIVE', 'external_gateway_info': {'network_id': 'c440407e-65a9-43cb-bcde-ac1a1ee5159e', 'external_fixed_ips': [{'subnet_id': '48474b95-9e38-449c-8857-13a7767dfbcc', 'ip_address': '10.180.180.171'}], 'enable_snat': True}, 'description': '', 'availability_zones': [], 'distributed': False, 'ha': False, 'availability_zone_hints': [], 'routes': [], 'flavor_id': None, 'tags': [], 'created_at': '2025-02-19T11:01:18Z', 'updated_at': '2025-02-19T11:01:20Z', 'revision_number': 2, 'project_id': '712d8f6cea5c4ca584f2b58b5907197e'}
2025-02-19 11:01:28.039 64782 INFO tempest.lib.common.rest_client [req-d24ce944-f720-451d-93da-6efbc1360957 req-d24ce944-f720-451d-93da-6efbc1360957 ] Request (ServersTestFqdnHostnames:test_create_server_with_fqdn_name): 201 POST http://10.180.1.21/identity/v3/auth/tokens 0.099s
2025-02-19 11:01:28.040 64782 INFO tempest.lib.common.fixed_network [-] (ServersTestFqdnHostnames:test_create_server_with_fqdn_name) Found network {'id': '967ff387-8505-4ebc-bf39-18de7f537194', 'name': 'tempest-ServersTestFqdnHostnames-579379458-network', 'tenant_id': '8d76035047d9466bafa2499c58786a13', 'admin_state_up': True, 'mtu': 8950, 'status': 'ACTIVE', 'subnets': [], 'shared': False, 'project_id': '8d76035047d9466bafa2499c58786a13', 'port_security_enabled': True, 'router:external': False, 'provider:network_type': 'vlan', 'provider:physical_network': 'default', 'provider:segmentation_id': 97, 'availability_zone_hints': [], 'availability_zones': [], 'ipv4_address_scope': None, 'ipv6_address_scope': None, 'description': '', 'tags': [], 'created_at': '2025-02-19T11:01:14Z', 'updated_at': '2025-02-19T11:01:14Z', 'revision_number': 1} available for tenant
2025-02-19 11:01:28.073 64800 INFO tempest.lib.common.rest_client [req-f06874a9-e6ff-4f70-9667-070acc02dcc8 req-f06874a9-e6ff-4f70-9667-070acc02dcc8 ] Request (SecurityGroupsNegativeTestJSON:tearDownClass): 200 GET http://10.180.1.21:9696/networking/v2.0/security-groups?tenant_id=3720ad0bbc8f4c7eb304cab8f50ad05a&name=default 0.137s
2025-02-19 11:01:28.129 64792 INFO tempest.lib.common.rest_client [req-9d26d5d1-3e32-4fcd-ba3a-4e620010dd95 req-9d26d5d1-3e32-4fcd-ba3a-4e620010dd95 ] Request (ImagesNegativeTestJSON:setUpClass): 201 POST http://10.180.1.21/identity/v3/auth/tokens 0.096s
2025-02-19 11:01:28.134 64812 INFO tempest.lib.common.rest_client [req-b087418b-e96d-434e-87dc-517b3a426153 req-b087418b-e96d-434e-87dc-517b3a426153 ] Request (ValidationResourcesFixture:setUp): 201 POST http://10.180.1.21:9696/networking/v2.0/security-group-rules 0.335s
2025-02-19 11:01:28.139 64790 INFO tempest.lib.common.rest_client [req-27926b89-48c1-4ef7-a0fd-201e6c6780a7 req-27926b89-48c1-4ef7-a0fd-201e6c6780a7 ] Request (ServerExternalEventsTest:test_create_server_external_events): 200 GET http://10.180.1.21/compute/v2.1/servers/4aaac52e-e991-4949-bae7-1084593aad3d 2.846s
2025-02-19 11:01:28.178 64780 INFO tempest.lib.common.rest_client [req-d5e06c94-7f19-44b9-a73d-db675284b2ed req-d5e06c94-7f19-44b9-a73d-db675284b2ed ] Request (ServerGroup264TestJSON:tearDownClass): 204 DELETE http://10.180.1.21:9696/networking/v2.0/subnets/f939592e-cfeb-4b9f-a174-7526b8f93020 0.548s
2025-02-19 11:01:28.184 64792 INFO tempest.lib.common.rest_client [req-ba46dbfa-7e3c-408c-b7d6-5f7a39b21db7 req-ba46dbfa-7e3c-408c-b7d6-5f7a39b21db7 ] Request (ImagesNegativeTestJSON:test_create_image_from_deleted_server): 201 POST http://10.180.1.21/identity/v3/auth/tokens 0.047s
2025-02-19 11:01:28.185 64792 INFO tempest.lib.common.fixed_network [-] (ImagesNegativeTestJSON:test_create_image_from_deleted_server) Found network {'id': '10ef40ff-527e-4f02-be45-3b3845432364', 'name': 'tempest-ImagesNegativeTestJSON-2093802099-network', 'tenant_id': '712d8f6cea5c4ca584f2b58b5907197e', 'admin_state_up': True, 'mtu': 8950, 'status': 'ACTIVE', 'subnets': [], 'shared': False, 'project_id': '712d8f6cea5c4ca584f2b58b5907197e', 'port_security_enabled': True, 'router:external': False, 'provider:network_type': 'vlan', 'provider:physical_network': 'default', 'provider:segmentation_id': 424, 'availability_zone_hints': [], 'availability_zones': [], 'ipv4_address_scope': None, 'ipv6_address_scope': None, 'description': '', 'tags': [], 'created_at': '2025-02-19T11:01:17Z', 'updated_at': '2025-02-19T11:01:17Z', 'revision_number': 1} available for tenant
2025-02-19 11:01:28.277 64794 INFO tempest.lib.common.rest_client [req-06774f29-28c8-4bfb-a1b7-e25b43f0f7a2 req-06774f29-28c8-4bfb-a1b7-e25b43f0f7a2 ] Request (ServersV294TestFqdnHostnames:setUpClass): 200 GET http://10.180.1.21/compute/v2.1/servers/21986e5c-22d5-4c71-910e-9f28f664c2a1 2.516s
2025-02-19 11:01:28.382 64770 INFO tempest.lib.common.rest_client [req-c35d9ce3-0fbe-4f8b-b594-f9485c8235c3 req-c35d9ce3-0fbe-4f8b-b594-f9485c8235c3 ] Request (FlavorsAccessNegativeTestJSON:test_flavor_non_admin_add): 403 POST http://10.180.1.21/compute/v2.1/flavors/1705002728/action 2.519s
2025-02-19 11:01:28.383 64812 INFO tempest.lib.common.rest_client [req-4ebaf9ba-604c-4910-bc81-fb27b6bd99d7 req-4ebaf9ba-604c-4910-bc81-fb27b6bd99d7 ] Request (ValidationResourcesFixture:setUp): 201 POST http://10.180.1.21:9696/networking/v2.0/security-group-rules 0.246s
2025-02-19 11:01:28.409 64800 INFO tempest.lib.common.rest_client [req-95dfd53f-4c43-475f-917e-dd16b3c1d1e5 req-95dfd53f-4c43-475f-917e-dd16b3c1d1e5 ] Request (SecurityGroupsNegativeTestJSON:tearDownClass): 204 DELETE http://10.180.1.21:9696/networking/v2.0/security-groups/0c019f65-9dd8-45b4-a9e5-2e86a19a3567 0.335s
2025-02-19 11:01:28.436 64766 INFO tempest.lib.common.rest_client [req-91e1bb68-74a7-4638-9c67-7890cfc294b6 req-91e1bb68-74a7-4638-9c67-7890cfc294b6 ] Request (HostsAdminTestJSON:test_show_host_detail): 200 GET http://10.180.1.21/compute/v2.1/os-hosts/cpu-1 2.549s
2025-02-19 11:01:28.468 64806 INFO tempest.lib.common.rest_client [req-117973b4-bcaf-4f8b-9448-865027ce5079 req-117973b4-bcaf-4f8b-9448-865027ce5079 ] Request (FlavorsExtraSpecsTestJSON:tearDownClass): 202 DELETE http://10.180.1.21/compute/v2.1/flavors/1714973407 2.562s
2025-02-19 11:01:28.474 64762 INFO tempest.lib.common.rest_client [req-b23757c8-c24e-4537-8ab5-49a641744434 req-b23757c8-c24e-4537-8ab5-49a641744434 ] Request (ServersAdminTestJSON:setUpClass): 201 POST http://10.180.1.21:9696/networking/v2.0/subnets 0.568s
2025-02-19 11:01:28.563 64800 INFO tempest.lib.common.rest_client [req-a4145879-7983-406e-b360-9f60ae675777 req-a4145879-7983-406e-b360-9f60ae675777 ] Request (SecurityGroupsNegativeTestJSON:tearDownClass): 204 DELETE http://10.180.1.21/identity/v3/projects/3720ad0bbc8f4c7eb304cab8f50ad05a 0.153s
2025-02-19 11:01:28.588 64766 INFO tempest.lib.common.rest_client [req-ea82b315-0dd9-4db8-9133-d1f48180c9cd req-ea82b315-0dd9-4db8-9133-d1f48180c9cd ] Request (HostsAdminTestJSON:tearDownClass): 204 DELETE http://10.180.1.21/identity/v3/users/78128b0468684f91a8af0e4764397435 0.150s
2025-02-19 11:01:28.624 64800 INFO tempest.lib.common.rest_client [req-9d0949d8-d800-47a8-8682-879d8c70b820 req-9d0949d8-d800-47a8-8682-879d8c70b820 ] Request (ServerActionsV293TestJSON:setUpClass): 201 POST http://10.180.1.21/identity/v3/auth/tokens 0.059s
2025-02-19 11:01:28.671 64800 INFO tempest.lib.common.rest_client [req-f7760bac-765f-4f11-a2ed-dcf85ed6baa8 req-f7760bac-765f-4f11-a2ed-dcf85ed6baa8 ] Request (ServerActionsV293TestJSON:setUpClass): 201 POST http://10.180.1.21/identity/v3/auth/tokens 0.043s
2025-02-19 11:01:28.694 64800 INFO tempest.lib.common.rest_client [req-e4d6f2d0-c7b5-44fd-b96f-0ea1957f06c9 req-e4d6f2d0-c7b5-44fd-b96f-0ea1957f06c9 ] Request (ServerActionsV293TestJSON:setUpClass): 200 GET http://10.180.1.21/identity/v3/domains?name=Default 0.022s
2025-02-19 11:01:28.706 64766 INFO tempest.lib.common.rest_client [req-9fffdafc-972d-40da-88d5-a9a4fe771062 req-9fffdafc-972d-40da-88d5-a9a4fe771062 ] Request (HostsAdminTestJSON:tearDownClass): 204 DELETE http://10.180.1.21/identity/v3/users/b23aa56b532d4f22ab5a4ee5865f828e 0.117s
2025-02-19 11:01:28.706 64766 INFO tempest.lib.common.dynamic_creds [-] Deleting project and security group for project: 371f8cb0f8cd448b994963a0f539474c
2025-02-19 11:01:28.762 64766 INFO tempest.lib.common.rest_client [req-5a4f0487-5ada-4a7d-a753-2a603a8a9653 req-5a4f0487-5ada-4a7d-a753-2a603a8a9653 ] Request (HostsAdminTestJSON:tearDownClass): 201 POST http://10.180.1.21/identity/v3/auth/tokens 0.055s
2025-02-19 11:01:28.764 64800 INFO tempest.lib.common.rest_client [req-75e3906d-c6ac-4df7-b844-53013b0875f3 req-75e3906d-c6ac-4df7-b844-53013b0875f3 ] Request (ServerActionsV293TestJSON:setUpClass): 201 POST http://10.180.1.21/identity/v3/projects 0.070s
2025-02-19 11:01:28.817 64800 INFO tempest.lib.common.rest_client [req-aadd7bc8-7b88-485a-8d4f-f140d9f6f580 req-aadd7bc8-7b88-485a-8d4f-f140d9f6f580 ] Request (ServerActionsV293TestJSON:setUpClass): 201 POST http://10.180.1.21/identity/v3/users 0.052s
2025-02-19 11:01:28.837 64800 INFO tempest.lib.common.rest_client [req-d7d10e50-6185-424a-a62a-edbb7a71302c req-d7d10e50-6185-424a-a62a-edbb7a71302c ] Request (ServerActionsV293TestJSON:setUpClass): 200 GET http://10.180.1.21/identity/v3/roles 0.020s
2025-02-19 11:01:28.867 64800 INFO tempest.lib.common.rest_client [req-56fca21d-9e7f-467f-a3d3-79aa5a699649 req-56fca21d-9e7f-467f-a3d3-79aa5a699649 ] Request (ServerActionsV293TestJSON:setUpClass): 204 PUT http://10.180.1.21/identity/v3/projects/d53f3cc49293488f92b06c8f7739328e/users/ecfa62bfbbb942ff837a31bbc807aa09/roles/e316fca7f46a4ecfb70a024a0311f75b 0.029s
2025-02-19 11:01:28.867 64800 INFO tempest.lib.common.dynamic_creds [-] Dynamic test user ecfa62bfbbb942ff837a31bbc807aa09 is created with scope project and roles: ['member']
2025-02-19 11:01:28.868 64800 INFO tempest.lib.common.dynamic_creds [-] Acquired dynamic creds: credentials: Credentials: {'domain_id': 'default', 'domain_name': 'Default', 'username': 'tempest-ServerActionsV293TestJSON-1533962128-project-member', 'project_domain_id': 'default', 'project_domain_name': 'Default', 'project_id': 'd53f3cc49293488f92b06c8f7739328e', 'project_name': 'tempest-ServerActionsV293TestJSON-1533962128', 'tenant_id': 'd53f3cc49293488f92b06c8f7739328e', 'tenant_name': 'tempest-ServerActionsV293TestJSON-1533962128', 'user_domain_id': 'default', 'user_domain_name': 'Default', 'user_id': 'ecfa62bfbbb942ff837a31bbc807aa09', 'system': None}, Network: None, Subnet: None, Router: None
2025-02-19 11:01:28.927 64800 INFO tempest.lib.common.rest_client [req-de37268f-1531-4d8a-a3b8-91892da40905 req-de37268f-1531-4d8a-a3b8-91892da40905 ] Request (ServerActionsV293TestJSON:setUpClass): 201 POST http://10.180.1.21/identity/v3/auth/tokens 0.059s
2025-02-19 11:01:29.307 64766 INFO tempest.lib.common.rest_client [req-e1fed3a1-3aea-4481-a5d2-d94f1edf4939 req-e1fed3a1-3aea-4481-a5d2-d94f1edf4939 ] Request (HostsAdminTestJSON:tearDownClass): 200 GET http://10.180.1.21:9696/networking/v2.0/security-groups?tenant_id=371f8cb0f8cd448b994963a0f539474c&name=default 0.545s
2025-02-19 11:01:29.324 64780 INFO tempest.lib.common.rest_client [req-3f7d3876-28db-4992-9584-0d688afdb735 req-3f7d3876-28db-4992-9584-0d688afdb735 ] Request (ServerGroup264TestJSON:tearDownClass): 204 DELETE http://10.180.1.21:9696/networking/v2.0/networks/38495575-365f-4747-ac9e-c4fad19ba8b6 1.146s
2025-02-19 11:01:29.348 64802 INFO tempest.lib.common.rest_client [req-b212a8b2-b4e7-4783-abc4-21fcd5a8afa0 req-b212a8b2-b4e7-4783-abc4-21fcd5a8afa0 ] Request (ImagesOneServerNegativeTestJSON:setUpClass): 202 POST http://10.180.1.21/compute/v2.1/servers 3.525s
2025-02-19 11:01:29.432 64780 INFO tempest.lib.common.rest_client [req-d0f6d929-415f-4bb4-96a3-512540729970 req-d0f6d929-415f-4bb4-96a3-512540729970 ] Request (ServerGroup264TestJSON:tearDownClass): 204 DELETE http://10.180.1.21/identity/v3/users/bd18c3cabb3544d083575c2a3fce2080 0.107s
2025-02-19 11:01:29.432 64780 INFO tempest.lib.common.dynamic_creds [-] Deleting project and security group for project: dfe4e5ff5df3400da153e5369cd775c5
2025-02-19 11:01:29.551 64780 INFO tempest.lib.common.rest_client [req-32043391-2df6-4321-bff2-29a9bf705a95 req-32043391-2df6-4321-bff2-29a9bf705a95 ] Request (ServerGroup264TestJSON:tearDownClass): 200 GET http://10.180.1.21:9696/networking/v2.0/security-groups?tenant_id=dfe4e5ff5df3400da153e5369cd775c5&name=default 0.119s
2025-02-19 11:01:29.580 64814 INFO tempest.lib.common.rest_client [req-6bccc300-ebef-411a-97fb-02868885b5dd req-6bccc300-ebef-411a-97fb-02868885b5dd ] Request (ServerDiagnosticsTest:test_get_server_diagnostics): 200 GET http://10.180.1.21/compute/v2.1/servers/b497ac6a-4f20-4eae-95ea-ee2b26522087 3.128s
2025-02-19 11:01:29.604 64796 INFO tempest.lib.common.rest_client [req-8f4f7d73-caea-4235-96ca-95ba541a0522 req-8f4f7d73-caea-4235-96ca-95ba541a0522 ] Request (VolumesAssistedSnapshotsTest:test_volume_assisted_snapshot_create_delete): 202 POST http://10.180.1.21/compute/v2.1/servers 3.470s
2025-02-19 11:01:29.658 64766 INFO tempest.lib.common.rest_client [req-bc4c30bc-6195-475f-b4a4-9815d56e4cb8 req-bc4c30bc-6195-475f-b4a4-9815d56e4cb8 ] Request (HostsAdminTestJSON:tearDownClass): 204 DELETE http://10.180.1.21:9696/networking/v2.0/security-groups/19ebff88-7827-4fe0-8af9-b60c9f28fca3 0.351s
2025-02-19 11:01:29.746 64800 INFO tempest.lib.common.rest_client [req-8faada56-ff1a-4f48-91b2-27d8717a7f17 req-8faada56-ff1a-4f48-91b2-27d8717a7f17 ] Request (ServerActionsV293TestJSON:setUpClass): 201 POST http://10.180.1.21:9696/networking/v2.0/networks 0.818s
2025-02-19 11:01:29.831 64766 INFO tempest.lib.common.rest_client [req-3fa46be9-dc2d-4831-9c08-9716bc95e096 req-3fa46be9-dc2d-4831-9c08-9716bc95e096 ] Request (HostsAdminTestJSON:tearDownClass): 204 DELETE http://10.180.1.21/identity/v3/projects/371f8cb0f8cd448b994963a0f539474c 0.172s
2025-02-19 11:01:29.831 64766 INFO tempest.lib.common.dynamic_creds [-] Deleting project and security group for project: 2932b63a0f224b36a77d8fdbd10649e4
2025-02-19 11:01:29.848 64812 INFO tempest.lib.common.rest_client [req-187455cf-3ffd-43d3-bbec-24b1ff1b3872 req-187455cf-3ffd-43d3-bbec-24b1ff1b3872 ] Request (ValidationResourcesFixture:setUp): 201 POST http://10.180.1.21:9696/networking/v2.0/floatingips 1.463s
2025-02-19 11:01:29.874 64820 INFO tempest.lib.common.rest_client [req-4cec9f26-4e6b-4000-8367-73b8a2c0944d req-4cec9f26-4e6b-4000-8367-73b8a2c0944d ] Request (FloatingIPsAssociationTestJSON:setUpClass): 200 GET http://10.180.1.21/compute/v2.1/servers/44cba84c-0e8a-485d-810f-60dc64152206 3.309s
2025-02-19 11:01:29.906 64798 INFO tempest.lib.common.rest_client [req-d13ec9d9-d0f1-44b5-b539-2e718d0a9d71 req-d13ec9d9-d0f1-44b5-b539-2e718d0a9d71 ] Request (ServerAddressesTestJSON:setUpClass): 200 PUT http://10.180.1.21:9696/networking/v2.0/routers/6c5e0633-7dd8-40af-8a97-56f0b80b4a8a/add_router_interface 4.719s
2025-02-19 11:01:29.906 64798 INFO tempest.lib.common.dynamic_creds [-] Created isolated network resources for: credentials: Credentials: {'domain_id': 'default', 'domain_name': 'Default', 'username': 'tempest-ServerAddressesTestJSON-1586530565-project-member', 'project_domain_id': 'default', 'project_domain_name': 'Default', 'project_id': 'a079b20ccf584b30bead8eec1b5fb82e', 'project_name': 'tempest-ServerAddressesTestJSON-1586530565', 'tenant_id': 'a079b20ccf584b30bead8eec1b5fb82e', 'tenant_name': 'tempest-ServerAddressesTestJSON-1586530565', 'user_domain_id': 'default', 'user_domain_name': 'Default', 'user_id': '659a5f0c91cc4dfe97bc76e143718076', 'system': None}, Network: {'id': '306a3419-88af-4d7b-b3fb-db65173c7b56', 'name': 'tempest-ServerAddressesTestJSON-1282968607-network', 'tenant_id': 'a079b20ccf584b30bead8eec1b5fb82e', 'admin_state_up': True, 'mtu': 8950, 'status': 'ACTIVE', 'subnets': [], 'shared': False, 'project_id': 'a079b20ccf584b30bead8eec1b5fb82e', 'port_security_enabled': True, 'router:external': False, 'provider:network_type': 'vlan', 'provider:physical_network': 'default', 'provider:segmentation_id': 831, 'availability_zone_hints': [], 'availability_zones': [], 'ipv4_address_scope': None, 'ipv6_address_scope': None, 'description': '', 'tags': [], 'created_at': '2025-02-19T11:01:19Z', 'updated_at': '2025-02-19T11:01:19Z', 'revision_number': 1}, Subnet: {'id': 'c6995a39-62ee-4e2d-a9d9-f22a8d6a857b', 'name': 'tempest-ServerAddressesTestJSON-1282968607-subnet', 'tenant_id': 'a079b20ccf584b30bead8eec1b5fb82e', 'network_id': '306a3419-88af-4d7b-b3fb-db65173c7b56', 'ip_version': 4, 'subnetpool_id': None, 'enable_dhcp': True, 'ipv6_ra_mode': None, 'ipv6_address_mode': None, 'gateway_ip': '192.168.128.1', 'cidr': '192.168.128.0/28', 'allocation_pools': [{'start': '192.168.128.2', 'end': '192.168.128.14'}], 'host_routes': [], 'dns_nameservers': [], 'description': '', 'router:external': False, 'service_types': [], 'tags': [], 'created_at': '2025-02-19T11:01:19Z', 'updated_at': '2025-02-19T11:01:19Z', 'revision_number': 0, 'project_id': 'a079b20ccf584b30bead8eec1b5fb82e'}, Router: {'id': '6c5e0633-7dd8-40af-8a97-56f0b80b4a8a', 'name': 'tempest-ServerAddressesTestJSON-1282968607-router', 'tenant_id': 'a079b20ccf584b30bead8eec1b5fb82e', 'admin_state_up': True, 'status': 'ACTIVE', 'external_gateway_info': {'network_id': 'c440407e-65a9-43cb-bcde-ac1a1ee5159e', 'external_fixed_ips': [{'subnet_id': '48474b95-9e38-449c-8857-13a7767dfbcc', 'ip_address': '10.180.180.150'}], 'enable_snat': True}, 'description': '', 'availability_zones': [], 'distributed': False, 'ha': False, 'availability_zone_hints': [], 'routes': [], 'flavor_id': None, 'tags': [], 'created_at': '2025-02-19T11:01:20Z', 'updated_at': '2025-02-19T11:01:22Z', 'revision_number': 2, 'project_id': 'a079b20ccf584b30bead8eec1b5fb82e'}
2025-02-19 11:01:29.913 64780 INFO tempest.lib.common.rest_client [req-e6f7664c-680f-4839-ad96-3e54f986ed57 req-e6f7664c-680f-4839-ad96-3e54f986ed57 ] Request (ServerGroup264TestJSON:tearDownClass): 204 DELETE http://10.180.1.21:9696/networking/v2.0/security-groups/a11efb17-52ae-413f-a6cb-779c5c8abe4b 0.361s
2025-02-19 11:01:29.931 64772 INFO tempest.lib.common.rest_client [req-95becbbb-cebd-44f0-ae01-c8e678c980cb req-95becbbb-cebd-44f0-ae01-c8e678c980cb ] Request (ServersAdmin275Test:test_rebuild_update_server_275): 202 POST http://10.180.1.21/compute/v2.1/servers 3.360s
2025-02-19 11:01:29.941 64812 INFO tempest.lib.common.rest_client [req-ac3faf7f-d3a4-493d-b39b-db30801c3664 req-ac3faf7f-d3a4-493d-b39b-db30801c3664 ] Request (ServersWithSpecificFlavorTestJSON:test_verify_created_server_ephemeral_disk): 201 POST http://10.180.1.21/identity/v3/auth/tokens 0.090s
