2025-02-19 11:02:14.713 64788 INFO tempest.lib.common.rest_client [req-2f3772f1-9ec6-468f-b4fb-7349930371d9 req-2f3772f1-9ec6-468f-b4fb-7349930371d9 ] Request (ServersTestBootFromVolume:setUpClass): 200 GET http://10.180.1.21/identity/v3/roles 0.030s
2025-02-19 11:02:14.746 64788 INFO tempest.lib.common.rest_client [req-6d63b780-dd9d-4d73-befe-615a93d1913a req-6d63b780-dd9d-4d73-befe-615a93d1913a ] Request (ServersTestBootFromVolume:setUpClass): 204 PUT http://10.180.1.21/identity/v3/projects/19a9cfdf187f424d8944f976e18e3b3c/users/7054ff5b443543a9a9e7430fed107a9c/roles/e316fca7f46a4ecfb70a024a0311f75b 0.032s
2025-02-19 11:02:14.746 64788 INFO tempest.lib.common.dynamic_creds [-] Dynamic test user 7054ff5b443543a9a9e7430fed107a9c is created with scope project and roles: ['member']
2025-02-19 11:02:14.746 64788 INFO tempest.lib.common.dynamic_creds [-] Acquired dynamic creds: credentials: Credentials: {'domain_id': 'default', 'domain_name': 'Default', 'username': 'tempest-ServersTestBootFromVolume-1864235061-project-member', 'project_domain_id': 'default', 'project_domain_name': 'Default', 'project_id': '19a9cfdf187f424d8944f976e18e3b3c', 'project_name': 'tempest-ServersTestBootFromVolume-1864235061', 'tenant_id': '19a9cfdf187f424d8944f976e18e3b3c', 'tenant_name': 'tempest-ServersTestBootFromVolume-1864235061', 'user_domain_id': 'default', 'user_domain_name': 'Default', 'user_id': '7054ff5b443543a9a9e7430fed107a9c', 'system': None}, Network: None, Subnet: None, Router: None
2025-02-19 11:02:14.798 64798 INFO tempest.lib.common.rest_client [req-5eb40519-6992-467a-a18c-18ab1b30d89d req-5eb40519-6992-467a-a18c-18ab1b30d89d ] Request (ServerAddressesTestJSON:tearDownClass): 200 GET http://10.180.1.21/compute/v2.1/servers/5bb4533f-fd1f-4f67-9d60-d34509284bd5 0.951s
2025-02-19 11:02:14.806 64798 INFO tempest.common.waiters [-] State transition "ACTIVE/deleting" ==> "DELETED/None" after 4 second wait
2025-02-19 11:02:14.814 64788 INFO tempest.lib.common.rest_client [req-680bb6b8-cd5b-4491-8524-11dd17c43c38 req-680bb6b8-cd5b-4491-8524-11dd17c43c38 ] Request (ServersTestBootFromVolume:setUpClass): 201 POST http://10.180.1.21/identity/v3/auth/tokens 0.067s
2025-02-19 11:02:14.876 64786 INFO tempest.lib.common.rest_client [req-847f258b-252c-4c63-a15d-5461ea12773a req-847f258b-252c-4c63-a15d-5461ea12773a ] Request (DeleteServersTestJSON:test_delete_active_server): 200 GET http://10.180.1.21/compute/v2.1/servers/686e78f4-a5c2-465a-9018-5623795aadd0 0.988s
2025-02-19 11:02:14.890 64802 INFO tempest.lib.common.rest_client [req-2786ed26-e24c-4e9e-b48b-f9eb9abbe060 req-2786ed26-e24c-4e9e-b48b-f9eb9abbe060 ] Request (ImagesOneServerNegativeTestJSON:tearDown): 200 GET http://10.180.1.21/compute/v2.1/servers/a58a3926-6b91-442a-bb19-e8557b50b57a 1.148s
2025-02-19 11:02:14.895 64774 INFO tempest.lib.common.rest_client [req-df348f1e-396c-43ab-b660-0ee7da60c523 req-df348f1e-396c-43ab-b660-0ee7da60c523 ] Request (ServerActionsTestJSON:setUpClass): 201 POST http://10.180.1.21:9696/networking/v2.0/security-groups 0.310s
2025-02-19 11:02:14.998 64764 INFO tempest.lib.common.rest_client [req-06d21d76-b50c-4c74-8f29-5becdf652002 req-06d21d76-b50c-4c74-8f29-5becdf652002 ] Request (ImagesTestJSON:test_create_image_from_stopped_server): 200 GET http://10.180.1.21/compute/v2.1/servers/6b932cd2-a6f5-4cc3-b287-91737817d6f7 0.970s
2025-02-19 11:02:15.027 64790 INFO tempest.lib.common.rest_client [req-48ae778e-cf71-49ee-84cd-5aab9e4a6c41 req-48ae778e-cf71-49ee-84cd-5aab9e4a6c41 ] Request (ServicesAdminNegativeTestJSON:test_get_service_with_valid_service_and_invalid_host): 200 GET http://10.180.1.21/compute/v2.1/os-services?host=xxx&binary=nova-scheduler 0.797s
2025-02-19 11:02:15.067 64782 WARNING tempest.lib.common.ssh [-] Failed to establish authenticated ssh connection to cirros@10.180.180.191 ([Errno None] Unable to connect to port 22 on 10.180.180.191). Number attempts: 3. Retry after 4 seconds.: paramiko.ssh_exception.NoValidConnectionsError: [Errno None] Unable to connect to port 22 on 10.180.180.191
2025-02-19 11:02:15.073 64804 INFO tempest.lib.common.rest_client [req-aaa61a2f-6ec9-428d-94ed-53fc74c249dc req-aaa61a2f-6ec9-428d-94ed-53fc74c249dc ] Request (KeyPairsV22TestJSON:test_keypair_create_with_pub_key): 201 POST http://10.180.1.21/compute/v2.1/os-keypairs 0.820s
2025-02-19 11:02:15.112 64774 INFO tempest.lib.common.rest_client [req-e78d8706-7288-47e8-a0a7-c3600ce68634 req-e78d8706-7288-47e8-a0a7-c3600ce68634 ] Request (ServerActionsTestJSON:setUpClass): 201 POST http://10.180.1.21:9696/networking/v2.0/security-group-rules 0.216s
2025-02-19 11:02:15.147 64760 INFO tempest.lib.common.rest_client [req-e1af6d00-24c4-4a37-bc37-8270bb539632 req-e1af6d00-24c4-4a37-bc37-8270bb539632 ] Request (ServersNegativeTestJSON:setUpClass): 201 POST http://10.180.1.21:9696/networking/v2.0/subnets 0.479s
2025-02-19 11:02:15.163 64818 INFO tempest.lib.common.rest_client [req-7faa0cb5-efa9-486a-8aa9-f4ccaf9f92c3 req-7faa0cb5-efa9-486a-8aa9-f4ccaf9f92c3 ] Request (SecurityGroupRulesTestJSON:test_security_group_rules_list): 200 POST http://10.180.1.21/compute/v2.1/os-security-group-rules 0.958s
2025-02-19 11:02:15.238 64768 INFO tempest.lib.common.rest_client [req-a842d97f-7f4b-46fb-9156-6fac93d0d8f0 req-a842d97f-7f4b-46fb-9156-6fac93d0d8f0 ] Request (AttachInterfacesV270Test:test_create_get_list_interfaces): 200 GET http://10.180.1.21/compute/v2.1/servers/bbbc7f19-5604-436d-af15-4bfd0fffac0b 0.975s
2025-02-19 11:02:15.339 64788 INFO tempest.lib.common.rest_client [req-2bd23234-61d0-40ea-bf78-b4cf150e9ee2 req-2bd23234-61d0-40ea-bf78-b4cf150e9ee2 ] Request (ServersTestBootFromVolume:setUpClass): 201 POST http://10.180.1.21:9696/networking/v2.0/networks 0.524s
2025-02-19 11:02:15.356 64774 INFO tempest.lib.common.rest_client [req-9e0d5d20-d87b-4327-97e2-036f3824203b req-9e0d5d20-d87b-4327-97e2-036f3824203b ] Request (ServerActionsTestJSON:setUpClass): 201 POST http://10.180.1.21:9696/networking/v2.0/security-group-rules 0.243s
2025-02-19 11:02:15.511 64780 INFO tempest.lib.common.rest_client [req-5df018d0-0b78-44cf-95b6-f777ae58d65f req-5df018d0-0b78-44cf-95b6-f777ae58d65f ] Request (AttachVolumeShelveTestJSON:test_attach_volume_shelved_or_offload_server): 200 GET http://10.180.1.21/compute/v2.1/servers/a9cd65b5-58ae-4174-ba35-131d685991ef 1.153s
2025-02-19 11:02:15.521 64780 INFO tempest.common.waiters [-] State transition "BUILD/networking" ==> "BUILD/spawning" after 23 second wait
2025-02-19 11:02:15.750 64762 INFO tempest.lib.common.rest_client [req-36dc9b29-38a0-4616-a939-e106da71bdfa req-36dc9b29-38a0-4616-a939-e106da71bdfa ] Request (ServersAdminTestJSON:setUpClass): 200 GET http://10.180.1.21/compute/v2.1/servers/7a36ccc9-c594-48f8-a847-9b26cd0431fb 1.383s
2025-02-19 11:02:15.810 64784 INFO tempest.lib.common.rest_client [req-3117a378-7fa7-4ed2-9c0d-140c134d131c req-3117a378-7fa7-4ed2-9c0d-140c134d131c ] Request (ServerRescueTestJSON:setUpClass): 201 POST http://10.180.1.21:9696/networking/v2.0/routers 1.678s
2025-02-19 11:02:16.030 64816 INFO tempest.lib.common.rest_client [req-449948c5-cb41-4bba-af69-1a39ef0f9ada req-449948c5-cb41-4bba-af69-1a39ef0f9ada ] Request (ServersNegativeTestMultiTenantJSON:setUpClass): 200 GET http://10.180.1.21/compute/v2.1/servers/6db2f440-6651-4694-872b-72536274f44f 1.562s
2025-02-19 11:02:16.096 64808 INFO tempest.lib.common.rest_client [req-9082a873-82c8-4a2c-9125-f6cc44070019 req-9082a873-82c8-4a2c-9125-f6cc44070019 ] Request (DeleteServersAdminTestJSON:test_delete_server_while_in_error_state): 200 GET http://10.180.1.21/compute/v2.1/servers/7467c72f-b5e5-4911-9d66-6944280908cb 1.571s
2025-02-19 11:02:16.140 64788 INFO tempest.lib.common.rest_client [req-eb894715-d516-4458-be04-93ade83c52c2 req-eb894715-d516-4458-be04-93ade83c52c2 ] Request (ServersTestBootFromVolume:setUpClass): 201 POST http://10.180.1.21:9696/networking/v2.0/subnets 0.800s
2025-02-19 11:02:16.155 64806 INFO tempest.lib.common.rest_client [req-6fb1bd46-f472-4a38-b4bf-449e97efeead req-6fb1bd46-f472-4a38-b4bf-449e97efeead ] Request (MultipleCreateTestJSON:test_multiple_create): 202 POST http://10.180.1.21/compute/v2.1/servers 1.812s
2025-02-19 11:02:16.204 64800 INFO tempest.lib.common.rest_client [req-ee75e8f2-6653-46f3-8132-da34a0639942 req-ee75e8f2-6653-46f3-8132-da34a0639942 ] Request (ServerActionsV293TestJSON:setUpClass): 200 GET http://10.180.1.21/compute/v2.1/servers/99eba029-a1cf-428f-a608-b4fe81e4c6a7 1.654s
2025-02-19 11:02:16.279 64766 INFO tempest.lib.common.rest_client [req-de75dff2-074d-4fc9-83ae-48c3c1fc2b58 req-de75dff2-074d-4fc9-83ae-48c3c1fc2b58 ] Request (VolumesAdminNegativeTest:test_update_attached_volume_with_nonexistent_volume_in_body): 200 GET http://10.180.1.21/compute/v2.1/servers/184b46f6-60a1-4425-ae07-726c056b1a18 1.663s
2025-02-19 11:02:16.357 64814 INFO tempest.lib.common.rest_client [req-c7bd13fc-0a4f-456c-8ecc-e0f358060e3f req-c7bd13fc-0a4f-456c-8ecc-e0f358060e3f ] Request (TenantUsagesTestJSON:setUpClass): 200 GET http://10.180.1.21/compute/v2.1/servers/0d963c2d-4091-418b-a3fc-e60f7bf22b2a 1.737s
2025-02-19 11:02:16.364 64777 INFO tempest.lib.common.rest_client [req-d633d9f3-ce19-4b47-bc34-73404d76ae55 req-d633d9f3-ce19-4b47-bc34-73404d76ae55 ] Request (ServersAdminNegativeTestJSON:test_reset_state_server_invalid_type): 400 POST http://10.180.1.21/compute/v2.1/servers/08c515e5-c17a-4333-a240-55f0fbb93a86/action 1.714s
2025-02-19 11:02:16.399 64810 INFO tempest.lib.common.rest_client [req-490edaa7-9b58-4010-aa99-414a5bb5f786 req-490edaa7-9b58-4010-aa99-414a5bb5f786 ] Request (SecurityGroupsTestJSON:test_list_security_groups_by_server): 200 GET http://10.180.1.21/compute/v2.1/servers/ca8eed0f-3212-4528-ac6e-b5b714c34478/os-security-groups 1.839s
2025-02-19 11:02:16.440 64778 INFO tempest.lib.common.rest_client [req-5361027f-bf0f-4450-bc3d-25eb1ba3bbdb req-5361027f-bf0f-4450-bc3d-25eb1ba3bbdb ] Request (ServerGroupTestJSON:test_create_delete_multiple_server_groups_with_same_name_policy): 204 DELETE http://10.180.1.21/compute/v2.1/os-server-groups/b110ae9c-36ec-4180-a3fe-893823ec6f22 1.747s
2025-02-19 11:02:16.463 64792 INFO tempest.lib.common.rest_client [req-efae8878-5dbd-41ab-85bf-82bc15bb6706 req-efae8878-5dbd-41ab-85bf-82bc15bb6706 ] Request (ImagesNegativeTestJSON:test_create_image_from_deleted_server): 200 GET http://10.180.1.21/compute/v2.1/servers/cd909add-c6fc-4f7b-a74e-89fd2710884e 1.776s
2025-02-19 11:02:16.536 64820 INFO tempest.lib.common.rest_client [req-0187030a-34d1-4f29-b0e3-a1dd91201cde req-0187030a-34d1-4f29-b0e3-a1dd91201cde ] Request (FloatingIPsAssociationTestJSON:test_associate_already_associated_floating_ip): 200 GET http://10.180.1.21/compute/v2.1/servers/3299739d-1b3d-49ed-b2a3-ccee2418ab1d 1.733s
2025-02-19 11:02:16.543 64820 INFO tempest.common.waiters [-] State transition "BUILD/None" ==> "BUILD/block_device_mapping" after 23 second wait
2025-02-19 11:02:16.550 64790 INFO tempest.lib.common.rest_client [req-57e12451-82ff-4dcb-9934-14bc1530fdc4 req-57e12451-82ff-4dcb-9934-14bc1530fdc4 ] Request (ServicesAdminNegativeTestJSON:test_list_services_with_non_admin_user): 403 GET http://10.180.1.21/compute/v2.1/os-services 1.519s
2025-02-19 11:02:16.559 64804 INFO tempest.lib.common.rest_client [req-1dbbebd4-8336-4be4-bbe1-755194e98bdb req-1dbbebd4-8336-4be4-bbe1-755194e98bdb ] Request (KeyPairsV22TestJSON:_run_cleanups): 204 DELETE http://10.180.1.21/compute/v2.1/os-keypairs/tempest-keypair-643921383 1.484s
2025-02-19 11:02:16.635 64790 INFO tempest.lib.common.rest_client [req-29b7f26d-9fd7-40f7-8bbf-9e80bad673d1 req-29b7f26d-9fd7-40f7-8bbf-9e80bad673d1 ] Request (ServicesAdminNegativeTestJSON:tearDownClass): 204 DELETE http://10.180.1.21/identity/v3/users/3057a14c3dda41f893b8f3620be9ffb6 0.084s
2025-02-19 11:02:16.662 64772 INFO tempest.lib.common.rest_client [req-b4c7f165-531d-4d79-b098-f35d3cea6e63 req-b4c7f165-531d-4d79-b098-f35d3cea6e63 ] Request (ServersAdmin275Test:_run_cleanups): 200 GET http://10.180.1.21/compute/v2.1/servers/1a443c3f-117d-4632-9f1f-f00b17394c3f 1.286s
2025-02-19 11:02:16.676 64772 INFO tempest.common.waiters [-] State transition "REBUILD/rebuild_spawning" ==> "ACTIVE/None" after 11 second wait
2025-02-19 11:02:16.740 64770 INFO tempest.lib.common.rest_client [req-32f55611-2413-4968-8e66-e993bbb18de3 req-32f55611-2413-4968-8e66-e993bbb18de3 ] Request (MigrationsAdminTest:test_list_migrations_in_flavor_resize_situation): 200 GET http://10.180.1.21/compute/v2.1/servers/4527a9ba-28f7-4698-aec0-6389cfc9d788 1.089s
2025-02-19 11:02:16.767 64790 INFO tempest.lib.common.rest_client [req-5993219e-2f50-480e-9f46-661343f3ce84 req-5993219e-2f50-480e-9f46-661343f3ce84 ] Request (ServicesAdminNegativeTestJSON:tearDownClass): 204 DELETE http://10.180.1.21/identity/v3/users/1e82e05b12d544468f48ca8b25171358 0.131s
2025-02-19 11:02:16.767 64790 INFO tempest.lib.common.dynamic_creds [-] Deleting project and security group for project: ab2bf01bd61d4d5ea13bd6c8b52a6d15
2025-02-19 11:02:16.795 64812 WARNING tempest.lib.common.ssh [-] Failed to establish authenticated ssh connection to cirros@10.180.180.226 ([Errno None] Unable to connect to port 22 on 10.180.180.226). Number attempts: 3. Retry after 4 seconds.: paramiko.ssh_exception.NoValidConnectionsError: [Errno None] Unable to connect to port 22 on 10.180.180.226
2025-02-19 11:02:16.844 64790 INFO tempest.lib.common.rest_client [req-1eaabf3e-34e4-47fa-9c6b-277463c07314 req-1eaabf3e-34e4-47fa-9c6b-277463c07314 ] Request (ServicesAdminNegativeTestJSON:tearDownClass): 201 POST http://10.180.1.21/identity/v3/auth/tokens 0.076s
2025-02-19 11:02:16.869 64798 INFO tempest.lib.common.rest_client [req-875346dc-5884-4bf3-8a16-977af4b184bb req-875346dc-5884-4bf3-8a16-977af4b184bb ] Request (ServerAddressesTestJSON:tearDownClass): 200 GET http://10.180.1.21/compute/v2.1/servers/5bb4533f-fd1f-4f67-9d60-d34509284bd5 1.061s
2025-02-19 11:02:16.915 64818 INFO tempest.lib.common.rest_client [req-3853b1c9-cfe9-4cb7-ac46-dd03ea3758b2 req-3853b1c9-cfe9-4cb7-ac46-dd03ea3758b2 ] Request (SecurityGroupRulesTestJSON:test_security_group_rules_list): 200 POST http://10.180.1.21/compute/v2.1/os-security-group-rules 1.750s
2025-02-19 11:02:16.939 64786 INFO tempest.lib.common.rest_client [req-5acf1ba0-8df8-4abd-bd18-822bf142676a req-5acf1ba0-8df8-4abd-bd18-822bf142676a ] Request (DeleteServersTestJSON:test_delete_active_server): 200 GET http://10.180.1.21/compute/v2.1/servers/686e78f4-a5c2-465a-9018-5623795aadd0 1.052s
2025-02-19 11:02:16.971 64774 INFO tempest.lib.common.rest_client [req-1349f4f1-3a47-4f18-9521-64f76c628356 req-1349f4f1-3a47-4f18-9521-64f76c628356 ] Request (ServerActionsTestJSON:setUpClass): 201 POST http://10.180.1.21:9696/networking/v2.0/floatingips 1.615s
2025-02-19 11:02:17.011 64764 INFO tempest.lib.common.rest_client [req-18d70e4b-35e2-4c17-97be-d19fb7a6aac3 req-18d70e4b-35e2-4c17-97be-d19fb7a6aac3 ] Request (ImagesTestJSON:test_create_image_from_stopped_server): 200 GET http://10.180.1.21/compute/v2.1/servers/6b932cd2-a6f5-4cc3-b287-91737817d6f7 1.001s
2025-02-19 11:02:17.033 64774 INFO tempest.lib.common.rest_client [req-853e665a-f243-410e-9378-05d16b2b6163 req-853e665a-f243-410e-9378-05d16b2b6163 ] Request (ServerActionsTestJSON:setUpClass): 201 POST http://10.180.1.21/identity/v3/auth/tokens 0.059s
2025-02-19 11:02:17.034 64774 INFO tempest.lib.common.fixed_network [-] (ServerActionsTestJSON:setUpClass) Found network {'id': '19b76a70-d335-447a-adf5-1b3c43625595', 'name': 'tempest-ServerActionsTestJSON-560775476-network', 'tenant_id': 'ba1d9be87e324c16af67845240b31fcd', 'admin_state_up': True, 'mtu': 8950, 'status': 'ACTIVE', 'subnets': [], 'shared': False, 'project_id': 'ba1d9be87e324c16af67845240b31fcd', 'port_security_enabled': True, 'router:external': False, 'provider:network_type': 'vlan', 'provider:physical_network': 'default', 'provider:segmentation_id': 720, 'availability_zone_hints': [], 'availability_zones': [], 'ipv4_address_scope': None, 'ipv6_address_scope': None, 'description': '', 'tags': [], 'created_at': '2025-02-19T11:02:08Z', 'updated_at': '2025-02-19T11:02:08Z', 'revision_number': 1} available for tenant
2025-02-19 11:02:17.186 64760 INFO tempest.lib.common.rest_client [req-6f264406-83de-409f-aa7e-5a3722dcfde5 req-6f264406-83de-409f-aa7e-5a3722dcfde5 ] Request (ServersNegativeTestJSON:setUpClass): 201 POST http://10.180.1.21:9696/networking/v2.0/routers 2.038s
2025-02-19 11:02:17.205 64802 INFO tempest.lib.common.rest_client [req-ceb000fe-7848-43dc-9a54-daeeff267ab2 req-ceb000fe-7848-43dc-9a54-daeeff267ab2 ] Request (ImagesOneServerNegativeTestJSON:tearDown): 200 GET http://10.180.1.21/compute/v2.1/servers/a58a3926-6b91-442a-bb19-e8557b50b57a 1.298s
2025-02-19 11:02:17.220 64802 INFO tempest.common.waiters [-] State transition "ACTIVE/image_uploading" ==> "ACTIVE/None" after 7 second wait
2025-02-19 11:02:17.258 64790 INFO tempest.lib.common.rest_client [req-5921334a-86a9-41fa-83ff-0dc2c6e7fb81 req-5921334a-86a9-41fa-83ff-0dc2c6e7fb81 ] Request (ServicesAdminNegativeTestJSON:tearDownClass): 200 GET http://10.180.1.21:9696/networking/v2.0/security-groups?tenant_id=ab2bf01bd61d4d5ea13bd6c8b52a6d15&name=default 0.413s
2025-02-19 11:02:17.381 64806 INFO tempest.lib.common.rest_client [req-dc899d46-d82a-42c3-a611-80919fbdbf8d req-dc899d46-d82a-42c3-a611-80919fbdbf8d ] Request (MultipleCreateTestJSON:test_multiple_create): 200 GET http://10.180.1.21/compute/v2.1/servers 1.224s
2025-02-19 11:02:17.388 64777 INFO tempest.lib.common.rest_client [req-64252648-06e9-403d-8396-a64aa8df69a1 req-64252648-06e9-403d-8396-a64aa8df69a1 ] Request (ServersAdminNegativeTestJSON:test_reset_state_server_nonexistent_server): 404 POST http://10.180.1.21/compute/v2.1/servers/999/action 1.020s
2025-02-19 11:02:17.406 64768 INFO tempest.lib.common.rest_client [req-52ae6fed-8323-4e75-85c7-4b8785ebc997 req-52ae6fed-8323-4e75-85c7-4b8785ebc997 ] Request (AttachInterfacesV270Test:test_create_get_list_interfaces): 200 GET http://10.180.1.21/compute/v2.1/servers/bbbc7f19-5604-436d-af15-4bfd0fffac0b 1.154s
2025-02-19 11:02:17.419 64778 INFO tempest.lib.common.rest_client [req-00c50855-f1e6-449f-9fcc-57a3c368bc4c req-00c50855-f1e6-449f-9fcc-57a3c368bc4c ] Request (ServerGroupTestJSON:test_create_delete_multiple_server_groups_with_same_name_policy): 200 GET http://10.180.1.21/compute/v2.1/os-server-groups 0.978s
2025-02-19 11:02:17.622 64780 INFO tempest.lib.common.rest_client [req-f56e60c8-bc70-49f6-8f02-8f5e66decad2 req-f56e60c8-bc70-49f6-8f02-8f5e66decad2 ] Request (AttachVolumeShelveTestJSON:test_attach_volume_shelved_or_offload_server): 200 GET http://10.180.1.21/compute/v2.1/servers/a9cd65b5-58ae-4174-ba35-131d685991ef 1.099s
2025-02-19 11:02:17.637 64810 INFO tempest.lib.common.rest_client [req-43eb250b-60b9-4f70-9fb2-ee3cabddac8f req-43eb250b-60b9-4f70-9fb2-ee3cabddac8f ] Request (SecurityGroupsTestJSON:test_security_group_create_get_delete): 200 POST http://10.180.1.21/compute/v2.1/os-security-groups 1.230s
2025-02-19 11:02:17.675 64790 INFO tempest.lib.common.rest_client [req-85980d46-c097-41e8-9e4c-cdbb9961649a req-85980d46-c097-41e8-9e4c-cdbb9961649a ] Request (ServicesAdminNegativeTestJSON:tearDownClass): 204 DELETE http://10.180.1.21:9696/networking/v2.0/security-groups/ce99ad46-dc65-46be-a438-30075ab78828 0.416s
2025-02-19 11:02:17.775 64804 INFO tempest.lib.common.rest_client [req-725b78da-c47b-44a2-8455-42b18fbf00a7 req-725b78da-c47b-44a2-8455-42b18fbf00a7 ] Request (KeyPairsV22TestJSON:test_keypairs_create_list_delete): 201 POST http://10.180.1.21/compute/v2.1/os-keypairs 1.214s
2025-02-19 11:02:17.828 64788 INFO tempest.lib.common.rest_client [req-e4483a2d-b2a8-4979-b257-00caebdc8ed6 req-e4483a2d-b2a8-4979-b257-00caebdc8ed6 ] Request (ServersTestBootFromVolume:setUpClass): 201 POST http://10.180.1.21:9696/networking/v2.0/routers 1.687s
2025-02-19 11:02:17.843 64790 INFO tempest.lib.common.rest_client [req-11797781-25e8-4b80-acfe-0fef1824cbab req-11797781-25e8-4b80-acfe-0fef1824cbab ] Request (ServicesAdminNegativeTestJSON:tearDownClass): 204 DELETE http://10.180.1.21/identity/v3/projects/ab2bf01bd61d4d5ea13bd6c8b52a6d15 0.168s
2025-02-19 11:02:17.843 64790 INFO tempest.lib.common.dynamic_creds [-] Deleting project and security group for project: 12dea188bb3f4efcab9e96bd26a17c10
2025-02-19 11:02:17.850 64772 INFO tempest.lib.common.rest_client [req-61672ed7-81ad-4fad-b162-a27524cf4899 req-61672ed7-81ad-4fad-b162-a27524cf4899 ] Request (ServersAdmin275Test:tearDownClass): 204 DELETE http://10.180.1.21/compute/v2.1/servers/1a443c3f-117d-4632-9f1f-f00b17394c3f 1.171s
2025-02-19 11:02:17.965 64818 INFO tempest.lib.common.rest_client [req-08ce748d-c55a-4fb5-a821-ce3397b25f39 req-08ce748d-c55a-4fb5-a821-ce3397b25f39 ] Request (SecurityGroupRulesTestJSON:test_security_group_rules_list): 200 GET http://10.180.1.21/compute/v2.1/os-security-groups/042cb145-7684-41fc-a4fb-0af90ce97b9d 1.048s
2025-02-19 11:02:17.991 64762 INFO tempest.lib.common.rest_client [req-94ff6876-d754-44b6-9629-5bcd9df57f0b req-94ff6876-d754-44b6-9629-5bcd9df57f0b ] Request (ServersAdminTestJSON:setUpClass): 200 GET http://10.180.1.21/compute/v2.1/servers/7a36ccc9-c594-48f8-a847-9b26cd0431fb 1.231s
2025-02-19 11:02:18.000 64762 INFO tempest.common.waiters [-] State transition "BUILD/spawning" ==> "ACTIVE/None" after 38 second wait
2025-02-19 11:02:18.086 64816 INFO tempest.lib.common.rest_client [req-b2a50692-ee0e-405b-b2d1-2762aac8f0ad req-b2a50692-ee0e-405b-b2d1-2762aac8f0ad ] Request (ServersNegativeTestMultiTenantJSON:setUpClass): 200 GET http://10.180.1.21/compute/v2.1/servers/6db2f440-6651-4694-872b-72536274f44f 1.045s
2025-02-19 11:02:18.094 64816 INFO tempest.common.waiters [-] State transition "BUILD/None" ==> "BUILD/networking" after 23 second wait
2025-02-19 11:02:18.159 64790 INFO tempest.lib.common.rest_client [req-b027f14e-1d2a-4743-891c-fb0e193e0d8f req-b027f14e-1d2a-4743-891c-fb0e193e0d8f ] Request (ServicesAdminNegativeTestJSON:tearDownClass): 200 GET http://10.180.1.21:9696/networking/v2.0/security-groups?tenant_id=12dea188bb3f4efcab9e96bd26a17c10&name=default 0.315s
2025-02-19 11:02:18.172 64808 INFO tempest.lib.common.rest_client [req-29d8bfb4-8881-4a05-9152-2a0eb2afecf0 req-29d8bfb4-8881-4a05-9152-2a0eb2afecf0 ] Request (DeleteServersAdminTestJSON:test_delete_server_while_in_error_state): 200 GET http://10.180.1.21/compute/v2.1/servers/7467c72f-b5e5-4911-9d66-6944280908cb 1.066s
2025-02-19 11:02:18.271 64802 INFO tempest.lib.common.rest_client [req-3e74c161-38db-4981-ab42-b9a35f2ca4ed req-3e74c161-38db-4981-ab42-b9a35f2ca4ed ] Request (ImagesOneServerNegativeTestJSON:_run_cleanups): 204 DELETE http://10.180.1.21/compute/v2.1/servers/a58a3926-6b91-442a-bb19-e8557b50b57a 1.050s
2025-02-19 11:02:18.355 64800 INFO tempest.lib.common.rest_client [req-363f15ee-b2c8-40c8-965b-6020e11a4e7e req-363f15ee-b2c8-40c8-965b-6020e11a4e7e ] Request (ServerActionsV293TestJSON:setUpClass): 200 GET http://10.180.1.21/compute/v2.1/servers/99eba029-a1cf-428f-a608-b4fe81e4c6a7 1.134s
2025-02-19 11:02:18.404 64790 INFO tempest.lib.common.rest_client [req-2b1831b3-67e8-4155-bec3-68f848bbdf77 req-2b1831b3-67e8-4155-bec3-68f848bbdf77 ] Request (ServicesAdminNegativeTestJSON:tearDownClass): 204 DELETE http://10.180.1.21:9696/networking/v2.0/security-groups/f679fe63-43a6-4e55-89ef-7e0a2742007d 0.245s
2025-02-19 11:02:18.439 64766 INFO tempest.lib.common.rest_client [req-31153e0e-c52f-4fa5-a803-303ba45b6244 req-31153e0e-c52f-4fa5-a803-303ba45b6244 ] Request (VolumesAdminNegativeTest:test_update_attached_volume_with_nonexistent_volume_in_body): 200 GET http://10.180.1.21/compute/v2.1/servers/184b46f6-60a1-4425-ae07-726c056b1a18 1.147s
2025-02-19 11:02:18.557 64814 INFO tempest.lib.common.rest_client [req-4653cb72-c0ad-4eb7-b984-4bc16d397d06 req-4653cb72-c0ad-4eb7-b984-4bc16d397d06 ] Request (TenantUsagesTestJSON:setUpClass): 200 GET http://10.180.1.21/compute/v2.1/servers/0d963c2d-4091-418b-a3fc-e60f7bf22b2a 1.186s
2025-02-19 11:02:18.563 64790 INFO tempest.lib.common.rest_client [req-76524849-a2af-48ee-9fec-cefa6347821e req-76524849-a2af-48ee-9fec-cefa6347821e ] Request (ServicesAdminNegativeTestJSON:tearDownClass): 204 DELETE http://10.180.1.21/identity/v3/projects/12dea188bb3f4efcab9e96bd26a17c10 0.159s
2025-02-19 11:02:18.635 64806 INFO tempest.lib.common.rest_client [req-04a882c0-fc5e-487b-becd-a8238087b2c0 req-04a882c0-fc5e-487b-becd-a8238087b2c0 ] Request (MultipleCreateTestJSON:test_multiple_create): 200 GET http://10.180.1.21/compute/v2.1/servers/58178746-86f1-4b0b-941a-7ee6a7a7f3c1 1.251s
2025-02-19 11:02:18.643 64790 INFO tempest.lib.common.rest_client [req-23deeec1-910c-4ad5-8fbd-e0984e7828a3 req-23deeec1-910c-4ad5-8fbd-e0984e7828a3 ] Request (TenantUsagesNegativeTestJSON:setUpClass): 201 POST http://10.180.1.21/identity/v3/auth/tokens 0.078s
2025-02-19 11:02:18.674 64790 INFO tempest.lib.common.rest_client [req-69a20936-0a63-4f33-a485-f3ceaa48a58a req-69a20936-0a63-4f33-a485-f3ceaa48a58a ] Request (TenantUsagesNegativeTestJSON:setUpClass): 201 POST http://10.180.1.21/identity/v3/auth/tokens 0.029s
2025-02-19 11:02:18.710 64790 INFO tempest.lib.common.rest_client [req-3480c432-e5a4-48d2-8add-fa03c60054dc req-3480c432-e5a4-48d2-8add-fa03c60054dc ] Request (TenantUsagesNegativeTestJSON:setUpClass): 200 GET http://10.180.1.21/identity/v3/domains?name=Default 0.036s
2025-02-19 11:02:18.715 64774 INFO tempest.lib.common.rest_client [req-62c69de5-0c8c-4cdd-99c5-827716f05fba req-62c69de5-0c8c-4cdd-99c5-827716f05fba ] Request (ServerActionsTestJSON:setUpClass): 202 POST http://10.180.1.21/compute/v2.1/servers 1.681s
2025-02-19 11:02:18.732 64784 INFO tempest.lib.common.rest_client [req-933cc84d-3aa5-4223-bcc9-3bd444b06180 req-933cc84d-3aa5-4223-bcc9-3bd444b06180 ] Request (ServerRescueTestJSON:setUpClass): 200 PUT http://10.180.1.21:9696/networking/v2.0/routers/31ad9482-799d-4bf2-88ae-332f97bad173/add_router_interface 2.921s
2025-02-19 11:02:18.732 64784 INFO tempest.lib.common.dynamic_creds [-] Created isolated network resources for: credentials: Credentials: {'domain_id': 'default', 'domain_name': 'Default', 'username': 'tempest-ServerRescueTestJSON-102856840-project-member', 'project_domain_id': 'default', 'project_domain_name': 'Default', 'project_id': 'ef110414f45d4d608949d6037096e273', 'project_name': 'tempest-ServerRescueTestJSON-102856840', 'tenant_id': 'ef110414f45d4d608949d6037096e273', 'tenant_name': 'tempest-ServerRescueTestJSON-102856840', 'user_domain_id': 'default', 'user_domain_name': 'Default', 'user_id': 'e7f196d3ef6f4e15a90ec64f210bd408', 'system': None}, Network: {'id': '31767060-378f-455b-af09-d0cc37ee9066', 'name': 'tempest-ServerRescueTestJSON-1001539734-network', 'tenant_id': 'ef110414f45d4d608949d6037096e273', 'admin_state_up': True, 'mtu': 8950, 'status': 'ACTIVE', 'subnets': [], 'shared': False, 'project_id': 'ef110414f45d4d608949d6037096e273', 'port_security_enabled': True, 'router:external': False, 'provider:network_type': 'vlan', 'provider:physical_network': 'default', 'provider:segmentation_id': 747, 'availability_zone_hints': [], 'availability_zones': [], 'ipv4_address_scope': None, 'ipv6_address_scope': None, 'description': '', 'tags': [], 'created_at': '2025-02-19T11:02:13Z', 'updated_at': '2025-02-19T11:02:13Z', 'revision_number': 1}, Subnet: {'id': 'a4b958fd-2303-42b9-9261-a6aed04496e4', 'name': 'tempest-ServerRescueTestJSON-1001539734-subnet', 'tenant_id': 'ef110414f45d4d608949d6037096e273', 'network_id': '31767060-378f-455b-af09-d0cc37ee9066', 'ip_version': 4, 'subnetpool_id': None, 'enable_dhcp': False, 'ipv6_ra_mode': None, 'ipv6_address_mode': None, 'gateway_ip': '192.168.128.1', 'cidr': '192.168.128.0/28', 'allocation_pools': [{'start': '192.168.128.2', 'end': '192.168.128.14'}], 'host_routes': [], 'dns_nameservers': [], 'description': '', 'router:external': False, 'service_types': [], 'tags': [], 'created_at': '2025-02-19T11:02:13Z', 'updated_at': '2025-02-19T11:02:13Z', 'revision_number': 0, 'project_id': 'ef110414f45d4d608949d6037096e273'}, Router: {'id': '31ad9482-799d-4bf2-88ae-332f97bad173', 'name': 'tempest-ServerRescueTestJSON-1001539734-router', 'tenant_id': 'ef110414f45d4d608949d6037096e273', 'admin_state_up': True, 'status': 'ACTIVE', 'external_gateway_info': {'network_id': 'c440407e-65a9-43cb-bcde-ac1a1ee5159e', 'external_fixed_ips': [{'subnet_id': '48474b95-9e38-449c-8857-13a7767dfbcc', 'ip_address': '10.180.180.193'}], 'enable_snat': True}, 'description': '', 'availability_zones': [], 'distributed': False, 'ha': False, 'availability_zone_hints': [], 'routes': [], 'flavor_id': None, 'tags': [], 'created_at': '2025-02-19T11:02:14Z', 'updated_at': '2025-02-19T11:02:15Z', 'revision_number': 2, 'project_id': 'ef110414f45d4d608949d6037096e273'}
2025-02-19 11:02:18.754 64790 INFO tempest.lib.common.rest_client [req-4f6ae359-0631-4157-906b-abf97eca5d36 req-4f6ae359-0631-4157-906b-abf97eca5d36 ] Request (TenantUsagesNegativeTestJSON:setUpClass): 201 POST http://10.180.1.21/identity/v3/projects 0.042s
2025-02-19 11:02:18.767 64777 INFO tempest.lib.common.rest_client [req-d0b107ce-c419-4efe-a0df-21c1d305585f req-d0b107ce-c419-4efe-a0df-21c1d305585f ] Request (ServersAdminNegativeTestJSON:test_resize_server_using_overlimit_ram): 200 GET http://10.180.1.21/compute/v2.1/os-quota-sets/33214ea5dc8e40818c66de369ec48f39 1.377s
2025-02-19 11:02:18.767 64778 INFO tempest.lib.common.rest_client [req-934ad34a-3150-42a5-9675-55a6d1cb88c2 req-934ad34a-3150-42a5-9675-55a6d1cb88c2 ] Request (ServerGroupTestJSON:test_create_delete_multiple_server_groups_with_same_name_policy): 204 DELETE http://10.180.1.21/compute/v2.1/os-server-groups/82661146-0435-4642-afc8-c46d6befcf3b 1.347s
2025-02-19 11:02:18.833 64784 INFO tempest.lib.common.rest_client [req-897bd1ad-29d1-4b81-bab9-1f346c5465bd req-897bd1ad-29d1-4b81-bab9-1f346c5465bd ] Request (ServerRescueTestJSON:setUpClass): 201 POST http://10.180.1.21/identity/v3/auth/tokens 0.094s
2025-02-19 11:02:18.850 64790 INFO tempest.lib.common.rest_client [req-793ddaf0-4e4a-4200-b7d3-fad319145b29 req-793ddaf0-4e4a-4200-b7d3-fad319145b29 ] Request (TenantUsagesNegativeTestJSON:setUpClass): 201 POST http://10.180.1.21/identity/v3/users 0.096s
2025-02-19 11:02:18.869 64784 INFO tempest.lib.common.rest_client [req-f2075743-1689-4f48-94f6-391ec0234c88 req-f2075743-1689-4f48-94f6-391ec0234c88 ] Request (ServerRescueTestJSON:setUpClass): 201 POST http://10.180.1.21/identity/v3/auth/tokens 0.029s
2025-02-19 11:02:18.869 64784 INFO tempest.lib.common.fixed_network [-] (ServerRescueTestJSON:setUpClass) Found network {'id': '31767060-378f-455b-af09-d0cc37ee9066', 'name': 'tempest-ServerRescueTestJSON-1001539734-network', 'tenant_id': 'ef110414f45d4d608949d6037096e273', 'admin_state_up': True, 'mtu': 8950, 'status': 'ACTIVE', 'subnets': [], 'shared': False, 'project_id': 'ef110414f45d4d608949d6037096e273', 'port_security_enabled': True, 'router:external': False, 'provider:network_type': 'vlan', 'provider:physical_network': 'default', 'provider:segmentation_id': 747, 'availability_zone_hints': [], 'availability_zones': [], 'ipv4_address_scope': None, 'ipv6_address_scope': None, 'description': '', 'tags': [], 'created_at': '2025-02-19T11:02:13Z', 'updated_at': '2025-02-19T11:02:13Z', 'revision_number': 1} available for tenant
2025-02-19 11:02:18.879 64790 INFO tempest.lib.common.rest_client [req-cc873978-5fe8-4c50-b1d1-778fd248e792 req-cc873978-5fe8-4c50-b1d1-778fd248e792 ] Request (TenantUsagesNegativeTestJSON:setUpClass): 200 GET http://10.180.1.21/identity/v3/roles 0.028s
2025-02-19 11:02:18.895 64792 INFO tempest.lib.common.rest_client [req-ee5a65b9-bf08-4cf1-8b4b-5c613de0e7e6 req-ee5a65b9-bf08-4cf1-8b4b-5c613de0e7e6 ] Request (ImagesNegativeTestJSON:test_create_image_from_deleted_server): 200 GET http://10.180.1.21/compute/v2.1/servers/cd909add-c6fc-4f7b-a74e-89fd2710884e 1.422s
2025-02-19 11:02:18.916 64790 INFO tempest.lib.common.rest_client [req-674b997d-6583-4b62-a327-fccace671520 req-674b997d-6583-4b62-a327-fccace671520 ] Request (TenantUsagesNegativeTestJSON:setUpClass): 204 PUT http://10.180.1.21/identity/v3/projects/0c4a523df8054ef8a3fa0f151427c0db/users/1d2a1762148b4d68b1b942487f8e0faf/roles/e316fca7f46a4ecfb70a024a0311f75b 0.036s
2025-02-19 11:02:18.916 64790 INFO tempest.lib.common.dynamic_creds [-] Dynamic test user 1d2a1762148b4d68b1b942487f8e0faf is created with scope project and roles: ['member']
2025-02-19 11:02:18.916 64790 INFO tempest.lib.common.dynamic_creds [-] Acquired dynamic creds: credentials: Credentials: {'domain_id': 'default', 'domain_name': 'Default', 'username': 'tempest-TenantUsagesNegativeTestJSON-1497113693-project-member', 'project_domain_id': 'default', 'project_domain_name': 'Default', 'project_id': '0c4a523df8054ef8a3fa0f151427c0db', 'project_name': 'tempest-TenantUsagesNegativeTestJSON-1497113693', 'tenant_id': '0c4a523df8054ef8a3fa0f151427c0db', 'tenant_name': 'tempest-TenantUsagesNegativeTestJSON-1497113693', 'user_domain_id': 'default', 'user_domain_name': 'Default', 'user_id': '1d2a1762148b4d68b1b942487f8e0faf', 'system': None}, Network: None, Subnet: None, Router: None
2025-02-19 11:02:18.917 64790 INFO tempest.lib.common.dynamic_creds [-] Created isolated network resources for: credentials: Credentials: {'domain_id': 'default', 'domain_name': 'Default', 'username': 'tempest-TenantUsagesNegativeTestJSON-1497113693-project-member', 'project_domain_id': 'default', 'project_domain_name': 'Default', 'project_id': '0c4a523df8054ef8a3fa0f151427c0db', 'project_name': 'tempest-TenantUsagesNegativeTestJSON-1497113693', 'tenant_id': '0c4a523df8054ef8a3fa0f151427c0db', 'tenant_name': 'tempest-TenantUsagesNegativeTestJSON-1497113693', 'user_domain_id': 'default', 'user_domain_name': 'Default', 'user_id': '1d2a1762148b4d68b1b942487f8e0faf', 'system': None}, Network: None, Subnet: None, Router: None
2025-02-19 11:02:19.012 64790 INFO tempest.lib.common.rest_client [req-b4ab9980-10fc-4870-8aa6-2c2fcf64148e req-b4ab9980-10fc-4870-8aa6-2c2fcf64148e ] Request (TenantUsagesNegativeTestJSON:setUpClass): 201 POST http://10.180.1.21/identity/v3/auth/tokens 0.089s
2025-02-19 11:02:19.091 64790 INFO tempest.lib.common.rest_client [req-486293e3-7d55-4d10-a283-ed09d4a4247d req-486293e3-7d55-4d10-a283-ed09d4a4247d ] Request (TenantUsagesNegativeTestJSON:setUpClass): 201 POST http://10.180.1.21/identity/v3/projects 0.079s
2025-02-19 11:02:19.100 64794 WARNING tempest.lib.common.ssh [-] Failed to establish authenticated ssh connection to cirros@10.180.180.163 ([Errno None] Unable to connect to port 22 on 10.180.180.163). Number attempts: 6. Retry after 7 seconds.: paramiko.ssh_exception.NoValidConnectionsError: [Errno None] Unable to connect to port 22 on 10.180.180.163
2025-02-19 11:02:19.149 64790 INFO tempest.lib.common.rest_client [req-034e5ddc-c8c1-447b-b5fe-a01697596bd7 req-034e5ddc-c8c1-447b-b5fe-a01697596bd7 ] Request (TenantUsagesNegativeTestJSON:setUpClass): 201 POST http://10.180.1.21/identity/v3/users 0.057s
2025-02-19 11:02:19.177 64790 INFO tempest.lib.common.rest_client [req-ee312979-21ea-4efb-b9f3-5eb58361450b req-ee312979-21ea-4efb-b9f3-5eb58361450b ] Request (TenantUsagesNegativeTestJSON:setUpClass): 200 GET http://10.180.1.21/identity/v3/roles 0.027s
2025-02-19 11:02:19.214 64790 INFO tempest.lib.common.rest_client [req-0536f765-b442-4642-81cc-ccc5a1946bfa req-0536f765-b442-4642-81cc-ccc5a1946bfa ] Request (TenantUsagesNegativeTestJSON:setUpClass): 204 PUT http://10.180.1.21/identity/v3/projects/60e9477e60a545d5b976b009366e2391/users/880d9e7177934861bf4482c7fd3956be/roles/d968412e13904db7984c69e74f3d7271 0.036s
2025-02-19 11:02:19.243 64810 INFO tempest.lib.common.rest_client [req-2a562dff-db85-4448-b9e8-51349a1cee7f req-2a562dff-db85-4448-b9e8-51349a1cee7f ] Request (SecurityGroupsTestJSON:test_security_group_create_get_delete): 200 GET http://10.180.1.21/compute/v2.1/os-security-groups/5f3adf6b-3796-4a13-969f-634b618674bb 1.602s
2025-02-19 11:02:19.304 64790 INFO tempest.lib.common.rest_client [req-792218d2-4c75-4800-ba57-c8e2e15f6b47 req-792218d2-4c75-4800-ba57-c8e2e15f6b47 ] Request (TenantUsagesNegativeTestJSON:setUpClass): 200 GET http://10.180.1.21/identity/v3/roles 0.089s
2025-02-19 11:02:19.327 64770 INFO tempest.lib.common.rest_client [req-f88d2daf-13f4-4dc7-8d22-92f242d250e7 req-f88d2daf-13f4-4dc7-8d22-92f242d250e7 ] Request (MigrationsAdminTest:test_list_migrations_in_flavor_resize_situation): 200 GET http://10.180.1.21/compute/v2.1/servers/4527a9ba-28f7-4698-aec0-6389cfc9d788 1.572s
2025-02-19 11:02:19.334 64790 INFO tempest.lib.common.rest_client [req-fc599144-251d-425f-adf4-dcaf7890f199 req-fc599144-251d-425f-adf4-dcaf7890f199 ] Request (TenantUsagesNegativeTestJSON:setUpClass): 204 PUT http://10.180.1.21/identity/v3/projects/60e9477e60a545d5b976b009366e2391/users/880d9e7177934861bf4482c7fd3956be/roles/d968412e13904db7984c69e74f3d7271 0.030s
2025-02-19 11:02:19.335 64790 INFO tempest.lib.common.dynamic_creds [-] Dynamic test user 880d9e7177934861bf4482c7fd3956be is created with scope project and roles: ['admin']
2025-02-19 11:02:19.335 64790 INFO tempest.lib.common.dynamic_creds [-] Acquired dynamic creds: credentials: Credentials: {'domain_id': 'default', 'domain_name': 'Default', 'username': 'tempest-TenantUsagesNegativeTestJSON-1662475672-project-admin', 'project_domain_id': 'default', 'project_domain_name': 'Default', 'project_id': '60e9477e60a545d5b976b009366e2391', 'project_name': 'tempest-TenantUsagesNegativeTestJSON-1662475672', 'tenant_id': '60e9477e60a545d5b976b009366e2391', 'tenant_name': 'tempest-TenantUsagesNegativeTestJSON-1662475672', 'user_domain_id': 'default', 'user_domain_name': 'Default', 'user_id': '880d9e7177934861bf4482c7fd3956be', 'system': None}, Network: None, Subnet: None, Router: None
2025-02-19 11:02:19.335 64790 INFO tempest.lib.common.dynamic_creds [-] Created isolated network resources for: credentials: Credentials: {'domain_id': 'default', 'domain_name': 'Default', 'username': 'tempest-TenantUsagesNegativeTestJSON-1662475672-project-admin', 'project_domain_id': 'default', 'project_domain_name': 'Default', 'project_id': '60e9477e60a545d5b976b009366e2391', 'project_name': 'tempest-TenantUsagesNegativeTestJSON-1662475672', 'tenant_id': '60e9477e60a545d5b976b009366e2391', 'tenant_name': 'tempest-TenantUsagesNegativeTestJSON-1662475672', 'user_domain_id': 'default', 'user_domain_name': 'Default', 'user_id': '880d9e7177934861bf4482c7fd3956be', 'system': None}, Network: None, Subnet: None, Router: None
2025-02-19 11:02:19.369 64820 INFO tempest.lib.common.rest_client [req-4c4f8e99-3607-4109-97bc-d622621ddb12 req-4c4f8e99-3607-4109-97bc-d622621ddb12 ] Request (FloatingIPsAssociationTestJSON:test_associate_already_associated_floating_ip): 200 GET http://10.180.1.21/compute/v2.1/servers/3299739d-1b3d-49ed-b2a3-ccee2418ab1d 1.824s
2025-02-19 11:02:19.387 64820 INFO tempest.common.waiters [-] State transition "BUILD/block_device_mapping" ==> "BUILD/spawning" after 26 second wait
2025-02-19 11:02:19.404 64804 INFO tempest.lib.common.rest_client [req-bd77037d-f36d-4f46-a4c9-500cc86ed0ec req-bd77037d-f36d-4f46-a4c9-500cc86ed0ec ] Request (KeyPairsV22TestJSON:test_keypairs_create_list_delete): 201 POST http://10.180.1.21/compute/v2.1/os-keypairs 1.627s
2025-02-19 11:02:19.501 64772 INFO tempest.lib.common.rest_client [req-6c8db776-c28b-44e0-aca4-4bf06cd62177 req-6c8db776-c28b-44e0-aca4-4bf06cd62177 ] Request (ServersAdmin275Test:tearDownClass): 200 GET http://10.180.1.21/compute/v2.1/servers/1a443c3f-117d-4632-9f1f-f00b17394c3f 1.651s
2025-02-19 11:02:19.508 64790 INFO tempest.lib.common.rest_client [req-793548e9-fdac-409c-b46d-7f7ff9635b39 req-793548e9-fdac-409c-b46d-7f7ff9635b39 ] Request (TenantUsagesNegativeTestJSON:setUpClass): 201 POST http://10.180.1.21/identity/v3/auth/tokens 0.168s
2025-02-19 11:02:19.539 64798 INFO tempest.lib.common.rest_client [req-a8786a8a-94ee-47bd-aab0-6656de61dd15 req-a8786a8a-94ee-47bd-aab0-6656de61dd15 ] Request (ServerAddressesTestJSON:tearDownClass): 200 GET http://10.180.1.21/compute/v2.1/servers/5bb4533f-fd1f-4f67-9d60-d34509284bd5 1.659s
2025-02-19 11:02:19.603 64786 INFO tempest.lib.common.rest_client [req-86bd55cb-5070-480e-917d-501dc3c8cafe req-86bd55cb-5070-480e-917d-501dc3c8cafe ] Request (DeleteServersTestJSON:test_delete_active_server): 200 GET http://10.180.1.21/compute/v2.1/servers/686e78f4-a5c2-465a-9018-5623795aadd0 1.655s
2025-02-19 11:02:19.799 64818 INFO tempest.lib.common.rest_client [req-b4f81d02-7dae-44e8-8504-7c8a633f91e5 req-b4f81d02-7dae-44e8-8504-7c8a633f91e5 ] Request (SecurityGroupRulesTestJSON:_run_cleanups): 202 DELETE http://10.180.1.21/compute/v2.1/os-security-group-rules/eaaf73da-2773-46d7-8838-402d62336ae9 1.829s
2025-02-19 11:02:19.816 64762 INFO tempest.lib.common.rest_client [req-39d8e2a9-8d58-44be-9a3a-f63ffd11753c req-39d8e2a9-8d58-44be-9a3a-f63ffd11753c ] Request (ServersAdminTestJSON:setUpClass): 200 GET http://10.180.1.21/compute/v2.1/servers/8cbb1e8f-c258-42db-ac80-14af4337c82d 1.816s
2025-02-19 11:02:19.888 64788 INFO tempest.lib.common.rest_client [req-bbfafbf8-fd61-4edf-9015-225a88bce21f req-bbfafbf8-fd61-4edf-9015-225a88bce21f ] Request (ServersTestBootFromVolume:setUpClass): 200 PUT http://10.180.1.21:9696/networking/v2.0/routers/9b15ec69-ee32-4c6d-8181-69c87ad25f87/add_router_interface 2.060s
2025-02-19 11:02:19.888 64788 INFO tempest.lib.common.dynamic_creds [-] Created isolated network resources for: credentials: Credentials: {'domain_id': 'default', 'domain_name': 'Default', 'username': 'tempest-ServersTestBootFromVolume-1864235061-project-member', 'project_domain_id': 'default', 'project_domain_name': 'Default', 'project_id': '19a9cfdf187f424d8944f976e18e3b3c', 'project_name': 'tempest-ServersTestBootFromVolume-1864235061', 'tenant_id': '19a9cfdf187f424d8944f976e18e3b3c', 'tenant_name': 'tempest-ServersTestBootFromVolume-1864235061', 'user_domain_id': 'default', 'user_domain_name': 'Default', 'user_id': '7054ff5b443543a9a9e7430fed107a9c', 'system': None}, Network: {'id': '54644282-ea9a-4abd-8035-67443524a888', 'name': 'tempest-ServersTestBootFromVolume-1198876463-network', 'tenant_id': '19a9cfdf187f424d8944f976e18e3b3c', 'admin_state_up': True, 'mtu': 8950, 'status': 'ACTIVE', 'subnets': [], 'shared': False, 'project_id': '19a9cfdf187f424d8944f976e18e3b3c', 'port_security_enabled': True, 'router:external': False, 'provider:network_type': 'vlan', 'provider:physical_network': 'default', 'provider:segmentation_id': 537, 'availability_zone_hints': [], 'availability_zones': [], 'ipv4_address_scope': None, 'ipv6_address_scope': None, 'description': '', 'tags': [], 'created_at': '2025-02-19T11:02:15Z', 'updated_at': '2025-02-19T11:02:15Z', 'revision_number': 1}, Subnet: {'id': '6f3ac872-03ff-49bb-a9a4-79c338593a58', 'name': 'tempest-ServersTestBootFromVolume-1198876463-subnet', 'tenant_id': '19a9cfdf187f424d8944f976e18e3b3c', 'network_id': '54644282-ea9a-4abd-8035-67443524a888', 'ip_version': 4, 'subnetpool_id': None, 'enable_dhcp': True, 'ipv6_ra_mode': None, 'ipv6_address_mode': None, 'gateway_ip': '192.168.128.1', 'cidr': '192.168.128.0/28', 'allocation_pools': [{'start': '192.168.128.2', 'end': '192.168.128.14'}], 'host_routes': [], 'dns_nameservers': [], 'description': '', 'router:external': False, 'service_types': [], 'tags': [], 'created_at': '2025-02-19T11:02:15Z', 'updated_at': '2025-02-19T11:02:15Z', 'revision_number': 0, 'project_id': '19a9cfdf187f424d8944f976e18e3b3c'}, Router: {'id': '9b15ec69-ee32-4c6d-8181-69c87ad25f87', 'name': 'tempest-ServersTestBootFromVolume-1198876463-router', 'tenant_id': '19a9cfdf187f424d8944f976e18e3b3c', 'admin_state_up': True, 'status': 'ACTIVE', 'external_gateway_info': {'network_id': 'c440407e-65a9-43cb-bcde-ac1a1ee5159e', 'external_fixed_ips': [{'subnet_id': '48474b95-9e38-449c-8857-13a7767dfbcc', 'ip_address': '10.180.180.213'}], 'enable_snat': True}, 'description': '', 'availability_zones': [], 'distributed': False, 'ha': False, 'availability_zone_hints': [], 'routes': [], 'flavor_id': None, 'tags': [], 'created_at': '2025-02-19T11:02:16Z', 'updated_at': '2025-02-19T11:02:17Z', 'revision_number': 2, 'project_id': '19a9cfdf187f424d8944f976e18e3b3c'}
2025-02-19 11:02:19.908 64764 INFO tempest.lib.common.rest_client [req-4454764d-5743-4d9f-97b3-2f5cacdb7d6c req-4454764d-5743-4d9f-97b3-2f5cacdb7d6c ] Request (ImagesTestJSON:test_create_image_from_stopped_server): 200 GET http://10.180.1.21/compute/v2.1/servers/6b932cd2-a6f5-4cc3-b287-91737817d6f7 1.885s
2025-02-19 11:02:19.928 64762 INFO tempest.lib.common.rest_client [req-50cca943-4dbf-4edb-978c-5147e631dbd8 req-50cca943-4dbf-4edb-978c-5147e631dbd8 ] Request (ServersAdminTestJSON:test_create_server_with_scheduling_hint): 201 POST http://10.180.1.21/identity/v3/auth/tokens 0.094s
2025-02-19 11:02:19.929 64762 INFO tempest.lib.common.fixed_network [-] (ServersAdminTestJSON:test_create_server_with_scheduling_hint) Found network {'id': 'b42c890e-4191-4a47-803e-ca59ec192612', 'name': 'tempest-ServersAdminTestJSON-2112483500-network', 'tenant_id': '5445cfeb9b0e4f209a03a94721a5973a', 'admin_state_up': True, 'mtu': 8950, 'status': 'ACTIVE', 'subnets': [], 'shared': False, 'project_id': '5445cfeb9b0e4f209a03a94721a5973a', 'port_security_enabled': True, 'router:external': False, 'provider:network_type': 'vlan', 'provider:physical_network': 'default', 'provider:segmentation_id': 234, 'availability_zone_hints': [], 'availability_zones': [], 'ipv4_address_scope': None, 'ipv6_address_scope': None, 'description': '', 'tags': [], 'created_at': '2025-02-19T11:01:15Z', 'updated_at': '2025-02-19T11:01:15Z', 'revision_number': 1} available for tenant
2025-02-19 11:02:20.004 64802 INFO tempest.lib.common.rest_client [req-d49a89f3-b041-49e7-a32a-224a19446798 req-d49a89f3-b041-49e7-a32a-224a19446798 ] Request (ImagesOneServerNegativeTestJSON:_run_cleanups): 200 GET http://10.180.1.21/compute/v2.1/servers/a58a3926-6b91-442a-bb19-e8557b50b57a 1.731s
2025-02-19 11:02:20.019 64788 INFO tempest.lib.common.rest_client [req-2a046ea6-a8c6-48ca-b671-1f9dece14889 req-2a046ea6-a8c6-48ca-b671-1f9dece14889 ] Request (ServersTestBootFromVolume:setUpClass): 201 POST http://10.180.1.21/identity/v3/auth/tokens 0.126s
2025-02-19 11:02:20.045 64768 INFO tempest.lib.common.rest_client [req-c125013f-7b48-4dea-bf5b-b5e14ba06bcf req-c125013f-7b48-4dea-bf5b-b5e14ba06bcf ] Request (AttachInterfacesV270Test:test_create_get_list_interfaces): 200 GET http://10.180.1.21/compute/v2.1/servers/bbbc7f19-5604-436d-af15-4bfd0fffac0b 1.623s
2025-02-19 11:02:20.107 64774 INFO tempest.lib.common.rest_client [req-589a74e7-b925-4be3-8764-26f80458d373 req-589a74e7-b925-4be3-8764-26f80458d373 ] Request (ServerActionsTestJSON:setUpClass): 200 GET http://10.180.1.21/compute/v2.1/servers/31ab3f26-c0cf-4ff0-b92c-b4fd75fc1e0e 1.390s
2025-02-19 11:02:20.120 64760 INFO tempest.lib.common.rest_client [req-4a84442b-34c2-4e7d-94bd-1dfbdd33600c req-4a84442b-34c2-4e7d-94bd-1dfbdd33600c ] Request (ServersNegativeTestJSON:setUpClass): 200 PUT http://10.180.1.21:9696/networking/v2.0/routers/eabaed2c-7dd2-471b-90e4-2b346226d106/add_router_interface 2.934s
2025-02-19 11:02:20.120 64760 INFO tempest.lib.common.dynamic_creds [-] Created isolated network resources for: credentials: Credentials: {'domain_id': 'default', 'domain_name': 'Default', 'username': 'tempest-ServersNegativeTestJSON-1058932887-project-member', 'project_domain_id': 'default', 'project_domain_name': 'Default', 'project_id': '122a792cf0b742658db01a3db3c71133', 'project_name': 'tempest-ServersNegativeTestJSON-1058932887', 'tenant_id': '122a792cf0b742658db01a3db3c71133', 'tenant_name': 'tempest-ServersNegativeTestJSON-1058932887', 'user_domain_id': 'default', 'user_domain_name': 'Default', 'user_id': '3f59e5fd7a814ea4bace3629587c2437', 'system': None}, Network: {'id': '3bf64cee-1c33-49ef-8f40-4936c511f838', 'name': 'tempest-ServersNegativeTestJSON-1746169105-network', 'tenant_id': '122a792cf0b742658db01a3db3c71133', 'admin_state_up': True, 'mtu': 8950, 'status': 'ACTIVE', 'subnets': [], 'shared': False, 'project_id': '122a792cf0b742658db01a3db3c71133', 'port_security_enabled': True, 'router:external': False, 'provider:network_type': 'vlan', 'provider:physical_network': 'default', 'provider:segmentation_id': 69, 'availability_zone_hints': [], 'availability_zones': [], 'ipv4_address_scope': None, 'ipv6_address_scope': None, 'description': '', 'tags': [], 'created_at': '2025-02-19T11:02:14Z', 'updated_at': '2025-02-19T11:02:14Z', 'revision_number': 1}, Subnet: {'id': '8feb7c3c-1abd-4373-8c67-40238c4c2c5a', 'name': 'tempest-ServersNegativeTestJSON-1746169105-subnet', 'tenant_id': '122a792cf0b742658db01a3db3c71133', 'network_id': '3bf64cee-1c33-49ef-8f40-4936c511f838', 'ip_version': 4, 'subnetpool_id': None, 'enable_dhcp': True, 'ipv6_ra_mode': None, 'ipv6_address_mode': None, 'gateway_ip': '192.168.128.1', 'cidr': '192.168.128.0/28', 'allocation_pools': [{'start': '192.168.128.2', 'end': '192.168.128.14'}], 'host_routes': [], 'dns_nameservers': [], 'description': '', 'router:external': False, 'service_types': [], 'tags': [], 'created_at': '2025-02-19T11:02:14Z', 'updated_at': '2025-02-19T11:02:14Z', 'revision_number': 0, 'project_id': '122a792cf0b742658db01a3db3c71133'}, Router: {'id': 'eabaed2c-7dd2-471b-90e4-2b346226d106', 'name': 'tempest-ServersNegativeTestJSON-1746169105-router', 'tenant_id': '122a792cf0b742658db01a3db3c71133', 'admin_state_up': True, 'status': 'ACTIVE', 'external_gateway_info': {'network_id': 'c440407e-65a9-43cb-bcde-ac1a1ee5159e', 'external_fixed_ips': [{'subnet_id': '48474b95-9e38-449c-8857-13a7767dfbcc', 'ip_address': '10.180.180.153'}], 'enable_snat': True}, 'description': '', 'availability_zones': [], 'distributed': False, 'ha': False, 'availability_zone_hints': [], 'routes': [], 'flavor_id': None, 'tags': [], 'created_at': '2025-02-19T11:02:15Z', 'updated_at': '2025-02-19T11:02:16Z', 'revision_number': 2, 'project_id': '122a792cf0b742658db01a3db3c71133'}
