2025-02-19 11:03:15.885 64816 INFO tempest.lib.common.rest_client [req-84422d33-53c8-4028-9265-120b4ae03b37 req-84422d33-53c8-4028-9265-120b4ae03b37 ] Request (ServersNegativeTestMultiTenantJSON:tearDownClass): 200 PUT http://10.180.1.21:9696/networking/v2.0/routers/7dc56513-c334-4f3a-aa3f-c8f431637fb2/remove_router_interface 1.096s
2025-02-19 11:03:15.910 64808 INFO tempest.lib.common.rest_client [req-804fe2b1-c5f1-49da-be6f-024f8b0c3f02 req-804fe2b1-c5f1-49da-be6f-024f8b0c3f02 ] Request (FlavorsAdminTestJSON:tearDownClass): 204 DELETE http://10.180.1.21/identity/v3/projects/84608842f5aa4a008be8a2cdeb2447fe 0.109s
2025-02-19 11:03:15.910 64808 INFO tempest.lib.common.dynamic_creds [-] Deleting project and security group for project: b113947ba8864650b7b832058297662f
2025-02-19 11:03:15.916 64777 INFO tempest.lib.common.rest_client [req-75814726-9c0d-42f3-87fb-d02774af84ef req-75814726-9c0d-42f3-87fb-d02774af84ef ] Request (ServersAdminNegativeTestJSON:tearDownClass): 200 GET http://10.180.1.21/compute/v2.1/servers/08c515e5-c17a-4333-a240-55f0fbb93a86 0.167s
2025-02-19 11:03:15.939 64788 INFO tempest.lib.common.rest_client [req-933d3509-705a-45dc-9f12-c9bf46943a4e req-933d3509-705a-45dc-9f12-c9bf46943a4e ] Request (ServersTestBootFromVolume:setUpClass): 200 GET http://10.180.1.21/compute/v2.1/servers/57de5093-57f2-414f-b665-89affbbf74dd 0.128s
2025-02-19 11:03:15.985 64814 INFO tempest.lib.common.rest_client [req-9f86c46c-2869-4357-8d36-849c65dc483b req-9f86c46c-2869-4357-8d36-849c65dc483b ] Request (TenantUsagesTestJSON:tearDownClass): 200 GET http://10.180.1.21/compute/v2.1/servers/0d963c2d-4091-418b-a3fc-e60f7bf22b2a 0.090s
2025-02-19 11:03:16.063 64772 INFO tempest.lib.common.rest_client [req-e09bf63d-a0c8-4488-8fde-de375529ff6d req-e09bf63d-a0c8-4488-8fde-de375529ff6d ] Request (ServerAddressesNegativeTestJSON:setUpClass): 200 GET http://10.180.1.21/compute/v2.1/servers/5d32979c-4d4b-4ec2-ae7a-23f8808cce19 0.094s
2025-02-19 11:03:16.076 64808 INFO tempest.lib.common.rest_client [req-7fe47999-4d41-46b0-aa98-d15f0ac9d9e0 req-7fe47999-4d41-46b0-aa98-d15f0ac9d9e0 ] Request (FlavorsAdminTestJSON:tearDownClass): 200 GET http://10.180.1.21:9696/networking/v2.0/security-groups?tenant_id=b113947ba8864650b7b832058297662f&name=default 0.165s
2025-02-19 11:03:16.081 64770 INFO tempest.lib.common.rest_client [req-d1f713c9-413b-481e-8faa-93053e970833 req-d1f713c9-413b-481e-8faa-93053e970833 ] Request (MigrationsAdminTest:test_list_migrations_in_flavor_resize_situation): 200 GET http://10.180.1.21/compute/v2.1/servers/4527a9ba-28f7-4698-aec0-6389cfc9d788 0.141s
2025-02-19 11:03:16.144 64808 INFO tempest.lib.common.rest_client [req-e26a874b-340c-4570-9615-3ec9abf50687 req-e26a874b-340c-4570-9615-3ec9abf50687 ] Request (FlavorsAdminTestJSON:tearDownClass): 204 DELETE http://10.180.1.21:9696/networking/v2.0/security-groups/cd844b6e-798f-413a-a167-62f9691ab09e 0.068s
2025-02-19 11:03:16.227 64816 INFO tempest.lib.common.rest_client [req-125a6ecc-0e02-4cab-a70f-9ab08a403c84 req-125a6ecc-0e02-4cab-a70f-9ab08a403c84 ] Request (ServersNegativeTestMultiTenantJSON:tearDownClass): 204 DELETE http://10.180.1.21:9696/networking/v2.0/routers/7dc56513-c334-4f3a-aa3f-c8f431637fb2 0.341s
2025-02-19 11:03:16.236 64808 INFO tempest.lib.common.rest_client [req-7da29e4b-dd7e-4d29-a62e-f823a8dee1d6 req-7da29e4b-dd7e-4d29-a62e-f823a8dee1d6 ] Request (FlavorsAdminTestJSON:tearDownClass): 204 DELETE http://10.180.1.21/identity/v3/projects/b113947ba8864650b7b832058297662f 0.092s
2025-02-19 11:03:16.237 64808 INFO tempest.test [-] raised in UpdateMultiattachVolumeNegativeTest.setUpClass. Invoking tearDownClass.
2025-02-19 11:03:16.304 64808 INFO tempest.lib.common.rest_client [req-0921d642-5a5f-4bd9-acea-d089c5f2b7ed req-0921d642-5a5f-4bd9-acea-d089c5f2b7ed ] Request (ExtensionsTest:setUpClass): 201 POST http://10.180.1.21/identity/v3/auth/tokens 0.062s
2025-02-19 11:03:16.350 64808 INFO tempest.lib.common.rest_client [req-854e2fd2-797d-481c-bf8e-5c3637249a1e req-854e2fd2-797d-481c-bf8e-5c3637249a1e ] Request (ExtensionsTest:setUpClass): 201 POST http://10.180.1.21/identity/v3/auth/tokens 0.041s
2025-02-19 11:03:16.385 64808 INFO tempest.lib.common.rest_client [req-c90bed13-31ab-4203-b11e-758f5cf95a81 req-c90bed13-31ab-4203-b11e-758f5cf95a81 ] Request (ExtensionsTest:setUpClass): 200 GET http://10.180.1.21/identity/v3/domains?name=Default 0.034s
2025-02-19 11:03:16.387 64820 INFO tempest.lib.common.rest_client [req-68c00665-cdf9-4d8b-8b13-b5e5cee32489 req-68c00665-cdf9-4d8b-8b13-b5e5cee32489 ] Request (FloatingIPsAssociationTestJSON:tearDownClass): 200 GET http://10.180.1.21/compute/v2.1/servers/3299739d-1b3d-49ed-b2a3-ccee2418ab1d 0.086s
2025-02-19 11:03:16.388 64768 INFO tempest.lib.common.rest_client [req-be663d2b-1aac-4048-ae09-95ac2163b412 req-be663d2b-1aac-4048-ae09-95ac2163b412 ] Request (ServersTestManualDisk:setUpClass): 200 GET http://10.180.1.21/compute/v2.1/servers/cbdfcbe9-0ca2-4812-850b-15af857303a7 0.076s
2025-02-19 11:03:16.405 64816 INFO tempest.lib.common.rest_client [req-fd023ec2-4c92-4ea7-94d2-071ac116304a req-fd023ec2-4c92-4ea7-94d2-071ac116304a ] Request (ServersNegativeTestMultiTenantJSON:tearDownClass): 204 DELETE http://10.180.1.21:9696/networking/v2.0/subnets/21af9377-aa4e-473e-9ab0-2b187e9054e1 0.177s
2025-02-19 11:03:16.431 64808 INFO tempest.lib.common.rest_client [req-bd50713a-fd0a-4265-993f-20c36eede82e req-bd50713a-fd0a-4265-993f-20c36eede82e ] Request (ExtensionsTest:setUpClass): 201 POST http://10.180.1.21/identity/v3/projects 0.045s
2025-02-19 11:03:16.466 64762 INFO tempest.lib.common.rest_client [req-7a668c9a-47da-4f21-81ef-10e788cc5438 req-7a668c9a-47da-4f21-81ef-10e788cc5438 ] Request (ServersAdminTestJSON:test_create_server_with_scheduling_hint): 200 GET http://10.180.1.21/compute/v2.1/servers/47374946-3398-439c-b530-9f249844450b 0.083s
2025-02-19 11:03:16.476 64762 INFO tempest.common.waiters [-] State transition "BUILD/None" ==> "BUILD/networking" after 54 second wait
2025-02-19 11:03:16.519 64808 INFO tempest.lib.common.rest_client [req-c660abc8-9ae3-40d9-8f8f-f0797f753005 req-c660abc8-9ae3-40d9-8f8f-f0797f753005 ] Request (ExtensionsTest:setUpClass): 201 POST http://10.180.1.21/identity/v3/users 0.088s
2025-02-19 11:03:16.522 64760 INFO tempest.lib.common.rest_client [req-89ca3595-3994-4041-9309-0e54814eac22 req-89ca3595-3994-4041-9309-0e54814eac22 ] Request (ServersNegativeTestJSON:setUpClass): 200 GET http://10.180.1.21/compute/v2.1/servers/d0381940-546b-45e7-984e-a78444d069f1 0.078s
2025-02-19 11:03:16.555 64808 INFO tempest.lib.common.rest_client [req-ba74f700-1d72-4921-b258-04d3eecbf9d9 req-ba74f700-1d72-4921-b258-04d3eecbf9d9 ] Request (ExtensionsTest:setUpClass): 200 GET http://10.180.1.21/identity/v3/roles 0.035s
2025-02-19 11:03:16.593 64808 INFO tempest.lib.common.rest_client [req-d8678177-4291-4705-833f-91e6caa52f78 req-d8678177-4291-4705-833f-91e6caa52f78 ] Request (ExtensionsTest:setUpClass): 204 PUT http://10.180.1.21/identity/v3/projects/60bb3d601851423fbcdd8343749a7010/users/3e0d00d2dcea42dcbc18b1bef505b860/roles/e316fca7f46a4ecfb70a024a0311f75b 0.037s
2025-02-19 11:03:16.593 64808 INFO tempest.lib.common.dynamic_creds [-] Dynamic test user 3e0d00d2dcea42dcbc18b1bef505b860 is created with scope project and roles: ['member']
2025-02-19 11:03:16.593 64808 INFO tempest.lib.common.dynamic_creds [-] Acquired dynamic creds: credentials: Credentials: {'domain_id': 'default', 'domain_name': 'Default', 'username': 'tempest-ExtensionsTest-741390059-project-member', 'project_domain_id': 'default', 'project_domain_name': 'Default', 'project_id': '60bb3d601851423fbcdd8343749a7010', 'project_name': 'tempest-ExtensionsTest-741390059', 'tenant_id': '60bb3d601851423fbcdd8343749a7010', 'tenant_name': 'tempest-ExtensionsTest-741390059', 'user_domain_id': 'default', 'user_domain_name': 'Default', 'user_id': '3e0d00d2dcea42dcbc18b1bef505b860', 'system': None}, Network: None, Subnet: None, Router: None
2025-02-19 11:03:16.594 64808 INFO tempest.lib.common.dynamic_creds [-] Created isolated network resources for: credentials: Credentials: {'domain_id': 'default', 'domain_name': 'Default', 'username': 'tempest-ExtensionsTest-741390059-project-member', 'project_domain_id': 'default', 'project_domain_name': 'Default', 'project_id': '60bb3d601851423fbcdd8343749a7010', 'project_name': 'tempest-ExtensionsTest-741390059', 'tenant_id': '60bb3d601851423fbcdd8343749a7010', 'tenant_name': 'tempest-ExtensionsTest-741390059', 'user_domain_id': 'default', 'user_domain_name': 'Default', 'user_id': '3e0d00d2dcea42dcbc18b1bef505b860', 'system': None}, Network: None, Subnet: None, Router: None
2025-02-19 11:03:16.619 64792 INFO tempest.lib.common.rest_client [req-3e5f2f3c-2a6c-4845-b945-89e0db89e955 req-3e5f2f3c-2a6c-4845-b945-89e0db89e955 ] Request (ServerActionsTestOtherB:setUpClass): 200 GET http://10.180.1.21/compute/v2.1/servers/cdcc1d35-9ead-4e4c-ada3-ab31513b73af 0.116s
2025-02-19 11:03:16.642 64784 INFO tempest.lib.common.rest_client [req-1ff33328-6769-481d-9759-08c4292778c5 req-1ff33328-6769-481d-9759-08c4292778c5 ] Request (ServerRescueTestJSON:setUpClass): 200 GET http://10.180.1.21/compute/v2.1/servers/3e5f0538-c92f-41c2-a451-ecdece381f8f 0.168s
2025-02-19 11:03:16.692 64808 INFO tempest.lib.common.rest_client [req-7004f3db-af07-4b6d-83db-969c40d51d4c req-7004f3db-af07-4b6d-83db-969c40d51d4c ] Request (ExtensionsTest:setUpClass): 201 POST http://10.180.1.21/identity/v3/auth/tokens 0.094s
2025-02-19 11:03:16.700 64802 INFO tempest.lib.common.rest_client [req-ad414df8-2b98-42be-8319-d29f58682e74 req-ad414df8-2b98-42be-8319-d29f58682e74 ] Request (ImagesOneServerNegativeTestJSON:_run_cleanups): 200 GET http://10.180.1.21/compute/v2.1/servers/c852ede9-4489-49bb-89cf-6664ff3d5567 0.143s
2025-02-19 11:03:16.725 64786 INFO tempest.lib.common.rest_client [req-84d25e29-f529-41ac-82f3-90514eaa0ec9 req-84d25e29-f529-41ac-82f3-90514eaa0ec9 ] Request (DeleteServersTestJSON:test_delete_active_server): 200 GET http://10.180.1.21/compute/v2.1/servers/686e78f4-a5c2-465a-9018-5623795aadd0 0.153s
2025-02-19 11:03:16.765 64818 INFO tempest.lib.common.rest_client [req-b2f7fe55-b9f9-436d-bb2e-71dd408e86e6 req-b2f7fe55-b9f9-436d-bb2e-71dd408e86e6 ] Request (ServerShowV257Test:test_rebuild_server): 200 GET http://10.180.1.21/compute/v2.1/servers/29249acd-a277-4c8b-aa14-a981b1ef16e1 0.114s
2025-02-19 11:03:16.805 64808 INFO tempest.lib.common.rest_client [req-b7cceef4-1c9c-4cd6-9f2d-d092c8331122 req-b7cceef4-1c9c-4cd6-9f2d-d092c8331122 ] Request (ExtensionsTest:test_get_extension): 200 GET http://10.180.1.21/compute/v2.1/extensions/os-consoles 0.112s
2025-02-19 11:03:16.823 64810 INFO tempest.lib.common.rest_client [req-12f15493-0df9-49aa-97c7-5a8a04ab31ba req-12f15493-0df9-49aa-97c7-5a8a04ab31ba ] Request (SecurityGroupsTestJSON:test_server_security_groups): 200 GET http://10.180.1.21/compute/v2.1/servers/95420eb6-9a0f-446f-bed0-b8d47808f5c6 0.082s
2025-02-19 11:03:16.838 64816 INFO tempest.lib.common.rest_client [req-cd42a8e1-2101-419d-ac20-8635c55bb779 req-cd42a8e1-2101-419d-ac20-8635c55bb779 ] Request (ServersNegativeTestMultiTenantJSON:tearDownClass): 204 DELETE http://10.180.1.21:9696/networking/v2.0/networks/a8634cf7-a8bc-4300-add1-9db2072b48f7 0.432s
2025-02-19 11:03:16.882 64790 INFO tempest.lib.common.rest_client [req-8d91580e-e6aa-456f-8252-d8c76e6c48e0 req-8d91580e-e6aa-456f-8252-d8c76e6c48e0 ] Request (InstanceActionsNegativeTestJSON:setUpClass): 200 GET http://10.180.1.21/compute/v2.1/servers/4865661d-e1c2-4e2a-9051-bab851553c15 0.088s
2025-02-19 11:03:16.927 64774 INFO tempest.lib.common.rest_client [req-e368c259-517b-4a9e-9502-a162b9624464 req-e368c259-517b-4a9e-9502-a162b9624464 ] Request (ServerActionsTestJSON:setUpClass): 200 GET http://10.180.1.21/compute/v2.1/servers/31ab3f26-c0cf-4ff0-b92c-b4fd75fc1e0e 0.181s
2025-02-19 11:03:16.934 64774 INFO tempest.common.waiters [-] State transition "BUILD/spawning" ==> "ACTIVE/None" after 56 second wait
2025-02-19 11:03:16.939 64806 INFO tempest.lib.common.rest_client [req-208ae896-fd64-453a-ac22-32f3b15d78fc req-208ae896-fd64-453a-ac22-32f3b15d78fc ] Request (MultipleCreateTestJSON:_run_cleanups): 200 GET http://10.180.1.21/compute/v2.1/servers/5e644577-0d03-40a8-b3bb-3df850f4f66b 0.137s
2025-02-19 11:03:16.946 64806 INFO tempest.common.waiters [-] State transition "ACTIVE/deleting" ==> "DELETED/None" after 3 second wait
2025-02-19 11:03:16.946 64808 INFO tempest.lib.common.rest_client [req-eaa2125c-d18b-4afd-9019-70c900e31e7b req-eaa2125c-d18b-4afd-9019-70c900e31e7b ] Request (ExtensionsTest:test_list_extensions): 200 GET http://10.180.1.21/compute/v2.1/extensions 0.140s
2025-02-19 11:03:16.973 64816 INFO tempest.lib.common.rest_client [req-f67fa3d5-7e2e-4000-9429-38a6d7ffb338 req-f67fa3d5-7e2e-4000-9429-38a6d7ffb338 ] Request (ServersNegativeTestMultiTenantJSON:tearDownClass): 204 DELETE http://10.180.1.21/identity/v3/users/975e92cd236f46d9a039f139b83df320 0.135s
2025-02-19 11:03:16.990 64778 INFO tempest.lib.common.rest_client [req-9673dd67-c1b2-4f59-8abb-2cb6bdedc231 req-9673dd67-c1b2-4f59-8abb-2cb6bdedc231 ] Request (ServerGroupTestJSON:test_create_server_with_scheduler_hint_group): 200 GET http://10.180.1.21/compute/v2.1/servers/c806a2df-2ef2-44aa-a265-ece27caa6307 0.125s
2025-02-19 11:03:16.999 64764 INFO tempest.lib.common.rest_client [req-7550ff2e-67e6-4882-a913-a11d545e2237 req-7550ff2e-67e6-4882-a913-a11d545e2237 ] Request (ImagesTestJSON:test_create_image_from_suspended_server): 200 GET http://10.180.1.21/compute/v2.1/servers/6826ea78-727c-4fbe-bb2c-13c66fdcaf3b 0.131s
2025-02-19 11:03:17.056 64777 INFO tempest.lib.common.rest_client [req-46b7714e-ce2e-4fae-a7f2-0fb8dd200243 req-46b7714e-ce2e-4fae-a7f2-0fb8dd200243 ] Request (ServersAdminNegativeTestJSON:tearDownClass): 200 GET http://10.180.1.21/compute/v2.1/servers/08c515e5-c17a-4333-a240-55f0fbb93a86 0.127s
2025-02-19 11:03:17.061 64808 INFO tempest.lib.common.rest_client [req-c87dd956-6eab-40f1-92f0-688d9e374766 req-c87dd956-6eab-40f1-92f0-688d9e374766 ] Request (ExtensionsTest:tearDownClass): 204 DELETE http://10.180.1.21/identity/v3/users/3e0d00d2dcea42dcbc18b1bef505b860 0.102s
2025-02-19 11:03:17.061 64808 INFO tempest.lib.common.dynamic_creds [-] Deleting project and security group for project: 60bb3d601851423fbcdd8343749a7010
2025-02-19 11:03:17.071 64816 INFO tempest.lib.common.rest_client [req-a24ec9a2-7725-48b8-9f1a-d8670ebca999 req-a24ec9a2-7725-48b8-9f1a-d8670ebca999 ] Request (ServersNegativeTestMultiTenantJSON:tearDownClass): 204 DELETE http://10.180.1.21/identity/v3/users/cd9c3d29648e491ba4dab0e1bd81b175 0.097s
2025-02-19 11:03:17.071 64816 INFO tempest.lib.common.dynamic_creds [-] Deleting project and security group for project: ca860a4666f242fc89b26f8e98f3c3c1
2025-02-19 11:03:17.105 64774 INFO tempest.lib.common.rest_client [req-424333de-71be-4d2d-b3e8-4c4db819720c req-424333de-71be-4d2d-b3e8-4c4db819720c ] Request (ServerActionsTestJSON:setUpClass): 200 GET http://10.180.1.21/compute/v2.1/servers/31ab3f26-c0cf-4ff0-b92c-b4fd75fc1e0e/os-interface 0.170s
2025-02-19 11:03:17.115 64788 INFO tempest.lib.common.rest_client [req-76abcfb8-ee1d-44bb-9698-941c92b4cd9d req-76abcfb8-ee1d-44bb-9698-941c92b4cd9d ] Request (ServersTestBootFromVolume:setUpClass): 200 GET http://10.180.1.21/compute/v2.1/servers/57de5093-57f2-414f-b665-89affbbf74dd 0.167s
2025-02-19 11:03:17.118 64816 INFO tempest.lib.common.rest_client [req-80d2812b-25f0-4606-9897-dda986523fe6 req-80d2812b-25f0-4606-9897-dda986523fe6 ] Request (ServersNegativeTestMultiTenantJSON:tearDownClass): 200 GET http://10.180.1.21:9696/networking/v2.0/security-groups?tenant_id=ca860a4666f242fc89b26f8e98f3c3c1&name=default 0.046s
2025-02-19 11:03:17.123 64808 INFO tempest.lib.common.rest_client [req-906babcb-e39f-460c-8b48-2a30ba109862 req-906babcb-e39f-460c-8b48-2a30ba109862 ] Request (ExtensionsTest:tearDownClass): 201 POST http://10.180.1.21/identity/v3/auth/tokens 0.061s
2025-02-19 11:03:17.175 64772 INFO tempest.lib.common.rest_client [req-f3c3264e-d52f-48b7-b8a2-906e89a86741 req-f3c3264e-d52f-48b7-b8a2-906e89a86741 ] Request (ServerAddressesNegativeTestJSON:setUpClass): 200 GET http://10.180.1.21/compute/v2.1/servers/5d32979c-4d4b-4ec2-ae7a-23f8808cce19 0.099s
2025-02-19 11:03:17.177 64814 INFO tempest.lib.common.rest_client [req-39231ac1-1bac-4c93-9de5-ac59da2f16a2 req-39231ac1-1bac-4c93-9de5-ac59da2f16a2 ] Request (TenantUsagesTestJSON:tearDownClass): 200 GET http://10.180.1.21/compute/v2.1/servers/0d963c2d-4091-418b-a3fc-e60f7bf22b2a 0.184s
2025-02-19 11:03:17.236 64816 INFO tempest.lib.common.rest_client [req-a978f844-d2db-4feb-877f-e9e845e0653d req-a978f844-d2db-4feb-877f-e9e845e0653d ] Request (ServersNegativeTestMultiTenantJSON:tearDownClass): 204 DELETE http://10.180.1.21:9696/networking/v2.0/security-groups/59de62f4-9a40-4dfd-bdb4-f7350f6ed3be 0.118s
2025-02-19 11:03:17.266 64770 INFO tempest.lib.common.rest_client [req-21cf03f6-0a14-4be1-a58f-f3dcf72c811f req-21cf03f6-0a14-4be1-a58f-f3dcf72c811f ] Request (MigrationsAdminTest:test_list_migrations_in_flavor_resize_situation): 200 GET http://10.180.1.21/compute/v2.1/servers/4527a9ba-28f7-4698-aec0-6389cfc9d788 0.176s
2025-02-19 11:03:17.294 64816 INFO tempest.lib.common.rest_client [req-462987cd-e648-490c-ab6a-31eb4da68f8e req-462987cd-e648-490c-ab6a-31eb4da68f8e ] Request (ServersNegativeTestMultiTenantJSON:tearDownClass): 204 DELETE http://10.180.1.21/identity/v3/projects/ca860a4666f242fc89b26f8e98f3c3c1 0.057s
2025-02-19 11:03:17.294 64816 INFO tempest.lib.common.dynamic_creds [-] Deleting project and security group for project: b615201848d94e00bad84d9c86caf7be
2025-02-19 11:03:17.318 64816 INFO tempest.lib.common.rest_client [req-77ed1b6e-06b9-453a-af2e-dcd0bef59390 req-77ed1b6e-06b9-453a-af2e-dcd0bef59390 ] Request (ServersNegativeTestMultiTenantJSON:tearDownClass): 200 GET http://10.180.1.21:9696/networking/v2.0/security-groups?tenant_id=b615201848d94e00bad84d9c86caf7be&name=default 0.023s
2025-02-19 11:03:17.339 64812 WARNING tempest.lib.common.ssh [-] Failed to establish authenticated ssh connection to cirros@10.180.180.226 ([Errno None] Unable to connect to port 22 on 10.180.180.226). Number attempts: 9. Retry after 10 seconds.: paramiko.ssh_exception.NoValidConnectionsError: [Errno None] Unable to connect to port 22 on 10.180.180.226
2025-02-19 11:03:17.340 64808 INFO tempest.lib.common.rest_client [req-812123d3-bd4e-4485-bc03-7260050ab8e6 req-812123d3-bd4e-4485-bc03-7260050ab8e6 ] Request (ExtensionsTest:tearDownClass): 200 GET http://10.180.1.21:9696/networking/v2.0/security-groups?tenant_id=60bb3d601851423fbcdd8343749a7010&name=default 0.217s
2025-02-19 11:03:17.431 64816 INFO tempest.lib.common.rest_client [req-f241d3dd-cfc4-4bbe-8fb0-ea4254a40247 req-f241d3dd-cfc4-4bbe-8fb0-ea4254a40247 ] Request (ServersNegativeTestMultiTenantJSON:tearDownClass): 204 DELETE http://10.180.1.21:9696/networking/v2.0/security-groups/7489998c-5de5-4c9f-ad50-b496d0a60343 0.113s
2025-02-19 11:03:17.478 64808 INFO tempest.lib.common.rest_client [req-314d1372-0ca8-46a4-873a-2b5adc943adb req-314d1372-0ca8-46a4-873a-2b5adc943adb ] Request (ExtensionsTest:tearDownClass): 204 DELETE http://10.180.1.21:9696/networking/v2.0/security-groups/71aa9cd2-18be-4b31-b905-a2dd0522bcb3 0.137s
2025-02-19 11:03:17.480 64820 INFO tempest.lib.common.rest_client [req-a87a8630-b6e2-4fba-9bc7-8e00358b7cf4 req-a87a8630-b6e2-4fba-9bc7-8e00358b7cf4 ] Request (FloatingIPsAssociationTestJSON:tearDownClass): 200 GET http://10.180.1.21/compute/v2.1/servers/3299739d-1b3d-49ed-b2a3-ccee2418ab1d 0.079s
2025-02-19 11:03:17.483 64768 INFO tempest.lib.common.rest_client [req-6a6dcc34-fa58-49af-a21a-c3d09f7ab2ab req-6a6dcc34-fa58-49af-a21a-c3d09f7ab2ab ] Request (ServersTestManualDisk:setUpClass): 200 GET http://10.180.1.21/compute/v2.1/servers/cbdfcbe9-0ca2-4812-850b-15af857303a7 0.087s
2025-02-19 11:03:17.564 64816 INFO tempest.lib.common.rest_client [req-b8e3b0aa-01c7-4e8b-b351-f1980559c28a req-b8e3b0aa-01c7-4e8b-b351-f1980559c28a ] Request (ServersNegativeTestMultiTenantJSON:tearDownClass): 204 DELETE http://10.180.1.21/identity/v3/projects/b615201848d94e00bad84d9c86caf7be 0.133s
2025-02-19 11:03:17.595 64760 INFO tempest.lib.common.rest_client [req-fc7a2b51-d396-47ce-9d21-93a8ee2d93d5 req-fc7a2b51-d396-47ce-9d21-93a8ee2d93d5 ] Request (ServersNegativeTestJSON:setUpClass): 200 GET http://10.180.1.21/compute/v2.1/servers/d0381940-546b-45e7-984e-a78444d069f1 0.064s
2025-02-19 11:03:17.610 64808 INFO tempest.lib.common.rest_client [req-eb45575c-46b4-4854-b6b8-31a530442b1d req-eb45575c-46b4-4854-b6b8-31a530442b1d ] Request (ExtensionsTest:tearDownClass): 204 DELETE http://10.180.1.21/identity/v3/projects/60bb3d601851423fbcdd8343749a7010 0.131s
2025-02-19 11:03:17.645 64762 INFO tempest.lib.common.rest_client [req-211faca1-2e07-426d-8c1a-03f0f961963d req-211faca1-2e07-426d-8c1a-03f0f961963d ] Request (ServersAdminTestJSON:test_create_server_with_scheduling_hint): 200 GET http://10.180.1.21/compute/v2.1/servers/47374946-3398-439c-b530-9f249844450b 0.168s
2025-02-19 11:03:17.652 64762 INFO tempest.common.waiters [-] State transition "BUILD/networking" ==> "BUILD/spawning" after 55 second wait
2025-02-19 11:03:17.695 64792 INFO tempest.lib.common.rest_client [req-a8019883-a0c5-4f05-a014-a6b92bad153f req-a8019883-a0c5-4f05-a014-a6b92bad153f ] Request (ServerActionsTestOtherB:setUpClass): 200 GET http://10.180.1.21/compute/v2.1/servers/cdcc1d35-9ead-4e4c-ada3-ab31513b73af 0.067s
2025-02-19 11:03:17.758 64784 INFO tempest.lib.common.rest_client [req-4e071386-3356-41b5-a213-d7b216947c56 req-4e071386-3356-41b5-a213-d7b216947c56 ] Request (ServerRescueTestJSON:setUpClass): 200 GET http://10.180.1.21/compute/v2.1/servers/3e5f0538-c92f-41c2-a451-ecdece381f8f 0.104s
2025-02-19 11:03:17.781 64802 INFO tempest.lib.common.rest_client [req-84fed18c-08e8-4f50-8b73-c380d7a45e71 req-84fed18c-08e8-4f50-8b73-c380d7a45e71 ] Request (ImagesOneServerNegativeTestJSON:_run_cleanups): 200 GET http://10.180.1.21/compute/v2.1/servers/c852ede9-4489-49bb-89cf-6664ff3d5567 0.063s
2025-02-19 11:03:17.789 64802 INFO tempest.common.waiters [-] State transition "BUILD/scheduling" ==> "BUILD/None" after 28 second wait
2025-02-19 11:03:17.839 64818 INFO tempest.lib.common.rest_client [req-8c6bd74b-84e9-41b6-b66e-32107bf386bc req-8c6bd74b-84e9-41b6-b66e-32107bf386bc ] Request (ServerShowV257Test:test_rebuild_server): 200 GET http://10.180.1.21/compute/v2.1/servers/29249acd-a277-4c8b-aa14-a981b1ef16e1 0.062s
2025-02-19 11:03:17.839 64786 INFO tempest.lib.common.rest_client [req-a852217e-354b-4c6c-a74e-bb1644ff0981 req-a852217e-354b-4c6c-a74e-bb1644ff0981 ] Request (DeleteServersTestJSON:test_delete_active_server): 200 GET http://10.180.1.21/compute/v2.1/servers/686e78f4-a5c2-465a-9018-5623795aadd0 0.102s
2025-02-19 11:03:17.843 64774 INFO tempest.lib.common.rest_client [req-8324374f-78b7-4ba1-bc77-52fab44c6778 req-8324374f-78b7-4ba1-bc77-52fab44c6778 ] Request (ServerActionsTestJSON:setUpClass): 200 PUT http://10.180.1.21:9696/networking/v2.0/floatingips/7ca12b81-5b0f-4f6b-a2b4-121c0233b4d3 0.736s
2025-02-19 11:03:17.845 64774 INFO tempest.lib.common.ssh [-] Creating ssh connection to '10.180.180.186:22' as 'cirros' with public key authentication
2025-02-19 11:03:17.883 64810 INFO tempest.lib.common.rest_client [req-17c2b0e3-817c-4918-9115-f775a9b00756 req-17c2b0e3-817c-4918-9115-f775a9b00756 ] Request (SecurityGroupsTestJSON:test_server_security_groups): 200 GET http://10.180.1.21/compute/v2.1/servers/95420eb6-9a0f-446f-bed0-b8d47808f5c6 0.049s
2025-02-19 11:03:17.945 64790 INFO tempest.lib.common.rest_client [req-40d4d609-eee1-455d-86d4-585cdd032c54 req-40d4d609-eee1-455d-86d4-585cdd032c54 ] Request (InstanceActionsNegativeTestJSON:setUpClass): 200 GET http://10.180.1.21/compute/v2.1/servers/4865661d-e1c2-4e2a-9051-bab851553c15 0.054s
2025-02-19 11:03:18.005 64806 INFO tempest.lib.common.rest_client [req-30c59995-4cde-4056-8723-e4078aea807a req-30c59995-4cde-4056-8723-e4078aea807a ] Request (MultipleCreateTestJSON:_run_cleanups): 200 GET http://10.180.1.21/compute/v2.1/servers/5e644577-0d03-40a8-b3bb-3df850f4f66b 0.057s
2025-02-19 11:03:18.062 64764 INFO tempest.lib.common.rest_client [req-8f6987cf-e00a-4313-8a90-ea842655ac88 req-8f6987cf-e00a-4313-8a90-ea842655ac88 ] Request (ImagesTestJSON:test_create_image_from_suspended_server): 200 GET http://10.180.1.21/compute/v2.1/servers/6826ea78-727c-4fbe-bb2c-13c66fdcaf3b 0.055s
2025-02-19 11:03:18.072 64778 INFO tempest.lib.common.rest_client [req-6c194c66-f2be-42a9-b55e-fa897ac0112b req-6c194c66-f2be-42a9-b55e-fa897ac0112b ] Request (ServerGroupTestJSON:test_create_server_with_scheduler_hint_group): 200 GET http://10.180.1.21/compute/v2.1/servers/c806a2df-2ef2-44aa-a265-ece27caa6307 0.072s
2025-02-19 11:03:18.127 64777 INFO tempest.lib.common.rest_client [req-3a1d35a4-7822-4851-b940-b7e5ed7ddd8b req-3a1d35a4-7822-4851-b940-b7e5ed7ddd8b ] Request (ServersAdminNegativeTestJSON:tearDownClass): 200 GET http://10.180.1.21/compute/v2.1/servers/08c515e5-c17a-4333-a240-55f0fbb93a86 0.061s
2025-02-19 11:03:18.182 64788 INFO tempest.lib.common.rest_client [req-c0494cfb-e7b0-4ba1-80e5-43af5700344f req-c0494cfb-e7b0-4ba1-80e5-43af5700344f ] Request (ServersTestBootFromVolume:setUpClass): 200 GET http://10.180.1.21/compute/v2.1/servers/57de5093-57f2-414f-b665-89affbbf74dd 0.056s
2025-02-19 11:03:18.241 64772 INFO tempest.lib.common.rest_client [req-410b7c10-76c5-4493-8262-fabf5d2453b5 req-410b7c10-76c5-4493-8262-fabf5d2453b5 ] Request (ServerAddressesNegativeTestJSON:setUpClass): 200 GET http://10.180.1.21/compute/v2.1/servers/5d32979c-4d4b-4ec2-ae7a-23f8808cce19 0.052s
2025-02-19 11:03:18.247 64814 INFO tempest.lib.common.rest_client [req-7beb2a75-fb14-4c28-b0fb-6e9b7345ad0d req-7beb2a75-fb14-4c28-b0fb-6e9b7345ad0d ] Request (TenantUsagesTestJSON:tearDownClass): 200 GET http://10.180.1.21/compute/v2.1/servers/0d963c2d-4091-418b-a3fc-e60f7bf22b2a 0.061s
2025-02-19 11:03:18.371 64770 INFO tempest.lib.common.rest_client [req-82a7c7ef-4d76-4796-a402-164711b0605a req-82a7c7ef-4d76-4796-a402-164711b0605a ] Request (MigrationsAdminTest:test_list_migrations_in_flavor_resize_situation): 200 GET http://10.180.1.21/compute/v2.1/servers/4527a9ba-28f7-4698-aec0-6389cfc9d788 0.090s
2025-02-19 11:03:18.491 64780 WARNING tempest.lib.common.ssh [-] Failed to establish authenticated ssh connection to cirros@10.180.180.198 ([Errno None] Unable to connect to port 22 on 10.180.180.198). Number attempts: 7. Retry after 8 seconds.: paramiko.ssh_exception.NoValidConnectionsError: [Errno None] Unable to connect to port 22 on 10.180.180.198
2025-02-19 11:03:18.517 64820 INFO tempest.lib.common.rest_client [req-759e1bdf-6b11-4c3a-8c5a-582fc2f0096e req-759e1bdf-6b11-4c3a-8c5a-582fc2f0096e ] Request (FloatingIPsAssociationTestJSON:tearDownClass): 404 GET http://10.180.1.21/compute/v2.1/servers/3299739d-1b3d-49ed-b2a3-ccee2418ab1d 0.024s
2025-02-19 11:03:18.562 64768 INFO tempest.lib.common.rest_client [req-a7afc407-c1cf-4d45-9f90-cfaa58d615af req-a7afc407-c1cf-4d45-9f90-cfaa58d615af ] Request (ServersTestManualDisk:setUpClass): 200 GET http://10.180.1.21/compute/v2.1/servers/cbdfcbe9-0ca2-4812-850b-15af857303a7 0.065s
2025-02-19 11:03:18.657 64760 INFO tempest.lib.common.rest_client [req-27aaec84-e486-45cf-8a3e-c67ff84e4c67 req-27aaec84-e486-45cf-8a3e-c67ff84e4c67 ] Request (ServersNegativeTestJSON:setUpClass): 200 GET http://10.180.1.21/compute/v2.1/servers/d0381940-546b-45e7-984e-a78444d069f1 0.054s
2025-02-19 11:03:18.777 64762 INFO tempest.lib.common.rest_client [req-3315602c-c8eb-4fe6-a763-58b605265c66 req-3315602c-c8eb-4fe6-a763-58b605265c66 ] Request (ServersAdminTestJSON:test_create_server_with_scheduling_hint): 200 GET http://10.180.1.21/compute/v2.1/servers/47374946-3398-439c-b530-9f249844450b 0.123s
2025-02-19 11:03:18.825 64792 INFO tempest.lib.common.rest_client [req-75aeb38f-22cb-4c2b-9d08-31707ef04ca6 req-75aeb38f-22cb-4c2b-9d08-31707ef04ca6 ] Request (ServerActionsTestOtherB:setUpClass): 200 GET http://10.180.1.21/compute/v2.1/servers/cdcc1d35-9ead-4e4c-ada3-ab31513b73af 0.119s
2025-02-19 11:03:18.896 64820 INFO tempest.lib.common.rest_client [req-7b428766-ed45-4345-95e2-d8f29a8a8cd3 req-7b428766-ed45-4345-95e2-d8f29a8a8cd3 ] Request (FloatingIPsAssociationTestJSON:tearDownClass): 202 DELETE http://10.180.1.21/compute/v2.1/os-floating-ips/0ab95f5c-c126-47d7-a1af-4311c39f8c11 0.378s
2025-02-19 11:03:18.929 64784 INFO tempest.lib.common.rest_client [req-80d8ce29-1b7a-4f12-89a7-5ffeddd482b6 req-80d8ce29-1b7a-4f12-89a7-5ffeddd482b6 ] Request (ServerRescueTestJSON:setUpClass): 200 GET http://10.180.1.21/compute/v2.1/servers/3e5f0538-c92f-41c2-a451-ecdece381f8f 0.159s
2025-02-19 11:03:18.936 64784 INFO tempest.common.waiters [-] State transition "BUILD/spawning" ==> "ACTIVE/None" after 57 second wait
2025-02-19 11:03:18.940 64802 INFO tempest.lib.common.rest_client [req-de3e604f-e4ef-44eb-9fa7-75649a218b4b req-de3e604f-e4ef-44eb-9fa7-75649a218b4b ] Request (ImagesOneServerNegativeTestJSON:_run_cleanups): 200 GET http://10.180.1.21/compute/v2.1/servers/c852ede9-4489-49bb-89cf-6664ff3d5567 0.149s
2025-02-19 11:03:18.986 64786 INFO tempest.lib.common.rest_client [req-37fd3fb9-f6cb-4ee6-9ee6-ee4fafd88617 req-37fd3fb9-f6cb-4ee6-9ee6-ee4fafd88617 ] Request (DeleteServersTestJSON:test_delete_active_server): 200 GET http://10.180.1.21/compute/v2.1/servers/686e78f4-a5c2-465a-9018-5623795aadd0 0.140s
2025-02-19 11:03:18.994 64818 INFO tempest.lib.common.rest_client [req-a00cd43f-0d0c-4e32-a310-3f7542f7d628 req-a00cd43f-0d0c-4e32-a310-3f7542f7d628 ] Request (ServerShowV257Test:test_rebuild_server): 200 GET http://10.180.1.21/compute/v2.1/servers/29249acd-a277-4c8b-aa14-a981b1ef16e1 0.146s
2025-02-19 11:03:19.029 64810 INFO tempest.lib.common.rest_client [req-1f92a971-8cde-40a4-9e05-fcf0816893a3 req-1f92a971-8cde-40a4-9e05-fcf0816893a3 ] Request (SecurityGroupsTestJSON:test_server_security_groups): 200 GET http://10.180.1.21/compute/v2.1/servers/95420eb6-9a0f-446f-bed0-b8d47808f5c6 0.138s
2025-02-19 11:03:19.058 64820 INFO tempest.lib.common.rest_client [req-482aaadf-7eef-4c01-8624-fb297ea1f22c req-482aaadf-7eef-4c01-8624-fb297ea1f22c ] Request (FloatingIPsAssociationTestJSON:tearDownClass): 204 DELETE http://10.180.1.21/compute/v2.1/servers/44cba84c-0e8a-485d-810f-60dc64152206 0.162s
2025-02-19 11:03:19.102 64790 INFO tempest.lib.common.rest_client [req-3d8329a5-5f03-4260-98dd-d5148bcc21d1 req-3d8329a5-5f03-4260-98dd-d5148bcc21d1 ] Request (InstanceActionsNegativeTestJSON:setUpClass): 200 GET http://10.180.1.21/compute/v2.1/servers/4865661d-e1c2-4e2a-9051-bab851553c15 0.148s
2025-02-19 11:03:19.105 64784 INFO tempest.lib.common.rest_client [req-a5819fbf-e04c-454a-8354-55ce6f188821 req-a5819fbf-e04c-454a-8354-55ce6f188821 ] Request (ServerRescueTestJSON:setUpClass): 200 POST http://10.180.1.21/compute/v2.1/servers/3e5f0538-c92f-41c2-a451-ecdece381f8f/action 0.168s
2025-02-19 11:03:19.162 64806 INFO tempest.lib.common.rest_client [req-72232bbd-caec-49b8-beb7-faf635930729 req-72232bbd-caec-49b8-beb7-faf635930729 ] Request (MultipleCreateTestJSON:_run_cleanups): 200 GET http://10.180.1.21/compute/v2.1/servers/5e644577-0d03-40a8-b3bb-3df850f4f66b 0.150s
2025-02-19 11:03:19.214 64764 INFO tempest.lib.common.rest_client [req-ccb2a7c1-bd93-416d-bb0b-1780be8b0068 req-ccb2a7c1-bd93-416d-bb0b-1780be8b0068 ] Request (ImagesTestJSON:test_create_image_from_suspended_server): 200 GET http://10.180.1.21/compute/v2.1/servers/6826ea78-727c-4fbe-bb2c-13c66fdcaf3b 0.140s
2025-02-19 11:03:19.227 64820 INFO tempest.lib.common.rest_client [req-377be64f-7b74-48e3-8258-97510d5dc0dd req-377be64f-7b74-48e3-8258-97510d5dc0dd ] Request (FloatingIPsAssociationTestJSON:tearDownClass): 200 GET http://10.180.1.21/compute/v2.1/servers/44cba84c-0e8a-485d-810f-60dc64152206 0.169s
2025-02-19 11:03:19.260 64778 INFO tempest.lib.common.rest_client [req-b969568f-48a5-4a39-ad14-cdae5d92eed9 req-b969568f-48a5-4a39-ad14-cdae5d92eed9 ] Request (ServerGroupTestJSON:test_create_server_with_scheduler_hint_group): 200 GET http://10.180.1.21/compute/v2.1/servers/c806a2df-2ef2-44aa-a265-ece27caa6307 0.180s
2025-02-19 11:03:19.315 64777 INFO tempest.lib.common.rest_client [req-541c986c-bca5-429d-b288-aeea05a19a85 req-541c986c-bca5-429d-b288-aeea05a19a85 ] Request (ServersAdminNegativeTestJSON:tearDownClass): 200 GET http://10.180.1.21/compute/v2.1/servers/08c515e5-c17a-4333-a240-55f0fbb93a86 0.180s
2025-02-19 11:03:19.326 64784 INFO tempest.lib.common.rest_client [req-de0f068d-aa7e-4de0-b54f-9a14a6d19e05 req-de0f068d-aa7e-4de0-b54f-9a14a6d19e05 ] Request (ServerRescueTestJSON:setUpClass): 200 GET http://10.180.1.21/compute/v2.1/servers/3e5f0538-c92f-41c2-a451-ecdece381f8f 0.220s
2025-02-19 11:03:19.368 64788 INFO tempest.lib.common.rest_client [req-fab13dfe-095f-4fed-a9bd-0eb1fcd7d256 req-fab13dfe-095f-4fed-a9bd-0eb1fcd7d256 ] Request (ServersTestBootFromVolume:setUpClass): 200 GET http://10.180.1.21/compute/v2.1/servers/57de5093-57f2-414f-b665-89affbbf74dd 0.178s
2025-02-19 11:03:19.380 64772 INFO tempest.lib.common.rest_client [req-ab38ff80-8967-4244-bfd8-c0c64f5fac13 req-ab38ff80-8967-4244-bfd8-c0c64f5fac13 ] Request (ServerAddressesNegativeTestJSON:setUpClass): 200 GET http://10.180.1.21/compute/v2.1/servers/5d32979c-4d4b-4ec2-ae7a-23f8808cce19 0.131s
2025-02-19 11:03:19.387 64772 INFO tempest.common.waiters [-] State transition "BUILD/scheduling" ==> "BUILD/None" after 25 second wait
2025-02-19 11:03:19.436 64814 INFO tempest.lib.common.rest_client [req-58b58158-685a-4864-9b48-c43505a07dc1 req-58b58158-685a-4864-9b48-c43505a07dc1 ] Request (TenantUsagesTestJSON:tearDownClass): 200 GET http://10.180.1.21/compute/v2.1/servers/0d963c2d-4091-418b-a3fc-e60f7bf22b2a 0.180s
2025-02-19 11:03:19.484 64770 INFO tempest.lib.common.rest_client [req-0a6e17ef-968e-4960-910a-374280f14e9a req-0a6e17ef-968e-4960-910a-374280f14e9a ] Request (MigrationsAdminTest:test_list_migrations_in_flavor_resize_situation): 200 GET http://10.180.1.21/compute/v2.1/servers/4527a9ba-28f7-4698-aec0-6389cfc9d788 0.104s
2025-02-19 11:03:19.623 64768 INFO tempest.lib.common.rest_client [req-1e33d54f-33e1-4722-aa0f-9192ab55c3aa req-1e33d54f-33e1-4722-aa0f-9192ab55c3aa ] Request (ServersTestManualDisk:setUpClass): 200 GET http://10.180.1.21/compute/v2.1/servers/cbdfcbe9-0ca2-4812-850b-15af857303a7 0.052s
2025-02-19 11:03:19.707 64822 WARNING tempest.lib.common.ssh [-] Failed to establish authenticated ssh connection to cirros@10.180.180.194 ([Errno None] Unable to connect to port 22 on 10.180.180.194). Number attempts: 10. Retry after 11 seconds.: paramiko.ssh_exception.NoValidConnectionsError: [Errno None] Unable to connect to port 22 on 10.180.180.194
2025-02-19 11:03:19.715 64760 INFO tempest.lib.common.rest_client [req-9074a3b2-b56d-4da5-b6cd-48b58a2306aa req-9074a3b2-b56d-4da5-b6cd-48b58a2306aa ] Request (ServersNegativeTestJSON:setUpClass): 200 GET http://10.180.1.21/compute/v2.1/servers/d0381940-546b-45e7-984e-a78444d069f1 0.050s
2025-02-19 11:03:19.872 64762 INFO tempest.lib.common.rest_client [req-2a1cba72-4338-4f15-a3be-69b47a0b4d5f req-2a1cba72-4338-4f15-a3be-69b47a0b4d5f ] Request (ServersAdminTestJSON:test_create_server_with_scheduling_hint): 200 GET http://10.180.1.21/compute/v2.1/servers/47374946-3398-439c-b530-9f249844450b 0.086s
2025-02-19 11:03:19.883 64792 INFO tempest.lib.common.rest_client [req-d8ba3585-e78a-4ff7-bedc-f34a3ab68e2a req-d8ba3585-e78a-4ff7-bedc-f34a3ab68e2a ] Request (ServerActionsTestOtherB:setUpClass): 200 GET http://10.180.1.21/compute/v2.1/servers/cdcc1d35-9ead-4e4c-ada3-ab31513b73af 0.045s
2025-02-19 11:03:19.999 64802 INFO tempest.lib.common.rest_client [req-79c6795d-1f49-49df-9325-6b67ca52c5e0 req-79c6795d-1f49-49df-9325-6b67ca52c5e0 ] Request (ImagesOneServerNegativeTestJSON:_run_cleanups): 200 GET http://10.180.1.21/compute/v2.1/servers/c852ede9-4489-49bb-89cf-6664ff3d5567 0.051s
2025-02-19 11:03:20.063 64786 INFO tempest.lib.common.rest_client [req-356da24f-e46a-4e5d-86ee-001eaddab55d req-356da24f-e46a-4e5d-86ee-001eaddab55d ] Request (DeleteServersTestJSON:test_delete_active_server): 200 GET http://10.180.1.21/compute/v2.1/servers/686e78f4-a5c2-465a-9018-5623795aadd0 0.069s
2025-02-19 11:03:20.063 64818 INFO tempest.lib.common.rest_client [req-5eb15cd4-7ebc-4ab2-b8ac-3aae0d0148e1 req-5eb15cd4-7ebc-4ab2-b8ac-3aae0d0148e1 ] Request (ServerShowV257Test:test_rebuild_server): 200 GET http://10.180.1.21/compute/v2.1/servers/29249acd-a277-4c8b-aa14-a981b1ef16e1 0.060s
2025-02-19 11:03:20.108 64810 INFO tempest.lib.common.rest_client [req-2cc5065f-c8b0-4e3f-bab0-b770a7df8c20 req-2cc5065f-c8b0-4e3f-bab0-b770a7df8c20 ] Request (SecurityGroupsTestJSON:test_server_security_groups): 200 GET http://10.180.1.21/compute/v2.1/servers/95420eb6-9a0f-446f-bed0-b8d47808f5c6 0.071s
2025-02-19 11:03:20.160 64790 INFO tempest.lib.common.rest_client [req-dc40e7db-2674-4fd7-b0ea-d8bd45552736 req-dc40e7db-2674-4fd7-b0ea-d8bd45552736 ] Request (InstanceActionsNegativeTestJSON:setUpClass): 200 GET http://10.180.1.21/compute/v2.1/servers/4865661d-e1c2-4e2a-9051-bab851553c15 0.050s
2025-02-19 11:03:20.230 64806 INFO tempest.lib.common.rest_client [req-446354aa-8bd5-4cbc-b9dd-5ec06d091577 req-446354aa-8bd5-4cbc-b9dd-5ec06d091577 ] Request (MultipleCreateTestJSON:_run_cleanups): 200 GET http://10.180.1.21/compute/v2.1/servers/5e644577-0d03-40a8-b3bb-3df850f4f66b 0.060s
2025-02-19 11:03:20.281 64764 INFO tempest.lib.common.rest_client [req-9effb498-ebbd-4df8-b8c0-9f356aed2375 req-9effb498-ebbd-4df8-b8c0-9f356aed2375 ] Request (ImagesTestJSON:test_create_image_from_suspended_server): 200 GET http://10.180.1.21/compute/v2.1/servers/6826ea78-727c-4fbe-bb2c-13c66fdcaf3b 0.058s
2025-02-19 11:03:20.349 64778 INFO tempest.lib.common.rest_client [req-7b6b104b-bccc-40c3-847d-2376acb6a7a8 req-7b6b104b-bccc-40c3-847d-2376acb6a7a8 ] Request (ServerGroupTestJSON:test_create_server_with_scheduler_hint_group): 200 GET http://10.180.1.21/compute/v2.1/servers/c806a2df-2ef2-44aa-a265-ece27caa6307 0.081s
2025-02-19 11:03:20.359 64820 INFO tempest.lib.common.rest_client [req-6e7bcfe1-cfa0-4d29-ba5c-d5875e8a665a req-6e7bcfe1-cfa0-4d29-ba5c-d5875e8a665a ] Request (FloatingIPsAssociationTestJSON:tearDownClass): 200 GET http://10.180.1.21/compute/v2.1/servers/44cba84c-0e8a-485d-810f-60dc64152206 0.124s
2025-02-19 11:03:20.411 64777 INFO tempest.lib.common.rest_client [req-86f24728-679b-4a94-81c6-d7f8a82c37c2 req-86f24728-679b-4a94-81c6-d7f8a82c37c2 ] Request (ServersAdminNegativeTestJSON:tearDownClass): 200 GET http://10.180.1.21/compute/v2.1/servers/08c515e5-c17a-4333-a240-55f0fbb93a86 0.088s
2025-02-19 11:03:20.463 64788 INFO tempest.lib.common.rest_client [req-3a7d565c-cdb6-4786-9464-35928d5d547b req-3a7d565c-cdb6-4786-9464-35928d5d547b ] Request (ServersTestBootFromVolume:setUpClass): 200 GET http://10.180.1.21/compute/v2.1/servers/57de5093-57f2-414f-b665-89affbbf74dd 0.088s
2025-02-19 11:03:20.501 64784 INFO tempest.lib.common.rest_client [req-8a004cf6-de14-48c8-9ebb-0bc907917ce1 req-8a004cf6-de14-48c8-9ebb-0bc907917ce1 ] Request (ServerRescueTestJSON:setUpClass): 200 GET http://10.180.1.21/compute/v2.1/servers/3e5f0538-c92f-41c2-a451-ecdece381f8f 0.166s
2025-02-19 11:03:20.514 64772 INFO tempest.lib.common.rest_client [req-bd62121c-bde1-4205-b4ba-df5962d7165e req-bd62121c-bde1-4205-b4ba-df5962d7165e ] Request (ServerAddressesNegativeTestJSON:setUpClass): 200 GET http://10.180.1.21/compute/v2.1/servers/5d32979c-4d4b-4ec2-ae7a-23f8808cce19 0.126s
2025-02-19 11:03:20.557 64814 INFO tempest.lib.common.rest_client [req-5a0e4a25-109a-4bda-869b-12c7c1045b80 req-5a0e4a25-109a-4bda-869b-12c7c1045b80 ] Request (TenantUsagesTestJSON:tearDownClass): 200 GET http://10.180.1.21/compute/v2.1/servers/0d963c2d-4091-418b-a3fc-e60f7bf22b2a 0.115s
2025-02-19 11:03:20.624 64770 INFO tempest.lib.common.rest_client [req-8b37fbb1-2cd1-4118-89ac-b1f3a8f7de28 req-8b37fbb1-2cd1-4118-89ac-b1f3a8f7de28 ] Request (MigrationsAdminTest:test_list_migrations_in_flavor_resize_situation): 200 GET http://10.180.1.21/compute/v2.1/servers/4527a9ba-28f7-4698-aec0-6389cfc9d788 0.133s
2025-02-19 11:03:20.686 64768 INFO tempest.lib.common.rest_client [req-2927b8cd-a5ff-47ec-a96a-e8518007585c req-2927b8cd-a5ff-47ec-a96a-e8518007585c ] Request (ServersTestManualDisk:setUpClass): 200 GET http://10.180.1.21/compute/v2.1/servers/cbdfcbe9-0ca2-4812-850b-15af857303a7 0.056s
2025-02-19 11:03:20.772 64760 INFO tempest.lib.common.rest_client [req-93fc96c4-f13c-471d-8d52-3159c29e436d req-93fc96c4-f13c-471d-8d52-3159c29e436d ] Request (ServersNegativeTestJSON:setUpClass): 200 GET http://10.180.1.21/compute/v2.1/servers/d0381940-546b-45e7-984e-a78444d069f1 0.050s
2025-02-19 11:03:20.779 64760 INFO tempest.common.waiters [-] State transition "BUILD/None" ==> "BUILD/networking" after 58 second wait
2025-02-19 11:03:20.941 64792 INFO tempest.lib.common.rest_client [req-d2c0201a-3e1a-4773-a3fd-1f3341157ee7 req-d2c0201a-3e1a-4773-a3fd-1f3341157ee7 ] Request (ServerActionsTestOtherB:setUpClass): 200 GET http://10.180.1.21/compute/v2.1/servers/cdcc1d35-9ead-4e4c-ada3-ab31513b73af 0.051s
2025-02-19 11:03:20.977 64762 INFO tempest.lib.common.rest_client [req-fc447c9f-7d58-4e99-bfee-aa59e149e0f8 req-fc447c9f-7d58-4e99-bfee-aa59e149e0f8 ] Request (ServersAdminTestJSON:test_create_server_with_scheduling_hint): 200 GET http://10.180.1.21/compute/v2.1/servers/47374946-3398-439c-b530-9f249844450b 0.098s
2025-02-19 11:03:21.052 64802 INFO tempest.lib.common.rest_client [req-4e8b0b96-2ca0-469a-9bd6-32318bd1a2aa req-4e8b0b96-2ca0-469a-9bd6-32318bd1a2aa ] Request (ImagesOneServerNegativeTestJSON:_run_cleanups): 200 GET http://10.180.1.21/compute/v2.1/servers/c852ede9-4489-49bb-89cf-6664ff3d5567 0.045s
2025-02-19 11:03:21.125 64818 INFO tempest.lib.common.rest_client [req-bd1dbc03-bf59-4f99-8a25-485274837fb3 req-bd1dbc03-bf59-4f99-8a25-485274837fb3 ] Request (ServerShowV257Test:test_rebuild_server): 200 GET http://10.180.1.21/compute/v2.1/servers/29249acd-a277-4c8b-aa14-a981b1ef16e1 0.051s
2025-02-19 11:03:21.128 64786 INFO tempest.lib.common.rest_client [req-967cf673-67f3-4105-8f97-013fa209943f req-967cf673-67f3-4105-8f97-013fa209943f ] Request (DeleteServersTestJSON:test_delete_active_server): 200 GET http://10.180.1.21/compute/v2.1/servers/686e78f4-a5c2-465a-9018-5623795aadd0 0.056s
2025-02-19 11:03:21.170 64810 INFO tempest.lib.common.rest_client [req-a7a74de9-0b03-481f-b532-24404457a357 req-a7a74de9-0b03-481f-b532-24404457a357 ] Request (SecurityGroupsTestJSON:test_server_security_groups): 200 GET http://10.180.1.21/compute/v2.1/servers/95420eb6-9a0f-446f-bed0-b8d47808f5c6 0.052s
2025-02-19 11:03:21.222 64790 INFO tempest.lib.common.rest_client [req-af31f6d1-9165-49a7-a872-a2d1ab2d05cc req-af31f6d1-9165-49a7-a872-a2d1ab2d05cc ] Request (InstanceActionsNegativeTestJSON:setUpClass): 200 GET http://10.180.1.21/compute/v2.1/servers/4865661d-e1c2-4e2a-9051-bab851553c15 0.054s
2025-02-19 11:03:21.303 64806 INFO tempest.lib.common.rest_client [req-8b9a77a4-2115-43ef-b8fe-4b4e5f14c0b1 req-8b9a77a4-2115-43ef-b8fe-4b4e5f14c0b1 ] Request (MultipleCreateTestJSON:_run_cleanups): 200 GET http://10.180.1.21/compute/v2.1/servers/5e644577-0d03-40a8-b3bb-3df850f4f66b 0.065s
2025-02-19 11:03:21.345 64764 INFO tempest.lib.common.rest_client [req-2a3b4112-fa50-4138-9be0-c2ec8d8f4482 req-2a3b4112-fa50-4138-9be0-c2ec8d8f4482 ] Request (ImagesTestJSON:test_create_image_from_suspended_server): 200 GET http://10.180.1.21/compute/v2.1/servers/6826ea78-727c-4fbe-bb2c-13c66fdcaf3b 0.055s
2025-02-19 11:03:21.414 64778 INFO tempest.lib.common.rest_client [req-979a9be2-7cd7-4d1d-b143-9e1bbd05efe7 req-979a9be2-7cd7-4d1d-b143-9e1bbd05efe7 ] Request (ServerGroupTestJSON:test_create_server_with_scheduler_hint_group): 200 GET http://10.180.1.21/compute/v2.1/servers/c806a2df-2ef2-44aa-a265-ece27caa6307 0.056s
2025-02-19 11:03:21.480 64777 INFO tempest.lib.common.rest_client [req-1236a48a-6769-4f76-ad14-af044aeb27a4 req-1236a48a-6769-4f76-ad14-af044aeb27a4 ] Request (ServersAdminNegativeTestJSON:tearDownClass): 200 GET http://10.180.1.21/compute/v2.1/servers/08c515e5-c17a-4333-a240-55f0fbb93a86 0.061s
2025-02-19 11:03:21.498 64820 INFO tempest.lib.common.rest_client [req-25474d87-bc19-4ed7-8fd8-c74af431d66e req-25474d87-bc19-4ed7-8fd8-c74af431d66e ] Request (FloatingIPsAssociationTestJSON:tearDownClass): 200 GET http://10.180.1.21/compute/v2.1/servers/44cba84c-0e8a-485d-810f-60dc64152206 0.129s
2025-02-19 11:03:21.550 64788 INFO tempest.lib.common.rest_client [req-d8c52d13-f509-427e-9265-3c994a1d1a79 req-d8c52d13-f509-427e-9265-3c994a1d1a79 ] Request (ServersTestBootFromVolume:setUpClass): 200 GET http://10.180.1.21/compute/v2.1/servers/57de5093-57f2-414f-b665-89affbbf74dd 0.078s
2025-02-19 11:03:21.608 64772 INFO tempest.lib.common.rest_client [req-6d2b171c-dc71-4807-b11e-4f37cbbf8d05 req-6d2b171c-dc71-4807-b11e-4f37cbbf8d05 ] Request (ServerAddressesNegativeTestJSON:setUpClass): 200 GET http://10.180.1.21/compute/v2.1/servers/5d32979c-4d4b-4ec2-ae7a-23f8808cce19 0.084s
2025-02-19 11:03:21.646 64784 INFO tempest.lib.common.rest_client [req-30d598a1-946e-4df9-bf75-9677b9a29518 req-30d598a1-946e-4df9-bf75-9677b9a29518 ] Request (ServerRescueTestJSON:setUpClass): 200 GET http://10.180.1.21/compute/v2.1/servers/3e5f0538-c92f-41c2-a451-ecdece381f8f 0.133s
2025-02-19 11:03:21.673 64814 INFO tempest.lib.common.rest_client [req-ddc3b6eb-53fa-4cc9-82ea-d81549057467 req-ddc3b6eb-53fa-4cc9-82ea-d81549057467 ] Request (TenantUsagesTestJSON:tearDownClass): 200 GET http://10.180.1.21/compute/v2.1/servers/0d963c2d-4091-418b-a3fc-e60f7bf22b2a 0.108s
2025-02-19 11:03:21.691 64800 WARNING tempest.lib.common.ssh [-] Failed to establish authenticated ssh connection to cirros@10.180.180.229 ([Errno None] Unable to connect to port 22 on 10.180.180.229). Number attempts: 5. Retry after 6 seconds.: paramiko.ssh_exception.NoValidConnectionsError: [Errno None] Unable to connect to port 22 on 10.180.180.229
2025-02-19 11:03:21.728 64770 INFO tempest.lib.common.rest_client [req-9c31502e-3eb5-4faa-94ec-af88f5d99653 req-9c31502e-3eb5-4faa-94ec-af88f5d99653 ] Request (MigrationsAdminTest:test_list_migrations_in_flavor_resize_situation): 200 GET http://10.180.1.21/compute/v2.1/servers/4527a9ba-28f7-4698-aec0-6389cfc9d788 0.094s
2025-02-19 11:03:21.739 64768 INFO tempest.lib.common.rest_client [req-20c90a86-2ee0-4eaa-9745-427c6840bd31 req-20c90a86-2ee0-4eaa-9745-427c6840bd31 ] Request (ServersTestManualDisk:setUpClass): 200 GET http://10.180.1.21/compute/v2.1/servers/cbdfcbe9-0ca2-4812-850b-15af857303a7 0.045s
2025-02-19 11:03:21.886 64760 INFO tempest.lib.common.rest_client [req-e04e8b59-dca2-457c-af78-3ff9de4780b2 req-e04e8b59-dca2-457c-af78-3ff9de4780b2 ] Request (ServersNegativeTestJSON:setUpClass): 200 GET http://10.180.1.21/compute/v2.1/servers/d0381940-546b-45e7-984e-a78444d069f1 0.105s
2025-02-19 11:03:21.893 64760 INFO tempest.common.waiters [-] State transition "BUILD/networking" ==> "BUILD/block_device_mapping" after 59 second wait
2025-02-19 11:03:21.949 64774 WARNING tempest.lib.common.ssh [-] Failed to establish authenticated ssh connection to cirros@10.180.180.186 ([Errno None] Unable to connect to port 22 on 10.180.180.186). Number attempts: 1. Retry after 2 seconds.: paramiko.ssh_exception.NoValidConnectionsError: [Errno None] Unable to connect to port 22 on 10.180.180.186
2025-02-19 11:03:21.998 64792 INFO tempest.lib.common.rest_client [req-a2e4bd74-02df-4f47-95d3-4e2fa5324878 req-a2e4bd74-02df-4f47-95d3-4e2fa5324878 ] Request (ServerActionsTestOtherB:setUpClass): 200 GET http://10.180.1.21/compute/v2.1/servers/cdcc1d35-9ead-4e4c-ada3-ab31513b73af 0.048s
2025-02-19 11:03:22.011 64794 WARNING tempest.lib.common.ssh [-] Failed to establish authenticated ssh connection to cirros@10.180.180.163 ([Errno None] Unable to connect to port 22 on 10.180.180.163). Number attempts: 11. Retry after 12 seconds.: paramiko.ssh_exception.NoValidConnectionsError: [Errno None] Unable to connect to port 22 on 10.180.180.163
2025-02-19 11:03:22.067 64762 INFO tempest.lib.common.rest_client [req-a36da48d-64c5-4533-9ab6-d5993d1e7690 req-a36da48d-64c5-4533-9ab6-d5993d1e7690 ] Request (ServersAdminTestJSON:test_create_server_with_scheduling_hint): 200 GET http://10.180.1.21/compute/v2.1/servers/47374946-3398-439c-b530-9f249844450b 0.082s
2025-02-19 11:03:22.106 64802 INFO tempest.lib.common.rest_client [req-395e3b8b-1695-4aee-b0d0-3e251a323a58 req-395e3b8b-1695-4aee-b0d0-3e251a323a58 ] Request (ImagesOneServerNegativeTestJSON:_run_cleanups): 200 GET http://10.180.1.21/compute/v2.1/servers/c852ede9-4489-49bb-89cf-6664ff3d5567 0.046s
2025-02-19 11:03:22.203 64818 INFO tempest.lib.common.rest_client [req-72229e08-0101-4542-9a85-d17c3fa7bbb1 req-72229e08-0101-4542-9a85-d17c3fa7bbb1 ] Request (ServerShowV257Test:test_rebuild_server): 200 GET http://10.180.1.21/compute/v2.1/servers/29249acd-a277-4c8b-aa14-a981b1ef16e1 0.069s
2025-02-19 11:03:22.207 64786 INFO tempest.lib.common.rest_client [req-814226c7-0e79-46fd-a576-f9e178a52ad2 req-814226c7-0e79-46fd-a576-f9e178a52ad2 ] Request (DeleteServersTestJSON:test_delete_active_server): 200 GET http://10.180.1.21/compute/v2.1/servers/686e78f4-a5c2-465a-9018-5623795aadd0 0.071s
2025-02-19 11:03:22.263 64810 INFO tempest.lib.common.rest_client [req-0e4bc97d-04c2-431c-b1e2-8d2111daa4eb req-0e4bc97d-04c2-431c-b1e2-8d2111daa4eb ] Request (SecurityGroupsTestJSON:test_server_security_groups): 200 GET http://10.180.1.21/compute/v2.1/servers/95420eb6-9a0f-446f-bed0-b8d47808f5c6 0.085s
2025-02-19 11:03:22.286 64790 INFO tempest.lib.common.rest_client [req-85050551-6068-4a29-8dc4-b6257987ff0a req-85050551-6068-4a29-8dc4-b6257987ff0a ] Request (InstanceActionsNegativeTestJSON:setUpClass): 200 GET http://10.180.1.21/compute/v2.1/servers/4865661d-e1c2-4e2a-9051-bab851553c15 0.056s
