2025-02-19 11:02:32.229 64820 INFO tempest.common.waiters [-] State transition "BUILD/spawning" ==> "ACTIVE/None" after 39 second wait
2025-02-19 11:02:32.289 64798 INFO tempest.lib.common.rest_client [req-f12fbe07-8693-4c2f-b231-154312f47d49 req-f12fbe07-8693-4c2f-b231-154312f47d49 ] Request (ServerAddressesTestJSON:tearDownClass): 200 GET http://10.180.1.21/compute/v2.1/servers/5bb4533f-fd1f-4f67-9d60-d34509284bd5 0.539s
2025-02-19 11:02:32.361 64772 INFO tempest.lib.common.rest_client [req-7e99fc9c-cf33-4985-b199-0536980a0e63 req-7e99fc9c-cf33-4985-b199-0536980a0e63 ] Request (ServersAdmin275Test:tearDownClass): 200 GET http://10.180.1.21/compute/v2.1/servers/1a443c3f-117d-4632-9f1f-f00b17394c3f 0.606s
2025-02-19 11:02:32.478 64780 WARNING tempest.lib.common.ssh [-] Failed to establish authenticated ssh connection to cirros@10.180.180.198 ([Errno None] Unable to connect to port 22 on 10.180.180.198). Number attempts: 1. Retry after 2 seconds.: paramiko.ssh_exception.NoValidConnectionsError: [Errno None] Unable to connect to port 22 on 10.180.180.198
2025-02-19 11:02:32.497 64810 INFO tempest.lib.common.rest_client [req-bc8dd442-7f9d-4056-8d8c-9bc7d08889b5 req-bc8dd442-7f9d-4056-8d8c-9bc7d08889b5 ] Request (SecurityGroupsTestJSON:test_server_security_groups): 202 POST http://10.180.1.21/compute/v2.1/servers 0.789s
2025-02-19 11:02:32.570 64792 INFO tempest.lib.common.rest_client [req-aaa71981-f01c-430d-ac88-fd9701e4e0a3 req-aaa71981-f01c-430d-ac88-fd9701e4e0a3 ] Request (ImagesNegativeTestJSON:tearDownClass): 204 DELETE http://10.180.1.21:9696/networking/v2.0/routers/10574bb3-fd79-4a8b-85cd-c5b7c109a6d9 0.442s
2025-02-19 11:02:32.651 64816 INFO tempest.lib.common.rest_client [req-abae3cca-6d8b-489d-9382-223dc1b40406 req-abae3cca-6d8b-489d-9382-223dc1b40406 ] Request (ServersNegativeTestMultiTenantJSON:setUp): 200 GET http://10.180.1.21/compute/v2.1/servers/6db2f440-6651-4694-872b-72536274f44f 0.786s
2025-02-19 11:02:32.695 64788 INFO tempest.lib.common.rest_client [req-044fb517-0ec6-4a9a-9b02-3fc0bdac6541 req-044fb517-0ec6-4a9a-9b02-3fc0bdac6541 ] Request (ServersTestBootFromVolume:setUpClass): 200 GET http://10.180.1.21/volume/v3/volumes/e78920c7-a7c2-400c-a0ba-78c20512112a 0.052s
2025-02-19 11:02:32.720 64804 INFO tempest.lib.common.rest_client [req-57dcbdaf-cdd0-490f-a376-446b59f7d1d0 req-57dcbdaf-cdd0-490f-a376-446b59f7d1d0 ] Request (VolumesGetTestJSON:test_volume_create_get_delete): 200 POST http://10.180.1.21/compute/v2.1/os-volumes 0.939s
2025-02-19 11:02:32.734 64768 INFO tempest.lib.common.rest_client [req-a8269bd6-a402-4955-a432-ee1926e72680 req-a8269bd6-a402-4955-a432-ee1926e72680 ] Request (AttachInterfacesV270Test:tearDownClass): 200 GET http://10.180.1.21/compute/v2.1/servers/bbbc7f19-5604-436d-af15-4bfd0fffac0b 0.686s
2025-02-19 11:02:32.738 64792 INFO tempest.lib.common.rest_client [req-f2ab4ce2-9b91-4935-af7e-68a853733891 req-f2ab4ce2-9b91-4935-af7e-68a853733891 ] Request (ImagesNegativeTestJSON:tearDownClass): 204 DELETE http://10.180.1.21:9696/networking/v2.0/subnets/b7ccaa5e-c107-413b-8745-6960e7cfdddb 0.167s
2025-02-19 11:02:32.782 64784 INFO tempest.lib.common.rest_client [req-b0f555e9-3891-4d0a-99f0-04e14396a757 req-b0f555e9-3891-4d0a-99f0-04e14396a757 ] Request (ServerRescueTestJSON:setUpClass): 200 GET http://10.180.1.21/compute/v2.1/servers/3e5f0538-c92f-41c2-a451-ecdece381f8f 0.687s
2025-02-19 11:02:32.793 64764 INFO tempest.lib.common.rest_client [req-85d234c7-6db3-403c-8575-b55ed3f23c72 req-85d234c7-6db3-403c-8575-b55ed3f23c72 ] Request (ImagesTestJSON:test_create_image_from_stopped_server): 200 GET http://10.180.1.21/compute/v2.1/servers/6b932cd2-a6f5-4cc3-b287-91737817d6f7 0.669s
2025-02-19 11:02:32.853 64774 INFO tempest.lib.common.rest_client [req-9266a3d8-77ad-49de-a043-961e9879283f req-9266a3d8-77ad-49de-a043-961e9879283f ] Request (ServerActionsTestJSON:setUpClass): 200 GET http://10.180.1.21/compute/v2.1/servers/31ab3f26-c0cf-4ff0-b92c-b4fd75fc1e0e 0.659s
2025-02-19 11:02:32.862 64774 INFO tempest.common.waiters [-] State transition "BUILD/scheduling" ==> "BUILD/None" after 12 second wait
2025-02-19 11:02:32.987 64812 WARNING tempest.lib.common.ssh [-] Failed to establish authenticated ssh connection to cirros@10.180.180.226 ([Errno None] Unable to connect to port 22 on 10.180.180.226). Number attempts: 5. Retry after 6 seconds.: paramiko.ssh_exception.NoValidConnectionsError: [Errno None] Unable to connect to port 22 on 10.180.180.226
2025-02-19 11:02:32.999 64786 INFO tempest.lib.common.rest_client [req-9e7c0c1c-8fe0-4b75-a9cf-777ad17cc7dd req-9e7c0c1c-8fe0-4b75-a9cf-777ad17cc7dd ] Request (DeleteServersTestJSON:test_delete_active_server): 200 GET http://10.180.1.21/compute/v2.1/servers/686e78f4-a5c2-465a-9018-5623795aadd0 0.724s
2025-02-19 11:02:33.072 64802 INFO tempest.lib.common.rest_client [req-2962214c-353e-420a-8af1-5df4820df21d req-2962214c-353e-420a-8af1-5df4820df21d ] Request (ImagesOneServerNegativeTestJSON:_run_cleanups): 200 GET http://10.180.1.21/compute/v2.1/servers/a58a3926-6b91-442a-bb19-e8557b50b57a 0.787s
2025-02-19 11:02:33.145 64762 INFO tempest.lib.common.rest_client [req-7408ba2c-518f-479d-ad00-9052a85b3479 req-7408ba2c-518f-479d-ad00-9052a85b3479 ] Request (ServersAdminTestJSON:test_create_server_with_scheduling_hint): 200 GET http://10.180.1.21/compute/v2.1/servers/47374946-3398-439c-b530-9f249844450b 0.803s
2025-02-19 11:02:33.182 64792 INFO tempest.lib.common.rest_client [req-0bf0de92-ba84-43ef-8af0-cd9a13554181 req-0bf0de92-ba84-43ef-8af0-cd9a13554181 ] Request (ImagesNegativeTestJSON:tearDownClass): 204 DELETE http://10.180.1.21:9696/networking/v2.0/networks/10ef40ff-527e-4f02-be45-3b3845432364 0.444s
2025-02-19 11:02:33.223 64760 INFO tempest.lib.common.rest_client [req-b10b693f-e50f-451d-be07-594af5935f8f req-b10b693f-e50f-451d-be07-594af5935f8f ] Request (ServersNegativeTestJSON:setUpClass): 200 GET http://10.180.1.21/compute/v2.1/servers/d0381940-546b-45e7-984e-a78444d069f1 0.870s
2025-02-19 11:02:33.303 64818 INFO tempest.lib.common.rest_client [req-1943f1e6-f340-4c4b-b655-65fd3b7b6e7e req-1943f1e6-f340-4c4b-b655-65fd3b7b6e7e ] Request (ServerShowV257Test:test_rebuild_server): 200 GET http://10.180.1.21/compute/v2.1/servers/29249acd-a277-4c8b-aa14-a981b1ef16e1 0.888s
2025-02-19 11:02:33.360 64792 INFO tempest.lib.common.rest_client [req-9a766da1-80ee-4a51-9fcf-42b8645ed5af req-9a766da1-80ee-4a51-9fcf-42b8645ed5af ] Request (ImagesNegativeTestJSON:tearDownClass): 204 DELETE http://10.180.1.21/identity/v3/users/adc155d7f06c43e9a96bca7ec5622295 0.177s
2025-02-19 11:02:33.361 64792 INFO tempest.lib.common.dynamic_creds [-] Deleting project and security group for project: 712d8f6cea5c4ca584f2b58b5907197e
2025-02-19 11:02:33.367 64810 INFO tempest.lib.common.rest_client [req-366bc365-2e17-45e0-926e-c5bad2f51786 req-366bc365-2e17-45e0-926e-c5bad2f51786 ] Request (SecurityGroupsTestJSON:test_server_security_groups): 200 GET http://10.180.1.21/compute/v2.1/servers/95420eb6-9a0f-446f-bed0-b8d47808f5c6 0.868s
2025-02-19 11:02:33.397 64792 INFO tempest.lib.common.rest_client [req-3e3c92f2-a60c-4a70-bfb3-2f61bc3481b2 req-3e3c92f2-a60c-4a70-bfb3-2f61bc3481b2 ] Request (ImagesNegativeTestJSON:tearDownClass): 200 GET http://10.180.1.21:9696/networking/v2.0/security-groups?tenant_id=712d8f6cea5c4ca584f2b58b5907197e&name=default 0.036s
2025-02-19 11:02:33.505 64792 INFO tempest.lib.common.rest_client [req-51c8f024-ad24-4184-9c92-4726c18eca02 req-51c8f024-ad24-4184-9c92-4726c18eca02 ] Request (ImagesNegativeTestJSON:tearDownClass): 204 DELETE http://10.180.1.21:9696/networking/v2.0/security-groups/5fd15c78-80f8-41a8-9da0-9ebf64dbfd00 0.108s
2025-02-19 11:02:33.513 64808 INFO tempest.lib.common.rest_client [req-283ed97f-5763-42f1-add8-07cc028c8e29 req-283ed97f-5763-42f1-add8-07cc028c8e29 ] Request (DeleteServersAdminTestJSON:test_delete_server_while_in_error_state): 200 GET http://10.180.1.21/compute/v2.1/servers/7467c72f-b5e5-4911-9d66-6944280908cb 0.958s
2025-02-19 11:02:33.523 64808 INFO tempest.common.waiters [-] State transition "BUILD/spawning" ==> "ACTIVE/None" after 38 second wait
2025-02-19 11:02:33.625 64792 INFO tempest.lib.common.rest_client [req-e7905e03-97c9-423b-8e97-3df5cca6aec0 req-e7905e03-97c9-423b-8e97-3df5cca6aec0 ] Request (ImagesNegativeTestJSON:tearDownClass): 204 DELETE http://10.180.1.21/identity/v3/projects/712d8f6cea5c4ca584f2b58b5907197e 0.119s
2025-02-19 11:02:33.659 64816 INFO tempest.lib.common.rest_client [req-052d49c4-9ffb-4ee4-aebe-ba098d4e7b28 req-052d49c4-9ffb-4ee4-aebe-ba098d4e7b28 ] Request (ServersNegativeTestMultiTenantJSON:test_delete_a_server_of_another_tenant): 404 DELETE http://10.180.1.21/compute/v2.1/servers/6db2f440-6651-4694-872b-72536274f44f 0.993s
2025-02-19 11:02:33.701 64792 INFO tempest.lib.common.rest_client [req-5f1f2096-bb4b-45ce-ac63-2d5f47c18312 req-5f1f2096-bb4b-45ce-ac63-2d5f47c18312 ] Request (KeyPairsV2TestJSON:setUpClass): 201 POST http://10.180.1.21/identity/v3/auth/tokens 0.075s
2025-02-19 11:02:33.709 64804 INFO tempest.lib.common.rest_client [req-fa788128-9186-4243-aad8-b99b38fa24f7 req-fa788128-9186-4243-aad8-b99b38fa24f7 ] Request (VolumesGetTestJSON:test_volume_create_get_delete): 200 GET http://10.180.1.21/compute/v2.1/os-volumes/b168e9d2-0da0-4f98-be48-6b7d10a49e8e 0.986s
2025-02-19 11:02:33.712 64804 INFO tempest.common.waiters [-] volume b168e9d2-0da0-4f98-be48-6b7d10a49e8e reached available after waiting for 0.712006 seconds
2025-02-19 11:02:33.742 64792 INFO tempest.lib.common.rest_client [req-3c6df489-9615-4062-a4d9-fef5c6c95b59 req-3c6df489-9615-4062-a4d9-fef5c6c95b59 ] Request (KeyPairsV2TestJSON:setUpClass): 201 POST http://10.180.1.21/identity/v3/auth/tokens 0.035s
2025-02-19 11:02:33.746 64788 INFO tempest.lib.common.rest_client [req-9b71863d-03e0-46ed-ae23-c442c36e8918 req-9b71863d-03e0-46ed-ae23-c442c36e8918 ] Request (ServersTestBootFromVolume:setUpClass): 200 GET http://10.180.1.21/volume/v3/volumes/e78920c7-a7c2-400c-a0ba-78c20512112a 0.042s
2025-02-19 11:02:33.773 64792 INFO tempest.lib.common.rest_client [req-c0cf5619-a3d3-406e-9ccc-5b221cd11d16 req-c0cf5619-a3d3-406e-9ccc-5b221cd11d16 ] Request (KeyPairsV2TestJSON:setUpClass): 200 GET http://10.180.1.21/identity/v3/domains?name=Default 0.030s
2025-02-19 11:02:33.829 64792 INFO tempest.lib.common.rest_client [req-9c896483-67f1-4d69-8617-f0f41d6a91db req-9c896483-67f1-4d69-8617-f0f41d6a91db ] Request (KeyPairsV2TestJSON:setUpClass): 201 POST http://10.180.1.21/identity/v3/projects 0.055s
2025-02-19 11:02:33.831 64777 INFO tempest.lib.common.rest_client [req-74788c16-7662-499c-9176-02e2cc5b2f25 req-74788c16-7662-499c-9176-02e2cc5b2f25 ] Request (ServersAdminNegativeTestJSON:tearDownClass): 200 GET http://10.180.1.21/compute/v2.1/servers/5c6ceda1-24ea-4706-bb14-7408d945ff55 1.081s
2025-02-19 11:02:33.842 64777 INFO tempest.common.waiters [-] State transition "SUSPENDED/deleting" ==> "DELETED/None" after 3 second wait
2025-02-19 11:02:33.905 64792 INFO tempest.lib.common.rest_client [req-14a4065a-7e97-4fe8-a501-2817164625a9 req-14a4065a-7e97-4fe8-a501-2817164625a9 ] Request (KeyPairsV2TestJSON:setUpClass): 201 POST http://10.180.1.21/identity/v3/users 0.076s
2025-02-19 11:02:33.936 64792 INFO tempest.lib.common.rest_client [req-8c05f097-d789-4545-b06c-00bb218a6b7f req-8c05f097-d789-4545-b06c-00bb218a6b7f ] Request (KeyPairsV2TestJSON:setUpClass): 200 GET http://10.180.1.21/identity/v3/roles 0.030s
2025-02-19 11:02:33.968 64792 INFO tempest.lib.common.rest_client [req-9b8270b7-313e-4cac-9562-f94626a783f5 req-9b8270b7-313e-4cac-9562-f94626a783f5 ] Request (KeyPairsV2TestJSON:setUpClass): 204 PUT http://10.180.1.21/identity/v3/projects/3e6290ad3c6a4293b6f7ac295fa9fd0c/users/caffde9586f04b1aae0e068a1f356a91/roles/e316fca7f46a4ecfb70a024a0311f75b 0.031s
2025-02-19 11:02:33.968 64792 INFO tempest.lib.common.dynamic_creds [-] Dynamic test user caffde9586f04b1aae0e068a1f356a91 is created with scope project and roles: ['member']
2025-02-19 11:02:33.968 64792 INFO tempest.lib.common.dynamic_creds [-] Acquired dynamic creds: credentials: Credentials: {'domain_id': 'default', 'domain_name': 'Default', 'username': 'tempest-KeyPairsV2TestJSON-634512255-project-member', 'project_domain_id': 'default', 'project_domain_name': 'Default', 'project_id': '3e6290ad3c6a4293b6f7ac295fa9fd0c', 'project_name': 'tempest-KeyPairsV2TestJSON-634512255', 'tenant_id': '3e6290ad3c6a4293b6f7ac295fa9fd0c', 'tenant_name': 'tempest-KeyPairsV2TestJSON-634512255', 'user_domain_id': 'default', 'user_domain_name': 'Default', 'user_id': 'caffde9586f04b1aae0e068a1f356a91', 'system': None}, Network: None, Subnet: None, Router: None
2025-02-19 11:02:33.968 64792 INFO tempest.lib.common.dynamic_creds [-] Created isolated network resources for: credentials: Credentials: {'domain_id': 'default', 'domain_name': 'Default', 'username': 'tempest-KeyPairsV2TestJSON-634512255-project-member', 'project_domain_id': 'default', 'project_domain_name': 'Default', 'project_id': '3e6290ad3c6a4293b6f7ac295fa9fd0c', 'project_name': 'tempest-KeyPairsV2TestJSON-634512255', 'tenant_id': '3e6290ad3c6a4293b6f7ac295fa9fd0c', 'tenant_name': 'tempest-KeyPairsV2TestJSON-634512255', 'user_domain_id': 'default', 'user_domain_name': 'Default', 'user_id': 'caffde9586f04b1aae0e068a1f356a91', 'system': None}, Network: None, Subnet: None, Router: None
2025-02-19 11:02:34.053 64792 INFO tempest.lib.common.rest_client [req-28efbf11-64c9-4937-849e-534e1a9ff9b0 req-28efbf11-64c9-4937-849e-534e1a9ff9b0 ] Request (KeyPairsV2TestJSON:setUpClass): 201 POST http://10.180.1.21/identity/v3/auth/tokens 0.077s
2025-02-19 11:02:34.105 64778 INFO tempest.lib.common.rest_client [req-7be48550-6887-4427-bc23-368821c4ba14 req-7be48550-6887-4427-bc23-368821c4ba14 ] Request (ServerGroupTestJSON:test_create_server_with_scheduler_hint_group): 200 GET http://10.180.1.21/compute/v2.1/servers/c806a2df-2ef2-44aa-a265-ece27caa6307 1.282s
2025-02-19 11:02:34.160 64800 INFO tempest.lib.common.rest_client [req-399caeca-1c54-4242-9c11-854595c922da req-399caeca-1c54-4242-9c11-854595c922da ] Request (ServerActionsV293TestJSON:setUpClass): 200 GET http://10.180.1.21/compute/v2.1/servers/99eba029-a1cf-428f-a608-b4fe81e4c6a7 1.200s
2025-02-19 11:02:34.213 64806 INFO tempest.lib.common.rest_client [req-e93d7b0c-2a76-4640-a77d-af34e6888a08 req-e93d7b0c-2a76-4640-a77d-af34e6888a08 ] Request (MultipleCreateTestJSON:test_multiple_create): 200 GET http://10.180.1.21/compute/v2.1/servers/58178746-86f1-4b0b-941a-7ee6a7a7f3c1 1.185s
2025-02-19 11:02:34.219 64806 INFO tempest.common.waiters [-] State transition "BUILD/scheduling" ==> "BUILD/None" after 16 second wait
2025-02-19 11:02:34.241 64820 INFO tempest.lib.common.rest_client [req-2714e076-44d9-4836-a5de-0e9f12351e0c req-2714e076-44d9-4836-a5de-0e9f12351e0c ] Request (FloatingIPsAssociationTestJSON:test_associate_already_associated_floating_ip): 202 POST http://10.180.1.21/compute/v2.1/servers/44cba84c-0e8a-485d-810f-60dc64152206/action 2.011s
2025-02-19 11:02:34.306 64814 INFO tempest.lib.common.rest_client [req-ab416bf4-0219-4528-a9b7-30822c3814ff req-ab416bf4-0219-4528-a9b7-30822c3814ff ] Request (TenantUsagesTestJSON:setUpClass): 200 GET http://10.180.1.21/compute/v2.1/servers/0d963c2d-4091-418b-a3fc-e60f7bf22b2a 1.226s
2025-02-19 11:02:34.314 64766 INFO tempest.lib.common.rest_client [req-76dc60e4-1f64-4816-b99d-75f95b97ad95 req-76dc60e4-1f64-4816-b99d-75f95b97ad95 ] Request (VolumesAdminNegativeTest:test_update_attached_volume_with_nonexistent_volume_in_body): 200 GET http://10.180.1.21/compute/v2.1/servers/184b46f6-60a1-4425-ae07-726c056b1a18 1.277s
2025-02-19 11:02:34.321 64766 INFO tempest.common.waiters [-] State transition "BUILD/block_device_mapping" ==> "BUILD/spawning" after 35 second wait
2025-02-19 11:02:34.360 64770 INFO tempest.lib.common.rest_client [req-d6e72e6c-12f8-4a59-8b73-952188fd699f req-d6e72e6c-12f8-4a59-8b73-952188fd699f ] Request (MigrationsAdminTest:test_list_migrations_in_flavor_resize_situation): 200 GET http://10.180.1.21/compute/v2.1/servers/4527a9ba-28f7-4698-aec0-6389cfc9d788 1.260s
2025-02-19 11:02:34.364 64790 INFO tempest.lib.common.rest_client [req-00d3b384-45bb-4581-aa5a-6a0274b80bb7 req-00d3b384-45bb-4581-aa5a-6a0274b80bb7 ] Request (InstanceActionsNegativeTestJSON:setUpClass): 200 GET http://10.180.1.21/compute/v2.1/servers/4865661d-e1c2-4e2a-9051-bab851553c15 1.204s
2025-02-19 11:02:34.424 64798 INFO tempest.lib.common.rest_client [req-07424e59-bbf4-472a-bbc4-933937602f3b req-07424e59-bbf4-472a-bbc4-933937602f3b ] Request (ServerAddressesTestJSON:tearDownClass): 200 GET http://10.180.1.21/compute/v2.1/servers/5bb4533f-fd1f-4f67-9d60-d34509284bd5 1.127s
2025-02-19 11:02:34.434 64772 INFO tempest.lib.common.rest_client [req-0f67a814-e0f1-4643-8ecb-6e9945541022 req-0f67a814-e0f1-4643-8ecb-6e9945541022 ] Request (ServersAdmin275Test:tearDownClass): 200 GET http://10.180.1.21/compute/v2.1/servers/1a443c3f-117d-4632-9f1f-f00b17394c3f 1.057s
2025-02-19 11:02:34.478 64808 INFO tempest.lib.common.rest_client [req-83305e83-f17d-4adc-9f86-af20367917fb req-83305e83-f17d-4adc-9f86-af20367917fb ] Request (DeleteServersAdminTestJSON:test_delete_server_while_in_error_state): 202 POST http://10.180.1.21/compute/v2.1/servers/7467c72f-b5e5-4911-9d66-6944280908cb/action 0.955s
2025-02-19 11:02:34.543 64816 INFO tempest.lib.common.rest_client [req-79584565-7f6a-4771-b940-e1509b82f3ef req-79584565-7f6a-4771-b940-e1509b82f3ef ] Request (ServersNegativeTestMultiTenantJSON:setUp): 200 GET http://10.180.1.21/compute/v2.1/servers/6db2f440-6651-4694-872b-72536274f44f 0.883s
2025-02-19 11:02:34.549 64804 INFO tempest.lib.common.rest_client [req-fe82353b-aa94-4518-af98-f1235e2a6bac req-fe82353b-aa94-4518-af98-f1235e2a6bac ] Request (VolumesGetTestJSON:test_volume_create_get_delete): 200 GET http://10.180.1.21/compute/v2.1/os-volumes/b168e9d2-0da0-4f98-be48-6b7d10a49e8e 0.837s
2025-02-19 11:02:34.606 64784 INFO tempest.lib.common.rest_client [req-2f1e0c08-de87-4ad7-9d39-fc2bc900c684 req-2f1e0c08-de87-4ad7-9d39-fc2bc900c684 ] Request (ServerRescueTestJSON:setUpClass): 200 GET http://10.180.1.21/compute/v2.1/servers/3e5f0538-c92f-41c2-a451-ecdece381f8f 0.808s
2025-02-19 11:02:34.613 64784 INFO tempest.common.waiters [-] State transition "BUILD/scheduling" ==> "BUILD/None" after 13 second wait
2025-02-19 11:02:34.613 64768 INFO tempest.lib.common.rest_client [req-26dbcbf2-0a6f-4c88-a803-38abd598b11c req-26dbcbf2-0a6f-4c88-a803-38abd598b11c ] Request (AttachInterfacesV270Test:tearDownClass): 200 GET http://10.180.1.21/compute/v2.1/servers/bbbc7f19-5604-436d-af15-4bfd0fffac0b 0.865s
2025-02-19 11:02:34.666 64764 INFO tempest.lib.common.rest_client [req-786e67ed-8feb-40e6-bcc3-4c6a17016b0f req-786e67ed-8feb-40e6-bcc3-4c6a17016b0f ] Request (ImagesTestJSON:test_create_image_from_stopped_server): 200 GET http://10.180.1.21/compute/v2.1/servers/6b932cd2-a6f5-4cc3-b287-91737817d6f7 0.864s
2025-02-19 11:02:34.674 64774 INFO tempest.lib.common.rest_client [req-ac5b9276-3ebd-42f5-9bc3-45f55659bf83 req-ac5b9276-3ebd-42f5-9bc3-45f55659bf83 ] Request (ServerActionsTestJSON:setUpClass): 200 GET http://10.180.1.21/compute/v2.1/servers/31ab3f26-c0cf-4ff0-b92c-b4fd75fc1e0e 0.811s
2025-02-19 11:02:34.784 64788 INFO tempest.lib.common.rest_client [req-96db3dbc-4249-4611-8aa0-cb32acbd4704 req-96db3dbc-4249-4611-8aa0-cb32acbd4704 ] Request (ServersTestBootFromVolume:setUpClass): 200 GET http://10.180.1.21/volume/v3/volumes/e78920c7-a7c2-400c-a0ba-78c20512112a 0.030s
2025-02-19 11:02:34.803 64786 INFO tempest.lib.common.rest_client [req-169239ed-2547-42d9-ba2b-11a9ea8c4465 req-169239ed-2547-42d9-ba2b-11a9ea8c4465 ] Request (DeleteServersTestJSON:test_delete_active_server): 200 GET http://10.180.1.21/compute/v2.1/servers/686e78f4-a5c2-465a-9018-5623795aadd0 0.795s
2025-02-19 11:02:34.808 64792 INFO tempest.lib.common.rest_client [req-9181e19e-6e8e-4193-9883-bf234d16dc46 req-9181e19e-6e8e-4193-9883-bf234d16dc46 ] Request (KeyPairsV2TestJSON:test_get_keypair_detail): 200 POST http://10.180.1.21/compute/v2.1/os-keypairs 0.753s
2025-02-19 11:02:34.860 64762 INFO tempest.lib.common.rest_client [req-c05c3a91-ea2a-489c-bb32-f2bc097476a3 req-c05c3a91-ea2a-489c-bb32-f2bc097476a3 ] Request (ServersAdminTestJSON:test_create_server_with_scheduling_hint): 200 GET http://10.180.1.21/compute/v2.1/servers/47374946-3398-439c-b530-9f249844450b 0.705s
2025-02-19 11:02:34.868 64802 INFO tempest.lib.common.rest_client [req-8f61d19a-28ce-4f23-b6d7-2fd3fc1e9f03 req-8f61d19a-28ce-4f23-b6d7-2fd3fc1e9f03 ] Request (ImagesOneServerNegativeTestJSON:_run_cleanups): 200 GET http://10.180.1.21/compute/v2.1/servers/a58a3926-6b91-442a-bb19-e8557b50b57a 0.785s
2025-02-19 11:02:34.906 64760 INFO tempest.lib.common.rest_client [req-31244641-93ac-4c98-b2f7-af2e2ced8a35 req-31244641-93ac-4c98-b2f7-af2e2ced8a35 ] Request (ServersNegativeTestJSON:setUpClass): 200 GET http://10.180.1.21/compute/v2.1/servers/d0381940-546b-45e7-984e-a78444d069f1 0.672s
2025-02-19 11:02:34.976 64818 INFO tempest.lib.common.rest_client [req-76e4ff09-71d6-4225-98f0-6a210057d150 req-76e4ff09-71d6-4225-98f0-6a210057d150 ] Request (ServerShowV257Test:test_rebuild_server): 200 GET http://10.180.1.21/compute/v2.1/servers/29249acd-a277-4c8b-aa14-a981b1ef16e1 0.659s
2025-02-19 11:02:35.024 64810 INFO tempest.lib.common.rest_client [req-7d897c07-4a47-4e17-8053-531dbecc9d13 req-7d897c07-4a47-4e17-8053-531dbecc9d13 ] Request (SecurityGroupsTestJSON:test_server_security_groups): 200 GET http://10.180.1.21/compute/v2.1/servers/95420eb6-9a0f-446f-bed0-b8d47808f5c6 0.645s
2025-02-19 11:02:35.199 64808 INFO tempest.lib.common.rest_client [req-c1d0d933-aaf6-4b0f-af85-9c39ec9fbb15 req-c1d0d933-aaf6-4b0f-af85-9c39ec9fbb15 ] Request (DeleteServersAdminTestJSON:test_delete_server_while_in_error_state): 200 GET http://10.180.1.21/compute/v2.1/servers/7467c72f-b5e5-4911-9d66-6944280908cb 0.720s
2025-02-19 11:02:35.252 64816 INFO tempest.lib.common.rest_client [req-29233de1-ad2d-4821-a4b1-b1aadb22cbec req-29233de1-ad2d-4821-a4b1-b1aadb22cbec ] Request (ServersNegativeTestMultiTenantJSON:test_update_server_of_another_tenant): 404 PUT http://10.180.1.21/compute/v2.1/servers/6db2f440-6651-4694-872b-72536274f44f 0.699s
2025-02-19 11:02:35.301 64804 INFO tempest.lib.common.rest_client [req-daddba12-cd21-4421-99ab-2f5608e3be58 req-daddba12-cd21-4421-99ab-2f5608e3be58 ] Request (VolumesGetTestJSON:tearDownClass): 202 DELETE http://10.180.1.21/compute/v2.1/os-volumes/b168e9d2-0da0-4f98-be48-6b7d10a49e8e 0.744s
2025-02-19 11:02:35.309 64792 INFO tempest.lib.common.rest_client [req-78324728-9f45-4a5e-9467-58eed4651ed9 req-78324728-9f45-4a5e-9467-58eed4651ed9 ] Request (KeyPairsV2TestJSON:test_get_keypair_detail): 200 GET http://10.180.1.21/compute/v2.1/os-keypairs/tempest-keypair-1764370979 0.499s
2025-02-19 11:02:35.377 64777 INFO tempest.lib.common.rest_client [req-19507731-2ff0-42ba-8af4-3a8c07456ef4 req-19507731-2ff0-42ba-8af4-3a8c07456ef4 ] Request (ServersAdminNegativeTestJSON:tearDownClass): 200 GET http://10.180.1.21/compute/v2.1/servers/5c6ceda1-24ea-4706-bb14-7408d945ff55 0.533s
2025-02-19 11:02:35.431 64778 INFO tempest.lib.common.rest_client [req-955adb51-3290-4e9a-814c-b479ff436fe4 req-955adb51-3290-4e9a-814c-b479ff436fe4 ] Request (ServerGroupTestJSON:test_create_server_with_scheduler_hint_group): 200 GET http://10.180.1.21/compute/v2.1/servers/c806a2df-2ef2-44aa-a265-ece27caa6307 0.317s
2025-02-19 11:02:35.483 64800 INFO tempest.lib.common.rest_client [req-c9c7fe09-b27d-4fdd-acd8-7b41f390a04d req-c9c7fe09-b27d-4fdd-acd8-7b41f390a04d ] Request (ServerActionsV293TestJSON:setUpClass): 200 GET http://10.180.1.21/compute/v2.1/servers/99eba029-a1cf-428f-a608-b4fe81e4c6a7 0.313s
2025-02-19 11:02:35.547 64780 WARNING tempest.lib.common.ssh [-] Failed to establish authenticated ssh connection to cirros@10.180.180.198 ([Errno None] Unable to connect to port 22 on 10.180.180.198). Number attempts: 2. Retry after 3 seconds.: paramiko.ssh_exception.NoValidConnectionsError: [Errno None] Unable to connect to port 22 on 10.180.180.198
2025-02-19 11:02:35.556 64808 INFO tempest.lib.common.rest_client [req-fb5af57d-e04a-434c-b0db-364aa6c6880e req-fb5af57d-e04a-434c-b0db-364aa6c6880e ] Request (DeleteServersAdminTestJSON:test_delete_server_while_in_error_state): 204 DELETE http://10.180.1.21/compute/v2.1/servers/7467c72f-b5e5-4911-9d66-6944280908cb 0.345s
2025-02-19 11:02:35.616 64806 INFO tempest.lib.common.rest_client [req-bfd26d45-0ea9-45e8-8377-140510e120be req-bfd26d45-0ea9-45e8-8377-140510e120be ] Request (MultipleCreateTestJSON:test_multiple_create): 200 GET http://10.180.1.21/compute/v2.1/servers/58178746-86f1-4b0b-941a-7ee6a7a7f3c1 0.395s
2025-02-19 11:02:35.686 64816 INFO tempest.lib.common.rest_client [req-be774b74-afb3-4234-bd91-fcf64e312e88 req-be774b74-afb3-4234-bd91-fcf64e312e88 ] Request (ServersNegativeTestMultiTenantJSON:tearDownClass): 204 DELETE http://10.180.1.21/compute/v2.1/servers/6db2f440-6651-4694-872b-72536274f44f 0.428s
2025-02-19 11:02:35.709 64804 INFO tempest.lib.common.rest_client [req-6e89f528-21e2-4c01-8c17-910a304f49c3 req-6e89f528-21e2-4c01-8c17-910a304f49c3 ] Request (VolumesGetTestJSON:tearDownClass): 404 GET http://10.180.1.21/compute/v2.1/os-volumes/b168e9d2-0da0-4f98-be48-6b7d10a49e8e 0.408s
2025-02-19 11:02:35.728 64792 INFO tempest.lib.common.rest_client [req-cfd46063-83b4-45db-ba25-0b31ce4cfe0a req-cfd46063-83b4-45db-ba25-0b31ce4cfe0a ] Request (KeyPairsV2TestJSON:_run_cleanups): 202 DELETE http://10.180.1.21/compute/v2.1/os-keypairs/tempest-keypair-1764370979 0.417s
2025-02-19 11:02:35.785 64814 INFO tempest.lib.common.rest_client [req-6125dd2c-7741-4be5-a593-1a0f70e965ba req-6125dd2c-7741-4be5-a593-1a0f70e965ba ] Request (TenantUsagesTestJSON:setUpClass): 200 GET http://10.180.1.21/compute/v2.1/servers/0d963c2d-4091-418b-a3fc-e60f7bf22b2a 0.471s
2025-02-19 11:02:35.822 64788 INFO tempest.lib.common.rest_client [req-115f4234-ee40-42e5-88d4-eea2f84a909f req-115f4234-ee40-42e5-88d4-eea2f84a909f ] Request (ServersTestBootFromVolume:setUpClass): 200 GET http://10.180.1.21/volume/v3/volumes/e78920c7-a7c2-400c-a0ba-78c20512112a 0.030s
2025-02-19 11:02:35.848 64804 INFO tempest.lib.common.rest_client [req-637cc553-d39e-4d4c-b3e3-51178adfe886 req-637cc553-d39e-4d4c-b3e3-51178adfe886 ] Request (VolumesGetTestJSON:tearDownClass): 204 DELETE http://10.180.1.21/identity/v3/users/441ec0e993664665a6f3ed0c03dd9fbf 0.138s
2025-02-19 11:02:35.848 64804 INFO tempest.lib.common.dynamic_creds [-] Deleting project and security group for project: e460d701ea514fd3b852d26460c8d7b9
2025-02-19 11:02:35.907 64804 INFO tempest.lib.common.rest_client [req-8a8e2ac9-7cdf-46fd-8a37-a45acca410ba req-8a8e2ac9-7cdf-46fd-8a37-a45acca410ba ] Request (VolumesGetTestJSON:tearDownClass): 201 POST http://10.180.1.21/identity/v3/auth/tokens 0.059s
2025-02-19 11:02:35.950 64766 INFO tempest.lib.common.rest_client [req-cbb45c01-aac5-46a5-a46f-bb3d5573a538 req-cbb45c01-aac5-46a5-a46f-bb3d5573a538 ] Request (VolumesAdminNegativeTest:test_update_attached_volume_with_nonexistent_volume_in_body): 200 GET http://10.180.1.21/compute/v2.1/servers/184b46f6-60a1-4425-ae07-726c056b1a18 0.628s
2025-02-19 11:02:36.027 64770 INFO tempest.lib.common.rest_client [req-79ba3384-01b8-4fec-b8a3-26d3cebf266e req-79ba3384-01b8-4fec-b8a3-26d3cebf266e ] Request (MigrationsAdminTest:test_list_migrations_in_flavor_resize_situation): 200 GET http://10.180.1.21/compute/v2.1/servers/4527a9ba-28f7-4698-aec0-6389cfc9d788 0.660s
2025-02-19 11:02:36.098 64790 INFO tempest.lib.common.rest_client [req-0ab76834-e52e-4bcd-a089-eed0cee29cbc req-0ab76834-e52e-4bcd-a089-eed0cee29cbc ] Request (InstanceActionsNegativeTestJSON:setUpClass): 200 GET http://10.180.1.21/compute/v2.1/servers/4865661d-e1c2-4e2a-9051-bab851553c15 0.725s
2025-02-19 11:02:36.168 64798 INFO tempest.lib.common.rest_client [req-e66d1162-477a-4408-9579-2227c9b88a83 req-e66d1162-477a-4408-9579-2227c9b88a83 ] Request (ServerAddressesTestJSON:tearDownClass): 200 GET http://10.180.1.21/compute/v2.1/servers/5bb4533f-fd1f-4f67-9d60-d34509284bd5 0.736s
2025-02-19 11:02:36.191 64804 INFO tempest.lib.common.rest_client [req-0752fb9e-757c-4966-811b-b2b3c29f35a6 req-0752fb9e-757c-4966-811b-b2b3c29f35a6 ] Request (VolumesGetTestJSON:tearDownClass): 200 GET http://10.180.1.21:9696/networking/v2.0/security-groups?tenant_id=e460d701ea514fd3b852d26460c8d7b9&name=default 0.283s
2025-02-19 11:02:36.259 64772 INFO tempest.lib.common.rest_client [req-118e6953-ad05-4be8-a922-d0d4254eaf41 req-118e6953-ad05-4be8-a922-d0d4254eaf41 ] Request (ServersAdmin275Test:tearDownClass): 200 GET http://10.180.1.21/compute/v2.1/servers/1a443c3f-117d-4632-9f1f-f00b17394c3f 0.815s
2025-02-19 11:02:36.370 64804 INFO tempest.lib.common.rest_client [req-cbfea607-69e7-43b7-acdf-250825b2ae61 req-cbfea607-69e7-43b7-acdf-250825b2ae61 ] Request (VolumesGetTestJSON:tearDownClass): 204 DELETE http://10.180.1.21:9696/networking/v2.0/security-groups/9daa9390-b282-4897-9861-a609f7dea597 0.178s
2025-02-19 11:02:36.407 64808 INFO tempest.lib.common.rest_client [req-e3858c3f-c2fe-4543-9483-8bf0edc95daf req-e3858c3f-c2fe-4543-9483-8bf0edc95daf ] Request (DeleteServersAdminTestJSON:test_delete_server_while_in_error_state): 200 GET http://10.180.1.21/compute/v2.1/servers/7467c72f-b5e5-4911-9d66-6944280908cb 0.850s
2025-02-19 11:02:36.461 64804 INFO tempest.lib.common.rest_client [req-695b8c53-b405-4753-8265-00f2aa841861 req-695b8c53-b405-4753-8265-00f2aa841861 ] Request (VolumesGetTestJSON:tearDownClass): 204 DELETE http://10.180.1.21/identity/v3/projects/e460d701ea514fd3b852d26460c8d7b9 0.091s
2025-02-19 11:02:36.484 64784 INFO tempest.lib.common.rest_client [req-d7a48f10-086c-4722-bc2c-59f43c801996 req-d7a48f10-086c-4722-bc2c-59f43c801996 ] Request (ServerRescueTestJSON:setUpClass): 200 GET http://10.180.1.21/compute/v2.1/servers/3e5f0538-c92f-41c2-a451-ecdece381f8f 0.870s
2025-02-19 11:02:36.568 64768 INFO tempest.lib.common.rest_client [req-aac4b654-6f28-4f2a-bcbb-675f405cda70 req-aac4b654-6f28-4f2a-bcbb-675f405cda70 ] Request (AttachInterfacesV270Test:tearDownClass): 200 GET http://10.180.1.21/compute/v2.1/servers/bbbc7f19-5604-436d-af15-4bfd0fffac0b 0.944s
2025-02-19 11:02:36.608 64820 INFO tempest.lib.common.rest_client [req-0e04554a-4867-430e-8769-fc618a6a0004 req-0e04554a-4867-430e-8769-fc618a6a0004 ] Request (FloatingIPsAssociationTestJSON:test_associate_already_associated_floating_ip): 202 POST http://10.180.1.21/compute/v2.1/servers/3299739d-1b3d-49ed-b2a3-ccee2418ab1d/action 2.367s
2025-02-19 11:02:36.746 64764 INFO tempest.lib.common.rest_client [req-eafae2b6-049a-4614-b775-8d76e85d85e4 req-eafae2b6-049a-4614-b775-8d76e85d85e4 ] Request (ImagesTestJSON:test_create_image_from_stopped_server): 200 GET http://10.180.1.21/compute/v2.1/servers/6b932cd2-a6f5-4cc3-b287-91737817d6f7 1.072s
2025-02-19 11:02:36.756 64764 INFO tempest.common.waiters [-] State transition "BUILD/None" ==> "BUILD/block_device_mapping" after 34 second wait
2025-02-19 11:02:36.761 64816 INFO tempest.lib.common.rest_client [req-62249d09-8670-4e54-ac5a-69069b487d67 req-62249d09-8670-4e54-ac5a-69069b487d67 ] Request (ServersNegativeTestMultiTenantJSON:tearDownClass): 200 GET http://10.180.1.21/compute/v2.1/servers/6db2f440-6651-4694-872b-72536274f44f 1.074s
2025-02-19 11:02:36.806 64792 INFO tempest.lib.common.rest_client [req-041b3334-19a9-4b7a-9c73-8a5cc3ab2508 req-041b3334-19a9-4b7a-9c73-8a5cc3ab2508 ] Request (KeyPairsV2TestJSON:test_keypair_create_delete): 200 POST http://10.180.1.21/compute/v2.1/os-keypairs 1.074s
2025-02-19 11:02:36.819 64774 INFO tempest.lib.common.rest_client [req-b2bc84a3-a3aa-40d8-82e5-3a4cfbe71e84 req-b2bc84a3-a3aa-40d8-82e5-3a4cfbe71e84 ] Request (ServerActionsTestJSON:setUpClass): 200 GET http://10.180.1.21/compute/v2.1/servers/31ab3f26-c0cf-4ff0-b92c-b4fd75fc1e0e 1.131s
2025-02-19 11:02:36.862 64788 INFO tempest.lib.common.rest_client [req-c2299ad6-5573-4c9f-adad-db7382cdae0f req-c2299ad6-5573-4c9f-adad-db7382cdae0f ] Request (ServersTestBootFromVolume:setUpClass): 200 GET http://10.180.1.21/volume/v3/volumes/e78920c7-a7c2-400c-a0ba-78c20512112a 0.031s
2025-02-19 11:02:36.879 64762 INFO tempest.lib.common.rest_client [req-ba471dc8-7301-4ca9-af83-e5af6c700b4f req-ba471dc8-7301-4ca9-af83-e5af6c700b4f ] Request (ServersAdminTestJSON:test_create_server_with_scheduling_hint): 200 GET http://10.180.1.21/compute/v2.1/servers/47374946-3398-439c-b530-9f249844450b 1.003s
2025-02-19 11:02:36.921 64786 INFO tempest.lib.common.rest_client [req-b07eac5e-c9af-45ec-a0c7-29ac2727e74f req-b07eac5e-c9af-45ec-a0c7-29ac2727e74f ] Request (DeleteServersTestJSON:test_delete_active_server): 200 GET http://10.180.1.21/compute/v2.1/servers/686e78f4-a5c2-465a-9018-5623795aadd0 1.103s
2025-02-19 11:02:36.949 64802 INFO tempest.lib.common.rest_client [req-6ffb535c-892e-4fb9-912b-5fb7b4156210 req-6ffb535c-892e-4fb9-912b-5fb7b4156210 ] Request (ImagesOneServerNegativeTestJSON:_run_cleanups): 200 GET http://10.180.1.21/compute/v2.1/servers/a58a3926-6b91-442a-bb19-e8557b50b57a 1.069s
2025-02-19 11:02:36.967 64760 INFO tempest.lib.common.rest_client [req-55c64a99-472e-4b97-b5c4-ecefb2ca89f5 req-55c64a99-472e-4b97-b5c4-ecefb2ca89f5 ] Request (ServersNegativeTestJSON:setUpClass): 200 GET http://10.180.1.21/compute/v2.1/servers/d0381940-546b-45e7-984e-a78444d069f1 1.051s
2025-02-19 11:02:37.001 64818 INFO tempest.lib.common.rest_client [req-932b45a2-a314-4e12-a16a-5ea2bb4c6d48 req-932b45a2-a314-4e12-a16a-5ea2bb4c6d48 ] Request (ServerShowV257Test:test_rebuild_server): 200 GET http://10.180.1.21/compute/v2.1/servers/29249acd-a277-4c8b-aa14-a981b1ef16e1 1.014s
2025-02-19 11:02:37.014 64810 INFO tempest.lib.common.rest_client [req-d96b3236-0720-47c9-95bb-f010966ded58 req-d96b3236-0720-47c9-95bb-f010966ded58 ] Request (SecurityGroupsTestJSON:test_server_security_groups): 200 GET http://10.180.1.21/compute/v2.1/servers/95420eb6-9a0f-446f-bed0-b8d47808f5c6 0.982s
2025-02-19 11:02:37.053 64777 INFO tempest.lib.common.rest_client [req-3b571134-d97f-4c9f-bc40-97aeb718d913 req-3b571134-d97f-4c9f-bc40-97aeb718d913 ] Request (ServersAdminNegativeTestJSON:tearDownClass): 200 GET http://10.180.1.21/compute/v2.1/servers/5c6ceda1-24ea-4706-bb14-7408d945ff55 0.666s
2025-02-19 11:02:37.067 64778 INFO tempest.lib.common.rest_client [req-3215800c-c21c-4c81-9fd5-c035d1c4b500 req-3215800c-c21c-4c81-9fd5-c035d1c4b500 ] Request (ServerGroupTestJSON:test_create_server_with_scheduler_hint_group): 200 GET http://10.180.1.21/compute/v2.1/servers/c806a2df-2ef2-44aa-a265-ece27caa6307 0.627s
2025-02-19 11:02:37.103 64800 INFO tempest.lib.common.rest_client [req-484b7ea7-c749-49af-a226-199254ce1d52 req-484b7ea7-c749-49af-a226-199254ce1d52 ] Request (ServerActionsV293TestJSON:setUpClass): 200 GET http://10.180.1.21/compute/v2.1/servers/99eba029-a1cf-428f-a608-b4fe81e4c6a7 0.609s
2025-02-19 11:02:37.159 64806 INFO tempest.lib.common.rest_client [req-0f62ce8f-20e4-4d37-9b69-883afb7fb76f req-0f62ce8f-20e4-4d37-9b69-883afb7fb76f ] Request (MultipleCreateTestJSON:test_multiple_create): 200 GET http://10.180.1.21/compute/v2.1/servers/58178746-86f1-4b0b-941a-7ee6a7a7f3c1 0.534s
2025-02-19 11:02:37.217 64814 INFO tempest.lib.common.rest_client [req-cbc794df-72bc-456c-b618-3a7f72d0e799 req-cbc794df-72bc-456c-b618-3a7f72d0e799 ] Request (TenantUsagesTestJSON:setUpClass): 200 GET http://10.180.1.21/compute/v2.1/servers/0d963c2d-4091-418b-a3fc-e60f7bf22b2a 0.417s
2025-02-19 11:02:37.232 64792 INFO tempest.lib.common.rest_client [req-0d611c24-7ab7-4a2f-b8ae-88e9c117e59b req-0d611c24-7ab7-4a2f-b8ae-88e9c117e59b ] Request (KeyPairsV2TestJSON:_run_cleanups): 202 DELETE http://10.180.1.21/compute/v2.1/os-keypairs/tempest-keypair-868400790 0.424s
2025-02-19 11:02:37.271 64820 INFO tempest.lib.common.rest_client [req-a9533639-2e40-43b7-9d2b-42cc6c6949cf req-a9533639-2e40-43b7-9d2b-42cc6c6949cf ] Request (FloatingIPsAssociationTestJSON:test_associate_already_associated_floating_ip): 409 POST http://10.180.1.21/compute/v2.1/servers/44cba84c-0e8a-485d-810f-60dc64152206/action 0.662s
2025-02-19 11:02:37.321 64770 INFO tempest.lib.common.rest_client [req-6e534908-ccb9-4ae4-b8c8-51be5771c303 req-6e534908-ccb9-4ae4-b8c8-51be5771c303 ] Request (MigrationsAdminTest:test_list_migrations_in_flavor_resize_situation): 200 GET http://10.180.1.21/compute/v2.1/servers/4527a9ba-28f7-4698-aec0-6389cfc9d788 0.286s
2025-02-19 11:02:37.370 64766 INFO tempest.lib.common.rest_client [req-92ea4d37-027f-48eb-b1d3-d9a875395511 req-92ea4d37-027f-48eb-b1d3-d9a875395511 ] Request (VolumesAdminNegativeTest:test_update_attached_volume_with_nonexistent_volume_in_body): 200 GET http://10.180.1.21/compute/v2.1/servers/184b46f6-60a1-4425-ae07-726c056b1a18 0.411s
2025-02-19 11:02:37.376 64790 INFO tempest.lib.common.rest_client [req-5d3f4840-e51b-42f0-b56d-1bfc30d27c1c req-5d3f4840-e51b-42f0-b56d-1bfc30d27c1c ] Request (InstanceActionsNegativeTestJSON:setUpClass): 200 GET http://10.180.1.21/compute/v2.1/servers/4865661d-e1c2-4e2a-9051-bab851553c15 0.267s
2025-02-19 11:02:37.407 64792 INFO tempest.lib.common.rest_client [req-8e57ed06-a65b-42c2-837d-724d4be2769c req-8e57ed06-a65b-42c2-837d-724d4be2769c ] Request (KeyPairsV2TestJSON:test_keypair_create_with_pub_key): 200 POST http://10.180.1.21/compute/v2.1/os-keypairs 0.173s
2025-02-19 11:02:37.437 64798 INFO tempest.lib.common.rest_client [req-e345b782-f3a8-4ae6-847c-957ccadf1865 req-e345b782-f3a8-4ae6-847c-957ccadf1865 ] Request (ServerAddressesTestJSON:tearDownClass): 200 GET http://10.180.1.21/compute/v2.1/servers/5bb4533f-fd1f-4f67-9d60-d34509284bd5 0.260s
2025-02-19 11:02:37.507 64772 INFO tempest.lib.common.rest_client [req-137ffc28-fdab-45d0-9564-d335d03cc94c req-137ffc28-fdab-45d0-9564-d335d03cc94c ] Request (ServersAdmin275Test:tearDownClass): 200 GET http://10.180.1.21/compute/v2.1/servers/1a443c3f-117d-4632-9f1f-f00b17394c3f 0.231s
2025-02-19 11:02:37.520 64792 INFO tempest.lib.common.rest_client [req-4b3a38ce-6efc-4b65-afd0-2406459164d2 req-4b3a38ce-6efc-4b65-afd0-2406459164d2 ] Request (KeyPairsV2TestJSON:_run_cleanups): 202 DELETE http://10.180.1.21/compute/v2.1/os-keypairs/tempest-keypair-1227245050 0.111s
2025-02-19 11:02:37.663 64808 INFO tempest.lib.common.rest_client [req-edba98f7-df0f-45cf-8f2a-9a549467283c req-edba98f7-df0f-45cf-8f2a-9a549467283c ] Request (DeleteServersAdminTestJSON:test_delete_server_while_in_error_state): 200 GET http://10.180.1.21/compute/v2.1/servers/7467c72f-b5e5-4911-9d66-6944280908cb 0.244s
2025-02-19 11:02:37.717 64784 INFO tempest.lib.common.rest_client [req-e60da448-756d-434f-a6c3-07e05a9b2b50 req-e60da448-756d-434f-a6c3-07e05a9b2b50 ] Request (ServerRescueTestJSON:setUpClass): 200 GET http://10.180.1.21/compute/v2.1/servers/3e5f0538-c92f-41c2-a451-ecdece381f8f 0.224s
2025-02-19 11:02:37.757 64792 INFO tempest.lib.common.rest_client [req-3ccb306b-8de6-4fa6-bc71-23098e2a5ff9 req-3ccb306b-8de6-4fa6-bc71-23098e2a5ff9 ] Request (KeyPairsV2TestJSON:test_keypairs_create_list_delete): 200 POST http://10.180.1.21/compute/v2.1/os-keypairs 0.234s
2025-02-19 11:02:37.825 64768 INFO tempest.lib.common.rest_client [req-bcbba2b6-764d-4a99-8997-090b68d4ea4d req-bcbba2b6-764d-4a99-8997-090b68d4ea4d ] Request (AttachInterfacesV270Test:tearDownClass): 200 GET http://10.180.1.21/compute/v2.1/servers/bbbc7f19-5604-436d-af15-4bfd0fffac0b 0.242s
2025-02-19 11:02:37.852 64792 INFO tempest.lib.common.rest_client [req-49aa6891-295d-49d0-a8f8-2d4519abad95 req-49aa6891-295d-49d0-a8f8-2d4519abad95 ] Request (KeyPairsV2TestJSON:test_keypairs_create_list_delete): 200 POST http://10.180.1.21/compute/v2.1/os-keypairs 0.093s
2025-02-19 11:02:37.902 64788 INFO tempest.lib.common.rest_client [req-6b152b51-7c89-42ba-9ae7-b408698a931a req-6b152b51-7c89-42ba-9ae7-b408698a931a ] Request (ServersTestBootFromVolume:setUpClass): 200 GET http://10.180.1.21/volume/v3/volumes/e78920c7-a7c2-400c-a0ba-78c20512112a 0.032s
2025-02-19 11:02:37.978 64764 INFO tempest.lib.common.rest_client [req-2a19dfd6-611e-4a29-8052-ab94be9de101 req-2a19dfd6-611e-4a29-8052-ab94be9de101 ] Request (ImagesTestJSON:test_create_image_from_stopped_server): 200 GET http://10.180.1.21/compute/v2.1/servers/6b932cd2-a6f5-4cc3-b287-91737817d6f7 0.214s
2025-02-19 11:02:37.986 64764 INFO tempest.common.waiters [-] State transition "BUILD/block_device_mapping" ==> "BUILD/spawning" after 35 second wait
2025-02-19 11:02:38.165 64816 INFO tempest.lib.common.rest_client [req-d9ed01c4-485d-4df8-8fa1-9b51fe45e8f5 req-d9ed01c4-485d-4df8-8fa1-9b51fe45e8f5 ] Request (ServersNegativeTestMultiTenantJSON:tearDownClass): 200 GET http://10.180.1.21/compute/v2.1/servers/6db2f440-6651-4694-872b-72536274f44f 0.396s
2025-02-19 11:02:38.230 64774 INFO tempest.lib.common.rest_client [req-163363ee-2f3d-413f-b9fd-3b7b34fef953 req-163363ee-2f3d-413f-b9fd-3b7b34fef953 ] Request (ServerActionsTestJSON:setUpClass): 200 GET http://10.180.1.21/compute/v2.1/servers/31ab3f26-c0cf-4ff0-b92c-b4fd75fc1e0e 0.403s
2025-02-19 11:02:38.260 64792 INFO tempest.lib.common.rest_client [req-49b4183f-b4fd-4164-a953-7781b5ceee99 req-49b4183f-b4fd-4164-a953-7781b5ceee99 ] Request (KeyPairsV2TestJSON:test_keypairs_create_list_delete): 200 POST http://10.180.1.21/compute/v2.1/os-keypairs 0.406s
2025-02-19 11:02:38.323 64762 INFO tempest.lib.common.rest_client [req-5d302586-394b-46f2-af7c-7fa021a2423c req-5d302586-394b-46f2-af7c-7fa021a2423c ] Request (ServersAdminTestJSON:test_create_server_with_scheduling_hint): 200 GET http://10.180.1.21/compute/v2.1/servers/47374946-3398-439c-b530-9f249844450b 0.433s
2025-02-19 11:02:38.453 64786 INFO tempest.lib.common.rest_client [req-ff84f596-5861-4bdf-a9ab-1fd309b711ce req-ff84f596-5861-4bdf-a9ab-1fd309b711ce ] Request (DeleteServersTestJSON:test_delete_active_server): 200 GET http://10.180.1.21/compute/v2.1/servers/686e78f4-a5c2-465a-9018-5623795aadd0 0.521s
2025-02-19 11:02:38.458 64820 INFO tempest.lib.common.rest_client [req-436123c2-a173-4223-8b85-37eb91cd3fc9 req-436123c2-a173-4223-8b85-37eb91cd3fc9 ] Request (FloatingIPsAssociationTestJSON:_run_cleanups): 202 POST http://10.180.1.21/compute/v2.1/servers/3299739d-1b3d-49ed-b2a3-ccee2418ab1d/action 1.186s
2025-02-19 11:02:38.514 64760 INFO tempest.lib.common.rest_client [req-54009eda-9026-4c2f-9dae-2cfc7ec7c42a req-54009eda-9026-4c2f-9dae-2cfc7ec7c42a ] Request (ServersNegativeTestJSON:setUpClass): 200 GET http://10.180.1.21/compute/v2.1/servers/d0381940-546b-45e7-984e-a78444d069f1 0.539s
2025-02-19 11:02:38.530 64802 INFO tempest.lib.common.rest_client [req-f24ba1f9-bea6-4e9d-b704-e41780cfe5b5 req-f24ba1f9-bea6-4e9d-b704-e41780cfe5b5 ] Request (ImagesOneServerNegativeTestJSON:_run_cleanups): 200 GET http://10.180.1.21/compute/v2.1/servers/a58a3926-6b91-442a-bb19-e8557b50b57a 0.571s
2025-02-19 11:02:38.589 64818 INFO tempest.lib.common.rest_client [req-8dfc6a01-908d-43a2-909e-3da6cbdf0392 req-8dfc6a01-908d-43a2-909e-3da6cbdf0392 ] Request (ServerShowV257Test:test_rebuild_server): 200 GET http://10.180.1.21/compute/v2.1/servers/29249acd-a277-4c8b-aa14-a981b1ef16e1 0.577s
2025-02-19 11:02:38.612 64810 INFO tempest.lib.common.rest_client [req-75e5f99b-133f-4f30-8f07-bdc4fad2bc4a req-75e5f99b-133f-4f30-8f07-bdc4fad2bc4a ] Request (SecurityGroupsTestJSON:test_server_security_groups): 200 GET http://10.180.1.21/compute/v2.1/servers/95420eb6-9a0f-446f-bed0-b8d47808f5c6 0.588s
2025-02-19 11:02:38.681 64777 INFO tempest.lib.common.rest_client [req-2bb3a757-4181-41ed-b7c8-f8dee5210cd0 req-2bb3a757-4181-41ed-b7c8-f8dee5210cd0 ] Request (ServersAdminNegativeTestJSON:tearDownClass): 200 GET http://10.180.1.21/compute/v2.1/servers/5c6ceda1-24ea-4706-bb14-7408d945ff55 0.619s
2025-02-19 11:02:38.682 64778 INFO tempest.lib.common.rest_client [req-082c1913-4927-4bad-a7df-afd1b4bee202 req-082c1913-4927-4bad-a7df-afd1b4bee202 ] Request (ServerGroupTestJSON:test_create_server_with_scheduler_hint_group): 200 GET http://10.180.1.21/compute/v2.1/servers/c806a2df-2ef2-44aa-a265-ece27caa6307 0.608s
2025-02-19 11:02:38.750 64806 INFO tempest.lib.common.rest_client [req-7c26839c-0c92-40d0-84df-19ba2e9ab77a req-7c26839c-0c92-40d0-84df-19ba2e9ab77a ] Request (MultipleCreateTestJSON:test_multiple_create): 200 GET http://10.180.1.21/compute/v2.1/servers/58178746-86f1-4b0b-941a-7ee6a7a7f3c1 0.583s
2025-02-19 11:02:38.757 64800 INFO tempest.lib.common.rest_client [req-f5cb9f5a-85c6-4ce4-91bb-8cfd4af60f60 req-f5cb9f5a-85c6-4ce4-91bb-8cfd4af60f60 ] Request (ServerActionsV293TestJSON:setUpClass): 200 GET http://10.180.1.21/compute/v2.1/servers/99eba029-a1cf-428f-a608-b4fe81e4c6a7 0.642s
2025-02-19 11:02:38.770 64792 INFO tempest.lib.common.rest_client [req-c4848edb-cb45-445e-8f2d-b62311e38c05 req-c4848edb-cb45-445e-8f2d-b62311e38c05 ] Request (KeyPairsV2TestJSON:test_keypairs_create_list_delete): 200 GET http://10.180.1.21/compute/v2.1/os-keypairs 0.507s
2025-02-19 11:02:38.770 64800 INFO tempest.common.waiters [-] State transition "BUILD/None" ==> "BUILD/networking" after 33 second wait
2025-02-19 11:02:38.812 64814 INFO tempest.lib.common.rest_client [req-af4e8e3c-eda9-451f-bdf3-8451aadabdd2 req-af4e8e3c-eda9-451f-bdf3-8451aadabdd2 ] Request (TenantUsagesTestJSON:setUpClass): 200 GET http://10.180.1.21/compute/v2.1/servers/0d963c2d-4091-418b-a3fc-e60f7bf22b2a 0.586s
2025-02-19 11:02:38.836 64770 INFO tempest.lib.common.rest_client [req-56c6ec43-c09c-4419-9066-2657ba62ce7d req-56c6ec43-c09c-4419-9066-2657ba62ce7d ] Request (MigrationsAdminTest:test_list_migrations_in_flavor_resize_situation): 200 GET http://10.180.1.21/compute/v2.1/servers/4527a9ba-28f7-4698-aec0-6389cfc9d788 0.506s
2025-02-19 11:02:38.893 64790 INFO tempest.lib.common.rest_client [req-94e9a4ab-a976-476f-b2f8-ee212e90f2e3 req-94e9a4ab-a976-476f-b2f8-ee212e90f2e3 ] Request (InstanceActionsNegativeTestJSON:setUpClass): 200 GET http://10.180.1.21/compute/v2.1/servers/4865661d-e1c2-4e2a-9051-bab851553c15 0.508s
2025-02-19 11:02:38.927 64766 INFO tempest.lib.common.rest_client [req-2429916e-a73c-4d21-bbf8-c53d06a0d479 req-2429916e-a73c-4d21-bbf8-c53d06a0d479 ] Request (VolumesAdminNegativeTest:test_update_attached_volume_with_nonexistent_volume_in_body): 200 GET http://10.180.1.21/compute/v2.1/servers/184b46f6-60a1-4425-ae07-726c056b1a18 0.549s
2025-02-19 11:02:38.962 64788 INFO tempest.lib.common.rest_client [req-6a8b6a65-d405-4bb3-8143-6690d8f3f1c8 req-6a8b6a65-d405-4bb3-8143-6690d8f3f1c8 ] Request (ServersTestBootFromVolume:setUpClass): 200 GET http://10.180.1.21/volume/v3/volumes/e78920c7-a7c2-400c-a0ba-78c20512112a 0.042s
2025-02-19 11:02:38.963 64798 INFO tempest.lib.common.rest_client [req-d555f7ea-cd6c-474b-a129-59ea1ae97f78 req-d555f7ea-cd6c-474b-a129-59ea1ae97f78 ] Request (ServerAddressesTestJSON:tearDownClass): 200 GET http://10.180.1.21/compute/v2.1/servers/5bb4533f-fd1f-4f67-9d60-d34509284bd5 0.517s
2025-02-19 11:02:39.001 64820 INFO tempest.lib.common.rest_client [req-df61d4c6-f259-4bd2-98e8-828126c872b1 req-df61d4c6-f259-4bd2-98e8-828126c872b1 ] Request (FloatingIPsAssociationTestJSON:_run_cleanups): 204 DELETE http://10.180.1.21/compute/v2.1/servers/3299739d-1b3d-49ed-b2a3-ccee2418ab1d 0.542s
2025-02-19 11:02:39.028 64772 INFO tempest.lib.common.rest_client [req-2d6072d1-0e1b-4556-b5f2-48ba67d7d7b4 req-2d6072d1-0e1b-4556-b5f2-48ba67d7d7b4 ] Request (ServersAdmin275Test:tearDownClass): 200 GET http://10.180.1.21/compute/v2.1/servers/1a443c3f-117d-4632-9f1f-f00b17394c3f 0.512s
2025-02-19 11:02:39.058 64808 INFO tempest.lib.common.rest_client [req-c6cd86ac-ebd7-4f67-9d91-71194862c25a req-c6cd86ac-ebd7-4f67-9d91-71194862c25a ] Request (DeleteServersAdminTestJSON:test_delete_server_while_in_error_state): 200 GET http://10.180.1.21/compute/v2.1/servers/7467c72f-b5e5-4911-9d66-6944280908cb 0.381s
2025-02-19 11:02:39.072 64792 INFO tempest.lib.common.rest_client [req-9a27e30d-c895-4bc6-816f-e31c47b03c07 req-9a27e30d-c895-4bc6-816f-e31c47b03c07 ] Request (KeyPairsV2TestJSON:_run_cleanups): 202 DELETE http://10.180.1.21/compute/v2.1/os-keypairs/tempest-KeyPairsV2TestJSON-keypair-1391114491 0.301s
2025-02-19 11:02:39.077 64784 INFO tempest.lib.common.rest_client [req-250f5312-db57-4087-8887-3e78dcbd54db req-250f5312-db57-4087-8887-3e78dcbd54db ] Request (ServerRescueTestJSON:setUpClass): 200 GET http://10.180.1.21/compute/v2.1/servers/3e5f0538-c92f-41c2-a451-ecdece381f8f 0.345s
2025-02-19 11:02:39.138 64768 INFO tempest.lib.common.rest_client [req-93bcea93-90ac-4e80-9be5-4ec97b337b37 req-93bcea93-90ac-4e80-9be5-4ec97b337b37 ] Request (AttachInterfacesV270Test:tearDownClass): 200 GET http://10.180.1.21/compute/v2.1/servers/bbbc7f19-5604-436d-af15-4bfd0fffac0b 0.303s
2025-02-19 11:02:39.195 64796 WARNING tempest.lib.common.ssh [-] Failed to establish authenticated ssh connection to cirros@10.180.180.139 ([Errno None] Unable to connect to port 22 on 10.180.180.139). Number attempts: 6. Retry after 7 seconds.: paramiko.ssh_exception.NoValidConnectionsError: [Errno None] Unable to connect to port 22 on 10.180.180.139
2025-02-19 11:02:39.213 64764 INFO tempest.lib.common.rest_client [req-840ae5ab-2445-4629-8671-80e5c2934546 req-840ae5ab-2445-4629-8671-80e5c2934546 ] Request (ImagesTestJSON:test_create_image_from_stopped_server): 200 GET http://10.180.1.21/compute/v2.1/servers/6b932cd2-a6f5-4cc3-b287-91737817d6f7 0.226s
2025-02-19 11:02:39.228 64792 INFO tempest.lib.common.rest_client [req-2e3a0fbf-7cb9-4210-8149-33c2b2907aba req-2e3a0fbf-7cb9-4210-8149-33c2b2907aba ] Request (KeyPairsV2TestJSON:_run_cleanups): 202 DELETE http://10.180.1.21/compute/v2.1/os-keypairs/tempest-KeyPairsV2TestJSON-keypair-277923278 0.153s
2025-02-19 11:02:39.303 64816 INFO tempest.lib.common.rest_client [req-6a64da3f-7b8c-4342-ba94-dff00cad0f2c req-6a64da3f-7b8c-4342-ba94-dff00cad0f2c ] Request (ServersNegativeTestMultiTenantJSON:tearDownClass): 200 GET http://10.180.1.21/compute/v2.1/servers/6db2f440-6651-4694-872b-72536274f44f 0.117s
