2025-05-19 16:53:30.765 70031 INFO tempest.lib.common.rest_client [req-bd86baff-2497-4a36-bb38-8c365e17d2c4 req-bd86baff-2497-4a36-bb38-8c365e17d2c4 ] Request (InstanceUsageAuditLogNegativeTestJSON:tearDownClass): 201 POST http://10.180.1.21/identity/v3/auth/tokens 0.215s
2025-05-19 16:53:30.777 70018 INFO tempest.lib.common.rest_client [req-12ec8a28-251e-49b5-8248-9da2cf885562 req-12ec8a28-251e-49b5-8248-9da2cf885562 ] Request (ServicesAdminNegativeV253TestJSON:test_get_service_by_invalid_params): 200 GET http://10.180.1.21/compute/v2.1/os-services 1.662s
2025-05-19 16:53:30.793 70000 INFO tempest.lib.common.rest_client [req-808f7892-d27d-409d-acf1-2ae37852c369 req-808f7892-d27d-409d-acf1-2ae37852c369 ] Request (FlavorsAdminTestJSON:test_create_flavor_verify_entry_in_list_details): 200 POST http://10.180.1.21/compute/v2.1/flavors 1.634s
2025-05-19 16:53:30.806 70028 INFO tempest.lib.common.rest_client [req-fb998a5a-fe89-4f8d-8b4e-5541a6f0f4ab req-fb998a5a-fe89-4f8d-8b4e-5541a6f0f4ab ] Request (HostsAdminNegativeTestJSON:test_reboot_nonexistent_host): 404 GET http://10.180.1.21/compute/v2.1/os-hosts/nonexistent_hostname/reboot 1.578s
2025-05-19 16:53:30.811 70026 INFO tempest.lib.common.rest_client [req-59f7b377-63b6-4b99-a9e4-778b740cb21d req-59f7b377-63b6-4b99-a9e4-778b740cb21d ] Request (QuotasSecurityGroupAdminNegativeTest:setUpClass): 204 PUT http://10.180.1.21/identity/v3/projects/60bfc59381934dde92c9cc77e950b917/users/ba642f6a5f704998be9a7cf5a81e2333/roles/68f717811b024724a989e711036ce20a 0.200s
2025-05-19 16:53:30.836 70024 INFO tempest.lib.common.rest_client [req-66da3348-beba-4198-81c1-2a7023407a59 req-66da3348-beba-4198-81c1-2a7023407a59 ] Request (KeyPairsV210TestJSON:test_admin_manage_keypairs_for_other_users): 201 POST http://10.180.1.21/compute/v2.1/os-keypairs 1.597s
2025-05-19 16:53:30.863 70054 INFO tempest.lib.common.rest_client [req-b60336ea-c8ee-4e3b-b97c-b1417c933529 req-b60336ea-c8ee-4e3b-b97c-b1417c933529 ] Request (NetworksTest:tearDownClass): 201 POST http://10.180.1.21/identity/v3/auth/tokens 0.149s
2025-05-19 16:53:30.912 70006 INFO tempest.lib.common.rest_client [req-dd838acd-7006-4ff6-83aa-5a00ae589161 req-dd838acd-7006-4ff6-83aa-5a00ae589161 ] Request (FlavorsAccessNegativeTestJSON:test_add_flavor_access_duplicate): 200 POST http://10.180.1.21/compute/v2.1/flavors 1.913s
2025-05-19 16:53:30.925 70044 INFO tempest.lib.common.rest_client [req-ca5cff7c-0016-464a-947d-f1dcfdd7646b req-ca5cff7c-0016-464a-947d-f1dcfdd7646b ] Request (ServersV294TestFqdnHostnames:setUpClass): 200 GET http://10.180.1.21/compute/v2.1/servers/2a9584d0-ecd8-4153-8df4-e6f6a85a17e2 1.660s
2025-05-19 16:53:30.949 70014 INFO tempest.lib.common.rest_client [req-dbc8d676-5158-474d-a3e6-a533ec14fc2a req-dbc8d676-5158-474d-a3e6-a533ec14fc2a ] Request (FlavorMetadataValidation:_run_cleanups): 200 GET http://10.180.1.21/compute/v2.1/flavors/detail 1.648s
2025-05-19 16:53:30.960 70026 INFO tempest.lib.common.rest_client [req-2e47c207-c5fd-4ca3-a5c9-1f33019398cf req-2e47c207-c5fd-4ca3-a5c9-1f33019398cf ] Request (QuotasSecurityGroupAdminNegativeTest:setUpClass): 200 GET http://10.180.1.21/identity/v3/roles 0.149s
2025-05-19 16:53:30.974 70040 INFO tempest.lib.common.rest_client [req-0d190fd2-8748-4b73-8427-4a3fe25f172c req-0d190fd2-8748-4b73-8427-4a3fe25f172c ] Request (FlavorsExtraSpecsTestJSON:test_flavor_non_admin_get_specific_key): 200 POST http://10.180.1.21/compute/v2.1/flavors/502720234/os-extra_specs 1.522s
2025-05-19 16:53:30.986 70026 INFO tempest.lib.common.rest_client [req-abb9d3f4-9dd9-4d0f-a537-12d616ee6854 req-abb9d3f4-9dd9-4d0f-a537-12d616ee6854 ] Request (QuotasSecurityGroupAdminNegativeTest:setUpClass): 204 PUT http://10.180.1.21/identity/v3/projects/60bfc59381934dde92c9cc77e950b917/users/ba642f6a5f704998be9a7cf5a81e2333/roles/68f717811b024724a989e711036ce20a 0.024s
2025-05-19 16:53:30.986 70026 INFO tempest.lib.common.dynamic_creds [-] Dynamic test user ba642f6a5f704998be9a7cf5a81e2333 is created with scope project and roles: ['admin']
2025-05-19 16:53:30.986 70026 INFO tempest.lib.common.dynamic_creds [-] Acquired dynamic creds: credentials: Credentials: {'domain_id': 'default', 'domain_name': 'Default', 'username': 'tempest-QuotasSecurityGroupAdminNegativeTest-1580086783-project-admin', 'project_domain_id': 'default', 'project_domain_name': 'Default', 'project_id': '60bfc59381934dde92c9cc77e950b917', 'project_name': 'tempest-QuotasSecurityGroupAdminNegativeTest-1580086783', 'tenant_id': '60bfc59381934dde92c9cc77e950b917', 'tenant_name': 'tempest-QuotasSecurityGroupAdminNegativeTest-1580086783', 'user_domain_id': 'default', 'user_domain_name': 'Default', 'user_id': 'ba642f6a5f704998be9a7cf5a81e2333', 'system': None}, Network: None, Subnet: None, Router: None
2025-05-19 16:53:30.986 70026 INFO tempest.lib.common.dynamic_creds [-] Created isolated network resources for: credentials: Credentials: {'domain_id': 'default', 'domain_name': 'Default', 'username': 'tempest-QuotasSecurityGroupAdminNegativeTest-1580086783-project-admin', 'project_domain_id': 'default', 'project_domain_name': 'Default', 'project_id': '60bfc59381934dde92c9cc77e950b917', 'project_name': 'tempest-QuotasSecurityGroupAdminNegativeTest-1580086783', 'tenant_id': '60bfc59381934dde92c9cc77e950b917', 'tenant_name': 'tempest-QuotasSecurityGroupAdminNegativeTest-1580086783', 'user_domain_id': 'default', 'user_domain_name': 'Default', 'user_id': 'ba642f6a5f704998be9a7cf5a81e2333', 'system': None}, Network: None, Subnet: None, Router: None
2025-05-19 16:53:31.033 70014 INFO tempest.lib.common.rest_client [req-96b6d839-eaf4-4f23-8cf4-106be5a9f098 req-96b6d839-eaf4-4f23-8cf4-106be5a9f098 ] Request (FlavorMetadataValidation:tearDownClass): 204 DELETE http://10.180.1.21/identity/v3/users/285c59e6442d4569a24c6b7f977f21da 0.073s
2025-05-19 16:53:31.055 70004 INFO tempest.lib.common.rest_client [req-21b4b11f-8257-4cf4-b1ce-e801ed6c46b9 req-21b4b11f-8257-4cf4-b1ce-e801ed6c46b9 ] Request (TenantUsagesTestJSON:setUpClass): 200 GET http://10.180.1.21/compute/v2.1/servers/1f2c7c31-1db1-480a-87e5-8ca8aed31e18 1.422s
2025-05-19 16:53:31.144 70026 INFO tempest.lib.common.rest_client [req-cf47d6a6-b034-49a0-8e2a-49f3d980be5a req-cf47d6a6-b034-49a0-8e2a-49f3d980be5a ] Request (QuotasSecurityGroupAdminNegativeTest:setUpClass): 201 POST http://10.180.1.21/identity/v3/auth/tokens 0.151s
2025-05-19 16:53:31.145 70026 WARNING tempest.lib.common.rest_client [-] Deprecated: "tenant_id" property is deprecated for removal, use "project_id" instead
2025-05-19 16:53:31.152 70057 INFO tempest.lib.common.rest_client [req-a8da8d89-eb91-4d44-931c-5e75905e4b87 req-a8da8d89-eb91-4d44-931c-5e75905e4b87 ] Request (DeleteServersAdminTestJSON:test_admin_delete_servers_of_others): 200 GET http://10.180.1.21/compute/v2.1/servers/3dd121f1-bcd2-4253-bb1f-aebdf98a34d4 1.438s
2025-05-19 16:53:31.153 70031 INFO tempest.lib.common.rest_client [req-f9e39252-378a-48ed-874f-88dccd046d18 req-f9e39252-378a-48ed-874f-88dccd046d18 ] Request (InstanceUsageAuditLogNegativeTestJSON:tearDownClass): 200 GET http://10.180.1.21:9696/networking/v2.0/security-groups?tenant_id=6e9b2fafb9a94aad89649ea0a6af629b&name=default 0.387s
2025-05-19 16:53:31.181 69998 INFO tempest.lib.common.rest_client [req-ddaeb080-fcb3-434d-ad24-8b8ff1fae828 req-ddaeb080-fcb3-434d-ad24-8b8ff1fae828 ] Request (ServerDiagnosticsV248Test:test_get_server_diagnostics): 404 GET http://10.180.1.21/compute/v2.1/servers/37e7e5b3-98a3-4254-a038-0c6225451a3e 1.232s
2025-05-19 16:53:31.193 70054 INFO tempest.lib.common.rest_client [req-d5f0a89f-8757-4138-a4d2-12c7949e426f req-d5f0a89f-8757-4138-a4d2-12c7949e426f ] Request (NetworksTest:tearDownClass): 200 GET http://10.180.1.21:9696/networking/v2.0/security-groups?tenant_id=f95914146da64ce2a4dce4b5aff6317c&name=default 0.329s
2025-05-19 16:53:31.209 69996 INFO tempest.lib.common.rest_client [req-e28b00d0-dc75-412d-8da1-d8010debb019 req-e28b00d0-dc75-412d-8da1-d8010debb019 ] Request (HypervisorAdminTestJSON:test_get_hypervisor_show_details): 200 GET http://10.180.1.21/compute/v2.1/os-hypervisors 1.221s
2025-05-19 16:53:31.227 70032 INFO tempest.lib.common.rest_client [req-1680eeab-691c-42b6-8cf2-5368b32ccc87 req-1680eeab-691c-42b6-8cf2-5368b32ccc87 ] Request (QuotasAdminTestV257:test_get_updated_quotas): 200 PUT http://10.180.1.21/compute/v2.1/os-quota-sets/c5c58f55fabf42f0956ecc1855f02f97?user_id=2b26e93d24cd485b8d95494d012ce6ba 1.935s
2025-05-19 16:53:31.266 70014 INFO tempest.lib.common.rest_client [req-545e5e8b-88e3-4730-aadb-e52ffcd08d87 req-545e5e8b-88e3-4730-aadb-e52ffcd08d87 ] Request (FlavorMetadataValidation:tearDownClass): 204 DELETE http://10.180.1.21/identity/v3/users/c248d2c4c781408d8dec48800a4af84f 0.232s
2025-05-19 16:53:31.266 70014 INFO tempest.lib.common.dynamic_creds [-] Deleting project and security group for project: da0ed0a570004407ba5fbfafbb82a8a6
2025-05-19 16:53:31.289 70010 INFO tempest.lib.common.rest_client [req-a2ae59d4-be77-4679-9a9a-edcbdcec0663 req-a2ae59d4-be77-4679-9a9a-edcbdcec0663 ] Request (VolumesAssistedSnapshotsTest:test_volume_assisted_snapshot_create_delete): 202 POST http://10.180.1.21/volume/v3/volumes 0.544s
2025-05-19 16:53:31.302 70042 INFO tempest.lib.common.rest_client [req-29149c3e-1acd-4eb5-896d-0f17aeb3ed94 req-29149c3e-1acd-4eb5-896d-0f17aeb3ed94 ] Request (AggregatesAdminNegativeTestJSON:test_aggregate_add_existent_host): 409 POST http://10.180.1.21/compute/v2.1/os-aggregates/1/action 1.224s
2025-05-19 16:53:31.350 70054 INFO tempest.lib.common.rest_client [req-7a1603bd-994b-4166-bd13-021132ab8559 req-7a1603bd-994b-4166-bd13-021132ab8559 ] Request (NetworksTest:tearDownClass): 204 DELETE http://10.180.1.21:9696/networking/v2.0/security-groups/f763c79b-3c2e-4c02-900c-75b7f1eab55d 0.156s
2025-05-19 16:53:31.360 70031 INFO tempest.lib.common.rest_client [req-b2bc2f6c-5f6c-4f4a-af43-5afe78098365 req-b2bc2f6c-5f6c-4f4a-af43-5afe78098365 ] Request (InstanceUsageAuditLogNegativeTestJSON:tearDownClass): 204 DELETE http://10.180.1.21:9696/networking/v2.0/security-groups/2fd56d69-c04f-47b3-be15-02989989b0ed 0.206s
2025-05-19 16:53:31.381 70026 INFO tempest.lib.common.rest_client [req-45319b38-f747-40af-af43-f1f12763b984 req-45319b38-f747-40af-af43-f1f12763b984 ] Request (QuotasSecurityGroupAdminNegativeTest:tearDownClass): 204 DELETE http://10.180.1.21/identity/v3/users/7e85d37fddfe4418bf63fece1437fc9e 0.230s
2025-05-19 16:53:31.387 70020 INFO tempest.lib.common.rest_client [req-8e811932-7c8f-4c8a-8572-dc5d5467ed45 req-8e811932-7c8f-4c8a-8572-dc5d5467ed45 ] Request (ServerShowV254Test:test_rebuild_server): 200 GET http://10.180.1.21/compute/v2.1/servers/c0a236c7-42a4-4ac7-97fc-1133434b490b 1.277s
2025-05-19 16:53:31.403 70010 INFO tempest.lib.common.rest_client [req-ce5a563f-afa7-4a99-aad9-5585fefd620d req-ce5a563f-afa7-4a99-aad9-5585fefd620d ] Request (VolumesAssistedSnapshotsTest:test_volume_assisted_snapshot_create_delete): 200 GET http://10.180.1.21/volume/v3/volumes/f42877d8-3402-4fb0-9f66-be5df8c8362b 0.103s
2025-05-19 16:53:31.464 70014 INFO tempest.lib.common.rest_client [req-7a226d69-d7e6-430b-853e-869706e9c935 req-7a226d69-d7e6-430b-853e-869706e9c935 ] Request (FlavorMetadataValidation:tearDownClass): 201 POST http://10.180.1.21/identity/v3/auth/tokens 0.198s
2025-05-19 16:53:31.493 69998 INFO tempest.lib.common.rest_client [req-be176cec-11f9-44c2-a151-e2dfb0f5cdc5 req-be176cec-11f9-44c2-a151-e2dfb0f5cdc5 ] Request (ServerDiagnosticsV248Test:tearDownClass): 204 DELETE http://10.180.1.21/identity/v3/users/c32cce107bb344debab68a6d03189564 0.298s
2025-05-19 16:53:31.598 70022 INFO tempest.lib.common.rest_client [req-9b00cfc2-a9f9-4bee-bd0b-490d66437c4b req-9b00cfc2-a9f9-4bee-bd0b-490d66437c4b ] Request (InstanceActionsV221TestJSON:test_get_list_deleted_instance_actions): 204 DELETE http://10.180.1.21/compute/v2.1/servers/b12efee3-c6a4-4289-825a-21dfe36c557e 1.516s
2025-05-19 16:53:31.603 70054 INFO tempest.lib.common.rest_client [req-db9f3782-46f3-4612-b9a2-640688cf286b req-db9f3782-46f3-4612-b9a2-640688cf286b ] Request (NetworksTest:tearDownClass): 204 DELETE http://10.180.1.21/identity/v3/projects/f95914146da64ce2a4dce4b5aff6317c 0.252s
2025-05-19 16:53:31.603 70054 INFO tempest.lib.common.dynamic_creds [-] Deleting project and security group for project: ea93e08dfcf0439fac3b4f93fa9eb4df
2025-05-19 16:53:31.632 70008 INFO tempest.lib.common.rest_client [req-d753176c-2732-44fb-8574-47d85f21e678 req-d753176c-2732-44fb-8574-47d85f21e678 ] Request (FloatingIPsAssociationTestJSON:setUpClass): 204 DELETE http://10.180.1.21/compute/v2.1/servers/6df917bf-934c-43ed-b4aa-c26988e84a1e 1.456s
2025-05-19 16:53:31.643 70012 INFO tempest.lib.common.rest_client [req-476e635a-7d41-441e-a578-014d30e4410b req-476e635a-7d41-441e-a578-014d30e4410b ] Request (FlavorsV255TestJSON:test_crud_flavor): 200 GET http://10.180.1.21/compute/v2.1/flavors/detail 1.438s
2025-05-19 16:53:31.673 70046 INFO tempest.lib.common.rest_client [req-dd0ae11d-1a46-4f44-8723-861afe6c9af4 req-dd0ae11d-1a46-4f44-8723-861afe6c9af4 ] Request (FlavorsV261TestJSON:test_crud_flavor): 200 GET http://10.180.1.21/compute/v2.1/flavors/detail 1.436s
2025-05-19 16:53:31.701 70048 INFO tempest.lib.common.rest_client [req-b23d4030-b062-46c7-b6ed-5dc538253a7f req-b23d4030-b062-46c7-b6ed-5dc538253a7f ] Request (HypervisorAdminNegativeUnderV252Test:test_show_servers_with_non_admin_user): 200 GET http://10.180.1.21/compute/v2.1/os-hypervisors 1.448s
2025-05-19 16:53:31.716 70016 INFO tempest.lib.common.rest_client [req-a9340d0e-ab37-44f1-b633-abac9e9525d1 req-a9340d0e-ab37-44f1-b633-abac9e9525d1 ] Request (ServersWithSpecificFlavorTestJSON:test_verify_created_server_ephemeral_disk): 200 GET http://10.180.1.21/compute/v2.1/flavors/42/os-extra_specs 1.302s
2025-05-19 16:53:31.725 70031 INFO tempest.lib.common.rest_client [req-0785ddb0-8410-4874-bffd-9ef1226cf342 req-0785ddb0-8410-4874-bffd-9ef1226cf342 ] Request (InstanceUsageAuditLogNegativeTestJSON:tearDownClass): 204 DELETE http://10.180.1.21/identity/v3/projects/6e9b2fafb9a94aad89649ea0a6af629b 0.364s
2025-05-19 16:53:31.725 70031 INFO tempest.lib.common.dynamic_creds [-] Deleting project and security group for project: b94457f1afd64bd694f9308530135cdf
2025-05-19 16:53:31.733 70026 INFO tempest.lib.common.rest_client [req-67d6b1c8-9dc1-4c83-8f25-9c19f2be1602 req-67d6b1c8-9dc1-4c83-8f25-9c19f2be1602 ] Request (QuotasSecurityGroupAdminNegativeTest:tearDownClass): 204 DELETE http://10.180.1.21/identity/v3/users/ba642f6a5f704998be9a7cf5a81e2333 0.352s
2025-05-19 16:53:31.734 70026 INFO tempest.lib.common.dynamic_creds [-] Deleting project and security group for project: 60bfc59381934dde92c9cc77e950b917
2025-05-19 16:53:31.751 70050 INFO tempest.lib.common.rest_client [req-3cb59977-77aa-4967-b621-42edea4185f1 req-3cb59977-77aa-4967-b621-42edea4185f1 ] Request (KeyPairsV22TestJSON:test_keypairs_create_list_delete): 201 POST http://10.180.1.21/compute/v2.1/os-keypairs 1.321s
2025-05-19 16:53:31.842 70036 INFO tempest.lib.common.rest_client [req-ec50e1e1-f543-41cc-b3e4-2f964dabb384 req-ec50e1e1-f543-41cc-b3e4-2f964dabb384 ] Request (MigrationsAdminTest:test_list_migrations_in_flavor_resize_situation): 200 GET http://10.180.1.21/compute/v2.1/servers/0771dbbc-617e-4e28-bd34-982aac5f4f7e 1.615s
2025-05-19 16:53:31.843 69998 INFO tempest.lib.common.rest_client [req-acc05547-cdb2-460f-ac60-fbaa65dadf31 req-acc05547-cdb2-460f-ac60-fbaa65dadf31 ] Request (ServerDiagnosticsV248Test:tearDownClass): 204 DELETE http://10.180.1.21/identity/v3/users/f547a127467441c9855fa1200be65716 0.349s
2025-05-19 16:53:31.843 69998 INFO tempest.lib.common.dynamic_creds [-] Deleting project and security group for project: eef5fc7950b442f09a76a097238d98a5
2025-05-19 16:53:31.859 70052 INFO tempest.lib.common.rest_client [req-faf64a8f-95c3-41dd-9525-43f3df7a669f req-faf64a8f-95c3-41dd-9525-43f3df7a669f ] Request (AttachInterfacesUnderV243Test:setUpClass): 200 PUT http://10.180.1.21:9696/networking/v2.0/routers/feafb12e-9a07-4442-977c-4e553d6826f6/add_router_interface 1.181s
2025-05-19 16:53:31.860 70052 INFO tempest.lib.common.dynamic_creds [-] Created isolated network resources for: credentials: Credentials: {'domain_id': 'default', 'domain_name': 'Default', 'username': 'tempest-AttachInterfacesUnderV243Test-2010609171-project-member', 'project_domain_id': 'default', 'project_domain_name': 'Default', 'project_id': 'dc47ab26ec984871a2b17d0c09a8f64a', 'project_name': 'tempest-AttachInterfacesUnderV243Test-2010609171', 'tenant_id': 'dc47ab26ec984871a2b17d0c09a8f64a', 'tenant_name': 'tempest-AttachInterfacesUnderV243Test-2010609171', 'user_domain_id': 'default', 'user_domain_name': 'Default', 'user_id': '306a1c2cfc7b46d3877e80e3b65d2966', 'system': None}, Network: {'id': 'ffd58b0d-8b13-4b77-830f-941f6f8a8a9c', 'name': 'tempest-AttachInterfacesUnderV243Test-1724669219-network', 'tenant_id': 'dc47ab26ec984871a2b17d0c09a8f64a', 'admin_state_up': True, 'mtu': 8950, 'status': 'ACTIVE', 'subnets': [], 'shared': False, 'project_id': 'dc47ab26ec984871a2b17d0c09a8f64a', 'port_security_enabled': True, 'router:external': False, 'provider:network_type': 'vlan', 'provider:physical_network': 'default', 'provider:segmentation_id': 574, 'availability_zone_hints': [], 'availability_zones': [], 'ipv4_address_scope': None, 'ipv6_address_scope': None, 'description': '', 'tags': [], 'created_at': '2025-05-19T16:53:29Z', 'updated_at': '2025-05-19T16:53:29Z', 'revision_number': 1}, Subnet: {'id': '2a2a43f6-dc31-468d-903c-3e131868a5ad', 'name': 'tempest-AttachInterfacesUnderV243Test-1724669219-subnet', 'tenant_id': 'dc47ab26ec984871a2b17d0c09a8f64a', 'network_id': 'ffd58b0d-8b13-4b77-830f-941f6f8a8a9c', 'ip_version': 4, 'subnetpool_id': None, 'enable_dhcp': True, 'ipv6_ra_mode': None, 'ipv6_address_mode': None, 'gateway_ip': '192.168.128.1', 'cidr': '192.168.128.0/28', 'allocation_pools': [{'start': '192.168.128.2', 'end': '192.168.128.14'}], 'host_routes': [], 'dns_nameservers': [], 'description': '', 'router:external': False, 'service_types': [], 'tags': [], 'created_at': '2025-05-19T16:53:29Z', 'updated_at': '2025-05-19T16:53:29Z', 'revision_number': 0, 'project_id': 'dc47ab26ec984871a2b17d0c09a8f64a'}, Router: {'id': 'feafb12e-9a07-4442-977c-4e553d6826f6', 'name': 'tempest-AttachInterfacesUnderV243Test-1724669219-router', 'tenant_id': 'dc47ab26ec984871a2b17d0c09a8f64a', 'admin_state_up': True, 'status': 'ACTIVE', 'external_gateway_info': {'network_id': 'f17beb75-fd22-4b87-af63-ab49fc2d9df3', 'external_fixed_ips': [{'subnet_id': '1e3f3e8b-3774-4790-b737-4b1303624583', 'ip_address': '10.180.180.194'}], 'enable_snat': True}, 'description': '', 'availability_zones': [], 'distributed': False, 'ha': False, 'availability_zone_hints': [], 'routes': [], 'flavor_id': None, 'tags': [], 'created_at': '2025-05-19T16:53:29Z', 'updated_at': '2025-05-19T16:53:30Z', 'revision_number': 2, 'project_id': 'dc47ab26ec984871a2b17d0c09a8f64a'}
2025-05-19 16:53:31.879 70026 INFO tempest.lib.common.rest_client [req-15994588-59d8-40ff-ab12-7a1356d50062 req-15994588-59d8-40ff-ab12-7a1356d50062 ] Request (QuotasSecurityGroupAdminNegativeTest:tearDownClass): 201 POST http://10.180.1.21/identity/v3/auth/tokens 0.144s
2025-05-19 16:53:31.899 70031 INFO tempest.lib.common.rest_client [req-b852ba92-4235-44b7-ae85-e2cd4d5350b0 req-b852ba92-4235-44b7-ae85-e2cd4d5350b0 ] Request (InstanceUsageAuditLogNegativeTestJSON:tearDownClass): 200 GET http://10.180.1.21:9696/networking/v2.0/security-groups?tenant_id=b94457f1afd64bd694f9308530135cdf&name=default 0.173s
2025-05-19 16:53:31.910 69998 INFO tempest.lib.common.rest_client [req-f9a116eb-f0b2-4329-b03f-b173a03971de req-f9a116eb-f0b2-4329-b03f-b173a03971de ] Request (ServerDiagnosticsV248Test:tearDownClass): 201 POST http://10.180.1.21/identity/v3/auth/tokens 0.067s
2025-05-19 16:53:31.958 70054 INFO tempest.lib.common.rest_client [req-feefc142-320a-4093-9c92-2fb5d426da91 req-feefc142-320a-4093-9c92-2fb5d426da91 ] Request (NetworksTest:tearDownClass): 200 GET http://10.180.1.21:9696/networking/v2.0/security-groups?tenant_id=ea93e08dfcf0439fac3b4f93fa9eb4df&name=default 0.354s
2025-05-19 16:53:31.975 70052 INFO tempest.lib.common.rest_client [req-3073eed8-ce78-4915-b4d5-83e5ec89a98d req-3073eed8-ce78-4915-b4d5-83e5ec89a98d ] Request (AttachInterfacesUnderV243Test:setUpClass): 201 POST http://10.180.1.21/identity/v3/auth/tokens 0.110s
2025-05-19 16:53:31.983 70034 INFO tempest.lib.common.rest_client [req-f0d08937-c8eb-4685-b24d-633dd474f03a req-f0d08937-c8eb-4685-b24d-633dd474f03a ] Request (FlavorsAccessTestJSON:test_flavor_access_add_remove): 200 POST http://10.180.1.21/compute/v2.1/flavors 1.439s
2025-05-19 16:53:31.995 70014 INFO tempest.lib.common.rest_client [req-7aee83de-17ef-4e8f-a7ba-fc0567d8ad97 req-7aee83de-17ef-4e8f-a7ba-fc0567d8ad97 ] Request (FlavorMetadataValidation:tearDownClass): 200 GET http://10.180.1.21:9696/networking/v2.0/security-groups?tenant_id=da0ed0a570004407ba5fbfafbb82a8a6&name=default 0.530s
2025-05-19 16:53:32.016 69994 INFO tempest.lib.common.rest_client [req-d913a7f0-23e1-4f0a-8b2e-f2463a420b72 req-d913a7f0-23e1-4f0a-8b2e-f2463a420b72 ] Request (ServicesAdminNegativeTestJSON:test_get_service_by_invalid_params): 200 GET http://10.180.1.21/compute/v2.1/os-services?xxx=nova-compute 1.319s
2025-05-19 16:53:32.035 70038 INFO tempest.lib.common.rest_client [req-9e514d31-de8b-478f-b2e4-959aa96ab7a8 req-9e514d31-de8b-478f-b2e4-959aa96ab7a8 ] Request (SecurityGroupsTestAdminJSON:test_list_security_groups_list_all_tenants_filter): 200 POST http://10.180.1.21/compute/v2.1/os-security-groups 1.346s
2025-05-19 16:53:32.046 70031 INFO tempest.lib.common.rest_client [req-12274a82-ba53-4c58-9ac7-3978168d93ed req-12274a82-ba53-4c58-9ac7-3978168d93ed ] Request (InstanceUsageAuditLogNegativeTestJSON:tearDownClass): 204 DELETE http://10.180.1.21:9696/networking/v2.0/security-groups/836130b8-7fa0-4b84-8222-3334dc934f69 0.147s
2025-05-19 16:53:32.053 70018 INFO tempest.lib.common.rest_client [req-7ede2494-3090-4bf2-92ba-24940ed59630 req-7ede2494-3090-4bf2-92ba-24940ed59630 ] Request (ServicesAdminNegativeV253TestJSON:test_get_service_by_invalid_params): 200 GET http://10.180.1.21/compute/v2.1/os-services?xxx=nova-compute 1.271s
2025-05-19 16:53:32.090 70000 INFO tempest.lib.common.rest_client [req-eff85dbb-7aec-4cfd-84f4-ca88394e2469 req-eff85dbb-7aec-4cfd-84f4-ca88394e2469 ] Request (FlavorsAdminTestJSON:test_create_flavor_verify_entry_in_list_details): 200 GET http://10.180.1.21/compute/v2.1/flavors/detail 1.294s
2025-05-19 16:53:32.102 70028 INFO tempest.lib.common.rest_client [req-603d0611-f8b7-4cb3-b7e9-cd18d047e0fc req-603d0611-f8b7-4cb3-b7e9-cd18d047e0fc ] Request (HostsAdminNegativeTestJSON:test_show_host_detail_with_non_admin_user): 403 GET http://10.180.1.21/compute/v2.1/os-hosts/devstack 1.295s
2025-05-19 16:53:32.116 70031 INFO tempest.lib.common.rest_client [req-7e731eb9-c414-464b-9f05-e833f17a77b8 req-7e731eb9-c414-464b-9f05-e833f17a77b8 ] Request (InstanceUsageAuditLogNegativeTestJSON:tearDownClass): 204 DELETE http://10.180.1.21/identity/v3/projects/b94457f1afd64bd694f9308530135cdf 0.069s
2025-05-19 16:53:32.117 70031 INFO tempest.test [-] raised in LiveMigrationRemoteConsolesV26Test.setUpClass. Invoking tearDownClass.
2025-05-19 16:53:32.118 70031 INFO tempest.test [-] raised in LiveMigrationTest.setUpClass. Invoking tearDownClass.
2025-05-19 16:53:32.122 70024 INFO tempest.lib.common.rest_client [req-b2bd2816-0aea-4f47-b9b8-e35b25fa4161 req-b2bd2816-0aea-4f47-b9b8-e35b25fa4161 ] Request (KeyPairsV210TestJSON:test_admin_manage_keypairs_for_other_users): 200 GET http://10.180.1.21/compute/v2.1/os-keypairs?user_id=20f6722f81a742c7905378ee7a967f5f 1.283s
2025-05-19 16:53:32.189 70031 INFO tempest.lib.common.rest_client [req-35fd13fd-e118-45b3-9f54-45c45a0c3bc2 req-35fd13fd-e118-45b3-9f54-45c45a0c3bc2 ] Request (ServersAdminNegativeTestJSON:setUpClass): 201 POST http://10.180.1.21/identity/v3/auth/tokens 0.069s
2025-05-19 16:53:32.194 70054 INFO tempest.lib.common.rest_client [req-742fecc3-ef63-4032-83ca-ce68bda89c4f req-742fecc3-ef63-4032-83ca-ce68bda89c4f ] Request (NetworksTest:tearDownClass): 204 DELETE http://10.180.1.21:9696/networking/v2.0/security-groups/d1b3912b-e406-4814-884c-69a615ddd88a 0.236s
2025-05-19 16:53:32.217 70002 INFO tempest.lib.common.rest_client [req-6aebd795-05b4-45cc-b35a-79f6a59db8ff req-6aebd795-05b4-45cc-b35a-79f6a59db8ff ] Request (FloatingIPsAssociationNegativeTestJSON:setUpClass): 204 DELETE http://10.180.1.21/compute/v2.1/servers/750435ef-2bce-45fc-834d-30711dbb18f3 1.446s
2025-05-19 16:53:32.218 70014 INFO tempest.lib.common.rest_client [req-9060e91e-a057-4ee3-b4ac-d6706d8328f5 req-9060e91e-a057-4ee3-b4ac-d6706d8328f5 ] Request (FlavorMetadataValidation:tearDownClass): 204 DELETE http://10.180.1.21:9696/networking/v2.0/security-groups/add2e96a-d7f0-44af-ae9c-89f8d9d1ea50 0.223s
2025-05-19 16:53:32.219 70031 INFO tempest.lib.common.rest_client [req-819fe2ca-98c5-4e7e-b3ef-5cd3fe6e704b req-819fe2ca-98c5-4e7e-b3ef-5cd3fe6e704b ] Request (ServersAdminNegativeTestJSON:setUpClass): 201 POST http://10.180.1.21/identity/v3/auth/tokens 0.026s
2025-05-19 16:53:32.231 70040 INFO tempest.lib.common.rest_client [req-1035c3ad-d356-4d1a-9afb-8778a3e150d6 req-1035c3ad-d356-4d1a-9afb-8778a3e150d6 ] Request (FlavorsExtraSpecsTestJSON:test_flavor_non_admin_get_specific_key): 200 GET http://10.180.1.21/compute/v2.1/flavors/502720234/os-extra_specs/hw:numa_nodes 1.254s
2025-05-19 16:53:32.269 69998 INFO tempest.lib.common.rest_client [req-6323f46c-c769-46f6-b96d-2767279614cc req-6323f46c-c769-46f6-b96d-2767279614cc ] Request (ServerDiagnosticsV248Test:tearDownClass): 200 GET http://10.180.1.21:9696/networking/v2.0/security-groups?tenant_id=eef5fc7950b442f09a76a097238d98a5&name=default 0.358s
2025-05-19 16:53:32.269 70006 INFO tempest.lib.common.rest_client [req-9da0564a-68b7-4a2a-ae67-f9f6671fbdee req-9da0564a-68b7-4a2a-ae67-f9f6671fbdee ] Request (FlavorsAccessNegativeTestJSON:test_add_flavor_access_duplicate): 200 POST http://10.180.1.21/compute/v2.1/flavors/1610497714/action 1.354s
2025-05-19 16:53:32.271 70026 INFO tempest.lib.common.rest_client [req-893f908e-d56f-4372-b2ca-7015d8f897b4 req-893f908e-d56f-4372-b2ca-7015d8f897b4 ] Request (QuotasSecurityGroupAdminNegativeTest:tearDownClass): 200 GET http://10.180.1.21:9696/networking/v2.0/security-groups?tenant_id=60bfc59381934dde92c9cc77e950b917&name=default 0.392s
2025-05-19 16:53:32.316 70054 INFO tempest.lib.common.rest_client [req-04ef2bff-77a5-4823-aa01-841ed83a0efd req-04ef2bff-77a5-4823-aa01-841ed83a0efd ] Request (NetworksTest:tearDownClass): 204 DELETE http://10.180.1.21/identity/v3/projects/ea93e08dfcf0439fac3b4f93fa9eb4df 0.121s
2025-05-19 16:53:32.329 70014 INFO tempest.lib.common.rest_client [req-e67c1a08-8f64-4aec-bd8d-dea36cb0e840 req-e67c1a08-8f64-4aec-bd8d-dea36cb0e840 ] Request (FlavorMetadataValidation:tearDownClass): 204 DELETE http://10.180.1.21/identity/v3/projects/da0ed0a570004407ba5fbfafbb82a8a6 0.110s
2025-05-19 16:53:32.329 70014 INFO tempest.lib.common.dynamic_creds [-] Deleting project and security group for project: 3ae9b3b1ecb34d358ccd569cf7362b5d
2025-05-19 16:53:32.387 70054 INFO tempest.lib.common.rest_client [req-fe6b08e5-f205-4fc8-9c3a-2dc8b4ca5718 req-fe6b08e5-f205-4fc8-9c3a-2dc8b4ca5718 ] Request (QuotaClassesAdminTestJSON:setUpClass): 201 POST http://10.180.1.21/identity/v3/auth/tokens 0.066s
2025-05-19 16:53:32.390 70031 INFO tempest.lib.common.rest_client [req-95f9f0d0-bb20-48cf-9d9d-dd4e394fd2e8 req-95f9f0d0-bb20-48cf-9d9d-dd4e394fd2e8 ] Request (ServersAdminNegativeTestJSON:setUpClass): 200 GET http://10.180.1.21/identity/v3/domains?name=Default 0.170s
2025-05-19 16:53:32.420 69998 INFO tempest.lib.common.rest_client [req-ca957a5c-a829-4820-b134-75027eca3beb req-ca957a5c-a829-4820-b134-75027eca3beb ] Request (ServerDiagnosticsV248Test:tearDownClass): 204 DELETE http://10.180.1.21:9696/networking/v2.0/security-groups/3f230b63-8d6c-4880-ad2e-fffb33fe8e9e 0.150s
2025-05-19 16:53:32.430 70054 INFO tempest.lib.common.rest_client [req-fcf1c130-8290-4dea-8aa1-c04e1fbaf6d9 req-fcf1c130-8290-4dea-8aa1-c04e1fbaf6d9 ] Request (QuotaClassesAdminTestJSON:setUpClass): 201 POST http://10.180.1.21/identity/v3/auth/tokens 0.037s
2025-05-19 16:53:32.450 70031 INFO tempest.lib.common.rest_client [req-d9e4de61-2c1f-4182-b50f-ee0095c6f52c req-d9e4de61-2c1f-4182-b50f-ee0095c6f52c ] Request (ServersAdminNegativeTestJSON:setUpClass): 201 POST http://10.180.1.21/identity/v3/projects 0.059s
2025-05-19 16:53:32.451 70026 INFO tempest.lib.common.rest_client [req-a33b3463-2374-4a89-ac63-f23e3e975bc8 req-a33b3463-2374-4a89-ac63-f23e3e975bc8 ] Request (QuotasSecurityGroupAdminNegativeTest:tearDownClass): 204 DELETE http://10.180.1.21:9696/networking/v2.0/security-groups/9b814518-8e0b-4472-b0b1-a1f400f621ce 0.180s
2025-05-19 16:53:32.465 70010 INFO tempest.lib.common.rest_client [req-2dc4357c-e7ff-4a78-9a0a-a16431ca5d32 req-2dc4357c-e7ff-4a78-9a0a-a16431ca5d32 ] Request (VolumesAssistedSnapshotsTest:test_volume_assisted_snapshot_create_delete): 200 GET http://10.180.1.21/volume/v3/volumes/f42877d8-3402-4fb0-9f66-be5df8c8362b 0.050s
2025-05-19 16:53:32.470 70014 INFO tempest.lib.common.rest_client [req-0acd230e-38bf-453d-959d-b382b96d6d42 req-0acd230e-38bf-453d-959d-b382b96d6d42 ] Request (FlavorMetadataValidation:tearDownClass): 200 GET http://10.180.1.21:9696/networking/v2.0/security-groups?tenant_id=3ae9b3b1ecb34d358ccd569cf7362b5d&name=default 0.141s
2025-05-19 16:53:32.475 70010 INFO tempest.common.waiters [-] volume f42877d8-3402-4fb0-9f66-be5df8c8362b reached available after waiting for 1.475372 seconds
2025-05-19 16:53:32.522 69998 INFO tempest.lib.common.rest_client [req-948bc5d6-dfa6-4d6c-84fe-eeaec27512cc req-948bc5d6-dfa6-4d6c-84fe-eeaec27512cc ] Request (ServerDiagnosticsV248Test:tearDownClass): 204 DELETE http://10.180.1.21/identity/v3/projects/eef5fc7950b442f09a76a097238d98a5 0.102s
2025-05-19 16:53:32.522 69998 INFO tempest.lib.common.dynamic_creds [-] Deleting project and security group for project: 040a5291282f4eedbadccc81b64b8867
2025-05-19 16:53:32.530 70004 INFO tempest.lib.common.rest_client [req-b83eec16-1f67-4866-8782-699191c3c74b req-b83eec16-1f67-4866-8782-699191c3c74b ] Request (TenantUsagesTestJSON:setUpClass): 204 DELETE http://10.180.1.21/compute/v2.1/servers/1f2c7c31-1db1-480a-87e5-8ca8aed31e18 1.462s
2025-05-19 16:53:32.530 70057 INFO tempest.lib.common.rest_client [req-e6bc6e96-4b9b-4304-95ec-685fe602320c req-e6bc6e96-4b9b-4304-95ec-685fe602320c ] Request (DeleteServersAdminTestJSON:test_admin_delete_servers_of_others): 204 DELETE http://10.180.1.21/compute/v2.1/servers/3dd121f1-bcd2-4253-bb1f-aebdf98a34d4 1.363s
2025-05-19 16:53:32.554 69996 INFO tempest.lib.common.rest_client [req-08ad95df-5de1-452e-b34d-4f6addf7dee3 req-08ad95df-5de1-452e-b34d-4f6addf7dee3 ] Request (HypervisorAdminTestJSON:test_get_hypervisor_show_details): 200 GET http://10.180.1.21/compute/v2.1/os-hypervisors/1 1.343s
2025-05-19 16:53:32.563 70054 INFO tempest.lib.common.rest_client [req-92ab595e-aa47-4490-81f3-5e9d1d6297f3 req-92ab595e-aa47-4490-81f3-5e9d1d6297f3 ] Request (QuotaClassesAdminTestJSON:setUpClass): 200 GET http://10.180.1.21/identity/v3/domains?name=Default 0.132s
2025-05-19 16:53:32.586 70014 INFO tempest.lib.common.rest_client [req-3987ced0-8b90-4185-b034-878d294ad452 req-3987ced0-8b90-4185-b034-878d294ad452 ] Request (FlavorMetadataValidation:tearDownClass): 204 DELETE http://10.180.1.21:9696/networking/v2.0/security-groups/a2e5c586-e768-4921-9b4d-638abb6f8888 0.115s
2025-05-19 16:53:32.592 70031 INFO tempest.lib.common.rest_client [req-b2bfd5b6-1ccb-4574-bb21-f3c39c588e6b req-b2bfd5b6-1ccb-4574-bb21-f3c39c588e6b ] Request (ServersAdminNegativeTestJSON:setUpClass): 201 POST http://10.180.1.21/identity/v3/users 0.142s
2025-05-19 16:53:32.639 69998 INFO tempest.lib.common.rest_client [req-05b1eb04-5d6a-4b61-9a9d-96cffbeb5246 req-05b1eb04-5d6a-4b61-9a9d-96cffbeb5246 ] Request (ServerDiagnosticsV248Test:tearDownClass): 200 GET http://10.180.1.21:9696/networking/v2.0/security-groups?tenant_id=040a5291282f4eedbadccc81b64b8867&name=default 0.116s
2025-05-19 16:53:32.640 70026 INFO tempest.lib.common.rest_client [req-bebbc9da-a1e3-4d5b-ad19-75e666e89740 req-bebbc9da-a1e3-4d5b-ad19-75e666e89740 ] Request (QuotasSecurityGroupAdminNegativeTest:tearDownClass): 204 DELETE http://10.180.1.21/identity/v3/projects/60bfc59381934dde92c9cc77e950b917 0.188s
2025-05-19 16:53:32.640 70026 INFO tempest.lib.common.dynamic_creds [-] Deleting project and security group for project: ce35784fa35740e1bec608c7f132c0ed
2025-05-19 16:53:32.685 70054 INFO tempest.lib.common.rest_client [req-1fb9fb6d-b58c-42bd-8780-af9cc59d0b36 req-1fb9fb6d-b58c-42bd-8780-af9cc59d0b36 ] Request (QuotaClassesAdminTestJSON:setUpClass): 201 POST http://10.180.1.21/identity/v3/projects 0.121s
2025-05-19 16:53:32.687 70042 INFO tempest.lib.common.rest_client [req-94abc5d5-bf12-4171-a5af-61bb6ae47e87 req-94abc5d5-bf12-4171-a5af-61bb6ae47e87 ] Request (AggregatesAdminNegativeTestJSON:_run_cleanups): 200 POST http://10.180.1.21/compute/v2.1/os-aggregates/1/action 1.384s
2025-05-19 16:53:32.737 69998 INFO tempest.lib.common.rest_client [req-16a8a236-3f23-4924-8bff-ad2f622ea5e1 req-16a8a236-3f23-4924-8bff-ad2f622ea5e1 ] Request (ServerDiagnosticsV248Test:tearDownClass): 204 DELETE http://10.180.1.21:9696/networking/v2.0/security-groups/04197654-6126-434c-bc4f-d80bcde9b784 0.098s
2025-05-19 16:53:32.757 70031 INFO tempest.lib.common.rest_client [req-5c2390da-a9db-402e-b3e0-0e232b93b04e req-5c2390da-a9db-402e-b3e0-0e232b93b04e ] Request (ServersAdminNegativeTestJSON:setUpClass): 200 GET http://10.180.1.21/identity/v3/roles 0.164s
2025-05-19 16:53:32.764 70026 INFO tempest.lib.common.rest_client [req-f7e02574-fe56-4ffc-982f-38d1695cccc5 req-f7e02574-fe56-4ffc-982f-38d1695cccc5 ] Request (QuotasSecurityGroupAdminNegativeTest:tearDownClass): 200 GET http://10.180.1.21:9696/networking/v2.0/security-groups?tenant_id=ce35784fa35740e1bec608c7f132c0ed&name=default 0.123s
2025-05-19 16:53:32.805 70014 INFO tempest.lib.common.rest_client [req-8316ebc1-5179-4ff1-8058-3517dde1ff69 req-8316ebc1-5179-4ff1-8058-3517dde1ff69 ] Request (FlavorMetadataValidation:tearDownClass): 204 DELETE http://10.180.1.21/identity/v3/projects/3ae9b3b1ecb34d358ccd569cf7362b5d 0.218s
2025-05-19 16:53:32.863 70026 INFO tempest.lib.common.rest_client [req-e8aa5dcd-97e2-4fb7-aa21-f172d7455d14 req-e8aa5dcd-97e2-4fb7-aa21-f172d7455d14 ] Request (QuotasSecurityGroupAdminNegativeTest:tearDownClass): 204 DELETE http://10.180.1.21:9696/networking/v2.0/security-groups/748be60a-9e40-4c8d-b417-069fe1c56266 0.099s
2025-05-19 16:53:32.869 70054 INFO tempest.lib.common.rest_client [req-819a283c-ec87-4520-8db3-ecaf1f59dced req-819a283c-ec87-4520-8db3-ecaf1f59dced ] Request (QuotaClassesAdminTestJSON:setUpClass): 201 POST http://10.180.1.21/identity/v3/users 0.183s
2025-05-19 16:53:32.896 70032 INFO tempest.lib.common.rest_client [req-d66c6d12-6fab-4a3a-9844-40067ec6dc0a req-d66c6d12-6fab-4a3a-9844-40067ec6dc0a ] Request (QuotasAdminTestV257:test_get_updated_quotas): 200 GET http://10.180.1.21/compute/v2.1/os-quota-sets/c5c58f55fabf42f0956ecc1855f02f97?user_id=2b26e93d24cd485b8d95494d012ce6ba 1.665s
2025-05-19 16:53:32.906 70031 INFO tempest.lib.common.rest_client [req-80d49955-8823-484f-b233-cde6f133ab1c req-80d49955-8823-484f-b233-cde6f133ab1c ] Request (ServersAdminNegativeTestJSON:setUpClass): 204 PUT http://10.180.1.21/identity/v3/projects/9dcab262d4b048cda03344098afa089d/users/f84d5c9f5a3145ceadb0f49981d48117/roles/d42a2e26c0a6411fbf94d9a4e57001f5 0.148s
2025-05-19 16:53:32.906 70031 INFO tempest.lib.common.dynamic_creds [-] Dynamic test user f84d5c9f5a3145ceadb0f49981d48117 is created with scope project and roles: ['member']
2025-05-19 16:53:32.906 70031 INFO tempest.lib.common.dynamic_creds [-] Acquired dynamic creds: credentials: Credentials: {'domain_id': 'default', 'domain_name': 'Default', 'username': 'tempest-ServersAdminNegativeTestJSON-1527398437-project-member', 'project_domain_id': 'default', 'project_domain_name': 'Default', 'project_id': '9dcab262d4b048cda03344098afa089d', 'project_name': 'tempest-ServersAdminNegativeTestJSON-1527398437', 'tenant_id': '9dcab262d4b048cda03344098afa089d', 'tenant_name': 'tempest-ServersAdminNegativeTestJSON-1527398437', 'user_domain_id': 'default', 'user_domain_name': 'Default', 'user_id': 'f84d5c9f5a3145ceadb0f49981d48117', 'system': None}, Network: None, Subnet: None, Router: None
2025-05-19 16:53:32.906 70031 INFO tempest.lib.common.dynamic_creds [-] Created isolated network resources for: credentials: Credentials: {'domain_id': 'default', 'domain_name': 'Default', 'username': 'tempest-ServersAdminNegativeTestJSON-1527398437-project-member', 'project_domain_id': 'default', 'project_domain_name': 'Default', 'project_id': '9dcab262d4b048cda03344098afa089d', 'project_name': 'tempest-ServersAdminNegativeTestJSON-1527398437', 'tenant_id': '9dcab262d4b048cda03344098afa089d', 'tenant_name': 'tempest-ServersAdminNegativeTestJSON-1527398437', 'user_domain_id': 'default', 'user_domain_name': 'Default', 'user_id': 'f84d5c9f5a3145ceadb0f49981d48117', 'system': None}, Network: None, Subnet: None, Router: None
2025-05-19 16:53:32.916 70020 INFO tempest.lib.common.rest_client [req-71ecfba2-b90d-4b68-864f-940283bff140 req-71ecfba2-b90d-4b68-864f-940283bff140 ] Request (ServerShowV254Test:test_rebuild_server): 204 DELETE http://10.180.1.21/compute/v2.1/servers/c0a236c7-42a4-4ac7-97fc-1133434b490b 1.505s
2025-05-19 16:53:32.921 70022 INFO tempest.lib.common.rest_client [req-394628cf-7420-472e-9622-2f5d394f7fea req-394628cf-7420-472e-9622-2f5d394f7fea ] Request (InstanceActionsV221TestJSON:test_get_list_deleted_instance_actions): 404 GET http://10.180.1.21/compute/v2.1/servers/b12efee3-c6a4-4289-825a-21dfe36c557e 1.322s
2025-05-19 16:53:32.925 69998 INFO tempest.lib.common.rest_client [req-00452818-636e-418e-a69c-938bf590159d req-00452818-636e-418e-a69c-938bf590159d ] Request (ServerDiagnosticsV248Test:tearDownClass): 204 DELETE http://10.180.1.21/identity/v3/projects/040a5291282f4eedbadccc81b64b8867 0.187s
2025-05-19 16:53:32.927 69998 INFO tempest.test [-] raised in UnshelveToHostMultiNodesTest.setUpClass. Invoking tearDownClass.
2025-05-19 16:53:32.931 69998 INFO tempest.test [-] raised in SpiceDirectConsoleTestJSON.setUpClass. Invoking tearDownClass.
2025-05-19 16:53:32.936 70008 INFO tempest.lib.common.rest_client [req-7c0fb0fc-5abd-476c-b0f5-797ff543719d req-7c0fb0fc-5abd-476c-b0f5-797ff543719d ] Request (FloatingIPsAssociationTestJSON:setUpClass): 404 GET http://10.180.1.21/compute/v2.1/servers/6df917bf-934c-43ed-b4aa-c26988e84a1e 1.304s
2025-05-19 16:53:32.937 70008 INFO tempest.test [-] raised in FloatingIPsAssociationTestJSON.setUpClass. Invoking tearDownClass.
2025-05-19 16:53:32.946 70012 INFO tempest.lib.common.rest_client [req-af8c630d-0d92-4103-986c-5a49034b94d5 req-af8c630d-0d92-4103-986c-5a49034b94d5 ] Request (FlavorsV255TestJSON:test_crud_flavor): 200 GET http://10.180.1.21/compute/v2.1/flavors 1.292s
2025-05-19 16:53:32.952 70048 INFO tempest.lib.common.rest_client [req-efe2e6f8-6886-4fd4-ac37-22a139ecf11f req-efe2e6f8-6886-4fd4-ac37-22a139ecf11f ] Request (HypervisorAdminNegativeUnderV252Test:test_show_servers_with_non_admin_user): 403 GET http://10.180.1.21/compute/v2.1/os-hypervisors/1/servers 1.249s
2025-05-19 16:53:32.960 70046 INFO tempest.lib.common.rest_client [req-a7d7f3b4-f9fb-4278-abd6-17599442bc7d req-a7d7f3b4-f9fb-4278-abd6-17599442bc7d ] Request (FlavorsV261TestJSON:test_crud_flavor): 200 GET http://10.180.1.21/compute/v2.1/flavors 1.274s
2025-05-19 16:53:32.968 70014 INFO tempest.lib.common.rest_client [req-7e186fef-4a14-4d78-b46c-1fcdae7be863 req-7e186fef-4a14-4d78-b46c-1fcdae7be863 ] Request (AbsoluteLimitsTestJSON:setUpClass): 201 POST http://10.180.1.21/identity/v3/auth/tokens 0.162s
2025-05-19 16:53:32.970 70016 INFO tempest.lib.common.rest_client [req-2e332999-c715-48c8-ba5f-8569d50a4726 req-2e332999-c715-48c8-ba5f-8569d50a4726 ] Request (ServersWithSpecificFlavorTestJSON:test_verify_created_server_ephemeral_disk): 200 POST http://10.180.1.21/compute/v2.1/flavors/2046524803/os-extra_specs 1.253s
2025-05-19 16:53:32.990 70050 INFO tempest.lib.common.rest_client [req-c4d3b421-828c-4462-a045-5a7530e6b3ac req-c4d3b421-828c-4462-a045-5a7530e6b3ac ] Request (KeyPairsV22TestJSON:test_keypairs_create_list_delete): 201 POST http://10.180.1.21/compute/v2.1/os-keypairs 1.237s
2025-05-19 16:53:32.991 70054 INFO tempest.lib.common.rest_client [req-0380f63c-8363-4e4d-bbcb-ed480aa62adb req-0380f63c-8363-4e4d-bbcb-ed480aa62adb ] Request (QuotaClassesAdminTestJSON:setUpClass): 200 GET http://10.180.1.21/identity/v3/roles 0.122s
2025-05-19 16:53:33.014 70026 INFO tempest.lib.common.rest_client [req-cdf9ed12-62ff-4287-8f7e-3853dea08f42 req-cdf9ed12-62ff-4287-8f7e-3853dea08f42 ] Request (QuotasSecurityGroupAdminNegativeTest:tearDownClass): 204 DELETE http://10.180.1.21/identity/v3/projects/ce35784fa35740e1bec608c7f132c0ed 0.150s
2025-05-19 16:53:33.077 70044 INFO tempest.lib.common.rest_client [req-5c224385-38a1-48f9-a56c-aceb4370eb33 req-5c224385-38a1-48f9-a56c-aceb4370eb33 ] Request (ServersV294TestFqdnHostnames:setUpClass): 200 GET http://10.180.1.21/compute/v2.1/servers/2a9584d0-ecd8-4153-8df4-e6f6a85a17e2 1.139s
2025-05-19 16:53:33.090 70031 INFO tempest.lib.common.rest_client [req-e0b20b62-85ae-485a-9324-ce5cbd7a16bb req-e0b20b62-85ae-485a-9324-ce5cbd7a16bb ] Request (ServersAdminNegativeTestJSON:setUpClass): 201 POST http://10.180.1.21/identity/v3/auth/tokens 0.181s
2025-05-19 16:53:33.128 70032 INFO tempest.lib.common.rest_client [req-100e8054-c619-49dc-95c4-5f42b2c82523 req-100e8054-c619-49dc-95c4-5f42b2c82523 ] Request (QuotasAdminTestV257:_run_cleanups): 204 DELETE http://10.180.1.21/identity/v3/users/2b26e93d24cd485b8d95494d012ce6ba 0.231s
2025-05-19 16:53:33.145 69998 INFO tempest.lib.common.rest_client [req-37e83aa2-0b3f-497a-963b-9a565549f619 req-37e83aa2-0b3f-497a-963b-9a565549f619 ] Request (VolumesAdminNegativeTest:setUpClass): 201 POST http://10.180.1.21/identity/v3/auth/tokens 0.211s
2025-05-19 16:53:33.146 70036 INFO tempest.lib.common.rest_client [req-15a71dc2-2f77-4261-827f-15cb29fef7ae req-15a71dc2-2f77-4261-827f-15cb29fef7ae ] Request (MigrationsAdminTest:test_list_migrations_in_flavor_resize_situation): 204 DELETE http://10.180.1.21/compute/v2.1/servers/0771dbbc-617e-4e28-bd34-982aac5f4f7e 1.293s
2025-05-19 16:53:33.184 70014 INFO tempest.lib.common.rest_client [req-dff96cf7-b995-4529-bb07-064fda5ad243 req-dff96cf7-b995-4529-bb07-064fda5ad243 ] Request (AbsoluteLimitsTestJSON:setUpClass): 201 POST http://10.180.1.21/identity/v3/auth/tokens 0.211s
2025-05-19 16:53:33.209 70026 INFO tempest.lib.common.rest_client [req-fc31fba6-f743-46af-8a7b-088baed2f0ed req-fc31fba6-f743-46af-8a7b-088baed2f0ed ] Request (FloatingIPsTestJSON:setUpClass): 201 POST http://10.180.1.21/identity/v3/auth/tokens 0.193s
2025-05-19 16:53:33.216 70054 INFO tempest.lib.common.rest_client [req-8760893a-39c9-4bcf-bfd9-4506ef5b7077 req-8760893a-39c9-4bcf-bfd9-4506ef5b7077 ] Request (QuotaClassesAdminTestJSON:setUpClass): 204 PUT http://10.180.1.21/identity/v3/projects/f387976e442e4202a25ff57aef9cd07c/users/da073e990d6647548fc51e69c1defa09/roles/d42a2e26c0a6411fbf94d9a4e57001f5 0.225s
2025-05-19 16:53:33.217 70054 INFO tempest.lib.common.dynamic_creds [-] Dynamic test user da073e990d6647548fc51e69c1defa09 is created with scope project and roles: ['member']
2025-05-19 16:53:33.217 70054 INFO tempest.lib.common.dynamic_creds [-] Acquired dynamic creds: credentials: Credentials: {'domain_id': 'default', 'domain_name': 'Default', 'username': 'tempest-QuotaClassesAdminTestJSON-1182743092-project-member', 'project_domain_id': 'default', 'project_domain_name': 'Default', 'project_id': 'f387976e442e4202a25ff57aef9cd07c', 'project_name': 'tempest-QuotaClassesAdminTestJSON-1182743092', 'tenant_id': 'f387976e442e4202a25ff57aef9cd07c', 'tenant_name': 'tempest-QuotaClassesAdminTestJSON-1182743092', 'user_domain_id': 'default', 'user_domain_name': 'Default', 'user_id': 'da073e990d6647548fc51e69c1defa09', 'system': None}, Network: None, Subnet: None, Router: None
2025-05-19 16:53:33.217 70054 INFO tempest.lib.common.dynamic_creds [-] Created isolated network resources for: credentials: Credentials: {'domain_id': 'default', 'domain_name': 'Default', 'username': 'tempest-QuotaClassesAdminTestJSON-1182743092-project-member', 'project_domain_id': 'default', 'project_domain_name': 'Default', 'project_id': 'f387976e442e4202a25ff57aef9cd07c', 'project_name': 'tempest-QuotaClassesAdminTestJSON-1182743092', 'tenant_id': 'f387976e442e4202a25ff57aef9cd07c', 'tenant_name': 'tempest-QuotaClassesAdminTestJSON-1182743092', 'user_domain_id': 'default', 'user_domain_name': 'Default', 'user_id': 'da073e990d6647548fc51e69c1defa09', 'system': None}, Network: None, Subnet: None, Router: None
2025-05-19 16:53:33.302 70031 INFO tempest.lib.common.rest_client [req-d3158396-a2cd-43dd-9283-931d7aac1c51 req-d3158396-a2cd-43dd-9283-931d7aac1c51 ] Request (ServersAdminNegativeTestJSON:setUpClass): 201 POST http://10.180.1.21/identity/v3/projects 0.212s
2025-05-19 16:53:33.395 70052 INFO tempest.lib.common.rest_client [req-5df9d4b9-12e2-4830-b6dd-adcd8cc9b973 req-5df9d4b9-12e2-4830-b6dd-adcd8cc9b973 ] Request (ValidationResourcesFixture:setUp): 200 POST http://10.180.1.21/compute/v2.1/os-keypairs 1.418s
2025-05-19 16:53:33.405 70032 INFO tempest.lib.common.rest_client [req-ddbc7d5f-068c-4e34-8219-fc75b590598f req-ddbc7d5f-068c-4e34-8219-fc75b590598f ] Request (QuotasAdminTestV257:_run_cleanups): 204 DELETE http://10.180.1.21/identity/v3/projects/c5c58f55fabf42f0956ecc1855f02f97 0.276s
2025-05-19 16:53:33.417 69994 INFO tempest.lib.common.rest_client [req-1f210d86-33c4-49a7-bf9a-031d4154645a req-1f210d86-33c4-49a7-bf9a-031d4154645a ] Request (ServicesAdminNegativeTestJSON:test_get_service_by_invalid_service_and_valid_host): 200 GET http://10.180.1.21/compute/v2.1/os-services 1.397s
2025-05-19 16:53:33.423 69998 INFO tempest.lib.common.rest_client [req-39b0bc7a-9701-4661-8d6b-960f22afc15c req-39b0bc7a-9701-4661-8d6b-960f22afc15c ] Request (VolumesAdminNegativeTest:setUpClass): 201 POST http://10.180.1.21/identity/v3/auth/tokens 0.275s
2025-05-19 16:53:33.445 70026 INFO tempest.lib.common.rest_client [req-b053dce6-afac-4658-b7e3-15ca5ef6990e req-b053dce6-afac-4658-b7e3-15ca5ef6990e ] Request (FloatingIPsTestJSON:setUpClass): 201 POST http://10.180.1.21/identity/v3/auth/tokens 0.225s
2025-05-19 16:53:33.468 70014 INFO tempest.lib.common.rest_client [req-28f56b4e-dfb6-43b4-ad3a-34487a29a4fc req-28f56b4e-dfb6-43b4-ad3a-34487a29a4fc ] Request (AbsoluteLimitsTestJSON:setUpClass): 200 GET http://10.180.1.21/identity/v3/domains?name=Default 0.283s
2025-05-19 16:53:33.501 70031 INFO tempest.lib.common.rest_client [req-fc0ba613-e71b-4297-a65b-a3735ae01c36 req-fc0ba613-e71b-4297-a65b-a3735ae01c36 ] Request (ServersAdminNegativeTestJSON:setUpClass): 201 POST http://10.180.1.21/identity/v3/users 0.198s
2025-05-19 16:53:33.518 70054 INFO tempest.lib.common.rest_client [req-ebf8a111-f35f-412c-b217-c6e3f94cefea req-ebf8a111-f35f-412c-b217-c6e3f94cefea ] Request (QuotaClassesAdminTestJSON:setUpClass): 201 POST http://10.180.1.21/identity/v3/auth/tokens 0.296s
2025-05-19 16:53:33.578 70032 INFO tempest.lib.common.rest_client [req-bcb8daaa-bafd-480c-a0a4-e4e253a45e99 req-bcb8daaa-bafd-480c-a0a4-e4e253a45e99 ] Request (QuotasAdminTestV257:tearDownClass): 204 DELETE http://10.180.1.21/identity/v3/users/12b345f9029f4381bf9b80b6031f977b 0.166s
2025-05-19 16:53:33.600 70052 INFO tempest.lib.common.rest_client [req-6dc6e1ed-761c-470a-b417-76b6aacccaed req-6dc6e1ed-761c-470a-b417-76b6aacccaed ] Request (ValidationResourcesFixture:setUp): 201 POST http://10.180.1.21:9696/networking/v2.0/security-groups 0.203s
2025-05-19 16:53:33.662 69998 INFO tempest.lib.common.rest_client [req-b85df881-19eb-4f0a-a5ba-07251ee6ce4c req-b85df881-19eb-4f0a-a5ba-07251ee6ce4c ] Request (VolumesAdminNegativeTest:setUpClass): 200 GET http://10.180.1.21/identity/v3/domains?name=Default 0.238s
2025-05-19 16:53:33.665 70034 INFO tempest.lib.common.rest_client [req-91e79d68-5a25-4520-ba70-0aa3344d7eeb req-91e79d68-5a25-4520-ba70-0aa3344d7eeb ] Request (FlavorsAccessTestJSON:test_flavor_access_add_remove): 200 POST http://10.180.1.21/compute/v2.1/flavors/1727462320/action 1.680s
2025-05-19 16:53:33.681 70026 INFO tempest.lib.common.rest_client [req-d6e8187b-90a6-4c4d-ab14-3a90ae9fb9f3 req-d6e8187b-90a6-4c4d-ab14-3a90ae9fb9f3 ] Request (FloatingIPsTestJSON:setUpClass): 200 GET http://10.180.1.21/identity/v3/domains?name=Default 0.235s
2025-05-19 16:53:33.700 70018 INFO tempest.lib.common.rest_client [req-4cc9974b-9407-42b0-94a5-16cf97305198 req-4cc9974b-9407-42b0-94a5-16cf97305198 ] Request (ServicesAdminNegativeV253TestJSON:test_get_service_by_invalid_service_and_valid_host): 200 GET http://10.180.1.21/compute/v2.1/os-services 1.643s
2025-05-19 16:53:33.713 70014 INFO tempest.lib.common.rest_client [req-7039cbc8-947a-4380-8880-3a16288f306f req-7039cbc8-947a-4380-8880-3a16288f306f ] Request (AbsoluteLimitsTestJSON:setUpClass): 201 POST http://10.180.1.21/identity/v3/projects 0.245s
2025-05-19 16:53:33.721 70000 INFO tempest.lib.common.rest_client [req-ab603035-3873-4205-bf24-d10f3fcb9f7d req-ab603035-3873-4205-bf24-d10f3fcb9f7d ] Request (FlavorsAdminTestJSON:_run_cleanups): 202 DELETE http://10.180.1.21/compute/v2.1/flavors/115969337 1.623s
2025-05-19 16:53:33.723 70031 INFO tempest.lib.common.rest_client [req-7f260c91-6093-4587-a64e-62466199352b req-7f260c91-6093-4587-a64e-62466199352b ] Request (ServersAdminNegativeTestJSON:setUpClass): 200 GET http://10.180.1.21/identity/v3/roles 0.221s
