2025-05-19 16:54:00.403 70026 INFO tempest.lib.common.rest_client [req-288ae3d7-16b3-4696-979f-b9024cf7d084 req-288ae3d7-16b3-4696-979f-b9024cf7d084 ] Request (FloatingIPsTestJSON:test_delete_floating_ip): 202 DELETE http://10.180.1.21/compute/v2.1/os-floating-ips/c3b6903c-bef7-4299-a5c8-86aae09f1027 3.505s
2025-05-19 16:54:00.405 70050 INFO tempest.lib.common.rest_client [req-66f30e3b-bdc1-4761-bafc-d4260e71572c req-66f30e3b-bdc1-4761-bafc-d4260e71572c ] Request (SecurityGroupsTestJSON:setUpClass): 201 POST http://10.180.1.21:9696/networking/v2.0/routers 2.897s
2025-05-19 16:54:00.439 70028 INFO tempest.lib.common.rest_client [req-adee8810-8564-4496-8bc4-773ed55d4121 req-adee8810-8564-4496-8bc4-773ed55d4121 ] Request (QuotaClassesAdmin257Test:test_update_default_quotas): 200 GET http://10.180.1.21/compute/v2.1/os-quota-class-sets/default 3.252s
2025-05-19 16:54:00.452 70000 INFO tempest.lib.common.rest_client [req-bd624d4b-242b-4608-ad4d-03d58a371082 req-bd624d4b-242b-4608-ad4d-03d58a371082 ] Request (FlavorsAdminTestJSON:_run_cleanups): 200 GET http://10.180.1.21/compute/v2.1/flavors/detail 3.242s
2025-05-19 16:54:00.475 70016 INFO tempest.lib.common.rest_client [req-ed1c857d-0359-493d-8f41-f79dbee68c0e req-ed1c857d-0359-493d-8f41-f79dbee68c0e ] Request (ServersWithSpecificFlavorTestJSON:_run_cleanups): 200 GET http://10.180.1.21/compute/v2.1/flavors/detail 3.166s
2025-05-19 16:54:00.504 70042 INFO tempest.lib.common.rest_client [req-92b8a02b-9b13-46e7-ba01-cfc9e2c3b07f req-92b8a02b-9b13-46e7-ba01-cfc9e2c3b07f ] Request (AggregatesAdminNegativeTestJSON:_run_cleanups): 200 DELETE http://10.180.1.21/compute/v2.1/os-aggregates/5 3.167s
2025-05-19 16:54:00.546 70036 INFO tempest.lib.common.rest_client [req-75618ba5-6a0a-4f61-a91b-23779ba29b27 req-75618ba5-6a0a-4f61-a91b-23779ba29b27 ] Request (ImagesMetadataTestJSON:setUpClass): 204 PUT http://10.180.1.21/image/v2/images/36f95d57-ee14-4797-9b99-938ebec6d08b/file 0.701s
2025-05-19 16:54:00.567 70048 INFO tempest.lib.common.rest_client [req-4fab4765-3565-4fdf-b93b-4c7586f59cc6 req-4fab4765-3565-4fdf-b93b-4c7586f59cc6 ] Request (KeyPairsV2TestJSON:test_keypairs_create_list_delete): 200 POST http://10.180.1.21/compute/v2.1/os-keypairs 3.214s
2025-05-19 16:54:00.593 70031 INFO tempest.lib.common.rest_client [req-519e3309-2e55-42b0-b6ee-e37358fca791 req-519e3309-2e55-42b0-b6ee-e37358fca791 ] Request (ImagesMetadataNegativeTestJSON:test_set_nonexistent_image_metadata_item): 404 PUT http://10.180.1.21/compute/v2.1/images/06564e0d-dd57-478d-86f8-a191c7aa5ffe/metadata/os_distro 3.225s
2025-05-19 16:54:00.622 70002 INFO tempest.lib.common.rest_client [req-9226b872-7b13-4974-9946-2f1cf851f525 req-9226b872-7b13-4974-9946-2f1cf851f525 ] Request (FloatingIPsNegativeTestJSON:tearDownClass): 204 DELETE http://10.180.1.21:9696/networking/v2.0/routers/7f7a0b5d-3196-4f3d-a72e-7e0cdb0757b3 0.772s
2025-05-19 16:54:00.633 70024 INFO tempest.lib.common.rest_client [req-0db72aa0-98c5-4757-81b0-ee8aead99df7 req-0db72aa0-98c5-4757-81b0-ee8aead99df7 ] Request (ListImageFiltersTestJSON:setUpClass): 200 GET http://10.180.1.21/compute/v2.1/images/6cb2346e-ee4b-45fb-94fc-985f16681698 3.228s
2025-05-19 16:54:00.806 70032 INFO tempest.lib.common.rest_client [req-e89ca42c-95a8-4f78-a955-989d5d6ba867 req-e89ca42c-95a8-4f78-a955-989d5d6ba867 ] Request (QuotasAdminNegativeTest:test_create_server_when_memory_quota_is_full): 200 GET http://10.180.1.21/compute/v2.1/os-quota-sets/ad1c3c35086c4e17ad25456fb67015aa 3.217s
2025-05-19 16:54:00.848 70002 INFO tempest.lib.common.rest_client [req-2804e679-6f26-4d5a-8df5-242f346b22d7 req-2804e679-6f26-4d5a-8df5-242f346b22d7 ] Request (FloatingIPsNegativeTestJSON:tearDownClass): 204 DELETE http://10.180.1.21:9696/networking/v2.0/subnets/462435e0-06f4-4462-a75a-478a685c7c58 0.226s
2025-05-19 16:54:00.910 70006 INFO tempest.lib.common.rest_client [req-cdcb71dc-7fbb-435a-881d-ceddad09b398 req-cdcb71dc-7fbb-435a-881d-ceddad09b398 ] Request (FlavorsAccessNegativeTestJSON:_run_cleanups): 200 POST http://10.180.1.21/compute/v2.1/flavors/1999860477/action 3.181s
2025-05-19 16:54:00.922 70012 INFO tempest.lib.common.rest_client [req-b04e4659-3774-4aff-8e21-dea469c39936 req-b04e4659-3774-4aff-8e21-dea469c39936 ] Request (SecurityGroupRulesNegativeTestJSON:test_create_security_group_rule_with_invalid_from_port): 200 POST http://10.180.1.21/compute/v2.1/os-security-groups 3.636s
2025-05-19 16:54:00.924 70004 INFO tempest.lib.common.rest_client [req-69b133a5-f0c5-479a-82f3-8135b19acea3 req-69b133a5-f0c5-479a-82f3-8135b19acea3 ] Request (AttachVolumeNegativeTest:setUpClass): 201 POST http://10.180.1.21:9696/networking/v2.0/routers 1.882s
2025-05-19 16:54:01.009 70002 INFO tempest.lib.common.rest_client [req-f6193c39-52db-4a44-b479-a1abeed758d8 req-f6193c39-52db-4a44-b479-a1abeed758d8 ] Request (FloatingIPsNegativeTestJSON:tearDownClass): 204 DELETE http://10.180.1.21:9696/networking/v2.0/networks/141fe3c1-1208-4858-ae2f-977f4a72873d 0.160s
2025-05-19 16:54:01.046 70034 INFO tempest.lib.common.rest_client [req-e2617b46-cb7c-4f6b-8152-94ce7b7312fc req-e2617b46-cb7c-4f6b-8152-94ce7b7312fc ] Request (ServerDiagnosticsTest:test_get_server_diagnostics): 200 GET http://10.180.1.21/compute/v2.1/servers/3ec4700e-fb84-4f44-9f5c-23c4a9439f1f 3.305s
2025-05-19 16:54:01.078 70024 INFO tempest.lib.common.rest_client [req-95a655ae-c83f-4e3c-a83a-5bad34673d18 req-95a655ae-c83f-4e3c-a83a-5bad34673d18 ] Request (ListImageFiltersTestJSON:setUpClass): 201 POST http://10.180.1.21/image/v2/images 0.438s
2025-05-19 16:54:01.125 70014 INFO tempest.lib.common.rest_client [req-15405273-9af5-41fa-9d76-57df38ee199f req-15405273-9af5-41fa-9d76-57df38ee199f ] Request (AttachInterfacesTestJSON:test_create_list_show_delete_interfaces_by_fixed_ip): 200 GET http://10.180.1.21/compute/v2.1/servers/a5d85656-c3c0-41c0-b289-b60386e1fdca 3.269s
2025-05-19 16:54:01.136 70002 INFO tempest.lib.common.rest_client [req-2235f424-8eb8-4976-873f-27343b920783 req-2235f424-8eb8-4976-873f-27343b920783 ] Request (FloatingIPsNegativeTestJSON:tearDownClass): 204 DELETE http://10.180.1.21/identity/v3/users/f356cef6399049af9ab684038894c0d5 0.127s
2025-05-19 16:54:01.136 70002 INFO tempest.lib.common.dynamic_creds [-] Deleting project and security group for project: 8cd7de04968f4a058404444a4ccc8661
2025-05-19 16:54:01.168 70002 INFO tempest.lib.common.rest_client [req-0cc3a9f9-362c-4654-a70b-ed6706a89ad7 req-0cc3a9f9-362c-4654-a70b-ed6706a89ad7 ] Request (FloatingIPsNegativeTestJSON:tearDownClass): 200 GET http://10.180.1.21:9696/networking/v2.0/security-groups?tenant_id=8cd7de04968f4a058404444a4ccc8661&name=default 0.032s
2025-05-19 16:54:01.186 70052 INFO tempest.lib.common.rest_client [req-ffa1697e-8c28-4bd3-a41b-7d8392d4e910 req-ffa1697e-8c28-4bd3-a41b-7d8392d4e910 ] Request (AttachInterfacesV270Test:setUpClass): 201 POST http://10.180.1.21:9696/networking/v2.0/routers 2.457s
2025-05-19 16:54:01.359 70022 INFO tempest.lib.common.rest_client [req-9ebb5b26-a95d-42aa-b0db-65a4350b2105 req-9ebb5b26-a95d-42aa-b0db-65a4350b2105 ] Request (MultipleCreateTestJSON:test_multiple_create): 204 DELETE http://10.180.1.21/compute/v2.1/servers/3323c51c-aed3-4800-a811-3d7dfa1d040e 3.630s
2025-05-19 16:54:01.448 70002 INFO tempest.lib.common.rest_client [req-bc0286ad-22e4-4828-b267-408f1de1ab77 req-bc0286ad-22e4-4828-b267-408f1de1ab77 ] Request (FloatingIPsNegativeTestJSON:tearDownClass): 204 DELETE http://10.180.1.21:9696/networking/v2.0/security-groups/f2855d35-44f7-47dc-aa3f-2c249a9e2952 0.279s
2025-05-19 16:54:01.556 70010 INFO tempest.lib.common.rest_client [req-9e96546d-6cf1-4691-9916-46652eafe827 req-9e96546d-6cf1-4691-9916-46652eafe827 ] Request (VolumesAssistedSnapshotsTest:tearDownClass): 204 DELETE http://10.180.1.21:9696/networking/v2.0/routers/8cc8598c-52f5-488e-ad81-8d52a7b56585 1.441s
2025-05-19 16:54:01.566 70002 INFO tempest.lib.common.rest_client [req-97303dff-f4e1-4ffe-97eb-a9f512099f17 req-97303dff-f4e1-4ffe-97eb-a9f512099f17 ] Request (FloatingIPsNegativeTestJSON:tearDownClass): 204 DELETE http://10.180.1.21/identity/v3/projects/8cd7de04968f4a058404444a4ccc8661 0.118s
2025-05-19 16:54:01.616 69994 INFO tempest.lib.common.rest_client [req-ff99aa63-9010-4226-a539-8ed1040915b8 req-ff99aa63-9010-4226-a539-8ed1040915b8 ] Request (SecurityGroupsNegativeTestJSON:test_delete_the_default_security_group): 200 GET http://10.180.1.21/compute/v2.1/os-security-groups 3.745s
2025-05-19 16:54:01.636 70002 INFO tempest.lib.common.rest_client [req-f9394758-7591-46a5-86fa-1e0301e42cfe req-f9394758-7591-46a5-86fa-1e0301e42cfe ] Request (ImagesTestJSON:setUpClass): 201 POST http://10.180.1.21/identity/v3/auth/tokens 0.067s
2025-05-19 16:54:01.667 70002 INFO tempest.lib.common.rest_client [req-65e1f3a4-e0e6-4624-b0a9-e5da08d62852 req-65e1f3a4-e0e6-4624-b0a9-e5da08d62852 ] Request (ImagesTestJSON:setUpClass): 201 POST http://10.180.1.21/identity/v3/auth/tokens 0.029s
2025-05-19 16:54:01.704 70002 INFO tempest.lib.common.rest_client [req-230297e1-173f-4f3e-80d3-d30d6711b72e req-230297e1-173f-4f3e-80d3-d30d6711b72e ] Request (ImagesTestJSON:setUpClass): 200 GET http://10.180.1.21/identity/v3/domains?name=Default 0.036s
2025-05-19 16:54:01.735 70002 INFO tempest.lib.common.rest_client [req-9737c19f-10d4-4d15-acb2-67e8c056a04d req-9737c19f-10d4-4d15-acb2-67e8c056a04d ] Request (ImagesTestJSON:setUpClass): 201 POST http://10.180.1.21/identity/v3/projects 0.031s
2025-05-19 16:54:01.748 70010 INFO tempest.lib.common.rest_client [req-b03c9027-11de-4b11-ae5a-d3d9978f993b req-b03c9027-11de-4b11-ae5a-d3d9978f993b ] Request (VolumesAssistedSnapshotsTest:tearDownClass): 204 DELETE http://10.180.1.21:9696/networking/v2.0/subnets/6b371a03-9964-47c3-804d-ae2bdf59a2a2 0.191s
2025-05-19 16:54:01.780 70020 INFO tempest.lib.common.rest_client [req-c089565e-aa51-41aa-b93c-b43b7e22c974 req-c089565e-aa51-41aa-b93c-b43b7e22c974 ] Request (ValidationResourcesFixture:setUp): 201 POST http://10.180.1.21/compute/v2.1/os-keypairs 3.348s
2025-05-19 16:54:01.790 70002 INFO tempest.lib.common.rest_client [req-746e046a-9516-495a-9f84-abeeffeb75d9 req-746e046a-9516-495a-9f84-abeeffeb75d9 ] Request (ImagesTestJSON:setUpClass): 201 POST http://10.180.1.21/identity/v3/users 0.054s
2025-05-19 16:54:01.821 70002 INFO tempest.lib.common.rest_client [req-e7fff549-5227-4257-8ff8-ee7b00430ad8 req-e7fff549-5227-4257-8ff8-ee7b00430ad8 ] Request (ImagesTestJSON:setUpClass): 200 GET http://10.180.1.21/identity/v3/roles 0.030s
2025-05-19 16:54:01.849 70002 INFO tempest.lib.common.rest_client [req-c1f83fea-95b2-4a56-87a6-15c9cac91079 req-c1f83fea-95b2-4a56-87a6-15c9cac91079 ] Request (ImagesTestJSON:setUpClass): 204 PUT http://10.180.1.21/identity/v3/projects/c7468d86ed814b7cb77d5ad6f8d76272/users/f4577ec7d168416b9f485a64f06edd13/roles/d42a2e26c0a6411fbf94d9a4e57001f5 0.028s
2025-05-19 16:54:01.850 70002 INFO tempest.lib.common.dynamic_creds [-] Dynamic test user f4577ec7d168416b9f485a64f06edd13 is created with scope project and roles: ['member']
2025-05-19 16:54:01.850 70002 INFO tempest.lib.common.dynamic_creds [-] Acquired dynamic creds: credentials: Credentials: {'domain_id': 'default', 'domain_name': 'Default', 'username': 'tempest-ImagesTestJSON-199969369-project-member', 'project_domain_id': 'default', 'project_domain_name': 'Default', 'project_id': 'c7468d86ed814b7cb77d5ad6f8d76272', 'project_name': 'tempest-ImagesTestJSON-199969369', 'tenant_id': 'c7468d86ed814b7cb77d5ad6f8d76272', 'tenant_name': 'tempest-ImagesTestJSON-199969369', 'user_domain_id': 'default', 'user_domain_name': 'Default', 'user_id': 'f4577ec7d168416b9f485a64f06edd13', 'system': None}, Network: None, Subnet: None, Router: None
2025-05-19 16:54:01.902 70008 INFO tempest.lib.common.rest_client [req-b822c8f9-3c89-453a-9124-bb731590a267 req-b822c8f9-3c89-453a-9124-bb731590a267 ] Request (ServersListShow296Test:test_list_show_update_rebuild_server_296): 200 GET http://10.180.1.21/compute/v2.1/servers/0b59d0d2-57a7-4cf1-8812-d364d826dba9 3.021s
2025-05-19 16:54:01.922 70002 INFO tempest.lib.common.rest_client [req-ce1f027a-2b92-465a-8482-2ad19fc3fe36 req-ce1f027a-2b92-465a-8482-2ad19fc3fe36 ] Request (ImagesTestJSON:setUpClass): 201 POST http://10.180.1.21/identity/v3/auth/tokens 0.071s
2025-05-19 16:54:01.943 70020 INFO tempest.lib.common.rest_client [req-c95d8942-85fa-4dba-84c4-35d66be8341b req-c95d8942-85fa-4dba-84c4-35d66be8341b ] Request (ValidationResourcesFixture:setUp): 201 POST http://10.180.1.21:9696/networking/v2.0/security-groups 0.161s
2025-05-19 16:54:02.016 70044 INFO tempest.lib.common.rest_client [req-2294c8d6-0742-4379-a4f5-18046f89e944 req-2294c8d6-0742-4379-a4f5-18046f89e944 ] Request (InstanceActionsTestJSON:setUpClass): 200 GET http://10.180.1.21/compute/v2.1/servers/40d53f81-619d-40ed-8c22-6b6453523ba4 2.825s
2025-05-19 16:54:02.203 69998 INFO tempest.lib.common.rest_client [req-85fc4e78-2935-4874-b708-415a411d6da1 req-85fc4e78-2935-4874-b708-415a411d6da1 ] Request (VolumesAdminNegativeTest:test_update_attached_volume_with_nonexistent_volume_in_body): 202 POST http://10.180.1.21/compute/v2.1/servers 4.089s
2025-05-19 16:54:02.250 70020 INFO tempest.lib.common.rest_client [req-bda7c4fa-433d-43bb-bd86-26f2ca5138cd req-bda7c4fa-433d-43bb-bd86-26f2ca5138cd ] Request (ValidationResourcesFixture:setUp): 201 POST http://10.180.1.21:9696/networking/v2.0/security-group-rules 0.307s
2025-05-19 16:54:02.487 70002 INFO tempest.lib.common.rest_client [req-e9024f65-02a3-4e1f-aab7-61d635114abf req-e9024f65-02a3-4e1f-aab7-61d635114abf ] Request (ImagesTestJSON:setUpClass): 201 POST http://10.180.1.21:9696/networking/v2.0/networks 0.565s
2025-05-19 16:54:02.496 70020 INFO tempest.lib.common.rest_client [req-e3310f76-d613-4fe0-8e96-1d4d659469d1 req-e3310f76-d613-4fe0-8e96-1d4d659469d1 ] Request (ValidationResourcesFixture:setUp): 201 POST http://10.180.1.21:9696/networking/v2.0/security-group-rules 0.246s
2025-05-19 16:54:02.553 70010 INFO tempest.lib.common.rest_client [req-9b92cd12-0769-4e43-83cd-44ae05fcf80a req-9b92cd12-0769-4e43-83cd-44ae05fcf80a ] Request (VolumesAssistedSnapshotsTest:tearDownClass): 204 DELETE http://10.180.1.21:9696/networking/v2.0/networks/61428f5f-1fd2-438d-9270-29dd442a88c1 0.804s
2025-05-19 16:54:02.857 70024 INFO tempest.lib.common.rest_client [req-5438e9f4-5578-47c6-b10f-eb6b72a4e77a req-5438e9f4-5578-47c6-b10f-eb6b72a4e77a ] Request (ListImageFiltersTestJSON:setUpClass): 204 PUT http://10.180.1.21/image/v2/images/cc4cdc88-7925-441f-8798-55e06d7a572d/file 0.777s
2025-05-19 16:54:02.940 70038 INFO tempest.lib.common.rest_client [req-efd11732-e702-491d-864a-f3a2f327527a req-efd11732-e702-491d-864a-f3a2f327527a ] Request (ServerRescueTestJSONUnderV235:setUpClass): 202 POST http://10.180.1.21/compute/v2.1/servers 3.619s
2025-05-19 16:54:02.970 70054 INFO tempest.lib.common.rest_client [req-1ce4a3f8-dca7-42e4-9260-c495b4364cf8 req-1ce4a3f8-dca7-42e4-9260-c495b4364cf8 ] Request (ServerDiagnosticsNegativeTest:test_get_server_diagnostics_by_non_admin): 404 GET http://10.180.1.21/compute/v2.1/servers/15c4180d-eeef-46b3-8cda-e76605504676 2.698s
2025-05-19 16:54:02.992 70052 INFO tempest.lib.common.rest_client [req-06c66288-598d-4817-9918-6d49d0c7e516 req-06c66288-598d-4817-9918-6d49d0c7e516 ] Request (AttachInterfacesV270Test:setUpClass): 200 PUT http://10.180.1.21:9696/networking/v2.0/routers/90e1e6bd-228d-4cfa-bc49-39e11dd2e630/add_router_interface 1.806s
2025-05-19 16:54:02.992 70052 INFO tempest.lib.common.dynamic_creds [-] Created isolated network resources for: credentials: Credentials: {'domain_id': 'default', 'domain_name': 'Default', 'username': 'tempest-AttachInterfacesV270Test-754613191-project-member', 'project_domain_id': 'default', 'project_domain_name': 'Default', 'project_id': 'b45d1b9f565b4c2893581ef106fc1a1d', 'project_name': 'tempest-AttachInterfacesV270Test-754613191', 'tenant_id': 'b45d1b9f565b4c2893581ef106fc1a1d', 'tenant_name': 'tempest-AttachInterfacesV270Test-754613191', 'user_domain_id': 'default', 'user_domain_name': 'Default', 'user_id': 'af5732979840480587da0732ae9c6d7f', 'system': None}, Network: {'id': '292a1fda-b87c-4abd-b852-497208c7d5d4', 'name': 'tempest-AttachInterfacesV270Test-522896876-network', 'tenant_id': 'b45d1b9f565b4c2893581ef106fc1a1d', 'admin_state_up': True, 'mtu': 8950, 'status': 'ACTIVE', 'subnets': [], 'shared': False, 'project_id': 'b45d1b9f565b4c2893581ef106fc1a1d', 'port_security_enabled': True, 'router:external': False, 'provider:network_type': 'vlan', 'provider:physical_network': 'default', 'provider:segmentation_id': 226, 'availability_zone_hints': [], 'availability_zones': [], 'ipv4_address_scope': None, 'ipv6_address_scope': None, 'description': '', 'tags': [], 'created_at': '2025-05-19T16:53:57Z', 'updated_at': '2025-05-19T16:53:57Z', 'revision_number': 1}, Subnet: {'id': 'cf16f7c8-c65a-4207-8cfc-60d73338d361', 'name': 'tempest-AttachInterfacesV270Test-522896876-subnet', 'tenant_id': 'b45d1b9f565b4c2893581ef106fc1a1d', 'network_id': '292a1fda-b87c-4abd-b852-497208c7d5d4', 'ip_version': 4, 'subnetpool_id': None, 'enable_dhcp': True, 'ipv6_ra_mode': None, 'ipv6_address_mode': None, 'gateway_ip': '192.168.128.1', 'cidr': '192.168.128.0/28', 'allocation_pools': [{'start': '192.168.128.2', 'end': '192.168.128.14'}], 'host_routes': [], 'dns_nameservers': [], 'description': '', 'router:external': False, 'service_types': [], 'tags': [], 'created_at': '2025-05-19T16:53:58Z', 'updated_at': '2025-05-19T16:53:58Z', 'revision_number': 0, 'project_id': 'b45d1b9f565b4c2893581ef106fc1a1d'}, Router: {'id': '90e1e6bd-228d-4cfa-bc49-39e11dd2e630', 'name': 'tempest-AttachInterfacesV270Test-522896876-router', 'tenant_id': 'b45d1b9f565b4c2893581ef106fc1a1d', 'admin_state_up': True, 'status': 'ACTIVE', 'external_gateway_info': {'network_id': 'f17beb75-fd22-4b87-af63-ab49fc2d9df3', 'external_fixed_ips': [{'subnet_id': '1e3f3e8b-3774-4790-b737-4b1303624583', 'ip_address': '10.180.180.130'}], 'enable_snat': True}, 'description': '', 'availability_zones': [], 'distributed': False, 'ha': False, 'availability_zone_hints': [], 'routes': [], 'flavor_id': None, 'tags': [], 'created_at': '2025-05-19T16:53:58Z', 'updated_at': '2025-05-19T16:54:00Z', 'revision_number': 2, 'project_id': 'b45d1b9f565b4c2893581ef106fc1a1d'}
2025-05-19 16:54:03.058 70002 INFO tempest.lib.common.rest_client [req-11d2c5d7-398f-40cb-bb2f-a7861498f189 req-11d2c5d7-398f-40cb-bb2f-a7861498f189 ] Request (ImagesTestJSON:setUpClass): 201 POST http://10.180.1.21:9696/networking/v2.0/subnets 0.570s
2025-05-19 16:54:03.081 70054 INFO tempest.lib.common.rest_client [req-7774ce9e-e1d3-47f6-bc69-cd6e92cf1ce9 req-7774ce9e-e1d3-47f6-bc69-cd6e92cf1ce9 ] Request (ServerDiagnosticsNegativeTest:tearDownClass): 204 DELETE http://10.180.1.21/identity/v3/users/b9bad92040634aaaac371c5b45f53dd0 0.101s
2025-05-19 16:54:03.105 70052 INFO tempest.lib.common.rest_client [req-45938859-5dd7-4c99-874c-946d678c4234 req-45938859-5dd7-4c99-874c-946d678c4234 ] Request (AttachInterfacesV270Test:setUpClass): 201 POST http://10.180.1.21/identity/v3/auth/tokens 0.108s
2025-05-19 16:54:03.166 70052 INFO tempest.lib.common.rest_client [req-e9e725e8-bfdb-45f4-a393-f61270494838 req-e9e725e8-bfdb-45f4-a393-f61270494838 ] Request (AttachInterfacesV270Test:test_create_get_list_interfaces): 201 POST http://10.180.1.21/identity/v3/auth/tokens 0.054s
2025-05-19 16:54:03.167 70052 INFO tempest.lib.common.fixed_network [-] (AttachInterfacesV270Test:test_create_get_list_interfaces) Found network {'id': '292a1fda-b87c-4abd-b852-497208c7d5d4', 'name': 'tempest-AttachInterfacesV270Test-522896876-network', 'tenant_id': 'b45d1b9f565b4c2893581ef106fc1a1d', 'admin_state_up': True, 'mtu': 8950, 'status': 'ACTIVE', 'subnets': [], 'shared': False, 'project_id': 'b45d1b9f565b4c2893581ef106fc1a1d', 'port_security_enabled': True, 'router:external': False, 'provider:network_type': 'vlan', 'provider:physical_network': 'default', 'provider:segmentation_id': 226, 'availability_zone_hints': [], 'availability_zones': [], 'ipv4_address_scope': None, 'ipv6_address_scope': None, 'description': '', 'tags': [], 'created_at': '2025-05-19T16:53:57Z', 'updated_at': '2025-05-19T16:53:57Z', 'revision_number': 1} available for tenant
2025-05-19 16:54:03.186 70054 INFO tempest.lib.common.rest_client [req-e3dc8248-0e22-40b2-93ba-2f25b4117cee req-e3dc8248-0e22-40b2-93ba-2f25b4117cee ] Request (ServerDiagnosticsNegativeTest:tearDownClass): 204 DELETE http://10.180.1.21/identity/v3/users/214c3bc0c3a54b899f0906dfdce44157 0.104s
2025-05-19 16:54:03.186 70054 INFO tempest.lib.common.dynamic_creds [-] Deleting project and security group for project: 43555aacab5b4010b1d8431de78e322a
2025-05-19 16:54:03.263 70054 INFO tempest.lib.common.rest_client [req-0f1c33f2-665f-4a26-9c32-3ab8e4710271 req-0f1c33f2-665f-4a26-9c32-3ab8e4710271 ] Request (ServerDiagnosticsNegativeTest:tearDownClass): 201 POST http://10.180.1.21/identity/v3/auth/tokens 0.076s
2025-05-19 16:54:03.367 70050 INFO tempest.lib.common.rest_client [req-4bd23c8d-d4ac-4ff9-83dc-04a53fd3a0b5 req-4bd23c8d-d4ac-4ff9-83dc-04a53fd3a0b5 ] Request (SecurityGroupsTestJSON:setUpClass): 200 PUT http://10.180.1.21:9696/networking/v2.0/routers/97a5d613-37fb-4dcf-a054-2bcc2a4fd26f/add_router_interface 2.961s
2025-05-19 16:54:03.368 70050 INFO tempest.lib.common.dynamic_creds [-] Created isolated network resources for: credentials: Credentials: {'domain_id': 'default', 'domain_name': 'Default', 'username': 'tempest-SecurityGroupsTestJSON-44169487-project-member', 'project_domain_id': 'default', 'project_domain_name': 'Default', 'project_id': '8f3683daddcc469488c7f9dfcbda3114', 'project_name': 'tempest-SecurityGroupsTestJSON-44169487', 'tenant_id': '8f3683daddcc469488c7f9dfcbda3114', 'tenant_name': 'tempest-SecurityGroupsTestJSON-44169487', 'user_domain_id': 'default', 'user_domain_name': 'Default', 'user_id': 'fbb7a199f773428ca40065c9f64eb1c7', 'system': None}, Network: {'id': '8d8026d7-b7eb-4711-ad40-19a476e9d149', 'name': 'tempest-SecurityGroupsTestJSON-40581964-network', 'tenant_id': '8f3683daddcc469488c7f9dfcbda3114', 'admin_state_up': True, 'mtu': 8950, 'status': 'ACTIVE', 'subnets': [], 'shared': False, 'project_id': '8f3683daddcc469488c7f9dfcbda3114', 'port_security_enabled': True, 'router:external': False, 'provider:network_type': 'vlan', 'provider:physical_network': 'default', 'provider:segmentation_id': 926, 'availability_zone_hints': [], 'availability_zones': [], 'ipv4_address_scope': None, 'ipv6_address_scope': None, 'description': '', 'tags': [], 'created_at': '2025-05-19T16:53:56Z', 'updated_at': '2025-05-19T16:53:56Z', 'revision_number': 1}, Subnet: {'id': '0bbb97b4-7458-4d5e-a835-03eb4f3384db', 'name': 'tempest-SecurityGroupsTestJSON-40581964-subnet', 'tenant_id': '8f3683daddcc469488c7f9dfcbda3114', 'network_id': '8d8026d7-b7eb-4711-ad40-19a476e9d149', 'ip_version': 4, 'subnetpool_id': None, 'enable_dhcp': True, 'ipv6_ra_mode': None, 'ipv6_address_mode': None, 'gateway_ip': '192.168.128.1', 'cidr': '192.168.128.0/28', 'allocation_pools': [{'start': '192.168.128.2', 'end': '192.168.128.14'}], 'host_routes': [], 'dns_nameservers': [], 'description': '', 'router:external': False, 'service_types': [], 'tags': [], 'created_at': '2025-05-19T16:53:56Z', 'updated_at': '2025-05-19T16:53:56Z', 'revision_number': 0, 'project_id': '8f3683daddcc469488c7f9dfcbda3114'}, Router: {'id': '97a5d613-37fb-4dcf-a054-2bcc2a4fd26f', 'name': 'tempest-SecurityGroupsTestJSON-40581964-router', 'tenant_id': '8f3683daddcc469488c7f9dfcbda3114', 'admin_state_up': True, 'status': 'ACTIVE', 'external_gateway_info': {'network_id': 'f17beb75-fd22-4b87-af63-ab49fc2d9df3', 'external_fixed_ips': [{'subnet_id': '1e3f3e8b-3774-4790-b737-4b1303624583', 'ip_address': '10.180.180.229'}], 'enable_snat': True}, 'description': '', 'availability_zones': [], 'distributed': False, 'ha': False, 'availability_zone_hints': [], 'routes': [], 'flavor_id': None, 'tags': [], 'created_at': '2025-05-19T16:53:57Z', 'updated_at': '2025-05-19T16:53:59Z', 'revision_number': 2, 'project_id': '8f3683daddcc469488c7f9dfcbda3114'}
2025-05-19 16:54:03.437 70050 INFO tempest.lib.common.rest_client [req-06449cbe-4622-4ea4-b7aa-596febaf4ca0 req-06449cbe-4622-4ea4-b7aa-596febaf4ca0 ] Request (SecurityGroupsTestJSON:setUpClass): 201 POST http://10.180.1.21/identity/v3/auth/tokens 0.064s
2025-05-19 16:54:03.781 70054 INFO tempest.lib.common.rest_client [req-b2d41423-6550-4b82-b51a-6b4c80aad038 req-b2d41423-6550-4b82-b51a-6b4c80aad038 ] Request (ServerDiagnosticsNegativeTest:tearDownClass): 200 GET http://10.180.1.21:9696/networking/v2.0/security-groups?tenant_id=43555aacab5b4010b1d8431de78e322a&name=default 0.517s
2025-05-19 16:54:03.817 70020 INFO tempest.lib.common.rest_client [req-b889c68c-bc69-46c3-bf47-9a378905cb4d req-b889c68c-bc69-46c3-bf47-9a378905cb4d ] Request (ValidationResourcesFixture:setUp): 201 POST http://10.180.1.21:9696/networking/v2.0/floatingips 1.319s
2025-05-19 16:54:03.838 70018 INFO tempest.lib.common.rest_client [req-fc4360ca-2ef0-4643-bbb9-33f8555166fe req-fc4360ca-2ef0-4643-bbb9-33f8555166fe ] Request (FloatingIPDetailsTestJSON:setUpClass): 200 POST http://10.180.1.21/compute/v2.1/os-floating-ips 3.824s
2025-05-19 16:54:03.886 70026 INFO tempest.lib.common.rest_client [req-668742ce-d7f0-4e30-a407-1158cdb96e9c req-668742ce-d7f0-4e30-a407-1158cdb96e9c ] Request (FloatingIPsTestJSON:test_delete_floating_ip): 404 GET http://10.180.1.21/compute/v2.1/os-floating-ips/c3b6903c-bef7-4299-a5c8-86aae09f1027 3.482s
2025-05-19 16:54:03.901 70004 INFO tempest.lib.common.rest_client [req-68ac026f-411e-4c05-b38e-e21bb3681f6c req-68ac026f-411e-4c05-b38e-e21bb3681f6c ] Request (AttachVolumeNegativeTest:setUpClass): 200 PUT http://10.180.1.21:9696/networking/v2.0/routers/f000842b-0304-4ba5-abaf-c513651b778a/add_router_interface 2.976s
2025-05-19 16:54:03.901 70004 INFO tempest.lib.common.dynamic_creds [-] Created isolated network resources for: credentials: Credentials: {'domain_id': 'default', 'domain_name': 'Default', 'username': 'tempest-AttachVolumeNegativeTest-1876378080-project-member', 'project_domain_id': 'default', 'project_domain_name': 'Default', 'project_id': '90af314838ba45aeba16eb90a2e598e0', 'project_name': 'tempest-AttachVolumeNegativeTest-1876378080', 'tenant_id': '90af314838ba45aeba16eb90a2e598e0', 'tenant_name': 'tempest-AttachVolumeNegativeTest-1876378080', 'user_domain_id': 'default', 'user_domain_name': 'Default', 'user_id': 'cb481acc2a3f4d51988f49a2e5685489', 'system': None}, Network: {'id': '4ebf52e8-01d8-4e51-90eb-6c44f5fb8bc2', 'name': 'tempest-AttachVolumeNegativeTest-1879024741-network', 'tenant_id': '90af314838ba45aeba16eb90a2e598e0', 'admin_state_up': True, 'mtu': 8950, 'status': 'ACTIVE', 'subnets': [], 'shared': False, 'project_id': '90af314838ba45aeba16eb90a2e598e0', 'port_security_enabled': True, 'router:external': False, 'provider:network_type': 'vlan', 'provider:physical_network': 'default', 'provider:segmentation_id': 777, 'availability_zone_hints': [], 'availability_zones': [], 'ipv4_address_scope': None, 'ipv6_address_scope': None, 'description': '', 'tags': [], 'created_at': '2025-05-19T16:53:57Z', 'updated_at': '2025-05-19T16:53:57Z', 'revision_number': 1}, Subnet: {'id': '4abebec8-0fa8-428e-9e17-b9cf89b46edf', 'name': 'tempest-AttachVolumeNegativeTest-1879024741-subnet', 'tenant_id': '90af314838ba45aeba16eb90a2e598e0', 'network_id': '4ebf52e8-01d8-4e51-90eb-6c44f5fb8bc2', 'ip_version': 4, 'subnetpool_id': None, 'enable_dhcp': True, 'ipv6_ra_mode': None, 'ipv6_address_mode': None, 'gateway_ip': '192.168.128.1', 'cidr': '192.168.128.0/28', 'allocation_pools': [{'start': '192.168.128.2', 'end': '192.168.128.14'}], 'host_routes': [], 'dns_nameservers': [], 'description': '', 'router:external': False, 'service_types': [], 'tags': [], 'created_at': '2025-05-19T16:53:58Z', 'updated_at': '2025-05-19T16:53:58Z', 'revision_number': 0, 'project_id': '90af314838ba45aeba16eb90a2e598e0'}, Router: {'id': 'f000842b-0304-4ba5-abaf-c513651b778a', 'name': 'tempest-AttachVolumeNegativeTest-1879024741-router', 'tenant_id': '90af314838ba45aeba16eb90a2e598e0', 'admin_state_up': True, 'status': 'ACTIVE', 'external_gateway_info': {'network_id': 'f17beb75-fd22-4b87-af63-ab49fc2d9df3', 'external_fixed_ips': [{'subnet_id': '1e3f3e8b-3774-4790-b737-4b1303624583', 'ip_address': '10.180.180.211'}], 'enable_snat': True}, 'description': '', 'availability_zones': [], 'distributed': False, 'ha': False, 'availability_zone_hints': [], 'routes': [], 'flavor_id': None, 'tags': [], 'created_at': '2025-05-19T16:53:59Z', 'updated_at': '2025-05-19T16:54:00Z', 'revision_number': 2, 'project_id': '90af314838ba45aeba16eb90a2e598e0'}
2025-05-19 16:54:03.903 70020 INFO tempest.lib.common.rest_client [req-33d9d948-4359-42f3-8f45-fe7cbb9f7cb5 req-33d9d948-4359-42f3-8f45-fe7cbb9f7cb5 ] Request (AttachVolumeShelveTestJSON:test_attach_volume_shelved_or_offload_server): 201 POST http://10.180.1.21/identity/v3/auth/tokens 0.080s
2025-05-19 16:54:03.903 70020 INFO tempest.lib.common.fixed_network [-] (AttachVolumeShelveTestJSON:test_attach_volume_shelved_or_offload_server) Found network {'id': 'd81e4d2d-7d64-4988-a878-3eb64f4f77fc', 'name': 'tempest-AttachVolumeShelveTestJSON-1053759727-network', 'tenant_id': 'ca7a7acc05ea425f87e2a4b27fb529be', 'admin_state_up': True, 'mtu': 8950, 'status': 'ACTIVE', 'subnets': [], 'shared': False, 'project_id': 'ca7a7acc05ea425f87e2a4b27fb529be', 'port_security_enabled': True, 'router:external': False, 'provider:network_type': 'vlan', 'provider:physical_network': 'default', 'provider:segmentation_id': 698, 'availability_zone_hints': [], 'availability_zones': [], 'ipv4_address_scope': None, 'ipv6_address_scope': None, 'description': '', 'tags': [], 'created_at': '2025-05-19T16:53:48Z', 'updated_at': '2025-05-19T16:53:48Z', 'revision_number': 1} available for tenant
2025-05-19 16:54:03.963 70028 INFO tempest.lib.common.rest_client [req-32987006-640f-4db6-892f-b5a0beebc8f1 req-32987006-640f-4db6-892f-b5a0beebc8f1 ] Request (QuotaClassesAdmin257Test:test_update_default_quotas): 200 PUT http://10.180.1.21/compute/v2.1/os-quota-class-sets/default 3.522s
2025-05-19 16:54:03.991 70000 INFO tempest.lib.common.rest_client [req-ef9a3649-e725-46ad-8172-4279b766703a req-ef9a3649-e725-46ad-8172-4279b766703a ] Request (FlavorsAdminTestJSON:test_create_server_with_non_public_flavor): 200 POST http://10.180.1.21/compute/v2.1/flavors 3.531s
2025-05-19 16:54:03.997 70004 INFO tempest.lib.common.rest_client [req-8c0a44c3-8268-4aea-9662-41152ebd297a req-8c0a44c3-8268-4aea-9662-41152ebd297a ] Request (AttachVolumeNegativeTest:setUpClass): 201 POST http://10.180.1.21/identity/v3/auth/tokens 0.093s
2025-05-19 16:54:04.007 70054 INFO tempest.lib.common.rest_client [req-541167ce-555c-4a05-93c3-16fafa3b5837 req-541167ce-555c-4a05-93c3-16fafa3b5837 ] Request (ServerDiagnosticsNegativeTest:tearDownClass): 204 DELETE http://10.180.1.21:9696/networking/v2.0/security-groups/c3e2fd38-109e-4725-bb5e-e338336d83ae 0.226s
2025-05-19 16:54:04.011 70016 INFO tempest.lib.common.rest_client [req-edd4bd2a-9b8e-4021-9a8f-0241b484634d req-edd4bd2a-9b8e-4021-9a8f-0241b484634d ] Request (ServersWithSpecificFlavorTestJSON:_run_cleanups): 202 DELETE http://10.180.1.21/compute/v2.1/flavors/2046524803 3.527s
2025-05-19 16:54:04.023 70042 INFO tempest.lib.common.rest_client [req-95a23aa8-b33f-42d7-ae32-4378322dbb72 req-95a23aa8-b33f-42d7-ae32-4378322dbb72 ] Request (AggregatesAdminNegativeTestJSON:test_aggregate_delete_with_invalid_id): 404 DELETE http://10.180.1.21/compute/v2.1/os-aggregates/-1 3.517s
2025-05-19 16:54:04.052 70057 INFO tempest.lib.common.rest_client [req-452e94cf-bca3-4a7d-aab6-a7bd8ccc5ab7 req-452e94cf-bca3-4a7d-aab6-a7bd8ccc5ab7 ] Request (ServersTestMultiNic:test_verify_duplicate_network_nics): 202 POST http://10.180.1.21/compute/v2.1/servers 3.710s
2025-05-19 16:54:04.061 70036 INFO tempest.lib.common.rest_client [req-50960b68-afba-4948-8a6f-858b8036af59 req-50960b68-afba-4948-8a6f-858b8036af59 ] Request (ImagesMetadataTestJSON:setUpClass): 200 GET http://10.180.1.21/compute/v2.1/images/36f95d57-ee14-4797-9b99-938ebec6d08b 3.515s
2025-05-19 16:54:04.084 70048 INFO tempest.lib.common.rest_client [req-6782afba-a54d-4f6f-b69a-1f7fed550b0c req-6782afba-a54d-4f6f-b69a-1f7fed550b0c ] Request (KeyPairsV2TestJSON:test_keypairs_create_list_delete): 200 POST http://10.180.1.21/compute/v2.1/os-keypairs 3.514s
2025-05-19 16:54:04.091 70031 INFO tempest.lib.common.rest_client [req-3fda533c-b013-483e-bfb6-93452ecd27e0 req-3fda533c-b013-483e-bfb6-93452ecd27e0 ] Request (ImagesMetadataNegativeTestJSON:test_update_nonexistent_image_metadata): 404 POST http://10.180.1.21/compute/v2.1/images/bcdacd04-4644-4845-9fb9-d69c34336852/metadata 3.494s
2025-05-19 16:54:04.122 70006 INFO tempest.lib.common.rest_client [req-48b1da75-4c7e-4c55-8a98-9e846fccceaf req-48b1da75-4c7e-4c55-8a98-9e846fccceaf ] Request (FlavorsAccessNegativeTestJSON:_run_cleanups): 202 DELETE http://10.180.1.21/compute/v2.1/flavors/1999860477 3.210s
2025-05-19 16:54:04.137 70054 INFO tempest.lib.common.rest_client [req-f9916cb1-88c4-4cd9-8b52-fa4723085fc6 req-f9916cb1-88c4-4cd9-8b52-fa4723085fc6 ] Request (ServerDiagnosticsNegativeTest:tearDownClass): 204 DELETE http://10.180.1.21/identity/v3/projects/43555aacab5b4010b1d8431de78e322a 0.129s
2025-05-19 16:54:04.137 70054 INFO tempest.lib.common.dynamic_creds [-] Deleting project and security group for project: f08bf838d3b54690ad022c976b51af77
2025-05-19 16:54:04.158 70012 INFO tempest.lib.common.rest_client [req-6f7de522-e726-45eb-9b6a-c16e4427bc27 req-6f7de522-e726-45eb-9b6a-c16e4427bc27 ] Request (SecurityGroupRulesNegativeTestJSON:test_create_security_group_rule_with_invalid_from_port): 400 POST http://10.180.1.21/compute/v2.1/os-security-group-rules 3.228s
2025-05-19 16:54:04.267 70032 INFO tempest.lib.common.rest_client [req-6dc544c4-81a2-43bf-a981-edde1dc7f338 req-6dc544c4-81a2-43bf-a981-edde1dc7f338 ] Request (QuotasAdminNegativeTest:test_create_server_when_memory_quota_is_full): 200 PUT http://10.180.1.21/compute/v2.1/os-quota-sets/ad1c3c35086c4e17ad25456fb67015aa 3.458s
2025-05-19 16:54:04.273 70031 INFO tempest.lib.common.rest_client [req-bbd3bce7-693a-4b0e-9b0c-1b95af806f63 req-bbd3bce7-693a-4b0e-9b0c-1b95af806f63 ] Request (ImagesMetadataNegativeTestJSON:tearDownClass): 204 DELETE http://10.180.1.21/identity/v3/users/63905fec04b3457c976f4db620f87085 0.172s
2025-05-19 16:54:04.273 70031 INFO tempest.lib.common.dynamic_creds [-] Deleting project and security group for project: de8df3cad38f45f299e1d566f8f770e2
2025-05-19 16:54:04.337 70032 INFO tempest.lib.common.rest_client [req-43301a44-6157-4fd9-abd4-a025064112b6 req-43301a44-6157-4fd9-abd4-a025064112b6 ] Request (QuotasAdminNegativeTest:test_create_server_when_memory_quota_is_full): 201 POST http://10.180.1.21/identity/v3/auth/tokens 0.065s
2025-05-19 16:54:04.337 70032 INFO tempest.lib.common.fixed_network [-] (QuotasAdminNegativeTest:test_create_server_when_memory_quota_is_full) Found network None available for tenant
2025-05-19 16:54:04.342 70031 INFO tempest.lib.common.rest_client [req-7b427ba8-bef2-4d81-be96-43e0e955562d req-7b427ba8-bef2-4d81-be96-43e0e955562d ] Request (ImagesMetadataNegativeTestJSON:tearDownClass): 201 POST http://10.180.1.21/identity/v3/auth/tokens 0.069s
2025-05-19 16:54:04.385 70054 INFO tempest.lib.common.rest_client [req-19ec7ac7-fed1-4cc0-ad23-c2f06736c97b req-19ec7ac7-fed1-4cc0-ad23-c2f06736c97b ] Request (ServerDiagnosticsNegativeTest:tearDownClass): 200 GET http://10.180.1.21:9696/networking/v2.0/security-groups?tenant_id=f08bf838d3b54690ad022c976b51af77&name=default 0.247s
2025-05-19 16:54:04.390 70034 INFO tempest.lib.common.rest_client [req-f762d2f9-e0bf-4c0c-8964-fc90b2cc94b9 req-f762d2f9-e0bf-4c0c-8964-fc90b2cc94b9 ] Request (ServerDiagnosticsTest:test_get_server_diagnostics): 204 DELETE http://10.180.1.21/compute/v2.1/servers/3ec4700e-fb84-4f44-9f5c-23c4a9439f1f 3.335s
2025-05-19 16:54:04.451 70014 INFO tempest.lib.common.rest_client [req-3fc398d9-d1ed-447f-9dd3-8a33ec60378e req-3fc398d9-d1ed-447f-9dd3-8a33ec60378e ] Request (AttachInterfacesTestJSON:test_create_list_show_delete_interfaces_by_fixed_ip): 204 DELETE http://10.180.1.21/compute/v2.1/servers/a5d85656-c3c0-41c0-b289-b60386e1fdca 3.314s
2025-05-19 16:54:04.469 70010 INFO tempest.lib.common.rest_client [req-31ede741-aade-4257-8dd8-02138c1b02ff req-31ede741-aade-4257-8dd8-02138c1b02ff ] Request (VolumesAssistedSnapshotsTest:tearDownClass): 200 PUT http://10.180.1.21:9696/networking/v2.0/routers/5cc70311-3b10-4f76-8050-93685916c11e/remove_router_interface 1.916s
2025-05-19 16:54:04.522 70054 INFO tempest.lib.common.rest_client [req-827005b4-d538-499a-b790-34701b4d7139 req-827005b4-d538-499a-b790-34701b4d7139 ] Request (ServerDiagnosticsNegativeTest:tearDownClass): 204 DELETE http://10.180.1.21:9696/networking/v2.0/security-groups/ecc63077-0769-4575-9111-20d985428256 0.137s
2025-05-19 16:54:04.550 69994 INFO tempest.lib.common.rest_client [req-fbc48895-1578-4428-8f31-a0decd900b48 req-fbc48895-1578-4428-8f31-a0decd900b48 ] Request (SecurityGroupsNegativeTestJSON:test_delete_the_default_security_group): 400 DELETE http://10.180.1.21/compute/v2.1/os-security-groups/21e13cfb-d5d0-41ce-b998-239a5a70d6d8 2.929s
2025-05-19 16:54:04.611 70054 INFO tempest.lib.common.rest_client [req-ef50da1d-919d-40c8-afc9-2c15a3a0bd96 req-ef50da1d-919d-40c8-afc9-2c15a3a0bd96 ] Request (ServerDiagnosticsNegativeTest:tearDownClass): 204 DELETE http://10.180.1.21/identity/v3/projects/f08bf838d3b54690ad022c976b51af77 0.087s
2025-05-19 16:54:04.616 70022 INFO tempest.lib.common.rest_client [req-9dea5441-0351-407b-b0eb-92652b3102ee req-9dea5441-0351-407b-b0eb-92652b3102ee ] Request (MultipleCreateTestJSON:test_multiple_create): 204 DELETE http://10.180.1.21/compute/v2.1/servers/93097a59-822d-4bcc-ba94-918e71089d1e 3.256s
2025-05-19 16:54:04.670 70031 INFO tempest.lib.common.rest_client [req-16778889-58ac-433b-ac1c-3f7e248a72c8 req-16778889-58ac-433b-ac1c-3f7e248a72c8 ] Request (ImagesMetadataNegativeTestJSON:tearDownClass): 200 GET http://10.180.1.21:9696/networking/v2.0/security-groups?tenant_id=de8df3cad38f45f299e1d566f8f770e2&name=default 0.328s
2025-05-19 16:54:04.690 69998 INFO tempest.lib.common.rest_client [req-c0c7fde9-e507-4a87-b52d-a854b807d410 req-c0c7fde9-e507-4a87-b52d-a854b807d410 ] Request (VolumesAdminNegativeTest:test_update_attached_volume_with_nonexistent_volume_in_body): 200 GET http://10.180.1.21/compute/v2.1/servers/61e5ae90-b287-4828-bf1c-61949eae3735 2.485s
2025-05-19 16:54:04.715 70054 INFO tempest.lib.common.rest_client [req-9bcb97fd-35c6-436b-970b-c19cf01bd0cc req-9bcb97fd-35c6-436b-970b-c19cf01bd0cc ] Request (VolumesSnapshotsTestJSON:setUpClass): 201 POST http://10.180.1.21/identity/v3/auth/tokens 0.102s
2025-05-19 16:54:04.747 70024 INFO tempest.lib.common.rest_client [req-92a54b4d-8c30-4c73-a338-68373e8a9a4d req-92a54b4d-8c30-4c73-a338-68373e8a9a4d ] Request (ListImageFiltersTestJSON:setUpClass): 200 GET http://10.180.1.21/compute/v2.1/images/cc4cdc88-7925-441f-8798-55e06d7a572d 1.890s
2025-05-19 16:54:04.756 70002 INFO tempest.lib.common.rest_client [req-e27c5250-10f2-40cb-8d16-d680d689ee73 req-e27c5250-10f2-40cb-8d16-d680d689ee73 ] Request (ImagesTestJSON:setUpClass): 201 POST http://10.180.1.21:9696/networking/v2.0/routers 1.696s
2025-05-19 16:54:04.787 70054 INFO tempest.lib.common.rest_client [req-cc7bc93c-61bf-4b9a-8127-ea2adae3fd2a req-cc7bc93c-61bf-4b9a-8127-ea2adae3fd2a ] Request (VolumesSnapshotsTestJSON:setUpClass): 201 POST http://10.180.1.21/identity/v3/auth/tokens 0.067s
2025-05-19 16:54:04.825 70054 INFO tempest.lib.common.rest_client [req-7a4a102f-fbc5-4a22-968c-7536771c7595 req-7a4a102f-fbc5-4a22-968c-7536771c7595 ] Request (VolumesSnapshotsTestJSON:setUpClass): 200 GET http://10.180.1.21/identity/v3/domains?name=Default 0.038s
2025-05-19 16:54:04.833 70038 INFO tempest.lib.common.rest_client [req-9e28772c-f7ed-4a41-abf3-e2fd68a80bea req-9e28772c-f7ed-4a41-abf3-e2fd68a80bea ] Request (ServerRescueTestJSONUnderV235:setUpClass): 200 GET http://10.180.1.21/compute/v2.1/servers/931ee527-0b32-49df-9bad-44b15dae51dc 1.890s
2025-05-19 16:54:04.835 70008 INFO tempest.lib.common.rest_client [req-be20a8e0-7406-4537-9e7e-21be39078bbb req-be20a8e0-7406-4537-9e7e-21be39078bbb ] Request (ServersListShow296Test:test_list_show_update_rebuild_server_296): 204 DELETE http://10.180.1.21/compute/v2.1/servers/0b59d0d2-57a7-4cf1-8812-d364d826dba9 2.918s
2025-05-19 16:54:04.866 70054 INFO tempest.lib.common.rest_client [req-3244f2d1-e9c5-4561-a966-46f20918351f req-3244f2d1-e9c5-4561-a966-46f20918351f ] Request (VolumesSnapshotsTestJSON:setUpClass): 201 POST http://10.180.1.21/identity/v3/projects 0.040s
2025-05-19 16:54:04.916 70044 INFO tempest.lib.common.rest_client [req-04ce2177-1a2d-400b-9d9d-785f04cfa874 req-04ce2177-1a2d-400b-9d9d-785f04cfa874 ] Request (InstanceActionsTestJSON:setUpClass): 200 GET http://10.180.1.21/compute/v2.1/servers/40d53f81-619d-40ed-8c22-6b6453523ba4 1.886s
2025-05-19 16:54:04.927 70031 INFO tempest.lib.common.rest_client [req-c48147f7-bb39-4104-b393-6c4ca060a526 req-c48147f7-bb39-4104-b393-6c4ca060a526 ] Request (ImagesMetadataNegativeTestJSON:tearDownClass): 204 DELETE http://10.180.1.21:9696/networking/v2.0/security-groups/3d1db792-a624-4d85-859b-cd042877deaf 0.256s
2025-05-19 16:54:04.946 70054 INFO tempest.lib.common.rest_client [req-528d0538-2270-48a7-ab3a-b4a3b23ab0e5 req-528d0538-2270-48a7-ab3a-b4a3b23ab0e5 ] Request (VolumesSnapshotsTestJSON:setUpClass): 201 POST http://10.180.1.21/identity/v3/users 0.079s
2025-05-19 16:54:05.045 70031 INFO tempest.lib.common.rest_client [req-2990f61c-93b1-48dc-a903-4107195cbf9a req-2990f61c-93b1-48dc-a903-4107195cbf9a ] Request (ImagesMetadataNegativeTestJSON:tearDownClass): 204 DELETE http://10.180.1.21/identity/v3/projects/de8df3cad38f45f299e1d566f8f770e2 0.118s
2025-05-19 16:54:05.077 70054 INFO tempest.lib.common.rest_client [req-fd9ea244-be65-4feb-9781-11615c6bb419 req-fd9ea244-be65-4feb-9781-11615c6bb419 ] Request (VolumesSnapshotsTestJSON:setUpClass): 200 GET http://10.180.1.21/identity/v3/roles 0.130s
2025-05-19 16:54:05.118 70054 INFO tempest.lib.common.rest_client [req-96e262cd-df53-4734-a074-c8661d4c320b req-96e262cd-df53-4734-a074-c8661d4c320b ] Request (VolumesSnapshotsTestJSON:setUpClass): 204 PUT http://10.180.1.21/identity/v3/projects/bd0139ad764245308a67ec83dc54beed/users/5855ac2a8a36411b97db47b627872808/roles/d42a2e26c0a6411fbf94d9a4e57001f5 0.040s
2025-05-19 16:54:05.118 70054 INFO tempest.lib.common.dynamic_creds [-] Dynamic test user 5855ac2a8a36411b97db47b627872808 is created with scope project and roles: ['member']
2025-05-19 16:54:05.119 70054 INFO tempest.lib.common.dynamic_creds [-] Acquired dynamic creds: credentials: Credentials: {'domain_id': 'default', 'domain_name': 'Default', 'username': 'tempest-VolumesSnapshotsTestJSON-176280492-project-member', 'project_domain_id': 'default', 'project_domain_name': 'Default', 'project_id': 'bd0139ad764245308a67ec83dc54beed', 'project_name': 'tempest-VolumesSnapshotsTestJSON-176280492', 'tenant_id': 'bd0139ad764245308a67ec83dc54beed', 'tenant_name': 'tempest-VolumesSnapshotsTestJSON-176280492', 'user_domain_id': 'default', 'user_domain_name': 'Default', 'user_id': '5855ac2a8a36411b97db47b627872808', 'system': None}, Network: None, Subnet: None, Router: None
2025-05-19 16:54:05.119 70054 INFO tempest.lib.common.dynamic_creds [-] Created isolated network resources for: credentials: Credentials: {'domain_id': 'default', 'domain_name': 'Default', 'username': 'tempest-VolumesSnapshotsTestJSON-176280492-project-member', 'project_domain_id': 'default', 'project_domain_name': 'Default', 'project_id': 'bd0139ad764245308a67ec83dc54beed', 'project_name': 'tempest-VolumesSnapshotsTestJSON-176280492', 'tenant_id': 'bd0139ad764245308a67ec83dc54beed', 'tenant_name': 'tempest-VolumesSnapshotsTestJSON-176280492', 'user_domain_id': 'default', 'user_domain_name': 'Default', 'user_id': '5855ac2a8a36411b97db47b627872808', 'system': None}, Network: None, Subnet: None, Router: None
2025-05-19 16:54:05.197 70054 INFO tempest.lib.common.rest_client [req-acb72ca9-f26f-49b7-96b7-c25f98b6bd3f req-acb72ca9-f26f-49b7-96b7-c25f98b6bd3f ] Request (VolumesSnapshotsTestJSON:setUpClass): 201 POST http://10.180.1.21/identity/v3/auth/tokens 0.074s
2025-05-19 16:54:05.243 70050 INFO tempest.lib.common.rest_client [req-41bb8ebf-e626-4010-b30d-941b02edfe08 req-41bb8ebf-e626-4010-b30d-941b02edfe08 ] Request (SecurityGroupsTestJSON:test_list_security_groups_by_server): 200 POST http://10.180.1.21/compute/v2.1/os-security-groups 1.804s
2025-05-19 16:54:05.418 70010 INFO tempest.lib.common.rest_client [req-1fe30c9f-610f-46c7-b35d-b73bfe2818f3 req-1fe30c9f-610f-46c7-b35d-b73bfe2818f3 ] Request (VolumesAssistedSnapshotsTest:tearDownClass): 204 DELETE http://10.180.1.21:9696/networking/v2.0/routers/5cc70311-3b10-4f76-8050-93685916c11e 0.948s
2025-05-19 16:54:05.436 70052 INFO tempest.lib.common.rest_client [req-b6766d52-31bc-4ce7-ba36-f511d83f3407 req-b6766d52-31bc-4ce7-ba36-f511d83f3407 ] Request (AttachInterfacesV270Test:test_create_get_list_interfaces): 202 POST http://10.180.1.21/compute/v2.1/servers 2.269s
2025-05-19 16:54:05.469 70026 INFO tempest.lib.common.rest_client [req-8835f439-a492-4c05-92d5-49f11f779084 req-8835f439-a492-4c05-92d5-49f11f779084 ] Request (FloatingIPsTestJSON:_run_cleanups): 404 DELETE http://10.180.1.21/compute/v2.1/os-floating-ips/c3b6903c-bef7-4299-a5c8-86aae09f1027 1.582s
2025-05-19 16:54:05.664 70010 INFO tempest.lib.common.rest_client [req-e3f37ea9-23be-4fbb-9de9-8e46b0cccbdd req-e3f37ea9-23be-4fbb-9de9-8e46b0cccbdd ] Request (VolumesAssistedSnapshotsTest:tearDownClass): 204 DELETE http://10.180.1.21:9696/networking/v2.0/subnets/f7c24ee6-75b6-4157-b2b8-4d15be187126 0.246s
2025-05-19 16:54:06.000 70020 INFO tempest.lib.common.rest_client [req-b61c64f1-85f1-49a6-abcc-41853323f596 req-b61c64f1-85f1-49a6-abcc-41853323f596 ] Request (AttachVolumeShelveTestJSON:test_attach_volume_shelved_or_offload_server): 202 POST http://10.180.1.21/compute/v2.1/servers 2.096s
2025-05-19 16:54:06.014 70028 INFO tempest.lib.common.rest_client [req-fb04de1c-f3f6-4bee-ba88-890ae226636d req-fb04de1c-f3f6-4bee-ba88-890ae226636d ] Request (QuotaClassesAdmin257Test:test_update_default_quotas): 200 GET http://10.180.1.21/compute/v2.1/os-quota-class-sets/default 2.049s
2025-05-19 16:54:06.032 70000 INFO tempest.lib.common.rest_client [req-3164ce03-b18c-46c5-8169-876ee8b9a29a req-3164ce03-b18c-46c5-8169-876ee8b9a29a ] Request (FlavorsAdminTestJSON:test_create_server_with_non_public_flavor): 400 POST http://10.180.1.21/compute/v2.1/servers 2.037s
2025-05-19 16:54:06.034 70018 INFO tempest.lib.common.rest_client [req-93c9922e-ff64-41a3-af3a-364bc73ef7e4 req-93c9922e-ff64-41a3-af3a-364bc73ef7e4 ] Request (FloatingIPDetailsTestJSON:setUpClass): 200 POST http://10.180.1.21/compute/v2.1/os-floating-ips 2.193s
2025-05-19 16:54:06.066 70016 INFO tempest.lib.common.rest_client [req-ec752c32-00bd-4eba-9021-d24182f4c10a req-ec752c32-00bd-4eba-9021-d24182f4c10a ] Request (ServersWithSpecificFlavorTestJSON:_run_cleanups): 200 GET http://10.180.1.21/compute/v2.1/flavors/detail 2.054s
2025-05-19 16:54:06.108 70042 INFO tempest.lib.common.rest_client [req-3371d962-81c3-4d59-9721-34435b96cf20 req-3371d962-81c3-4d59-9721-34435b96cf20 ] Request (AggregatesAdminNegativeTestJSON:test_aggregate_get_details_as_user): 200 POST http://10.180.1.21/compute/v2.1/os-aggregates 2.084s
2025-05-19 16:54:06.225 70057 INFO tempest.lib.common.rest_client [req-66bcb4f2-a895-4349-a2c1-7ba1e8b3a066 req-66bcb4f2-a895-4349-a2c1-7ba1e8b3a066 ] Request (ServersTestMultiNic:test_verify_duplicate_network_nics): 200 GET http://10.180.1.21/compute/v2.1/servers/02b69baf-c7a3-43fd-9b5b-433860ce58fb 2.171s
2025-05-19 16:54:06.240 70004 INFO tempest.lib.common.rest_client [req-65dc91c0-ec07-44a9-a9ea-f6a1a93fe623 req-65dc91c0-ec07-44a9-a9ea-f6a1a93fe623 ] Request (ValidationResourcesFixture:setUp): 200 POST http://10.180.1.21/compute/v2.1/os-keypairs 2.239s
2025-05-19 16:54:06.248 70010 INFO tempest.lib.common.rest_client [req-02a6e5a0-1a63-4fcc-a356-a7c658049e67 req-02a6e5a0-1a63-4fcc-a356-a7c658049e67 ] Request (VolumesAssistedSnapshotsTest:tearDownClass): 204 DELETE http://10.180.1.21:9696/networking/v2.0/networks/7bfd10a9-2fc9-4368-a995-6a8cadb41202 0.583s
2025-05-19 16:54:06.259 70048 INFO tempest.lib.common.rest_client [req-b971467f-fbf5-4de2-b725-0874fdc80d69 req-b971467f-fbf5-4de2-b725-0874fdc80d69 ] Request (KeyPairsV2TestJSON:test_keypairs_create_list_delete): 200 GET http://10.180.1.21/compute/v2.1/os-keypairs 2.173s
2025-05-19 16:54:06.288 70006 INFO tempest.lib.common.rest_client [req-6f4b9926-49f5-426f-a8c0-252dbb0bc4ec req-6f4b9926-49f5-426f-a8c0-252dbb0bc4ec ] Request (FlavorsAccessNegativeTestJSON:_run_cleanups): 200 GET http://10.180.1.21/compute/v2.1/flavors/detail 2.166s
2025-05-19 16:54:06.296 70012 INFO tempest.lib.common.rest_client [req-f6a95a02-63aa-47d7-bda8-a7dcac75da71 req-f6a95a02-63aa-47d7-bda8-a7dcac75da71 ] Request (SecurityGroupRulesNegativeTestJSON:test_create_security_group_rule_with_invalid_id): 400 POST http://10.180.1.21/compute/v2.1/os-security-group-rules 2.136s
2025-05-19 16:54:06.419 70010 INFO tempest.lib.common.rest_client [req-9faa1d48-b149-4230-958c-3de0b78a417d req-9faa1d48-b149-4230-958c-3de0b78a417d ] Request (VolumesAssistedSnapshotsTest:tearDownClass): 204 DELETE http://10.180.1.21/identity/v3/users/7ebace22cada41d486c5f66a381ce04c 0.169s
2025-05-19 16:54:06.529 70010 INFO tempest.lib.common.rest_client [req-e282d1d2-988b-4e1a-8945-72051d80ac86 req-e282d1d2-988b-4e1a-8945-72051d80ac86 ] Request (VolumesAssistedSnapshotsTest:tearDownClass): 204 DELETE http://10.180.1.21/identity/v3/users/654d1fd62e2f480baff1a825994493ee 0.109s
