2025-05-19 16:55:06.956 70018 INFO tempest.lib.common.dynamic_creds [-] Created isolated network resources for: credentials: Credentials: {'domain_id': 'default', 'domain_name': 'Default', 'username': 'tempest-ServersNegativeTestMultiTenantJSON-264509896-project-member', 'project_domain_id': 'default', 'project_domain_name': 'Default', 'project_id': '80632b4661884225a608d6159d79ee4e', 'project_name': 'tempest-ServersNegativeTestMultiTenantJSON-264509896', 'tenant_id': '80632b4661884225a608d6159d79ee4e', 'tenant_name': 'tempest-ServersNegativeTestMultiTenantJSON-264509896', 'user_domain_id': 'default', 'user_domain_name': 'Default', 'user_id': 'e46f252e71c341e199e57cab9d8c2908', 'system': None}, Network: {'id': 'e71d72a4-d2fd-4e3c-b27c-77d8568dc494', 'name': 'tempest-ServersNegativeTestMultiTenantJSON-2130101052-network', 'tenant_id': '80632b4661884225a608d6159d79ee4e', 'admin_state_up': True, 'mtu': 8950, 'status': 'ACTIVE', 'subnets': [], 'shared': False, 'project_id': '80632b4661884225a608d6159d79ee4e', 'port_security_enabled': True, 'router:external': False, 'provider:network_type': 'vlan', 'provider:physical_network': 'default', 'provider:segmentation_id': 733, 'availability_zone_hints': [], 'availability_zones': [], 'ipv4_address_scope': None, 'ipv6_address_scope': None, 'description': '', 'tags': [], 'created_at': '2025-05-19T16:55:01Z', 'updated_at': '2025-05-19T16:55:01Z', 'revision_number': 1}, Subnet: {'id': '0661296e-3dcf-4479-b6ca-63459961f094', 'name': 'tempest-ServersNegativeTestMultiTenantJSON-2130101052-subnet', 'tenant_id': '80632b4661884225a608d6159d79ee4e', 'network_id': 'e71d72a4-d2fd-4e3c-b27c-77d8568dc494', 'ip_version': 4, 'subnetpool_id': None, 'enable_dhcp': True, 'ipv6_ra_mode': None, 'ipv6_address_mode': None, 'gateway_ip': '192.168.128.1', 'cidr': '192.168.128.0/28', 'allocation_pools': [{'start': '192.168.128.2', 'end': '192.168.128.14'}], 'host_routes': [], 'dns_nameservers': [], 'description': '', 'router:external': False, 'service_types': [], 'tags': [], 'created_at': '2025-05-19T16:55:01Z', 'updated_at': '2025-05-19T16:55:01Z', 'revision_number': 0, 'project_id': '80632b4661884225a608d6159d79ee4e'}, Router: {'id': 'ee32d4dd-0992-47ee-9d9c-c3045baabaa8', 'name': 'tempest-ServersNegativeTestMultiTenantJSON-2130101052-router', 'tenant_id': '80632b4661884225a608d6159d79ee4e', 'admin_state_up': True, 'status': 'ACTIVE', 'external_gateway_info': {'network_id': 'f17beb75-fd22-4b87-af63-ab49fc2d9df3', 'external_fixed_ips': [{'subnet_id': '1e3f3e8b-3774-4790-b737-4b1303624583', 'ip_address': '10.180.180.201'}], 'enable_snat': True}, 'description': '', 'availability_zones': [], 'distributed': False, 'ha': False, 'availability_zone_hints': [], 'routes': [], 'flavor_id': None, 'tags': [], 'created_at': '2025-05-19T16:55:02Z', 'updated_at': '2025-05-19T16:55:04Z', 'revision_number': 2, 'project_id': '80632b4661884225a608d6159d79ee4e'}
2025-05-19 16:55:07.063 70018 INFO tempest.lib.common.rest_client [req-b7d6800d-dcd0-4955-a30c-6fb2fe77d382 req-b7d6800d-dcd0-4955-a30c-6fb2fe77d382 ] Request (ServersNegativeTestMultiTenantJSON:setUpClass): 201 POST http://10.180.1.21/identity/v3/auth/tokens 0.102s
2025-05-19 16:55:07.072 70024 INFO tempest.lib.common.rest_client [req-e919e885-7b36-4d85-a22f-79393daf00fe req-e919e885-7b36-4d85-a22f-79393daf00fe ] Request (SecurityGroupRulesTestJSON:_run_cleanups): 202 DELETE http://10.180.1.21/compute/v2.1/os-security-group-rules/1805900c-a4f1-43d3-b5fb-b3578370375c 1.982s
2025-05-19 16:55:07.106 70026 INFO tempest.lib.common.rest_client [req-b41f7c6f-568f-450a-ae07-733f6d206b2a req-b41f7c6f-568f-450a-ae07-733f6d206b2a ] Request (ServersTestJSON:tearDownClass): 204 DELETE http://10.180.1.21:9696/networking/v2.0/routers/ffb668a7-00b9-4c7f-9050-93c0d269b3dc 0.425s
2025-05-19 16:55:07.138 70018 INFO tempest.lib.common.rest_client [req-f9d301ee-2fd8-421c-b603-77efc539adbd req-f9d301ee-2fd8-421c-b603-77efc539adbd ] Request (ServersNegativeTestMultiTenantJSON:setUpClass): 201 POST http://10.180.1.21/identity/v3/projects 0.074s
2025-05-19 16:55:07.202 70026 INFO tempest.lib.common.rest_client [req-34b503cf-1ca3-4b23-9135-cdd3a34909f8 req-34b503cf-1ca3-4b23-9135-cdd3a34909f8 ] Request (ServersTestJSON:tearDownClass): 204 DELETE http://10.180.1.21:9696/networking/v2.0/subnets/7b57cc97-e02c-43c2-a7e9-215d7584f029 0.095s
2025-05-19 16:55:07.214 70018 INFO tempest.lib.common.rest_client [req-450618ee-e006-46a2-8a41-76cd6346e33e req-450618ee-e006-46a2-8a41-76cd6346e33e ] Request (ServersNegativeTestMultiTenantJSON:setUpClass): 201 POST http://10.180.1.21/identity/v3/users 0.075s
2025-05-19 16:55:07.218 70014 INFO tempest.lib.common.rest_client [req-a5eff753-851d-4e68-99f9-957ffae6ebf1 req-a5eff753-851d-4e68-99f9-957ffae6ebf1 ] Request (ServerDiskConfigTestJSON:test_rebuild_server_with_auto_disk_config): 202 POST http://10.180.1.21/compute/v2.1/servers 2.139s
2025-05-19 16:55:07.245 70018 INFO tempest.lib.common.rest_client [req-a973cafd-e489-4e42-afee-7da18b36d5c7 req-a973cafd-e489-4e42-afee-7da18b36d5c7 ] Request (ServersNegativeTestMultiTenantJSON:setUpClass): 200 GET http://10.180.1.21/identity/v3/roles 0.030s
2025-05-19 16:55:07.265 70022 INFO tempest.lib.common.rest_client [req-554cdf08-1dcd-47e2-bb67-913cda997535 req-554cdf08-1dcd-47e2-bb67-913cda997535 ] Request (VolumesTestJSON:setUpClass): 200 GET http://10.180.1.21/compute/v2.1/os-volumes/43010864-b3bf-42ee-b9bb-2b4cd78e2abf 1.924s
2025-05-19 16:55:07.276 70018 INFO tempest.lib.common.rest_client [req-e7f0f323-078f-429d-963b-a6acafc0a0e9 req-e7f0f323-078f-429d-963b-a6acafc0a0e9 ] Request (ServersNegativeTestMultiTenantJSON:setUpClass): 204 PUT http://10.180.1.21/identity/v3/projects/f000a4f3b287477eb7d0fe539ba3184f/users/fb177561a76e49f18543705ed7ab9d58/roles/d42a2e26c0a6411fbf94d9a4e57001f5 0.031s
2025-05-19 16:55:07.277 70018 INFO tempest.lib.common.dynamic_creds [-] Dynamic test user fb177561a76e49f18543705ed7ab9d58 is created with scope project and roles: ['member']
2025-05-19 16:55:07.277 70018 INFO tempest.lib.common.dynamic_creds [-] Acquired dynamic creds: credentials: Credentials: {'domain_id': 'default', 'domain_name': 'Default', 'username': 'tempest-ServersNegativeTestMultiTenantJSON-1343115200-project-member', 'project_domain_id': 'default', 'project_domain_name': 'Default', 'project_id': 'f000a4f3b287477eb7d0fe539ba3184f', 'project_name': 'tempest-ServersNegativeTestMultiTenantJSON-1343115200', 'tenant_id': 'f000a4f3b287477eb7d0fe539ba3184f', 'tenant_name': 'tempest-ServersNegativeTestMultiTenantJSON-1343115200', 'user_domain_id': 'default', 'user_domain_name': 'Default', 'user_id': 'fb177561a76e49f18543705ed7ab9d58', 'system': None}, Network: None, Subnet: None, Router: None
2025-05-19 16:55:07.283 70036 INFO tempest.lib.common.rest_client [req-62f3ecc8-e174-4158-8f21-93aef1055bff req-62f3ecc8-e174-4158-8f21-93aef1055bff ] Request (ServersTestFqdnHostnames:test_create_server_with_fqdn_name): 204 DELETE http://10.180.1.21/compute/v2.1/servers/73ef706c-cd22-4e81-ad1f-bef92582eaa8 2.078s
2025-05-19 16:55:07.375 70028 INFO tempest.lib.common.rest_client [req-3fafdcfb-12e7-4de0-9496-690ac4e7ba4c req-3fafdcfb-12e7-4de0-9496-690ac4e7ba4c ] Request (ServerTagsTestJSON:setUpClass): 200 GET http://10.180.1.21/compute/v2.1/servers/d8e8cccf-6ab2-4530-af6e-4515825b82a1 1.577s
2025-05-19 16:55:07.385 70057 INFO tempest.lib.common.rest_client [req-6fb1c1cd-bca5-4aa2-8882-eda157c163a0 req-6fb1c1cd-bca5-4aa2-8882-eda157c163a0 ] Request (ServersTestJSON:test_create_server_specify_multibyte_character_name): 200 GET http://10.180.1.21/compute/v2.1/servers/faf89065-de44-407c-beae-ba1557f317eb 1.296s
2025-05-19 16:55:07.386 70026 INFO tempest.lib.common.rest_client [req-75e0ae2a-a740-48db-b266-356a95bd51ec req-75e0ae2a-a740-48db-b266-356a95bd51ec ] Request (ServersTestJSON:tearDownClass): 204 DELETE http://10.180.1.21:9696/networking/v2.0/networks/10b70405-ac82-4cbf-81da-89a42dda01f4 0.184s
2025-05-19 16:55:07.457 70022 INFO tempest.lib.common.rest_client [req-d7d27283-0508-47aa-8df5-818b571dadcc req-d7d27283-0508-47aa-8df5-818b571dadcc ] Request (VolumesTestJSON:setUpClass): 202 POST http://10.180.1.21/volume/v3/volumes 0.188s
2025-05-19 16:55:07.472 70002 INFO tempest.lib.common.rest_client [req-047b2577-2ba8-49ed-8be2-262ebdffbc91 req-047b2577-2ba8-49ed-8be2-262ebdffbc91 ] Request (ImagesOneServerTestJSON:setUpClass): 200 GET http://10.180.1.21/compute/v2.1/servers/8861fb66-decf-4971-bbc7-0a696f5aa581 1.086s
2025-05-19 16:55:07.480 70006 INFO tempest.lib.common.rest_client [req-938f9204-c810-4e54-8574-11ac8d299c4b req-938f9204-c810-4e54-8574-11ac8d299c4b ] Request (ServerActionsTestOtherB:setUpClass): 200 GET http://10.180.1.21/compute/v2.1/servers/0d8736c9-04e2-454c-82c8-4215c8a39f03 1.363s
2025-05-19 16:55:07.510 70022 INFO tempest.lib.common.rest_client [req-e732a12d-c65c-45a4-8d31-e66259b39a97 req-e732a12d-c65c-45a4-8d31-e66259b39a97 ] Request (VolumesTestJSON:setUpClass): 200 GET http://10.180.1.21/volume/v3/volumes/f521bf0a-5b12-4125-be54-e0d16ffca2d8 0.046s
2025-05-19 16:55:07.526 70018 INFO tempest.lib.common.rest_client [req-8a9e0002-8679-4ce9-a2b8-ffb8acffa9bf req-8a9e0002-8679-4ce9-a2b8-ffb8acffa9bf ] Request (ServersNegativeTestMultiTenantJSON:setUpClass): 201 POST http://10.180.1.21:9696/networking/v2.0/networks 0.249s
2025-05-19 16:55:07.550 70026 INFO tempest.lib.common.rest_client [req-351baf7d-61be-44c1-8b8e-225d3a0f93dc req-351baf7d-61be-44c1-8b8e-225d3a0f93dc ] Request (ServersTestJSON:tearDownClass): 204 DELETE http://10.180.1.21/identity/v3/users/9780f7e72fd34b61859b03bcb2febd2a 0.163s
2025-05-19 16:55:07.550 70026 INFO tempest.lib.common.dynamic_creds [-] Deleting project and security group for project: e6135745468b4d8a9b695458edf68e4d
2025-05-19 16:55:07.561 70038 INFO tempest.lib.common.rest_client [req-9af287c3-829e-4930-98ab-f219dc41358d req-9af287c3-829e-4930-98ab-f219dc41358d ] Request (AttachVolumeTestJSON:test_attach_detach_volume): 200 GET http://10.180.1.21/compute/v2.1/servers/f6e8a52b-aa0d-441a-b5eb-b282f7c36c7a 1.129s
2025-05-19 16:55:07.571 70000 INFO tempest.lib.common.rest_client [req-6dd8d545-7afd-4d89-b0d2-f85694de467d req-6dd8d545-7afd-4d89-b0d2-f85694de467d ] Request (ServersTestManualDisk:setUpClass): 200 GET http://10.180.1.21/compute/v2.1/servers/7b4ea34d-a6fb-4a00-9b76-5751d46c41db 1.042s
2025-05-19 16:55:07.610 70026 INFO tempest.lib.common.rest_client [req-f5f90444-6883-44e2-9ad0-915cf91f2c94 req-f5f90444-6883-44e2-9ad0-915cf91f2c94 ] Request (ServersTestJSON:tearDownClass): 200 GET http://10.180.1.21:9696/networking/v2.0/security-groups?tenant_id=e6135745468b4d8a9b695458edf68e4d&name=default 0.059s
2025-05-19 16:55:07.654 70016 INFO tempest.lib.common.rest_client [req-6f996c33-ed00-4116-98da-5d7e3cc67a3e req-6f996c33-ed00-4116-98da-5d7e3cc67a3e ] Request (ServerActionsTestJSON:setUpClass): 200 GET http://10.180.1.21/compute/v2.1/servers/e9245404-54fa-4b25-a822-e083dadc3251 1.019s
2025-05-19 16:55:07.712 70050 INFO tempest.lib.common.rest_client [req-0e2f71f7-dd21-425f-8763-c776c0ffcde4 req-0e2f71f7-dd21-425f-8763-c776c0ffcde4 ] Request (MultipleCreateNegativeTestJSON:test_max_count_less_than_min_count): 400 POST http://10.180.1.21/compute/v2.1/servers 1.123s
2025-05-19 16:55:07.757 70010 INFO tempest.lib.common.rest_client [req-1fd0ffcd-6a76-46b6-b2b5-e8ecb712f1a7 req-1fd0ffcd-6a76-46b6-b2b5-e8ecb712f1a7 ] Request (ServersAdminTestJSON:setUpClass): 200 GET http://10.180.1.21/compute/v2.1/servers/09cd151c-9609-4dd1-8eb5-ea776dac0b8b 0.908s
2025-05-19 16:55:07.763 70050 INFO tempest.lib.common.rest_client [req-ba7d7857-5671-49e6-9376-7645e1b25f8e req-ba7d7857-5671-49e6-9376-7645e1b25f8e ] Request (MultipleCreateNegativeTestJSON:test_max_count_less_than_one): 201 POST http://10.180.1.21/identity/v3/auth/tokens 0.047s
2025-05-19 16:55:07.767 70050 INFO tempest.lib.common.fixed_network [-] (MultipleCreateNegativeTestJSON:test_max_count_less_than_one) Found network None available for tenant
2025-05-19 16:55:07.824 70026 INFO tempest.lib.common.rest_client [req-fd4d6d32-0c59-48fd-abda-14a59d7994c8 req-fd4d6d32-0c59-48fd-abda-14a59d7994c8 ] Request (ServersTestJSON:tearDownClass): 204 DELETE http://10.180.1.21:9696/networking/v2.0/security-groups/78bf9aa1-4371-49f9-90bf-67cf50412049 0.214s
2025-05-19 16:55:07.830 70014 INFO tempest.lib.common.rest_client [req-0e395107-e5bc-4a1f-87f0-7746eb096c75 req-0e395107-e5bc-4a1f-87f0-7746eb096c75 ] Request (ServerDiskConfigTestJSON:test_rebuild_server_with_auto_disk_config): 200 GET http://10.180.1.21/compute/v2.1/servers/c520c8ff-49be-4b0b-b48e-337f71b2aada 0.610s
2025-05-19 16:55:07.837 70018 INFO tempest.lib.common.rest_client [req-c5b63910-9f65-4bda-ad65-a7abe99bff1a req-c5b63910-9f65-4bda-ad65-a7abe99bff1a ] Request (ServersNegativeTestMultiTenantJSON:setUpClass): 201 POST http://10.180.1.21:9696/networking/v2.0/subnets 0.310s
2025-05-19 16:55:07.851 70036 INFO tempest.lib.common.rest_client [req-c2c9081f-a066-4024-b9c4-c74615581be0 req-c2c9081f-a066-4024-b9c4-c74615581be0 ] Request (ServersTestFqdnHostnames:test_create_server_with_fqdn_name): 404 GET http://10.180.1.21/compute/v2.1/servers/73ef706c-cd22-4e81-ad1f-bef92582eaa8 0.568s
2025-05-19 16:55:07.923 70042 INFO tempest.lib.common.rest_client [req-c4ec086f-ad63-4691-a8dc-06313e5845bc req-c4ec086f-ad63-4691-a8dc-06313e5845bc ] Request (ServerPasswordTestJSON:setUpClass): 200 GET http://10.180.1.21/compute/v2.1/servers/54b6e80f-d1a0-4fed-8c36-e53b7f5680f4 0.448s
2025-05-19 16:55:07.931 70024 INFO tempest.lib.common.rest_client [req-1f0327d1-173c-412f-97ca-69dac2f04c24 req-1f0327d1-173c-412f-97ca-69dac2f04c24 ] Request (SecurityGroupRulesTestJSON:tearDownClass): 202 DELETE http://10.180.1.21/compute/v2.1/os-security-groups/c790fe41-d542-42ad-b6b8-b5e43df88b33 0.858s
2025-05-19 16:55:07.948 70012 INFO tempest.lib.common.rest_client [req-241eba0b-7a69-443c-b413-77c5be3aab79 req-241eba0b-7a69-443c-b413-77c5be3aab79 ] Request (ServerActionsV293TestJSON:setUpClass): 200 GET http://10.180.1.21/volume/v3/volumes/15cee1ca-98b2-4511-b8af-f569a0b59203 0.051s
2025-05-19 16:55:07.998 70026 INFO tempest.lib.common.rest_client [req-4c85610f-a9f3-439d-b522-948d32d94e19 req-4c85610f-a9f3-439d-b522-948d32d94e19 ] Request (ServersTestJSON:tearDownClass): 204 DELETE http://10.180.1.21/identity/v3/projects/e6135745468b4d8a9b695458edf68e4d 0.173s
2025-05-19 16:55:08.205 70038 INFO tempest.lib.common.rest_client [req-38f06f44-fbfd-482c-b1f5-05c4c9c0161a req-38f06f44-fbfd-482c-b1f5-05c4c9c0161a ] Request (AttachVolumeTestJSON:test_attach_detach_volume): 204 DELETE http://10.180.1.21/compute/v2.1/servers/f6e8a52b-aa0d-441a-b5eb-b282f7c36c7a 0.635s
2025-05-19 16:55:08.208 70006 INFO tempest.lib.common.rest_client [req-83d42306-17ea-4387-be6e-538d6f043a1d req-83d42306-17ea-4387-be6e-538d6f043a1d ] Request (ServerActionsTestOtherB:setUpClass): 204 DELETE http://10.180.1.21/compute/v2.1/servers/0d8736c9-04e2-454c-82c8-4215c8a39f03 0.714s
2025-05-19 16:55:08.210 70050 INFO tempest.lib.common.rest_client [req-2c670550-5bf6-46aa-bd7d-c4ea2c848950 req-2c670550-5bf6-46aa-bd7d-c4ea2c848950 ] Request (MultipleCreateNegativeTestJSON:test_max_count_less_than_one): 400 POST http://10.180.1.21/compute/v2.1/servers 0.442s
2025-05-19 16:55:08.231 70036 INFO tempest.lib.common.rest_client [req-33b5452b-454a-4fb3-91d5-32eda06aec61 req-33b5452b-454a-4fb3-91d5-32eda06aec61 ] Request (ServersTestFqdnHostnames:tearDownClass): 202 DELETE http://10.180.1.21/compute/v2.1/os-keypairs/tempest-keypair-179037173 0.377s
2025-05-19 16:55:08.291 70050 INFO tempest.lib.common.rest_client [req-05dff1d3-8161-4be9-9a9f-90737bbc9d50 req-05dff1d3-8161-4be9-9a9f-90737bbc9d50 ] Request (MultipleCreateNegativeTestJSON:test_max_count_non_integer): 201 POST http://10.180.1.21/identity/v3/auth/tokens 0.075s
2025-05-19 16:55:08.291 70050 INFO tempest.lib.common.fixed_network [-] (MultipleCreateNegativeTestJSON:test_max_count_non_integer) Found network None available for tenant
2025-05-19 16:55:08.372 70036 INFO tempest.lib.common.rest_client [req-9fa71eb7-1583-4acf-a306-1ded37026653 req-9fa71eb7-1583-4acf-a306-1ded37026653 ] Request (ServersTestFqdnHostnames:tearDownClass): 204 DELETE http://10.180.1.21:9696/networking/v2.0/security-groups/3d7f9817-76af-4075-8562-f22ac805533f 0.140s
2025-05-19 16:55:08.382 70036 INFO tempest.lib.common.rest_client [req-72d44889-bd26-4229-992c-b547a8898491 req-72d44889-bd26-4229-992c-b547a8898491 ] Request (ServersTestFqdnHostnames:tearDownClass): 404 GET http://10.180.1.21:9696/networking/v2.0/security-groups/3d7f9817-76af-4075-8562-f22ac805533f 0.009s
2025-05-19 16:55:08.412 70000 INFO tempest.lib.common.rest_client [req-79fbf7b1-6d10-43ba-b1ce-d0c36d552615 req-79fbf7b1-6d10-43ba-b1ce-d0c36d552615 ] Request (ServersTestManualDisk:setUpClass): 204 DELETE http://10.180.1.21/compute/v2.1/servers/7b4ea34d-a6fb-4a00-9b76-5751d46c41db 0.830s
2025-05-19 16:55:08.440 70024 INFO tempest.lib.common.rest_client [req-75be375e-c7b0-4a53-aae3-8aed9ec71145 req-75be375e-c7b0-4a53-aae3-8aed9ec71145 ] Request (SecurityGroupRulesTestJSON:tearDownClass): 404 DELETE http://10.180.1.21/compute/v2.1/os-security-groups/b421b785-1ad7-411c-bdf7-68e6a79e6b47 0.508s
2025-05-19 16:55:08.453 70042 INFO tempest.lib.common.rest_client [req-a627264a-ab03-462a-97a0-80b7717fd47d req-a627264a-ab03-462a-97a0-80b7717fd47d ] Request (ServerPasswordTestJSON:setUpClass): 204 DELETE http://10.180.1.21/compute/v2.1/servers/54b6e80f-d1a0-4fed-8c36-e53b7f5680f4 0.522s
2025-05-19 16:55:08.457 70038 INFO tempest.lib.common.rest_client [req-148f662e-fffa-407f-b8f8-811696baffa7 req-148f662e-fffa-407f-b8f8-811696baffa7 ] Request (AttachVolumeTestJSON:test_attach_detach_volume): 404 GET http://10.180.1.21/compute/v2.1/servers/f6e8a52b-aa0d-441a-b5eb-b282f7c36c7a 0.252s
2025-05-19 16:55:08.465 70050 INFO tempest.lib.common.rest_client [req-0610ba25-b056-4e49-9abc-bf208285f938 req-0610ba25-b056-4e49-9abc-bf208285f938 ] Request (MultipleCreateNegativeTestJSON:test_max_count_non_integer): 400 POST http://10.180.1.21/compute/v2.1/servers 0.173s
2025-05-19 16:55:08.472 70006 INFO tempest.lib.common.rest_client [req-faa29a99-3e17-4dc4-8786-d3c0dea605a9 req-faa29a99-3e17-4dc4-8786-d3c0dea605a9 ] Request (ServerActionsTestOtherB:setUpClass): 404 GET http://10.180.1.21/compute/v2.1/servers/0d8736c9-04e2-454c-82c8-4215c8a39f03 0.264s
2025-05-19 16:55:08.472 70006 INFO tempest.test [-] raised in ServerActionsTestOtherB.setUpClass. Invoking tearDownClass.
2025-05-19 16:55:08.503 70050 INFO tempest.lib.common.rest_client [req-a8b8bb8a-2a53-4ce4-bde5-3c55bd26ff06 req-a8b8bb8a-2a53-4ce4-bde5-3c55bd26ff06 ] Request (MultipleCreateNegativeTestJSON:test_min_count_less_than_one): 201 POST http://10.180.1.21/identity/v3/auth/tokens 0.030s
2025-05-19 16:55:08.504 70050 INFO tempest.lib.common.fixed_network [-] (MultipleCreateNegativeTestJSON:test_min_count_less_than_one) Found network None available for tenant
2025-05-19 16:55:08.541 70028 INFO tempest.lib.common.rest_client [req-62c1bb47-f570-4c86-b582-408ceabcddfa req-62c1bb47-f570-4c86-b582-408ceabcddfa ] Request (ServerTagsTestJSON:setUpClass): 200 GET http://10.180.1.21/compute/v2.1/servers/d8e8cccf-6ab2-4530-af6e-4515825b82a1 0.146s
2025-05-19 16:55:08.552 70057 INFO tempest.lib.common.rest_client [req-026f708d-fedb-4ed6-9fce-60a70d9e36ca req-026f708d-fedb-4ed6-9fce-60a70d9e36ca ] Request (ServersTestJSON:test_create_server_specify_multibyte_character_name): 200 GET http://10.180.1.21/compute/v2.1/servers/faf89065-de44-407c-beae-ba1557f317eb 0.157s
2025-05-19 16:55:08.565 70000 INFO tempest.lib.common.rest_client [req-7a61befe-8c4d-4104-ae1d-781c13a6d810 req-7a61befe-8c4d-4104-ae1d-781c13a6d810 ] Request (ServersTestManualDisk:setUpClass): 404 GET http://10.180.1.21/compute/v2.1/servers/7b4ea34d-a6fb-4a00-9b76-5751d46c41db 0.152s
2025-05-19 16:55:08.565 70000 INFO tempest.test [-] raised in ServersTestManualDisk.setUpClass. Invoking tearDownClass.
2025-05-19 16:55:08.565 70022 INFO tempest.lib.common.rest_client [req-3517e780-009b-4cd3-8570-18cf74c1dc55 req-3517e780-009b-4cd3-8570-18cf74c1dc55 ] Request (VolumesTestJSON:setUpClass): 200 GET http://10.180.1.21/volume/v3/volumes/f521bf0a-5b12-4125-be54-e0d16ffca2d8 0.044s
2025-05-19 16:55:08.571 70022 INFO tempest.common.waiters [-] volume f521bf0a-5b12-4125-be54-e0d16ffca2d8 reached available after waiting for 1.571879 seconds
2025-05-19 16:55:08.581 70042 INFO tempest.lib.common.rest_client [req-69d1d951-076d-49da-8c37-943d1aefc17a req-69d1d951-076d-49da-8c37-943d1aefc17a ] Request (ServerPasswordTestJSON:setUpClass): 404 GET http://10.180.1.21/compute/v2.1/servers/54b6e80f-d1a0-4fed-8c36-e53b7f5680f4 0.128s
2025-05-19 16:55:08.582 70042 INFO tempest.test [-] raised in ServerPasswordTestJSON.setUpClass. Invoking tearDownClass.
2025-05-19 16:55:08.594 70038 INFO tempest.lib.common.rest_client [req-a01b882c-0df5-415e-88ff-f57d2619a3fa req-a01b882c-0df5-415e-88ff-f57d2619a3fa ] Request (AttachVolumeTestJSON:_run_cleanups): 202 DELETE http://10.180.1.21/compute/v2.1/os-keypairs/tempest-keypair-1913074018 0.136s
2025-05-19 16:55:08.610 70006 INFO tempest.lib.common.rest_client [req-73137ce3-01a5-48bd-b62a-50e943461d33 req-73137ce3-01a5-48bd-b62a-50e943461d33 ] Request (ServerActionsTestOtherB:tearDownClass): 202 DELETE http://10.180.1.21/compute/v2.1/os-keypairs/tempest-keypair-1461660843 0.138s
2025-05-19 16:55:08.673 70002 INFO tempest.lib.common.rest_client [req-23cd267b-226a-4653-9933-ed40d9a0b907 req-23cd267b-226a-4653-9933-ed40d9a0b907 ] Request (ImagesOneServerTestJSON:setUpClass): 200 GET http://10.180.1.21/compute/v2.1/servers/8861fb66-decf-4971-bbc7-0a696f5aa581 0.193s
2025-05-19 16:55:08.678 70050 INFO tempest.lib.common.rest_client [req-1059a81d-7995-4b8b-909e-b03b1109a6ef req-1059a81d-7995-4b8b-909e-b03b1109a6ef ] Request (MultipleCreateNegativeTestJSON:test_min_count_less_than_one): 400 POST http://10.180.1.21/compute/v2.1/servers 0.174s
2025-05-19 16:55:08.688 70036 INFO tempest.lib.common.rest_client [req-a4356230-3bec-433b-8ced-5843a28228df req-a4356230-3bec-433b-8ced-5843a28228df ] Request (ServersTestFqdnHostnames:tearDownClass): 204 DELETE http://10.180.1.21:9696/networking/v2.0/floatingips/403e0a10-f080-4cb7-a57f-c842fbe48177 0.306s
2025-05-19 16:55:08.715 70050 INFO tempest.lib.common.rest_client [req-d7d5add2-e8f2-483f-9ef0-37249c710833 req-d7d5add2-e8f2-483f-9ef0-37249c710833 ] Request (MultipleCreateNegativeTestJSON:test_min_count_non_integer): 201 POST http://10.180.1.21/identity/v3/auth/tokens 0.030s
2025-05-19 16:55:08.715 70050 INFO tempest.lib.common.fixed_network [-] (MultipleCreateNegativeTestJSON:test_min_count_non_integer) Found network None available for tenant
2025-05-19 16:55:08.748 70024 INFO tempest.lib.common.rest_client [req-350afa23-5605-4c70-b61f-b6c335953215 req-350afa23-5605-4c70-b61f-b6c335953215 ] Request (SecurityGroupRulesTestJSON:tearDownClass): 202 DELETE http://10.180.1.21/compute/v2.1/os-security-groups/831059a4-71f3-4bd8-a120-0e0eea1cd330 0.307s
2025-05-19 16:55:08.821 70006 INFO tempest.lib.common.rest_client [req-6b7685b9-450e-4478-8029-8c6d7f3a7761 req-6b7685b9-450e-4478-8029-8c6d7f3a7761 ] Request (ServerActionsTestOtherB:tearDownClass): 204 DELETE http://10.180.1.21:9696/networking/v2.0/security-groups/364adf36-b780-4249-8b50-aa1d7280b1fe 0.210s
2025-05-19 16:55:08.838 70038 INFO tempest.lib.common.rest_client [req-ff621d14-973e-4a13-ab0a-1c47b070732f req-ff621d14-973e-4a13-ab0a-1c47b070732f ] Request (AttachVolumeTestJSON:_run_cleanups): 204 DELETE http://10.180.1.21:9696/networking/v2.0/security-groups/acfa0d7e-63a3-4400-927c-bc4ea49c11a8 0.243s
2025-05-19 16:55:08.849 70006 INFO tempest.lib.common.rest_client [req-7141581e-a1fc-4775-9f48-4a6135ced5e5 req-7141581e-a1fc-4775-9f48-4a6135ced5e5 ] Request (ServerActionsTestOtherB:tearDownClass): 404 GET http://10.180.1.21:9696/networking/v2.0/security-groups/364adf36-b780-4249-8b50-aa1d7280b1fe 0.028s
2025-05-19 16:55:08.856 70038 INFO tempest.lib.common.rest_client [req-99a34c1a-1ff0-4f66-9354-4e307d69648d req-99a34c1a-1ff0-4f66-9354-4e307d69648d ] Request (AttachVolumeTestJSON:_run_cleanups): 404 GET http://10.180.1.21:9696/networking/v2.0/security-groups/acfa0d7e-63a3-4400-927c-bc4ea49c11a8 0.017s
2025-05-19 16:55:08.873 70028 INFO tempest.lib.common.rest_client [req-cc3a9cfa-ca80-4bdf-b0e7-02b52d01e70f req-cc3a9cfa-ca80-4bdf-b0e7-02b52d01e70f ] Request (ServerTagsTestJSON:setUpClass): 204 DELETE http://10.180.1.21/compute/v2.1/servers/d8e8cccf-6ab2-4530-af6e-4515825b82a1 0.318s
2025-05-19 16:55:08.890 70000 INFO tempest.lib.common.rest_client [req-85716375-48e6-4510-b317-651610e75fbc req-85716375-48e6-4510-b317-651610e75fbc ] Request (ServersTestManualDisk:tearDownClass): 202 DELETE http://10.180.1.21/compute/v2.1/os-keypairs/tempest-keypair-684767269 0.324s
2025-05-19 16:55:08.923 70022 INFO tempest.lib.common.rest_client [req-a1f3cd97-3619-405b-9cae-c25203c176c4 req-a1f3cd97-3619-405b-9cae-c25203c176c4 ] Request (VolumesTestJSON:setUpClass): 200 GET http://10.180.1.21/compute/v2.1/os-volumes/f521bf0a-5b12-4125-be54-e0d16ffca2d8 0.351s
2025-05-19 16:55:08.938 70018 INFO tempest.lib.common.rest_client [req-e5421237-7c2f-48f0-b61d-6912cebddc33 req-e5421237-7c2f-48f0-b61d-6912cebddc33 ] Request (ServersNegativeTestMultiTenantJSON:setUpClass): 201 POST http://10.180.1.21:9696/networking/v2.0/routers 1.099s
2025-05-19 16:55:08.965 70057 INFO tempest.lib.common.rest_client [req-951f0837-3645-4875-a345-9b617a8b20ca req-951f0837-3645-4875-a345-9b617a8b20ca ] Request (ServersTestJSON:test_create_server_specify_multibyte_character_name): 204 DELETE http://10.180.1.21/compute/v2.1/servers/faf89065-de44-407c-beae-ba1557f317eb 0.403s
2025-05-19 16:55:08.992 70012 INFO tempest.lib.common.rest_client [req-2f665bb3-c958-45e4-a198-eb771fba009c req-2f665bb3-c958-45e4-a198-eb771fba009c ] Request (ServerActionsV293TestJSON:setUpClass): 200 GET http://10.180.1.21/volume/v3/volumes/15cee1ca-98b2-4511-b8af-f569a0b59203 0.032s
2025-05-19 16:55:09.036 70016 INFO tempest.lib.common.rest_client [req-f5eb6686-be97-49a6-9e79-725899a4b36c req-f5eb6686-be97-49a6-9e79-725899a4b36c ] Request (ServerActionsTestJSON:setUpClass): 200 GET http://10.180.1.21/compute/v2.1/servers/e9245404-54fa-4b25-a822-e083dadc3251 0.371s
2025-05-19 16:55:09.042 70050 INFO tempest.lib.common.rest_client [req-ba724383-5e57-4c2b-8ca7-54c677e5f04c req-ba724383-5e57-4c2b-8ca7-54c677e5f04c ] Request (MultipleCreateNegativeTestJSON:test_min_count_non_integer): 400 POST http://10.180.1.21/compute/v2.1/servers 0.326s
2025-05-19 16:55:09.190 70050 INFO tempest.lib.common.rest_client [req-b4cea805-5425-4df9-97c3-79bf5b15834e req-b4cea805-5425-4df9-97c3-79bf5b15834e ] Request (MultipleCreateNegativeTestJSON:tearDownClass): 204 DELETE http://10.180.1.21/identity/v3/users/c653dfb7ac8648758ad292c166620789 0.140s
2025-05-19 16:55:09.190 70050 INFO tempest.lib.common.dynamic_creds [-] Deleting project and security group for project: 676cf7459ff94b4aa3cfb85b657d4d51
2025-05-19 16:55:09.200 70038 INFO tempest.lib.common.rest_client [req-07234c5d-2327-41b6-a122-884da5c3a94a req-07234c5d-2327-41b6-a122-884da5c3a94a ] Request (AttachVolumeTestJSON:_run_cleanups): 204 DELETE http://10.180.1.21:9696/networking/v2.0/floatingips/cd082183-b752-4ca4-bcdf-225d9f6e66a1 0.343s
2025-05-19 16:55:09.262 70050 INFO tempest.lib.common.rest_client [req-125c4ec2-65c6-4279-9bcb-2c33a5259326 req-125c4ec2-65c6-4279-9bcb-2c33a5259326 ] Request (MultipleCreateNegativeTestJSON:tearDownClass): 201 POST http://10.180.1.21/identity/v3/auth/tokens 0.071s
2025-05-19 16:55:09.368 70002 INFO tempest.lib.common.rest_client [req-3de5f483-9e49-478a-b338-19f06073faf3 req-3de5f483-9e49-478a-b338-19f06073faf3 ] Request (ImagesOneServerTestJSON:setUpClass): 204 DELETE http://10.180.1.21/compute/v2.1/servers/8861fb66-decf-4971-bbc7-0a696f5aa581 0.688s
2025-05-19 16:55:09.400 70000 INFO tempest.lib.common.rest_client [req-07f7db54-b14b-48b5-a3ff-047d9cc5cadc req-07f7db54-b14b-48b5-a3ff-047d9cc5cadc ] Request (ServersTestManualDisk:tearDownClass): 204 DELETE http://10.180.1.21:9696/networking/v2.0/security-groups/95600a16-64d6-418f-add5-dc02589268c7 0.510s
2025-05-19 16:55:09.416 70000 INFO tempest.lib.common.rest_client [req-b3bfaf05-9193-40dd-9c06-22ba021bf217 req-b3bfaf05-9193-40dd-9c06-22ba021bf217 ] Request (ServersTestManualDisk:tearDownClass): 404 GET http://10.180.1.21:9696/networking/v2.0/security-groups/95600a16-64d6-418f-add5-dc02589268c7 0.016s
2025-05-19 16:55:09.458 70010 INFO tempest.lib.common.rest_client [req-c771a92e-c4ee-4650-b737-e4008b00d870 req-c771a92e-c4ee-4650-b737-e4008b00d870 ] Request (ServersAdminTestJSON:setUpClass): 200 GET http://10.180.1.21/compute/v2.1/servers/09cd151c-9609-4dd1-8eb5-ea776dac0b8b 0.690s
2025-05-19 16:55:09.553 70014 INFO tempest.lib.common.rest_client [req-23372756-6594-4c64-ba64-30c9e2be06c5 req-23372756-6594-4c64-ba64-30c9e2be06c5 ] Request (ServerDiskConfigTestJSON:test_rebuild_server_with_auto_disk_config): 200 GET http://10.180.1.21/compute/v2.1/servers/c520c8ff-49be-4b0b-b48e-337f71b2aada 0.714s
2025-05-19 16:55:09.561 70014 INFO tempest.common.waiters [-] State transition "BUILD/scheduling" ==> "ERROR/None" after 2 second wait
2025-05-19 16:55:09.572 70028 INFO tempest.lib.common.rest_client [req-303ece29-2a9f-4407-a652-d0f416915ad8 req-303ece29-2a9f-4407-a652-d0f416915ad8 ] Request (ServerTagsTestJSON:setUpClass): 404 GET http://10.180.1.21/compute/v2.1/servers/d8e8cccf-6ab2-4530-af6e-4515825b82a1 0.698s
2025-05-19 16:55:09.572 70028 INFO tempest.test [-] raised in ServerTagsTestJSON.setUpClass. Invoking tearDownClass.
2025-05-19 16:55:09.645 70022 INFO tempest.lib.common.rest_client [req-9cd1341d-4c25-4db6-b686-2fe5b3244291 req-9cd1341d-4c25-4db6-b686-2fe5b3244291 ] Request (VolumesTestJSON:test_volume_list): 200 GET http://10.180.1.21/compute/v2.1/os-volumes 0.719s
2025-05-19 16:55:09.669 70057 INFO tempest.lib.common.rest_client [req-cd6b62c3-f4b0-4463-b547-c1e8cb3a8c08 req-cd6b62c3-f4b0-4463-b547-c1e8cb3a8c08 ] Request (ServersTestJSON:test_create_server_specify_multibyte_character_name): 404 GET http://10.180.1.21/compute/v2.1/servers/faf89065-de44-407c-beae-ba1557f317eb 0.703s
2025-05-19 16:55:09.669 70057 ERROR tempest.lib.decorators [-] Hints: This test was made for the bug_type 1730756. The failure could be related to https://launchpad.net/bugs/1730756: tempest.exceptions.BuildErrorException: Server faf89065-de44-407c-beae-ba1557f317eb failed to build and is in ERROR status
2025-05-19 16:55:09.684 70024 INFO tempest.lib.common.rest_client [req-a65413d7-c62f-466e-b9cc-565ed44336ad req-a65413d7-c62f-466e-b9cc-565ed44336ad ] Request (SecurityGroupRulesTestJSON:tearDownClass): 202 DELETE http://10.180.1.21/compute/v2.1/os-security-groups/5d38a69e-728f-4c62-8fc4-ff2fa88ab2a1 0.936s
2025-05-19 16:55:09.701 70050 INFO tempest.lib.common.rest_client [req-e6093c17-0277-4284-9129-566709724923 req-e6093c17-0277-4284-9129-566709724923 ] Request (MultipleCreateNegativeTestJSON:tearDownClass): 200 GET http://10.180.1.21:9696/networking/v2.0/security-groups?tenant_id=676cf7459ff94b4aa3cfb85b657d4d51&name=default 0.439s
2025-05-19 16:55:09.747 70038 INFO tempest.lib.common.rest_client [req-46251f55-c4b1-4621-90d1-793717adbfe7 req-46251f55-c4b1-4621-90d1-793717adbfe7 ] Request (ValidationResourcesFixture:setUp): 200 POST http://10.180.1.21/compute/v2.1/os-keypairs 0.545s
2025-05-19 16:55:09.767 70057 INFO tempest.lib.common.rest_client [req-6f5196fa-8d9f-44f5-bad8-fa6b83dcbfbd req-6f5196fa-8d9f-44f5-bad8-fa6b83dcbfbd ] Request (ServersTestJSON:test_create_server_with_admin_password): 201 POST http://10.180.1.21/identity/v3/auth/tokens 0.090s
2025-05-19 16:55:09.767 70057 INFO tempest.lib.common.fixed_network [-] (ServersTestJSON:test_create_server_with_admin_password) Found network {'id': '2729c199-06ed-4c5c-888f-3ef077e9f43d', 'name': 'tempest-ServersTestJSON-476786431-network', 'tenant_id': 'aa9fccb7252d46b284a8a895cc765a72', 'admin_state_up': True, 'mtu': 8950, 'status': 'ACTIVE', 'subnets': [], 'shared': False, 'project_id': 'aa9fccb7252d46b284a8a895cc765a72', 'port_security_enabled': True, 'router:external': False, 'provider:network_type': 'vlan', 'provider:physical_network': 'default', 'provider:segmentation_id': 296, 'availability_zone_hints': [], 'availability_zones': [], 'ipv4_address_scope': None, 'ipv6_address_scope': None, 'description': '', 'tags': [], 'created_at': '2025-05-19T16:54:52Z', 'updated_at': '2025-05-19T16:54:52Z', 'revision_number': 1} available for tenant
2025-05-19 16:55:09.773 70002 INFO tempest.lib.common.rest_client [req-fafa5cfd-6988-42dc-a4c3-b5871d3eb746 req-fafa5cfd-6988-42dc-a4c3-b5871d3eb746 ] Request (ImagesOneServerTestJSON:setUpClass): 404 GET http://10.180.1.21/compute/v2.1/servers/8861fb66-decf-4971-bbc7-0a696f5aa581 0.405s
2025-05-19 16:55:09.774 70002 INFO tempest.test [-] raised in ImagesOneServerTestJSON.setUpClass. Invoking tearDownClass.
2025-05-19 16:55:09.788 70006 INFO tempest.lib.common.rest_client [req-57924c65-56a1-4490-bc87-e76494c76165 req-57924c65-56a1-4490-bc87-e76494c76165 ] Request (ServerActionsTestOtherB:tearDownClass): 204 DELETE http://10.180.1.21:9696/networking/v2.0/floatingips/afc657d6-8159-4949-834f-af25748ba6ce 0.939s
2025-05-19 16:55:09.946 70016 INFO tempest.lib.common.rest_client [req-e74aaa46-69b6-4dbd-ae64-a479786882ba req-e74aaa46-69b6-4dbd-ae64-a479786882ba ] Request (ServerActionsTestJSON:setUpClass): 204 DELETE http://10.180.1.21/compute/v2.1/servers/e9245404-54fa-4b25-a822-e083dadc3251 0.896s
2025-05-19 16:55:09.974 70050 INFO tempest.lib.common.rest_client [req-80f75de8-12f4-4fb1-a389-73722657c70b req-80f75de8-12f4-4fb1-a389-73722657c70b ] Request (MultipleCreateNegativeTestJSON:tearDownClass): 204 DELETE http://10.180.1.21:9696/networking/v2.0/security-groups/de0bfce8-d115-4231-996d-ecb8c0d96f17 0.272s
2025-05-19 16:55:10.000 70010 INFO tempest.lib.common.rest_client [req-62c0fff0-c3c3-4313-9231-6e51b3899a75 req-62c0fff0-c3c3-4313-9231-6e51b3899a75 ] Request (ServersAdminTestJSON:setUpClass): 204 DELETE http://10.180.1.21/compute/v2.1/servers/09cd151c-9609-4dd1-8eb5-ea776dac0b8b 0.533s
2025-05-19 16:55:10.033 70012 INFO tempest.lib.common.rest_client [req-773dda89-8f6c-4552-9d02-df28c03dfe21 req-773dda89-8f6c-4552-9d02-df28c03dfe21 ] Request (ServerActionsV293TestJSON:setUpClass): 200 GET http://10.180.1.21/volume/v3/volumes/15cee1ca-98b2-4511-b8af-f569a0b59203 0.031s
2025-05-19 16:55:10.043 70022 INFO tempest.lib.common.rest_client [req-dd98b067-c74c-4e26-a11e-132803ff7d0d req-dd98b067-c74c-4e26-a11e-132803ff7d0d ] Request (VolumesTestJSON:test_volume_list_param_limit): 200 GET http://10.180.1.21/compute/v2.1/os-volumes?limit=2 0.393s
2025-05-19 16:55:10.080 70050 INFO tempest.lib.common.rest_client [req-a7111533-ff7a-4412-a515-0efff03b559b req-a7111533-ff7a-4412-a515-0efff03b559b ] Request (MultipleCreateNegativeTestJSON:tearDownClass): 204 DELETE http://10.180.1.21/identity/v3/projects/676cf7459ff94b4aa3cfb85b657d4d51 0.105s
2025-05-19 16:55:10.126 70042 INFO tempest.lib.common.rest_client [req-52ccf65e-8e62-485b-9e53-bc4a6d7e17c1 req-52ccf65e-8e62-485b-9e53-bc4a6d7e17c1 ] Request (ServerPasswordTestJSON:tearDownClass): 200 PUT http://10.180.1.21:9696/networking/v2.0/routers/13ed5f72-db6e-4d3b-a7e1-445f640d6387/remove_router_interface 1.544s
2025-05-19 16:55:10.143 70038 INFO tempest.lib.common.rest_client [req-c9cae18b-eb1c-4a93-8874-b23567f5c17d req-c9cae18b-eb1c-4a93-8874-b23567f5c17d ] Request (ValidationResourcesFixture:setUp): 201 POST http://10.180.1.21:9696/networking/v2.0/security-groups 0.394s
2025-05-19 16:55:10.182 70000 INFO tempest.lib.common.rest_client [req-81d0c1a4-6362-415c-a3c2-fcc8b072db52 req-81d0c1a4-6362-415c-a3c2-fcc8b072db52 ] Request (ServersTestManualDisk:tearDownClass): 204 DELETE http://10.180.1.21:9696/networking/v2.0/floatingips/ed6a2a97-0a22-4bea-93b1-901f326e9634 0.765s
2025-05-19 16:55:10.226 70014 INFO tempest.lib.common.rest_client [req-a2601643-3225-4b35-bbe5-fd839c854f3d req-a2601643-3225-4b35-bbe5-fd839c854f3d ] Request (ServerDiskConfigTestJSON:test_rebuild_server_with_auto_disk_config): 204 DELETE http://10.180.1.21/compute/v2.1/servers/c520c8ff-49be-4b0b-b48e-337f71b2aada 0.664s
2025-05-19 16:55:10.407 70038 INFO tempest.lib.common.rest_client [req-62d66d94-3801-4f59-acd3-fa6b28e64ab8 req-62d66d94-3801-4f59-acd3-fa6b28e64ab8 ] Request (ValidationResourcesFixture:setUp): 201 POST http://10.180.1.21:9696/networking/v2.0/security-group-rules 0.264s
2025-05-19 16:55:10.609 70038 INFO tempest.lib.common.rest_client [req-081627b1-3306-44d7-9b3a-88a199ed9bed req-081627b1-3306-44d7-9b3a-88a199ed9bed ] Request (ValidationResourcesFixture:setUp): 201 POST http://10.180.1.21:9696/networking/v2.0/security-group-rules 0.201s
2025-05-19 16:55:10.728 70024 INFO tempest.lib.common.rest_client [req-849442fa-058b-49e7-9f22-7e05d59d1ec3 req-849442fa-058b-49e7-9f22-7e05d59d1ec3 ] Request (SecurityGroupRulesTestJSON:tearDownClass): 202 DELETE http://10.180.1.21/compute/v2.1/os-security-groups/b1d0186a-cf65-4519-8b96-542b25188584 1.043s
2025-05-19 16:55:10.752 70016 INFO tempest.lib.common.rest_client [req-63d7a1d7-da4f-4184-b328-4f869a9ab53b req-63d7a1d7-da4f-4184-b328-4f869a9ab53b ] Request (ServerActionsTestJSON:setUpClass): 404 GET http://10.180.1.21/compute/v2.1/servers/e9245404-54fa-4b25-a822-e083dadc3251 0.806s
2025-05-19 16:55:10.752 70016 INFO tempest.test [-] raised in ServerActionsTestJSON.setUpClass. Invoking tearDownClass.
2025-05-19 16:55:10.787 70010 INFO tempest.lib.common.rest_client [req-be6cf0d6-3ce3-42a1-9252-1940e0c95ec5 req-be6cf0d6-3ce3-42a1-9252-1940e0c95ec5 ] Request (ServersAdminTestJSON:setUpClass): 404 GET http://10.180.1.21/compute/v2.1/servers/09cd151c-9609-4dd1-8eb5-ea776dac0b8b 0.787s
2025-05-19 16:55:10.788 70010 INFO tempest.test [-] raised in ServersAdminTestJSON.setUpClass. Invoking tearDownClass.
2025-05-19 16:55:10.862 70022 INFO tempest.lib.common.rest_client [req-5b328446-ea02-41e0-a70c-f2e8e54da529 req-5b328446-ea02-41e0-a70c-f2e8e54da529 ] Request (VolumesTestJSON:test_volume_list_param_offset_and_limit): 200 GET http://10.180.1.21/compute/v2.1/os-volumes 0.814s
2025-05-19 16:55:10.887 70014 INFO tempest.lib.common.rest_client [req-374e8360-1e5f-40b7-9d1e-6d78fdd4d636 req-374e8360-1e5f-40b7-9d1e-6d78fdd4d636 ] Request (ServerDiskConfigTestJSON:test_rebuild_server_with_auto_disk_config): 404 GET http://10.180.1.21/compute/v2.1/servers/c520c8ff-49be-4b0b-b48e-337f71b2aada 0.660s
2025-05-19 16:55:10.980 70014 INFO tempest.lib.common.rest_client [req-4276dbb5-239c-4943-aec4-e9765f172f46 req-4276dbb5-239c-4943-aec4-e9765f172f46 ] Request (ServerDiskConfigTestJSON:test_rebuild_server_with_manual_disk_config): 201 POST http://10.180.1.21/identity/v3/auth/tokens 0.088s
2025-05-19 16:55:10.980 70014 INFO tempest.lib.common.fixed_network [-] (ServerDiskConfigTestJSON:test_rebuild_server_with_manual_disk_config) Found network {'id': '3212fc67-042e-47e0-9339-c87722486473', 'name': 'tempest-ServerDiskConfigTestJSON-1551432957-network', 'tenant_id': '4819dacb0de04f42bd3d67b45e5a9adb', 'admin_state_up': True, 'mtu': 8950, 'status': 'ACTIVE', 'subnets': [], 'shared': False, 'project_id': '4819dacb0de04f42bd3d67b45e5a9adb', 'port_security_enabled': True, 'router:external': False, 'provider:network_type': 'vlan', 'provider:physical_network': 'default', 'provider:segmentation_id': 61, 'availability_zone_hints': [], 'availability_zones': [], 'ipv4_address_scope': None, 'ipv6_address_scope': None, 'description': '', 'tags': [], 'created_at': '2025-05-19T16:54:55Z', 'updated_at': '2025-05-19T16:54:55Z', 'revision_number': 1} available for tenant
2025-05-19 16:55:10.980 70042 INFO tempest.lib.common.rest_client [req-f202727c-a878-4e24-91c2-3d9d7a64a447 req-f202727c-a878-4e24-91c2-3d9d7a64a447 ] Request (ServerPasswordTestJSON:tearDownClass): 204 DELETE http://10.180.1.21:9696/networking/v2.0/routers/13ed5f72-db6e-4d3b-a7e1-445f640d6387 0.854s
2025-05-19 16:55:11.075 70012 INFO tempest.lib.common.rest_client [req-407b0605-951a-44a0-83d5-14f5c4f85b93 req-407b0605-951a-44a0-83d5-14f5c4f85b93 ] Request (ServerActionsV293TestJSON:setUpClass): 200 GET http://10.180.1.21/volume/v3/volumes/15cee1ca-98b2-4511-b8af-f569a0b59203 0.028s
2025-05-19 16:55:11.178 70042 INFO tempest.lib.common.rest_client [req-32581923-36ba-431e-bc01-50b1be25a72b req-32581923-36ba-431e-bc01-50b1be25a72b ] Request (ServerPasswordTestJSON:tearDownClass): 204 DELETE http://10.180.1.21:9696/networking/v2.0/subnets/19966411-ade0-4198-a39c-b97afc8cf5cb 0.197s
2025-05-19 16:55:11.295 70057 INFO tempest.lib.common.rest_client [req-47e99057-c7f6-4bf6-9eeb-0aa0a3ddd3cb req-47e99057-c7f6-4bf6-9eeb-0aa0a3ddd3cb ] Request (ServersTestJSON:test_create_server_with_admin_password): 202 POST http://10.180.1.21/compute/v2.1/servers 1.527s
2025-05-19 16:55:11.314 70016 INFO tempest.lib.common.rest_client [req-1fe83f9b-445a-4f99-a48a-54af484dec72 req-1fe83f9b-445a-4f99-a48a-54af484dec72 ] Request (ServerActionsTestJSON:tearDownClass): 202 DELETE http://10.180.1.21/compute/v2.1/os-keypairs/tempest-keypair-567990677 0.561s
2025-05-19 16:55:11.407 70024 INFO tempest.lib.common.rest_client [req-1fab1ab5-903f-404c-ace5-b949b06d8b37 req-1fab1ab5-903f-404c-ace5-b949b06d8b37 ] Request (SecurityGroupRulesTestJSON:tearDownClass): 202 DELETE http://10.180.1.21/compute/v2.1/os-security-groups/2ab4adcc-1d86-47d2-8988-027e60aa6fbe 0.678s
2025-05-19 16:55:11.449 70022 INFO tempest.lib.common.rest_client [req-3a19a9d6-46cc-48d8-b7d5-c2d057ea7d70 req-3a19a9d6-46cc-48d8-b7d5-c2d057ea7d70 ] Request (VolumesTestJSON:test_volume_list_param_offset_and_limit): 200 GET http://10.180.1.21/compute/v2.1/os-volumes?offset=1&limit=1 0.584s
2025-05-19 16:55:11.457 70002 INFO tempest.lib.common.rest_client [req-cee858ec-bb4f-46b2-8810-9d3e57296dff req-cee858ec-bb4f-46b2-8810-9d3e57296dff ] Request (ImagesOneServerTestJSON:tearDownClass): 200 PUT http://10.180.1.21:9696/networking/v2.0/routers/55d45c4f-beab-4d35-ad23-55550a6e3b5d/remove_router_interface 1.682s
2025-05-19 16:55:11.467 70042 INFO tempest.lib.common.rest_client [req-c1b8bc8b-8eff-4b66-b8d9-9e4130620a72 req-c1b8bc8b-8eff-4b66-b8d9-9e4130620a72 ] Request (ServerPasswordTestJSON:tearDownClass): 204 DELETE http://10.180.1.21:9696/networking/v2.0/networks/3cf5bbc8-0b41-4f41-82f3-ae8dd595eb3b 0.288s
2025-05-19 16:55:11.524 70016 INFO tempest.lib.common.rest_client [req-8c850a44-ca86-4b94-b342-a11b49181f54 req-8c850a44-ca86-4b94-b342-a11b49181f54 ] Request (ServerActionsTestJSON:tearDownClass): 204 DELETE http://10.180.1.21:9696/networking/v2.0/security-groups/4ded900a-0d00-4743-bcce-60ee46ae6d98 0.209s
2025-05-19 16:55:11.548 70016 INFO tempest.lib.common.rest_client [req-144112d4-3252-4504-aec3-41b180fe001d req-144112d4-3252-4504-aec3-41b180fe001d ] Request (ServerActionsTestJSON:tearDownClass): 404 GET http://10.180.1.21:9696/networking/v2.0/security-groups/4ded900a-0d00-4743-bcce-60ee46ae6d98 0.023s
2025-05-19 16:55:11.584 70010 INFO tempest.lib.common.rest_client [req-f8fc5038-f3d7-4628-b87f-7dfcf1439c48 req-f8fc5038-f3d7-4628-b87f-7dfcf1439c48 ] Request (ServersAdminTestJSON:tearDownClass): 204 DELETE http://10.180.1.21/compute/v2.1/servers/402701dc-c6f0-4aef-9f0c-a07440e90f40 0.796s
2025-05-19 16:55:11.625 70042 INFO tempest.lib.common.rest_client [req-4aacd27e-bc04-4479-a0db-774f229e2f6d req-4aacd27e-bc04-4479-a0db-774f229e2f6d ] Request (ServerPasswordTestJSON:tearDownClass): 204 DELETE http://10.180.1.21/identity/v3/users/f901b3e9f31441e4973a8edc7724aceb 0.155s
2025-05-19 16:55:11.626 70042 INFO tempest.lib.common.dynamic_creds [-] Deleting project and security group for project: 5c5fc9f7fc544cf79cecaaa299e0267c
2025-05-19 16:55:11.679 70057 INFO tempest.lib.common.rest_client [req-ea5b9a4c-0bb9-458d-982f-c52cb980614e req-ea5b9a4c-0bb9-458d-982f-c52cb980614e ] Request (ServersTestJSON:_run_cleanups): 204 DELETE http://10.180.1.21/compute/v2.1/servers/c3f89e83-070f-4b17-8d49-35afadeb6c1f 0.382s
2025-05-19 16:55:11.767 70042 INFO tempest.lib.common.rest_client [req-422217f3-180d-429f-ba35-91c2aa37fc91 req-422217f3-180d-429f-ba35-91c2aa37fc91 ] Request (ServerPasswordTestJSON:tearDownClass): 200 GET http://10.180.1.21:9696/networking/v2.0/security-groups?tenant_id=5c5fc9f7fc544cf79cecaaa299e0267c&name=default 0.140s
2025-05-19 16:55:11.790 70038 INFO tempest.lib.common.rest_client [req-b6b608a6-b977-4737-bb3c-64c36b3a4819 req-b6b608a6-b977-4737-bb3c-64c36b3a4819 ] Request (ValidationResourcesFixture:setUp): 201 POST http://10.180.1.21:9696/networking/v2.0/floatingips 1.180s
2025-05-19 16:55:11.816 70036 INFO tempest.lib.common.rest_client [req-0be3fd19-e454-40d9-bf89-12327da35085 req-0be3fd19-e454-40d9-bf89-12327da35085 ] Request (ServersTestFqdnHostnames:tearDownClass): 200 PUT http://10.180.1.21:9696/networking/v2.0/routers/7ba3442f-72f5-4acb-a6b9-4127c4c04a9e/remove_router_interface 3.127s
2025-05-19 16:55:11.885 70038 INFO tempest.lib.common.rest_client [req-b022141f-71d4-4aa8-b37d-3e5039d2b8bd req-b022141f-71d4-4aa8-b37d-3e5039d2b8bd ] Request (AttachVolumeTestJSON:test_list_get_volume_attachments): 201 POST http://10.180.1.21/identity/v3/auth/tokens 0.092s
2025-05-19 16:55:11.885 70038 INFO tempest.lib.common.fixed_network [-] (AttachVolumeTestJSON:test_list_get_volume_attachments) Found network {'id': '9ec8965e-1203-45a6-b138-28a5047daee6', 'name': 'tempest-AttachVolumeTestJSON-1244400979-network', 'tenant_id': 'f9920568cc3742279112eb96c3cd52c9', 'admin_state_up': True, 'mtu': 8950, 'status': 'ACTIVE', 'subnets': [], 'shared': False, 'project_id': 'f9920568cc3742279112eb96c3cd52c9', 'port_security_enabled': True, 'router:external': False, 'provider:network_type': 'vlan', 'provider:physical_network': 'default', 'provider:segmentation_id': 183, 'availability_zone_hints': [], 'availability_zones': [], 'ipv4_address_scope': None, 'ipv6_address_scope': None, 'description': '', 'tags': [], 'created_at': '2025-05-19T16:54:39Z', 'updated_at': '2025-05-19T16:54:40Z', 'revision_number': 1} available for tenant
2025-05-19 16:55:11.966 70042 INFO tempest.lib.common.rest_client [req-bb05837a-dba5-42e7-9395-224273394490 req-bb05837a-dba5-42e7-9395-224273394490 ] Request (ServerPasswordTestJSON:tearDownClass): 204 DELETE http://10.180.1.21:9696/networking/v2.0/security-groups/478a38de-15a3-4148-9672-402e39f18364 0.198s
2025-05-19 16:55:12.099 70016 INFO tempest.lib.common.rest_client [req-d4eb4a10-fee9-4275-b07e-fc11f7de94a5 req-d4eb4a10-fee9-4275-b07e-fc11f7de94a5 ] Request (ServerActionsTestJSON:tearDownClass): 204 DELETE http://10.180.1.21:9696/networking/v2.0/floatingips/133bd11e-3245-4cba-99d4-f59460d361ac 0.549s
2025-05-19 16:55:12.110 70042 INFO tempest.lib.common.rest_client [req-ef70bd44-7487-4227-8f18-8be935766bd4 req-ef70bd44-7487-4227-8f18-8be935766bd4 ] Request (ServerPasswordTestJSON:tearDownClass): 204 DELETE http://10.180.1.21/identity/v3/projects/5c5fc9f7fc544cf79cecaaa299e0267c 0.144s
2025-05-19 16:55:12.120 70012 INFO tempest.lib.common.rest_client [req-97a5729f-88cb-44e9-b8e9-5a7f5dcd35f6 req-97a5729f-88cb-44e9-b8e9-5a7f5dcd35f6 ] Request (ServerActionsV293TestJSON:setUpClass): 200 GET http://10.180.1.21/volume/v3/volumes/15cee1ca-98b2-4511-b8af-f569a0b59203 0.036s
2025-05-19 16:55:12.187 70042 INFO tempest.lib.common.rest_client [req-2a893283-4277-49df-abfc-f165d29ac5c6 req-2a893283-4277-49df-abfc-f165d29ac5c6 ] Request (ServersListShow2100Test:setUpClass): 201 POST http://10.180.1.21/identity/v3/auth/tokens 0.074s
2025-05-19 16:55:12.225 70042 INFO tempest.lib.common.rest_client [req-66882aa2-14e8-4dbb-a0a7-46e972a4f70e req-66882aa2-14e8-4dbb-a0a7-46e972a4f70e ] Request (ServersListShow2100Test:setUpClass): 201 POST http://10.180.1.21/identity/v3/auth/tokens 0.036s
2025-05-19 16:55:12.262 70042 INFO tempest.lib.common.rest_client [req-6c72f0fb-58af-4002-a9bb-e26affba0dc3 req-6c72f0fb-58af-4002-a9bb-e26affba0dc3 ] Request (ServersListShow2100Test:setUpClass): 200 GET http://10.180.1.21/identity/v3/domains?name=Default 0.037s
2025-05-19 16:55:12.305 70042 INFO tempest.lib.common.rest_client [req-1284d807-f8ed-4260-a210-d693353d3381 req-1284d807-f8ed-4260-a210-d693353d3381 ] Request (ServersListShow2100Test:setUpClass): 201 POST http://10.180.1.21/identity/v3/projects 0.042s
2025-05-19 16:55:12.318 70002 INFO tempest.lib.common.rest_client [req-be03abd8-ca52-404b-83f0-d395e65ee3ab req-be03abd8-ca52-404b-83f0-d395e65ee3ab ] Request (ImagesOneServerTestJSON:tearDownClass): 204 DELETE http://10.180.1.21:9696/networking/v2.0/routers/55d45c4f-beab-4d35-ad23-55550a6e3b5d 0.860s
2025-05-19 16:55:12.363 70024 INFO tempest.lib.common.rest_client [req-40814fd6-7506-4201-8792-41ddfb6c3766 req-40814fd6-7506-4201-8792-41ddfb6c3766 ] Request (SecurityGroupRulesTestJSON:tearDownClass): 202 DELETE http://10.180.1.21/compute/v2.1/os-security-groups/ca5362fa-52f3-4065-87bd-db15e09da85d 0.956s
2025-05-19 16:55:12.377 70042 INFO tempest.lib.common.rest_client [req-c3e1fad4-b533-4d6e-9dbe-6c8bc625f8ab req-c3e1fad4-b533-4d6e-9dbe-6c8bc625f8ab ] Request (ServersListShow2100Test:setUpClass): 201 POST http://10.180.1.21/identity/v3/users 0.071s
2025-05-19 16:55:12.411 70042 INFO tempest.lib.common.rest_client [req-28ee6ca8-dff4-4bef-8593-205de6a798b7 req-28ee6ca8-dff4-4bef-8593-205de6a798b7 ] Request (ServersListShow2100Test:setUpClass): 200 GET http://10.180.1.21/identity/v3/roles 0.034s
2025-05-19 16:55:12.418 70022 INFO tempest.lib.common.rest_client [req-14996bde-cb40-4640-9a8e-05a6cff4c15e req-14996bde-cb40-4640-9a8e-05a6cff4c15e ] Request (VolumesTestJSON:test_volume_list_with_detail_param_limit): 200 GET http://10.180.1.21/compute/v2.1/os-volumes/detail?limit=2 0.965s
2025-05-19 16:55:12.444 70042 INFO tempest.lib.common.rest_client [req-ecca02aa-b28f-4f80-b6c2-9a4a244283cc req-ecca02aa-b28f-4f80-b6c2-9a4a244283cc ] Request (ServersListShow2100Test:setUpClass): 204 PUT http://10.180.1.21/identity/v3/projects/651ce16765df48ac994cdc5f88b72b97/users/15edeaf0ddcc4ed48e629599e12f9e16/roles/d42a2e26c0a6411fbf94d9a4e57001f5 0.031s
