2025-05-19 16:54:38.791 70038 INFO tempest.lib.common.dynamic_creds [-] Dynamic test user 86dcd3669ae449a5a02e386826d926b9 is created with scope project and roles: ['member']
2025-05-19 16:54:38.792 70038 INFO tempest.lib.common.dynamic_creds [-] Acquired dynamic creds: credentials: Credentials: {'domain_id': 'default', 'domain_name': 'Default', 'username': 'tempest-AttachVolumeTestJSON-253039748-project-member', 'project_domain_id': 'default', 'project_domain_name': 'Default', 'project_id': 'f9920568cc3742279112eb96c3cd52c9', 'project_name': 'tempest-AttachVolumeTestJSON-253039748', 'tenant_id': 'f9920568cc3742279112eb96c3cd52c9', 'tenant_name': 'tempest-AttachVolumeTestJSON-253039748', 'user_domain_id': 'default', 'user_domain_name': 'Default', 'user_id': '86dcd3669ae449a5a02e386826d926b9', 'system': None}, Network: None, Subnet: None, Router: None
2025-05-19 16:54:38.866 70038 INFO tempest.lib.common.rest_client [req-b25278b0-f4da-43b4-97df-9a1ec4793557 req-b25278b0-f4da-43b4-97df-9a1ec4793557 ] Request (AttachVolumeTestJSON:setUpClass): 201 POST http://10.180.1.21/identity/v3/auth/tokens 0.074s
2025-05-19 16:54:38.881 70057 INFO tempest.lib.common.rest_client [req-e19afe2b-bdb6-4536-b5a1-580385ece714 req-e19afe2b-bdb6-4536-b5a1-580385ece714 ] Request (ServersTestMultiNic:tearDownClass): 204 DELETE http://10.180.1.21:9696/networking/v2.0/subnets/1d5e3cac-7d36-4d90-856b-e0f48867cea2 1.126s
2025-05-19 16:54:38.909 70034 INFO tempest.lib.common.rest_client [req-7678f975-8522-4a9f-8e5a-7c12052467ed req-7678f975-8522-4a9f-8e5a-7c12052467ed ] Request (QuotasTestJSON:test_get_quotas): 200 GET http://10.180.1.21/compute/v2.1/os-quota-sets/c91adb5696184907acc0569ed6f92e0e?user_id=3ee2ff7b549f4577abfea1a7e7b5bc4e 0.692s
2025-05-19 16:54:38.981 70046 INFO tempest.lib.common.rest_client [req-39db31f3-ac30-4192-98e3-dcb24f5959fd req-39db31f3-ac30-4192-98e3-dcb24f5959fd ] Request (ServicesAdminTestJSON:tearDownClass): 200 GET http://10.180.1.21:9696/networking/v2.0/security-groups?tenant_id=c92558b21c5a4667befd1425b432d983&name=default 1.064s
2025-05-19 16:54:38.988 70036 INFO tempest.lib.common.rest_client [req-36e6f45a-5729-498e-9a30-e566181d7038 req-36e6f45a-5729-498e-9a30-e566181d7038 ] Request (ServersTestFqdnHostnames:setUpClass): 201 POST http://10.180.1.21:9696/networking/v2.0/subnets 1.764s
2025-05-19 16:54:39.014 70034 INFO tempest.lib.common.rest_client [req-8fc8ebb2-f1c7-4afa-9d22-dc8beda0266d req-8fc8ebb2-f1c7-4afa-9d22-dc8beda0266d ] Request (QuotasTestJSON:tearDownClass): 204 DELETE http://10.180.1.21/identity/v3/users/3ee2ff7b549f4577abfea1a7e7b5bc4e 0.093s
2025-05-19 16:54:39.014 70034 INFO tempest.lib.common.dynamic_creds [-] Deleting project and security group for project: c91adb5696184907acc0569ed6f92e0e
2025-05-19 16:54:39.024 70012 INFO tempest.lib.common.rest_client [req-3bfef6f4-bd16-4b7d-b8a5-474a215b04bc req-3bfef6f4-bd16-4b7d-b8a5-474a215b04bc ] Request (ServerActionsV293TestJSON:setUpClass): 201 POST http://10.180.1.21:9696/networking/v2.0/subnets 1.381s
2025-05-19 16:54:39.031 70020 INFO tempest.lib.common.rest_client [req-23a08396-7c03-424b-bdc8-6ab0279d7353 req-23a08396-7c03-424b-bdc8-6ab0279d7353 ] Request (AttachVolumeShelveTestJSON:tearDownClass): 204 DELETE http://10.180.1.21:9696/networking/v2.0/networks/d81e4d2d-7d64-4988-a878-3eb64f4f77fc 2.017s
2025-05-19 16:54:39.096 70034 INFO tempest.lib.common.rest_client [req-f063206b-583e-43f1-b2c4-c475b38a073e req-f063206b-583e-43f1-b2c4-c475b38a073e ] Request (QuotasTestJSON:tearDownClass): 201 POST http://10.180.1.21/identity/v3/auth/tokens 0.082s
2025-05-19 16:54:39.104 70042 INFO tempest.lib.common.rest_client [req-3da1b59c-e534-4aea-af77-91832cc4f533 req-3da1b59c-e534-4aea-af77-91832cc4f533 ] Request (ServerExternalEventsTest:test_create_server_external_events): 204 DELETE http://10.180.1.21/compute/v2.1/servers/2a68137d-7340-4c14-adc6-184e3876eac8 1.017s
2025-05-19 16:54:39.121 70044 INFO tempest.lib.common.rest_client [req-2c1b2674-ca75-4bd0-a100-317b5c549f6d req-2c1b2674-ca75-4bd0-a100-317b5c549f6d ] Request (ServerGroupTestJSON:test_create_delete_server_group_with_anti_affinity_policy): 200 GET http://10.180.1.21/compute/v2.1/os-server-groups 0.798s
2025-05-19 16:54:39.132 70020 INFO tempest.lib.common.rest_client [req-229ee30a-c4a5-44b2-ac25-dcfbc1b83384 req-229ee30a-c4a5-44b2-ac25-dcfbc1b83384 ] Request (AttachVolumeShelveTestJSON:tearDownClass): 204 DELETE http://10.180.1.21/identity/v3/users/d5da52cf8a5242d9b1f24df1e7c733ab 0.100s
2025-05-19 16:54:39.132 70020 INFO tempest.lib.common.dynamic_creds [-] Deleting project and security group for project: ca7a7acc05ea425f87e2a4b27fb529be
2025-05-19 16:54:39.140 70000 INFO tempest.lib.common.rest_client [req-0d1f8f21-67dd-42c4-ba96-629d1f764c15 req-0d1f8f21-67dd-42c4-ba96-629d1f764c15 ] Request (FlavorsAdminTestJSON:test_list_public_flavor_with_other_user): 200 POST http://10.180.1.21/compute/v2.1/flavors 0.775s
2025-05-19 16:54:39.151 70004 INFO tempest.lib.common.rest_client [req-39737a4f-af83-4a17-bd0a-4f84aad71ed8 req-39737a4f-af83-4a17-bd0a-4f84aad71ed8 ] Request (ValidationResourcesFixture:setUp): 201 POST http://10.180.1.21:9696/networking/v2.0/security-group-rules 0.875s
2025-05-19 16:54:39.182 70044 INFO tempest.lib.common.rest_client [req-64982b7f-45f3-442f-84cf-c99db16ea1c4 req-64982b7f-45f3-442f-84cf-c99db16ea1c4 ] Request (ServerGroupTestJSON:test_create_server_with_scheduler_hint_group): 201 POST http://10.180.1.21/identity/v3/auth/tokens 0.055s
2025-05-19 16:54:39.183 70044 INFO tempest.lib.common.fixed_network [-] (ServerGroupTestJSON:test_create_server_with_scheduler_hint_group) Found network {'id': 'c61822a6-0e8f-4b90-8d85-0837726e166d', 'name': 'tempest-ServerGroupTestJSON-1047409565-network', 'tenant_id': '22f260f938ad45b3b262fbe8348efd50', 'admin_state_up': True, 'mtu': 8950, 'status': 'ACTIVE', 'subnets': [], 'shared': False, 'project_id': '22f260f938ad45b3b262fbe8348efd50', 'port_security_enabled': True, 'router:external': False, 'provider:network_type': 'vlan', 'provider:physical_network': 'default', 'provider:segmentation_id': 131, 'availability_zone_hints': [], 'availability_zones': [], 'ipv4_address_scope': None, 'ipv6_address_scope': None, 'description': '', 'tags': [], 'created_at': '2025-05-19T16:54:13Z', 'updated_at': '2025-05-19T16:54:13Z', 'revision_number': 1} available for tenant
2025-05-19 16:54:39.316 70020 INFO tempest.lib.common.rest_client [req-d789dc85-d878-4735-8041-41ea6b453427 req-d789dc85-d878-4735-8041-41ea6b453427 ] Request (AttachVolumeShelveTestJSON:tearDownClass): 200 GET http://10.180.1.21:9696/networking/v2.0/security-groups?tenant_id=ca7a7acc05ea425f87e2a4b27fb529be&name=default 0.183s
2025-05-19 16:54:39.474 70040 INFO tempest.lib.common.rest_client [req-354b97d7-65fd-4f6f-88bc-b42fc0a57be4 req-354b97d7-65fd-4f6f-88bc-b42fc0a57be4 ] Request (TestVersions:tearDownClass): 200 GET http://10.180.1.21:9696/networking/v2.0/security-groups?tenant_id=cdefc983be9048edbe2875203564ba97&name=default 0.915s
2025-05-19 16:54:39.486 70018 INFO tempest.lib.common.rest_client [req-24422934-8144-49f4-92b2-3ae0ba2d21dc req-24422934-8144-49f4-92b2-3ae0ba2d21dc ] Request (ServerAddressesTestJSON:setUpClass): 204 DELETE http://10.180.1.21/compute/v2.1/servers/1672d492-c4a7-45ab-b3e1-45ce99f7e90d 0.906s
2025-05-19 16:54:39.500 70014 INFO tempest.lib.common.rest_client [req-098c5c1b-004c-4a87-8d81-d0caed967ef1 req-098c5c1b-004c-4a87-8d81-d0caed967ef1 ] Request (AttachInterfacesTestJSON:_run_cleanups): 202 DELETE http://10.180.1.21/compute/v2.1/os-keypairs/tempest-keypair-1681345171 0.901s
2025-05-19 16:54:39.655 70002 INFO tempest.lib.common.rest_client [req-7bd3140f-c84b-45ef-8064-d249bea8b1f7 req-7bd3140f-c84b-45ef-8064-d249bea8b1f7 ] Request (ImagesTestJSON:test_delete_saving_image): 200 GET http://10.180.1.21/compute/v2.1/servers/01623546-f5b3-4e18-bd07-4ee68d444fdd 1.004s
2025-05-19 16:54:39.678 70042 INFO tempest.lib.common.rest_client [req-d115dd8e-469e-4a77-9bda-be1051d79cf9 req-d115dd8e-469e-4a77-9bda-be1051d79cf9 ] Request (ServerExternalEventsTest:test_create_server_external_events): 404 GET http://10.180.1.21/compute/v2.1/servers/2a68137d-7340-4c14-adc6-184e3876eac8 0.573s
2025-05-19 16:54:39.696 70046 INFO tempest.lib.common.rest_client [req-a04f0c51-7604-4f5c-a185-03464306911d req-a04f0c51-7604-4f5c-a185-03464306911d ] Request (ServicesAdminTestJSON:tearDownClass): 204 DELETE http://10.180.1.21:9696/networking/v2.0/security-groups/d17b979f-bda0-4112-902d-d9dff9b46b7b 0.715s
2025-05-19 16:54:39.704 70000 INFO tempest.lib.common.rest_client [req-8439e84b-6ba7-4350-ad4b-f92715baccb1 req-8439e84b-6ba7-4350-ad4b-f92715baccb1 ] Request (FlavorsAdminTestJSON:test_list_public_flavor_with_other_user): 200 GET http://10.180.1.21/compute/v2.1/flavors/detail 0.559s
2025-05-19 16:54:39.717 70050 INFO tempest.lib.common.rest_client [req-20902055-4123-457e-bf0d-f4b229a20875 req-20902055-4123-457e-bf0d-f4b229a20875 ] Request (SecurityGroupsTestJSON:test_security_groups_create_list_delete): 202 DELETE http://10.180.1.21/compute/v2.1/os-security-groups/88854e42-a064-4909-923a-20d543bee5a2 1.428s
2025-05-19 16:54:39.753 70018 INFO tempest.lib.common.rest_client [req-749425f3-946f-49a1-943e-ac0f035cca61 req-749425f3-946f-49a1-943e-ac0f035cca61 ] Request (ServerAddressesTestJSON:setUpClass): 404 GET http://10.180.1.21/compute/v2.1/servers/1672d492-c4a7-45ab-b3e1-45ce99f7e90d 0.266s
2025-05-19 16:54:39.753 70018 INFO tempest.test [-] raised in ServerAddressesTestJSON.setUpClass. Invoking tearDownClass.
2025-05-19 16:54:39.780 70000 INFO tempest.lib.common.rest_client [req-d389ba73-29da-418b-8da8-d60e5445d7ff req-d389ba73-29da-418b-8da8-d60e5445d7ff ] Request (FlavorsAdminTestJSON:_run_cleanups): 202 DELETE http://10.180.1.21/compute/v2.1/flavors/1288015363 0.070s
2025-05-19 16:54:39.832 70042 INFO tempest.lib.common.rest_client [req-a4eb3193-e5bc-48b8-9d5c-5915ea187c0f req-a4eb3193-e5bc-48b8-9d5c-5915ea187c0f ] Request (ServerExternalEventsTest:tearDownClass): 204 DELETE http://10.180.1.21/identity/v3/users/2f2622658edc4572885e369a2127165b 0.145s
2025-05-19 16:54:39.834 70046 INFO tempest.lib.common.rest_client [req-26882a35-baff-48d3-be25-359e02d5347c req-26882a35-baff-48d3-be25-359e02d5347c ] Request (ServicesAdminTestJSON:tearDownClass): 204 DELETE http://10.180.1.21/identity/v3/projects/c92558b21c5a4667befd1425b432d983 0.137s
2025-05-19 16:54:39.834 70046 INFO tempest.lib.common.dynamic_creds [-] Deleting project and security group for project: 95fa881e3f9448d589f843a459d948e0
2025-05-19 16:54:39.902 70006 INFO tempest.lib.common.rest_client [req-b8e1df0a-16f7-4484-80de-5e96d68188db req-b8e1df0a-16f7-4484-80de-5e96d68188db ] Request (ServerActionsTestOtherB:setUpClass): 201 POST http://10.180.1.21:9696/networking/v2.0/subnets 1.687s
2025-05-19 16:54:39.929 70050 INFO tempest.lib.common.rest_client [req-1a71b966-eb48-4dfc-be61-870ca942a1b4 req-1a71b966-eb48-4dfc-be61-870ca942a1b4 ] Request (SecurityGroupsTestJSON:test_security_groups_create_list_delete): 404 GET http://10.180.1.21/compute/v2.1/os-security-groups/88854e42-a064-4909-923a-20d543bee5a2 0.212s
2025-05-19 16:54:39.947 70042 INFO tempest.lib.common.rest_client [req-17440b92-68b5-48e4-b7ec-328b00b2d38d req-17440b92-68b5-48e4-b7ec-328b00b2d38d ] Request (ServerExternalEventsTest:tearDownClass): 204 DELETE http://10.180.1.21/identity/v3/users/8fb7ae44751f4dab9ecfba542a0cf3e5 0.115s
2025-05-19 16:54:39.960 70000 INFO tempest.lib.common.rest_client [req-ed467c8e-c3f6-4a5f-966d-3311a2b9e05b req-ed467c8e-c3f6-4a5f-966d-3311a2b9e05b ] Request (FlavorsAdminTestJSON:_run_cleanups): 200 GET http://10.180.1.21/compute/v2.1/flavors/detail 0.179s
2025-05-19 16:54:40.080 70000 INFO tempest.lib.common.rest_client [req-0b7d16a9-db38-4a7b-929d-c41c36cb126b req-0b7d16a9-db38-4a7b-929d-c41c36cb126b ] Request (FlavorsAdminTestJSON:tearDownClass): 204 DELETE http://10.180.1.21/identity/v3/users/a622979901eb48c0b28c724feaaf7110 0.107s
2025-05-19 16:54:40.086 70042 INFO tempest.lib.common.rest_client [req-817f5b00-0ac1-40c5-b5ae-cdbd7abd3d3f req-817f5b00-0ac1-40c5-b5ae-cdbd7abd3d3f ] Request (ServerExternalEventsTest:tearDownClass): 204 DELETE http://10.180.1.21/identity/v3/users/1864b41b65a947c091624a166b3b2de0 0.139s
2025-05-19 16:54:40.086 70042 INFO tempest.lib.common.dynamic_creds [-] Deleting project and security group for project: d03b20befb6240538b4bbedbcdcf1bd6
2025-05-19 16:54:40.157 70042 INFO tempest.lib.common.rest_client [req-0d826379-bdca-4890-9062-5006ddf2dd89 req-0d826379-bdca-4890-9062-5006ddf2dd89 ] Request (ServerExternalEventsTest:tearDownClass): 201 POST http://10.180.1.21/identity/v3/auth/tokens 0.070s
2025-05-19 16:54:40.164 70040 INFO tempest.lib.common.rest_client [req-8c8e8ec0-bb4c-429b-9fb2-5f4a09080218 req-8c8e8ec0-bb4c-429b-9fb2-5f4a09080218 ] Request (TestVersions:tearDownClass): 204 DELETE http://10.180.1.21:9696/networking/v2.0/security-groups/d0942e41-b9bf-4eaa-8ff5-b64e93aef136 0.689s
2025-05-19 16:54:40.195 70014 INFO tempest.lib.common.rest_client [req-48c4f80f-cd4e-41e4-89ad-462604b7b2fb req-48c4f80f-cd4e-41e4-89ad-462604b7b2fb ] Request (AttachInterfacesTestJSON:_run_cleanups): 204 DELETE http://10.180.1.21:9696/networking/v2.0/security-groups/a557fc92-0ad9-4ae9-bb39-0b8b8e2d3a05 0.694s
2025-05-19 16:54:40.236 69998 INFO tempest.lib.common.rest_client [req-9df7ab97-e28a-4a8f-a9f8-3eab274fc8de req-9df7ab97-e28a-4a8f-a9f8-3eab274fc8de ] Request (InstanceActionsNegativeTestJSON:setUpClass): 201 POST http://10.180.1.21:9696/networking/v2.0/subnets 1.517s
2025-05-19 16:54:40.236 70000 INFO tempest.lib.common.rest_client [req-cc0faafe-1159-47c3-8fd8-9668c5f950d9 req-cc0faafe-1159-47c3-8fd8-9668c5f950d9 ] Request (FlavorsAdminTestJSON:tearDownClass): 204 DELETE http://10.180.1.21/identity/v3/users/c6dea044db154b929babf5a3a1e43ac9 0.156s
2025-05-19 16:54:40.237 70000 INFO tempest.lib.common.dynamic_creds [-] Deleting project and security group for project: 69c510665f844831ad4adb6203b1fa71
2025-05-19 16:54:40.239 70040 INFO tempest.lib.common.rest_client [req-ad1551dd-9045-4dbd-b589-f2c0a4a5d4f5 req-ad1551dd-9045-4dbd-b589-f2c0a4a5d4f5 ] Request (TestVersions:tearDownClass): 204 DELETE http://10.180.1.21/identity/v3/projects/cdefc983be9048edbe2875203564ba97 0.074s
2025-05-19 16:54:40.266 70014 INFO tempest.lib.common.rest_client [req-dd423b86-c263-4154-88c8-a50f9987cca1 req-dd423b86-c263-4154-88c8-a50f9987cca1 ] Request (AttachInterfacesTestJSON:_run_cleanups): 404 GET http://10.180.1.21:9696/networking/v2.0/security-groups/a557fc92-0ad9-4ae9-bb39-0b8b8e2d3a05 0.069s
2025-05-19 16:54:40.318 70000 INFO tempest.lib.common.rest_client [req-354219e7-07c0-449b-873a-8497e319a7cc req-354219e7-07c0-449b-873a-8497e319a7cc ] Request (FlavorsAdminTestJSON:tearDownClass): 201 POST http://10.180.1.21/identity/v3/auth/tokens 0.081s
2025-05-19 16:54:40.376 70038 INFO tempest.lib.common.rest_client [req-23142c76-a4e4-42b3-8ae7-d0d6c834e48e req-23142c76-a4e4-42b3-8ae7-d0d6c834e48e ] Request (AttachVolumeTestJSON:setUpClass): 201 POST http://10.180.1.21:9696/networking/v2.0/networks 1.508s
2025-05-19 16:54:40.414 70020 INFO tempest.lib.common.rest_client [req-dcb8fec1-65a4-4776-87c6-df7fb5e99f5f req-dcb8fec1-65a4-4776-87c6-df7fb5e99f5f ] Request (AttachVolumeShelveTestJSON:tearDownClass): 204 DELETE http://10.180.1.21:9696/networking/v2.0/security-groups/6ad111f5-25f5-440d-843b-b2ca835cbafc 1.098s
2025-05-19 16:54:40.467 70020 INFO tempest.lib.common.rest_client [req-86789f57-4d44-4aa1-a785-3a59404ffe01 req-86789f57-4d44-4aa1-a785-3a59404ffe01 ] Request (AttachVolumeShelveTestJSON:tearDownClass): 204 DELETE http://10.180.1.21/identity/v3/projects/ca7a7acc05ea425f87e2a4b27fb529be 0.052s
2025-05-19 16:54:40.474 70034 INFO tempest.lib.common.rest_client [req-3c20252f-df52-4375-9113-f8af536e7b95 req-3c20252f-df52-4375-9113-f8af536e7b95 ] Request (QuotasTestJSON:tearDownClass): 200 GET http://10.180.1.21:9696/networking/v2.0/security-groups?tenant_id=c91adb5696184907acc0569ed6f92e0e&name=default 1.377s
2025-05-19 16:54:40.845 70016 INFO tempest.lib.common.rest_client [req-64c05ecc-5182-4225-a0e8-17998845a2bf req-64c05ecc-5182-4225-a0e8-17998845a2bf ] Request (ImagesNegativeTestJSON:tearDownClass): 200 PUT http://10.180.1.21:9696/networking/v2.0/routers/a50f5d66-3a52-422c-bcce-f46b78044eba/remove_router_interface 4.794s
2025-05-19 16:54:40.970 70050 INFO tempest.lib.common.rest_client [req-3ce39ee4-72ce-44c8-b3f4-c9dbe68d3f41 req-3ce39ee4-72ce-44c8-b3f4-c9dbe68d3f41 ] Request (SecurityGroupsTestJSON:test_security_groups_create_list_delete): 200 GET http://10.180.1.21/compute/v2.1/os-security-groups 1.040s
2025-05-19 16:54:40.982 70026 INFO tempest.lib.common.rest_client [req-1f6d450a-6a4b-4767-b6ba-29a99cc5c934 req-1f6d450a-6a4b-4767-b6ba-29a99cc5c934 ] Request (ServersTestJSON:setUpClass): 201 POST http://10.180.1.21:9696/networking/v2.0/routers 4.744s
2025-05-19 16:54:41.098 70042 INFO tempest.lib.common.rest_client [req-9cfff9be-3ff3-4476-8f4b-7e73d8d96a2d req-9cfff9be-3ff3-4476-8f4b-7e73d8d96a2d ] Request (ServerExternalEventsTest:tearDownClass): 200 GET http://10.180.1.21:9696/networking/v2.0/security-groups?tenant_id=d03b20befb6240538b4bbedbcdcf1bd6&name=default 0.939s
2025-05-19 16:54:41.121 70000 INFO tempest.lib.common.rest_client [req-e5888839-8b3f-4705-93e2-0862898c713e req-e5888839-8b3f-4705-93e2-0862898c713e ] Request (FlavorsAdminTestJSON:tearDownClass): 200 GET http://10.180.1.21:9696/networking/v2.0/security-groups?tenant_id=69c510665f844831ad4adb6203b1fa71&name=default 0.803s
2025-05-19 16:54:41.152 70034 INFO tempest.lib.common.rest_client [req-c2abfa09-6f71-4e12-8195-d61aaba00fd9 req-c2abfa09-6f71-4e12-8195-d61aaba00fd9 ] Request (QuotasTestJSON:tearDownClass): 204 DELETE http://10.180.1.21:9696/networking/v2.0/security-groups/5c59074f-6eb5-4e4d-9b85-fb77a4333b33 0.677s
2025-05-19 16:54:41.176 70002 INFO tempest.lib.common.rest_client [req-dcb1e26f-b486-4aea-bd61-cb7dcee83288 req-dcb1e26f-b486-4aea-bd61-cb7dcee83288 ] Request (ImagesTestJSON:test_delete_saving_image): 200 GET http://10.180.1.21/compute/v2.1/servers/01623546-f5b3-4e18-bd07-4ee68d444fdd 0.511s
2025-05-19 16:54:41.194 70046 INFO tempest.lib.common.rest_client [req-4e71c1a5-4187-4a09-a331-8246f289cdcc req-4e71c1a5-4187-4a09-a331-8246f289cdcc ] Request (ServicesAdminTestJSON:tearDownClass): 200 GET http://10.180.1.21:9696/networking/v2.0/security-groups?tenant_id=95fa881e3f9448d589f843a459d948e0&name=default 1.360s
2025-05-19 16:54:41.279 70034 INFO tempest.lib.common.rest_client [req-bc2326f6-9aa4-40a7-8ef0-6684afd6d5b7 req-bc2326f6-9aa4-40a7-8ef0-6684afd6d5b7 ] Request (QuotasTestJSON:tearDownClass): 204 DELETE http://10.180.1.21/identity/v3/projects/c91adb5696184907acc0569ed6f92e0e 0.126s
2025-05-19 16:54:41.515 70057 INFO tempest.lib.common.rest_client [req-a6e37cfa-de34-4db1-bd29-551932b214f6 req-a6e37cfa-de34-4db1-bd29-551932b214f6 ] Request (ServersTestMultiNic:tearDownClass): 204 DELETE http://10.180.1.21:9696/networking/v2.0/networks/73748057-7d4f-450e-92b9-c338cd67a0aa 2.634s
2025-05-19 16:54:41.623 70057 INFO tempest.lib.common.rest_client [req-b5713ac8-17eb-464e-b3f6-6c4f1812fcbd req-b5713ac8-17eb-464e-b3f6-6c4f1812fcbd ] Request (ServersTestMultiNic:tearDownClass): 204 DELETE http://10.180.1.21/identity/v3/users/c183aae7254043fdb408a298ea390677 0.107s
2025-05-19 16:54:41.623 70057 INFO tempest.lib.common.dynamic_creds [-] Deleting project and security group for project: 0c8231320c8e43c9bc484493f711cc64
2025-05-19 16:54:41.789 70057 INFO tempest.lib.common.rest_client [req-e078d913-c87c-44d8-8993-faa1a6f1d0f5 req-e078d913-c87c-44d8-8993-faa1a6f1d0f5 ] Request (ServersTestMultiNic:tearDownClass): 200 GET http://10.180.1.21:9696/networking/v2.0/security-groups?tenant_id=0c8231320c8e43c9bc484493f711cc64&name=default 0.165s
2025-05-19 16:54:41.808 70014 INFO tempest.lib.common.rest_client [req-f9d333b2-007e-48de-83da-d5807f1f1ec0 req-f9d333b2-007e-48de-83da-d5807f1f1ec0 ] Request (AttachInterfacesTestJSON:_run_cleanups): 204 DELETE http://10.180.1.21:9696/networking/v2.0/floatingips/70a09abf-e91c-4103-bb46-012ce38994fd 1.542s
2025-05-19 16:54:41.846 70046 INFO tempest.lib.common.rest_client [req-15059be2-5320-4fdc-98ca-89d6ec1353d2 req-15059be2-5320-4fdc-98ca-89d6ec1353d2 ] Request (ServicesAdminTestJSON:tearDownClass): 204 DELETE http://10.180.1.21:9696/networking/v2.0/security-groups/bd99da81-7f2e-42fd-a3a3-e108721f437c 0.651s
2025-05-19 16:54:41.868 69994 INFO tempest.lib.common.rest_client [req-76c82492-8bdd-4af8-bd4e-fc1f00e701db req-76c82492-8bdd-4af8-bd4e-fc1f00e701db ] Request (ServerRescueNegativeTestJSON:tearDownClass): 200 PUT http://10.180.1.21:9696/networking/v2.0/routers/aa737e96-5545-48c0-b5c1-36d870783e1d/remove_router_interface 5.194s
2025-05-19 16:54:41.965 70046 INFO tempest.lib.common.rest_client [req-05f89281-894e-49b1-90f7-11c6fc86b195 req-05f89281-894e-49b1-90f7-11c6fc86b195 ] Request (ServicesAdminTestJSON:tearDownClass): 204 DELETE http://10.180.1.21/identity/v3/projects/95fa881e3f9448d589f843a459d948e0 0.119s
2025-05-19 16:54:41.966 70046 INFO tempest.test [-] raised in UpdateMultiattachVolumeNegativeTest.setUpClass. Invoking tearDownClass.
2025-05-19 16:54:42.021 70024 INFO tempest.lib.common.rest_client [req-708586e7-13b7-41ea-96aa-1b42653ef3a9 req-708586e7-13b7-41ea-96aa-1b42653ef3a9 ] Request (SecurityGroupRulesTestJSON:setUpClass): 200 PUT http://10.180.1.21:9696/networking/v2.0/routers/bec0ecef-3a94-484b-90ce-a0b37dfbf8d2/add_router_interface 6.078s
2025-05-19 16:54:42.022 70024 INFO tempest.lib.common.dynamic_creds [-] Created isolated network resources for: credentials: Credentials: {'domain_id': 'default', 'domain_name': 'Default', 'username': 'tempest-SecurityGroupRulesTestJSON-1307972211-project-member', 'project_domain_id': 'default', 'project_domain_name': 'Default', 'project_id': '4e7e4ee855e742fba8bb600ce653c0c6', 'project_name': 'tempest-SecurityGroupRulesTestJSON-1307972211', 'tenant_id': '4e7e4ee855e742fba8bb600ce653c0c6', 'tenant_name': 'tempest-SecurityGroupRulesTestJSON-1307972211', 'user_domain_id': 'default', 'user_domain_name': 'Default', 'user_id': '1b8b9571afbc499fb81016ef364ca61e', 'system': None}, Network: {'id': '66f06d25-d787-4e08-81b0-727102a6855e', 'name': 'tempest-SecurityGroupRulesTestJSON-685131976-network', 'tenant_id': '4e7e4ee855e742fba8bb600ce653c0c6', 'admin_state_up': True, 'mtu': 8950, 'status': 'ACTIVE', 'subnets': [], 'shared': False, 'project_id': '4e7e4ee855e742fba8bb600ce653c0c6', 'port_security_enabled': True, 'router:external': False, 'provider:network_type': 'vlan', 'provider:physical_network': 'default', 'provider:segmentation_id': 992, 'availability_zone_hints': [], 'availability_zones': [], 'ipv4_address_scope': None, 'ipv6_address_scope': None, 'description': '', 'tags': [], 'created_at': '2025-05-19T16:54:32Z', 'updated_at': '2025-05-19T16:54:32Z', 'revision_number': 1}, Subnet: {'id': '11a6d22b-0905-4527-bbe3-585e1aa5a33a', 'name': 'tempest-SecurityGroupRulesTestJSON-685131976-subnet', 'tenant_id': '4e7e4ee855e742fba8bb600ce653c0c6', 'network_id': '66f06d25-d787-4e08-81b0-727102a6855e', 'ip_version': 4, 'subnetpool_id': None, 'enable_dhcp': True, 'ipv6_ra_mode': None, 'ipv6_address_mode': None, 'gateway_ip': '192.168.128.1', 'cidr': '192.168.128.0/28', 'allocation_pools': [{'start': '192.168.128.2', 'end': '192.168.128.14'}], 'host_routes': [], 'dns_nameservers': [], 'description': '', 'router:external': False, 'service_types': [], 'tags': [], 'created_at': '2025-05-19T16:54:32Z', 'updated_at': '2025-05-19T16:54:32Z', 'revision_number': 0, 'project_id': '4e7e4ee855e742fba8bb600ce653c0c6'}, Router: {'id': 'bec0ecef-3a94-484b-90ce-a0b37dfbf8d2', 'name': 'tempest-SecurityGroupRulesTestJSON-685131976-router', 'tenant_id': '4e7e4ee855e742fba8bb600ce653c0c6', 'admin_state_up': True, 'status': 'ACTIVE', 'external_gateway_info': {'network_id': 'f17beb75-fd22-4b87-af63-ab49fc2d9df3', 'external_fixed_ips': [{'subnet_id': '1e3f3e8b-3774-4790-b737-4b1303624583', 'ip_address': '10.180.180.215'}], 'enable_snat': True}, 'description': '', 'availability_zones': [], 'distributed': False, 'ha': False, 'availability_zone_hints': [], 'routes': [], 'flavor_id': None, 'tags': [], 'created_at': '2025-05-19T16:54:33Z', 'updated_at': '2025-05-19T16:54:34Z', 'revision_number': 2, 'project_id': '4e7e4ee855e742fba8bb600ce653c0c6'}
2025-05-19 16:54:42.065 70000 INFO tempest.lib.common.rest_client [req-b80f2b10-f2cf-46f0-b5e7-7727ff7e211f req-b80f2b10-f2cf-46f0-b5e7-7727ff7e211f ] Request (FlavorsAdminTestJSON:tearDownClass): 204 DELETE http://10.180.1.21:9696/networking/v2.0/security-groups/fba01b99-5948-40be-b65a-f003e750fcc8 0.943s
2025-05-19 16:54:42.105 70042 INFO tempest.lib.common.rest_client [req-bac9bcaf-aa67-4f89-9967-0e8a053bbcdf req-bac9bcaf-aa67-4f89-9967-0e8a053bbcdf ] Request (ServerExternalEventsTest:tearDownClass): 204 DELETE http://10.180.1.21:9696/networking/v2.0/security-groups/8f13cb6c-ad91-4059-bff1-ebd0cf74ca13 1.006s
2025-05-19 16:54:42.117 70024 INFO tempest.lib.common.rest_client [req-385290c0-1455-4752-a6b8-db7fb8d8c1d6 req-385290c0-1455-4752-a6b8-db7fb8d8c1d6 ] Request (SecurityGroupRulesTestJSON:setUpClass): 201 POST http://10.180.1.21/identity/v3/auth/tokens 0.091s
2025-05-19 16:54:42.189 70000 INFO tempest.lib.common.rest_client [req-d007843e-7e3e-496a-9a1f-1089a04c71b1 req-d007843e-7e3e-496a-9a1f-1089a04c71b1 ] Request (FlavorsAdminTestJSON:tearDownClass): 204 DELETE http://10.180.1.21/identity/v3/projects/69c510665f844831ad4adb6203b1fa71 0.124s
2025-05-19 16:54:42.190 70000 INFO tempest.lib.common.dynamic_creds [-] Deleting project and security group for project: 9d3b8b115813452f9c83e59aea419391
2025-05-19 16:54:42.223 70044 INFO tempest.lib.common.rest_client [req-23037d12-7fa6-4b4e-a332-b7b4bdfe749a req-23037d12-7fa6-4b4e-a332-b7b4bdfe749a ] Request (ServerGroupTestJSON:test_create_server_with_scheduler_hint_group): 202 POST http://10.180.1.21/compute/v2.1/servers 3.039s
2025-05-19 16:54:42.274 70042 INFO tempest.lib.common.rest_client [req-edfe28a2-a3e5-46c5-91a9-c94ae38ecd0e req-edfe28a2-a3e5-46c5-91a9-c94ae38ecd0e ] Request (ServerExternalEventsTest:tearDownClass): 204 DELETE http://10.180.1.21/identity/v3/projects/d03b20befb6240538b4bbedbcdcf1bd6 0.168s
2025-05-19 16:54:42.274 70042 INFO tempest.lib.common.dynamic_creds [-] Deleting project and security group for project: 4500e5155aae48f7842db65f18ea7778
2025-05-19 16:54:42.426 70050 INFO tempest.lib.common.rest_client [req-34e09b37-3409-411f-bf61-a95f28bcb27d req-34e09b37-3409-411f-bf61-a95f28bcb27d ] Request (SecurityGroupsTestJSON:test_server_security_groups): 200 POST http://10.180.1.21/compute/v2.1/os-security-groups 1.448s
2025-05-19 16:54:42.500 70038 INFO tempest.lib.common.rest_client [req-17055cb3-5e09-457f-9ece-d873bf899781 req-17055cb3-5e09-457f-9ece-d873bf899781 ] Request (AttachVolumeTestJSON:setUpClass): 201 POST http://10.180.1.21:9696/networking/v2.0/subnets 2.123s
2025-05-19 16:54:42.564 70002 INFO tempest.lib.common.rest_client [req-85da8fef-6ee9-495d-810c-c7d134bf9d6f req-85da8fef-6ee9-495d-810c-c7d134bf9d6f ] Request (ImagesTestJSON:test_delete_saving_image): 204 DELETE http://10.180.1.21/compute/v2.1/servers/01623546-f5b3-4e18-bd07-4ee68d444fdd 1.380s
2025-05-19 16:54:42.704 70044 INFO tempest.lib.common.rest_client [req-aab53780-375a-46b8-a9d6-fd210723fdec req-aab53780-375a-46b8-a9d6-fd210723fdec ] Request (ServerGroupTestJSON:test_create_server_with_scheduler_hint_group): 200 GET http://10.180.1.21/compute/v2.1/servers/d64e6ac9-be57-4735-b454-d05c3b8a4dc7 0.479s
2025-05-19 16:54:42.713 70000 INFO tempest.lib.common.rest_client [req-016db959-7010-4d69-b371-dc1b0586333a req-016db959-7010-4d69-b371-dc1b0586333a ] Request (FlavorsAdminTestJSON:tearDownClass): 200 GET http://10.180.1.21:9696/networking/v2.0/security-groups?tenant_id=9d3b8b115813452f9c83e59aea419391&name=default 0.523s
2025-05-19 16:54:42.718 70057 INFO tempest.lib.common.rest_client [req-e8ac2088-2d21-4472-ab9d-820e4869f485 req-e8ac2088-2d21-4472-ab9d-820e4869f485 ] Request (ServersTestMultiNic:tearDownClass): 204 DELETE http://10.180.1.21:9696/networking/v2.0/security-groups/95da28dd-4ab5-4e58-bc56-33a4ebf9f5e5 0.928s
2025-05-19 16:54:42.870 70057 INFO tempest.lib.common.rest_client [req-34159f33-d0c1-439b-804d-b0544ccb0e93 req-34159f33-d0c1-439b-804d-b0544ccb0e93 ] Request (ServersTestMultiNic:tearDownClass): 204 DELETE http://10.180.1.21/identity/v3/projects/0c8231320c8e43c9bc484493f711cc64 0.152s
2025-05-19 16:54:42.952 70057 INFO tempest.lib.common.rest_client [req-1d1a8a2a-2b01-44fc-87d7-b8265bb1bab3 req-1d1a8a2a-2b01-44fc-87d7-b8265bb1bab3 ] Request (ServersAaction247Test:setUpClass): 201 POST http://10.180.1.21/identity/v3/auth/tokens 0.080s
2025-05-19 16:54:42.992 70042 INFO tempest.lib.common.rest_client [req-d595fd93-06f9-4023-ba91-81ad2867f003 req-d595fd93-06f9-4023-ba91-81ad2867f003 ] Request (ServerExternalEventsTest:tearDownClass): 200 GET http://10.180.1.21:9696/networking/v2.0/security-groups?tenant_id=4500e5155aae48f7842db65f18ea7778&name=default 0.718s
2025-05-19 16:54:42.996 70057 INFO tempest.lib.common.rest_client [req-b616c21a-268b-4ae4-922f-a7f305f34a37 req-b616c21a-268b-4ae4-922f-a7f305f34a37 ] Request (ServersAaction247Test:setUpClass): 201 POST http://10.180.1.21/identity/v3/auth/tokens 0.039s
2025-05-19 16:54:43.028 70057 INFO tempest.lib.common.rest_client [req-726c3d57-8e22-44e1-9239-a2d8e380e8a6 req-726c3d57-8e22-44e1-9239-a2d8e380e8a6 ] Request (ServersAaction247Test:setUpClass): 200 GET http://10.180.1.21/identity/v3/domains?name=Default 0.028s
2025-05-19 16:54:43.076 70057 INFO tempest.lib.common.rest_client [req-bd874226-82b6-441a-9374-8a5a6f557b1a req-bd874226-82b6-441a-9374-8a5a6f557b1a ] Request (ServersAaction247Test:setUpClass): 201 POST http://10.180.1.21/identity/v3/projects 0.047s
2025-05-19 16:54:43.144 70057 INFO tempest.lib.common.rest_client [req-02d9b4d4-db5d-44fc-ada9-bb76c7c6ba66 req-02d9b4d4-db5d-44fc-ada9-bb76c7c6ba66 ] Request (ServersAaction247Test:setUpClass): 201 POST http://10.180.1.21/identity/v3/users 0.067s
2025-05-19 16:54:43.169 70057 INFO tempest.lib.common.rest_client [req-99bf25f4-9ff6-4e14-bfa7-5d40d78af829 req-99bf25f4-9ff6-4e14-bfa7-5d40d78af829 ] Request (ServersAaction247Test:setUpClass): 200 GET http://10.180.1.21/identity/v3/roles 0.024s
2025-05-19 16:54:43.196 70057 INFO tempest.lib.common.rest_client [req-6413e5ea-0b8f-4a6c-b0e8-04b3891af434 req-6413e5ea-0b8f-4a6c-b0e8-04b3891af434 ] Request (ServersAaction247Test:setUpClass): 204 PUT http://10.180.1.21/identity/v3/projects/7523ae07da4e4e57a16e64abd9b5df4b/users/376c372a19f24c42a9a33dbcb9a8d67d/roles/d42a2e26c0a6411fbf94d9a4e57001f5 0.026s
2025-05-19 16:54:43.196 70057 INFO tempest.lib.common.dynamic_creds [-] Dynamic test user 376c372a19f24c42a9a33dbcb9a8d67d is created with scope project and roles: ['member']
2025-05-19 16:54:43.196 70057 INFO tempest.lib.common.dynamic_creds [-] Acquired dynamic creds: credentials: Credentials: {'domain_id': 'default', 'domain_name': 'Default', 'username': 'tempest-ServersAaction247Test-276452846-project-member', 'project_domain_id': 'default', 'project_domain_name': 'Default', 'project_id': '7523ae07da4e4e57a16e64abd9b5df4b', 'project_name': 'tempest-ServersAaction247Test-276452846', 'tenant_id': '7523ae07da4e4e57a16e64abd9b5df4b', 'tenant_name': 'tempest-ServersAaction247Test-276452846', 'user_domain_id': 'default', 'user_domain_name': 'Default', 'user_id': '376c372a19f24c42a9a33dbcb9a8d67d', 'system': None}, Network: None, Subnet: None, Router: None
2025-05-19 16:54:43.196 70057 INFO tempest.lib.common.dynamic_creds [-] Created isolated network resources for: credentials: Credentials: {'domain_id': 'default', 'domain_name': 'Default', 'username': 'tempest-ServersAaction247Test-276452846-project-member', 'project_domain_id': 'default', 'project_domain_name': 'Default', 'project_id': '7523ae07da4e4e57a16e64abd9b5df4b', 'project_name': 'tempest-ServersAaction247Test-276452846', 'tenant_id': '7523ae07da4e4e57a16e64abd9b5df4b', 'tenant_name': 'tempest-ServersAaction247Test-276452846', 'user_domain_id': 'default', 'user_domain_name': 'Default', 'user_id': '376c372a19f24c42a9a33dbcb9a8d67d', 'system': None}, Network: None, Subnet: None, Router: None
2025-05-19 16:54:43.275 70057 INFO tempest.lib.common.rest_client [req-3fc4414e-0bbc-488f-871d-c231d5d55497 req-3fc4414e-0bbc-488f-871d-c231d5d55497 ] Request (ServersAaction247Test:setUpClass): 201 POST http://10.180.1.21/identity/v3/auth/tokens 0.075s
2025-05-19 16:54:43.279 70028 INFO tempest.lib.common.rest_client [req-d27c3218-e021-4583-8b9c-d54243a9a59b req-d27c3218-e021-4583-8b9c-d54243a9a59b ] Request (ServerActionsTestOtherA:tearDownClass): 200 PUT http://10.180.1.21:9696/networking/v2.0/routers/63b383f3-2c32-4eca-ad7f-aec6beeb1404/remove_router_interface 4.719s
2025-05-19 16:54:43.304 70057 INFO tempest.lib.common.rest_client [req-92aa800f-286c-4fcc-a83f-9130b5cb754d req-92aa800f-286c-4fcc-a83f-9130b5cb754d ] Request (ServersAaction247Test:test_create_backup): 201 POST http://10.180.1.21/identity/v3/auth/tokens 0.025s
2025-05-19 16:54:43.304 70057 INFO tempest.lib.common.fixed_network [-] (ServersAaction247Test:test_create_backup) Found network None available for tenant
2025-05-19 16:54:43.396 70000 INFO tempest.lib.common.rest_client [req-e3d6da43-dcef-400e-be9e-63f5e0da0a99 req-e3d6da43-dcef-400e-be9e-63f5e0da0a99 ] Request (FlavorsAdminTestJSON:tearDownClass): 204 DELETE http://10.180.1.21:9696/networking/v2.0/security-groups/c7cc0145-b6dd-49b8-9d1c-18fc259392b3 0.682s
2025-05-19 16:54:43.494 70000 INFO tempest.lib.common.rest_client [req-8a125281-4603-4541-a197-f5b786a4a338 req-8a125281-4603-4541-a197-f5b786a4a338 ] Request (FlavorsAdminTestJSON:tearDownClass): 204 DELETE http://10.180.1.21/identity/v3/projects/9d3b8b115813452f9c83e59aea419391 0.097s
2025-05-19 16:54:43.516 70022 INFO tempest.lib.common.rest_client [req-6626c3a9-5cee-4fd6-b258-a4b686b21889 req-6626c3a9-5cee-4fd6-b258-a4b686b21889 ] Request (ServersNegativeTestJSON:setUpClass): 200 PUT http://10.180.1.21:9696/networking/v2.0/routers/5338bce8-143e-4f6f-a813-9e3e8b018199/add_router_interface 6.262s
2025-05-19 16:54:43.516 70022 INFO tempest.lib.common.dynamic_creds [-] Created isolated network resources for: credentials: Credentials: {'domain_id': 'default', 'domain_name': 'Default', 'username': 'tempest-ServersNegativeTestJSON-1133457531-project-member', 'project_domain_id': 'default', 'project_domain_name': 'Default', 'project_id': 'a1bcbd924eca46b1a238badee01f45a1', 'project_name': 'tempest-ServersNegativeTestJSON-1133457531', 'tenant_id': 'a1bcbd924eca46b1a238badee01f45a1', 'tenant_name': 'tempest-ServersNegativeTestJSON-1133457531', 'user_domain_id': 'default', 'user_domain_name': 'Default', 'user_id': '92c2548db3a14c549fd5396bb784a8b0', 'system': None}, Network: {'id': 'a294beed-bb86-4798-82f6-b75513691353', 'name': 'tempest-ServersNegativeTestJSON-752937575-network', 'tenant_id': 'a1bcbd924eca46b1a238badee01f45a1', 'admin_state_up': True, 'mtu': 8950, 'status': 'ACTIVE', 'subnets': [], 'shared': False, 'project_id': 'a1bcbd924eca46b1a238badee01f45a1', 'port_security_enabled': True, 'router:external': False, 'provider:network_type': 'vlan', 'provider:physical_network': 'default', 'provider:segmentation_id': 264, 'availability_zone_hints': [], 'availability_zones': [], 'ipv4_address_scope': None, 'ipv6_address_scope': None, 'description': '', 'tags': [], 'created_at': '2025-05-19T16:54:32Z', 'updated_at': '2025-05-19T16:54:32Z', 'revision_number': 1}, Subnet: {'id': 'fa5ad0b6-9875-4263-a8ed-21b7929c27b8', 'name': 'tempest-ServersNegativeTestJSON-752937575-subnet', 'tenant_id': 'a1bcbd924eca46b1a238badee01f45a1', 'network_id': 'a294beed-bb86-4798-82f6-b75513691353', 'ip_version': 4, 'subnetpool_id': None, 'enable_dhcp': True, 'ipv6_ra_mode': None, 'ipv6_address_mode': None, 'gateway_ip': '192.168.128.1', 'cidr': '192.168.128.0/28', 'allocation_pools': [{'start': '192.168.128.2', 'end': '192.168.128.14'}], 'host_routes': [], 'dns_nameservers': [], 'description': '', 'router:external': False, 'service_types': [], 'tags': [], 'created_at': '2025-05-19T16:54:32Z', 'updated_at': '2025-05-19T16:54:32Z', 'revision_number': 0, 'project_id': 'a1bcbd924eca46b1a238badee01f45a1'}, Router: {'id': '5338bce8-143e-4f6f-a813-9e3e8b018199', 'name': 'tempest-ServersNegativeTestJSON-752937575-router', 'tenant_id': 'a1bcbd924eca46b1a238badee01f45a1', 'admin_state_up': True, 'status': 'ACTIVE', 'external_gateway_info': {'network_id': 'f17beb75-fd22-4b87-af63-ab49fc2d9df3', 'external_fixed_ips': [{'subnet_id': '1e3f3e8b-3774-4790-b737-4b1303624583', 'ip_address': '10.180.180.128'}], 'enable_snat': True}, 'description': '', 'availability_zones': [], 'distributed': False, 'ha': False, 'availability_zone_hints': [], 'routes': [], 'flavor_id': None, 'tags': [], 'created_at': '2025-05-19T16:54:33Z', 'updated_at': '2025-05-19T16:54:35Z', 'revision_number': 2, 'project_id': 'a1bcbd924eca46b1a238badee01f45a1'}
2025-05-19 16:54:43.572 70000 INFO tempest.lib.common.rest_client [req-209ed642-3ed7-4bc6-8b4d-0df5c1beba8c req-209ed642-3ed7-4bc6-8b4d-0df5c1beba8c ] Request (ServersTestManualDisk:setUpClass): 201 POST http://10.180.1.21/identity/v3/auth/tokens 0.077s
2025-05-19 16:54:43.606 70000 INFO tempest.lib.common.rest_client [req-c36e0d0b-32b1-4611-9d09-8a0edd7c84d0 req-c36e0d0b-32b1-4611-9d09-8a0edd7c84d0 ] Request (ServersTestManualDisk:setUpClass): 201 POST http://10.180.1.21/identity/v3/auth/tokens 0.030s
2025-05-19 16:54:43.618 70022 INFO tempest.lib.common.rest_client [req-1d5643b4-f4b6-4703-9524-6b7d41c4f200 req-1d5643b4-f4b6-4703-9524-6b7d41c4f200 ] Request (ServersNegativeTestJSON:setUpClass): 201 POST http://10.180.1.21/identity/v3/auth/tokens 0.094s
2025-05-19 16:54:43.633 70000 INFO tempest.lib.common.rest_client [req-c7b7e8ec-b7a1-438f-b0a7-062805fa3222 req-c7b7e8ec-b7a1-438f-b0a7-062805fa3222 ] Request (ServersTestManualDisk:setUpClass): 200 GET http://10.180.1.21/identity/v3/domains?name=Default 0.027s
2025-05-19 16:54:43.654 70022 INFO tempest.lib.common.rest_client [req-23f5443a-461e-46ae-b751-853cf298982c req-23f5443a-461e-46ae-b751-853cf298982c ] Request (ServersNegativeTestJSON:setUpClass): 201 POST http://10.180.1.21/identity/v3/auth/tokens 0.033s
2025-05-19 16:54:43.655 70022 INFO tempest.lib.common.fixed_network [-] (ServersNegativeTestJSON:setUpClass) Found network {'id': 'a294beed-bb86-4798-82f6-b75513691353', 'name': 'tempest-ServersNegativeTestJSON-752937575-network', 'tenant_id': 'a1bcbd924eca46b1a238badee01f45a1', 'admin_state_up': True, 'mtu': 8950, 'status': 'ACTIVE', 'subnets': [], 'shared': False, 'project_id': 'a1bcbd924eca46b1a238badee01f45a1', 'port_security_enabled': True, 'router:external': False, 'provider:network_type': 'vlan', 'provider:physical_network': 'default', 'provider:segmentation_id': 264, 'availability_zone_hints': [], 'availability_zones': [], 'ipv4_address_scope': None, 'ipv6_address_scope': None, 'description': '', 'tags': [], 'created_at': '2025-05-19T16:54:32Z', 'updated_at': '2025-05-19T16:54:32Z', 'revision_number': 1} available for tenant
2025-05-19 16:54:43.670 70000 INFO tempest.lib.common.rest_client [req-949f4f53-831c-4488-ac48-d9a9ea00acc3 req-949f4f53-831c-4488-ac48-d9a9ea00acc3 ] Request (ServersTestManualDisk:setUpClass): 201 POST http://10.180.1.21/identity/v3/projects 0.037s
2025-05-19 16:54:43.760 69994 INFO tempest.lib.common.rest_client [req-56f57a3f-b90b-4740-b2cc-20a45cc83d95 req-56f57a3f-b90b-4740-b2cc-20a45cc83d95 ] Request (ServerRescueNegativeTestJSON:tearDownClass): 204 DELETE http://10.180.1.21:9696/networking/v2.0/routers/aa737e96-5545-48c0-b5c1-36d870783e1d 1.891s
2025-05-19 16:54:43.761 70000 INFO tempest.lib.common.rest_client [req-f363884a-d8a3-4125-975a-53e03abf2460 req-f363884a-d8a3-4125-975a-53e03abf2460 ] Request (ServersTestManualDisk:setUpClass): 201 POST http://10.180.1.21/identity/v3/users 0.090s
2025-05-19 16:54:43.792 70000 INFO tempest.lib.common.rest_client [req-bdbdb022-a255-4ccd-9a84-3faf4c03a556 req-bdbdb022-a255-4ccd-9a84-3faf4c03a556 ] Request (ServersTestManualDisk:setUpClass): 200 GET http://10.180.1.21/identity/v3/roles 0.031s
2025-05-19 16:54:43.793 70024 INFO tempest.lib.common.rest_client [req-3925feef-51d5-4b89-a140-413c1512b12a req-3925feef-51d5-4b89-a140-413c1512b12a ] Request (SecurityGroupRulesTestJSON:test_security_group_rules_create): 200 POST http://10.180.1.21/compute/v2.1/os-security-groups 1.670s
2025-05-19 16:54:43.831 70002 INFO tempest.lib.common.rest_client [req-d7d26f0a-cad3-4147-9238-7cc92506296d req-d7d26f0a-cad3-4147-9238-7cc92506296d ] Request (ImagesTestJSON:test_delete_saving_image): 404 GET http://10.180.1.21/compute/v2.1/servers/01623546-f5b3-4e18-bd07-4ee68d444fdd 1.264s
2025-05-19 16:54:43.838 70050 INFO tempest.lib.common.rest_client [req-46e18858-a957-4adf-97f6-678b15d79d35 req-46e18858-a957-4adf-97f6-678b15d79d35 ] Request (SecurityGroupsTestJSON:test_server_security_groups): 200 POST http://10.180.1.21/compute/v2.1/os-security-groups 1.409s
2025-05-19 16:54:43.845 70000 INFO tempest.lib.common.rest_client [req-e28ccb24-0b25-47ec-92d6-6009e63cb4e7 req-e28ccb24-0b25-47ec-92d6-6009e63cb4e7 ] Request (ServersTestManualDisk:setUpClass): 204 PUT http://10.180.1.21/identity/v3/projects/c11a73c87d8e45338e58cd55c3175c99/users/742f8293c2b249428e170c97cc450787/roles/d42a2e26c0a6411fbf94d9a4e57001f5 0.052s
2025-05-19 16:54:43.846 70000 INFO tempest.lib.common.dynamic_creds [-] Dynamic test user 742f8293c2b249428e170c97cc450787 is created with scope project and roles: ['member']
2025-05-19 16:54:43.846 70000 INFO tempest.lib.common.dynamic_creds [-] Acquired dynamic creds: credentials: Credentials: {'domain_id': 'default', 'domain_name': 'Default', 'username': 'tempest-ServersTestManualDisk-2116002500-project-member', 'project_domain_id': 'default', 'project_domain_name': 'Default', 'project_id': 'c11a73c87d8e45338e58cd55c3175c99', 'project_name': 'tempest-ServersTestManualDisk-2116002500', 'tenant_id': 'c11a73c87d8e45338e58cd55c3175c99', 'tenant_name': 'tempest-ServersTestManualDisk-2116002500', 'user_domain_id': 'default', 'user_domain_name': 'Default', 'user_id': '742f8293c2b249428e170c97cc450787', 'system': None}, Network: None, Subnet: None, Router: None
2025-05-19 16:54:43.910 70004 INFO tempest.lib.common.rest_client [req-48c557a1-6dae-443f-a79a-bab1bebaf60f req-48c557a1-6dae-443f-a79a-bab1bebaf60f ] Request (ValidationResourcesFixture:setUp): 201 POST http://10.180.1.21:9696/networking/v2.0/floatingips 4.759s
2025-05-19 16:54:43.952 70042 INFO tempest.lib.common.rest_client [req-606cd496-15cb-4737-aead-d1de29bafde3 req-606cd496-15cb-4737-aead-d1de29bafde3 ] Request (ServerExternalEventsTest:tearDownClass): 204 DELETE http://10.180.1.21:9696/networking/v2.0/security-groups/c4734b0f-7801-43ff-a58d-f310c2997c05 0.959s
2025-05-19 16:54:44.004 70000 INFO tempest.lib.common.rest_client [req-e4d5a4cb-83fb-4386-b436-d7d7480f2c63 req-e4d5a4cb-83fb-4386-b436-d7d7480f2c63 ] Request (ServersTestManualDisk:setUpClass): 201 POST http://10.180.1.21/identity/v3/auth/tokens 0.158s
2025-05-19 16:54:44.028 70050 INFO tempest.lib.common.rest_client [req-87869393-695f-4999-a2df-f67945465456 req-87869393-695f-4999-a2df-f67945465456 ] Request (SecurityGroupsTestJSON:test_server_security_groups): 201 POST http://10.180.1.21/identity/v3/auth/tokens 0.182s
2025-05-19 16:54:44.029 70050 INFO tempest.lib.common.fixed_network [-] (SecurityGroupsTestJSON:test_server_security_groups) Found network {'id': '8d8026d7-b7eb-4711-ad40-19a476e9d149', 'name': 'tempest-SecurityGroupsTestJSON-40581964-network', 'tenant_id': '8f3683daddcc469488c7f9dfcbda3114', 'admin_state_up': True, 'mtu': 8950, 'status': 'ACTIVE', 'subnets': [], 'shared': False, 'project_id': '8f3683daddcc469488c7f9dfcbda3114', 'port_security_enabled': True, 'router:external': False, 'provider:network_type': 'vlan', 'provider:physical_network': 'default', 'provider:segmentation_id': 926, 'availability_zone_hints': [], 'availability_zones': [], 'ipv4_address_scope': None, 'ipv6_address_scope': None, 'description': '', 'tags': [], 'created_at': '2025-05-19T16:53:56Z', 'updated_at': '2025-05-19T16:53:56Z', 'revision_number': 1} available for tenant
2025-05-19 16:54:44.067 70004 INFO tempest.lib.common.rest_client [req-56af7845-fee6-4058-857d-69c7e142607e req-56af7845-fee6-4058-857d-69c7e142607e ] Request (AttachVolumeNegativeTest:test_delete_attached_volume): 201 POST http://10.180.1.21/identity/v3/auth/tokens 0.151s
2025-05-19 16:54:44.069 70004 INFO tempest.lib.common.fixed_network [-] (AttachVolumeNegativeTest:test_delete_attached_volume) Found network {'id': '4ebf52e8-01d8-4e51-90eb-6c44f5fb8bc2', 'name': 'tempest-AttachVolumeNegativeTest-1879024741-network', 'tenant_id': '90af314838ba45aeba16eb90a2e598e0', 'admin_state_up': True, 'mtu': 8950, 'status': 'ACTIVE', 'subnets': [], 'shared': False, 'project_id': '90af314838ba45aeba16eb90a2e598e0', 'port_security_enabled': True, 'router:external': False, 'provider:network_type': 'vlan', 'provider:physical_network': 'default', 'provider:segmentation_id': 777, 'availability_zone_hints': [], 'availability_zones': [], 'ipv4_address_scope': None, 'ipv6_address_scope': None, 'description': '', 'tags': [], 'created_at': '2025-05-19T16:53:57Z', 'updated_at': '2025-05-19T16:53:57Z', 'revision_number': 1} available for tenant
2025-05-19 16:54:44.110 70057 INFO tempest.lib.common.rest_client [req-b15dd2c5-325e-4a55-80c6-b01592c077a0 req-b15dd2c5-325e-4a55-80c6-b01592c077a0 ] Request (ServersAaction247Test:test_create_backup): 202 POST http://10.180.1.21/compute/v2.1/servers 0.805s
2025-05-19 16:54:44.133 70042 INFO tempest.lib.common.rest_client [req-a8fd6d79-7876-4e32-8532-a4594387a947 req-a8fd6d79-7876-4e32-8532-a4594387a947 ] Request (ServerExternalEventsTest:tearDownClass): 204 DELETE http://10.180.1.21/identity/v3/projects/4500e5155aae48f7842db65f18ea7778 0.181s
2025-05-19 16:54:44.133 70042 INFO tempest.lib.common.dynamic_creds [-] Deleting project and security group for project: b381236f168b4c59af70467210cadb0f
2025-05-19 16:54:44.269 70044 INFO tempest.lib.common.rest_client [req-ad4da83a-8fd7-4ff7-8234-0987c3e7b5d1 req-ad4da83a-8fd7-4ff7-8234-0987c3e7b5d1 ] Request (ServerGroupTestJSON:test_create_server_with_scheduler_hint_group): 200 GET http://10.180.1.21/compute/v2.1/servers/d64e6ac9-be57-4735-b454-d05c3b8a4dc7 0.554s
2025-05-19 16:54:44.276 70044 INFO tempest.common.waiters [-] State transition "BUILD/scheduling" ==> "ERROR/None" after 2 second wait
2025-05-19 16:54:44.335 70016 INFO tempest.lib.common.rest_client [req-1b9a19cd-a4ae-47c4-a6fc-9cdfc4c5027a req-1b9a19cd-a4ae-47c4-a6fc-9cdfc4c5027a ] Request (ImagesNegativeTestJSON:tearDownClass): 204 DELETE http://10.180.1.21:9696/networking/v2.0/routers/a50f5d66-3a52-422c-bcce-f46b78044eba 3.489s
2025-05-19 16:54:44.540 69998 INFO tempest.lib.common.rest_client [req-3886b5fc-85bd-4b6b-8954-b04888517d4b req-3886b5fc-85bd-4b6b-8954-b04888517d4b ] Request (InstanceActionsNegativeTestJSON:setUpClass): 201 POST http://10.180.1.21:9696/networking/v2.0/routers 4.303s
2025-05-19 16:54:44.752 69994 INFO tempest.lib.common.rest_client [req-d2813691-bc8a-4501-b2f4-db865cd03cec req-d2813691-bc8a-4501-b2f4-db865cd03cec ] Request (ServerRescueNegativeTestJSON:tearDownClass): 204 DELETE http://10.180.1.21:9696/networking/v2.0/subnets/d6173eb2-e18b-457f-aad8-d0150a1bb8ea 0.991s
2025-05-19 16:54:44.971 70016 INFO tempest.lib.common.rest_client [req-5c3aaff8-103c-443b-bf91-643d03b63649 req-5c3aaff8-103c-443b-bf91-643d03b63649 ] Request (ImagesNegativeTestJSON:tearDownClass): 204 DELETE http://10.180.1.21:9696/networking/v2.0/subnets/ff9ce341-6119-4173-8274-5dcb1d792b25 0.635s
2025-05-19 16:54:45.140 70042 INFO tempest.lib.common.rest_client [req-c60150b8-6a3b-4ae0-a1d2-a07fc8e36598 req-c60150b8-6a3b-4ae0-a1d2-a07fc8e36598 ] Request (ServerExternalEventsTest:tearDownClass): 200 GET http://10.180.1.21:9696/networking/v2.0/security-groups?tenant_id=b381236f168b4c59af70467210cadb0f&name=default 1.007s
2025-05-19 16:54:45.265 70028 INFO tempest.lib.common.rest_client [req-f619173b-8bbe-42ae-9fb0-37c7e368ea70 req-f619173b-8bbe-42ae-9fb0-37c7e368ea70 ] Request (ServerActionsTestOtherA:tearDownClass): 204 DELETE http://10.180.1.21:9696/networking/v2.0/routers/63b383f3-2c32-4eca-ad7f-aec6beeb1404 1.985s
2025-05-19 16:54:45.317 70032 INFO tempest.lib.common.rest_client [req-7a752771-f5c1-4822-a282-82fd551cefaa req-7a752771-f5c1-4822-a282-82fd551cefaa ] Request (ServerMetadataTestJSON:tearDownClass): 200 PUT http://10.180.1.21:9696/networking/v2.0/routers/99ccd6c2-f9fe-45db-a4ba-f681886b95ab/remove_router_interface 6.928s
2025-05-19 16:54:45.402 70024 INFO tempest.lib.common.rest_client [req-eced715c-d1c5-428d-b620-f642d2d0f9f2 req-eced715c-d1c5-428d-b620-f642d2d0f9f2 ] Request (SecurityGroupRulesTestJSON:test_security_group_rules_create): 200 POST http://10.180.1.21/compute/v2.1/os-security-group-rules 1.605s
2025-05-19 16:54:45.490 70000 INFO tempest.lib.common.rest_client [req-9b53e1c0-1449-42c1-b150-9d3ef5bd9749 req-9b53e1c0-1449-42c1-b150-9d3ef5bd9749 ] Request (ServersTestManualDisk:setUpClass): 201 POST http://10.180.1.21:9696/networking/v2.0/networks 1.485s
2025-05-19 16:54:45.581 69994 INFO tempest.lib.common.rest_client [req-c56cb13d-a03d-4083-bf7d-00cbaae56d9d req-c56cb13d-a03d-4083-bf7d-00cbaae56d9d ] Request (ServerRescueNegativeTestJSON:tearDownClass): 204 DELETE http://10.180.1.21:9696/networking/v2.0/networks/ffcb6a4a-1617-463f-9c4c-bc3f1a56fb8e 0.829s
2025-05-19 16:54:45.671 69994 INFO tempest.lib.common.rest_client [req-9fe43441-d34d-4834-8226-d3b43c4fe25f req-9fe43441-d34d-4834-8226-d3b43c4fe25f ] Request (ServerRescueNegativeTestJSON:tearDownClass): 204 DELETE http://10.180.1.21/identity/v3/users/9fe004bb01234e0cac3fa55566f44426 0.089s
2025-05-19 16:54:45.671 69994 INFO tempest.lib.common.dynamic_creds [-] Deleting project and security group for project: b189afbb1bd0463a95331446623e8ed9
