2025-04-03 19:04:05.272 71390 INFO tempest.lib.common.rest_client [req-3bb26ef1-40ac-457f-88a9-bb501b9694b0 req-3bb26ef1-40ac-457f-88a9-bb501b9694b0 ] Request (ServerRescueTestJSON:test_rescue_unrescue_instance): 200 GET http://10.180.1.21/compute/v2.1/servers/50270e8a-cf20-48b5-8b4a-ee8b839248bc 0.076s
2025-04-03 19:04:05.276 71358 INFO tempest.lib.common.rest_client [req-987b30ba-9711-4167-b1f5-b61da3c5a399 req-987b30ba-9711-4167-b1f5-b61da3c5a399 ] Request (ServersAdminTestJSON:test_create_server_with_scheduling_hint): 200 GET http://10.180.1.21/compute/v2.1/servers/a9c09f10-52bf-4b7a-b7f1-c432c23c88b0 0.051s
2025-04-03 19:04:05.488 71398 INFO tempest.lib.common.rest_client [req-e817b11f-f84b-45cc-826f-7025b781ef45 req-e817b11f-f84b-45cc-826f-7025b781ef45 ] Request (MigrationsAdminTest:test_list_migrations_in_flavor_resize_situation): 200 GET http://10.180.1.21/compute/v2.1/servers/234bae3a-7868-453f-9072-24eb855d57ed 0.087s
2025-04-03 19:04:05.497 71364 INFO tempest.lib.common.rest_client [req-138faf28-749c-402f-8fdb-12f01db2f4ba req-138faf28-749c-402f-8fdb-12f01db2f4ba ] Request (ImagesTestJSON:test_create_image_from_suspended_server): 200 GET http://10.180.1.21/compute/v2.1/servers/227ce655-b7d4-484c-85f6-40f014412044 0.047s
2025-04-03 19:04:05.520 71360 INFO tempest.lib.common.rest_client [req-bc58bc61-0f07-4269-96e4-8ec190ac2a66 req-bc58bc61-0f07-4269-96e4-8ec190ac2a66 ] Request (ImagesOneServerTestJSON:test_create_delete_image): 200 GET http://10.180.1.21/compute/v2.1/images/625f3f48-457c-4716-bdb9-6ea56d03e92d 0.051s
2025-04-03 19:04:05.543 71404 INFO tempest.lib.common.rest_client [req-78bcb96b-09e0-4392-b174-84140d12e4a2 req-78bcb96b-09e0-4392-b174-84140d12e4a2 ] Request (FloatingIPsAssociationTestJSON:setUpClass): 200 GET http://10.180.1.21/compute/v2.1/servers/37e0139a-2f1f-4945-9b64-3a711e7759cb 0.046s
2025-04-03 19:04:05.597 71362 WARNING tempest.lib.common.ssh [-] Failed to establish authenticated ssh connection to cirros@10.180.180.186 ([Errno None] Unable to connect to port 22 on 10.180.180.186). Number attempts: 7. Retry after 8 seconds.: paramiko.ssh_exception.NoValidConnectionsError: [Errno None] Unable to connect to port 22 on 10.180.180.186
2025-04-03 19:04:05.607 71416 INFO tempest.lib.common.rest_client [req-64fe42be-165b-4635-a8c2-245beee38463 req-64fe42be-165b-4635-a8c2-245beee38463 ] Request (InstanceActionsNegativeTestJSON:setUpClass): 200 GET http://10.180.1.21/compute/v2.1/servers/251b39b1-ca0b-42d9-ac88-3bbd6aa864a2 0.050s
2025-04-03 19:04:05.655 71394 INFO tempest.lib.common.rest_client [req-32099e8e-1647-480f-b9ab-43dd68826b33 req-32099e8e-1647-480f-b9ab-43dd68826b33 ] Request (ServerShowV247Test:test_update_rebuild_list_server): 200 GET http://10.180.1.21/compute/v2.1/servers/20b1b140-6b52-4aaa-aa2c-bb074b137caf 0.052s
2025-04-03 19:04:05.680 71402 INFO tempest.lib.common.rest_client [req-d2d14c90-ef12-4854-8aea-4d76ddfe369f req-d2d14c90-ef12-4854-8aea-4d76ddfe369f ] Request (ServerShowV257Test:test_rebuild_server): 200 GET http://10.180.1.21/compute/v2.1/servers/dd1c3bef-07d4-4475-94e1-d49a3927e990 0.052s
2025-04-03 19:04:05.779 71374 INFO tempest.lib.common.rest_client [req-37f039c2-a9ca-4a12-9f4e-13a0c58920e1 req-37f039c2-a9ca-4a12-9f4e-13a0c58920e1 ] Request (ServerDiagnosticsNegativeTest:tearDownClass): 200 GET http://10.180.1.21/compute/v2.1/servers/c7f229c2-eab7-4906-8e1f-8cfefd4ac060 0.067s
2025-04-03 19:04:05.779 71389 INFO tempest.lib.common.rest_client [req-47330510-126d-4c8b-b5bd-d835688e5b5b req-47330510-126d-4c8b-b5bd-d835688e5b5b ] Request (FloatingIPsAssociationNegativeTestJSON:setUpClass): 200 GET http://10.180.1.21/compute/v2.1/servers/8cce201b-6d8a-4145-99be-e8c0c8bf9685 0.054s
2025-04-03 19:04:05.842 71376 INFO tempest.lib.common.rest_client [req-bcffadb5-ae77-4c2f-acea-c3670db00855 req-bcffadb5-ae77-4c2f-acea-c3670db00855 ] Request (ServerDiskConfigTestJSON:test_rebuild_server_with_manual_disk_config): 200 GET http://10.180.1.21/compute/v2.1/servers/e9a83d03-eb36-4d1e-9f24-cd0a3f3fe375 0.056s
2025-04-03 19:04:05.912 71414 INFO tempest.lib.common.rest_client [req-28945637-7209-4b43-9c3e-7f7f31ee74fd req-28945637-7209-4b43-9c3e-7f7f31ee74fd ] Request (ServerAddressesTestJSON:setUpClass): 200 GET http://10.180.1.21/compute/v2.1/servers/dd24ca9e-8ed7-449d-99af-345f32867233 0.055s
2025-04-03 19:04:05.992 71382 INFO tempest.lib.common.rest_client [req-369d2924-7d08-498d-9b06-2e67fe507dcb req-369d2924-7d08-498d-9b06-2e67fe507dcb ] Request (ServersListShow298Test:test_list_show_update_rebuild_server_298): 200 GET http://10.180.1.21/compute/v2.1/servers/490b72f5-9712-4947-bbff-0d603c264d7b 0.061s
2025-04-03 19:04:06.045 71366 INFO tempest.lib.common.rest_client [req-0d06be50-57a2-40ea-94e0-7d515f590b59 req-0d06be50-57a2-40ea-94e0-7d515f590b59 ] Request (ServerActionsTestJSON:setUpClass): 200 GET http://10.180.1.21/compute/v2.1/servers/58c5506b-a2a4-475c-aa80-27b9732234d0 0.054s
2025-04-03 19:04:06.046 71396 WARNING tempest.lib.common.ssh [-] Failed to establish authenticated ssh connection to cirros@10.180.180.252 ([Errno None] Unable to connect to port 22 on 10.180.180.252). Number attempts: 7. Retry after 8 seconds.: paramiko.ssh_exception.NoValidConnectionsError: [Errno None] Unable to connect to port 22 on 10.180.180.252
2025-04-03 19:04:06.117 71384 INFO tempest.lib.common.rest_client [req-509ed462-bd87-444a-8bf5-24b28d6f253c req-509ed462-bd87-444a-8bf5-24b28d6f253c ] Request (ImagesOneServerNegativeTestJSON:setUpClass): 200 GET http://10.180.1.21/compute/v2.1/servers/3f635fb7-bd5d-4dbf-b1a6-a1b75c1a456b 0.103s
2025-04-03 19:04:06.126 71384 INFO tempest.common.waiters [-] State transition "BUILD/spawning" ==> "ACTIVE/None" after 53 second wait
2025-04-03 19:04:06.178 71372 INFO tempest.lib.common.rest_client [req-4af4c0be-d531-4d4e-832e-8cc7f03d380a req-4af4c0be-d531-4d4e-832e-8cc7f03d380a ] Request (ServersAdminNegativeTestJSON:tearDownClass): 200 GET http://10.180.1.21/compute/v2.1/servers/a8f66b3f-61ac-45aa-ae7b-70d1bca99e24 0.090s
2025-04-03 19:04:06.216 71410 INFO tempest.lib.common.rest_client [req-812e46cb-cf8a-4cf6-bce7-3ec58b1d14df req-812e46cb-cf8a-4cf6-bce7-3ec58b1d14df ] Request (AttachInterfacesV270Test:test_create_get_list_interfaces): 200 GET http://10.180.1.21/compute/v2.1/servers/573db876-a240-4289-a666-e2ad13f83b0d 0.137s
2025-04-03 19:04:06.225 71410 INFO tempest.common.waiters [-] State transition "BUILD/None" ==> "BUILD/networking" after 45 second wait
2025-04-03 19:04:06.276 71384 INFO tempest.lib.common.rest_client [req-4b5c367d-f905-4f0d-bdd3-d086a09481c7 req-4b5c367d-f905-4f0d-bdd3-d086a09481c7 ] Request (ImagesOneServerNegativeTestJSON:setUp): 200 GET http://10.180.1.21/compute/v2.1/servers/3f635fb7-bd5d-4dbf-b1a6-a1b75c1a456b 0.149s
2025-04-03 19:04:06.277 71354 INFO tempest.lib.common.rest_client [req-9ad300aa-a726-4d45-a073-1d448227254d req-9ad300aa-a726-4d45-a073-1d448227254d ] Request (ServerMetadataTestJSON:setUpClass): 200 GET http://10.180.1.21/compute/v2.1/servers/d3c5ee07-a0e5-47eb-8c79-786699338629 0.147s
2025-04-03 19:04:06.342 71378 INFO tempest.lib.common.rest_client [req-199f0192-d06f-46e5-89d9-d32831137b60 req-199f0192-d06f-46e5-89d9-d32831137b60 ] Request (DeleteServersAdminTestJSON:test_delete_server_while_in_error_state): 200 GET http://10.180.1.21/compute/v2.1/servers/03afbe12-b1c9-4613-b434-03c93336c95a 0.196s
2025-04-03 19:04:06.347 71400 INFO tempest.lib.common.rest_client [req-80e15ef6-0a40-4b1e-979d-e6f5970d3f73 req-80e15ef6-0a40-4b1e-979d-e6f5970d3f73 ] Request (InstanceActionsV221TestJSON:test_get_list_deleted_instance_actions): 200 GET http://10.180.1.21/compute/v2.1/servers/d114d86b-843c-4928-b251-5747b5d6b5ec 0.156s
2025-04-03 19:04:06.351 71378 INFO tempest.common.waiters [-] State transition "ERROR/deleting" ==> "DELETED/None" after 4 second wait
2025-04-03 19:04:06.411 71370 INFO tempest.lib.common.rest_client [req-885d5628-5e9b-4e05-bc90-7288c98b3a8a req-885d5628-5e9b-4e05-bc90-7288c98b3a8a ] Request (SecurityGroupsTestJSON:test_server_security_groups): 200 GET http://10.180.1.21/compute/v2.1/servers/43473e6e-fd19-4826-98ef-8c66275f997a 0.175s
2025-04-03 19:04:06.452 71386 INFO tempest.lib.common.rest_client [req-e1e03741-0645-454a-8948-4357b83157dc req-e1e03741-0645-454a-8948-4357b83157dc ] Request (ServerAddressesNegativeTestJSON:setUpClass): 200 GET http://10.180.1.21/compute/v2.1/servers/d30222bd-1fc5-4c3a-9801-f5e7bf9e75b6 0.217s
2025-04-03 19:04:06.471 71390 INFO tempest.lib.common.rest_client [req-03d1d902-028f-492f-b70c-9260f1eb7b8f req-03d1d902-028f-492f-b70c-9260f1eb7b8f ] Request (ServerRescueTestJSON:test_rescue_unrescue_instance): 200 GET http://10.180.1.21/compute/v2.1/servers/50270e8a-cf20-48b5-8b4a-ee8b839248bc 0.191s
2025-04-03 19:04:06.476 71384 INFO tempest.lib.common.rest_client [req-cc9a5fcd-11ea-48d3-9ef7-74efc9b2dba4 req-cc9a5fcd-11ea-48d3-9ef7-74efc9b2dba4 ] Request (ImagesOneServerNegativeTestJSON:test_create_image_specify_invalid_metadata): 400 POST http://10.180.1.21/compute/v2.1/servers/3f635fb7-bd5d-4dbf-b1a6-a1b75c1a456b/action 0.188s
2025-04-03 19:04:06.508 71358 INFO tempest.lib.common.rest_client [req-fe486e21-75a1-40b5-92ee-7017ca94e49b req-fe486e21-75a1-40b5-92ee-7017ca94e49b ] Request (ServersAdminTestJSON:test_create_server_with_scheduling_hint): 200 GET http://10.180.1.21/compute/v2.1/servers/a9c09f10-52bf-4b7a-b7f1-c432c23c88b0 0.223s
2025-04-03 19:04:06.600 71384 INFO tempest.lib.common.rest_client [req-a507ce6c-c55c-4284-832c-9bde188712c6 req-a507ce6c-c55c-4284-832c-9bde188712c6 ] Request (ImagesOneServerNegativeTestJSON:tearDown): 200 GET http://10.180.1.21/compute/v2.1/servers/3f635fb7-bd5d-4dbf-b1a6-a1b75c1a456b 0.123s
2025-04-03 19:04:06.616 71398 INFO tempest.lib.common.rest_client [req-160a8b16-c133-4be4-9312-cf4bfdca5b00 req-160a8b16-c133-4be4-9312-cf4bfdca5b00 ] Request (MigrationsAdminTest:test_list_migrations_in_flavor_resize_situation): 200 GET http://10.180.1.21/compute/v2.1/servers/234bae3a-7868-453f-9072-24eb855d57ed 0.119s
2025-04-03 19:04:06.647 71364 INFO tempest.lib.common.rest_client [req-900af12a-1984-4351-8e79-944a8fcf2cf3 req-900af12a-1984-4351-8e79-944a8fcf2cf3 ] Request (ImagesTestJSON:test_create_image_from_suspended_server): 200 GET http://10.180.1.21/compute/v2.1/servers/227ce655-b7d4-484c-85f6-40f014412044 0.139s
2025-04-03 19:04:06.653 71360 INFO tempest.lib.common.rest_client [req-86c357ec-c576-44f2-a29d-4ad8d13c09d8 req-86c357ec-c576-44f2-a29d-4ad8d13c09d8 ] Request (ImagesOneServerTestJSON:test_create_delete_image): 200 GET http://10.180.1.21/compute/v2.1/images/625f3f48-457c-4716-bdb9-6ea56d03e92d 0.128s
2025-04-03 19:04:06.699 71404 INFO tempest.lib.common.rest_client [req-3b06ea6e-36b9-4ed6-9b50-78e0b6e6cfd0 req-3b06ea6e-36b9-4ed6-9b50-78e0b6e6cfd0 ] Request (FloatingIPsAssociationTestJSON:setUpClass): 200 GET http://10.180.1.21/compute/v2.1/servers/37e0139a-2f1f-4945-9b64-3a711e7759cb 0.148s
2025-04-03 19:04:06.746 71416 INFO tempest.lib.common.rest_client [req-cac822cd-dc7c-45e0-a992-56568f422683 req-cac822cd-dc7c-45e0-a992-56568f422683 ] Request (InstanceActionsNegativeTestJSON:setUpClass): 200 GET http://10.180.1.21/compute/v2.1/servers/251b39b1-ca0b-42d9-ac88-3bbd6aa864a2 0.132s
2025-04-03 19:04:06.747 71384 INFO tempest.lib.common.rest_client [req-6b6d06b9-8bcb-4538-8f06-3275c761a894 req-6b6d06b9-8bcb-4538-8f06-3275c761a894 ] Request (ImagesOneServerNegativeTestJSON:setUp): 200 GET http://10.180.1.21/compute/v2.1/servers/3f635fb7-bd5d-4dbf-b1a6-a1b75c1a456b 0.136s
2025-04-03 19:04:06.805 71402 INFO tempest.lib.common.rest_client [req-93b3380f-6a79-490b-8193-50ba65ac35ef req-93b3380f-6a79-490b-8193-50ba65ac35ef ] Request (ServerShowV257Test:test_rebuild_server): 200 GET http://10.180.1.21/compute/v2.1/servers/dd1c3bef-07d4-4475-94e1-d49a3927e990 0.116s
2025-04-03 19:04:06.807 71394 INFO tempest.lib.common.rest_client [req-b93e2e36-698f-4c21-8cdd-7d9e1dca96a7 req-b93e2e36-698f-4c21-8cdd-7d9e1dca96a7 ] Request (ServerShowV247Test:test_update_rebuild_list_server): 200 GET http://10.180.1.21/compute/v2.1/servers/20b1b140-6b52-4aaa-aa2c-bb074b137caf 0.143s
2025-04-03 19:04:06.811 71384 INFO tempest.lib.common.rest_client [req-e3f5066e-ccf6-414a-9362-73fc3d9771fd req-e3f5066e-ccf6-414a-9362-73fc3d9771fd ] Request (ImagesOneServerNegativeTestJSON:test_create_image_specify_metadata_over_limits): 400 POST http://10.180.1.21/compute/v2.1/servers/3f635fb7-bd5d-4dbf-b1a6-a1b75c1a456b/action 0.051s
2025-04-03 19:04:06.872 71389 INFO tempest.lib.common.rest_client [req-0b3869fb-dfdd-4836-96e5-ec559ba2a92f req-0b3869fb-dfdd-4836-96e5-ec559ba2a92f ] Request (FloatingIPsAssociationNegativeTestJSON:setUpClass): 200 GET http://10.180.1.21/compute/v2.1/servers/8cce201b-6d8a-4145-99be-e8c0c8bf9685 0.086s
2025-04-03 19:04:06.888 71374 INFO tempest.lib.common.rest_client [req-af3c99d3-9a6e-4f9c-99e2-db75368458f9 req-af3c99d3-9a6e-4f9c-99e2-db75368458f9 ] Request (ServerDiagnosticsNegativeTest:tearDownClass): 200 GET http://10.180.1.21/compute/v2.1/servers/c7f229c2-eab7-4906-8e1f-8cfefd4ac060 0.102s
2025-04-03 19:04:06.940 71376 INFO tempest.lib.common.rest_client [req-4fed5c5c-85a0-4c8d-a6fa-e350b2ddb01b req-4fed5c5c-85a0-4c8d-a6fa-e350b2ddb01b ] Request (ServerDiskConfigTestJSON:test_rebuild_server_with_manual_disk_config): 200 GET http://10.180.1.21/compute/v2.1/servers/e9a83d03-eb36-4d1e-9f24-cd0a3f3fe375 0.090s
2025-04-03 19:04:06.940 71368 WARNING tempest.lib.common.ssh [-] Failed to establish authenticated ssh connection to cirros@10.180.180.182 ([Errno None] Unable to connect to port 22 on 10.180.180.182). Number attempts: 8. Retry after 9 seconds.: paramiko.ssh_exception.NoValidConnectionsError: [Errno None] Unable to connect to port 22 on 10.180.180.182
2025-04-03 19:04:06.982 71384 INFO tempest.lib.common.rest_client [req-458051e8-01f0-4c59-9821-ceca71f65be7 req-458051e8-01f0-4c59-9821-ceca71f65be7 ] Request (ImagesOneServerNegativeTestJSON:tearDown): 200 GET http://10.180.1.21/compute/v2.1/servers/3f635fb7-bd5d-4dbf-b1a6-a1b75c1a456b 0.170s
2025-04-03 19:04:06.998 71414 INFO tempest.lib.common.rest_client [req-5fdbca3d-9fe1-49d1-a4df-9112da9ab552 req-5fdbca3d-9fe1-49d1-a4df-9112da9ab552 ] Request (ServerAddressesTestJSON:setUpClass): 200 GET http://10.180.1.21/compute/v2.1/servers/dd24ca9e-8ed7-449d-99af-345f32867233 0.077s
2025-04-03 19:04:07.069 71382 INFO tempest.lib.common.rest_client [req-9bfe1d14-e3f1-4406-a31c-0a439917a079 req-9bfe1d14-e3f1-4406-a31c-0a439917a079 ] Request (ServersListShow298Test:test_list_show_update_rebuild_server_298): 200 GET http://10.180.1.21/compute/v2.1/servers/490b72f5-9712-4947-bbff-0d603c264d7b 0.066s
2025-04-03 19:04:07.091 71384 INFO tempest.lib.common.rest_client [req-5acfe786-c5fb-4eb5-b7d7-da935d52206e req-5acfe786-c5fb-4eb5-b7d7-da935d52206e ] Request (ImagesOneServerNegativeTestJSON:setUp): 200 GET http://10.180.1.21/compute/v2.1/servers/3f635fb7-bd5d-4dbf-b1a6-a1b75c1a456b 0.101s
2025-04-03 19:04:07.108 71384 INFO tempest.lib.common.rest_client [req-6aa96780-fcf9-4c04-9ba8-eecd36e67d92 req-6aa96780-fcf9-4c04-9ba8-eecd36e67d92 ] Request (ImagesOneServerNegativeTestJSON:test_create_image_specify_name_over_character_limit): 400 POST http://10.180.1.21/compute/v2.1/servers/3f635fb7-bd5d-4dbf-b1a6-a1b75c1a456b/action 0.009s
2025-04-03 19:04:07.122 71366 INFO tempest.lib.common.rest_client [req-39f74f84-945e-4d30-8382-6d3ae07516a3 req-39f74f84-945e-4d30-8382-6d3ae07516a3 ] Request (ServerActionsTestJSON:setUpClass): 200 GET http://10.180.1.21/compute/v2.1/servers/58c5506b-a2a4-475c-aa80-27b9732234d0 0.069s
2025-04-03 19:04:07.201 71384 INFO tempest.lib.common.rest_client [req-ec33e5a4-b400-4029-8b02-c1396a3f9758 req-ec33e5a4-b400-4029-8b02-c1396a3f9758 ] Request (ImagesOneServerNegativeTestJSON:tearDown): 200 GET http://10.180.1.21/compute/v2.1/servers/3f635fb7-bd5d-4dbf-b1a6-a1b75c1a456b 0.092s
2025-04-03 19:04:07.243 71372 INFO tempest.lib.common.rest_client [req-47ac51af-28f0-4d8a-a32d-d897a11c0a52 req-47ac51af-28f0-4d8a-a32d-d897a11c0a52 ] Request (ServersAdminNegativeTestJSON:tearDownClass): 200 GET http://10.180.1.21/compute/v2.1/servers/a8f66b3f-61ac-45aa-ae7b-70d1bca99e24 0.056s
2025-04-03 19:04:07.305 71384 INFO tempest.lib.common.rest_client [req-181141f4-21ca-4ac3-b9be-48796958bc5a req-181141f4-21ca-4ac3-b9be-48796958bc5a ] Request (ImagesOneServerNegativeTestJSON:setUp): 200 GET http://10.180.1.21/compute/v2.1/servers/3f635fb7-bd5d-4dbf-b1a6-a1b75c1a456b 0.095s
2025-04-03 19:04:07.356 71354 INFO tempest.lib.common.rest_client [req-1d5d5d55-0b8d-4361-b0ac-f4ff86e47b2b req-1d5d5d55-0b8d-4361-b0ac-f4ff86e47b2b ] Request (ServerMetadataTestJSON:setUpClass): 200 GET http://10.180.1.21/compute/v2.1/servers/d3c5ee07-a0e5-47eb-8c79-786699338629 0.070s
2025-04-03 19:04:07.381 71410 INFO tempest.lib.common.rest_client [req-114a5116-7ae3-43f6-8d39-f2e0b4c7affd req-114a5116-7ae3-43f6-8d39-f2e0b4c7affd ] Request (AttachInterfacesV270Test:test_create_get_list_interfaces): 200 GET http://10.180.1.21/compute/v2.1/servers/573db876-a240-4289-a666-e2ad13f83b0d 0.155s
2025-04-03 19:04:07.392 71410 INFO tempest.common.waiters [-] State transition "BUILD/networking" ==> "BUILD/spawning" after 46 second wait
2025-04-03 19:04:07.436 71378 INFO tempest.lib.common.rest_client [req-f6a8854e-c298-47f8-b0a2-377323619256 req-f6a8854e-c298-47f8-b0a2-377323619256 ] Request (DeleteServersAdminTestJSON:test_delete_server_while_in_error_state): 200 GET http://10.180.1.21/compute/v2.1/servers/03afbe12-b1c9-4613-b434-03c93336c95a 0.085s
2025-04-03 19:04:07.492 71400 INFO tempest.lib.common.rest_client [req-2df5c816-6d12-4461-bfac-77116b21455b req-2df5c816-6d12-4461-bfac-77116b21455b ] Request (InstanceActionsV221TestJSON:test_get_list_deleted_instance_actions): 200 GET http://10.180.1.21/compute/v2.1/servers/d114d86b-843c-4928-b251-5747b5d6b5ec 0.137s
2025-04-03 19:04:07.547 71370 INFO tempest.lib.common.rest_client [req-dbcf0a6a-3396-4ac2-b7ea-4edcb5b657ff req-dbcf0a6a-3396-4ac2-b7ea-4edcb5b657ff ] Request (SecurityGroupsTestJSON:test_server_security_groups): 200 GET http://10.180.1.21/compute/v2.1/servers/43473e6e-fd19-4826-98ef-8c66275f997a 0.125s
2025-04-03 19:04:07.665 71386 INFO tempest.lib.common.rest_client [req-5a87243b-7cd9-4f44-b39d-838230318b35 req-5a87243b-7cd9-4f44-b39d-838230318b35 ] Request (ServerAddressesNegativeTestJSON:setUpClass): 200 GET http://10.180.1.21/compute/v2.1/servers/d30222bd-1fc5-4c3a-9801-f5e7bf9e75b6 0.201s
2025-04-03 19:04:07.721 71390 INFO tempest.lib.common.rest_client [req-ae55718c-fd91-452f-93f3-a365598e8b21 req-ae55718c-fd91-452f-93f3-a365598e8b21 ] Request (ServerRescueTestJSON:test_rescue_unrescue_instance): 200 GET http://10.180.1.21/compute/v2.1/servers/50270e8a-cf20-48b5-8b4a-ee8b839248bc 0.240s
2025-04-03 19:04:07.785 71358 INFO tempest.lib.common.rest_client [req-6175bb30-e9ab-4792-89ef-e653e9ff17de req-6175bb30-e9ab-4792-89ef-e653e9ff17de ] Request (ServersAdminTestJSON:test_create_server_with_scheduling_hint): 200 GET http://10.180.1.21/compute/v2.1/servers/a9c09f10-52bf-4b7a-b7f1-c432c23c88b0 0.267s
2025-04-03 19:04:07.815 71384 INFO tempest.lib.common.rest_client [req-3aa04d8f-fd12-49de-9aa9-2e6f40a98a51 req-3aa04d8f-fd12-49de-9aa9-2e6f40a98a51 ] Request (ImagesOneServerNegativeTestJSON:test_create_second_image_when_first_image_is_being_saved): 202 POST http://10.180.1.21/compute/v2.1/servers/3f635fb7-bd5d-4dbf-b1a6-a1b75c1a456b/action 0.496s
2025-04-03 19:04:07.866 71364 INFO tempest.lib.common.rest_client [req-701dc894-5c67-4598-990f-c08ebcbbb240 req-701dc894-5c67-4598-990f-c08ebcbbb240 ] Request (ImagesTestJSON:test_create_image_from_suspended_server): 200 GET http://10.180.1.21/compute/v2.1/servers/227ce655-b7d4-484c-85f6-40f014412044 0.211s
2025-04-03 19:04:07.898 71360 INFO tempest.lib.common.rest_client [req-037b69f9-e118-4b87-8e94-95b4a08445e5 req-037b69f9-e118-4b87-8e94-95b4a08445e5 ] Request (ImagesOneServerTestJSON:test_create_delete_image): 200 GET http://10.180.1.21/compute/v2.1/images/625f3f48-457c-4716-bdb9-6ea56d03e92d 0.240s
2025-04-03 19:04:07.928 71398 INFO tempest.lib.common.rest_client [req-1212c800-d1b9-4e93-9cf3-f6d98f66ac41 req-1212c800-d1b9-4e93-9cf3-f6d98f66ac41 ] Request (MigrationsAdminTest:test_list_migrations_in_flavor_resize_situation): 200 GET http://10.180.1.21/compute/v2.1/servers/234bae3a-7868-453f-9072-24eb855d57ed 0.304s
2025-04-03 19:04:07.958 71404 INFO tempest.lib.common.rest_client [req-e8af0c3b-cab7-4110-8b34-39c32feb7061 req-e8af0c3b-cab7-4110-8b34-39c32feb7061 ] Request (FloatingIPsAssociationTestJSON:setUpClass): 200 GET http://10.180.1.21/compute/v2.1/servers/37e0139a-2f1f-4945-9b64-3a711e7759cb 0.251s
2025-04-03 19:04:07.972 71416 INFO tempest.lib.common.rest_client [req-afc96c38-fdcb-482d-aa70-d662220a8de4 req-afc96c38-fdcb-482d-aa70-d662220a8de4 ] Request (InstanceActionsNegativeTestJSON:setUpClass): 200 GET http://10.180.1.21/compute/v2.1/servers/251b39b1-ca0b-42d9-ac88-3bbd6aa864a2 0.214s
2025-04-03 19:04:07.988 71384 INFO tempest.lib.common.rest_client [req-382465e8-87d2-4a87-b0c1-064d4a66c062 req-382465e8-87d2-4a87-b0c1-064d4a66c062 ] Request (ImagesOneServerNegativeTestJSON:test_create_second_image_when_first_image_is_being_saved): 409 POST http://10.180.1.21/compute/v2.1/servers/3f635fb7-bd5d-4dbf-b1a6-a1b75c1a456b/action 0.171s
2025-04-03 19:04:08.022 71402 INFO tempest.lib.common.rest_client [req-a35838e2-c292-452d-b998-fb382425b157 req-a35838e2-c292-452d-b998-fb382425b157 ] Request (ServerShowV257Test:test_rebuild_server): 200 GET http://10.180.1.21/compute/v2.1/servers/dd1c3bef-07d4-4475-94e1-d49a3927e990 0.201s
2025-04-03 19:04:08.035 71394 INFO tempest.lib.common.rest_client [req-6c3fdd17-6c33-40a1-82c7-7eb53e8778d0 req-6c3fdd17-6c33-40a1-82c7-7eb53e8778d0 ] Request (ServerShowV247Test:test_update_rebuild_list_server): 200 GET http://10.180.1.21/compute/v2.1/servers/20b1b140-6b52-4aaa-aa2c-bb074b137caf 0.209s
2025-04-03 19:04:08.069 71389 INFO tempest.lib.common.rest_client [req-b45c5438-ff66-402f-bbf2-640f46e9c984 req-b45c5438-ff66-402f-bbf2-640f46e9c984 ] Request (FloatingIPsAssociationNegativeTestJSON:setUpClass): 200 GET http://10.180.1.21/compute/v2.1/servers/8cce201b-6d8a-4145-99be-e8c0c8bf9685 0.188s
2025-04-03 19:04:08.088 71374 INFO tempest.lib.common.rest_client [req-bed981ed-94e0-414c-9bfd-ef737cf42d40 req-bed981ed-94e0-414c-9bfd-ef737cf42d40 ] Request (ServerDiagnosticsNegativeTest:tearDownClass): 200 GET http://10.180.1.21/compute/v2.1/servers/c7f229c2-eab7-4906-8e1f-8cfefd4ac060 0.192s
2025-04-03 19:04:08.120 71376 INFO tempest.lib.common.rest_client [req-735bf294-bd44-481d-bf45-2fa0d1071242 req-735bf294-bd44-481d-bf45-2fa0d1071242 ] Request (ServerDiskConfigTestJSON:test_rebuild_server_with_manual_disk_config): 200 GET http://10.180.1.21/compute/v2.1/servers/e9a83d03-eb36-4d1e-9f24-cd0a3f3fe375 0.172s
2025-04-03 19:04:08.163 71384 INFO tempest.lib.common.rest_client [req-05bcc398-a1a8-4e29-933c-605c0564f94f req-05bcc398-a1a8-4e29-933c-605c0564f94f ] Request (ImagesOneServerNegativeTestJSON:test_create_second_image_when_first_image_is_being_saved): 204 DELETE http://10.180.1.21/compute/v2.1/images/49a7d0a2-0792-4ea3-8d0d-1d39a05cbea0 0.174s
2025-04-03 19:04:08.163 71414 INFO tempest.lib.common.rest_client [req-87bb1095-0fc7-4bd3-9f5a-c1e4f26ed80a req-87bb1095-0fc7-4bd3-9f5a-c1e4f26ed80a ] Request (ServerAddressesTestJSON:setUpClass): 200 GET http://10.180.1.21/compute/v2.1/servers/dd24ca9e-8ed7-449d-99af-345f32867233 0.157s
2025-04-03 19:04:08.208 71366 INFO tempest.lib.common.rest_client [req-3af191d1-c91b-4699-a40b-be64ad05bd2a req-3af191d1-c91b-4699-a40b-be64ad05bd2a ] Request (ServerActionsTestJSON:setUpClass): 200 GET http://10.180.1.21/compute/v2.1/servers/58c5506b-a2a4-475c-aa80-27b9732234d0 0.078s
2025-04-03 19:04:08.218 71382 INFO tempest.lib.common.rest_client [req-0bf36978-1bfa-4b03-ac6d-8a4cf5762537 req-0bf36978-1bfa-4b03-ac6d-8a4cf5762537 ] Request (ServersListShow298Test:test_list_show_update_rebuild_server_298): 200 GET http://10.180.1.21/compute/v2.1/servers/490b72f5-9712-4947-bbff-0d603c264d7b 0.138s
2025-04-03 19:04:08.297 71384 INFO tempest.lib.common.rest_client [req-2ad7e5b5-8b67-44e1-b7af-7074f241eb48 req-2ad7e5b5-8b67-44e1-b7af-7074f241eb48 ] Request (ImagesOneServerNegativeTestJSON:tearDown): 200 GET http://10.180.1.21/compute/v2.1/servers/3f635fb7-bd5d-4dbf-b1a6-a1b75c1a456b 0.133s
2025-04-03 19:04:08.309 71372 INFO tempest.lib.common.rest_client [req-91b3f829-bae3-45c6-ab7e-308a3c4a6bc1 req-91b3f829-bae3-45c6-ab7e-308a3c4a6bc1 ] Request (ServersAdminNegativeTestJSON:tearDownClass): 200 GET http://10.180.1.21/compute/v2.1/servers/a8f66b3f-61ac-45aa-ae7b-70d1bca99e24 0.058s
2025-04-03 19:04:08.506 71410 INFO tempest.lib.common.rest_client [req-0b9c50af-bad5-4030-b175-bc5ebc4f3c50 req-0b9c50af-bad5-4030-b175-bc5ebc4f3c50 ] Request (AttachInterfacesV270Test:test_create_get_list_interfaces): 200 GET http://10.180.1.21/compute/v2.1/servers/573db876-a240-4289-a666-e2ad13f83b0d 0.112s
2025-04-03 19:04:08.573 71378 INFO tempest.lib.common.rest_client [req-b4081b5d-162b-4055-8a41-2aaf8d9d7c59 req-b4081b5d-162b-4055-8a41-2aaf8d9d7c59 ] Request (DeleteServersAdminTestJSON:test_delete_server_while_in_error_state): 200 GET http://10.180.1.21/compute/v2.1/servers/03afbe12-b1c9-4613-b434-03c93336c95a 0.129s
2025-04-03 19:04:08.620 71354 INFO tempest.lib.common.rest_client [req-fac94ebc-c0c1-46e1-95e2-f0d144a19fe3 req-fac94ebc-c0c1-46e1-95e2-f0d144a19fe3 ] Request (ServerMetadataTestJSON:setUpClass): 200 GET http://10.180.1.21/compute/v2.1/servers/d3c5ee07-a0e5-47eb-8c79-786699338629 0.254s
2025-04-03 19:04:08.642 71400 INFO tempest.lib.common.rest_client [req-231c6e90-0fb6-4f9f-928c-e83d699cc553 req-231c6e90-0fb6-4f9f-928c-e83d699cc553 ] Request (InstanceActionsV221TestJSON:test_get_list_deleted_instance_actions): 200 GET http://10.180.1.21/compute/v2.1/servers/d114d86b-843c-4928-b251-5747b5d6b5ec 0.140s
2025-04-03 19:04:08.671 71370 INFO tempest.lib.common.rest_client [req-c82587e4-d088-490c-9e20-abe70e9b0b07 req-c82587e4-d088-490c-9e20-abe70e9b0b07 ] Request (SecurityGroupsTestJSON:test_server_security_groups): 200 GET http://10.180.1.21/compute/v2.1/servers/43473e6e-fd19-4826-98ef-8c66275f997a 0.116s
2025-04-03 19:04:08.678 71370 INFO tempest.common.waiters [-] State transition "BUILD/None" ==> "BUILD/networking" after 45 second wait
2025-04-03 19:04:08.800 71390 INFO tempest.lib.common.rest_client [req-d9c6a62c-6ab1-4db6-9b77-6b10ad041576 req-d9c6a62c-6ab1-4db6-9b77-6b10ad041576 ] Request (ServerRescueTestJSON:test_rescue_unrescue_instance): 200 GET http://10.180.1.21/compute/v2.1/servers/50270e8a-cf20-48b5-8b4a-ee8b839248bc 0.070s
2025-04-03 19:04:08.881 71358 INFO tempest.lib.common.rest_client [req-04ea0c96-b938-4781-b23e-042a42c35030 req-04ea0c96-b938-4781-b23e-042a42c35030 ] Request (ServersAdminTestJSON:test_create_server_with_scheduling_hint): 200 GET http://10.180.1.21/compute/v2.1/servers/a9c09f10-52bf-4b7a-b7f1-c432c23c88b0 0.088s
2025-04-03 19:04:08.892 71386 INFO tempest.lib.common.rest_client [req-079e60ab-7645-4de9-9456-63ae28457284 req-079e60ab-7645-4de9-9456-63ae28457284 ] Request (ServerAddressesNegativeTestJSON:setUpClass): 200 GET http://10.180.1.21/compute/v2.1/servers/d30222bd-1fc5-4c3a-9801-f5e7bf9e75b6 0.219s
2025-04-03 19:04:08.941 71364 INFO tempest.lib.common.rest_client [req-7ab9958c-502e-4eed-9683-3f4fbeb2d673 req-7ab9958c-502e-4eed-9683-3f4fbeb2d673 ] Request (ImagesTestJSON:test_create_image_from_suspended_server): 200 GET http://10.180.1.21/compute/v2.1/servers/227ce655-b7d4-484c-85f6-40f014412044 0.065s
2025-04-03 19:04:08.948 71360 INFO tempest.lib.common.rest_client [req-35dceb64-d2f9-44ec-b6fd-3cfded82bfc7 req-35dceb64-d2f9-44ec-b6fd-3cfded82bfc7 ] Request (ImagesOneServerTestJSON:test_create_delete_image): 200 GET http://10.180.1.21/compute/v2.1/images/625f3f48-457c-4716-bdb9-6ea56d03e92d 0.045s
2025-04-03 19:04:08.993 71360 INFO tempest.lib.common.rest_client [req-392f7a06-c94e-4f6a-a8da-d20e1121e6b4 req-392f7a06-c94e-4f6a-a8da-d20e1121e6b4 ] Request (ImagesOneServerTestJSON:test_create_delete_image): 200 GET http://10.180.1.21/compute/v2.1/images/625f3f48-457c-4716-bdb9-6ea56d03e92d 0.038s
2025-04-03 19:04:09.060 71404 INFO tempest.lib.common.rest_client [req-610defa5-f9ed-446d-9d3d-5cf7bfebca84 req-610defa5-f9ed-446d-9d3d-5cf7bfebca84 ] Request (FloatingIPsAssociationTestJSON:setUpClass): 200 GET http://10.180.1.21/compute/v2.1/servers/37e0139a-2f1f-4945-9b64-3a711e7759cb 0.094s
2025-04-03 19:04:09.062 71398 INFO tempest.lib.common.rest_client [req-0a8c2469-09bc-40dc-bfda-827f690d9015 req-0a8c2469-09bc-40dc-bfda-827f690d9015 ] Request (MigrationsAdminTest:test_list_migrations_in_flavor_resize_situation): 200 GET http://10.180.1.21/compute/v2.1/servers/234bae3a-7868-453f-9072-24eb855d57ed 0.125s
2025-04-03 19:04:09.118 71416 INFO tempest.lib.common.rest_client [req-59e1d225-345e-43b3-9909-66b405633878 req-59e1d225-345e-43b3-9909-66b405633878 ] Request (InstanceActionsNegativeTestJSON:setUpClass): 200 GET http://10.180.1.21/compute/v2.1/servers/251b39b1-ca0b-42d9-ac88-3bbd6aa864a2 0.139s
2025-04-03 19:04:09.183 71402 INFO tempest.lib.common.rest_client [req-4a415e2e-b99d-4af4-a112-8c16af586451 req-4a415e2e-b99d-4af4-a112-8c16af586451 ] Request (ServerShowV257Test:test_rebuild_server): 200 GET http://10.180.1.21/compute/v2.1/servers/dd1c3bef-07d4-4475-94e1-d49a3927e990 0.151s
2025-04-03 19:04:09.188 71360 INFO tempest.lib.common.rest_client [req-814fdf94-4c3d-40c6-8f65-63f695a58ee9 req-814fdf94-4c3d-40c6-8f65-63f695a58ee9 ] Request (ImagesOneServerTestJSON:test_create_delete_image): 200 GET http://10.180.1.21/compute/v2.1/servers/8a655321-9dcf-41f1-820b-2d44039e289b 0.191s
2025-04-03 19:04:09.233 71389 INFO tempest.lib.common.rest_client [req-133fa257-b16e-4575-a02a-952ddd52ec7e req-133fa257-b16e-4575-a02a-952ddd52ec7e ] Request (FloatingIPsAssociationNegativeTestJSON:setUpClass): 200 GET http://10.180.1.21/compute/v2.1/servers/8cce201b-6d8a-4145-99be-e8c0c8bf9685 0.156s
2025-04-03 19:04:09.245 71394 INFO tempest.lib.common.rest_client [req-e8d1fc4e-fabc-491e-ad8c-9e78e969ffd0 req-e8d1fc4e-fabc-491e-ad8c-9e78e969ffd0 ] Request (ServerShowV247Test:test_update_rebuild_list_server): 200 GET http://10.180.1.21/compute/v2.1/servers/20b1b140-6b52-4aaa-aa2c-bb074b137caf 0.201s
2025-04-03 19:04:09.294 71374 INFO tempest.lib.common.rest_client [req-0f93a3b4-df8e-41d1-b5f3-462335cc08d3 req-0f93a3b4-df8e-41d1-b5f3-462335cc08d3 ] Request (ServerDiagnosticsNegativeTest:tearDownClass): 200 GET http://10.180.1.21/compute/v2.1/servers/c7f229c2-eab7-4906-8e1f-8cfefd4ac060 0.197s
2025-04-03 19:04:09.305 71376 INFO tempest.lib.common.rest_client [req-f0c94c0d-c6eb-480f-9a57-a517228dd612 req-f0c94c0d-c6eb-480f-9a57-a517228dd612 ] Request (ServerDiskConfigTestJSON:test_rebuild_server_with_manual_disk_config): 200 GET http://10.180.1.21/compute/v2.1/servers/e9a83d03-eb36-4d1e-9f24-cd0a3f3fe375 0.177s
2025-04-03 19:04:09.343 71414 INFO tempest.lib.common.rest_client [req-44bf2caf-e4e0-4a8a-b249-cdb06c04b002 req-44bf2caf-e4e0-4a8a-b249-cdb06c04b002 ] Request (ServerAddressesTestJSON:setUpClass): 200 GET http://10.180.1.21/compute/v2.1/servers/dd24ca9e-8ed7-449d-99af-345f32867233 0.171s
2025-04-03 19:04:09.351 71366 INFO tempest.lib.common.rest_client [req-6346ef6f-d2fc-4abe-bccf-0be56b8d8f6f req-6346ef6f-d2fc-4abe-bccf-0be56b8d8f6f ] Request (ServerActionsTestJSON:setUpClass): 200 GET http://10.180.1.21/compute/v2.1/servers/58c5506b-a2a4-475c-aa80-27b9732234d0 0.132s
2025-04-03 19:04:09.400 71382 INFO tempest.lib.common.rest_client [req-11a4a338-6455-4d77-89c1-04c49c08a1f2 req-11a4a338-6455-4d77-89c1-04c49c08a1f2 ] Request (ServersListShow298Test:test_list_show_update_rebuild_server_298): 200 GET http://10.180.1.21/compute/v2.1/servers/490b72f5-9712-4947-bbff-0d603c264d7b 0.170s
2025-04-03 19:04:09.436 71384 INFO tempest.lib.common.rest_client [req-39c43eb0-08c3-49d8-bdb1-1b9c8f659188 req-39c43eb0-08c3-49d8-bdb1-1b9c8f659188 ] Request (ImagesOneServerNegativeTestJSON:tearDown): 200 GET http://10.180.1.21/compute/v2.1/servers/3f635fb7-bd5d-4dbf-b1a6-a1b75c1a456b 0.127s
2025-04-03 19:04:09.443 71384 INFO tempest.common.waiters [-] State transition "ACTIVE/image_snapshot_pending" ==> "ACTIVE/image_snapshot" after 1 second wait
2025-04-03 19:04:09.450 71372 INFO tempest.lib.common.rest_client [req-d3c29f78-93a6-4af0-951c-ffff6f9d3f52 req-d3c29f78-93a6-4af0-951c-ffff6f9d3f52 ] Request (ServersAdminNegativeTestJSON:tearDownClass): 200 GET http://10.180.1.21/compute/v2.1/servers/a8f66b3f-61ac-45aa-ae7b-70d1bca99e24 0.134s
2025-04-03 19:04:09.612 71410 INFO tempest.lib.common.rest_client [req-797365f5-bb7f-4b4d-bfc0-cc15419be5d0 req-797365f5-bb7f-4b4d-bfc0-cc15419be5d0 ] Request (AttachInterfacesV270Test:test_create_get_list_interfaces): 200 GET http://10.180.1.21/compute/v2.1/servers/573db876-a240-4289-a666-e2ad13f83b0d 0.086s
2025-04-03 19:04:09.637 71378 INFO tempest.lib.common.rest_client [req-da5955c3-81a5-435b-aae8-78a0554a5b81 req-da5955c3-81a5-435b-aae8-78a0554a5b81 ] Request (DeleteServersAdminTestJSON:test_delete_server_while_in_error_state): 200 GET http://10.180.1.21/compute/v2.1/servers/03afbe12-b1c9-4613-b434-03c93336c95a 0.055s
2025-04-03 19:04:09.681 71354 INFO tempest.lib.common.rest_client [req-46d63746-559f-4523-a042-1e07e5feeefe req-46d63746-559f-4523-a042-1e07e5feeefe ] Request (ServerMetadataTestJSON:setUpClass): 200 GET http://10.180.1.21/compute/v2.1/servers/d3c5ee07-a0e5-47eb-8c79-786699338629 0.050s
2025-04-03 19:04:09.710 71400 INFO tempest.lib.common.rest_client [req-2746d822-ddcd-4e4b-b78f-19aca16845eb req-2746d822-ddcd-4e4b-b78f-19aca16845eb ] Request (InstanceActionsV221TestJSON:test_get_list_deleted_instance_actions): 200 GET http://10.180.1.21/compute/v2.1/servers/d114d86b-843c-4928-b251-5747b5d6b5ec 0.059s
2025-04-03 19:04:09.783 71370 INFO tempest.lib.common.rest_client [req-b6021a3d-17a5-42be-af37-edf9184395ff req-b6021a3d-17a5-42be-af37-edf9184395ff ] Request (SecurityGroupsTestJSON:test_server_security_groups): 200 GET http://10.180.1.21/compute/v2.1/servers/43473e6e-fd19-4826-98ef-8c66275f997a 0.103s
2025-04-03 19:04:09.790 71370 INFO tempest.common.waiters [-] State transition "BUILD/networking" ==> "BUILD/spawning" after 46 second wait
2025-04-03 19:04:09.876 71390 INFO tempest.lib.common.rest_client [req-20a364e7-8feb-459e-94bc-cb18b9f7189d req-20a364e7-8feb-459e-94bc-cb18b9f7189d ] Request (ServerRescueTestJSON:test_rescue_unrescue_instance): 200 GET http://10.180.1.21/compute/v2.1/servers/50270e8a-cf20-48b5-8b4a-ee8b839248bc 0.068s
2025-04-03 19:04:09.955 71358 INFO tempest.lib.common.rest_client [req-85bc422b-a8e8-4ae8-8e47-c9184e510bf8 req-85bc422b-a8e8-4ae8-8e47-c9184e510bf8 ] Request (ServersAdminTestJSON:test_create_server_with_scheduling_hint): 200 GET http://10.180.1.21/compute/v2.1/servers/a9c09f10-52bf-4b7a-b7f1-c432c23c88b0 0.058s
2025-04-03 19:04:10.002 71386 INFO tempest.lib.common.rest_client [req-0f8fa175-e676-4854-83ad-c832999418c2 req-0f8fa175-e676-4854-83ad-c832999418c2 ] Request (ServerAddressesNegativeTestJSON:setUpClass): 200 GET http://10.180.1.21/compute/v2.1/servers/d30222bd-1fc5-4c3a-9801-f5e7bf9e75b6 0.101s
2025-04-03 19:04:10.004 71364 INFO tempest.lib.common.rest_client [req-3ba5e259-67fd-42ce-b3ea-5f207f4d1dbe req-3ba5e259-67fd-42ce-b3ea-5f207f4d1dbe ] Request (ImagesTestJSON:test_create_image_from_suspended_server): 200 GET http://10.180.1.21/compute/v2.1/servers/227ce655-b7d4-484c-85f6-40f014412044 0.054s
2025-04-03 19:04:10.117 71404 INFO tempest.lib.common.rest_client [req-071fc294-b6e8-4050-8c9b-97f3790f71f2 req-071fc294-b6e8-4050-8c9b-97f3790f71f2 ] Request (FloatingIPsAssociationTestJSON:setUpClass): 200 GET http://10.180.1.21/compute/v2.1/servers/37e0139a-2f1f-4945-9b64-3a711e7759cb 0.048s
2025-04-03 19:04:10.179 71416 INFO tempest.lib.common.rest_client [req-f1607b4c-078e-4abf-9311-8b4893660df6 req-f1607b4c-078e-4abf-9311-8b4893660df6 ] Request (InstanceActionsNegativeTestJSON:setUpClass): 200 GET http://10.180.1.21/compute/v2.1/servers/251b39b1-ca0b-42d9-ac88-3bbd6aa864a2 0.053s
2025-04-03 19:04:10.197 71398 INFO tempest.lib.common.rest_client [req-4f789284-b23e-48e1-bbef-6aa88f5219fc req-4f789284-b23e-48e1-bbef-6aa88f5219fc ] Request (MigrationsAdminTest:test_list_migrations_in_flavor_resize_situation): 200 GET http://10.180.1.21/compute/v2.1/servers/234bae3a-7868-453f-9072-24eb855d57ed 0.126s
2025-04-03 19:04:10.250 71402 INFO tempest.lib.common.rest_client [req-238ac3f8-5247-420b-8277-f334f785f961 req-238ac3f8-5247-420b-8277-f334f785f961 ] Request (ServerShowV257Test:test_rebuild_server): 200 GET http://10.180.1.21/compute/v2.1/servers/dd1c3bef-07d4-4475-94e1-d49a3927e990 0.051s
2025-04-03 19:04:10.295 71389 INFO tempest.lib.common.rest_client [req-6c059d4f-3c3e-4933-afb8-ad4b10080f81 req-6c059d4f-3c3e-4933-afb8-ad4b10080f81 ] Request (FloatingIPsAssociationNegativeTestJSON:setUpClass): 200 GET http://10.180.1.21/compute/v2.1/servers/8cce201b-6d8a-4145-99be-e8c0c8bf9685 0.054s
2025-04-03 19:04:10.314 71360 INFO tempest.lib.common.rest_client [req-9778dec3-e316-412f-a40b-c36609d9c418 req-9778dec3-e316-412f-a40b-c36609d9c418 ] Request (ImagesOneServerTestJSON:test_create_delete_image): 200 GET http://10.180.1.21/compute/v2.1/servers/8a655321-9dcf-41f1-820b-2d44039e289b 0.113s
2025-04-03 19:04:10.334 71374 INFO tempest.lib.common.rest_client [req-937ba822-31ed-42b4-adea-c401e687c69d req-937ba822-31ed-42b4-adea-c401e687c69d ] Request (ServerDiagnosticsNegativeTest:tearDownClass): 404 GET http://10.180.1.21/compute/v2.1/servers/c7f229c2-eab7-4906-8e1f-8cfefd4ac060 0.028s
2025-04-03 19:04:10.344 71394 INFO tempest.lib.common.rest_client [req-8abec945-53cf-48aa-bc98-0bc311a99430 req-8abec945-53cf-48aa-bc98-0bc311a99430 ] Request (ServerShowV247Test:test_update_rebuild_list_server): 200 GET http://10.180.1.21/compute/v2.1/servers/20b1b140-6b52-4aaa-aa2c-bb074b137caf 0.089s
2025-04-03 19:04:10.397 71376 INFO tempest.lib.common.rest_client [req-df85fa0c-a811-4e0a-b18b-1548a7dba669 req-df85fa0c-a811-4e0a-b18b-1548a7dba669 ] Request (ServerDiskConfigTestJSON:test_rebuild_server_with_manual_disk_config): 200 GET http://10.180.1.21/compute/v2.1/servers/e9a83d03-eb36-4d1e-9f24-cd0a3f3fe375 0.082s
2025-04-03 19:04:10.413 71414 INFO tempest.lib.common.rest_client [req-6abc3587-f68d-4af0-8983-0b7737bb6eb9 req-6abc3587-f68d-4af0-8983-0b7737bb6eb9 ] Request (ServerAddressesTestJSON:setUpClass): 200 GET http://10.180.1.21/compute/v2.1/servers/dd24ca9e-8ed7-449d-99af-345f32867233 0.062s
2025-04-03 19:04:10.438 71374 INFO tempest.lib.common.rest_client [req-b42f4cd7-1cb2-4c1e-95d5-1a3c5ce2a1dd req-b42f4cd7-1cb2-4c1e-95d5-1a3c5ce2a1dd ] Request (ServerDiagnosticsNegativeTest:tearDownClass): 204 DELETE http://10.180.1.21/identity/v3/users/5ae4468d1a4e43c89961e71fdb60d25c 0.103s
2025-04-03 19:04:10.459 71366 INFO tempest.lib.common.rest_client [req-aa1ca051-ed32-4cc8-91de-e64023b114e4 req-aa1ca051-ed32-4cc8-91de-e64023b114e4 ] Request (ServerActionsTestJSON:setUpClass): 200 GET http://10.180.1.21/compute/v2.1/servers/58c5506b-a2a4-475c-aa80-27b9732234d0 0.100s
2025-04-03 19:04:10.490 71356 WARNING tempest.lib.common.ssh [-] Failed to establish authenticated ssh connection to cirros@10.180.180.152 ([Errno None] Unable to connect to port 22 on 10.180.180.152). Number attempts: 6. Retry after 7 seconds.: paramiko.ssh_exception.NoValidConnectionsError: [Errno None] Unable to connect to port 22 on 10.180.180.152
2025-04-03 19:04:10.491 71382 INFO tempest.lib.common.rest_client [req-ed8ee75f-a8dc-4a35-bf5c-cbabc47d64b1 req-ed8ee75f-a8dc-4a35-bf5c-cbabc47d64b1 ] Request (ServersListShow298Test:test_list_show_update_rebuild_server_298): 200 GET http://10.180.1.21/compute/v2.1/servers/490b72f5-9712-4947-bbff-0d603c264d7b 0.080s
2025-04-03 19:04:10.545 71374 INFO tempest.lib.common.rest_client [req-c66768fd-9298-470c-9444-6fbf4bdcef76 req-c66768fd-9298-470c-9444-6fbf4bdcef76 ] Request (ServerDiagnosticsNegativeTest:tearDownClass): 204 DELETE http://10.180.1.21/identity/v3/users/5af47ff5a6cc48e595f9ffe148af4d78 0.107s
2025-04-03 19:04:10.546 71374 INFO tempest.lib.common.dynamic_creds [-] Deleting project and security group for project: 032a6657ddec4758a0ac89bbecded646
2025-04-03 19:04:10.551 71372 INFO tempest.lib.common.rest_client [req-b88aee49-f14b-4d25-a897-2530309b4fb0 req-b88aee49-f14b-4d25-a897-2530309b4fb0 ] Request (ServersAdminNegativeTestJSON:tearDownClass): 200 GET http://10.180.1.21/compute/v2.1/servers/a8f66b3f-61ac-45aa-ae7b-70d1bca99e24 0.093s
2025-04-03 19:04:10.606 71374 INFO tempest.lib.common.rest_client [req-3c20514b-5417-4d43-aca9-832aa920f14d req-3c20514b-5417-4d43-aca9-832aa920f14d ] Request (ServerDiagnosticsNegativeTest:tearDownClass): 201 POST http://10.180.1.21/identity/v3/auth/tokens 0.060s
2025-04-03 19:04:10.630 71384 INFO tempest.lib.common.rest_client [req-c71406da-39f9-4140-bd9f-c8689d0aad58 req-c71406da-39f9-4140-bd9f-c8689d0aad58 ] Request (ImagesOneServerNegativeTestJSON:tearDown): 200 GET http://10.180.1.21/compute/v2.1/servers/3f635fb7-bd5d-4dbf-b1a6-a1b75c1a456b 0.185s
2025-04-03 19:04:10.637 71384 INFO tempest.common.waiters [-] State transition "ACTIVE/image_snapshot" ==> "ACTIVE/image_pending_upload" after 2 second wait
2025-04-03 19:04:10.710 71374 INFO tempest.lib.common.rest_client [req-9d0372fa-2b43-4e1f-a563-2cfe7d71c061 req-9d0372fa-2b43-4e1f-a563-2cfe7d71c061 ] Request (ServerDiagnosticsNegativeTest:tearDownClass): 200 GET http://10.180.1.21:9696/networking/v2.0/security-groups?tenant_id=032a6657ddec4758a0ac89bbecded646&name=default 0.103s
2025-04-03 19:04:10.731 71378 INFO tempest.lib.common.rest_client [req-d5f15bab-a5a3-4dda-8ac5-afb4ae05feaf req-d5f15bab-a5a3-4dda-8ac5-afb4ae05feaf ] Request (DeleteServersAdminTestJSON:test_delete_server_while_in_error_state): 200 GET http://10.180.1.21/compute/v2.1/servers/03afbe12-b1c9-4613-b434-03c93336c95a 0.085s
2025-04-03 19:04:10.762 71410 INFO tempest.lib.common.rest_client [req-ea2ab3de-81c8-4260-ab4c-429d03e8d512 req-ea2ab3de-81c8-4260-ab4c-429d03e8d512 ] Request (AttachInterfacesV270Test:test_create_get_list_interfaces): 200 GET http://10.180.1.21/compute/v2.1/servers/573db876-a240-4289-a666-e2ad13f83b0d 0.140s
2025-04-03 19:04:10.817 71354 INFO tempest.lib.common.rest_client [req-59091448-cce7-480e-9bbd-ce8ec6b14071 req-59091448-cce7-480e-9bbd-ce8ec6b14071 ] Request (ServerMetadataTestJSON:setUpClass): 200 GET http://10.180.1.21/compute/v2.1/servers/d3c5ee07-a0e5-47eb-8c79-786699338629 0.127s
2025-04-03 19:04:10.850 71400 INFO tempest.lib.common.rest_client [req-66f75920-c996-4548-bf58-0cb8b864b05e req-66f75920-c996-4548-bf58-0cb8b864b05e ] Request (InstanceActionsV221TestJSON:test_get_list_deleted_instance_actions): 200 GET http://10.180.1.21/compute/v2.1/servers/d114d86b-843c-4928-b251-5747b5d6b5ec 0.131s
2025-04-03 19:04:10.919 71374 INFO tempest.lib.common.rest_client [req-a7b838ab-c0d7-46e2-99d5-f57b4551521e req-a7b838ab-c0d7-46e2-99d5-f57b4551521e ] Request (ServerDiagnosticsNegativeTest:tearDownClass): 204 DELETE http://10.180.1.21:9696/networking/v2.0/security-groups/d836d9ce-e1ca-4b64-8972-48ea40cf593e 0.208s
2025-04-03 19:04:10.948 71390 INFO tempest.lib.common.rest_client [req-ad3840ab-6010-4e98-9cb6-e98e469de8fa req-ad3840ab-6010-4e98-9cb6-e98e469de8fa ] Request (ServerRescueTestJSON:test_rescue_unrescue_instance): 200 GET http://10.180.1.21/compute/v2.1/servers/50270e8a-cf20-48b5-8b4a-ee8b839248bc 0.064s
2025-04-03 19:04:10.966 71370 INFO tempest.lib.common.rest_client [req-d4cec59e-59b7-422d-a5ff-65976b52474e req-d4cec59e-59b7-422d-a5ff-65976b52474e ] Request (SecurityGroupsTestJSON:test_server_security_groups): 200 GET http://10.180.1.21/compute/v2.1/servers/43473e6e-fd19-4826-98ef-8c66275f997a 0.172s
2025-04-03 19:04:10.999 71374 INFO tempest.lib.common.rest_client [req-f9239b62-3224-4e2e-88bd-1c8bc51b3f97 req-f9239b62-3224-4e2e-88bd-1c8bc51b3f97 ] Request (ServerDiagnosticsNegativeTest:tearDownClass): 204 DELETE http://10.180.1.21/identity/v3/projects/032a6657ddec4758a0ac89bbecded646 0.079s
2025-04-03 19:04:10.999 71374 INFO tempest.lib.common.dynamic_creds [-] Deleting project and security group for project: d4d4fcb43ebc49e6b9f4f1ec69caa984
2025-04-03 19:04:11.019 71358 INFO tempest.lib.common.rest_client [req-6cf08e2f-47ac-40cb-914b-e20b78169291 req-6cf08e2f-47ac-40cb-914b-e20b78169291 ] Request (ServersAdminTestJSON:test_create_server_with_scheduling_hint): 200 GET http://10.180.1.21/compute/v2.1/servers/a9c09f10-52bf-4b7a-b7f1-c432c23c88b0 0.055s
2025-04-03 19:04:11.069 71364 INFO tempest.lib.common.rest_client [req-c91336be-eaae-4461-b64f-55c6a37ed395 req-c91336be-eaae-4461-b64f-55c6a37ed395 ] Request (ImagesTestJSON:test_create_image_from_suspended_server): 200 GET http://10.180.1.21/compute/v2.1/servers/227ce655-b7d4-484c-85f6-40f014412044 0.056s
2025-04-03 19:04:11.124 71386 INFO tempest.lib.common.rest_client [req-fd41f816-0756-471d-b578-b5ef9621a5b1 req-fd41f816-0756-471d-b578-b5ef9621a5b1 ] Request (ServerAddressesNegativeTestJSON:setUpClass): 200 GET http://10.180.1.21/compute/v2.1/servers/d30222bd-1fc5-4c3a-9801-f5e7bf9e75b6 0.113s
2025-04-03 19:04:11.124 71374 INFO tempest.lib.common.rest_client [req-b98469a9-6de2-4303-a5d0-aaa064152cb5 req-b98469a9-6de2-4303-a5d0-aaa064152cb5 ] Request (ServerDiagnosticsNegativeTest:tearDownClass): 200 GET http://10.180.1.21:9696/networking/v2.0/security-groups?tenant_id=d4d4fcb43ebc49e6b9f4f1ec69caa984&name=default 0.125s
2025-04-03 19:04:11.131 71386 INFO tempest.common.waiters [-] State transition "BUILD/spawning" ==> "ACTIVE/None" after 57 second wait
2025-04-03 19:04:11.158 71386 INFO tempest.lib.common.rest_client [req-b4744321-c0d0-44e3-94a4-48e830e4e926 req-b4744321-c0d0-44e3-94a4-48e830e4e926 ] Request (ServerAddressesNegativeTestJSON:test_list_server_addresses_by_network_neg): 404 GET http://10.180.1.21/compute/v2.1/servers/d30222bd-1fc5-4c3a-9801-f5e7bf9e75b6/ips/invalid 0.027s
2025-04-03 19:04:11.167 71386 INFO tempest.lib.common.rest_client [req-1256ddf3-e054-4798-833b-8493c1ef5734 req-1256ddf3-e054-4798-833b-8493c1ef5734 ] Request (ServerAddressesNegativeTestJSON:test_list_server_addresses_invalid_server_id): 404 GET http://10.180.1.21/compute/v2.1/servers/999/ips 0.007s
2025-04-03 19:04:11.177 71404 INFO tempest.lib.common.rest_client [req-9b5f727c-0e1f-4dd7-9d1f-d1e60ea369f9 req-9b5f727c-0e1f-4dd7-9d1f-d1e60ea369f9 ] Request (FloatingIPsAssociationTestJSON:setUpClass): 200 GET http://10.180.1.21/compute/v2.1/servers/37e0139a-2f1f-4945-9b64-3a711e7759cb 0.053s
2025-04-03 19:04:11.194 71374 INFO tempest.lib.common.rest_client [req-bbdb3a5a-e25b-43cb-a865-24c7f444c818 req-bbdb3a5a-e25b-43cb-a865-24c7f444c818 ] Request (ServerDiagnosticsNegativeTest:tearDownClass): 204 DELETE http://10.180.1.21:9696/networking/v2.0/security-groups/1e5938b7-d14a-4ad2-ad32-40f00794e124 0.069s
2025-04-03 19:04:11.239 71416 INFO tempest.lib.common.rest_client [req-a2782650-d377-4a28-90fb-1db4d2972081 req-a2782650-d377-4a28-90fb-1db4d2972081 ] Request (InstanceActionsNegativeTestJSON:setUpClass): 200 GET http://10.180.1.21/compute/v2.1/servers/251b39b1-ca0b-42d9-ac88-3bbd6aa864a2 0.052s
2025-04-03 19:04:11.248 71386 INFO tempest.lib.common.rest_client [req-721a0553-bc41-4be7-99ef-da2085708f8b req-721a0553-bc41-4be7-99ef-da2085708f8b ] Request (ServerAddressesNegativeTestJSON:tearDownClass): 204 DELETE http://10.180.1.21/compute/v2.1/servers/d30222bd-1fc5-4c3a-9801-f5e7bf9e75b6 0.075s
2025-04-03 19:04:11.297 71374 INFO tempest.lib.common.rest_client [req-8775c35f-2d60-41e9-8270-496091239136 req-8775c35f-2d60-41e9-8270-496091239136 ] Request (ServerDiagnosticsNegativeTest:tearDownClass): 204 DELETE http://10.180.1.21/identity/v3/projects/d4d4fcb43ebc49e6b9f4f1ec69caa984 0.102s
2025-04-03 19:04:11.338 71386 INFO tempest.lib.common.rest_client [req-5338a0a5-d789-4421-9287-e463ecdbbd2f req-5338a0a5-d789-4421-9287-e463ecdbbd2f ] Request (ServerAddressesNegativeTestJSON:tearDownClass): 200 GET http://10.180.1.21/compute/v2.1/servers/d30222bd-1fc5-4c3a-9801-f5e7bf9e75b6 0.089s
2025-04-03 19:04:11.368 71374 INFO tempest.lib.common.rest_client [req-bdab1ddd-1c5a-46ae-b8df-f4f79801131d req-bdab1ddd-1c5a-46ae-b8df-f4f79801131d ] Request (ServerActionsTestOtherA:setUpClass): 201 POST http://10.180.1.21/identity/v3/auth/tokens 0.069s
2025-04-03 19:04:11.377 71398 INFO tempest.lib.common.rest_client [req-924b30e6-fbfa-4314-8005-010f70125b77 req-924b30e6-fbfa-4314-8005-010f70125b77 ] Request (MigrationsAdminTest:test_list_migrations_in_flavor_resize_situation): 200 GET http://10.180.1.21/compute/v2.1/servers/234bae3a-7868-453f-9072-24eb855d57ed 0.172s
2025-04-03 19:04:11.390 71402 INFO tempest.lib.common.rest_client [req-3f944f77-e57c-45b4-a3e8-b203237f24de req-3f944f77-e57c-45b4-a3e8-b203237f24de ] Request (ServerShowV257Test:test_rebuild_server): 200 GET http://10.180.1.21/compute/v2.1/servers/dd1c3bef-07d4-4475-94e1-d49a3927e990 0.130s
2025-04-03 19:04:11.400 71374 INFO tempest.lib.common.rest_client [req-99a5b1f3-c88f-4f79-8565-ff9ce61bfd2d req-99a5b1f3-c88f-4f79-8565-ff9ce61bfd2d ] Request (ServerActionsTestOtherA:setUpClass): 201 POST http://10.180.1.21/identity/v3/auth/tokens 0.028s
2025-04-03 19:04:11.425 71389 INFO tempest.lib.common.rest_client [req-0f7c8924-0b11-42d2-b590-dce2f6cc9099 req-0f7c8924-0b11-42d2-b590-dce2f6cc9099 ] Request (FloatingIPsAssociationNegativeTestJSON:setUpClass): 200 GET http://10.180.1.21/compute/v2.1/servers/8cce201b-6d8a-4145-99be-e8c0c8bf9685 0.121s
2025-04-03 19:04:11.430 71374 INFO tempest.lib.common.rest_client [req-1deba063-adbb-424e-9e5f-be3707c9bf3e req-1deba063-adbb-424e-9e5f-be3707c9bf3e ] Request (ServerActionsTestOtherA:setUpClass): 200 GET http://10.180.1.21/identity/v3/domains?name=Default 0.029s
2025-04-03 19:04:11.461 71374 INFO tempest.lib.common.rest_client [req-8fee3a6d-58c4-4b37-b63a-ec3240ccc932 req-8fee3a6d-58c4-4b37-b63a-ec3240ccc932 ] Request (ServerActionsTestOtherA:setUpClass): 201 POST http://10.180.1.21/identity/v3/projects 0.030s
