2025-04-03 19:03:23.237 71374 INFO tempest.lib.common.rest_client [req-38b8376c-4715-4978-84c6-af0887333ce6 req-38b8376c-4715-4978-84c6-af0887333ce6 ] Request (ServerDiagnosticsNegativeTest:test_get_server_diagnostics_by_non_admin): 200 GET http://10.180.1.21/compute/v2.1/servers/c7f229c2-eab7-4906-8e1f-8cfefd4ac060 0.659s
2025-04-03 19:03:23.247 71414 INFO tempest.lib.common.rest_client [req-38f3bc6c-4e1f-4682-83f8-1000fb35d8a2 req-38f3bc6c-4e1f-4682-83f8-1000fb35d8a2 ] Request (HypervisorAdminTestJSON:test_get_hypervisor_stats): 200 GET http://10.180.1.21/compute/v2.1/os-hypervisors/statistics 0.539s
2025-04-03 19:03:23.252 71416 INFO tempest.lib.common.rest_client [req-2d6f904e-a19a-4efc-8495-bc20579c5f36 req-2d6f904e-a19a-4efc-8495-bc20579c5f36 ] Request (InstanceActionsNegativeTestJSON:setUpClass): 204 PUT http://10.180.1.21/identity/v3/projects/5ad7458eb97f4641b84a2ea4fbb1bea3/users/478676b150f441c4941205e99deafc5f/roles/8183cca0cb594307afe3bb488291649b 0.037s
2025-04-03 19:03:23.252 71416 INFO tempest.lib.common.dynamic_creds [-] Dynamic test user 478676b150f441c4941205e99deafc5f is created with scope project and roles: ['member']
2025-04-03 19:03:23.253 71416 INFO tempest.lib.common.dynamic_creds [-] Acquired dynamic creds: credentials: Credentials: {'domain_id': 'default', 'domain_name': 'Default', 'username': 'tempest-InstanceActionsNegativeTestJSON-917832770-project-member', 'project_domain_id': 'default', 'project_domain_name': 'Default', 'project_id': '5ad7458eb97f4641b84a2ea4fbb1bea3', 'project_name': 'tempest-InstanceActionsNegativeTestJSON-917832770', 'tenant_id': '5ad7458eb97f4641b84a2ea4fbb1bea3', 'tenant_name': 'tempest-InstanceActionsNegativeTestJSON-917832770', 'user_domain_id': 'default', 'user_domain_name': 'Default', 'user_id': '478676b150f441c4941205e99deafc5f', 'system': None}, Network: None, Subnet: None, Router: None
2025-04-03 19:03:23.275 71394 INFO tempest.lib.common.rest_client [req-b917f048-b30a-4172-b95b-8ae866d02a28 req-b917f048-b30a-4172-b95b-8ae866d02a28 ] Request (FlavorsAdminTestJSON:test_list_public_flavor_with_other_user): 200 POST http://10.180.1.21/compute/v2.1/flavors 0.492s
2025-04-03 19:03:23.325 71416 INFO tempest.lib.common.rest_client [req-e06dd1e5-76ea-4cb9-9d64-2df873d3900e req-e06dd1e5-76ea-4cb9-9d64-2df873d3900e ] Request (InstanceActionsNegativeTestJSON:setUpClass): 201 POST http://10.180.1.21/identity/v3/auth/tokens 0.071s
2025-04-03 19:03:23.337 71370 INFO tempest.lib.common.rest_client [req-65f5394b-d691-47b5-9754-35d1167de0f1 req-65f5394b-d691-47b5-9754-35d1167de0f1 ] Request (SecurityGroupsTestJSON:test_server_security_groups): 200 GET http://10.180.1.21/compute/v2.1/servers/43473e6e-fd19-4826-98ef-8c66275f997a 0.440s
2025-04-03 19:03:23.373 71398 INFO tempest.lib.common.rest_client [req-ab97c1ff-51ff-4bd1-83f7-25199b32e2bc req-ab97c1ff-51ff-4bd1-83f7-25199b32e2bc ] Request (MigrationsAdminTest:test_list_migrations_in_flavor_resize_situation): 200 GET http://10.180.1.21/compute/v2.1/servers/234bae3a-7868-453f-9072-24eb855d57ed 0.633s
2025-04-03 19:03:23.375 71414 INFO tempest.lib.common.rest_client [req-320c1e12-4f0e-4386-911f-08585804d69e req-320c1e12-4f0e-4386-911f-08585804d69e ] Request (HypervisorAdminTestJSON:tearDownClass): 204 DELETE http://10.180.1.21/identity/v3/users/06174012420749069a85d9d867247c41 0.123s
2025-04-03 19:03:23.429 71354 INFO tempest.lib.common.rest_client [req-327476ca-097c-4317-a428-3f0a4209e4e4 req-327476ca-097c-4317-a428-3f0a4209e4e4 ] Request (ServerMetadataTestJSON:setUpClass): 201 POST http://10.180.1.21:9696/networking/v2.0/networks 0.305s
2025-04-03 19:03:23.448 71382 INFO tempest.lib.common.rest_client [req-7cf1487c-c081-4483-b209-9929e5a054b5 req-7cf1487c-c081-4483-b209-9929e5a054b5 ] Request (ServerDiagnosticsTest:tearDownClass): 200 GET http://10.180.1.21/compute/v2.1/servers/ebc8a1c8-1686-4703-93b9-4994f544fee0 0.408s
2025-04-03 19:03:23.487 71414 INFO tempest.lib.common.rest_client [req-22610912-111d-4648-9ee6-fff42fa030e2 req-22610912-111d-4648-9ee6-fff42fa030e2 ] Request (HypervisorAdminTestJSON:tearDownClass): 204 DELETE http://10.180.1.21/identity/v3/users/a23e5bf5d69446b3983cba3b0f9aeaba 0.111s
2025-04-03 19:03:23.487 71414 INFO tempest.lib.common.dynamic_creds [-] Deleting project and security group for project: bcdf07dfd8a94826ba3ec93b4649011e
2025-04-03 19:03:23.513 71384 INFO tempest.lib.common.rest_client [req-20d170c2-3944-4ca3-abb9-039027518345 req-20d170c2-3944-4ca3-abb9-039027518345 ] Request (ImagesOneServerNegativeTestJSON:setUpClass): 200 GET http://10.180.1.21/compute/v2.1/servers/3f635fb7-bd5d-4dbf-b1a6-a1b75c1a456b 0.420s
2025-04-03 19:03:23.531 71390 INFO tempest.lib.common.rest_client [req-3fe076ee-7342-464a-915b-73e3dddebd36 req-3fe076ee-7342-464a-915b-73e3dddebd36 ] Request (ServerRescueTestJSON:setUpClass): 200 GET http://10.180.1.21/compute/v2.1/servers/e43cd3ed-5a0e-4d1d-9177-9879a05db58f 0.609s
2025-04-03 19:03:23.563 71364 INFO tempest.lib.common.rest_client [req-dd0478c4-5397-4780-911d-e14d33ff3021 req-dd0478c4-5397-4780-911d-e14d33ff3021 ] Request (ImagesTestJSON:test_create_image_from_suspended_server): 200 GET http://10.180.1.21/compute/v2.1/servers/227ce655-b7d4-484c-85f6-40f014412044 0.423s
2025-04-03 19:03:23.564 71414 INFO tempest.lib.common.rest_client [req-5c15383c-d724-4cd7-9018-54dd83550f97 req-5c15383c-d724-4cd7-9018-54dd83550f97 ] Request (HypervisorAdminTestJSON:tearDownClass): 201 POST http://10.180.1.21/identity/v3/auth/tokens 0.077s
2025-04-03 19:03:23.587 71402 INFO tempest.lib.common.rest_client [req-20910ad2-f5f7-4a40-b6ae-a121698ba0ad req-20910ad2-f5f7-4a40-b6ae-a121698ba0ad ] Request (ServerShowV257Test:test_rebuild_server): 200 GET http://10.180.1.21/compute/v2.1/servers/dd1c3bef-07d4-4475-94e1-d49a3927e990 0.381s
2025-04-03 19:03:23.615 71394 INFO tempest.lib.common.rest_client [req-ae281884-a55b-4829-81c2-573b9646ec28 req-ae281884-a55b-4829-81c2-573b9646ec28 ] Request (FlavorsAdminTestJSON:test_list_public_flavor_with_other_user): 200 GET http://10.180.1.21/compute/v2.1/flavors/detail 0.337s
2025-04-03 19:03:23.677 71400 INFO tempest.lib.common.rest_client [req-2305e344-ca7f-4130-8436-6146ffcbd471 req-2305e344-ca7f-4130-8436-6146ffcbd471 ] Request (InstanceActionsV221TestJSON:test_get_list_deleted_instance_actions): 200 GET http://10.180.1.21/compute/v2.1/servers/d114d86b-843c-4928-b251-5747b5d6b5ec 0.347s
2025-04-03 19:03:23.688 71354 INFO tempest.lib.common.rest_client [req-bf0befca-cfe5-45c1-9466-a35b93124b93 req-bf0befca-cfe5-45c1-9466-a35b93124b93 ] Request (ServerMetadataTestJSON:setUpClass): 201 POST http://10.180.1.21:9696/networking/v2.0/subnets 0.258s
2025-04-03 19:03:23.727 71356 INFO tempest.lib.common.rest_client [req-72fee61b-ff85-4e47-8206-3cac129f7281 req-72fee61b-ff85-4e47-8206-3cac129f7281 ] Request (ServersWithSpecificFlavorTestJSON:test_verify_created_server_ephemeral_disk): 200 GET http://10.180.1.21/compute/v2.1/servers/37447c09-45f9-4c5d-8c7f-f5d626a7e514 0.450s
2025-04-03 19:03:23.770 71408 INFO tempest.lib.common.rest_client [req-c52d3ec7-8ebe-481a-9d33-0b0d7a1e1ccf req-c52d3ec7-8ebe-481a-9d33-0b0d7a1e1ccf ] Request (ServerDiagnosticsV248Test:tearDownClass): 200 GET http://10.180.1.21/compute/v2.1/servers/8b430097-236d-4d69-847c-1129653c46d7 0.348s
2025-04-03 19:03:23.827 71372 INFO tempest.lib.common.rest_client [req-022ae393-847f-435f-9b4e-fd5d5d1784bd req-022ae393-847f-435f-9b4e-fd5d5d1784bd ] Request (ServersAdminNegativeTestJSON:test_migrate_server_invalid_state): 200 GET http://10.180.1.21/compute/v2.1/servers/a8f66b3f-61ac-45aa-ae7b-70d1bca99e24 0.381s
2025-04-03 19:03:23.858 71378 INFO tempest.lib.common.rest_client [req-eb3a2e3c-dbcc-4847-a45e-7283d8e3a2d4 req-eb3a2e3c-dbcc-4847-a45e-7283d8e3a2d4 ] Request (DeleteServersAdminTestJSON:test_delete_server_while_in_error_state): 200 GET http://10.180.1.21/compute/v2.1/servers/03afbe12-b1c9-4613-b434-03c93336c95a 0.376s
2025-04-03 19:03:23.871 71414 INFO tempest.lib.common.rest_client [req-acc70fc2-a3cb-4c35-ba78-eab3c406fb9c req-acc70fc2-a3cb-4c35-ba78-eab3c406fb9c ] Request (HypervisorAdminTestJSON:tearDownClass): 200 GET http://10.180.1.21:9696/networking/v2.0/security-groups?tenant_id=bcdf07dfd8a94826ba3ec93b4649011e&name=default 0.307s
2025-04-03 19:03:23.879 71394 INFO tempest.lib.common.rest_client [req-93dd406d-6476-48b2-9bda-61eca64a9722 req-93dd406d-6476-48b2-9bda-61eca64a9722 ] Request (FlavorsAdminTestJSON:_run_cleanups): 202 DELETE http://10.180.1.21/compute/v2.1/flavors/984249814 0.256s
2025-04-03 19:03:23.917 71404 INFO tempest.lib.common.rest_client [req-67d900af-dcfe-4068-94ba-94e64d06ac3f req-67d900af-dcfe-4068-94ba-94e64d06ac3f ] Request (ServersAdmin275Test:tearDownClass): 200 GET http://10.180.1.21/compute/v2.1/servers/524f9d7c-3a51-4570-bad1-4b4a2e51c639 0.407s
2025-04-03 19:03:23.941 71366 INFO tempest.lib.common.rest_client [req-23906431-c276-44c3-b5b0-76cc716cfec8 req-23906431-c276-44c3-b5b0-76cc716cfec8 ] Request (InstanceActionsTestJSON:tearDownClass): 404 GET http://10.180.1.21/compute/v2.1/servers/2d27d490-abcb-4459-b039-e045378f97d6 0.253s
2025-04-03 19:03:23.950 71416 INFO tempest.lib.common.rest_client [req-578c9f39-6954-4a5c-95e4-cf6ac3c67ded req-578c9f39-6954-4a5c-95e4-cf6ac3c67ded ] Request (InstanceActionsNegativeTestJSON:setUpClass): 201 POST http://10.180.1.21:9696/networking/v2.0/networks 0.625s
2025-04-03 19:03:24.006 71360 INFO tempest.lib.common.rest_client [req-04b048f1-156b-4ba0-a21a-15fa19514d56 req-04b048f1-156b-4ba0-a21a-15fa19514d56 ] Request (ImagesOneServerTestJSON:setUpClass): 200 GET http://10.180.1.21/compute/v2.1/servers/8a655321-9dcf-41f1-820b-2d44039e289b 0.246s
2025-04-03 19:03:24.028 71394 INFO tempest.lib.common.rest_client [req-d66ed288-91c8-499c-a15b-e226c7bf81af req-d66ed288-91c8-499c-a15b-e226c7bf81af ] Request (FlavorsAdminTestJSON:_run_cleanups): 200 GET http://10.180.1.21/compute/v2.1/flavors/detail 0.147s
2025-04-03 19:03:24.106 71358 INFO tempest.lib.common.rest_client [req-745ef0d0-d01c-4642-8fc6-13f1700ec9ff req-745ef0d0-d01c-4642-8fc6-13f1700ec9ff ] Request (ServersAdminTestJSON:setUpClass): 200 GET http://10.180.1.21/compute/v2.1/servers/926f7d25-80c5-408e-b2b5-0544d36305f2 0.137s
2025-04-03 19:03:24.131 71394 INFO tempest.lib.common.rest_client [req-2a9def94-be49-40eb-993b-0e0be6cfcbb5 req-2a9def94-be49-40eb-993b-0e0be6cfcbb5 ] Request (FlavorsAdminTestJSON:tearDownClass): 204 DELETE http://10.180.1.21/identity/v3/users/abd40374aaec4f459e2a1cce5db1fb2a 0.096s
2025-04-03 19:03:24.146 71376 INFO tempest.lib.common.rest_client [req-2d99dac3-2e03-4490-b93d-e59f6ccc7f20 req-2d99dac3-2e03-4490-b93d-e59f6ccc7f20 ] Request (ServerDiskConfigTestJSON:test_rebuild_server_with_auto_disk_config): 200 GET http://10.180.1.21/compute/v2.1/servers/93b88cc5-9900-4fd3-bd5c-8e45ccb1008e 0.520s
2025-04-03 19:03:24.176 71410 INFO tempest.lib.common.rest_client [req-f1904fa5-3382-4b4a-b87b-ad5ee26ed45a req-f1904fa5-3382-4b4a-b87b-ad5ee26ed45a ] Request (AttachInterfacesV270Test:test_create_get_list_interfaces): 200 GET http://10.180.1.21/compute/v2.1/servers/573db876-a240-4289-a666-e2ad13f83b0d 0.139s
2025-04-03 19:03:24.215 71414 INFO tempest.lib.common.rest_client [req-81474a38-f0ec-400e-b956-7c7b83392d18 req-81474a38-f0ec-400e-b956-7c7b83392d18 ] Request (HypervisorAdminTestJSON:tearDownClass): 204 DELETE http://10.180.1.21:9696/networking/v2.0/security-groups/f4419e1a-8975-470d-aa0a-c9f302cc5fcb 0.343s
2025-04-03 19:03:24.299 71386 INFO tempest.lib.common.rest_client [req-a741b3a9-3806-4839-81f4-d4549115615a req-a741b3a9-3806-4839-81f4-d4549115615a ] Request (ServerAddressesNegativeTestJSON:setUpClass): 200 GET http://10.180.1.21/compute/v2.1/servers/d30222bd-1fc5-4c3a-9801-f5e7bf9e75b6 0.086s
2025-04-03 19:03:24.308 71394 INFO tempest.lib.common.rest_client [req-5030c34b-b3b5-4c5a-8f14-e270a10aae3a req-5030c34b-b3b5-4c5a-8f14-e270a10aae3a ] Request (FlavorsAdminTestJSON:tearDownClass): 204 DELETE http://10.180.1.21/identity/v3/users/17f3613ef10e487bace8353eea9a9707 0.175s
2025-04-03 19:03:24.308 71394 INFO tempest.lib.common.dynamic_creds [-] Deleting project and security group for project: 7d9175bce9214b3080997921cbafbc07
2025-04-03 19:03:24.322 71414 INFO tempest.lib.common.rest_client [req-de1eebd2-27ee-401a-9a46-215f860cce4b req-de1eebd2-27ee-401a-9a46-215f860cce4b ] Request (HypervisorAdminTestJSON:tearDownClass): 204 DELETE http://10.180.1.21/identity/v3/projects/bcdf07dfd8a94826ba3ec93b4649011e 0.106s
2025-04-03 19:03:24.322 71414 INFO tempest.lib.common.dynamic_creds [-] Deleting project and security group for project: 500a0e7a6e3b4407984b68e4a962f28c
2025-04-03 19:03:24.374 71394 INFO tempest.lib.common.rest_client [req-f9cba9c3-1a0e-47b8-aa10-f754580e5bfe req-f9cba9c3-1a0e-47b8-aa10-f754580e5bfe ] Request (FlavorsAdminTestJSON:tearDownClass): 201 POST http://10.180.1.21/identity/v3/auth/tokens 0.066s
2025-04-03 19:03:24.395 71374 INFO tempest.lib.common.rest_client [req-26906a08-328c-47a7-a468-3d0968a632a0 req-26906a08-328c-47a7-a468-3d0968a632a0 ] Request (ServerDiagnosticsNegativeTest:test_get_server_diagnostics_by_non_admin): 200 GET http://10.180.1.21/compute/v2.1/servers/c7f229c2-eab7-4906-8e1f-8cfefd4ac060 0.148s
2025-04-03 19:03:24.492 71370 INFO tempest.lib.common.rest_client [req-4f8b3149-1b3f-4f01-bbb6-be84c7a2c2a7 req-4f8b3149-1b3f-4f01-bbb6-be84c7a2c2a7 ] Request (SecurityGroupsTestJSON:test_server_security_groups): 200 GET http://10.180.1.21/compute/v2.1/servers/43473e6e-fd19-4826-98ef-8c66275f997a 0.147s
2025-04-03 19:03:24.556 71389 INFO tempest.lib.common.rest_client [req-41a9a245-e87d-4152-ab39-37b3a1805027 req-41a9a245-e87d-4152-ab39-37b3a1805027 ] Request (ServerExternalEventsTest:test_create_server_external_events): 200 GET http://10.180.1.21/compute/v2.1/servers/3f60e673-e519-4511-8f17-553bd328c435 0.384s
2025-04-03 19:03:24.660 71416 INFO tempest.lib.common.rest_client [req-7385547b-9fd5-4564-8110-3712fec7275b req-7385547b-9fd5-4564-8110-3712fec7275b ] Request (InstanceActionsNegativeTestJSON:setUpClass): 201 POST http://10.180.1.21:9696/networking/v2.0/subnets 0.709s
2025-04-03 19:03:24.668 71382 INFO tempest.lib.common.rest_client [req-a49441d2-7647-4627-af65-995297c2014d req-a49441d2-7647-4627-af65-995297c2014d ] Request (ServerDiagnosticsTest:tearDownClass): 200 GET http://10.180.1.21/compute/v2.1/servers/ebc8a1c8-1686-4703-93b9-4994f544fee0 0.209s
2025-04-03 19:03:24.691 71414 INFO tempest.lib.common.rest_client [req-68d8e18e-dc39-4760-b7fc-a10313b47d00 req-68d8e18e-dc39-4760-b7fc-a10313b47d00 ] Request (HypervisorAdminTestJSON:tearDownClass): 200 GET http://10.180.1.21:9696/networking/v2.0/security-groups?tenant_id=500a0e7a6e3b4407984b68e4a962f28c&name=default 0.368s
2025-04-03 19:03:24.763 71384 INFO tempest.lib.common.rest_client [req-0198b654-c13f-4d5c-a93c-c7a54ed64fc6 req-0198b654-c13f-4d5c-a93c-c7a54ed64fc6 ] Request (ImagesOneServerNegativeTestJSON:setUpClass): 200 GET http://10.180.1.21/compute/v2.1/servers/3f635fb7-bd5d-4dbf-b1a6-a1b75c1a456b 0.241s
2025-04-03 19:03:24.828 71380 WARNING tempest.lib.common.ssh [-] Failed to establish authenticated ssh connection to cirros@10.180.180.231 ([Errno None] Unable to connect to port 22 on 10.180.180.231). Number attempts: 3. Retry after 4 seconds.: paramiko.ssh_exception.NoValidConnectionsError: [Errno None] Unable to connect to port 22 on 10.180.180.231
2025-04-03 19:03:24.933 71398 INFO tempest.lib.common.rest_client [req-2fd7ee57-3572-4f2d-8450-b2aae074cf6d req-2fd7ee57-3572-4f2d-8450-b2aae074cf6d ] Request (MigrationsAdminTest:test_list_migrations_in_flavor_resize_situation): 200 GET http://10.180.1.21/compute/v2.1/servers/234bae3a-7868-453f-9072-24eb855d57ed 0.551s
2025-04-03 19:03:24.964 71394 INFO tempest.lib.common.rest_client [req-fa2e62d9-618d-489e-9d8f-356df25feed2 req-fa2e62d9-618d-489e-9d8f-356df25feed2 ] Request (FlavorsAdminTestJSON:tearDownClass): 200 GET http://10.180.1.21:9696/networking/v2.0/security-groups?tenant_id=7d9175bce9214b3080997921cbafbc07&name=default 0.588s
2025-04-03 19:03:25.018 71364 INFO tempest.lib.common.rest_client [req-6ddd159b-8173-4195-a1dc-fa144f8390b2 req-6ddd159b-8173-4195-a1dc-fa144f8390b2 ] Request (ImagesTestJSON:test_create_image_from_suspended_server): 200 GET http://10.180.1.21/compute/v2.1/servers/227ce655-b7d4-484c-85f6-40f014412044 0.445s
2025-04-03 19:03:25.104 71402 INFO tempest.lib.common.rest_client [req-bdca38bd-b46b-4d0d-8e1a-913c924392bc req-bdca38bd-b46b-4d0d-8e1a-913c924392bc ] Request (ServerShowV257Test:test_rebuild_server): 200 GET http://10.180.1.21/compute/v2.1/servers/dd1c3bef-07d4-4475-94e1-d49a3927e990 0.502s
2025-04-03 19:03:25.171 71400 INFO tempest.lib.common.rest_client [req-26e82f8f-5890-4a54-987b-063a4995ce5b req-26e82f8f-5890-4a54-987b-063a4995ce5b ] Request (InstanceActionsV221TestJSON:test_get_list_deleted_instance_actions): 200 GET http://10.180.1.21/compute/v2.1/servers/d114d86b-843c-4928-b251-5747b5d6b5ec 0.483s
2025-04-03 19:03:25.197 71394 INFO tempest.lib.common.rest_client [req-6a01ad13-e4c0-49a4-ac91-1414b5f01421 req-6a01ad13-e4c0-49a4-ac91-1414b5f01421 ] Request (FlavorsAdminTestJSON:tearDownClass): 204 DELETE http://10.180.1.21:9696/networking/v2.0/security-groups/f202ec28-3087-46e8-831f-3c1d6c571bda 0.233s
2025-04-03 19:03:25.232 71414 INFO tempest.lib.common.rest_client [req-e404aaa0-91fd-4e7b-b8fc-9e0fe30bdcbd req-e404aaa0-91fd-4e7b-b8fc-9e0fe30bdcbd ] Request (HypervisorAdminTestJSON:tearDownClass): 204 DELETE http://10.180.1.21:9696/networking/v2.0/security-groups/b7c5204f-c344-466e-90e0-b46cb3369e2c 0.541s
2025-04-03 19:03:25.255 71390 INFO tempest.lib.common.rest_client [req-a8f5d315-d04e-42db-8e1a-4024ddced278 req-a8f5d315-d04e-42db-8e1a-4024ddced278 ] Request (ServerRescueTestJSON:setUpClass): 200 GET http://10.180.1.21/compute/v2.1/servers/e43cd3ed-5a0e-4d1d-9177-9879a05db58f 0.714s
2025-04-03 19:03:25.300 71394 INFO tempest.lib.common.rest_client [req-771fdfe3-ad46-4fcf-971e-8e4e3fd851bf req-771fdfe3-ad46-4fcf-971e-8e4e3fd851bf ] Request (FlavorsAdminTestJSON:tearDownClass): 204 DELETE http://10.180.1.21/identity/v3/projects/7d9175bce9214b3080997921cbafbc07 0.102s
2025-04-03 19:03:25.300 71394 INFO tempest.lib.common.dynamic_creds [-] Deleting project and security group for project: 11a3ef0d05ae4b68a7fc1cd66f531a08
2025-04-03 19:03:25.320 71414 INFO tempest.lib.common.rest_client [req-aa51168d-dca6-41b4-99c4-d93baf218f69 req-aa51168d-dca6-41b4-99c4-d93baf218f69 ] Request (HypervisorAdminTestJSON:tearDownClass): 204 DELETE http://10.180.1.21/identity/v3/projects/500a0e7a6e3b4407984b68e4a962f28c 0.088s
2025-04-03 19:03:25.361 71408 INFO tempest.lib.common.rest_client [req-6925091a-00ec-46c6-90a5-9247fc2dca29 req-6925091a-00ec-46c6-90a5-9247fc2dca29 ] Request (ServerDiagnosticsV248Test:tearDownClass): 200 GET http://10.180.1.21/compute/v2.1/servers/8b430097-236d-4d69-847c-1129653c46d7 0.573s
2025-04-03 19:03:25.396 71414 INFO tempest.lib.common.rest_client [req-91778f45-c70b-47d3-bb5a-6eef83756c96 req-91778f45-c70b-47d3-bb5a-6eef83756c96 ] Request (FloatingIPDetailsNegativeTestJSON:setUpClass): 201 POST http://10.180.1.21/identity/v3/auth/tokens 0.074s
2025-04-03 19:03:25.419 71356 INFO tempest.lib.common.rest_client [req-c20629cc-e144-4003-b1ae-9107b5c05755 req-c20629cc-e144-4003-b1ae-9107b5c05755 ] Request (ServersWithSpecificFlavorTestJSON:test_verify_created_server_ephemeral_disk): 200 GET http://10.180.1.21/compute/v2.1/servers/37447c09-45f9-4c5d-8c7f-f5d626a7e514 0.678s
2025-04-03 19:03:25.432 71414 INFO tempest.lib.common.rest_client [req-9ee28ef4-ee13-404a-aa14-402b55c756e7 req-9ee28ef4-ee13-404a-aa14-402b55c756e7 ] Request (FloatingIPDetailsNegativeTestJSON:setUpClass): 201 POST http://10.180.1.21/identity/v3/auth/tokens 0.033s
2025-04-03 19:03:25.449 71372 INFO tempest.lib.common.rest_client [req-21da40d1-34ec-4ccc-8e11-1d70a147eb18 req-21da40d1-34ec-4ccc-8e11-1d70a147eb18 ] Request (ServersAdminNegativeTestJSON:test_migrate_server_invalid_state): 200 GET http://10.180.1.21/compute/v2.1/servers/a8f66b3f-61ac-45aa-ae7b-70d1bca99e24 0.613s
2025-04-03 19:03:25.466 71414 INFO tempest.lib.common.rest_client [req-94070451-3d4a-4ffd-ad54-080aee4b4b16 req-94070451-3d4a-4ffd-ad54-080aee4b4b16 ] Request (FloatingIPDetailsNegativeTestJSON:setUpClass): 200 GET http://10.180.1.21/identity/v3/domains?name=Default 0.033s
2025-04-03 19:03:25.485 71378 INFO tempest.lib.common.rest_client [req-bc6ae06c-3ec0-458b-aa22-1705ca7c656a req-bc6ae06c-3ec0-458b-aa22-1705ca7c656a ] Request (DeleteServersAdminTestJSON:test_delete_server_while_in_error_state): 200 GET http://10.180.1.21/compute/v2.1/servers/03afbe12-b1c9-4613-b434-03c93336c95a 0.620s
2025-04-03 19:03:25.506 71414 INFO tempest.lib.common.rest_client [req-e24ec740-69f9-4c27-b31f-e916ca68ebea req-e24ec740-69f9-4c27-b31f-e916ca68ebea ] Request (FloatingIPDetailsNegativeTestJSON:setUpClass): 201 POST http://10.180.1.21/identity/v3/projects 0.037s
2025-04-03 19:03:25.538 71360 INFO tempest.lib.common.rest_client [req-c350731a-4965-4652-9ebf-c61f7da69eab req-c350731a-4965-4652-9ebf-c61f7da69eab ] Request (ImagesOneServerTestJSON:setUpClass): 200 GET http://10.180.1.21/compute/v2.1/servers/8a655321-9dcf-41f1-820b-2d44039e289b 0.521s
2025-04-03 19:03:25.553 71404 INFO tempest.lib.common.rest_client [req-ad9fe3fb-7428-41ff-9648-111da6d1afb2 req-ad9fe3fb-7428-41ff-9648-111da6d1afb2 ] Request (ServersAdmin275Test:tearDownClass): 200 GET http://10.180.1.21/compute/v2.1/servers/524f9d7c-3a51-4570-bad1-4b4a2e51c639 0.622s
2025-04-03 19:03:25.583 71414 INFO tempest.lib.common.rest_client [req-596b302a-3de8-431b-b80c-c460708564c0 req-596b302a-3de8-431b-b80c-c460708564c0 ] Request (FloatingIPDetailsNegativeTestJSON:setUpClass): 201 POST http://10.180.1.21/identity/v3/users 0.076s
2025-04-03 19:03:25.601 71358 INFO tempest.lib.common.rest_client [req-560fa005-564a-4b43-b730-e24664a23ccd req-560fa005-564a-4b43-b730-e24664a23ccd ] Request (ServersAdminTestJSON:setUpClass): 200 GET http://10.180.1.21/compute/v2.1/servers/926f7d25-80c5-408e-b2b5-0544d36305f2 0.482s
2025-04-03 19:03:25.608 71414 INFO tempest.lib.common.rest_client [req-8d826562-bd8c-4ad4-86df-e6ccf90e6f57 req-8d826562-bd8c-4ad4-86df-e6ccf90e6f57 ] Request (FloatingIPDetailsNegativeTestJSON:setUpClass): 200 GET http://10.180.1.21/identity/v3/roles 0.025s
2025-04-03 19:03:25.642 71414 INFO tempest.lib.common.rest_client [req-5e62e409-b06b-4017-a7de-28d838a58bb4 req-5e62e409-b06b-4017-a7de-28d838a58bb4 ] Request (FloatingIPDetailsNegativeTestJSON:setUpClass): 204 PUT http://10.180.1.21/identity/v3/projects/ec201c1118c04fbbb592bd37e6f9d163/users/da1dabbe107b4b2bafa5607e7d55eebe/roles/8183cca0cb594307afe3bb488291649b 0.034s
2025-04-03 19:03:25.643 71414 INFO tempest.lib.common.dynamic_creds [-] Dynamic test user da1dabbe107b4b2bafa5607e7d55eebe is created with scope project and roles: ['member']
2025-04-03 19:03:25.643 71414 INFO tempest.lib.common.dynamic_creds [-] Acquired dynamic creds: credentials: Credentials: {'domain_id': 'default', 'domain_name': 'Default', 'username': 'tempest-FloatingIPDetailsNegativeTestJSON-920613270-project-member', 'project_domain_id': 'default', 'project_domain_name': 'Default', 'project_id': 'ec201c1118c04fbbb592bd37e6f9d163', 'project_name': 'tempest-FloatingIPDetailsNegativeTestJSON-920613270', 'tenant_id': 'ec201c1118c04fbbb592bd37e6f9d163', 'tenant_name': 'tempest-FloatingIPDetailsNegativeTestJSON-920613270', 'user_domain_id': 'default', 'user_domain_name': 'Default', 'user_id': 'da1dabbe107b4b2bafa5607e7d55eebe', 'system': None}, Network: None, Subnet: None, Router: None
2025-04-03 19:03:25.665 71410 INFO tempest.lib.common.rest_client [req-95c4dd8b-c6e7-45ed-b6f3-57fe68c1cf94 req-95c4dd8b-c6e7-45ed-b6f3-57fe68c1cf94 ] Request (AttachInterfacesV270Test:test_create_get_list_interfaces): 200 GET http://10.180.1.21/compute/v2.1/servers/573db876-a240-4289-a666-e2ad13f83b0d 0.475s
2025-04-03 19:03:25.683 71394 INFO tempest.lib.common.rest_client [req-4f9521c1-abd1-4ba7-99c1-735c9eafd6d1 req-4f9521c1-abd1-4ba7-99c1-735c9eafd6d1 ] Request (FlavorsAdminTestJSON:tearDownClass): 200 GET http://10.180.1.21:9696/networking/v2.0/security-groups?tenant_id=11a3ef0d05ae4b68a7fc1cd66f531a08&name=default 0.383s
2025-04-03 19:03:25.721 71414 INFO tempest.lib.common.rest_client [req-dbde86e6-9792-4a03-a3be-7b22004afa44 req-dbde86e6-9792-4a03-a3be-7b22004afa44 ] Request (FloatingIPDetailsNegativeTestJSON:setUpClass): 201 POST http://10.180.1.21/identity/v3/auth/tokens 0.077s
2025-04-03 19:03:25.780 71386 INFO tempest.lib.common.rest_client [req-6b98a42e-a08d-4627-b292-763d9ba374c1 req-6b98a42e-a08d-4627-b292-763d9ba374c1 ] Request (ServerAddressesNegativeTestJSON:setUpClass): 200 GET http://10.180.1.21/compute/v2.1/servers/d30222bd-1fc5-4c3a-9801-f5e7bf9e75b6 0.469s
2025-04-03 19:03:25.782 71376 INFO tempest.lib.common.rest_client [req-0285576c-6781-433e-8bca-9317aa39626a req-0285576c-6781-433e-8bca-9317aa39626a ] Request (ServerDiskConfigTestJSON:test_rebuild_server_with_auto_disk_config): 200 GET http://10.180.1.21/compute/v2.1/servers/93b88cc5-9900-4fd3-bd5c-8e45ccb1008e 0.627s
2025-04-03 19:03:25.847 71374 INFO tempest.lib.common.rest_client [req-503d5053-be08-4733-a703-4c254bbfd110 req-503d5053-be08-4733-a703-4c254bbfd110 ] Request (ServerDiagnosticsNegativeTest:test_get_server_diagnostics_by_non_admin): 200 GET http://10.180.1.21/compute/v2.1/servers/c7f229c2-eab7-4906-8e1f-8cfefd4ac060 0.443s
2025-04-03 19:03:25.869 71370 INFO tempest.lib.common.rest_client [req-dbb31f10-52ae-4119-90cf-743e09733fb2 req-dbb31f10-52ae-4119-90cf-743e09733fb2 ] Request (SecurityGroupsTestJSON:test_server_security_groups): 200 GET http://10.180.1.21/compute/v2.1/servers/43473e6e-fd19-4826-98ef-8c66275f997a 0.363s
2025-04-03 19:03:26.204 71394 INFO tempest.lib.common.rest_client [req-95f732e0-2e73-423b-8df0-ae0761fd871f req-95f732e0-2e73-423b-8df0-ae0761fd871f ] Request (FlavorsAdminTestJSON:tearDownClass): 204 DELETE http://10.180.1.21:9696/networking/v2.0/security-groups/f800372f-b9c6-40b7-8328-36cfa719a9e4 0.520s
2025-04-03 19:03:26.235 71382 INFO tempest.lib.common.rest_client [req-5bdbf7d8-e3f9-4d73-b818-a93098841baf req-5bdbf7d8-e3f9-4d73-b818-a93098841baf ] Request (ServerDiagnosticsTest:tearDownClass): 200 GET http://10.180.1.21/compute/v2.1/servers/ebc8a1c8-1686-4703-93b9-4994f544fee0 0.551s
2025-04-03 19:03:26.289 71394 INFO tempest.lib.common.rest_client [req-8825bd0e-04db-4048-af3e-506101204f06 req-8825bd0e-04db-4048-af3e-506101204f06 ] Request (FlavorsAdminTestJSON:tearDownClass): 204 DELETE http://10.180.1.21/identity/v3/projects/11a3ef0d05ae4b68a7fc1cd66f531a08 0.084s
2025-04-03 19:03:26.289 71389 INFO tempest.lib.common.rest_client [req-b6ad0602-a920-448d-955a-cef1b4b9eef3 req-b6ad0602-a920-448d-955a-cef1b4b9eef3 ] Request (ServerExternalEventsTest:test_create_server_external_events): 200 GET http://10.180.1.21/compute/v2.1/servers/3f60e673-e519-4511-8f17-553bd328c435 0.721s
2025-04-03 19:03:26.296 71389 INFO tempest.common.waiters [-] State transition "BUILD/spawning" ==> "ACTIVE/None" after 42 second wait
2025-04-03 19:03:26.330 71384 INFO tempest.lib.common.rest_client [req-c367c5b0-bce1-4d8e-b667-d9a9d1a85733 req-c367c5b0-bce1-4d8e-b667-d9a9d1a85733 ] Request (ImagesOneServerNegativeTestJSON:setUpClass): 200 GET http://10.180.1.21/compute/v2.1/servers/3f635fb7-bd5d-4dbf-b1a6-a1b75c1a456b 0.548s
2025-04-03 19:03:26.349 71354 INFO tempest.lib.common.rest_client [req-cdb275d9-cceb-4f06-b098-6d5d1b2edf82 req-cdb275d9-cceb-4f06-b098-6d5d1b2edf82 ] Request (ServerMetadataTestJSON:setUpClass): 201 POST http://10.180.1.21:9696/networking/v2.0/routers 2.660s
2025-04-03 19:03:26.367 71394 INFO tempest.lib.common.rest_client [req-165dfc5e-7af7-4c23-95c0-ab7829dac69d req-165dfc5e-7af7-4c23-95c0-ab7829dac69d ] Request (QuotasAdminTestJSON:setUpClass): 201 POST http://10.180.1.21/identity/v3/auth/tokens 0.076s
2025-04-03 19:03:26.404 71394 INFO tempest.lib.common.rest_client [req-6d7fe63b-1a4b-4912-ac10-d322b3e2e8e9 req-6d7fe63b-1a4b-4912-ac10-d322b3e2e8e9 ] Request (QuotasAdminTestJSON:setUpClass): 201 POST http://10.180.1.21/identity/v3/auth/tokens 0.033s
2025-04-03 19:03:26.424 71364 INFO tempest.lib.common.rest_client [req-9da70628-c621-460d-99c2-4bc77716c3f2 req-9da70628-c621-460d-99c2-4bc77716c3f2 ] Request (ImagesTestJSON:test_create_image_from_suspended_server): 200 GET http://10.180.1.21/compute/v2.1/servers/227ce655-b7d4-484c-85f6-40f014412044 0.392s
2025-04-03 19:03:26.436 71394 INFO tempest.lib.common.rest_client [req-52cb4f1c-2b82-4874-adf8-0bf6a03e5bec req-52cb4f1c-2b82-4874-adf8-0bf6a03e5bec ] Request (QuotasAdminTestJSON:setUpClass): 200 GET http://10.180.1.21/identity/v3/domains?name=Default 0.031s
2025-04-03 19:03:26.470 71394 INFO tempest.lib.common.rest_client [req-5774b53e-c092-4b1d-8a0c-95fa1eb20464 req-5774b53e-c092-4b1d-8a0c-95fa1eb20464 ] Request (QuotasAdminTestJSON:setUpClass): 201 POST http://10.180.1.21/identity/v3/projects 0.034s
2025-04-03 19:03:26.510 71402 INFO tempest.lib.common.rest_client [req-1a61d584-85b4-4c9f-90d9-4f0a1837ccf2 req-1a61d584-85b4-4c9f-90d9-4f0a1837ccf2 ] Request (ServerShowV257Test:test_rebuild_server): 200 GET http://10.180.1.21/compute/v2.1/servers/dd1c3bef-07d4-4475-94e1-d49a3927e990 0.394s
2025-04-03 19:03:26.516 71414 INFO tempest.lib.common.rest_client [req-539e60bc-3888-4022-88ef-0506baa03cd2 req-539e60bc-3888-4022-88ef-0506baa03cd2 ] Request (FloatingIPDetailsNegativeTestJSON:setUpClass): 201 POST http://10.180.1.21:9696/networking/v2.0/networks 0.794s
2025-04-03 19:03:26.523 71398 INFO tempest.lib.common.rest_client [req-31ea3d8a-7462-4774-81b6-b0158ec68a46 req-31ea3d8a-7462-4774-81b6-b0158ec68a46 ] Request (MigrationsAdminTest:test_list_migrations_in_flavor_resize_situation): 200 GET http://10.180.1.21/compute/v2.1/servers/234bae3a-7868-453f-9072-24eb855d57ed 0.579s
2025-04-03 19:03:26.539 71394 INFO tempest.lib.common.rest_client [req-1df92277-cb76-4154-90ae-2597ab555135 req-1df92277-cb76-4154-90ae-2597ab555135 ] Request (QuotasAdminTestJSON:setUpClass): 201 POST http://10.180.1.21/identity/v3/users 0.068s
2025-04-03 19:03:26.567 71394 INFO tempest.lib.common.rest_client [req-27d0b25a-23de-4ee4-ac74-6d0836abb145 req-27d0b25a-23de-4ee4-ac74-6d0836abb145 ] Request (QuotasAdminTestJSON:setUpClass): 200 GET http://10.180.1.21/identity/v3/roles 0.027s
2025-04-03 19:03:26.594 71400 INFO tempest.lib.common.rest_client [req-95cb5404-fad3-406d-805c-d0910f1c563a req-95cb5404-fad3-406d-805c-d0910f1c563a ] Request (InstanceActionsV221TestJSON:test_get_list_deleted_instance_actions): 200 GET http://10.180.1.21/compute/v2.1/servers/d114d86b-843c-4928-b251-5747b5d6b5ec 0.413s
2025-04-03 19:03:26.602 71394 INFO tempest.lib.common.rest_client [req-edfd4bf0-23b9-4dae-bab1-2e28ba6ced85 req-edfd4bf0-23b9-4dae-bab1-2e28ba6ced85 ] Request (QuotasAdminTestJSON:setUpClass): 204 PUT http://10.180.1.21/identity/v3/projects/a99a42a60cc744908f055875a661f010/users/d49355deefea498d81b451f87498b771/roles/8183cca0cb594307afe3bb488291649b 0.035s
2025-04-03 19:03:26.602 71394 INFO tempest.lib.common.dynamic_creds [-] Dynamic test user d49355deefea498d81b451f87498b771 is created with scope project and roles: ['member']
2025-04-03 19:03:26.603 71394 INFO tempest.lib.common.dynamic_creds [-] Acquired dynamic creds: credentials: Credentials: {'domain_id': 'default', 'domain_name': 'Default', 'username': 'tempest-QuotasAdminTestJSON-1958119278-project-member', 'project_domain_id': 'default', 'project_domain_name': 'Default', 'project_id': 'a99a42a60cc744908f055875a661f010', 'project_name': 'tempest-QuotasAdminTestJSON-1958119278', 'tenant_id': 'a99a42a60cc744908f055875a661f010', 'tenant_name': 'tempest-QuotasAdminTestJSON-1958119278', 'user_domain_id': 'default', 'user_domain_name': 'Default', 'user_id': 'd49355deefea498d81b451f87498b771', 'system': None}, Network: None, Subnet: None, Router: None
2025-04-03 19:03:26.603 71394 INFO tempest.lib.common.dynamic_creds [-] Created isolated network resources for: credentials: Credentials: {'domain_id': 'default', 'domain_name': 'Default', 'username': 'tempest-QuotasAdminTestJSON-1958119278-project-member', 'project_domain_id': 'default', 'project_domain_name': 'Default', 'project_id': 'a99a42a60cc744908f055875a661f010', 'project_name': 'tempest-QuotasAdminTestJSON-1958119278', 'tenant_id': 'a99a42a60cc744908f055875a661f010', 'tenant_name': 'tempest-QuotasAdminTestJSON-1958119278', 'user_domain_id': 'default', 'user_domain_name': 'Default', 'user_id': 'd49355deefea498d81b451f87498b771', 'system': None}, Network: None, Subnet: None, Router: None
2025-04-03 19:03:26.620 71368 WARNING tempest.lib.common.ssh [-] Failed to establish authenticated ssh connection to cirros@10.180.180.182 ([Errno None] Unable to connect to port 22 on 10.180.180.182). Number attempts: 4. Retry after 5 seconds.: paramiko.ssh_exception.NoValidConnectionsError: [Errno None] Unable to connect to port 22 on 10.180.180.182
2025-04-03 19:03:26.687 71394 INFO tempest.lib.common.rest_client [req-b9fa40df-c77a-4664-8335-ff3f6bf40edb req-b9fa40df-c77a-4664-8335-ff3f6bf40edb ] Request (QuotasAdminTestJSON:setUpClass): 201 POST http://10.180.1.21/identity/v3/auth/tokens 0.081s
2025-04-03 19:03:26.764 71366 INFO tempest.lib.common.rest_client [req-b6667ce2-9104-495b-a272-b6ffc4e7d831 req-b6667ce2-9104-495b-a272-b6ffc4e7d831 ] Request (InstanceActionsTestJSON:tearDownClass): 200 PUT http://10.180.1.21:9696/networking/v2.0/routers/72bad205-62ab-43e1-b829-c32135b98f70/remove_router_interface 2.822s
2025-04-03 19:03:26.772 71394 INFO tempest.lib.common.rest_client [req-cb6a8cf4-8aa3-44aa-b59f-202bb7c1a656 req-cb6a8cf4-8aa3-44aa-b59f-202bb7c1a656 ] Request (QuotasAdminTestJSON:setUpClass): 201 POST http://10.180.1.21/identity/v3/projects 0.084s
2025-04-03 19:03:26.810 71389 INFO tempest.lib.common.rest_client [req-e3fe229f-6e8b-461a-bd69-960867510b8d req-e3fe229f-6e8b-461a-bd69-960867510b8d ] Request (ServerExternalEventsTest:test_create_server_external_events): 200 POST http://10.180.1.21/compute/v2.1/os-server-external-events 0.513s
2025-04-03 19:03:26.900 71394 INFO tempest.lib.common.rest_client [req-119866de-fd4c-4fb5-9bfb-9ae057be30b8 req-119866de-fd4c-4fb5-9bfb-9ae057be30b8 ] Request (QuotasAdminTestJSON:setUpClass): 201 POST http://10.180.1.21/identity/v3/users 0.127s
2025-04-03 19:03:26.903 71390 INFO tempest.lib.common.rest_client [req-8347ac9b-b981-42b4-8b5e-e5f9144eff24 req-8347ac9b-b981-42b4-8b5e-e5f9144eff24 ] Request (ServerRescueTestJSON:setUpClass): 200 GET http://10.180.1.21/compute/v2.1/servers/e43cd3ed-5a0e-4d1d-9177-9879a05db58f 0.638s
2025-04-03 19:03:26.951 71394 INFO tempest.lib.common.rest_client [req-54e429c3-66fb-4f09-9ba1-a7de5d8f5a64 req-54e429c3-66fb-4f09-9ba1-a7de5d8f5a64 ] Request (QuotasAdminTestJSON:setUpClass): 200 GET http://10.180.1.21/identity/v3/roles 0.051s
2025-04-03 19:03:26.990 71394 INFO tempest.lib.common.rest_client [req-f679ab7d-3713-4501-8387-6cd5191f6ae2 req-f679ab7d-3713-4501-8387-6cd5191f6ae2 ] Request (QuotasAdminTestJSON:setUpClass): 204 PUT http://10.180.1.21/identity/v3/projects/0063e67c53694aa4a4e85d4c40912c21/users/6f7ede18cb114861aba7df59d653f2b7/roles/dbc1d5af9ace4e25b3e2660d08fa24bd 0.038s
2025-04-03 19:03:27.067 71394 INFO tempest.lib.common.rest_client [req-4db8313f-36d3-43da-8829-1f0ec17cc0cd req-4db8313f-36d3-43da-8829-1f0ec17cc0cd ] Request (QuotasAdminTestJSON:setUpClass): 200 GET http://10.180.1.21/identity/v3/roles 0.076s
2025-04-03 19:03:27.091 71394 INFO tempest.lib.common.rest_client [req-9877dce9-66da-4b4f-882c-a57c62731886 req-9877dce9-66da-4b4f-882c-a57c62731886 ] Request (QuotasAdminTestJSON:setUpClass): 204 PUT http://10.180.1.21/identity/v3/projects/0063e67c53694aa4a4e85d4c40912c21/users/6f7ede18cb114861aba7df59d653f2b7/roles/dbc1d5af9ace4e25b3e2660d08fa24bd 0.024s
2025-04-03 19:03:27.091 71394 INFO tempest.lib.common.dynamic_creds [-] Dynamic test user 6f7ede18cb114861aba7df59d653f2b7 is created with scope project and roles: ['admin']
2025-04-03 19:03:27.091 71394 INFO tempest.lib.common.dynamic_creds [-] Acquired dynamic creds: credentials: Credentials: {'domain_id': 'default', 'domain_name': 'Default', 'username': 'tempest-QuotasAdminTestJSON-1460827137-project-admin', 'project_domain_id': 'default', 'project_domain_name': 'Default', 'project_id': '0063e67c53694aa4a4e85d4c40912c21', 'project_name': 'tempest-QuotasAdminTestJSON-1460827137', 'tenant_id': '0063e67c53694aa4a4e85d4c40912c21', 'tenant_name': 'tempest-QuotasAdminTestJSON-1460827137', 'user_domain_id': 'default', 'user_domain_name': 'Default', 'user_id': '6f7ede18cb114861aba7df59d653f2b7', 'system': None}, Network: None, Subnet: None, Router: None
2025-04-03 19:03:27.092 71394 INFO tempest.lib.common.dynamic_creds [-] Created isolated network resources for: credentials: Credentials: {'domain_id': 'default', 'domain_name': 'Default', 'username': 'tempest-QuotasAdminTestJSON-1460827137-project-admin', 'project_domain_id': 'default', 'project_domain_name': 'Default', 'project_id': '0063e67c53694aa4a4e85d4c40912c21', 'project_name': 'tempest-QuotasAdminTestJSON-1460827137', 'tenant_id': '0063e67c53694aa4a4e85d4c40912c21', 'tenant_name': 'tempest-QuotasAdminTestJSON-1460827137', 'user_domain_id': 'default', 'user_domain_name': 'Default', 'user_id': '6f7ede18cb114861aba7df59d653f2b7', 'system': None}, Network: None, Subnet: None, Router: None
2025-04-03 19:03:27.165 71408 INFO tempest.lib.common.rest_client [req-a6726ad7-0c16-4aae-9fee-5216c15da5f5 req-a6726ad7-0c16-4aae-9fee-5216c15da5f5 ] Request (ServerDiagnosticsV248Test:tearDownClass): 200 GET http://10.180.1.21/compute/v2.1/servers/8b430097-236d-4d69-847c-1129653c46d7 0.793s
2025-04-03 19:03:27.180 71394 INFO tempest.lib.common.rest_client [req-dc721193-57b6-4498-8bbb-e7f717cbfe4f req-dc721193-57b6-4498-8bbb-e7f717cbfe4f ] Request (QuotasAdminTestJSON:setUpClass): 201 POST http://10.180.1.21/identity/v3/auth/tokens 0.085s
2025-04-03 19:03:27.181 71394 WARNING tempest.lib.common.rest_client [-] Deprecated: "tenant_id" property is deprecated for removal, use "project_id" instead
2025-04-03 19:03:27.208 71356 INFO tempest.lib.common.rest_client [req-13e6abd9-25c7-4441-ab1a-5a4f1247204a req-13e6abd9-25c7-4441-ab1a-5a4f1247204a ] Request (ServersWithSpecificFlavorTestJSON:test_verify_created_server_ephemeral_disk): 200 GET http://10.180.1.21/compute/v2.1/servers/37447c09-45f9-4c5d-8c7f-f5d626a7e514 0.781s
2025-04-03 19:03:27.222 71394 INFO tempest.lib.common.rest_client [req-e868a913-db17-4d10-b80e-9a8f7e07eafa req-e868a913-db17-4d10-b80e-9a8f7e07eafa ] Request (QuotasAdminTestJSON:test_delete_quota): 200 GET http://10.180.1.21/identity/v3/domains?name=Default 0.040s
2025-04-03 19:03:27.252 71372 INFO tempest.lib.common.rest_client [req-84f16b1d-04e5-4459-aa2c-03ab5d628039 req-84f16b1d-04e5-4459-aa2c-03ab5d628039 ] Request (ServersAdminNegativeTestJSON:test_migrate_server_invalid_state): 200 GET http://10.180.1.21/compute/v2.1/servers/a8f66b3f-61ac-45aa-ae7b-70d1bca99e24 0.792s
2025-04-03 19:03:27.276 71394 INFO tempest.lib.common.rest_client [req-13c5420a-ce40-43c6-a377-481ced291c05 req-13c5420a-ce40-43c6-a377-481ced291c05 ] Request (QuotasAdminTestJSON:test_delete_quota): 201 POST http://10.180.1.21/identity/v3/projects 0.053s
2025-04-03 19:03:27.295 71378 INFO tempest.lib.common.rest_client [req-0989ccb9-a0ed-49a6-b3dd-d94aa4ebf87e req-0989ccb9-a0ed-49a6-b3dd-d94aa4ebf87e ] Request (DeleteServersAdminTestJSON:test_delete_server_while_in_error_state): 200 GET http://10.180.1.21/compute/v2.1/servers/03afbe12-b1c9-4613-b434-03c93336c95a 0.794s
2025-04-03 19:03:27.305 71378 INFO tempest.common.waiters [-] State transition "BUILD/scheduling" ==> "BUILD/None" after 19 second wait
2025-04-03 19:03:27.340 71360 INFO tempest.lib.common.rest_client [req-34d70ce4-2b75-49a7-a6a1-ae8be14b80c5 req-34d70ce4-2b75-49a7-a6a1-ae8be14b80c5 ] Request (ImagesOneServerTestJSON:setUpClass): 200 GET http://10.180.1.21/compute/v2.1/servers/8a655321-9dcf-41f1-820b-2d44039e289b 0.784s
2025-04-03 19:03:27.345 71394 INFO tempest.lib.common.rest_client [req-eb2686d2-7d17-4114-9bef-748d9e802e53 req-eb2686d2-7d17-4114-9bef-748d9e802e53 ] Request (QuotasAdminTestJSON:test_delete_quota): 200 GET http://10.180.1.21/identity/v3/domains?name=Default 0.068s
2025-04-03 19:03:27.348 71414 INFO tempest.lib.common.rest_client [req-7f74f3af-17f5-4353-98f9-bcd7737d6fee req-7f74f3af-17f5-4353-98f9-bcd7737d6fee ] Request (FloatingIPDetailsNegativeTestJSON:setUpClass): 201 POST http://10.180.1.21:9696/networking/v2.0/subnets 0.831s
2025-04-03 19:03:27.399 71416 INFO tempest.lib.common.rest_client [req-30c56664-95dc-4d31-a682-86777ac70b9f req-30c56664-95dc-4d31-a682-86777ac70b9f ] Request (InstanceActionsNegativeTestJSON:setUpClass): 201 POST http://10.180.1.21:9696/networking/v2.0/routers 2.738s
2025-04-03 19:03:27.409 71358 INFO tempest.lib.common.rest_client [req-36b0a059-dfe0-4a27-86a9-b74cef5e6f5b req-36b0a059-dfe0-4a27-86a9-b74cef5e6f5b ] Request (ServersAdminTestJSON:setUpClass): 200 GET http://10.180.1.21/compute/v2.1/servers/926f7d25-80c5-408e-b2b5-0544d36305f2 0.795s
2025-04-03 19:03:27.453 71404 INFO tempest.lib.common.rest_client [req-a93280c7-ea1f-4b68-ad6e-643d858bbb4d req-a93280c7-ea1f-4b68-ad6e-643d858bbb4d ] Request (ServersAdmin275Test:tearDownClass): 200 GET http://10.180.1.21/compute/v2.1/servers/524f9d7c-3a51-4570-bad1-4b4a2e51c639 0.883s
2025-04-03 19:03:27.486 71410 INFO tempest.lib.common.rest_client [req-c05509de-c7b3-4479-a09e-2e674c035ca3 req-c05509de-c7b3-4479-a09e-2e674c035ca3 ] Request (AttachInterfacesV270Test:test_create_get_list_interfaces): 200 GET http://10.180.1.21/compute/v2.1/servers/573db876-a240-4289-a666-e2ad13f83b0d 0.809s
2025-04-03 19:03:27.565 71386 INFO tempest.lib.common.rest_client [req-6f4aac1f-895c-4faf-94ad-9a33fd9a3ed8 req-6f4aac1f-895c-4faf-94ad-9a33fd9a3ed8 ] Request (ServerAddressesNegativeTestJSON:setUpClass): 200 GET http://10.180.1.21/compute/v2.1/servers/d30222bd-1fc5-4c3a-9801-f5e7bf9e75b6 0.773s
2025-04-03 19:03:27.640 71376 INFO tempest.lib.common.rest_client [req-74b6cb25-7007-4e23-b058-aae43d876ab2 req-74b6cb25-7007-4e23-b058-aae43d876ab2 ] Request (ServerDiskConfigTestJSON:test_rebuild_server_with_auto_disk_config): 200 GET http://10.180.1.21/compute/v2.1/servers/93b88cc5-9900-4fd3-bd5c-8e45ccb1008e 0.841s
2025-04-03 19:03:27.652 71389 INFO tempest.lib.common.rest_client [req-442441b3-2c66-4b7a-b20e-5d3bc59ee1c2 req-442441b3-2c66-4b7a-b20e-5d3bc59ee1c2 ] Request (ServerExternalEventsTest:tearDownClass): 204 DELETE http://10.180.1.21/compute/v2.1/servers/3f60e673-e519-4511-8f17-553bd328c435 0.838s
2025-04-03 19:03:27.770 71370 INFO tempest.lib.common.rest_client [req-f25eebb3-7348-4e7d-b821-832837ee260d req-f25eebb3-7348-4e7d-b821-832837ee260d ] Request (SecurityGroupsTestJSON:test_server_security_groups): 200 GET http://10.180.1.21/compute/v2.1/servers/43473e6e-fd19-4826-98ef-8c66275f997a 0.893s
2025-04-03 19:03:27.828 71374 INFO tempest.lib.common.rest_client [req-892e3c61-1843-4fd5-a506-afd76b336e0b req-892e3c61-1843-4fd5-a506-afd76b336e0b ] Request (ServerDiagnosticsNegativeTest:test_get_server_diagnostics_by_non_admin): 200 GET http://10.180.1.21/compute/v2.1/servers/c7f229c2-eab7-4906-8e1f-8cfefd4ac060 0.972s
2025-04-03 19:03:27.841 71374 INFO tempest.common.waiters [-] State transition "BUILD/None" ==> "BUILD/spawning" after 33 second wait
2025-04-03 19:03:27.894 71382 INFO tempest.lib.common.rest_client [req-782b0a3b-df30-46e1-b199-de99b03a623c req-782b0a3b-df30-46e1-b199-de99b03a623c ] Request (ServerDiagnosticsTest:tearDownClass): 200 GET http://10.180.1.21/compute/v2.1/servers/ebc8a1c8-1686-4703-93b9-4994f544fee0 0.646s
2025-04-03 19:03:27.907 71384 INFO tempest.lib.common.rest_client [req-7752cbec-a3e2-4cdd-bd46-2e1f13684bfe req-7752cbec-a3e2-4cdd-bd46-2e1f13684bfe ] Request (ImagesOneServerNegativeTestJSON:setUpClass): 200 GET http://10.180.1.21/compute/v2.1/servers/3f635fb7-bd5d-4dbf-b1a6-a1b75c1a456b 0.566s
2025-04-03 19:03:27.982 71364 INFO tempest.lib.common.rest_client [req-fb8334f7-6714-4efd-acc8-a28e11154280 req-fb8334f7-6714-4efd-acc8-a28e11154280 ] Request (ImagesTestJSON:test_create_image_from_suspended_server): 200 GET http://10.180.1.21/compute/v2.1/servers/227ce655-b7d4-484c-85f6-40f014412044 0.548s
2025-04-03 19:03:28.050 71394 INFO tempest.lib.common.rest_client [req-2342f7a3-269e-4471-9b57-c855c46f851a req-2342f7a3-269e-4471-9b57-c855c46f851a ] Request (QuotasAdminTestJSON:test_delete_quota): 200 GET http://10.180.1.21/compute/v2.1/os-quota-sets/e78300084f69402a85663f02aac9a319 0.703s
2025-04-03 19:03:28.062 71402 INFO tempest.lib.common.rest_client [req-f0f919c2-9912-413a-8224-e2a632ce0dea req-f0f919c2-9912-413a-8224-e2a632ce0dea ] Request (ServerShowV257Test:test_rebuild_server): 200 GET http://10.180.1.21/compute/v2.1/servers/dd1c3bef-07d4-4475-94e1-d49a3927e990 0.535s
2025-04-03 19:03:28.141 71400 INFO tempest.lib.common.rest_client [req-70daf656-efa5-40f6-b824-2cf3d2dffd4d req-70daf656-efa5-40f6-b824-2cf3d2dffd4d ] Request (InstanceActionsV221TestJSON:test_get_list_deleted_instance_actions): 200 GET http://10.180.1.21/compute/v2.1/servers/d114d86b-843c-4928-b251-5747b5d6b5ec 0.529s
2025-04-03 19:03:28.304 71389 INFO tempest.lib.common.rest_client [req-45405803-dd48-4338-96bb-92b23c0321bd req-45405803-dd48-4338-96bb-92b23c0321bd ] Request (ServerExternalEventsTest:tearDownClass): 200 GET http://10.180.1.21/compute/v2.1/servers/3f60e673-e519-4511-8f17-553bd328c435 0.651s
2025-04-03 19:03:28.514 71366 INFO tempest.lib.common.rest_client [req-c24ccd4c-8425-414b-b258-66bcfc0d6faf req-c24ccd4c-8425-414b-b258-66bcfc0d6faf ] Request (InstanceActionsTestJSON:tearDownClass): 204 DELETE http://10.180.1.21:9696/networking/v2.0/routers/72bad205-62ab-43e1-b829-c32135b98f70 1.749s
2025-04-03 19:03:28.525 71390 INFO tempest.lib.common.rest_client [req-374a6bed-7ac9-4a7d-b1bc-9ac0b0319e03 req-374a6bed-7ac9-4a7d-b1bc-9ac0b0319e03 ] Request (ServerRescueTestJSON:setUpClass): 200 GET http://10.180.1.21/compute/v2.1/servers/e43cd3ed-5a0e-4d1d-9177-9879a05db58f 0.607s
2025-04-03 19:03:28.602 71398 INFO tempest.lib.common.rest_client [req-34adc9a6-7356-4890-8d4a-6d7719e9624b req-34adc9a6-7356-4890-8d4a-6d7719e9624b ] Request (MigrationsAdminTest:test_list_migrations_in_flavor_resize_situation): 200 GET http://10.180.1.21/compute/v2.1/servers/234bae3a-7868-453f-9072-24eb855d57ed 1.071s
2025-04-03 19:03:28.607 71394 INFO tempest.lib.common.rest_client [req-76a04732-4c3d-4cdf-a720-eeb0e05beb69 req-76a04732-4c3d-4cdf-a720-eeb0e05beb69 ] Request (QuotasAdminTestJSON:test_delete_quota): 200 PUT http://10.180.1.21/compute/v2.1/os-quota-sets/e78300084f69402a85663f02aac9a319 0.552s
2025-04-03 19:03:28.634 71408 INFO tempest.lib.common.rest_client [req-e5174d46-786d-4852-bef6-1101e7dd901c req-e5174d46-786d-4852-bef6-1101e7dd901c ] Request (ServerDiagnosticsV248Test:tearDownClass): 404 GET http://10.180.1.21/compute/v2.1/servers/8b430097-236d-4d69-847c-1129653c46d7 0.453s
2025-04-03 19:03:28.708 71354 INFO tempest.lib.common.rest_client [req-11bcc23f-70d1-42cf-9b36-5ae55d79521f req-11bcc23f-70d1-42cf-9b36-5ae55d79521f ] Request (ServerMetadataTestJSON:setUpClass): 200 PUT http://10.180.1.21:9696/networking/v2.0/routers/825097a0-67ff-4a8d-9997-c206fd87de11/add_router_interface 2.358s
