2025-04-03 19:02:34.971 71389 INFO tempest.lib.common.rest_client [req-57e538c1-3e2c-4a21-be65-23117426bfd4 req-57e538c1-3e2c-4a21-be65-23117426bfd4 ] Request (KeyPairsV210TestJSON:tearDownClass): 201 POST http://10.180.1.21/identity/v3/auth/tokens 0.080s
2025-04-03 19:02:34.995 71382 INFO tempest.lib.common.rest_client [req-69d20162-9c42-47c8-8924-0e251cb63817 req-69d20162-9c42-47c8-8924-0e251cb63817 ] Request (ServerDiagnosticsTest:setUpClass): 200 GET http://10.180.1.21/identity/v3/domains?name=Default 0.047s
2025-04-03 19:02:35.027 71382 INFO tempest.lib.common.rest_client [req-9c56cd39-c1cf-4d40-a098-31a0b1c5d4a7 req-9c56cd39-c1cf-4d40-a098-31a0b1c5d4a7 ] Request (ServerDiagnosticsTest:setUpClass): 201 POST http://10.180.1.21/identity/v3/projects 0.031s
2025-04-03 19:02:35.085 71382 INFO tempest.lib.common.rest_client [req-de833cb9-a89b-4c22-871d-842dd95b44bc req-de833cb9-a89b-4c22-871d-842dd95b44bc ] Request (ServerDiagnosticsTest:setUpClass): 201 POST http://10.180.1.21/identity/v3/users 0.058s
2025-04-03 19:02:35.106 71382 INFO tempest.lib.common.rest_client [req-af604fa6-80a8-47b3-9f4a-7a54a8234fc6 req-af604fa6-80a8-47b3-9f4a-7a54a8234fc6 ] Request (ServerDiagnosticsTest:setUpClass): 200 GET http://10.180.1.21/identity/v3/roles 0.020s
2025-04-03 19:02:35.131 71382 INFO tempest.lib.common.rest_client [req-c52d195c-1852-4096-844d-c919a4329142 req-c52d195c-1852-4096-844d-c919a4329142 ] Request (ServerDiagnosticsTest:setUpClass): 204 PUT http://10.180.1.21/identity/v3/projects/3e75518e7c8841d0ad6cf101346a0e3e/users/e19b60a790204e07b262fd32e9f2d15f/roles/8183cca0cb594307afe3bb488291649b 0.024s
2025-04-03 19:02:35.131 71382 INFO tempest.lib.common.dynamic_creds [-] Dynamic test user e19b60a790204e07b262fd32e9f2d15f is created with scope project and roles: ['member']
2025-04-03 19:02:35.131 71382 INFO tempest.lib.common.dynamic_creds [-] Acquired dynamic creds: credentials: Credentials: {'domain_id': 'default', 'domain_name': 'Default', 'username': 'tempest-ServerDiagnosticsTest-1596544636-project-member', 'project_domain_id': 'default', 'project_domain_name': 'Default', 'project_id': '3e75518e7c8841d0ad6cf101346a0e3e', 'project_name': 'tempest-ServerDiagnosticsTest-1596544636', 'tenant_id': '3e75518e7c8841d0ad6cf101346a0e3e', 'tenant_name': 'tempest-ServerDiagnosticsTest-1596544636', 'user_domain_id': 'default', 'user_domain_name': 'Default', 'user_id': 'e19b60a790204e07b262fd32e9f2d15f', 'system': None}, Network: None, Subnet: None, Router: None
2025-04-03 19:02:35.131 71382 INFO tempest.lib.common.dynamic_creds [-] Created isolated network resources for: credentials: Credentials: {'domain_id': 'default', 'domain_name': 'Default', 'username': 'tempest-ServerDiagnosticsTest-1596544636-project-member', 'project_domain_id': 'default', 'project_domain_name': 'Default', 'project_id': '3e75518e7c8841d0ad6cf101346a0e3e', 'project_name': 'tempest-ServerDiagnosticsTest-1596544636', 'tenant_id': '3e75518e7c8841d0ad6cf101346a0e3e', 'tenant_name': 'tempest-ServerDiagnosticsTest-1596544636', 'user_domain_id': 'default', 'user_domain_name': 'Default', 'user_id': 'e19b60a790204e07b262fd32e9f2d15f', 'system': None}, Network: None, Subnet: None, Router: None
2025-04-03 19:02:35.203 71392 INFO tempest.lib.common.rest_client [req-a6591269-b859-4acc-a39e-5c0d129638f7 req-a6591269-b859-4acc-a39e-5c0d129638f7 ] Request (FlavorsV255TestJSON:tearDownClass): 204 DELETE http://10.180.1.21:9696/networking/v2.0/security-groups/862517b1-5ce6-4a7a-b6ff-2cac28d8139f 0.273s
2025-04-03 19:02:35.219 71396 INFO tempest.lib.common.rest_client [req-94707ad7-40b8-44cd-91c3-3cb1c583774c req-94707ad7-40b8-44cd-91c3-3cb1c583774c ] Request (ServersV294TestFqdnHostnames:setUpClass): 201 POST http://10.180.1.21:9696/networking/v2.0/security-group-rules 0.379s
2025-04-03 19:02:35.224 71362 INFO tempest.lib.common.rest_client [req-c7d16d61-e9a6-48da-b4b0-3382183fe08e req-c7d16d61-e9a6-48da-b4b0-3382183fe08e ] Request (ServersTestManualDisk:setUpClass): 201 POST http://10.180.1.21:9696/networking/v2.0/security-groups 0.365s
2025-04-03 19:02:35.233 71382 INFO tempest.lib.common.rest_client [req-d2cc45ff-24e7-4aab-ac65-9940ad45448f req-d2cc45ff-24e7-4aab-ac65-9940ad45448f ] Request (ServerDiagnosticsTest:setUpClass): 201 POST http://10.180.1.21/identity/v3/auth/tokens 0.099s
2025-04-03 19:02:35.238 71376 INFO tempest.lib.common.rest_client [req-a65a369e-d0f4-4490-a78b-34567fb2c22b req-a65a369e-d0f4-4490-a78b-34567fb2c22b ] Request (ServicesAdminNegativeTestJSON:tearDownClass): 204 DELETE http://10.180.1.21:9696/networking/v2.0/security-groups/c22b7b68-eac0-4446-b239-852f346c5367 0.333s
2025-04-03 19:02:35.305 71368 INFO tempest.lib.common.rest_client [req-07e1792c-9929-4610-9748-f2d2aa12998c req-07e1792c-9929-4610-9748-f2d2aa12998c ] Request (AttachInterfacesTestJSON:test_create_list_show_delete_interfaces_by_fixed_ip): 202 POST http://10.180.1.21/compute/v2.1/servers 1.928s
2025-04-03 19:02:35.316 71389 INFO tempest.lib.common.rest_client [req-b7f7d525-ef91-4202-93dc-5974ef579f35 req-b7f7d525-ef91-4202-93dc-5974ef579f35 ] Request (KeyPairsV210TestJSON:tearDownClass): 200 GET http://10.180.1.21:9696/networking/v2.0/security-groups?tenant_id=ef94c9dab3f04a74856b372ea8d86120&name=default 0.345s
2025-04-03 19:02:35.323 71382 INFO tempest.lib.common.rest_client [req-47664238-7cba-48bd-802d-fc2abe46729b req-47664238-7cba-48bd-802d-fc2abe46729b ] Request (ServerDiagnosticsTest:setUpClass): 201 POST http://10.180.1.21/identity/v3/projects 0.090s
2025-04-03 19:02:35.347 71354 INFO tempest.lib.common.rest_client [req-9d1222b0-4dc6-49fa-846e-f26947a0efe6 req-9d1222b0-4dc6-49fa-846e-f26947a0efe6 ] Request (SecurityGroupRulesTestJSON:setUpClass): 201 POST http://10.180.1.21:9696/networking/v2.0/routers 2.311s
2025-04-03 19:02:35.370 71398 INFO tempest.lib.common.rest_client [req-00352f2d-cbef-42e7-ae0c-5bdf51ff7d56 req-00352f2d-cbef-42e7-ae0c-5bdf51ff7d56 ] Request (MigrationsAdminTest:test_list_migrations_in_flavor_resize_situation): 202 POST http://10.180.1.21/compute/v2.1/servers 1.504s
2025-04-03 19:02:35.387 71392 INFO tempest.lib.common.rest_client [req-ef4afb2e-8842-4ed1-a004-61e58ff391c2 req-ef4afb2e-8842-4ed1-a004-61e58ff391c2 ] Request (FlavorsV255TestJSON:tearDownClass): 204 DELETE http://10.180.1.21/identity/v3/projects/0329adab3d574a7aa189e2f76e7728d6 0.184s
2025-04-03 19:02:35.481 71382 INFO tempest.lib.common.rest_client [req-8fb497d5-27a7-4c28-9173-6ed3de616ccc req-8fb497d5-27a7-4c28-9173-6ed3de616ccc ] Request (ServerDiagnosticsTest:setUpClass): 201 POST http://10.180.1.21/identity/v3/users 0.157s
2025-04-03 19:02:35.511 71392 INFO tempest.lib.common.rest_client [req-353f40a3-fbce-4cd5-b3f9-4321ffdc4efd req-353f40a3-fbce-4cd5-b3f9-4321ffdc4efd ] Request (ImagesDeleteNegativeTestJSON:setUpClass): 201 POST http://10.180.1.21/identity/v3/auth/tokens 0.120s
2025-04-03 19:02:35.591 71376 INFO tempest.lib.common.rest_client [req-e62ff372-8048-4459-9056-82f9a373365b req-e62ff372-8048-4459-9056-82f9a373365b ] Request (ServicesAdminNegativeTestJSON:tearDownClass): 204 DELETE http://10.180.1.21/identity/v3/projects/92331a0ab2b4463dbee0ecc65b55d878 0.349s
2025-04-03 19:02:35.596 71396 INFO tempest.lib.common.rest_client [req-c24a4436-0a36-4040-bccc-d5847d4cdf53 req-c24a4436-0a36-4040-bccc-d5847d4cdf53 ] Request (ServersV294TestFqdnHostnames:setUpClass): 201 POST http://10.180.1.21:9696/networking/v2.0/security-group-rules 0.376s
2025-04-03 19:02:35.659 71382 INFO tempest.lib.common.rest_client [req-a613187f-dee0-4763-bb84-13be235e3d25 req-a613187f-dee0-4763-bb84-13be235e3d25 ] Request (ServerDiagnosticsTest:setUpClass): 200 GET http://10.180.1.21/identity/v3/roles 0.178s
2025-04-03 19:02:35.660 71362 INFO tempest.lib.common.rest_client [req-70ea0cb8-3343-4ada-b319-dc85bc5f537b req-70ea0cb8-3343-4ada-b319-dc85bc5f537b ] Request (ServersTestManualDisk:setUpClass): 201 POST http://10.180.1.21:9696/networking/v2.0/security-group-rules 0.434s
2025-04-03 19:02:35.694 71392 INFO tempest.lib.common.rest_client [req-7d2dc4ba-9b19-4836-95d1-b50dbded8b4e req-7d2dc4ba-9b19-4836-95d1-b50dbded8b4e ] Request (ImagesDeleteNegativeTestJSON:setUpClass): 201 POST http://10.180.1.21/identity/v3/auth/tokens 0.178s
2025-04-03 19:02:35.699 71378 INFO tempest.lib.common.rest_client [req-dd08296e-0230-469d-b532-3d0b235bf918 req-dd08296e-0230-469d-b532-3d0b235bf918 ] Request (DeleteServersAdminTestJSON:test_admin_delete_servers_of_others): 200 GET http://10.180.1.21/compute/v2.1/servers/76845f8c-e70a-4f92-a3ba-dc7c2c5127ad 1.770s
2025-04-03 19:02:35.708 71376 INFO tempest.lib.common.rest_client [req-bc04256f-e054-44b7-b038-cf313d5fbc4e req-bc04256f-e054-44b7-b038-cf313d5fbc4e ] Request (AbsoluteLimitsTestJSON:setUpClass): 201 POST http://10.180.1.21/identity/v3/auth/tokens 0.116s
2025-04-03 19:02:35.719 71356 INFO tempest.lib.common.rest_client [req-19faa93b-ec5e-4b79-849d-ee5f3b89eacd req-19faa93b-ec5e-4b79-849d-ee5f3b89eacd ] Request (ServersWithSpecificFlavorTestJSON:test_verify_created_server_ephemeral_disk): 200 GET http://10.180.1.21/compute/v2.1/flavors/42/os-extra_specs 1.778s
2025-04-03 19:02:35.720 71358 INFO tempest.lib.common.rest_client [req-0f7fb03c-e41f-44a3-bd4c-d2b697e62017 req-0f7fb03c-e41f-44a3-bd4c-d2b697e62017 ] Request (QuotasAdminTestV236:test_get_updated_quotas): 200 GET http://10.180.1.21/compute/v2.1/os-quota-sets/bcb0af249fcb4a1cadad27fc28a6c58a?user_id=a7650452f2c04798912ecfb203446078 1.804s
2025-04-03 19:02:35.727 71360 INFO tempest.lib.common.rest_client [req-d1515ac6-09fa-4bc0-ad8c-ccaffaed6f9f req-d1515ac6-09fa-4bc0-ad8c-ccaffaed6f9f ] Request (FlavorsExtraSpecsNegativeTestJSON:test_flavor_update_more_key): 400 PUT http://10.180.1.21/compute/v2.1/flavors/584045939/os-extra_specs/hw:numa_nodes 1.780s
2025-04-03 19:02:35.736 71392 INFO tempest.lib.common.rest_client [req-b11aceb7-c43e-44ff-a7b7-f9ac6ddb82a7 req-b11aceb7-c43e-44ff-a7b7-f9ac6ddb82a7 ] Request (ImagesDeleteNegativeTestJSON:setUpClass): 200 GET http://10.180.1.21/identity/v3/domains?name=Default 0.042s
2025-04-03 19:02:35.748 71389 INFO tempest.lib.common.rest_client [req-563e30ce-5375-427f-bb38-a789fafb8c3d req-563e30ce-5375-427f-bb38-a789fafb8c3d ] Request (KeyPairsV210TestJSON:tearDownClass): 204 DELETE http://10.180.1.21:9696/networking/v2.0/security-groups/6bef237a-1b47-402f-bfce-95df95ab3114 0.431s
2025-04-03 19:02:35.748 71382 INFO tempest.lib.common.rest_client [req-6bfe74bf-4e2a-4fbb-888b-e23e3e2bb028 req-6bfe74bf-4e2a-4fbb-888b-e23e3e2bb028 ] Request (ServerDiagnosticsTest:setUpClass): 204 PUT http://10.180.1.21/identity/v3/projects/5557a211ef2546298919039c24d2081e/users/defc93a7507f466197a94c2a02e38d92/roles/dbc1d5af9ace4e25b3e2660d08fa24bd 0.085s
2025-04-03 19:02:35.749 71402 INFO tempest.lib.common.rest_client [req-f16a6b83-bd27-4815-89d4-56f0009447c5 req-f16a6b83-bd27-4815-89d4-56f0009447c5 ] Request (ServicesAdminNegativeV253TestJSON:test_get_service_with_valid_service_and_invalid_host): 200 GET http://10.180.1.21/compute/v2.1/os-services?host=xxx&binary=nova-scheduler 1.778s
2025-04-03 19:02:35.778 71414 INFO tempest.lib.common.rest_client [req-8784eda4-f20e-4c94-937c-863897c6dd35 req-8784eda4-f20e-4c94-937c-863897c6dd35 ] Request (AggregatesAdminNegativeTestJSON:_run_cleanups): 200 DELETE http://10.180.1.21/compute/v2.1/os-aggregates/2 1.688s
2025-04-03 19:02:35.835 71376 INFO tempest.lib.common.rest_client [req-c003ca0b-8bec-43d3-b59c-f31fe4cf5157 req-c003ca0b-8bec-43d3-b59c-f31fe4cf5157 ] Request (AbsoluteLimitsTestJSON:setUpClass): 201 POST http://10.180.1.21/identity/v3/auth/tokens 0.123s
2025-04-03 19:02:35.866 71372 INFO tempest.lib.common.rest_client [req-6f1ba22a-b57f-42b3-a9a0-c063a6ff2bc7 req-6f1ba22a-b57f-42b3-a9a0-c063a6ff2bc7 ] Request (ServersAdminNegativeTestJSON:setUpClass): 200 GET http://10.180.1.21/compute/v2.1/servers/92011c0d-65c5-43e3-a9c4-3fa1c46d3727 1.836s
2025-04-03 19:02:35.868 71392 INFO tempest.lib.common.rest_client [req-cb013a6c-4af0-4bbc-9020-1f1c4b54cbd7 req-cb013a6c-4af0-4bbc-9020-1f1c4b54cbd7 ] Request (ImagesDeleteNegativeTestJSON:setUpClass): 201 POST http://10.180.1.21/identity/v3/projects 0.131s
2025-04-03 19:02:35.878 71372 INFO tempest.common.waiters [-] State transition "BUILD/scheduling" ==> "BUILD/None" after 2 second wait
2025-04-03 19:02:35.888 71358 INFO tempest.lib.common.rest_client [req-15e6692d-746f-493f-951f-261e206c8330 req-15e6692d-746f-493f-951f-261e206c8330 ] Request (QuotasAdminTestV236:_run_cleanups): 204 DELETE http://10.180.1.21/identity/v3/users/a7650452f2c04798912ecfb203446078 0.162s
2025-04-03 19:02:35.958 71362 INFO tempest.lib.common.rest_client [req-26a45acb-1a78-44cb-913f-96012984cdf6 req-26a45acb-1a78-44cb-913f-96012984cdf6 ] Request (ServersTestManualDisk:setUpClass): 201 POST http://10.180.1.21:9696/networking/v2.0/security-group-rules 0.295s
2025-04-03 19:02:35.967 71408 INFO tempest.lib.common.rest_client [req-bf4de70d-01d9-490d-8f5f-eede138b12a4 req-bf4de70d-01d9-490d-8f5f-eede138b12a4 ] Request (ServerDiagnosticsV248Test:test_get_server_diagnostics): 200 GET http://10.180.1.21/compute/v2.1/servers/8b430097-236d-4d69-847c-1129653c46d7 1.780s
2025-04-03 19:02:35.981 71408 INFO tempest.common.waiters [-] State transition "BUILD/None" ==> "BUILD/spawning" after 10 second wait
2025-04-03 19:02:35.985 71382 INFO tempest.lib.common.rest_client [req-bd316843-40ca-49bd-96e5-69e9c8b97f8d req-bd316843-40ca-49bd-96e5-69e9c8b97f8d ] Request (ServerDiagnosticsTest:setUpClass): 200 GET http://10.180.1.21/identity/v3/roles 0.236s
2025-04-03 19:02:35.987 71380 INFO tempest.lib.common.rest_client [req-952ee13c-1621-4ed2-bbfa-89cf6e443993 req-952ee13c-1621-4ed2-bbfa-89cf6e443993 ] Request (VolumesAssistedSnapshotsTest:test_volume_assisted_snapshot_create_delete): 201 POST http://10.180.1.21:9696/networking/v2.0/floatingips 1.513s
2025-04-03 19:02:36.018 71389 INFO tempest.lib.common.rest_client [req-2ae298c0-2183-423b-8dba-0b4a940cca8a req-2ae298c0-2183-423b-8dba-0b4a940cca8a ] Request (KeyPairsV210TestJSON:tearDownClass): 204 DELETE http://10.180.1.21/identity/v3/projects/ef94c9dab3f04a74856b372ea8d86120 0.270s
2025-04-03 19:02:36.018 71389 INFO tempest.lib.common.dynamic_creds [-] Deleting project and security group for project: 5cb82e450c00436f9d18b64b5674ac4c
2025-04-03 19:02:36.052 71376 INFO tempest.lib.common.rest_client [req-da05fe71-48ec-4ceb-aaf4-3f70863721b9 req-da05fe71-48ec-4ceb-aaf4-3f70863721b9 ] Request (AbsoluteLimitsTestJSON:setUpClass): 200 GET http://10.180.1.21/identity/v3/domains?name=Default 0.216s
2025-04-03 19:02:36.067 71412 INFO tempest.lib.common.rest_client [req-fba991ea-f5cd-42ef-b810-b5f823510efa req-fba991ea-f5cd-42ef-b810-b5f823510efa ] Request (SecurityGroupRulesNegativeTestJSON:test_create_security_group_rule_with_invalid_ip_protocol): 400 POST http://10.180.1.21/compute/v2.1/os-security-group-rules 1.770s
2025-04-03 19:02:36.097 71392 INFO tempest.lib.common.rest_client [req-67f99fde-925e-45fe-880f-f25ba819421c req-67f99fde-925e-45fe-880f-f25ba819421c ] Request (ImagesDeleteNegativeTestJSON:setUpClass): 201 POST http://10.180.1.21/identity/v3/users 0.227s
2025-04-03 19:02:36.106 71410 INFO tempest.lib.common.rest_client [req-34be4d75-8171-44cf-a93e-62af2e2e3c01 req-34be4d75-8171-44cf-a93e-62af2e2e3c01 ] Request (FlavorsAccessNegativeTestJSON:_run_cleanups): 202 DELETE http://10.180.1.21/compute/v2.1/flavors/176706148 1.789s
2025-04-03 19:02:36.119 71382 INFO tempest.lib.common.rest_client [req-a328eb78-ce79-4eec-9682-977607865c06 req-a328eb78-ce79-4eec-9682-977607865c06 ] Request (ServerDiagnosticsTest:setUpClass): 204 PUT http://10.180.1.21/identity/v3/projects/5557a211ef2546298919039c24d2081e/users/defc93a7507f466197a94c2a02e38d92/roles/dbc1d5af9ace4e25b3e2660d08fa24bd 0.132s
2025-04-03 19:02:36.120 71382 INFO tempest.lib.common.dynamic_creds [-] Dynamic test user defc93a7507f466197a94c2a02e38d92 is created with scope project and roles: ['admin']
2025-04-03 19:02:36.120 71382 INFO tempest.lib.common.dynamic_creds [-] Acquired dynamic creds: credentials: Credentials: {'domain_id': 'default', 'domain_name': 'Default', 'username': 'tempest-ServerDiagnosticsTest-1730538289-project-admin', 'project_domain_id': 'default', 'project_domain_name': 'Default', 'project_id': '5557a211ef2546298919039c24d2081e', 'project_name': 'tempest-ServerDiagnosticsTest-1730538289', 'tenant_id': '5557a211ef2546298919039c24d2081e', 'tenant_name': 'tempest-ServerDiagnosticsTest-1730538289', 'user_domain_id': 'default', 'user_domain_name': 'Default', 'user_id': 'defc93a7507f466197a94c2a02e38d92', 'system': None}, Network: None, Subnet: None, Router: None
2025-04-03 19:02:36.120 71382 INFO tempest.lib.common.dynamic_creds [-] Created isolated network resources for: credentials: Credentials: {'domain_id': 'default', 'domain_name': 'Default', 'username': 'tempest-ServerDiagnosticsTest-1730538289-project-admin', 'project_domain_id': 'default', 'project_domain_name': 'Default', 'project_id': '5557a211ef2546298919039c24d2081e', 'project_name': 'tempest-ServerDiagnosticsTest-1730538289', 'tenant_id': '5557a211ef2546298919039c24d2081e', 'tenant_name': 'tempest-ServerDiagnosticsTest-1730538289', 'user_domain_id': 'default', 'user_domain_name': 'Default', 'user_id': 'defc93a7507f466197a94c2a02e38d92', 'system': None}, Network: None, Subnet: None, Router: None
2025-04-03 19:02:36.161 71358 INFO tempest.lib.common.rest_client [req-e4ac5d2d-0563-469b-8223-258770324cf9 req-e4ac5d2d-0563-469b-8223-258770324cf9 ] Request (QuotasAdminTestV236:_run_cleanups): 204 DELETE http://10.180.1.21/identity/v3/projects/bcb0af249fcb4a1cadad27fc28a6c58a 0.273s
2025-04-03 19:02:36.181 71380 INFO tempest.lib.common.rest_client [req-752e8a99-89ba-442d-8ccd-3272963383dc req-752e8a99-89ba-442d-8ccd-3272963383dc ] Request (VolumesAssistedSnapshotsTest:test_volume_assisted_snapshot_create_delete): 201 POST http://10.180.1.21/identity/v3/auth/tokens 0.189s
2025-04-03 19:02:36.182 71380 INFO tempest.lib.common.fixed_network [-] (VolumesAssistedSnapshotsTest:test_volume_assisted_snapshot_create_delete) Found network {'id': '74201a6a-a706-48c0-92da-4e8c729fbfc2', 'name': 'tempest-VolumesAssistedSnapshotsTest-1681104546-network', 'tenant_id': '6256f416bc0d490881a0132ceb802d2a', 'admin_state_up': True, 'mtu': 8950, 'status': 'ACTIVE', 'subnets': [], 'shared': False, 'project_id': '6256f416bc0d490881a0132ceb802d2a', 'port_security_enabled': True, 'router:external': False, 'provider:network_type': 'vlan', 'provider:physical_network': 'default', 'provider:segmentation_id': 526, 'availability_zone_hints': [], 'availability_zones': [], 'ipv4_address_scope': None, 'ipv6_address_scope': None, 'description': '', 'tags': [], 'created_at': '2025-04-03T19:02:14Z', 'updated_at': '2025-04-03T19:02:14Z', 'revision_number': 1} available for tenant
2025-04-03 19:02:36.221 71406 INFO tempest.lib.common.rest_client [req-ba2acbb1-4c9d-4807-b4f2-1b7cc5b22c31 req-ba2acbb1-4c9d-4807-b4f2-1b7cc5b22c31 ] Request (ServersTestFqdnHostnames:test_create_server_with_fqdn_name): 200 GET http://10.180.1.21/compute/v2.1/servers/5886f11a-d2d5-459e-82ca-7e718cf28b19 1.879s
2025-04-03 19:02:36.235 71406 INFO tempest.common.waiters [-] State transition "BUILD/None" ==> "BUILD/networking" after 8 second wait
2025-04-03 19:02:36.290 71376 INFO tempest.lib.common.rest_client [req-aee77aac-acea-4c02-964c-e29a95c76f69 req-aee77aac-acea-4c02-964c-e29a95c76f69 ] Request (AbsoluteLimitsTestJSON:setUpClass): 201 POST http://10.180.1.21/identity/v3/projects 0.238s
2025-04-03 19:02:36.356 71392 INFO tempest.lib.common.rest_client [req-e708f1c6-80ea-469f-add6-60133e6f356a req-e708f1c6-80ea-469f-add6-60133e6f356a ] Request (ImagesDeleteNegativeTestJSON:setUpClass): 200 GET http://10.180.1.21/identity/v3/roles 0.259s
2025-04-03 19:02:36.416 71404 INFO tempest.lib.common.rest_client [req-60036481-8170-45ba-abd9-032064307c4b req-60036481-8170-45ba-abd9-032064307c4b ] Request (ServersAdmin275Test:test_rebuild_update_server_275): 200 GET http://10.180.1.21/compute/v2.1/servers/524f9d7c-3a51-4570-bad1-4b4a2e51c639 1.983s
2025-04-03 19:02:36.428 71384 INFO tempest.lib.common.rest_client [req-48b3f6be-bff7-48cd-b417-a4c90ba80f5b req-48b3f6be-bff7-48cd-b417-a4c90ba80f5b ] Request (QuotasAdminNegativeTest:test_create_server_when_cpu_quota_is_full): 200 PUT http://10.180.1.21/compute/v2.1/os-quota-sets/a750c43c03b0409fb5e374116f3d8ed8 2.213s
2025-04-03 19:02:36.432 71382 INFO tempest.lib.common.rest_client [req-14f5a8a3-4644-4ea0-a20c-9883251100ca req-14f5a8a3-4644-4ea0-a20c-9883251100ca ] Request (ServerDiagnosticsTest:setUpClass): 201 POST http://10.180.1.21/identity/v3/auth/tokens 0.307s
2025-04-03 19:02:36.451 71374 INFO tempest.lib.common.rest_client [req-0f1bc10f-0c72-494a-85d9-8a579d8d8662 req-0f1bc10f-0c72-494a-85d9-8a579d8d8662 ] Request (HostsAdminNegativeTestJSON:test_startup_nonexistent_host): 404 GET http://10.180.1.21/compute/v2.1/os-hosts/nonexistent_hostname/startup 1.911s
2025-04-03 19:02:36.490 71394 INFO tempest.lib.common.rest_client [req-b8492f2b-75ec-4fbe-90fc-c43dc7857357 req-b8492f2b-75ec-4fbe-90fc-c43dc7857357 ] Request (FlavorsAdminTestJSON:_run_cleanups): 200 GET http://10.180.1.21/compute/v2.1/flavors/detail 1.915s
2025-04-03 19:02:36.498 71400 INFO tempest.lib.common.rest_client [req-8d51c912-2752-4fe1-9f1d-33958db04752 req-8d51c912-2752-4fe1-9f1d-33958db04752 ] Request (ImagesMetadataTestJSON:test_list_image_metadata): 200 GET http://10.180.1.21/compute/v2.1/images/7911013a-70f8-4af7-af79-4191d043700c/metadata 1.965s
2025-04-03 19:02:36.529 71389 INFO tempest.lib.common.rest_client [req-2f436fcf-309e-4716-8403-ffb3897da74a req-2f436fcf-309e-4716-8403-ffb3897da74a ] Request (KeyPairsV210TestJSON:tearDownClass): 200 GET http://10.180.1.21:9696/networking/v2.0/security-groups?tenant_id=5cb82e450c00436f9d18b64b5674ac4c&name=default 0.511s
2025-04-03 19:02:36.580 71358 INFO tempest.lib.common.rest_client [req-0238fb78-753c-4483-aceb-70ae281116d1 req-0238fb78-753c-4483-aceb-70ae281116d1 ] Request (QuotasAdminTestV236:tearDownClass): 204 DELETE http://10.180.1.21/identity/v3/users/accc9889b01f42d58817e85788e4a24f 0.411s
2025-04-03 19:02:36.588 71376 INFO tempest.lib.common.rest_client [req-6d429722-230d-4771-8609-e0b59b70fd00 req-6d429722-230d-4771-8609-e0b59b70fd00 ] Request (AbsoluteLimitsTestJSON:setUpClass): 201 POST http://10.180.1.21/identity/v3/users 0.297s
2025-04-03 19:02:36.631 71364 INFO tempest.lib.common.rest_client [req-b697d421-acb2-4d54-a70f-06d34cdc9034 req-b697d421-acb2-4d54-a70f-06d34cdc9034 ] Request (ImagesTestJSON:test_create_image_from_stopped_server): 200 GET http://10.180.1.21/compute/v2.1/servers/64df4dbf-7231-4fed-85d7-241dd9257df8 2.004s
2025-04-03 19:02:36.660 71370 INFO tempest.lib.common.rest_client [req-517523aa-f12e-4426-ac6f-2614da735ab2 req-517523aa-f12e-4426-ac6f-2614da735ab2 ] Request (SecurityGroupsTestJSON:test_list_security_groups_by_server): 200 GET http://10.180.1.21/compute/v2.1/servers/bbe9db38-468a-4c7d-8140-716ec900380d 2.065s
2025-04-03 19:02:36.689 71384 INFO tempest.lib.common.rest_client [req-3bf3f962-b59b-4903-9336-a52113db5344 req-3bf3f962-b59b-4903-9336-a52113db5344 ] Request (QuotasAdminNegativeTest:test_create_server_when_cpu_quota_is_full): 201 POST http://10.180.1.21/identity/v3/auth/tokens 0.255s
2025-04-03 19:02:36.689 71384 INFO tempest.lib.common.fixed_network [-] (QuotasAdminNegativeTest:test_create_server_when_cpu_quota_is_full) Found network None available for tenant
2025-04-03 19:02:36.776 71392 INFO tempest.lib.common.rest_client [req-cb862dbf-7188-4fbb-bd06-6349026f3df1 req-cb862dbf-7188-4fbb-bd06-6349026f3df1 ] Request (ImagesDeleteNegativeTestJSON:setUpClass): 204 PUT http://10.180.1.21/identity/v3/projects/36f24ce452f74abba697fca8bf98a6a0/users/47f4f37e722a444e9e0bbf0690c15429/roles/8183cca0cb594307afe3bb488291649b 0.419s
2025-04-03 19:02:36.777 71392 INFO tempest.lib.common.dynamic_creds [-] Dynamic test user 47f4f37e722a444e9e0bbf0690c15429 is created with scope project and roles: ['member']
2025-04-03 19:02:36.777 71392 INFO tempest.lib.common.dynamic_creds [-] Acquired dynamic creds: credentials: Credentials: {'domain_id': 'default', 'domain_name': 'Default', 'username': 'tempest-ImagesDeleteNegativeTestJSON-431095094-project-member', 'project_domain_id': 'default', 'project_domain_name': 'Default', 'project_id': '36f24ce452f74abba697fca8bf98a6a0', 'project_name': 'tempest-ImagesDeleteNegativeTestJSON-431095094', 'tenant_id': '36f24ce452f74abba697fca8bf98a6a0', 'tenant_name': 'tempest-ImagesDeleteNegativeTestJSON-431095094', 'user_domain_id': 'default', 'user_domain_name': 'Default', 'user_id': '47f4f37e722a444e9e0bbf0690c15429', 'system': None}, Network: None, Subnet: None, Router: None
2025-04-03 19:02:36.777 71392 INFO tempest.lib.common.dynamic_creds [-] Created isolated network resources for: credentials: Credentials: {'domain_id': 'default', 'domain_name': 'Default', 'username': 'tempest-ImagesDeleteNegativeTestJSON-431095094-project-member', 'project_domain_id': 'default', 'project_domain_name': 'Default', 'project_id': '36f24ce452f74abba697fca8bf98a6a0', 'project_name': 'tempest-ImagesDeleteNegativeTestJSON-431095094', 'tenant_id': '36f24ce452f74abba697fca8bf98a6a0', 'tenant_name': 'tempest-ImagesDeleteNegativeTestJSON-431095094', 'user_domain_id': 'default', 'user_domain_name': 'Default', 'user_id': '47f4f37e722a444e9e0bbf0690c15429', 'system': None}, Network: None, Subnet: None, Router: None
2025-04-03 19:02:36.819 71382 INFO tempest.lib.common.rest_client [req-129de03a-633c-42c6-8c87-9d6040b6187b req-129de03a-633c-42c6-8c87-9d6040b6187b ] Request (ServerDiagnosticsTest:test_get_server_diagnostics): 201 POST http://10.180.1.21/identity/v3/auth/tokens 0.380s
2025-04-03 19:02:36.819 71382 INFO tempest.lib.common.fixed_network [-] (ServerDiagnosticsTest:test_get_server_diagnostics) Found network None available for tenant
2025-04-03 19:02:36.867 71376 INFO tempest.lib.common.rest_client [req-523789d7-eacb-432a-acb9-46bcf7e2d28d req-523789d7-eacb-432a-acb9-46bcf7e2d28d ] Request (AbsoluteLimitsTestJSON:setUpClass): 200 GET http://10.180.1.21/identity/v3/roles 0.278s
2025-04-03 19:02:36.935 71358 INFO tempest.lib.common.rest_client [req-3feafba2-a3f0-480c-874b-7bc07371210f req-3feafba2-a3f0-480c-874b-7bc07371210f ] Request (QuotasAdminTestV236:tearDownClass): 204 DELETE http://10.180.1.21/identity/v3/users/ef725bd5b92640bbacdd191e3c8050b5 0.355s
2025-04-03 19:02:36.935 71358 INFO tempest.lib.common.dynamic_creds [-] Deleting project and security group for project: 7cc249b6af3445af984f42dc480d3022
2025-04-03 19:02:36.937 71368 INFO tempest.lib.common.rest_client [req-451ae001-edf9-4c60-9d65-0bf64b695786 req-451ae001-edf9-4c60-9d65-0bf64b695786 ] Request (AttachInterfacesTestJSON:test_create_list_show_delete_interfaces_by_fixed_ip): 200 GET http://10.180.1.21/compute/v2.1/servers/c8ac11bf-61fb-4bd3-b24a-b0389bbb7354 1.630s
2025-04-03 19:02:36.970 71392 INFO tempest.lib.common.rest_client [req-1f562d82-900d-41dc-b03b-c15b171a668b req-1f562d82-900d-41dc-b03b-c15b171a668b ] Request (ImagesDeleteNegativeTestJSON:setUpClass): 201 POST http://10.180.1.21/identity/v3/auth/tokens 0.186s
2025-04-03 19:02:37.009 71398 INFO tempest.lib.common.rest_client [req-b317cdf3-f46c-43bc-8e0e-07e85940319a req-b317cdf3-f46c-43bc-8e0e-07e85940319a ] Request (MigrationsAdminTest:test_list_migrations_in_flavor_resize_situation): 200 GET http://10.180.1.21/compute/v2.1/servers/234bae3a-7868-453f-9072-24eb855d57ed 1.634s
2025-04-03 19:02:37.046 71356 INFO tempest.lib.common.rest_client [req-d2f6773e-4692-40e1-badf-50ba0f9c63d7 req-d2f6773e-4692-40e1-badf-50ba0f9c63d7 ] Request (ServersWithSpecificFlavorTestJSON:test_verify_created_server_ephemeral_disk): 200 POST http://10.180.1.21/compute/v2.1/flavors/1809460125/os-extra_specs 1.326s
2025-04-03 19:02:37.052 71358 INFO tempest.lib.common.rest_client [req-17910f22-40ab-4e7a-9b06-e9d7cb849633 req-17910f22-40ab-4e7a-9b06-e9d7cb849633 ] Request (QuotasAdminTestV236:tearDownClass): 201 POST http://10.180.1.21/identity/v3/auth/tokens 0.116s
2025-04-03 19:02:37.054 71376 INFO tempest.lib.common.rest_client [req-23708385-5540-4d6d-8d4c-53f520d3c9a5 req-23708385-5540-4d6d-8d4c-53f520d3c9a5 ] Request (AbsoluteLimitsTestJSON:setUpClass): 204 PUT http://10.180.1.21/identity/v3/projects/0d32bb321dfc47e896b81ecbb1500865/users/4b77276aeb1c4bb48139f90553a9800d/roles/8183cca0cb594307afe3bb488291649b 0.187s
2025-04-03 19:02:37.054 71376 INFO tempest.lib.common.dynamic_creds [-] Dynamic test user 4b77276aeb1c4bb48139f90553a9800d is created with scope project and roles: ['member']
2025-04-03 19:02:37.055 71376 INFO tempest.lib.common.dynamic_creds [-] Acquired dynamic creds: credentials: Credentials: {'domain_id': 'default', 'domain_name': 'Default', 'username': 'tempest-AbsoluteLimitsTestJSON-1510534558-project-member', 'project_domain_id': 'default', 'project_domain_name': 'Default', 'project_id': '0d32bb321dfc47e896b81ecbb1500865', 'project_name': 'tempest-AbsoluteLimitsTestJSON-1510534558', 'tenant_id': '0d32bb321dfc47e896b81ecbb1500865', 'tenant_name': 'tempest-AbsoluteLimitsTestJSON-1510534558', 'user_domain_id': 'default', 'user_domain_name': 'Default', 'user_id': '4b77276aeb1c4bb48139f90553a9800d', 'system': None}, Network: None, Subnet: None, Router: None
2025-04-03 19:02:37.055 71376 INFO tempest.lib.common.dynamic_creds [-] Created isolated network resources for: credentials: Credentials: {'domain_id': 'default', 'domain_name': 'Default', 'username': 'tempest-AbsoluteLimitsTestJSON-1510534558-project-member', 'project_domain_id': 'default', 'project_domain_name': 'Default', 'project_id': '0d32bb321dfc47e896b81ecbb1500865', 'project_name': 'tempest-AbsoluteLimitsTestJSON-1510534558', 'tenant_id': '0d32bb321dfc47e896b81ecbb1500865', 'tenant_name': 'tempest-AbsoluteLimitsTestJSON-1510534558', 'user_domain_id': 'default', 'user_domain_name': 'Default', 'user_id': '4b77276aeb1c4bb48139f90553a9800d', 'system': None}, Network: None, Subnet: None, Router: None
2025-04-03 19:02:37.071 71360 INFO tempest.lib.common.rest_client [req-fbb8fcb6-be0a-4ea3-8315-fbc8077b2b1b req-fbb8fcb6-be0a-4ea3-8315-fbc8077b2b1b ] Request (FlavorsExtraSpecsNegativeTestJSON:tearDownClass): 202 DELETE http://10.180.1.21/compute/v2.1/flavors/584045939 1.343s
2025-04-03 19:02:37.125 71389 INFO tempest.lib.common.rest_client [req-a6eaa19b-3810-42f3-be7b-e257d919a84f req-a6eaa19b-3810-42f3-be7b-e257d919a84f ] Request (KeyPairsV210TestJSON:tearDownClass): 204 DELETE http://10.180.1.21:9696/networking/v2.0/security-groups/2f4f7320-c6c5-483c-82cf-df3c81842da4 0.595s
2025-04-03 19:02:37.155 71376 INFO tempest.lib.common.rest_client [req-de850905-06ca-4f02-8fdc-4a0b74a7b2b4 req-de850905-06ca-4f02-8fdc-4a0b74a7b2b4 ] Request (AbsoluteLimitsTestJSON:setUpClass): 201 POST http://10.180.1.21/identity/v3/auth/tokens 0.094s
2025-04-03 19:02:37.162 71366 INFO tempest.lib.common.rest_client [req-ef3d659b-96d9-4145-a029-6227a2971dd7 req-ef3d659b-96d9-4145-a029-6227a2971dd7 ] Request (InstanceActionsTestJSON:setUpClass): 200 GET http://10.180.1.21/compute/v2.1/servers/2d27d490-abcb-4459-b039-e045378f97d6 2.148s
2025-04-03 19:02:37.201 71414 INFO tempest.lib.common.rest_client [req-f4253373-ee2f-4334-a290-8913902b709d req-f4253373-ee2f-4334-a290-8913902b709d ] Request (AggregatesAdminNegativeTestJSON:test_aggregate_add_non_exist_host): 200 POST http://10.180.1.21/compute/v2.1/os-aggregates 1.420s
2025-04-03 19:02:37.208 71402 INFO tempest.lib.common.rest_client [req-55168891-8b5b-4b84-bd39-11463491bcdc req-55168891-8b5b-4b84-bd39-11463491bcdc ] Request (ServicesAdminNegativeV253TestJSON:test_list_services_with_non_admin_user): 403 GET http://10.180.1.21/compute/v2.1/os-services 1.456s
2025-04-03 19:02:37.245 71410 INFO tempest.lib.common.rest_client [req-2d4a5b76-5f3b-4856-85fe-31bdcf555891 req-2d4a5b76-5f3b-4856-85fe-31bdcf555891 ] Request (FlavorsAccessNegativeTestJSON:_run_cleanups): 200 GET http://10.180.1.21/compute/v2.1/flavors/detail 1.138s
2025-04-03 19:02:37.330 71402 INFO tempest.lib.common.rest_client [req-17d1a8fa-6008-4862-98a9-1bb91113768b req-17d1a8fa-6008-4862-98a9-1bb91113768b ] Request (ServicesAdminNegativeV253TestJSON:tearDownClass): 204 DELETE http://10.180.1.21/identity/v3/users/894c1c08fc9a4aa7adec1ffa1e6ba502 0.119s
2025-04-03 19:02:37.332 71396 INFO tempest.lib.common.rest_client [req-5205e435-70bf-4619-bf17-0de2ffaa6b98 req-5205e435-70bf-4619-bf17-0de2ffaa6b98 ] Request (ServersV294TestFqdnHostnames:setUpClass): 201 POST http://10.180.1.21:9696/networking/v2.0/floatingips 1.735s
2025-04-03 19:02:37.334 71389 INFO tempest.lib.common.rest_client [req-91bf63ca-0cd4-4817-b57e-463e4db4aecb req-91bf63ca-0cd4-4817-b57e-463e4db4aecb ] Request (KeyPairsV210TestJSON:tearDownClass): 204 DELETE http://10.180.1.21/identity/v3/projects/5cb82e450c00436f9d18b64b5674ac4c 0.209s
2025-04-03 19:02:37.395 71390 INFO tempest.lib.common.rest_client [req-0ec8ffe0-cd37-49fa-adf2-e35932a42026 req-0ec8ffe0-cd37-49fa-adf2-e35932a42026 ] Request (ServerRescueTestJSON:setUpClass): 201 POST http://10.180.1.21:9696/networking/v2.0/routers 2.950s
2025-04-03 19:02:37.396 71396 INFO tempest.lib.common.rest_client [req-446db7c4-f2a0-40b5-af31-81d0c55b6263 req-446db7c4-f2a0-40b5-af31-81d0c55b6263 ] Request (ServersV294TestFqdnHostnames:setUpClass): 201 POST http://10.180.1.21/identity/v3/auth/tokens 0.061s
2025-04-03 19:02:37.397 71396 INFO tempest.lib.common.fixed_network [-] (ServersV294TestFqdnHostnames:setUpClass) Found network {'id': '63deb077-1077-400a-88c3-b835450afbc5', 'name': 'tempest-ServersV294TestFqdnHostnames-935547773-network', 'tenant_id': '342418bac9a04513944f5fc5027f3591', 'admin_state_up': True, 'mtu': 8950, 'status': 'ACTIVE', 'subnets': [], 'shared': False, 'project_id': '342418bac9a04513944f5fc5027f3591', 'port_security_enabled': True, 'router:external': False, 'provider:network_type': 'vlan', 'provider:physical_network': 'default', 'provider:segmentation_id': 419, 'availability_zone_hints': [], 'availability_zones': [], 'ipv4_address_scope': None, 'ipv6_address_scope': None, 'description': '', 'tags': [], 'created_at': '2025-04-03T19:02:27Z', 'updated_at': '2025-04-03T19:02:27Z', 'revision_number': 1} available for tenant
2025-04-03 19:02:37.430 71402 INFO tempest.lib.common.rest_client [req-afe94f80-e67f-441b-a598-c149317f6813 req-afe94f80-e67f-441b-a598-c149317f6813 ] Request (ServicesAdminNegativeV253TestJSON:tearDownClass): 204 DELETE http://10.180.1.21/identity/v3/users/76205cee51c94736b7f0d396f2b1b0eb 0.099s
2025-04-03 19:02:37.430 71402 INFO tempest.lib.common.dynamic_creds [-] Deleting project and security group for project: 12f872e3ae494b8ab479ea5a33401ac9
2025-04-03 19:02:37.457 71389 INFO tempest.lib.common.rest_client [req-b44bd5e9-a51a-4509-a4b5-7a3e50cd5826 req-b44bd5e9-a51a-4509-a4b5-7a3e50cd5826 ] Request (ServerExternalEventsTest:setUpClass): 201 POST http://10.180.1.21/identity/v3/auth/tokens 0.121s
2025-04-03 19:02:37.511 71402 INFO tempest.lib.common.rest_client [req-f7194392-a40c-43d0-a085-174249d9b99d req-f7194392-a40c-43d0-a085-174249d9b99d ] Request (ServicesAdminNegativeV253TestJSON:tearDownClass): 201 POST http://10.180.1.21/identity/v3/auth/tokens 0.081s
2025-04-03 19:02:37.513 71362 INFO tempest.lib.common.rest_client [req-870292db-a80c-454d-bfb3-61e861d7a927 req-870292db-a80c-454d-bfb3-61e861d7a927 ] Request (ServersTestManualDisk:setUpClass): 201 POST http://10.180.1.21:9696/networking/v2.0/floatingips 1.554s
2025-04-03 19:02:37.536 71389 INFO tempest.lib.common.rest_client [req-0e9ec245-409a-4c97-9e15-fd787e16e299 req-0e9ec245-409a-4c97-9e15-fd787e16e299 ] Request (ServerExternalEventsTest:setUpClass): 201 POST http://10.180.1.21/identity/v3/auth/tokens 0.074s
2025-04-03 19:02:37.581 71362 INFO tempest.lib.common.rest_client [req-e6ccfbf8-bc40-430f-8a7e-bfa6d0006509 req-e6ccfbf8-bc40-430f-8a7e-bfa6d0006509 ] Request (ServersTestManualDisk:setUpClass): 201 POST http://10.180.1.21/identity/v3/auth/tokens 0.062s
2025-04-03 19:02:37.581 71362 INFO tempest.lib.common.fixed_network [-] (ServersTestManualDisk:setUpClass) Found network {'id': '5deed764-0635-4a10-9c33-043ec016c58b', 'name': 'tempest-ServersTestManualDisk-706259817-network', 'tenant_id': '35a2300b40d1481d92b4fbd515aa5298', 'admin_state_up': True, 'mtu': 8950, 'status': 'ACTIVE', 'subnets': [], 'shared': False, 'project_id': '35a2300b40d1481d92b4fbd515aa5298', 'port_security_enabled': True, 'router:external': False, 'provider:network_type': 'vlan', 'provider:physical_network': 'default', 'provider:segmentation_id': 975, 'availability_zone_hints': [], 'availability_zones': [], 'ipv4_address_scope': None, 'ipv6_address_scope': None, 'description': '', 'tags': [], 'created_at': '2025-04-03T19:02:27Z', 'updated_at': '2025-04-03T19:02:27Z', 'revision_number': 1} available for tenant
2025-04-03 19:02:37.607 71389 INFO tempest.lib.common.rest_client [req-5367cb03-6251-4195-b95a-5e509dfa7ee1 req-5367cb03-6251-4195-b95a-5e509dfa7ee1 ] Request (ServerExternalEventsTest:setUpClass): 200 GET http://10.180.1.21/identity/v3/domains?name=Default 0.070s
2025-04-03 19:02:37.638 71389 INFO tempest.lib.common.rest_client [req-4fad8714-f349-482b-9ad2-84c184995e46 req-4fad8714-f349-482b-9ad2-84c184995e46 ] Request (ServerExternalEventsTest:setUpClass): 201 POST http://10.180.1.21/identity/v3/projects 0.031s
2025-04-03 19:02:37.704 71389 INFO tempest.lib.common.rest_client [req-b22b5b4d-54d7-41f2-8487-0c780afbf006 req-b22b5b4d-54d7-41f2-8487-0c780afbf006 ] Request (ServerExternalEventsTest:setUpClass): 201 POST http://10.180.1.21/identity/v3/users 0.065s
2025-04-03 19:02:37.719 71412 INFO tempest.lib.common.rest_client [req-af4c8e4f-3e21-404f-aa63-4a433c69386f req-af4c8e4f-3e21-404f-aa63-4a433c69386f ] Request (SecurityGroupRulesNegativeTestJSON:test_create_security_group_rule_with_invalid_port_range): 200 POST http://10.180.1.21/compute/v2.1/os-security-groups 1.651s
2025-04-03 19:02:37.731 71389 INFO tempest.lib.common.rest_client [req-9d64a807-71f1-4636-baaa-98487d6b1278 req-9d64a807-71f1-4636-baaa-98487d6b1278 ] Request (ServerExternalEventsTest:setUpClass): 200 GET http://10.180.1.21/identity/v3/roles 0.026s
2025-04-03 19:02:37.732 71358 INFO tempest.lib.common.rest_client [req-79d2cf59-29bf-4a4a-af37-2efa6ad3ec56 req-79d2cf59-29bf-4a4a-af37-2efa6ad3ec56 ] Request (QuotasAdminTestV236:tearDownClass): 200 GET http://10.180.1.21:9696/networking/v2.0/security-groups?tenant_id=7cc249b6af3445af984f42dc480d3022&name=default 0.679s
2025-04-03 19:02:37.768 71389 INFO tempest.lib.common.rest_client [req-e8e31a12-b344-4132-a048-184b54a38add req-e8e31a12-b344-4132-a048-184b54a38add ] Request (ServerExternalEventsTest:setUpClass): 204 PUT http://10.180.1.21/identity/v3/projects/2feac901838d429da1549727c67b6d05/users/043c6405632e494cba6bc8fb8c6a4ddb/roles/8183cca0cb594307afe3bb488291649b 0.037s
2025-04-03 19:02:37.768 71389 INFO tempest.lib.common.dynamic_creds [-] Dynamic test user 043c6405632e494cba6bc8fb8c6a4ddb is created with scope project and roles: ['member']
2025-04-03 19:02:37.768 71389 INFO tempest.lib.common.dynamic_creds [-] Acquired dynamic creds: credentials: Credentials: {'domain_id': 'default', 'domain_name': 'Default', 'username': 'tempest-ServerExternalEventsTest-1572014674-project-member', 'project_domain_id': 'default', 'project_domain_name': 'Default', 'project_id': '2feac901838d429da1549727c67b6d05', 'project_name': 'tempest-ServerExternalEventsTest-1572014674', 'tenant_id': '2feac901838d429da1549727c67b6d05', 'tenant_name': 'tempest-ServerExternalEventsTest-1572014674', 'user_domain_id': 'default', 'user_domain_name': 'Default', 'user_id': '043c6405632e494cba6bc8fb8c6a4ddb', 'system': None}, Network: None, Subnet: None, Router: None
2025-04-03 19:02:37.769 71389 INFO tempest.lib.common.dynamic_creds [-] Created isolated network resources for: credentials: Credentials: {'domain_id': 'default', 'domain_name': 'Default', 'username': 'tempest-ServerExternalEventsTest-1572014674-project-member', 'project_domain_id': 'default', 'project_domain_name': 'Default', 'project_id': '2feac901838d429da1549727c67b6d05', 'project_name': 'tempest-ServerExternalEventsTest-1572014674', 'tenant_id': '2feac901838d429da1549727c67b6d05', 'tenant_name': 'tempest-ServerExternalEventsTest-1572014674', 'user_domain_id': 'default', 'user_domain_name': 'Default', 'user_id': '043c6405632e494cba6bc8fb8c6a4ddb', 'system': None}, Network: None, Subnet: None, Router: None
2025-04-03 19:02:37.871 71389 INFO tempest.lib.common.rest_client [req-79ce4442-794f-4764-bce7-64ba8abde3db req-79ce4442-794f-4764-bce7-64ba8abde3db ] Request (ServerExternalEventsTest:setUpClass): 201 POST http://10.180.1.21/identity/v3/auth/tokens 0.098s
2025-04-03 19:02:37.941 71389 INFO tempest.lib.common.rest_client [req-398412f8-d4d6-4a71-b626-5412b562aa70 req-398412f8-d4d6-4a71-b626-5412b562aa70 ] Request (ServerExternalEventsTest:setUpClass): 201 POST http://10.180.1.21/identity/v3/projects 0.069s
2025-04-03 19:02:37.952 71386 INFO tempest.lib.common.rest_client [req-79a175ee-8e10-43f1-816d-d04a9343df7f req-79a175ee-8e10-43f1-816d-d04a9343df7f ] Request (QuotaClassesAdmin257Test:test_update_default_quotas): 200 GET http://10.180.1.21/compute/v2.1/os-quota-class-sets/default 1.715s
2025-04-03 19:02:37.954 71402 INFO tempest.lib.common.rest_client [req-712cda14-2d86-4e4b-967c-45f7814409f3 req-712cda14-2d86-4e4b-967c-45f7814409f3 ] Request (ServicesAdminNegativeV253TestJSON:tearDownClass): 200 GET http://10.180.1.21:9696/networking/v2.0/security-groups?tenant_id=12f872e3ae494b8ab479ea5a33401ac9&name=default 0.443s
2025-04-03 19:02:37.961 71374 INFO tempest.lib.common.rest_client [req-b834e8fb-65d5-413d-9e97-5f0dfb9bffbc req-b834e8fb-65d5-413d-9e97-5f0dfb9bffbc ] Request (HostsAdminNegativeTestJSON:test_update_host_with_invalid_maintenance_mode): 400 PUT http://10.180.1.21/compute/v2.1/os-hosts/devstack 1.509s
2025-04-03 19:02:37.995 71358 INFO tempest.lib.common.rest_client [req-c4ba3f9b-254f-4e64-9cfe-28845b9e22ee req-c4ba3f9b-254f-4e64-9cfe-28845b9e22ee ] Request (QuotasAdminTestV236:tearDownClass): 204 DELETE http://10.180.1.21:9696/networking/v2.0/security-groups/83597f4e-666f-47a2-b856-a14986c576e5 0.263s
2025-04-03 19:02:38.002 71394 INFO tempest.lib.common.rest_client [req-a2244b71-e3a3-4d15-9b82-05cf3ff76951 req-a2244b71-e3a3-4d15-9b82-05cf3ff76951 ] Request (FlavorsAdminTestJSON:test_create_flavor_with_none_id): 200 POST http://10.180.1.21/compute/v2.1/flavors 1.499s
2025-04-03 19:02:38.028 71389 INFO tempest.lib.common.rest_client [req-d8311f22-cc89-408b-8f3b-940feb9f8761 req-d8311f22-cc89-408b-8f3b-940feb9f8761 ] Request (ServerExternalEventsTest:setUpClass): 201 POST http://10.180.1.21/identity/v3/users 0.086s
2025-04-03 19:02:38.051 71389 INFO tempest.lib.common.rest_client [req-4e274a37-6206-4de3-a734-97746d98f757 req-4e274a37-6206-4de3-a734-97746d98f757 ] Request (ServerExternalEventsTest:setUpClass): 200 GET http://10.180.1.21/identity/v3/roles 0.022s
2025-04-03 19:02:38.085 71389 INFO tempest.lib.common.rest_client [req-57340d7c-d27c-4a95-ba94-7fcfb7f2af81 req-57340d7c-d27c-4a95-ba94-7fcfb7f2af81 ] Request (ServerExternalEventsTest:setUpClass): 204 PUT http://10.180.1.21/identity/v3/projects/d30244fb473344509342ce6bb4baaffc/users/0cacce589dab4cd98afd7d8f94955841/roles/dbc1d5af9ace4e25b3e2660d08fa24bd 0.033s
2025-04-03 19:02:38.134 71358 INFO tempest.lib.common.rest_client [req-e811d4f4-fb26-4a0d-ad9d-8949112e0e11 req-e811d4f4-fb26-4a0d-ad9d-8949112e0e11 ] Request (QuotasAdminTestV236:tearDownClass): 204 DELETE http://10.180.1.21/identity/v3/projects/7cc249b6af3445af984f42dc480d3022 0.138s
2025-04-03 19:02:38.134 71358 INFO tempest.lib.common.dynamic_creds [-] Deleting project and security group for project: a9217aeb45714c32974f16e619c224de
2025-04-03 19:02:38.179 71354 INFO tempest.lib.common.rest_client [req-bd00cedf-94fd-4283-97da-b5328cb2183b req-bd00cedf-94fd-4283-97da-b5328cb2183b ] Request (SecurityGroupRulesTestJSON:setUpClass): 200 PUT http://10.180.1.21:9696/networking/v2.0/routers/3d3e6268-5780-4343-95a5-bea9b9cf48cf/add_router_interface 2.832s
2025-04-03 19:02:38.180 71354 INFO tempest.lib.common.dynamic_creds [-] Created isolated network resources for: credentials: Credentials: {'domain_id': 'default', 'domain_name': 'Default', 'username': 'tempest-SecurityGroupRulesTestJSON-1526592088-project-member', 'project_domain_id': 'default', 'project_domain_name': 'Default', 'project_id': 'a49477143f434133a83134756bd99843', 'project_name': 'tempest-SecurityGroupRulesTestJSON-1526592088', 'tenant_id': 'a49477143f434133a83134756bd99843', 'tenant_name': 'tempest-SecurityGroupRulesTestJSON-1526592088', 'user_domain_id': 'default', 'user_domain_name': 'Default', 'user_id': '60ea730f47014d138563dfb605a7d8be', 'system': None}, Network: {'id': 'cb1b6e61-b0a4-4589-a34c-e59f16f0d16b', 'name': 'tempest-SecurityGroupRulesTestJSON-1872945024-network', 'tenant_id': 'a49477143f434133a83134756bd99843', 'admin_state_up': True, 'mtu': 8950, 'status': 'ACTIVE', 'subnets': [], 'shared': False, 'project_id': 'a49477143f434133a83134756bd99843', 'port_security_enabled': True, 'router:external': False, 'provider:network_type': 'vlan', 'provider:physical_network': 'default', 'provider:segmentation_id': 441, 'availability_zone_hints': [], 'availability_zones': [], 'ipv4_address_scope': None, 'ipv6_address_scope': None, 'description': '', 'tags': [], 'created_at': '2025-04-03T19:02:32Z', 'updated_at': '2025-04-03T19:02:32Z', 'revision_number': 1}, Subnet: {'id': '81a2ac2c-586f-4e16-b729-48b59e92da22', 'name': 'tempest-SecurityGroupRulesTestJSON-1872945024-subnet', 'tenant_id': 'a49477143f434133a83134756bd99843', 'network_id': 'cb1b6e61-b0a4-4589-a34c-e59f16f0d16b', 'ip_version': 4, 'subnetpool_id': None, 'enable_dhcp': True, 'ipv6_ra_mode': None, 'ipv6_address_mode': None, 'gateway_ip': '192.168.128.1', 'cidr': '192.168.128.0/28', 'allocation_pools': [{'start': '192.168.128.2', 'end': '192.168.128.14'}], 'host_routes': [], 'dns_nameservers': [], 'description': '', 'router:external': False, 'service_types': [], 'tags': [], 'created_at': '2025-04-03T19:02:32Z', 'updated_at': '2025-04-03T19:02:32Z', 'revision_number': 0, 'project_id': 'a49477143f434133a83134756bd99843'}, Router: {'id': '3d3e6268-5780-4343-95a5-bea9b9cf48cf', 'name': 'tempest-SecurityGroupRulesTestJSON-1872945024-router', 'tenant_id': 'a49477143f434133a83134756bd99843', 'admin_state_up': True, 'status': 'ACTIVE', 'external_gateway_info': {'network_id': '5cfef45f-af7d-4f0a-a0d7-66ad93016ec9', 'external_fixed_ips': [{'subnet_id': 'f871030c-de94-4632-bd7d-a8b4f468c938', 'ip_address': '10.180.180.198'}], 'enable_snat': True}, 'description': '', 'availability_zones': [], 'distributed': False, 'ha': False, 'availability_zone_hints': [], 'routes': [], 'flavor_id': None, 'tags': [], 'created_at': '2025-04-03T19:02:33Z', 'updated_at': '2025-04-03T19:02:34Z', 'revision_number': 2, 'project_id': 'a49477143f434133a83134756bd99843'}
2025-04-03 19:02:38.188 71400 INFO tempest.lib.common.rest_client [req-f938a0c9-93af-47e2-8b3f-5660f40fbed7 req-f938a0c9-93af-47e2-8b3f-5660f40fbed7 ] Request (ImagesMetadataTestJSON:setUp): 200 PUT http://10.180.1.21/compute/v2.1/images/7911013a-70f8-4af7-af79-4191d043700c/metadata 1.686s
2025-04-03 19:02:38.218 71389 INFO tempest.lib.common.rest_client [req-28852735-32cb-4c3f-8298-4adcc8cfa020 req-28852735-32cb-4c3f-8298-4adcc8cfa020 ] Request (ServerExternalEventsTest:setUpClass): 200 GET http://10.180.1.21/identity/v3/roles 0.131s
2025-04-03 19:02:38.231 71380 INFO tempest.lib.common.rest_client [req-8b66233d-dff1-4d89-9cc9-a096b3f295a1 req-8b66233d-dff1-4d89-9cc9-a096b3f295a1 ] Request (VolumesAssistedSnapshotsTest:test_volume_assisted_snapshot_create_delete): 202 POST http://10.180.1.21/compute/v2.1/servers 2.048s
2025-04-03 19:02:38.249 71402 INFO tempest.lib.common.rest_client [req-a809d840-9cba-4c85-8fc1-8e457bd67846 req-a809d840-9cba-4c85-8fc1-8e457bd67846 ] Request (ServicesAdminNegativeV253TestJSON:tearDownClass): 204 DELETE http://10.180.1.21:9696/networking/v2.0/security-groups/e988ac40-64d7-4c5c-8911-0c3b6f23b493 0.294s
2025-04-03 19:02:38.267 71358 INFO tempest.lib.common.rest_client [req-06e355f4-195b-4801-b551-986b1a65a153 req-06e355f4-195b-4801-b551-986b1a65a153 ] Request (QuotasAdminTestV236:tearDownClass): 200 GET http://10.180.1.21:9696/networking/v2.0/security-groups?tenant_id=a9217aeb45714c32974f16e619c224de&name=default 0.132s
2025-04-03 19:02:38.306 71354 INFO tempest.lib.common.rest_client [req-d25333db-bc2b-43b7-8fb1-50d3e8f4bd6d req-d25333db-bc2b-43b7-8fb1-50d3e8f4bd6d ] Request (SecurityGroupRulesTestJSON:setUpClass): 201 POST http://10.180.1.21/identity/v3/auth/tokens 0.118s
2025-04-03 19:02:38.338 71389 INFO tempest.lib.common.rest_client [req-1ae087a6-ba90-4ac5-8bc4-732818d3f4ba req-1ae087a6-ba90-4ac5-8bc4-732818d3f4ba ] Request (ServerExternalEventsTest:setUpClass): 204 PUT http://10.180.1.21/identity/v3/projects/d30244fb473344509342ce6bb4baaffc/users/0cacce589dab4cd98afd7d8f94955841/roles/dbc1d5af9ace4e25b3e2660d08fa24bd 0.120s
2025-04-03 19:02:38.339 71389 INFO tempest.lib.common.dynamic_creds [-] Dynamic test user 0cacce589dab4cd98afd7d8f94955841 is created with scope project and roles: ['admin']
2025-04-03 19:02:38.339 71389 INFO tempest.lib.common.dynamic_creds [-] Acquired dynamic creds: credentials: Credentials: {'domain_id': 'default', 'domain_name': 'Default', 'username': 'tempest-ServerExternalEventsTest-2129211900-project-admin', 'project_domain_id': 'default', 'project_domain_name': 'Default', 'project_id': 'd30244fb473344509342ce6bb4baaffc', 'project_name': 'tempest-ServerExternalEventsTest-2129211900', 'tenant_id': 'd30244fb473344509342ce6bb4baaffc', 'tenant_name': 'tempest-ServerExternalEventsTest-2129211900', 'user_domain_id': 'default', 'user_domain_name': 'Default', 'user_id': '0cacce589dab4cd98afd7d8f94955841', 'system': None}, Network: None, Subnet: None, Router: None
