2025-04-03 19:04:37.278 71354 INFO tempest.lib.common.rest_client [req-34d29ed0-4727-45d7-986f-258edcf7dc3c req-34d29ed0-4727-45d7-986f-258edcf7dc3c ] Request (ServerMetadataTestJSON:tearDownClass): 200 GET http://10.180.1.21/compute/v2.1/servers/d3c5ee07-a0e5-47eb-8c79-786699338629 0.106s
2025-04-03 19:04:37.294 71400 INFO tempest.lib.common.rest_client [req-a1740366-3ea4-4550-ab9b-3eaa67951a8a req-a1740366-3ea4-4550-ab9b-3eaa67951a8a ] Request (QuotasTestJSON:tearDownClass): 204 DELETE http://10.180.1.21/identity/v3/projects/74f8c60cede04077af815aa94ff5ec5f 0.069s
2025-04-03 19:04:37.304 71362 WARNING tempest.lib.common.ssh [-] Failed to establish authenticated ssh connection to cirros@10.180.180.186 ([Errno None] Unable to connect to port 22 on 10.180.180.186). Number attempts: 10. Retry after 11 seconds.: paramiko.ssh_exception.NoValidConnectionsError: [Errno None] Unable to connect to port 22 on 10.180.180.186
2025-04-03 19:04:37.305 71378 INFO tempest.lib.common.rest_client [req-171bc294-ac6a-4987-bdb3-90b2b879eee3 req-171bc294-ac6a-4987-bdb3-90b2b879eee3 ] Request (DeleteServersAdminTestJSON:tearDownClass): 404 GET http://10.180.1.21/compute/v2.1/servers/76845f8c-e70a-4f92-a3ba-dc7c2c5127ad 0.084s
2025-04-03 19:04:37.356 71416 INFO tempest.lib.common.rest_client [req-1eed7155-bca9-4ec1-8edc-f47308693baa req-1eed7155-bca9-4ec1-8edc-f47308693baa ] Request (InstanceActionsNegativeTestJSON:tearDownClass): 200 GET http://10.180.1.21/compute/v2.1/servers/251b39b1-ca0b-42d9-ac88-3bbd6aa864a2 0.151s
2025-04-03 19:04:37.360 71358 INFO tempest.lib.common.rest_client [req-23e5eb07-5716-4155-822e-e2da30b76d0c req-23e5eb07-5716-4155-822e-e2da30b76d0c ] Request (ServersAdminTestJSON:test_create_server_with_scheduling_hint): 200 GET http://10.180.1.21/compute/v2.1/servers/a9c09f10-52bf-4b7a-b7f1-c432c23c88b0 0.105s
2025-04-03 19:04:37.410 71404 INFO tempest.lib.common.rest_client [req-936fd76b-6343-47cc-bcee-38add135964b req-936fd76b-6343-47cc-bcee-38add135964b ] Request (FloatingIPsAssociationTestJSON:setUpClass): 200 GET http://10.180.1.21/compute/v2.1/servers/37e0139a-2f1f-4945-9b64-3a711e7759cb 0.154s
2025-04-03 19:04:37.430 71384 INFO tempest.lib.common.rest_client [req-c982951f-430d-4032-9565-7a7052b23ac1 req-c982951f-430d-4032-9565-7a7052b23ac1 ] Request (ImagesOneServerNegativeTestJSON:_run_cleanups): 200 GET http://10.180.1.21/compute/v2.1/servers/3f635fb7-bd5d-4dbf-b1a6-a1b75c1a456b 0.119s
2025-04-03 19:04:37.447 71378 INFO tempest.lib.common.rest_client [req-2c494e01-a73f-4802-8c30-17d7843ff4aa req-2c494e01-a73f-4802-8c30-17d7843ff4aa ] Request (DeleteServersAdminTestJSON:tearDownClass): 204 DELETE http://10.180.1.21/identity/v3/users/a92d5677de254395b61132eb392b6a38 0.142s
2025-04-03 19:04:37.473 71374 INFO tempest.lib.common.rest_client [req-b547445e-da2e-49be-94c3-7dcead3fb937 req-b547445e-da2e-49be-94c3-7dcead3fb937 ] Request (ServerActionsTestOtherA:setUpClass): 200 GET http://10.180.1.21/compute/v2.1/servers/8fa2bff0-a236-4b94-b16d-5147012bd8ba 0.079s
2025-04-03 19:04:37.502 71372 INFO tempest.lib.common.rest_client [req-cc983ca0-85aa-4fa3-9867-b8fa251d7911 req-cc983ca0-85aa-4fa3-9867-b8fa251d7911 ] Request (ServersAdminNegativeTestJSON:tearDownClass): 200 GET http://10.180.1.21/compute/v2.1/servers/92011c0d-65c5-43e3-a9c4-3fa1c46d3727 0.095s
2025-04-03 19:04:37.538 71386 INFO tempest.lib.common.rest_client [req-0d71e473-990e-452b-9f5c-f646cf85ce96 req-0d71e473-990e-452b-9f5c-f646cf85ce96 ] Request (ServerAddressesNegativeTestJSON:tearDownClass): 200 GET http://10.180.1.21/compute/v2.1/servers/d30222bd-1fc5-4c3a-9801-f5e7bf9e75b6 0.082s
2025-04-03 19:04:37.544 71378 INFO tempest.lib.common.rest_client [req-a9213345-fdbd-46f3-b960-d7f430042dec req-a9213345-fdbd-46f3-b960-d7f430042dec ] Request (DeleteServersAdminTestJSON:tearDownClass): 204 DELETE http://10.180.1.21/identity/v3/users/aea75d71c28a401ab0ff615ff4fc99de 0.096s
2025-04-03 19:04:37.544 71378 INFO tempest.lib.common.dynamic_creds [-] Deleting project and security group for project: 6a1dece2a9bf4aa58bbbbb2f104ef1de
2025-04-03 19:04:37.557 71389 INFO tempest.lib.common.rest_client [req-2a5ce130-9e3f-48b1-a176-06740a7f544a req-2a5ce130-9e3f-48b1-a176-06740a7f544a ] Request (FloatingIPsAssociationNegativeTestJSON:setUpClass): 200 GET http://10.180.1.21/compute/v2.1/servers/8cce201b-6d8a-4145-99be-e8c0c8bf9685 0.090s
2025-04-03 19:04:37.584 71364 INFO tempest.lib.common.rest_client [req-6558d927-789c-4ea4-b21a-90265b84e2c1 req-6558d927-789c-4ea4-b21a-90265b84e2c1 ] Request (ImagesTestJSON:test_create_image_from_suspended_server): 200 GET http://10.180.1.21/compute/v2.1/images/f8375d96-3d9f-4365-89cb-439ea55b72f2 0.104s
2025-04-03 19:04:37.610 71394 INFO tempest.lib.common.rest_client [req-54540455-d8fc-492c-9e6b-b17f0d3ccc6c req-54540455-d8fc-492c-9e6b-b17f0d3ccc6c ] Request (ServerShowV247Test:test_update_rebuild_list_server): 200 GET http://10.180.1.21/compute/v2.1/servers/20b1b140-6b52-4aaa-aa2c-bb074b137caf 0.069s
2025-04-03 19:04:37.611 71378 INFO tempest.lib.common.rest_client [req-20082f18-1d3a-4583-b158-1dbffbf1fac1 req-20082f18-1d3a-4583-b158-1dbffbf1fac1 ] Request (DeleteServersAdminTestJSON:tearDownClass): 201 POST http://10.180.1.21/identity/v3/auth/tokens 0.067s
2025-04-03 19:04:37.645 71376 INFO tempest.lib.common.rest_client [req-6c05ebf1-5449-475e-b514-a2fa51266a4d req-6c05ebf1-5449-475e-b514-a2fa51266a4d ] Request (ServerDiskConfigTestJSON:test_rebuild_server_with_manual_disk_config): 200 GET http://10.180.1.21/compute/v2.1/servers/e9a83d03-eb36-4d1e-9f24-cd0a3f3fe375 0.055s
2025-04-03 19:04:37.653 71396 WARNING tempest.lib.common.ssh [-] Failed to establish authenticated ssh connection to cirros@10.180.180.252 ([Errno None] Unable to connect to port 22 on 10.180.180.252). Number attempts: 10. Retry after 11 seconds.: paramiko.ssh_exception.NoValidConnectionsError: [Errno None] Unable to connect to port 22 on 10.180.180.252
2025-04-03 19:04:37.759 71360 INFO tempest.lib.common.rest_client [req-fb21044f-fd2a-486f-b2c0-dbb5af07a931 req-fb21044f-fd2a-486f-b2c0-dbb5af07a931 ] Request (ImagesOneServerTestJSON:tearDownClass): 200 GET http://10.180.1.21/compute/v2.1/servers/8a655321-9dcf-41f1-820b-2d44039e289b 0.066s
2025-04-03 19:04:37.789 71378 INFO tempest.lib.common.rest_client [req-e168f17b-7225-4a21-8f19-bdf0932647eb req-e168f17b-7225-4a21-8f19-bdf0932647eb ] Request (DeleteServersAdminTestJSON:tearDownClass): 200 GET http://10.180.1.21:9696/networking/v2.0/security-groups?tenant_id=6a1dece2a9bf4aa58bbbbb2f104ef1de&name=default 0.177s
2025-04-03 19:04:37.816 71398 INFO tempest.lib.common.rest_client [req-8d911988-6099-4fb3-af86-7afc5bdcbef8 req-8d911988-6099-4fb3-af86-7afc5bdcbef8 ] Request (MigrationsAdminTest:test_resize_server_revert_deleted_flavor): 200 GET http://10.180.1.21/compute/v2.1/servers/4dab1fc3-34f9-44da-b148-7503f7b6701e 0.069s
2025-04-03 19:04:37.901 71378 INFO tempest.lib.common.rest_client [req-22081ff8-e546-4830-8e61-718d10791c53 req-22081ff8-e546-4830-8e61-718d10791c53 ] Request (DeleteServersAdminTestJSON:tearDownClass): 204 DELETE http://10.180.1.21:9696/networking/v2.0/security-groups/8c631558-7e57-4a06-952e-af51e3e45455 0.110s
2025-04-03 19:04:37.984 71378 INFO tempest.lib.common.rest_client [req-1c44d60d-9b6a-42a5-8eb1-ea43dbb907e2 req-1c44d60d-9b6a-42a5-8eb1-ea43dbb907e2 ] Request (DeleteServersAdminTestJSON:tearDownClass): 204 DELETE http://10.180.1.21/identity/v3/projects/6a1dece2a9bf4aa58bbbbb2f104ef1de 0.083s
2025-04-03 19:04:37.985 71378 INFO tempest.lib.common.dynamic_creds [-] Deleting project and security group for project: 58854cfb5fc94756ba30e84e59f2a421
2025-04-03 19:04:38.016 71378 INFO tempest.lib.common.rest_client [req-291e2caf-da60-4300-8fe5-2de20ca8f904 req-291e2caf-da60-4300-8fe5-2de20ca8f904 ] Request (DeleteServersAdminTestJSON:tearDownClass): 200 GET http://10.180.1.21:9696/networking/v2.0/security-groups?tenant_id=58854cfb5fc94756ba30e84e59f2a421&name=default 0.031s
2025-04-03 19:04:38.040 71414 INFO tempest.lib.common.rest_client [req-d57f9934-db49-4ec6-89bb-5147e939f898 req-d57f9934-db49-4ec6-89bb-5147e939f898 ] Request (ServerAddressesTestJSON:setUpClass): 200 GET http://10.180.1.21/compute/v2.1/servers/dd24ca9e-8ed7-449d-99af-345f32867233 0.132s
2025-04-03 19:04:38.063 71382 INFO tempest.lib.common.rest_client [req-9e09b18c-77f5-4127-bd0f-a4006ecf874c req-9e09b18c-77f5-4127-bd0f-a4006ecf874c ] Request (ServersListShow298Test:test_list_show_update_rebuild_server_298): 200 GET http://10.180.1.21/compute/v2.1/servers/490b72f5-9712-4947-bbff-0d603c264d7b 0.069s
2025-04-03 19:04:38.104 71378 INFO tempest.lib.common.rest_client [req-05b7594d-d976-4c53-9f2a-c8b69492361f req-05b7594d-d976-4c53-9f2a-c8b69492361f ] Request (DeleteServersAdminTestJSON:tearDownClass): 204 DELETE http://10.180.1.21:9696/networking/v2.0/security-groups/50d1a949-411e-4d66-8745-e98090fc4c18 0.087s
2025-04-03 19:04:38.120 71410 INFO tempest.lib.common.rest_client [req-9431de00-99b3-48dd-8513-224cfefd54a8 req-9431de00-99b3-48dd-8513-224cfefd54a8 ] Request (AttachInterfacesV270Test:tearDownClass): 200 GET http://10.180.1.21/compute/v2.1/servers/573db876-a240-4289-a666-e2ad13f83b0d 0.107s
2025-04-03 19:04:38.146 71370 INFO tempest.lib.common.rest_client [req-abc814ae-623f-4325-b67d-1c19a09b9df7 req-abc814ae-623f-4325-b67d-1c19a09b9df7 ] Request (SecurityGroupsTestJSON:test_server_security_groups): 200 GET http://10.180.1.21/compute/v2.1/servers/43473e6e-fd19-4826-98ef-8c66275f997a 0.073s
2025-04-03 19:04:38.176 71356 INFO tempest.lib.common.rest_client [req-b109c11c-963f-47e5-9021-650082f9d640 req-b109c11c-963f-47e5-9021-650082f9d640 ] Request (ServersWithSpecificFlavorTestJSON:test_verify_created_server_ephemeral_disk): 200 GET http://10.180.1.21/compute/v2.1/servers/ba8e907b-2f8c-4d51-96c5-933e9dd2b47d 0.093s
2025-04-03 19:04:38.197 71378 INFO tempest.lib.common.rest_client [req-f36e7c84-81f1-48af-8ea4-e3bf4cb192d3 req-f36e7c84-81f1-48af-8ea4-e3bf4cb192d3 ] Request (DeleteServersAdminTestJSON:tearDownClass): 204 DELETE http://10.180.1.21/identity/v3/projects/58854cfb5fc94756ba30e84e59f2a421 0.092s
2025-04-03 19:04:38.205 71402 INFO tempest.lib.common.rest_client [req-1d93c2ff-bc63-4184-864c-147b277f9c1c req-1d93c2ff-bc63-4184-864c-147b277f9c1c ] Request (ServerShowV257Test:tearDownClass): 200 GET http://10.180.1.21/compute/v2.1/servers/dd1c3bef-07d4-4475-94e1-d49a3927e990 0.068s
2025-04-03 19:04:38.254 71378 INFO tempest.lib.common.rest_client [req-ff2b53eb-7933-4da4-8142-698272d4e7fd req-ff2b53eb-7933-4da4-8142-698272d4e7fd ] Request (HostsAdminTestJSON:setUpClass): 201 POST http://10.180.1.21/identity/v3/auth/tokens 0.056s
2025-04-03 19:04:38.270 71390 INFO tempest.lib.common.rest_client [req-78550e63-4f63-4363-a1a8-1f9efaec5a62 req-78550e63-4f63-4363-a1a8-1f9efaec5a62 ] Request (ServerRescueTestJSON:test_rescue_unrescue_instance): 200 GET http://10.180.1.21/compute/v2.1/servers/50270e8a-cf20-48b5-8b4a-ee8b839248bc 0.056s
2025-04-03 19:04:38.283 71378 INFO tempest.lib.common.rest_client [req-e2c07f2d-359b-4718-af06-bb2e7cefc8f1 req-e2c07f2d-359b-4718-af06-bb2e7cefc8f1 ] Request (HostsAdminTestJSON:setUpClass): 201 POST http://10.180.1.21/identity/v3/auth/tokens 0.026s
2025-04-03 19:04:38.312 71378 INFO tempest.lib.common.rest_client [req-f078a4d6-2f6c-4823-9a0d-3914077ddaca req-f078a4d6-2f6c-4823-9a0d-3914077ddaca ] Request (HostsAdminTestJSON:setUpClass): 200 GET http://10.180.1.21/identity/v3/domains?name=Default 0.029s
2025-04-03 19:04:38.318 71366 INFO tempest.lib.common.rest_client [req-f3271e89-8371-4c04-8f3b-941b579f057b req-f3271e89-8371-4c04-8f3b-941b579f057b ] Request (ServerActionsTestJSON:setUpClass): 200 GET http://10.180.1.21/compute/v2.1/servers/58c5506b-a2a4-475c-aa80-27b9732234d0 0.095s
2025-04-03 19:04:38.327 71366 INFO tempest.common.waiters [-] State transition "BUILD/spawning" ==> "ACTIVE/None" after 60 second wait
2025-04-03 19:04:38.348 71378 INFO tempest.lib.common.rest_client [req-20270836-52ae-4a9f-9c82-3da478e945b3 req-20270836-52ae-4a9f-9c82-3da478e945b3 ] Request (HostsAdminTestJSON:setUpClass): 201 POST http://10.180.1.21/identity/v3/projects 0.035s
2025-04-03 19:04:38.355 71354 INFO tempest.lib.common.rest_client [req-f9e6af32-1674-4d9b-98a0-38db2a1ceec2 req-f9e6af32-1674-4d9b-98a0-38db2a1ceec2 ] Request (ServerMetadataTestJSON:tearDownClass): 200 GET http://10.180.1.21/compute/v2.1/servers/d3c5ee07-a0e5-47eb-8c79-786699338629 0.064s
2025-04-03 19:04:38.392 71366 INFO tempest.lib.common.rest_client [req-55250c40-6b88-4dd9-b837-042bd5239407 req-55250c40-6b88-4dd9-b837-042bd5239407 ] Request (ServerActionsTestJSON:setUpClass): 200 GET http://10.180.1.21/compute/v2.1/servers/58c5506b-a2a4-475c-aa80-27b9732234d0/os-interface 0.065s
2025-04-03 19:04:38.411 71378 INFO tempest.lib.common.rest_client [req-0e6f025f-4113-4e71-a451-98e67b67ba1b req-0e6f025f-4113-4e71-a451-98e67b67ba1b ] Request (HostsAdminTestJSON:setUpClass): 201 POST http://10.180.1.21/identity/v3/users 0.062s
2025-04-03 19:04:38.426 71416 INFO tempest.lib.common.rest_client [req-8651e391-6c95-45d5-8100-20a5d0999c3d req-8651e391-6c95-45d5-8100-20a5d0999c3d ] Request (InstanceActionsNegativeTestJSON:tearDownClass): 200 GET http://10.180.1.21/compute/v2.1/servers/251b39b1-ca0b-42d9-ac88-3bbd6aa864a2 0.059s
2025-04-03 19:04:38.433 71378 INFO tempest.lib.common.rest_client [req-18d3e09c-fa3f-492f-a48d-c6363141a24c req-18d3e09c-fa3f-492f-a48d-c6363141a24c ] Request (HostsAdminTestJSON:setUpClass): 200 GET http://10.180.1.21/identity/v3/roles 0.022s
2025-04-03 19:04:38.459 71378 INFO tempest.lib.common.rest_client [req-08618176-0072-4063-83ef-30c1b9b2325d req-08618176-0072-4063-83ef-30c1b9b2325d ] Request (HostsAdminTestJSON:setUpClass): 204 PUT http://10.180.1.21/identity/v3/projects/da2adc4ca1464ea797e7c832f6acccf7/users/647d70f3f752446d9a823e4ab3e7a964/roles/8183cca0cb594307afe3bb488291649b 0.025s
2025-04-03 19:04:38.459 71378 INFO tempest.lib.common.dynamic_creds [-] Dynamic test user 647d70f3f752446d9a823e4ab3e7a964 is created with scope project and roles: ['member']
2025-04-03 19:04:38.459 71378 INFO tempest.lib.common.dynamic_creds [-] Acquired dynamic creds: credentials: Credentials: {'domain_id': 'default', 'domain_name': 'Default', 'username': 'tempest-HostsAdminTestJSON-1829894260-project-member', 'project_domain_id': 'default', 'project_domain_name': 'Default', 'project_id': 'da2adc4ca1464ea797e7c832f6acccf7', 'project_name': 'tempest-HostsAdminTestJSON-1829894260', 'tenant_id': 'da2adc4ca1464ea797e7c832f6acccf7', 'tenant_name': 'tempest-HostsAdminTestJSON-1829894260', 'user_domain_id': 'default', 'user_domain_name': 'Default', 'user_id': '647d70f3f752446d9a823e4ab3e7a964', 'system': None}, Network: None, Subnet: None, Router: None
2025-04-03 19:04:38.459 71378 INFO tempest.lib.common.dynamic_creds [-] Created isolated network resources for: credentials: Credentials: {'domain_id': 'default', 'domain_name': 'Default', 'username': 'tempest-HostsAdminTestJSON-1829894260-project-member', 'project_domain_id': 'default', 'project_domain_name': 'Default', 'project_id': 'da2adc4ca1464ea797e7c832f6acccf7', 'project_name': 'tempest-HostsAdminTestJSON-1829894260', 'tenant_id': 'da2adc4ca1464ea797e7c832f6acccf7', 'tenant_name': 'tempest-HostsAdminTestJSON-1829894260', 'user_domain_id': 'default', 'user_domain_name': 'Default', 'user_id': '647d70f3f752446d9a823e4ab3e7a964', 'system': None}, Network: None, Subnet: None, Router: None
2025-04-03 19:04:38.467 71358 INFO tempest.lib.common.rest_client [req-60a26514-3b04-4926-b297-a617f3a359ef req-60a26514-3b04-4926-b297-a617f3a359ef ] Request (ServersAdminTestJSON:test_create_server_with_scheduling_hint): 200 GET http://10.180.1.21/compute/v2.1/servers/a9c09f10-52bf-4b7a-b7f1-c432c23c88b0 0.097s
2025-04-03 19:04:38.478 71404 INFO tempest.lib.common.rest_client [req-35df0b37-cbe1-49cb-9ed2-deb9349d62b8 req-35df0b37-cbe1-49cb-9ed2-deb9349d62b8 ] Request (FloatingIPsAssociationTestJSON:setUpClass): 200 GET http://10.180.1.21/compute/v2.1/servers/37e0139a-2f1f-4945-9b64-3a711e7759cb 0.060s
2025-04-03 19:04:38.534 71384 INFO tempest.lib.common.rest_client [req-20bf4460-8e4f-4a09-b5bc-66cef72f07c0 req-20bf4460-8e4f-4a09-b5bc-66cef72f07c0 ] Request (ImagesOneServerNegativeTestJSON:_run_cleanups): 200 GET http://10.180.1.21/compute/v2.1/servers/3f635fb7-bd5d-4dbf-b1a6-a1b75c1a456b 0.090s
2025-04-03 19:04:38.535 71378 INFO tempest.lib.common.rest_client [req-4dc50ef4-84e5-4fba-b8ed-1e4fd908f233 req-4dc50ef4-84e5-4fba-b8ed-1e4fd908f233 ] Request (HostsAdminTestJSON:setUpClass): 201 POST http://10.180.1.21/identity/v3/auth/tokens 0.073s
2025-04-03 19:04:38.540 71374 INFO tempest.lib.common.rest_client [req-68ec5456-a0d3-42c7-b7b7-0462c9d33aa2 req-68ec5456-a0d3-42c7-b7b7-0462c9d33aa2 ] Request (ServerActionsTestOtherA:setUpClass): 200 GET http://10.180.1.21/compute/v2.1/servers/8fa2bff0-a236-4b94-b16d-5147012bd8ba 0.059s
2025-04-03 19:04:38.606 71378 INFO tempest.lib.common.rest_client [req-56784eef-f829-46e0-bb1a-85d8e0a4cbf5 req-56784eef-f829-46e0-bb1a-85d8e0a4cbf5 ] Request (HostsAdminTestJSON:setUpClass): 201 POST http://10.180.1.21/identity/v3/projects 0.070s
2025-04-03 19:04:38.614 71372 INFO tempest.lib.common.rest_client [req-c409376a-e2e2-4286-80f2-33f3b6f50295 req-c409376a-e2e2-4286-80f2-33f3b6f50295 ] Request (ServersAdminNegativeTestJSON:tearDownClass): 200 GET http://10.180.1.21/compute/v2.1/servers/92011c0d-65c5-43e3-a9c4-3fa1c46d3727 0.103s
2025-04-03 19:04:38.615 71386 INFO tempest.lib.common.rest_client [req-515bd71a-0552-4141-a9a1-83a360c0bea0 req-515bd71a-0552-4141-a9a1-83a360c0bea0 ] Request (ServerAddressesNegativeTestJSON:tearDownClass): 200 GET http://10.180.1.21/compute/v2.1/servers/d30222bd-1fc5-4c3a-9801-f5e7bf9e75b6 0.068s
2025-04-03 19:04:38.673 71389 INFO tempest.lib.common.rest_client [req-f6fee325-5299-4014-b284-ceb0cf88b8f1 req-f6fee325-5299-4014-b284-ceb0cf88b8f1 ] Request (FloatingIPsAssociationNegativeTestJSON:setUpClass): 200 GET http://10.180.1.21/compute/v2.1/servers/8cce201b-6d8a-4145-99be-e8c0c8bf9685 0.105s
2025-04-03 19:04:38.693 71364 INFO tempest.lib.common.rest_client [req-db9895e4-3a3d-43c7-bec8-c5d3c6bb6620 req-db9895e4-3a3d-43c7-bec8-c5d3c6bb6620 ] Request (ImagesTestJSON:test_create_image_from_suspended_server): 200 GET http://10.180.1.21/compute/v2.1/images/f8375d96-3d9f-4365-89cb-439ea55b72f2 0.103s
2025-04-03 19:04:38.704 71378 INFO tempest.lib.common.rest_client [req-c74a73d8-8e6c-433e-bcd2-43969f5b7289 req-c74a73d8-8e6c-433e-bcd2-43969f5b7289 ] Request (HostsAdminTestJSON:setUpClass): 201 POST http://10.180.1.21/identity/v3/users 0.097s
2025-04-03 19:04:38.732 71378 INFO tempest.lib.common.rest_client [req-3d5c5f51-fdba-41ce-9af9-432f6bbf5369 req-3d5c5f51-fdba-41ce-9af9-432f6bbf5369 ] Request (HostsAdminTestJSON:setUpClass): 200 GET http://10.180.1.21/identity/v3/roles 0.027s
2025-04-03 19:04:38.737 71394 INFO tempest.lib.common.rest_client [req-d15707d3-32ec-4082-93a8-9387a200c0cd req-d15707d3-32ec-4082-93a8-9387a200c0cd ] Request (ServerShowV247Test:test_update_rebuild_list_server): 200 GET http://10.180.1.21/compute/v2.1/servers/20b1b140-6b52-4aaa-aa2c-bb074b137caf 0.118s
2025-04-03 19:04:38.769 71376 INFO tempest.lib.common.rest_client [req-590701c1-a2ae-43fe-99f3-ee94adc9430a req-590701c1-a2ae-43fe-99f3-ee94adc9430a ] Request (ServerDiskConfigTestJSON:test_rebuild_server_with_manual_disk_config): 200 GET http://10.180.1.21/compute/v2.1/servers/e9a83d03-eb36-4d1e-9f24-cd0a3f3fe375 0.116s
2025-04-03 19:04:38.788 71378 INFO tempest.lib.common.rest_client [req-f16adc36-4942-449e-9342-3cd6632c58ac req-f16adc36-4942-449e-9342-3cd6632c58ac ] Request (HostsAdminTestJSON:setUpClass): 204 PUT http://10.180.1.21/identity/v3/projects/47c710388f114181a39d5a1634e4d5d1/users/8aa89822c1354537b8350920d37f0342/roles/dbc1d5af9ace4e25b3e2660d08fa24bd 0.055s
2025-04-03 19:04:38.862 71378 INFO tempest.lib.common.rest_client [req-7f020de8-06da-4ca6-82f1-d4188160f0ee req-7f020de8-06da-4ca6-82f1-d4188160f0ee ] Request (HostsAdminTestJSON:setUpClass): 200 GET http://10.180.1.21/identity/v3/roles 0.074s
2025-04-03 19:04:38.882 71378 INFO tempest.lib.common.rest_client [req-31205f75-1231-4b93-91a6-e1cc94721400 req-31205f75-1231-4b93-91a6-e1cc94721400 ] Request (HostsAdminTestJSON:setUpClass): 204 PUT http://10.180.1.21/identity/v3/projects/47c710388f114181a39d5a1634e4d5d1/users/8aa89822c1354537b8350920d37f0342/roles/dbc1d5af9ace4e25b3e2660d08fa24bd 0.020s
2025-04-03 19:04:38.883 71378 INFO tempest.lib.common.dynamic_creds [-] Dynamic test user 8aa89822c1354537b8350920d37f0342 is created with scope project and roles: ['admin']
2025-04-03 19:04:38.883 71378 INFO tempest.lib.common.dynamic_creds [-] Acquired dynamic creds: credentials: Credentials: {'domain_id': 'default', 'domain_name': 'Default', 'username': 'tempest-HostsAdminTestJSON-106985851-project-admin', 'project_domain_id': 'default', 'project_domain_name': 'Default', 'project_id': '47c710388f114181a39d5a1634e4d5d1', 'project_name': 'tempest-HostsAdminTestJSON-106985851', 'tenant_id': '47c710388f114181a39d5a1634e4d5d1', 'tenant_name': 'tempest-HostsAdminTestJSON-106985851', 'user_domain_id': 'default', 'user_domain_name': 'Default', 'user_id': '8aa89822c1354537b8350920d37f0342', 'system': None}, Network: None, Subnet: None, Router: None
2025-04-03 19:04:38.883 71378 INFO tempest.lib.common.dynamic_creds [-] Created isolated network resources for: credentials: Credentials: {'domain_id': 'default', 'domain_name': 'Default', 'username': 'tempest-HostsAdminTestJSON-106985851-project-admin', 'project_domain_id': 'default', 'project_domain_name': 'Default', 'project_id': '47c710388f114181a39d5a1634e4d5d1', 'project_name': 'tempest-HostsAdminTestJSON-106985851', 'tenant_id': '47c710388f114181a39d5a1634e4d5d1', 'tenant_name': 'tempest-HostsAdminTestJSON-106985851', 'user_domain_id': 'default', 'user_domain_name': 'Default', 'user_id': '8aa89822c1354537b8350920d37f0342', 'system': None}, Network: None, Subnet: None, Router: None
2025-04-03 19:04:38.900 71398 INFO tempest.lib.common.rest_client [req-4583b66c-52da-4ab5-b971-d314929efc27 req-4583b66c-52da-4ab5-b971-d314929efc27 ] Request (MigrationsAdminTest:test_resize_server_revert_deleted_flavor): 200 GET http://10.180.1.21/compute/v2.1/servers/4dab1fc3-34f9-44da-b148-7503f7b6701e 0.076s
2025-04-03 19:04:38.959 71378 INFO tempest.lib.common.rest_client [req-5cf5dd03-cadd-4c46-ab59-ac7fda8279a2 req-5cf5dd03-cadd-4c46-ab59-ac7fda8279a2 ] Request (HostsAdminTestJSON:setUpClass): 201 POST http://10.180.1.21/identity/v3/auth/tokens 0.074s
2025-04-03 19:04:38.985 71366 INFO tempest.lib.common.rest_client [req-1ea2f53c-1dd6-4717-82fa-f9297fc4dae0 req-1ea2f53c-1dd6-4717-82fa-f9297fc4dae0 ] Request (ServerActionsTestJSON:setUpClass): 200 PUT http://10.180.1.21:9696/networking/v2.0/floatingips/ab8e5238-a131-4e1a-adcd-dd964a7fb997 0.591s
2025-04-03 19:04:38.986 71366 INFO tempest.lib.common.ssh [-] Creating ssh connection to '10.180.180.151:22' as 'cirros' with public key authentication
2025-04-03 19:04:39.054 71378 INFO tempest.lib.common.rest_client [req-96fc47f8-1992-4e0e-b546-b1dc8df50517 req-96fc47f8-1992-4e0e-b546-b1dc8df50517 ] Request (HostsAdminTestJSON:test_list_hosts): 200 GET http://10.180.1.21/compute/v2.1/os-hosts 0.093s
2025-04-03 19:04:39.072 71360 INFO tempest.lib.common.rest_client [req-9e0c70c2-5e11-4c83-8ee9-8169871a7644 req-9e0c70c2-5e11-4c83-8ee9-8169871a7644 ] Request (ImagesOneServerTestJSON:tearDownClass): 200 GET http://10.180.1.21/compute/v2.1/servers/8a655321-9dcf-41f1-820b-2d44039e289b 0.304s
2025-04-03 19:04:39.104 71378 INFO tempest.lib.common.rest_client [req-2d2cfcd7-ea98-47ed-ae45-586ff48c5f81 req-2d2cfcd7-ea98-47ed-ae45-586ff48c5f81 ] Request (HostsAdminTestJSON:test_list_hosts_with_a_blank_zone): 200 GET http://10.180.1.21/compute/v2.1/os-hosts?zone= 0.047s
2025-04-03 19:04:39.169 71382 INFO tempest.lib.common.rest_client [req-1d62ab63-bb33-4d55-a6b7-0c44f8f6d4d5 req-1d62ab63-bb33-4d55-a6b7-0c44f8f6d4d5 ] Request (ServersListShow298Test:test_list_show_update_rebuild_server_298): 200 GET http://10.180.1.21/compute/v2.1/servers/490b72f5-9712-4947-bbff-0d603c264d7b 0.095s
2025-04-03 19:04:39.189 71378 INFO tempest.lib.common.rest_client [req-181a1844-78a8-4cef-ae96-71cb949a18a0 req-181a1844-78a8-4cef-ae96-71cb949a18a0 ] Request (HostsAdminTestJSON:test_list_hosts_with_nonexistent_zone): 200 GET http://10.180.1.21/compute/v2.1/os-hosts?zone=xxx 0.083s
2025-04-03 19:04:39.237 71414 INFO tempest.lib.common.rest_client [req-ee1cf90d-82da-4acc-addd-1eb33caf33aa req-ee1cf90d-82da-4acc-addd-1eb33caf33aa ] Request (ServerAddressesTestJSON:setUpClass): 200 GET http://10.180.1.21/compute/v2.1/servers/dd24ca9e-8ed7-449d-99af-345f32867233 0.188s
2025-04-03 19:04:39.252 71410 INFO tempest.lib.common.rest_client [req-1163986e-de7e-4d35-94d0-9b5e242f17b7 req-1163986e-de7e-4d35-94d0-9b5e242f17b7 ] Request (AttachInterfacesV270Test:tearDownClass): 200 GET http://10.180.1.21/compute/v2.1/servers/573db876-a240-4289-a666-e2ad13f83b0d 0.123s
2025-04-03 19:04:39.303 71356 INFO tempest.lib.common.rest_client [req-52a9ea17-493c-48d7-8d32-283a8b0df4de req-52a9ea17-493c-48d7-8d32-283a8b0df4de ] Request (ServersWithSpecificFlavorTestJSON:test_verify_created_server_ephemeral_disk): 200 GET http://10.180.1.21/compute/v2.1/servers/ba8e907b-2f8c-4d51-96c5-933e9dd2b47d 0.118s
2025-04-03 19:04:39.326 71378 INFO tempest.lib.common.rest_client [req-5f317cf5-64c5-401a-a4c0-42aac1385dd2 req-5f317cf5-64c5-401a-a4c0-42aac1385dd2 ] Request (HostsAdminTestJSON:test_list_hosts_with_zone): 200 GET http://10.180.1.21/compute/v2.1/os-hosts 0.134s
2025-04-03 19:04:39.329 71370 INFO tempest.lib.common.rest_client [req-111375ef-249c-49ae-bba3-5fe7947947a9 req-111375ef-249c-49ae-bba3-5fe7947947a9 ] Request (SecurityGroupsTestJSON:test_server_security_groups): 200 GET http://10.180.1.21/compute/v2.1/servers/43473e6e-fd19-4826-98ef-8c66275f997a 0.174s
2025-04-03 19:04:39.386 71402 INFO tempest.lib.common.rest_client [req-948823a6-b684-43a4-9416-cf72e21f9fc6 req-948823a6-b684-43a4-9416-cf72e21f9fc6 ] Request (ServerShowV257Test:tearDownClass): 200 GET http://10.180.1.21/compute/v2.1/servers/dd1c3bef-07d4-4475-94e1-d49a3927e990 0.171s
2025-04-03 19:04:39.386 71390 INFO tempest.lib.common.rest_client [req-631105f7-23b7-4ba1-997a-96f5971b7846 req-631105f7-23b7-4ba1-997a-96f5971b7846 ] Request (ServerRescueTestJSON:test_rescue_unrescue_instance): 200 GET http://10.180.1.21/compute/v2.1/servers/50270e8a-cf20-48b5-8b4a-ee8b839248bc 0.108s
2025-04-03 19:04:39.407 71378 INFO tempest.lib.common.rest_client [req-3f0de97b-67dc-4fab-8aa7-0c3b4a9de2d8 req-3f0de97b-67dc-4fab-8aa7-0c3b4a9de2d8 ] Request (HostsAdminTestJSON:test_list_hosts_with_zone): 200 GET http://10.180.1.21/compute/v2.1/os-hosts?zone=internal 0.079s
2025-04-03 19:04:39.433 71378 INFO tempest.lib.common.rest_client [req-1cd2b985-f2bf-4574-8ef2-9e7ef475bcd5 req-1cd2b985-f2bf-4574-8ef2-9e7ef475bcd5 ] Request (HostsAdminTestJSON:test_show_host_detail): 200 GET http://10.180.1.21/compute/v2.1/os-hosts 0.022s
2025-04-03 19:04:39.465 71354 INFO tempest.lib.common.rest_client [req-432bd48c-3ab0-41ab-bb9a-0c86b62a43d4 req-432bd48c-3ab0-41ab-bb9a-0c86b62a43d4 ] Request (ServerMetadataTestJSON:tearDownClass): 200 GET http://10.180.1.21/compute/v2.1/servers/d3c5ee07-a0e5-47eb-8c79-786699338629 0.099s
2025-04-03 19:04:39.492 71378 INFO tempest.lib.common.rest_client [req-fa84aca2-cc63-4728-956d-58659237fa96 req-fa84aca2-cc63-4728-956d-58659237fa96 ] Request (HostsAdminTestJSON:test_show_host_detail): 200 GET http://10.180.1.21/compute/v2.1/os-hosts/cpu-1 0.058s
2025-04-03 19:04:39.549 71416 INFO tempest.lib.common.rest_client [req-01480aab-4ad5-4b5a-86ba-4c333945d6d1 req-01480aab-4ad5-4b5a-86ba-4c333945d6d1 ] Request (InstanceActionsNegativeTestJSON:tearDownClass): 200 GET http://10.180.1.21/compute/v2.1/servers/251b39b1-ca0b-42d9-ac88-3bbd6aa864a2 0.111s
2025-04-03 19:04:39.558 71416 INFO tempest.common.waiters [-] State transition "ACTIVE/deleting" ==> "DELETED/None" after 4 second wait
2025-04-03 19:04:39.560 71358 INFO tempest.lib.common.rest_client [req-46939339-29b2-4f95-a245-297786e3c12c req-46939339-29b2-4f95-a245-297786e3c12c ] Request (ServersAdminTestJSON:test_create_server_with_scheduling_hint): 200 GET http://10.180.1.21/compute/v2.1/servers/a9c09f10-52bf-4b7a-b7f1-c432c23c88b0 0.078s
2025-04-03 19:04:39.618 71384 INFO tempest.lib.common.rest_client [req-fc6688e8-47b2-434d-9652-3e5af92a6a4f req-fc6688e8-47b2-434d-9652-3e5af92a6a4f ] Request (ImagesOneServerNegativeTestJSON:_run_cleanups): 200 GET http://10.180.1.21/compute/v2.1/servers/3f635fb7-bd5d-4dbf-b1a6-a1b75c1a456b 0.075s
2025-04-03 19:04:39.628 71378 INFO tempest.lib.common.rest_client [req-5ea72c1a-fc62-4467-a209-cc3b613c7ba1 req-5ea72c1a-fc62-4467-a209-cc3b613c7ba1 ] Request (HostsAdminTestJSON:tearDownClass): 204 DELETE http://10.180.1.21/identity/v3/users/647d70f3f752446d9a823e4ab3e7a964 0.134s
2025-04-03 19:04:39.634 71404 INFO tempest.lib.common.rest_client [req-9d1f6258-9aa6-467a-bdd7-6445fb05be7f req-9d1f6258-9aa6-467a-bdd7-6445fb05be7f ] Request (FloatingIPsAssociationTestJSON:setUpClass): 200 GET http://10.180.1.21/compute/v2.1/servers/37e0139a-2f1f-4945-9b64-3a711e7759cb 0.149s
2025-04-03 19:04:39.688 71374 INFO tempest.lib.common.rest_client [req-ca08fda2-98f1-4ef9-9a15-d19738305391 req-ca08fda2-98f1-4ef9-9a15-d19738305391 ] Request (ServerActionsTestOtherA:setUpClass): 200 GET http://10.180.1.21/compute/v2.1/servers/8fa2bff0-a236-4b94-b16d-5147012bd8ba 0.137s
2025-04-03 19:04:39.699 71374 INFO tempest.common.waiters [-] State transition "BUILD/scheduling" ==> "BUILD/None" after 23 second wait
2025-04-03 19:04:39.706 71372 INFO tempest.lib.common.rest_client [req-144efa62-7be2-475a-8742-84955f1c03d2 req-144efa62-7be2-475a-8742-84955f1c03d2 ] Request (ServersAdminNegativeTestJSON:tearDownClass): 200 GET http://10.180.1.21/compute/v2.1/servers/92011c0d-65c5-43e3-a9c4-3fa1c46d3727 0.083s
2025-04-03 19:04:39.751 71386 INFO tempest.lib.common.rest_client [req-852a9c85-e5d0-45db-87d4-2127c88a1068 req-852a9c85-e5d0-45db-87d4-2127c88a1068 ] Request (ServerAddressesNegativeTestJSON:tearDownClass): 200 GET http://10.180.1.21/compute/v2.1/servers/d30222bd-1fc5-4c3a-9801-f5e7bf9e75b6 0.127s
2025-04-03 19:04:39.756 71378 INFO tempest.lib.common.rest_client [req-cebf3fc3-1da8-461a-aca0-9fda738aa118 req-cebf3fc3-1da8-461a-aca0-9fda738aa118 ] Request (HostsAdminTestJSON:tearDownClass): 204 DELETE http://10.180.1.21/identity/v3/users/8aa89822c1354537b8350920d37f0342 0.128s
2025-04-03 19:04:39.757 71378 INFO tempest.lib.common.dynamic_creds [-] Deleting project and security group for project: da2adc4ca1464ea797e7c832f6acccf7
2025-04-03 19:04:39.769 71389 INFO tempest.lib.common.rest_client [req-2358f525-7543-4881-b6d9-c0fbdca96b6d req-2358f525-7543-4881-b6d9-c0fbdca96b6d ] Request (FloatingIPsAssociationNegativeTestJSON:setUpClass): 200 GET http://10.180.1.21/compute/v2.1/servers/8cce201b-6d8a-4145-99be-e8c0c8bf9685 0.086s
2025-04-03 19:04:39.798 71364 INFO tempest.lib.common.rest_client [req-782bc1cc-437d-4ba7-b69d-989e81dcd861 req-782bc1cc-437d-4ba7-b69d-989e81dcd861 ] Request (ImagesTestJSON:test_create_image_from_suspended_server): 200 GET http://10.180.1.21/compute/v2.1/images/f8375d96-3d9f-4365-89cb-439ea55b72f2 0.102s
2025-04-03 19:04:39.826 71378 INFO tempest.lib.common.rest_client [req-5c950532-bba2-41ab-a854-779084210b7f req-5c950532-bba2-41ab-a854-779084210b7f ] Request (HostsAdminTestJSON:tearDownClass): 201 POST http://10.180.1.21/identity/v3/auth/tokens 0.069s
2025-04-03 19:04:39.858 71394 INFO tempest.lib.common.rest_client [req-56b717e6-012f-477f-beeb-9770c258c546 req-56b717e6-012f-477f-beeb-9770c258c546 ] Request (ServerShowV247Test:test_update_rebuild_list_server): 200 GET http://10.180.1.21/compute/v2.1/servers/20b1b140-6b52-4aaa-aa2c-bb074b137caf 0.106s
2025-04-03 19:04:39.886 71376 INFO tempest.lib.common.rest_client [req-7150cdfa-3613-4651-b1a0-8bbe50cd0067 req-7150cdfa-3613-4651-b1a0-8bbe50cd0067 ] Request (ServerDiskConfigTestJSON:test_rebuild_server_with_manual_disk_config): 200 GET http://10.180.1.21/compute/v2.1/servers/e9a83d03-eb36-4d1e-9f24-cd0a3f3fe375 0.104s
2025-04-03 19:04:39.971 71398 INFO tempest.lib.common.rest_client [req-1d4bb0e4-ffd2-4d07-8c9b-02bcb8ac375b req-1d4bb0e4-ffd2-4d07-8c9b-02bcb8ac375b ] Request (MigrationsAdminTest:test_resize_server_revert_deleted_flavor): 200 GET http://10.180.1.21/compute/v2.1/servers/4dab1fc3-34f9-44da-b148-7503f7b6701e 0.058s
2025-04-03 19:04:40.001 71378 INFO tempest.lib.common.rest_client [req-968e3062-e17f-4891-91a2-32b0873c0c7c req-968e3062-e17f-4891-91a2-32b0873c0c7c ] Request (HostsAdminTestJSON:tearDownClass): 200 GET http://10.180.1.21:9696/networking/v2.0/security-groups?tenant_id=da2adc4ca1464ea797e7c832f6acccf7&name=default 0.174s
2025-04-03 19:04:40.075 71378 INFO tempest.lib.common.rest_client [req-6d150aae-05c4-47f0-9b46-f82a92983b2c req-6d150aae-05c4-47f0-9b46-f82a92983b2c ] Request (HostsAdminTestJSON:tearDownClass): 204 DELETE http://10.180.1.21:9696/networking/v2.0/security-groups/2bab1557-3d61-43a7-a05d-a48c03dece9d 0.074s
2025-04-03 19:04:40.194 71378 INFO tempest.lib.common.rest_client [req-5d539561-1597-4ba7-a94e-3b66d1ab5b24 req-5d539561-1597-4ba7-a94e-3b66d1ab5b24 ] Request (HostsAdminTestJSON:tearDownClass): 204 DELETE http://10.180.1.21/identity/v3/projects/da2adc4ca1464ea797e7c832f6acccf7 0.118s
2025-04-03 19:04:40.194 71378 INFO tempest.lib.common.dynamic_creds [-] Deleting project and security group for project: 47c710388f114181a39d5a1634e4d5d1
2025-04-03 19:04:40.197 71360 INFO tempest.lib.common.rest_client [req-e1c49ebb-502e-4056-9c21-e8565fb4890b req-e1c49ebb-502e-4056-9c21-e8565fb4890b ] Request (ImagesOneServerTestJSON:tearDownClass): 200 GET http://10.180.1.21/compute/v2.1/servers/8a655321-9dcf-41f1-820b-2d44039e289b 0.114s
2025-04-03 19:04:40.258 71382 INFO tempest.lib.common.rest_client [req-94aeda52-839e-48f6-a410-236995dbac2e req-94aeda52-839e-48f6-a410-236995dbac2e ] Request (ServersListShow298Test:test_list_show_update_rebuild_server_298): 200 GET http://10.180.1.21/compute/v2.1/servers/490b72f5-9712-4947-bbff-0d603c264d7b 0.073s
2025-04-03 19:04:40.308 71378 INFO tempest.lib.common.rest_client [req-2acf36e1-4626-4355-81ca-eaac21e1e09c req-2acf36e1-4626-4355-81ca-eaac21e1e09c ] Request (HostsAdminTestJSON:tearDownClass): 200 GET http://10.180.1.21:9696/networking/v2.0/security-groups?tenant_id=47c710388f114181a39d5a1634e4d5d1&name=default 0.114s
2025-04-03 19:04:40.345 71410 INFO tempest.lib.common.rest_client [req-a45d9fe3-9b49-4f33-9a97-b13cebfe8d23 req-a45d9fe3-9b49-4f33-9a97-b13cebfe8d23 ] Request (AttachInterfacesV270Test:tearDownClass): 200 GET http://10.180.1.21/compute/v2.1/servers/573db876-a240-4289-a666-e2ad13f83b0d 0.081s
2025-04-03 19:04:40.380 71414 INFO tempest.lib.common.rest_client [req-9400eb4c-2482-4256-a37e-647fbe2c573c req-9400eb4c-2482-4256-a37e-647fbe2c573c ] Request (ServerAddressesTestJSON:setUpClass): 200 GET http://10.180.1.21/compute/v2.1/servers/dd24ca9e-8ed7-449d-99af-345f32867233 0.128s
2025-04-03 19:04:40.407 71356 INFO tempest.lib.common.rest_client [req-750641be-4dea-4fc7-bab3-e6ee8d2d8f1c req-750641be-4dea-4fc7-bab3-e6ee8d2d8f1c ] Request (ServersWithSpecificFlavorTestJSON:test_verify_created_server_ephemeral_disk): 200 GET http://10.180.1.21/compute/v2.1/servers/ba8e907b-2f8c-4d51-96c5-933e9dd2b47d 0.095s
2025-04-03 19:04:40.418 71378 INFO tempest.lib.common.rest_client [req-c99b5aa6-47d0-4562-acf2-fff8284d6073 req-c99b5aa6-47d0-4562-acf2-fff8284d6073 ] Request (HostsAdminTestJSON:tearDownClass): 204 DELETE http://10.180.1.21:9696/networking/v2.0/security-groups/99f74510-ea0b-4e26-bc0c-020a9f775da6 0.109s
2025-04-03 19:04:40.449 71370 INFO tempest.lib.common.rest_client [req-54294f3e-097b-43c2-9bda-0797959cfcc5 req-54294f3e-097b-43c2-9bda-0797959cfcc5 ] Request (SecurityGroupsTestJSON:test_server_security_groups): 200 GET http://10.180.1.21/compute/v2.1/servers/43473e6e-fd19-4826-98ef-8c66275f997a 0.106s
2025-04-03 19:04:40.464 71390 INFO tempest.lib.common.rest_client [req-1ab2ee66-b62d-47cf-9b72-6e1f59edfb8c req-1ab2ee66-b62d-47cf-9b72-6e1f59edfb8c ] Request (ServerRescueTestJSON:test_rescue_unrescue_instance): 200 GET http://10.180.1.21/compute/v2.1/servers/50270e8a-cf20-48b5-8b4a-ee8b839248bc 0.069s
2025-04-03 19:04:40.509 71402 INFO tempest.lib.common.rest_client [req-57b44272-4041-4cc6-9220-e55dabe06099 req-57b44272-4041-4cc6-9220-e55dabe06099 ] Request (ServerShowV257Test:tearDownClass): 200 GET http://10.180.1.21/compute/v2.1/servers/dd1c3bef-07d4-4475-94e1-d49a3927e990 0.111s
2025-04-03 19:04:40.536 71378 INFO tempest.lib.common.rest_client [req-c76cfa3e-4f91-4092-9b85-d6f4433668dc req-c76cfa3e-4f91-4092-9b85-d6f4433668dc ] Request (HostsAdminTestJSON:tearDownClass): 204 DELETE http://10.180.1.21/identity/v3/projects/47c710388f114181a39d5a1634e4d5d1 0.118s
2025-04-03 19:04:40.538 71378 INFO tempest.test [-] raised in ServersOnMultiNodesTest.setUpClass. Invoking tearDownClass.
2025-04-03 19:04:40.547 71354 INFO tempest.lib.common.rest_client [req-36d38f04-1d9e-453b-bb99-004f6cce2c12 req-36d38f04-1d9e-453b-bb99-004f6cce2c12 ] Request (ServerMetadataTestJSON:tearDownClass): 200 GET http://10.180.1.21/compute/v2.1/servers/d3c5ee07-a0e5-47eb-8c79-786699338629 0.073s
2025-04-03 19:04:40.605 71378 INFO tempest.lib.common.rest_client [req-631475c8-a30c-4bb4-87cc-d20b28358528 req-631475c8-a30c-4bb4-87cc-d20b28358528 ] Request (ServersTestMultiNic:setUpClass): 201 POST http://10.180.1.21/identity/v3/auth/tokens 0.064s
2025-04-03 19:04:40.624 71416 INFO tempest.lib.common.rest_client [req-d4b9b9f7-f53a-48e0-9940-36816f3ea23e req-d4b9b9f7-f53a-48e0-9940-36816f3ea23e ] Request (InstanceActionsNegativeTestJSON:tearDownClass): 200 GET http://10.180.1.21/compute/v2.1/servers/251b39b1-ca0b-42d9-ac88-3bbd6aa864a2 0.064s
2025-04-03 19:04:40.625 71358 INFO tempest.lib.common.rest_client [req-88d522cc-aca8-4dcf-920a-0125745081c4 req-88d522cc-aca8-4dcf-920a-0125745081c4 ] Request (ServersAdminTestJSON:test_create_server_with_scheduling_hint): 200 GET http://10.180.1.21/compute/v2.1/servers/a9c09f10-52bf-4b7a-b7f1-c432c23c88b0 0.056s
2025-04-03 19:04:40.641 71378 INFO tempest.lib.common.rest_client [req-3e21eb0a-bec3-41e0-9534-ce28b35c65ad req-3e21eb0a-bec3-41e0-9534-ce28b35c65ad ] Request (ServersTestMultiNic:setUpClass): 201 POST http://10.180.1.21/identity/v3/auth/tokens 0.030s
2025-04-03 19:04:40.665 71378 INFO tempest.lib.common.rest_client [req-7b71492c-aa00-4cec-864a-6dd30dc08bb4 req-7b71492c-aa00-4cec-864a-6dd30dc08bb4 ] Request (ServersTestMultiNic:setUpClass): 200 GET http://10.180.1.21/identity/v3/domains?name=Default 0.024s
2025-04-03 19:04:40.693 71384 INFO tempest.lib.common.rest_client [req-2b11de0b-ff8f-4a14-b468-4025ea5a6eed req-2b11de0b-ff8f-4a14-b468-4025ea5a6eed ] Request (ImagesOneServerNegativeTestJSON:_run_cleanups): 200 GET http://10.180.1.21/compute/v2.1/servers/3f635fb7-bd5d-4dbf-b1a6-a1b75c1a456b 0.061s
2025-04-03 19:04:40.696 71378 INFO tempest.lib.common.rest_client [req-b74d70f2-6486-47ad-b5ae-857692abcc95 req-b74d70f2-6486-47ad-b5ae-857692abcc95 ] Request (ServersTestMultiNic:setUpClass): 201 POST http://10.180.1.21/identity/v3/projects 0.030s
2025-04-03 19:04:40.703 71404 INFO tempest.lib.common.rest_client [req-fe35a312-3328-42e6-9bed-0ed9d31520d0 req-fe35a312-3328-42e6-9bed-0ed9d31520d0 ] Request (FloatingIPsAssociationTestJSON:setUpClass): 200 GET http://10.180.1.21/compute/v2.1/servers/37e0139a-2f1f-4945-9b64-3a711e7759cb 0.053s
2025-04-03 19:04:40.752 71374 INFO tempest.lib.common.rest_client [req-b3a3d209-0f02-458a-902c-b588a8fa79e3 req-b3a3d209-0f02-458a-902c-b588a8fa79e3 ] Request (ServerActionsTestOtherA:setUpClass): 200 GET http://10.180.1.21/compute/v2.1/servers/8fa2bff0-a236-4b94-b16d-5147012bd8ba 0.052s
2025-04-03 19:04:40.757 71378 INFO tempest.lib.common.rest_client [req-756f70f1-4476-4f31-9618-6e70a5a2e717 req-756f70f1-4476-4f31-9618-6e70a5a2e717 ] Request (ServersTestMultiNic:setUpClass): 201 POST http://10.180.1.21/identity/v3/users 0.061s
2025-04-03 19:04:40.788 71378 INFO tempest.lib.common.rest_client [req-3e4165c5-d5bb-4aa6-94c7-c2354a799084 req-3e4165c5-d5bb-4aa6-94c7-c2354a799084 ] Request (ServersTestMultiNic:setUpClass): 200 GET http://10.180.1.21/identity/v3/roles 0.030s
2025-04-03 19:04:40.792 71372 INFO tempest.lib.common.rest_client [req-4653836f-93c7-4308-941c-c20db0c126f7 req-4653836f-93c7-4308-941c-c20db0c126f7 ] Request (ServersAdminNegativeTestJSON:tearDownClass): 200 GET http://10.180.1.21/compute/v2.1/servers/92011c0d-65c5-43e3-a9c4-3fa1c46d3727 0.077s
2025-04-03 19:04:40.822 71378 INFO tempest.lib.common.rest_client [req-07f94873-ed24-4a2a-978a-ac921c230afd req-07f94873-ed24-4a2a-978a-ac921c230afd ] Request (ServersTestMultiNic:setUpClass): 204 PUT http://10.180.1.21/identity/v3/projects/e83df69cbdf5462fad29f6a44460bb2e/users/ac1e0207ecdc41b298bf7b6fc511ca1a/roles/8183cca0cb594307afe3bb488291649b 0.033s
2025-04-03 19:04:40.822 71378 INFO tempest.lib.common.dynamic_creds [-] Dynamic test user ac1e0207ecdc41b298bf7b6fc511ca1a is created with scope project and roles: ['member']
2025-04-03 19:04:40.822 71378 INFO tempest.lib.common.dynamic_creds [-] Acquired dynamic creds: credentials: Credentials: {'domain_id': 'default', 'domain_name': 'Default', 'username': 'tempest-ServersTestMultiNic-439042849-project-member', 'project_domain_id': 'default', 'project_domain_name': 'Default', 'project_id': 'e83df69cbdf5462fad29f6a44460bb2e', 'project_name': 'tempest-ServersTestMultiNic-439042849', 'tenant_id': 'e83df69cbdf5462fad29f6a44460bb2e', 'tenant_name': 'tempest-ServersTestMultiNic-439042849', 'user_domain_id': 'default', 'user_domain_name': 'Default', 'user_id': 'ac1e0207ecdc41b298bf7b6fc511ca1a', 'system': None}, Network: None, Subnet: None, Router: None
2025-04-03 19:04:40.837 71386 INFO tempest.lib.common.rest_client [req-f585258b-075a-484f-8054-6a8baed90a15 req-f585258b-075a-484f-8054-6a8baed90a15 ] Request (ServerAddressesNegativeTestJSON:tearDownClass): 200 GET http://10.180.1.21/compute/v2.1/servers/d30222bd-1fc5-4c3a-9801-f5e7bf9e75b6 0.074s
2025-04-03 19:04:40.852 71389 INFO tempest.lib.common.rest_client [req-751aff5a-fff6-4f97-8d39-41b6f29bdff0 req-751aff5a-fff6-4f97-8d39-41b6f29bdff0 ] Request (FloatingIPsAssociationNegativeTestJSON:setUpClass): 200 GET http://10.180.1.21/compute/v2.1/servers/8cce201b-6d8a-4145-99be-e8c0c8bf9685 0.075s
2025-04-03 19:04:40.869 71364 INFO tempest.lib.common.rest_client [req-62eddb0a-abec-420e-af48-06a59756acb2 req-62eddb0a-abec-420e-af48-06a59756acb2 ] Request (ImagesTestJSON:test_create_image_from_suspended_server): 200 GET http://10.180.1.21/compute/v2.1/images/f8375d96-3d9f-4365-89cb-439ea55b72f2 0.067s
2025-04-03 19:04:40.882 71378 INFO tempest.lib.common.rest_client [req-c4ba3841-1ce8-4b2a-a965-5acea952a106 req-c4ba3841-1ce8-4b2a-a965-5acea952a106 ] Request (ServersTestMultiNic:setUpClass): 201 POST http://10.180.1.21/identity/v3/auth/tokens 0.059s
2025-04-03 19:04:40.940 71394 INFO tempest.lib.common.rest_client [req-babee0fe-64cd-46d5-a5a5-26ad849740a9 req-babee0fe-64cd-46d5-a5a5-26ad849740a9 ] Request (ServerShowV247Test:test_update_rebuild_list_server): 200 GET http://10.180.1.21/compute/v2.1/servers/20b1b140-6b52-4aaa-aa2c-bb074b137caf 0.067s
2025-04-03 19:04:40.952 71376 INFO tempest.lib.common.rest_client [req-4a385f9f-1050-4b93-a3df-1ade1d1b13d4 req-4a385f9f-1050-4b93-a3df-1ade1d1b13d4 ] Request (ServerDiskConfigTestJSON:test_rebuild_server_with_manual_disk_config): 200 GET http://10.180.1.21/compute/v2.1/servers/e9a83d03-eb36-4d1e-9f24-cd0a3f3fe375 0.058s
2025-04-03 19:04:41.030 71398 INFO tempest.lib.common.rest_client [req-a3513852-2274-43e2-a5b0-c09eeb3f8966 req-a3513852-2274-43e2-a5b0-c09eeb3f8966 ] Request (MigrationsAdminTest:test_resize_server_revert_deleted_flavor): 200 GET http://10.180.1.21/compute/v2.1/servers/4dab1fc3-34f9-44da-b148-7503f7b6701e 0.051s
2025-04-03 19:04:41.106 71378 INFO tempest.lib.common.rest_client [req-5bdf674a-4512-4d77-b191-78bc14bbe18b req-5bdf674a-4512-4d77-b191-78bc14bbe18b ] Request (ServersTestMultiNic:setUpClass): 201 POST http://10.180.1.21:9696/networking/v2.0/networks 0.224s
2025-04-03 19:04:41.235 71378 INFO tempest.lib.common.rest_client [req-12464f73-e80a-49fb-8a99-8c6f39833fee req-12464f73-e80a-49fb-8a99-8c6f39833fee ] Request (ServersTestMultiNic:setUpClass): 201 POST http://10.180.1.21:9696/networking/v2.0/subnets 0.128s
2025-04-03 19:04:41.267 71360 INFO tempest.lib.common.rest_client [req-2c00887b-5093-40e5-8846-d77a1967d57f req-2c00887b-5093-40e5-8846-d77a1967d57f ] Request (ImagesOneServerTestJSON:tearDownClass): 200 GET http://10.180.1.21/compute/v2.1/servers/8a655321-9dcf-41f1-820b-2d44039e289b 0.062s
2025-04-03 19:04:41.309 71406 WARNING tempest.lib.common.ssh [-] Failed to establish authenticated ssh connection to cirros@10.180.180.168 ([Errno None] Unable to connect to port 22 on 10.180.180.168). Number attempts: 11. Retry after 12 seconds.: paramiko.ssh_exception.NoValidConnectionsError: [Errno None] Unable to connect to port 22 on 10.180.180.168
2025-04-03 19:04:41.336 71382 INFO tempest.lib.common.rest_client [req-d4f3c852-b185-47b9-a3ff-b9da70631372 req-d4f3c852-b185-47b9-a3ff-b9da70631372 ] Request (ServersListShow298Test:test_list_show_update_rebuild_server_298): 200 GET http://10.180.1.21/compute/v2.1/servers/490b72f5-9712-4947-bbff-0d603c264d7b 0.063s
2025-04-03 19:04:41.426 71410 INFO tempest.lib.common.rest_client [req-b221ee5e-d64d-44c2-a68e-7f616dbeb38b req-b221ee5e-d64d-44c2-a68e-7f616dbeb38b ] Request (AttachInterfacesV270Test:tearDownClass): 200 GET http://10.180.1.21/compute/v2.1/servers/573db876-a240-4289-a666-e2ad13f83b0d 0.070s
2025-04-03 19:04:41.480 71356 INFO tempest.lib.common.rest_client [req-0efac5e5-9833-4fb1-9262-53c2b4b4facf req-0efac5e5-9833-4fb1-9262-53c2b4b4facf ] Request (ServersWithSpecificFlavorTestJSON:test_verify_created_server_ephemeral_disk): 200 GET http://10.180.1.21/compute/v2.1/servers/ba8e907b-2f8c-4d51-96c5-933e9dd2b47d 0.063s
2025-04-03 19:04:41.522 71414 INFO tempest.lib.common.rest_client [req-18f9a5ee-1d8e-411a-8a94-62a16680a92a req-18f9a5ee-1d8e-411a-8a94-62a16680a92a ] Request (ServerAddressesTestJSON:setUpClass): 200 GET http://10.180.1.21/compute/v2.1/servers/dd24ca9e-8ed7-449d-99af-345f32867233 0.132s
2025-04-03 19:04:41.541 71370 INFO tempest.lib.common.rest_client [req-c0b9fddb-c29b-4a56-bbf2-bf9dea6cc4de req-c0b9fddb-c29b-4a56-bbf2-bf9dea6cc4de ] Request (SecurityGroupsTestJSON:test_server_security_groups): 200 GET http://10.180.1.21/compute/v2.1/servers/43473e6e-fd19-4826-98ef-8c66275f997a 0.083s
2025-04-03 19:04:41.576 71390 INFO tempest.lib.common.rest_client [req-d869dfab-cbe9-4e12-8645-0d509ddf7cae req-d869dfab-cbe9-4e12-8645-0d509ddf7cae ] Request (ServerRescueTestJSON:test_rescue_unrescue_instance): 200 GET http://10.180.1.21/compute/v2.1/servers/50270e8a-cf20-48b5-8b4a-ee8b839248bc 0.101s
2025-04-03 19:04:41.611 71402 INFO tempest.lib.common.rest_client [req-0eda1ff6-f7cd-4ad6-a2fa-9e30d5bb0412 req-0eda1ff6-f7cd-4ad6-a2fa-9e30d5bb0412 ] Request (ServerShowV257Test:tearDownClass): 200 GET http://10.180.1.21/compute/v2.1/servers/dd1c3bef-07d4-4475-94e1-d49a3927e990 0.092s
2025-04-03 19:04:41.638 71354 INFO tempest.lib.common.rest_client [req-3c68cb63-6eb5-471e-a043-a4f0efd96818 req-3c68cb63-6eb5-471e-a043-a4f0efd96818 ] Request (ServerMetadataTestJSON:tearDownClass): 200 GET http://10.180.1.21/compute/v2.1/servers/d3c5ee07-a0e5-47eb-8c79-786699338629 0.081s
2025-04-03 19:04:41.689 71358 INFO tempest.lib.common.rest_client [req-782ddb8a-59f7-4c04-8704-c8407183849d req-782ddb8a-59f7-4c04-8704-c8407183849d ] Request (ServersAdminTestJSON:test_create_server_with_scheduling_hint): 200 GET http://10.180.1.21/compute/v2.1/servers/a9c09f10-52bf-4b7a-b7f1-c432c23c88b0 0.057s
2025-04-03 19:04:41.696 71416 INFO tempest.lib.common.rest_client [req-d10af30b-5099-46e4-98d8-fa0de14821da req-d10af30b-5099-46e4-98d8-fa0de14821da ] Request (InstanceActionsNegativeTestJSON:tearDownClass): 200 GET http://10.180.1.21/compute/v2.1/servers/251b39b1-ca0b-42d9-ac88-3bbd6aa864a2 0.064s
2025-04-03 19:04:41.765 71404 INFO tempest.lib.common.rest_client [req-c799da08-3f7f-4bb5-98af-81dd9a53c1ab req-c799da08-3f7f-4bb5-98af-81dd9a53c1ab ] Request (FloatingIPsAssociationTestJSON:setUpClass): 200 GET http://10.180.1.21/compute/v2.1/servers/37e0139a-2f1f-4945-9b64-3a711e7759cb 0.055s
2025-04-03 19:04:41.768 71384 INFO tempest.lib.common.rest_client [req-f3bb7c06-b090-48f8-827e-330c5b314e09 req-f3bb7c06-b090-48f8-827e-330c5b314e09 ] Request (ImagesOneServerNegativeTestJSON:_run_cleanups): 200 GET http://10.180.1.21/compute/v2.1/servers/3f635fb7-bd5d-4dbf-b1a6-a1b75c1a456b 0.068s
2025-04-03 19:04:41.855 71374 INFO tempest.lib.common.rest_client [req-cae06f62-0ba4-4037-8840-77b3eabad30c req-cae06f62-0ba4-4037-8840-77b3eabad30c ] Request (ServerActionsTestOtherA:setUpClass): 200 GET http://10.180.1.21/compute/v2.1/servers/8fa2bff0-a236-4b94-b16d-5147012bd8ba 0.088s
2025-04-03 19:04:41.881 71372 INFO tempest.lib.common.rest_client [req-9fbd73a9-d639-47e4-83ec-8da70dc45b85 req-9fbd73a9-d639-47e4-83ec-8da70dc45b85 ] Request (ServersAdminNegativeTestJSON:tearDownClass): 200 GET http://10.180.1.21/compute/v2.1/servers/92011c0d-65c5-43e3-a9c4-3fa1c46d3727 0.081s
2025-04-03 19:04:41.914 71386 INFO tempest.lib.common.rest_client [req-4212dfa0-8aa9-4c28-be4d-dcf732db10d2 req-4212dfa0-8aa9-4c28-be4d-dcf732db10d2 ] Request (ServerAddressesNegativeTestJSON:tearDownClass): 200 GET http://10.180.1.21/compute/v2.1/servers/d30222bd-1fc5-4c3a-9801-f5e7bf9e75b6 0.068s
2025-04-03 19:04:41.945 71389 INFO tempest.lib.common.rest_client [req-fb83c013-e432-49da-b859-d644fc45f5ff req-fb83c013-e432-49da-b859-d644fc45f5ff ] Request (FloatingIPsAssociationNegativeTestJSON:setUpClass): 200 GET http://10.180.1.21/compute/v2.1/servers/8cce201b-6d8a-4145-99be-e8c0c8bf9685 0.084s
