2025-04-03 19:02:38.339 71389 INFO tempest.lib.common.dynamic_creds [-] Created isolated network resources for: credentials: Credentials: {'domain_id': 'default', 'domain_name': 'Default', 'username': 'tempest-ServerExternalEventsTest-2129211900-project-admin', 'project_domain_id': 'default', 'project_domain_name': 'Default', 'project_id': 'd30244fb473344509342ce6bb4baaffc', 'project_name': 'tempest-ServerExternalEventsTest-2129211900', 'tenant_id': 'd30244fb473344509342ce6bb4baaffc', 'tenant_name': 'tempest-ServerExternalEventsTest-2129211900', 'user_domain_id': 'default', 'user_domain_name': 'Default', 'user_id': '0cacce589dab4cd98afd7d8f94955841', 'system': None}, Network: None, Subnet: None, Router: None
2025-04-03 19:02:38.387 71358 INFO tempest.lib.common.rest_client [req-245f364a-576b-44f7-a2cd-a0926a7b65b6 req-245f364a-576b-44f7-a2cd-a0926a7b65b6 ] Request (QuotasAdminTestV236:tearDownClass): 204 DELETE http://10.180.1.21:9696/networking/v2.0/security-groups/325bb476-1546-4ba6-8c12-e90c704a2e2e 0.120s
2025-04-03 19:02:38.444 71402 INFO tempest.lib.common.rest_client [req-25193c85-c650-4d64-ae89-c5cae355f98b req-25193c85-c650-4d64-ae89-c5cae355f98b ] Request (ServicesAdminNegativeV253TestJSON:tearDownClass): 204 DELETE http://10.180.1.21/identity/v3/projects/12f872e3ae494b8ab479ea5a33401ac9 0.194s
2025-04-03 19:02:38.444 71402 INFO tempest.lib.common.dynamic_creds [-] Deleting project and security group for project: d36fa5833e91498ab8d8d75c98d20877
2025-04-03 19:02:38.465 71389 INFO tempest.lib.common.rest_client [req-2a93d479-90b0-429b-be9a-90f5e1ecd0df req-2a93d479-90b0-429b-be9a-90f5e1ecd0df ] Request (ServerExternalEventsTest:setUpClass): 201 POST http://10.180.1.21/identity/v3/auth/tokens 0.120s
2025-04-03 19:02:38.512 71389 INFO tempest.lib.common.rest_client [req-e1e837ee-84ca-4119-ad7d-2b38b022290a req-e1e837ee-84ca-4119-ad7d-2b38b022290a ] Request (ServerExternalEventsTest:setUpClass): 201 POST http://10.180.1.21/identity/v3/projects 0.046s
2025-04-03 19:02:38.552 71358 INFO tempest.lib.common.rest_client [req-8dd9004e-e64e-4d83-a43e-1cd08eafe901 req-8dd9004e-e64e-4d83-a43e-1cd08eafe901 ] Request (QuotasAdminTestV236:tearDownClass): 204 DELETE http://10.180.1.21/identity/v3/projects/a9217aeb45714c32974f16e619c224de 0.164s
2025-04-03 19:02:38.613 71384 INFO tempest.lib.common.rest_client [req-fc436570-34fc-4d00-88c2-c81f31432c03 req-fc436570-34fc-4d00-88c2-c81f31432c03 ] Request (QuotasAdminNegativeTest:test_create_server_when_cpu_quota_is_full): 403 POST http://10.180.1.21/compute/v2.1/servers 1.923s
2025-04-03 19:02:38.615 71402 INFO tempest.lib.common.rest_client [req-1e111306-1b7f-4041-9dd1-94ad30bad3d6 req-1e111306-1b7f-4041-9dd1-94ad30bad3d6 ] Request (ServicesAdminNegativeV253TestJSON:tearDownClass): 200 GET http://10.180.1.21:9696/networking/v2.0/security-groups?tenant_id=d36fa5833e91498ab8d8d75c98d20877&name=default 0.170s
2025-04-03 19:02:38.618 71358 INFO tempest.lib.common.rest_client [req-d802c62e-7aa7-4426-95a0-f4985069c6f2 req-d802c62e-7aa7-4426-95a0-f4985069c6f2 ] Request (ServersAdminTestJSON:setUpClass): 201 POST http://10.180.1.21/identity/v3/auth/tokens 0.065s
2025-04-03 19:02:38.621 71389 INFO tempest.lib.common.rest_client [req-da40b431-1ec0-4f06-9866-f83f2e4d9337 req-da40b431-1ec0-4f06-9866-f83f2e4d9337 ] Request (ServerExternalEventsTest:setUpClass): 201 POST http://10.180.1.21/identity/v3/users 0.109s
2025-04-03 19:02:38.646 71358 INFO tempest.lib.common.rest_client [req-64af70a6-ca9a-4237-b3dc-292dee290ef9 req-64af70a6-ca9a-4237-b3dc-292dee290ef9 ] Request (ServersAdminTestJSON:setUpClass): 201 POST http://10.180.1.21/identity/v3/auth/tokens 0.025s
2025-04-03 19:02:38.670 71389 INFO tempest.lib.common.rest_client [req-c300bba2-5427-48c2-9921-8d4ea0673250 req-c300bba2-5427-48c2-9921-8d4ea0673250 ] Request (ServerExternalEventsTest:setUpClass): 200 GET http://10.180.1.21/identity/v3/roles 0.047s
2025-04-03 19:02:38.691 71358 INFO tempest.lib.common.rest_client [req-a7525874-46cb-4fde-9a35-e76181966081 req-a7525874-46cb-4fde-9a35-e76181966081 ] Request (ServersAdminTestJSON:setUpClass): 200 GET http://10.180.1.21/identity/v3/domains?name=Default 0.044s
2025-04-03 19:02:38.691 71402 INFO tempest.lib.common.rest_client [req-d09ad0a9-3b48-46d9-b491-6842c9974355 req-d09ad0a9-3b48-46d9-b491-6842c9974355 ] Request (ServicesAdminNegativeV253TestJSON:tearDownClass): 204 DELETE http://10.180.1.21:9696/networking/v2.0/security-groups/faa131b6-ce3a-46e7-9456-c937915d05d7 0.075s
2025-04-03 19:02:38.714 71389 INFO tempest.lib.common.rest_client [req-7cb28eec-9b46-4d94-9429-c8102b55bec9 req-7cb28eec-9b46-4d94-9429-c8102b55bec9 ] Request (ServerExternalEventsTest:setUpClass): 204 PUT http://10.180.1.21/identity/v3/projects/a8b2b830faf24c288ccdd4d7fb5d2159/users/f0b0cb8adbe04513912dfc4dda3a1c1a/roles/dbc1d5af9ace4e25b3e2660d08fa24bd 0.043s
2025-04-03 19:02:38.723 71378 INFO tempest.lib.common.rest_client [req-f82a0c4a-a7c2-422e-8c35-f1fd3a2acc7c req-f82a0c4a-a7c2-422e-8c35-f1fd3a2acc7c ] Request (DeleteServersAdminTestJSON:test_admin_delete_servers_of_others): 200 GET http://10.180.1.21/compute/v2.1/servers/76845f8c-e70a-4f92-a3ba-dc7c2c5127ad 2.007s
2025-04-03 19:02:38.790 71358 INFO tempest.lib.common.rest_client [req-6a6ba332-da9c-4fa2-a112-876cd0824b56 req-6a6ba332-da9c-4fa2-a112-876cd0824b56 ] Request (ServersAdminTestJSON:setUpClass): 201 POST http://10.180.1.21/identity/v3/projects 0.098s
2025-04-03 19:02:39.110 71402 INFO tempest.lib.common.rest_client [req-345abce1-4b65-4228-ac65-535a93049435 req-345abce1-4b65-4228-ac65-535a93049435 ] Request (ServicesAdminNegativeV253TestJSON:tearDownClass): 204 DELETE http://10.180.1.21/identity/v3/projects/d36fa5833e91498ab8d8d75c98d20877 0.416s
2025-04-03 19:02:39.110 71372 INFO tempest.lib.common.rest_client [req-f4ea565b-c6b2-4e9f-814d-fe4e2b8874cd req-f4ea565b-c6b2-4e9f-814d-fe4e2b8874cd ] Request (ServersAdminNegativeTestJSON:setUpClass): 200 GET http://10.180.1.21/compute/v2.1/servers/92011c0d-65c5-43e3-a9c4-3fa1c46d3727 2.231s
2025-04-03 19:02:39.207 71389 INFO tempest.lib.common.rest_client [req-66574f71-da52-45fe-b5cb-8873aae906e5 req-66574f71-da52-45fe-b5cb-8873aae906e5 ] Request (ServerExternalEventsTest:setUpClass): 200 GET http://10.180.1.21/identity/v3/roles 0.493s
2025-04-03 19:02:39.212 71358 INFO tempest.lib.common.rest_client [req-ea8ebffa-c9ee-4eef-ab78-5c0a674670ad req-ea8ebffa-c9ee-4eef-ab78-5c0a674670ad ] Request (ServersAdminTestJSON:setUpClass): 201 POST http://10.180.1.21/identity/v3/users 0.422s
2025-04-03 19:02:39.239 71402 INFO tempest.lib.common.rest_client [req-5b652ab4-5854-4fce-b21e-ac39e312e871 req-5b652ab4-5854-4fce-b21e-ac39e312e871 ] Request (FloatingIPDetailsTestJSON:setUpClass): 201 POST http://10.180.1.21/identity/v3/auth/tokens 0.127s
2025-04-03 19:02:39.267 71389 INFO tempest.lib.common.rest_client [req-fc7f4be7-98aa-4b9c-a297-e8f4ff761af4 req-fc7f4be7-98aa-4b9c-a297-e8f4ff761af4 ] Request (ServerExternalEventsTest:setUpClass): 204 PUT http://10.180.1.21/identity/v3/projects/a8b2b830faf24c288ccdd4d7fb5d2159/users/f0b0cb8adbe04513912dfc4dda3a1c1a/roles/d12b373f9fa249f98e112ef8e8f798e3 0.059s
2025-04-03 19:02:39.267 71389 INFO tempest.lib.common.dynamic_creds [-] Dynamic test user f0b0cb8adbe04513912dfc4dda3a1c1a is created with scope project and roles: ['admin', 'service']
2025-04-03 19:02:39.267 71389 INFO tempest.lib.common.dynamic_creds [-] Acquired dynamic creds: credentials: Credentials: {'domain_id': 'default', 'domain_name': 'Default', 'username': 'tempest-ServerExternalEventsTest-1942165824-project', 'project_domain_id': 'default', 'project_domain_name': 'Default', 'project_id': 'a8b2b830faf24c288ccdd4d7fb5d2159', 'project_name': 'tempest-ServerExternalEventsTest-1942165824', 'tenant_id': 'a8b2b830faf24c288ccdd4d7fb5d2159', 'tenant_name': 'tempest-ServerExternalEventsTest-1942165824', 'user_domain_id': 'default', 'user_domain_name': 'Default', 'user_id': 'f0b0cb8adbe04513912dfc4dda3a1c1a', 'system': None}, Network: None, Subnet: None, Router: None
2025-04-03 19:02:39.268 71389 INFO tempest.lib.common.dynamic_creds [-] Created isolated network resources for: credentials: Credentials: {'domain_id': 'default', 'domain_name': 'Default', 'username': 'tempest-ServerExternalEventsTest-1942165824-project', 'project_domain_id': 'default', 'project_domain_name': 'Default', 'project_id': 'a8b2b830faf24c288ccdd4d7fb5d2159', 'project_name': 'tempest-ServerExternalEventsTest-1942165824', 'tenant_id': 'a8b2b830faf24c288ccdd4d7fb5d2159', 'tenant_name': 'tempest-ServerExternalEventsTest-1942165824', 'user_domain_id': 'default', 'user_domain_name': 'Default', 'user_id': 'f0b0cb8adbe04513912dfc4dda3a1c1a', 'system': None}, Network: None, Subnet: None, Router: None
2025-04-03 19:02:39.273 71382 INFO tempest.lib.common.rest_client [req-4061fdae-ab55-4322-bf4f-7c912925339c req-4061fdae-ab55-4322-bf4f-7c912925339c ] Request (ServerDiagnosticsTest:test_get_server_diagnostics): 202 POST http://10.180.1.21/compute/v2.1/servers 2.453s
2025-04-03 19:02:39.372 71358 INFO tempest.lib.common.rest_client [req-85e6b86f-a462-4171-b3e2-9c2460595d1c req-85e6b86f-a462-4171-b3e2-9c2460595d1c ] Request (ServersAdminTestJSON:setUpClass): 200 GET http://10.180.1.21/identity/v3/roles 0.159s
2025-04-03 19:02:39.397 71402 INFO tempest.lib.common.rest_client [req-f92306cf-56f2-4081-9130-7d29f96a4e94 req-f92306cf-56f2-4081-9130-7d29f96a4e94 ] Request (FloatingIPDetailsTestJSON:setUpClass): 201 POST http://10.180.1.21/identity/v3/auth/tokens 0.156s
2025-04-03 19:02:39.401 71408 INFO tempest.lib.common.rest_client [req-5ceaf88c-ba42-4beb-b1e5-67c6a28e8d56 req-5ceaf88c-ba42-4beb-b1e5-67c6a28e8d56 ] Request (ServerDiagnosticsV248Test:test_get_server_diagnostics): 200 GET http://10.180.1.21/compute/v2.1/servers/8b430097-236d-4d69-847c-1129653c46d7 2.419s
2025-04-03 19:02:39.413 71392 INFO tempest.lib.common.rest_client [req-fce36a75-a95c-4a9d-96ff-1668261914b5 req-fce36a75-a95c-4a9d-96ff-1668261914b5 ] Request (ImagesDeleteNegativeTestJSON:test_delete_image_blank_id): 404 DELETE http://10.180.1.21/compute/v2.1/images/ 2.442s
2025-04-03 19:02:39.442 71358 INFO tempest.lib.common.rest_client [req-dccb9cd2-a4fd-4617-bbad-c48cb7e9b655 req-dccb9cd2-a4fd-4617-bbad-c48cb7e9b655 ] Request (ServersAdminTestJSON:setUpClass): 204 PUT http://10.180.1.21/identity/v3/projects/1c452ae56832440f9e7e1510ee54f3b2/users/4492c4672987498cb25a10a38b786207/roles/8183cca0cb594307afe3bb488291649b 0.070s
2025-04-03 19:02:39.442 71358 INFO tempest.lib.common.dynamic_creds [-] Dynamic test user 4492c4672987498cb25a10a38b786207 is created with scope project and roles: ['member']
2025-04-03 19:02:39.442 71358 INFO tempest.lib.common.dynamic_creds [-] Acquired dynamic creds: credentials: Credentials: {'domain_id': 'default', 'domain_name': 'Default', 'username': 'tempest-ServersAdminTestJSON-1614829364-project-member', 'project_domain_id': 'default', 'project_domain_name': 'Default', 'project_id': '1c452ae56832440f9e7e1510ee54f3b2', 'project_name': 'tempest-ServersAdminTestJSON-1614829364', 'tenant_id': '1c452ae56832440f9e7e1510ee54f3b2', 'tenant_name': 'tempest-ServersAdminTestJSON-1614829364', 'user_domain_id': 'default', 'user_domain_name': 'Default', 'user_id': '4492c4672987498cb25a10a38b786207', 'system': None}, Network: None, Subnet: None, Router: None
2025-04-03 19:02:39.447 71356 INFO tempest.lib.common.rest_client [req-f5fd9201-da19-40a1-a93b-8de36a43f1dc req-f5fd9201-da19-40a1-a93b-8de36a43f1dc ] Request (ValidationResourcesFixture:setUp): 200 POST http://10.180.1.21/compute/v2.1/os-keypairs 2.399s
2025-04-03 19:02:39.462 71360 INFO tempest.lib.common.rest_client [req-7893860f-cbae-42e3-b314-8b984e8920f0 req-7893860f-cbae-42e3-b314-8b984e8920f0 ] Request (FlavorsExtraSpecsNegativeTestJSON:tearDownClass): 200 GET http://10.180.1.21/compute/v2.1/flavors/detail 2.390s
2025-04-03 19:02:39.494 71389 INFO tempest.lib.common.rest_client [req-10874e41-cd97-4b13-b493-d7671560e567 req-10874e41-cd97-4b13-b493-d7671560e567 ] Request (ServerExternalEventsTest:setUpClass): 201 POST http://10.180.1.21/identity/v3/auth/tokens 0.222s
2025-04-03 19:02:39.504 71414 INFO tempest.lib.common.rest_client [req-d12f4ccf-a7e2-4f93-a313-55e87b89fd93 req-d12f4ccf-a7e2-4f93-a313-55e87b89fd93 ] Request (AggregatesAdminNegativeTestJSON:test_aggregate_add_non_exist_host): 404 POST http://10.180.1.21/compute/v2.1/os-aggregates/3/action 2.301s
2025-04-03 19:02:39.523 71358 INFO tempest.lib.common.rest_client [req-09046a38-7efc-4219-a2fa-a741bc97e80e req-09046a38-7efc-4219-a2fa-a741bc97e80e ] Request (ServersAdminTestJSON:setUpClass): 201 POST http://10.180.1.21/identity/v3/auth/tokens 0.080s
2025-04-03 19:02:39.531 71402 INFO tempest.lib.common.rest_client [req-f2e0da16-c370-42a7-a7e6-9cd8ad6d6a20 req-f2e0da16-c370-42a7-a7e6-9cd8ad6d6a20 ] Request (FloatingIPDetailsTestJSON:setUpClass): 200 GET http://10.180.1.21/identity/v3/domains?name=Default 0.133s
2025-04-03 19:02:39.622 71356 INFO tempest.lib.common.rest_client [req-2c3ee71c-11fe-4819-8095-691bc217d065 req-2c3ee71c-11fe-4819-8095-691bc217d065 ] Request (ValidationResourcesFixture:setUp): 201 POST http://10.180.1.21:9696/networking/v2.0/security-groups 0.172s
2025-04-03 19:02:39.640 71360 INFO tempest.lib.common.rest_client [req-d47f9825-647b-465a-ae7b-8077cb484aba req-d47f9825-647b-465a-ae7b-8077cb484aba ] Request (FlavorsExtraSpecsNegativeTestJSON:tearDownClass): 204 DELETE http://10.180.1.21/identity/v3/users/81e454b1f36543bd9057aa67d38667f4 0.167s
2025-04-03 19:02:39.655 71376 INFO tempest.lib.common.rest_client [req-8904ff15-6f2a-4578-93aa-bb563c4a23ee req-8904ff15-6f2a-4578-93aa-bb563c4a23ee ] Request (AbsoluteLimitsTestJSON:test_absLimits_get): 200 GET http://10.180.1.21/compute/v2.1/limits 2.498s
2025-04-03 19:02:39.673 71389 INFO tempest.lib.common.rest_client [req-b5d389ef-466f-4ba5-98e3-f0fa573922c8 req-b5d389ef-466f-4ba5-98e3-f0fa573922c8 ] Request (ServerExternalEventsTest:test_create_server_external_events): 201 POST http://10.180.1.21/identity/v3/auth/tokens 0.169s
2025-04-03 19:02:39.673 71389 INFO tempest.lib.common.fixed_network [-] (ServerExternalEventsTest:test_create_server_external_events) Found network None available for tenant
2025-04-03 19:02:39.675 71410 INFO tempest.lib.common.rest_client [req-5b530b42-9425-403f-9229-a234757b4d9f req-5b530b42-9425-403f-9229-a234757b4d9f ] Request (FlavorsAccessNegativeTestJSON:test_flavor_non_admin_add): 200 POST http://10.180.1.21/compute/v2.1/flavors 2.416s
2025-04-03 19:02:39.725 71402 INFO tempest.lib.common.rest_client [req-af6e9e72-72ec-44b9-a749-dac4e66ecf0f req-af6e9e72-72ec-44b9-a749-dac4e66ecf0f ] Request (FloatingIPDetailsTestJSON:setUpClass): 201 POST http://10.180.1.21/identity/v3/projects 0.191s
2025-04-03 19:02:39.761 71406 INFO tempest.lib.common.rest_client [req-2e9f227a-627d-486c-9365-77f2efa809fd req-2e9f227a-627d-486c-9365-77f2efa809fd ] Request (ServersTestFqdnHostnames:test_create_server_with_fqdn_name): 200 GET http://10.180.1.21/compute/v2.1/servers/5886f11a-d2d5-459e-82ca-7e718cf28b19 2.525s
2025-04-03 19:02:39.768 71406 INFO tempest.common.waiters [-] State transition "BUILD/networking" ==> "BUILD/spawning" after 11 second wait
2025-04-03 19:02:39.844 71376 INFO tempest.lib.common.rest_client [req-85346c2c-3232-46d9-ba44-2171424fc626 req-85346c2c-3232-46d9-ba44-2171424fc626 ] Request (AbsoluteLimitsTestJSON:tearDownClass): 204 DELETE http://10.180.1.21/identity/v3/users/4b77276aeb1c4bb48139f90553a9800d 0.184s
2025-04-03 19:02:39.844 71376 INFO tempest.lib.common.dynamic_creds [-] Deleting project and security group for project: 0d32bb321dfc47e896b81ecbb1500865
2025-04-03 19:02:39.853 71360 INFO tempest.lib.common.rest_client [req-bcf830c1-504a-43f6-8852-4fdde987e84b req-bcf830c1-504a-43f6-8852-4fdde987e84b ] Request (FlavorsExtraSpecsNegativeTestJSON:tearDownClass): 204 DELETE http://10.180.1.21/identity/v3/users/79c2615153c74e308bedb816eb71aebb 0.213s
2025-04-03 19:02:39.854 71360 INFO tempest.lib.common.dynamic_creds [-] Deleting project and security group for project: 4c01d5493b2b4342bcb4c75f0f6fc5cc
2025-04-03 19:02:39.910 71404 INFO tempest.lib.common.rest_client [req-98339045-4ee5-4f06-a510-3d4489f3399d req-98339045-4ee5-4f06-a510-3d4489f3399d ] Request (ServersAdmin275Test:test_rebuild_update_server_275): 200 GET http://10.180.1.21/compute/v2.1/servers/524f9d7c-3a51-4570-bad1-4b4a2e51c639 2.475s
2025-04-03 19:02:39.921 71376 INFO tempest.lib.common.rest_client [req-9662f40f-1d33-4fd3-8ba9-dabba246d237 req-9662f40f-1d33-4fd3-8ba9-dabba246d237 ] Request (AbsoluteLimitsTestJSON:tearDownClass): 201 POST http://10.180.1.21/identity/v3/auth/tokens 0.076s
2025-04-03 19:02:39.945 71360 INFO tempest.lib.common.rest_client [req-2b3fcc73-5cd1-4e98-a878-ce2ae745cebe req-2b3fcc73-5cd1-4e98-a878-ce2ae745cebe ] Request (FlavorsExtraSpecsNegativeTestJSON:tearDownClass): 201 POST http://10.180.1.21/identity/v3/auth/tokens 0.091s
2025-04-03 19:02:39.945 71402 INFO tempest.lib.common.rest_client [req-e50f62c1-4de0-42d8-a2b8-cd3d87dc7790 req-e50f62c1-4de0-42d8-a2b8-cd3d87dc7790 ] Request (FloatingIPDetailsTestJSON:setUpClass): 201 POST http://10.180.1.21/identity/v3/users 0.219s
2025-04-03 19:02:39.971 71402 INFO tempest.lib.common.rest_client [req-5ff687f7-7837-4005-91a2-f5f1e281dd32 req-5ff687f7-7837-4005-91a2-f5f1e281dd32 ] Request (FloatingIPDetailsTestJSON:setUpClass): 200 GET http://10.180.1.21/identity/v3/roles 0.026s
2025-04-03 19:02:40.016 71356 INFO tempest.lib.common.rest_client [req-47c17c89-14fd-4b16-8630-af27da812435 req-47c17c89-14fd-4b16-8630-af27da812435 ] Request (ValidationResourcesFixture:setUp): 201 POST http://10.180.1.21:9696/networking/v2.0/security-group-rules 0.394s
2025-04-03 19:02:40.021 71402 INFO tempest.lib.common.rest_client [req-01ed4b18-b12b-429a-ba8b-5e4187dd6265 req-01ed4b18-b12b-429a-ba8b-5e4187dd6265 ] Request (FloatingIPDetailsTestJSON:setUpClass): 204 PUT http://10.180.1.21/identity/v3/projects/de375926d3ec49e7804fa7d569bb3f22/users/04dcc3d05bcf4ee4a3e459b85694b243/roles/8183cca0cb594307afe3bb488291649b 0.050s
2025-04-03 19:02:40.021 71402 INFO tempest.lib.common.dynamic_creds [-] Dynamic test user 04dcc3d05bcf4ee4a3e459b85694b243 is created with scope project and roles: ['member']
2025-04-03 19:02:40.022 71402 INFO tempest.lib.common.dynamic_creds [-] Acquired dynamic creds: credentials: Credentials: {'domain_id': 'default', 'domain_name': 'Default', 'username': 'tempest-FloatingIPDetailsTestJSON-722047268-project-member', 'project_domain_id': 'default', 'project_domain_name': 'Default', 'project_id': 'de375926d3ec49e7804fa7d569bb3f22', 'project_name': 'tempest-FloatingIPDetailsTestJSON-722047268', 'tenant_id': 'de375926d3ec49e7804fa7d569bb3f22', 'tenant_name': 'tempest-FloatingIPDetailsTestJSON-722047268', 'user_domain_id': 'default', 'user_domain_name': 'Default', 'user_id': '04dcc3d05bcf4ee4a3e459b85694b243', 'system': None}, Network: None, Subnet: None, Router: None
2025-04-03 19:02:40.063 71396 INFO tempest.lib.common.rest_client [req-6e9683b7-6c38-45c6-bf6b-2e60d22feefc req-6e9683b7-6c38-45c6-bf6b-2e60d22feefc ] Request (ServersV294TestFqdnHostnames:setUpClass): 202 POST http://10.180.1.21/compute/v2.1/servers 2.666s
2025-04-03 19:02:40.090 71402 INFO tempest.lib.common.rest_client [req-3fb74a8c-da1d-4b82-b1e9-7d9e22e276a4 req-3fb74a8c-da1d-4b82-b1e9-7d9e22e276a4 ] Request (FloatingIPDetailsTestJSON:setUpClass): 201 POST http://10.180.1.21/identity/v3/auth/tokens 0.068s
2025-04-03 19:02:40.137 71364 INFO tempest.lib.common.rest_client [req-a3843a17-01ce-496e-bc2c-5c2f3e86b50c req-a3843a17-01ce-496e-bc2c-5c2f3e86b50c ] Request (ImagesTestJSON:test_create_image_from_stopped_server): 200 GET http://10.180.1.21/compute/v2.1/servers/64df4dbf-7231-4fed-85d7-241dd9257df8 2.493s
2025-04-03 19:02:40.167 71360 INFO tempest.lib.common.rest_client [req-288355e3-f67f-4cfc-b650-5632979cbdae req-288355e3-f67f-4cfc-b650-5632979cbdae ] Request (FlavorsExtraSpecsNegativeTestJSON:tearDownClass): 200 GET http://10.180.1.21:9696/networking/v2.0/security-groups?tenant_id=4c01d5493b2b4342bcb4c75f0f6fc5cc&name=default 0.222s
2025-04-03 19:02:40.170 71376 INFO tempest.lib.common.rest_client [req-13c64e37-3e3c-4c5e-a091-5f86c366d9fe req-13c64e37-3e3c-4c5e-a091-5f86c366d9fe ] Request (AbsoluteLimitsTestJSON:tearDownClass): 200 GET http://10.180.1.21:9696/networking/v2.0/security-groups?tenant_id=0d32bb321dfc47e896b81ecbb1500865&name=default 0.247s
2025-04-03 19:02:40.448 71356 INFO tempest.lib.common.rest_client [req-2c1cfa85-33e4-42dd-8f94-a3c9ac23d58d req-2c1cfa85-33e4-42dd-8f94-a3c9ac23d58d ] Request (ValidationResourcesFixture:setUp): 201 POST http://10.180.1.21:9696/networking/v2.0/security-group-rules 0.431s
2025-04-03 19:02:40.617 71376 INFO tempest.lib.common.rest_client [req-fd87cd00-11a6-436e-8727-ca3ff6c0c08c req-fd87cd00-11a6-436e-8727-ca3ff6c0c08c ] Request (AbsoluteLimitsTestJSON:tearDownClass): 204 DELETE http://10.180.1.21:9696/networking/v2.0/security-groups/60e8411a-a9bc-4d63-a065-036a443483fb 0.446s
2025-04-03 19:02:40.632 71360 INFO tempest.lib.common.rest_client [req-00033d78-aece-4bf9-84f9-9825fafac037 req-00033d78-aece-4bf9-84f9-9825fafac037 ] Request (FlavorsExtraSpecsNegativeTestJSON:tearDownClass): 204 DELETE http://10.180.1.21:9696/networking/v2.0/security-groups/946bb76e-8aa7-45fd-8fc7-909c70f2ab01 0.464s
2025-04-03 19:02:40.638 71370 INFO tempest.lib.common.rest_client [req-cf473390-2dd1-4051-9b7a-06d5cef54dd4 req-cf473390-2dd1-4051-9b7a-06d5cef54dd4 ] Request (SecurityGroupsTestJSON:test_list_security_groups_by_server): 200 GET http://10.180.1.21/compute/v2.1/servers/bbe9db38-468a-4c7d-8140-716ec900380d 2.962s
2025-04-03 19:02:40.647 71370 INFO tempest.common.waiters [-] State transition "BUILD/None" ==> "BUILD/spawning" after 12 second wait
2025-04-03 19:02:40.650 71358 INFO tempest.lib.common.rest_client [req-95d94fbd-08f2-4bb7-84c4-8f15cdd12e04 req-95d94fbd-08f2-4bb7-84c4-8f15cdd12e04 ] Request (ServersAdminTestJSON:setUpClass): 201 POST http://10.180.1.21:9696/networking/v2.0/networks 1.126s
2025-04-03 19:02:40.711 71412 INFO tempest.lib.common.rest_client [req-cb45d72e-a777-490b-b3a6-c34cbbdbd462 req-cb45d72e-a777-490b-b3a6-c34cbbdbd462 ] Request (SecurityGroupRulesNegativeTestJSON:test_create_security_group_rule_with_invalid_port_range): 400 POST http://10.180.1.21/compute/v2.1/os-security-group-rules 2.989s
2025-04-03 19:02:40.729 71390 INFO tempest.lib.common.rest_client [req-1e880585-56a4-4357-bb3d-60aec3445baa req-1e880585-56a4-4357-bb3d-60aec3445baa ] Request (ServerRescueTestJSON:setUpClass): 200 PUT http://10.180.1.21:9696/networking/v2.0/routers/2ce8a135-6280-4573-ac09-93a7d25083cb/add_router_interface 3.333s
2025-04-03 19:02:40.729 71390 INFO tempest.lib.common.dynamic_creds [-] Created isolated network resources for: credentials: Credentials: {'domain_id': 'default', 'domain_name': 'Default', 'username': 'tempest-ServerRescueTestJSON-442380973-project-member', 'project_domain_id': 'default', 'project_domain_name': 'Default', 'project_id': '8a7781ed6e51419fbd235a1384f4ad50', 'project_name': 'tempest-ServerRescueTestJSON-442380973', 'tenant_id': '8a7781ed6e51419fbd235a1384f4ad50', 'tenant_name': 'tempest-ServerRescueTestJSON-442380973', 'user_domain_id': 'default', 'user_domain_name': 'Default', 'user_id': '2085475dda9d486e8a72e8251364cf1a', 'system': None}, Network: {'id': 'd27165d6-9514-47e4-96ec-a57eeeb8c5bf', 'name': 'tempest-ServerRescueTestJSON-1874952405-network', 'tenant_id': '8a7781ed6e51419fbd235a1384f4ad50', 'admin_state_up': True, 'mtu': 8950, 'status': 'ACTIVE', 'subnets': [], 'shared': False, 'project_id': '8a7781ed6e51419fbd235a1384f4ad50', 'port_security_enabled': True, 'router:external': False, 'provider:network_type': 'vlan', 'provider:physical_network': 'default', 'provider:segmentation_id': 993, 'availability_zone_hints': [], 'availability_zones': [], 'ipv4_address_scope': None, 'ipv6_address_scope': None, 'description': '', 'tags': [], 'created_at': '2025-04-03T19:02:33Z', 'updated_at': '2025-04-03T19:02:33Z', 'revision_number': 1}, Subnet: {'id': '5da0a857-4f13-4ae0-af13-193239a603ef', 'name': 'tempest-ServerRescueTestJSON-1874952405-subnet', 'tenant_id': '8a7781ed6e51419fbd235a1384f4ad50', 'network_id': 'd27165d6-9514-47e4-96ec-a57eeeb8c5bf', 'ip_version': 4, 'subnetpool_id': None, 'enable_dhcp': False, 'ipv6_ra_mode': None, 'ipv6_address_mode': None, 'gateway_ip': '192.168.128.1', 'cidr': '192.168.128.0/28', 'allocation_pools': [{'start': '192.168.128.2', 'end': '192.168.128.14'}], 'host_routes': [], 'dns_nameservers': [], 'description': '', 'router:external': False, 'service_types': [], 'tags': [], 'created_at': '2025-04-03T19:02:34Z', 'updated_at': '2025-04-03T19:02:34Z', 'revision_number': 0, 'project_id': '8a7781ed6e51419fbd235a1384f4ad50'}, Router: {'id': '2ce8a135-6280-4573-ac09-93a7d25083cb', 'name': 'tempest-ServerRescueTestJSON-1874952405-router', 'tenant_id': '8a7781ed6e51419fbd235a1384f4ad50', 'admin_state_up': True, 'status': 'ACTIVE', 'external_gateway_info': {'network_id': '5cfef45f-af7d-4f0a-a0d7-66ad93016ec9', 'external_fixed_ips': [{'subnet_id': 'f871030c-de94-4632-bd7d-a8b4f468c938', 'ip_address': '10.180.180.224'}], 'enable_snat': True}, 'description': '', 'availability_zones': [], 'distributed': False, 'ha': False, 'availability_zone_hints': [], 'routes': [], 'flavor_id': None, 'tags': [], 'created_at': '2025-04-03T19:02:34Z', 'updated_at': '2025-04-03T19:02:35Z', 'revision_number': 2, 'project_id': '8a7781ed6e51419fbd235a1384f4ad50'}
2025-04-03 19:02:40.739 71376 INFO tempest.lib.common.rest_client [req-dd57c85c-0a77-4e79-9706-2d6140eb343d req-dd57c85c-0a77-4e79-9706-2d6140eb343d ] Request (AbsoluteLimitsTestJSON:tearDownClass): 204 DELETE http://10.180.1.21/identity/v3/projects/0d32bb321dfc47e896b81ecbb1500865 0.122s
2025-04-03 19:02:40.754 71360 INFO tempest.lib.common.rest_client [req-50c9b031-bf1c-4d31-8be2-c36d3fb26e61 req-50c9b031-bf1c-4d31-8be2-c36d3fb26e61 ] Request (FlavorsExtraSpecsNegativeTestJSON:tearDownClass): 204 DELETE http://10.180.1.21/identity/v3/projects/4c01d5493b2b4342bcb4c75f0f6fc5cc 0.121s
2025-04-03 19:02:40.754 71360 INFO tempest.lib.common.dynamic_creds [-] Deleting project and security group for project: 5c2fe5747bcf446eb06a480faa7a4bca
2025-04-03 19:02:40.813 71368 INFO tempest.lib.common.rest_client [req-5fe65e61-a387-45cf-8078-dc831fbe70d8 req-5fe65e61-a387-45cf-8078-dc831fbe70d8 ] Request (AttachInterfacesTestJSON:test_create_list_show_delete_interfaces_by_fixed_ip): 200 GET http://10.180.1.21/compute/v2.1/servers/c8ac11bf-61fb-4bd3-b24a-b0389bbb7354 2.861s
2025-04-03 19:02:40.834 71376 INFO tempest.lib.common.rest_client [req-09788ee3-71ef-4c58-9bb3-68c7d3c0c32e req-09788ee3-71ef-4c58-9bb3-68c7d3c0c32e ] Request (ServerDiskConfigTestJSON:setUpClass): 201 POST http://10.180.1.21/identity/v3/auth/tokens 0.090s
2025-04-03 19:02:40.839 71390 INFO tempest.lib.common.rest_client [req-76e0d010-b2cd-4f2f-91ad-dc6a906dc2cd req-76e0d010-b2cd-4f2f-91ad-dc6a906dc2cd ] Request (ServerRescueTestJSON:setUpClass): 201 POST http://10.180.1.21/identity/v3/auth/tokens 0.102s
2025-04-03 19:02:40.870 71376 INFO tempest.lib.common.rest_client [req-6613b244-551a-4049-88b9-5be9606f3b81 req-6613b244-551a-4049-88b9-5be9606f3b81 ] Request (ServerDiskConfigTestJSON:setUpClass): 201 POST http://10.180.1.21/identity/v3/auth/tokens 0.034s
2025-04-03 19:02:40.876 71402 INFO tempest.lib.common.rest_client [req-73c32e53-7ae5-49dd-b891-78eab1483f38 req-73c32e53-7ae5-49dd-b891-78eab1483f38 ] Request (FloatingIPDetailsTestJSON:setUpClass): 201 POST http://10.180.1.21:9696/networking/v2.0/networks 0.786s
2025-04-03 19:02:40.878 71390 INFO tempest.lib.common.rest_client [req-cf78c710-7c2d-44a2-b030-3fda7250762c req-cf78c710-7c2d-44a2-b030-3fda7250762c ] Request (ServerRescueTestJSON:setUpClass): 201 POST http://10.180.1.21/identity/v3/auth/tokens 0.036s
2025-04-03 19:02:40.879 71390 INFO tempest.lib.common.fixed_network [-] (ServerRescueTestJSON:setUpClass) Found network {'id': 'd27165d6-9514-47e4-96ec-a57eeeb8c5bf', 'name': 'tempest-ServerRescueTestJSON-1874952405-network', 'tenant_id': '8a7781ed6e51419fbd235a1384f4ad50', 'admin_state_up': True, 'mtu': 8950, 'status': 'ACTIVE', 'subnets': [], 'shared': False, 'project_id': '8a7781ed6e51419fbd235a1384f4ad50', 'port_security_enabled': True, 'router:external': False, 'provider:network_type': 'vlan', 'provider:physical_network': 'default', 'provider:segmentation_id': 993, 'availability_zone_hints': [], 'availability_zones': [], 'ipv4_address_scope': None, 'ipv6_address_scope': None, 'description': '', 'tags': [], 'created_at': '2025-04-03T19:02:33Z', 'updated_at': '2025-04-03T19:02:33Z', 'revision_number': 1} available for tenant
2025-04-03 19:02:40.898 71376 INFO tempest.lib.common.rest_client [req-3d463eb3-13d0-4c10-80a7-a705341c4eaa req-3d463eb3-13d0-4c10-80a7-a705341c4eaa ] Request (ServerDiskConfigTestJSON:setUpClass): 200 GET http://10.180.1.21/identity/v3/domains?name=Default 0.027s
2025-04-03 19:02:40.941 71376 INFO tempest.lib.common.rest_client [req-cf7d4316-bf9f-4e38-b198-496f005eaa80 req-cf7d4316-bf9f-4e38-b198-496f005eaa80 ] Request (ServerDiskConfigTestJSON:setUpClass): 201 POST http://10.180.1.21/identity/v3/projects 0.042s
2025-04-03 19:02:40.944 71386 INFO tempest.lib.common.rest_client [req-a47badf4-0adc-44a1-88cc-5f92d197f4ac req-a47badf4-0adc-44a1-88cc-5f92d197f4ac ] Request (QuotaClassesAdmin257Test:test_update_default_quotas): 200 PUT http://10.180.1.21/compute/v2.1/os-quota-class-sets/default 2.990s
2025-04-03 19:02:40.948 71374 INFO tempest.lib.common.rest_client [req-505ec4f1-22a1-497e-9b49-d2bb4f3a0e1c req-505ec4f1-22a1-497e-9b49-d2bb4f3a0e1c ] Request (HostsAdminNegativeTestJSON:test_update_host_with_invalid_status): 400 PUT http://10.180.1.21/compute/v2.1/os-hosts/devstack 2.984s
2025-04-03 19:02:40.969 71394 INFO tempest.lib.common.rest_client [req-20c96b53-4141-4a09-901f-e5f342868c7d req-20c96b53-4141-4a09-901f-e5f342868c7d ] Request (FlavorsAdminTestJSON:_run_cleanups): 202 DELETE http://10.180.1.21/compute/v2.1/flavors/bc9905a2-3d01-4d17-8ccf-cc77faa27be6 2.962s
2025-04-03 19:02:40.990 71362 INFO tempest.lib.common.rest_client [req-5b5eee1b-fbdd-4c59-8d09-9644cd6db066 req-5b5eee1b-fbdd-4c59-8d09-9644cd6db066 ] Request (ServersTestManualDisk:setUpClass): 202 POST http://10.180.1.21/compute/v2.1/servers 3.408s
2025-04-03 19:02:41.007 71360 INFO tempest.lib.common.rest_client [req-95e25d27-ac0a-4c60-b7d0-cb1f2a9bc350 req-95e25d27-ac0a-4c60-b7d0-cb1f2a9bc350 ] Request (FlavorsExtraSpecsNegativeTestJSON:tearDownClass): 200 GET http://10.180.1.21:9696/networking/v2.0/security-groups?tenant_id=5c2fe5747bcf446eb06a480faa7a4bca&name=default 0.252s
2025-04-03 19:02:41.014 71376 INFO tempest.lib.common.rest_client [req-d0b3b99a-35c1-452c-9d7c-a35db01eea60 req-d0b3b99a-35c1-452c-9d7c-a35db01eea60 ] Request (ServerDiskConfigTestJSON:setUpClass): 201 POST http://10.180.1.21/identity/v3/users 0.073s
2025-04-03 19:02:41.048 71376 INFO tempest.lib.common.rest_client [req-53177350-8579-4f78-9d49-15fe0543a11d req-53177350-8579-4f78-9d49-15fe0543a11d ] Request (ServerDiskConfigTestJSON:setUpClass): 200 GET http://10.180.1.21/identity/v3/roles 0.033s
2025-04-03 19:02:41.070 71398 INFO tempest.lib.common.rest_client [req-96b0729f-5df1-4c06-8fb3-383f3821213b req-96b0729f-5df1-4c06-8fb3-383f3821213b ] Request (MigrationsAdminTest:test_list_migrations_in_flavor_resize_situation): 200 GET http://10.180.1.21/compute/v2.1/servers/234bae3a-7868-453f-9072-24eb855d57ed 3.053s
2025-04-03 19:02:41.078 71376 INFO tempest.lib.common.rest_client [req-7c3e84cc-16ca-40b2-abea-2a88d282108d req-7c3e84cc-16ca-40b2-abea-2a88d282108d ] Request (ServerDiskConfigTestJSON:setUpClass): 204 PUT http://10.180.1.21/identity/v3/projects/ffbfc3d19fe949cea34b73dd43f0b9a1/users/2ef547dcbf8e4f259139caacf8b91719/roles/8183cca0cb594307afe3bb488291649b 0.029s
2025-04-03 19:02:41.078 71376 INFO tempest.lib.common.dynamic_creds [-] Dynamic test user 2ef547dcbf8e4f259139caacf8b91719 is created with scope project and roles: ['member']
2025-04-03 19:02:41.079 71376 INFO tempest.lib.common.dynamic_creds [-] Acquired dynamic creds: credentials: Credentials: {'domain_id': 'default', 'domain_name': 'Default', 'username': 'tempest-ServerDiskConfigTestJSON-15880454-project-member', 'project_domain_id': 'default', 'project_domain_name': 'Default', 'project_id': 'ffbfc3d19fe949cea34b73dd43f0b9a1', 'project_name': 'tempest-ServerDiskConfigTestJSON-15880454', 'tenant_id': 'ffbfc3d19fe949cea34b73dd43f0b9a1', 'tenant_name': 'tempest-ServerDiskConfigTestJSON-15880454', 'user_domain_id': 'default', 'user_domain_name': 'Default', 'user_id': '2ef547dcbf8e4f259139caacf8b91719', 'system': None}, Network: None, Subnet: None, Router: None
2025-04-03 19:02:41.157 71376 INFO tempest.lib.common.rest_client [req-d6856ada-8ce6-4acd-bf29-8b87c70ad5fc req-d6856ada-8ce6-4acd-bf29-8b87c70ad5fc ] Request (ServerDiskConfigTestJSON:setUpClass): 201 POST http://10.180.1.21/identity/v3/auth/tokens 0.078s
2025-04-03 19:02:41.186 71366 INFO tempest.lib.common.rest_client [req-149cb3e2-5e46-48b6-821e-246597b64817 req-149cb3e2-5e46-48b6-821e-246597b64817 ] Request (InstanceActionsTestJSON:setUpClass): 200 GET http://10.180.1.21/compute/v2.1/servers/2d27d490-abcb-4459-b039-e045378f97d6 3.014s
2025-04-03 19:02:41.201 71366 INFO tempest.common.waiters [-] State transition "BUILD/spawning" ==> "ACTIVE/None" after 17 second wait
2025-04-03 19:02:41.211 71358 INFO tempest.lib.common.rest_client [req-48fff8ae-b20c-4a96-ab66-9b44a9add7bb req-48fff8ae-b20c-4a96-ab66-9b44a9add7bb ] Request (ServersAdminTestJSON:setUpClass): 201 POST http://10.180.1.21:9696/networking/v2.0/subnets 0.556s
2025-04-03 19:02:41.236 71360 INFO tempest.lib.common.rest_client [req-f08958c3-ac58-43b2-a4c9-bbcca8f0972a req-f08958c3-ac58-43b2-a4c9-bbcca8f0972a ] Request (FlavorsExtraSpecsNegativeTestJSON:tearDownClass): 204 DELETE http://10.180.1.21:9696/networking/v2.0/security-groups/cf17dd98-968c-460c-9b25-2affabd19e4d 0.229s
2025-04-03 19:02:41.287 71380 INFO tempest.lib.common.rest_client [req-d8ba04a4-eafa-4eca-aca2-4595753aa459 req-d8ba04a4-eafa-4eca-aca2-4595753aa459 ] Request (VolumesAssistedSnapshotsTest:test_volume_assisted_snapshot_create_delete): 200 GET http://10.180.1.21/compute/v2.1/servers/33e7e6bd-0e86-42c4-b5a8-ef07ae610048 3.054s
2025-04-03 19:02:41.298 71402 INFO tempest.lib.common.rest_client [req-0dd6c92a-5180-447f-a210-8fedd9814436 req-0dd6c92a-5180-447f-a210-8fedd9814436 ] Request (FloatingIPDetailsTestJSON:setUpClass): 201 POST http://10.180.1.21:9696/networking/v2.0/subnets 0.421s
2025-04-03 19:02:41.337 71400 INFO tempest.lib.common.rest_client [req-564def07-0184-4858-a794-9cee1946037e req-564def07-0184-4858-a794-9cee1946037e ] Request (ImagesMetadataTestJSON:test_set_image_metadata): 200 PUT http://10.180.1.21/compute/v2.1/images/7911013a-70f8-4af7-af79-4191d043700c/metadata 3.147s
2025-04-03 19:02:41.361 71360 INFO tempest.lib.common.rest_client [req-0b06d706-052e-4f22-8546-d07bddd23ece req-0b06d706-052e-4f22-8546-d07bddd23ece ] Request (FlavorsExtraSpecsNegativeTestJSON:tearDownClass): 204 DELETE http://10.180.1.21/identity/v3/projects/5c2fe5747bcf446eb06a480faa7a4bca 0.124s
2025-04-03 19:02:41.363 71360 INFO tempest.test [-] raised in UnshelveToHostMultiNodesTest.setUpClass. Invoking tearDownClass.
2025-04-03 19:02:41.364 71360 INFO tempest.test [-] raised in SpiceDirectConsoleTestJSON.setUpClass. Invoking tearDownClass.
2025-04-03 19:02:41.519 71360 INFO tempest.lib.common.rest_client [req-9374c753-190d-461a-8d08-f3bc053368e1 req-9374c753-190d-461a-8d08-f3bc053368e1 ] Request (FloatingIPsNegativeTestJSON:setUpClass): 201 POST http://10.180.1.21/identity/v3/auth/tokens 0.151s
2025-04-03 19:02:41.540 71384 INFO tempest.lib.common.rest_client [req-86e1e9a3-111e-4837-84ec-bcaae872a13c req-86e1e9a3-111e-4837-84ec-bcaae872a13c ] Request (QuotasAdminNegativeTest:_run_cleanups): 200 PUT http://10.180.1.21/compute/v2.1/os-quota-sets/a750c43c03b0409fb5e374116f3d8ed8 2.927s
2025-04-03 19:02:41.577 71360 INFO tempest.lib.common.rest_client [req-1b838ac3-71bc-4a47-825e-ab3b47ab0d70 req-1b838ac3-71bc-4a47-825e-ab3b47ab0d70 ] Request (FloatingIPsNegativeTestJSON:setUpClass): 201 POST http://10.180.1.21/identity/v3/auth/tokens 0.053s
2025-04-03 19:02:41.606 71360 INFO tempest.lib.common.rest_client [req-2a1b0ab8-32fb-47ab-8186-0f6e195aed26 req-2a1b0ab8-32fb-47ab-8186-0f6e195aed26 ] Request (FloatingIPsNegativeTestJSON:setUpClass): 200 GET http://10.180.1.21/identity/v3/domains?name=Default 0.028s
2025-04-03 19:02:41.614 71382 INFO tempest.lib.common.rest_client [req-10c1f9ce-d2f9-4535-8542-3cf7def547f9 req-10c1f9ce-d2f9-4535-8542-3cf7def547f9 ] Request (ServerDiagnosticsTest:test_get_server_diagnostics): 200 GET http://10.180.1.21/compute/v2.1/servers/ebc8a1c8-1686-4703-93b9-4994f544fee0 2.339s
2025-04-03 19:02:41.640 71392 INFO tempest.lib.common.rest_client [req-05329660-bd1d-4634-8626-98855e36f473 req-05329660-bd1d-4634-8626-98855e36f473 ] Request (ImagesDeleteNegativeTestJSON:test_delete_image_negative_image_id): 404 DELETE http://10.180.1.21/compute/v2.1/images/-1 2.224s
2025-04-03 19:02:41.646 71360 INFO tempest.lib.common.rest_client [req-e5d9baaa-fc30-4296-8e0a-fd475ec4161a req-e5d9baaa-fc30-4296-8e0a-fd475ec4161a ] Request (FloatingIPsNegativeTestJSON:setUpClass): 201 POST http://10.180.1.21/identity/v3/projects 0.038s
2025-04-03 19:02:41.671 71414 INFO tempest.lib.common.rest_client [req-a3ba35a9-b0e3-4808-9443-d2dc7c13ac82 req-a3ba35a9-b0e3-4808-9443-d2dc7c13ac82 ] Request (AggregatesAdminNegativeTestJSON:_run_cleanups): 200 DELETE http://10.180.1.21/compute/v2.1/os-aggregates/3 2.166s
2025-04-03 19:02:41.678 71356 INFO tempest.lib.common.rest_client [req-53946b7c-ce6d-4391-a2a0-cc72df0f3051 req-53946b7c-ce6d-4391-a2a0-cc72df0f3051 ] Request (ValidationResourcesFixture:setUp): 201 POST http://10.180.1.21:9696/networking/v2.0/floatingips 1.229s
2025-04-03 19:02:41.700 71376 INFO tempest.lib.common.rest_client [req-d8fde4a2-caae-4f8e-8532-b0675b344461 req-d8fde4a2-caae-4f8e-8532-b0675b344461 ] Request (ServerDiskConfigTestJSON:setUpClass): 201 POST http://10.180.1.21:9696/networking/v2.0/networks 0.543s
2025-04-03 19:02:41.750 71360 INFO tempest.lib.common.rest_client [req-a3dd8052-f457-428c-930c-84bf94ac1b56 req-a3dd8052-f457-428c-930c-84bf94ac1b56 ] Request (FloatingIPsNegativeTestJSON:setUpClass): 201 POST http://10.180.1.21/identity/v3/users 0.103s
2025-04-03 19:02:41.796 71354 INFO tempest.lib.common.rest_client [req-11d7329c-21ad-421c-9f68-122de94eef55 req-11d7329c-21ad-421c-9f68-122de94eef55 ] Request (SecurityGroupRulesTestJSON:test_security_group_rules_create): 200 POST http://10.180.1.21/compute/v2.1/os-security-groups 3.489s
2025-04-03 19:02:41.805 71360 INFO tempest.lib.common.rest_client [req-0fd38999-28e6-44ec-82f3-9e235f374269 req-0fd38999-28e6-44ec-82f3-9e235f374269 ] Request (FloatingIPsNegativeTestJSON:setUpClass): 200 GET http://10.180.1.21/identity/v3/roles 0.053s
2025-04-03 19:02:41.835 71356 INFO tempest.lib.common.rest_client [req-3cdbce54-f65a-4d08-9cb0-b7eba86c672c req-3cdbce54-f65a-4d08-9cb0-b7eba86c672c ] Request (ServersWithSpecificFlavorTestJSON:test_verify_created_server_ephemeral_disk): 201 POST http://10.180.1.21/identity/v3/auth/tokens 0.151s
2025-04-03 19:02:41.835 71356 INFO tempest.lib.common.fixed_network [-] (ServersWithSpecificFlavorTestJSON:test_verify_created_server_ephemeral_disk) Found network {'id': 'dab49352-4ddd-4bce-a32f-5861f9d7ce0e', 'name': 'tempest-ServersWithSpecificFlavorTestJSON-268618360-network', 'tenant_id': '31605a7ad42e4f2287c1620f2083cd36', 'admin_state_up': True, 'mtu': 8950, 'status': 'ACTIVE', 'subnets': [], 'shared': False, 'project_id': '31605a7ad42e4f2287c1620f2083cd36', 'port_security_enabled': True, 'router:external': False, 'provider:network_type': 'vlan', 'provider:physical_network': 'default', 'provider:segmentation_id': 246, 'availability_zone_hints': [], 'availability_zones': [], 'ipv4_address_scope': None, 'ipv6_address_scope': None, 'description': '', 'tags': [], 'created_at': '2025-04-03T19:02:16Z', 'updated_at': '2025-04-03T19:02:16Z', 'revision_number': 1} available for tenant
2025-04-03 19:02:41.865 71360 INFO tempest.lib.common.rest_client [req-9cebc7af-6d9a-4cdf-81c8-c6b11387566f req-9cebc7af-6d9a-4cdf-81c8-c6b11387566f ] Request (FloatingIPsNegativeTestJSON:setUpClass): 204 PUT http://10.180.1.21/identity/v3/projects/c5417eb82c1a4c99b50585a33e3c55b1/users/ee241ddebc5143648d3fc8208f2100e1/roles/8183cca0cb594307afe3bb488291649b 0.060s
2025-04-03 19:02:41.866 71360 INFO tempest.lib.common.dynamic_creds [-] Dynamic test user ee241ddebc5143648d3fc8208f2100e1 is created with scope project and roles: ['member']
2025-04-03 19:02:41.866 71360 INFO tempest.lib.common.dynamic_creds [-] Acquired dynamic creds: credentials: Credentials: {'domain_id': 'default', 'domain_name': 'Default', 'username': 'tempest-FloatingIPsNegativeTestJSON-1626165733-project-member', 'project_domain_id': 'default', 'project_domain_name': 'Default', 'project_id': 'c5417eb82c1a4c99b50585a33e3c55b1', 'project_name': 'tempest-FloatingIPsNegativeTestJSON-1626165733', 'tenant_id': 'c5417eb82c1a4c99b50585a33e3c55b1', 'tenant_name': 'tempest-FloatingIPsNegativeTestJSON-1626165733', 'user_domain_id': 'default', 'user_domain_name': 'Default', 'user_id': 'ee241ddebc5143648d3fc8208f2100e1', 'system': None}, Network: None, Subnet: None, Router: None
2025-04-03 19:02:41.878 71410 INFO tempest.lib.common.rest_client [req-6885c233-58f2-4aed-9688-ff705e3ef0b9 req-6885c233-58f2-4aed-9688-ff705e3ef0b9 ] Request (FlavorsAccessNegativeTestJSON:test_flavor_non_admin_add): 403 POST http://10.180.1.21/compute/v2.1/flavors/1196918839/action 2.197s
2025-04-03 19:02:41.930 71360 INFO tempest.lib.common.rest_client [req-5d1a3084-147c-4d1d-b02e-4c0f0fb0988d req-5d1a3084-147c-4d1d-b02e-4c0f0fb0988d ] Request (FloatingIPsNegativeTestJSON:setUpClass): 201 POST http://10.180.1.21/identity/v3/auth/tokens 0.064s
2025-04-03 19:02:42.047 71378 INFO tempest.lib.common.rest_client [req-0a262e43-e8ca-4b7d-bd30-7cba50fcfc36 req-0a262e43-e8ca-4b7d-bd30-7cba50fcfc36 ] Request (DeleteServersAdminTestJSON:test_admin_delete_servers_of_others): 200 GET http://10.180.1.21/compute/v2.1/servers/76845f8c-e70a-4f92-a3ba-dc7c2c5127ad 2.313s
2025-04-03 19:02:42.198 71389 INFO tempest.lib.common.rest_client [req-b94929f3-94b8-486c-b20d-30a61d0dbbdd req-b94929f3-94b8-486c-b20d-30a61d0dbbdd ] Request (ServerExternalEventsTest:test_create_server_external_events): 202 POST http://10.180.1.21/compute/v2.1/servers 2.524s
2025-04-03 19:02:42.297 71396 INFO tempest.lib.common.rest_client [req-f533044a-26ee-4ae5-adc2-b4f284de17b4 req-f533044a-26ee-4ae5-adc2-b4f284de17b4 ] Request (ServersV294TestFqdnHostnames:setUpClass): 200 GET http://10.180.1.21/compute/v2.1/servers/50acee33-d8c1-42f4-a873-fc34c60d9b8c 2.229s
2025-04-03 19:02:42.300 71376 INFO tempest.lib.common.rest_client [req-bf0ae9ac-b2e3-48db-a89f-1fea0d2822c7 req-bf0ae9ac-b2e3-48db-a89f-1fea0d2822c7 ] Request (ServerDiskConfigTestJSON:setUpClass): 201 POST http://10.180.1.21:9696/networking/v2.0/subnets 0.599s
2025-04-03 19:02:42.312 71372 INFO tempest.lib.common.rest_client [req-cb93f768-b3b9-4492-a968-d6ffd83a75e4 req-cb93f768-b3b9-4492-a968-d6ffd83a75e4 ] Request (ServersAdminNegativeTestJSON:setUpClass): 200 GET http://10.180.1.21/compute/v2.1/servers/92011c0d-65c5-43e3-a9c4-3fa1c46d3727 2.186s
2025-04-03 19:02:42.406 71408 INFO tempest.lib.common.rest_client [req-37ddc495-aab3-46de-8997-273b52c7146e req-37ddc495-aab3-46de-8997-273b52c7146e ] Request (ServerDiagnosticsV248Test:test_get_server_diagnostics): 200 GET http://10.180.1.21/compute/v2.1/servers/8b430097-236d-4d69-847c-1129653c46d7 1.991s
2025-04-03 19:02:42.420 71408 INFO tempest.common.waiters [-] State transition "BUILD/spawning" ==> "ACTIVE/None" after 17 second wait
2025-04-03 19:02:42.676 71406 INFO tempest.lib.common.rest_client [req-bc33d6e5-9104-4348-ace9-71e3e00b72a0 req-bc33d6e5-9104-4348-ace9-71e3e00b72a0 ] Request (ServersTestFqdnHostnames:test_create_server_with_fqdn_name): 200 GET http://10.180.1.21/compute/v2.1/servers/5886f11a-d2d5-459e-82ca-7e718cf28b19 1.904s
2025-04-03 19:02:42.818 71412 INFO tempest.lib.common.rest_client [req-55a0adf8-0676-4fb5-b308-047831e09110 req-55a0adf8-0676-4fb5-b308-047831e09110 ] Request (SecurityGroupRulesNegativeTestJSON:test_create_security_group_rule_with_invalid_to_port): 200 POST http://10.180.1.21/compute/v2.1/os-security-groups 2.099s
2025-04-03 19:02:42.843 71360 INFO tempest.lib.common.rest_client [req-7473a7dd-9c97-4309-b613-d4176d28982b req-7473a7dd-9c97-4309-b613-d4176d28982b ] Request (FloatingIPsNegativeTestJSON:setUpClass): 201 POST http://10.180.1.21:9696/networking/v2.0/networks 0.912s
2025-04-03 19:02:42.911 71404 INFO tempest.lib.common.rest_client [req-09599301-fe13-4c30-92ec-7d6712b881bc req-09599301-fe13-4c30-92ec-7d6712b881bc ] Request (ServersAdmin275Test:test_rebuild_update_server_275): 200 GET http://10.180.1.21/compute/v2.1/servers/524f9d7c-3a51-4570-bad1-4b4a2e51c639 1.985s
2025-04-03 19:02:42.922 71404 INFO tempest.common.waiters [-] State transition "BUILD/spawning" ==> "ACTIVE/None" after 16 second wait
2025-04-03 19:02:42.925 71386 INFO tempest.lib.common.rest_client [req-017bb88f-f23b-4e14-8d5a-72ed3caa3508 req-017bb88f-f23b-4e14-8d5a-72ed3caa3508 ] Request (QuotaClassesAdmin257Test:test_update_default_quotas): 200 GET http://10.180.1.21/compute/v2.1/os-quota-class-sets/default 1.979s
2025-04-03 19:02:42.932 71374 INFO tempest.lib.common.rest_client [req-30fd0d05-8b06-4687-ae17-f71d0f9cdff4 req-30fd0d05-8b06-4687-ae17-f71d0f9cdff4 ] Request (HostsAdminNegativeTestJSON:test_update_host_with_non_admin_user): 403 PUT http://10.180.1.21/compute/v2.1/os-hosts/devstack 1.983s
2025-04-03 19:02:42.956 71394 INFO tempest.lib.common.rest_client [req-7f504419-884c-4263-a91c-b20808aa489d req-7f504419-884c-4263-a91c-b20808aa489d ] Request (FlavorsAdminTestJSON:_run_cleanups): 200 GET http://10.180.1.21/compute/v2.1/flavors/detail 1.987s
2025-04-03 19:02:43.026 71362 INFO tempest.lib.common.rest_client [req-61e9e1c0-6b58-49ac-9351-a5827ecece17 req-61e9e1c0-6b58-49ac-9351-a5827ecece17 ] Request (ServersTestManualDisk:setUpClass): 200 GET http://10.180.1.21/compute/v2.1/servers/beed49de-6836-46f8-a6f0-c6fa330eafc3 2.031s
2025-04-03 19:02:43.043 71358 INFO tempest.lib.common.rest_client [req-0e19286d-b7b0-4fb7-92c8-eb31dbef0d23 req-0e19286d-b7b0-4fb7-92c8-eb31dbef0d23 ] Request (ServersAdminTestJSON:setUpClass): 201 POST http://10.180.1.21:9696/networking/v2.0/routers 1.831s
2025-04-03 19:02:43.228 71402 INFO tempest.lib.common.rest_client [req-cb716623-e9d9-44c0-80ed-972891cd872c req-cb716623-e9d9-44c0-80ed-972891cd872c ] Request (FloatingIPDetailsTestJSON:setUpClass): 201 POST http://10.180.1.21:9696/networking/v2.0/routers 1.929s
2025-04-03 19:02:43.285 71364 INFO tempest.lib.common.rest_client [req-4bf7dd92-c6f2-4e97-9261-959a71860d06 req-4bf7dd92-c6f2-4e97-9261-959a71860d06 ] Request (ImagesTestJSON:test_create_image_from_stopped_server): 200 GET http://10.180.1.21/compute/v2.1/servers/64df4dbf-7231-4fed-85d7-241dd9257df8 2.134s
2025-04-03 19:02:43.294 71364 INFO tempest.common.waiters [-] State transition "BUILD/None" ==> "BUILD/spawning" after 12 second wait
2025-04-03 19:02:43.303 71360 INFO tempest.lib.common.rest_client [req-57736755-02f8-4084-b864-c4fb943e8f3e req-57736755-02f8-4084-b864-c4fb943e8f3e ] Request (FloatingIPsNegativeTestJSON:setUpClass): 201 POST http://10.180.1.21:9696/networking/v2.0/subnets 0.458s
2025-04-03 19:02:43.348 71366 INFO tempest.lib.common.rest_client [req-24d8f1f1-9181-4c99-a175-b399ee45514b req-24d8f1f1-9181-4c99-a175-b399ee45514b ] Request (InstanceActionsTestJSON:test_get_instance_action): 200 GET http://10.180.1.21/compute/v2.1/servers/2d27d490-abcb-4459-b039-e045378f97d6/os-instance-actions/req-8ddb6a0d-a48f-41e0-907b-7b1ccd155b23 2.144s
2025-04-03 19:02:43.388 71400 INFO tempest.lib.common.rest_client [req-3fb856e2-7165-47c8-a18c-eaf4a95b4831 req-3fb856e2-7165-47c8-a18c-eaf4a95b4831 ] Request (ImagesMetadataTestJSON:test_set_image_metadata): 200 GET http://10.180.1.21/compute/v2.1/images/7911013a-70f8-4af7-af79-4191d043700c/metadata 2.050s
2025-04-03 19:02:43.489 71384 INFO tempest.lib.common.rest_client [req-47f24463-2f13-4cd1-b36c-8aa63a8db5da req-47f24463-2f13-4cd1-b36c-8aa63a8db5da ] Request (QuotasAdminNegativeTest:test_create_server_when_instances_quota_is_full): 200 GET http://10.180.1.21/compute/v2.1/os-quota-sets/a750c43c03b0409fb5e374116f3d8ed8 1.945s
2025-04-03 19:02:43.518 71392 INFO tempest.lib.common.rest_client [req-2cfc740b-3011-460e-9c53-2f2077dfd48f req-2cfc740b-3011-460e-9c53-2f2077dfd48f ] Request (ImagesDeleteNegativeTestJSON:test_delete_image_non_hex_string_id): 404 DELETE http://10.180.1.21/compute/v2.1/images/75870a07-bab1-44c1-a692-36906ea17ccj 1.877s
2025-04-03 19:02:43.592 71390 INFO tempest.lib.common.rest_client [req-780466ab-7b4a-42ec-841c-242af094e701 req-780466ab-7b4a-42ec-841c-242af094e701 ] Request (ServerRescueTestJSON:setUpClass): 202 POST http://10.180.1.21/compute/v2.1/servers 2.712s
2025-04-03 19:02:43.601 71414 INFO tempest.lib.common.rest_client [req-d3643ad1-b1e6-477d-a7f4-c2a39f40829f req-d3643ad1-b1e6-477d-a7f4-c2a39f40829f ] Request (AggregatesAdminNegativeTestJSON:test_aggregate_create_aggregate_name_length_exceeds_255): 400 POST http://10.180.1.21/compute/v2.1/os-aggregates 1.929s
2025-04-03 19:02:43.714 71370 INFO tempest.lib.common.rest_client [req-2dddccad-b1d0-48ad-87a1-c32a4ac5feb4 req-2dddccad-b1d0-48ad-87a1-c32a4ac5feb4 ] Request (SecurityGroupsTestJSON:test_list_security_groups_by_server): 200 GET http://10.180.1.21/compute/v2.1/servers/bbe9db38-468a-4c7d-8140-716ec900380d 2.065s
