2025-04-03 19:03:37.706 71394 INFO tempest.lib.common.rest_client [req-abd0f162-473e-461a-b5d4-780efbece54a req-abd0f162-473e-461a-b5d4-780efbece54a ] Request (KeyPairsV2TestJSON:setUpClass): 201 POST http://10.180.1.21/identity/v3/auth/tokens 0.067s
2025-04-03 19:03:37.754 71394 INFO tempest.lib.common.rest_client [req-a45364f3-7202-4479-b71f-543578a055de req-a45364f3-7202-4479-b71f-543578a055de ] Request (KeyPairsV2TestJSON:setUpClass): 201 POST http://10.180.1.21/identity/v3/auth/tokens 0.042s
2025-04-03 19:03:37.764 71416 INFO tempest.lib.common.rest_client [req-62c90059-80a9-435e-b687-53bac3b089f9 req-62c90059-80a9-435e-b687-53bac3b089f9 ] Request (InstanceActionsNegativeTestJSON:setUpClass): 200 GET http://10.180.1.21/compute/v2.1/servers/251b39b1-ca0b-42d9-ac88-3bbd6aa864a2 0.269s
2025-04-03 19:03:37.784 71408 INFO tempest.lib.common.rest_client [req-d6c0bbc3-f62b-45b1-88a8-14986cdec238 req-d6c0bbc3-f62b-45b1-88a8-14986cdec238 ] Request (KeyPairsNegativeTestJSON:test_create_keypair_with_duplicate_name): 202 DELETE http://10.180.1.21/compute/v2.1/os-keypairs/tempest-keypair-1074243848 0.244s
2025-04-03 19:03:37.788 71394 INFO tempest.lib.common.rest_client [req-83dc57bb-bba6-4c86-a8c2-7f89e17c0e00 req-83dc57bb-bba6-4c86-a8c2-7f89e17c0e00 ] Request (KeyPairsV2TestJSON:setUpClass): 200 GET http://10.180.1.21/identity/v3/domains?name=Default 0.033s
2025-04-03 19:03:37.824 71394 INFO tempest.lib.common.rest_client [req-b9c6e5ee-1912-4919-9303-534a903dec27 req-b9c6e5ee-1912-4919-9303-534a903dec27 ] Request (KeyPairsV2TestJSON:setUpClass): 201 POST http://10.180.1.21/identity/v3/projects 0.036s
2025-04-03 19:03:37.859 71389 INFO tempest.lib.common.rest_client [req-078917fe-b1ac-4391-aeb3-7f7daecd4964 req-078917fe-b1ac-4391-aeb3-7f7daecd4964 ] Request (ServerExternalEventsTest:tearDownClass): 200 GET http://10.180.1.21/compute/v2.1/servers/3f60e673-e519-4511-8f17-553bd328c435 0.308s
2025-04-03 19:03:37.900 71394 INFO tempest.lib.common.rest_client [req-abab8c69-bb5a-4032-ac70-8cb8b672781a req-abab8c69-bb5a-4032-ac70-8cb8b672781a ] Request (KeyPairsV2TestJSON:setUpClass): 201 POST http://10.180.1.21/identity/v3/users 0.075s
2025-04-03 19:03:37.927 71394 INFO tempest.lib.common.rest_client [req-e162cc64-fbe8-4aee-908a-55fa6639785c req-e162cc64-fbe8-4aee-908a-55fa6639785c ] Request (KeyPairsV2TestJSON:setUpClass): 200 GET http://10.180.1.21/identity/v3/roles 0.026s
2025-04-03 19:03:37.958 71394 INFO tempest.lib.common.rest_client [req-a7a3d1ec-12af-45af-8f89-8645a20f4910 req-a7a3d1ec-12af-45af-8f89-8645a20f4910 ] Request (KeyPairsV2TestJSON:setUpClass): 204 PUT http://10.180.1.21/identity/v3/projects/9c8f3b4f5eb346418734172058c177d8/users/907e8686dda748caa91423e2a4fa4f1f/roles/8183cca0cb594307afe3bb488291649b 0.030s
2025-04-03 19:03:37.958 71394 INFO tempest.lib.common.dynamic_creds [-] Dynamic test user 907e8686dda748caa91423e2a4fa4f1f is created with scope project and roles: ['member']
2025-04-03 19:03:37.958 71394 INFO tempest.lib.common.dynamic_creds [-] Acquired dynamic creds: credentials: Credentials: {'domain_id': 'default', 'domain_name': 'Default', 'username': 'tempest-KeyPairsV2TestJSON-176094669-project-member', 'project_domain_id': 'default', 'project_domain_name': 'Default', 'project_id': '9c8f3b4f5eb346418734172058c177d8', 'project_name': 'tempest-KeyPairsV2TestJSON-176094669', 'tenant_id': '9c8f3b4f5eb346418734172058c177d8', 'tenant_name': 'tempest-KeyPairsV2TestJSON-176094669', 'user_domain_id': 'default', 'user_domain_name': 'Default', 'user_id': '907e8686dda748caa91423e2a4fa4f1f', 'system': None}, Network: None, Subnet: None, Router: None
2025-04-03 19:03:37.958 71394 INFO tempest.lib.common.dynamic_creds [-] Created isolated network resources for: credentials: Credentials: {'domain_id': 'default', 'domain_name': 'Default', 'username': 'tempest-KeyPairsV2TestJSON-176094669-project-member', 'project_domain_id': 'default', 'project_domain_name': 'Default', 'project_id': '9c8f3b4f5eb346418734172058c177d8', 'project_name': 'tempest-KeyPairsV2TestJSON-176094669', 'tenant_id': '9c8f3b4f5eb346418734172058c177d8', 'tenant_name': 'tempest-KeyPairsV2TestJSON-176094669', 'user_domain_id': 'default', 'user_domain_name': 'Default', 'user_id': '907e8686dda748caa91423e2a4fa4f1f', 'system': None}, Network: None, Subnet: None, Router: None
2025-04-03 19:03:37.973 71402 INFO tempest.lib.common.rest_client [req-2e06b178-d465-468f-8c84-91cc1f9b69c3 req-2e06b178-d465-468f-8c84-91cc1f9b69c3 ] Request (ServerShowV257Test:test_rebuild_server): 200 GET http://10.180.1.21/compute/v2.1/servers/dd1c3bef-07d4-4475-94e1-d49a3927e990 0.462s
2025-04-03 19:03:38.025 71400 INFO tempest.lib.common.rest_client [req-6d5af021-375d-4381-ba0c-79426e61fd3d req-6d5af021-375d-4381-ba0c-79426e61fd3d ] Request (InstanceActionsV221TestJSON:test_get_list_deleted_instance_actions): 200 GET http://10.180.1.21/compute/v2.1/servers/d114d86b-843c-4928-b251-5747b5d6b5ec 0.441s
2025-04-03 19:03:38.032 71394 INFO tempest.lib.common.rest_client [req-2438b252-255d-43a5-b181-371c697b9e8f req-2438b252-255d-43a5-b181-371c697b9e8f ] Request (KeyPairsV2TestJSON:setUpClass): 201 POST http://10.180.1.21/identity/v3/auth/tokens 0.067s
2025-04-03 19:03:38.163 71376 INFO tempest.lib.common.rest_client [req-f86af892-faf9-4877-bbe6-71244a7a1259 req-f86af892-faf9-4877-bbe6-71244a7a1259 ] Request (ServerDiskConfigTestJSON:test_rebuild_server_with_auto_disk_config): 200 GET http://10.180.1.21/compute/v2.1/servers/93b88cc5-9900-4fd3-bd5c-8e45ccb1008e 0.516s
2025-04-03 19:03:38.218 71366 INFO tempest.lib.common.rest_client [req-5e8814a2-f419-485a-9408-f829bf113497 req-5e8814a2-f419-485a-9408-f829bf113497 ] Request (ServerActionsTestJSON:setUpClass): 202 POST http://10.180.1.21/compute/v2.1/servers 0.661s
2025-04-03 19:03:38.227 71408 INFO tempest.lib.common.rest_client [req-3017070e-695c-47b0-9531-805f2cb0509d req-3017070e-695c-47b0-9531-805f2cb0509d ] Request (KeyPairsNegativeTestJSON:test_create_keypair_with_empty_name_string): 400 POST http://10.180.1.21/compute/v2.1/os-keypairs 0.441s
2025-04-03 19:03:38.281 71372 INFO tempest.lib.common.rest_client [req-353115f5-6806-4300-a0fd-1aadab0a532e req-353115f5-6806-4300-a0fd-1aadab0a532e ] Request (ServersAdminNegativeTestJSON:test_migrate_server_invalid_state): 200 GET http://10.180.1.21/compute/v2.1/servers/a8f66b3f-61ac-45aa-ae7b-70d1bca99e24 0.525s
2025-04-03 19:03:38.289 71372 INFO tempest.common.waiters [-] State transition "BUILD/networking" ==> "BUILD/spawning" after 32 second wait
2025-04-03 19:03:38.320 71398 INFO tempest.lib.common.rest_client [req-3711447a-2c8a-46b5-b9d4-82674f7edf67 req-3711447a-2c8a-46b5-b9d4-82674f7edf67 ] Request (MigrationsAdminTest:test_list_migrations_in_flavor_resize_situation): 200 GET http://10.180.1.21/compute/v2.1/servers/234bae3a-7868-453f-9072-24eb855d57ed 0.510s
2025-04-03 19:03:38.349 71360 INFO tempest.lib.common.rest_client [req-3efd3c7b-69ec-47ed-979b-facc7228c4b6 req-3efd3c7b-69ec-47ed-979b-facc7228c4b6 ] Request (ImagesOneServerTestJSON:setUpClass): 200 GET http://10.180.1.21/compute/v2.1/servers/8a655321-9dcf-41f1-820b-2d44039e289b 0.516s
2025-04-03 19:03:38.373 71410 INFO tempest.lib.common.rest_client [req-087711b8-12b4-4292-a72a-5fe5c565df74 req-087711b8-12b4-4292-a72a-5fe5c565df74 ] Request (AttachInterfacesV270Test:test_create_get_list_interfaces): 200 GET http://10.180.1.21/compute/v2.1/servers/573db876-a240-4289-a666-e2ad13f83b0d 0.420s
2025-04-03 19:03:38.383 71410 INFO tempest.common.waiters [-] State transition "BUILD/scheduling" ==> "BUILD/None" after 17 second wait
2025-04-03 19:03:38.396 71406 WARNING tempest.lib.common.ssh [-] Failed to establish authenticated ssh connection to cirros@10.180.180.168 ([Errno None] Unable to connect to port 22 on 10.180.180.168). Number attempts: 6. Retry after 7 seconds.: paramiko.ssh_exception.NoValidConnectionsError: [Errno None] Unable to connect to port 22 on 10.180.180.168
2025-04-03 19:03:38.441 71378 INFO tempest.lib.common.rest_client [req-f3d92431-8f90-473e-bc1f-f060215ff0c9 req-f3d92431-8f90-473e-bc1f-f060215ff0c9 ] Request (DeleteServersAdminTestJSON:test_delete_server_while_in_error_state): 200 GET http://10.180.1.21/compute/v2.1/servers/03afbe12-b1c9-4613-b434-03c93336c95a 0.396s
2025-04-03 19:03:38.460 71394 INFO tempest.lib.common.rest_client [req-a326eeae-fd28-4bdf-bd4a-4483e1a084c0 req-a326eeae-fd28-4bdf-bd4a-4483e1a084c0 ] Request (KeyPairsV2TestJSON:test_get_keypair_detail): 200 POST http://10.180.1.21/compute/v2.1/os-keypairs 0.424s
2025-04-03 19:03:38.514 71404 INFO tempest.lib.common.rest_client [req-3e13c1a4-7a3f-4d0c-9425-355b1f8dc97e req-3e13c1a4-7a3f-4d0c-9425-355b1f8dc97e ] Request (ServersAdmin275Test:tearDownClass): 200 GET http://10.180.1.21/compute/v2.1/servers/524f9d7c-3a51-4570-bad1-4b4a2e51c639 0.367s
2025-04-03 19:03:38.525 71366 INFO tempest.lib.common.rest_client [req-a21e7f72-3ba6-4105-a0ea-deb8b7a6d4d3 req-a21e7f72-3ba6-4105-a0ea-deb8b7a6d4d3 ] Request (ServerActionsTestJSON:setUpClass): 200 GET http://10.180.1.21/compute/v2.1/servers/58c5506b-a2a4-475c-aa80-27b9732234d0 0.305s
2025-04-03 19:03:38.546 71408 INFO tempest.lib.common.rest_client [req-35229ffa-e251-40ff-93f3-ec5fe7a3be34 req-35229ffa-e251-40ff-93f3-ec5fe7a3be34 ] Request (KeyPairsNegativeTestJSON:test_create_keypair_with_empty_public_key): 400 POST http://10.180.1.21/compute/v2.1/os-keypairs 0.318s
2025-04-03 19:03:38.582 71354 INFO tempest.lib.common.rest_client [req-369a796f-ea4a-48b1-be59-237b6b4fca03 req-369a796f-ea4a-48b1-be59-237b6b4fca03 ] Request (ServerMetadataTestJSON:setUpClass): 200 GET http://10.180.1.21/compute/v2.1/servers/d3c5ee07-a0e5-47eb-8c79-786699338629 0.312s
2025-04-03 19:03:38.635 71386 INFO tempest.lib.common.rest_client [req-77f0fbad-a058-4e84-977a-b03b626706f7 req-77f0fbad-a058-4e84-977a-b03b626706f7 ] Request (ServerAddressesNegativeTestJSON:setUpClass): 200 GET http://10.180.1.21/compute/v2.1/servers/d30222bd-1fc5-4c3a-9801-f5e7bf9e75b6 0.196s
2025-04-03 19:03:38.641 71390 INFO tempest.lib.common.rest_client [req-b3bc5934-b396-486d-832d-dfea9f57e2e4 req-b3bc5934-b396-486d-832d-dfea9f57e2e4 ] Request (ServerRescueTestJSON:setUpClass): 200 GET http://10.180.1.21/compute/v2.1/servers/e43cd3ed-5a0e-4d1d-9177-9879a05db58f 0.291s
2025-04-03 19:03:38.644 71394 INFO tempest.lib.common.rest_client [req-f63e1730-e0b0-45c0-be9e-830802c483d6 req-f63e1730-e0b0-45c0-be9e-830802c483d6 ] Request (KeyPairsV2TestJSON:test_get_keypair_detail): 200 GET http://10.180.1.21/compute/v2.1/os-keypairs/tempest-keypair-123055179 0.182s
2025-04-03 19:03:38.698 71370 INFO tempest.lib.common.rest_client [req-19ce5b0e-083a-42b7-a584-0b222df7ea0b req-19ce5b0e-083a-42b7-a584-0b222df7ea0b ] Request (SecurityGroupsTestJSON:test_server_security_groups): 200 GET http://10.180.1.21/compute/v2.1/servers/43473e6e-fd19-4826-98ef-8c66275f997a 0.199s
2025-04-03 19:03:38.705 71408 INFO tempest.lib.common.rest_client [req-ada942bd-2557-4902-bba2-e6e1440c2d65 req-ada942bd-2557-4902-bba2-e6e1440c2d65 ] Request (KeyPairsNegativeTestJSON:test_create_keypair_with_long_keynames): 400 POST http://10.180.1.21/compute/v2.1/os-keypairs 0.157s
2025-04-03 19:03:38.728 71414 INFO tempest.lib.common.rest_client [req-ee02752a-0e41-4c58-82dc-da619626fc21 req-ee02752a-0e41-4c58-82dc-da619626fc21 ] Request (ServerAddressesTestJSON:setUpClass): 201 POST http://10.180.1.21:9696/networking/v2.0/routers 1.090s
2025-04-03 19:03:38.791 71358 INFO tempest.lib.common.rest_client [req-ab085caf-cb44-4a9c-a718-e6874b006775 req-ab085caf-cb44-4a9c-a718-e6874b006775 ] Request (ServersAdminTestJSON:setUpClass): 200 GET http://10.180.1.21/compute/v2.1/servers/926f7d25-80c5-408e-b2b5-0544d36305f2 0.293s
2025-04-03 19:03:38.876 71374 INFO tempest.lib.common.rest_client [req-c55c0431-e58e-45e0-a764-c16ace2d2107 req-c55c0431-e58e-45e0-a764-c16ace2d2107 ] Request (ServerDiagnosticsNegativeTest:test_get_server_diagnostics_by_non_admin): 200 GET http://10.180.1.21/compute/v2.1/servers/c7f229c2-eab7-4906-8e1f-8cfefd4ac060 0.251s
2025-04-03 19:03:38.899 71394 INFO tempest.lib.common.rest_client [req-43419cc9-f785-44e7-bc61-19913903e6b8 req-43419cc9-f785-44e7-bc61-19913903e6b8 ] Request (KeyPairsV2TestJSON:_run_cleanups): 202 DELETE http://10.180.1.21/compute/v2.1/os-keypairs/tempest-keypair-123055179 0.253s
2025-04-03 19:03:38.954 71364 INFO tempest.lib.common.rest_client [req-b498366c-da31-454e-a3ac-7e23388d6228 req-b498366c-da31-454e-a3ac-7e23388d6228 ] Request (ImagesTestJSON:test_create_image_from_suspended_server): 200 GET http://10.180.1.21/compute/v2.1/servers/227ce655-b7d4-484c-85f6-40f014412044 0.251s
2025-04-03 19:03:38.987 71408 INFO tempest.lib.common.rest_client [req-2dca96c6-8128-4a48-b729-aba301fc118a req-2dca96c6-8128-4a48-b729-aba301fc118a ] Request (KeyPairsNegativeTestJSON:test_keypair_create_with_invalid_pub_key): 400 POST http://10.180.1.21/compute/v2.1/os-keypairs 0.281s
2025-04-03 19:03:39.055 71382 INFO tempest.lib.common.rest_client [req-d69721c4-cd6f-439b-8817-0e1aafa08d52 req-d69721c4-cd6f-439b-8817-0e1aafa08d52 ] Request (ServerDiagnosticsTest:tearDownClass): 200 GET http://10.180.1.21/compute/v2.1/servers/ebc8a1c8-1686-4703-93b9-4994f544fee0 0.346s
2025-04-03 19:03:39.090 71384 INFO tempest.lib.common.rest_client [req-b09304a7-b4af-4c12-b179-bacd73ebb588 req-b09304a7-b4af-4c12-b179-bacd73ebb588 ] Request (ImagesOneServerNegativeTestJSON:setUpClass): 200 GET http://10.180.1.21/compute/v2.1/servers/3f635fb7-bd5d-4dbf-b1a6-a1b75c1a456b 0.452s
2025-04-03 19:03:39.113 71416 INFO tempest.lib.common.rest_client [req-08c0e422-fcf0-41f8-9fea-4a8b6c5aa858 req-08c0e422-fcf0-41f8-9fea-4a8b6c5aa858 ] Request (InstanceActionsNegativeTestJSON:setUpClass): 200 GET http://10.180.1.21/compute/v2.1/servers/251b39b1-ca0b-42d9-ac88-3bbd6aa864a2 0.337s
2025-04-03 19:03:39.148 71394 INFO tempest.lib.common.rest_client [req-240769b0-6feb-459f-8766-0ef2de910771 req-240769b0-6feb-459f-8766-0ef2de910771 ] Request (KeyPairsV2TestJSON:test_keypair_create_delete): 200 POST http://10.180.1.21/compute/v2.1/os-keypairs 0.248s
2025-04-03 19:03:39.177 71389 INFO tempest.lib.common.rest_client [req-3434a386-f4af-4293-8b2a-8f1bf8df2351 req-3434a386-f4af-4293-8b2a-8f1bf8df2351 ] Request (ServerExternalEventsTest:tearDownClass): 200 GET http://10.180.1.21/compute/v2.1/servers/3f60e673-e519-4511-8f17-553bd328c435 0.307s
2025-04-03 19:03:39.193 71408 INFO tempest.lib.common.rest_client [req-d89a35bb-2b62-4cb7-ae6c-6c434780aa22 req-d89a35bb-2b62-4cb7-ae6c-6c434780aa22 ] Request (KeyPairsNegativeTestJSON:test_keypair_delete_nonexistent_key): 404 DELETE http://10.180.1.21/compute/v2.1/os-keypairs/tempest-keypair-non-existent-1718286915 0.205s
2025-04-03 19:03:39.216 71402 INFO tempest.lib.common.rest_client [req-ab8fbb38-d8de-4f8a-a9ba-c078427ef145 req-ab8fbb38-d8de-4f8a-a9ba-c078427ef145 ] Request (ServerShowV257Test:test_rebuild_server): 200 GET http://10.180.1.21/compute/v2.1/servers/dd1c3bef-07d4-4475-94e1-d49a3927e990 0.232s
2025-04-03 19:03:39.243 71394 INFO tempest.lib.common.rest_client [req-16ddcdc1-445e-4ad8-9676-8b6f4ef7f994 req-16ddcdc1-445e-4ad8-9676-8b6f4ef7f994 ] Request (KeyPairsV2TestJSON:_run_cleanups): 202 DELETE http://10.180.1.21/compute/v2.1/os-keypairs/tempest-keypair-1754275741 0.093s
2025-04-03 19:03:39.252 71400 INFO tempest.lib.common.rest_client [req-82818f8b-a425-4df8-835f-a0e0333eb9ba req-82818f8b-a425-4df8-835f-a0e0333eb9ba ] Request (InstanceActionsV221TestJSON:test_get_list_deleted_instance_actions): 200 GET http://10.180.1.21/compute/v2.1/servers/d114d86b-843c-4928-b251-5747b5d6b5ec 0.217s
2025-04-03 19:03:39.284 71394 INFO tempest.lib.common.rest_client [req-e2e79686-0558-4307-b369-06c0e7a8550e req-e2e79686-0558-4307-b369-06c0e7a8550e ] Request (KeyPairsV2TestJSON:test_keypair_create_with_pub_key): 200 POST http://10.180.1.21/compute/v2.1/os-keypairs 0.039s
2025-04-03 19:03:39.314 71394 INFO tempest.lib.common.rest_client [req-9924ca7d-7d7d-4821-9e34-b8c6d6883b43 req-9924ca7d-7d7d-4821-9e34-b8c6d6883b43 ] Request (KeyPairsV2TestJSON:_run_cleanups): 202 DELETE http://10.180.1.21/compute/v2.1/os-keypairs/tempest-keypair-1078204768 0.028s
2025-04-03 19:03:39.344 71408 INFO tempest.lib.common.rest_client [req-1c07eddd-00b1-4f00-909c-b72a9b6a7731 req-1c07eddd-00b1-4f00-909c-b72a9b6a7731 ] Request (KeyPairsNegativeTestJSON:tearDownClass): 204 DELETE http://10.180.1.21/identity/v3/users/8fd82383e9c5460ab6ae9af0ae13e3b5 0.149s
2025-04-03 19:03:39.344 71408 INFO tempest.lib.common.dynamic_creds [-] Deleting project and security group for project: fb1e1980ec5c463d8092445830c757e6
2025-04-03 19:03:39.374 71376 INFO tempest.lib.common.rest_client [req-941686ae-45c5-4fab-b720-0b78211cdb7b req-941686ae-45c5-4fab-b720-0b78211cdb7b ] Request (ServerDiskConfigTestJSON:test_rebuild_server_with_auto_disk_config): 200 GET http://10.180.1.21/compute/v2.1/servers/93b88cc5-9900-4fd3-bd5c-8e45ccb1008e 0.201s
2025-04-03 19:03:39.382 71376 INFO tempest.common.waiters [-] State transition "REBUILD/rebuilding" ==> "REBUILD/rebuild_block_device_mapping" after 3 second wait
2025-04-03 19:03:39.408 71408 INFO tempest.lib.common.rest_client [req-28aee607-b2e9-4b35-b758-294ccffb9f10 req-28aee607-b2e9-4b35-b758-294ccffb9f10 ] Request (KeyPairsNegativeTestJSON:tearDownClass): 201 POST http://10.180.1.21/identity/v3/auth/tokens 0.064s
2025-04-03 19:03:39.413 71394 INFO tempest.lib.common.rest_client [req-0066a9c6-fca5-4a97-bb2c-4281602543e1 req-0066a9c6-fca5-4a97-bb2c-4281602543e1 ] Request (KeyPairsV2TestJSON:test_keypairs_create_list_delete): 200 POST http://10.180.1.21/compute/v2.1/os-keypairs 0.096s
2025-04-03 19:03:39.493 71372 INFO tempest.lib.common.rest_client [req-99bd0240-776d-45c4-8372-e34555546a32 req-99bd0240-776d-45c4-8372-e34555546a32 ] Request (ServersAdminNegativeTestJSON:test_migrate_server_invalid_state): 200 GET http://10.180.1.21/compute/v2.1/servers/a8f66b3f-61ac-45aa-ae7b-70d1bca99e24 0.202s
2025-04-03 19:03:39.553 71360 INFO tempest.lib.common.rest_client [req-f0210667-e952-4e26-9af2-6a1044805bca req-f0210667-e952-4e26-9af2-6a1044805bca ] Request (ImagesOneServerTestJSON:setUpClass): 200 GET http://10.180.1.21/compute/v2.1/servers/8a655321-9dcf-41f1-820b-2d44039e289b 0.192s
2025-04-03 19:03:39.563 71360 INFO tempest.common.waiters [-] State transition "BUILD/None" ==> "BUILD/block_device_mapping" after 32 second wait
2025-04-03 19:03:39.585 71398 INFO tempest.lib.common.rest_client [req-5e8b03f0-6d7b-440b-a13b-73efc99dc58d req-5e8b03f0-6d7b-440b-a13b-73efc99dc58d ] Request (MigrationsAdminTest:test_list_migrations_in_flavor_resize_situation): 200 GET http://10.180.1.21/compute/v2.1/servers/234bae3a-7868-453f-9072-24eb855d57ed 0.250s
2025-04-03 19:03:39.627 71394 INFO tempest.lib.common.rest_client [req-1739374d-1e55-4d3a-a122-750ee75ab607 req-1739374d-1e55-4d3a-a122-750ee75ab607 ] Request (KeyPairsV2TestJSON:test_keypairs_create_list_delete): 200 POST http://10.180.1.21/compute/v2.1/os-keypairs 0.211s
2025-04-03 19:03:39.638 71410 INFO tempest.lib.common.rest_client [req-621bb0a0-a4c3-4bba-a21e-b26b22855d9f req-621bb0a0-a4c3-4bba-a21e-b26b22855d9f ] Request (AttachInterfacesV270Test:test_create_get_list_interfaces): 200 GET http://10.180.1.21/compute/v2.1/servers/573db876-a240-4289-a666-e2ad13f83b0d 0.254s
2025-04-03 19:03:39.686 71408 INFO tempest.lib.common.rest_client [req-8d7f92bb-35a4-45f7-9bce-63dd9212e9ed req-8d7f92bb-35a4-45f7-9bce-63dd9212e9ed ] Request (KeyPairsNegativeTestJSON:tearDownClass): 200 GET http://10.180.1.21:9696/networking/v2.0/security-groups?tenant_id=fb1e1980ec5c463d8092445830c757e6&name=default 0.277s
2025-04-03 19:03:39.696 71378 INFO tempest.lib.common.rest_client [req-8f20a155-8e26-4522-b5b4-e27d0cdc3717 req-8f20a155-8e26-4522-b5b4-e27d0cdc3717 ] Request (DeleteServersAdminTestJSON:test_delete_server_while_in_error_state): 200 GET http://10.180.1.21/compute/v2.1/servers/03afbe12-b1c9-4613-b434-03c93336c95a 0.246s
2025-04-03 19:03:39.723 71404 INFO tempest.lib.common.rest_client [req-77e5d84d-7731-4ba6-aaf0-71deb11f0192 req-77e5d84d-7731-4ba6-aaf0-71deb11f0192 ] Request (ServersAdmin275Test:tearDownClass): 200 GET http://10.180.1.21/compute/v2.1/servers/524f9d7c-3a51-4570-bad1-4b4a2e51c639 0.199s
2025-04-03 19:03:39.784 71366 INFO tempest.lib.common.rest_client [req-d53d789c-b14f-4557-af20-626ab4c3c8be req-d53d789c-b14f-4557-af20-626ab4c3c8be ] Request (ServerActionsTestJSON:setUpClass): 200 GET http://10.180.1.21/compute/v2.1/servers/58c5506b-a2a4-475c-aa80-27b9732234d0 0.246s
2025-04-03 19:03:39.800 71354 INFO tempest.lib.common.rest_client [req-86ca67b9-1d63-4a4c-9324-51ebead26253 req-86ca67b9-1d63-4a4c-9324-51ebead26253 ] Request (ServerMetadataTestJSON:setUpClass): 200 GET http://10.180.1.21/compute/v2.1/servers/d3c5ee07-a0e5-47eb-8c79-786699338629 0.210s
2025-04-03 19:03:39.849 71394 INFO tempest.lib.common.rest_client [req-3d8121e3-1111-4253-be6a-913271e6346c req-3d8121e3-1111-4253-be6a-913271e6346c ] Request (KeyPairsV2TestJSON:test_keypairs_create_list_delete): 200 POST http://10.180.1.21/compute/v2.1/os-keypairs 0.220s
2025-04-03 19:03:39.871 71414 INFO tempest.lib.common.rest_client [req-7ce05816-b4ca-46a3-9287-93b5bdda22d6 req-7ce05816-b4ca-46a3-9287-93b5bdda22d6 ] Request (ServerAddressesTestJSON:setUpClass): 200 PUT http://10.180.1.21:9696/networking/v2.0/routers/3db1556b-e63b-4497-b28d-666089e29bcb/add_router_interface 1.143s
2025-04-03 19:03:39.871 71414 INFO tempest.lib.common.dynamic_creds [-] Created isolated network resources for: credentials: Credentials: {'domain_id': 'default', 'domain_name': 'Default', 'username': 'tempest-ServerAddressesTestJSON-328099045-project-member', 'project_domain_id': 'default', 'project_domain_name': 'Default', 'project_id': '060511b25f5847a79b039190d274d11a', 'project_name': 'tempest-ServerAddressesTestJSON-328099045', 'tenant_id': '060511b25f5847a79b039190d274d11a', 'tenant_name': 'tempest-ServerAddressesTestJSON-328099045', 'user_domain_id': 'default', 'user_domain_name': 'Default', 'user_id': '58fa71d7dbcb43f1b217b76c3f195bd9', 'system': None}, Network: {'id': 'd0cf1f9b-fe1c-4d5f-999a-28b4e2fb584b', 'name': 'tempest-ServerAddressesTestJSON-114888292-network', 'tenant_id': '060511b25f5847a79b039190d274d11a', 'admin_state_up': True, 'mtu': 8950, 'status': 'ACTIVE', 'subnets': [], 'shared': False, 'project_id': '060511b25f5847a79b039190d274d11a', 'port_security_enabled': True, 'router:external': False, 'provider:network_type': 'vlan', 'provider:physical_network': 'default', 'provider:segmentation_id': 878, 'availability_zone_hints': [], 'availability_zones': [], 'ipv4_address_scope': None, 'ipv6_address_scope': None, 'description': '', 'tags': [], 'created_at': '2025-04-03T19:03:36Z', 'updated_at': '2025-04-03T19:03:37Z', 'revision_number': 1}, Subnet: {'id': 'b17ecaf1-db0e-454d-b723-91021d6f8e65', 'name': 'tempest-ServerAddressesTestJSON-114888292-subnet', 'tenant_id': '060511b25f5847a79b039190d274d11a', 'network_id': 'd0cf1f9b-fe1c-4d5f-999a-28b4e2fb584b', 'ip_version': 4, 'subnetpool_id': None, 'enable_dhcp': True, 'ipv6_ra_mode': None, 'ipv6_address_mode': None, 'gateway_ip': '192.168.128.1', 'cidr': '192.168.128.0/28', 'allocation_pools': [{'start': '192.168.128.2', 'end': '192.168.128.14'}], 'host_routes': [], 'dns_nameservers': [], 'description': '', 'router:external': False, 'service_types': [], 'tags': [], 'created_at': '2025-04-03T19:03:37Z', 'updated_at': '2025-04-03T19:03:37Z', 'revision_number': 0, 'project_id': '060511b25f5847a79b039190d274d11a'}, Router: {'id': '3db1556b-e63b-4497-b28d-666089e29bcb', 'name': 'tempest-ServerAddressesTestJSON-114888292-router', 'tenant_id': '060511b25f5847a79b039190d274d11a', 'admin_state_up': True, 'status': 'ACTIVE', 'external_gateway_info': {'network_id': '5cfef45f-af7d-4f0a-a0d7-66ad93016ec9', 'external_fixed_ips': [{'subnet_id': 'f871030c-de94-4632-bd7d-a8b4f468c938', 'ip_address': '10.180.180.254'}], 'enable_snat': True}, 'description': '', 'availability_zones': [], 'distributed': False, 'ha': False, 'availability_zone_hints': [], 'routes': [], 'flavor_id': None, 'tags': [], 'created_at': '2025-04-03T19:03:37Z', 'updated_at': '2025-04-03T19:03:38Z', 'revision_number': 2, 'project_id': '060511b25f5847a79b039190d274d11a'}
2025-04-03 19:03:39.874 71386 INFO tempest.lib.common.rest_client [req-aae13dc6-6fa7-4300-b232-d3e9573e075e req-aae13dc6-6fa7-4300-b232-d3e9573e075e ] Request (ServerAddressesNegativeTestJSON:setUpClass): 200 GET http://10.180.1.21/compute/v2.1/servers/d30222bd-1fc5-4c3a-9801-f5e7bf9e75b6 0.230s
2025-04-03 19:03:39.907 71408 INFO tempest.lib.common.rest_client [req-1ba7299d-5e5d-4976-b216-197cb248a9a8 req-1ba7299d-5e5d-4976-b216-197cb248a9a8 ] Request (KeyPairsNegativeTestJSON:tearDownClass): 204 DELETE http://10.180.1.21:9696/networking/v2.0/security-groups/bb82bbd8-8463-411b-a450-a89c987658b8 0.221s
2025-04-03 19:03:39.951 71370 INFO tempest.lib.common.rest_client [req-882e56e5-0622-4bb5-b03e-31ee06da00b7 req-882e56e5-0622-4bb5-b03e-31ee06da00b7 ] Request (SecurityGroupsTestJSON:test_server_security_groups): 200 GET http://10.180.1.21/compute/v2.1/servers/43473e6e-fd19-4826-98ef-8c66275f997a 0.241s
2025-04-03 19:03:39.991 71414 INFO tempest.lib.common.rest_client [req-793d8fd4-3f79-44b4-af0c-6e93ea0f12a5 req-793d8fd4-3f79-44b4-af0c-6e93ea0f12a5 ] Request (ServerAddressesTestJSON:setUpClass): 201 POST http://10.180.1.21/identity/v3/auth/tokens 0.115s
2025-04-03 19:03:40.008 71408 INFO tempest.lib.common.rest_client [req-0ad0bf32-5cc4-45e5-b031-465808f59e55 req-0ad0bf32-5cc4-45e5-b031-465808f59e55 ] Request (KeyPairsNegativeTestJSON:tearDownClass): 204 DELETE http://10.180.1.21/identity/v3/projects/fb1e1980ec5c463d8092445830c757e6 0.100s
2025-04-03 19:03:40.044 71390 INFO tempest.lib.common.rest_client [req-354ad874-2868-4a32-94bb-b4792dae8447 req-354ad874-2868-4a32-94bb-b4792dae8447 ] Request (ServerRescueTestJSON:setUpClass): 200 GET http://10.180.1.21/compute/v2.1/servers/e43cd3ed-5a0e-4d1d-9177-9879a05db58f 0.394s
2025-04-03 19:03:40.058 71394 INFO tempest.lib.common.rest_client [req-c87a9fc0-31e1-40e4-b839-811f3df05044 req-c87a9fc0-31e1-40e4-b839-811f3df05044 ] Request (KeyPairsV2TestJSON:test_keypairs_create_list_delete): 200 GET http://10.180.1.21/compute/v2.1/os-keypairs 0.207s
2025-04-03 19:03:40.064 71414 INFO tempest.lib.common.rest_client [req-9c1ff758-f485-4252-83d1-7788c04fb365 req-9c1ff758-f485-4252-83d1-7788c04fb365 ] Request (ServerAddressesTestJSON:setUpClass): 201 POST http://10.180.1.21/identity/v3/auth/tokens 0.065s
2025-04-03 19:03:40.064 71414 INFO tempest.lib.common.fixed_network [-] (ServerAddressesTestJSON:setUpClass) Found network {'id': 'd0cf1f9b-fe1c-4d5f-999a-28b4e2fb584b', 'name': 'tempest-ServerAddressesTestJSON-114888292-network', 'tenant_id': '060511b25f5847a79b039190d274d11a', 'admin_state_up': True, 'mtu': 8950, 'status': 'ACTIVE', 'subnets': [], 'shared': False, 'project_id': '060511b25f5847a79b039190d274d11a', 'port_security_enabled': True, 'router:external': False, 'provider:network_type': 'vlan', 'provider:physical_network': 'default', 'provider:segmentation_id': 878, 'availability_zone_hints': [], 'availability_zones': [], 'ipv4_address_scope': None, 'ipv6_address_scope': None, 'description': '', 'tags': [], 'created_at': '2025-04-03T19:03:36Z', 'updated_at': '2025-04-03T19:03:37Z', 'revision_number': 1} available for tenant
2025-04-03 19:03:40.088 71408 INFO tempest.lib.common.rest_client [req-7cd2aea9-1121-4d70-85be-fedb29fa7327 req-7cd2aea9-1121-4d70-85be-fedb29fa7327 ] Request (ServerGroup264TestJSON:setUpClass): 201 POST http://10.180.1.21/identity/v3/auth/tokens 0.078s
2025-04-03 19:03:40.113 71358 INFO tempest.lib.common.rest_client [req-3028437d-b1ef-4db4-b9f6-0d291603e174 req-3028437d-b1ef-4db4-b9f6-0d291603e174 ] Request (ServersAdminTestJSON:setUpClass): 200 GET http://10.180.1.21/compute/v2.1/servers/926f7d25-80c5-408e-b2b5-0544d36305f2 0.309s
2025-04-03 19:03:40.131 71408 INFO tempest.lib.common.rest_client [req-441636ab-0530-4a18-9e18-65a4d945d34b req-441636ab-0530-4a18-9e18-65a4d945d34b ] Request (ServerGroup264TestJSON:setUpClass): 201 POST http://10.180.1.21/identity/v3/auth/tokens 0.037s
2025-04-03 19:03:40.163 71408 INFO tempest.lib.common.rest_client [req-ce5e5f05-454b-471e-8fdc-315e03a0bd71 req-ce5e5f05-454b-471e-8fdc-315e03a0bd71 ] Request (ServerGroup264TestJSON:setUpClass): 200 GET http://10.180.1.21/identity/v3/domains?name=Default 0.032s
2025-04-03 19:03:40.165 71374 INFO tempest.lib.common.rest_client [req-89591920-a699-4865-b869-d1a68016153a req-89591920-a699-4865-b869-d1a68016153a ] Request (ServerDiagnosticsNegativeTest:test_get_server_diagnostics_by_non_admin): 200 GET http://10.180.1.21/compute/v2.1/servers/c7f229c2-eab7-4906-8e1f-8cfefd4ac060 0.275s
2025-04-03 19:03:40.179 71364 INFO tempest.lib.common.rest_client [req-a801c08d-d8fb-44d9-985e-70e5c1cc6fdc req-a801c08d-d8fb-44d9-985e-70e5c1cc6fdc ] Request (ImagesTestJSON:test_create_image_from_suspended_server): 200 GET http://10.180.1.21/compute/v2.1/servers/227ce655-b7d4-484c-85f6-40f014412044 0.210s
2025-04-03 19:03:40.181 71394 INFO tempest.lib.common.rest_client [req-627b1ef5-e737-4dc4-9464-ff3e959dec54 req-627b1ef5-e737-4dc4-9464-ff3e959dec54 ] Request (KeyPairsV2TestJSON:_run_cleanups): 202 DELETE http://10.180.1.21/compute/v2.1/os-keypairs/tempest-KeyPairsV2TestJSON-keypair-1134987541 0.120s
2025-04-03 19:03:40.213 71408 INFO tempest.lib.common.rest_client [req-c810344a-b08b-4f4a-acf1-9ccc2b82094c req-c810344a-b08b-4f4a-acf1-9ccc2b82094c ] Request (ServerGroup264TestJSON:setUpClass): 201 POST http://10.180.1.21/identity/v3/projects 0.049s
2025-04-03 19:03:40.247 71382 INFO tempest.lib.common.rest_client [req-59e45976-2b8a-4cc1-ae92-ba055644e5d4 req-59e45976-2b8a-4cc1-ae92-ba055644e5d4 ] Request (ServerDiagnosticsTest:tearDownClass): 200 GET http://10.180.1.21/compute/v2.1/servers/ebc8a1c8-1686-4703-93b9-4994f544fee0 0.183s
2025-04-03 19:03:40.295 71408 INFO tempest.lib.common.rest_client [req-f940d642-b4a1-41a5-996c-d437135f1fc7 req-f940d642-b4a1-41a5-996c-d437135f1fc7 ] Request (ServerGroup264TestJSON:setUpClass): 201 POST http://10.180.1.21/identity/v3/users 0.082s
2025-04-03 19:03:40.301 71384 INFO tempest.lib.common.rest_client [req-ea648726-3bec-40b2-8b39-54a082e48bd4 req-ea648726-3bec-40b2-8b39-54a082e48bd4 ] Request (ImagesOneServerNegativeTestJSON:setUpClass): 200 GET http://10.180.1.21/compute/v2.1/servers/3f635fb7-bd5d-4dbf-b1a6-a1b75c1a456b 0.203s
2025-04-03 19:03:40.320 71408 INFO tempest.lib.common.rest_client [req-4c558ec3-87e5-442c-8e04-0450c88c0cc7 req-4c558ec3-87e5-442c-8e04-0450c88c0cc7 ] Request (ServerGroup264TestJSON:setUpClass): 200 GET http://10.180.1.21/identity/v3/roles 0.024s
2025-04-03 19:03:40.346 71408 INFO tempest.lib.common.rest_client [req-d4c6d228-b953-4e7f-9757-5b93ea5c9fb6 req-d4c6d228-b953-4e7f-9757-5b93ea5c9fb6 ] Request (ServerGroup264TestJSON:setUpClass): 204 PUT http://10.180.1.21/identity/v3/projects/dd5d7f37b9aa4e658d16cf906985c2eb/users/e339ccc9f5874fe498ae54cb3139eb84/roles/8183cca0cb594307afe3bb488291649b 0.025s
2025-04-03 19:03:40.346 71408 INFO tempest.lib.common.dynamic_creds [-] Dynamic test user e339ccc9f5874fe498ae54cb3139eb84 is created with scope project and roles: ['member']
2025-04-03 19:03:40.346 71408 INFO tempest.lib.common.dynamic_creds [-] Acquired dynamic creds: credentials: Credentials: {'domain_id': 'default', 'domain_name': 'Default', 'username': 'tempest-ServerGroup264TestJSON-1938781038-project-member', 'project_domain_id': 'default', 'project_domain_name': 'Default', 'project_id': 'dd5d7f37b9aa4e658d16cf906985c2eb', 'project_name': 'tempest-ServerGroup264TestJSON-1938781038', 'tenant_id': 'dd5d7f37b9aa4e658d16cf906985c2eb', 'tenant_name': 'tempest-ServerGroup264TestJSON-1938781038', 'user_domain_id': 'default', 'user_domain_name': 'Default', 'user_id': 'e339ccc9f5874fe498ae54cb3139eb84', 'system': None}, Network: None, Subnet: None, Router: None
2025-04-03 19:03:40.367 71416 INFO tempest.lib.common.rest_client [req-bfbd11bd-106f-4a56-89f7-ab323edd0a50 req-bfbd11bd-106f-4a56-89f7-ab323edd0a50 ] Request (InstanceActionsNegativeTestJSON:setUpClass): 200 GET http://10.180.1.21/compute/v2.1/servers/251b39b1-ca0b-42d9-ac88-3bbd6aa864a2 0.239s
2025-04-03 19:03:40.382 71394 INFO tempest.lib.common.rest_client [req-482936d3-692f-43e2-bb7d-bc82fba3391b req-482936d3-692f-43e2-bb7d-bc82fba3391b ] Request (KeyPairsV2TestJSON:_run_cleanups): 202 DELETE http://10.180.1.21/compute/v2.1/os-keypairs/tempest-KeyPairsV2TestJSON-keypair-1158812135 0.201s
2025-04-03 19:03:40.410 71408 INFO tempest.lib.common.rest_client [req-f8a18702-f341-429e-9052-1a447ed8a8f2 req-f8a18702-f341-429e-9052-1a447ed8a8f2 ] Request (ServerGroup264TestJSON:setUpClass): 201 POST http://10.180.1.21/identity/v3/auth/tokens 0.064s
2025-04-03 19:03:40.445 71389 INFO tempest.lib.common.rest_client [req-ff35313f-7a5c-4f43-83e9-819f219a8964 req-ff35313f-7a5c-4f43-83e9-819f219a8964 ] Request (ServerExternalEventsTest:tearDownClass): 200 GET http://10.180.1.21/compute/v2.1/servers/3f60e673-e519-4511-8f17-553bd328c435 0.260s
2025-04-03 19:03:40.500 71402 INFO tempest.lib.common.rest_client [req-753e9373-0dd0-4001-ad3f-a0450b03c85f req-753e9373-0dd0-4001-ad3f-a0450b03c85f ] Request (ServerShowV257Test:test_rebuild_server): 200 GET http://10.180.1.21/compute/v2.1/servers/dd1c3bef-07d4-4475-94e1-d49a3927e990 0.267s
2025-04-03 19:03:40.555 71400 INFO tempest.lib.common.rest_client [req-5c1375ab-3983-4fc8-8f85-4084f5cb37a1 req-5c1375ab-3983-4fc8-8f85-4084f5cb37a1 ] Request (InstanceActionsV221TestJSON:test_get_list_deleted_instance_actions): 200 GET http://10.180.1.21/compute/v2.1/servers/d114d86b-843c-4928-b251-5747b5d6b5ec 0.294s
2025-04-03 19:03:40.572 71394 INFO tempest.lib.common.rest_client [req-9e060dfc-ac46-4d48-97cc-271ab01b338b req-9e060dfc-ac46-4d48-97cc-271ab01b338b ] Request (KeyPairsV2TestJSON:_run_cleanups): 202 DELETE http://10.180.1.21/compute/v2.1/os-keypairs/tempest-KeyPairsV2TestJSON-keypair-896600876 0.189s
2025-04-03 19:03:40.657 71394 INFO tempest.lib.common.rest_client [req-fe130ff3-87e5-4b1f-bccb-c2a68d41f866 req-fe130ff3-87e5-4b1f-bccb-c2a68d41f866 ] Request (KeyPairsV2TestJSON:tearDownClass): 204 DELETE http://10.180.1.21/identity/v3/users/907e8686dda748caa91423e2a4fa4f1f 0.083s
2025-04-03 19:03:40.657 71394 INFO tempest.lib.common.dynamic_creds [-] Deleting project and security group for project: 9c8f3b4f5eb346418734172058c177d8
2025-04-03 19:03:40.678 71414 INFO tempest.lib.common.rest_client [req-c0dc7e9d-cf86-4273-accf-939e7e404224 req-c0dc7e9d-cf86-4273-accf-939e7e404224 ] Request (ServerAddressesTestJSON:setUpClass): 202 POST http://10.180.1.21/compute/v2.1/servers 0.613s
2025-04-03 19:03:40.738 71394 INFO tempest.lib.common.rest_client [req-e2c30b49-c596-4a47-8d3b-629f8a14c66d req-e2c30b49-c596-4a47-8d3b-629f8a14c66d ] Request (KeyPairsV2TestJSON:tearDownClass): 201 POST http://10.180.1.21/identity/v3/auth/tokens 0.080s
2025-04-03 19:03:40.765 71356 WARNING tempest.lib.common.ssh [-] Failed to establish authenticated ssh connection to cirros@10.180.180.152 ([Errno None] Unable to connect to port 22 on 10.180.180.152). Number attempts: 2. Retry after 3 seconds.: paramiko.ssh_exception.NoValidConnectionsError: [Errno None] Unable to connect to port 22 on 10.180.180.152
2025-04-03 19:03:40.792 71376 INFO tempest.lib.common.rest_client [req-7f65d010-d5de-425e-8cd0-78a554319d62 req-7f65d010-d5de-425e-8cd0-78a554319d62 ] Request (ServerDiskConfigTestJSON:test_rebuild_server_with_auto_disk_config): 200 GET http://10.180.1.21/compute/v2.1/servers/93b88cc5-9900-4fd3-bd5c-8e45ccb1008e 0.408s
2025-04-03 19:03:40.804 71376 INFO tempest.common.waiters [-] State transition "REBUILD/rebuild_block_device_mapping" ==> "REBUILD/rebuild_spawning" after 4 second wait
2025-04-03 19:03:40.822 71372 INFO tempest.lib.common.rest_client [req-96c50276-28b7-484a-b7fb-e2bf63fe69ee req-96c50276-28b7-484a-b7fb-e2bf63fe69ee ] Request (ServersAdminNegativeTestJSON:test_migrate_server_invalid_state): 200 GET http://10.180.1.21/compute/v2.1/servers/a8f66b3f-61ac-45aa-ae7b-70d1bca99e24 0.320s
2025-04-03 19:03:40.871 71408 INFO tempest.lib.common.rest_client [req-081ae9ea-3c41-4bb5-a874-679b46177c21 req-081ae9ea-3c41-4bb5-a874-679b46177c21 ] Request (ServerGroup264TestJSON:setUpClass): 201 POST http://10.180.1.21:9696/networking/v2.0/networks 0.460s
2025-04-03 19:03:40.972 71398 INFO tempest.lib.common.rest_client [req-5e15a239-e951-49ea-a922-df20962906f1 req-5e15a239-e951-49ea-a922-df20962906f1 ] Request (MigrationsAdminTest:test_list_migrations_in_flavor_resize_situation): 200 GET http://10.180.1.21/compute/v2.1/servers/234bae3a-7868-453f-9072-24eb855d57ed 0.379s
2025-04-03 19:03:41.005 71360 INFO tempest.lib.common.rest_client [req-b5a027ac-4ee9-4bfc-87af-d3f5c552ef7c req-b5a027ac-4ee9-4bfc-87af-d3f5c552ef7c ] Request (ImagesOneServerTestJSON:setUpClass): 200 GET http://10.180.1.21/compute/v2.1/servers/8a655321-9dcf-41f1-820b-2d44039e289b 0.441s
2025-04-03 19:03:41.013 71360 INFO tempest.common.waiters [-] State transition "BUILD/block_device_mapping" ==> "BUILD/spawning" after 34 second wait
2025-04-03 19:03:41.022 71380 WARNING tempest.lib.common.ssh [-] Failed to establish authenticated ssh connection to cirros@10.180.180.231 ([Errno None] Unable to connect to port 22 on 10.180.180.231). Number attempts: 5. Retry after 6 seconds.: paramiko.ssh_exception.NoValidConnectionsError: [Errno None] Unable to connect to port 22 on 10.180.180.231
2025-04-03 19:03:41.032 71394 INFO tempest.lib.common.rest_client [req-ce22fed1-bdc2-4957-be87-f9b04ee08583 req-ce22fed1-bdc2-4957-be87-f9b04ee08583 ] Request (KeyPairsV2TestJSON:tearDownClass): 200 GET http://10.180.1.21:9696/networking/v2.0/security-groups?tenant_id=9c8f3b4f5eb346418734172058c177d8&name=default 0.294s
2025-04-03 19:03:41.046 71410 INFO tempest.lib.common.rest_client [req-7fdd99d3-0030-4f4e-a5b1-69efa07e9fe4 req-7fdd99d3-0030-4f4e-a5b1-69efa07e9fe4 ] Request (AttachInterfacesV270Test:test_create_get_list_interfaces): 200 GET http://10.180.1.21/compute/v2.1/servers/573db876-a240-4289-a666-e2ad13f83b0d 0.391s
2025-04-03 19:03:41.066 71414 INFO tempest.lib.common.rest_client [req-f491068f-d35a-4943-bbcc-a4d28b26343a req-f491068f-d35a-4943-bbcc-a4d28b26343a ] Request (ServerAddressesTestJSON:setUpClass): 200 GET http://10.180.1.21/compute/v2.1/servers/dd24ca9e-8ed7-449d-99af-345f32867233 0.386s
2025-04-03 19:03:41.104 71378 INFO tempest.lib.common.rest_client [req-7d1fa7fd-c155-4bb2-a423-2c34f552b2e0 req-7d1fa7fd-c155-4bb2-a423-2c34f552b2e0 ] Request (DeleteServersAdminTestJSON:test_delete_server_while_in_error_state): 200 GET http://10.180.1.21/compute/v2.1/servers/03afbe12-b1c9-4613-b434-03c93336c95a 0.393s
2025-04-03 19:03:41.138 71394 INFO tempest.lib.common.rest_client [req-9454da10-7575-4866-8555-d9747cb98052 req-9454da10-7575-4866-8555-d9747cb98052 ] Request (KeyPairsV2TestJSON:tearDownClass): 204 DELETE http://10.180.1.21:9696/networking/v2.0/security-groups/450b49a7-76ac-43f6-9aa3-8a98cb7dd9f9 0.106s
2025-04-03 19:03:41.158 71408 INFO tempest.lib.common.rest_client [req-02503a4d-b4ac-459d-a5a0-6c5ad1d3c0ba req-02503a4d-b4ac-459d-a5a0-6c5ad1d3c0ba ] Request (ServerGroup264TestJSON:setUpClass): 201 POST http://10.180.1.21:9696/networking/v2.0/subnets 0.286s
2025-04-03 19:03:41.164 71404 INFO tempest.lib.common.rest_client [req-2e4c8df1-1c3c-4d65-b0d9-cd0b2d145f3c req-2e4c8df1-1c3c-4d65-b0d9-cd0b2d145f3c ] Request (ServersAdmin275Test:tearDownClass): 200 GET http://10.180.1.21/compute/v2.1/servers/524f9d7c-3a51-4570-bad1-4b4a2e51c639 0.422s
2025-04-03 19:03:41.166 71366 INFO tempest.lib.common.rest_client [req-a0f2fbba-46bc-4653-a711-6479790564ab req-a0f2fbba-46bc-4653-a711-6479790564ab ] Request (ServerActionsTestJSON:setUpClass): 200 GET http://10.180.1.21/compute/v2.1/servers/58c5506b-a2a4-475c-aa80-27b9732234d0 0.372s
2025-04-03 19:03:41.221 71354 INFO tempest.lib.common.rest_client [req-79863a3e-e49b-443e-b28c-d8aecd8f6849 req-79863a3e-e49b-443e-b28c-d8aecd8f6849 ] Request (ServerMetadataTestJSON:setUpClass): 200 GET http://10.180.1.21/compute/v2.1/servers/d3c5ee07-a0e5-47eb-8c79-786699338629 0.410s
2025-04-03 19:03:41.228 71394 INFO tempest.lib.common.rest_client [req-8ffc4332-aadb-432d-b4c4-db21dcf4ea48 req-8ffc4332-aadb-432d-b4c4-db21dcf4ea48 ] Request (KeyPairsV2TestJSON:tearDownClass): 204 DELETE http://10.180.1.21/identity/v3/projects/9c8f3b4f5eb346418734172058c177d8 0.089s
2025-04-03 19:03:41.228 71386 INFO tempest.lib.common.rest_client [req-55fe0a94-9d21-4cfc-84d0-8eb826b4c34a req-55fe0a94-9d21-4cfc-84d0-8eb826b4c34a ] Request (ServerAddressesNegativeTestJSON:setUpClass): 200 GET http://10.180.1.21/compute/v2.1/servers/d30222bd-1fc5-4c3a-9801-f5e7bf9e75b6 0.335s
2025-04-03 19:03:41.289 71370 INFO tempest.lib.common.rest_client [req-7b1c1dab-ac58-404d-9a55-39691ac14216 req-7b1c1dab-ac58-404d-9a55-39691ac14216 ] Request (SecurityGroupsTestJSON:test_server_security_groups): 200 GET http://10.180.1.21/compute/v2.1/servers/43473e6e-fd19-4826-98ef-8c66275f997a 0.323s
2025-04-03 19:03:41.304 71394 INFO tempest.lib.common.rest_client [req-5f1620c7-5e39-403d-be8f-7216c7cd4369 req-5f1620c7-5e39-403d-be8f-7216c7cd4369 ] Request (ServerShowV247Test:setUpClass): 201 POST http://10.180.1.21/identity/v3/auth/tokens 0.075s
2025-04-03 19:03:41.341 71394 INFO tempest.lib.common.rest_client [req-d2e31481-543d-4402-838b-371dd43c7a5b req-d2e31481-543d-4402-838b-371dd43c7a5b ] Request (ServerShowV247Test:setUpClass): 201 POST http://10.180.1.21/identity/v3/auth/tokens 0.035s
2025-04-03 19:03:41.366 71394 INFO tempest.lib.common.rest_client [req-57616c06-a576-4802-bdf5-dd4eec541494 req-57616c06-a576-4802-bdf5-dd4eec541494 ] Request (ServerShowV247Test:setUpClass): 200 GET http://10.180.1.21/identity/v3/domains?name=Default 0.024s
2025-04-03 19:03:41.397 71394 INFO tempest.lib.common.rest_client [req-f31d68d5-35c1-416b-8820-f86b9e771944 req-f31d68d5-35c1-416b-8820-f86b9e771944 ] Request (ServerShowV247Test:setUpClass): 201 POST http://10.180.1.21/identity/v3/projects 0.030s
2025-04-03 19:03:41.418 71358 INFO tempest.lib.common.rest_client [req-281d07be-68ab-4fe3-93da-37a4d87dab5b req-281d07be-68ab-4fe3-93da-37a4d87dab5b ] Request (ServersAdminTestJSON:setUpClass): 200 GET http://10.180.1.21/compute/v2.1/servers/926f7d25-80c5-408e-b2b5-0544d36305f2 0.295s
2025-04-03 19:03:41.436 71390 INFO tempest.lib.common.rest_client [req-92dc6397-0d87-4f32-9c3a-1073a938cbb2 req-92dc6397-0d87-4f32-9c3a-1073a938cbb2 ] Request (ServerRescueTestJSON:setUpClass): 200 GET http://10.180.1.21/compute/v2.1/servers/e43cd3ed-5a0e-4d1d-9177-9879a05db58f 0.383s
2025-04-03 19:03:41.462 71394 INFO tempest.lib.common.rest_client [req-fb428c7b-9da8-4d9a-9c8e-04e4120dcc88 req-fb428c7b-9da8-4d9a-9c8e-04e4120dcc88 ] Request (ServerShowV247Test:setUpClass): 201 POST http://10.180.1.21/identity/v3/users 0.064s
2025-04-03 19:03:41.483 71394 INFO tempest.lib.common.rest_client [req-beb74153-5b72-4055-9a02-caf3db7309db req-beb74153-5b72-4055-9a02-caf3db7309db ] Request (ServerShowV247Test:setUpClass): 200 GET http://10.180.1.21/identity/v3/roles 0.020s
2025-04-03 19:03:41.493 71364 INFO tempest.lib.common.rest_client [req-32c4dd09-dd85-48cd-a5c3-9081907ffb98 req-32c4dd09-dd85-48cd-a5c3-9081907ffb98 ] Request (ImagesTestJSON:test_create_image_from_suspended_server): 200 GET http://10.180.1.21/compute/v2.1/servers/227ce655-b7d4-484c-85f6-40f014412044 0.306s
2025-04-03 19:03:41.514 71394 INFO tempest.lib.common.rest_client [req-70033104-5c5d-469c-8a1a-63f7b742d2d1 req-70033104-5c5d-469c-8a1a-63f7b742d2d1 ] Request (ServerShowV247Test:setUpClass): 204 PUT http://10.180.1.21/identity/v3/projects/1d13e8426c024efbbfb0def89ee27c6c/users/dcd3073d526846868e4788c70b663be3/roles/8183cca0cb594307afe3bb488291649b 0.031s
2025-04-03 19:03:41.514 71394 INFO tempest.lib.common.dynamic_creds [-] Dynamic test user dcd3073d526846868e4788c70b663be3 is created with scope project and roles: ['member']
2025-04-03 19:03:41.514 71394 INFO tempest.lib.common.dynamic_creds [-] Acquired dynamic creds: credentials: Credentials: {'domain_id': 'default', 'domain_name': 'Default', 'username': 'tempest-ServerShowV247Test-64880851-project-member', 'project_domain_id': 'default', 'project_domain_name': 'Default', 'project_id': '1d13e8426c024efbbfb0def89ee27c6c', 'project_name': 'tempest-ServerShowV247Test-64880851', 'tenant_id': '1d13e8426c024efbbfb0def89ee27c6c', 'tenant_name': 'tempest-ServerShowV247Test-64880851', 'user_domain_id': 'default', 'user_domain_name': 'Default', 'user_id': 'dcd3073d526846868e4788c70b663be3', 'system': None}, Network: None, Subnet: None, Router: None
2025-04-03 19:03:41.515 71394 INFO tempest.lib.common.dynamic_creds [-] Created isolated network resources for: credentials: Credentials: {'domain_id': 'default', 'domain_name': 'Default', 'username': 'tempest-ServerShowV247Test-64880851-project-member', 'project_domain_id': 'default', 'project_domain_name': 'Default', 'project_id': '1d13e8426c024efbbfb0def89ee27c6c', 'project_name': 'tempest-ServerShowV247Test-64880851', 'tenant_id': '1d13e8426c024efbbfb0def89ee27c6c', 'tenant_name': 'tempest-ServerShowV247Test-64880851', 'user_domain_id': 'default', 'user_domain_name': 'Default', 'user_id': 'dcd3073d526846868e4788c70b663be3', 'system': None}, Network: None, Subnet: None, Router: None
2025-04-03 19:03:41.557 71382 INFO tempest.lib.common.rest_client [req-43407d02-d050-4d4f-bd5f-a3f6630a4917 req-43407d02-d050-4d4f-bd5f-a3f6630a4917 ] Request (ServerDiagnosticsTest:tearDownClass): 200 GET http://10.180.1.21/compute/v2.1/servers/ebc8a1c8-1686-4703-93b9-4994f544fee0 0.297s
2025-04-03 19:03:41.578 71374 INFO tempest.lib.common.rest_client [req-1422b7c3-45a7-4d5c-aaeb-e868f3bd0a75 req-1422b7c3-45a7-4d5c-aaeb-e868f3bd0a75 ] Request (ServerDiagnosticsNegativeTest:test_get_server_diagnostics_by_non_admin): 200 GET http://10.180.1.21/compute/v2.1/servers/c7f229c2-eab7-4906-8e1f-8cfefd4ac060 0.402s
2025-04-03 19:03:41.587 71374 INFO tempest.common.waiters [-] State transition "BUILD/spawning" ==> "ACTIVE/None" after 47 second wait
2025-04-03 19:03:41.599 71394 INFO tempest.lib.common.rest_client [req-9dae356f-3e0f-45f9-a88a-5e49f08cb811 req-9dae356f-3e0f-45f9-a88a-5e49f08cb811 ] Request (ServerShowV247Test:setUpClass): 201 POST http://10.180.1.21/identity/v3/auth/tokens 0.080s
2025-04-03 19:03:41.612 71384 INFO tempest.lib.common.rest_client [req-0ee3c23e-9346-4602-b4b7-433df07aee13 req-0ee3c23e-9346-4602-b4b7-433df07aee13 ] Request (ImagesOneServerNegativeTestJSON:setUpClass): 200 GET http://10.180.1.21/compute/v2.1/servers/3f635fb7-bd5d-4dbf-b1a6-a1b75c1a456b 0.297s
2025-04-03 19:03:41.644 71416 INFO tempest.lib.common.rest_client [req-40ea8fba-566e-433e-9846-459a664f84ec req-40ea8fba-566e-433e-9846-459a664f84ec ] Request (InstanceActionsNegativeTestJSON:setUpClass): 200 GET http://10.180.1.21/compute/v2.1/servers/251b39b1-ca0b-42d9-ac88-3bbd6aa864a2 0.265s
2025-04-03 19:03:41.660 71394 INFO tempest.lib.common.rest_client [req-710ef050-bdc5-4b14-93ec-3b3164d18463 req-710ef050-bdc5-4b14-93ec-3b3164d18463 ] Request (ServerShowV247Test:setUpClass): 200 GET http://10.180.1.21/identity/v3/projects/1d13e8426c024efbbfb0def89ee27c6c 0.060s
2025-04-03 19:03:41.661 71394 INFO tempest.lib.common.dynamic_creds [-] Using the existing project 1d13e8426c024efbbfb0def89ee27c6c for scope project and roles: ['reader']
2025-04-03 19:03:41.682 71389 INFO tempest.lib.common.rest_client [req-85b5f44f-3501-46b0-b80e-84492ceaaecc req-85b5f44f-3501-46b0-b80e-84492ceaaecc ] Request (ServerExternalEventsTest:tearDownClass): 200 GET http://10.180.1.21/compute/v2.1/servers/3f60e673-e519-4511-8f17-553bd328c435 0.227s
2025-04-03 19:03:41.702 71394 INFO tempest.lib.common.rest_client [req-8c6ac8b0-3927-41c1-8010-15c944326eb4 req-8c6ac8b0-3927-41c1-8010-15c944326eb4 ] Request (ServerShowV247Test:setUpClass): 201 POST http://10.180.1.21/identity/v3/users 0.041s
2025-04-03 19:03:41.713 71402 INFO tempest.lib.common.rest_client [req-2cc9062c-9f05-4557-a1f7-6a18fb19a288 req-2cc9062c-9f05-4557-a1f7-6a18fb19a288 ] Request (ServerShowV257Test:test_rebuild_server): 200 GET http://10.180.1.21/compute/v2.1/servers/dd1c3bef-07d4-4475-94e1-d49a3927e990 0.202s
2025-04-03 19:03:41.736 71394 INFO tempest.lib.common.rest_client [req-a75ba32e-102d-44fe-962f-aed42593887d req-a75ba32e-102d-44fe-962f-aed42593887d ] Request (ServerShowV247Test:setUpClass): 200 GET http://10.180.1.21/identity/v3/roles 0.033s
2025-04-03 19:03:41.755 71400 INFO tempest.lib.common.rest_client [req-e8fa0f87-2e39-498a-90e2-67d7cd3105d5 req-e8fa0f87-2e39-498a-90e2-67d7cd3105d5 ] Request (InstanceActionsV221TestJSON:test_get_list_deleted_instance_actions): 200 GET http://10.180.1.21/compute/v2.1/servers/d114d86b-843c-4928-b251-5747b5d6b5ec 0.182s
2025-04-03 19:03:41.793 71394 INFO tempest.lib.common.rest_client [req-6342180b-e7d4-462f-b9d2-d48b876b4fe2 req-6342180b-e7d4-462f-b9d2-d48b876b4fe2 ] Request (ServerShowV247Test:setUpClass): 204 PUT http://10.180.1.21/identity/v3/projects/1d13e8426c024efbbfb0def89ee27c6c/users/001b24120409435da759f61d611025d5/roles/671dbf53e28d414e908d60da1c38e522 0.056s
2025-04-03 19:03:41.793 71394 INFO tempest.lib.common.dynamic_creds [-] Dynamic test user 001b24120409435da759f61d611025d5 is created with scope project and roles: ['reader']
2025-04-03 19:03:41.793 71394 INFO tempest.lib.common.dynamic_creds [-] Acquired dynamic creds: credentials: Credentials: {'domain_id': 'default', 'domain_name': 'Default', 'username': 'tempest-ServerShowV247Test-64880851-project-reader', 'project_domain_id': 'default', 'project_domain_name': 'Default', 'project_id': '1d13e8426c024efbbfb0def89ee27c6c', 'project_name': 'tempest-ServerShowV247Test-64880851', 'tenant_id': '1d13e8426c024efbbfb0def89ee27c6c', 'tenant_name': 'tempest-ServerShowV247Test-64880851', 'user_domain_id': 'default', 'user_domain_name': 'Default', 'user_id': '001b24120409435da759f61d611025d5', 'system': None}, Network: None, Subnet: None, Router: None
