2025-04-03 19:03:07.755 71404 INFO tempest.lib.common.rest_client [req-6c36a537-9681-443c-b09c-1755e0b18674 req-6c36a537-9681-443c-b09c-1755e0b18674 ] Request (ServersAdmin275Test:_run_cleanups): 200 GET http://10.180.1.21/compute/v2.1/servers/524f9d7c-3a51-4570-bad1-4b4a2e51c639 1.955s
2025-04-03 19:03:07.769 71404 INFO tempest.common.waiters [-] State transition "REBUILD/rebuild_block_device_mapping" ==> "REBUILD/rebuild_spawning" after 3 second wait
2025-04-03 19:03:07.912 71382 INFO tempest.lib.common.rest_client [req-98b2ab7d-085d-4ea2-8c80-cc8c216b9824 req-98b2ab7d-085d-4ea2-8c80-cc8c216b9824 ] Request (ServerDiagnosticsTest:test_get_server_diagnostics): 200 GET http://10.180.1.21/compute/v2.1/servers/ebc8a1c8-1686-4703-93b9-4994f544fee0 1.940s
2025-04-03 19:03:07.984 71374 INFO tempest.lib.common.rest_client [req-d48c6ad9-88df-4f4e-bb89-28640d41a60a req-d48c6ad9-88df-4f4e-bb89-28640d41a60a ] Request (ServerDiagnosticsNegativeTest:test_get_server_diagnostics_by_non_admin): 200 GET http://10.180.1.21/compute/v2.1/servers/c7f229c2-eab7-4906-8e1f-8cfefd4ac060 1.936s
2025-04-03 19:03:08.036 71410 INFO tempest.lib.common.rest_client [req-8d585676-f5d9-4deb-9132-73bb6fc1115e req-8d585676-f5d9-4deb-9132-73bb6fc1115e ] Request (FlavorsAccessNegativeTestJSON:tearDownClass): 200 GET http://10.180.1.21:9696/networking/v2.0/security-groups?tenant_id=7952adf3fe514e3aa6f67bfe63bc7e2f&name=default 0.343s
2025-04-03 19:03:08.145 71354 INFO tempest.lib.common.rest_client [req-a2283d59-ef48-40a1-b196-a7e8f1002948 req-a2283d59-ef48-40a1-b196-a7e8f1002948 ] Request (SecurityGroupRulesTestJSON:test_security_group_rules_list): 200 POST http://10.180.1.21/compute/v2.1/os-security-groups 2.005s
2025-04-03 19:03:08.179 71410 INFO tempest.lib.common.rest_client [req-cc02d035-6c49-40a1-bfaa-0f5fbd824c34 req-cc02d035-6c49-40a1-bfaa-0f5fbd824c34 ] Request (FlavorsAccessNegativeTestJSON:tearDownClass): 204 DELETE http://10.180.1.21:9696/networking/v2.0/security-groups/016eb624-d087-4795-a9fb-eaa1116a8146 0.143s
2025-04-03 19:03:08.266 71410 INFO tempest.lib.common.rest_client [req-b4bb7309-1243-4958-aa19-0e72d2e417f9 req-b4bb7309-1243-4958-aa19-0e72d2e417f9 ] Request (FlavorsAccessNegativeTestJSON:tearDownClass): 204 DELETE http://10.180.1.21/identity/v3/projects/7952adf3fe514e3aa6f67bfe63bc7e2f 0.086s
2025-04-03 19:03:08.266 71410 INFO tempest.lib.common.dynamic_creds [-] Deleting project and security group for project: a01bafe8e0e6481c9f8d677582683bab
2025-04-03 19:03:08.266 71398 INFO tempest.lib.common.rest_client [req-517a77df-a3a4-4df1-869d-89f178097e99 req-517a77df-a3a4-4df1-869d-89f178097e99 ] Request (MigrationsAdminTest:test_list_migrations_in_flavor_resize_situation): 200 GET http://10.180.1.21/compute/v2.1/servers/234bae3a-7868-453f-9072-24eb855d57ed 2.263s
2025-04-03 19:03:08.310 71396 INFO tempest.lib.common.rest_client [req-5da2e6b8-cdd0-4e1a-96c2-31b44b028359 req-5da2e6b8-cdd0-4e1a-96c2-31b44b028359 ] Request (ServersV294TestFqdnHostnames:setUpClass): 200 GET http://10.180.1.21/compute/v2.1/servers/50acee33-d8c1-42f4-a873-fc34c60d9b8c 2.081s
2025-04-03 19:03:08.356 71390 INFO tempest.lib.common.rest_client [req-678ef0c2-482e-4862-a4b3-3368a2b8450a req-678ef0c2-482e-4862-a4b3-3368a2b8450a ] Request (ServerRescueTestJSON:setUpClass): 200 GET http://10.180.1.21/compute/v2.1/servers/e43cd3ed-5a0e-4d1d-9177-9879a05db58f 2.073s
2025-04-03 19:03:08.403 71410 INFO tempest.lib.common.rest_client [req-5f1fb06d-aa36-4738-bfd2-8ab65ffd7e76 req-5f1fb06d-aa36-4738-bfd2-8ab65ffd7e76 ] Request (FlavorsAccessNegativeTestJSON:tearDownClass): 200 GET http://10.180.1.21:9696/networking/v2.0/security-groups?tenant_id=a01bafe8e0e6481c9f8d677582683bab&name=default 0.136s
2025-04-03 19:03:08.513 71362 INFO tempest.lib.common.rest_client [req-703e9f96-3d4c-4a48-90f7-bad3e92e0889 req-703e9f96-3d4c-4a48-90f7-bad3e92e0889 ] Request (ServersTestManualDisk:setUpClass): 200 GET http://10.180.1.21/compute/v2.1/servers/beed49de-6836-46f8-a6f0-c6fa330eafc3 2.027s
2025-04-03 19:03:08.527 71410 INFO tempest.lib.common.rest_client [req-a0cf9e19-a09a-4f3b-b18b-77c8befcbb92 req-a0cf9e19-a09a-4f3b-b18b-77c8befcbb92 ] Request (FlavorsAccessNegativeTestJSON:tearDownClass): 204 DELETE http://10.180.1.21:9696/networking/v2.0/security-groups/e590e3e5-b16f-445f-9a00-87976fcf35d5 0.124s
2025-04-03 19:03:08.601 71416 INFO tempest.lib.common.rest_client [req-630ae56f-623c-4a9c-baaa-fcd05689c734 req-630ae56f-623c-4a9c-baaa-fcd05689c734 ] Request (FloatingIPsTestJSON:test_allocate_floating_ip): 200 GET http://10.180.1.21/compute/v2.1/os-floating-ips 2.086s
2025-04-03 19:03:08.609 71356 INFO tempest.lib.common.rest_client [req-138e4754-acd7-4cc3-b8ff-9b2075a48d75 req-138e4754-acd7-4cc3-b8ff-9b2075a48d75 ] Request (ServersWithSpecificFlavorTestJSON:test_verify_created_server_ephemeral_disk): 200 GET http://10.180.1.21/compute/v2.1/servers/37447c09-45f9-4c5d-8c7f-f5d626a7e514 1.850s
2025-04-03 19:03:08.645 71364 INFO tempest.lib.common.rest_client [req-2870f0e9-c82e-4791-9d45-9a1f275c0408 req-2870f0e9-c82e-4791-9d45-9a1f275c0408 ] Request (ImagesTestJSON:test_create_image_from_stopped_server): 200 GET http://10.180.1.21/compute/v2.1/images/82b9a9a3-5ff7-4105-b4fa-d4a4b7bf4a4a 1.848s
2025-04-03 19:03:08.662 71410 INFO tempest.lib.common.rest_client [req-c0e28623-573d-4ec0-a7af-32de9df84722 req-c0e28623-573d-4ec0-a7af-32de9df84722 ] Request (FlavorsAccessNegativeTestJSON:tearDownClass): 204 DELETE http://10.180.1.21/identity/v3/projects/a01bafe8e0e6481c9f8d677582683bab 0.135s
2025-04-03 19:03:08.663 71410 INFO tempest.lib.common.dynamic_creds [-] Deleting project and security group for project: e51680f32e5e486ea6c68a21c3896b16
2025-04-03 19:03:08.674 71400 INFO tempest.lib.common.rest_client [req-8209badc-ef87-4656-958d-6800257fd6e0 req-8209badc-ef87-4656-958d-6800257fd6e0 ] Request (InstanceActionsV221TestJSON:test_get_list_deleted_instance_actions): 200 GET http://10.180.1.21/compute/v2.1/servers/d114d86b-843c-4928-b251-5747b5d6b5ec 1.692s
2025-04-03 19:03:08.677 71394 INFO tempest.lib.common.rest_client [req-9d22013f-fa7a-4605-a15e-94809f73410a req-9d22013f-fa7a-4605-a15e-94809f73410a ] Request (FlavorsAdminTestJSON:_run_cleanups): 200 GET http://10.180.1.21/compute/v2.1/flavors/detail 1.665s
2025-04-03 19:03:08.763 71372 INFO tempest.lib.common.rest_client [req-8dc2ae48-bb96-46cc-ae16-2f98dadf3a13 req-8dc2ae48-bb96-46cc-ae16-2f98dadf3a13 ] Request (ServersAdminNegativeTestJSON:test_migrate_server_invalid_state): 200 GET http://10.180.1.21/compute/v2.1/servers/a8f66b3f-61ac-45aa-ae7b-70d1bca99e24 1.653s
2025-04-03 19:03:08.767 71408 INFO tempest.lib.common.rest_client [req-ac32f318-f204-4b50-83e7-7262531b8547 req-ac32f318-f204-4b50-83e7-7262531b8547 ] Request (ServerDiagnosticsV248Test:tearDownClass): 200 GET http://10.180.1.21/compute/v2.1/servers/8b430097-236d-4d69-847c-1129653c46d7 1.677s
2025-04-03 19:03:08.794 71414 INFO tempest.lib.common.rest_client [req-9a4e8e59-6468-4200-99c7-577eaee6390a req-9a4e8e59-6468-4200-99c7-577eaee6390a ] Request (AggregatesAdminNegativeTestJSON:_run_cleanups): 200 DELETE http://10.180.1.21/compute/v2.1/os-aggregates/6 1.680s
2025-04-03 19:03:08.817 71370 INFO tempest.lib.common.rest_client [req-e5deaec0-cdb0-4135-a891-6bfa64c81d6a req-e5deaec0-cdb0-4135-a891-6bfa64c81d6a ] Request (SecurityGroupsTestJSON:test_security_group_create_get_delete): 200 GET http://10.180.1.21/compute/v2.1/os-security-groups/98071858-8720-4a11-b1fc-ae807d417d8d 1.602s
2025-04-03 19:03:08.843 71410 INFO tempest.lib.common.rest_client [req-780f79fa-bbf6-4e80-93d6-c49f526021bc req-780f79fa-bbf6-4e80-93d6-c49f526021bc ] Request (FlavorsAccessNegativeTestJSON:tearDownClass): 200 GET http://10.180.1.21:9696/networking/v2.0/security-groups?tenant_id=e51680f32e5e486ea6c68a21c3896b16&name=default 0.180s
2025-04-03 19:03:08.876 71378 INFO tempest.lib.common.rest_client [req-faa47dba-67ac-4180-91e1-c6b6ef0893d6 req-faa47dba-67ac-4180-91e1-c6b6ef0893d6 ] Request (DeleteServersAdminTestJSON:test_delete_server_while_in_error_state): 200 GET http://10.180.1.21/compute/v2.1/servers/03afbe12-b1c9-4613-b434-03c93336c95a 1.285s
2025-04-03 19:03:08.907 71389 INFO tempest.lib.common.rest_client [req-ee029a02-c636-44a8-836a-ff5392e9be6a req-ee029a02-c636-44a8-836a-ff5392e9be6a ] Request (ServerExternalEventsTest:test_create_server_external_events): 200 GET http://10.180.1.21/compute/v2.1/servers/3f60e673-e519-4511-8f17-553bd328c435 1.531s
2025-04-03 19:03:08.931 71392 INFO tempest.lib.common.rest_client [req-dae0a170-a15f-4a1a-bb13-26ecc2e2d949 req-dae0a170-a15f-4a1a-bb13-26ecc2e2d949 ] Request (VolumesTestJSON:setUpClass): 200 GET http://10.180.1.21/compute/v2.1/os-volumes/117c74d3-e6d2-4b3d-8a7f-2cedc1fa768a 1.262s
2025-04-03 19:03:08.985 71376 INFO tempest.lib.common.rest_client [req-6686fadc-87f5-4b32-b573-4db37276f44b req-6686fadc-87f5-4b32-b573-4db37276f44b ] Request (ServerDiskConfigTestJSON:test_rebuild_server_with_auto_disk_config): 200 GET http://10.180.1.21/compute/v2.1/servers/93b88cc5-9900-4fd3-bd5c-8e45ccb1008e 1.304s
2025-04-03 19:03:09.066 71366 INFO tempest.lib.common.rest_client [req-254c62c9-b578-4fd8-898b-48a90569cde9 req-254c62c9-b578-4fd8-898b-48a90569cde9 ] Request (InstanceActionsTestJSON:tearDownClass): 200 GET http://10.180.1.21/compute/v2.1/servers/2d27d490-abcb-4459-b039-e045378f97d6 1.252s
2025-04-03 19:03:09.130 71410 INFO tempest.lib.common.rest_client [req-6dfc3f0e-515b-4f81-a100-1a47811ea750 req-6dfc3f0e-515b-4f81-a100-1a47811ea750 ] Request (FlavorsAccessNegativeTestJSON:tearDownClass): 204 DELETE http://10.180.1.21:9696/networking/v2.0/security-groups/312cb070-e552-4e28-9655-eba2aaa4eb28 0.286s
2025-04-03 19:03:09.164 71360 INFO tempest.lib.common.rest_client [req-39a0abf6-8379-48ca-a58a-19284ce25d79 req-39a0abf6-8379-48ca-a58a-19284ce25d79 ] Request (ImagesOneServerTestJSON:setUpClass): 200 GET http://10.180.1.21/compute/v2.1/servers/8a655321-9dcf-41f1-820b-2d44039e289b 1.036s
2025-04-03 19:03:09.258 71410 INFO tempest.lib.common.rest_client [req-c9c7177e-9474-4a57-8be1-6456e5ddf297 req-c9c7177e-9474-4a57-8be1-6456e5ddf297 ] Request (FlavorsAccessNegativeTestJSON:tearDownClass): 204 DELETE http://10.180.1.21/identity/v3/projects/e51680f32e5e486ea6c68a21c3896b16 0.128s
2025-04-03 19:03:09.301 71402 INFO tempest.lib.common.rest_client [req-39746f4b-4aa0-46b2-acfc-8f35564c6207 req-39746f4b-4aa0-46b2-acfc-8f35564c6207 ] Request (FloatingIPDetailsTestJSON:tearDownClass): 202 DELETE http://10.180.1.21/compute/v2.1/os-floating-ips/88e18b39-0612-41e9-843f-9aa40c572315 1.553s
2025-04-03 19:03:09.323 71410 INFO tempest.lib.common.rest_client [req-e560a877-571d-46dd-aaca-e3f4f92c3de8 req-e560a877-571d-46dd-aaca-e3f4f92c3de8 ] Request (FlavorsV2NegativeTest:setUpClass): 201 POST http://10.180.1.21/identity/v3/auth/tokens 0.063s
2025-04-03 19:03:09.344 71368 WARNING tempest.lib.common.ssh [-] Failed to establish authenticated ssh connection to cirros@10.180.180.182 ([Errno None] Unable to connect to port 22 on 10.180.180.182). Number attempts: 1. Retry after 2 seconds.: paramiko.ssh_exception.NoValidConnectionsError: [Errno None] Unable to connect to port 22 on 10.180.180.182
2025-04-03 19:03:09.358 71358 INFO tempest.lib.common.rest_client [req-c2672362-c3b0-4d01-afe0-7c1780d1aa8f req-c2672362-c3b0-4d01-afe0-7c1780d1aa8f ] Request (ServersAdminTestJSON:setUpClass): 200 GET http://10.180.1.21/compute/v2.1/servers/926f7d25-80c5-408e-b2b5-0544d36305f2 1.159s
2025-04-03 19:03:09.364 71410 INFO tempest.lib.common.rest_client [req-7414b1f0-a5cb-4952-b773-9d07cb560925 req-7414b1f0-a5cb-4952-b773-9d07cb560925 ] Request (FlavorsV2NegativeTest:setUpClass): 201 POST http://10.180.1.21/identity/v3/auth/tokens 0.039s
2025-04-03 19:03:09.397 71410 INFO tempest.lib.common.rest_client [req-e90795b5-dcbf-4cd6-a33c-07abb9a46426 req-e90795b5-dcbf-4cd6-a33c-07abb9a46426 ] Request (FlavorsV2NegativeTest:setUpClass): 200 GET http://10.180.1.21/identity/v3/domains?name=Default 0.031s
2025-04-03 19:03:09.430 71410 INFO tempest.lib.common.rest_client [req-7d09fab3-b003-401a-b9fb-661e0058c852 req-7d09fab3-b003-401a-b9fb-661e0058c852 ] Request (FlavorsV2NegativeTest:setUpClass): 201 POST http://10.180.1.21/identity/v3/projects 0.033s
2025-04-03 19:03:09.513 71410 INFO tempest.lib.common.rest_client [req-d760e047-8c6d-4037-915e-bc59624232fe req-d760e047-8c6d-4037-915e-bc59624232fe ] Request (FlavorsV2NegativeTest:setUpClass): 201 POST http://10.180.1.21/identity/v3/users 0.082s
2025-04-03 19:03:09.538 71410 INFO tempest.lib.common.rest_client [req-fc30ee4f-09c8-440c-af3c-0869aadc36bd req-fc30ee4f-09c8-440c-af3c-0869aadc36bd ] Request (FlavorsV2NegativeTest:setUpClass): 200 GET http://10.180.1.21/identity/v3/roles 0.025s
2025-04-03 19:03:09.539 71354 INFO tempest.lib.common.rest_client [req-d0fd9855-e142-4730-8e1f-b1402fcc5c36 req-d0fd9855-e142-4730-8e1f-b1402fcc5c36 ] Request (SecurityGroupRulesTestJSON:test_security_group_rules_list): 200 POST http://10.180.1.21/compute/v2.1/os-security-group-rules 1.383s
2025-04-03 19:03:09.557 71384 INFO tempest.lib.common.rest_client [req-b0f19889-c804-4ea0-bad3-cfd6872ff575 req-b0f19889-c804-4ea0-bad3-cfd6872ff575 ] Request (ImagesOneServerNegativeTestJSON:setUpClass): 200 PUT http://10.180.1.21:9696/networking/v2.0/routers/f59a82d8-89c4-4dbd-b8e2-7c027f5b2a24/add_router_interface 2.402s
2025-04-03 19:03:09.557 71384 INFO tempest.lib.common.dynamic_creds [-] Created isolated network resources for: credentials: Credentials: {'domain_id': 'default', 'domain_name': 'Default', 'username': 'tempest-ImagesOneServerNegativeTestJSON-1959406027-project-member', 'project_domain_id': 'default', 'project_domain_name': 'Default', 'project_id': '6a9f09a4a8ee4950a9a502919b836e2f', 'project_name': 'tempest-ImagesOneServerNegativeTestJSON-1959406027', 'tenant_id': '6a9f09a4a8ee4950a9a502919b836e2f', 'tenant_name': 'tempest-ImagesOneServerNegativeTestJSON-1959406027', 'user_domain_id': 'default', 'user_domain_name': 'Default', 'user_id': '8fdd89ef22e24a718b4433cd72b7dbb2', 'system': None}, Network: {'id': '671c594d-3084-4ec5-b522-a807281c039c', 'name': 'tempest-ImagesOneServerNegativeTestJSON-219626004-network', 'tenant_id': '6a9f09a4a8ee4950a9a502919b836e2f', 'admin_state_up': True, 'mtu': 8950, 'status': 'ACTIVE', 'subnets': [], 'shared': False, 'project_id': '6a9f09a4a8ee4950a9a502919b836e2f', 'port_security_enabled': True, 'router:external': False, 'provider:network_type': 'vlan', 'provider:physical_network': 'default', 'provider:segmentation_id': 901, 'availability_zone_hints': [], 'availability_zones': [], 'ipv4_address_scope': None, 'ipv6_address_scope': None, 'description': '', 'tags': [], 'created_at': '2025-04-03T19:03:05Z', 'updated_at': '2025-04-03T19:03:05Z', 'revision_number': 1}, Subnet: {'id': 'dbe28848-5ae0-4831-ad24-d57fb1560083', 'name': 'tempest-ImagesOneServerNegativeTestJSON-219626004-subnet', 'tenant_id': '6a9f09a4a8ee4950a9a502919b836e2f', 'network_id': '671c594d-3084-4ec5-b522-a807281c039c', 'ip_version': 4, 'subnetpool_id': None, 'enable_dhcp': True, 'ipv6_ra_mode': None, 'ipv6_address_mode': None, 'gateway_ip': '192.168.128.1', 'cidr': '192.168.128.0/28', 'allocation_pools': [{'start': '192.168.128.2', 'end': '192.168.128.14'}], 'host_routes': [], 'dns_nameservers': [], 'description': '', 'router:external': False, 'service_types': [], 'tags': [], 'created_at': '2025-04-03T19:03:05Z', 'updated_at': '2025-04-03T19:03:05Z', 'revision_number': 0, 'project_id': '6a9f09a4a8ee4950a9a502919b836e2f'}, Router: {'id': 'f59a82d8-89c4-4dbd-b8e2-7c027f5b2a24', 'name': 'tempest-ImagesOneServerNegativeTestJSON-219626004-router', 'tenant_id': '6a9f09a4a8ee4950a9a502919b836e2f', 'admin_state_up': True, 'status': 'ACTIVE', 'external_gateway_info': {'network_id': '5cfef45f-af7d-4f0a-a0d7-66ad93016ec9', 'external_fixed_ips': [{'subnet_id': 'f871030c-de94-4632-bd7d-a8b4f468c938', 'ip_address': '10.180.180.181'}], 'enable_snat': True}, 'description': '', 'availability_zones': [], 'distributed': False, 'ha': False, 'availability_zone_hints': [], 'routes': [], 'flavor_id': None, 'tags': [], 'created_at': '2025-04-03T19:03:05Z', 'updated_at': '2025-04-03T19:03:06Z', 'revision_number': 2, 'project_id': '6a9f09a4a8ee4950a9a502919b836e2f'}
2025-04-03 19:03:09.564 71394 INFO tempest.lib.common.rest_client [req-6c88c72e-b7b7-44f7-be1e-99403d330c86 req-6c88c72e-b7b7-44f7-be1e-99403d330c86 ] Request (FlavorsAdminTestJSON:test_is_public_string_variations): 200 POST http://10.180.1.21/compute/v2.1/flavors 0.879s
2025-04-03 19:03:09.585 71410 INFO tempest.lib.common.rest_client [req-0f29c021-09cc-4521-a3b3-7baa1c20feaf req-0f29c021-09cc-4521-a3b3-7baa1c20feaf ] Request (FlavorsV2NegativeTest:setUpClass): 204 PUT http://10.180.1.21/identity/v3/projects/8d5bd33c25014d16a7c55d4881f71a41/users/05d5e73ffc1b4e54b2658b0081647ddd/roles/8183cca0cb594307afe3bb488291649b 0.046s
2025-04-03 19:03:09.585 71410 INFO tempest.lib.common.dynamic_creds [-] Dynamic test user 05d5e73ffc1b4e54b2658b0081647ddd is created with scope project and roles: ['member']
2025-04-03 19:03:09.585 71410 INFO tempest.lib.common.dynamic_creds [-] Acquired dynamic creds: credentials: Credentials: {'domain_id': 'default', 'domain_name': 'Default', 'username': 'tempest-FlavorsV2NegativeTest-1951146298-project-member', 'project_domain_id': 'default', 'project_domain_name': 'Default', 'project_id': '8d5bd33c25014d16a7c55d4881f71a41', 'project_name': 'tempest-FlavorsV2NegativeTest-1951146298', 'tenant_id': '8d5bd33c25014d16a7c55d4881f71a41', 'tenant_name': 'tempest-FlavorsV2NegativeTest-1951146298', 'user_domain_id': 'default', 'user_domain_name': 'Default', 'user_id': '05d5e73ffc1b4e54b2658b0081647ddd', 'system': None}, Network: None, Subnet: None, Router: None
2025-04-03 19:03:09.585 71410 INFO tempest.lib.common.dynamic_creds [-] Created isolated network resources for: credentials: Credentials: {'domain_id': 'default', 'domain_name': 'Default', 'username': 'tempest-FlavorsV2NegativeTest-1951146298-project-member', 'project_domain_id': 'default', 'project_domain_name': 'Default', 'project_id': '8d5bd33c25014d16a7c55d4881f71a41', 'project_name': 'tempest-FlavorsV2NegativeTest-1951146298', 'tenant_id': '8d5bd33c25014d16a7c55d4881f71a41', 'tenant_name': 'tempest-FlavorsV2NegativeTest-1951146298', 'user_domain_id': 'default', 'user_domain_name': 'Default', 'user_id': '05d5e73ffc1b4e54b2658b0081647ddd', 'system': None}, Network: None, Subnet: None, Router: None
2025-04-03 19:03:09.650 71404 INFO tempest.lib.common.rest_client [req-4fc203d9-68a7-431c-85c5-cbc033610d2d req-4fc203d9-68a7-431c-85c5-cbc033610d2d ] Request (ServersAdmin275Test:_run_cleanups): 200 GET http://10.180.1.21/compute/v2.1/servers/524f9d7c-3a51-4570-bad1-4b4a2e51c639 0.879s
2025-04-03 19:03:09.658 71384 INFO tempest.lib.common.rest_client [req-701af026-28a5-4f89-9a08-79b32ae4e90d req-701af026-28a5-4f89-9a08-79b32ae4e90d ] Request (ImagesOneServerNegativeTestJSON:setUpClass): 201 POST http://10.180.1.21/identity/v3/auth/tokens 0.092s
2025-04-03 19:03:09.661 71414 INFO tempest.lib.common.rest_client [req-ecbef113-23e9-46ff-9345-c9bf36f82b40 req-ecbef113-23e9-46ff-9345-c9bf36f82b40 ] Request (AggregatesAdminNegativeTestJSON:test_aggregate_get_details_with_invalid_id): 404 GET http://10.180.1.21/compute/v2.1/os-aggregates/-1 0.865s
2025-04-03 19:03:09.676 71410 INFO tempest.lib.common.rest_client [req-8c9b25af-7a5e-405d-9baf-98db303bf5ef req-8c9b25af-7a5e-405d-9baf-98db303bf5ef ] Request (FlavorsV2NegativeTest:setUpClass): 201 POST http://10.180.1.21/identity/v3/auth/tokens 0.084s
2025-04-03 19:03:09.692 71384 INFO tempest.lib.common.rest_client [req-0dc2aec2-b70f-43f9-8611-95fc9f6f9552 req-0dc2aec2-b70f-43f9-8611-95fc9f6f9552 ] Request (ImagesOneServerNegativeTestJSON:setUpClass): 201 POST http://10.180.1.21/identity/v3/auth/tokens 0.030s
2025-04-03 19:03:09.693 71384 INFO tempest.lib.common.fixed_network [-] (ImagesOneServerNegativeTestJSON:setUpClass) Found network {'id': '671c594d-3084-4ec5-b522-a807281c039c', 'name': 'tempest-ImagesOneServerNegativeTestJSON-219626004-network', 'tenant_id': '6a9f09a4a8ee4950a9a502919b836e2f', 'admin_state_up': True, 'mtu': 8950, 'status': 'ACTIVE', 'subnets': [], 'shared': False, 'project_id': '6a9f09a4a8ee4950a9a502919b836e2f', 'port_security_enabled': True, 'router:external': False, 'provider:network_type': 'vlan', 'provider:physical_network': 'default', 'provider:segmentation_id': 901, 'availability_zone_hints': [], 'availability_zones': [], 'ipv4_address_scope': None, 'ipv6_address_scope': None, 'description': '', 'tags': [], 'created_at': '2025-04-03T19:03:05Z', 'updated_at': '2025-04-03T19:03:05Z', 'revision_number': 1} available for tenant
2025-04-03 19:03:09.696 71386 INFO tempest.lib.common.rest_client [req-90d6c2fe-1559-4114-ba76-589ed78416a3 req-90d6c2fe-1559-4114-ba76-589ed78416a3 ] Request (ServerAddressesNegativeTestJSON:setUpClass): 201 POST http://10.180.1.21:9696/networking/v2.0/routers 2.086s
2025-04-03 19:03:09.764 71416 INFO tempest.lib.common.rest_client [req-19e9efad-720d-44a5-81e0-02598f2dbf66 req-19e9efad-720d-44a5-81e0-02598f2dbf66 ] Request (FloatingIPsTestJSON:_run_cleanups): 202 DELETE http://10.180.1.21/compute/v2.1/os-floating-ips/02ffb08e-ed09-4cbb-859a-22fb2eea4143 1.159s
2025-04-03 19:03:09.836 71370 INFO tempest.lib.common.rest_client [req-47b5dcc8-d2a0-47af-942d-54c0bb6a1393 req-47b5dcc8-d2a0-47af-942d-54c0bb6a1393 ] Request (SecurityGroupsTestJSON:test_security_group_create_get_delete): 202 DELETE http://10.180.1.21/compute/v2.1/os-security-groups/98071858-8720-4a11-b1fc-ae807d417d8d 1.012s
2025-04-03 19:03:09.891 71382 INFO tempest.lib.common.rest_client [req-bbc3f906-a195-4a94-949d-a1b969b30877 req-bbc3f906-a195-4a94-949d-a1b969b30877 ] Request (ServerDiagnosticsTest:test_get_server_diagnostics): 200 GET http://10.180.1.21/compute/v2.1/servers/ebc8a1c8-1686-4703-93b9-4994f544fee0 0.969s
2025-04-03 19:03:09.903 71382 INFO tempest.common.waiters [-] State transition "BUILD/spawning" ==> "ACTIVE/None" after 28 second wait
2025-04-03 19:03:09.904 71392 INFO tempest.lib.common.rest_client [req-3831ad57-7c74-4ebd-9b5f-d62be3aa0944 req-3831ad57-7c74-4ebd-9b5f-d62be3aa0944 ] Request (VolumesTestJSON:test_volume_list): 200 GET http://10.180.1.21/compute/v2.1/os-volumes 0.968s
2025-04-03 19:03:09.949 71374 INFO tempest.lib.common.rest_client [req-a3867715-8225-4550-9b6c-48da7512f1e2 req-a3867715-8225-4550-9b6c-48da7512f1e2 ] Request (ServerDiagnosticsNegativeTest:test_get_server_diagnostics_by_non_admin): 200 GET http://10.180.1.21/compute/v2.1/servers/c7f229c2-eab7-4906-8e1f-8cfefd4ac060 0.956s
2025-04-03 19:03:10.048 71398 INFO tempest.lib.common.rest_client [req-4a0d8d66-7f82-418c-b5e1-137ca87f2770 req-4a0d8d66-7f82-418c-b5e1-137ca87f2770 ] Request (MigrationsAdminTest:test_list_migrations_in_flavor_resize_situation): 200 GET http://10.180.1.21/compute/v2.1/servers/234bae3a-7868-453f-9072-24eb855d57ed 0.773s
2025-04-03 19:03:10.179 71396 INFO tempest.lib.common.rest_client [req-a077c90c-dde9-4445-888c-309c6f2e88f6 req-a077c90c-dde9-4445-888c-309c6f2e88f6 ] Request (ServersV294TestFqdnHostnames:setUpClass): 200 GET http://10.180.1.21/compute/v2.1/servers/50acee33-d8c1-42f4-a873-fc34c60d9b8c 0.856s
2025-04-03 19:03:10.249 71390 INFO tempest.lib.common.rest_client [req-297ccd5b-0764-4196-a694-dfe9395578e4 req-297ccd5b-0764-4196-a694-dfe9395578e4 ] Request (ServerRescueTestJSON:setUpClass): 200 GET http://10.180.1.21/compute/v2.1/servers/e43cd3ed-5a0e-4d1d-9177-9879a05db58f 0.881s
2025-04-03 19:03:10.278 71402 INFO tempest.lib.common.rest_client [req-db875e0c-2287-4fe1-b414-8fb191a63184 req-db875e0c-2287-4fe1-b414-8fb191a63184 ] Request (FloatingIPDetailsTestJSON:tearDownClass): 202 DELETE http://10.180.1.21/compute/v2.1/os-floating-ips/f3d55588-3317-431e-b677-4bb4fc168483 0.976s
2025-04-03 19:03:10.387 71362 INFO tempest.lib.common.rest_client [req-5aabaf91-6dd6-4603-9b8f-74da7745022a req-5aabaf91-6dd6-4603-9b8f-74da7745022a ] Request (ServersTestManualDisk:setUpClass): 200 GET http://10.180.1.21/compute/v2.1/servers/beed49de-6836-46f8-a6f0-c6fa330eafc3 0.865s
2025-04-03 19:03:10.410 71394 INFO tempest.lib.common.rest_client [req-25116d3a-7387-4cff-8f1a-92794347fc68 req-25116d3a-7387-4cff-8f1a-92794347fc68 ] Request (FlavorsAdminTestJSON:test_is_public_string_variations): 200 POST http://10.180.1.21/compute/v2.1/flavors 0.843s
2025-04-03 19:03:10.482 71356 INFO tempest.lib.common.rest_client [req-b1b66b0c-e61b-491a-a7cf-f8da45d4def4 req-b1b66b0c-e61b-491a-a7cf-f8da45d4def4 ] Request (ServersWithSpecificFlavorTestJSON:test_verify_created_server_ephemeral_disk): 200 GET http://10.180.1.21/compute/v2.1/servers/37447c09-45f9-4c5d-8c7f-f5d626a7e514 0.860s
2025-04-03 19:03:10.526 71364 INFO tempest.lib.common.rest_client [req-ac835070-7e5e-4946-8ce2-ce14aff181f4 req-ac835070-7e5e-4946-8ce2-ce14aff181f4 ] Request (ImagesTestJSON:test_create_image_from_stopped_server): 200 GET http://10.180.1.21/compute/v2.1/images/82b9a9a3-5ff7-4105-b4fa-d4a4b7bf4a4a 0.871s
2025-04-03 19:03:10.534 71414 INFO tempest.lib.common.rest_client [req-dcb50cbc-bd21-47b1-a3cb-df6a868d37df req-dcb50cbc-bd21-47b1-a3cb-df6a868d37df ] Request (AggregatesAdminNegativeTestJSON:test_aggregate_list_as_user): 403 GET http://10.180.1.21/compute/v2.1/os-aggregates 0.872s
2025-04-03 19:03:10.626 71410 INFO tempest.lib.common.rest_client [req-4994c72d-f264-421e-ac24-379971bfa23c req-4994c72d-f264-421e-ac24-379971bfa23c ] Request (FlavorsV2NegativeTest:test_boot_with_low_ram): 200 GET http://10.180.1.21/compute/v2.1/flavors/42 0.946s
2025-04-03 19:03:10.772 71354 INFO tempest.lib.common.rest_client [req-3ecbee86-4088-446b-a307-26befe604269 req-3ecbee86-4088-446b-a307-26befe604269 ] Request (SecurityGroupRulesTestJSON:test_security_group_rules_list): 200 POST http://10.180.1.21/compute/v2.1/os-security-group-rules 1.231s
2025-04-03 19:03:10.905 71400 INFO tempest.lib.common.rest_client [req-a48238a9-0afe-47a9-810b-dbddfab3a25c req-a48238a9-0afe-47a9-810b-dbddfab3a25c ] Request (InstanceActionsV221TestJSON:test_get_list_deleted_instance_actions): 200 GET http://10.180.1.21/compute/v2.1/servers/d114d86b-843c-4928-b251-5747b5d6b5ec 1.207s
2025-04-03 19:03:11.068 71410 INFO tempest.lib.common.rest_client [req-a8a7177b-6e0b-4276-afde-75b30b2ebff4 req-a8a7177b-6e0b-4276-afde-75b30b2ebff4 ] Request (FlavorsV2NegativeTest:test_boot_with_low_ram): 201 POST http://10.180.1.21/image/v2/images 0.431s
2025-04-03 19:03:11.155 71386 INFO tempest.lib.common.rest_client [req-f543180e-f231-4ec1-8338-5179e94d232b req-f543180e-f231-4ec1-8338-5179e94d232b ] Request (ServerAddressesNegativeTestJSON:setUpClass): 200 PUT http://10.180.1.21:9696/networking/v2.0/routers/c4df40fd-7c29-4aec-969b-a31609a11c9e/add_router_interface 1.458s
2025-04-03 19:03:11.155 71386 INFO tempest.lib.common.dynamic_creds [-] Created isolated network resources for: credentials: Credentials: {'domain_id': 'default', 'domain_name': 'Default', 'username': 'tempest-ServerAddressesNegativeTestJSON-545954874-project-member', 'project_domain_id': 'default', 'project_domain_name': 'Default', 'project_id': '4d80c7f0a8bd42bfb3cfdaff342bf1d5', 'project_name': 'tempest-ServerAddressesNegativeTestJSON-545954874', 'tenant_id': '4d80c7f0a8bd42bfb3cfdaff342bf1d5', 'tenant_name': 'tempest-ServerAddressesNegativeTestJSON-545954874', 'user_domain_id': 'default', 'user_domain_name': 'Default', 'user_id': '0004ebdbffe742dc9d48f0d9a6e72135', 'system': None}, Network: {'id': '00b21a4f-c389-4bbc-8057-61c22fd095ab', 'name': 'tempest-ServerAddressesNegativeTestJSON-1194155117-network', 'tenant_id': '4d80c7f0a8bd42bfb3cfdaff342bf1d5', 'admin_state_up': True, 'mtu': 8950, 'status': 'ACTIVE', 'subnets': [], 'shared': False, 'project_id': '4d80c7f0a8bd42bfb3cfdaff342bf1d5', 'port_security_enabled': True, 'router:external': False, 'provider:network_type': 'vlan', 'provider:physical_network': 'default', 'provider:segmentation_id': 323, 'availability_zone_hints': [], 'availability_zones': [], 'ipv4_address_scope': None, 'ipv6_address_scope': None, 'description': '', 'tags': [], 'created_at': '2025-04-03T19:03:07Z', 'updated_at': '2025-04-03T19:03:07Z', 'revision_number': 1}, Subnet: {'id': 'b72e1980-ead1-4c4c-b6ba-dc0ff7f7c3f4', 'name': 'tempest-ServerAddressesNegativeTestJSON-1194155117-subnet', 'tenant_id': '4d80c7f0a8bd42bfb3cfdaff342bf1d5', 'network_id': '00b21a4f-c389-4bbc-8057-61c22fd095ab', 'ip_version': 4, 'subnetpool_id': None, 'enable_dhcp': True, 'ipv6_ra_mode': None, 'ipv6_address_mode': None, 'gateway_ip': '192.168.128.1', 'cidr': '192.168.128.0/28', 'allocation_pools': [{'start': '192.168.128.2', 'end': '192.168.128.14'}], 'host_routes': [], 'dns_nameservers': [], 'description': '', 'router:external': False, 'service_types': [], 'tags': [], 'created_at': '2025-04-03T19:03:07Z', 'updated_at': '2025-04-03T19:03:07Z', 'revision_number': 0, 'project_id': '4d80c7f0a8bd42bfb3cfdaff342bf1d5'}, Router: {'id': 'c4df40fd-7c29-4aec-969b-a31609a11c9e', 'name': 'tempest-ServerAddressesNegativeTestJSON-1194155117-router', 'tenant_id': '4d80c7f0a8bd42bfb3cfdaff342bf1d5', 'admin_state_up': True, 'status': 'ACTIVE', 'external_gateway_info': {'network_id': '5cfef45f-af7d-4f0a-a0d7-66ad93016ec9', 'external_fixed_ips': [{'subnet_id': 'f871030c-de94-4632-bd7d-a8b4f468c938', 'ip_address': '10.180.180.209'}], 'enable_snat': True}, 'description': '', 'availability_zones': [], 'distributed': False, 'ha': False, 'availability_zone_hints': [], 'routes': [], 'flavor_id': None, 'tags': [], 'created_at': '2025-04-03T19:03:07Z', 'updated_at': '2025-04-03T19:03:08Z', 'revision_number': 2, 'project_id': '4d80c7f0a8bd42bfb3cfdaff342bf1d5'}
2025-04-03 19:03:11.273 71386 INFO tempest.lib.common.rest_client [req-aab42dd5-f703-4e9f-9521-3659b6ec7c65 req-aab42dd5-f703-4e9f-9521-3659b6ec7c65 ] Request (ServerAddressesNegativeTestJSON:setUpClass): 201 POST http://10.180.1.21/identity/v3/auth/tokens 0.110s
2025-04-03 19:03:11.311 71386 INFO tempest.lib.common.rest_client [req-3796ef71-04e8-4bfb-a3d6-4b392ffb621f req-3796ef71-04e8-4bfb-a3d6-4b392ffb621f ] Request (ServerAddressesNegativeTestJSON:setUpClass): 201 POST http://10.180.1.21/identity/v3/auth/tokens 0.033s
2025-04-03 19:03:11.312 71386 INFO tempest.lib.common.fixed_network [-] (ServerAddressesNegativeTestJSON:setUpClass) Found network {'id': '00b21a4f-c389-4bbc-8057-61c22fd095ab', 'name': 'tempest-ServerAddressesNegativeTestJSON-1194155117-network', 'tenant_id': '4d80c7f0a8bd42bfb3cfdaff342bf1d5', 'admin_state_up': True, 'mtu': 8950, 'status': 'ACTIVE', 'subnets': [], 'shared': False, 'project_id': '4d80c7f0a8bd42bfb3cfdaff342bf1d5', 'port_security_enabled': True, 'router:external': False, 'provider:network_type': 'vlan', 'provider:physical_network': 'default', 'provider:segmentation_id': 323, 'availability_zone_hints': [], 'availability_zones': [], 'ipv4_address_scope': None, 'ipv6_address_scope': None, 'description': '', 'tags': [], 'created_at': '2025-04-03T19:03:07Z', 'updated_at': '2025-04-03T19:03:07Z', 'revision_number': 1} available for tenant
2025-04-03 19:03:11.736 71402 INFO tempest.lib.common.rest_client [req-20b9462a-7aed-4065-840a-d2cde3b8f26f req-20b9462a-7aed-4065-840a-d2cde3b8f26f ] Request (FloatingIPDetailsTestJSON:tearDownClass): 200 PUT http://10.180.1.21:9696/networking/v2.0/routers/5f0bc3fe-6ea0-4614-bc80-3413107ebb0e/remove_router_interface 1.458s
2025-04-03 19:03:11.782 71410 INFO tempest.lib.common.rest_client [req-8c70f1d8-643e-4027-a398-51f3b4f05eaf req-8c70f1d8-643e-4027-a398-51f3b4f05eaf ] Request (FlavorsV2NegativeTest:test_boot_with_low_ram): 204 PUT http://10.180.1.21/image/v2/images/ca5f1bce-20aa-40c7-93f1-956b2cacb713/file 0.709s
2025-04-03 19:03:11.834 71410 INFO tempest.lib.common.rest_client [req-0068020b-e25f-4e76-89fe-098fe4c2da74 req-0068020b-e25f-4e76-89fe-098fe4c2da74 ] Request (FlavorsV2NegativeTest:test_boot_with_low_ram): 201 POST http://10.180.1.21/identity/v3/auth/tokens 0.047s
2025-04-03 19:03:11.835 71410 INFO tempest.lib.common.fixed_network [-] (FlavorsV2NegativeTest:test_boot_with_low_ram) Found network None available for tenant
2025-04-03 19:03:11.898 71416 INFO tempest.lib.common.rest_client [req-69c67f96-fb0f-4180-be98-612d8f4426e6 req-69c67f96-fb0f-4180-be98-612d8f4426e6 ] Request (FloatingIPsTestJSON:test_delete_floating_ip): 200 POST http://10.180.1.21/compute/v2.1/os-floating-ips 2.133s
2025-04-03 19:03:11.975 71372 INFO tempest.lib.common.rest_client [req-29f10861-72b0-47c9-a7cd-973831aa8036 req-29f10861-72b0-47c9-a7cd-973831aa8036 ] Request (ServersAdminNegativeTestJSON:test_migrate_server_invalid_state): 200 GET http://10.180.1.21/compute/v2.1/servers/a8f66b3f-61ac-45aa-ae7b-70d1bca99e24 2.200s
2025-04-03 19:03:11.983 71372 INFO tempest.common.waiters [-] State transition "BUILD/scheduling" ==> "BUILD/None" after 5 second wait
2025-04-03 19:03:12.049 71408 INFO tempest.lib.common.rest_client [req-2409d2be-46ed-4675-9568-c3c2d9560785 req-2409d2be-46ed-4675-9568-c3c2d9560785 ] Request (ServerDiagnosticsV248Test:tearDownClass): 200 GET http://10.180.1.21/compute/v2.1/servers/8b430097-236d-4d69-847c-1129653c46d7 2.264s
2025-04-03 19:03:12.068 71370 INFO tempest.lib.common.rest_client [req-186161da-8742-4e19-945b-79e45fa22de2 req-186161da-8742-4e19-945b-79e45fa22de2 ] Request (SecurityGroupsTestJSON:test_security_group_create_get_delete): 404 GET http://10.180.1.21/compute/v2.1/os-security-groups/98071858-8720-4a11-b1fc-ae807d417d8d 2.231s
2025-04-03 19:03:12.123 71378 INFO tempest.lib.common.rest_client [req-b4fb54f5-c309-4319-bb3e-a70b31710758 req-b4fb54f5-c309-4319-bb3e-a70b31710758 ] Request (DeleteServersAdminTestJSON:test_delete_server_while_in_error_state): 200 GET http://10.180.1.21/compute/v2.1/servers/03afbe12-b1c9-4613-b434-03c93336c95a 2.237s
2025-04-03 19:03:12.224 71384 INFO tempest.lib.common.rest_client [req-fbc80426-e304-4f83-9d7a-b83394d3f602 req-fbc80426-e304-4f83-9d7a-b83394d3f602 ] Request (ImagesOneServerNegativeTestJSON:setUpClass): 202 POST http://10.180.1.21/compute/v2.1/servers 2.530s
2025-04-03 19:03:12.298 71402 INFO tempest.lib.common.rest_client [req-c4592382-0da0-43d8-8d98-880fb9f00c60 req-c4592382-0da0-43d8-8d98-880fb9f00c60 ] Request (FloatingIPDetailsTestJSON:tearDownClass): 204 DELETE http://10.180.1.21:9696/networking/v2.0/routers/5f0bc3fe-6ea0-4614-bc80-3413107ebb0e 0.561s
2025-04-03 19:03:12.299 71392 INFO tempest.lib.common.rest_client [req-ddadf4ab-a1bf-4c46-a4a4-622ea1e4312a req-ddadf4ab-a1bf-4c46-a4a4-622ea1e4312a ] Request (VolumesTestJSON:test_volume_list_param_limit): 200 GET http://10.180.1.21/compute/v2.1/os-volumes?limit=2 2.390s
2025-04-03 19:03:12.363 71389 INFO tempest.lib.common.rest_client [req-b6c892fb-7550-4d29-aa2d-2b99b93e0e2d req-b6c892fb-7550-4d29-aa2d-2b99b93e0e2d ] Request (ServerExternalEventsTest:test_create_server_external_events): 200 GET http://10.180.1.21/compute/v2.1/servers/3f60e673-e519-4511-8f17-553bd328c435 2.440s
2025-04-03 19:03:12.414 71368 WARNING tempest.lib.common.ssh [-] Failed to establish authenticated ssh connection to cirros@10.180.180.182 ([Errno None] Unable to connect to port 22 on 10.180.180.182). Number attempts: 2. Retry after 3 seconds.: paramiko.ssh_exception.NoValidConnectionsError: [Errno None] Unable to connect to port 22 on 10.180.180.182
2025-04-03 19:03:12.424 71376 INFO tempest.lib.common.rest_client [req-3e982527-8d14-43d3-adf6-4ce934b1a20b req-3e982527-8d14-43d3-adf6-4ce934b1a20b ] Request (ServerDiskConfigTestJSON:test_rebuild_server_with_auto_disk_config): 200 GET http://10.180.1.21/compute/v2.1/servers/93b88cc5-9900-4fd3-bd5c-8e45ccb1008e 2.428s
2025-04-03 19:03:12.437 71402 INFO tempest.lib.common.rest_client [req-cc9c549d-9890-4269-abf7-2bda495595e3 req-cc9c549d-9890-4269-abf7-2bda495595e3 ] Request (FloatingIPDetailsTestJSON:tearDownClass): 204 DELETE http://10.180.1.21:9696/networking/v2.0/subnets/349d3585-f02c-480b-8bf1-8007439ffc03 0.139s
2025-04-03 19:03:12.489 71366 INFO tempest.lib.common.rest_client [req-96325dd7-e06a-4e5e-b2d4-91ed94df460c req-96325dd7-e06a-4e5e-b2d4-91ed94df460c ] Request (InstanceActionsTestJSON:tearDownClass): 200 GET http://10.180.1.21/compute/v2.1/servers/2d27d490-abcb-4459-b039-e045378f97d6 2.408s
2025-04-03 19:03:12.565 71360 INFO tempest.lib.common.rest_client [req-f5ec9bee-e182-4a98-8c21-ac72c6c0a4f5 req-f5ec9bee-e182-4a98-8c21-ac72c6c0a4f5 ] Request (ImagesOneServerTestJSON:setUpClass): 200 GET http://10.180.1.21/compute/v2.1/servers/8a655321-9dcf-41f1-820b-2d44039e289b 2.388s
2025-04-03 19:03:12.604 71406 WARNING tempest.lib.common.ssh [-] Failed to establish authenticated ssh connection to cirros@10.180.180.168 ([Errno None] Unable to connect to port 22 on 10.180.180.168). Number attempts: 3. Retry after 4 seconds.: paramiko.ssh_exception.NoValidConnectionsError: [Errno None] Unable to connect to port 22 on 10.180.180.168
2025-04-03 19:03:12.619 71358 INFO tempest.lib.common.rest_client [req-53e77e08-8c6f-4e8e-ad33-1e644197684b req-53e77e08-8c6f-4e8e-ad33-1e644197684b ] Request (ServersAdminTestJSON:setUpClass): 200 GET http://10.180.1.21/compute/v2.1/servers/926f7d25-80c5-408e-b2b5-0544d36305f2 2.249s
2025-04-03 19:03:12.643 71394 INFO tempest.lib.common.rest_client [req-9a727fcb-10be-4d60-a22c-c5b08ea2f8e1 req-9a727fcb-10be-4d60-a22c-c5b08ea2f8e1 ] Request (FlavorsAdminTestJSON:test_is_public_string_variations): 200 GET http://10.180.1.21/compute/v2.1/flavors/detail?is_public=f 2.230s
2025-04-03 19:03:12.671 71414 INFO tempest.lib.common.rest_client [req-cd6caa7a-bcdf-435f-9b78-239ba867a303 req-cd6caa7a-bcdf-435f-9b78-239ba867a303 ] Request (AggregatesAdminNegativeTestJSON:test_aggregate_remove_host_as_user): 200 POST http://10.180.1.21/compute/v2.1/os-aggregates 2.135s
2025-04-03 19:03:12.674 71380 WARNING tempest.lib.common.ssh [-] Failed to establish authenticated ssh connection to cirros@10.180.180.231 ([Errno None] Unable to connect to port 22 on 10.180.180.231). Number attempts: 1. Retry after 2 seconds.: paramiko.ssh_exception.NoValidConnectionsError: [Errno None] Unable to connect to port 22 on 10.180.180.231
2025-04-03 19:03:12.747 71404 INFO tempest.lib.common.rest_client [req-73ee16ee-9977-4cc3-8b5a-58e6d057fddf req-73ee16ee-9977-4cc3-8b5a-58e6d057fddf ] Request (ServersAdmin275Test:_run_cleanups): 200 GET http://10.180.1.21/compute/v2.1/servers/524f9d7c-3a51-4570-bad1-4b4a2e51c639 2.081s
2025-04-03 19:03:12.768 71382 INFO tempest.lib.common.rest_client [req-936938e6-92d9-4f49-9446-452209879999 req-936938e6-92d9-4f49-9446-452209879999 ] Request (ServerDiagnosticsTest:test_get_server_diagnostics): 200 GET http://10.180.1.21/compute/v2.1/servers/ebc8a1c8-1686-4703-93b9-4994f544fee0/diagnostics 2.864s
2025-04-03 19:03:12.841 71354 INFO tempest.lib.common.rest_client [req-b07e6370-ad19-4ba5-b58c-dd75b8848926 req-b07e6370-ad19-4ba5-b58c-dd75b8848926 ] Request (SecurityGroupRulesTestJSON:test_security_group_rules_list): 200 GET http://10.180.1.21/compute/v2.1/os-security-groups/188cb5c6-2525-41fa-b239-89d78eb02ab6 2.066s
2025-04-03 19:03:12.854 71374 INFO tempest.lib.common.rest_client [req-a813d5e0-0431-4118-9411-e61eddbd492d req-a813d5e0-0431-4118-9411-e61eddbd492d ] Request (ServerDiagnosticsNegativeTest:test_get_server_diagnostics_by_non_admin): 200 GET http://10.180.1.21/compute/v2.1/servers/c7f229c2-eab7-4906-8e1f-8cfefd4ac060 1.894s
2025-04-03 19:03:12.870 71402 INFO tempest.lib.common.rest_client [req-407bcfe1-2f09-4b02-aa18-0058192d8c91 req-407bcfe1-2f09-4b02-aa18-0058192d8c91 ] Request (FloatingIPDetailsTestJSON:tearDownClass): 204 DELETE http://10.180.1.21:9696/networking/v2.0/networks/596c7df5-5435-40b0-afd2-b461aefa66e4 0.433s
2025-04-03 19:03:13.031 71398 INFO tempest.lib.common.rest_client [req-6407e35b-2863-4ffb-997b-89c4a5ad8451 req-6407e35b-2863-4ffb-997b-89c4a5ad8451 ] Request (MigrationsAdminTest:test_list_migrations_in_flavor_resize_situation): 200 GET http://10.180.1.21/compute/v2.1/servers/234bae3a-7868-453f-9072-24eb855d57ed 1.973s
2025-04-03 19:03:13.032 71402 INFO tempest.lib.common.rest_client [req-584e8892-dc14-4fa2-b900-c3071b784a58 req-584e8892-dc14-4fa2-b900-c3071b784a58 ] Request (FloatingIPDetailsTestJSON:tearDownClass): 204 DELETE http://10.180.1.21/identity/v3/users/04dcc3d05bcf4ee4a3e459b85694b243 0.161s
2025-04-03 19:03:13.032 71402 INFO tempest.lib.common.dynamic_creds [-] Deleting project and security group for project: de375926d3ec49e7804fa7d569bb3f22
2025-04-03 19:03:13.039 71396 INFO tempest.lib.common.rest_client [req-a8045d97-1ad9-4311-a235-330eecbe920f req-a8045d97-1ad9-4311-a235-330eecbe920f ] Request (ServersV294TestFqdnHostnames:setUpClass): 200 GET http://10.180.1.21/compute/v2.1/servers/50acee33-d8c1-42f4-a873-fc34c60d9b8c 1.845s
2025-04-03 19:03:13.056 71396 INFO tempest.common.waiters [-] State transition "BUILD/spawning" ==> "ACTIVE/None" after 31 second wait
2025-04-03 19:03:13.060 71402 INFO tempest.lib.common.rest_client [req-fde661b3-7ea1-4efc-ad60-e75a003955db req-fde661b3-7ea1-4efc-ad60-e75a003955db ] Request (FloatingIPDetailsTestJSON:tearDownClass): 200 GET http://10.180.1.21:9696/networking/v2.0/security-groups?tenant_id=de375926d3ec49e7804fa7d569bb3f22&name=default 0.027s
2025-04-03 19:03:13.096 71390 INFO tempest.lib.common.rest_client [req-6a69b112-6b19-439a-97d5-c9b932853d14 req-6a69b112-6b19-439a-97d5-c9b932853d14 ] Request (ServerRescueTestJSON:setUpClass): 200 GET http://10.180.1.21/compute/v2.1/servers/e43cd3ed-5a0e-4d1d-9177-9879a05db58f 1.834s
2025-04-03 19:03:13.202 71402 INFO tempest.lib.common.rest_client [req-f1af024a-66b6-4e34-99c2-89217b6a17cc req-f1af024a-66b6-4e34-99c2-89217b6a17cc ] Request (FloatingIPDetailsTestJSON:tearDownClass): 204 DELETE http://10.180.1.21:9696/networking/v2.0/security-groups/6f8d6976-ad8f-4ba7-8796-1216b15ba878 0.142s
2025-04-03 19:03:13.220 71362 INFO tempest.lib.common.rest_client [req-f2d2a974-da40-4430-a026-07dd096cc7f8 req-f2d2a974-da40-4430-a026-07dd096cc7f8 ] Request (ServersTestManualDisk:setUpClass): 200 GET http://10.180.1.21/compute/v2.1/servers/beed49de-6836-46f8-a6f0-c6fa330eafc3 1.821s
2025-04-03 19:03:13.232 71362 INFO tempest.common.waiters [-] State transition "BUILD/spawning" ==> "ACTIVE/None" after 30 second wait
2025-04-03 19:03:13.286 71356 INFO tempest.lib.common.rest_client [req-a93f57fd-c2c7-48d5-977f-a772c9a387de req-a93f57fd-c2c7-48d5-977f-a772c9a387de ] Request (ServersWithSpecificFlavorTestJSON:test_verify_created_server_ephemeral_disk): 200 GET http://10.180.1.21/compute/v2.1/servers/37447c09-45f9-4c5d-8c7f-f5d626a7e514 1.788s
2025-04-03 19:03:13.313 71402 INFO tempest.lib.common.rest_client [req-30f7e7c2-23bf-4ce7-b22a-0f8e7d0e018b req-30f7e7c2-23bf-4ce7-b22a-0f8e7d0e018b ] Request (FloatingIPDetailsTestJSON:tearDownClass): 204 DELETE http://10.180.1.21/identity/v3/projects/de375926d3ec49e7804fa7d569bb3f22 0.110s
2025-04-03 19:03:13.316 71364 INFO tempest.lib.common.rest_client [req-fe2b3f6d-f588-4cf7-a8b1-b35e300fbac1 req-fe2b3f6d-f588-4cf7-a8b1-b35e300fbac1 ] Request (ImagesTestJSON:test_create_image_from_stopped_server): 200 GET http://10.180.1.21/compute/v2.1/images/82b9a9a3-5ff7-4105-b4fa-d4a4b7bf4a4a 1.786s
2025-04-03 19:03:13.378 71402 INFO tempest.lib.common.rest_client [req-9a469e21-ac9a-4a5e-ad1f-17446a9e1f12 req-9a469e21-ac9a-4a5e-ad1f-17446a9e1f12 ] Request (ServerShowV257Test:setUpClass): 201 POST http://10.180.1.21/identity/v3/auth/tokens 0.063s
2025-04-03 19:03:13.408 71402 INFO tempest.lib.common.rest_client [req-a82b5791-3a51-4d57-a566-d73cb1fb39f0 req-a82b5791-3a51-4d57-a566-d73cb1fb39f0 ] Request (ServerShowV257Test:setUpClass): 201 POST http://10.180.1.21/identity/v3/auth/tokens 0.027s
2025-04-03 19:03:13.433 71402 INFO tempest.lib.common.rest_client [req-6f26eaa4-f8ff-4fe4-a419-26f26b1adf9a req-6f26eaa4-f8ff-4fe4-a419-26f26b1adf9a ] Request (ServerShowV257Test:setUpClass): 200 GET http://10.180.1.21/identity/v3/domains?name=Default 0.025s
2025-04-03 19:03:13.439 71410 INFO tempest.lib.common.rest_client [req-0f650797-83b5-458a-9560-e9a2e662de0c req-0f650797-83b5-458a-9560-e9a2e662de0c ] Request (FlavorsV2NegativeTest:test_boot_with_low_ram): 400 POST http://10.180.1.21/compute/v2.1/servers 1.601s
2025-04-03 19:03:13.466 71402 INFO tempest.lib.common.rest_client [req-86725743-f261-4402-a530-1890d8d4ce71 req-86725743-f261-4402-a530-1890d8d4ce71 ] Request (ServerShowV257Test:setUpClass): 201 POST http://10.180.1.21/identity/v3/projects 0.033s
2025-04-03 19:03:13.500 71410 INFO tempest.lib.common.rest_client [req-bee6d07f-5878-4b18-a939-133a6baf4e53 req-bee6d07f-5878-4b18-a939-133a6baf4e53 ] Request (FlavorsV2NegativeTest:_run_cleanups): 204 DELETE http://10.180.1.21/image/v2/images/ca5f1bce-20aa-40c7-93f1-956b2cacb713 0.061s
2025-04-03 19:03:13.538 71402 INFO tempest.lib.common.rest_client [req-288f0cce-2f53-4926-bc1a-ef4e876db00c req-288f0cce-2f53-4926-bc1a-ef4e876db00c ] Request (ServerShowV257Test:setUpClass): 201 POST http://10.180.1.21/identity/v3/users 0.071s
2025-04-03 19:03:13.561 71402 INFO tempest.lib.common.rest_client [req-5445e78f-371b-4098-a7de-12225fedc083 req-5445e78f-371b-4098-a7de-12225fedc083 ] Request (ServerShowV257Test:setUpClass): 200 GET http://10.180.1.21/identity/v3/roles 0.023s
2025-04-03 19:03:13.593 71410 INFO tempest.lib.common.rest_client [req-25fb9ff6-3ca8-4688-8bfb-9b9997108ff8 req-25fb9ff6-3ca8-4688-8bfb-9b9997108ff8 ] Request (FlavorsV2NegativeTest:tearDownClass): 204 DELETE http://10.180.1.21/identity/v3/users/05d5e73ffc1b4e54b2658b0081647ddd 0.091s
2025-04-03 19:03:13.594 71410 INFO tempest.lib.common.dynamic_creds [-] Deleting project and security group for project: 8d5bd33c25014d16a7c55d4881f71a41
2025-04-03 19:03:13.631 71402 INFO tempest.lib.common.rest_client [req-5461a5b4-1280-4c6d-ab3f-619f567b9968 req-5461a5b4-1280-4c6d-ab3f-619f567b9968 ] Request (ServerShowV257Test:setUpClass): 204 PUT http://10.180.1.21/identity/v3/projects/f5c35c06bf25499f9c400bcea2ea06a8/users/3367d8ef39874a45899fe4f73ef2b59e/roles/8183cca0cb594307afe3bb488291649b 0.070s
2025-04-03 19:03:13.631 71402 INFO tempest.lib.common.dynamic_creds [-] Dynamic test user 3367d8ef39874a45899fe4f73ef2b59e is created with scope project and roles: ['member']
2025-04-03 19:03:13.632 71402 INFO tempest.lib.common.dynamic_creds [-] Acquired dynamic creds: credentials: Credentials: {'domain_id': 'default', 'domain_name': 'Default', 'username': 'tempest-ServerShowV257Test-359509501-project-member', 'project_domain_id': 'default', 'project_domain_name': 'Default', 'project_id': 'f5c35c06bf25499f9c400bcea2ea06a8', 'project_name': 'tempest-ServerShowV257Test-359509501', 'tenant_id': 'f5c35c06bf25499f9c400bcea2ea06a8', 'tenant_name': 'tempest-ServerShowV257Test-359509501', 'user_domain_id': 'default', 'user_domain_name': 'Default', 'user_id': '3367d8ef39874a45899fe4f73ef2b59e', 'system': None}, Network: None, Subnet: None, Router: None
2025-04-03 19:03:13.632 71402 INFO tempest.lib.common.dynamic_creds [-] Created isolated network resources for: credentials: Credentials: {'domain_id': 'default', 'domain_name': 'Default', 'username': 'tempest-ServerShowV257Test-359509501-project-member', 'project_domain_id': 'default', 'project_domain_name': 'Default', 'project_id': 'f5c35c06bf25499f9c400bcea2ea06a8', 'project_name': 'tempest-ServerShowV257Test-359509501', 'tenant_id': 'f5c35c06bf25499f9c400bcea2ea06a8', 'tenant_name': 'tempest-ServerShowV257Test-359509501', 'user_domain_id': 'default', 'user_domain_name': 'Default', 'user_id': '3367d8ef39874a45899fe4f73ef2b59e', 'system': None}, Network: None, Subnet: None, Router: None
2025-04-03 19:03:13.666 71410 INFO tempest.lib.common.rest_client [req-1db4441d-85b8-4c76-8c24-70b7d72de5c6 req-1db4441d-85b8-4c76-8c24-70b7d72de5c6 ] Request (FlavorsV2NegativeTest:tearDownClass): 201 POST http://10.180.1.21/identity/v3/auth/tokens 0.072s
2025-04-03 19:03:13.725 71402 INFO tempest.lib.common.rest_client [req-50388b07-11c7-44ff-b35d-f56efdf22181 req-50388b07-11c7-44ff-b35d-f56efdf22181 ] Request (ServerShowV257Test:setUpClass): 201 POST http://10.180.1.21/identity/v3/auth/tokens 0.090s
2025-04-03 19:03:13.774 71402 INFO tempest.lib.common.rest_client [req-3657c116-8442-4439-9615-ee4d5c990fb5 req-3657c116-8442-4439-9615-ee4d5c990fb5 ] Request (ServerShowV257Test:test_rebuild_server): 201 POST http://10.180.1.21/identity/v3/auth/tokens 0.040s
2025-04-03 19:03:13.774 71402 INFO tempest.lib.common.fixed_network [-] (ServerShowV257Test:test_rebuild_server) Found network None available for tenant
2025-04-03 19:03:13.774 71386 INFO tempest.lib.common.rest_client [req-f4f81c84-3ba6-4bd0-a2ef-c9b146e8b0e4 req-f4f81c84-3ba6-4bd0-a2ef-c9b146e8b0e4 ] Request (ServerAddressesNegativeTestJSON:setUpClass): 202 POST http://10.180.1.21/compute/v2.1/servers 2.462s
2025-04-03 19:03:13.854 71416 INFO tempest.lib.common.rest_client [req-0292bc5b-c85a-4ca0-af3b-33b34be4dc24 req-0292bc5b-c85a-4ca0-af3b-33b34be4dc24 ] Request (FloatingIPsTestJSON:test_delete_floating_ip): 202 DELETE http://10.180.1.21/compute/v2.1/os-floating-ips/0ca2b2a2-b4f7-4e6a-afda-8a444882ec8b 1.953s
2025-04-03 19:03:13.859 71400 INFO tempest.lib.common.rest_client [req-3b5accb3-e520-4391-b84e-4fb3e61bebca req-3b5accb3-e520-4391-b84e-4fb3e61bebca ] Request (InstanceActionsV221TestJSON:test_get_list_deleted_instance_actions): 200 GET http://10.180.1.21/compute/v2.1/servers/d114d86b-843c-4928-b251-5747b5d6b5ec 1.940s
2025-04-03 19:03:13.870 71400 INFO tempest.common.waiters [-] State transition "BUILD/scheduling" ==> "BUILD/None" after 5 second wait
2025-04-03 19:03:13.936 71384 INFO tempest.lib.common.rest_client [req-ff8eb9d5-0ece-4278-83f4-6262f3b2e94d req-ff8eb9d5-0ece-4278-83f4-6262f3b2e94d ] Request (ImagesOneServerNegativeTestJSON:setUpClass): 200 GET http://10.180.1.21/compute/v2.1/servers/3f635fb7-bd5d-4dbf-b1a6-a1b75c1a456b 1.710s
2025-04-03 19:03:13.985 71392 INFO tempest.lib.common.rest_client [req-a00230e5-aa1e-44dc-9bd8-65b7ad0d0e03 req-a00230e5-aa1e-44dc-9bd8-65b7ad0d0e03 ] Request (VolumesTestJSON:test_volume_list_param_offset_and_limit): 200 GET http://10.180.1.21/compute/v2.1/os-volumes 1.678s
