2025-03-10 10:02:10.543 69233 INFO tempest.lib.common.rest_client [req-7c24cc71-6ad5-448c-92ce-584330583dea req-7c24cc71-6ad5-448c-92ce-584330583dea ] Request (DeleteServersAdminTestJSON:test_delete_server_while_in_error_state): 200 GET http://10.180.1.21/compute/v2.1/servers/c7d921d7-56d7-4932-8799-b21ad34b5963 0.118s
2025-03-10 10:02:10.684 69285 INFO tempest.lib.common.rest_client [req-6615dfe3-d3de-48b6-9c21-f8624ec6f6fc req-6615dfe3-d3de-48b6-9c21-f8624ec6f6fc ] Request (FloatingIPsAssociationTestJSON:setUpClass): 200 GET http://10.180.1.21/compute/v2.1/servers/be788240-5ade-4de1-926f-8a8eaaf4d3e2 0.204s
2025-03-10 10:02:10.694 69285 INFO tempest.common.waiters [-] State transition "BUILD/networking" ==> "BUILD/spawning" after 35 second wait
2025-03-10 10:02:10.702 69255 INFO tempest.lib.common.rest_client [req-229ac11a-3ab9-4c3c-997d-233685189a72 req-229ac11a-3ab9-4c3c-997d-233685189a72 ] Request (ServerShowV247Test:tearDownClass): 200 GET http://10.180.1.21/compute/v2.1/servers/fbf475df-ac93-4f99-a73e-98fe8334cbb9 0.297s
2025-03-10 10:02:10.769 69231 INFO tempest.lib.common.rest_client [req-76ee10af-20eb-40f7-8855-4cbfce217dce req-76ee10af-20eb-40f7-8855-4cbfce217dce ] Request (VolumesAdminNegativeTest:test_update_attached_volume_with_nonexistent_volume_in_body): 200 GET http://10.180.1.21/compute/v2.1/servers/778bd190-91bd-48d5-94f6-4825e2994786 0.149s
2025-03-10 10:02:10.819 69279 INFO tempest.lib.common.rest_client [req-533f09c3-8daf-434e-b7c5-49942bc35ea0 req-533f09c3-8daf-434e-b7c5-49942bc35ea0 ] Request (AttachInterfacesV270Test:tearDownClass): 200 GET http://10.180.1.21/compute/v2.1/servers/61f26d19-ce21-4753-8b3b-5c8950c99d54 0.069s
2025-03-10 10:02:10.874 69293 INFO tempest.lib.common.rest_client [req-10152ddc-1ea1-433d-a590-dff236694669 req-10152ddc-1ea1-433d-a590-dff236694669 ] Request (ServerMetadataNegativeTestJSON:setUpClass): 200 GET http://10.180.1.21/compute/v2.1/servers/56dcd103-9b37-41fa-88e9-3f742b080436 0.060s
2025-03-10 10:02:10.940 69249 INFO tempest.lib.common.rest_client [req-4604bc5d-f655-44a5-a849-2f8f80bb05a7 req-4604bc5d-f655-44a5-a849-2f8f80bb05a7 ] Request (FloatingIPsAssociationNegativeTestJSON:setUpClass): 200 GET http://10.180.1.21/compute/v2.1/servers/cd8baaaa-1637-4491-828a-cc207c5a7071 0.152s
2025-03-10 10:02:10.948 69249 INFO tempest.common.waiters [-] State transition "BUILD/spawning" ==> "ACTIVE/None" after 42 second wait
2025-03-10 10:02:11.021 69259 INFO tempest.lib.common.rest_client [req-b0b84f72-89ff-4a41-87be-76894b64321e req-b0b84f72-89ff-4a41-87be-76894b64321e ] Request (ServersAdmin275Test:tearDownClass): 200 GET http://10.180.1.21/compute/v2.1/servers/5f626f39-7268-4d92-b97c-39d19b46431c 0.072s
2025-03-10 10:02:11.022 69251 INFO tempest.lib.common.rest_client [req-6c9d00c6-fc31-4663-b28a-e8c65369e9e1 req-6c9d00c6-fc31-4663-b28a-e8c65369e9e1 ] Request (TenantUsagesTestJSON:setUpClass): 200 GET http://10.180.1.21/compute/v2.1/servers/25ed9eb9-5a0a-4421-a8c3-c2994c9127f5 0.101s
2025-03-10 10:02:11.069 69277 INFO tempest.lib.common.rest_client [req-08d0d8a2-a0ac-4757-bccc-0614470c2f40 req-08d0d8a2-a0ac-4757-bccc-0614470c2f40 ] Request (ServersTestBootFromVolume:setUpClass): 200 GET http://10.180.1.21/compute/v2.1/servers/7acdc61c-e115-4a93-988c-68fd01bdb6d0 0.056s
2025-03-10 10:02:11.179 69269 INFO tempest.lib.common.rest_client [req-dd30ff4d-4696-4f00-8c88-147afe1861cc req-dd30ff4d-4696-4f00-8c88-147afe1861cc ] Request (MigrationsAdminTest:test_list_migrations_in_flavor_resize_situation): 200 GET http://10.180.1.21/compute/v2.1/servers/e4a069c9-7f14-4353-bbb3-7f9861bfe4e3 0.095s
2025-03-10 10:02:11.225 69243 INFO tempest.lib.common.rest_client [req-cff29be1-a275-439b-9ba4-2bf0ec9a3edc req-cff29be1-a275-439b-9ba4-2bf0ec9a3edc ] Request (ImagesTestJSON:test_create_image_from_stopped_server): 200 GET http://10.180.1.21/compute/v2.1/servers/48cf7f2c-9a38-4841-9a82-86536cf16642 0.126s
2025-03-10 10:02:11.252 69289 WARNING tempest.lib.common.ssh [-] Failed to establish authenticated ssh connection to cirros@10.180.180.147 ([Errno None] Unable to connect to port 22 on 10.180.180.147). Number attempts: 6. Retry after 7 seconds.: paramiko.ssh_exception.NoValidConnectionsError: [Errno None] Unable to connect to port 22 on 10.180.180.147
2025-03-10 10:02:11.280 69271 INFO tempest.lib.common.rest_client [req-f4c6af94-2027-4c99-9623-278c59f16459 req-f4c6af94-2027-4c99-9623-278c59f16459 ] Request (ServerRescueNegativeTestJSON:setUpClass): 200 GET http://10.180.1.21/compute/v2.1/servers/4c42ee27-8b9c-4e34-8557-70dcfae9f063 0.132s
2025-03-10 10:02:11.324 69265 INFO tempest.lib.common.rest_client [req-c9c8449d-5e79-4c61-8384-65a18fd1fa1e req-c9c8449d-5e79-4c61-8384-65a18fd1fa1e ] Request (ServersAdminNegativeTestJSON:setUpClass): 200 GET http://10.180.1.21/compute/v2.1/servers/c227d634-7591-4106-91db-104267dbeab5 0.156s
2025-03-10 10:02:11.370 69261 INFO tempest.lib.common.rest_client [req-2d327059-de48-45b3-91ed-2428ed496cc7 req-2d327059-de48-45b3-91ed-2428ed496cc7 ] Request (MultipleCreateTestJSON:test_multiple_create): 200 GET http://10.180.1.21/compute/v2.1/servers/277afcac-e84d-4097-8b9a-1fd6ea781c97 0.150s
2025-03-10 10:02:11.511 69263 INFO tempest.lib.common.rest_client [req-da1cdfcf-41f0-4542-b6e4-c21a4337293c req-da1cdfcf-41f0-4542-b6e4-c21a4337293c ] Request (ListServerFiltersTestJSON:setUpClass): 200 GET http://10.180.1.21/compute/v2.1/servers/bfcdb2c7-3648-4bab-86d5-97ca30caee1c 0.246s
2025-03-10 10:02:11.558 69257 INFO tempest.lib.common.rest_client [req-efa4c3b4-b7b9-45ef-b14c-2fbac88cb4c3 req-efa4c3b4-b7b9-45ef-b14c-2fbac88cb4c3 ] Request (ListImageFiltersTestJSON:setUpClass): 200 GET http://10.180.1.21/compute/v2.1/servers/6df49705-2376-4469-aba1-c98b4c47830c 0.283s
2025-03-10 10:02:11.593 69249 INFO tempest.lib.common.rest_client [req-e3c52758-b8d6-4ffc-8b8c-be60df91c998 req-e3c52758-b8d6-4ffc-8b8c-be60df91c998 ] Request (FloatingIPsAssociationNegativeTestJSON:test_associate_ip_to_server_with_floating_ip): 200 POST http://10.180.1.21/compute/v2.1/os-floating-ips 0.644s
2025-03-10 10:02:11.610 69268 INFO tempest.lib.common.rest_client [req-bfd1000d-bb91-44cb-b46e-5a5c5c4e1ed4 req-bfd1000d-bb91-44cb-b46e-5a5c5c4e1ed4 ] Request (ServersTestMultiNic:_run_cleanups): 200 GET http://10.180.1.21/compute/v2.1/servers/5ef183b9-e37d-4ded-9b69-c23684a0211e 0.285s
2025-03-10 10:02:11.634 69247 INFO tempest.lib.common.rest_client [req-58e352a7-c0b0-4ac9-82cb-43a91c06e806 req-58e352a7-c0b0-4ac9-82cb-43a91c06e806 ] Request (ServerExternalEventsTest:tearDownClass): 404 GET http://10.180.1.21/compute/v2.1/servers/b0bff01c-2ae6-4c75-8781-3836e24bfe10 0.253s
2025-03-10 10:02:11.653 69275 INFO tempest.lib.common.rest_client [req-01bff615-e52a-4200-ab34-40639b0152de req-01bff615-e52a-4200-ab34-40639b0152de ] Request (SecurityGroupsTestJSON:test_list_security_groups_by_server): 200 GET http://10.180.1.21/compute/v2.1/servers/3b3c5b45-4416-4644-9d31-ef3ee661c192 0.327s
2025-03-10 10:02:11.695 69237 INFO tempest.lib.common.rest_client [req-3985a823-ac27-49cd-914d-fad07c7a0f89 req-3985a823-ac27-49cd-914d-fad07c7a0f89 ] Request (ImagesOneServerNegativeTestJSON:setUpClass): 200 GET http://10.180.1.21/compute/v2.1/servers/189b67b1-1355-45ce-aaa8-e39fee2857dd 0.308s
2025-03-10 10:02:11.736 69239 INFO tempest.lib.common.rest_client [req-0cea5ae1-81b6-46e1-b166-d85f1b5486e6 req-0cea5ae1-81b6-46e1-b166-d85f1b5486e6 ] Request (ServerMetadataTestJSON:tearDownClass): 200 GET http://10.180.1.21/compute/v2.1/servers/8b40d2e1-bead-40b3-bc8b-87189788fa2b 0.297s
2025-03-10 10:02:11.754 69273 INFO tempest.lib.common.rest_client [req-ddf082f5-1b4c-475f-955c-34ea726dfa4f req-ddf082f5-1b4c-475f-955c-34ea726dfa4f ] Request (ServerDiagnosticsNegativeTest:test_get_server_diagnostics_by_non_admin): 200 GET http://10.180.1.21/compute/v2.1/servers/7d16eb26-c863-4199-b181-04aeee0bffe1 0.312s
2025-03-10 10:02:11.794 69247 INFO tempest.lib.common.rest_client [req-8ac0d9ce-d916-476d-8e5c-016573a3af08 req-8ac0d9ce-d916-476d-8e5c-016573a3af08 ] Request (ServerExternalEventsTest:tearDownClass): 204 DELETE http://10.180.1.21/identity/v3/users/ba9f3043bffd4c17aa166b541f47c9f9 0.158s
2025-03-10 10:02:11.848 69233 INFO tempest.lib.common.rest_client [req-86e3dfbe-5636-41c6-b1e4-e3beb8407663 req-86e3dfbe-5636-41c6-b1e4-e3beb8407663 ] Request (DeleteServersAdminTestJSON:test_delete_server_while_in_error_state): 200 GET http://10.180.1.21/compute/v2.1/servers/c7d921d7-56d7-4932-8799-b21ad34b5963 0.297s
2025-03-10 10:02:11.886 69247 INFO tempest.lib.common.rest_client [req-5852928b-964b-455e-84d7-adcdffb26ca9 req-5852928b-964b-455e-84d7-adcdffb26ca9 ] Request (ServerExternalEventsTest:tearDownClass): 204 DELETE http://10.180.1.21/identity/v3/users/cf24b0ed99b1404d9a9d85a6a8fc2039 0.092s
2025-03-10 10:02:11.957 69285 INFO tempest.lib.common.rest_client [req-55deddc4-6367-4a8d-8f1a-db4a446e4311 req-55deddc4-6367-4a8d-8f1a-db4a446e4311 ] Request (FloatingIPsAssociationTestJSON:setUpClass): 200 GET http://10.180.1.21/compute/v2.1/servers/be788240-5ade-4de1-926f-8a8eaaf4d3e2 0.262s
2025-03-10 10:02:11.984 69247 INFO tempest.lib.common.rest_client [req-786933f8-85e4-4eba-b780-22a7ad8be8f1 req-786933f8-85e4-4eba-b780-22a7ad8be8f1 ] Request (ServerExternalEventsTest:tearDownClass): 204 DELETE http://10.180.1.21/identity/v3/users/b9e640644c954b8da1c0632eec18930e 0.098s
2025-03-10 10:02:11.985 69247 INFO tempest.lib.common.dynamic_creds [-] Deleting project and security group for project: a87b3b86fcbc4e83a6060f18e0da5f41
2025-03-10 10:02:12.028 69255 INFO tempest.lib.common.rest_client [req-e203538e-cbe4-45b9-ae49-db874f91d4d1 req-e203538e-cbe4-45b9-ae49-db874f91d4d1 ] Request (ServerShowV247Test:tearDownClass): 200 GET http://10.180.1.21/compute/v2.1/servers/fbf475df-ac93-4f99-a73e-98fe8334cbb9 0.317s
2025-03-10 10:02:12.052 69247 INFO tempest.lib.common.rest_client [req-4111b5d0-ba9e-4778-a856-c21588f6fe13 req-4111b5d0-ba9e-4778-a856-c21588f6fe13 ] Request (ServerExternalEventsTest:tearDownClass): 201 POST http://10.180.1.21/identity/v3/auth/tokens 0.067s
2025-03-10 10:02:12.078 69231 INFO tempest.lib.common.rest_client [req-619f53f2-2d7c-4d8a-8b09-0d9ff22f7486 req-619f53f2-2d7c-4d8a-8b09-0d9ff22f7486 ] Request (VolumesAdminNegativeTest:test_update_attached_volume_with_nonexistent_volume_in_body): 200 GET http://10.180.1.21/compute/v2.1/servers/778bd190-91bd-48d5-94f6-4825e2994786 0.299s
2025-03-10 10:02:12.140 69279 INFO tempest.lib.common.rest_client [req-07dc6c35-2d0f-4268-a2f1-41183afecf43 req-07dc6c35-2d0f-4268-a2f1-41183afecf43 ] Request (AttachInterfacesV270Test:tearDownClass): 200 GET http://10.180.1.21/compute/v2.1/servers/61f26d19-ce21-4753-8b3b-5c8950c99d54 0.309s
2025-03-10 10:02:12.150 69279 INFO tempest.common.waiters [-] State transition "ACTIVE/deleting" ==> "DELETED/None" after 5 second wait
2025-03-10 10:02:12.185 69293 INFO tempest.lib.common.rest_client [req-83af1f0f-2fe1-4af0-aff3-e81d27509e89 req-83af1f0f-2fe1-4af0-aff3-e81d27509e89 ] Request (ServerMetadataNegativeTestJSON:setUpClass): 200 GET http://10.180.1.21/compute/v2.1/servers/56dcd103-9b37-41fa-88e9-3f742b080436 0.303s
2025-03-10 10:02:12.277 69251 INFO tempest.lib.common.rest_client [req-20b640c9-6346-40f3-99fe-7b8432be3dd8 req-20b640c9-6346-40f3-99fe-7b8432be3dd8 ] Request (TenantUsagesTestJSON:setUpClass): 200 GET http://10.180.1.21/compute/v2.1/servers/25ed9eb9-5a0a-4421-a8c3-c2994c9127f5 0.248s
2025-03-10 10:02:12.292 69247 INFO tempest.lib.common.rest_client [req-eed74d79-27c1-44a2-922e-606ff9d15d10 req-eed74d79-27c1-44a2-922e-606ff9d15d10 ] Request (ServerExternalEventsTest:tearDownClass): 200 GET http://10.180.1.21:9696/networking/v2.0/security-groups?tenant_id=a87b3b86fcbc4e83a6060f18e0da5f41&name=default 0.239s
2025-03-10 10:02:12.352 69259 INFO tempest.lib.common.rest_client [req-0dbba702-1f23-406c-a4a1-45100bde00c8 req-0dbba702-1f23-406c-a4a1-45100bde00c8 ] Request (ServersAdmin275Test:tearDownClass): 200 GET http://10.180.1.21/compute/v2.1/servers/5f626f39-7268-4d92-b97c-39d19b46431c 0.319s
2025-03-10 10:02:12.392 69247 INFO tempest.lib.common.rest_client [req-481b5b40-ee30-4fad-8357-7a4980f91804 req-481b5b40-ee30-4fad-8357-7a4980f91804 ] Request (ServerExternalEventsTest:tearDownClass): 204 DELETE http://10.180.1.21:9696/networking/v2.0/security-groups/3a3a1f3f-edd6-49ab-8381-1db5bb57235e 0.099s
2025-03-10 10:02:12.409 69277 INFO tempest.lib.common.rest_client [req-ceee0890-c5ff-45e2-9f4b-4fbbb26d9887 req-ceee0890-c5ff-45e2-9f4b-4fbbb26d9887 ] Request (ServersTestBootFromVolume:setUpClass): 200 GET http://10.180.1.21/compute/v2.1/servers/7acdc61c-e115-4a93-988c-68fd01bdb6d0 0.331s
2025-03-10 10:02:12.455 69247 INFO tempest.lib.common.rest_client [req-c4690965-1049-4b89-9221-f025e52a1061 req-c4690965-1049-4b89-9221-f025e52a1061 ] Request (ServerExternalEventsTest:tearDownClass): 204 DELETE http://10.180.1.21/identity/v3/projects/a87b3b86fcbc4e83a6060f18e0da5f41 0.063s
2025-03-10 10:02:12.456 69247 INFO tempest.lib.common.dynamic_creds [-] Deleting project and security group for project: 68acf01af3c04935bb6c7360f9c71ad7
2025-03-10 10:02:12.493 69247 INFO tempest.lib.common.rest_client [req-d5470b10-3ee4-49ab-9d9c-7d910d616172 req-d5470b10-3ee4-49ab-9d9c-7d910d616172 ] Request (ServerExternalEventsTest:tearDownClass): 200 GET http://10.180.1.21:9696/networking/v2.0/security-groups?tenant_id=68acf01af3c04935bb6c7360f9c71ad7&name=default 0.037s
2025-03-10 10:02:12.522 69269 INFO tempest.lib.common.rest_client [req-908d21f1-6d4e-4df5-a911-2663848089d4 req-908d21f1-6d4e-4df5-a911-2663848089d4 ] Request (MigrationsAdminTest:test_list_migrations_in_flavor_resize_situation): 200 GET http://10.180.1.21/compute/v2.1/servers/e4a069c9-7f14-4353-bbb3-7f9861bfe4e3 0.336s
2025-03-10 10:02:12.581 69243 INFO tempest.lib.common.rest_client [req-a8fc87d5-9040-4737-b6d4-0a01c4654415 req-a8fc87d5-9040-4737-b6d4-0a01c4654415 ] Request (ImagesTestJSON:test_create_image_from_stopped_server): 200 GET http://10.180.1.21/compute/v2.1/servers/48cf7f2c-9a38-4841-9a82-86536cf16642 0.347s
2025-03-10 10:02:12.622 69247 INFO tempest.lib.common.rest_client [req-2532910a-9b1a-4831-85d7-987b7fc3b7f9 req-2532910a-9b1a-4831-85d7-987b7fc3b7f9 ] Request (ServerExternalEventsTest:tearDownClass): 204 DELETE http://10.180.1.21:9696/networking/v2.0/security-groups/6f2cf601-3b4e-46b8-93b2-e023dde8459c 0.128s
2025-03-10 10:02:12.634 69271 INFO tempest.lib.common.rest_client [req-b8942855-1bb2-41f9-8fc3-db79259c011f req-b8942855-1bb2-41f9-8fc3-db79259c011f ] Request (ServerRescueNegativeTestJSON:setUpClass): 200 GET http://10.180.1.21/compute/v2.1/servers/4c42ee27-8b9c-4e34-8557-70dcfae9f063 0.343s
2025-03-10 10:02:12.644 69271 INFO tempest.common.waiters [-] State transition "BUILD/scheduling" ==> "BUILD/None" after 25 second wait
2025-03-10 10:02:12.694 69265 INFO tempest.lib.common.rest_client [req-38e4ac75-83cf-456b-ba81-68f66d32ab52 req-38e4ac75-83cf-456b-ba81-68f66d32ab52 ] Request (ServersAdminNegativeTestJSON:setUpClass): 200 GET http://10.180.1.21/compute/v2.1/servers/c227d634-7591-4106-91db-104267dbeab5 0.360s
2025-03-10 10:02:12.737 69247 INFO tempest.lib.common.rest_client [req-56e3e41f-f699-46f2-85e3-98966405bcc7 req-56e3e41f-f699-46f2-85e3-98966405bcc7 ] Request (ServerExternalEventsTest:tearDownClass): 204 DELETE http://10.180.1.21/identity/v3/projects/68acf01af3c04935bb6c7360f9c71ad7 0.114s
2025-03-10 10:02:12.737 69247 INFO tempest.lib.common.dynamic_creds [-] Deleting project and security group for project: d49a3ea4b2a74be1809bec4ebd2a945f
2025-03-10 10:02:12.754 69261 INFO tempest.lib.common.rest_client [req-c36f21e3-3c86-42e6-8a8d-a9553f7d5cb0 req-c36f21e3-3c86-42e6-8a8d-a9553f7d5cb0 ] Request (MultipleCreateTestJSON:test_multiple_create): 200 GET http://10.180.1.21/compute/v2.1/servers/277afcac-e84d-4097-8b9a-1fd6ea781c97 0.374s
2025-03-10 10:02:12.774 69249 INFO tempest.lib.common.rest_client [req-11f0de6c-0844-4544-8304-62bb4ff0d678 req-11f0de6c-0844-4544-8304-62bb4ff0d678 ] Request (FloatingIPsAssociationNegativeTestJSON:test_associate_ip_to_server_with_floating_ip): 202 POST http://10.180.1.21/compute/v2.1/servers/cd8baaaa-1637-4491-828a-cc207c5a7071/action 1.178s
2025-03-10 10:02:12.843 69257 INFO tempest.lib.common.rest_client [req-6854f49a-4f49-4bf0-90bc-7fe252c26158 req-6854f49a-4f49-4bf0-90bc-7fe252c26158 ] Request (ListImageFiltersTestJSON:setUpClass): 200 GET http://10.180.1.21/compute/v2.1/servers/6df49705-2376-4469-aba1-c98b4c47830c 0.274s
2025-03-10 10:02:12.910 69268 INFO tempest.lib.common.rest_client [req-d85d3ba7-cb57-4328-9be3-aaff0687b16f req-d85d3ba7-cb57-4328-9be3-aaff0687b16f ] Request (ServersTestMultiNic:_run_cleanups): 200 GET http://10.180.1.21/compute/v2.1/servers/5ef183b9-e37d-4ded-9b69-c23684a0211e 0.293s
2025-03-10 10:02:12.964 69275 INFO tempest.lib.common.rest_client [req-900a05cc-3669-4a17-a7e0-70743a775994 req-900a05cc-3669-4a17-a7e0-70743a775994 ] Request (SecurityGroupsTestJSON:test_list_security_groups_by_server): 200 GET http://10.180.1.21/compute/v2.1/servers/3b3c5b45-4416-4644-9d31-ef3ee661c192 0.297s
2025-03-10 10:02:13.040 69237 INFO tempest.lib.common.rest_client [req-ff519f9e-a8f9-4769-8efb-4c2b36f9e8be req-ff519f9e-a8f9-4769-8efb-4c2b36f9e8be ] Request (ImagesOneServerNegativeTestJSON:setUpClass): 200 GET http://10.180.1.21/compute/v2.1/servers/189b67b1-1355-45ce-aaa8-e39fee2857dd 0.333s
2025-03-10 10:02:13.059 69247 INFO tempest.lib.common.rest_client [req-327ee5d1-4585-4306-9735-c973d8551287 req-327ee5d1-4585-4306-9735-c973d8551287 ] Request (ServerExternalEventsTest:tearDownClass): 200 GET http://10.180.1.21:9696/networking/v2.0/security-groups?tenant_id=d49a3ea4b2a74be1809bec4ebd2a945f&name=default 0.322s
2025-03-10 10:02:13.079 69263 INFO tempest.lib.common.rest_client [req-6841a431-3f37-4912-8d3d-3dbd2e9845c1 req-6841a431-3f37-4912-8d3d-3dbd2e9845c1 ] Request (ListServerFiltersTestJSON:setUpClass): 200 GET http://10.180.1.21/compute/v2.1/servers/bfcdb2c7-3648-4bab-86d5-97ca30caee1c 0.557s
2025-03-10 10:02:13.146 69239 INFO tempest.lib.common.rest_client [req-1b9f5255-3899-4636-9d2d-b1a16f768e64 req-1b9f5255-3899-4636-9d2d-b1a16f768e64 ] Request (ServerMetadataTestJSON:tearDownClass): 200 GET http://10.180.1.21/compute/v2.1/servers/8b40d2e1-bead-40b3-bc8b-87189788fa2b 0.397s
2025-03-10 10:02:13.160 69273 INFO tempest.lib.common.rest_client [req-caf4d4cc-1998-4338-b3af-a78bdd147987 req-caf4d4cc-1998-4338-b3af-a78bdd147987 ] Request (ServerDiagnosticsNegativeTest:test_get_server_diagnostics_by_non_admin): 200 GET http://10.180.1.21/compute/v2.1/servers/7d16eb26-c863-4199-b181-04aeee0bffe1 0.394s
2025-03-10 10:02:13.187 69247 INFO tempest.lib.common.rest_client [req-8faf3342-0b5c-4af3-a9cd-80825ad21113 req-8faf3342-0b5c-4af3-a9cd-80825ad21113 ] Request (ServerExternalEventsTest:tearDownClass): 204 DELETE http://10.180.1.21:9696/networking/v2.0/security-groups/83656361-5e93-4376-8ead-941a24e27c4c 0.127s
2025-03-10 10:02:13.324 69233 INFO tempest.lib.common.rest_client [req-b2e0a7f5-ac46-4414-a0f2-f8a6416ebadd req-b2e0a7f5-ac46-4414-a0f2-f8a6416ebadd ] Request (DeleteServersAdminTestJSON:test_delete_server_while_in_error_state): 200 GET http://10.180.1.21/compute/v2.1/servers/c7d921d7-56d7-4932-8799-b21ad34b5963 0.467s
2025-03-10 10:02:13.348 69247 INFO tempest.lib.common.rest_client [req-2b20ac8d-52f4-43b1-9233-f61e5a3dcda2 req-2b20ac8d-52f4-43b1-9233-f61e5a3dcda2 ] Request (ServerExternalEventsTest:tearDownClass): 204 DELETE http://10.180.1.21/identity/v3/projects/d49a3ea4b2a74be1809bec4ebd2a945f 0.160s
2025-03-10 10:02:13.407 69247 INFO tempest.lib.common.rest_client [req-2200c632-f035-4f48-9006-eeb523148e21 req-2200c632-f035-4f48-9006-eeb523148e21 ] Request (ServerPasswordTestJSON:setUpClass): 201 POST http://10.180.1.21/identity/v3/auth/tokens 0.056s
2025-03-10 10:02:13.426 69285 INFO tempest.lib.common.rest_client [req-ec401f18-6c7b-4a41-a261-2d7dbe9d11b2 req-ec401f18-6c7b-4a41-a261-2d7dbe9d11b2 ] Request (FloatingIPsAssociationTestJSON:setUpClass): 200 GET http://10.180.1.21/compute/v2.1/servers/be788240-5ade-4de1-926f-8a8eaaf4d3e2 0.460s
2025-03-10 10:02:13.447 69247 INFO tempest.lib.common.rest_client [req-3aacaaf4-a0b7-46ce-a9c5-3f5a867533b3 req-3aacaaf4-a0b7-46ce-a9c5-3f5a867533b3 ] Request (ServerPasswordTestJSON:setUpClass): 201 POST http://10.180.1.21/identity/v3/auth/tokens 0.036s
2025-03-10 10:02:13.477 69247 INFO tempest.lib.common.rest_client [req-191b42da-cf90-4cb3-ae0a-1d49cb16762c req-191b42da-cf90-4cb3-ae0a-1d49cb16762c ] Request (ServerPasswordTestJSON:setUpClass): 200 GET http://10.180.1.21/identity/v3/domains?name=Default 0.030s
2025-03-10 10:02:13.490 69255 INFO tempest.lib.common.rest_client [req-8a032a85-b318-41ce-944e-04cfb14937d4 req-8a032a85-b318-41ce-944e-04cfb14937d4 ] Request (ServerShowV247Test:tearDownClass): 200 GET http://10.180.1.21/compute/v2.1/servers/fbf475df-ac93-4f99-a73e-98fe8334cbb9 0.449s
2025-03-10 10:02:13.507 69247 INFO tempest.lib.common.rest_client [req-07f8c84f-c6d2-4494-8cb0-9c91bd031a22 req-07f8c84f-c6d2-4494-8cb0-9c91bd031a22 ] Request (ServerPasswordTestJSON:setUpClass): 201 POST http://10.180.1.21/identity/v3/projects 0.029s
2025-03-10 10:02:13.538 69231 INFO tempest.lib.common.rest_client [req-7bc834a1-951e-48a2-8e0d-5cd4ef8a43ff req-7bc834a1-951e-48a2-8e0d-5cd4ef8a43ff ] Request (VolumesAdminNegativeTest:test_update_attached_volume_with_nonexistent_volume_in_body): 200 GET http://10.180.1.21/compute/v2.1/servers/778bd190-91bd-48d5-94f6-4825e2994786 0.449s
2025-03-10 10:02:13.572 69247 INFO tempest.lib.common.rest_client [req-43753dc6-06f3-44a1-94fa-ed6bb5594673 req-43753dc6-06f3-44a1-94fa-ed6bb5594673 ] Request (ServerPasswordTestJSON:setUpClass): 201 POST http://10.180.1.21/identity/v3/users 0.064s
2025-03-10 10:02:13.594 69247 INFO tempest.lib.common.rest_client [req-b0773668-167f-4e5b-b011-42199da8abba req-b0773668-167f-4e5b-b011-42199da8abba ] Request (ServerPasswordTestJSON:setUpClass): 200 GET http://10.180.1.21/identity/v3/roles 0.022s
2025-03-10 10:02:13.602 69279 INFO tempest.lib.common.rest_client [req-0d296204-bbdf-477e-8b12-df7552ec426c req-0d296204-bbdf-477e-8b12-df7552ec426c ] Request (AttachInterfacesV270Test:tearDownClass): 200 GET http://10.180.1.21/compute/v2.1/servers/61f26d19-ce21-4753-8b3b-5c8950c99d54 0.451s
2025-03-10 10:02:13.631 69247 INFO tempest.lib.common.rest_client [req-93d4e786-adf7-4c7b-9d4c-cc687d72f1d6 req-93d4e786-adf7-4c7b-9d4c-cc687d72f1d6 ] Request (ServerPasswordTestJSON:setUpClass): 204 PUT http://10.180.1.21/identity/v3/projects/1176d81d9e25429693faaa6bdc91f421/users/20f7218bc28c4e0cacf278ff8d39b3f2/roles/e1fbcf44343f441785442c1b83d18301 0.036s
2025-03-10 10:02:13.631 69247 INFO tempest.lib.common.dynamic_creds [-] Dynamic test user 20f7218bc28c4e0cacf278ff8d39b3f2 is created with scope project and roles: ['member']
2025-03-10 10:02:13.631 69247 INFO tempest.lib.common.dynamic_creds [-] Acquired dynamic creds: credentials: Credentials: {'domain_id': 'default', 'domain_name': 'Default', 'username': 'tempest-ServerPasswordTestJSON-591155191-project-member', 'project_domain_id': 'default', 'project_domain_name': 'Default', 'project_id': '1176d81d9e25429693faaa6bdc91f421', 'project_name': 'tempest-ServerPasswordTestJSON-591155191', 'tenant_id': '1176d81d9e25429693faaa6bdc91f421', 'tenant_name': 'tempest-ServerPasswordTestJSON-591155191', 'user_domain_id': 'default', 'user_domain_name': 'Default', 'user_id': '20f7218bc28c4e0cacf278ff8d39b3f2', 'system': None}, Network: None, Subnet: None, Router: None
2025-03-10 10:02:13.650 69293 INFO tempest.lib.common.rest_client [req-0b1b9d16-6c0f-408b-84cc-121b8c997520 req-0b1b9d16-6c0f-408b-84cc-121b8c997520 ] Request (ServerMetadataNegativeTestJSON:setUpClass): 200 GET http://10.180.1.21/compute/v2.1/servers/56dcd103-9b37-41fa-88e9-3f742b080436 0.455s
2025-03-10 10:02:13.699 69247 INFO tempest.lib.common.rest_client [req-9cad3b30-e3d6-4305-b58c-1b45a7498657 req-9cad3b30-e3d6-4305-b58c-1b45a7498657 ] Request (ServerPasswordTestJSON:setUpClass): 201 POST http://10.180.1.21/identity/v3/auth/tokens 0.067s
2025-03-10 10:02:13.746 69249 INFO tempest.lib.common.rest_client [req-e2bd1016-6adc-4c35-928b-62b28c5fe536 req-e2bd1016-6adc-4c35-928b-62b28c5fe536 ] Request (FloatingIPsAssociationNegativeTestJSON:test_associate_ip_to_server_with_floating_ip): 200 POST http://10.180.1.21/compute/v2.1/os-floating-ips 0.971s
2025-03-10 10:02:13.763 69251 INFO tempest.lib.common.rest_client [req-40fac53f-841b-4b2a-83d9-60d400657dbc req-40fac53f-841b-4b2a-83d9-60d400657dbc ] Request (TenantUsagesTestJSON:setUpClass): 200 GET http://10.180.1.21/compute/v2.1/servers/25ed9eb9-5a0a-4421-a8c3-c2994c9127f5 0.474s
2025-03-10 10:02:13.773 69251 INFO tempest.common.waiters [-] State transition "BUILD/spawning" ==> "ACTIVE/None" after 45 second wait
2025-03-10 10:02:13.837 69277 INFO tempest.lib.common.rest_client [req-1903d8d2-a515-46b8-8329-0910b91a3920 req-1903d8d2-a515-46b8-8329-0910b91a3920 ] Request (ServersTestBootFromVolume:setUpClass): 200 GET http://10.180.1.21/compute/v2.1/servers/7acdc61c-e115-4a93-988c-68fd01bdb6d0 0.416s
2025-03-10 10:02:13.843 69259 INFO tempest.lib.common.rest_client [req-f1573f13-5a48-48fe-8706-060423c902a8 req-f1573f13-5a48-48fe-8706-060423c902a8 ] Request (ServersAdmin275Test:tearDownClass): 200 GET http://10.180.1.21/compute/v2.1/servers/5f626f39-7268-4d92-b97c-39d19b46431c 0.477s
2025-03-10 10:02:13.900 69243 INFO tempest.lib.common.rest_client [req-f9952637-a402-4de0-853d-0184ec15b278 req-f9952637-a402-4de0-853d-0184ec15b278 ] Request (ImagesTestJSON:test_create_image_from_stopped_server): 200 GET http://10.180.1.21/compute/v2.1/servers/48cf7f2c-9a38-4841-9a82-86536cf16642 0.309s
2025-03-10 10:02:13.965 69271 INFO tempest.lib.common.rest_client [req-03f8f199-4895-4dfe-94fd-4ecb0b62922e req-03f8f199-4895-4dfe-94fd-4ecb0b62922e ] Request (ServerRescueNegativeTestJSON:setUpClass): 200 GET http://10.180.1.21/compute/v2.1/servers/4c42ee27-8b9c-4e34-8557-70dcfae9f063 0.320s
2025-03-10 10:02:13.972 69269 INFO tempest.lib.common.rest_client [req-40aa0566-69bc-4cae-84a8-da8ed023cd22 req-40aa0566-69bc-4cae-84a8-da8ed023cd22 ] Request (MigrationsAdminTest:test_list_migrations_in_flavor_resize_situation): 200 GET http://10.180.1.21/compute/v2.1/servers/e4a069c9-7f14-4353-bbb3-7f9861bfe4e3 0.441s
2025-03-10 10:02:14.019 69265 INFO tempest.lib.common.rest_client [req-d375e2f4-b0bd-4d02-ac35-47f4261d7774 req-d375e2f4-b0bd-4d02-ac35-47f4261d7774 ] Request (ServersAdminNegativeTestJSON:setUpClass): 200 GET http://10.180.1.21/compute/v2.1/servers/c227d634-7591-4106-91db-104267dbeab5 0.317s
2025-03-10 10:02:14.071 69261 INFO tempest.lib.common.rest_client [req-2e95fd3b-a1e2-4b92-aa31-897b7615dc43 req-2e95fd3b-a1e2-4b92-aa31-897b7615dc43 ] Request (MultipleCreateTestJSON:test_multiple_create): 200 GET http://10.180.1.21/compute/v2.1/servers/277afcac-e84d-4097-8b9a-1fd6ea781c97 0.308s
2025-03-10 10:02:14.078 69247 INFO tempest.lib.common.rest_client [req-750f8927-0560-4d70-93f3-fce2bdb41c45 req-750f8927-0560-4d70-93f3-fce2bdb41c45 ] Request (ServerPasswordTestJSON:setUpClass): 201 POST http://10.180.1.21:9696/networking/v2.0/networks 0.379s
2025-03-10 10:02:14.234 69247 INFO tempest.lib.common.rest_client [req-ae6cea1b-7c30-4bf7-beb7-56f871776a39 req-ae6cea1b-7c30-4bf7-beb7-56f871776a39 ] Request (ServerPasswordTestJSON:setUpClass): 201 POST http://10.180.1.21:9696/networking/v2.0/subnets 0.156s
2025-03-10 10:02:14.256 69251 INFO tempest.lib.common.rest_client [req-efe6e7bb-be8e-4486-afe8-7ab9e1da4895 req-efe6e7bb-be8e-4486-afe8-7ab9e1da4895 ] Request (TenantUsagesTestJSON:test_get_usage_tenant): 200 GET http://10.180.1.21/compute/v2.1/os-simple-tenant-usage/b7d68c654bf64599b844309b3c20d0ed?start=2025-03-09T10%3A02%3A13.774112&end=2025-03-11T10%3A02%3A13.774112 0.481s
2025-03-10 10:02:14.342 69257 INFO tempest.lib.common.rest_client [req-5fe2e182-60de-4a67-b1a9-f0154a226c22 req-5fe2e182-60de-4a67-b1a9-f0154a226c22 ] Request (ListImageFiltersTestJSON:setUpClass): 200 GET http://10.180.1.21/compute/v2.1/servers/6df49705-2376-4469-aba1-c98b4c47830c 0.489s
2025-03-10 10:02:14.372 69268 INFO tempest.lib.common.rest_client [req-bebdcff5-bf63-42e5-b045-0cb71546dbe0 req-bebdcff5-bf63-42e5-b045-0cb71546dbe0 ] Request (ServersTestMultiNic:_run_cleanups): 404 GET http://10.180.1.21/compute/v2.1/servers/5ef183b9-e37d-4ded-9b69-c23684a0211e 0.453s
2025-03-10 10:02:14.423 69275 INFO tempest.lib.common.rest_client [req-8b30cbf0-8b61-499d-a5ad-ecadc82bab95 req-8b30cbf0-8b61-499d-a5ad-ecadc82bab95 ] Request (SecurityGroupsTestJSON:test_list_security_groups_by_server): 200 GET http://10.180.1.21/compute/v2.1/servers/3b3c5b45-4416-4644-9d31-ef3ee661c192 0.449s
2025-03-10 10:02:14.458 69249 INFO tempest.lib.common.rest_client [req-abf18415-9e7e-447d-b682-556070738e34 req-abf18415-9e7e-447d-b682-556070738e34 ] Request (FloatingIPsAssociationNegativeTestJSON:test_associate_ip_to_server_with_floating_ip): 400 POST http://10.180.1.21/compute/v2.1/servers/cd8baaaa-1637-4491-828a-cc207c5a7071/action 0.708s
2025-03-10 10:02:14.478 69237 INFO tempest.lib.common.rest_client [req-99cf4b34-e02f-4258-b23a-65ec248cd2b7 req-99cf4b34-e02f-4258-b23a-65ec248cd2b7 ] Request (ImagesOneServerNegativeTestJSON:setUpClass): 200 GET http://10.180.1.21/compute/v2.1/servers/189b67b1-1355-45ce-aaa8-e39fee2857dd 0.429s
2025-03-10 10:02:14.517 69291 WARNING tempest.lib.common.ssh [-] Failed to establish authenticated ssh connection to cirros@10.180.180.247 ([Errno None] Unable to connect to port 22 on 10.180.180.247). Number attempts: 4. Retry after 5 seconds.: paramiko.ssh_exception.NoValidConnectionsError: [Errno None] Unable to connect to port 22 on 10.180.180.247
2025-03-10 10:02:14.544 69239 INFO tempest.lib.common.rest_client [req-6de421a7-23f4-4a4e-9b39-b9ecaaed019f req-6de421a7-23f4-4a4e-9b39-b9ecaaed019f ] Request (ServerMetadataTestJSON:tearDownClass): 200 GET http://10.180.1.21/compute/v2.1/servers/8b40d2e1-bead-40b3-bc8b-87189788fa2b 0.389s
2025-03-10 10:02:14.571 69263 INFO tempest.lib.common.rest_client [req-ffd433a4-7fa8-4c0f-89fa-b157bd32c99c req-ffd433a4-7fa8-4c0f-89fa-b157bd32c99c ] Request (ListServerFiltersTestJSON:setUpClass): 200 GET http://10.180.1.21/compute/v2.1/servers/bfcdb2c7-3648-4bab-86d5-97ca30caee1c 0.483s
2025-03-10 10:02:14.584 69268 INFO tempest.lib.common.rest_client [req-436e8ffa-8bcb-4e97-8cc2-5985475449a0 req-436e8ffa-8bcb-4e97-8cc2-5985475449a0 ] Request (ServersTestMultiNic:_run_cleanups): 204 DELETE http://10.180.1.21:9696/networking/v2.0/subnets/d76d99fc-a814-484c-a53d-89c9f82d370b 0.211s
2025-03-10 10:02:14.604 69273 INFO tempest.lib.common.rest_client [req-dc04c732-e668-4bb0-90f9-3f0e73ac9530 req-dc04c732-e668-4bb0-90f9-3f0e73ac9530 ] Request (ServerDiagnosticsNegativeTest:test_get_server_diagnostics_by_non_admin): 200 GET http://10.180.1.21/compute/v2.1/servers/7d16eb26-c863-4199-b181-04aeee0bffe1 0.432s
2025-03-10 10:02:14.612 69251 INFO tempest.lib.common.rest_client [req-12042d58-7ba0-4251-a121-ba0647d6b17b req-12042d58-7ba0-4251-a121-ba0647d6b17b ] Request (TenantUsagesTestJSON:test_get_usage_tenant_with_non_admin_user): 200 GET http://10.180.1.21/compute/v2.1/os-simple-tenant-usage/b7d68c654bf64599b844309b3c20d0ed?start=2025-03-09T10%3A02%3A13.774112&end=2025-03-11T10%3A02%3A13.774112 0.346s
2025-03-10 10:02:14.728 69285 INFO tempest.lib.common.rest_client [req-4954ddf8-a4bf-4936-8cf1-eb1d2f023365 req-4954ddf8-a4bf-4936-8cf1-eb1d2f023365 ] Request (FloatingIPsAssociationTestJSON:setUpClass): 200 GET http://10.180.1.21/compute/v2.1/servers/be788240-5ade-4de1-926f-8a8eaaf4d3e2 0.293s
2025-03-10 10:02:14.759 69233 INFO tempest.lib.common.rest_client [req-56431f97-d27c-4c91-a21e-38214ae08f0e req-56431f97-d27c-4c91-a21e-38214ae08f0e ] Request (DeleteServersAdminTestJSON:test_delete_server_while_in_error_state): 200 GET http://10.180.1.21/compute/v2.1/servers/c7d921d7-56d7-4932-8799-b21ad34b5963 0.428s
2025-03-10 10:02:14.841 69255 INFO tempest.lib.common.rest_client [req-40a6351e-7f6b-4771-973b-96defadab1db req-40a6351e-7f6b-4771-973b-96defadab1db ] Request (ServerShowV247Test:tearDownClass): 200 GET http://10.180.1.21/compute/v2.1/servers/fbf475df-ac93-4f99-a73e-98fe8334cbb9 0.335s
2025-03-10 10:02:14.902 69231 INFO tempest.lib.common.rest_client [req-80113c4b-e0c0-4414-93e0-38e73bf4a4fa req-80113c4b-e0c0-4414-93e0-38e73bf4a4fa ] Request (VolumesAdminNegativeTest:test_update_attached_volume_with_nonexistent_volume_in_body): 200 GET http://10.180.1.21/compute/v2.1/servers/778bd190-91bd-48d5-94f6-4825e2994786 0.355s
2025-03-10 10:02:14.960 69268 INFO tempest.lib.common.rest_client [req-f2a509fa-4d2e-4711-a5a9-fbb38109197c req-f2a509fa-4d2e-4711-a5a9-fbb38109197c ] Request (ServersTestMultiNic:_run_cleanups): 204 DELETE http://10.180.1.21:9696/networking/v2.0/networks/e2aff24a-3a3c-4ae3-bb4b-dd6de06fbfd8 0.375s
2025-03-10 10:02:14.971 69279 INFO tempest.lib.common.rest_client [req-d52cdf7e-080a-4ff6-a173-3a3263a21347 req-d52cdf7e-080a-4ff6-a173-3a3263a21347 ] Request (AttachInterfacesV270Test:tearDownClass): 200 GET http://10.180.1.21/compute/v2.1/servers/61f26d19-ce21-4753-8b3b-5c8950c99d54 0.355s
2025-03-10 10:02:15.018 69251 INFO tempest.lib.common.rest_client [req-b334e2e5-87d7-4fd6-8c23-34091854f3c6 req-b334e2e5-87d7-4fd6-8c23-34091854f3c6 ] Request (TenantUsagesTestJSON:test_list_usage_all_tenants): 200 GET http://10.180.1.21/compute/v2.1/os-simple-tenant-usage?start=2025-03-09T10%3A02%3A13.774112&end=2025-03-11T10%3A02%3A13.774112&detailed=1 0.401s
2025-03-10 10:02:15.068 69293 INFO tempest.lib.common.rest_client [req-dfc4f4a5-2136-46d7-943a-676fc45e5379 req-dfc4f4a5-2136-46d7-943a-676fc45e5379 ] Request (ServerMetadataNegativeTestJSON:setUpClass): 200 GET http://10.180.1.21/compute/v2.1/servers/56dcd103-9b37-41fa-88e9-3f742b080436 0.403s
2025-03-10 10:02:15.119 69249 INFO tempest.lib.common.rest_client [req-dec05cba-e1f2-4263-99a6-cdb4f5989947 req-dec05cba-e1f2-4263-99a6-cdb4f5989947 ] Request (FloatingIPsAssociationNegativeTestJSON:_run_cleanups): 202 DELETE http://10.180.1.21/compute/v2.1/os-floating-ips/d67c8aa9-9249-45cd-9221-32c40dc3315e 0.660s
2025-03-10 10:02:15.122 69277 INFO tempest.lib.common.rest_client [req-c98fcfaa-624b-4cf8-ab1a-f25463c66524 req-c98fcfaa-624b-4cf8-ab1a-f25463c66524 ] Request (ServersTestBootFromVolume:setUpClass): 200 GET http://10.180.1.21/compute/v2.1/servers/7acdc61c-e115-4a93-988c-68fd01bdb6d0 0.270s
2025-03-10 10:02:15.133 69247 INFO tempest.lib.common.rest_client [req-2b741bad-919e-4f0e-aef0-ed164756c770 req-2b741bad-919e-4f0e-aef0-ed164756c770 ] Request (ServerPasswordTestJSON:setUpClass): 201 POST http://10.180.1.21:9696/networking/v2.0/routers 0.898s
2025-03-10 10:02:15.151 69268 INFO tempest.lib.common.rest_client [req-f088e2f9-6dad-43ad-b51e-220404c853b2 req-f088e2f9-6dad-43ad-b51e-220404c853b2 ] Request (ServersTestMultiNic:_run_cleanups): 204 DELETE http://10.180.1.21:9696/networking/v2.0/subnets/2ec0d967-dba2-4aa8-9029-43c87dfedd94 0.190s
2025-03-10 10:02:15.171 69243 INFO tempest.lib.common.rest_client [req-19d194ee-38b9-4748-996d-d7b2fc00d834 req-19d194ee-38b9-4748-996d-d7b2fc00d834 ] Request (ImagesTestJSON:test_create_image_from_stopped_server): 200 GET http://10.180.1.21/compute/v2.1/servers/48cf7f2c-9a38-4841-9a82-86536cf16642 0.258s
2025-03-10 10:02:15.204 69259 INFO tempest.lib.common.rest_client [req-601aa0ea-d194-41a9-a7fc-5b83dc9f519c req-601aa0ea-d194-41a9-a7fc-5b83dc9f519c ] Request (ServersAdmin275Test:tearDownClass): 200 GET http://10.180.1.21/compute/v2.1/servers/5f626f39-7268-4d92-b97c-39d19b46431c 0.349s
2025-03-10 10:02:15.227 69271 INFO tempest.lib.common.rest_client [req-0327d3fe-ef31-4224-b602-414610a7b41e req-0327d3fe-ef31-4224-b602-414610a7b41e ] Request (ServerRescueNegativeTestJSON:setUpClass): 200 GET http://10.180.1.21/compute/v2.1/servers/4c42ee27-8b9c-4e34-8557-70dcfae9f063 0.253s
2025-03-10 10:02:15.274 69265 INFO tempest.lib.common.rest_client [req-fc370148-c91c-4bd5-a7f6-b50addbe1b9f req-fc370148-c91c-4bd5-a7f6-b50addbe1b9f ] Request (ServersAdminNegativeTestJSON:setUpClass): 200 GET http://10.180.1.21/compute/v2.1/servers/c227d634-7591-4106-91db-104267dbeab5 0.247s
2025-03-10 10:02:15.344 69251 INFO tempest.lib.common.rest_client [req-b0762ba5-6b55-45de-b605-143a4db5fabf req-b0762ba5-6b55-45de-b605-143a4db5fabf ] Request (TenantUsagesTestJSON:tearDownClass): 204 DELETE http://10.180.1.21/compute/v2.1/servers/25ed9eb9-5a0a-4421-a8c3-c2994c9127f5 0.313s
2025-03-10 10:02:15.349 69235 WARNING tempest.lib.common.ssh [-] Failed to establish authenticated ssh connection to cirros@10.180.180.168 ([Errno None] Unable to connect to port 22 on 10.180.180.168). Number attempts: 6. Retry after 7 seconds.: paramiko.ssh_exception.NoValidConnectionsError: [Errno None] Unable to connect to port 22 on 10.180.180.168
2025-03-10 10:02:15.368 69269 INFO tempest.lib.common.rest_client [req-39fe440a-a8c6-408c-b0db-64ab0ff88d25 req-39fe440a-a8c6-408c-b0db-64ab0ff88d25 ] Request (MigrationsAdminTest:test_list_migrations_in_flavor_resize_situation): 200 GET http://10.180.1.21/compute/v2.1/servers/e4a069c9-7f14-4353-bbb3-7f9861bfe4e3 0.384s
2025-03-10 10:02:15.396 69261 INFO tempest.lib.common.rest_client [req-0dad9b27-da2c-4e3b-a15a-31910b93d077 req-0dad9b27-da2c-4e3b-a15a-31910b93d077 ] Request (MultipleCreateTestJSON:test_multiple_create): 200 GET http://10.180.1.21/compute/v2.1/servers/277afcac-e84d-4097-8b9a-1fd6ea781c97 0.314s
2025-03-10 10:02:15.409 69261 INFO tempest.common.waiters [-] State transition "BUILD/scheduling" ==> "BUILD/None" after 22 second wait
2025-03-10 10:02:15.492 69251 INFO tempest.lib.common.rest_client [req-209dbba1-86de-46cd-8aa3-1472c736c311 req-209dbba1-86de-46cd-8aa3-1472c736c311 ] Request (TenantUsagesTestJSON:tearDownClass): 200 GET http://10.180.1.21/compute/v2.1/servers/25ed9eb9-5a0a-4421-a8c3-c2994c9127f5 0.147s
2025-03-10 10:02:15.542 69257 INFO tempest.lib.common.rest_client [req-a2da12ee-04a8-4c6f-9f39-42dcc3c2583d req-a2da12ee-04a8-4c6f-9f39-42dcc3c2583d ] Request (ListImageFiltersTestJSON:setUpClass): 200 GET http://10.180.1.21/compute/v2.1/servers/6df49705-2376-4469-aba1-c98b4c47830c 0.185s
2025-03-10 10:02:15.590 69275 INFO tempest.lib.common.rest_client [req-9020208f-d2d6-4490-94c2-be6c6e50fce0 req-9020208f-d2d6-4490-94c2-be6c6e50fce0 ] Request (SecurityGroupsTestJSON:test_list_security_groups_by_server): 200 GET http://10.180.1.21/compute/v2.1/servers/3b3c5b45-4416-4644-9d31-ef3ee661c192 0.158s
2025-03-10 10:02:15.608 69268 INFO tempest.lib.common.rest_client [req-70d23d69-af26-4737-aa00-a38da8e9ccc9 req-70d23d69-af26-4737-aa00-a38da8e9ccc9 ] Request (ServersTestMultiNic:_run_cleanups): 204 DELETE http://10.180.1.21:9696/networking/v2.0/networks/28e48a28-435e-4413-943b-48ad5eaa1ebc 0.457s
2025-03-10 10:02:15.660 69237 INFO tempest.lib.common.rest_client [req-143c0ebc-0c22-4ee4-bde7-706db1c75961 req-143c0ebc-0c22-4ee4-bde7-706db1c75961 ] Request (ImagesOneServerNegativeTestJSON:setUpClass): 200 GET http://10.180.1.21/compute/v2.1/servers/189b67b1-1355-45ce-aaa8-e39fee2857dd 0.175s
2025-03-10 10:02:15.731 69239 INFO tempest.lib.common.rest_client [req-7174f9e6-1e91-41a1-beea-a722e20dae63 req-7174f9e6-1e91-41a1-beea-a722e20dae63 ] Request (ServerMetadataTestJSON:tearDownClass): 200 GET http://10.180.1.21/compute/v2.1/servers/8b40d2e1-bead-40b3-bc8b-87189788fa2b 0.169s
2025-03-10 10:02:15.758 69268 INFO tempest.lib.common.rest_client [req-c2836d4a-3673-4c51-8eee-9abe0e4acd5b req-c2836d4a-3673-4c51-8eee-9abe0e4acd5b ] Request (ServersTestMultiNic:test_verify_multiple_nics_order): 201 POST http://10.180.1.21:9696/networking/v2.0/networks 0.148s
2025-03-10 10:02:15.891 69263 INFO tempest.lib.common.rest_client [req-f544ddd4-caeb-49d2-bce6-9459306e261a req-f544ddd4-caeb-49d2-bce6-9459306e261a ] Request (ListServerFiltersTestJSON:setUpClass): 200 GET http://10.180.1.21/compute/v2.1/servers/bfcdb2c7-3648-4bab-86d5-97ca30caee1c 0.312s
2025-03-10 10:02:15.904 69263 INFO tempest.common.waiters [-] State transition "BUILD/spawning" ==> "ACTIVE/None" after 46 second wait
2025-03-10 10:02:15.963 69273 INFO tempest.lib.common.rest_client [req-b2dc8f80-04b0-4902-a11c-ef99b93c1c4c req-b2dc8f80-04b0-4902-a11c-ef99b93c1c4c ] Request (ServerDiagnosticsNegativeTest:test_get_server_diagnostics_by_non_admin): 200 GET http://10.180.1.21/compute/v2.1/servers/7d16eb26-c863-4199-b181-04aeee0bffe1 0.349s
2025-03-10 10:02:16.047 69268 INFO tempest.lib.common.rest_client [req-6aadbc85-0b86-4c62-8044-ad810af1b793 req-6aadbc85-0b86-4c62-8044-ad810af1b793 ] Request (ServersTestMultiNic:test_verify_multiple_nics_order): 201 POST http://10.180.1.21:9696/networking/v2.0/subnets 0.288s
2025-03-10 10:02:16.130 69285 INFO tempest.lib.common.rest_client [req-88e4c2e8-e3d4-4109-a2bf-428b546c918a req-88e4c2e8-e3d4-4109-a2bf-428b546c918a ] Request (FloatingIPsAssociationTestJSON:setUpClass): 200 GET http://10.180.1.21/compute/v2.1/servers/be788240-5ade-4de1-926f-8a8eaaf4d3e2 0.389s
2025-03-10 10:02:16.245 69241 WARNING tempest.lib.common.ssh [-] Failed to establish authenticated ssh connection to cirros@10.180.180.192 ([Errno None] Unable to connect to port 22 on 10.180.180.192). Number attempts: 5. Retry after 6 seconds.: paramiko.ssh_exception.NoValidConnectionsError: [Errno None] Unable to connect to port 22 on 10.180.180.192
2025-03-10 10:02:16.327 69233 INFO tempest.lib.common.rest_client [req-ae4912fe-1749-4fde-8892-60933ed7a7f7 req-ae4912fe-1749-4fde-8892-60933ed7a7f7 ] Request (DeleteServersAdminTestJSON:test_delete_server_while_in_error_state): 200 GET http://10.180.1.21/compute/v2.1/servers/c7d921d7-56d7-4932-8799-b21ad34b5963 0.559s
2025-03-10 10:02:16.380 69268 INFO tempest.lib.common.rest_client [req-4bc4370b-2db6-4f8c-9f84-a2d48ceb9b25 req-4bc4370b-2db6-4f8c-9f84-a2d48ceb9b25 ] Request (ServersTestMultiNic:test_verify_multiple_nics_order): 201 POST http://10.180.1.21:9696/networking/v2.0/networks 0.333s
2025-03-10 10:02:16.436 69255 INFO tempest.lib.common.rest_client [req-b3fe58de-f092-4968-a20a-3c22134652dd req-b3fe58de-f092-4968-a20a-3c22134652dd ] Request (ServerShowV247Test:tearDownClass): 200 GET http://10.180.1.21/compute/v2.1/servers/fbf475df-ac93-4f99-a73e-98fe8334cbb9 0.579s
2025-03-10 10:02:16.554 69263 INFO tempest.lib.common.rest_client [req-918c75bb-18fa-4865-ad0e-24e994945794 req-918c75bb-18fa-4865-ad0e-24e994945794 ] Request (ListServerFiltersTestJSON:setUpClass): 200 GET http://10.180.1.21/compute/v2.1/servers/2f95bdc1-ceed-42e1-849d-4bebf79fb418 0.649s
2025-03-10 10:02:16.604 69231 INFO tempest.lib.common.rest_client [req-f22af59f-cb98-46e3-8dee-52efc4b3d9c8 req-f22af59f-cb98-46e3-8dee-52efc4b3d9c8 ] Request (VolumesAdminNegativeTest:test_update_attached_volume_with_nonexistent_volume_in_body): 200 GET http://10.180.1.21/compute/v2.1/servers/778bd190-91bd-48d5-94f6-4825e2994786 0.686s
2025-03-10 10:02:16.675 69279 INFO tempest.lib.common.rest_client [req-659c36e6-1283-4598-9ebe-fb8671045789 req-659c36e6-1283-4598-9ebe-fb8671045789 ] Request (AttachInterfacesV270Test:tearDownClass): 200 GET http://10.180.1.21/compute/v2.1/servers/61f26d19-ce21-4753-8b3b-5c8950c99d54 0.687s
2025-03-10 10:02:16.686 69249 INFO tempest.lib.common.rest_client [req-65cad65f-782e-4c03-bebc-b1c9092edd92 req-65cad65f-782e-4c03-bebc-b1c9092edd92 ] Request (FloatingIPsAssociationNegativeTestJSON:_run_cleanups): 202 POST http://10.180.1.21/compute/v2.1/servers/cd8baaaa-1637-4491-828a-cc207c5a7071/action 1.567s
2025-03-10 10:02:16.695 69268 INFO tempest.lib.common.rest_client [req-25f1918c-e123-4f5a-bd71-3c9429d15522 req-25f1918c-e123-4f5a-bd71-3c9429d15522 ] Request (ServersTestMultiNic:test_verify_multiple_nics_order): 201 POST http://10.180.1.21:9696/networking/v2.0/subnets 0.314s
2025-03-10 10:02:16.749 69293 INFO tempest.lib.common.rest_client [req-f9688e16-ae8b-4ea6-a5c4-231601aaf218 req-f9688e16-ae8b-4ea6-a5c4-231601aaf218 ] Request (ServerMetadataNegativeTestJSON:setUpClass): 200 GET http://10.180.1.21/compute/v2.1/servers/56dcd103-9b37-41fa-88e9-3f742b080436 0.672s
2025-03-10 10:02:16.759 69277 INFO tempest.lib.common.rest_client [req-9a060a34-1b09-4041-805c-ba0a302966e4 req-9a060a34-1b09-4041-805c-ba0a302966e4 ] Request (ServersTestBootFromVolume:setUpClass): 200 GET http://10.180.1.21/compute/v2.1/servers/7acdc61c-e115-4a93-988c-68fd01bdb6d0 0.626s
2025-03-10 10:02:16.786 69247 INFO tempest.lib.common.rest_client [req-cf7bb6d3-7ffb-4225-b034-bcde65798f34 req-cf7bb6d3-7ffb-4225-b034-bcde65798f34 ] Request (ServerPasswordTestJSON:setUpClass): 200 PUT http://10.180.1.21:9696/networking/v2.0/routers/df1d1445-323a-4fb8-a7c6-187ccb9bd9d4/add_router_interface 1.653s
2025-03-10 10:02:16.787 69247 INFO tempest.lib.common.dynamic_creds [-] Created isolated network resources for: credentials: Credentials: {'domain_id': 'default', 'domain_name': 'Default', 'username': 'tempest-ServerPasswordTestJSON-591155191-project-member', 'project_domain_id': 'default', 'project_domain_name': 'Default', 'project_id': '1176d81d9e25429693faaa6bdc91f421', 'project_name': 'tempest-ServerPasswordTestJSON-591155191', 'tenant_id': '1176d81d9e25429693faaa6bdc91f421', 'tenant_name': 'tempest-ServerPasswordTestJSON-591155191', 'user_domain_id': 'default', 'user_domain_name': 'Default', 'user_id': '20f7218bc28c4e0cacf278ff8d39b3f2', 'system': None}, Network: {'id': '6244bf48-4a60-4a28-a177-9dcfc4184fbd', 'name': 'tempest-ServerPasswordTestJSON-1005663518-network', 'tenant_id': '1176d81d9e25429693faaa6bdc91f421', 'admin_state_up': True, 'mtu': 8950, 'status': 'ACTIVE', 'subnets': [], 'shared': False, 'project_id': '1176d81d9e25429693faaa6bdc91f421', 'port_security_enabled': True, 'router:external': False, 'provider:network_type': 'vlan', 'provider:physical_network': 'default', 'provider:segmentation_id': 840, 'availability_zone_hints': [], 'availability_zones': [], 'ipv4_address_scope': None, 'ipv6_address_scope': None, 'description': '', 'tags': [], 'created_at': '2025-03-10T10:02:13Z', 'updated_at': '2025-03-10T10:02:14Z', 'revision_number': 1}, Subnet: {'id': 'e4f7680e-3473-48f8-88ee-1146fc33379d', 'name': 'tempest-ServerPasswordTestJSON-1005663518-subnet', 'tenant_id': '1176d81d9e25429693faaa6bdc91f421', 'network_id': '6244bf48-4a60-4a28-a177-9dcfc4184fbd', 'ip_version': 4, 'subnetpool_id': None, 'enable_dhcp': True, 'ipv6_ra_mode': None, 'ipv6_address_mode': None, 'gateway_ip': '192.168.128.1', 'cidr': '192.168.128.0/28', 'allocation_pools': [{'start': '192.168.128.2', 'end': '192.168.128.14'}], 'host_routes': [], 'dns_nameservers': [], 'description': '', 'router:external': False, 'service_types': [], 'tags': [], 'created_at': '2025-03-10T10:02:14Z', 'updated_at': '2025-03-10T10:02:14Z', 'revision_number': 0, 'project_id': '1176d81d9e25429693faaa6bdc91f421'}, Router: {'id': 'df1d1445-323a-4fb8-a7c6-187ccb9bd9d4', 'name': 'tempest-ServerPasswordTestJSON-1005663518-router', 'tenant_id': '1176d81d9e25429693faaa6bdc91f421', 'admin_state_up': True, 'status': 'ACTIVE', 'external_gateway_info': {'network_id': '41a5cdb4-acd8-4bbe-874d-06e34a2d2fbc', 'external_fixed_ips': [{'subnet_id': '8dcff8a6-04c8-4a36-8d1f-4e61ce2e5ea5', 'ip_address': '10.180.180.186'}], 'enable_snat': True}, 'description': '', 'availability_zones': [], 'distributed': False, 'ha': False, 'availability_zone_hints': [], 'routes': [], 'flavor_id': None, 'tags': [], 'created_at': '2025-03-10T10:02:14Z', 'updated_at': '2025-03-10T10:02:14Z', 'revision_number': 2, 'project_id': '1176d81d9e25429693faaa6bdc91f421'}
2025-03-10 10:02:16.804 69268 INFO tempest.lib.common.rest_client [req-38644bc0-1a2b-49d1-a0b0-cf0c2c291eab req-38644bc0-1a2b-49d1-a0b0-cf0c2c291eab ] Request (ServersTestMultiNic:test_verify_multiple_nics_order): 201 POST http://10.180.1.21/identity/v3/auth/tokens 0.105s
2025-03-10 10:02:16.804 69268 INFO tempest.lib.common.fixed_network [-] (ServersTestMultiNic:test_verify_multiple_nics_order) Found network {'id': '5db62bce-bbe5-4972-985c-cc64fd78e0d0', 'name': 'tempest-ServersTestMultiNic-540054042-network', 'tenant_id': 'f3338b22194c487fb6274fa11a928183', 'admin_state_up': True, 'mtu': 8950, 'status': 'ACTIVE', 'subnets': [], 'shared': False, 'project_id': 'f3338b22194c487fb6274fa11a928183', 'port_security_enabled': True, 'router:external': False, 'provider:network_type': 'vlan', 'provider:physical_network': 'default', 'provider:segmentation_id': 260, 'availability_zone_hints': [], 'availability_zones': [], 'ipv4_address_scope': None, 'ipv6_address_scope': None, 'description': '', 'tags': [], 'created_at': '2025-03-10T10:00:54Z', 'updated_at': '2025-03-10T10:00:54Z', 'revision_number': 1} available for tenant
2025-03-10 10:02:16.824 69243 INFO tempest.lib.common.rest_client [req-5006c1ce-7124-4cd5-8b76-f6946571c922 req-5006c1ce-7124-4cd5-8b76-f6946571c922 ] Request (ImagesTestJSON:test_create_image_from_stopped_server): 200 GET http://10.180.1.21/compute/v2.1/servers/48cf7f2c-9a38-4841-9a82-86536cf16642 0.647s
2025-03-10 10:02:16.834 69243 INFO tempest.common.waiters [-] State transition "BUILD/scheduling" ==> "BUILD/None" after 24 second wait
2025-03-10 10:02:16.859 69259 INFO tempest.lib.common.rest_client [req-62fa1b4a-cc43-4375-8ec1-b690be02855f req-62fa1b4a-cc43-4375-8ec1-b690be02855f ] Request (ServersAdmin275Test:tearDownClass): 200 GET http://10.180.1.21/compute/v2.1/servers/5f626f39-7268-4d92-b97c-39d19b46431c 0.641s
2025-03-10 10:02:16.895 69247 INFO tempest.lib.common.rest_client [req-5375aeed-da24-4b60-987e-bfd64ccd8380 req-5375aeed-da24-4b60-987e-bfd64ccd8380 ] Request (ServerPasswordTestJSON:setUpClass): 201 POST http://10.180.1.21/identity/v3/auth/tokens 0.100s
2025-03-10 10:02:16.907 69271 INFO tempest.lib.common.rest_client [req-3aeada7a-6112-4d44-bacf-8e0d2819ddc0 req-3aeada7a-6112-4d44-bacf-8e0d2819ddc0 ] Request (ServerRescueNegativeTestJSON:setUpClass): 200 GET http://10.180.1.21/compute/v2.1/servers/4c42ee27-8b9c-4e34-8557-70dcfae9f063 0.670s
