2025-03-10 10:01:57.388 69273 INFO tempest.lib.common.rest_client [req-196c6331-cf22-47d5-86aa-3840710959eb req-196c6331-cf22-47d5-86aa-3840710959eb ] Request (ServerDiagnosticsNegativeTest:test_get_server_diagnostics_by_non_admin): 202 POST http://10.180.1.21/compute/v2.1/servers 0.422s
2025-03-10 10:01:57.390 69253 INFO tempest.lib.common.rest_client [req-793e84d2-5398-47aa-b7f1-85f20d80e0d5 req-793e84d2-5398-47aa-b7f1-85f20d80e0d5 ] Request (ExtensionsTest:setUpClass): 200 GET http://10.180.1.21/identity/v3/roles 0.027s
2025-03-10 10:01:57.423 69253 INFO tempest.lib.common.rest_client [req-5100f85a-7c35-4b63-9ec8-7148b945cd9d req-5100f85a-7c35-4b63-9ec8-7148b945cd9d ] Request (ExtensionsTest:setUpClass): 204 PUT http://10.180.1.21/identity/v3/projects/eaf7bdf5a167472a855a7b7d2073355a/users/34484f5afe444681bd193149c24fa323/roles/e1fbcf44343f441785442c1b83d18301 0.033s
2025-03-10 10:01:57.423 69253 INFO tempest.lib.common.dynamic_creds [-] Dynamic test user 34484f5afe444681bd193149c24fa323 is created with scope project and roles: ['member']
2025-03-10 10:01:57.423 69253 INFO tempest.lib.common.dynamic_creds [-] Acquired dynamic creds: credentials: Credentials: {'domain_id': 'default', 'domain_name': 'Default', 'username': 'tempest-ExtensionsTest-1672945021-project-member', 'project_domain_id': 'default', 'project_domain_name': 'Default', 'project_id': 'eaf7bdf5a167472a855a7b7d2073355a', 'project_name': 'tempest-ExtensionsTest-1672945021', 'tenant_id': 'eaf7bdf5a167472a855a7b7d2073355a', 'tenant_name': 'tempest-ExtensionsTest-1672945021', 'user_domain_id': 'default', 'user_domain_name': 'Default', 'user_id': '34484f5afe444681bd193149c24fa323', 'system': None}, Network: None, Subnet: None, Router: None
2025-03-10 10:01:57.423 69253 INFO tempest.lib.common.dynamic_creds [-] Created isolated network resources for: credentials: Credentials: {'domain_id': 'default', 'domain_name': 'Default', 'username': 'tempest-ExtensionsTest-1672945021-project-member', 'project_domain_id': 'default', 'project_domain_name': 'Default', 'project_id': 'eaf7bdf5a167472a855a7b7d2073355a', 'project_name': 'tempest-ExtensionsTest-1672945021', 'tenant_id': 'eaf7bdf5a167472a855a7b7d2073355a', 'tenant_name': 'tempest-ExtensionsTest-1672945021', 'user_domain_id': 'default', 'user_domain_name': 'Default', 'user_id': '34484f5afe444681bd193149c24fa323', 'system': None}, Network: None, Subnet: None, Router: None
2025-03-10 10:01:57.432 69239 INFO tempest.lib.common.rest_client [req-05ca9ea4-b3ed-49eb-aaaf-45d39e72b715 req-05ca9ea4-b3ed-49eb-aaaf-45d39e72b715 ] Request (ServerMetadataTestJSON:tearDownClass): 200 GET http://10.180.1.21/compute/v2.1/servers/8b40d2e1-bead-40b3-bc8b-87189788fa2b 0.065s
2025-03-10 10:01:57.445 69287 INFO tempest.lib.common.rest_client [req-b0015cd2-a6b0-48be-a192-3e1e2341a1c4 req-b0015cd2-a6b0-48be-a192-3e1e2341a1c4 ] Request (ImagesMetadataTestJSON:tearDownClass): 204 DELETE http://10.180.1.21/identity/v3/projects/3a0d57a17fae4b76977d9693be9314e2 0.065s
2025-03-10 10:01:57.484 69273 INFO tempest.lib.common.rest_client [req-3bf6c832-0c1e-4173-a774-1b26dbc8b5e7 req-3bf6c832-0c1e-4173-a774-1b26dbc8b5e7 ] Request (ServerDiagnosticsNegativeTest:test_get_server_diagnostics_by_non_admin): 200 GET http://10.180.1.21/compute/v2.1/servers/7d16eb26-c863-4199-b181-04aeee0bffe1 0.093s
2025-03-10 10:01:57.487 69269 INFO tempest.lib.common.rest_client [req-99b72792-1e69-4c5e-ba44-ad769805c7ea req-99b72792-1e69-4c5e-ba44-ad769805c7ea ] Request (MigrationsAdminTest:test_list_migrations_in_flavor_resize_situation): 200 GET http://10.180.1.21/compute/v2.1/servers/e4a069c9-7f14-4353-bbb3-7f9861bfe4e3 0.107s
2025-03-10 10:01:57.524 69253 INFO tempest.lib.common.rest_client [req-5b87d5aa-4894-493e-865a-3f622ccd4406 req-5b87d5aa-4894-493e-865a-3f622ccd4406 ] Request (ExtensionsTest:setUpClass): 201 POST http://10.180.1.21/identity/v3/auth/tokens 0.096s
2025-03-10 10:01:57.540 69233 INFO tempest.lib.common.rest_client [req-a8f9b19e-61f1-42e4-86fa-8699bb040303 req-a8f9b19e-61f1-42e4-86fa-8699bb040303 ] Request (DeleteServersAdminTestJSON:test_delete_server_while_in_error_state): 200 GET http://10.180.1.21/compute/v2.1/servers/c7d921d7-56d7-4932-8799-b21ad34b5963 0.092s
2025-03-10 10:01:57.589 69251 INFO tempest.lib.common.rest_client [req-b07188d7-6e9d-4865-9cbb-ece05c3fb71f req-b07188d7-6e9d-4865-9cbb-ece05c3fb71f ] Request (TenantUsagesTestJSON:setUpClass): 200 GET http://10.180.1.21/compute/v2.1/servers/25ed9eb9-5a0a-4421-a8c3-c2994c9127f5 0.053s
2025-03-10 10:01:57.608 69253 INFO tempest.lib.common.rest_client [req-f49ab43f-a9af-42f8-b724-d552d7e6e026 req-f49ab43f-a9af-42f8-b724-d552d7e6e026 ] Request (ExtensionsTest:test_get_extension): 200 GET http://10.180.1.21/compute/v2.1/extensions/os-consoles 0.082s
2025-03-10 10:01:57.629 69253 INFO tempest.lib.common.rest_client [req-5e1d977b-3065-4507-8e1e-f4f06563673c req-5e1d977b-3065-4507-8e1e-f4f06563673c ] Request (ExtensionsTest:test_list_extensions): 200 GET http://10.180.1.21/compute/v2.1/extensions 0.020s
2025-03-10 10:01:57.663 69259 INFO tempest.lib.common.rest_client [req-508a6b1d-0453-4da5-b0dd-b2155f17b15e req-508a6b1d-0453-4da5-b0dd-b2155f17b15e ] Request (ServersAdmin275Test:_run_cleanups): 200 GET http://10.180.1.21/compute/v2.1/servers/5f626f39-7268-4d92-b97c-39d19b46431c 0.055s
2025-03-10 10:01:57.734 69285 INFO tempest.lib.common.rest_client [req-9d767cd1-1d2f-4417-9cc9-67d06af52636 req-9d767cd1-1d2f-4417-9cc9-67d06af52636 ] Request (FloatingIPsAssociationTestJSON:setUpClass): 200 GET http://10.180.1.21/compute/v2.1/servers/be788240-5ade-4de1-926f-8a8eaaf4d3e2 0.055s
2025-03-10 10:01:57.744 69253 INFO tempest.lib.common.rest_client [req-adb82e96-a192-48cd-b9d3-f3bb31060ffd req-adb82e96-a192-48cd-b9d3-f3bb31060ffd ] Request (ExtensionsTest:tearDownClass): 204 DELETE http://10.180.1.21/identity/v3/users/34484f5afe444681bd193149c24fa323 0.103s
2025-03-10 10:01:57.745 69253 INFO tempest.lib.common.dynamic_creds [-] Deleting project and security group for project: eaf7bdf5a167472a855a7b7d2073355a
2025-03-10 10:01:57.772 69231 INFO tempest.lib.common.rest_client [req-0383f2a1-7341-4f05-a4c6-792ae7a95056 req-0383f2a1-7341-4f05-a4c6-792ae7a95056 ] Request (VolumesAdminNegativeTest:test_update_attached_volume_with_nonexistent_volume_in_body): 200 GET http://10.180.1.21/compute/v2.1/servers/778bd190-91bd-48d5-94f6-4825e2994786 0.062s
2025-03-10 10:01:57.808 69253 INFO tempest.lib.common.rest_client [req-b3f3970b-2f33-4f1d-9cb8-d9d8d3382fd7 req-b3f3970b-2f33-4f1d-9cb8-d9d8d3382fd7 ] Request (ExtensionsTest:tearDownClass): 201 POST http://10.180.1.21/identity/v3/auth/tokens 0.063s
2025-03-10 10:01:57.813 69293 INFO tempest.lib.common.rest_client [req-35f8ce13-11d3-4628-83d5-11a0b8b3e810 req-35f8ce13-11d3-4628-83d5-11a0b8b3e810 ] Request (ServerMetadataNegativeTestJSON:setUpClass): 200 GET http://10.180.1.21/compute/v2.1/servers/56dcd103-9b37-41fa-88e9-3f742b080436 0.068s
2025-03-10 10:01:57.843 69243 INFO tempest.lib.common.rest_client [req-e95a4ed0-a944-4961-ad50-46d8b40129db req-e95a4ed0-a944-4961-ad50-46d8b40129db ] Request (ImagesTestJSON:test_create_image_from_stopped_server): 200 GET http://10.180.1.21/compute/v2.1/servers/48cf7f2c-9a38-4841-9a82-86536cf16642 0.056s
2025-03-10 10:01:57.906 69277 INFO tempest.lib.common.rest_client [req-d6c335b6-6ba4-48ca-9483-0eae4e3cd356 req-d6c335b6-6ba4-48ca-9483-0eae4e3cd356 ] Request (ServersTestBootFromVolume:setUpClass): 200 GET http://10.180.1.21/compute/v2.1/servers/7acdc61c-e115-4a93-988c-68fd01bdb6d0 0.056s
2025-03-10 10:01:57.975 69253 INFO tempest.lib.common.rest_client [req-050e570a-0dd7-4b39-9a9a-f973e4b16748 req-050e570a-0dd7-4b39-9a9a-f973e4b16748 ] Request (ExtensionsTest:tearDownClass): 200 GET http://10.180.1.21:9696/networking/v2.0/security-groups?tenant_id=eaf7bdf5a167472a855a7b7d2073355a&name=default 0.166s
2025-03-10 10:01:58.011 69271 INFO tempest.lib.common.rest_client [req-67f5fae7-1832-49ea-8e25-c4ef8e4a60a9 req-67f5fae7-1832-49ea-8e25-c4ef8e4a60a9 ] Request (ServerRescueNegativeTestJSON:setUpClass): 200 GET http://10.180.1.21/compute/v2.1/servers/4c42ee27-8b9c-4e34-8557-70dcfae9f063 0.071s
2025-03-10 10:01:58.076 69255 INFO tempest.lib.common.rest_client [req-ac90f591-ddbf-4470-a043-03f3fb6b1c63 req-ac90f591-ddbf-4470-a043-03f3fb6b1c63 ] Request (ServerShowV247Test:test_update_rebuild_list_server): 200 GET http://10.180.1.21/compute/v2.1/servers/fbf475df-ac93-4f99-a73e-98fe8334cbb9 0.071s
2025-03-10 10:01:58.088 69253 INFO tempest.lib.common.rest_client [req-5758492c-2e97-46d2-8208-14475e5730d1 req-5758492c-2e97-46d2-8208-14475e5730d1 ] Request (ExtensionsTest:tearDownClass): 204 DELETE http://10.180.1.21:9696/networking/v2.0/security-groups/42525150-fd38-4d45-931b-94e6f17b988c 0.113s
2025-03-10 10:01:58.106 69279 INFO tempest.lib.common.rest_client [req-169dc00e-65e7-4fcb-82ce-09d80770cd22 req-169dc00e-65e7-4fcb-82ce-09d80770cd22 ] Request (AttachInterfacesV270Test:test_create_get_list_interfaces): 200 GET http://10.180.1.21/compute/v2.1/servers/61f26d19-ce21-4753-8b3b-5c8950c99d54 0.145s
2025-03-10 10:01:58.148 69263 INFO tempest.lib.common.rest_client [req-5ced40ad-352c-4ec6-9fd9-1cdc8cc87119 req-5ced40ad-352c-4ec6-9fd9-1cdc8cc87119 ] Request (ListServerFiltersTestJSON:setUpClass): 200 GET http://10.180.1.21/compute/v2.1/servers/bfcdb2c7-3648-4bab-86d5-97ca30caee1c 0.125s
2025-03-10 10:01:58.176 69265 INFO tempest.lib.common.rest_client [req-b3246482-a6ab-42ba-96f0-99a029a7eda1 req-b3246482-a6ab-42ba-96f0-99a029a7eda1 ] Request (ServerDiagnosticsV248Test:tearDownClass): 200 GET http://10.180.1.21/compute/v2.1/servers/f048c66d-9230-4a44-b47d-ec2c2eda8795 0.107s
2025-03-10 10:01:58.176 69253 INFO tempest.lib.common.rest_client [req-49cd7328-f501-4431-89b5-bd066e5464ba req-49cd7328-f501-4431-89b5-bd066e5464ba ] Request (ExtensionsTest:tearDownClass): 204 DELETE http://10.180.1.21/identity/v3/projects/eaf7bdf5a167472a855a7b7d2073355a 0.087s
2025-03-10 10:01:58.209 69275 INFO tempest.lib.common.rest_client [req-222d59da-2da8-486c-8469-25ae07f3919f req-222d59da-2da8-486c-8469-25ae07f3919f ] Request (SecurityGroupsTestJSON:test_list_security_groups_by_server): 200 GET http://10.180.1.21/compute/v2.1/servers/3b3c5b45-4416-4644-9d31-ef3ee661c192 0.129s
2025-03-10 10:01:58.261 69257 INFO tempest.lib.common.rest_client [req-52e1c302-38a1-467e-9bec-83e14a2da15d req-52e1c302-38a1-467e-9bec-83e14a2da15d ] Request (ListImageFiltersTestJSON:setUpClass): 200 GET http://10.180.1.21/compute/v2.1/servers/6df49705-2376-4469-aba1-c98b4c47830c 0.136s
2025-03-10 10:01:58.261 69261 INFO tempest.lib.common.rest_client [req-388ee0f5-2323-4b94-b59e-d88811e00341 req-388ee0f5-2323-4b94-b59e-d88811e00341 ] Request (MultipleCreateTestJSON:test_multiple_create): 200 GET http://10.180.1.21/compute/v2.1/servers/277afcac-e84d-4097-8b9a-1fd6ea781c97 0.132s
2025-03-10 10:01:58.319 69268 INFO tempest.lib.common.rest_client [req-a4cac09f-ef40-40c5-a57e-5895d3573246 req-a4cac09f-ef40-40c5-a57e-5895d3573246 ] Request (ServersTestMultiNic:_run_cleanups): 200 GET http://10.180.1.21/compute/v2.1/servers/5ef183b9-e37d-4ded-9b69-c23684a0211e 0.139s
2025-03-10 10:01:58.327 69249 INFO tempest.lib.common.rest_client [req-c09052f2-9861-4182-b6b1-c5653e0f7ef2 req-c09052f2-9861-4182-b6b1-c5653e0f7ef2 ] Request (FloatingIPsAssociationNegativeTestJSON:setUpClass): 200 GET http://10.180.1.21/compute/v2.1/servers/cd8baaaa-1637-4491-828a-cc207c5a7071 0.099s
2025-03-10 10:01:58.336 69249 INFO tempest.common.waiters [-] State transition "BUILD/None" ==> "BUILD/networking" after 30 second wait
2025-03-10 10:01:58.371 69247 INFO tempest.lib.common.rest_client [req-ad54bc5b-0af0-4427-9246-999c5f12b13b req-ad54bc5b-0af0-4427-9246-999c5f12b13b ] Request (ServerExternalEventsTest:tearDownClass): 200 GET http://10.180.1.21/compute/v2.1/servers/b0bff01c-2ae6-4c75-8781-3836e24bfe10 0.084s
2025-03-10 10:01:58.393 69237 INFO tempest.lib.common.rest_client [req-c6dddd7d-fca2-4ba8-9066-eb96dae9241b req-c6dddd7d-fca2-4ba8-9066-eb96dae9241b ] Request (ImagesOneServerNegativeTestJSON:setUpClass): 200 GET http://10.180.1.21/compute/v2.1/servers/189b67b1-1355-45ce-aaa8-e39fee2857dd 0.051s
2025-03-10 10:01:58.512 69239 INFO tempest.lib.common.rest_client [req-38c6f02c-c909-4726-830c-eb27f4d07837 req-38c6f02c-c909-4726-830c-eb27f4d07837 ] Request (ServerMetadataTestJSON:tearDownClass): 200 GET http://10.180.1.21/compute/v2.1/servers/8b40d2e1-bead-40b3-bc8b-87189788fa2b 0.070s
2025-03-10 10:01:58.547 69273 INFO tempest.lib.common.rest_client [req-1d00c54c-5ab8-41d7-9f7c-c7b41d3ee200 req-1d00c54c-5ab8-41d7-9f7c-c7b41d3ee200 ] Request (ServerDiagnosticsNegativeTest:test_get_server_diagnostics_by_non_admin): 200 GET http://10.180.1.21/compute/v2.1/servers/7d16eb26-c863-4199-b181-04aeee0bffe1 0.054s
2025-03-10 10:01:58.595 69233 INFO tempest.lib.common.rest_client [req-debb9134-6cad-45a2-b81f-5646c7e9fd53 req-debb9134-6cad-45a2-b81f-5646c7e9fd53 ] Request (DeleteServersAdminTestJSON:test_delete_server_while_in_error_state): 200 GET http://10.180.1.21/compute/v2.1/servers/c7d921d7-56d7-4932-8799-b21ad34b5963 0.047s
2025-03-10 10:01:58.600 69269 INFO tempest.lib.common.rest_client [req-4645f605-f7be-46c5-acb3-1ecf2ae99246 req-4645f605-f7be-46c5-acb3-1ecf2ae99246 ] Request (MigrationsAdminTest:test_list_migrations_in_flavor_resize_situation): 200 GET http://10.180.1.21/compute/v2.1/servers/e4a069c9-7f14-4353-bbb3-7f9861bfe4e3 0.102s
2025-03-10 10:01:58.655 69251 INFO tempest.lib.common.rest_client [req-b4860ffe-3897-4a03-9b18-b9cc836701df req-b4860ffe-3897-4a03-9b18-b9cc836701df ] Request (TenantUsagesTestJSON:setUpClass): 200 GET http://10.180.1.21/compute/v2.1/servers/25ed9eb9-5a0a-4421-a8c3-c2994c9127f5 0.057s
2025-03-10 10:01:58.728 69259 INFO tempest.lib.common.rest_client [req-d0d93450-6e46-4a54-9b17-dd5c3b6407b7 req-d0d93450-6e46-4a54-9b17-dd5c3b6407b7 ] Request (ServersAdmin275Test:_run_cleanups): 200 GET http://10.180.1.21/compute/v2.1/servers/5f626f39-7268-4d92-b97c-39d19b46431c 0.054s
2025-03-10 10:01:58.737 69259 INFO tempest.common.waiters [-] State transition "REBUILD/rebuild_spawning" ==> "ACTIVE/None" after 9 second wait
2025-03-10 10:01:58.799 69285 INFO tempest.lib.common.rest_client [req-67956a1c-3bce-4ae7-9ba4-30cfa1ed13cc req-67956a1c-3bce-4ae7-9ba4-30cfa1ed13cc ] Request (FloatingIPsAssociationTestJSON:setUpClass): 200 GET http://10.180.1.21/compute/v2.1/servers/be788240-5ade-4de1-926f-8a8eaaf4d3e2 0.057s
2025-03-10 10:01:58.819 69259 INFO tempest.lib.common.rest_client [req-2b13c49d-7139-4c9b-88cb-57506d1a1d3b req-2b13c49d-7139-4c9b-88cb-57506d1a1d3b ] Request (ServersAdmin275Test:tearDownClass): 204 DELETE http://10.180.1.21/compute/v2.1/servers/5f626f39-7268-4d92-b97c-39d19b46431c 0.080s
2025-03-10 10:01:58.836 69283 WARNING tempest.lib.common.ssh [-] Failed to establish authenticated ssh connection to cirros@10.180.180.246 ([Errno None] Unable to connect to port 22 on 10.180.180.246). Number attempts: 5. Retry after 6 seconds.: paramiko.ssh_exception.NoValidConnectionsError: [Errno None] Unable to connect to port 22 on 10.180.180.246
2025-03-10 10:01:58.851 69231 INFO tempest.lib.common.rest_client [req-35dbe701-b136-4e33-a4ec-61a734aec20e req-35dbe701-b136-4e33-a4ec-61a734aec20e ] Request (VolumesAdminNegativeTest:test_update_attached_volume_with_nonexistent_volume_in_body): 200 GET http://10.180.1.21/compute/v2.1/servers/778bd190-91bd-48d5-94f6-4825e2994786 0.069s
2025-03-10 10:01:58.881 69259 INFO tempest.lib.common.rest_client [req-e99771b8-1284-4737-bdb1-636080daff5d req-e99771b8-1284-4737-bdb1-636080daff5d ] Request (ServersAdmin275Test:tearDownClass): 200 GET http://10.180.1.21/compute/v2.1/servers/5f626f39-7268-4d92-b97c-39d19b46431c 0.061s
2025-03-10 10:01:58.897 69293 INFO tempest.lib.common.rest_client [req-a3b80dd7-37e3-4688-a05e-23dded9e9072 req-a3b80dd7-37e3-4688-a05e-23dded9e9072 ] Request (ServerMetadataNegativeTestJSON:setUpClass): 200 GET http://10.180.1.21/compute/v2.1/servers/56dcd103-9b37-41fa-88e9-3f742b080436 0.075s
2025-03-10 10:01:58.928 69243 INFO tempest.lib.common.rest_client [req-38879588-549a-4539-a9ea-157f210234b1 req-38879588-549a-4539-a9ea-157f210234b1 ] Request (ImagesTestJSON:test_create_image_from_stopped_server): 200 GET http://10.180.1.21/compute/v2.1/servers/48cf7f2c-9a38-4841-9a82-86536cf16642 0.078s
2025-03-10 10:01:58.963 69277 INFO tempest.lib.common.rest_client [req-3cf2dfb0-aa88-4842-a66b-0f93dbbb4a11 req-3cf2dfb0-aa88-4842-a66b-0f93dbbb4a11 ] Request (ServersTestBootFromVolume:setUpClass): 200 GET http://10.180.1.21/compute/v2.1/servers/7acdc61c-e115-4a93-988c-68fd01bdb6d0 0.047s
2025-03-10 10:01:59.073 69271 INFO tempest.lib.common.rest_client [req-4a131352-ac22-4c4a-9bed-3be816b20675 req-4a131352-ac22-4c4a-9bed-3be816b20675 ] Request (ServerRescueNegativeTestJSON:setUpClass): 200 GET http://10.180.1.21/compute/v2.1/servers/4c42ee27-8b9c-4e34-8557-70dcfae9f063 0.054s
2025-03-10 10:01:59.153 69255 INFO tempest.lib.common.rest_client [req-2134f2bb-ebfe-49f6-b97e-3bf4080acd8e req-2134f2bb-ebfe-49f6-b97e-3bf4080acd8e ] Request (ServerShowV247Test:test_update_rebuild_list_server): 200 GET http://10.180.1.21/compute/v2.1/servers/fbf475df-ac93-4f99-a73e-98fe8334cbb9 0.065s
2025-03-10 10:01:59.168 69255 INFO tempest.common.waiters [-] State transition "REBUILD/rebuild_spawning" ==> "ACTIVE/None" after 12 second wait
2025-03-10 10:01:59.237 69263 INFO tempest.lib.common.rest_client [req-09a3f86a-850e-40dd-a149-ad32585f070a req-09a3f86a-850e-40dd-a149-ad32585f070a ] Request (ListServerFiltersTestJSON:setUpClass): 200 GET http://10.180.1.21/compute/v2.1/servers/bfcdb2c7-3648-4bab-86d5-97ca30caee1c 0.079s
2025-03-10 10:01:59.304 69279 INFO tempest.lib.common.rest_client [req-80706ec0-f340-46c8-8713-1e062eeb002c req-80706ec0-f340-46c8-8713-1e062eeb002c ] Request (AttachInterfacesV270Test:test_create_get_list_interfaces): 200 GET http://10.180.1.21/compute/v2.1/servers/61f26d19-ce21-4753-8b3b-5c8950c99d54 0.182s
2025-03-10 10:01:59.333 69265 INFO tempest.lib.common.rest_client [req-83e0592b-ac54-41bf-9fce-993ba55bccea req-83e0592b-ac54-41bf-9fce-993ba55bccea ] Request (ServerDiagnosticsV248Test:tearDownClass): 404 GET http://10.180.1.21/compute/v2.1/servers/f048c66d-9230-4a44-b47d-ec2c2eda8795 0.141s
2025-03-10 10:01:59.394 69275 INFO tempest.lib.common.rest_client [req-834ace6a-a2e3-4b31-8dd0-4bc939768182 req-834ace6a-a2e3-4b31-8dd0-4bc939768182 ] Request (SecurityGroupsTestJSON:test_list_security_groups_by_server): 200 GET http://10.180.1.21/compute/v2.1/servers/3b3c5b45-4416-4644-9d31-ef3ee661c192 0.174s
2025-03-10 10:01:59.421 69255 INFO tempest.lib.common.rest_client [req-86347cfe-a66c-47b6-b4d8-d6188376360a req-86347cfe-a66c-47b6-b4d8-d6188376360a ] Request (ServerShowV247Test:test_update_rebuild_list_server): 200 GET http://10.180.1.21/compute/v2.1/servers/detail 0.252s
2025-03-10 10:01:59.449 69257 INFO tempest.lib.common.rest_client [req-1ceb9eb8-1c95-40d5-9c8d-7e7498cbf017 req-1ceb9eb8-1c95-40d5-9c8d-7e7498cbf017 ] Request (ListImageFiltersTestJSON:setUpClass): 200 GET http://10.180.1.21/compute/v2.1/servers/6df49705-2376-4469-aba1-c98b4c47830c 0.179s
2025-03-10 10:01:59.484 69261 INFO tempest.lib.common.rest_client [req-f3bf01d7-0ac0-478a-b2cc-c562dd420834 req-f3bf01d7-0ac0-478a-b2cc-c562dd420834 ] Request (MultipleCreateTestJSON:test_multiple_create): 200 GET http://10.180.1.21/compute/v2.1/servers/277afcac-e84d-4097-8b9a-1fd6ea781c97 0.209s
2025-03-10 10:01:59.525 69268 INFO tempest.lib.common.rest_client [req-5da8fe33-eefe-4786-8561-d2c7a3d934df req-5da8fe33-eefe-4786-8561-d2c7a3d934df ] Request (ServersTestMultiNic:_run_cleanups): 200 GET http://10.180.1.21/compute/v2.1/servers/5ef183b9-e37d-4ded-9b69-c23684a0211e 0.194s
2025-03-10 10:01:59.592 69247 INFO tempest.lib.common.rest_client [req-f58d283f-c2ff-4804-a78d-3da1fa25dfb0 req-f58d283f-c2ff-4804-a78d-3da1fa25dfb0 ] Request (ServerExternalEventsTest:tearDownClass): 200 GET http://10.180.1.21/compute/v2.1/servers/b0bff01c-2ae6-4c75-8781-3836e24bfe10 0.212s
2025-03-10 10:01:59.602 69249 INFO tempest.lib.common.rest_client [req-282e7ad5-55cc-4d7c-812f-7b3cc319c7c4 req-282e7ad5-55cc-4d7c-812f-7b3cc319c7c4 ] Request (FloatingIPsAssociationNegativeTestJSON:setUpClass): 200 GET http://10.180.1.21/compute/v2.1/servers/cd8baaaa-1637-4491-828a-cc207c5a7071 0.263s
2025-03-10 10:01:59.611 69249 INFO tempest.common.waiters [-] State transition "BUILD/networking" ==> "BUILD/block_device_mapping" after 31 second wait
2025-03-10 10:01:59.619 69265 INFO tempest.lib.common.rest_client [req-cd9a15c8-286e-47cd-9768-7142eb3067ce req-cd9a15c8-286e-47cd-9768-7142eb3067ce ] Request (ServerDiagnosticsV248Test:tearDownClass): 204 DELETE http://10.180.1.21/identity/v3/users/474c9e586e4440d8b182f7504f895f41 0.285s
2025-03-10 10:01:59.647 69237 INFO tempest.lib.common.rest_client [req-44a190b2-bda9-46b4-99f8-34dfc1c7051b req-44a190b2-bda9-46b4-99f8-34dfc1c7051b ] Request (ImagesOneServerNegativeTestJSON:setUpClass): 200 GET http://10.180.1.21/compute/v2.1/servers/189b67b1-1355-45ce-aaa8-e39fee2857dd 0.248s
2025-03-10 10:01:59.687 69255 INFO tempest.lib.common.rest_client [req-b968e082-9d4d-4772-8ecf-3bfc80619c66 req-b968e082-9d4d-4772-8ecf-3bfc80619c66 ] Request (ServerShowV247Test:tearDownClass): 204 DELETE http://10.180.1.21/compute/v2.1/servers/fbf475df-ac93-4f99-a73e-98fe8334cbb9 0.247s
2025-03-10 10:01:59.707 69239 INFO tempest.lib.common.rest_client [req-46cb22ec-778e-4585-9b2d-669df3149744 req-46cb22ec-778e-4585-9b2d-669df3149744 ] Request (ServerMetadataTestJSON:tearDownClass): 200 GET http://10.180.1.21/compute/v2.1/servers/8b40d2e1-bead-40b3-bc8b-87189788fa2b 0.186s
2025-03-10 10:01:59.737 69273 INFO tempest.lib.common.rest_client [req-3edcbf41-a643-405f-aed8-e5ef93ff4103 req-3edcbf41-a643-405f-aed8-e5ef93ff4103 ] Request (ServerDiagnosticsNegativeTest:test_get_server_diagnostics_by_non_admin): 200 GET http://10.180.1.21/compute/v2.1/servers/7d16eb26-c863-4199-b181-04aeee0bffe1 0.183s
2025-03-10 10:01:59.744 69265 INFO tempest.lib.common.rest_client [req-d6f91dbb-c3ec-4331-b6b8-9b4ac0cc3c6d req-d6f91dbb-c3ec-4331-b6b8-9b4ac0cc3c6d ] Request (ServerDiagnosticsV248Test:tearDownClass): 204 DELETE http://10.180.1.21/identity/v3/users/01265f8c14a348cb83d9c62836235d97 0.124s
2025-03-10 10:01:59.744 69265 INFO tempest.lib.common.dynamic_creds [-] Deleting project and security group for project: 308e6ee7aa11461d8d537526b6a14927
2025-03-10 10:01:59.756 69233 INFO tempest.lib.common.rest_client [req-f586fdae-60d1-4cb5-96b6-6b70f45e198a req-f586fdae-60d1-4cb5-96b6-6b70f45e198a ] Request (DeleteServersAdminTestJSON:test_delete_server_while_in_error_state): 200 GET http://10.180.1.21/compute/v2.1/servers/c7d921d7-56d7-4932-8799-b21ad34b5963 0.152s
2025-03-10 10:01:59.807 69265 INFO tempest.lib.common.rest_client [req-62e23e20-abad-4e06-8608-4b89f201390c req-62e23e20-abad-4e06-8608-4b89f201390c ] Request (ServerDiagnosticsV248Test:tearDownClass): 201 POST http://10.180.1.21/identity/v3/auth/tokens 0.063s
2025-03-10 10:01:59.874 69269 INFO tempest.lib.common.rest_client [req-c0a9492e-1512-4ef9-9803-9e9cef061fa3 req-c0a9492e-1512-4ef9-9803-9e9cef061fa3 ] Request (MigrationsAdminTest:test_list_migrations_in_flavor_resize_situation): 200 GET http://10.180.1.21/compute/v2.1/servers/e4a069c9-7f14-4353-bbb3-7f9861bfe4e3 0.266s
2025-03-10 10:01:59.945 69255 INFO tempest.lib.common.rest_client [req-ecc2dd07-77d6-4a34-8ae0-d922a209d7bb req-ecc2dd07-77d6-4a34-8ae0-d922a209d7bb ] Request (ServerShowV247Test:tearDownClass): 200 GET http://10.180.1.21/compute/v2.1/servers/fbf475df-ac93-4f99-a73e-98fe8334cbb9 0.258s
2025-03-10 10:02:00.029 69285 INFO tempest.lib.common.rest_client [req-53ef4846-176c-404c-9a94-0c87b8af1dcd req-53ef4846-176c-404c-9a94-0c87b8af1dcd ] Request (FloatingIPsAssociationTestJSON:setUpClass): 200 GET http://10.180.1.21/compute/v2.1/servers/be788240-5ade-4de1-926f-8a8eaaf4d3e2 0.221s
2025-03-10 10:02:00.038 69265 INFO tempest.lib.common.rest_client [req-62a10f49-1448-4908-b936-dc15932f95bf req-62a10f49-1448-4908-b936-dc15932f95bf ] Request (ServerDiagnosticsV248Test:tearDownClass): 200 GET http://10.180.1.21:9696/networking/v2.0/security-groups?tenant_id=308e6ee7aa11461d8d537526b6a14927&name=default 0.230s
2025-03-10 10:02:00.045 69251 INFO tempest.lib.common.rest_client [req-3e34fc80-aeb6-4239-a168-84491f16cc4c req-3e34fc80-aeb6-4239-a168-84491f16cc4c ] Request (TenantUsagesTestJSON:setUpClass): 200 GET http://10.180.1.21/compute/v2.1/servers/25ed9eb9-5a0a-4421-a8c3-c2994c9127f5 0.382s
2025-03-10 10:02:00.052 69241 WARNING tempest.lib.common.ssh [-] Failed to establish authenticated ssh connection to cirros@10.180.180.192 ([Errno None] Unable to connect to port 22 on 10.180.180.192). Number attempts: 3. Retry after 4 seconds.: paramiko.ssh_exception.NoValidConnectionsError: [Errno None] Unable to connect to port 22 on 10.180.180.192
2025-03-10 10:02:00.081 69231 INFO tempest.lib.common.rest_client [req-f52bb6b2-7629-4292-91e6-59417b9c2a9d req-f52bb6b2-7629-4292-91e6-59417b9c2a9d ] Request (VolumesAdminNegativeTest:test_update_attached_volume_with_nonexistent_volume_in_body): 200 GET http://10.180.1.21/compute/v2.1/servers/778bd190-91bd-48d5-94f6-4825e2994786 0.219s
2025-03-10 10:02:00.116 69259 INFO tempest.lib.common.rest_client [req-cfe2d925-8036-4168-8ae0-dad6aa8e2c21 req-cfe2d925-8036-4168-8ae0-dad6aa8e2c21 ] Request (ServersAdmin275Test:tearDownClass): 200 GET http://10.180.1.21/compute/v2.1/servers/5f626f39-7268-4d92-b97c-39d19b46431c 0.225s
2025-03-10 10:02:00.136 69265 INFO tempest.lib.common.rest_client [req-9e2c9e22-dd45-4605-b336-17c658d528d8 req-9e2c9e22-dd45-4605-b336-17c658d528d8 ] Request (ServerDiagnosticsV248Test:tearDownClass): 204 DELETE http://10.180.1.21:9696/networking/v2.0/security-groups/ad411313-a2e1-452d-8bdc-127e749d6033 0.098s
2025-03-10 10:02:00.136 69293 INFO tempest.lib.common.rest_client [req-544ee28b-ff97-46aa-a4d1-67af9cc10bc8 req-544ee28b-ff97-46aa-a4d1-67af9cc10bc8 ] Request (ServerMetadataNegativeTestJSON:setUpClass): 200 GET http://10.180.1.21/compute/v2.1/servers/56dcd103-9b37-41fa-88e9-3f742b080436 0.229s
2025-03-10 10:02:00.164 69243 INFO tempest.lib.common.rest_client [req-5be82135-bca3-452c-93fb-256aff8423ec req-5be82135-bca3-452c-93fb-256aff8423ec ] Request (ImagesTestJSON:test_create_image_from_stopped_server): 200 GET http://10.180.1.21/compute/v2.1/servers/48cf7f2c-9a38-4841-9a82-86536cf16642 0.224s
2025-03-10 10:02:00.201 69277 INFO tempest.lib.common.rest_client [req-9fb70653-c47a-4b97-a832-53927250b3fc req-9fb70653-c47a-4b97-a832-53927250b3fc ] Request (ServersTestBootFromVolume:setUpClass): 200 GET http://10.180.1.21/compute/v2.1/servers/7acdc61c-e115-4a93-988c-68fd01bdb6d0 0.227s
2025-03-10 10:02:00.212 69265 INFO tempest.lib.common.rest_client [req-cea73294-ce11-48d2-9963-d3a6b79cfe73 req-cea73294-ce11-48d2-9963-d3a6b79cfe73 ] Request (ServerDiagnosticsV248Test:tearDownClass): 204 DELETE http://10.180.1.21/identity/v3/projects/308e6ee7aa11461d8d537526b6a14927 0.075s
2025-03-10 10:02:00.212 69265 INFO tempest.lib.common.dynamic_creds [-] Deleting project and security group for project: 4fa2201ed0cf4d3fbe5717dc652745f1
2025-03-10 10:02:00.214 69271 INFO tempest.lib.common.rest_client [req-0fc7dc2e-14c5-4748-a1b7-7ecf5af6350b req-0fc7dc2e-14c5-4748-a1b7-7ecf5af6350b ] Request (ServerRescueNegativeTestJSON:setUpClass): 200 GET http://10.180.1.21/compute/v2.1/servers/4c42ee27-8b9c-4e34-8557-70dcfae9f063 0.130s
2025-03-10 10:02:00.301 69265 INFO tempest.lib.common.rest_client [req-e7dd1473-7335-454f-bd00-1cf4ab803ca7 req-e7dd1473-7335-454f-bd00-1cf4ab803ca7 ] Request (ServerDiagnosticsV248Test:tearDownClass): 200 GET http://10.180.1.21:9696/networking/v2.0/security-groups?tenant_id=4fa2201ed0cf4d3fbe5717dc652745f1&name=default 0.088s
2025-03-10 10:02:00.302 69263 INFO tempest.lib.common.rest_client [req-7a7edb92-b70b-4737-9d92-22bda9dea47d req-7a7edb92-b70b-4737-9d92-22bda9dea47d ] Request (ListServerFiltersTestJSON:setUpClass): 200 GET http://10.180.1.21/compute/v2.1/servers/bfcdb2c7-3648-4bab-86d5-97ca30caee1c 0.051s
2025-03-10 10:02:00.308 69291 WARNING tempest.lib.common.ssh [-] Failed to establish authenticated ssh connection to cirros@10.180.180.247 ([Errno None] Unable to connect to port 22 on 10.180.180.247). Number attempts: 2. Retry after 3 seconds.: paramiko.ssh_exception.NoValidConnectionsError: [Errno None] Unable to connect to port 22 on 10.180.180.247
2025-03-10 10:02:00.395 69265 INFO tempest.lib.common.rest_client [req-9b8daf84-ee11-46fc-b44a-ead4f3250f0f req-9b8daf84-ee11-46fc-b44a-ead4f3250f0f ] Request (ServerDiagnosticsV248Test:tearDownClass): 204 DELETE http://10.180.1.21:9696/networking/v2.0/security-groups/cde52423-7c9d-40ba-9785-136d9902c3b1 0.094s
2025-03-10 10:02:00.428 69279 INFO tempest.lib.common.rest_client [req-dca8c259-8ffb-4672-b22a-467e761f2068 req-dca8c259-8ffb-4672-b22a-467e761f2068 ] Request (AttachInterfacesV270Test:test_create_get_list_interfaces): 200 GET http://10.180.1.21/compute/v2.1/servers/61f26d19-ce21-4753-8b3b-5c8950c99d54 0.110s
2025-03-10 10:02:00.454 69275 INFO tempest.lib.common.rest_client [req-81d51645-6ea8-4f9d-bc4b-082529ed68f9 req-81d51645-6ea8-4f9d-bc4b-082529ed68f9 ] Request (SecurityGroupsTestJSON:test_list_security_groups_by_server): 200 GET http://10.180.1.21/compute/v2.1/servers/3b3c5b45-4416-4644-9d31-ef3ee661c192 0.050s
2025-03-10 10:02:00.475 69265 INFO tempest.lib.common.rest_client [req-7b0a5b70-6bb7-4fc7-b042-c2d4d79f9c9a req-7b0a5b70-6bb7-4fc7-b042-c2d4d79f9c9a ] Request (ServerDiagnosticsV248Test:tearDownClass): 204 DELETE http://10.180.1.21/identity/v3/projects/4fa2201ed0cf4d3fbe5717dc652745f1 0.080s
2025-03-10 10:02:00.509 69257 INFO tempest.lib.common.rest_client [req-ada39773-fc85-4986-8054-98e22890f9ae req-ada39773-fc85-4986-8054-98e22890f9ae ] Request (ListImageFiltersTestJSON:setUpClass): 200 GET http://10.180.1.21/compute/v2.1/servers/6df49705-2376-4469-aba1-c98b4c47830c 0.052s
2025-03-10 10:02:00.529 69265 INFO tempest.lib.common.rest_client [req-f172e63a-337a-4b09-8f77-3898e916d8dd req-f172e63a-337a-4b09-8f77-3898e916d8dd ] Request (ServersAdminNegativeTestJSON:setUpClass): 201 POST http://10.180.1.21/identity/v3/auth/tokens 0.052s
2025-03-10 10:02:00.549 69261 INFO tempest.lib.common.rest_client [req-93ac6b09-a564-422e-b4c7-81dd44167be4 req-93ac6b09-a564-422e-b4c7-81dd44167be4 ] Request (MultipleCreateTestJSON:test_multiple_create): 200 GET http://10.180.1.21/compute/v2.1/servers/277afcac-e84d-4097-8b9a-1fd6ea781c97 0.055s
2025-03-10 10:02:00.568 69265 INFO tempest.lib.common.rest_client [req-b470354c-8f8b-4651-8be4-7145eb9668da req-b470354c-8f8b-4651-8be4-7145eb9668da ] Request (ServersAdminNegativeTestJSON:setUpClass): 201 POST http://10.180.1.21/identity/v3/auth/tokens 0.037s
2025-03-10 10:02:00.597 69265 INFO tempest.lib.common.rest_client [req-93acc76c-5777-4cd5-aff9-263720eaafb5 req-93acc76c-5777-4cd5-aff9-263720eaafb5 ] Request (ServersAdminNegativeTestJSON:setUpClass): 200 GET http://10.180.1.21/identity/v3/domains?name=Default 0.029s
2025-03-10 10:02:00.604 69268 INFO tempest.lib.common.rest_client [req-39d79725-bd16-441c-9e3c-83768a60dc4e req-39d79725-bd16-441c-9e3c-83768a60dc4e ] Request (ServersTestMultiNic:_run_cleanups): 200 GET http://10.180.1.21/compute/v2.1/servers/5ef183b9-e37d-4ded-9b69-c23684a0211e 0.066s
2025-03-10 10:02:00.625 69265 INFO tempest.lib.common.rest_client [req-5f3f2dbd-aea3-40ce-ad77-f08c79f93a63 req-5f3f2dbd-aea3-40ce-ad77-f08c79f93a63 ] Request (ServersAdminNegativeTestJSON:setUpClass): 201 POST http://10.180.1.21/identity/v3/projects 0.028s
2025-03-10 10:02:00.665 69247 INFO tempest.lib.common.rest_client [req-bfbdecb4-6196-46de-997e-4bdb53295f70 req-bfbdecb4-6196-46de-997e-4bdb53295f70 ] Request (ServerExternalEventsTest:tearDownClass): 200 GET http://10.180.1.21/compute/v2.1/servers/b0bff01c-2ae6-4c75-8781-3836e24bfe10 0.064s
2025-03-10 10:02:00.689 69265 INFO tempest.lib.common.rest_client [req-8f71c050-4860-41c4-b8cb-987f4af84b17 req-8f71c050-4860-41c4-b8cb-987f4af84b17 ] Request (ServersAdminNegativeTestJSON:setUpClass): 201 POST http://10.180.1.21/identity/v3/users 0.063s
2025-03-10 10:02:00.715 69265 INFO tempest.lib.common.rest_client [req-e26cee2c-cfe8-4a03-841f-89d8613443e1 req-e26cee2c-cfe8-4a03-841f-89d8613443e1 ] Request (ServersAdminNegativeTestJSON:setUpClass): 200 GET http://10.180.1.21/identity/v3/roles 0.025s
2025-03-10 10:02:00.718 69237 INFO tempest.lib.common.rest_client [req-b0b391a4-acd3-46ba-8462-befd211291a2 req-b0b391a4-acd3-46ba-8462-befd211291a2 ] Request (ImagesOneServerNegativeTestJSON:setUpClass): 200 GET http://10.180.1.21/compute/v2.1/servers/189b67b1-1355-45ce-aaa8-e39fee2857dd 0.062s
2025-03-10 10:02:00.728 69249 INFO tempest.lib.common.rest_client [req-2dfc4533-d548-46be-9139-1d227a75a933 req-2dfc4533-d548-46be-9139-1d227a75a933 ] Request (FloatingIPsAssociationNegativeTestJSON:setUpClass): 200 GET http://10.180.1.21/compute/v2.1/servers/cd8baaaa-1637-4491-828a-cc207c5a7071 0.116s
2025-03-10 10:02:00.735 69249 INFO tempest.common.waiters [-] State transition "BUILD/block_device_mapping" ==> "BUILD/spawning" after 32 second wait
2025-03-10 10:02:00.749 69265 INFO tempest.lib.common.rest_client [req-6e6fe95d-d71a-4944-af16-40e315eb2eb7 req-6e6fe95d-d71a-4944-af16-40e315eb2eb7 ] Request (ServersAdminNegativeTestJSON:setUpClass): 204 PUT http://10.180.1.21/identity/v3/projects/e07e41ec4c3c46adadee0ef9037a15ab/users/3c3fce3091934953bde0b4acd8158a75/roles/e1fbcf44343f441785442c1b83d18301 0.034s
2025-03-10 10:02:00.749 69265 INFO tempest.lib.common.dynamic_creds [-] Dynamic test user 3c3fce3091934953bde0b4acd8158a75 is created with scope project and roles: ['member']
2025-03-10 10:02:00.751 69265 INFO tempest.lib.common.dynamic_creds [-] Acquired dynamic creds: credentials: Credentials: {'domain_id': 'default', 'domain_name': 'Default', 'username': 'tempest-ServersAdminNegativeTestJSON-1851180293-project-member', 'project_domain_id': 'default', 'project_domain_name': 'Default', 'project_id': 'e07e41ec4c3c46adadee0ef9037a15ab', 'project_name': 'tempest-ServersAdminNegativeTestJSON-1851180293', 'tenant_id': 'e07e41ec4c3c46adadee0ef9037a15ab', 'tenant_name': 'tempest-ServersAdminNegativeTestJSON-1851180293', 'user_domain_id': 'default', 'user_domain_name': 'Default', 'user_id': '3c3fce3091934953bde0b4acd8158a75', 'system': None}, Network: None, Subnet: None, Router: None
2025-03-10 10:02:00.752 69265 INFO tempest.lib.common.dynamic_creds [-] Created isolated network resources for: credentials: Credentials: {'domain_id': 'default', 'domain_name': 'Default', 'username': 'tempest-ServersAdminNegativeTestJSON-1851180293-project-member', 'project_domain_id': 'default', 'project_domain_name': 'Default', 'project_id': 'e07e41ec4c3c46adadee0ef9037a15ab', 'project_name': 'tempest-ServersAdminNegativeTestJSON-1851180293', 'tenant_id': 'e07e41ec4c3c46adadee0ef9037a15ab', 'tenant_name': 'tempest-ServersAdminNegativeTestJSON-1851180293', 'user_domain_id': 'default', 'user_domain_name': 'Default', 'user_id': '3c3fce3091934953bde0b4acd8158a75', 'system': None}, Network: None, Subnet: None, Router: None
2025-03-10 10:02:00.779 69239 INFO tempest.lib.common.rest_client [req-842011bb-e5a6-4093-ba09-b8b3246d1197 req-842011bb-e5a6-4093-ba09-b8b3246d1197 ] Request (ServerMetadataTestJSON:tearDownClass): 200 GET http://10.180.1.21/compute/v2.1/servers/8b40d2e1-bead-40b3-bc8b-87189788fa2b 0.063s
2025-03-10 10:02:00.807 69273 INFO tempest.lib.common.rest_client [req-f378344d-19d5-442e-9236-cd1c06556eac req-f378344d-19d5-442e-9236-cd1c06556eac ] Request (ServerDiagnosticsNegativeTest:test_get_server_diagnostics_by_non_admin): 200 GET http://10.180.1.21/compute/v2.1/servers/7d16eb26-c863-4199-b181-04aeee0bffe1 0.061s
2025-03-10 10:02:00.840 69233 INFO tempest.lib.common.rest_client [req-928d27a9-9335-48a2-9786-4fde58880e4c req-928d27a9-9335-48a2-9786-4fde58880e4c ] Request (DeleteServersAdminTestJSON:test_delete_server_while_in_error_state): 200 GET http://10.180.1.21/compute/v2.1/servers/c7d921d7-56d7-4932-8799-b21ad34b5963 0.076s
2025-03-10 10:02:00.865 69265 INFO tempest.lib.common.rest_client [req-2656ff78-7e79-43d9-979a-a2a120077a41 req-2656ff78-7e79-43d9-979a-a2a120077a41 ] Request (ServersAdminNegativeTestJSON:setUpClass): 201 POST http://10.180.1.21/identity/v3/auth/tokens 0.109s
2025-03-10 10:02:00.946 69265 INFO tempest.lib.common.rest_client [req-84cda3fc-037a-4f09-97c5-2c5bc154c5f0 req-84cda3fc-037a-4f09-97c5-2c5bc154c5f0 ] Request (ServersAdminNegativeTestJSON:setUpClass): 201 POST http://10.180.1.21/identity/v3/projects 0.080s
2025-03-10 10:02:01.006 69265 INFO tempest.lib.common.rest_client [req-906d6aa6-d9f8-4bfd-847f-16d35f66df89 req-906d6aa6-d9f8-4bfd-847f-16d35f66df89 ] Request (ServersAdminNegativeTestJSON:setUpClass): 201 POST http://10.180.1.21/identity/v3/users 0.059s
2025-03-10 10:02:01.019 69255 INFO tempest.lib.common.rest_client [req-165e187d-0798-400d-b1a5-bc3fc831798f req-165e187d-0798-400d-b1a5-bc3fc831798f ] Request (ServerShowV247Test:tearDownClass): 200 GET http://10.180.1.21/compute/v2.1/servers/fbf475df-ac93-4f99-a73e-98fe8334cbb9 0.063s
2025-03-10 10:02:01.028 69265 INFO tempest.lib.common.rest_client [req-21e42a0b-2d07-4086-b788-2c8f214a9a9f req-21e42a0b-2d07-4086-b788-2c8f214a9a9f ] Request (ServersAdminNegativeTestJSON:setUpClass): 200 GET http://10.180.1.21/identity/v3/roles 0.022s
2025-03-10 10:02:01.030 69269 INFO tempest.lib.common.rest_client [req-3664f1f6-80c2-4358-9257-b09f5c2b7eb1 req-3664f1f6-80c2-4358-9257-b09f5c2b7eb1 ] Request (MigrationsAdminTest:test_list_migrations_in_flavor_resize_situation): 200 GET http://10.180.1.21/compute/v2.1/servers/e4a069c9-7f14-4353-bbb3-7f9861bfe4e3 0.146s
2025-03-10 10:02:01.053 69265 INFO tempest.lib.common.rest_client [req-567f0e64-31c5-4ac3-8a8a-8677fbd9d600 req-567f0e64-31c5-4ac3-8a8a-8677fbd9d600 ] Request (ServersAdminNegativeTestJSON:setUpClass): 204 PUT http://10.180.1.21/identity/v3/projects/8f390c1c25e246888bf0046ee292f59f/users/9bb488e695ed42ffb30e60d613ea1b82/roles/9d603f699aa143b6891be3b1dcfe40df 0.024s
2025-03-10 10:02:01.086 69285 INFO tempest.lib.common.rest_client [req-9bcdb236-efc2-4d30-86ad-c33b54f70b09 req-9bcdb236-efc2-4d30-86ad-c33b54f70b09 ] Request (FloatingIPsAssociationTestJSON:setUpClass): 200 GET http://10.180.1.21/compute/v2.1/servers/be788240-5ade-4de1-926f-8a8eaaf4d3e2 0.048s
2025-03-10 10:02:01.105 69251 INFO tempest.lib.common.rest_client [req-bee8e12b-2201-4eed-8003-9f3484f5d0d4 req-bee8e12b-2201-4eed-8003-9f3484f5d0d4 ] Request (TenantUsagesTestJSON:setUpClass): 200 GET http://10.180.1.21/compute/v2.1/servers/25ed9eb9-5a0a-4421-a8c3-c2994c9127f5 0.051s
2025-03-10 10:02:01.108 69265 INFO tempest.lib.common.rest_client [req-db0a99d3-7baf-4dcd-aac3-5ff5eeb33ea1 req-db0a99d3-7baf-4dcd-aac3-5ff5eeb33ea1 ] Request (ServersAdminNegativeTestJSON:setUpClass): 200 GET http://10.180.1.21/identity/v3/roles 0.055s
2025-03-10 10:02:01.112 69251 INFO tempest.common.waiters [-] State transition "BUILD/None" ==> "BUILD/networking" after 33 second wait
2025-03-10 10:02:01.125 69265 INFO tempest.lib.common.rest_client [req-5f855b83-fd4d-4f2d-a2c5-edd26cb9fd18 req-5f855b83-fd4d-4f2d-a2c5-edd26cb9fd18 ] Request (ServersAdminNegativeTestJSON:setUpClass): 204 PUT http://10.180.1.21/identity/v3/projects/8f390c1c25e246888bf0046ee292f59f/users/9bb488e695ed42ffb30e60d613ea1b82/roles/9d603f699aa143b6891be3b1dcfe40df 0.016s
2025-03-10 10:02:01.125 69265 INFO tempest.lib.common.dynamic_creds [-] Dynamic test user 9bb488e695ed42ffb30e60d613ea1b82 is created with scope project and roles: ['admin']
2025-03-10 10:02:01.125 69265 INFO tempest.lib.common.dynamic_creds [-] Acquired dynamic creds: credentials: Credentials: {'domain_id': 'default', 'domain_name': 'Default', 'username': 'tempest-ServersAdminNegativeTestJSON-613658762-project-admin', 'project_domain_id': 'default', 'project_domain_name': 'Default', 'project_id': '8f390c1c25e246888bf0046ee292f59f', 'project_name': 'tempest-ServersAdminNegativeTestJSON-613658762', 'tenant_id': '8f390c1c25e246888bf0046ee292f59f', 'tenant_name': 'tempest-ServersAdminNegativeTestJSON-613658762', 'user_domain_id': 'default', 'user_domain_name': 'Default', 'user_id': '9bb488e695ed42ffb30e60d613ea1b82', 'system': None}, Network: None, Subnet: None, Router: None
2025-03-10 10:02:01.125 69265 INFO tempest.lib.common.dynamic_creds [-] Created isolated network resources for: credentials: Credentials: {'domain_id': 'default', 'domain_name': 'Default', 'username': 'tempest-ServersAdminNegativeTestJSON-613658762-project-admin', 'project_domain_id': 'default', 'project_domain_name': 'Default', 'project_id': '8f390c1c25e246888bf0046ee292f59f', 'project_name': 'tempest-ServersAdminNegativeTestJSON-613658762', 'tenant_id': '8f390c1c25e246888bf0046ee292f59f', 'tenant_name': 'tempest-ServersAdminNegativeTestJSON-613658762', 'user_domain_id': 'default', 'user_domain_name': 'Default', 'user_id': '9bb488e695ed42ffb30e60d613ea1b82', 'system': None}, Network: None, Subnet: None, Router: None
2025-03-10 10:02:01.144 69231 INFO tempest.lib.common.rest_client [req-4b67d627-3d72-434f-abef-2e7deeaaa03c req-4b67d627-3d72-434f-abef-2e7deeaaa03c ] Request (VolumesAdminNegativeTest:test_update_attached_volume_with_nonexistent_volume_in_body): 200 GET http://10.180.1.21/compute/v2.1/servers/778bd190-91bd-48d5-94f6-4825e2994786 0.054s
2025-03-10 10:02:01.190 69259 INFO tempest.lib.common.rest_client [req-aa49f89f-ed11-4167-9437-b5af65de756d req-aa49f89f-ed11-4167-9437-b5af65de756d ] Request (ServersAdmin275Test:tearDownClass): 200 GET http://10.180.1.21/compute/v2.1/servers/5f626f39-7268-4d92-b97c-39d19b46431c 0.058s
2025-03-10 10:02:01.196 69265 INFO tempest.lib.common.rest_client [req-a8fc0e4e-be53-45d3-832b-6e715cb40c5c req-a8fc0e4e-be53-45d3-832b-6e715cb40c5c ] Request (ServersAdminNegativeTestJSON:setUpClass): 201 POST http://10.180.1.21/identity/v3/auth/tokens 0.067s
2025-03-10 10:02:01.196 69293 INFO tempest.lib.common.rest_client [req-0ca8b21d-26e9-45f7-8f19-dc8384aafe55 req-0ca8b21d-26e9-45f7-8f19-dc8384aafe55 ] Request (ServerMetadataNegativeTestJSON:setUpClass): 200 GET http://10.180.1.21/compute/v2.1/servers/56dcd103-9b37-41fa-88e9-3f742b080436 0.051s
2025-03-10 10:02:01.196 69265 WARNING tempest.lib.common.rest_client [-] Deprecated: "tenant_id" property is deprecated for removal, use "project_id" instead
2025-03-10 10:02:01.247 69265 INFO tempest.lib.common.rest_client [req-245b65c8-cff6-4e06-97b0-e2e8e04f4a5b req-245b65c8-cff6-4e06-97b0-e2e8e04f4a5b ] Request (ServersAdminNegativeTestJSON:setUpClass): 201 POST http://10.180.1.21/identity/v3/auth/tokens 0.048s
2025-03-10 10:02:01.248 69265 INFO tempest.lib.common.fixed_network [-] (ServersAdminNegativeTestJSON:setUpClass) Found network None available for tenant
2025-03-10 10:02:01.248 69243 INFO tempest.lib.common.rest_client [req-e93e0bd3-f087-435c-8957-e57139ca73ea req-e93e0bd3-f087-435c-8957-e57139ca73ea ] Request (ImagesTestJSON:test_create_image_from_stopped_server): 200 GET http://10.180.1.21/compute/v2.1/servers/48cf7f2c-9a38-4841-9a82-86536cf16642 0.076s
2025-03-10 10:02:01.259 69277 INFO tempest.lib.common.rest_client [req-96fafa49-433e-4bec-8646-d8823c957a5f req-96fafa49-433e-4bec-8646-d8823c957a5f ] Request (ServersTestBootFromVolume:setUpClass): 200 GET http://10.180.1.21/compute/v2.1/servers/7acdc61c-e115-4a93-988c-68fd01bdb6d0 0.049s
2025-03-10 10:02:01.307 69271 INFO tempest.lib.common.rest_client [req-9b251c46-d20b-4445-ad2d-cc36fb861f1c req-9b251c46-d20b-4445-ad2d-cc36fb861f1c ] Request (ServerRescueNegativeTestJSON:setUpClass): 200 GET http://10.180.1.21/compute/v2.1/servers/4c42ee27-8b9c-4e34-8557-70dcfae9f063 0.086s
2025-03-10 10:02:01.370 69263 INFO tempest.lib.common.rest_client [req-29be63c9-783d-4cf5-bfbe-51e3849762f2 req-29be63c9-783d-4cf5-bfbe-51e3849762f2 ] Request (ListServerFiltersTestJSON:setUpClass): 200 GET http://10.180.1.21/compute/v2.1/servers/bfcdb2c7-3648-4bab-86d5-97ca30caee1c 0.060s
2025-03-10 10:02:01.513 69265 INFO tempest.lib.common.rest_client [req-1ad536fc-7238-4fdf-890e-b0bf3320c46d req-1ad536fc-7238-4fdf-890e-b0bf3320c46d ] Request (ServersAdminNegativeTestJSON:setUpClass): 202 POST http://10.180.1.21/compute/v2.1/servers 0.264s
2025-03-10 10:02:01.570 69279 INFO tempest.lib.common.rest_client [req-322ea477-799d-4311-b3a4-4b413071908a req-322ea477-799d-4311-b3a4-4b413071908a ] Request (AttachInterfacesV270Test:test_create_get_list_interfaces): 200 GET http://10.180.1.21/compute/v2.1/servers/61f26d19-ce21-4753-8b3b-5c8950c99d54 0.131s
2025-03-10 10:02:01.628 69265 INFO tempest.lib.common.rest_client [req-c2d64d76-2ac2-4197-b70d-d7e9ed23594a req-c2d64d76-2ac2-4197-b70d-d7e9ed23594a ] Request (ServersAdminNegativeTestJSON:setUpClass): 200 GET http://10.180.1.21/compute/v2.1/servers/c227d634-7591-4106-91db-104267dbeab5 0.113s
2025-03-10 10:02:01.655 69289 WARNING tempest.lib.common.ssh [-] Failed to establish authenticated ssh connection to cirros@10.180.180.147 ([Errno None] Unable to connect to port 22 on 10.180.180.147). Number attempts: 5. Retry after 6 seconds.: paramiko.ssh_exception.NoValidConnectionsError: [Errno None] Unable to connect to port 22 on 10.180.180.147
2025-03-10 10:02:01.703 69257 INFO tempest.lib.common.rest_client [req-52f15bfc-637a-4817-a4d1-99e0b4df846b req-52f15bfc-637a-4817-a4d1-99e0b4df846b ] Request (ListImageFiltersTestJSON:setUpClass): 200 GET http://10.180.1.21/compute/v2.1/servers/6df49705-2376-4469-aba1-c98b4c47830c 0.186s
2025-03-10 10:02:01.768 69261 INFO tempest.lib.common.rest_client [req-7bede74b-551e-4c3a-ba28-57c439ab082a req-7bede74b-551e-4c3a-ba28-57c439ab082a ] Request (MultipleCreateTestJSON:test_multiple_create): 200 GET http://10.180.1.21/compute/v2.1/servers/277afcac-e84d-4097-8b9a-1fd6ea781c97 0.210s
2025-03-10 10:02:01.817 69275 INFO tempest.lib.common.rest_client [req-3aa7e431-77b9-42e9-8eb1-28a12a3c27c6 req-3aa7e431-77b9-42e9-8eb1-28a12a3c27c6 ] Request (SecurityGroupsTestJSON:test_list_security_groups_by_server): 200 GET http://10.180.1.21/compute/v2.1/servers/3b3c5b45-4416-4644-9d31-ef3ee661c192 0.353s
2025-03-10 10:02:01.860 69268 INFO tempest.lib.common.rest_client [req-b957ddf5-5603-4297-bc0f-12523cad6b23 req-b957ddf5-5603-4297-bc0f-12523cad6b23 ] Request (ServersTestMultiNic:_run_cleanups): 200 GET http://10.180.1.21/compute/v2.1/servers/5ef183b9-e37d-4ded-9b69-c23684a0211e 0.248s
2025-03-10 10:02:01.897 69247 INFO tempest.lib.common.rest_client [req-563c4062-efd7-4ec1-8ae9-db389e02e991 req-563c4062-efd7-4ec1-8ae9-db389e02e991 ] Request (ServerExternalEventsTest:tearDownClass): 200 GET http://10.180.1.21/compute/v2.1/servers/b0bff01c-2ae6-4c75-8781-3836e24bfe10 0.221s
2025-03-10 10:02:01.931 69237 INFO tempest.lib.common.rest_client [req-8c557ae7-5af3-4e55-a1df-5e6ff4065569 req-8c557ae7-5af3-4e55-a1df-5e6ff4065569 ] Request (ImagesOneServerNegativeTestJSON:setUpClass): 200 GET http://10.180.1.21/compute/v2.1/servers/189b67b1-1355-45ce-aaa8-e39fee2857dd 0.204s
2025-03-10 10:02:02.014 69239 INFO tempest.lib.common.rest_client [req-2e291e14-25ce-412d-a145-1a3b361a9329 req-2e291e14-25ce-412d-a145-1a3b361a9329 ] Request (ServerMetadataTestJSON:tearDownClass): 200 GET http://10.180.1.21/compute/v2.1/servers/8b40d2e1-bead-40b3-bc8b-87189788fa2b 0.222s
2025-03-10 10:02:02.057 69249 INFO tempest.lib.common.rest_client [req-21348322-dd8d-4fe7-9b35-cee15a64ac57 req-21348322-dd8d-4fe7-9b35-cee15a64ac57 ] Request (FloatingIPsAssociationNegativeTestJSON:setUpClass): 200 GET http://10.180.1.21/compute/v2.1/servers/cd8baaaa-1637-4491-828a-cc207c5a7071 0.321s
2025-03-10 10:02:02.082 69273 INFO tempest.lib.common.rest_client [req-c986859b-9d87-4794-84b0-7aefffc94013 req-c986859b-9d87-4794-84b0-7aefffc94013 ] Request (ServerDiagnosticsNegativeTest:test_get_server_diagnostics_by_non_admin): 200 GET http://10.180.1.21/compute/v2.1/servers/7d16eb26-c863-4199-b181-04aeee0bffe1 0.265s
2025-03-10 10:02:02.129 69233 INFO tempest.lib.common.rest_client [req-6c22633a-9fb4-495e-8cf0-0f34250e5ce3 req-6c22633a-9fb4-495e-8cf0-0f34250e5ce3 ] Request (DeleteServersAdminTestJSON:test_delete_server_while_in_error_state): 200 GET http://10.180.1.21/compute/v2.1/servers/c7d921d7-56d7-4932-8799-b21ad34b5963 0.279s
2025-03-10 10:02:02.147 69255 INFO tempest.lib.common.rest_client [req-3a816e8c-e104-49a0-9b01-215fc57d313c req-3a816e8c-e104-49a0-9b01-215fc57d313c ] Request (ServerShowV247Test:tearDownClass): 200 GET http://10.180.1.21/compute/v2.1/servers/fbf475df-ac93-4f99-a73e-98fe8334cbb9 0.119s
2025-03-10 10:02:02.228 69285 INFO tempest.lib.common.rest_client [req-8d865429-0170-489f-8198-8c6560a61046 req-8d865429-0170-489f-8198-8c6560a61046 ] Request (FloatingIPsAssociationTestJSON:setUpClass): 200 GET http://10.180.1.21/compute/v2.1/servers/be788240-5ade-4de1-926f-8a8eaaf4d3e2 0.133s
2025-03-10 10:02:02.260 69269 INFO tempest.lib.common.rest_client [req-8b7a5cd2-61f4-4edb-a7f0-d0e1650e0571 req-8b7a5cd2-61f4-4edb-a7f0-d0e1650e0571 ] Request (MigrationsAdminTest:test_list_migrations_in_flavor_resize_situation): 200 GET http://10.180.1.21/compute/v2.1/servers/e4a069c9-7f14-4353-bbb3-7f9861bfe4e3 0.222s
2025-03-10 10:02:02.272 69269 INFO tempest.common.waiters [-] State transition "RESIZE/resize_migrating" ==> "RESIZE/resize_migrated" after 31 second wait
2025-03-10 10:02:02.318 69251 INFO tempest.lib.common.rest_client [req-1c5fd097-f005-4f24-b7fd-8dd6c3b72792 req-1c5fd097-f005-4f24-b7fd-8dd6c3b72792 ] Request (TenantUsagesTestJSON:setUpClass): 200 GET http://10.180.1.21/compute/v2.1/servers/25ed9eb9-5a0a-4421-a8c3-c2994c9127f5 0.205s
2025-03-10 10:02:02.319 69231 INFO tempest.lib.common.rest_client [req-2404226a-06f5-4c09-82e0-bd1607ea3882 req-2404226a-06f5-4c09-82e0-bd1607ea3882 ] Request (VolumesAdminNegativeTest:test_update_attached_volume_with_nonexistent_volume_in_body): 200 GET http://10.180.1.21/compute/v2.1/servers/778bd190-91bd-48d5-94f6-4825e2994786 0.167s
2025-03-10 10:02:02.325 69251 INFO tempest.common.waiters [-] State transition "BUILD/networking" ==> "BUILD/block_device_mapping" after 34 second wait
