2025-03-10 10:03:14.102 69233 INFO tempest.lib.common.rest_client [req-c20ab451-8916-43d0-b3f5-4b4c2613a01d req-c20ab451-8916-43d0-b3f5-4b4c2613a01d ] Request (HypervisorAdminV228Test:setUpClass): 201 POST http://10.180.1.21/identity/v3/auth/tokens 0.067s
2025-03-10 10:03:14.134 69233 INFO tempest.lib.common.rest_client [req-583cac40-bccf-4b71-8ee4-74e9da50373c req-583cac40-bccf-4b71-8ee4-74e9da50373c ] Request (HypervisorAdminV228Test:setUpClass): 201 POST http://10.180.1.21/identity/v3/auth/tokens 0.030s
2025-03-10 10:03:14.159 69233 INFO tempest.lib.common.rest_client [req-0966e485-b057-4ec2-8004-8b2833b7790f req-0966e485-b057-4ec2-8004-8b2833b7790f ] Request (HypervisorAdminV228Test:setUpClass): 200 GET http://10.180.1.21/identity/v3/domains?name=Default 0.024s
2025-03-10 10:03:14.164 69289 WARNING tempest.lib.common.ssh [-] Failed to establish authenticated ssh connection to cirros@10.180.180.147 ([Errno None] Unable to connect to port 22 on 10.180.180.147). Number attempts: 11. Retry after 12 seconds.: paramiko.ssh_exception.NoValidConnectionsError: [Errno None] Unable to connect to port 22 on 10.180.180.147
2025-03-10 10:03:14.190 69233 INFO tempest.lib.common.rest_client [req-fc9ea869-92fb-49d0-be73-432d8c05b5fa req-fc9ea869-92fb-49d0-be73-432d8c05b5fa ] Request (HypervisorAdminV228Test:setUpClass): 201 POST http://10.180.1.21/identity/v3/projects 0.030s
2025-03-10 10:03:14.249 69233 INFO tempest.lib.common.rest_client [req-ef598ebd-37c5-404c-8749-a375f79446a7 req-ef598ebd-37c5-404c-8749-a375f79446a7 ] Request (HypervisorAdminV228Test:setUpClass): 201 POST http://10.180.1.21/identity/v3/users 0.058s
2025-03-10 10:03:14.271 69233 INFO tempest.lib.common.rest_client [req-65181605-478d-4c36-8aa3-8daf80c7e630 req-65181605-478d-4c36-8aa3-8daf80c7e630 ] Request (HypervisorAdminV228Test:setUpClass): 200 GET http://10.180.1.21/identity/v3/roles 0.021s
2025-03-10 10:03:14.299 69233 INFO tempest.lib.common.rest_client [req-98149b3c-b71e-40de-901e-6dc4590f612d req-98149b3c-b71e-40de-901e-6dc4590f612d ] Request (HypervisorAdminV228Test:setUpClass): 204 PUT http://10.180.1.21/identity/v3/projects/07e0cee558fe48a69453e9cd719147ea/users/2c6bd632dd4f49c3bc0f2fbb60a7248a/roles/e1fbcf44343f441785442c1b83d18301 0.028s
2025-03-10 10:03:14.299 69233 INFO tempest.lib.common.dynamic_creds [-] Dynamic test user 2c6bd632dd4f49c3bc0f2fbb60a7248a is created with scope project and roles: ['member']
2025-03-10 10:03:14.299 69233 INFO tempest.lib.common.dynamic_creds [-] Acquired dynamic creds: credentials: Credentials: {'domain_id': 'default', 'domain_name': 'Default', 'username': 'tempest-HypervisorAdminV228Test-1973864192-project-member', 'project_domain_id': 'default', 'project_domain_name': 'Default', 'project_id': '07e0cee558fe48a69453e9cd719147ea', 'project_name': 'tempest-HypervisorAdminV228Test-1973864192', 'tenant_id': '07e0cee558fe48a69453e9cd719147ea', 'tenant_name': 'tempest-HypervisorAdminV228Test-1973864192', 'user_domain_id': 'default', 'user_domain_name': 'Default', 'user_id': '2c6bd632dd4f49c3bc0f2fbb60a7248a', 'system': None}, Network: None, Subnet: None, Router: None
2025-03-10 10:03:14.299 69233 INFO tempest.lib.common.dynamic_creds [-] Created isolated network resources for: credentials: Credentials: {'domain_id': 'default', 'domain_name': 'Default', 'username': 'tempest-HypervisorAdminV228Test-1973864192-project-member', 'project_domain_id': 'default', 'project_domain_name': 'Default', 'project_id': '07e0cee558fe48a69453e9cd719147ea', 'project_name': 'tempest-HypervisorAdminV228Test-1973864192', 'tenant_id': '07e0cee558fe48a69453e9cd719147ea', 'tenant_name': 'tempest-HypervisorAdminV228Test-1973864192', 'user_domain_id': 'default', 'user_domain_name': 'Default', 'user_id': '2c6bd632dd4f49c3bc0f2fbb60a7248a', 'system': None}, Network: None, Subnet: None, Router: None
2025-03-10 10:03:14.372 69233 INFO tempest.lib.common.rest_client [req-607c1213-6c22-4715-9f48-fd91471438f6 req-607c1213-6c22-4715-9f48-fd91471438f6 ] Request (HypervisorAdminV228Test:setUpClass): 201 POST http://10.180.1.21/identity/v3/auth/tokens 0.068s
2025-03-10 10:03:14.443 69233 INFO tempest.lib.common.rest_client [req-42d3cdf0-923f-4e8e-a1e3-0067d11c29aa req-42d3cdf0-923f-4e8e-a1e3-0067d11c29aa ] Request (HypervisorAdminV228Test:setUpClass): 201 POST http://10.180.1.21/identity/v3/projects 0.070s
2025-03-10 10:03:14.497 69233 INFO tempest.lib.common.rest_client [req-387c67c2-85b2-4769-9c20-89c505d019a1 req-387c67c2-85b2-4769-9c20-89c505d019a1 ] Request (HypervisorAdminV228Test:setUpClass): 201 POST http://10.180.1.21/identity/v3/users 0.054s
2025-03-10 10:03:14.521 69233 INFO tempest.lib.common.rest_client [req-10fab45c-06da-429a-9bd4-5e7a7b7691a7 req-10fab45c-06da-429a-9bd4-5e7a7b7691a7 ] Request (HypervisorAdminV228Test:setUpClass): 200 GET http://10.180.1.21/identity/v3/roles 0.023s
2025-03-10 10:03:14.551 69233 INFO tempest.lib.common.rest_client [req-6910be7f-81a1-430f-99af-aa660e19fb04 req-6910be7f-81a1-430f-99af-aa660e19fb04 ] Request (HypervisorAdminV228Test:setUpClass): 204 PUT http://10.180.1.21/identity/v3/projects/bdef9bc584944a719d2af97057beff5a/users/87ede766d1f3449eacb02fd4be37ee6b/roles/9d603f699aa143b6891be3b1dcfe40df 0.029s
2025-03-10 10:03:14.611 69233 INFO tempest.lib.common.rest_client [req-1e4f0f08-aafc-4d0f-b5f5-6f2e24075887 req-1e4f0f08-aafc-4d0f-b5f5-6f2e24075887 ] Request (HypervisorAdminV228Test:setUpClass): 200 GET http://10.180.1.21/identity/v3/roles 0.059s
2025-03-10 10:03:14.640 69233 INFO tempest.lib.common.rest_client [req-08edb382-e9bc-40bf-9739-2f9ed83612e3 req-08edb382-e9bc-40bf-9739-2f9ed83612e3 ] Request (HypervisorAdminV228Test:setUpClass): 204 PUT http://10.180.1.21/identity/v3/projects/bdef9bc584944a719d2af97057beff5a/users/87ede766d1f3449eacb02fd4be37ee6b/roles/9d603f699aa143b6891be3b1dcfe40df 0.028s
2025-03-10 10:03:14.640 69233 INFO tempest.lib.common.dynamic_creds [-] Dynamic test user 87ede766d1f3449eacb02fd4be37ee6b is created with scope project and roles: ['admin']
2025-03-10 10:03:14.640 69233 INFO tempest.lib.common.dynamic_creds [-] Acquired dynamic creds: credentials: Credentials: {'domain_id': 'default', 'domain_name': 'Default', 'username': 'tempest-HypervisorAdminV228Test-1540233349-project-admin', 'project_domain_id': 'default', 'project_domain_name': 'Default', 'project_id': 'bdef9bc584944a719d2af97057beff5a', 'project_name': 'tempest-HypervisorAdminV228Test-1540233349', 'tenant_id': 'bdef9bc584944a719d2af97057beff5a', 'tenant_name': 'tempest-HypervisorAdminV228Test-1540233349', 'user_domain_id': 'default', 'user_domain_name': 'Default', 'user_id': '87ede766d1f3449eacb02fd4be37ee6b', 'system': None}, Network: None, Subnet: None, Router: None
2025-03-10 10:03:14.641 69233 INFO tempest.lib.common.dynamic_creds [-] Created isolated network resources for: credentials: Credentials: {'domain_id': 'default', 'domain_name': 'Default', 'username': 'tempest-HypervisorAdminV228Test-1540233349-project-admin', 'project_domain_id': 'default', 'project_domain_name': 'Default', 'project_id': 'bdef9bc584944a719d2af97057beff5a', 'project_name': 'tempest-HypervisorAdminV228Test-1540233349', 'tenant_id': 'bdef9bc584944a719d2af97057beff5a', 'tenant_name': 'tempest-HypervisorAdminV228Test-1540233349', 'user_domain_id': 'default', 'user_domain_name': 'Default', 'user_id': '87ede766d1f3449eacb02fd4be37ee6b', 'system': None}, Network: None, Subnet: None, Router: None
2025-03-10 10:03:14.726 69233 INFO tempest.lib.common.rest_client [req-508cae39-9b87-4dfb-87e3-5ec5514fcd94 req-508cae39-9b87-4dfb-87e3-5ec5514fcd94 ] Request (HypervisorAdminV228Test:setUpClass): 201 POST http://10.180.1.21/identity/v3/auth/tokens 0.082s
2025-03-10 10:03:14.861 69291 WARNING tempest.lib.common.ssh [-] Failed to establish authenticated ssh connection to cirros@10.180.180.247 ([Errno None] Unable to connect to port 22 on 10.180.180.247). Number attempts: 10. Retry after 11 seconds.: paramiko.ssh_exception.NoValidConnectionsError: [Errno None] Unable to connect to port 22 on 10.180.180.247
2025-03-10 10:03:15.022 69249 INFO tempest.lib.common.rest_client [req-c18893c1-dac5-42d9-a9ac-d6caf7e52021 req-c18893c1-dac5-42d9-a9ac-d6caf7e52021 ] Request (FloatingIPDetailsNegativeTestJSON:setUpClass): 201 POST http://10.180.1.21:9696/networking/v2.0/routers 0.933s
2025-03-10 10:03:15.677 69243 INFO tempest.lib.common.rest_client [req-e74588c5-8a87-434b-b2b6-a44037b084c6 req-e74588c5-8a87-434b-b2b6-a44037b084c6 ] Request (ImagesTestJSON:test_create_image_from_stopped_server): 200 GET http://10.180.1.21/compute/v2.1/images/b2ff8b25-e7a6-4253-b239-a402f8b49227 5.318s
2025-03-10 10:03:15.685 69257 INFO tempest.lib.common.rest_client [req-a3ac9bdb-e252-403d-aa9f-eefda4ae2f74 req-a3ac9bdb-e252-403d-aa9f-eefda4ae2f74 ] Request (ListImageFiltersTestJSON:setUpClass): 200 GET http://10.180.1.21/compute/v2.1/images/9bd3fa6f-a5a7-46bc-9595-ca5fa6942342 4.752s
2025-03-10 10:03:15.741 69268 INFO tempest.lib.common.rest_client [req-7cb947b7-43b8-4d96-9394-a4a15d1a3463 req-7cb947b7-43b8-4d96-9394-a4a15d1a3463 ] Request (ServersTestMultiNic:test_verify_multiple_nics_order): 200 GET http://10.180.1.21/compute/v2.1/servers/eb5cdd9d-e4f5-4662-a054-104cab4814a3 4.722s
2025-03-10 10:03:15.758 69247 INFO tempest.lib.common.rest_client [req-ba0f7c11-cdd3-40ee-8789-3abb52d6ad2d req-ba0f7c11-cdd3-40ee-8789-3abb52d6ad2d ] Request (ServerPasswordTestJSON:setUpClass): 200 GET http://10.180.1.21/compute/v2.1/servers/61957a09-7981-437a-baf9-6b72ed8161d7 4.682s
2025-03-10 10:03:15.824 69265 INFO tempest.lib.common.rest_client [req-d8d3c242-a81c-4d63-9767-4eb65b7cb705 req-d8d3c242-a81c-4d63-9767-4eb65b7cb705 ] Request (ServersAdminNegativeTestJSON:setUpClass): 200 GET http://10.180.1.21/compute/v2.1/servers/c227d634-7591-4106-91db-104267dbeab5 4.656s
2025-03-10 10:03:15.832 69269 INFO tempest.lib.common.rest_client [req-8804a9fe-7867-4096-9e2e-460c04907697 req-8804a9fe-7867-4096-9e2e-460c04907697 ] Request (MigrationsAdminTest:test_resize_server_revert_deleted_flavor): 200 GET http://10.180.1.21/compute/v2.1/servers/c25b3f89-8952-4cbc-a940-bfe2fcfb7b5d 4.599s
2025-03-10 10:03:15.895 69261 INFO tempest.lib.common.rest_client [req-1d78f573-7f91-41f0-8f85-439a3fda9e5a req-1d78f573-7f91-41f0-8f85-439a3fda9e5a ] Request (MultipleCreateTestJSON:_run_cleanups): 200 GET http://10.180.1.21/compute/v2.1/servers/9c997a89-290d-4f9d-be3f-68ac3aae31bf 4.437s
2025-03-10 10:03:15.898 69251 INFO tempest.lib.common.rest_client [req-f49f0f3c-9359-45f7-acd4-dd4849d581e9 req-f49f0f3c-9359-45f7-acd4-dd4849d581e9 ] Request (ImagesNegativeTestJSON:test_create_image_from_deleted_server): 200 GET http://10.180.1.21/compute/v2.1/servers/53180f23-e418-4326-b49f-886bcfe5279e 4.587s
2025-03-10 10:03:15.948 69279 INFO tempest.lib.common.rest_client [req-040e9771-7091-4c2a-80ed-1fef6e3341d8 req-040e9771-7091-4c2a-80ed-1fef6e3341d8 ] Request (ServersTestManualDisk:setUpClass): 200 GET http://10.180.1.21/compute/v2.1/servers/816f6166-f78f-4975-891b-9dda23a9756c 4.428s
2025-03-10 10:03:16.069 69273 INFO tempest.lib.common.rest_client [req-c0c0297b-fd2c-46bc-8d31-0141a087673c req-c0c0297b-fd2c-46bc-8d31-0141a087673c ] Request (ServerDiagnosticsNegativeTest:test_get_server_diagnostics_by_non_admin): 200 GET http://10.180.1.21/compute/v2.1/servers/7d16eb26-c863-4199-b181-04aeee0bffe1 4.075s
2025-03-10 10:03:16.076 69273 INFO tempest.common.waiters [-] State transition "BUILD/None" ==> "BUILD/block_device_mapping" after 79 second wait
2025-03-10 10:03:16.077 69271 INFO tempest.lib.common.rest_client [req-99337b4e-61fe-4a23-8959-a1d92b5ad809 req-99337b4e-61fe-4a23-8959-a1d92b5ad809 ] Request (ServerRescueNegativeTestJSON:test_rescued_vm_attach_volume): 200 GET http://10.180.1.21/compute/v2.1/servers/760799dc-a7ab-46a2-885f-06d4c63c48c4 3.753s
2025-03-10 10:03:16.114 69263 INFO tempest.lib.common.rest_client [req-442f4a89-bd7b-4407-981a-9c5226cf92bb req-442f4a89-bd7b-4407-981a-9c5226cf92bb ] Request (ListServerFiltersTestJSON:tearDownClass): 404 GET http://10.180.1.21/compute/v2.1/servers/bfcdb2c7-3648-4bab-86d5-97ca30caee1c 3.552s
2025-03-10 10:03:16.180 69285 INFO tempest.lib.common.rest_client [req-6395faef-949a-4cb1-a5a1-0de5ef09a56d req-6395faef-949a-4cb1-a5a1-0de5ef09a56d ] Request (FloatingIPsAssociationTestJSON:test_associate_already_associated_floating_ip): 200 GET http://10.180.1.21/compute/v2.1/servers/21492211-9f96-4128-975b-444ceefc504c 3.541s
2025-03-10 10:03:16.320 69275 INFO tempest.lib.common.rest_client [req-746f5063-f57b-41b8-b226-dbab47db91a1 req-746f5063-f57b-41b8-b226-dbab47db91a1 ] Request (SecurityGroupsTestJSON:test_list_security_groups_by_server): 200 GET http://10.180.1.21/compute/v2.1/servers/3b3c5b45-4416-4644-9d31-ef3ee661c192/os-security-groups 3.666s
2025-03-10 10:03:16.373 69237 INFO tempest.lib.common.rest_client [req-309947b5-e4f1-4035-afa6-dd1a6628c66b req-309947b5-e4f1-4035-afa6-dd1a6628c66b ] Request (ImagesOneServerNegativeTestJSON:setUpClass): 200 GET http://10.180.1.21/compute/v2.1/servers/189b67b1-1355-45ce-aaa8-e39fee2857dd 3.900s
2025-03-10 10:03:16.380 69259 INFO tempest.lib.common.rest_client [req-8ae2d5ea-6ba3-45de-8adb-8f2dcea6a519 req-8ae2d5ea-6ba3-45de-8adb-8f2dcea6a519 ] Request (AttachInterfacesUnderV243Test:test_add_remove_fixed_ip): 200 GET http://10.180.1.21/compute/v2.1/servers/0d2ecf13-da64-4a42-a89a-3eac2eb37212 3.664s
2025-03-10 10:03:16.599 69277 INFO tempest.lib.common.rest_client [req-71da8a2a-2bbe-4219-aca2-de4e29f72735 req-71da8a2a-2bbe-4219-aca2-de4e29f72735 ] Request (ServersTestBootFromVolume:setUpClass): 200 GET http://10.180.1.21/compute/v2.1/servers/7acdc61c-e115-4a93-988c-68fd01bdb6d0 3.662s
2025-03-10 10:03:16.620 69255 INFO tempest.lib.common.rest_client [req-ea4f3730-3a82-45af-8973-9c977dd5b2bb req-ea4f3730-3a82-45af-8973-9c977dd5b2bb ] Request (ServerShowV247Test:tearDownClass): 404 GET http://10.180.1.21/compute/v2.1/servers/0540d486-7efb-48f8-85c7-86df19b1d817 2.823s
2025-03-10 10:03:16.684 69233 INFO tempest.lib.common.rest_client [req-8f495017-af43-47fb-b515-8a6dd7749ace req-8f495017-af43-47fb-b515-8a6dd7749ace ] Request (HypervisorAdminV228Test:test_get_list_hypervisor_details): 200 GET http://10.180.1.21/compute/v2.1/os-hypervisors 1.957s
2025-03-10 10:03:16.706 69249 INFO tempest.lib.common.rest_client [req-aa8353dc-2d9a-46f2-b7fc-ab8a28805c98 req-aa8353dc-2d9a-46f2-b7fc-ab8a28805c98 ] Request (FloatingIPDetailsNegativeTestJSON:setUpClass): 200 PUT http://10.180.1.21:9696/networking/v2.0/routers/aa934a4d-ef4f-4355-8a69-0007d0cc6dbb/add_router_interface 1.683s
2025-03-10 10:03:16.707 69249 INFO tempest.lib.common.dynamic_creds [-] Created isolated network resources for: credentials: Credentials: {'domain_id': 'default', 'domain_name': 'Default', 'username': 'tempest-FloatingIPDetailsNegativeTestJSON-2023649393-project-member', 'project_domain_id': 'default', 'project_domain_name': 'Default', 'project_id': 'f4e9f673bb1843f2b1066ec0cd80187a', 'project_name': 'tempest-FloatingIPDetailsNegativeTestJSON-2023649393', 'tenant_id': 'f4e9f673bb1843f2b1066ec0cd80187a', 'tenant_name': 'tempest-FloatingIPDetailsNegativeTestJSON-2023649393', 'user_domain_id': 'default', 'user_domain_name': 'Default', 'user_id': '89e4923034ad43eea408a74568786e95', 'system': None}, Network: {'id': '7d3c8e3e-1dc4-4c6b-b129-0865e9bc2983', 'name': 'tempest-FloatingIPDetailsNegativeTestJSON-396800540-network', 'tenant_id': 'f4e9f673bb1843f2b1066ec0cd80187a', 'admin_state_up': True, 'mtu': 8950, 'status': 'ACTIVE', 'subnets': [], 'shared': False, 'project_id': 'f4e9f673bb1843f2b1066ec0cd80187a', 'port_security_enabled': True, 'router:external': False, 'provider:network_type': 'vlan', 'provider:physical_network': 'default', 'provider:segmentation_id': 664, 'availability_zone_hints': [], 'availability_zones': [], 'ipv4_address_scope': None, 'ipv6_address_scope': None, 'description': '', 'tags': [], 'created_at': '2025-03-10T10:03:13Z', 'updated_at': '2025-03-10T10:03:13Z', 'revision_number': 1}, Subnet: {'id': '1422e47b-a607-48bb-a93d-b1166b3eb089', 'name': 'tempest-FloatingIPDetailsNegativeTestJSON-396800540-subnet', 'tenant_id': 'f4e9f673bb1843f2b1066ec0cd80187a', 'network_id': '7d3c8e3e-1dc4-4c6b-b129-0865e9bc2983', 'ip_version': 4, 'subnetpool_id': None, 'enable_dhcp': True, 'ipv6_ra_mode': None, 'ipv6_address_mode': None, 'gateway_ip': '192.168.128.1', 'cidr': '192.168.128.0/28', 'allocation_pools': [{'start': '192.168.128.2', 'end': '192.168.128.14'}], 'host_routes': [], 'dns_nameservers': [], 'description': '', 'router:external': False, 'service_types': [], 'tags': [], 'created_at': '2025-03-10T10:03:13Z', 'updated_at': '2025-03-10T10:03:13Z', 'revision_number': 0, 'project_id': 'f4e9f673bb1843f2b1066ec0cd80187a'}, Router: {'id': 'aa934a4d-ef4f-4355-8a69-0007d0cc6dbb', 'name': 'tempest-FloatingIPDetailsNegativeTestJSON-396800540-router', 'tenant_id': 'f4e9f673bb1843f2b1066ec0cd80187a', 'admin_state_up': True, 'status': 'ACTIVE', 'external_gateway_info': {'network_id': '41a5cdb4-acd8-4bbe-874d-06e34a2d2fbc', 'external_fixed_ips': [{'subnet_id': '8dcff8a6-04c8-4a36-8d1f-4e61ce2e5ea5', 'ip_address': '10.180.180.155'}], 'enable_snat': True}, 'description': '', 'availability_zones': [], 'distributed': False, 'ha': False, 'availability_zone_hints': [], 'routes': [], 'flavor_id': None, 'tags': [], 'created_at': '2025-03-10T10:03:14Z', 'updated_at': '2025-03-10T10:03:14Z', 'revision_number': 2, 'project_id': 'f4e9f673bb1843f2b1066ec0cd80187a'}
2025-03-10 10:03:16.726 69293 INFO tempest.lib.common.rest_client [req-9b17282e-6cec-4997-b0de-eee1d4d225ed req-9b17282e-6cec-4997-b0de-eee1d4d225ed ] Request (ServersListShow2100Test:test_list_show_rebuild_update_server_2100): 202 POST http://10.180.1.21/compute/v2.1/servers 3.781s
2025-03-10 10:03:16.735 69243 INFO tempest.lib.common.rest_client [req-65d61736-395b-405b-b005-74bd409560bb req-65d61736-395b-405b-b005-74bd409560bb ] Request (ImagesTestJSON:test_create_image_from_stopped_server): 200 GET http://10.180.1.21/compute/v2.1/images/b2ff8b25-e7a6-4253-b239-a402f8b49227 1.053s
2025-03-10 10:03:16.774 69255 INFO tempest.lib.common.rest_client [req-ba4f91f9-88b7-4710-a570-d2d410354d14 req-ba4f91f9-88b7-4710-a570-d2d410354d14 ] Request (ServerShowV247Test:tearDownClass): 204 DELETE http://10.180.1.21/identity/v3/users/2fb4d433b091450bad4ab41842571559 0.153s
2025-03-10 10:03:16.785 69243 INFO tempest.lib.common.rest_client [req-9541c5b4-f72e-4dab-804b-2598b38c4ff2 req-9541c5b4-f72e-4dab-804b-2598b38c4ff2 ] Request (ImagesTestJSON:test_create_image_from_stopped_server): 200 GET http://10.180.1.21/image/v2/images/b2ff8b25-e7a6-4253-b239-a402f8b49227/tasks 0.046s
2025-03-10 10:03:16.852 69249 INFO tempest.lib.common.rest_client [req-402081bf-a3f4-4451-828d-d38d47788e04 req-402081bf-a3f4-4451-828d-d38d47788e04 ] Request (FloatingIPDetailsNegativeTestJSON:setUpClass): 201 POST http://10.180.1.21/identity/v3/auth/tokens 0.137s
2025-03-10 10:03:16.881 69263 INFO tempest.lib.common.rest_client [req-8ba34e44-590c-4509-a429-fbccbc74b538 req-8ba34e44-590c-4509-a429-fbccbc74b538 ] Request (ListServerFiltersTestJSON:tearDownClass): 204 DELETE http://10.180.1.21/compute/v2.1/servers/74008cb8-0ae9-4192-a053-99d6bd511db8 0.765s
2025-03-10 10:03:16.916 69233 INFO tempest.lib.common.rest_client [req-28d2a9ed-caa3-4741-b5eb-f74454ef6431 req-28d2a9ed-caa3-4741-b5eb-f74454ef6431 ] Request (HypervisorAdminV228Test:test_get_list_hypervisor_details): 200 GET http://10.180.1.21/compute/v2.1/os-hypervisors/1 0.230s
2025-03-10 10:03:16.943 69275 INFO tempest.lib.common.rest_client [req-f3ecf69b-199d-49d1-8e26-1c4db38fda23 req-f3ecf69b-199d-49d1-8e26-1c4db38fda23 ] Request (SecurityGroupsTestJSON:test_security_group_create_get_delete): 200 POST http://10.180.1.21/compute/v2.1/os-security-groups 0.616s
2025-03-10 10:03:16.960 69255 INFO tempest.lib.common.rest_client [req-97a6f49b-b2ce-4e46-a3e8-b63668e3722f req-97a6f49b-b2ce-4e46-a3e8-b63668e3722f ] Request (ServerShowV247Test:tearDownClass): 204 DELETE http://10.180.1.21/identity/v3/users/c3f69c2a19c84094ad271ae4696b4d1a 0.184s
2025-03-10 10:03:16.960 69255 INFO tempest.lib.common.dynamic_creds [-] Deleting project and security group for project: 945cbddb066e46eeaa710b664fbc7c89
2025-03-10 10:03:16.962 69257 INFO tempest.lib.common.rest_client [req-44748b3f-fff6-4b43-b9a9-324a30742ff8 req-44748b3f-fff6-4b43-b9a9-324a30742ff8 ] Request (ListImageFiltersTestJSON:setUpClass): 200 GET http://10.180.1.21/compute/v2.1/images/9bd3fa6f-a5a7-46bc-9595-ca5fa6942342 0.269s
2025-03-10 10:03:17.022 69293 INFO tempest.lib.common.rest_client [req-05fdcad1-a36b-4255-ba6d-3f61affde850 req-05fdcad1-a36b-4255-ba6d-3f61affde850 ] Request (ServersListShow2100Test:test_list_show_rebuild_update_server_2100): 200 GET http://10.180.1.21/compute/v2.1/servers/70aa0175-918e-4d90-bb57-929a11933879 0.293s
2025-03-10 10:03:17.036 69255 INFO tempest.lib.common.rest_client [req-5552e24e-291b-49d3-8e2d-7588688dd5a8 req-5552e24e-291b-49d3-8e2d-7588688dd5a8 ] Request (ServerShowV247Test:tearDownClass): 201 POST http://10.180.1.21/identity/v3/auth/tokens 0.075s
2025-03-10 10:03:17.049 69268 INFO tempest.lib.common.rest_client [req-ca4ec946-77cb-4133-8a9f-83a23c178cd2 req-ca4ec946-77cb-4133-8a9f-83a23c178cd2 ] Request (ServersTestMultiNic:test_verify_multiple_nics_order): 200 GET http://10.180.1.21/compute/v2.1/servers/eb5cdd9d-e4f5-4662-a054-104cab4814a3 0.295s
2025-03-10 10:03:17.094 69247 INFO tempest.lib.common.rest_client [req-f33d752f-d243-4254-b766-1f0dc26414f8 req-f33d752f-d243-4254-b766-1f0dc26414f8 ] Request (ServerPasswordTestJSON:setUpClass): 200 GET http://10.180.1.21/compute/v2.1/servers/61957a09-7981-437a-baf9-6b72ed8161d7 0.320s
2025-03-10 10:03:17.098 69233 INFO tempest.lib.common.rest_client [req-2d4ccb77-74ab-43a2-895e-a6cb249211e6 req-2d4ccb77-74ab-43a2-895e-a6cb249211e6 ] Request (HypervisorAdminV228Test:tearDownClass): 204 DELETE http://10.180.1.21/identity/v3/users/2c6bd632dd4f49c3bc0f2fbb60a7248a 0.176s
2025-03-10 10:03:17.155 69265 INFO tempest.lib.common.rest_client [req-52317cb7-9a90-485c-8a85-74d8a3943659 req-52317cb7-9a90-485c-8a85-74d8a3943659 ] Request (ServersAdminNegativeTestJSON:setUpClass): 200 GET http://10.180.1.21/compute/v2.1/servers/c227d634-7591-4106-91db-104267dbeab5 0.322s
2025-03-10 10:03:17.190 69243 INFO tempest.lib.common.rest_client [req-2714e4e8-dc91-4c71-ba27-3ef19353aaa4 req-2714e4e8-dc91-4c71-ba27-3ef19353aaa4 ] Request (ImagesTestJSON:_run_cleanups): 204 DELETE http://10.180.1.21/compute/v2.1/images/b2ff8b25-e7a6-4253-b239-a402f8b49227 0.403s
2025-03-10 10:03:17.218 69269 INFO tempest.lib.common.rest_client [req-c078892e-66c4-4c9e-878b-d26843eadc69 req-c078892e-66c4-4c9e-878b-d26843eadc69 ] Request (MigrationsAdminTest:test_resize_server_revert_deleted_flavor): 200 GET http://10.180.1.21/compute/v2.1/servers/c25b3f89-8952-4cbc-a940-bfe2fcfb7b5d 0.375s
2025-03-10 10:03:17.225 69233 INFO tempest.lib.common.rest_client [req-682e5989-8612-44ba-a431-685072e6bb73 req-682e5989-8612-44ba-a431-685072e6bb73 ] Request (HypervisorAdminV228Test:tearDownClass): 204 DELETE http://10.180.1.21/identity/v3/users/87ede766d1f3449eacb02fd4be37ee6b 0.126s
2025-03-10 10:03:17.225 69233 INFO tempest.lib.common.dynamic_creds [-] Deleting project and security group for project: bdef9bc584944a719d2af97057beff5a
2025-03-10 10:03:17.304 69233 INFO tempest.lib.common.rest_client [req-c0468477-d730-42dc-941b-c014aaf23e8d req-c0468477-d730-42dc-941b-c014aaf23e8d ] Request (HypervisorAdminV228Test:tearDownClass): 201 POST http://10.180.1.21/identity/v3/auth/tokens 0.078s
2025-03-10 10:03:17.350 69255 INFO tempest.lib.common.rest_client [req-7921d70c-8063-4dce-93cd-5b7435761100 req-7921d70c-8063-4dce-93cd-5b7435761100 ] Request (ServerShowV247Test:tearDownClass): 200 GET http://10.180.1.21:9696/networking/v2.0/security-groups?tenant_id=945cbddb066e46eeaa710b664fbc7c89&name=default 0.314s
2025-03-10 10:03:17.401 69249 INFO tempest.lib.common.rest_client [req-0f9bd20a-115f-45ff-ab1a-8c3a703a82c0 req-0f9bd20a-115f-45ff-ab1a-8c3a703a82c0 ] Request (FloatingIPDetailsNegativeTestJSON:test_get_nonexistent_floating_ip_details): 404 GET http://10.180.1.21/compute/v2.1/os-floating-ips/8d3af19a-2743-402f-82e0-fbaffa3e4803 0.546s
2025-03-10 10:03:17.473 69263 INFO tempest.lib.common.rest_client [req-ceddf73f-2607-4325-9488-32131e9dce38 req-ceddf73f-2607-4325-9488-32131e9dce38 ] Request (ListServerFiltersTestJSON:tearDownClass): 200 GET http://10.180.1.21/compute/v2.1/servers/74008cb8-0ae9-4192-a053-99d6bd511db8 0.592s
2025-03-10 10:03:17.481 69261 INFO tempest.lib.common.rest_client [req-cfadf6e8-61d1-4e36-bd13-38d4a77ac363 req-cfadf6e8-61d1-4e36-bd13-38d4a77ac363 ] Request (MultipleCreateTestJSON:_run_cleanups): 200 GET http://10.180.1.21/compute/v2.1/servers/9c997a89-290d-4f9d-be3f-68ac3aae31bf 0.571s
2025-03-10 10:03:17.491 69255 INFO tempest.lib.common.rest_client [req-1bcd7393-c217-42b0-8f15-ce234b294d80 req-1bcd7393-c217-42b0-8f15-ce234b294d80 ] Request (ServerShowV247Test:tearDownClass): 204 DELETE http://10.180.1.21:9696/networking/v2.0/security-groups/200ce038-d16a-419a-b1c7-6acfea4d5d6d 0.140s
2025-03-10 10:03:17.526 69275 INFO tempest.lib.common.rest_client [req-7af3e490-34ee-461c-9d3e-67d3de963394 req-7af3e490-34ee-461c-9d3e-67d3de963394 ] Request (SecurityGroupsTestJSON:test_security_group_create_get_delete): 200 GET http://10.180.1.21/compute/v2.1/os-security-groups/4aa600b6-d7d7-46e1-9e18-108b33c33764 0.580s
2025-03-10 10:03:17.566 69251 INFO tempest.lib.common.rest_client [req-69cf4544-d61e-44ea-902d-594b5c74ab02 req-69cf4544-d61e-44ea-902d-594b5c74ab02 ] Request (ImagesNegativeTestJSON:test_create_image_from_deleted_server): 200 GET http://10.180.1.21/compute/v2.1/servers/53180f23-e418-4326-b49f-886bcfe5279e 0.650s
2025-03-10 10:03:17.567 69233 INFO tempest.lib.common.rest_client [req-03175a9a-ae07-41e7-b99a-ff532b6f2039 req-03175a9a-ae07-41e7-b99a-ff532b6f2039 ] Request (HypervisorAdminV228Test:tearDownClass): 200 GET http://10.180.1.21:9696/networking/v2.0/security-groups?tenant_id=bdef9bc584944a719d2af97057beff5a&name=default 0.262s
2025-03-10 10:03:17.595 69255 INFO tempest.lib.common.rest_client [req-c7cb0f31-bb98-4034-b717-09b3cc49f9b7 req-c7cb0f31-bb98-4034-b717-09b3cc49f9b7 ] Request (ServerShowV247Test:tearDownClass): 204 DELETE http://10.180.1.21/identity/v3/projects/945cbddb066e46eeaa710b664fbc7c89 0.104s
2025-03-10 10:03:17.608 69279 INFO tempest.lib.common.rest_client [req-b8bb2aa2-fc1f-4d74-b831-c63b370fc5b0 req-b8bb2aa2-fc1f-4d74-b831-c63b370fc5b0 ] Request (ServersTestManualDisk:setUpClass): 200 GET http://10.180.1.21/compute/v2.1/servers/816f6166-f78f-4975-891b-9dda23a9756c 0.650s
2025-03-10 10:03:17.715 69271 INFO tempest.lib.common.rest_client [req-639611ff-0592-4344-bad3-fc824f0534f3 req-639611ff-0592-4344-bad3-fc824f0534f3 ] Request (ServerRescueNegativeTestJSON:test_rescued_vm_attach_volume): 200 GET http://10.180.1.21/compute/v2.1/servers/760799dc-a7ab-46a2-885f-06d4c63c48c4 0.630s
2025-03-10 10:03:17.781 69273 INFO tempest.lib.common.rest_client [req-72227588-5b1e-4f7e-be27-2ea5cd656b3a req-72227588-5b1e-4f7e-be27-2ea5cd656b3a ] Request (ServerDiagnosticsNegativeTest:test_get_server_diagnostics_by_non_admin): 200 GET http://10.180.1.21/compute/v2.1/servers/7d16eb26-c863-4199-b181-04aeee0bffe1 0.703s
2025-03-10 10:03:17.793 69273 INFO tempest.common.waiters [-] State transition "BUILD/block_device_mapping" ==> "BUILD/spawning" after 80 second wait
2025-03-10 10:03:17.806 69233 INFO tempest.lib.common.rest_client [req-4455ad83-8ec6-436c-a441-f6e3cdabef6f req-4455ad83-8ec6-436c-a441-f6e3cdabef6f ] Request (HypervisorAdminV228Test:tearDownClass): 204 DELETE http://10.180.1.21:9696/networking/v2.0/security-groups/3c838992-4d73-4265-b2c4-44453186f8e8 0.239s
2025-03-10 10:03:17.844 69243 INFO tempest.lib.common.rest_client [req-96a32572-f899-455a-a491-b9d4196b93c3 req-96a32572-f899-455a-a491-b9d4196b93c3 ] Request (ImagesTestJSON:_run_cleanups): 204 DELETE http://10.180.1.21/compute/v2.1/servers/48cf7f2c-9a38-4841-9a82-86536cf16642 0.654s
2025-03-10 10:03:17.881 69285 INFO tempest.lib.common.rest_client [req-bf8b6b15-2562-4382-bd9f-c4384b761dc9 req-bf8b6b15-2562-4382-bd9f-c4384b761dc9 ] Request (FloatingIPsAssociationTestJSON:test_associate_already_associated_floating_ip): 200 GET http://10.180.1.21/compute/v2.1/servers/21492211-9f96-4128-975b-444ceefc504c 0.690s
2025-03-10 10:03:17.954 69243 INFO tempest.lib.common.rest_client [req-4811aab9-da68-409e-8cf6-c59f210318e5 req-4811aab9-da68-409e-8cf6-c59f210318e5 ] Request (ImagesTestJSON:test_create_image_from_suspended_server): 201 POST http://10.180.1.21/identity/v3/auth/tokens 0.099s
2025-03-10 10:03:17.954 69243 INFO tempest.lib.common.fixed_network [-] (ImagesTestJSON:test_create_image_from_suspended_server) Found network {'id': 'ec0d7726-d181-44f4-bbc1-a08b4142bbee', 'name': 'tempest-ImagesTestJSON-1740890340-network', 'tenant_id': 'ef7cd43ad25c442099fa10733f3469e4', 'admin_state_up': True, 'mtu': 8950, 'status': 'ACTIVE', 'subnets': [], 'shared': False, 'project_id': 'ef7cd43ad25c442099fa10733f3469e4', 'port_security_enabled': True, 'router:external': False, 'provider:network_type': 'vlan', 'provider:physical_network': 'default', 'provider:segmentation_id': 692, 'availability_zone_hints': [], 'availability_zones': [], 'ipv4_address_scope': None, 'ipv6_address_scope': None, 'description': '', 'tags': [], 'created_at': '2025-03-10T10:01:44Z', 'updated_at': '2025-03-10T10:01:44Z', 'revision_number': 1} available for tenant
2025-03-10 10:03:17.972 69259 INFO tempest.lib.common.rest_client [req-19f7ad5d-220f-4330-a547-ff11418b0367 req-19f7ad5d-220f-4330-a547-ff11418b0367 ] Request (AttachInterfacesUnderV243Test:test_add_remove_fixed_ip): 200 GET http://10.180.1.21/compute/v2.1/servers/0d2ecf13-da64-4a42-a89a-3eac2eb37212 0.577s
2025-03-10 10:03:17.998 69233 INFO tempest.lib.common.rest_client [req-90fab549-f788-43d9-a9d3-eb5c45985158 req-90fab549-f788-43d9-a9d3-eb5c45985158 ] Request (HypervisorAdminV228Test:tearDownClass): 204 DELETE http://10.180.1.21/identity/v3/projects/bdef9bc584944a719d2af97057beff5a 0.191s
2025-03-10 10:03:17.998 69233 INFO tempest.lib.common.dynamic_creds [-] Deleting project and security group for project: 07e0cee558fe48a69453e9cd719147ea
2025-03-10 10:03:18.052 69237 INFO tempest.lib.common.rest_client [req-8f9e1f7b-a9ee-434d-b2f5-71f09b26e458 req-8f9e1f7b-a9ee-434d-b2f5-71f09b26e458 ] Request (ImagesOneServerNegativeTestJSON:setUpClass): 200 GET http://10.180.1.21/compute/v2.1/servers/189b67b1-1355-45ce-aaa8-e39fee2857dd 0.667s
2025-03-10 10:03:18.181 69233 INFO tempest.lib.common.rest_client [req-ec68a3bc-562a-42cd-8537-e9df4112754b req-ec68a3bc-562a-42cd-8537-e9df4112754b ] Request (HypervisorAdminV228Test:tearDownClass): 200 GET http://10.180.1.21:9696/networking/v2.0/security-groups?tenant_id=07e0cee558fe48a69453e9cd719147ea&name=default 0.182s
2025-03-10 10:03:18.260 69275 INFO tempest.lib.common.rest_client [req-1d64b112-a2c8-4f5c-8306-760df8a6dcec req-1d64b112-a2c8-4f5c-8306-760df8a6dcec ] Request (SecurityGroupsTestJSON:test_security_group_create_get_delete): 202 DELETE http://10.180.1.21/compute/v2.1/os-security-groups/4aa600b6-d7d7-46e1-9e18-108b33c33764 0.731s
2025-03-10 10:03:18.264 69235 WARNING tempest.lib.common.ssh [-] Failed to establish authenticated ssh connection to cirros@10.180.180.168 ([Errno None] Unable to connect to port 22 on 10.180.180.168). Number attempts: 11. Retry after 12 seconds.: paramiko.ssh_exception.NoValidConnectionsError: [Errno None] Unable to connect to port 22 on 10.180.180.168
2025-03-10 10:03:18.314 69233 INFO tempest.lib.common.rest_client [req-b0697ed3-f957-4f37-931f-4f393217491d req-b0697ed3-f957-4f37-931f-4f393217491d ] Request (HypervisorAdminV228Test:tearDownClass): 204 DELETE http://10.180.1.21:9696/networking/v2.0/security-groups/b38bb6bd-6039-46cb-9515-5b3fdd8efb84 0.132s
2025-03-10 10:03:18.329 69277 INFO tempest.lib.common.rest_client [req-821d91bf-702d-429d-867c-fe9951b97741 req-821d91bf-702d-429d-867c-fe9951b97741 ] Request (ServersTestBootFromVolume:setUpClass): 200 GET http://10.180.1.21/compute/v2.1/servers/7acdc61c-e115-4a93-988c-68fd01bdb6d0 0.721s
2025-03-10 10:03:18.377 69257 INFO tempest.lib.common.rest_client [req-579289ed-2c31-4072-a65a-5ce28fc9642c req-579289ed-2c31-4072-a65a-5ce28fc9642c ] Request (ListImageFiltersTestJSON:setUpClass): 200 GET http://10.180.1.21/compute/v2.1/images/9bd3fa6f-a5a7-46bc-9595-ca5fa6942342 0.410s
2025-03-10 10:03:18.453 69233 INFO tempest.lib.common.rest_client [req-8244f412-0731-4588-a7d3-7bc8c4f52ed1 req-8244f412-0731-4588-a7d3-7bc8c4f52ed1 ] Request (HypervisorAdminV228Test:tearDownClass): 204 DELETE http://10.180.1.21/identity/v3/projects/07e0cee558fe48a69453e9cd719147ea 0.138s
2025-03-10 10:03:18.460 69293 INFO tempest.lib.common.rest_client [req-ea83e027-aec2-4753-b82e-b213be858c10 req-ea83e027-aec2-4753-b82e-b213be858c10 ] Request (ServersListShow2100Test:test_list_show_rebuild_update_server_2100): 200 GET http://10.180.1.21/compute/v2.1/servers/70aa0175-918e-4d90-bb57-929a11933879 0.420s
2025-03-10 10:03:18.520 69268 INFO tempest.lib.common.rest_client [req-08bfe39e-dc92-4c91-8c3d-bb54a8d47c38 req-08bfe39e-dc92-4c91-8c3d-bb54a8d47c38 ] Request (ServersTestMultiNic:test_verify_multiple_nics_order): 200 GET http://10.180.1.21/compute/v2.1/servers/eb5cdd9d-e4f5-4662-a054-104cab4814a3 0.459s
2025-03-10 10:03:18.552 69233 INFO tempest.lib.common.rest_client [req-a5d1b611-6828-40cc-a0c9-bf56b4056394 req-a5d1b611-6828-40cc-a0c9-bf56b4056394 ] Request (ServersAdminTestJSON:setUpClass): 201 POST http://10.180.1.21/identity/v3/auth/tokens 0.097s
2025-03-10 10:03:18.573 69247 INFO tempest.lib.common.rest_client [req-976795db-dc3e-4727-b9da-c7c7821d42df req-976795db-dc3e-4727-b9da-c7c7821d42df ] Request (ServerPasswordTestJSON:setUpClass): 200 GET http://10.180.1.21/compute/v2.1/servers/61957a09-7981-437a-baf9-6b72ed8161d7 0.464s
2025-03-10 10:03:18.588 69233 INFO tempest.lib.common.rest_client [req-77a2892d-0dff-406f-a486-c98fb33d6005 req-77a2892d-0dff-406f-a486-c98fb33d6005 ] Request (ServersAdminTestJSON:setUpClass): 201 POST http://10.180.1.21/identity/v3/auth/tokens 0.034s
2025-03-10 10:03:18.618 69233 INFO tempest.lib.common.rest_client [req-1a1e5982-2d21-4baf-8dd6-97073f9f5839 req-1a1e5982-2d21-4baf-8dd6-97073f9f5839 ] Request (ServersAdminTestJSON:setUpClass): 200 GET http://10.180.1.21/identity/v3/domains?name=Default 0.029s
2025-03-10 10:03:18.634 69265 INFO tempest.lib.common.rest_client [req-036c4c46-bd4e-4ebd-8248-b8f5e862b579 req-036c4c46-bd4e-4ebd-8248-b8f5e862b579 ] Request (ServersAdminNegativeTestJSON:setUpClass): 200 GET http://10.180.1.21/compute/v2.1/servers/c227d634-7591-4106-91db-104267dbeab5 0.467s
2025-03-10 10:03:18.648 69233 INFO tempest.lib.common.rest_client [req-50996c47-3c00-4616-8906-4a7a78a5e5f9 req-50996c47-3c00-4616-8906-4a7a78a5e5f9 ] Request (ServersAdminTestJSON:setUpClass): 201 POST http://10.180.1.21/identity/v3/projects 0.030s
2025-03-10 10:03:18.683 69269 INFO tempest.lib.common.rest_client [req-a655d342-2bbe-40f9-9ed1-1b6f62215b3f req-a655d342-2bbe-40f9-9ed1-1b6f62215b3f ] Request (MigrationsAdminTest:test_resize_server_revert_deleted_flavor): 200 GET http://10.180.1.21/compute/v2.1/servers/c25b3f89-8952-4cbc-a940-bfe2fcfb7b5d 0.455s
2025-03-10 10:03:18.705 69275 INFO tempest.lib.common.rest_client [req-8cb25694-292b-4104-a2a9-2d9e1f249a83 req-8cb25694-292b-4104-a2a9-2d9e1f249a83 ] Request (SecurityGroupsTestJSON:test_security_group_create_get_delete): 404 GET http://10.180.1.21/compute/v2.1/os-security-groups/4aa600b6-d7d7-46e1-9e18-108b33c33764 0.444s
2025-03-10 10:03:18.715 69233 INFO tempest.lib.common.rest_client [req-25192aaa-fdc7-4e3d-b0c3-f751aa5fd1b9 req-25192aaa-fdc7-4e3d-b0c3-f751aa5fd1b9 ] Request (ServersAdminTestJSON:setUpClass): 201 POST http://10.180.1.21/identity/v3/users 0.066s
2025-03-10 10:03:18.741 69233 INFO tempest.lib.common.rest_client [req-65d06dae-b8b8-4ad2-beac-dbfbb82e2135 req-65d06dae-b8b8-4ad2-beac-dbfbb82e2135 ] Request (ServersAdminTestJSON:setUpClass): 200 GET http://10.180.1.21/identity/v3/roles 0.025s
2025-03-10 10:03:18.775 69233 INFO tempest.lib.common.rest_client [req-f8cd803e-9be4-4011-9e8b-4cf342bcde3e req-f8cd803e-9be4-4011-9e8b-4cf342bcde3e ] Request (ServersAdminTestJSON:setUpClass): 204 PUT http://10.180.1.21/identity/v3/projects/6de46810eb6d4b128bdcf9ffc9f49f18/users/4b724208c1a24b5fa0aaecba5e47d58a/roles/e1fbcf44343f441785442c1b83d18301 0.033s
2025-03-10 10:03:18.775 69233 INFO tempest.lib.common.dynamic_creds [-] Dynamic test user 4b724208c1a24b5fa0aaecba5e47d58a is created with scope project and roles: ['member']
2025-03-10 10:03:18.775 69233 INFO tempest.lib.common.dynamic_creds [-] Acquired dynamic creds: credentials: Credentials: {'domain_id': 'default', 'domain_name': 'Default', 'username': 'tempest-ServersAdminTestJSON-1114364077-project-member', 'project_domain_id': 'default', 'project_domain_name': 'Default', 'project_id': '6de46810eb6d4b128bdcf9ffc9f49f18', 'project_name': 'tempest-ServersAdminTestJSON-1114364077', 'tenant_id': '6de46810eb6d4b128bdcf9ffc9f49f18', 'tenant_name': 'tempest-ServersAdminTestJSON-1114364077', 'user_domain_id': 'default', 'user_domain_name': 'Default', 'user_id': '4b724208c1a24b5fa0aaecba5e47d58a', 'system': None}, Network: None, Subnet: None, Router: None
2025-03-10 10:03:18.776 69249 INFO tempest.lib.common.rest_client [req-5c46457c-96f8-4225-8f84-1f4b86087fa0 req-5c46457c-96f8-4225-8f84-1f4b86087fa0 ] Request (FloatingIPDetailsNegativeTestJSON:tearDownClass): 200 PUT http://10.180.1.21:9696/networking/v2.0/routers/aa934a4d-ef4f-4355-8a69-0007d0cc6dbb/remove_router_interface 1.373s
2025-03-10 10:03:18.798 69243 INFO tempest.lib.common.rest_client [req-8bfd233e-1412-4e9f-bb3e-00863ef3e11a req-8bfd233e-1412-4e9f-bb3e-00863ef3e11a ] Request (ImagesTestJSON:test_create_image_from_suspended_server): 202 POST http://10.180.1.21/compute/v2.1/servers 0.843s
2025-03-10 10:03:18.871 69233 INFO tempest.lib.common.rest_client [req-1307811b-7bf4-4a86-b700-52cb79d5da0e req-1307811b-7bf4-4a86-b700-52cb79d5da0e ] Request (ServersAdminTestJSON:setUpClass): 201 POST http://10.180.1.21/identity/v3/auth/tokens 0.096s
2025-03-10 10:03:18.875 69263 INFO tempest.lib.common.rest_client [req-4dd34801-85a7-4cc2-9dd7-db3ba372b2e0 req-4dd34801-85a7-4cc2-9dd7-db3ba372b2e0 ] Request (ListServerFiltersTestJSON:tearDownClass): 200 GET http://10.180.1.21/compute/v2.1/servers/74008cb8-0ae9-4192-a053-99d6bd511db8 0.391s
2025-03-10 10:03:18.895 69261 INFO tempest.lib.common.rest_client [req-2a0cdfc4-7f51-4f22-bbe1-b5a8cc544cdc req-2a0cdfc4-7f51-4f22-bbe1-b5a8cc544cdc ] Request (MultipleCreateTestJSON:_run_cleanups): 200 GET http://10.180.1.21/compute/v2.1/servers/9c997a89-290d-4f9d-be3f-68ac3aae31bf 0.400s
2025-03-10 10:03:18.970 69251 INFO tempest.lib.common.rest_client [req-5eec488c-23c9-434d-8ede-ac83411183eb req-5eec488c-23c9-434d-8ede-ac83411183eb ] Request (ImagesNegativeTestJSON:test_create_image_from_deleted_server): 200 GET http://10.180.1.21/compute/v2.1/servers/53180f23-e418-4326-b49f-886bcfe5279e 0.395s
2025-03-10 10:03:19.129 69275 INFO tempest.lib.common.rest_client [req-aa869d19-fd6c-4c2a-936d-e54a6a5fbeca req-aa869d19-fd6c-4c2a-936d-e54a6a5fbeca ] Request (SecurityGroupsTestJSON:test_security_groups_create_list_delete): 200 POST http://10.180.1.21/compute/v2.1/os-security-groups 0.422s
2025-03-10 10:03:19.200 69279 INFO tempest.lib.common.rest_client [req-ebe03410-d50d-41b1-98e1-3dabccf438a3 req-ebe03410-d50d-41b1-98e1-3dabccf438a3 ] Request (ServersTestManualDisk:setUpClass): 200 GET http://10.180.1.21/compute/v2.1/servers/816f6166-f78f-4975-891b-9dda23a9756c 0.580s
2025-03-10 10:03:19.213 69233 INFO tempest.lib.common.rest_client [req-5062d392-60e6-4947-9657-8153bb902b5a req-5062d392-60e6-4947-9657-8153bb902b5a ] Request (ServersAdminTestJSON:setUpClass): 201 POST http://10.180.1.21:9696/networking/v2.0/networks 0.341s
2025-03-10 10:03:19.286 69271 INFO tempest.lib.common.rest_client [req-751256b8-0416-4255-8ac9-75b87f26d2ec req-751256b8-0416-4255-8ac9-75b87f26d2ec ] Request (ServerRescueNegativeTestJSON:test_rescued_vm_attach_volume): 200 GET http://10.180.1.21/compute/v2.1/servers/760799dc-a7ab-46a2-885f-06d4c63c48c4 0.557s
2025-03-10 10:03:19.297 69271 INFO tempest.common.waiters [-] State transition "ACTIVE/rescuing" ==> "RESCUE/None" after 13 second wait
2025-03-10 10:03:19.344 69243 INFO tempest.lib.common.rest_client [req-111d770e-3278-4e01-a9ba-256c10ef5dfd req-111d770e-3278-4e01-a9ba-256c10ef5dfd ] Request (ImagesTestJSON:test_create_image_from_suspended_server): 200 GET http://10.180.1.21/compute/v2.1/servers/61923b7e-29cc-4bf5-a104-eb88fe7075e1 0.543s
2025-03-10 10:03:19.396 69273 INFO tempest.lib.common.rest_client [req-534156f8-4494-4883-bab6-2aaa13835b07 req-534156f8-4494-4883-bab6-2aaa13835b07 ] Request (ServerDiagnosticsNegativeTest:test_get_server_diagnostics_by_non_admin): 200 GET http://10.180.1.21/compute/v2.1/servers/7d16eb26-c863-4199-b181-04aeee0bffe1 0.602s
2025-03-10 10:03:19.414 69285 INFO tempest.lib.common.rest_client [req-ec3eeb9f-847f-46d9-8c75-a29a147567db req-ec3eeb9f-847f-46d9-8c75-a29a147567db ] Request (FloatingIPsAssociationTestJSON:test_associate_already_associated_floating_ip): 200 GET http://10.180.1.21/compute/v2.1/servers/21492211-9f96-4128-975b-444ceefc504c 0.520s
2025-03-10 10:03:19.449 69233 INFO tempest.lib.common.rest_client [req-faa21119-5dc7-4b68-a1d5-29528ca09455 req-faa21119-5dc7-4b68-a1d5-29528ca09455 ] Request (ServersAdminTestJSON:setUpClass): 201 POST http://10.180.1.21:9696/networking/v2.0/subnets 0.235s
2025-03-10 10:03:19.474 69259 INFO tempest.lib.common.rest_client [req-9de9482a-f60d-435a-ad72-c82b57b5777b req-9de9482a-f60d-435a-ad72-c82b57b5777b ] Request (AttachInterfacesUnderV243Test:test_add_remove_fixed_ip): 200 GET http://10.180.1.21/compute/v2.1/servers/0d2ecf13-da64-4a42-a89a-3eac2eb37212 0.491s
2025-03-10 10:03:19.529 69241 INFO paramiko.transport [-] Connected (version 2.0, client dropbear_2020.81)
2025-03-10 10:03:19.589 69241 INFO paramiko.transport [-] Authentication (publickey) successful!
2025-03-10 10:03:19.590 69241 INFO tempest.lib.common.ssh [-] ssh connection to cirros@10.180.180.192 successfully created
2025-03-10 10:03:19.610 69237 INFO tempest.lib.common.rest_client [req-684e3b00-d65b-402d-aa2d-bfb4911eea7b req-684e3b00-d65b-402d-aa2d-bfb4911eea7b ] Request (ImagesOneServerNegativeTestJSON:setUpClass): 200 GET http://10.180.1.21/compute/v2.1/servers/189b67b1-1355-45ce-aaa8-e39fee2857dd 0.548s
2025-03-10 10:03:19.664 69271 INFO tempest.lib.common.rest_client [req-59995d2d-1bae-4c08-9820-af4f010f849f req-59995d2d-1bae-4c08-9820-af4f010f849f ] Request (ServerRescueNegativeTestJSON:test_rescued_vm_attach_volume): 409 POST http://10.180.1.21/compute/v2.1/servers/760799dc-a7ab-46a2-885f-06d4c63c48c4/os-volume_attachments 0.366s
2025-03-10 10:03:19.824 69277 INFO tempest.lib.common.rest_client [req-89eca859-cf72-4a4a-b560-4ad11f85073d req-89eca859-cf72-4a4a-b560-4ad11f85073d ] Request (ServersTestBootFromVolume:setUpClass): 200 GET http://10.180.1.21/compute/v2.1/servers/7acdc61c-e115-4a93-988c-68fd01bdb6d0 0.484s
2025-03-10 10:03:19.833 69277 INFO tempest.common.waiters [-] State transition "BUILD/spawning" ==> "ACTIVE/None" after 85 second wait
2025-03-10 10:03:19.862 69257 INFO tempest.lib.common.rest_client [req-fe3e79a9-f572-45c2-8f66-3c58f501a958 req-fe3e79a9-f572-45c2-8f66-3c58f501a958 ] Request (ListImageFiltersTestJSON:setUpClass): 200 GET http://10.180.1.21/compute/v2.1/images/9bd3fa6f-a5a7-46bc-9595-ca5fa6942342 0.479s
2025-03-10 10:03:19.955 69275 INFO tempest.lib.common.rest_client [req-cf60f039-a46a-4013-bdc3-ced3f7c73ae7 req-cf60f039-a46a-4013-bdc3-ced3f7c73ae7 ] Request (SecurityGroupsTestJSON:test_security_groups_create_list_delete): 200 POST http://10.180.1.21/compute/v2.1/os-security-groups 0.822s
2025-03-10 10:03:19.958 69293 INFO tempest.lib.common.rest_client [req-9ae2e4c2-90a5-435d-9b50-79f4d096191d req-9ae2e4c2-90a5-435d-9b50-79f4d096191d ] Request (ServersListShow2100Test:test_list_show_rebuild_update_server_2100): 200 GET http://10.180.1.21/compute/v2.1/servers/70aa0175-918e-4d90-bb57-929a11933879 0.478s
2025-03-10 10:03:20.024 69247 INFO tempest.lib.common.rest_client [req-94a76d1d-49b1-46a9-b858-7ae29e1296d8 req-94a76d1d-49b1-46a9-b858-7ae29e1296d8 ] Request (ServerPasswordTestJSON:setUpClass): 200 GET http://10.180.1.21/compute/v2.1/servers/61957a09-7981-437a-baf9-6b72ed8161d7 0.440s
2025-03-10 10:03:20.044 69268 INFO tempest.lib.common.rest_client [req-c0fbdb31-8122-4b2d-9707-274f2a9eb6f3 req-c0fbdb31-8122-4b2d-9707-274f2a9eb6f3 ] Request (ServersTestMultiNic:test_verify_multiple_nics_order): 200 GET http://10.180.1.21/compute/v2.1/servers/eb5cdd9d-e4f5-4662-a054-104cab4814a3 0.512s
2025-03-10 10:03:20.161 69265 INFO tempest.lib.common.rest_client [req-31cdb167-540b-4879-8ca3-da5c3992b882 req-31cdb167-540b-4879-8ca3-da5c3992b882 ] Request (ServersAdminNegativeTestJSON:setUpClass): 200 GET http://10.180.1.21/compute/v2.1/servers/c227d634-7591-4106-91db-104267dbeab5 0.516s
2025-03-10 10:03:20.173 69265 INFO tempest.common.waiters [-] State transition "BUILD/None" ==> "BUILD/networking" after 79 second wait
2025-03-10 10:03:20.231 69249 INFO tempest.lib.common.rest_client [req-07cc4c53-f0c5-41bf-8bd2-b9c0d5df2d7c req-07cc4c53-f0c5-41bf-8bd2-b9c0d5df2d7c ] Request (FloatingIPDetailsNegativeTestJSON:tearDownClass): 204 DELETE http://10.180.1.21:9696/networking/v2.0/routers/aa934a4d-ef4f-4355-8a69-0007d0cc6dbb 1.454s
2025-03-10 10:03:20.232 69271 INFO tempest.lib.common.rest_client [req-365ab4a8-e8a1-45e7-8a15-c174492a7ddf req-365ab4a8-e8a1-45e7-8a15-c174492a7ddf ] Request (ServerRescueNegativeTestJSON:_run_cleanups): 202 POST http://10.180.1.21/compute/v2.1/servers/760799dc-a7ab-46a2-885f-06d4c63c48c4/action 0.568s
2025-03-10 10:03:20.300 69269 INFO tempest.lib.common.rest_client [req-5144fa95-294f-4b8d-b9a6-e1ba1dd2f8eb req-5144fa95-294f-4b8d-b9a6-e1ba1dd2f8eb ] Request (MigrationsAdminTest:test_resize_server_revert_deleted_flavor): 200 GET http://10.180.1.21/compute/v2.1/servers/c25b3f89-8952-4cbc-a940-bfe2fcfb7b5d 0.605s
2025-03-10 10:03:20.432 69277 INFO tempest.lib.common.rest_client [req-7afb4838-c919-4ea5-8f9d-81e51e972a45 req-7afb4838-c919-4ea5-8f9d-81e51e972a45 ] Request (ServersTestBootFromVolume:setUpClass): 200 GET http://10.180.1.21/compute/v2.1/servers/7acdc61c-e115-4a93-988c-68fd01bdb6d0/os-interface 0.598s
2025-03-10 10:03:20.439 69249 INFO tempest.lib.common.rest_client [req-279d831b-e8b7-4b15-95c5-daa126018165 req-279d831b-e8b7-4b15-95c5-daa126018165 ] Request (FloatingIPDetailsNegativeTestJSON:tearDownClass): 204 DELETE http://10.180.1.21:9696/networking/v2.0/subnets/1422e47b-a607-48bb-a93d-b1166b3eb089 0.205s
2025-03-10 10:03:20.475 69257 INFO tempest.lib.common.rest_client [req-85da1605-3daf-4ac1-988a-40de01a7b3e3 req-85da1605-3daf-4ac1-988a-40de01a7b3e3 ] Request (ListImageFiltersTestJSON:setUpClass): 200 GET http://10.180.1.21/compute/v2.1/images/9bd3fa6f-a5a7-46bc-9595-ca5fa6942342 0.608s
2025-03-10 10:03:20.539 69263 INFO tempest.lib.common.rest_client [req-054e69bd-90a6-43fb-92b7-eca662e81952 req-054e69bd-90a6-43fb-92b7-eca662e81952 ] Request (ListServerFiltersTestJSON:tearDownClass): 200 GET http://10.180.1.21/compute/v2.1/servers/74008cb8-0ae9-4192-a053-99d6bd511db8 0.651s
2025-03-10 10:03:20.569 69233 INFO tempest.lib.common.rest_client [req-d774c23d-306a-4c97-9b90-bb0225235e53 req-d774c23d-306a-4c97-9b90-bb0225235e53 ] Request (ServersAdminTestJSON:setUpClass): 201 POST http://10.180.1.21:9696/networking/v2.0/routers 1.120s
2025-03-10 10:03:20.613 69261 INFO tempest.lib.common.rest_client [req-01aa5dc2-5777-4a49-9788-bef38c5b01ab req-01aa5dc2-5777-4a49-9788-bef38c5b01ab ] Request (MultipleCreateTestJSON:_run_cleanups): 200 GET http://10.180.1.21/compute/v2.1/servers/9c997a89-290d-4f9d-be3f-68ac3aae31bf 0.706s
2025-03-10 10:03:20.854 69275 INFO tempest.lib.common.rest_client [req-b43bc17f-9f4c-4f10-a50a-515c5acd52ed req-b43bc17f-9f4c-4f10-a50a-515c5acd52ed ] Request (SecurityGroupsTestJSON:test_security_groups_create_list_delete): 200 POST http://10.180.1.21/compute/v2.1/os-security-groups 0.893s
2025-03-10 10:03:20.949 69251 INFO tempest.lib.common.rest_client [req-8712bfe6-04a0-4c6b-aa72-eda60a262481 req-8712bfe6-04a0-4c6b-aa72-eda60a262481 ] Request (ImagesNegativeTestJSON:test_create_image_from_deleted_server): 200 GET http://10.180.1.21/compute/v2.1/servers/53180f23-e418-4326-b49f-886bcfe5279e 0.969s
2025-03-10 10:03:20.960 69251 INFO tempest.common.waiters [-] State transition "BUILD/scheduling" ==> "BUILD/None" after 21 second wait
2025-03-10 10:03:21.033 69279 INFO tempest.lib.common.rest_client [req-7192002a-8143-4829-bf60-ea7a1a49d739 req-7192002a-8143-4829-bf60-ea7a1a49d739 ] Request (ServersTestManualDisk:setUpClass): 200 GET http://10.180.1.21/compute/v2.1/servers/816f6166-f78f-4975-891b-9dda23a9756c 0.825s
2025-03-10 10:03:21.043 69249 INFO tempest.lib.common.rest_client [req-b617df4b-ff8e-4535-bd35-22820d1d7585 req-b617df4b-ff8e-4535-bd35-22820d1d7585 ] Request (FloatingIPDetailsNegativeTestJSON:tearDownClass): 204 DELETE http://10.180.1.21:9696/networking/v2.0/networks/7d3c8e3e-1dc4-4c6b-b129-0865e9bc2983 0.602s
2025-03-10 10:03:21.150 69249 INFO tempest.lib.common.rest_client [req-354b4590-462e-4a3b-a741-5fc555cf5a7e req-354b4590-462e-4a3b-a741-5fc555cf5a7e ] Request (FloatingIPDetailsNegativeTestJSON:tearDownClass): 204 DELETE http://10.180.1.21/identity/v3/users/89e4923034ad43eea408a74568786e95 0.106s
2025-03-10 10:03:21.150 69249 INFO tempest.lib.common.dynamic_creds [-] Deleting project and security group for project: f4e9f673bb1843f2b1066ec0cd80187a
2025-03-10 10:03:21.212 69249 INFO tempest.lib.common.rest_client [req-eca17422-eb65-4398-ba8c-0415f7df7ac6 req-eca17422-eb65-4398-ba8c-0415f7df7ac6 ] Request (FloatingIPDetailsNegativeTestJSON:tearDownClass): 200 GET http://10.180.1.21:9696/networking/v2.0/security-groups?tenant_id=f4e9f673bb1843f2b1066ec0cd80187a&name=default 0.062s
