2025-03-10 10:01:07.847 69259 INFO tempest.lib.common.dynamic_creds [-] Deleting project and security group for project: fb81ad6e69ec44c1881e8cdc9072d103
2025-03-10 10:01:07.904 69259 INFO tempest.lib.common.rest_client [req-2282e03a-ef53-47d6-80c0-c57020629064 req-2282e03a-ef53-47d6-80c0-c57020629064 ] Request (FlavorsV255TestJSON:tearDownClass): 201 POST http://10.180.1.21/identity/v3/auth/tokens 0.056s
2025-03-10 10:01:07.927 69237 INFO tempest.lib.common.rest_client [req-a62a71aa-2645-40df-8a9d-e148c8fddb8f req-a62a71aa-2645-40df-8a9d-e148c8fddb8f ] Request (ServerDiagnosticsTest:test_get_server_diagnostics): 200 GET http://10.180.1.21/compute/v2.1/servers/a3ff52db-f50d-4f11-8220-8526fcf5bdf4 1.927s
2025-03-10 10:01:07.934 69237 INFO tempest.common.waiters [-] State transition "BUILD/block_device_mapping" ==> "BUILD/spawning" after 9 second wait
2025-03-10 10:01:07.960 69247 INFO tempest.lib.common.rest_client [req-35b4b85a-ad1d-4a1f-a190-71deabbf268b req-35b4b85a-ad1d-4a1f-a190-71deabbf268b ] Request (ServerExternalEventsTest:test_create_server_external_events): 202 POST http://10.180.1.21/compute/v2.1/servers 2.103s
2025-03-10 10:01:07.977 69268 INFO tempest.lib.common.rest_client [req-eb99059f-01f2-47d4-945b-d192c1d9beab req-eb99059f-01f2-47d4-945b-d192c1d9beab ] Request (ServersTestMultiNic:test_verify_duplicate_network_nics): 200 GET http://10.180.1.21/compute/v2.1/servers/5ef183b9-e37d-4ded-9b69-c23684a0211e 1.939s
2025-03-10 10:01:07.978 69291 INFO tempest.lib.common.rest_client [req-d6cf423f-a05f-4864-9e41-89e75ef9c60f req-d6cf423f-a05f-4864-9e41-89e75ef9c60f ] Request (ServersWithSpecificFlavorTestJSON:test_verify_created_server_ephemeral_disk): 200 GET http://10.180.1.21/compute/v2.1/flavors/42/os-extra_specs 1.726s
2025-03-10 10:01:07.998 69273 INFO tempest.lib.common.rest_client [req-9493d59d-e32b-4403-9759-ccc482690e81 req-9493d59d-e32b-4403-9759-ccc482690e81 ] Request (AggregatesAdminNegativeTestJSON:test_aggregate_add_host_as_user): 200 POST http://10.180.1.21/compute/v2.1/os-aggregates 1.714s
2025-03-10 10:01:08.004 69251 INFO tempest.lib.common.rest_client [req-e6cce26d-2e5f-4752-a052-1e486dcf39cb req-e6cce26d-2e5f-4752-a052-1e486dcf39cb ] Request (HostsAdminNegativeTestJSON:test_shutdown_host_with_non_admin_user): 403 GET http://10.180.1.21/compute/v2.1/os-hosts/devstack/shutdown 1.666s
2025-03-10 10:01:08.024 69245 INFO tempest.lib.common.rest_client [req-f301070c-9bd7-419e-a273-27b44a6a1701 req-f301070c-9bd7-419e-a273-27b44a6a1701 ] Request (HostsAdminTestJSON:test_list_hosts_with_zone): 200 GET http://10.180.1.21/compute/v2.1/os-hosts 1.655s
2025-03-10 10:01:08.052 69249 INFO tempest.lib.common.rest_client [req-6071ee81-c8a9-42dc-a402-4f86c1bc121a req-6071ee81-c8a9-42dc-a402-4f86c1bc121a ] Request (FloatingIPsTestJSON:test_delete_floating_ip): 404 GET http://10.180.1.21/compute/v2.1/os-floating-ips/68161608-99ef-4829-91a9-6e7e5ca58ab4 1.379s
2025-03-10 10:01:08.059 69287 INFO tempest.lib.common.rest_client [req-eaf31644-7447-47f2-a19c-c1d75f098345 req-eaf31644-7447-47f2-a19c-c1d75f098345 ] Request (FlavorsExtraSpecsNegativeTestJSON:test_flavor_non_admin_update_specific_key): 403 PUT http://10.180.1.21/compute/v2.1/flavors/1503880593/os-extra_specs/hw:numa_nodes 1.255s
2025-03-10 10:01:08.084 69263 INFO tempest.lib.common.rest_client [req-d41de849-9ac4-4e85-b52b-0eb4b0876a17 req-d41de849-9ac4-4e85-b52b-0eb4b0876a17 ] Request (FlavorsV261TestJSON:_run_cleanups): 200 GET http://10.180.1.21/compute/v2.1/flavors/detail 1.242s
2025-03-10 10:01:08.100 69293 INFO tempest.lib.common.rest_client [req-55bde058-693b-48a8-9998-cc70b73633ce req-55bde058-693b-48a8-9998-cc70b73633ce ] Request (FlavorsV2TestJSON:test_list_flavors_detailed_limit_results): 200 GET http://10.180.1.21/compute/v2.1/flavors/detail?limit=1 1.222s
2025-03-10 10:01:08.109 69257 INFO tempest.lib.common.rest_client [req-0109e64c-f039-4e74-812c-f01f6cd421bd req-0109e64c-f039-4e74-812c-f01f6cd421bd ] Request (SecurityGroupsTestAdminJSON:test_list_security_groups_list_all_tenants_filter): 200 GET http://10.180.1.21/compute/v2.1/os-security-groups?all_tenants=true 1.773s
2025-03-10 10:01:08.128 69259 INFO tempest.lib.common.rest_client [req-1acdb871-f1f8-4a3e-94b3-bb6dc73e6e77 req-1acdb871-f1f8-4a3e-94b3-bb6dc73e6e77 ] Request (FlavorsV255TestJSON:tearDownClass): 200 GET http://10.180.1.21:9696/networking/v2.0/security-groups?tenant_id=fb81ad6e69ec44c1881e8cdc9072d103&name=default 0.224s
2025-03-10 10:01:08.155 69235 INFO tempest.lib.common.rest_client [req-c7a0bddc-b546-461f-8eae-48f35ef65d86 req-c7a0bddc-b546-461f-8eae-48f35ef65d86 ] Request (ServerActionsTestOtherA:setUpClass): 200 GET http://10.180.1.21/compute/v2.1/servers/f56f10c6-4e12-4a88-95e5-473904123fb3 1.266s
2025-03-10 10:01:08.165 69243 INFO tempest.lib.common.rest_client [req-3616c80c-c5a0-4c97-946b-48198934c264 req-3616c80c-c5a0-4c97-946b-48198934c264 ] Request (FlavorsExtraSpecsTestJSON:test_flavor_set_get_update_show_unset_keys): 200 GET http://10.180.1.21/compute/v2.1/flavors/1710890534/os-extra_specs 1.265s
2025-03-10 10:01:08.166 69263 INFO tempest.lib.common.rest_client [req-592022a1-f6b7-4e67-b9b3-bf325462eccb req-592022a1-f6b7-4e67-b9b3-bf325462eccb ] Request (FlavorsV261TestJSON:tearDownClass): 204 DELETE http://10.180.1.21/identity/v3/users/ae8e4ce1871742c5b29570fe266e98c5 0.071s
2025-03-10 10:01:08.211 69259 INFO tempest.lib.common.rest_client [req-fa7dde47-025f-4a69-b08b-38a048b05a44 req-fa7dde47-025f-4a69-b08b-38a048b05a44 ] Request (FlavorsV255TestJSON:tearDownClass): 204 DELETE http://10.180.1.21:9696/networking/v2.0/security-groups/e58d909c-fdea-4276-aa5c-2e0dc2d05515 0.083s
2025-03-10 10:01:08.251 69263 INFO tempest.lib.common.rest_client [req-7867d103-fc8c-48aa-9b57-faee53b8d0cd req-7867d103-fc8c-48aa-9b57-faee53b8d0cd ] Request (FlavorsV261TestJSON:tearDownClass): 204 DELETE http://10.180.1.21/identity/v3/users/320fbcebabdd4891b2d30f62cdd78af5 0.085s
2025-03-10 10:01:08.251 69263 INFO tempest.lib.common.dynamic_creds [-] Deleting project and security group for project: 07e5ea45764c4399b779e7a7e5507d84
2025-03-10 10:01:08.268 69285 INFO tempest.lib.common.rest_client [req-e7dcbe65-77e6-4b39-a643-a4a5a631ce56 req-e7dcbe65-77e6-4b39-a643-a4a5a631ce56 ] Request (HypervisorAdminNegativeUnderV252Test:test_search_hypervisor_with_non_admin_user): 200 GET http://10.180.1.21/compute/v2.1/os-hypervisors 1.369s
2025-03-10 10:01:08.337 69259 INFO tempest.lib.common.rest_client [req-9e6f2938-9fab-4a0a-a160-a3acce6ca8f0 req-9e6f2938-9fab-4a0a-a160-a3acce6ca8f0 ] Request (FlavorsV255TestJSON:tearDownClass): 204 DELETE http://10.180.1.21/identity/v3/projects/fb81ad6e69ec44c1881e8cdc9072d103 0.125s
2025-03-10 10:01:08.337 69259 INFO tempest.lib.common.dynamic_creds [-] Deleting project and security group for project: b6cfee25107a4c8681e36c569c1c78fe
2025-03-10 10:01:08.358 69255 INFO tempest.lib.common.rest_client [req-765016ae-4634-4bed-b2cb-5f03ce44c4c6 req-765016ae-4634-4bed-b2cb-5f03ce44c4c6 ] Request (InstanceUsageAuditLogNegativeTestJSON:test_get_instance_usage_audit_logs_with_invalid_time): 400 GET http://10.180.1.21/compute/v2.1/os-instance_usage_audit_log/invalid_time 1.222s
2025-03-10 10:01:08.382 69261 INFO tempest.lib.common.rest_client [req-36a0f54f-cc28-42e4-b324-35cbe37db778 req-36a0f54f-cc28-42e4-b324-35cbe37db778 ] Request (SecurityGroupRulesTestJSON:test_security_group_rules_create_with_optional_group_id): 200 POST http://10.180.1.21/compute/v2.1/os-security-groups 1.083s
2025-03-10 10:01:08.387 69263 INFO tempest.lib.common.rest_client [req-cd613c53-9b82-4e94-af4a-bfea3a4fef2b req-cd613c53-9b82-4e94-af4a-bfea3a4fef2b ] Request (FlavorsV261TestJSON:tearDownClass): 201 POST http://10.180.1.21/identity/v3/auth/tokens 0.135s
2025-03-10 10:01:08.445 69259 INFO tempest.lib.common.rest_client [req-4a87bbce-7be0-4f0b-9dbc-dc0ac7173ec8 req-4a87bbce-7be0-4f0b-9dbc-dc0ac7173ec8 ] Request (FlavorsV255TestJSON:tearDownClass): 200 GET http://10.180.1.21:9696/networking/v2.0/security-groups?tenant_id=b6cfee25107a4c8681e36c569c1c78fe&name=default 0.107s
2025-03-10 10:01:08.503 69275 INFO tempest.lib.common.rest_client [req-322a71a8-309b-4195-b631-7eb2745eb7b3 req-322a71a8-309b-4195-b631-7eb2745eb7b3 ] Request (QuotasAdminTestJSON:test_delete_quota): 200 GET http://10.180.1.21/compute/v2.1/os-quota-sets/ebf2d4e232aa464f9b0345287b5b6546 1.192s
2025-03-10 10:01:08.554 69241 INFO tempest.lib.common.rest_client [req-0b953899-858f-4e22-8843-4879922e1208 req-0b953899-858f-4e22-8843-4879922e1208 ] Request (VolumesAssistedSnapshotsTest:test_volume_assisted_snapshot_create_delete): 200 POST http://10.180.1.21/compute/v2.1/os-keypairs 1.219s
2025-03-10 10:01:08.569 69275 INFO tempest.lib.common.rest_client [req-82b70195-7c0a-4eda-8c0f-bc36be12985f req-82b70195-7c0a-4eda-8c0f-bc36be12985f ] Request (QuotasAdminTestJSON:_run_cleanups): 204 DELETE http://10.180.1.21/identity/v3/projects/ebf2d4e232aa464f9b0345287b5b6546 0.064s
2025-03-10 10:01:08.613 69239 INFO tempest.lib.common.rest_client [req-46c65396-4889-406f-8b45-15b80c3a2c55 req-46c65396-4889-406f-8b45-15b80c3a2c55 ] Request (ServerMetadataTestJSON:setUpClass): 200 GET http://10.180.1.21/compute/v2.1/servers/8b40d2e1-bead-40b3-bc8b-87189788fa2b 1.125s
2025-03-10 10:01:08.625 69259 INFO tempest.lib.common.rest_client [req-db57675c-c7fb-4217-9f06-ae889f7423d5 req-db57675c-c7fb-4217-9f06-ae889f7423d5 ] Request (FlavorsV255TestJSON:tearDownClass): 204 DELETE http://10.180.1.21:9696/networking/v2.0/security-groups/7ad8bc94-7e59-46c7-a130-26478a32502f 0.180s
2025-03-10 10:01:08.659 69231 INFO tempest.lib.common.rest_client [req-0c19b856-0442-42b7-83ef-9a3edbb62bf8 req-0c19b856-0442-42b7-83ef-9a3edbb62bf8 ] Request (FlavorsAccessTestJSON:test_flavor_access_add_remove): 200 POST http://10.180.1.21/compute/v2.1/flavors/1377340384/action 1.235s
2025-03-10 10:01:08.683 69253 INFO tempest.lib.common.rest_client [req-5b737be5-37b0-4a7b-935a-138d196d2dda req-5b737be5-37b0-4a7b-935a-138d196d2dda ] Request (ServicesAdminNegativeV253TestJSON:test_get_service_with_valid_service_and_invalid_host): 200 GET http://10.180.1.21/compute/v2.1/os-services 1.104s
2025-03-10 10:01:08.752 69259 INFO tempest.lib.common.rest_client [req-43f6d395-6db4-45bb-9a06-d55ec4fd364e req-43f6d395-6db4-45bb-9a06-d55ec4fd364e ] Request (FlavorsV255TestJSON:tearDownClass): 204 DELETE http://10.180.1.21/identity/v3/projects/b6cfee25107a4c8681e36c569c1c78fe 0.126s
2025-03-10 10:01:08.818 69259 INFO tempest.lib.common.rest_client [req-3add0258-280e-4df3-9899-960a7d4a2c9f req-3add0258-280e-4df3-9899-960a7d4a2c9f ] Request (ServersAdmin275Test:setUpClass): 201 POST http://10.180.1.21/identity/v3/auth/tokens 0.064s
2025-03-10 10:01:08.859 69241 INFO tempest.lib.common.rest_client [req-1f564261-6b51-4610-80d3-fcf76cea4cd0 req-1f564261-6b51-4610-80d3-fcf76cea4cd0 ] Request (VolumesAssistedSnapshotsTest:test_volume_assisted_snapshot_create_delete): 201 POST http://10.180.1.21:9696/networking/v2.0/security-groups 0.302s
2025-03-10 10:01:08.866 69259 INFO tempest.lib.common.rest_client [req-81be7f0b-c7ac-4680-acd4-ac5067931231 req-81be7f0b-c7ac-4680-acd4-ac5067931231 ] Request (ServersAdmin275Test:setUpClass): 201 POST http://10.180.1.21/identity/v3/auth/tokens 0.046s
2025-03-10 10:01:08.897 69259 INFO tempest.lib.common.rest_client [req-71a52d4a-1ca5-49df-97be-ec72deb5a992 req-71a52d4a-1ca5-49df-97be-ec72deb5a992 ] Request (ServersAdmin275Test:setUpClass): 200 GET http://10.180.1.21/identity/v3/domains?name=Default 0.030s
2025-03-10 10:01:08.902 69271 INFO tempest.lib.common.rest_client [req-d2e297f3-f3c9-43bf-b62d-4734b8cf17c4 req-d2e297f3-f3c9-43bf-b62d-4734b8cf17c4 ] Request (SecurityGroupRulesNegativeTestJSON:test_create_security_group_rule_with_invalid_ip_protocol): 200 POST http://10.180.1.21/compute/v2.1/os-security-groups 1.357s
2025-03-10 10:01:08.926 69259 INFO tempest.lib.common.rest_client [req-ba2bea81-ede6-4599-936f-938c98bf0ccb req-ba2bea81-ede6-4599-936f-938c98bf0ccb ] Request (ServersAdmin275Test:setUpClass): 201 POST http://10.180.1.21/identity/v3/projects 0.028s
2025-03-10 10:01:08.928 69279 INFO tempest.lib.common.rest_client [req-aaf7e44b-8edd-48c8-a001-27d44762b047 req-aaf7e44b-8edd-48c8-a001-27d44762b047 ] Request (SecurityGroupsNegativeTestJSON:test_security_group_get_nonexistent_group): 404 GET http://10.180.1.21/compute/v2.1/os-security-groups/df5695ac-6502-48a5-a8a9-12413dc65e00 1.275s
2025-03-10 10:01:08.958 69241 INFO tempest.lib.common.rest_client [req-b36e6895-06ff-47b0-a1e2-d64392f73a3e req-b36e6895-06ff-47b0-a1e2-d64392f73a3e ] Request (VolumesAssistedSnapshotsTest:test_volume_assisted_snapshot_create_delete): 201 POST http://10.180.1.21:9696/networking/v2.0/security-group-rules 0.099s
2025-03-10 10:01:08.988 69259 INFO tempest.lib.common.rest_client [req-84da4172-79f7-4b45-9462-5a8f5d7a4174 req-84da4172-79f7-4b45-9462-5a8f5d7a4174 ] Request (ServersAdmin275Test:setUpClass): 201 POST http://10.180.1.21/identity/v3/users 0.062s
2025-03-10 10:01:09.008 69265 INFO tempest.lib.common.rest_client [req-ec1d73b3-ef5a-4432-a4c9-3325edec7bf1 req-ec1d73b3-ef5a-4432-a4c9-3325edec7bf1 ] Request (ServerDiagnosticsV248Test:test_get_server_diagnostics): 200 GET http://10.180.1.21/compute/v2.1/servers/f048c66d-9230-4a44-b47d-ec2c2eda8795 1.212s
2025-03-10 10:01:09.014 69263 INFO tempest.lib.common.rest_client [req-a9820eef-9649-4a5e-b7bc-4d7a50127bd0 req-a9820eef-9649-4a5e-b7bc-4d7a50127bd0 ] Request (FlavorsV261TestJSON:tearDownClass): 200 GET http://10.180.1.21:9696/networking/v2.0/security-groups?tenant_id=07e5ea45764c4399b779e7a7e5507d84&name=default 0.626s
2025-03-10 10:01:09.021 69259 INFO tempest.lib.common.rest_client [req-edba48b4-bae9-4246-a83d-813c0ef964d8 req-edba48b4-bae9-4246-a83d-813c0ef964d8 ] Request (ServersAdmin275Test:setUpClass): 200 GET http://10.180.1.21/identity/v3/roles 0.032s
2025-03-10 10:01:09.052 69259 INFO tempest.lib.common.rest_client [req-9d51897f-ad02-4e30-b417-7a22a6c183b1 req-9d51897f-ad02-4e30-b417-7a22a6c183b1 ] Request (ServersAdmin275Test:setUpClass): 204 PUT http://10.180.1.21/identity/v3/projects/e042572b131c47dfa71c7474a12646d7/users/e276bd28fc344e88bf5d1e2efea3d820/roles/e1fbcf44343f441785442c1b83d18301 0.030s
2025-03-10 10:01:09.052 69259 INFO tempest.lib.common.dynamic_creds [-] Dynamic test user e276bd28fc344e88bf5d1e2efea3d820 is created with scope project and roles: ['member']
2025-03-10 10:01:09.052 69259 INFO tempest.lib.common.dynamic_creds [-] Acquired dynamic creds: credentials: Credentials: {'domain_id': 'default', 'domain_name': 'Default', 'username': 'tempest-ServersAdmin275Test-1529055584-project-member', 'project_domain_id': 'default', 'project_domain_name': 'Default', 'project_id': 'e042572b131c47dfa71c7474a12646d7', 'project_name': 'tempest-ServersAdmin275Test-1529055584', 'tenant_id': 'e042572b131c47dfa71c7474a12646d7', 'tenant_name': 'tempest-ServersAdmin275Test-1529055584', 'user_domain_id': 'default', 'user_domain_name': 'Default', 'user_id': 'e276bd28fc344e88bf5d1e2efea3d820', 'system': None}, Network: None, Subnet: None, Router: None
2025-03-10 10:01:09.052 69259 INFO tempest.lib.common.dynamic_creds [-] Created isolated network resources for: credentials: Credentials: {'domain_id': 'default', 'domain_name': 'Default', 'username': 'tempest-ServersAdmin275Test-1529055584-project-member', 'project_domain_id': 'default', 'project_domain_name': 'Default', 'project_id': 'e042572b131c47dfa71c7474a12646d7', 'project_name': 'tempest-ServersAdmin275Test-1529055584', 'tenant_id': 'e042572b131c47dfa71c7474a12646d7', 'tenant_name': 'tempest-ServersAdmin275Test-1529055584', 'user_domain_id': 'default', 'user_domain_name': 'Default', 'user_id': 'e276bd28fc344e88bf5d1e2efea3d820', 'system': None}, Network: None, Subnet: None, Router: None
2025-03-10 10:01:09.082 69247 INFO tempest.lib.common.rest_client [req-d28a65fe-1a90-47a0-b01f-ecf5ccd8d44b req-d28a65fe-1a90-47a0-b01f-ecf5ccd8d44b ] Request (ServerExternalEventsTest:test_create_server_external_events): 200 GET http://10.180.1.21/compute/v2.1/servers/b0bff01c-2ae6-4c75-8781-3836e24bfe10 1.120s
2025-03-10 10:01:09.088 69277 INFO tempest.lib.common.rest_client [req-23ae9da0-d7d2-4417-a1a1-d1a6c511117d req-23ae9da0-d7d2-4417-a1a1-d1a6c511117d ] Request (QuotasAdminNegativeTest:test_create_server_when_instances_quota_is_full): 403 POST http://10.180.1.21/compute/v2.1/servers 1.470s
2025-03-10 10:01:09.104 69241 INFO tempest.lib.common.rest_client [req-df823931-1f5e-40a0-9eaa-bcc8dd1a4e0f req-df823931-1f5e-40a0-9eaa-bcc8dd1a4e0f ] Request (VolumesAssistedSnapshotsTest:test_volume_assisted_snapshot_create_delete): 201 POST http://10.180.1.21:9696/networking/v2.0/security-group-rules 0.145s
2025-03-10 10:01:09.110 69291 INFO tempest.lib.common.rest_client [req-1664b447-5e12-4db4-81c4-a47b5f80bee8 req-1664b447-5e12-4db4-81c4-a47b5f80bee8 ] Request (ServersWithSpecificFlavorTestJSON:test_verify_created_server_ephemeral_disk): 200 POST http://10.180.1.21/compute/v2.1/flavors/1577831197/os-extra_specs 1.131s
2025-03-10 10:01:09.133 69259 INFO tempest.lib.common.rest_client [req-03e1a2a5-44e6-48bb-be96-acbcb7137331 req-03e1a2a5-44e6-48bb-be96-acbcb7137331 ] Request (ServersAdmin275Test:setUpClass): 201 POST http://10.180.1.21/identity/v3/auth/tokens 0.077s
2025-03-10 10:01:09.152 69289 INFO tempest.lib.common.rest_client [req-25a73dbc-5074-48f3-989f-40a9ef8250af req-25a73dbc-5074-48f3-989f-40a9ef8250af ] Request (ServersV294TestFqdnHostnames:setUpClass): 200 GET http://10.180.1.21/compute/v2.1/servers/c9523c27-450a-48e2-beaa-d1acf1fda5b5 1.169s
2025-03-10 10:01:09.166 69251 INFO tempest.lib.common.rest_client [req-58a7db44-1dc0-42a7-89c7-061025d45ed7 req-58a7db44-1dc0-42a7-89c7-061025d45ed7 ] Request (HostsAdminNegativeTestJSON:test_shutdown_nonexistent_host): 404 GET http://10.180.1.21/compute/v2.1/os-hosts/nonexistent_hostname/shutdown 1.161s
2025-03-10 10:01:09.187 69245 INFO tempest.lib.common.rest_client [req-2f16d9ad-ae0b-4a6f-b293-685e8b59ad8a req-2f16d9ad-ae0b-4a6f-b293-685e8b59ad8a ] Request (HostsAdminTestJSON:test_list_hosts_with_zone): 200 GET http://10.180.1.21/compute/v2.1/os-hosts?zone=internal 1.161s
2025-03-10 10:01:09.217 69263 INFO tempest.lib.common.rest_client [req-93d692aa-1fb8-4050-bc3d-a26de1b51674 req-93d692aa-1fb8-4050-bc3d-a26de1b51674 ] Request (FlavorsV261TestJSON:tearDownClass): 204 DELETE http://10.180.1.21:9696/networking/v2.0/security-groups/90f72358-9f17-4d6f-90b0-8da53a0e454f 0.202s
2025-03-10 10:01:09.221 69259 INFO tempest.lib.common.rest_client [req-8aab720a-4aa1-4366-825f-2ac0846b1775 req-8aab720a-4aa1-4366-825f-2ac0846b1775 ] Request (ServersAdmin275Test:setUpClass): 201 POST http://10.180.1.21/identity/v3/projects 0.087s
2025-03-10 10:01:09.226 69273 INFO tempest.lib.common.rest_client [req-f91caf35-9265-4b04-9d50-85dae8224544 req-f91caf35-9265-4b04-9d50-85dae8224544 ] Request (AggregatesAdminNegativeTestJSON:test_aggregate_add_host_as_user): 403 POST http://10.180.1.21/compute/v2.1/os-aggregates/2/action 1.226s
2025-03-10 10:01:09.261 69249 INFO tempest.lib.common.rest_client [req-eadbe0e1-969d-4157-9570-4e12b5e6f184 req-eadbe0e1-969d-4157-9570-4e12b5e6f184 ] Request (FloatingIPsTestJSON:_run_cleanups): 404 DELETE http://10.180.1.21/compute/v2.1/os-floating-ips/68161608-99ef-4829-91a9-6e7e5ca58ab4 1.209s
2025-03-10 10:01:09.277 69287 INFO tempest.lib.common.rest_client [req-23260aa8-6278-4500-af16-9ba4244b7fba req-23260aa8-6278-4500-af16-9ba4244b7fba ] Request (FlavorsExtraSpecsNegativeTestJSON:test_flavor_unset_nonexistent_key): 404 DELETE http://10.180.1.21/compute/v2.1/flavors/1503880593/os-extra_specs/hw:cpu_thread_policy 1.216s
2025-03-10 10:01:09.296 69259 INFO tempest.lib.common.rest_client [req-f182d5e4-85de-48cb-8760-bb77415c586a req-f182d5e4-85de-48cb-8760-bb77415c586a ] Request (ServersAdmin275Test:setUpClass): 201 POST http://10.180.1.21/identity/v3/users 0.074s
2025-03-10 10:01:09.335 69263 INFO tempest.lib.common.rest_client [req-58db8bf2-b31f-48de-9db7-f26c2dda4625 req-58db8bf2-b31f-48de-9db7-f26c2dda4625 ] Request (FlavorsV261TestJSON:tearDownClass): 204 DELETE http://10.180.1.21/identity/v3/projects/07e5ea45764c4399b779e7a7e5507d84 0.118s
2025-03-10 10:01:09.335 69263 INFO tempest.lib.common.dynamic_creds [-] Deleting project and security group for project: 2766fce4e27d4c97b4866177c8859858
2025-03-10 10:01:09.340 69269 INFO tempest.lib.common.rest_client [req-7063f3dd-93e6-460e-b63e-883909d8ebdd req-7063f3dd-93e6-460e-b63e-883909d8ebdd ] Request (MigrationsAdminTest:test_list_migrations_in_flavor_resize_situation): 200 GET http://10.180.1.21/compute/v2.1/servers/e4a069c9-7f14-4353-bbb3-7f9861bfe4e3 1.255s
2025-03-10 10:01:09.345 69283 INFO tempest.lib.common.rest_client [req-4bebf12e-55e7-40de-8e36-84168ee49bb1 req-4bebf12e-55e7-40de-8e36-84168ee49bb1 ] Request (AttachInterfacesTestJSON:test_create_list_show_delete_interfaces_by_fixed_ip): 200 GET http://10.180.1.21/compute/v2.1/servers/fa53baec-0c7e-4ec2-a2c7-491983512207 1.318s
2025-03-10 10:01:09.353 69259 INFO tempest.lib.common.rest_client [req-c68e6f3a-1822-47c0-8da6-c6ba4be5cc98 req-c68e6f3a-1822-47c0-8da6-c6ba4be5cc98 ] Request (ServersAdmin275Test:setUpClass): 200 GET http://10.180.1.21/identity/v3/roles 0.057s
2025-03-10 10:01:09.355 69293 INFO tempest.lib.common.rest_client [req-54571203-986d-4ef4-b849-36715e963780 req-54571203-986d-4ef4-b849-36715e963780 ] Request (FlavorsV2TestJSON:test_list_flavors_detailed_using_marker): 200 GET http://10.180.1.21/compute/v2.1/flavors/42 1.250s
2025-03-10 10:01:09.358 69283 INFO tempest.common.waiters [-] State transition "BUILD/block_device_mapping" ==> "BUILD/spawning" after 9 second wait
2025-03-10 10:01:09.381 69243 INFO tempest.lib.common.rest_client [req-7d71b7b2-85eb-4c4e-817f-6f95bf9cafc8 req-7d71b7b2-85eb-4c4e-817f-6f95bf9cafc8 ] Request (FlavorsExtraSpecsTestJSON:test_flavor_set_get_update_show_unset_keys): 200 PUT http://10.180.1.21/compute/v2.1/flavors/1710890534/os-extra_specs/hw:numa_nodes 1.214s
2025-03-10 10:01:09.390 69259 INFO tempest.lib.common.rest_client [req-4f6214c2-c859-48bf-87c1-df003c1ee679 req-4f6214c2-c859-48bf-87c1-df003c1ee679 ] Request (ServersAdmin275Test:setUpClass): 204 PUT http://10.180.1.21/identity/v3/projects/3110aa5b3f8246358bbe1db953177592/users/0d1365b0091f4e4b9a586642be6b1871/roles/9d603f699aa143b6891be3b1dcfe40df 0.036s
2025-03-10 10:01:09.449 69259 INFO tempest.lib.common.rest_client [req-a5f40e30-76e2-4ffc-bed0-9b2265e3f38f req-a5f40e30-76e2-4ffc-bed0-9b2265e3f38f ] Request (ServersAdmin275Test:setUpClass): 200 GET http://10.180.1.21/identity/v3/roles 0.059s
2025-03-10 10:01:09.468 69259 INFO tempest.lib.common.rest_client [req-d480617f-dbc2-4d7c-88e0-fc29efec69ac req-d480617f-dbc2-4d7c-88e0-fc29efec69ac ] Request (ServersAdmin275Test:setUpClass): 204 PUT http://10.180.1.21/identity/v3/projects/3110aa5b3f8246358bbe1db953177592/users/0d1365b0091f4e4b9a586642be6b1871/roles/9d603f699aa143b6891be3b1dcfe40df 0.019s
2025-03-10 10:01:09.469 69259 INFO tempest.lib.common.dynamic_creds [-] Dynamic test user 0d1365b0091f4e4b9a586642be6b1871 is created with scope project and roles: ['admin']
2025-03-10 10:01:09.469 69259 INFO tempest.lib.common.dynamic_creds [-] Acquired dynamic creds: credentials: Credentials: {'domain_id': 'default', 'domain_name': 'Default', 'username': 'tempest-ServersAdmin275Test-1350526623-project-admin', 'project_domain_id': 'default', 'project_domain_name': 'Default', 'project_id': '3110aa5b3f8246358bbe1db953177592', 'project_name': 'tempest-ServersAdmin275Test-1350526623', 'tenant_id': '3110aa5b3f8246358bbe1db953177592', 'tenant_name': 'tempest-ServersAdmin275Test-1350526623', 'user_domain_id': 'default', 'user_domain_name': 'Default', 'user_id': '0d1365b0091f4e4b9a586642be6b1871', 'system': None}, Network: None, Subnet: None, Router: None
2025-03-10 10:01:09.469 69259 INFO tempest.lib.common.dynamic_creds [-] Created isolated network resources for: credentials: Credentials: {'domain_id': 'default', 'domain_name': 'Default', 'username': 'tempest-ServersAdmin275Test-1350526623-project-admin', 'project_domain_id': 'default', 'project_domain_name': 'Default', 'project_id': '3110aa5b3f8246358bbe1db953177592', 'project_name': 'tempest-ServersAdmin275Test-1350526623', 'tenant_id': '3110aa5b3f8246358bbe1db953177592', 'tenant_name': 'tempest-ServersAdmin275Test-1350526623', 'user_domain_id': 'default', 'user_domain_name': 'Default', 'user_id': '0d1365b0091f4e4b9a586642be6b1871', 'system': None}, Network: None, Subnet: None, Router: None
2025-03-10 10:01:09.496 69263 INFO tempest.lib.common.rest_client [req-34a2ba26-5219-4241-a25f-4f6016affc0d req-34a2ba26-5219-4241-a25f-4f6016affc0d ] Request (FlavorsV261TestJSON:tearDownClass): 200 GET http://10.180.1.21:9696/networking/v2.0/security-groups?tenant_id=2766fce4e27d4c97b4866177c8859858&name=default 0.160s
2025-03-10 10:01:09.533 69257 INFO tempest.lib.common.rest_client [req-eb4fc20d-8591-4226-b739-465e12f3e269 req-eb4fc20d-8591-4226-b739-465e12f3e269 ] Request (SecurityGroupsTestAdminJSON:_run_cleanups): 202 DELETE http://10.180.1.21/compute/v2.1/os-security-groups/fe694681-8ad0-4d57-9b41-31ac1448daa9 1.420s
2025-03-10 10:01:09.533 69285 INFO tempest.lib.common.rest_client [req-d50f547c-07cc-4e4f-ac68-3fce5a1391b5 req-d50f547c-07cc-4e4f-ac68-3fce5a1391b5 ] Request (HypervisorAdminNegativeUnderV252Test:test_search_hypervisor_with_non_admin_user): 403 GET http://10.180.1.21/compute/v2.1/os-hypervisors/domain-c8.fc996f14-c53b-4953-92e3-bdfa48f5cc28/search 1.263s
2025-03-10 10:01:09.558 69259 INFO tempest.lib.common.rest_client [req-8aaa2dd3-f2ee-4f39-a18a-c08672cd18d5 req-8aaa2dd3-f2ee-4f39-a18a-c08672cd18d5 ] Request (ServersAdmin275Test:setUpClass): 201 POST http://10.180.1.21/identity/v3/auth/tokens 0.086s
2025-03-10 10:01:09.624 69259 INFO tempest.lib.common.rest_client [req-7fdae291-50aa-4e25-8952-b99200985434 req-7fdae291-50aa-4e25-8952-b99200985434 ] Request (ServersAdmin275Test:test_rebuild_update_server_275): 201 POST http://10.180.1.21/identity/v3/auth/tokens 0.061s
2025-03-10 10:01:09.625 69259 INFO tempest.lib.common.fixed_network [-] (ServersAdmin275Test:test_rebuild_update_server_275) Found network None available for tenant
2025-03-10 10:01:09.638 69263 INFO tempest.lib.common.rest_client [req-45e2c636-5345-4366-9067-dc9bfb9a6f1d req-45e2c636-5345-4366-9067-dc9bfb9a6f1d ] Request (FlavorsV261TestJSON:tearDownClass): 204 DELETE http://10.180.1.21:9696/networking/v2.0/security-groups/1d4b06ca-9666-4e1e-a50e-85d8a99bedf9 0.141s
2025-03-10 10:01:09.641 69255 INFO tempest.lib.common.rest_client [req-df38c146-514a-46b3-a3b6-d25857edc8f0 req-df38c146-514a-46b3-a3b6-d25857edc8f0 ] Request (InstanceUsageAuditLogNegativeTestJSON:test_instance_usage_audit_logs_with_nonadmin_user): 403 GET http://10.180.1.21/compute/v2.1/os-instance_usage_audit_log 1.281s
2025-03-10 10:01:09.714 69241 INFO tempest.lib.common.rest_client [req-6543b381-a4f0-4f8c-ba46-5f17414a5e9a req-6543b381-a4f0-4f8c-ba46-5f17414a5e9a ] Request (VolumesAssistedSnapshotsTest:test_volume_assisted_snapshot_create_delete): 201 POST http://10.180.1.21:9696/networking/v2.0/floatingips 0.609s
2025-03-10 10:01:09.752 69275 INFO tempest.lib.common.rest_client [req-1e569852-73a9-4c12-952d-3e8a0672d0f2 req-1e569852-73a9-4c12-952d-3e8a0672d0f2 ] Request (QuotasAdminTestJSON:test_get_default_quotas): 200 GET http://10.180.1.21/compute/v2.1/os-quota-sets/10ed73b51ae64d30bc2b44b28ec3fb08/defaults 1.177s
2025-03-10 10:01:09.785 69263 INFO tempest.lib.common.rest_client [req-5c1434f0-28dd-4369-83d2-a689e9d57b37 req-5c1434f0-28dd-4369-83d2-a689e9d57b37 ] Request (FlavorsV261TestJSON:tearDownClass): 204 DELETE http://10.180.1.21/identity/v3/projects/2766fce4e27d4c97b4866177c8859858 0.146s
2025-03-10 10:01:09.803 69241 INFO tempest.lib.common.rest_client [req-c8ff32b1-0221-4e37-9294-3eac146310e1 req-c8ff32b1-0221-4e37-9294-3eac146310e1 ] Request (VolumesAssistedSnapshotsTest:test_volume_assisted_snapshot_create_delete): 201 POST http://10.180.1.21/identity/v3/auth/tokens 0.085s
2025-03-10 10:01:09.804 69241 INFO tempest.lib.common.fixed_network [-] (VolumesAssistedSnapshotsTest:test_volume_assisted_snapshot_create_delete) Found network {'id': '5f34772a-fa00-4b9f-92c4-d7d43d7ea8b1', 'name': 'tempest-VolumesAssistedSnapshotsTest-2142668371-network', 'tenant_id': '0b1cf4c1012c46f39186b3dcc9df3f0f', 'admin_state_up': True, 'mtu': 8950, 'status': 'ACTIVE', 'subnets': [], 'shared': False, 'project_id': '0b1cf4c1012c46f39186b3dcc9df3f0f', 'port_security_enabled': True, 'router:external': False, 'provider:network_type': 'vlan', 'provider:physical_network': 'default', 'provider:segmentation_id': 934, 'availability_zone_hints': [], 'availability_zones': [], 'ipv4_address_scope': None, 'ipv6_address_scope': None, 'description': '', 'tags': [], 'created_at': '2025-03-10T10:00:48Z', 'updated_at': '2025-03-10T10:00:48Z', 'revision_number': 1} available for tenant
2025-03-10 10:01:09.845 69275 INFO tempest.lib.common.rest_client [req-bdfb5c68-bfc5-41f3-8ba0-81c9f9814672 req-bdfb5c68-bfc5-41f3-8ba0-81c9f9814672 ] Request (QuotasAdminTestJSON:test_get_updated_quotas): 200 GET http://10.180.1.21/identity/v3/domains?name=Default 0.086s
2025-03-10 10:01:09.861 69263 INFO tempest.lib.common.rest_client [req-4c4fcd47-3534-4d70-9c39-7ede8be279e6 req-4c4fcd47-3534-4d70-9c39-7ede8be279e6 ] Request (NetworksTest:setUpClass): 201 POST http://10.180.1.21/identity/v3/auth/tokens 0.074s
2025-03-10 10:01:09.877 69275 INFO tempest.lib.common.rest_client [req-3364c348-9d8d-4641-8768-8c0702e9e0da req-3364c348-9d8d-4641-8768-8c0702e9e0da ] Request (QuotasAdminTestJSON:test_get_updated_quotas): 201 POST http://10.180.1.21/identity/v3/projects 0.031s
2025-03-10 10:01:09.887 69261 INFO tempest.lib.common.rest_client [req-ba7ae5a3-fca6-49ed-b98c-006b0b951119 req-ba7ae5a3-fca6-49ed-b98c-006b0b951119 ] Request (SecurityGroupRulesTestJSON:test_security_group_rules_create_with_optional_group_id): 200 POST http://10.180.1.21/compute/v2.1/os-security-group-rules 1.501s
2025-03-10 10:01:09.889 69261 WARNING tempest.lib.common.rest_client [-] Deprecated: "tenant_id" property is deprecated for removal, use "project_id" instead
2025-03-10 10:01:09.911 69233 INFO tempest.lib.common.rest_client [req-4e1e35bf-9327-4fe3-ae4b-c12c8fc2b888 req-4e1e35bf-9327-4fe3-ae4b-c12c8fc2b888 ] Request (DeleteServersAdminTestJSON:test_admin_delete_servers_of_others): 200 GET http://10.180.1.21/compute/v2.1/servers/a96919ab-76c2-4461-858a-a447bf05a0c5 1.251s
2025-03-10 10:01:09.924 69231 INFO tempest.lib.common.rest_client [req-17988d3e-9322-4267-a217-1c2114458169 req-17988d3e-9322-4267-a217-1c2114458169 ] Request (FlavorsAccessTestJSON:test_flavor_access_add_remove): 200 GET http://10.180.1.21/compute/v2.1/flavors/detail 1.263s
2025-03-10 10:01:09.933 69253 INFO tempest.lib.common.rest_client [req-2ca6d709-cf0a-40d0-86e0-1dd6809e874d req-2ca6d709-cf0a-40d0-86e0-1dd6809e874d ] Request (ServicesAdminNegativeV253TestJSON:test_get_service_with_valid_service_and_invalid_host): 200 GET http://10.180.1.21/compute/v2.1/os-services?host=xxx&binary=nova-scheduler 1.246s
2025-03-10 10:01:09.935 69263 INFO tempest.lib.common.rest_client [req-3a9ebb9e-0c9b-453e-879b-c42608bb5368 req-3a9ebb9e-0c9b-453e-879b-c42608bb5368 ] Request (NetworksTest:setUpClass): 201 POST http://10.180.1.21/identity/v3/auth/tokens 0.071s
2025-03-10 10:01:09.947 69275 INFO tempest.lib.common.rest_client [req-9a400d71-1d65-4eb9-8637-6d3113d69244 req-9a400d71-1d65-4eb9-8637-6d3113d69244 ] Request (QuotasAdminTestJSON:test_get_updated_quotas): 200 GET http://10.180.1.21/identity/v3/domains?name=Default 0.070s
2025-03-10 10:01:09.953 69279 INFO tempest.lib.common.rest_client [req-8f580afe-cda8-485a-94a5-25cb85f7427b req-8f580afe-cda8-485a-94a5-25cb85f7427b ] Request (SecurityGroupsNegativeTestJSON:test_update_non_existent_security_group): 404 PUT http://10.180.1.21/compute/v2.1/os-security-groups/36115dae-0fa4-48a6-8c70-3f3fdde5c8ad 1.022s
2025-03-10 10:01:09.966 69263 INFO tempest.lib.common.rest_client [req-57695800-2b02-41da-ba87-aaad307472a1 req-57695800-2b02-41da-ba87-aaad307472a1 ] Request (NetworksTest:setUpClass): 200 GET http://10.180.1.21/identity/v3/domains?name=Default 0.031s
2025-03-10 10:01:09.971 69271 INFO tempest.lib.common.rest_client [req-6c071c43-4e70-4029-905b-bc57e639eb4d req-6c071c43-4e70-4029-905b-bc57e639eb4d ] Request (SecurityGroupRulesNegativeTestJSON:test_create_security_group_rule_with_invalid_ip_protocol): 400 POST http://10.180.1.21/compute/v2.1/os-security-group-rules 1.066s
2025-03-10 10:01:09.999 69263 INFO tempest.lib.common.rest_client [req-316b2135-516b-414d-a982-13d721e3f65d req-316b2135-516b-414d-a982-13d721e3f65d ] Request (NetworksTest:setUpClass): 201 POST http://10.180.1.21/identity/v3/projects 0.032s
2025-03-10 10:01:10.034 69268 INFO tempest.lib.common.rest_client [req-87fee819-f758-4bd1-829b-7dd1703ee709 req-87fee819-f758-4bd1-829b-7dd1703ee709 ] Request (ServersTestMultiNic:test_verify_duplicate_network_nics): 200 GET http://10.180.1.21/compute/v2.1/servers/5ef183b9-e37d-4ded-9b69-c23684a0211e 1.048s
2025-03-10 10:01:10.068 69263 INFO tempest.lib.common.rest_client [req-450a247c-bd19-455b-a1e3-47eee2362de7 req-450a247c-bd19-455b-a1e3-47eee2362de7 ] Request (NetworksTest:setUpClass): 201 POST http://10.180.1.21/identity/v3/users 0.067s
2025-03-10 10:01:10.091 69263 INFO tempest.lib.common.rest_client [req-2aee4902-15d6-43f1-877f-05721ae852aa req-2aee4902-15d6-43f1-877f-05721ae852aa ] Request (NetworksTest:setUpClass): 200 GET http://10.180.1.21/identity/v3/roles 0.023s
2025-03-10 10:01:10.097 69237 INFO tempest.lib.common.rest_client [req-a1122566-b7a6-40d6-8bea-184e142e433e req-a1122566-b7a6-40d6-8bea-184e142e433e ] Request (ServerDiagnosticsTest:test_get_server_diagnostics): 200 GET http://10.180.1.21/compute/v2.1/servers/a3ff52db-f50d-4f11-8220-8526fcf5bdf4 1.161s
2025-03-10 10:01:10.121 69291 INFO tempest.lib.common.rest_client [req-84b71556-881e-4f5b-a27c-3767517580f7 req-84b71556-881e-4f5b-a27c-3767517580f7 ] Request (ServersWithSpecificFlavorTestJSON:test_verify_created_server_ephemeral_disk): 200 POST http://10.180.1.21/compute/v2.1/flavors 1.010s
2025-03-10 10:01:10.131 69263 INFO tempest.lib.common.rest_client [req-1ae28eac-c367-41fe-accc-4009a93f1683 req-1ae28eac-c367-41fe-accc-4009a93f1683 ] Request (NetworksTest:setUpClass): 204 PUT http://10.180.1.21/identity/v3/projects/977ec12ca3334deba851678f7ea5922a/users/19d4e4be2cab4432acbca402818e8386/roles/e1fbcf44343f441785442c1b83d18301 0.039s
2025-03-10 10:01:10.131 69263 INFO tempest.lib.common.dynamic_creds [-] Dynamic test user 19d4e4be2cab4432acbca402818e8386 is created with scope project and roles: ['member']
2025-03-10 10:01:10.132 69263 INFO tempest.lib.common.dynamic_creds [-] Acquired dynamic creds: credentials: Credentials: {'domain_id': 'default', 'domain_name': 'Default', 'username': 'tempest-NetworksTest-1884677636-project-member', 'project_domain_id': 'default', 'project_domain_name': 'Default', 'project_id': '977ec12ca3334deba851678f7ea5922a', 'project_name': 'tempest-NetworksTest-1884677636', 'tenant_id': '977ec12ca3334deba851678f7ea5922a', 'tenant_name': 'tempest-NetworksTest-1884677636', 'user_domain_id': 'default', 'user_domain_name': 'Default', 'user_id': '19d4e4be2cab4432acbca402818e8386', 'system': None}, Network: None, Subnet: None, Router: None
2025-03-10 10:01:10.132 69263 INFO tempest.lib.common.dynamic_creds [-] Created isolated network resources for: credentials: Credentials: {'domain_id': 'default', 'domain_name': 'Default', 'username': 'tempest-NetworksTest-1884677636-project-member', 'project_domain_id': 'default', 'project_domain_name': 'Default', 'project_id': '977ec12ca3334deba851678f7ea5922a', 'project_name': 'tempest-NetworksTest-1884677636', 'tenant_id': '977ec12ca3334deba851678f7ea5922a', 'tenant_name': 'tempest-NetworksTest-1884677636', 'user_domain_id': 'default', 'user_domain_name': 'Default', 'user_id': '19d4e4be2cab4432acbca402818e8386', 'system': None}, Network: None, Subnet: None, Router: None
2025-03-10 10:01:10.198 69235 INFO tempest.lib.common.rest_client [req-1dfa460f-e527-4a8e-983c-31b1313861b0 req-1dfa460f-e527-4a8e-983c-31b1313861b0 ] Request (ServerActionsTestOtherA:setUpClass): 200 GET http://10.180.1.21/compute/v2.1/servers/f56f10c6-4e12-4a88-95e5-473904123fb3 1.035s
2025-03-10 10:01:10.203 69263 INFO tempest.lib.common.rest_client [req-b4bdd0b8-8f15-4b8b-9399-a13deb44a821 req-b4bdd0b8-8f15-4b8b-9399-a13deb44a821 ] Request (NetworksTest:setUpClass): 201 POST http://10.180.1.21/identity/v3/auth/tokens 0.066s
2025-03-10 10:01:10.204 69251 INFO tempest.lib.common.rest_client [req-d77743e3-49e4-4cb3-82f9-8e3ece1632cf req-d77743e3-49e4-4cb3-82f9-8e3ece1632cf ] Request (HostsAdminNegativeTestJSON:test_startup_host_with_non_admin_user): 403 GET http://10.180.1.21/compute/v2.1/os-hosts/devstack/startup 1.035s
2025-03-10 10:01:10.225 69245 INFO tempest.lib.common.rest_client [req-d1569eef-3659-41de-9b91-49e4bb41b4e8 req-d1569eef-3659-41de-9b91-49e4bb41b4e8 ] Request (HostsAdminTestJSON:test_show_host_detail): 200 GET http://10.180.1.21/compute/v2.1/os-hosts 1.035s
2025-03-10 10:01:10.237 69277 INFO tempest.lib.common.rest_client [req-ea97645f-f01f-4d50-adb6-ce115e215d49 req-ea97645f-f01f-4d50-adb6-ce115e215d49 ] Request (QuotasAdminNegativeTest:_run_cleanups): 200 PUT http://10.180.1.21/compute/v2.1/os-quota-sets/224e27d0825e43e6b9437e72c9d45c04 1.149s
2025-03-10 10:01:10.245 69287 INFO tempest.lib.common.rest_client [req-d93cd825-00a9-4b0e-94c0-020d46f708f7 req-d93cd825-00a9-4b0e-94c0-020d46f708f7 ] Request (FlavorsExtraSpecsNegativeTestJSON:test_flavor_update_mismatch_key): 400 PUT http://10.180.1.21/compute/v2.1/flavors/1503880593/os-extra_specs/hw:numa_nodes 0.967s
2025-03-10 10:01:10.249 69273 INFO tempest.lib.common.rest_client [req-c4ad4aa5-eaae-4c2b-8a3e-f577a8030cd3 req-c4ad4aa5-eaae-4c2b-8a3e-f577a8030cd3 ] Request (AggregatesAdminNegativeTestJSON:_run_cleanups): 200 DELETE http://10.180.1.21/compute/v2.1/os-aggregates/2 1.022s
2025-03-10 10:01:10.263 69243 INFO tempest.lib.common.rest_client [req-ecd809e8-079d-4d9f-8345-ca57ca8b6f1a req-ecd809e8-079d-4d9f-8345-ca57ca8b6f1a ] Request (FlavorsExtraSpecsTestJSON:test_flavor_set_get_update_show_unset_keys): 200 GET http://10.180.1.21/compute/v2.1/flavors/1710890534/os-extra_specs 0.882s
2025-03-10 10:01:10.265 69263 INFO tempest.lib.common.rest_client [req-6f83ef0e-241f-42b6-a9b0-dcb7d5d807f4 req-6f83ef0e-241f-42b6-a9b0-dcb7d5d807f4 ] Request (NetworksTest:setUpClass): 201 POST http://10.180.1.21/identity/v3/projects 0.062s
2025-03-10 10:01:10.278 69293 INFO tempest.lib.common.rest_client [req-8e787cc4-4304-4905-a1ce-c2a9c46626db req-8e787cc4-4304-4905-a1ce-c2a9c46626db ] Request (FlavorsV2TestJSON:test_list_flavors_detailed_using_marker): 200 GET http://10.180.1.21/compute/v2.1/flavors/detail?marker=42 0.918s
2025-03-10 10:01:10.291 69285 INFO tempest.lib.common.rest_client [req-cf0472a3-3a87-4a99-8aa6-7064f1888b6c req-cf0472a3-3a87-4a99-8aa6-7064f1888b6c ] Request (HypervisorAdminNegativeUnderV252Test:test_search_nonexistent_hypervisor): 404 GET http://10.180.1.21/compute/v2.1/os-hypervisors/nonexistent_hypervisor_name/search 0.755s
2025-03-10 10:01:10.326 69263 INFO tempest.lib.common.rest_client [req-0df8c937-0a12-4e3f-99fa-ad34f562e28e req-0df8c937-0a12-4e3f-99fa-ad34f562e28e ] Request (NetworksTest:setUpClass): 201 POST http://10.180.1.21/identity/v3/users 0.061s
2025-03-10 10:01:10.346 69263 INFO tempest.lib.common.rest_client [req-40da154d-9f76-4121-b096-bd6acaab02d6 req-40da154d-9f76-4121-b096-bd6acaab02d6 ] Request (NetworksTest:setUpClass): 200 GET http://10.180.1.21/identity/v3/roles 0.019s
2025-03-10 10:01:10.371 69263 INFO tempest.lib.common.rest_client [req-68c63088-5ed5-4912-8ed2-f426161b1bc1 req-68c63088-5ed5-4912-8ed2-f426161b1bc1 ] Request (NetworksTest:setUpClass): 204 PUT http://10.180.1.21/identity/v3/projects/53b184730a8045318bd7d8dd8ef2a13e/users/4a9fb8d4865047959bcf93729be5ea9d/roles/9d603f699aa143b6891be3b1dcfe40df 0.024s
2025-03-10 10:01:10.374 69239 INFO tempest.lib.common.rest_client [req-846132bc-06d4-468c-803b-0feaad437e20 req-846132bc-06d4-468c-803b-0feaad437e20 ] Request (ServerMetadataTestJSON:setUpClass): 200 GET http://10.180.1.21/compute/v2.1/servers/8b40d2e1-bead-40b3-bc8b-87189788fa2b 0.750s
2025-03-10 10:01:10.384 69239 INFO tempest.common.waiters [-] State transition "BUILD/scheduling" ==> "BUILD/None" after 2 second wait
2025-03-10 10:01:10.418 69257 INFO tempest.lib.common.rest_client [req-289dcaa1-8b2f-48cc-8d68-4b00e236c55a req-289dcaa1-8b2f-48cc-8d68-4b00e236c55a ] Request (SecurityGroupsTestAdminJSON:_run_cleanups): 202 DELETE http://10.180.1.21/compute/v2.1/os-security-groups/9fc5c0c0-352a-4519-a6b1-593c457b5c10 0.884s
2025-03-10 10:01:10.427 69255 INFO tempest.lib.common.rest_client [req-2a9e014d-1c26-4c6d-bd65-2270410bbfe0 req-2a9e014d-1c26-4c6d-bd65-2270410bbfe0 ] Request (InstanceUsageAuditLogNegativeTestJSON:test_instance_usage_audit_logs_with_nonadmin_user): 403 GET http://10.180.1.21/compute/v2.1/os-instance_usage_audit_log/2025-03-10%2010%3A01%3A09 0.785s
2025-03-10 10:01:10.443 69263 INFO tempest.lib.common.rest_client [req-fdd00d73-aa33-4264-a86b-4e1f56a7a726 req-fdd00d73-aa33-4264-a86b-4e1f56a7a726 ] Request (NetworksTest:setUpClass): 200 GET http://10.180.1.21/identity/v3/roles 0.072s
2025-03-10 10:01:10.504 69263 INFO tempest.lib.common.rest_client [req-ed685a24-4fa6-428c-8927-4cf1f9358ba5 req-ed685a24-4fa6-428c-8927-4cf1f9358ba5 ] Request (NetworksTest:setUpClass): 204 PUT http://10.180.1.21/identity/v3/projects/53b184730a8045318bd7d8dd8ef2a13e/users/4a9fb8d4865047959bcf93729be5ea9d/roles/9d603f699aa143b6891be3b1dcfe40df 0.060s
2025-03-10 10:01:10.506 69263 INFO tempest.lib.common.dynamic_creds [-] Dynamic test user 4a9fb8d4865047959bcf93729be5ea9d is created with scope project and roles: ['admin']
2025-03-10 10:01:10.506 69263 INFO tempest.lib.common.dynamic_creds [-] Acquired dynamic creds: credentials: Credentials: {'domain_id': 'default', 'domain_name': 'Default', 'username': 'tempest-NetworksTest-1207175212-project-admin', 'project_domain_id': 'default', 'project_domain_name': 'Default', 'project_id': '53b184730a8045318bd7d8dd8ef2a13e', 'project_name': 'tempest-NetworksTest-1207175212', 'tenant_id': '53b184730a8045318bd7d8dd8ef2a13e', 'tenant_name': 'tempest-NetworksTest-1207175212', 'user_domain_id': 'default', 'user_domain_name': 'Default', 'user_id': '4a9fb8d4865047959bcf93729be5ea9d', 'system': None}, Network: None, Subnet: None, Router: None
2025-03-10 10:01:10.506 69263 INFO tempest.lib.common.dynamic_creds [-] Created isolated network resources for: credentials: Credentials: {'domain_id': 'default', 'domain_name': 'Default', 'username': 'tempest-NetworksTest-1207175212-project-admin', 'project_domain_id': 'default', 'project_domain_name': 'Default', 'project_id': '53b184730a8045318bd7d8dd8ef2a13e', 'project_name': 'tempest-NetworksTest-1207175212', 'tenant_id': '53b184730a8045318bd7d8dd8ef2a13e', 'tenant_name': 'tempest-NetworksTest-1207175212', 'user_domain_id': 'default', 'user_domain_name': 'Default', 'user_id': '4a9fb8d4865047959bcf93729be5ea9d', 'system': None}, Network: None, Subnet: None, Router: None
2025-03-10 10:01:10.528 69255 INFO tempest.lib.common.rest_client [req-15199474-07ce-46dc-8bb1-56426bbe49a1 req-15199474-07ce-46dc-8bb1-56426bbe49a1 ] Request (InstanceUsageAuditLogNegativeTestJSON:tearDownClass): 204 DELETE http://10.180.1.21/identity/v3/users/d985e80c45014df7ad3663f6c0a81646 0.100s
2025-03-10 10:01:10.595 69263 INFO tempest.lib.common.rest_client [req-20d5ce77-e1b4-4458-8159-36361d6daaf5 req-20d5ce77-e1b4-4458-8159-36361d6daaf5 ] Request (NetworksTest:setUpClass): 201 POST http://10.180.1.21/identity/v3/auth/tokens 0.085s
2025-03-10 10:01:10.627 69259 INFO tempest.lib.common.rest_client [req-682219da-461b-492a-ab44-6c52a4ee87e4 req-682219da-461b-492a-ab44-6c52a4ee87e4 ] Request (ServersAdmin275Test:test_rebuild_update_server_275): 202 POST http://10.180.1.21/compute/v2.1/servers 1.002s
2025-03-10 10:01:10.659 69255 INFO tempest.lib.common.rest_client [req-74843278-fce9-436b-8783-e150e70661d7 req-74843278-fce9-436b-8783-e150e70661d7 ] Request (InstanceUsageAuditLogNegativeTestJSON:tearDownClass): 204 DELETE http://10.180.1.21/identity/v3/users/b7a94d5bf7d34de0bf21409c0b5d6660 0.131s
2025-03-10 10:01:10.659 69255 INFO tempest.lib.common.dynamic_creds [-] Deleting project and security group for project: b259a9acecab46deb4cca1a1cdc9b8e8
2025-03-10 10:01:10.734 69249 INFO tempest.lib.common.rest_client [req-bf94a16e-3270-40e7-9e5d-a1fd93540dff req-bf94a16e-3270-40e7-9e5d-a1fd93540dff ] Request (FloatingIPsTestJSON:tearDownClass): 200 PUT http://10.180.1.21:9696/networking/v2.0/routers/64a5dc08-83da-4e38-8357-5cb8311b54fe/remove_router_interface 1.471s
2025-03-10 10:01:10.745 69255 INFO tempest.lib.common.rest_client [req-f58af2f5-33fe-4608-aa6a-a0b0207b16ae req-f58af2f5-33fe-4608-aa6a-a0b0207b16ae ] Request (InstanceUsageAuditLogNegativeTestJSON:tearDownClass): 201 POST http://10.180.1.21/identity/v3/auth/tokens 0.085s
2025-03-10 10:01:10.961 69261 INFO tempest.lib.common.rest_client [req-c05bc75c-0091-4e25-81eb-54828a02c040 req-c05bc75c-0091-4e25-81eb-54828a02c040 ] Request (SecurityGroupRulesTestJSON:test_security_group_rules_delete_when_peer_group_deleted): 200 POST http://10.180.1.21/compute/v2.1/os-security-groups 1.068s
2025-03-10 10:01:10.980 69231 INFO tempest.lib.common.rest_client [req-2ffc19e8-483b-4ebb-a6a5-db3df2f8b417 req-2ffc19e8-483b-4ebb-a6a5-db3df2f8b417 ] Request (FlavorsAccessTestJSON:_run_cleanups): 202 DELETE http://10.180.1.21/compute/v2.1/flavors/1377340384 1.047s
2025-03-10 10:01:11.059 69279 INFO tempest.lib.common.rest_client [req-728c89b8-1ada-40e9-8d3d-f053f127b941 req-728c89b8-1ada-40e9-8d3d-f053f127b941 ] Request (SecurityGroupsNegativeTestJSON:tearDownClass): 200 PUT http://10.180.1.21:9696/networking/v2.0/routers/bcb5b15c-c871-4754-ba84-7e4a58dd8672/remove_router_interface 1.104s
2025-03-10 10:01:11.098 69253 INFO tempest.lib.common.rest_client [req-275296f1-89a7-45cf-b2a1-20cdd9f5e6c2 req-275296f1-89a7-45cf-b2a1-20cdd9f5e6c2 ] Request (ServicesAdminNegativeV253TestJSON:test_list_services_with_non_admin_user): 403 GET http://10.180.1.21/compute/v2.1/os-services 1.161s
2025-03-10 10:01:11.185 69255 INFO tempest.lib.common.rest_client [req-0ef02af2-60d8-4c71-8468-91b99620ce14 req-0ef02af2-60d8-4c71-8468-91b99620ce14 ] Request (InstanceUsageAuditLogNegativeTestJSON:tearDownClass): 200 GET http://10.180.1.21:9696/networking/v2.0/security-groups?tenant_id=b259a9acecab46deb4cca1a1cdc9b8e8&name=default 0.439s
2025-03-10 10:01:11.208 69253 INFO tempest.lib.common.rest_client [req-e67977a7-deb7-47f7-8f6c-6ce5a395c5ad req-e67977a7-deb7-47f7-8f6c-6ce5a395c5ad ] Request (ServicesAdminNegativeV253TestJSON:tearDownClass): 204 DELETE http://10.180.1.21/identity/v3/users/d7a94088001747dd90a16a95214a41fb 0.109s
2025-03-10 10:01:11.225 69241 INFO tempest.lib.common.rest_client [req-149b8d68-fbc2-4b10-82bf-71f700db66a1 req-149b8d68-fbc2-4b10-82bf-71f700db66a1 ] Request (VolumesAssistedSnapshotsTest:test_volume_assisted_snapshot_create_delete): 202 POST http://10.180.1.21/compute/v2.1/servers 1.420s
2025-03-10 10:01:11.301 69275 INFO tempest.lib.common.rest_client [req-db01e3ed-5211-41f4-af04-d5447816d2be req-db01e3ed-5211-41f4-af04-d5447816d2be ] Request (QuotasAdminTestJSON:test_get_updated_quotas): 200 PUT http://10.180.1.21/compute/v2.1/os-quota-sets/aa0d4a49cd1e4fffb26dd48c065e6b32 1.353s
2025-03-10 10:01:11.328 69253 INFO tempest.lib.common.rest_client [req-612b9b12-4250-4deb-8247-f73422c637fa req-612b9b12-4250-4deb-8247-f73422c637fa ] Request (ServicesAdminNegativeV253TestJSON:tearDownClass): 204 DELETE http://10.180.1.21/identity/v3/users/16d9d94c02ac463bb0587c36b694e63f 0.119s
2025-03-10 10:01:11.328 69253 INFO tempest.lib.common.dynamic_creds [-] Deleting project and security group for project: 37f4ab78177f49829ce25c75f4647e65
2025-03-10 10:01:11.397 69253 INFO tempest.lib.common.rest_client [req-0a3c43c0-a5cb-4f97-86ba-63f6f82ce063 req-0a3c43c0-a5cb-4f97-86ba-63f6f82ce063 ] Request (ServicesAdminNegativeV253TestJSON:tearDownClass): 201 POST http://10.180.1.21/identity/v3/auth/tokens 0.069s
2025-03-10 10:01:11.405 69265 INFO tempest.lib.common.rest_client [req-c333ee7c-73cf-4197-b607-d4db77cd6928 req-c333ee7c-73cf-4197-b607-d4db77cd6928 ] Request (ServerDiagnosticsV248Test:test_get_server_diagnostics): 200 GET http://10.180.1.21/compute/v2.1/servers/f048c66d-9230-4a44-b47d-ec2c2eda8795 1.383s
2025-03-10 10:01:11.434 69271 INFO tempest.lib.common.rest_client [req-c86fdb56-4de3-47fc-a4d8-8c038a46f7df req-c86fdb56-4de3-47fc-a4d8-8c038a46f7df ] Request (SecurityGroupRulesNegativeTestJSON:test_create_security_group_rule_with_invalid_port_range): 200 POST http://10.180.1.21/compute/v2.1/os-security-groups 1.462s
2025-03-10 10:01:11.455 69291 INFO tempest.lib.common.rest_client [req-ee3a8deb-c4bb-4011-839e-1dd26898b4b7 req-ee3a8deb-c4bb-4011-839e-1dd26898b4b7 ] Request (ServersWithSpecificFlavorTestJSON:test_verify_created_server_ephemeral_disk): 200 GET http://10.180.1.21/compute/v2.1/flavors/42/os-extra_specs 1.332s
2025-03-10 10:01:11.484 69247 INFO tempest.lib.common.rest_client [req-ebc67bf5-d626-403f-992b-00e366fa7cb3 req-ebc67bf5-d626-403f-992b-00e366fa7cb3 ] Request (ServerExternalEventsTest:test_create_server_external_events): 200 GET http://10.180.1.21/compute/v2.1/servers/b0bff01c-2ae6-4c75-8781-3836e24bfe10 1.390s
2025-03-10 10:01:11.495 69255 INFO tempest.lib.common.rest_client [req-0b477d3d-83b2-4347-9b4a-3f81288d94cd req-0b477d3d-83b2-4347-9b4a-3f81288d94cd ] Request (InstanceUsageAuditLogNegativeTestJSON:tearDownClass): 204 DELETE http://10.180.1.21:9696/networking/v2.0/security-groups/1450fe80-261d-4153-af43-bb3942b5ad38 0.310s
2025-03-10 10:01:11.498 69247 INFO tempest.common.waiters [-] State transition "BUILD/scheduling" ==> "BUILD/None" after 2 second wait
