2025-03-10 10:02:02.365 69293 INFO tempest.lib.common.rest_client [req-3f669d80-1707-4502-9824-ab416f146fd0 req-3f669d80-1707-4502-9824-ab416f146fd0 ] Request (ServerMetadataNegativeTestJSON:setUpClass): 200 GET http://10.180.1.21/compute/v2.1/servers/56dcd103-9b37-41fa-88e9-3f742b080436 0.161s
2025-03-10 10:02:02.372 69259 INFO tempest.lib.common.rest_client [req-a813b83d-8f9e-4937-80e9-852b42fe66e4 req-a813b83d-8f9e-4937-80e9-852b42fe66e4 ] Request (ServersAdmin275Test:tearDownClass): 200 GET http://10.180.1.21/compute/v2.1/servers/5f626f39-7268-4d92-b97c-39d19b46431c 0.168s
2025-03-10 10:02:02.421 69243 INFO tempest.lib.common.rest_client [req-9e9df037-3ba9-40f4-881c-14266f9356e1 req-9e9df037-3ba9-40f4-881c-14266f9356e1 ] Request (ImagesTestJSON:test_create_image_from_stopped_server): 200 GET http://10.180.1.21/compute/v2.1/servers/48cf7f2c-9a38-4841-9a82-86536cf16642 0.165s
2025-03-10 10:02:02.429 69277 INFO tempest.lib.common.rest_client [req-288fd737-0ff0-44c7-93b6-c28c3f07b948 req-288fd737-0ff0-44c7-93b6-c28c3f07b948 ] Request (ServersTestBootFromVolume:setUpClass): 200 GET http://10.180.1.21/compute/v2.1/servers/7acdc61c-e115-4a93-988c-68fd01bdb6d0 0.161s
2025-03-10 10:02:02.469 69271 INFO tempest.lib.common.rest_client [req-83eb3bcb-cfdb-4d7e-9e60-8d3bbc89672e req-83eb3bcb-cfdb-4d7e-9e60-8d3bbc89672e ] Request (ServerRescueNegativeTestJSON:setUpClass): 200 GET http://10.180.1.21/compute/v2.1/servers/4c42ee27-8b9c-4e34-8557-70dcfae9f063 0.154s
2025-03-10 10:02:02.478 69263 INFO tempest.lib.common.rest_client [req-d3ff3a6a-abbf-41f8-bec8-23f4f54f30e9 req-d3ff3a6a-abbf-41f8-bec8-23f4f54f30e9 ] Request (ListServerFiltersTestJSON:setUpClass): 200 GET http://10.180.1.21/compute/v2.1/servers/bfcdb2c7-3648-4bab-86d5-97ca30caee1c 0.098s
2025-03-10 10:02:02.691 69265 INFO tempest.lib.common.rest_client [req-80f14f57-f62d-4789-86ed-6183a0374caf req-80f14f57-f62d-4789-86ed-6183a0374caf ] Request (ServersAdminNegativeTestJSON:setUpClass): 200 GET http://10.180.1.21/compute/v2.1/servers/c227d634-7591-4106-91db-104267dbeab5 0.055s
2025-03-10 10:02:02.713 69279 INFO tempest.lib.common.rest_client [req-44e28851-5594-46ff-925f-cb23423be5a8 req-44e28851-5594-46ff-925f-cb23423be5a8 ] Request (AttachInterfacesV270Test:test_create_get_list_interfaces): 200 GET http://10.180.1.21/compute/v2.1/servers/61f26d19-ce21-4753-8b3b-5c8950c99d54 0.130s
2025-03-10 10:02:02.773 69257 INFO tempest.lib.common.rest_client [req-22613d74-793d-4eb9-939d-82ad080d508f req-22613d74-793d-4eb9-939d-82ad080d508f ] Request (ListImageFiltersTestJSON:setUpClass): 200 GET http://10.180.1.21/compute/v2.1/servers/6df49705-2376-4469-aba1-c98b4c47830c 0.060s
2025-03-10 10:02:02.861 69261 INFO tempest.lib.common.rest_client [req-55e4d64a-906e-4b87-80eb-1a9dbc6631e7 req-55e4d64a-906e-4b87-80eb-1a9dbc6631e7 ] Request (MultipleCreateTestJSON:test_multiple_create): 200 GET http://10.180.1.21/compute/v2.1/servers/277afcac-e84d-4097-8b9a-1fd6ea781c97 0.082s
2025-03-10 10:02:02.880 69275 INFO tempest.lib.common.rest_client [req-a96fd78f-6003-4207-b090-64682df5e15d req-a96fd78f-6003-4207-b090-64682df5e15d ] Request (SecurityGroupsTestJSON:test_list_security_groups_by_server): 200 GET http://10.180.1.21/compute/v2.1/servers/3b3c5b45-4416-4644-9d31-ef3ee661c192 0.050s
2025-03-10 10:02:02.933 69268 INFO tempest.lib.common.rest_client [req-d98d9ebe-aab2-45ea-be1d-aaa10d0043bc req-d98d9ebe-aab2-45ea-be1d-aaa10d0043bc ] Request (ServersTestMultiNic:_run_cleanups): 200 GET http://10.180.1.21/compute/v2.1/servers/5ef183b9-e37d-4ded-9b69-c23684a0211e 0.060s
2025-03-10 10:02:02.965 69247 INFO tempest.lib.common.rest_client [req-81ee29a4-9e7d-4bd3-a122-c9f3bfeef85f req-81ee29a4-9e7d-4bd3-a122-c9f3bfeef85f ] Request (ServerExternalEventsTest:tearDownClass): 200 GET http://10.180.1.21/compute/v2.1/servers/b0bff01c-2ae6-4c75-8781-3836e24bfe10 0.058s
2025-03-10 10:02:02.989 69237 INFO tempest.lib.common.rest_client [req-cbecf61a-2c0e-4620-a485-cc6ccb9028c4 req-cbecf61a-2c0e-4620-a485-cc6ccb9028c4 ] Request (ImagesOneServerNegativeTestJSON:setUpClass): 200 GET http://10.180.1.21/compute/v2.1/servers/189b67b1-1355-45ce-aaa8-e39fee2857dd 0.049s
2025-03-10 10:02:03.080 69239 INFO tempest.lib.common.rest_client [req-896d74d7-fcee-4343-8bbd-ff67fef840ae req-896d74d7-fcee-4343-8bbd-ff67fef840ae ] Request (ServerMetadataTestJSON:tearDownClass): 200 GET http://10.180.1.21/compute/v2.1/servers/8b40d2e1-bead-40b3-bc8b-87189788fa2b 0.057s
2025-03-10 10:02:03.140 69273 INFO tempest.lib.common.rest_client [req-58c3b6b6-eb4b-4fe9-a498-7379413c627a req-58c3b6b6-eb4b-4fe9-a498-7379413c627a ] Request (ServerDiagnosticsNegativeTest:test_get_server_diagnostics_by_non_admin): 200 GET http://10.180.1.21/compute/v2.1/servers/7d16eb26-c863-4199-b181-04aeee0bffe1 0.049s
2025-03-10 10:02:03.186 69233 INFO tempest.lib.common.rest_client [req-4ec2e802-b9dd-425d-a7f4-190b8863cd62 req-4ec2e802-b9dd-425d-a7f4-190b8863cd62 ] Request (DeleteServersAdminTestJSON:test_delete_server_while_in_error_state): 200 GET http://10.180.1.21/compute/v2.1/servers/c7d921d7-56d7-4932-8799-b21ad34b5963 0.046s
2025-03-10 10:02:03.242 69255 INFO tempest.lib.common.rest_client [req-ddf0a309-e565-4303-8771-3161e6a5b111 req-ddf0a309-e565-4303-8771-3161e6a5b111 ] Request (ServerShowV247Test:tearDownClass): 200 GET http://10.180.1.21/compute/v2.1/servers/fbf475df-ac93-4f99-a73e-98fe8334cbb9 0.084s
2025-03-10 10:02:03.293 69285 INFO tempest.lib.common.rest_client [req-5ed8e8b6-0b54-4c4e-b427-a6056917eeed req-5ed8e8b6-0b54-4c4e-b427-a6056917eeed ] Request (FloatingIPsAssociationTestJSON:setUpClass): 200 GET http://10.180.1.21/compute/v2.1/servers/be788240-5ade-4de1-926f-8a8eaaf4d3e2 0.057s
2025-03-10 10:02:03.412 69269 INFO tempest.lib.common.rest_client [req-a418127d-e8b9-4227-b100-39ed63ad16f1 req-a418127d-e8b9-4227-b100-39ed63ad16f1 ] Request (MigrationsAdminTest:test_list_migrations_in_flavor_resize_situation): 200 GET http://10.180.1.21/compute/v2.1/servers/e4a069c9-7f14-4353-bbb3-7f9861bfe4e3 0.139s
2025-03-10 10:02:03.430 69249 INFO tempest.lib.common.rest_client [req-e04befe3-7a65-42f7-8154-1706af6883bb req-e04befe3-7a65-42f7-8154-1706af6883bb ] Request (FloatingIPsAssociationNegativeTestJSON:setUpClass): 200 GET http://10.180.1.21/compute/v2.1/servers/cd8baaaa-1637-4491-828a-cc207c5a7071 0.358s
2025-03-10 10:02:03.501 69231 INFO tempest.lib.common.rest_client [req-a3c9bf4f-0899-4414-ba3a-7908a4c3581a req-a3c9bf4f-0899-4414-ba3a-7908a4c3581a ] Request (VolumesAdminNegativeTest:test_update_attached_volume_with_nonexistent_volume_in_body): 200 GET http://10.180.1.21/compute/v2.1/servers/778bd190-91bd-48d5-94f6-4825e2994786 0.174s
2025-03-10 10:02:03.522 69251 INFO tempest.lib.common.rest_client [req-a7f15430-51df-4f44-8652-b3d288d1a639 req-a7f15430-51df-4f44-8652-b3d288d1a639 ] Request (TenantUsagesTestJSON:setUpClass): 200 GET http://10.180.1.21/compute/v2.1/servers/25ed9eb9-5a0a-4421-a8c3-c2994c9127f5 0.197s
2025-03-10 10:02:03.530 69251 INFO tempest.common.waiters [-] State transition "BUILD/block_device_mapping" ==> "BUILD/spawning" after 35 second wait
2025-03-10 10:02:03.569 69293 INFO tempest.lib.common.rest_client [req-7c7c1414-020b-4a38-94f8-29f765634b31 req-7c7c1414-020b-4a38-94f8-29f765634b31 ] Request (ServerMetadataNegativeTestJSON:setUpClass): 200 GET http://10.180.1.21/compute/v2.1/servers/56dcd103-9b37-41fa-88e9-3f742b080436 0.194s
2025-03-10 10:02:03.598 69259 INFO tempest.lib.common.rest_client [req-e1bac011-36e1-4ae0-a1fe-86737a478510 req-e1bac011-36e1-4ae0-a1fe-86737a478510 ] Request (ServersAdmin275Test:tearDownClass): 200 GET http://10.180.1.21/compute/v2.1/servers/5f626f39-7268-4d92-b97c-39d19b46431c 0.216s
2025-03-10 10:02:03.609 69259 INFO tempest.common.waiters [-] State transition "ACTIVE/deleting" ==> "DELETED/None" after 5 second wait
2025-03-10 10:02:03.643 69243 INFO tempest.lib.common.rest_client [req-0925e9e4-719d-426c-a082-52330b6c6d12 req-0925e9e4-719d-426c-a082-52330b6c6d12 ] Request (ImagesTestJSON:test_create_image_from_stopped_server): 200 GET http://10.180.1.21/compute/v2.1/servers/48cf7f2c-9a38-4841-9a82-86536cf16642 0.214s
2025-03-10 10:02:03.655 69277 INFO tempest.lib.common.rest_client [req-31345db0-0786-426a-9d91-58abbdf81bb5 req-31345db0-0786-426a-9d91-58abbdf81bb5 ] Request (ServersTestBootFromVolume:setUpClass): 200 GET http://10.180.1.21/compute/v2.1/servers/7acdc61c-e115-4a93-988c-68fd01bdb6d0 0.216s
2025-03-10 10:02:03.702 69271 INFO tempest.lib.common.rest_client [req-08d50c16-e7cd-49b9-9178-2ce6d052a974 req-08d50c16-e7cd-49b9-9178-2ce6d052a974 ] Request (ServerRescueNegativeTestJSON:setUpClass): 200 GET http://10.180.1.21/compute/v2.1/servers/4c42ee27-8b9c-4e34-8557-70dcfae9f063 0.225s
2025-03-10 10:02:03.705 69263 INFO tempest.lib.common.rest_client [req-5a7beef7-bb0b-4a7b-9026-84eaf4dffa7e req-5a7beef7-bb0b-4a7b-9026-84eaf4dffa7e ] Request (ListServerFiltersTestJSON:setUpClass): 200 GET http://10.180.1.21/compute/v2.1/servers/bfcdb2c7-3648-4bab-86d5-97ca30caee1c 0.219s
2025-03-10 10:02:03.713 69263 INFO tempest.common.waiters [-] State transition "BUILD/None" ==> "BUILD/networking" after 34 second wait
2025-03-10 10:02:03.761 69265 INFO tempest.lib.common.rest_client [req-525d500a-ada9-44c2-b5ad-a83be7c62dff req-525d500a-ada9-44c2-b5ad-a83be7c62dff ] Request (ServersAdminNegativeTestJSON:setUpClass): 200 GET http://10.180.1.21/compute/v2.1/servers/c227d634-7591-4106-91db-104267dbeab5 0.061s
2025-03-10 10:02:03.821 69279 INFO tempest.lib.common.rest_client [req-25cbd5e8-efc7-4911-b895-92b0417d3286 req-25cbd5e8-efc7-4911-b895-92b0417d3286 ] Request (AttachInterfacesV270Test:test_create_get_list_interfaces): 200 GET http://10.180.1.21/compute/v2.1/servers/61f26d19-ce21-4753-8b3b-5c8950c99d54 0.097s
2025-03-10 10:02:03.831 69279 INFO tempest.common.waiters [-] State transition "BUILD/spawning" ==> "ACTIVE/None" after 37 second wait
2025-03-10 10:02:03.835 69257 INFO tempest.lib.common.rest_client [req-e98e3686-48f7-4f3f-96b1-68bd92117572 req-e98e3686-48f7-4f3f-96b1-68bd92117572 ] Request (ListImageFiltersTestJSON:setUpClass): 200 GET http://10.180.1.21/compute/v2.1/servers/6df49705-2376-4469-aba1-c98b4c47830c 0.053s
2025-03-10 10:02:03.912 69261 INFO tempest.lib.common.rest_client [req-5d85faac-72ed-4c4c-9c90-07812515f269 req-5d85faac-72ed-4c4c-9c90-07812515f269 ] Request (MultipleCreateTestJSON:test_multiple_create): 200 GET http://10.180.1.21/compute/v2.1/servers/277afcac-e84d-4097-8b9a-1fd6ea781c97 0.044s
2025-03-10 10:02:03.953 69275 INFO tempest.lib.common.rest_client [req-bb8beb10-f5a8-4f7d-8ccc-bb5c2edad37a req-bb8beb10-f5a8-4f7d-8ccc-bb5c2edad37a ] Request (SecurityGroupsTestJSON:test_list_security_groups_by_server): 200 GET http://10.180.1.21/compute/v2.1/servers/3b3c5b45-4416-4644-9d31-ef3ee661c192 0.065s
2025-03-10 10:02:04.001 69268 INFO tempest.lib.common.rest_client [req-05883157-c639-4c00-9f0d-ecd36282c63a req-05883157-c639-4c00-9f0d-ecd36282c63a ] Request (ServersTestMultiNic:_run_cleanups): 200 GET http://10.180.1.21/compute/v2.1/servers/5ef183b9-e37d-4ded-9b69-c23684a0211e 0.059s
2025-03-10 10:02:04.047 69247 INFO tempest.lib.common.rest_client [req-0af9ab4e-9f90-4742-8cf5-95a40d476a6e req-0af9ab4e-9f90-4742-8cf5-95a40d476a6e ] Request (ServerExternalEventsTest:tearDownClass): 200 GET http://10.180.1.21/compute/v2.1/servers/b0bff01c-2ae6-4c75-8781-3836e24bfe10 0.074s
2025-03-10 10:02:04.106 69237 INFO tempest.lib.common.rest_client [req-78779f59-b4fd-460e-90b7-f5e0e0023bc4 req-78779f59-b4fd-460e-90b7-f5e0e0023bc4 ] Request (ImagesOneServerNegativeTestJSON:setUpClass): 200 GET http://10.180.1.21/compute/v2.1/servers/189b67b1-1355-45ce-aaa8-e39fee2857dd 0.109s
2025-03-10 10:02:04.163 69239 INFO tempest.lib.common.rest_client [req-065bc94a-4f15-4f8c-8ce3-d604a7080dad req-065bc94a-4f15-4f8c-8ce3-d604a7080dad ] Request (ServerMetadataTestJSON:tearDownClass): 200 GET http://10.180.1.21/compute/v2.1/servers/8b40d2e1-bead-40b3-bc8b-87189788fa2b 0.075s
2025-03-10 10:02:04.216 69273 INFO tempest.lib.common.rest_client [req-53756c17-343c-4518-864d-19e8a872b0c5 req-53756c17-343c-4518-864d-19e8a872b0c5 ] Request (ServerDiagnosticsNegativeTest:test_get_server_diagnostics_by_non_admin): 200 GET http://10.180.1.21/compute/v2.1/servers/7d16eb26-c863-4199-b181-04aeee0bffe1 0.068s
2025-03-10 10:02:04.289 69233 INFO tempest.lib.common.rest_client [req-aad11cbc-f337-4d56-913d-e84184a697f5 req-aad11cbc-f337-4d56-913d-e84184a697f5 ] Request (DeleteServersAdminTestJSON:test_delete_server_while_in_error_state): 200 GET http://10.180.1.21/compute/v2.1/servers/c7d921d7-56d7-4932-8799-b21ad34b5963 0.095s
2025-03-10 10:02:04.351 69255 INFO tempest.lib.common.rest_client [req-c5854959-fae0-4f87-ace3-cb735c1a62f4 req-c5854959-fae0-4f87-ace3-cb735c1a62f4 ] Request (ServerShowV247Test:tearDownClass): 200 GET http://10.180.1.21/compute/v2.1/servers/fbf475df-ac93-4f99-a73e-98fe8334cbb9 0.094s
2025-03-10 10:02:04.360 69255 INFO tempest.common.waiters [-] State transition "ACTIVE/deleting" ==> "DELETED/None" after 5 second wait
2025-03-10 10:02:04.402 69285 INFO tempest.lib.common.rest_client [req-bfc4a1a5-1bb6-4e63-b20d-2a9e548f1bdf req-bfc4a1a5-1bb6-4e63-b20d-2a9e548f1bdf ] Request (FloatingIPsAssociationTestJSON:setUpClass): 200 GET http://10.180.1.21/compute/v2.1/servers/be788240-5ade-4de1-926f-8a8eaaf4d3e2 0.101s
2025-03-10 10:02:04.528 69269 INFO tempest.lib.common.rest_client [req-2e7335d0-1278-4423-8a54-2997eec83efa req-2e7335d0-1278-4423-8a54-2997eec83efa ] Request (MigrationsAdminTest:test_list_migrations_in_flavor_resize_situation): 200 GET http://10.180.1.21/compute/v2.1/servers/e4a069c9-7f14-4353-bbb3-7f9861bfe4e3 0.107s
2025-03-10 10:02:04.536 69269 INFO tempest.common.waiters [-] State transition "RESIZE/resize_migrated" ==> "RESIZE/resize_finish" after 33 second wait
2025-03-10 10:02:04.716 69249 INFO tempest.lib.common.rest_client [req-4b257592-b536-44ce-9123-b868ee0f3be3 req-4b257592-b536-44ce-9123-b868ee0f3be3 ] Request (FloatingIPsAssociationNegativeTestJSON:setUpClass): 200 GET http://10.180.1.21/compute/v2.1/servers/cd8baaaa-1637-4491-828a-cc207c5a7071 0.277s
2025-03-10 10:02:04.782 69231 INFO tempest.lib.common.rest_client [req-346f2bb1-a867-429d-8167-75745fc65d33 req-346f2bb1-a867-429d-8167-75745fc65d33 ] Request (VolumesAdminNegativeTest:test_update_attached_volume_with_nonexistent_volume_in_body): 200 GET http://10.180.1.21/compute/v2.1/servers/778bd190-91bd-48d5-94f6-4825e2994786 0.271s
2025-03-10 10:02:04.937 69251 INFO tempest.lib.common.rest_client [req-2e1330f9-93cf-4c63-a17b-12ef8f5045b0 req-2e1330f9-93cf-4c63-a17b-12ef8f5045b0 ] Request (TenantUsagesTestJSON:setUpClass): 200 GET http://10.180.1.21/compute/v2.1/servers/25ed9eb9-5a0a-4421-a8c3-c2994c9127f5 0.404s
2025-03-10 10:02:04.998 69293 INFO tempest.lib.common.rest_client [req-d3593f68-c839-47d8-976a-2b5156805233 req-d3593f68-c839-47d8-976a-2b5156805233 ] Request (ServerMetadataNegativeTestJSON:setUpClass): 200 GET http://10.180.1.21/compute/v2.1/servers/56dcd103-9b37-41fa-88e9-3f742b080436 0.420s
2025-03-10 10:02:05.064 69259 INFO tempest.lib.common.rest_client [req-894ca7ef-b121-459e-bf28-e917c47a44d0 req-894ca7ef-b121-459e-bf28-e917c47a44d0 ] Request (ServersAdmin275Test:tearDownClass): 200 GET http://10.180.1.21/compute/v2.1/servers/5f626f39-7268-4d92-b97c-39d19b46431c 0.453s
2025-03-10 10:02:05.117 69243 INFO tempest.lib.common.rest_client [req-260b4e52-cb8a-4625-a5ef-29a38d3baddc req-260b4e52-cb8a-4625-a5ef-29a38d3baddc ] Request (ImagesTestJSON:test_create_image_from_stopped_server): 200 GET http://10.180.1.21/compute/v2.1/servers/48cf7f2c-9a38-4841-9a82-86536cf16642 0.465s
2025-03-10 10:02:05.176 69277 INFO tempest.lib.common.rest_client [req-bd8e346a-35b1-4b47-903b-33adf7402d59 req-bd8e346a-35b1-4b47-903b-33adf7402d59 ] Request (ServersTestBootFromVolume:setUpClass): 200 GET http://10.180.1.21/compute/v2.1/servers/7acdc61c-e115-4a93-988c-68fd01bdb6d0 0.513s
2025-03-10 10:02:05.226 69271 INFO tempest.lib.common.rest_client [req-ad16760d-fb5d-4cf2-ac1b-36c739bf8863 req-ad16760d-fb5d-4cf2-ac1b-36c739bf8863 ] Request (ServerRescueNegativeTestJSON:setUpClass): 200 GET http://10.180.1.21/compute/v2.1/servers/4c42ee27-8b9c-4e34-8557-70dcfae9f063 0.516s
2025-03-10 10:02:05.321 69263 INFO tempest.lib.common.rest_client [req-d21ee059-1799-4193-9e55-58a952d93039 req-d21ee059-1799-4193-9e55-58a952d93039 ] Request (ListServerFiltersTestJSON:setUpClass): 200 GET http://10.180.1.21/compute/v2.1/servers/bfcdb2c7-3648-4bab-86d5-97ca30caee1c 0.606s
2025-03-10 10:02:05.329 69263 INFO tempest.common.waiters [-] State transition "BUILD/networking" ==> "BUILD/spawning" after 36 second wait
2025-03-10 10:02:05.373 69265 INFO tempest.lib.common.rest_client [req-8dc11575-8742-406e-926e-95b3415808cc req-8dc11575-8742-406e-926e-95b3415808cc ] Request (ServersAdminNegativeTestJSON:setUpClass): 200 GET http://10.180.1.21/compute/v2.1/servers/c227d634-7591-4106-91db-104267dbeab5 0.604s
2025-03-10 10:02:05.436 69257 INFO tempest.lib.common.rest_client [req-15972bd6-dbfa-4c6c-b99a-0195a3bd0353 req-15972bd6-dbfa-4c6c-b99a-0195a3bd0353 ] Request (ListImageFiltersTestJSON:setUpClass): 200 GET http://10.180.1.21/compute/v2.1/servers/6df49705-2376-4469-aba1-c98b4c47830c 0.593s
2025-03-10 10:02:05.444 69257 INFO tempest.common.waiters [-] State transition "BUILD/scheduling" ==> "BUILD/None" after 25 second wait
2025-03-10 10:02:05.489 69261 INFO tempest.lib.common.rest_client [req-cbc4e3aa-8902-480e-8dcc-33c19045be56 req-cbc4e3aa-8902-480e-8dcc-33c19045be56 ] Request (MultipleCreateTestJSON:test_multiple_create): 200 GET http://10.180.1.21/compute/v2.1/servers/277afcac-e84d-4097-8b9a-1fd6ea781c97 0.569s
2025-03-10 10:02:05.540 69275 INFO tempest.lib.common.rest_client [req-76db2c54-0c74-4439-8935-41276e2df29c req-76db2c54-0c74-4439-8935-41276e2df29c ] Request (SecurityGroupsTestJSON:test_list_security_groups_by_server): 200 GET http://10.180.1.21/compute/v2.1/servers/3b3c5b45-4416-4644-9d31-ef3ee661c192 0.579s
2025-03-10 10:02:05.596 69268 INFO tempest.lib.common.rest_client [req-6c19fcaa-d907-4cc5-8caf-747598f0ddbb req-6c19fcaa-d907-4cc5-8caf-747598f0ddbb ] Request (ServersTestMultiNic:_run_cleanups): 200 GET http://10.180.1.21/compute/v2.1/servers/5ef183b9-e37d-4ded-9b69-c23684a0211e 0.587s
2025-03-10 10:02:05.653 69247 INFO tempest.lib.common.rest_client [req-c26b595f-6eda-4f6f-b375-dba707172d8e req-c26b595f-6eda-4f6f-b375-dba707172d8e ] Request (ServerExternalEventsTest:tearDownClass): 200 GET http://10.180.1.21/compute/v2.1/servers/b0bff01c-2ae6-4c75-8781-3836e24bfe10 0.598s
2025-03-10 10:02:05.701 69237 INFO tempest.lib.common.rest_client [req-b03d876c-8074-413e-844e-94750182ecce req-b03d876c-8074-413e-844e-94750182ecce ] Request (ImagesOneServerNegativeTestJSON:setUpClass): 200 GET http://10.180.1.21/compute/v2.1/servers/189b67b1-1355-45ce-aaa8-e39fee2857dd 0.587s
2025-03-10 10:02:05.749 69235 WARNING tempest.lib.common.ssh [-] Failed to establish authenticated ssh connection to cirros@10.180.180.168 ([Errno None] Unable to connect to port 22 on 10.180.180.168). Number attempts: 5. Retry after 6 seconds.: paramiko.ssh_exception.NoValidConnectionsError: [Errno None] Unable to connect to port 22 on 10.180.180.168
2025-03-10 10:02:05.759 69239 INFO tempest.lib.common.rest_client [req-babc144e-f5e6-4a33-985f-661c405d18a4 req-babc144e-f5e6-4a33-985f-661c405d18a4 ] Request (ServerMetadataTestJSON:tearDownClass): 200 GET http://10.180.1.21/compute/v2.1/servers/8b40d2e1-bead-40b3-bc8b-87189788fa2b 0.586s
2025-03-10 10:02:05.810 69273 INFO tempest.lib.common.rest_client [req-b1dac5c0-1f09-46c8-bf34-92a1d7e3b6ba req-b1dac5c0-1f09-46c8-bf34-92a1d7e3b6ba ] Request (ServerDiagnosticsNegativeTest:test_get_server_diagnostics_by_non_admin): 200 GET http://10.180.1.21/compute/v2.1/servers/7d16eb26-c863-4199-b181-04aeee0bffe1 0.586s
2025-03-10 10:02:05.864 69233 INFO tempest.lib.common.rest_client [req-16072244-090a-4744-98fb-ff1a2a154439 req-16072244-090a-4744-98fb-ff1a2a154439 ] Request (DeleteServersAdminTestJSON:test_delete_server_while_in_error_state): 200 GET http://10.180.1.21/compute/v2.1/servers/c7d921d7-56d7-4932-8799-b21ad34b5963 0.566s
2025-03-10 10:02:05.917 69255 INFO tempest.lib.common.rest_client [req-0e0e1b52-8aab-40a9-8715-3a01ecddc3a9 req-0e0e1b52-8aab-40a9-8715-3a01ecddc3a9 ] Request (ServerShowV247Test:tearDownClass): 200 GET http://10.180.1.21/compute/v2.1/servers/fbf475df-ac93-4f99-a73e-98fe8334cbb9 0.556s
2025-03-10 10:02:05.972 69285 INFO tempest.lib.common.rest_client [req-c634b80b-f519-4340-8536-4aa6562d2acb req-c634b80b-f519-4340-8536-4aa6562d2acb ] Request (FloatingIPsAssociationTestJSON:setUpClass): 200 GET http://10.180.1.21/compute/v2.1/servers/be788240-5ade-4de1-926f-8a8eaaf4d3e2 0.561s
2025-03-10 10:02:06.119 69269 INFO tempest.lib.common.rest_client [req-8372b194-7171-4e48-8b1a-9d6e81919dda req-8372b194-7171-4e48-8b1a-9d6e81919dda ] Request (MigrationsAdminTest:test_list_migrations_in_flavor_resize_situation): 200 GET http://10.180.1.21/compute/v2.1/servers/e4a069c9-7f14-4353-bbb3-7f9861bfe4e3 0.582s
2025-03-10 10:02:06.284 69249 INFO tempest.lib.common.rest_client [req-96c554fd-bd54-4cc1-82be-59b026f4b589 req-96c554fd-bd54-4cc1-82be-59b026f4b589 ] Request (FloatingIPsAssociationNegativeTestJSON:setUpClass): 200 GET http://10.180.1.21/compute/v2.1/servers/cd8baaaa-1637-4491-828a-cc207c5a7071 0.556s
2025-03-10 10:02:06.333 69231 INFO tempest.lib.common.rest_client [req-d29acad8-65c2-4572-8e6c-cdd44d5d4bb8 req-d29acad8-65c2-4572-8e6c-cdd44d5d4bb8 ] Request (VolumesAdminNegativeTest:test_update_attached_volume_with_nonexistent_volume_in_body): 200 GET http://10.180.1.21/compute/v2.1/servers/778bd190-91bd-48d5-94f6-4825e2994786 0.544s
2025-03-10 10:02:06.461 69251 INFO tempest.lib.common.rest_client [req-2354288d-d4e0-440f-8efa-9812275625c1 req-2354288d-d4e0-440f-8efa-9812275625c1 ] Request (TenantUsagesTestJSON:setUpClass): 200 GET http://10.180.1.21/compute/v2.1/servers/25ed9eb9-5a0a-4421-a8c3-c2994c9127f5 0.513s
2025-03-10 10:02:06.512 69293 INFO tempest.lib.common.rest_client [req-48c02be5-67e2-47c5-9049-6c0439f99182 req-48c02be5-67e2-47c5-9049-6c0439f99182 ] Request (ServerMetadataNegativeTestJSON:setUpClass): 200 GET http://10.180.1.21/compute/v2.1/servers/56dcd103-9b37-41fa-88e9-3f742b080436 0.506s
2025-03-10 10:02:06.573 69259 INFO tempest.lib.common.rest_client [req-f0558108-6dd3-4f08-aa2a-b3086c6770ad req-f0558108-6dd3-4f08-aa2a-b3086c6770ad ] Request (ServersAdmin275Test:tearDownClass): 200 GET http://10.180.1.21/compute/v2.1/servers/5f626f39-7268-4d92-b97c-39d19b46431c 0.497s
2025-03-10 10:02:06.616 69243 INFO tempest.lib.common.rest_client [req-29a9abe0-7651-410a-9173-a23c847449fa req-29a9abe0-7651-410a-9173-a23c847449fa ] Request (ImagesTestJSON:test_create_image_from_stopped_server): 200 GET http://10.180.1.21/compute/v2.1/servers/48cf7f2c-9a38-4841-9a82-86536cf16642 0.492s
2025-03-10 10:02:06.660 69277 INFO tempest.lib.common.rest_client [req-f19868a9-045b-41da-b260-5985b663b8c7 req-f19868a9-045b-41da-b260-5985b663b8c7 ] Request (ServersTestBootFromVolume:setUpClass): 200 GET http://10.180.1.21/compute/v2.1/servers/7acdc61c-e115-4a93-988c-68fd01bdb6d0 0.476s
2025-03-10 10:02:06.717 69271 INFO tempest.lib.common.rest_client [req-40391227-be53-4104-9e75-c7a7bca138fc req-40391227-be53-4104-9e75-c7a7bca138fc ] Request (ServerRescueNegativeTestJSON:setUpClass): 200 GET http://10.180.1.21/compute/v2.1/servers/4c42ee27-8b9c-4e34-8557-70dcfae9f063 0.479s
2025-03-10 10:02:06.818 69263 INFO tempest.lib.common.rest_client [req-f0d2a41f-7f48-48dd-b52b-101899950bea req-f0d2a41f-7f48-48dd-b52b-101899950bea ] Request (ListServerFiltersTestJSON:setUpClass): 200 GET http://10.180.1.21/compute/v2.1/servers/bfcdb2c7-3648-4bab-86d5-97ca30caee1c 0.487s
2025-03-10 10:02:06.865 69265 INFO tempest.lib.common.rest_client [req-e6b1c02c-5bc1-496a-bdc0-d67e55ea59b9 req-e6b1c02c-5bc1-496a-bdc0-d67e55ea59b9 ] Request (ServersAdminNegativeTestJSON:setUpClass): 200 GET http://10.180.1.21/compute/v2.1/servers/c227d634-7591-4106-91db-104267dbeab5 0.483s
2025-03-10 10:02:06.871 69279 INFO tempest.lib.common.rest_client [req-d994dd9b-93ba-44f6-9d0a-c3f26ad8ecb3 req-d994dd9b-93ba-44f6-9d0a-c3f26ad8ecb3 ] Request (AttachInterfacesV270Test:test_create_get_list_interfaces): 400 POST http://10.180.1.21/compute/v2.1/servers/61f26d19-ce21-4753-8b3b-5c8950c99d54/os-interface 3.039s
2025-03-10 10:02:06.900 69291 WARNING tempest.lib.common.ssh [-] Failed to establish authenticated ssh connection to cirros@10.180.180.247 ([Errno None] Unable to connect to port 22 on 10.180.180.247). Number attempts: 3. Retry after 4 seconds.: paramiko.ssh_exception.NoValidConnectionsError: [Errno None] Unable to connect to port 22 on 10.180.180.247
2025-03-10 10:02:06.917 69261 INFO tempest.lib.common.rest_client [req-bc779f42-ad32-4cf3-8c2d-5c08717fca5a req-bc779f42-ad32-4cf3-8c2d-5c08717fca5a ] Request (MultipleCreateTestJSON:test_multiple_create): 200 GET http://10.180.1.21/compute/v2.1/servers/277afcac-e84d-4097-8b9a-1fd6ea781c97 0.420s
2025-03-10 10:02:06.921 69257 INFO tempest.lib.common.rest_client [req-3f65f7a3-97c6-4b33-bdb4-673a07002dbb req-3f65f7a3-97c6-4b33-bdb4-673a07002dbb ] Request (ListImageFiltersTestJSON:setUpClass): 200 GET http://10.180.1.21/compute/v2.1/servers/6df49705-2376-4469-aba1-c98b4c47830c 0.476s
2025-03-10 10:02:06.963 69275 INFO tempest.lib.common.rest_client [req-43d5b74e-545a-4c8e-97ef-7b09b5a1f889 req-43d5b74e-545a-4c8e-97ef-7b09b5a1f889 ] Request (SecurityGroupsTestJSON:test_list_security_groups_by_server): 200 GET http://10.180.1.21/compute/v2.1/servers/3b3c5b45-4416-4644-9d31-ef3ee661c192 0.415s
2025-03-10 10:02:06.987 69268 INFO tempest.lib.common.rest_client [req-dcd2ef9b-ac4c-492d-89de-3ff2806234fe req-dcd2ef9b-ac4c-492d-89de-3ff2806234fe ] Request (ServersTestMultiNic:_run_cleanups): 200 GET http://10.180.1.21/compute/v2.1/servers/5ef183b9-e37d-4ded-9b69-c23684a0211e 0.383s
2025-03-10 10:02:07.018 69247 INFO tempest.lib.common.rest_client [req-e2969150-549d-4e1f-8aa4-0580e087596a req-e2969150-549d-4e1f-8aa4-0580e087596a ] Request (ServerExternalEventsTest:tearDownClass): 200 GET http://10.180.1.21/compute/v2.1/servers/b0bff01c-2ae6-4c75-8781-3836e24bfe10 0.357s
2025-03-10 10:02:07.044 69237 INFO tempest.lib.common.rest_client [req-710253c7-d798-47cf-ab4c-a52992ec990b req-710253c7-d798-47cf-ab4c-a52992ec990b ] Request (ImagesOneServerNegativeTestJSON:setUpClass): 200 GET http://10.180.1.21/compute/v2.1/servers/189b67b1-1355-45ce-aaa8-e39fee2857dd 0.335s
2025-03-10 10:02:07.076 69239 INFO tempest.lib.common.rest_client [req-d842450e-bd11-41a6-85d8-fbc9e294284b req-d842450e-bd11-41a6-85d8-fbc9e294284b ] Request (ServerMetadataTestJSON:tearDownClass): 200 GET http://10.180.1.21/compute/v2.1/servers/8b40d2e1-bead-40b3-bc8b-87189788fa2b 0.309s
2025-03-10 10:02:07.096 69273 INFO tempest.lib.common.rest_client [req-00369e9c-1654-4615-ae44-05e50b3cb491 req-00369e9c-1654-4615-ae44-05e50b3cb491 ] Request (ServerDiagnosticsNegativeTest:test_get_server_diagnostics_by_non_admin): 200 GET http://10.180.1.21/compute/v2.1/servers/7d16eb26-c863-4199-b181-04aeee0bffe1 0.277s
2025-03-10 10:02:07.168 69279 INFO tempest.lib.common.rest_client [req-b9012683-8dce-4a1a-9e9b-be6318db4224 req-b9012683-8dce-4a1a-9e9b-be6318db4224 ] Request (AttachInterfacesV270Test:tearDownClass): 204 DELETE http://10.180.1.21/compute/v2.1/servers/61f26d19-ce21-4753-8b3b-5c8950c99d54 0.296s
2025-03-10 10:02:07.213 69233 INFO tempest.lib.common.rest_client [req-9a7c100c-4b63-40a5-9e4f-0b752176b0e2 req-9a7c100c-4b63-40a5-9e4f-0b752176b0e2 ] Request (DeleteServersAdminTestJSON:test_delete_server_while_in_error_state): 200 GET http://10.180.1.21/compute/v2.1/servers/c7d921d7-56d7-4932-8799-b21ad34b5963 0.341s
2025-03-10 10:02:07.220 69233 INFO tempest.common.waiters [-] State transition "BUILD/None" ==> "BUILD/networking" after 33 second wait
2025-03-10 10:02:07.237 69255 INFO tempest.lib.common.rest_client [req-836b8751-c2d1-43c5-a72f-7d1c08d4acea req-836b8751-c2d1-43c5-a72f-7d1c08d4acea ] Request (ServerShowV247Test:tearDownClass): 200 GET http://10.180.1.21/compute/v2.1/servers/fbf475df-ac93-4f99-a73e-98fe8334cbb9 0.307s
2025-03-10 10:02:07.263 69285 INFO tempest.lib.common.rest_client [req-14471092-bde8-4e96-8adb-8c58ec6d30ea req-14471092-bde8-4e96-8adb-8c58ec6d30ea ] Request (FloatingIPsAssociationTestJSON:setUpClass): 200 GET http://10.180.1.21/compute/v2.1/servers/be788240-5ade-4de1-926f-8a8eaaf4d3e2 0.283s
2025-03-10 10:02:07.391 69279 INFO tempest.lib.common.rest_client [req-5a61544f-985f-45cf-af98-30763401e949 req-5a61544f-985f-45cf-af98-30763401e949 ] Request (AttachInterfacesV270Test:tearDownClass): 200 GET http://10.180.1.21/compute/v2.1/servers/61f26d19-ce21-4753-8b3b-5c8950c99d54 0.222s
2025-03-10 10:02:07.417 69269 INFO tempest.lib.common.rest_client [req-a5c659f5-affc-4037-bfd2-d140a338dc83 req-a5c659f5-affc-4037-bfd2-d140a338dc83 ] Request (MigrationsAdminTest:test_list_migrations_in_flavor_resize_situation): 200 GET http://10.180.1.21/compute/v2.1/servers/e4a069c9-7f14-4353-bbb3-7f9861bfe4e3 0.290s
2025-03-10 10:02:07.424 69269 INFO tempest.common.waiters [-] State transition "RESIZE/resize_finish" ==> "VERIFY_RESIZE/None" after 36 second wait
2025-03-10 10:02:07.477 69231 INFO tempest.lib.common.rest_client [req-d351cf53-5d31-4be9-8880-fb13a61734e2 req-d351cf53-5d31-4be9-8880-fb13a61734e2 ] Request (VolumesAdminNegativeTest:test_update_attached_volume_with_nonexistent_volume_in_body): 200 GET http://10.180.1.21/compute/v2.1/servers/778bd190-91bd-48d5-94f6-4825e2994786 0.136s
2025-03-10 10:02:07.525 69249 INFO tempest.lib.common.rest_client [req-12d60b33-4f10-4991-899f-f56d0e7a60b8 req-12d60b33-4f10-4991-899f-f56d0e7a60b8 ] Request (FloatingIPsAssociationNegativeTestJSON:setUpClass): 200 GET http://10.180.1.21/compute/v2.1/servers/cd8baaaa-1637-4491-828a-cc207c5a7071 0.232s
2025-03-10 10:02:07.538 69269 INFO tempest.lib.common.rest_client [req-e28108f2-368d-4f7d-abfc-bf6e8c113c26 req-e28108f2-368d-4f7d-abfc-bf6e8c113c26 ] Request (MigrationsAdminTest:test_list_migrations_in_flavor_resize_situation): 204 POST http://10.180.1.21/compute/v2.1/servers/e4a069c9-7f14-4353-bbb3-7f9861bfe4e3/action 0.113s
2025-03-10 10:02:07.600 69293 INFO tempest.lib.common.rest_client [req-5a1194c9-9cb4-4dfd-a69f-59515a52a7ad req-5a1194c9-9cb4-4dfd-a69f-59515a52a7ad ] Request (ServerMetadataNegativeTestJSON:setUpClass): 200 GET http://10.180.1.21/compute/v2.1/servers/56dcd103-9b37-41fa-88e9-3f742b080436 0.080s
2025-03-10 10:02:07.634 69251 INFO tempest.lib.common.rest_client [req-f61aea50-7087-481a-b608-4be190288a5f req-f61aea50-7087-481a-b608-4be190288a5f ] Request (TenantUsagesTestJSON:setUpClass): 200 GET http://10.180.1.21/compute/v2.1/servers/25ed9eb9-5a0a-4421-a8c3-c2994c9127f5 0.164s
2025-03-10 10:02:07.669 69241 WARNING tempest.lib.common.ssh [-] Failed to establish authenticated ssh connection to cirros@10.180.180.192 ([Errno None] Unable to connect to port 22 on 10.180.180.192). Number attempts: 4. Retry after 5 seconds.: paramiko.ssh_exception.NoValidConnectionsError: [Errno None] Unable to connect to port 22 on 10.180.180.192
2025-03-10 10:02:07.723 69259 INFO tempest.lib.common.rest_client [req-56a51aac-488b-41e2-a21a-039c379abf40 req-56a51aac-488b-41e2-a21a-039c379abf40 ] Request (ServersAdmin275Test:tearDownClass): 200 GET http://10.180.1.21/compute/v2.1/servers/5f626f39-7268-4d92-b97c-39d19b46431c 0.139s
2025-03-10 10:02:07.726 69269 INFO tempest.lib.common.rest_client [req-7018b6a4-9451-4f43-8103-11b1867bcdff req-7018b6a4-9451-4f43-8103-11b1867bcdff ] Request (MigrationsAdminTest:test_list_migrations_in_flavor_resize_situation): 200 GET http://10.180.1.21/compute/v2.1/servers/e4a069c9-7f14-4353-bbb3-7f9861bfe4e3 0.186s
2025-03-10 10:02:07.784 69243 INFO tempest.lib.common.rest_client [req-d0f3292d-7e3b-48b3-9813-2db7d16cd3a8 req-d0f3292d-7e3b-48b3-9813-2db7d16cd3a8 ] Request (ImagesTestJSON:test_create_image_from_stopped_server): 200 GET http://10.180.1.21/compute/v2.1/servers/48cf7f2c-9a38-4841-9a82-86536cf16642 0.160s
2025-03-10 10:02:07.785 69277 INFO tempest.lib.common.rest_client [req-1569e3c1-d6a7-4ff6-8f70-6f3b55e4e463 req-1569e3c1-d6a7-4ff6-8f70-6f3b55e4e463 ] Request (ServersTestBootFromVolume:setUpClass): 200 GET http://10.180.1.21/compute/v2.1/servers/7acdc61c-e115-4a93-988c-68fd01bdb6d0 0.117s
2025-03-10 10:02:07.835 69271 INFO tempest.lib.common.rest_client [req-65e248b6-19a4-40e4-94cf-8bd23249d6f5 req-65e248b6-19a4-40e4-94cf-8bd23249d6f5 ] Request (ServerRescueNegativeTestJSON:setUpClass): 200 GET http://10.180.1.21/compute/v2.1/servers/4c42ee27-8b9c-4e34-8557-70dcfae9f063 0.109s
2025-03-10 10:02:07.930 69265 INFO tempest.lib.common.rest_client [req-8dde5d1e-1896-4b66-b1bc-a2d196be6bbb req-8dde5d1e-1896-4b66-b1bc-a2d196be6bbb ] Request (ServersAdminNegativeTestJSON:setUpClass): 200 GET http://10.180.1.21/compute/v2.1/servers/c227d634-7591-4106-91db-104267dbeab5 0.054s
2025-03-10 10:02:07.935 69263 INFO tempest.lib.common.rest_client [req-0db69f23-0a61-4eaf-8d03-771bab021a04 req-0db69f23-0a61-4eaf-8d03-771bab021a04 ] Request (ListServerFiltersTestJSON:setUpClass): 200 GET http://10.180.1.21/compute/v2.1/servers/bfcdb2c7-3648-4bab-86d5-97ca30caee1c 0.110s
2025-03-10 10:02:07.983 69261 INFO tempest.lib.common.rest_client [req-3c141987-5470-483f-a929-a40f038884ad req-3c141987-5470-483f-a929-a40f038884ad ] Request (MultipleCreateTestJSON:test_multiple_create): 200 GET http://10.180.1.21/compute/v2.1/servers/277afcac-e84d-4097-8b9a-1fd6ea781c97 0.058s
2025-03-10 10:02:07.984 69257 INFO tempest.lib.common.rest_client [req-115544ae-b256-42e6-8276-66605a2ede6c req-115544ae-b256-42e6-8276-66605a2ede6c ] Request (ListImageFiltersTestJSON:setUpClass): 200 GET http://10.180.1.21/compute/v2.1/servers/6df49705-2376-4469-aba1-c98b4c47830c 0.053s
2025-03-10 10:02:08.030 69275 INFO tempest.lib.common.rest_client [req-3de79faf-4033-4148-a7d0-a1d7b27c9846 req-3de79faf-4033-4148-a7d0-a1d7b27c9846 ] Request (SecurityGroupsTestJSON:test_list_security_groups_by_server): 200 GET http://10.180.1.21/compute/v2.1/servers/3b3c5b45-4416-4644-9d31-ef3ee661c192 0.058s
2025-03-10 10:02:08.069 69268 INFO tempest.lib.common.rest_client [req-6d4b6ad3-bba0-47da-b80c-fbb71e43ba38 req-6d4b6ad3-bba0-47da-b80c-fbb71e43ba38 ] Request (ServersTestMultiNic:_run_cleanups): 200 GET http://10.180.1.21/compute/v2.1/servers/5ef183b9-e37d-4ded-9b69-c23684a0211e 0.074s
2025-03-10 10:02:08.095 69247 INFO tempest.lib.common.rest_client [req-961eb89d-4253-4613-86dd-e87639ce6cfe req-961eb89d-4253-4613-86dd-e87639ce6cfe ] Request (ServerExternalEventsTest:tearDownClass): 200 GET http://10.180.1.21/compute/v2.1/servers/b0bff01c-2ae6-4c75-8781-3836e24bfe10 0.066s
2025-03-10 10:02:08.122 69237 INFO tempest.lib.common.rest_client [req-82411eb6-c6dc-46f1-bfc9-efd8902ec523 req-82411eb6-c6dc-46f1-bfc9-efd8902ec523 ] Request (ImagesOneServerNegativeTestJSON:setUpClass): 200 GET http://10.180.1.21/compute/v2.1/servers/189b67b1-1355-45ce-aaa8-e39fee2857dd 0.069s
2025-03-10 10:02:08.153 69239 INFO tempest.lib.common.rest_client [req-30e1f91e-aef1-4d38-97e2-52d8c1754208 req-30e1f91e-aef1-4d38-97e2-52d8c1754208 ] Request (ServerMetadataTestJSON:tearDownClass): 200 GET http://10.180.1.21/compute/v2.1/servers/8b40d2e1-bead-40b3-bc8b-87189788fa2b 0.067s
2025-03-10 10:02:08.170 69273 INFO tempest.lib.common.rest_client [req-c756a21e-69bb-4e2e-a345-b679b9fa0607 req-c756a21e-69bb-4e2e-a345-b679b9fa0607 ] Request (ServerDiagnosticsNegativeTest:test_get_server_diagnostics_by_non_admin): 200 GET http://10.180.1.21/compute/v2.1/servers/7d16eb26-c863-4199-b181-04aeee0bffe1 0.066s
2025-03-10 10:02:08.312 69233 INFO tempest.lib.common.rest_client [req-36b5b314-d32d-449f-a077-de2b5154b997 req-36b5b314-d32d-449f-a077-de2b5154b997 ] Request (DeleteServersAdminTestJSON:test_delete_server_while_in_error_state): 200 GET http://10.180.1.21/compute/v2.1/servers/c7d921d7-56d7-4932-8799-b21ad34b5963 0.091s
2025-03-10 10:02:08.317 69255 INFO tempest.lib.common.rest_client [req-0ef6edc8-3135-4160-8c74-299d54d4dc4b req-0ef6edc8-3135-4160-8c74-299d54d4dc4b ] Request (ServerShowV247Test:tearDownClass): 200 GET http://10.180.1.21/compute/v2.1/servers/fbf475df-ac93-4f99-a73e-98fe8334cbb9 0.069s
2025-03-10 10:02:08.319 69233 INFO tempest.common.waiters [-] State transition "BUILD/networking" ==> "BUILD/spawning" after 34 second wait
2025-03-10 10:02:08.365 69285 INFO tempest.lib.common.rest_client [req-8fc00d61-1872-46b4-add5-77bc791627ec req-8fc00d61-1872-46b4-add5-77bc791627ec ] Request (FloatingIPsAssociationTestJSON:setUpClass): 200 GET http://10.180.1.21/compute/v2.1/servers/be788240-5ade-4de1-926f-8a8eaaf4d3e2 0.093s
2025-03-10 10:02:08.437 69283 WARNING tempest.lib.common.ssh [-] Failed to establish authenticated ssh connection to cirros@10.180.180.246 ([Errno None] Unable to connect to port 22 on 10.180.180.246). Number attempts: 6. Retry after 7 seconds.: paramiko.ssh_exception.NoValidConnectionsError: [Errno None] Unable to connect to port 22 on 10.180.180.246
2025-03-10 10:02:08.547 69231 INFO tempest.lib.common.rest_client [req-67451d07-cd0c-4bda-a562-a594fef6102b req-67451d07-cd0c-4bda-a562-a594fef6102b ] Request (VolumesAdminNegativeTest:test_update_attached_volume_with_nonexistent_volume_in_body): 200 GET http://10.180.1.21/compute/v2.1/servers/778bd190-91bd-48d5-94f6-4825e2994786 0.059s
2025-03-10 10:02:08.562 69279 INFO tempest.lib.common.rest_client [req-6cb83c84-f2cd-4b7a-bb66-c2f5dda4790b req-6cb83c84-f2cd-4b7a-bb66-c2f5dda4790b ] Request (AttachInterfacesV270Test:tearDownClass): 200 GET http://10.180.1.21/compute/v2.1/servers/61f26d19-ce21-4753-8b3b-5c8950c99d54 0.156s
2025-03-10 10:02:08.643 69249 INFO tempest.lib.common.rest_client [req-6a151b81-5eb3-46a8-bf0c-21414f6e8a73 req-6a151b81-5eb3-46a8-bf0c-21414f6e8a73 ] Request (FloatingIPsAssociationNegativeTestJSON:setUpClass): 200 GET http://10.180.1.21/compute/v2.1/servers/cd8baaaa-1637-4491-828a-cc207c5a7071 0.110s
2025-03-10 10:02:08.683 69293 INFO tempest.lib.common.rest_client [req-97a7f940-8fb0-42be-b245-7d6deb0eda4d req-97a7f940-8fb0-42be-b245-7d6deb0eda4d ] Request (ServerMetadataNegativeTestJSON:setUpClass): 200 GET http://10.180.1.21/compute/v2.1/servers/56dcd103-9b37-41fa-88e9-3f742b080436 0.074s
2025-03-10 10:02:08.758 69251 INFO tempest.lib.common.rest_client [req-b3001126-362e-43c1-8617-1c95808ca3db req-b3001126-362e-43c1-8617-1c95808ca3db ] Request (TenantUsagesTestJSON:setUpClass): 200 GET http://10.180.1.21/compute/v2.1/servers/25ed9eb9-5a0a-4421-a8c3-c2994c9127f5 0.113s
2025-03-10 10:02:08.829 69259 INFO tempest.lib.common.rest_client [req-657221b2-03dd-4033-8bdf-ab678310baa6 req-657221b2-03dd-4033-8bdf-ab678310baa6 ] Request (ServersAdmin275Test:tearDownClass): 200 GET http://10.180.1.21/compute/v2.1/servers/5f626f39-7268-4d92-b97c-39d19b46431c 0.094s
2025-03-10 10:02:08.873 69269 INFO tempest.lib.common.rest_client [req-756af6b2-706f-4bb6-9014-e140e3b7c701 req-756af6b2-706f-4bb6-9014-e140e3b7c701 ] Request (MigrationsAdminTest:test_list_migrations_in_flavor_resize_situation): 200 GET http://10.180.1.21/compute/v2.1/servers/e4a069c9-7f14-4353-bbb3-7f9861bfe4e3 0.133s
2025-03-10 10:02:08.893 69277 INFO tempest.lib.common.rest_client [req-bedc0e47-17c5-45fd-9082-ae2961e83861 req-bedc0e47-17c5-45fd-9082-ae2961e83861 ] Request (ServersTestBootFromVolume:setUpClass): 200 GET http://10.180.1.21/compute/v2.1/servers/7acdc61c-e115-4a93-988c-68fd01bdb6d0 0.099s
2025-03-10 10:02:08.929 69243 INFO tempest.lib.common.rest_client [req-66835e89-8e7e-4780-be5f-5040f43f13d0 req-66835e89-8e7e-4780-be5f-5040f43f13d0 ] Request (ImagesTestJSON:test_create_image_from_stopped_server): 200 GET http://10.180.1.21/compute/v2.1/servers/48cf7f2c-9a38-4841-9a82-86536cf16642 0.134s
2025-03-10 10:02:08.945 69271 INFO tempest.lib.common.rest_client [req-e7c3d4f0-89a5-49f7-8075-5d1e433ea6e5 req-e7c3d4f0-89a5-49f7-8075-5d1e433ea6e5 ] Request (ServerRescueNegativeTestJSON:setUpClass): 200 GET http://10.180.1.21/compute/v2.1/servers/4c42ee27-8b9c-4e34-8557-70dcfae9f063 0.097s
2025-03-10 10:02:08.991 69265 INFO tempest.lib.common.rest_client [req-1404ec5e-4aa1-42ce-aefb-10d982f1e93d req-1404ec5e-4aa1-42ce-aefb-10d982f1e93d ] Request (ServersAdminNegativeTestJSON:setUpClass): 200 GET http://10.180.1.21/compute/v2.1/servers/c227d634-7591-4106-91db-104267dbeab5 0.053s
2025-03-10 10:02:09.037 69263 INFO tempest.lib.common.rest_client [req-e1dc4349-07a2-4a30-bbd8-8550669897ae req-e1dc4349-07a2-4a30-bbd8-8550669897ae ] Request (ListServerFiltersTestJSON:setUpClass): 200 GET http://10.180.1.21/compute/v2.1/servers/bfcdb2c7-3648-4bab-86d5-97ca30caee1c 0.094s
2025-03-10 10:02:09.048 69261 INFO tempest.lib.common.rest_client [req-a8ed4545-f4fb-4895-9f0e-50aef9659523 req-a8ed4545-f4fb-4895-9f0e-50aef9659523 ] Request (MultipleCreateTestJSON:test_multiple_create): 200 GET http://10.180.1.21/compute/v2.1/servers/277afcac-e84d-4097-8b9a-1fd6ea781c97 0.057s
2025-03-10 10:02:09.090 69257 INFO tempest.lib.common.rest_client [req-49a16c55-2d5b-4aeb-8cf8-dafc1f2bd97c req-49a16c55-2d5b-4aeb-8cf8-dafc1f2bd97c ] Request (ListImageFiltersTestJSON:setUpClass): 200 GET http://10.180.1.21/compute/v2.1/servers/6df49705-2376-4469-aba1-c98b4c47830c 0.098s
2025-03-10 10:02:09.097 69275 INFO tempest.lib.common.rest_client [req-c7e2a0b7-ca48-487e-9a14-d6e6aa54f84d req-c7e2a0b7-ca48-487e-9a14-d6e6aa54f84d ] Request (SecurityGroupsTestJSON:test_list_security_groups_by_server): 200 GET http://10.180.1.21/compute/v2.1/servers/3b3c5b45-4416-4644-9d31-ef3ee661c192 0.059s
2025-03-10 10:02:09.144 69268 INFO tempest.lib.common.rest_client [req-a511fdd0-df78-41a8-8fc6-85528edf8f3f req-a511fdd0-df78-41a8-8fc6-85528edf8f3f ] Request (ServersTestMultiNic:_run_cleanups): 200 GET http://10.180.1.21/compute/v2.1/servers/5ef183b9-e37d-4ded-9b69-c23684a0211e 0.066s
2025-03-10 10:02:09.165 69247 INFO tempest.lib.common.rest_client [req-1b3fc17c-59e1-49d0-a931-11ec537ec142 req-1b3fc17c-59e1-49d0-a931-11ec537ec142 ] Request (ServerExternalEventsTest:tearDownClass): 200 GET http://10.180.1.21/compute/v2.1/servers/b0bff01c-2ae6-4c75-8781-3836e24bfe10 0.058s
2025-03-10 10:02:09.197 69237 INFO tempest.lib.common.rest_client [req-83d2fd56-d9f9-49b3-926a-a3592a246601 req-83d2fd56-d9f9-49b3-926a-a3592a246601 ] Request (ImagesOneServerNegativeTestJSON:setUpClass): 200 GET http://10.180.1.21/compute/v2.1/servers/189b67b1-1355-45ce-aaa8-e39fee2857dd 0.067s
2025-03-10 10:02:09.226 69239 INFO tempest.lib.common.rest_client [req-45dc72b4-3855-41f0-8362-b5dfe393ef7e req-45dc72b4-3855-41f0-8362-b5dfe393ef7e ] Request (ServerMetadataTestJSON:tearDownClass): 200 GET http://10.180.1.21/compute/v2.1/servers/8b40d2e1-bead-40b3-bc8b-87189788fa2b 0.066s
2025-03-10 10:02:09.248 69273 INFO tempest.lib.common.rest_client [req-d701459e-3835-4715-a83e-1bd3dd4ea253 req-d701459e-3835-4715-a83e-1bd3dd4ea253 ] Request (ServerDiagnosticsNegativeTest:test_get_server_diagnostics_by_non_admin): 200 GET http://10.180.1.21/compute/v2.1/servers/7d16eb26-c863-4199-b181-04aeee0bffe1 0.070s
2025-03-10 10:02:09.395 69255 INFO tempest.lib.common.rest_client [req-3c1178e5-9882-4c7a-8c17-44aee6721cdd req-3c1178e5-9882-4c7a-8c17-44aee6721cdd ] Request (ServerShowV247Test:tearDownClass): 200 GET http://10.180.1.21/compute/v2.1/servers/fbf475df-ac93-4f99-a73e-98fe8334cbb9 0.068s
2025-03-10 10:02:09.416 69233 INFO tempest.lib.common.rest_client [req-b8c052e3-3a08-4c77-87d5-fb15223c0888 req-b8c052e3-3a08-4c77-87d5-fb15223c0888 ] Request (DeleteServersAdminTestJSON:test_delete_server_while_in_error_state): 200 GET http://10.180.1.21/compute/v2.1/servers/c7d921d7-56d7-4932-8799-b21ad34b5963 0.095s
2025-03-10 10:02:09.467 69285 INFO tempest.lib.common.rest_client [req-3ac05a07-83ef-4aad-86c6-3a328ef2e48f req-3ac05a07-83ef-4aad-86c6-3a328ef2e48f ] Request (FloatingIPsAssociationTestJSON:setUpClass): 200 GET http://10.180.1.21/compute/v2.1/servers/be788240-5ade-4de1-926f-8a8eaaf4d3e2 0.095s
2025-03-10 10:02:09.478 69285 INFO tempest.common.waiters [-] State transition "BUILD/None" ==> "BUILD/networking" after 34 second wait
2025-03-10 10:02:09.612 69231 INFO tempest.lib.common.rest_client [req-10567387-4d88-4c8c-93d1-32e9ad41b027 req-10567387-4d88-4c8c-93d1-32e9ad41b027 ] Request (VolumesAdminNegativeTest:test_update_attached_volume_with_nonexistent_volume_in_body): 200 GET http://10.180.1.21/compute/v2.1/servers/778bd190-91bd-48d5-94f6-4825e2994786 0.056s
2025-03-10 10:02:09.734 69279 INFO tempest.lib.common.rest_client [req-a907cd60-273e-41e1-b15e-83fecbb2f83b req-a907cd60-273e-41e1-b15e-83fecbb2f83b ] Request (AttachInterfacesV270Test:tearDownClass): 200 GET http://10.180.1.21/compute/v2.1/servers/61f26d19-ce21-4753-8b3b-5c8950c99d54 0.158s
2025-03-10 10:02:09.780 69249 INFO tempest.lib.common.rest_client [req-1abcc39f-3f46-4804-9860-b4adb939cc3b req-1abcc39f-3f46-4804-9860-b4adb939cc3b ] Request (FloatingIPsAssociationNegativeTestJSON:setUpClass): 200 GET http://10.180.1.21/compute/v2.1/servers/cd8baaaa-1637-4491-828a-cc207c5a7071 0.121s
2025-03-10 10:02:09.802 69293 INFO tempest.lib.common.rest_client [req-32b0b104-fc94-4593-8ac1-22e37ead777b req-32b0b104-fc94-4593-8ac1-22e37ead777b ] Request (ServerMetadataNegativeTestJSON:setUpClass): 200 GET http://10.180.1.21/compute/v2.1/servers/56dcd103-9b37-41fa-88e9-3f742b080436 0.110s
2025-03-10 10:02:09.914 69251 INFO tempest.lib.common.rest_client [req-63b85e27-b23c-48c5-a456-af32fd5a447c req-63b85e27-b23c-48c5-a456-af32fd5a447c ] Request (TenantUsagesTestJSON:setUpClass): 200 GET http://10.180.1.21/compute/v2.1/servers/25ed9eb9-5a0a-4421-a8c3-c2994c9127f5 0.146s
2025-03-10 10:02:09.937 69259 INFO tempest.lib.common.rest_client [req-3d2a4a64-0b0e-4c70-b409-26f00b37c643 req-3d2a4a64-0b0e-4c70-b409-26f00b37c643 ] Request (ServersAdmin275Test:tearDownClass): 200 GET http://10.180.1.21/compute/v2.1/servers/5f626f39-7268-4d92-b97c-39d19b46431c 0.096s
2025-03-10 10:02:10.006 69277 INFO tempest.lib.common.rest_client [req-c07c74eb-1cb1-49ca-b660-fd936280b22c req-c07c74eb-1cb1-49ca-b660-fd936280b22c ] Request (ServersTestBootFromVolume:setUpClass): 200 GET http://10.180.1.21/compute/v2.1/servers/7acdc61c-e115-4a93-988c-68fd01bdb6d0 0.106s
2025-03-10 10:02:10.071 69269 INFO tempest.lib.common.rest_client [req-23922b79-45f5-4440-9ec5-e4a45dc0ee20 req-23922b79-45f5-4440-9ec5-e4a45dc0ee20 ] Request (MigrationsAdminTest:test_list_migrations_in_flavor_resize_situation): 200 GET http://10.180.1.21/compute/v2.1/servers/e4a069c9-7f14-4353-bbb3-7f9861bfe4e3 0.190s
2025-03-10 10:02:10.085 69243 INFO tempest.lib.common.rest_client [req-c21c8e17-503f-4d17-8bae-845f1f4364b2 req-c21c8e17-503f-4d17-8bae-845f1f4364b2 ] Request (ImagesTestJSON:test_create_image_from_stopped_server): 200 GET http://10.180.1.21/compute/v2.1/servers/48cf7f2c-9a38-4841-9a82-86536cf16642 0.140s
2025-03-10 10:02:10.139 69271 INFO tempest.lib.common.rest_client [req-2609c783-ba5f-4a4a-ae5c-515aa1baafcf req-2609c783-ba5f-4a4a-ae5c-515aa1baafcf ] Request (ServerRescueNegativeTestJSON:setUpClass): 200 GET http://10.180.1.21/compute/v2.1/servers/4c42ee27-8b9c-4e34-8557-70dcfae9f063 0.185s
2025-03-10 10:02:10.160 69265 INFO tempest.lib.common.rest_client [req-6a12e10b-d9db-4e63-ae77-6cac417a7f46 req-6a12e10b-d9db-4e63-ae77-6cac417a7f46 ] Request (ServersAdminNegativeTestJSON:setUpClass): 200 GET http://10.180.1.21/compute/v2.1/servers/c227d634-7591-4106-91db-104267dbeab5 0.161s
2025-03-10 10:02:10.211 69261 INFO tempest.lib.common.rest_client [req-80c3d52e-28e2-4976-8e45-e7a065d715f9 req-80c3d52e-28e2-4976-8e45-e7a065d715f9 ] Request (MultipleCreateTestJSON:test_multiple_create): 200 GET http://10.180.1.21/compute/v2.1/servers/277afcac-e84d-4097-8b9a-1fd6ea781c97 0.155s
2025-03-10 10:02:10.257 69263 INFO tempest.lib.common.rest_client [req-3b8ef252-e413-41fe-9ec9-bc6d4698a478 req-3b8ef252-e413-41fe-9ec9-bc6d4698a478 ] Request (ListServerFiltersTestJSON:setUpClass): 200 GET http://10.180.1.21/compute/v2.1/servers/bfcdb2c7-3648-4bab-86d5-97ca30caee1c 0.212s
2025-03-10 10:02:10.266 69257 INFO tempest.lib.common.rest_client [req-6580f1f5-399a-4634-8f8b-2946ab97e9a8 req-6580f1f5-399a-4634-8f8b-2946ab97e9a8 ] Request (ListImageFiltersTestJSON:setUpClass): 200 GET http://10.180.1.21/compute/v2.1/servers/6df49705-2376-4469-aba1-c98b4c47830c 0.164s
2025-03-10 10:02:10.317 69268 INFO tempest.lib.common.rest_client [req-013a5a5d-dbea-4708-b39d-011402c0c966 req-013a5a5d-dbea-4708-b39d-011402c0c966 ] Request (ServersTestMultiNic:_run_cleanups): 200 GET http://10.180.1.21/compute/v2.1/servers/5ef183b9-e37d-4ded-9b69-c23684a0211e 0.165s
2025-03-10 10:02:10.319 69275 INFO tempest.lib.common.rest_client [req-060d92cc-2d5c-479b-92c4-2085cdba947a req-060d92cc-2d5c-479b-92c4-2085cdba947a ] Request (SecurityGroupsTestJSON:test_list_security_groups_by_server): 200 GET http://10.180.1.21/compute/v2.1/servers/3b3c5b45-4416-4644-9d31-ef3ee661c192 0.213s
2025-03-10 10:02:10.373 69247 INFO tempest.lib.common.rest_client [req-baf4a661-0434-4b03-89b9-81b7a1fe2293 req-baf4a661-0434-4b03-89b9-81b7a1fe2293 ] Request (ServerExternalEventsTest:tearDownClass): 200 GET http://10.180.1.21/compute/v2.1/servers/b0bff01c-2ae6-4c75-8781-3836e24bfe10 0.199s
2025-03-10 10:02:10.379 69237 INFO tempest.lib.common.rest_client [req-8dca8f61-f661-4826-ad9c-da8c92fd27f5 req-8dca8f61-f661-4826-ad9c-da8c92fd27f5 ] Request (ImagesOneServerNegativeTestJSON:setUpClass): 200 GET http://10.180.1.21/compute/v2.1/servers/189b67b1-1355-45ce-aaa8-e39fee2857dd 0.173s
2025-03-10 10:02:10.428 69239 INFO tempest.lib.common.rest_client [req-5babbb77-7ae6-4df1-b82c-aa58e46b3922 req-5babbb77-7ae6-4df1-b82c-aa58e46b3922 ] Request (ServerMetadataTestJSON:tearDownClass): 200 GET http://10.180.1.21/compute/v2.1/servers/8b40d2e1-bead-40b3-bc8b-87189788fa2b 0.194s
2025-03-10 10:02:10.432 69273 INFO tempest.lib.common.rest_client [req-21d2de62-bcc8-44bc-a6d3-07d8499db782 req-21d2de62-bcc8-44bc-a6d3-07d8499db782 ] Request (ServerDiagnosticsNegativeTest:test_get_server_diagnostics_by_non_admin): 200 GET http://10.180.1.21/compute/v2.1/servers/7d16eb26-c863-4199-b181-04aeee0bffe1 0.176s
