2025-04-03 05:39:40.712 69200 INFO tempest.lib.common.rest_client [req-37da576c-c54d-442b-88c4-2bd241a6d53c req-37da576c-c54d-442b-88c4-2bd241a6d53c ] Request (ImagesDeleteNegativeTestJSON:tearDownClass): 204 DELETE http://10.180.1.21/identity/v3/users/30f9211b1d29427dab67763378c65c9d 0.273s
2025-04-03 05:39:40.713 69200 INFO tempest.lib.common.dynamic_creds [-] Deleting project and security group for project: def000e1d5914232a3ea14ae182f56aa
2025-04-03 05:39:40.721 69158 INFO tempest.lib.common.rest_client [req-2efcf5ed-dfa8-46d0-a761-32ddf6ead011 req-2efcf5ed-dfa8-46d0-a761-32ddf6ead011 ] Request (TenantUsagesNegativeTestJSON:tearDownClass): 200 GET http://10.180.1.21:9696/networking/v2.0/security-groups?tenant_id=b51730cd66254cd582f18387d465a54d&name=default 0.223s
2025-04-03 05:39:40.741 69206 INFO tempest.lib.common.rest_client [req-5c626261-7841-4d17-adb1-3800972fbc11 req-5c626261-7841-4d17-adb1-3800972fbc11 ] Request (ServersWithSpecificFlavorTestJSON:setUpClass): 201 POST http://10.180.1.21/identity/v3/projects 0.197s
2025-04-03 05:39:40.895 69158 INFO tempest.lib.common.rest_client [req-c65f41e1-052e-496c-8cc1-77a9dcdf2d80 req-c65f41e1-052e-496c-8cc1-77a9dcdf2d80 ] Request (TenantUsagesNegativeTestJSON:tearDownClass): 204 DELETE http://10.180.1.21:9696/networking/v2.0/security-groups/8f409263-7e37-4fbf-8dbe-36ffa0cc2ae1 0.174s
2025-04-03 05:39:40.904 69196 INFO tempest.lib.common.rest_client [req-7f2e8215-a2ce-447d-b884-bb522f5d7c22 req-7f2e8215-a2ce-447d-b884-bb522f5d7c22 ] Request (HypervisorAdminTestJSON:test_get_hypervisor_list): 200 GET http://10.180.1.21/compute/v2.1/os-hypervisors 1.867s
2025-04-03 05:39:40.904 69148 INFO tempest.lib.common.rest_client [req-0d67ddf5-ace1-4a3d-8665-f82acdf6c8d8 req-0d67ddf5-ace1-4a3d-8665-f82acdf6c8d8 ] Request (HypervisorAdminNegativeUnderV252Test:test_search_hypervisor_with_non_admin_user): 200 GET http://10.180.1.21/compute/v2.1/os-hypervisors 2.409s
2025-04-03 05:39:40.933 69190 INFO tempest.lib.common.rest_client [req-e654c0fa-73af-46cb-b003-3efb5b0fd719 req-e654c0fa-73af-46cb-b003-3efb5b0fd719 ] Request (ImagesOneServerTestJSON:setUpClass): 201 POST http://10.180.1.21/identity/v3/auth/tokens 0.259s
2025-04-03 05:39:40.956 69200 INFO tempest.lib.common.rest_client [req-d0eb0f87-c7c0-4b8e-be91-73791e3dc955 req-d0eb0f87-c7c0-4b8e-be91-73791e3dc955 ] Request (ImagesDeleteNegativeTestJSON:tearDownClass): 201 POST http://10.180.1.21/identity/v3/auth/tokens 0.244s
2025-04-03 05:39:40.959 69154 INFO tempest.lib.common.rest_client [req-8db807f4-82e5-4ab7-8d0a-ae06db84909d req-8db807f4-82e5-4ab7-8d0a-ae06db84909d ] Request (QuotasSecurityGroupAdminNegativeTest:setUpClass): 204 PUT http://10.180.1.21/identity/v3/projects/6005485bb25a4ad3a14030205c25d02f/users/cb9aeb97180c44eabc7837d4699b7e82/roles/9864bf86660946ea8223bae7d64d8213 0.284s
2025-04-03 05:39:40.959 69154 INFO tempest.lib.common.dynamic_creds [-] Dynamic test user cb9aeb97180c44eabc7837d4699b7e82 is created with scope project and roles: ['member']
2025-04-03 05:39:40.959 69154 INFO tempest.lib.common.dynamic_creds [-] Acquired dynamic creds: credentials: Credentials: {'domain_id': 'default', 'domain_name': 'Default', 'username': 'tempest-QuotasSecurityGroupAdminNegativeTest-247549653-project-member', 'project_domain_id': 'default', 'project_domain_name': 'Default', 'project_id': '6005485bb25a4ad3a14030205c25d02f', 'project_name': 'tempest-QuotasSecurityGroupAdminNegativeTest-247549653', 'tenant_id': '6005485bb25a4ad3a14030205c25d02f', 'tenant_name': 'tempest-QuotasSecurityGroupAdminNegativeTest-247549653', 'user_domain_id': 'default', 'user_domain_name': 'Default', 'user_id': 'cb9aeb97180c44eabc7837d4699b7e82', 'system': None}, Network: None, Subnet: None, Router: None
2025-04-03 05:39:40.959 69154 INFO tempest.lib.common.dynamic_creds [-] Created isolated network resources for: credentials: Credentials: {'domain_id': 'default', 'domain_name': 'Default', 'username': 'tempest-QuotasSecurityGroupAdminNegativeTest-247549653-project-member', 'project_domain_id': 'default', 'project_domain_name': 'Default', 'project_id': '6005485bb25a4ad3a14030205c25d02f', 'project_name': 'tempest-QuotasSecurityGroupAdminNegativeTest-247549653', 'tenant_id': '6005485bb25a4ad3a14030205c25d02f', 'tenant_name': 'tempest-QuotasSecurityGroupAdminNegativeTest-247549653', 'user_domain_id': 'default', 'user_domain_name': 'Default', 'user_id': 'cb9aeb97180c44eabc7837d4699b7e82', 'system': None}, Network: None, Subnet: None, Router: None
2025-04-03 05:39:41.012 69175 INFO tempest.lib.common.rest_client [req-085cda6f-4fca-466c-b951-f56547ac1eec req-085cda6f-4fca-466c-b951-f56547ac1eec ] Request (VolumesAssistedSnapshotsTest:setUpClass): 200 PUT http://10.180.1.21:9696/networking/v2.0/routers/da600d15-23c6-4d39-946f-ee615129a15d/add_router_interface 1.907s
2025-04-03 05:39:41.012 69175 INFO tempest.lib.common.dynamic_creds [-] Created isolated network resources for: credentials: Credentials: {'domain_id': 'default', 'domain_name': 'Default', 'username': 'tempest-VolumesAssistedSnapshotsTest-2062390533-project-admin', 'project_domain_id': 'default', 'project_domain_name': 'Default', 'project_id': '09e55cbee5324059a49e053b20414c2d', 'project_name': 'tempest-VolumesAssistedSnapshotsTest-2062390533', 'tenant_id': '09e55cbee5324059a49e053b20414c2d', 'tenant_name': 'tempest-VolumesAssistedSnapshotsTest-2062390533', 'user_domain_id': 'default', 'user_domain_name': 'Default', 'user_id': 'd044a9bdd77c46c79cfde11333dcdc24', 'system': None}, Network: {'id': '513d72a2-a474-454a-9431-5f14f9fdbb64', 'name': 'tempest-VolumesAssistedSnapshotsTest-743500745-network', 'tenant_id': '09e55cbee5324059a49e053b20414c2d', 'admin_state_up': True, 'mtu': 8950, 'status': 'ACTIVE', 'subnets': [], 'shared': False, 'project_id': '09e55cbee5324059a49e053b20414c2d', 'port_security_enabled': True, 'router:external': False, 'provider:network_type': 'vlan', 'provider:physical_network': 'default', 'provider:segmentation_id': 187, 'availability_zone_hints': [], 'availability_zones': [], 'ipv4_address_scope': None, 'ipv6_address_scope': None, 'description': '', 'tags': [], 'created_at': '2025-04-03T05:39:36Z', 'updated_at': '2025-04-03T05:39:36Z', 'revision_number': 1}, Subnet: {'id': '5851a9f9-b6d8-4675-906a-0e936c490747', 'name': 'tempest-VolumesAssistedSnapshotsTest-743500745-subnet', 'tenant_id': '09e55cbee5324059a49e053b20414c2d', 'network_id': '513d72a2-a474-454a-9431-5f14f9fdbb64', 'ip_version': 4, 'subnetpool_id': None, 'enable_dhcp': True, 'ipv6_ra_mode': None, 'ipv6_address_mode': None, 'gateway_ip': '192.168.128.1', 'cidr': '192.168.128.0/28', 'allocation_pools': [{'start': '192.168.128.2', 'end': '192.168.128.14'}], 'host_routes': [], 'dns_nameservers': [], 'description': '', 'router:external': False, 'service_types': [], 'tags': [], 'created_at': '2025-04-03T05:39:37Z', 'updated_at': '2025-04-03T05:39:37Z', 'revision_number': 0, 'project_id': '09e55cbee5324059a49e053b20414c2d'}, Router: {'id': 'da600d15-23c6-4d39-946f-ee615129a15d', 'name': 'tempest-VolumesAssistedSnapshotsTest-743500745-router', 'tenant_id': '09e55cbee5324059a49e053b20414c2d', 'admin_state_up': True, 'status': 'ACTIVE', 'external_gateway_info': {'network_id': '673bc9ef-3fba-4ea3-af2f-ce700e2df25a', 'external_fixed_ips': [{'subnet_id': '791252bb-67f7-4b15-bc46-4d349c6c5fca', 'ip_address': '10.180.180.225'}], 'enable_snat': True}, 'description': '', 'availability_zones': [], 'distributed': False, 'ha': False, 'availability_zone_hints': [], 'routes': [], 'flavor_id': None, 'tags': [], 'created_at': '2025-04-03T05:39:37Z', 'updated_at': '2025-04-03T05:39:38Z', 'revision_number': 2, 'project_id': '09e55cbee5324059a49e053b20414c2d'}
2025-04-03 05:39:41.024 69206 INFO tempest.lib.common.rest_client [req-761c0c8e-4c89-4d92-ba47-156c7db0531d req-761c0c8e-4c89-4d92-ba47-156c7db0531d ] Request (ServersWithSpecificFlavorTestJSON:setUpClass): 201 POST http://10.180.1.21/identity/v3/users 0.282s
2025-04-03 05:39:41.060 69158 INFO tempest.lib.common.rest_client [req-f4de9b4e-f8f6-4d44-8db1-020d61128c1d req-f4de9b4e-f8f6-4d44-8db1-020d61128c1d ] Request (TenantUsagesNegativeTestJSON:tearDownClass): 204 DELETE http://10.180.1.21/identity/v3/projects/b51730cd66254cd582f18387d465a54d 0.162s
2025-04-03 05:39:41.166 69178 INFO tempest.lib.common.rest_client [req-7b33f7c8-f24a-4b54-b232-dc20a7f052bb req-7b33f7c8-f24a-4b54-b232-dc20a7f052bb ] Request (MigrationsAdminTest:test_list_migrations): 200 GET http://10.180.1.21/compute/v2.1/os-migrations 2.026s
2025-04-03 05:39:41.185 69184 INFO tempest.lib.common.rest_client [req-84686846-97ab-4720-a35f-69b192477ea8 req-84686846-97ab-4720-a35f-69b192477ea8 ] Request (ValidationResourcesFixture:setUp): 200 POST http://10.180.1.21/compute/v2.1/os-keypairs 2.050s
2025-04-03 05:39:41.189 69190 INFO tempest.lib.common.rest_client [req-dd8457a1-a68f-4249-9340-bcf78a8f7944 req-dd8457a1-a68f-4249-9340-bcf78a8f7944 ] Request (ImagesOneServerTestJSON:setUpClass): 201 POST http://10.180.1.21/identity/v3/auth/tokens 0.253s
2025-04-03 05:39:41.190 69190 INFO tempest.lib.common.fixed_network [-] (ImagesOneServerTestJSON:setUpClass) Found network {'id': '48c4af41-4398-476c-bfc1-b322af54730e', 'name': 'tempest-ImagesOneServerTestJSON-1379040877-network', 'tenant_id': 'fde06f4f1bf941bca405bd9e5ac6cb43', 'admin_state_up': True, 'mtu': 8950, 'status': 'ACTIVE', 'subnets': [], 'shared': False, 'project_id': 'fde06f4f1bf941bca405bd9e5ac6cb43', 'port_security_enabled': True, 'router:external': False, 'provider:network_type': 'vlan', 'provider:physical_network': 'default', 'provider:segmentation_id': 205, 'availability_zone_hints': [], 'availability_zones': [], 'ipv4_address_scope': None, 'ipv6_address_scope': None, 'description': '', 'tags': [], 'created_at': '2025-04-03T05:39:36Z', 'updated_at': '2025-04-03T05:39:36Z', 'revision_number': 1} available for tenant
2025-04-03 05:39:41.268 69154 INFO tempest.lib.common.rest_client [req-a170adab-56a2-47e9-810f-d5c4e1e05009 req-a170adab-56a2-47e9-810f-d5c4e1e05009 ] Request (QuotasSecurityGroupAdminNegativeTest:setUpClass): 201 POST http://10.180.1.21/identity/v3/auth/tokens 0.303s
2025-04-03 05:39:41.297 69206 INFO tempest.lib.common.rest_client [req-fff31cbf-b44c-4a62-80c0-235ec31da96b req-fff31cbf-b44c-4a62-80c0-235ec31da96b ] Request (ServersWithSpecificFlavorTestJSON:setUpClass): 200 GET http://10.180.1.21/identity/v3/roles 0.272s
2025-04-03 05:39:41.297 69175 INFO tempest.lib.common.rest_client [req-b1aac08d-0168-4d76-8289-625c27edc2c2 req-b1aac08d-0168-4d76-8289-625c27edc2c2 ] Request (VolumesAssistedSnapshotsTest:setUpClass): 201 POST http://10.180.1.21/identity/v3/auth/tokens 0.281s
2025-04-03 05:39:41.321 69158 INFO tempest.lib.common.rest_client [req-e61a602d-776d-41c9-9cd1-5d47d07cb227 req-e61a602d-776d-41c9-9cd1-5d47d07cb227 ] Request (FlavorsV2NegativeTest:setUpClass): 201 POST http://10.180.1.21/identity/v3/auth/tokens 0.259s
2025-04-03 05:39:41.346 69184 INFO tempest.lib.common.rest_client [req-67a1e2b8-c5db-464e-8185-76ebda7ca1fd req-67a1e2b8-c5db-464e-8185-76ebda7ca1fd ] Request (ValidationResourcesFixture:setUp): 201 POST http://10.180.1.21:9696/networking/v2.0/security-groups 0.159s
2025-04-03 05:39:41.375 69200 INFO tempest.lib.common.rest_client [req-7a3748ba-41c6-46f5-bd34-505ffa75db1a req-7a3748ba-41c6-46f5-bd34-505ffa75db1a ] Request (ImagesDeleteNegativeTestJSON:tearDownClass): 200 GET http://10.180.1.21:9696/networking/v2.0/security-groups?tenant_id=def000e1d5914232a3ea14ae182f56aa&name=default 0.418s
2025-04-03 05:39:41.379 69178 INFO tempest.lib.common.rest_client [req-93c1a0df-47e4-4d51-97e7-2ea7981ea190 req-93c1a0df-47e4-4d51-97e7-2ea7981ea190 ] Request (MigrationsAdminTest:test_list_migrations_in_flavor_resize_situation): 201 POST http://10.180.1.21/identity/v3/auth/tokens 0.200s
2025-04-03 05:39:41.379 69178 INFO tempest.lib.common.fixed_network [-] (MigrationsAdminTest:test_list_migrations_in_flavor_resize_situation) Found network None available for tenant
2025-04-03 05:39:41.391 69180 INFO tempest.lib.common.rest_client [req-f0e34b02-97dd-4d93-8ca7-00a9e37f4c06 req-f0e34b02-97dd-4d93-8ca7-00a9e37f4c06 ] Request (AZAdminV2TestJSON:test_get_availability_zone_list): 200 GET http://10.180.1.21/compute/v2.1/os-availability-zone 2.194s
2025-04-03 05:39:41.425 69154 INFO tempest.lib.common.rest_client [req-b5b3a605-6d3c-4967-8ca4-017dea7eb0cd req-b5b3a605-6d3c-4967-8ca4-017dea7eb0cd ] Request (QuotasSecurityGroupAdminNegativeTest:setUpClass): 201 POST http://10.180.1.21/identity/v3/projects 0.156s
2025-04-03 05:39:41.457 69198 INFO tempest.lib.common.rest_client [req-da9a5cc3-997d-4753-9c1c-ac997b7e2cea req-da9a5cc3-997d-4753-9c1c-ac997b7e2cea ] Request (AggregatesAdminNegativeTestJSON:setUpClass): 200 GET http://10.180.1.21/compute/v2.1/os-services?binary=nova-compute 2.189s
2025-04-03 05:39:41.490 69200 INFO tempest.lib.common.rest_client [req-bb129923-e4aa-496e-bcc4-c7dfe0e0080b req-bb129923-e4aa-496e-bcc4-c7dfe0e0080b ] Request (ImagesDeleteNegativeTestJSON:tearDownClass): 204 DELETE http://10.180.1.21:9696/networking/v2.0/security-groups/050f8060-6341-4c57-a8d7-a4cdcf00d5c3 0.114s
2025-04-03 05:39:41.496 69175 INFO tempest.lib.common.rest_client [req-9a3b566e-6046-4e74-b3b3-bafbd1425e34 req-9a3b566e-6046-4e74-b3b3-bafbd1425e34 ] Request (VolumesAssistedSnapshotsTest:setUpClass): 201 POST http://10.180.1.21/identity/v3/projects 0.198s
2025-04-03 05:39:41.501 69184 INFO tempest.lib.common.rest_client [req-c61d5099-e198-47ec-9c3a-f442cd26d6d3 req-c61d5099-e198-47ec-9c3a-f442cd26d6d3 ] Request (ValidationResourcesFixture:setUp): 201 POST http://10.180.1.21:9696/networking/v2.0/security-group-rules 0.155s
2025-04-03 05:39:41.501 69206 INFO tempest.lib.common.rest_client [req-63eb72a5-6fa5-4ec0-a1b6-2f5cde120db4 req-63eb72a5-6fa5-4ec0-a1b6-2f5cde120db4 ] Request (ServersWithSpecificFlavorTestJSON:setUpClass): 204 PUT http://10.180.1.21/identity/v3/projects/48a27243fe084ee9a9cbbf44b4c8a565/users/0b7182b2dc5d45fc983d2bb07f2705fc/roles/4796618579ab451ba5f7299f788b3d62 0.204s
2025-04-03 05:39:41.571 69158 INFO tempest.lib.common.rest_client [req-c915b918-1275-4192-aed7-37a98ea06a29 req-c915b918-1275-4192-aed7-37a98ea06a29 ] Request (FlavorsV2NegativeTest:setUpClass): 201 POST http://10.180.1.21/identity/v3/auth/tokens 0.247s
2025-04-03 05:39:41.597 69184 INFO tempest.lib.common.rest_client [req-2008e5ab-b0b2-4cdf-b1a8-7125aeec2ab2 req-2008e5ab-b0b2-4cdf-b1a8-7125aeec2ab2 ] Request (ValidationResourcesFixture:setUp): 201 POST http://10.180.1.21:9696/networking/v2.0/security-group-rules 0.095s
2025-04-03 05:39:41.606 69154 INFO tempest.lib.common.rest_client [req-3a029143-f7b6-46b5-84e5-3467db3bdb09 req-3a029143-f7b6-46b5-84e5-3467db3bdb09 ] Request (QuotasSecurityGroupAdminNegativeTest:setUpClass): 201 POST http://10.180.1.21/identity/v3/users 0.180s
2025-04-03 05:39:41.677 69175 INFO tempest.lib.common.rest_client [req-58b1b7b0-f841-4d86-b69a-ff9e7cbaa30b req-58b1b7b0-f841-4d86-b69a-ff9e7cbaa30b ] Request (VolumesAssistedSnapshotsTest:setUpClass): 201 POST http://10.180.1.21/identity/v3/users 0.180s
2025-04-03 05:39:41.686 69208 INFO tempest.lib.common.rest_client [req-fe794923-bccb-4f70-be6b-c6e3839c1c55 req-fe794923-bccb-4f70-be6b-c6e3839c1c55 ] Request (HypervisorAdminUnderV252Test:test_get_hypervisor_show_servers): 200 GET http://10.180.1.21/compute/v2.1/os-hypervisors 2.330s
2025-04-03 05:39:41.690 69182 INFO tempest.lib.common.rest_client [req-f2639bab-b865-4ad8-8b36-20f64c096b87 req-f2639bab-b865-4ad8-8b36-20f64c096b87 ] Request (HypervisorAdminV253TestBase:test_list_show_detail_hypervisors): 200 GET http://10.180.1.21/compute/v2.1/os-hypervisors/detail?with_servers=True 2.408s
2025-04-03 05:39:41.713 69200 INFO tempest.lib.common.rest_client [req-27085713-adc7-4097-ac2a-26b3938e8290 req-27085713-adc7-4097-ac2a-26b3938e8290 ] Request (ImagesDeleteNegativeTestJSON:tearDownClass): 204 DELETE http://10.180.1.21/identity/v3/projects/def000e1d5914232a3ea14ae182f56aa 0.220s
2025-04-03 05:39:41.723 69206 INFO tempest.lib.common.rest_client [req-1e6d339b-af6e-423a-ae06-040d47ddbe12 req-1e6d339b-af6e-423a-ae06-040d47ddbe12 ] Request (ServersWithSpecificFlavorTestJSON:setUpClass): 200 GET http://10.180.1.21/identity/v3/roles 0.221s
2025-04-03 05:39:41.738 69158 INFO tempest.lib.common.rest_client [req-4148ea8d-ce19-495d-9501-337afc12a56c req-4148ea8d-ce19-495d-9501-337afc12a56c ] Request (FlavorsV2NegativeTest:setUpClass): 200 GET http://10.180.1.21/identity/v3/domains?name=Default 0.166s
2025-04-03 05:39:41.744 69154 INFO tempest.lib.common.rest_client [req-a700c128-7e55-4f94-87c4-837f763b68c9 req-a700c128-7e55-4f94-87c4-837f763b68c9 ] Request (QuotasSecurityGroupAdminNegativeTest:setUpClass): 200 GET http://10.180.1.21/identity/v3/roles 0.138s
2025-04-03 05:39:41.760 69175 INFO tempest.lib.common.rest_client [req-61d4af69-1aec-4d8e-9ae5-bcdb521ce37f req-61d4af69-1aec-4d8e-9ae5-bcdb521ce37f ] Request (VolumesAssistedSnapshotsTest:setUpClass): 200 GET http://10.180.1.21/identity/v3/roles 0.082s
2025-04-03 05:39:41.872 69200 INFO tempest.lib.common.rest_client [req-ba127299-7a6e-4c97-8505-c949c0b1ca37 req-ba127299-7a6e-4c97-8505-c949c0b1ca37 ] Request (ImagesOneServerNegativeTestJSON:setUpClass): 201 POST http://10.180.1.21/identity/v3/auth/tokens 0.157s
2025-04-03 05:39:41.874 69192 INFO tempest.lib.common.rest_client [req-6626bf39-cdbb-45af-8e9d-9e743f603867 req-6626bf39-cdbb-45af-8e9d-9e743f603867 ] Request (ServicesAdminNegativeTestJSON:test_get_service_by_invalid_params): 200 GET http://10.180.1.21/compute/v2.1/os-services 2.385s
2025-04-03 05:39:41.894 69206 INFO tempest.lib.common.rest_client [req-70d55392-c95b-484c-84ee-6aea4bf055a7 req-70d55392-c95b-484c-84ee-6aea4bf055a7 ] Request (ServersWithSpecificFlavorTestJSON:setUpClass): 204 PUT http://10.180.1.21/identity/v3/projects/48a27243fe084ee9a9cbbf44b4c8a565/users/0b7182b2dc5d45fc983d2bb07f2705fc/roles/4796618579ab451ba5f7299f788b3d62 0.170s
2025-04-03 05:39:41.894 69206 INFO tempest.lib.common.dynamic_creds [-] Dynamic test user 0b7182b2dc5d45fc983d2bb07f2705fc is created with scope project and roles: ['admin']
2025-04-03 05:39:41.894 69206 INFO tempest.lib.common.dynamic_creds [-] Acquired dynamic creds: credentials: Credentials: {'domain_id': 'default', 'domain_name': 'Default', 'username': 'tempest-ServersWithSpecificFlavorTestJSON-1895295407-project-admin', 'project_domain_id': 'default', 'project_domain_name': 'Default', 'project_id': '48a27243fe084ee9a9cbbf44b4c8a565', 'project_name': 'tempest-ServersWithSpecificFlavorTestJSON-1895295407', 'tenant_id': '48a27243fe084ee9a9cbbf44b4c8a565', 'tenant_name': 'tempest-ServersWithSpecificFlavorTestJSON-1895295407', 'user_domain_id': 'default', 'user_domain_name': 'Default', 'user_id': '0b7182b2dc5d45fc983d2bb07f2705fc', 'system': None}, Network: None, Subnet: None, Router: None
2025-04-03 05:39:41.903 69204 INFO tempest.lib.common.rest_client [req-9d5d589a-5a30-431c-88cd-6633c0230a15 req-9d5d589a-5a30-431c-88cd-6633c0230a15 ] Request (HostsAdminTestJSON:test_list_hosts): 200 GET http://10.180.1.21/compute/v2.1/os-hosts 2.403s
2025-04-03 05:39:41.911 69158 INFO tempest.lib.common.rest_client [req-802865f2-d7e5-4953-af20-dbd8a64a02c9 req-802865f2-d7e5-4953-af20-dbd8a64a02c9 ] Request (FlavorsV2NegativeTest:setUpClass): 201 POST http://10.180.1.21/identity/v3/projects 0.172s
2025-04-03 05:39:41.974 69175 INFO tempest.lib.common.rest_client [req-e76f78ef-b96f-472e-a90c-5de345d3dd52 req-e76f78ef-b96f-472e-a90c-5de345d3dd52 ] Request (VolumesAssistedSnapshotsTest:setUpClass): 204 PUT http://10.180.1.21/identity/v3/projects/aba3b5850a4a453ca696051b039af65c/users/ec7dee0da44e466bb780627e5c28899f/roles/4796618579ab451ba5f7299f788b3d62 0.214s
2025-04-03 05:39:41.994 69154 INFO tempest.lib.common.rest_client [req-5cd9a177-7b95-4898-96bb-d0343941da25 req-5cd9a177-7b95-4898-96bb-d0343941da25 ] Request (QuotasSecurityGroupAdminNegativeTest:setUpClass): 204 PUT http://10.180.1.21/identity/v3/projects/b5677a88dbad4e53a040a7555d289a1c/users/cf725151c1e34d51b7528bcde812a3e9/roles/4796618579ab451ba5f7299f788b3d62 0.250s
2025-04-03 05:39:42.018 69184 INFO tempest.lib.common.rest_client [req-89ac6985-d4a9-457f-8a4f-ba7ff0718af6 req-89ac6985-d4a9-457f-8a4f-ba7ff0718af6 ] Request (ValidationResourcesFixture:setUp): 201 POST http://10.180.1.21:9696/networking/v2.0/floatingips 0.420s
2025-04-03 05:39:42.026 69200 INFO tempest.lib.common.rest_client [req-b987c685-6e8b-4b59-a51c-4650ab484bfd req-b987c685-6e8b-4b59-a51c-4650ab484bfd ] Request (ImagesOneServerNegativeTestJSON:setUpClass): 201 POST http://10.180.1.21/identity/v3/auth/tokens 0.150s
2025-04-03 05:39:42.048 69158 INFO tempest.lib.common.rest_client [req-37cd0598-b341-45ed-8287-c155e7b20f08 req-37cd0598-b341-45ed-8287-c155e7b20f08 ] Request (FlavorsV2NegativeTest:setUpClass): 201 POST http://10.180.1.21/identity/v3/users 0.136s
2025-04-03 05:39:42.067 69175 INFO tempest.lib.common.rest_client [req-2042e2fd-3ad8-40e4-b2f0-0c35552850ea req-2042e2fd-3ad8-40e4-b2f0-0c35552850ea ] Request (VolumesAssistedSnapshotsTest:setUpClass): 200 GET http://10.180.1.21/identity/v3/roles 0.092s
2025-04-03 05:39:42.086 69154 INFO tempest.lib.common.rest_client [req-6af64e98-b51a-4d5f-8cb1-f434ba2298c7 req-6af64e98-b51a-4d5f-8cb1-f434ba2298c7 ] Request (QuotasSecurityGroupAdminNegativeTest:setUpClass): 200 GET http://10.180.1.21/identity/v3/roles 0.091s
2025-04-03 05:39:42.111 69200 INFO tempest.lib.common.rest_client [req-35a579d8-a65b-4d25-8bee-1e729da87608 req-35a579d8-a65b-4d25-8bee-1e729da87608 ] Request (ImagesOneServerNegativeTestJSON:setUpClass): 200 GET http://10.180.1.21/identity/v3/domains?name=Default 0.084s
2025-04-03 05:39:42.127 69158 INFO tempest.lib.common.rest_client [req-c021b658-cfea-4365-9ed0-67a41b963209 req-c021b658-cfea-4365-9ed0-67a41b963209 ] Request (FlavorsV2NegativeTest:setUpClass): 200 GET http://10.180.1.21/identity/v3/roles 0.079s
2025-04-03 05:39:42.130 69184 INFO tempest.lib.common.rest_client [req-d82ae2d4-08e8-4c93-a12b-202e25e19ed1 req-d82ae2d4-08e8-4c93-a12b-202e25e19ed1 ] Request (AttachInterfacesUnderV243Test:test_add_remove_fixed_ip): 201 POST http://10.180.1.21/identity/v3/auth/tokens 0.109s
2025-04-03 05:39:42.131 69184 INFO tempest.lib.common.fixed_network [-] (AttachInterfacesUnderV243Test:test_add_remove_fixed_ip) Found network {'id': '9a0d10e9-6590-44b6-8a14-93310ed6b4a3', 'name': 'tempest-AttachInterfacesUnderV243Test-1315301196-network', 'tenant_id': 'aaace3a4930f476a8ad141fad62e825c', 'admin_state_up': True, 'mtu': 8950, 'status': 'ACTIVE', 'subnets': [], 'shared': False, 'project_id': 'aaace3a4930f476a8ad141fad62e825c', 'port_security_enabled': True, 'router:external': False, 'provider:network_type': 'vlan', 'provider:physical_network': 'default', 'provider:segmentation_id': 433, 'availability_zone_hints': [], 'availability_zones': [], 'ipv4_address_scope': None, 'ipv6_address_scope': None, 'description': '', 'tags': [], 'created_at': '2025-04-03T05:39:35Z', 'updated_at': '2025-04-03T05:39:35Z', 'revision_number': 1} available for tenant
2025-04-03 05:39:42.146 69175 INFO tempest.lib.common.rest_client [req-3e2f4660-d845-40e7-8776-85fdb8c76299 req-3e2f4660-d845-40e7-8776-85fdb8c76299 ] Request (VolumesAssistedSnapshotsTest:setUpClass): 204 PUT http://10.180.1.21/identity/v3/projects/aba3b5850a4a453ca696051b039af65c/users/ec7dee0da44e466bb780627e5c28899f/roles/d1ee19e43f8341f7b1f398fde6aad294 0.079s
2025-04-03 05:39:42.146 69154 INFO tempest.lib.common.rest_client [req-ea165702-54f6-4cdc-98b4-8d1e16c70be8 req-ea165702-54f6-4cdc-98b4-8d1e16c70be8 ] Request (QuotasSecurityGroupAdminNegativeTest:setUpClass): 204 PUT http://10.180.1.21/identity/v3/projects/b5677a88dbad4e53a040a7555d289a1c/users/cf725151c1e34d51b7528bcde812a3e9/roles/4796618579ab451ba5f7299f788b3d62 0.059s
2025-04-03 05:39:42.146 69154 INFO tempest.lib.common.dynamic_creds [-] Dynamic test user cf725151c1e34d51b7528bcde812a3e9 is created with scope project and roles: ['admin']
2025-04-03 05:39:42.146 69175 INFO tempest.lib.common.dynamic_creds [-] Dynamic test user ec7dee0da44e466bb780627e5c28899f is created with scope project and roles: ['admin', 'service']
2025-04-03 05:39:42.146 69175 INFO tempest.lib.common.dynamic_creds [-] Acquired dynamic creds: credentials: Credentials: {'domain_id': 'default', 'domain_name': 'Default', 'username': 'tempest-VolumesAssistedSnapshotsTest-859558677-project', 'project_domain_id': 'default', 'project_domain_name': 'Default', 'project_id': 'aba3b5850a4a453ca696051b039af65c', 'project_name': 'tempest-VolumesAssistedSnapshotsTest-859558677', 'tenant_id': 'aba3b5850a4a453ca696051b039af65c', 'tenant_name': 'tempest-VolumesAssistedSnapshotsTest-859558677', 'user_domain_id': 'default', 'user_domain_name': 'Default', 'user_id': 'ec7dee0da44e466bb780627e5c28899f', 'system': None}, Network: None, Subnet: None, Router: None
2025-04-03 05:39:42.147 69154 INFO tempest.lib.common.dynamic_creds [-] Acquired dynamic creds: credentials: Credentials: {'domain_id': 'default', 'domain_name': 'Default', 'username': 'tempest-QuotasSecurityGroupAdminNegativeTest-1244889350-project-admin', 'project_domain_id': 'default', 'project_domain_name': 'Default', 'project_id': 'b5677a88dbad4e53a040a7555d289a1c', 'project_name': 'tempest-QuotasSecurityGroupAdminNegativeTest-1244889350', 'tenant_id': 'b5677a88dbad4e53a040a7555d289a1c', 'tenant_name': 'tempest-QuotasSecurityGroupAdminNegativeTest-1244889350', 'user_domain_id': 'default', 'user_domain_name': 'Default', 'user_id': 'cf725151c1e34d51b7528bcde812a3e9', 'system': None}, Network: None, Subnet: None, Router: None
2025-04-03 05:39:42.147 69154 INFO tempest.lib.common.dynamic_creds [-] Created isolated network resources for: credentials: Credentials: {'domain_id': 'default', 'domain_name': 'Default', 'username': 'tempest-QuotasSecurityGroupAdminNegativeTest-1244889350-project-admin', 'project_domain_id': 'default', 'project_domain_name': 'Default', 'project_id': 'b5677a88dbad4e53a040a7555d289a1c', 'project_name': 'tempest-QuotasSecurityGroupAdminNegativeTest-1244889350', 'tenant_id': 'b5677a88dbad4e53a040a7555d289a1c', 'tenant_name': 'tempest-QuotasSecurityGroupAdminNegativeTest-1244889350', 'user_domain_id': 'default', 'user_domain_name': 'Default', 'user_id': 'cf725151c1e34d51b7528bcde812a3e9', 'system': None}, Network: None, Subnet: None, Router: None
2025-04-03 05:39:42.201 69200 INFO tempest.lib.common.rest_client [req-4e74b224-7432-404d-9b04-214b01f97345 req-4e74b224-7432-404d-9b04-214b01f97345 ] Request (ImagesOneServerNegativeTestJSON:setUpClass): 201 POST http://10.180.1.21/identity/v3/projects 0.089s
2025-04-03 05:39:42.212 69158 INFO tempest.lib.common.rest_client [req-65072752-7818-4042-b787-8a5cdf795ba0 req-65072752-7818-4042-b787-8a5cdf795ba0 ] Request (FlavorsV2NegativeTest:setUpClass): 204 PUT http://10.180.1.21/identity/v3/projects/460f71b79c704c1abe8b345e25423fe2/users/6de4765096fa444fb2d0a6a7dd5ad0f7/roles/9864bf86660946ea8223bae7d64d8213 0.084s
2025-04-03 05:39:42.212 69158 INFO tempest.lib.common.dynamic_creds [-] Dynamic test user 6de4765096fa444fb2d0a6a7dd5ad0f7 is created with scope project and roles: ['member']
2025-04-03 05:39:42.212 69158 INFO tempest.lib.common.dynamic_creds [-] Acquired dynamic creds: credentials: Credentials: {'domain_id': 'default', 'domain_name': 'Default', 'username': 'tempest-FlavorsV2NegativeTest-625609537-project-member', 'project_domain_id': 'default', 'project_domain_name': 'Default', 'project_id': '460f71b79c704c1abe8b345e25423fe2', 'project_name': 'tempest-FlavorsV2NegativeTest-625609537', 'tenant_id': '460f71b79c704c1abe8b345e25423fe2', 'tenant_name': 'tempest-FlavorsV2NegativeTest-625609537', 'user_domain_id': 'default', 'user_domain_name': 'Default', 'user_id': '6de4765096fa444fb2d0a6a7dd5ad0f7', 'system': None}, Network: None, Subnet: None, Router: None
2025-04-03 05:39:42.212 69158 INFO tempest.lib.common.dynamic_creds [-] Created isolated network resources for: credentials: Credentials: {'domain_id': 'default', 'domain_name': 'Default', 'username': 'tempest-FlavorsV2NegativeTest-625609537-project-member', 'project_domain_id': 'default', 'project_domain_name': 'Default', 'project_id': '460f71b79c704c1abe8b345e25423fe2', 'project_name': 'tempest-FlavorsV2NegativeTest-625609537', 'tenant_id': '460f71b79c704c1abe8b345e25423fe2', 'tenant_name': 'tempest-FlavorsV2NegativeTest-625609537', 'user_domain_id': 'default', 'user_domain_name': 'Default', 'user_id': '6de4765096fa444fb2d0a6a7dd5ad0f7', 'system': None}, Network: None, Subnet: None, Router: None
2025-04-03 05:39:42.274 69154 INFO tempest.lib.common.rest_client [req-c4d229f4-c355-437a-82ed-0fb159733d47 req-c4d229f4-c355-437a-82ed-0fb159733d47 ] Request (QuotasSecurityGroupAdminNegativeTest:setUpClass): 201 POST http://10.180.1.21/identity/v3/auth/tokens 0.124s
2025-04-03 05:39:42.275 69154 WARNING tempest.lib.common.rest_client [-] Deprecated: "tenant_id" property is deprecated for removal, use "project_id" instead
2025-04-03 05:39:42.285 69200 INFO tempest.lib.common.rest_client [req-23c64f34-f0fd-4bae-b1f3-9a5819ab6c47 req-23c64f34-f0fd-4bae-b1f3-9a5819ab6c47 ] Request (ImagesOneServerNegativeTestJSON:setUpClass): 201 POST http://10.180.1.21/identity/v3/users 0.084s
2025-04-03 05:39:42.332 69206 INFO tempest.lib.common.rest_client [req-64beed72-16a7-441a-b705-d43fcdcc402c req-64beed72-16a7-441a-b705-d43fcdcc402c ] Request (ServersWithSpecificFlavorTestJSON:setUpClass): 201 POST http://10.180.1.21:9696/networking/v2.0/networks 0.438s
2025-04-03 05:39:42.365 69154 INFO tempest.lib.common.rest_client [req-fbe0cd19-d472-4845-8079-3dc9c51e6d1e req-fbe0cd19-d472-4845-8079-3dc9c51e6d1e ] Request (QuotasSecurityGroupAdminNegativeTest:tearDownClass): 204 DELETE http://10.180.1.21/identity/v3/users/cb9aeb97180c44eabc7837d4699b7e82 0.086s
2025-04-03 05:39:42.379 69158 INFO tempest.lib.common.rest_client [req-4df7dc49-9119-49f8-9d5a-62e6fb72e5c2 req-4df7dc49-9119-49f8-9d5a-62e6fb72e5c2 ] Request (FlavorsV2NegativeTest:setUpClass): 201 POST http://10.180.1.21/identity/v3/auth/tokens 0.160s
2025-04-03 05:39:42.415 69170 INFO tempest.lib.common.rest_client [req-89b9767a-5585-4ce0-ae65-f2c2402c478b req-89b9767a-5585-4ce0-ae65-f2c2402c478b ] Request (ServersAdmin275Test:test_rebuild_update_server_275): 202 POST http://10.180.1.21/compute/v2.1/servers 2.782s
2025-04-03 05:39:42.447 69200 INFO tempest.lib.common.rest_client [req-8816e761-2987-4786-966d-13b1fc20bedd req-8816e761-2987-4786-966d-13b1fc20bedd ] Request (ImagesOneServerNegativeTestJSON:setUpClass): 200 GET http://10.180.1.21/identity/v3/roles 0.161s
2025-04-03 05:39:42.482 69175 INFO tempest.lib.common.rest_client [req-41aaee30-4a8b-4121-979b-8ea05e161649 req-41aaee30-4a8b-4121-979b-8ea05e161649 ] Request (VolumesAssistedSnapshotsTest:setUpClass): 201 POST http://10.180.1.21:9696/networking/v2.0/networks 0.335s
2025-04-03 05:39:42.519 69200 INFO tempest.lib.common.rest_client [req-65638c95-bcb8-4df5-8f2d-702f75b50822 req-65638c95-bcb8-4df5-8f2d-702f75b50822 ] Request (ImagesOneServerNegativeTestJSON:setUpClass): 204 PUT http://10.180.1.21/identity/v3/projects/1567042e89bf49e2855e86d423c5ae70/users/8ecdfcb764b64a9690fd116a17797fa5/roles/9864bf86660946ea8223bae7d64d8213 0.072s
2025-04-03 05:39:42.519 69200 INFO tempest.lib.common.dynamic_creds [-] Dynamic test user 8ecdfcb764b64a9690fd116a17797fa5 is created with scope project and roles: ['member']
2025-04-03 05:39:42.520 69200 INFO tempest.lib.common.dynamic_creds [-] Acquired dynamic creds: credentials: Credentials: {'domain_id': 'default', 'domain_name': 'Default', 'username': 'tempest-ImagesOneServerNegativeTestJSON-2024672261-project-member', 'project_domain_id': 'default', 'project_domain_name': 'Default', 'project_id': '1567042e89bf49e2855e86d423c5ae70', 'project_name': 'tempest-ImagesOneServerNegativeTestJSON-2024672261', 'tenant_id': '1567042e89bf49e2855e86d423c5ae70', 'tenant_name': 'tempest-ImagesOneServerNegativeTestJSON-2024672261', 'user_domain_id': 'default', 'user_domain_name': 'Default', 'user_id': '8ecdfcb764b64a9690fd116a17797fa5', 'system': None}, Network: None, Subnet: None, Router: None
2025-04-03 05:39:42.549 69154 INFO tempest.lib.common.rest_client [req-58d14419-a25d-4fa3-be58-28cd25c8a83b req-58d14419-a25d-4fa3-be58-28cd25c8a83b ] Request (QuotasSecurityGroupAdminNegativeTest:tearDownClass): 204 DELETE http://10.180.1.21/identity/v3/users/cf725151c1e34d51b7528bcde812a3e9 0.183s
2025-04-03 05:39:42.549 69154 INFO tempest.lib.common.dynamic_creds [-] Deleting project and security group for project: 6005485bb25a4ad3a14030205c25d02f
2025-04-03 05:39:42.552 69146 INFO tempest.lib.common.rest_client [req-86285271-422f-442e-8647-bd93ee9d96dd req-86285271-422f-442e-8647-bd93ee9d96dd ] Request (DeleteServersAdminTestJSON:test_admin_delete_servers_of_others): 200 GET http://10.180.1.21/compute/v2.1/servers/1cd9ccdf-3d2b-4c90-8004-4cc9d3086066 2.891s
2025-04-03 05:39:42.645 69200 INFO tempest.lib.common.rest_client [req-82496d5e-130f-434e-abda-758281e91e08 req-82496d5e-130f-434e-abda-758281e91e08 ] Request (ImagesOneServerNegativeTestJSON:setUpClass): 201 POST http://10.180.1.21/identity/v3/auth/tokens 0.125s
2025-04-03 05:39:42.651 69206 INFO tempest.lib.common.rest_client [req-61245b29-d6ca-49b2-b94d-0a6940d3d2f2 req-61245b29-d6ca-49b2-b94d-0a6940d3d2f2 ] Request (ServersWithSpecificFlavorTestJSON:setUpClass): 201 POST http://10.180.1.21:9696/networking/v2.0/subnets 0.318s
2025-04-03 05:39:42.671 69154 INFO tempest.lib.common.rest_client [req-b7ad59ac-15ac-4873-8e5a-6b56b0757a01 req-b7ad59ac-15ac-4873-8e5a-6b56b0757a01 ] Request (QuotasSecurityGroupAdminNegativeTest:tearDownClass): 201 POST http://10.180.1.21/identity/v3/auth/tokens 0.122s
2025-04-03 05:39:42.767 69166 INFO tempest.lib.common.rest_client [req-1e7f008f-7208-4a84-a560-dd05d4001818 req-1e7f008f-7208-4a84-a560-dd05d4001818 ] Request (QuotasAdminTestV236:test_get_updated_quotas): 200 GET http://10.180.1.21/compute/v2.1/os-quota-sets/afb0a725d0284b4589a2a1d95bcff80d/detail 3.016s
2025-04-03 05:39:42.796 69162 INFO tempest.lib.common.rest_client [req-847d7279-5d69-44db-be34-29b92d8f6280 req-847d7279-5d69-44db-be34-29b92d8f6280 ] Request (ImagesMetadataNegativeTestJSON:test_list_nonexistent_image_metadata): 404 GET http://10.180.1.21/compute/v2.1/images/a578c8d1-8c2c-4237-ad93-186a3a6f9b37/metadata 3.027s
2025-04-03 05:39:42.798 69166 INFO tempest.lib.common.rest_client [req-64f0ea4c-9870-45bc-81f9-b322cee9958d req-64f0ea4c-9870-45bc-81f9-b322cee9958d ] Request (QuotasAdminTestV236:test_get_updated_quotas): 200 GET http://10.180.1.21/identity/v3/domains?name=Default 0.025s
2025-04-03 05:39:42.824 69166 INFO tempest.lib.common.rest_client [req-21c7fc00-399d-42dc-bb8a-2d6a60a5f6e7 req-21c7fc00-399d-42dc-bb8a-2d6a60a5f6e7 ] Request (QuotasAdminTestV236:test_get_updated_quotas): 201 POST http://10.180.1.21/identity/v3/users 0.026s
2025-04-03 05:39:42.834 69154 INFO tempest.lib.common.rest_client [req-7a88b3ca-ea5b-4180-899d-f945dcdd7b13 req-7a88b3ca-ea5b-4180-899d-f945dcdd7b13 ] Request (QuotasSecurityGroupAdminNegativeTest:tearDownClass): 200 GET http://10.180.1.21:9696/networking/v2.0/security-groups?tenant_id=6005485bb25a4ad3a14030205c25d02f&name=default 0.162s
2025-04-03 05:39:42.847 69166 INFO tempest.lib.common.rest_client [req-37482a56-cadf-4d5b-9beb-717aa70b6e6e req-37482a56-cadf-4d5b-9beb-717aa70b6e6e ] Request (QuotasAdminTestV236:test_get_updated_quotas): 200 GET http://10.180.1.21/identity/v3/domains?name=Default 0.023s
2025-04-03 05:39:42.929 69154 INFO tempest.lib.common.rest_client [req-e2ce4a22-8eff-4ef4-b747-552c23a18da5 req-e2ce4a22-8eff-4ef4-b747-552c23a18da5 ] Request (QuotasSecurityGroupAdminNegativeTest:tearDownClass): 204 DELETE http://10.180.1.21:9696/networking/v2.0/security-groups/19427954-5623-4a6b-8519-0fca79410fab 0.094s
2025-04-03 05:39:42.951 69150 INFO tempest.lib.common.rest_client [req-ed8f3a22-e3b6-437d-9f0a-6415bb289ab4 req-ed8f3a22-e3b6-437d-9f0a-6415bb289ab4 ] Request (ServerActionsTestOtherB:setUpClass): 202 POST http://10.180.1.21/compute/v2.1/servers 3.403s
2025-04-03 05:39:43.002 69202 INFO tempest.lib.common.rest_client [req-b2ebf30c-98c1-43d7-a2bc-e7a9192c4a6c req-b2ebf30c-98c1-43d7-a2bc-e7a9192c4a6c ] Request (KeyPairsV210TestJSON:test_admin_manage_keypairs_for_other_users): 201 POST http://10.180.1.21/compute/v2.1/os-keypairs 2.950s
2025-04-03 05:39:43.033 69176 INFO tempest.lib.common.rest_client [req-5baefa20-1eb4-422f-ab88-e06e3a1d6d09 req-5baefa20-1eb4-422f-ab88-e06e3a1d6d09 ] Request (FlavorsAdminTestJSON:_run_cleanups): 202 DELETE http://10.180.1.21/compute/v2.1/flavors/1401553129 2.913s
2025-04-03 05:39:43.035 69194 INFO tempest.lib.common.rest_client [req-6fe4a554-1f98-4869-a03d-a5b48520a27c req-6fe4a554-1f98-4869-a03d-a5b48520a27c ] Request (ServerDiagnosticsV248Test:test_get_server_diagnostics): 200 GET http://10.180.1.21/compute/v2.1/servers/f28fc57e-ee0b-40f6-bd0d-09799ce22859 3.023s
2025-04-03 05:39:43.045 69175 INFO tempest.lib.common.rest_client [req-820e80d4-f623-4040-a30e-6b56eb08fd5c req-820e80d4-f623-4040-a30e-6b56eb08fd5c ] Request (VolumesAssistedSnapshotsTest:setUpClass): 201 POST http://10.180.1.21:9696/networking/v2.0/subnets 0.559s
2025-04-03 05:39:43.052 69154 INFO tempest.lib.common.rest_client [req-39093af3-cf38-49b1-a710-136bc4026ed3 req-39093af3-cf38-49b1-a710-136bc4026ed3 ] Request (QuotasSecurityGroupAdminNegativeTest:tearDownClass): 204 DELETE http://10.180.1.21/identity/v3/projects/6005485bb25a4ad3a14030205c25d02f 0.122s
2025-04-03 05:39:43.053 69154 INFO tempest.lib.common.dynamic_creds [-] Deleting project and security group for project: b5677a88dbad4e53a040a7555d289a1c
2025-04-03 05:39:43.177 69154 INFO tempest.lib.common.rest_client [req-62ff4398-add2-4de1-b118-c16736cd86fc req-62ff4398-add2-4de1-b118-c16736cd86fc ] Request (QuotasSecurityGroupAdminNegativeTest:tearDownClass): 200 GET http://10.180.1.21:9696/networking/v2.0/security-groups?tenant_id=b5677a88dbad4e53a040a7555d289a1c&name=default 0.122s
2025-04-03 05:39:43.177 69168 INFO tempest.lib.common.rest_client [req-656b5665-5b77-4dc0-84b0-1f9f0d0152e6 req-656b5665-5b77-4dc0-84b0-1f9f0d0152e6 ] Request (FlavorsAccessNegativeTestJSON:test_add_flavor_access_duplicate): 200 POST http://10.180.1.21/compute/v2.1/flavors 2.878s
2025-04-03 05:39:43.258 69154 INFO tempest.lib.common.rest_client [req-df016af3-9b79-4c8b-97de-4c54876556d8 req-df016af3-9b79-4c8b-97de-4c54876556d8 ] Request (QuotasSecurityGroupAdminNegativeTest:tearDownClass): 204 DELETE http://10.180.1.21:9696/networking/v2.0/security-groups/da747d61-ee88-4632-993e-fe938c04ec20 0.080s
2025-04-03 05:39:43.282 69200 INFO tempest.lib.common.rest_client [req-961e8487-eebe-495c-8bc7-8f1e18d661e5 req-961e8487-eebe-495c-8bc7-8f1e18d661e5 ] Request (ImagesOneServerNegativeTestJSON:setUpClass): 201 POST http://10.180.1.21:9696/networking/v2.0/networks 0.636s
2025-04-03 05:39:43.308 69156 INFO tempest.lib.common.rest_client [req-d4767a4d-ece2-48c2-9203-0dd582f9877a req-d4767a4d-ece2-48c2-9203-0dd582f9877a ] Request (FlavorMetadataValidation:test_flavor_update_with_custom_namespace): 200 POST http://10.180.1.21/compute/v2.1/flavors/2025600709/os-extra_specs 2.896s
2025-04-03 05:39:43.314 69160 INFO tempest.lib.common.rest_client [req-4efb596f-3503-4241-b637-42a8ceba5c9d req-4efb596f-3503-4241-b637-42a8ceba5c9d ] Request (HypervisorAdminNegativeTestJSON:test_get_hypervisor_stats_with_non_admin_user): 403 GET http://10.180.1.21/compute/v2.1/os-hypervisors/statistics 2.895s
2025-04-03 05:39:43.316 69152 INFO tempest.lib.common.rest_client [req-5651a709-1f30-4376-bb03-07842bee8576 req-5651a709-1f30-4376-bb03-07842bee8576 ] Request (SecurityGroupsNegativeTestJSON:test_delete_security_group_without_passing_id): 404 DELETE http://10.180.1.21/compute/v2.1/os-security-groups/ 2.869s
2025-04-03 05:39:43.392 69172 INFO tempest.lib.common.rest_client [req-49d04b1f-b7c0-4a37-93d2-a862704580b4 req-49d04b1f-b7c0-4a37-93d2-a862704580b4 ] Request (FlavorsV261TestJSON:test_crud_flavor): 200 GET http://10.180.1.21/compute/v2.1/flavors/1245935891 2.774s
2025-04-03 05:39:43.423 69154 INFO tempest.lib.common.rest_client [req-df845879-bb8b-4cf3-bdf3-96349f8cf93b req-df845879-bb8b-4cf3-bdf3-96349f8cf93b ] Request (QuotasSecurityGroupAdminNegativeTest:tearDownClass): 204 DELETE http://10.180.1.21/identity/v3/projects/b5677a88dbad4e53a040a7555d289a1c 0.165s
2025-04-03 05:39:43.479 69154 INFO tempest.lib.common.rest_client [req-f9163d5e-6c35-42db-92e5-7737f9088f11 req-f9163d5e-6c35-42db-92e5-7737f9088f11 ] Request (ServicesAdminNegativeV253TestJSON:setUpClass): 201 POST http://10.180.1.21/identity/v3/auth/tokens 0.055s
2025-04-03 05:39:43.492 69186 INFO tempest.lib.common.rest_client [req-4397e8bd-f0ba-47a6-8c89-a51a42732406 req-4397e8bd-f0ba-47a6-8c89-a51a42732406 ] Request (FlavorsExtraSpecsNegativeTestJSON:test_flavor_get_nonexistent_key): 404 GET http://10.180.1.21/compute/v2.1/flavors/1675274813/os-extra_specs/hw:cpu_thread_policy 2.865s
2025-04-03 05:39:43.510 69154 INFO tempest.lib.common.rest_client [req-f10b8682-ef20-4087-acb7-217cedeb20a8 req-f10b8682-ef20-4087-acb7-217cedeb20a8 ] Request (ServicesAdminNegativeV253TestJSON:setUpClass): 201 POST http://10.180.1.21/identity/v3/auth/tokens 0.027s
2025-04-03 05:39:43.531 69200 INFO tempest.lib.common.rest_client [req-74d6175a-c575-40af-8b0e-a81e0bcca7d7 req-74d6175a-c575-40af-8b0e-a81e0bcca7d7 ] Request (ImagesOneServerNegativeTestJSON:setUpClass): 201 POST http://10.180.1.21:9696/networking/v2.0/subnets 0.239s
2025-04-03 05:39:43.537 69154 INFO tempest.lib.common.rest_client [req-15354a40-cd52-40c2-94a0-29d8f52ef9be req-15354a40-cd52-40c2-94a0-29d8f52ef9be ] Request (ServicesAdminNegativeV253TestJSON:setUpClass): 200 GET http://10.180.1.21/identity/v3/domains?name=Default 0.026s
2025-04-03 05:39:43.557 69148 INFO tempest.lib.common.rest_client [req-370e9dee-763c-4147-988c-2662578b596e req-370e9dee-763c-4147-988c-2662578b596e ] Request (HypervisorAdminNegativeUnderV252Test:test_search_hypervisor_with_non_admin_user): 403 GET http://10.180.1.21/compute/v2.1/os-hypervisors/domain-c8.fc996f14-c53b-4953-92e3-bdfa48f5cc28/search 2.650s
2025-04-03 05:39:43.568 69154 INFO tempest.lib.common.rest_client [req-57fff22c-5940-429e-8e0a-7a1bdf414ff6 req-57fff22c-5940-429e-8e0a-7a1bdf414ff6 ] Request (ServicesAdminNegativeV253TestJSON:setUpClass): 201 POST http://10.180.1.21/identity/v3/projects 0.031s
2025-04-03 05:39:43.582 69196 INFO tempest.lib.common.rest_client [req-36072c78-2ffe-4d31-afcb-b1482b461396 req-36072c78-2ffe-4d31-afcb-b1482b461396 ] Request (HypervisorAdminTestJSON:test_get_hypervisor_list_details): 200 GET http://10.180.1.21/compute/v2.1/os-hypervisors/detail 2.670s
2025-04-03 05:39:43.628 69154 INFO tempest.lib.common.rest_client [req-0176d73e-128b-4b6b-b581-da9f8780dd8d req-0176d73e-128b-4b6b-b581-da9f8780dd8d ] Request (ServicesAdminNegativeV253TestJSON:setUpClass): 201 POST http://10.180.1.21/identity/v3/users 0.060s
2025-04-03 05:39:43.650 69154 INFO tempest.lib.common.rest_client [req-e6cd6911-6833-4b91-82dd-5914ac662204 req-e6cd6911-6833-4b91-82dd-5914ac662204 ] Request (ServicesAdminNegativeV253TestJSON:setUpClass): 200 GET http://10.180.1.21/identity/v3/roles 0.021s
2025-04-03 05:39:43.675 69154 INFO tempest.lib.common.rest_client [req-990158a6-0f7a-44b6-81cf-bad711731da1 req-990158a6-0f7a-44b6-81cf-bad711731da1 ] Request (ServicesAdminNegativeV253TestJSON:setUpClass): 204 PUT http://10.180.1.21/identity/v3/projects/97aee731e49c446898b99fcf899ca2dd/users/b339c32c2c8a4658bfe2dcde2e789823/roles/9864bf86660946ea8223bae7d64d8213 0.024s
2025-04-03 05:39:43.675 69154 INFO tempest.lib.common.dynamic_creds [-] Dynamic test user b339c32c2c8a4658bfe2dcde2e789823 is created with scope project and roles: ['member']
2025-04-03 05:39:43.675 69154 INFO tempest.lib.common.dynamic_creds [-] Acquired dynamic creds: credentials: Credentials: {'domain_id': 'default', 'domain_name': 'Default', 'username': 'tempest-ServicesAdminNegativeV253TestJSON-1705094862-project-member', 'project_domain_id': 'default', 'project_domain_name': 'Default', 'project_id': '97aee731e49c446898b99fcf899ca2dd', 'project_name': 'tempest-ServicesAdminNegativeV253TestJSON-1705094862', 'tenant_id': '97aee731e49c446898b99fcf899ca2dd', 'tenant_name': 'tempest-ServicesAdminNegativeV253TestJSON-1705094862', 'user_domain_id': 'default', 'user_domain_name': 'Default', 'user_id': 'b339c32c2c8a4658bfe2dcde2e789823', 'system': None}, Network: None, Subnet: None, Router: None
2025-04-03 05:39:43.675 69154 INFO tempest.lib.common.dynamic_creds [-] Created isolated network resources for: credentials: Credentials: {'domain_id': 'default', 'domain_name': 'Default', 'username': 'tempest-ServicesAdminNegativeV253TestJSON-1705094862-project-member', 'project_domain_id': 'default', 'project_domain_name': 'Default', 'project_id': '97aee731e49c446898b99fcf899ca2dd', 'project_name': 'tempest-ServicesAdminNegativeV253TestJSON-1705094862', 'tenant_id': '97aee731e49c446898b99fcf899ca2dd', 'tenant_name': 'tempest-ServicesAdminNegativeV253TestJSON-1705094862', 'user_domain_id': 'default', 'user_domain_name': 'Default', 'user_id': 'b339c32c2c8a4658bfe2dcde2e789823', 'system': None}, Network: None, Subnet: None, Router: None
2025-04-03 05:39:43.741 69154 INFO tempest.lib.common.rest_client [req-68925aa7-f0c3-4ce4-b7a5-78340a2081b4 req-68925aa7-f0c3-4ce4-b7a5-78340a2081b4 ] Request (ServicesAdminNegativeV253TestJSON:setUpClass): 201 POST http://10.180.1.21/identity/v3/auth/tokens 0.061s
2025-04-03 05:39:43.770 69188 INFO tempest.lib.common.rest_client [req-c697e248-1940-4cbe-975f-8ed634911a64 req-c697e248-1940-4cbe-975f-8ed634911a64 ] Request (FloatingIPsAssociationTestJSON:setUpClass): 202 POST http://10.180.1.21/compute/v2.1/servers 3.590s
2025-04-03 05:39:43.810 69154 INFO tempest.lib.common.rest_client [req-509ec00a-0592-4f65-aea0-3407730c81c7 req-509ec00a-0592-4f65-aea0-3407730c81c7 ] Request (ServicesAdminNegativeV253TestJSON:setUpClass): 201 POST http://10.180.1.21/identity/v3/projects 0.069s
2025-04-03 05:39:43.873 69154 INFO tempest.lib.common.rest_client [req-3054dea0-5dea-4901-bb84-afd1602ed1a2 req-3054dea0-5dea-4901-bb84-afd1602ed1a2 ] Request (ServicesAdminNegativeV253TestJSON:setUpClass): 201 POST http://10.180.1.21/identity/v3/users 0.062s
2025-04-03 05:39:43.895 69154 INFO tempest.lib.common.rest_client [req-fa43fe31-a705-499e-8261-4c9f0b7810cb req-fa43fe31-a705-499e-8261-4c9f0b7810cb ] Request (ServicesAdminNegativeV253TestJSON:setUpClass): 200 GET http://10.180.1.21/identity/v3/roles 0.022s
2025-04-03 05:39:43.927 69154 INFO tempest.lib.common.rest_client [req-f8e3f852-3016-4658-99ef-219c0e07ae25 req-f8e3f852-3016-4658-99ef-219c0e07ae25 ] Request (ServicesAdminNegativeV253TestJSON:setUpClass): 204 PUT http://10.180.1.21/identity/v3/projects/5da164c9f8484827bbd042542c01e2ab/users/ba959e387a6c440eae6c51b42750d690/roles/4796618579ab451ba5f7299f788b3d62 0.031s
2025-04-03 05:39:43.986 69154 INFO tempest.lib.common.rest_client [req-59caab23-ac63-4c33-a495-e8e45969e847 req-59caab23-ac63-4c33-a495-e8e45969e847 ] Request (ServicesAdminNegativeV253TestJSON:setUpClass): 200 GET http://10.180.1.21/identity/v3/roles 0.058s
2025-04-03 05:39:44.009 69154 INFO tempest.lib.common.rest_client [req-b74612d4-4bcd-4add-a7d4-51a51ba17f5a req-b74612d4-4bcd-4add-a7d4-51a51ba17f5a ] Request (ServicesAdminNegativeV253TestJSON:setUpClass): 204 PUT http://10.180.1.21/identity/v3/projects/5da164c9f8484827bbd042542c01e2ab/users/ba959e387a6c440eae6c51b42750d690/roles/4796618579ab451ba5f7299f788b3d62 0.023s
2025-04-03 05:39:44.010 69154 INFO tempest.lib.common.dynamic_creds [-] Dynamic test user ba959e387a6c440eae6c51b42750d690 is created with scope project and roles: ['admin']
2025-04-03 05:39:44.010 69154 INFO tempest.lib.common.dynamic_creds [-] Acquired dynamic creds: credentials: Credentials: {'domain_id': 'default', 'domain_name': 'Default', 'username': 'tempest-ServicesAdminNegativeV253TestJSON-890880824-project-admin', 'project_domain_id': 'default', 'project_domain_name': 'Default', 'project_id': '5da164c9f8484827bbd042542c01e2ab', 'project_name': 'tempest-ServicesAdminNegativeV253TestJSON-890880824', 'tenant_id': '5da164c9f8484827bbd042542c01e2ab', 'tenant_name': 'tempest-ServicesAdminNegativeV253TestJSON-890880824', 'user_domain_id': 'default', 'user_domain_name': 'Default', 'user_id': 'ba959e387a6c440eae6c51b42750d690', 'system': None}, Network: None, Subnet: None, Router: None
2025-04-03 05:39:44.010 69154 INFO tempest.lib.common.dynamic_creds [-] Created isolated network resources for: credentials: Credentials: {'domain_id': 'default', 'domain_name': 'Default', 'username': 'tempest-ServicesAdminNegativeV253TestJSON-890880824-project-admin', 'project_domain_id': 'default', 'project_domain_name': 'Default', 'project_id': '5da164c9f8484827bbd042542c01e2ab', 'project_name': 'tempest-ServicesAdminNegativeV253TestJSON-890880824', 'tenant_id': '5da164c9f8484827bbd042542c01e2ab', 'tenant_name': 'tempest-ServicesAdminNegativeV253TestJSON-890880824', 'user_domain_id': 'default', 'user_domain_name': 'Default', 'user_id': 'ba959e387a6c440eae6c51b42750d690', 'system': None}, Network: None, Subnet: None, Router: None
2025-04-03 05:39:44.093 69154 INFO tempest.lib.common.rest_client [req-c2396829-2eac-4a52-ae36-9dad073c3ddc req-c2396829-2eac-4a52-ae36-9dad073c3ddc ] Request (ServicesAdminNegativeV253TestJSON:setUpClass): 201 POST http://10.180.1.21/identity/v3/auth/tokens 0.081s
2025-04-03 05:39:44.130 69200 INFO tempest.lib.common.rest_client [req-6ab5db3a-7750-45d6-91ec-579b10249c31 req-6ab5db3a-7750-45d6-91ec-579b10249c31 ] Request (ImagesOneServerNegativeTestJSON:setUpClass): 201 POST http://10.180.1.21:9696/networking/v2.0/routers 0.597s
2025-04-03 05:39:44.223 69178 INFO tempest.lib.common.rest_client [req-879130ff-d225-442d-a138-433620d7c87c req-879130ff-d225-442d-a138-433620d7c87c ] Request (MigrationsAdminTest:test_list_migrations_in_flavor_resize_situation): 202 POST http://10.180.1.21/compute/v2.1/servers 2.842s
