2025-04-03 05:41:45.175 69196 INFO tempest.lib.common.rest_client [req-69ee6708-c53a-4db9-88eb-eab122ed8b30 req-69ee6708-c53a-4db9-88eb-eab122ed8b30 ] Request (DeleteServersTestJSON:test_delete_server_while_in_attached_volume): 200 GET http://10.180.1.21/compute/v2.1/servers/bd9c7290-f6fc-4f39-9c82-a51332e01a7e 0.234s
2025-04-03 05:41:45.185 69196 INFO tempest.common.waiters [-] State transition "BUILD/scheduling" ==> "BUILD/None" after 25 second wait
2025-04-03 05:41:45.186 69154 INFO tempest.lib.common.rest_client [req-350540c6-7964-4fce-a20b-cba7f1d9dc5d req-350540c6-7964-4fce-a20b-cba7f1d9dc5d ] Request (FloatingIPsAssociationNegativeTestJSON:tearDownClass): 204 DELETE http://10.180.1.21:9696/networking/v2.0/networks/00e1088b-2a02-40e8-aa47-44489138ee76 0.353s
2025-04-03 05:41:45.212 69156 INFO tempest.lib.common.rest_client [req-2a1a673d-dacd-4560-85f0-d960b8ac6090 req-2a1a673d-dacd-4560-85f0-d960b8ac6090 ] Request (ServerDiagnosticsNegativeTest:test_get_server_diagnostics_by_non_admin): 200 GET http://10.180.1.21/compute/v2.1/servers/845f4864-33e5-46ef-9d9a-025f1d839e52 0.194s
2025-04-03 05:41:45.288 69198 INFO tempest.lib.common.rest_client [req-a6b32b75-92bd-4bf9-97a0-4a2a96448027 req-a6b32b75-92bd-4bf9-97a0-4a2a96448027 ] Request (ServerAddressesTestJSON:setUpClass): 200 GET http://10.180.1.21/compute/v2.1/servers/3c7e1381-3c5a-402c-aa40-289321aeaa53 0.202s
2025-04-03 05:41:45.323 69154 INFO tempest.lib.common.rest_client [req-0b83d278-64ed-455e-b6e7-36cbdfc7bfa0 req-0b83d278-64ed-455e-b6e7-36cbdfc7bfa0 ] Request (FloatingIPsAssociationNegativeTestJSON:tearDownClass): 204 DELETE http://10.180.1.21/identity/v3/users/63bfa013c0fb49e1bcf4b0842dab61c7 0.137s
2025-04-03 05:41:45.323 69154 INFO tempest.lib.common.dynamic_creds [-] Deleting project and security group for project: 3a446652261b42e1ae49ea2d55ac80d2
2025-04-03 05:41:45.350 69154 INFO tempest.lib.common.rest_client [req-7f94b275-687e-4074-aab8-3e1cab0c6016 req-7f94b275-687e-4074-aab8-3e1cab0c6016 ] Request (FloatingIPsAssociationNegativeTestJSON:tearDownClass): 200 GET http://10.180.1.21:9696/networking/v2.0/security-groups?tenant_id=3a446652261b42e1ae49ea2d55ac80d2&name=default 0.026s
2025-04-03 05:41:45.436 69154 INFO tempest.lib.common.rest_client [req-81d796bf-9eb5-418c-873d-4c63586e05d1 req-81d796bf-9eb5-418c-873d-4c63586e05d1 ] Request (FloatingIPsAssociationNegativeTestJSON:tearDownClass): 204 DELETE http://10.180.1.21:9696/networking/v2.0/security-groups/16af8678-b79f-4d84-9946-fa9826c1f749 0.085s
2025-04-03 05:41:45.447 69172 WARNING tempest.lib.common.ssh [-] Failed to establish authenticated ssh connection to cirros@10.180.180.177 ([Errno None] Unable to connect to port 22 on 10.180.180.177). Number attempts: 2. Retry after 3 seconds.: paramiko.ssh_exception.NoValidConnectionsError: [Errno None] Unable to connect to port 22 on 10.180.180.177
2025-04-03 05:41:45.490 69176 INFO tempest.lib.common.rest_client [req-d94ca343-6327-4f0d-853f-cce2962d83f1 req-d94ca343-6327-4f0d-853f-cce2962d83f1 ] Request (ServersTestBootFromVolume:setUpClass): 200 GET http://10.180.1.21/compute/v2.1/servers/744bf0cb-53fa-412b-bb3d-9c3503e1d697 0.071s
2025-04-03 05:41:45.503 69158 INFO tempest.lib.common.rest_client [req-1ed79497-4ea7-4ea5-afcd-21925ba8872f req-1ed79497-4ea7-4ea5-afcd-21925ba8872f ] Request (ServerGroupTestJSON:_run_cleanups): 200 GET http://10.180.1.21/compute/v2.1/servers/b803dcd4-dcc1-4f09-917d-e7070fe8b6db 0.074s
2025-04-03 05:41:45.532 69154 INFO tempest.lib.common.rest_client [req-697ab717-f018-4fd2-aeb1-8b6763377301 req-697ab717-f018-4fd2-aeb1-8b6763377301 ] Request (FloatingIPsAssociationNegativeTestJSON:tearDownClass): 204 DELETE http://10.180.1.21/identity/v3/projects/3a446652261b42e1ae49ea2d55ac80d2 0.096s
2025-04-03 05:41:45.535 69190 INFO tempest.lib.common.rest_client [req-54e3c97b-cf10-49ea-9c46-45f70f2bccc8 req-54e3c97b-cf10-49ea-9c46-45f70f2bccc8 ] Request (ImagesOneServerTestJSON:tearDownClass): 404 GET http://10.180.1.21/compute/v2.1/servers/9925219f-1838-4a33-8074-32bf8b0db7f2 0.022s
2025-04-03 05:41:45.591 69154 INFO tempest.lib.common.rest_client [req-6a6f7d57-4d74-4085-b523-fec16b507a59 req-6a6f7d57-4d74-4085-b523-fec16b507a59 ] Request (ImagesMetadataTestJSON:setUpClass): 201 POST http://10.180.1.21/identity/v3/auth/tokens 0.057s
2025-04-03 05:41:45.629 69154 INFO tempest.lib.common.rest_client [req-bcc7a6ed-400d-408b-9430-f3b1907e3173 req-bcc7a6ed-400d-408b-9430-f3b1907e3173 ] Request (ImagesMetadataTestJSON:setUpClass): 201 POST http://10.180.1.21/identity/v3/auth/tokens 0.034s
2025-04-03 05:41:45.638 69162 INFO tempest.lib.common.rest_client [req-152d504b-71b7-4e62-826b-5ad11eb19199 req-152d504b-71b7-4e62-826b-5ad11eb19199 ] Request (SecurityGroupsTestJSON:test_server_security_groups): 200 GET http://10.180.1.21/compute/v2.1/servers/400402ac-ac7d-4086-b67c-2ba8c4d9f92d 0.058s
2025-04-03 05:41:45.656 69154 INFO tempest.lib.common.rest_client [req-4849d0bd-0b50-4c5c-83fc-f9ee5db71059 req-4849d0bd-0b50-4c5c-83fc-f9ee5db71059 ] Request (ImagesMetadataTestJSON:setUpClass): 200 GET http://10.180.1.21/identity/v3/domains?name=Default 0.027s
2025-04-03 05:41:45.682 69154 INFO tempest.lib.common.rest_client [req-922aea9f-beb9-4eb4-983b-d1f69a1c86e5 req-922aea9f-beb9-4eb4-983b-d1f69a1c86e5 ] Request (ImagesMetadataTestJSON:setUpClass): 201 POST http://10.180.1.21/identity/v3/projects 0.025s
2025-04-03 05:41:45.718 69194 INFO tempest.lib.common.rest_client [req-4cd08a52-637a-4b5f-840b-77084002d6f7 req-4cd08a52-637a-4b5f-840b-77084002d6f7 ] Request (ServerRescueTestJSONUnderV235:setUpClass): 200 GET http://10.180.1.21/compute/v2.1/servers/22e625e7-b4f1-449a-a4ad-a50ea757e8dd 0.049s
2025-04-03 05:41:45.744 69154 INFO tempest.lib.common.rest_client [req-aa80518d-c7a3-4055-97f0-5f9ebcb677f5 req-aa80518d-c7a3-4055-97f0-5f9ebcb677f5 ] Request (ImagesMetadataTestJSON:setUpClass): 201 POST http://10.180.1.21/identity/v3/users 0.061s
2025-04-03 05:41:45.768 69154 INFO tempest.lib.common.rest_client [req-668315ca-840c-4efc-8b5e-632c1cfccf20 req-668315ca-840c-4efc-8b5e-632c1cfccf20 ] Request (ImagesMetadataTestJSON:setUpClass): 200 GET http://10.180.1.21/identity/v3/roles 0.023s
2025-04-03 05:41:45.784 69148 INFO tempest.lib.common.rest_client [req-b0dbbfa8-5685-430b-b3e0-72e198536294 req-b0dbbfa8-5685-430b-b3e0-72e198536294 ] Request (ServersTestJSON:setUpClass): 200 GET http://10.180.1.21/compute/v2.1/servers/d2bc86a8-3c11-454a-8f8e-b6012ecd8f33 0.101s
2025-04-03 05:41:45.789 69178 INFO tempest.lib.common.rest_client [req-2be4302d-7895-4e06-939e-2c1bcbf39de6 req-2be4302d-7895-4e06-939e-2c1bcbf39de6 ] Request (MigrationsAdminTest:test_resize_server_revert_deleted_flavor): 200 GET http://10.180.1.21/compute/v2.1/servers/392377e1-e0c2-4696-ad23-66a9287fa003 0.052s
2025-04-03 05:41:45.801 69154 INFO tempest.lib.common.rest_client [req-f285caba-a94b-4c42-b394-76432cbb779a req-f285caba-a94b-4c42-b394-76432cbb779a ] Request (ImagesMetadataTestJSON:setUpClass): 204 PUT http://10.180.1.21/identity/v3/projects/86fec513c6c74ef286ae3663ac7f4e6c/users/72dd0b2968bf43e6a89990e04b680bfa/roles/9864bf86660946ea8223bae7d64d8213 0.033s
2025-04-03 05:41:45.801 69154 INFO tempest.lib.common.dynamic_creds [-] Dynamic test user 72dd0b2968bf43e6a89990e04b680bfa is created with scope project and roles: ['member']
2025-04-03 05:41:45.801 69154 INFO tempest.lib.common.dynamic_creds [-] Acquired dynamic creds: credentials: Credentials: {'domain_id': 'default', 'domain_name': 'Default', 'username': 'tempest-ImagesMetadataTestJSON-66849149-project-member', 'project_domain_id': 'default', 'project_domain_name': 'Default', 'project_id': '86fec513c6c74ef286ae3663ac7f4e6c', 'project_name': 'tempest-ImagesMetadataTestJSON-66849149', 'tenant_id': '86fec513c6c74ef286ae3663ac7f4e6c', 'tenant_name': 'tempest-ImagesMetadataTestJSON-66849149', 'user_domain_id': 'default', 'user_domain_name': 'Default', 'user_id': '72dd0b2968bf43e6a89990e04b680bfa', 'system': None}, Network: None, Subnet: None, Router: None
2025-04-03 05:41:45.801 69154 INFO tempest.lib.common.dynamic_creds [-] Created isolated network resources for: credentials: Credentials: {'domain_id': 'default', 'domain_name': 'Default', 'username': 'tempest-ImagesMetadataTestJSON-66849149-project-member', 'project_domain_id': 'default', 'project_domain_name': 'Default', 'project_id': '86fec513c6c74ef286ae3663ac7f4e6c', 'project_name': 'tempest-ImagesMetadataTestJSON-66849149', 'tenant_id': '86fec513c6c74ef286ae3663ac7f4e6c', 'tenant_name': 'tempest-ImagesMetadataTestJSON-66849149', 'user_domain_id': 'default', 'user_domain_name': 'Default', 'user_id': '72dd0b2968bf43e6a89990e04b680bfa', 'system': None}, Network: None, Subnet: None, Router: None
2025-04-03 05:41:45.837 69180 INFO tempest.lib.common.rest_client [req-b673f825-65f2-43c3-bedd-e2455c3fcf29 req-b673f825-65f2-43c3-bedd-e2455c3fcf29 ] Request (ServerRescueTestJSON:test_rescue_unrescue_instance): 200 GET http://10.180.1.21/compute/v2.1/servers/09e0b6d9-9189-4e13-b37b-447db8b4bfcb 0.078s
2025-04-03 05:41:45.872 69170 INFO tempest.lib.common.rest_client [req-dfdacfcf-ba71-458f-80f5-778f229a7963 req-dfdacfcf-ba71-458f-80f5-778f229a7963 ] Request (ServersAdminTestJSON:setUpClass): 200 GET http://10.180.1.21/compute/v2.1/servers/680131fe-0141-4db6-a9b5-06b814953497 0.062s
2025-04-03 05:41:45.882 69154 INFO tempest.lib.common.rest_client [req-909a0854-85e4-40d8-9e1b-09d58e1b31ca req-909a0854-85e4-40d8-9e1b-09d58e1b31ca ] Request (ImagesMetadataTestJSON:setUpClass): 201 POST http://10.180.1.21/identity/v3/auth/tokens 0.077s
2025-04-03 05:41:45.896 69202 INFO tempest.lib.common.rest_client [req-b50351e2-e8b5-4f95-b71b-570d6420b82c req-b50351e2-e8b5-4f95-b71b-570d6420b82c ] Request (InstanceActionsNegativeTestJSON:tearDownClass): 200 GET http://10.180.1.21/compute/v2.1/servers/09531ee3-9860-4aba-a7df-7489e5727da3 0.070s
2025-04-03 05:41:45.924 69204 INFO tempest.lib.common.rest_client [req-773b6428-ca97-4528-8050-f60f9df1f9b6 req-773b6428-ca97-4528-8050-f60f9df1f9b6 ] Request (ImagesTestJSON:test_create_image_from_suspended_server): 200 GET http://10.180.1.21/compute/v2.1/servers/6d539428-fed4-4061-bd05-431f9fcbb3e7 0.062s
2025-04-03 05:41:45.958 69160 WARNING tempest.lib.common.ssh [-] Failed to establish authenticated ssh connection to cirros@10.180.180.198 ([Errno None] Unable to connect to port 22 on 10.180.180.198). Number attempts: 6. Retry after 7 seconds.: paramiko.ssh_exception.NoValidConnectionsError: [Errno None] Unable to connect to port 22 on 10.180.180.198
2025-04-03 05:41:45.959 69166 INFO tempest.lib.common.rest_client [req-01baf613-d003-412d-a8cd-5115c60f02e8 req-01baf613-d003-412d-a8cd-5115c60f02e8 ] Request (ListServerFiltersTestJSON:tearDownClass): 200 GET http://10.180.1.21/compute/v2.1/servers/d72b95bc-c418-4a85-aca1-54efaf67217a 0.075s
2025-04-03 05:41:45.970 69200 INFO tempest.lib.common.rest_client [req-4174aba9-a8e5-405e-99e4-fa712c7e9322 req-4174aba9-a8e5-405e-99e4-fa712c7e9322 ] Request (ImagesOneServerNegativeTestJSON:_run_cleanups): 200 GET http://10.180.1.21/compute/v2.1/servers/6c0739c5-d01a-437d-a986-c5c0845b68f4 0.051s
2025-04-03 05:41:46.006 69152 INFO tempest.lib.common.rest_client [req-1e6cdca6-1ff4-4ba2-8fbc-a17bed81ec9b req-1e6cdca6-1ff4-4ba2-8fbc-a17bed81ec9b ] Request (ServersTestMultiNic:_run_cleanups): 200 GET http://10.180.1.21/compute/v2.1/servers/5419c45e-be0f-4c55-a09e-f07bdcd209b1 0.058s
2025-04-03 05:41:46.066 69146 INFO tempest.lib.common.rest_client [req-c1b0bc04-fb2b-4465-a503-687779d752b6 req-c1b0bc04-fb2b-4465-a503-687779d752b6 ] Request (DeleteServersAdminTestJSON:test_delete_server_while_in_error_state): 200 GET http://10.180.1.21/compute/v2.1/servers/5f618d22-e3ff-41b9-9131-26730e117394 0.062s
2025-04-03 05:41:46.165 69188 INFO tempest.lib.common.rest_client [req-1b64574a-7f00-4d93-b950-819e18cdbc5f req-1b64574a-7f00-4d93-b950-819e18cdbc5f ] Request (FloatingIPsAssociationTestJSON:tearDownClass): 200 GET http://10.180.1.21/compute/v2.1/servers/e8c5815f-3308-4da7-92ad-f5aa8a56747a 0.058s
2025-04-03 05:41:46.231 69186 INFO tempest.lib.common.rest_client [req-7099e741-7407-4374-a27c-e5669071e70b req-7099e741-7407-4374-a27c-e5669071e70b ] Request (ImagesNegativeTestJSON:test_create_image_from_deleted_server): 200 GET http://10.180.1.21/compute/v2.1/servers/29c905a4-0b30-4d16-9e1b-90bdcfb7b3ec 0.059s
2025-04-03 05:41:46.244 69182 INFO tempest.lib.common.rest_client [req-bd9f90ca-2a30-4b64-8d7e-d1db74336c37 req-bd9f90ca-2a30-4b64-8d7e-d1db74336c37 ] Request (ServerDiskConfigTestJSON:test_rebuild_server_with_auto_disk_config): 200 GET http://10.180.1.21/compute/v2.1/servers/bc7506b3-7995-46f3-9828-a5271aa01ab5 0.119s
2025-04-03 05:41:46.255 69182 INFO tempest.common.waiters [-] State transition "BUILD/spawning" ==> "ACTIVE/None" after 50 second wait
2025-04-03 05:41:46.257 69154 INFO tempest.lib.common.rest_client [req-3f5315d5-4cd6-4f43-9386-d0e636afec51 req-3f5315d5-4cd6-4f43-9386-d0e636afec51 ] Request (ImagesMetadataTestJSON:setUpClass): 201 POST http://10.180.1.21/image/v2/images 0.373s
2025-04-03 05:41:46.285 69196 INFO tempest.lib.common.rest_client [req-57c4aa14-b050-4abf-b422-047f57f57b31 req-57c4aa14-b050-4abf-b422-047f57f57b31 ] Request (DeleteServersTestJSON:test_delete_server_while_in_attached_volume): 200 GET http://10.180.1.21/compute/v2.1/servers/bd9c7290-f6fc-4f39-9c82-a51332e01a7e 0.099s
2025-04-03 05:41:46.300 69156 INFO tempest.lib.common.rest_client [req-b621520c-fa00-4dbd-be4e-3e05e8eaec40 req-b621520c-fa00-4dbd-be4e-3e05e8eaec40 ] Request (ServerDiagnosticsNegativeTest:test_get_server_diagnostics_by_non_admin): 200 GET http://10.180.1.21/compute/v2.1/servers/845f4864-33e5-46ef-9d9a-025f1d839e52 0.077s
2025-04-03 05:41:46.318 69190 INFO tempest.lib.common.rest_client [req-cca3d906-e388-4c03-84cc-8cec9b26f646 req-cca3d906-e388-4c03-84cc-8cec9b26f646 ] Request (ImagesOneServerTestJSON:tearDownClass): 200 PUT http://10.180.1.21:9696/networking/v2.0/routers/26d95ce1-3aae-43f0-b320-745928125f13/remove_router_interface 0.782s
2025-04-03 05:41:46.421 69182 INFO tempest.lib.common.rest_client [req-8e4a3b1e-99d4-494a-a97b-fec66d3b67f3 req-8e4a3b1e-99d4-494a-a97b-fec66d3b67f3 ] Request (ServerDiskConfigTestJSON:test_rebuild_server_with_auto_disk_config): 200 GET http://10.180.1.21/compute/v2.1/servers/bc7506b3-7995-46f3-9828-a5271aa01ab5 0.166s
2025-04-03 05:41:46.422 69198 INFO tempest.lib.common.rest_client [req-82bcc49b-7f82-43c5-b9b6-d406faa3f5c3 req-82bcc49b-7f82-43c5-b9b6-d406faa3f5c3 ] Request (ServerAddressesTestJSON:setUpClass): 200 GET http://10.180.1.21/compute/v2.1/servers/3c7e1381-3c5a-402c-aa40-289321aeaa53 0.125s
2025-04-03 05:41:46.559 69176 INFO tempest.lib.common.rest_client [req-8808cb2c-0ca0-47db-9b35-8852a4f2a798 req-8808cb2c-0ca0-47db-9b35-8852a4f2a798 ] Request (ServersTestBootFromVolume:setUpClass): 200 GET http://10.180.1.21/compute/v2.1/servers/744bf0cb-53fa-412b-bb3d-9c3503e1d697 0.062s
2025-04-03 05:41:46.594 69182 INFO tempest.lib.common.rest_client [req-2312c557-d485-4673-b335-a0cc5c36545e req-2312c557-d485-4673-b335-a0cc5c36545e ] Request (ServerDiskConfigTestJSON:test_rebuild_server_with_auto_disk_config): 202 POST http://10.180.1.21/compute/v2.1/servers/bc7506b3-7995-46f3-9828-a5271aa01ab5/action 0.166s
2025-04-03 05:41:46.622 69158 INFO tempest.lib.common.rest_client [req-2c2cef50-fdac-498a-90ed-b5fb8cd92ecf req-2c2cef50-fdac-498a-90ed-b5fb8cd92ecf ] Request (ServerGroupTestJSON:_run_cleanups): 200 GET http://10.180.1.21/compute/v2.1/servers/b803dcd4-dcc1-4f09-917d-e7070fe8b6db 0.112s
2025-04-03 05:41:46.664 69168 WARNING tempest.lib.common.ssh [-] Failed to establish authenticated ssh connection to cirros@10.180.180.156 ([Errno None] Unable to connect to port 22 on 10.180.180.156). Number attempts: 1. Retry after 2 seconds.: paramiko.ssh_exception.NoValidConnectionsError: [Errno None] Unable to connect to port 22 on 10.180.180.156
2025-04-03 05:41:46.690 69190 INFO tempest.lib.common.rest_client [req-94c4736e-ec8a-4ad1-84b5-4d4e3ef5571b req-94c4736e-ec8a-4ad1-84b5-4d4e3ef5571b ] Request (ImagesOneServerTestJSON:tearDownClass): 204 DELETE http://10.180.1.21:9696/networking/v2.0/routers/26d95ce1-3aae-43f0-b320-745928125f13 0.372s
2025-04-03 05:41:46.710 69162 INFO tempest.lib.common.rest_client [req-125b01a8-076f-42e2-9a00-f99cad022807 req-125b01a8-076f-42e2-9a00-f99cad022807 ] Request (SecurityGroupsTestJSON:test_server_security_groups): 200 GET http://10.180.1.21/compute/v2.1/servers/400402ac-ac7d-4086-b67c-2ba8c4d9f92d 0.062s
2025-04-03 05:41:46.712 69182 INFO tempest.lib.common.rest_client [req-22440467-368b-4582-943f-33a15738af1c req-22440467-368b-4582-943f-33a15738af1c ] Request (ServerDiskConfigTestJSON:test_rebuild_server_with_auto_disk_config): 200 GET http://10.180.1.21/compute/v2.1/servers/bc7506b3-7995-46f3-9828-a5271aa01ab5 0.112s
2025-04-03 05:41:46.777 69194 INFO tempest.lib.common.rest_client [req-be4b63d3-cbb5-4888-97ea-aef621142af3 req-be4b63d3-cbb5-4888-97ea-aef621142af3 ] Request (ServerRescueTestJSONUnderV235:setUpClass): 200 GET http://10.180.1.21/compute/v2.1/servers/22e625e7-b4f1-449a-a4ad-a50ea757e8dd 0.051s
2025-04-03 05:41:46.828 69190 INFO tempest.lib.common.rest_client [req-b0ac173c-97ca-4036-827a-b5dfea3f9542 req-b0ac173c-97ca-4036-827a-b5dfea3f9542 ] Request (ImagesOneServerTestJSON:tearDownClass): 204 DELETE http://10.180.1.21:9696/networking/v2.0/subnets/4a04d3f3-8c33-4cb0-a23f-a47b0a5ce567 0.137s
2025-04-03 05:41:46.860 69178 INFO tempest.lib.common.rest_client [req-6125ab2a-cd42-4542-b2bd-b7580c72f9b7 req-6125ab2a-cd42-4542-b2bd-b7580c72f9b7 ] Request (MigrationsAdminTest:test_resize_server_revert_deleted_flavor): 200 GET http://10.180.1.21/compute/v2.1/servers/392377e1-e0c2-4696-ad23-66a9287fa003 0.060s
2025-04-03 05:41:46.881 69154 INFO tempest.lib.common.rest_client [req-d21c25b5-21ab-41a7-983d-c943e0f97500 req-d21c25b5-21ab-41a7-983d-c943e0f97500 ] Request (ImagesMetadataTestJSON:setUpClass): 204 PUT http://10.180.1.21/image/v2/images/0998bc7b-352e-44e7-abff-055eaf44d1de/file 0.623s
2025-04-03 05:41:46.915 69148 INFO tempest.lib.common.rest_client [req-a9a54f3b-96e4-4451-bbf8-5124913bb7a3 req-a9a54f3b-96e4-4451-bbf8-5124913bb7a3 ] Request (ServersTestJSON:setUpClass): 200 GET http://10.180.1.21/compute/v2.1/servers/d2bc86a8-3c11-454a-8f8e-b6012ecd8f33 0.123s
2025-04-03 05:41:46.916 69180 INFO tempest.lib.common.rest_client [req-13417a09-097f-46fc-a9ce-010396eb6309 req-13417a09-097f-46fc-a9ce-010396eb6309 ] Request (ServerRescueTestJSON:test_rescue_unrescue_instance): 200 GET http://10.180.1.21/compute/v2.1/servers/09e0b6d9-9189-4e13-b37b-447db8b4bfcb 0.065s
2025-04-03 05:41:46.946 69154 INFO tempest.lib.common.rest_client [req-97f8ae25-c7ac-4b05-9e64-67c90ae0875b req-97f8ae25-c7ac-4b05-9e64-67c90ae0875b ] Request (ImagesMetadataTestJSON:setUpClass): 200 GET http://10.180.1.21/compute/v2.1/images/0998bc7b-352e-44e7-abff-055eaf44d1de 0.065s
2025-04-03 05:41:46.974 69170 INFO tempest.lib.common.rest_client [req-39f4012e-24da-4064-bed7-bd0ba3ecb680 req-39f4012e-24da-4064-bed7-bd0ba3ecb680 ] Request (ServersAdminTestJSON:setUpClass): 200 GET http://10.180.1.21/compute/v2.1/servers/680131fe-0141-4db6-a9b5-06b814953497 0.093s
2025-04-03 05:41:47.005 69202 INFO tempest.lib.common.rest_client [req-de9ac67f-2337-440d-813e-e2c50592d04d req-de9ac67f-2337-440d-813e-e2c50592d04d ] Request (InstanceActionsNegativeTestJSON:tearDownClass): 200 GET http://10.180.1.21/compute/v2.1/servers/09531ee3-9860-4aba-a7df-7489e5727da3 0.101s
2025-04-03 05:41:47.026 69204 INFO tempest.lib.common.rest_client [req-a9f546bf-0cb6-44c1-8114-ce1cfd888bfb req-a9f546bf-0cb6-44c1-8114-ce1cfd888bfb ] Request (ImagesTestJSON:test_create_image_from_suspended_server): 200 GET http://10.180.1.21/compute/v2.1/servers/6d539428-fed4-4061-bd05-431f9fcbb3e7 0.092s
2025-04-03 05:41:47.056 69190 INFO tempest.lib.common.rest_client [req-884caf8c-5ef0-409b-9174-06cad97c2776 req-884caf8c-5ef0-409b-9174-06cad97c2776 ] Request (ImagesOneServerTestJSON:tearDownClass): 204 DELETE http://10.180.1.21:9696/networking/v2.0/networks/48c4af41-4398-476c-bfc1-b322af54730e 0.227s
2025-04-03 05:41:47.095 69166 INFO tempest.lib.common.rest_client [req-d59ef437-3709-4ca9-a250-d8404680217b req-d59ef437-3709-4ca9-a250-d8404680217b ] Request (ListServerFiltersTestJSON:tearDownClass): 200 GET http://10.180.1.21/compute/v2.1/servers/d72b95bc-c418-4a85-aca1-54efaf67217a 0.128s
2025-04-03 05:41:47.157 69200 INFO tempest.lib.common.rest_client [req-072478ee-d73c-4b41-bafb-ae4762fc6177 req-072478ee-d73c-4b41-bafb-ae4762fc6177 ] Request (ImagesOneServerNegativeTestJSON:_run_cleanups): 200 GET http://10.180.1.21/compute/v2.1/servers/6c0739c5-d01a-437d-a986-c5c0845b68f4 0.178s
2025-04-03 05:41:47.182 69152 INFO tempest.lib.common.rest_client [req-174ab355-a9a1-4f26-8c5b-0c616da577b2 req-174ab355-a9a1-4f26-8c5b-0c616da577b2 ] Request (ServersTestMultiNic:_run_cleanups): 404 GET http://10.180.1.21/compute/v2.1/servers/5419c45e-be0f-4c55-a09e-f07bdcd209b1 0.167s
2025-04-03 05:41:47.221 69190 INFO tempest.lib.common.rest_client [req-8ba520db-48bd-40c1-8245-4c1c3ac7b71d req-8ba520db-48bd-40c1-8245-4c1c3ac7b71d ] Request (ImagesOneServerTestJSON:tearDownClass): 204 DELETE http://10.180.1.21/identity/v3/users/3643a5d4c4364358b26a809a3e4e6651 0.164s
2025-04-03 05:41:47.221 69190 INFO tempest.lib.common.dynamic_creds [-] Deleting project and security group for project: fde06f4f1bf941bca405bd9e5ac6cb43
2025-04-03 05:41:47.254 69146 INFO tempest.lib.common.rest_client [req-5b528d60-c7e9-4dee-9d15-69e87f574b92 req-5b528d60-c7e9-4dee-9d15-69e87f574b92 ] Request (DeleteServersAdminTestJSON:test_delete_server_while_in_error_state): 200 GET http://10.180.1.21/compute/v2.1/servers/5f618d22-e3ff-41b9-9131-26730e117394 0.180s
2025-04-03 05:41:47.262 69190 INFO tempest.lib.common.rest_client [req-480459b4-30c2-4b1d-a01d-5bf3438636e7 req-480459b4-30c2-4b1d-a01d-5bf3438636e7 ] Request (ImagesOneServerTestJSON:tearDownClass): 200 GET http://10.180.1.21:9696/networking/v2.0/security-groups?tenant_id=fde06f4f1bf941bca405bd9e5ac6cb43&name=default 0.040s
2025-04-03 05:41:47.267 69154 INFO tempest.lib.common.rest_client [req-dab86b2c-1d69-4c06-870c-6da4dd31a70d req-dab86b2c-1d69-4c06-870c-6da4dd31a70d ] Request (ImagesMetadataTestJSON:setUp): 200 PUT http://10.180.1.21/compute/v2.1/images/0998bc7b-352e-44e7-abff-055eaf44d1de/metadata 0.317s
2025-04-03 05:41:47.340 69188 INFO tempest.lib.common.rest_client [req-9b43b239-3657-403a-a4ad-9e866642425f req-9b43b239-3657-403a-a4ad-9e866642425f ] Request (FloatingIPsAssociationTestJSON:tearDownClass): 200 GET http://10.180.1.21/compute/v2.1/servers/e8c5815f-3308-4da7-92ad-f5aa8a56747a 0.167s
2025-04-03 05:41:47.344 69186 INFO tempest.lib.common.rest_client [req-c22fa7aa-3d17-424a-8b68-7c3e3096aaa6 req-c22fa7aa-3d17-424a-8b68-7c3e3096aaa6 ] Request (ImagesNegativeTestJSON:test_create_image_from_deleted_server): 200 GET http://10.180.1.21/compute/v2.1/servers/29c905a4-0b30-4d16-9e1b-90bdcfb7b3ec 0.091s
2025-04-03 05:41:47.416 69196 INFO tempest.lib.common.rest_client [req-0cd3e641-5c74-4205-adc1-cbcc06501cca req-0cd3e641-5c74-4205-adc1-cbcc06501cca ] Request (DeleteServersTestJSON:test_delete_server_while_in_attached_volume): 200 GET http://10.180.1.21/compute/v2.1/servers/bd9c7290-f6fc-4f39-9c82-a51332e01a7e 0.123s
2025-04-03 05:41:47.454 69190 INFO tempest.lib.common.rest_client [req-e9d7a45b-48f6-4ca8-8c01-dcdebd773699 req-e9d7a45b-48f6-4ca8-8c01-dcdebd773699 ] Request (ImagesOneServerTestJSON:tearDownClass): 204 DELETE http://10.180.1.21:9696/networking/v2.0/security-groups/607f44b4-856a-4942-9a3b-baf177ef3320 0.192s
2025-04-03 05:41:47.459 69152 INFO tempest.lib.common.rest_client [req-18182a62-59de-4810-8ef4-57c383bd410f req-18182a62-59de-4810-8ef4-57c383bd410f ] Request (ServersTestMultiNic:_run_cleanups): 204 DELETE http://10.180.1.21:9696/networking/v2.0/subnets/ef774ac4-9157-45dc-88e6-62b9a09caf4e 0.276s
2025-04-03 05:41:47.504 69156 INFO tempest.lib.common.rest_client [req-ac18e5c8-ec42-4ac9-ac1d-31385996d658 req-ac18e5c8-ec42-4ac9-ac1d-31385996d658 ] Request (ServerDiagnosticsNegativeTest:test_get_server_diagnostics_by_non_admin): 200 GET http://10.180.1.21/compute/v2.1/servers/845f4864-33e5-46ef-9d9a-025f1d839e52 0.197s
2025-04-03 05:41:47.511 69156 INFO tempest.common.waiters [-] State transition "BUILD/scheduling" ==> "BUILD/None" after 27 second wait
2025-04-03 05:41:47.538 69154 INFO tempest.lib.common.rest_client [req-00b78c4e-4baa-4729-a36f-d489c1445e7a req-00b78c4e-4baa-4729-a36f-d489c1445e7a ] Request (ImagesMetadataTestJSON:test_delete_image_metadata_item): 204 DELETE http://10.180.1.21/compute/v2.1/images/0998bc7b-352e-44e7-abff-055eaf44d1de/metadata/os_version 0.270s
2025-04-03 05:41:47.573 69154 INFO tempest.lib.common.rest_client [req-fdcf6ece-66f5-434a-a3b3-99fbb9fc1def req-fdcf6ece-66f5-434a-a3b3-99fbb9fc1def ] Request (ImagesMetadataTestJSON:test_delete_image_metadata_item): 200 GET http://10.180.1.21/compute/v2.1/images/0998bc7b-352e-44e7-abff-055eaf44d1de/metadata 0.034s
2025-04-03 05:41:47.579 69190 INFO tempest.lib.common.rest_client [req-0b1ee60f-7c1b-4f14-ad2e-eb2a31522505 req-0b1ee60f-7c1b-4f14-ad2e-eb2a31522505 ] Request (ImagesOneServerTestJSON:tearDownClass): 204 DELETE http://10.180.1.21/identity/v3/projects/fde06f4f1bf941bca405bd9e5ac6cb43 0.124s
2025-04-03 05:41:47.637 69176 INFO tempest.lib.common.rest_client [req-d60d3917-52cb-486e-9a7d-f8f011643511 req-d60d3917-52cb-486e-9a7d-f8f011643511 ] Request (ServersTestBootFromVolume:setUpClass): 200 GET http://10.180.1.21/compute/v2.1/servers/744bf0cb-53fa-412b-bb3d-9c3503e1d697 0.070s
2025-04-03 05:41:47.639 69190 INFO tempest.lib.common.rest_client [req-f002f440-ff19-4a78-8859-9f0ac860d8f7 req-f002f440-ff19-4a78-8859-9f0ac860d8f7 ] Request (SecurityGroupRulesTestJSON:setUpClass): 201 POST http://10.180.1.21/identity/v3/auth/tokens 0.058s
2025-04-03 05:41:47.679 69190 INFO tempest.lib.common.rest_client [req-8294e23b-0811-4033-a241-628c3e3cbeea req-8294e23b-0811-4033-a241-628c3e3cbeea ] Request (SecurityGroupRulesTestJSON:setUpClass): 201 POST http://10.180.1.21/identity/v3/auth/tokens 0.036s
2025-04-03 05:41:47.703 69198 INFO tempest.lib.common.rest_client [req-4fa8ffad-d662-4afb-b9b9-85649f7e3497 req-4fa8ffad-d662-4afb-b9b9-85649f7e3497 ] Request (ServerAddressesTestJSON:setUpClass): 200 GET http://10.180.1.21/compute/v2.1/servers/3c7e1381-3c5a-402c-aa40-289321aeaa53 0.273s
2025-04-03 05:41:47.708 69190 INFO tempest.lib.common.rest_client [req-e0105792-b24a-471d-a5fb-68364b7e2710 req-e0105792-b24a-471d-a5fb-68364b7e2710 ] Request (SecurityGroupRulesTestJSON:setUpClass): 200 GET http://10.180.1.21/identity/v3/domains?name=Default 0.028s
2025-04-03 05:41:47.748 69190 INFO tempest.lib.common.rest_client [req-b49d2f2d-2ca2-4fa9-b1de-a52e7eb310c4 req-b49d2f2d-2ca2-4fa9-b1de-a52e7eb310c4 ] Request (SecurityGroupRulesTestJSON:setUpClass): 201 POST http://10.180.1.21/identity/v3/projects 0.040s
2025-04-03 05:41:47.776 69158 INFO tempest.lib.common.rest_client [req-b4695f0d-2950-4e55-a126-6b325d1afac9 req-b4695f0d-2950-4e55-a126-6b325d1afac9 ] Request (ServerGroupTestJSON:_run_cleanups): 200 GET http://10.180.1.21/compute/v2.1/servers/b803dcd4-dcc1-4f09-917d-e7070fe8b6db 0.144s
2025-04-03 05:41:47.829 69190 INFO tempest.lib.common.rest_client [req-aa39c6fb-89fa-48ac-a55f-8614b052372a req-aa39c6fb-89fa-48ac-a55f-8614b052372a ] Request (SecurityGroupRulesTestJSON:setUpClass): 201 POST http://10.180.1.21/identity/v3/users 0.080s
2025-04-03 05:41:47.833 69162 INFO tempest.lib.common.rest_client [req-088ad8a7-f3c7-4109-841c-c13311ca767b req-088ad8a7-f3c7-4109-841c-c13311ca767b ] Request (SecurityGroupsTestJSON:test_server_security_groups): 200 GET http://10.180.1.21/compute/v2.1/servers/400402ac-ac7d-4086-b67c-2ba8c4d9f92d 0.113s
2025-04-03 05:41:47.836 69152 INFO tempest.lib.common.rest_client [req-c0871369-2b05-4194-b8b1-83c3c89b32bd req-c0871369-2b05-4194-b8b1-83c3c89b32bd ] Request (ServersTestMultiNic:_run_cleanups): 204 DELETE http://10.180.1.21:9696/networking/v2.0/networks/097f495e-7ff2-4169-95cd-e85c0a3b7af9 0.377s
2025-04-03 05:41:47.856 69190 INFO tempest.lib.common.rest_client [req-581342d7-ca1f-4530-a00c-e70b4f5834a8 req-581342d7-ca1f-4530-a00c-e70b4f5834a8 ] Request (SecurityGroupRulesTestJSON:setUpClass): 200 GET http://10.180.1.21/identity/v3/roles 0.027s
2025-04-03 05:41:47.868 69154 INFO tempest.lib.common.rest_client [req-33a8813e-eee4-4b4a-8153-4ef3e00eeaa4 req-33a8813e-eee4-4b4a-8153-4ef3e00eeaa4 ] Request (ImagesMetadataTestJSON:setUp): 200 PUT http://10.180.1.21/compute/v2.1/images/0998bc7b-352e-44e7-abff-055eaf44d1de/metadata 0.293s
2025-04-03 05:41:47.894 69190 INFO tempest.lib.common.rest_client [req-0700dc81-7b50-420e-bd89-cc370530bace req-0700dc81-7b50-420e-bd89-cc370530bace ] Request (SecurityGroupRulesTestJSON:setUpClass): 204 PUT http://10.180.1.21/identity/v3/projects/f46ae65744734313b6c5f1b46b5836b1/users/6b8b009d29f04d33af88f8759a254ca1/roles/9864bf86660946ea8223bae7d64d8213 0.037s
2025-04-03 05:41:47.895 69190 INFO tempest.lib.common.dynamic_creds [-] Dynamic test user 6b8b009d29f04d33af88f8759a254ca1 is created with scope project and roles: ['member']
2025-04-03 05:41:47.895 69190 INFO tempest.lib.common.dynamic_creds [-] Acquired dynamic creds: credentials: Credentials: {'domain_id': 'default', 'domain_name': 'Default', 'username': 'tempest-SecurityGroupRulesTestJSON-1085026762-project-member', 'project_domain_id': 'default', 'project_domain_name': 'Default', 'project_id': 'f46ae65744734313b6c5f1b46b5836b1', 'project_name': 'tempest-SecurityGroupRulesTestJSON-1085026762', 'tenant_id': 'f46ae65744734313b6c5f1b46b5836b1', 'tenant_name': 'tempest-SecurityGroupRulesTestJSON-1085026762', 'user_domain_id': 'default', 'user_domain_name': 'Default', 'user_id': '6b8b009d29f04d33af88f8759a254ca1', 'system': None}, Network: None, Subnet: None, Router: None
2025-04-03 05:41:47.928 69194 INFO tempest.lib.common.rest_client [req-25a60e92-cadc-4513-a0b5-7cd3375317aa req-25a60e92-cadc-4513-a0b5-7cd3375317aa ] Request (ServerRescueTestJSONUnderV235:setUpClass): 200 GET http://10.180.1.21/compute/v2.1/servers/22e625e7-b4f1-449a-a4ad-a50ea757e8dd 0.139s
2025-04-03 05:41:47.950 69190 INFO tempest.lib.common.rest_client [req-b1ac4400-6542-4f85-bec7-4b7c70b55c20 req-b1ac4400-6542-4f85-bec7-4b7c70b55c20 ] Request (SecurityGroupRulesTestJSON:setUpClass): 201 POST http://10.180.1.21/identity/v3/auth/tokens 0.055s
2025-04-03 05:41:47.965 69152 INFO tempest.lib.common.rest_client [req-6a46abde-6499-4bec-a142-e2ad257962b0 req-6a46abde-6499-4bec-a142-e2ad257962b0 ] Request (ServersTestMultiNic:_run_cleanups): 204 DELETE http://10.180.1.21:9696/networking/v2.0/subnets/4022b1c1-3f65-4b83-9688-452da00beb98 0.128s
2025-04-03 05:41:47.983 69178 INFO tempest.lib.common.rest_client [req-079cba81-77bc-40a6-b563-d542dfef3008 req-079cba81-77bc-40a6-b563-d542dfef3008 ] Request (MigrationsAdminTest:test_resize_server_revert_deleted_flavor): 200 GET http://10.180.1.21/compute/v2.1/servers/392377e1-e0c2-4696-ad23-66a9287fa003 0.115s
2025-04-03 05:41:47.994 69182 INFO tempest.lib.common.rest_client [req-1a3b8d30-b175-4761-b9b8-52fcb68ee073 req-1a3b8d30-b175-4761-b9b8-52fcb68ee073 ] Request (ServerDiskConfigTestJSON:test_rebuild_server_with_auto_disk_config): 200 GET http://10.180.1.21/compute/v2.1/servers/bc7506b3-7995-46f3-9828-a5271aa01ab5 0.273s
2025-04-03 05:41:48.010 69154 INFO tempest.lib.common.rest_client [req-9336e517-088b-40d0-9ba9-2b3dd86f8fd7 req-9336e517-088b-40d0-9ba9-2b3dd86f8fd7 ] Request (ImagesMetadataTestJSON:test_get_image_metadata_item): 200 GET http://10.180.1.21/compute/v2.1/images/0998bc7b-352e-44e7-abff-055eaf44d1de/metadata/os_distro 0.141s
2025-04-03 05:41:48.063 69180 INFO tempest.lib.common.rest_client [req-7b294e06-06ce-4598-b881-0b75aaf58732 req-7b294e06-06ce-4598-b881-0b75aaf58732 ] Request (ServerRescueTestJSON:test_rescue_unrescue_instance): 200 GET http://10.180.1.21/compute/v2.1/servers/09e0b6d9-9189-4e13-b37b-447db8b4bfcb 0.137s
2025-04-03 05:41:48.098 69148 INFO tempest.lib.common.rest_client [req-4c43cf90-cc20-459b-bfbf-eaa8ba926428 req-4c43cf90-cc20-459b-bfbf-eaa8ba926428 ] Request (ServersTestJSON:setUpClass): 200 GET http://10.180.1.21/compute/v2.1/servers/d2bc86a8-3c11-454a-8f8e-b6012ecd8f33 0.174s
2025-04-03 05:41:48.108 69148 INFO tempest.common.waiters [-] State transition "BUILD/spawning" ==> "ACTIVE/None" after 49 second wait
2025-04-03 05:41:48.112 69170 INFO tempest.lib.common.rest_client [req-ab84e66c-8fee-4efc-bd08-738094cf00be req-ab84e66c-8fee-4efc-bd08-738094cf00be ] Request (ServersAdminTestJSON:setUpClass): 200 GET http://10.180.1.21/compute/v2.1/servers/680131fe-0141-4db6-a9b5-06b814953497 0.127s
2025-04-03 05:41:48.174 69202 INFO tempest.lib.common.rest_client [req-2d73853a-35b1-4cf7-8b9a-4188902ab001 req-2d73853a-35b1-4cf7-8b9a-4188902ab001 ] Request (InstanceActionsNegativeTestJSON:tearDownClass): 200 GET http://10.180.1.21/compute/v2.1/servers/09531ee3-9860-4aba-a7df-7489e5727da3 0.156s
2025-04-03 05:41:48.234 69204 INFO tempest.lib.common.rest_client [req-6a8c7396-acf9-4faa-90fd-8b0a11c16789 req-6a8c7396-acf9-4faa-90fd-8b0a11c16789 ] Request (ImagesTestJSON:test_create_image_from_suspended_server): 200 GET http://10.180.1.21/compute/v2.1/servers/6d539428-fed4-4061-bd05-431f9fcbb3e7 0.194s
2025-04-03 05:41:48.268 69154 INFO tempest.lib.common.rest_client [req-9c1e0b6c-bece-4834-8d9c-c4820f3de811 req-9c1e0b6c-bece-4834-8d9c-c4820f3de811 ] Request (ImagesMetadataTestJSON:setUp): 200 PUT http://10.180.1.21/compute/v2.1/images/0998bc7b-352e-44e7-abff-055eaf44d1de/metadata 0.256s
2025-04-03 05:41:48.300 69166 INFO tempest.lib.common.rest_client [req-eef26c5c-fd61-4386-a830-747b4b1ffd85 req-eef26c5c-fd61-4386-a830-747b4b1ffd85 ] Request (ListServerFiltersTestJSON:tearDownClass): 200 GET http://10.180.1.21/compute/v2.1/servers/d72b95bc-c418-4a85-aca1-54efaf67217a 0.196s
2025-04-03 05:41:48.336 69148 INFO tempest.lib.common.rest_client [req-c3242494-ce76-4de6-a08b-bdb6dcafe8ed req-c3242494-ce76-4de6-a08b-bdb6dcafe8ed ] Request (ServersTestJSON:setUpClass): 200 GET http://10.180.1.21/compute/v2.1/servers/d2bc86a8-3c11-454a-8f8e-b6012ecd8f33/os-interface 0.227s
2025-04-03 05:41:48.368 69200 INFO tempest.lib.common.rest_client [req-de9cad4e-19fe-44d0-92be-723908da36c7 req-de9cad4e-19fe-44d0-92be-723908da36c7 ] Request (ImagesOneServerNegativeTestJSON:_run_cleanups): 200 GET http://10.180.1.21/compute/v2.1/servers/6c0739c5-d01a-437d-a986-c5c0845b68f4 0.190s
2025-04-03 05:41:48.417 69146 INFO tempest.lib.common.rest_client [req-aa181485-7422-4314-ad8e-fe69d9efc80c req-aa181485-7422-4314-ad8e-fe69d9efc80c ] Request (DeleteServersAdminTestJSON:test_delete_server_while_in_error_state): 200 GET http://10.180.1.21/compute/v2.1/servers/5f618d22-e3ff-41b9-9131-26730e117394 0.153s
2025-04-03 05:41:48.426 69154 INFO tempest.lib.common.rest_client [req-caff9bac-9d65-44e8-ba9f-9d8ad68bed89 req-caff9bac-9d65-44e8-ba9f-9d8ad68bed89 ] Request (ImagesMetadataTestJSON:test_list_image_metadata): 200 GET http://10.180.1.21/compute/v2.1/images/0998bc7b-352e-44e7-abff-055eaf44d1de/metadata 0.157s
2025-04-03 05:41:48.507 69186 INFO tempest.lib.common.rest_client [req-b86f031f-f443-4ed2-b706-0622abd21e7c req-b86f031f-f443-4ed2-b706-0622abd21e7c ] Request (ImagesNegativeTestJSON:test_create_image_from_deleted_server): 200 GET http://10.180.1.21/compute/v2.1/servers/29c905a4-0b30-4d16-9e1b-90bdcfb7b3ec 0.153s
2025-04-03 05:41:48.511 69188 INFO tempest.lib.common.rest_client [req-768aa1ad-b693-46f9-be0f-4bff674ff75f req-768aa1ad-b693-46f9-be0f-4bff674ff75f ] Request (FloatingIPsAssociationTestJSON:tearDownClass): 200 GET http://10.180.1.21/compute/v2.1/servers/e8c5815f-3308-4da7-92ad-f5aa8a56747a 0.159s
2025-04-03 05:41:48.535 69190 INFO tempest.lib.common.rest_client [req-c40094a5-18e9-4fbb-8bef-9e87ace5f819 req-c40094a5-18e9-4fbb-8bef-9e87ace5f819 ] Request (SecurityGroupRulesTestJSON:setUpClass): 201 POST http://10.180.1.21:9696/networking/v2.0/networks 0.584s
2025-04-03 05:41:48.539 69152 INFO tempest.lib.common.rest_client [req-d6818ac0-9d5d-40ce-9932-14d18071e8f7 req-d6818ac0-9d5d-40ce-9932-14d18071e8f7 ] Request (ServersTestMultiNic:_run_cleanups): 204 DELETE http://10.180.1.21:9696/networking/v2.0/networks/e74a3ec2-7766-4c9c-9855-559285550131 0.574s
2025-04-03 05:41:48.584 69196 INFO tempest.lib.common.rest_client [req-d07b2db7-6470-4d51-9792-17be5eb812b6 req-d07b2db7-6470-4d51-9792-17be5eb812b6 ] Request (DeleteServersTestJSON:test_delete_server_while_in_attached_volume): 200 GET http://10.180.1.21/compute/v2.1/servers/bd9c7290-f6fc-4f39-9c82-a51332e01a7e 0.154s
2025-04-03 05:41:48.641 69152 INFO tempest.lib.common.rest_client [req-698f9e17-441e-41f9-a1c9-a48df752597f req-698f9e17-441e-41f9-a1c9-a48df752597f ] Request (ServersTestMultiNic:test_verify_multiple_nics_order): 201 POST http://10.180.1.21:9696/networking/v2.0/networks 0.100s
2025-04-03 05:41:48.649 69156 INFO tempest.lib.common.rest_client [req-2104e467-5fd8-4dca-b495-f3e76ee3b1df req-2104e467-5fd8-4dca-b495-f3e76ee3b1df ] Request (ServerDiagnosticsNegativeTest:test_get_server_diagnostics_by_non_admin): 200 GET http://10.180.1.21/compute/v2.1/servers/845f4864-33e5-46ef-9d9a-025f1d839e52 0.134s
2025-04-03 05:41:48.650 69154 INFO tempest.lib.common.rest_client [req-8680cadc-327e-43c2-9675-f2e633b27293 req-8680cadc-327e-43c2-9675-f2e633b27293 ] Request (ImagesMetadataTestJSON:setUp): 200 PUT http://10.180.1.21/compute/v2.1/images/0998bc7b-352e-44e7-abff-055eaf44d1de/metadata 0.222s
2025-04-03 05:41:48.719 69176 INFO tempest.lib.common.rest_client [req-9356a14b-8e09-4258-8eca-5a7c4abbf23c req-9356a14b-8e09-4258-8eca-5a7c4abbf23c ] Request (ServersTestBootFromVolume:setUpClass): 200 GET http://10.180.1.21/compute/v2.1/servers/744bf0cb-53fa-412b-bb3d-9c3503e1d697 0.073s
2025-04-03 05:41:48.846 69152 INFO tempest.lib.common.rest_client [req-80d8a43a-9718-4616-87c1-8c661875b392 req-80d8a43a-9718-4616-87c1-8c661875b392 ] Request (ServersTestMultiNic:test_verify_multiple_nics_order): 201 POST http://10.180.1.21:9696/networking/v2.0/subnets 0.204s
2025-04-03 05:41:48.892 69198 INFO tempest.lib.common.rest_client [req-69255c6b-d4a8-48e6-b8c1-c7754e4a377a req-69255c6b-d4a8-48e6-b8c1-c7754e4a377a ] Request (ServerAddressesTestJSON:setUpClass): 200 GET http://10.180.1.21/compute/v2.1/servers/3c7e1381-3c5a-402c-aa40-289321aeaa53 0.181s
2025-04-03 05:41:48.904 69154 INFO tempest.lib.common.rest_client [req-91301139-5dcd-4789-9d1c-b87fc720a642 req-91301139-5dcd-4789-9d1c-b87fc720a642 ] Request (ImagesMetadataTestJSON:test_set_image_metadata): 200 PUT http://10.180.1.21/compute/v2.1/images/0998bc7b-352e-44e7-abff-055eaf44d1de/metadata 0.253s
2025-04-03 05:41:48.916 69190 INFO tempest.lib.common.rest_client [req-61f9efa0-4bac-4e1e-96ee-48ed0e91a52e req-61f9efa0-4bac-4e1e-96ee-48ed0e91a52e ] Request (SecurityGroupRulesTestJSON:setUpClass): 201 POST http://10.180.1.21:9696/networking/v2.0/subnets 0.380s
2025-04-03 05:41:48.956 69152 INFO tempest.lib.common.rest_client [req-c13c324d-3349-480b-bfbd-7639414dc9ca req-c13c324d-3349-480b-bfbd-7639414dc9ca ] Request (ServersTestMultiNic:test_verify_multiple_nics_order): 201 POST http://10.180.1.21:9696/networking/v2.0/networks 0.110s
2025-04-03 05:41:48.986 69162 INFO tempest.lib.common.rest_client [req-ec9fe7e9-066a-4ff3-b4e8-f52b7a72a80c req-ec9fe7e9-066a-4ff3-b4e8-f52b7a72a80c ] Request (SecurityGroupsTestJSON:test_server_security_groups): 200 GET http://10.180.1.21/compute/v2.1/servers/400402ac-ac7d-4086-b67c-2ba8c4d9f92d 0.146s
2025-04-03 05:41:48.988 69158 INFO tempest.lib.common.rest_client [req-5cd76596-c925-43c0-832b-b2610118f342 req-5cd76596-c925-43c0-832b-b2610118f342 ] Request (ServerGroupTestJSON:_run_cleanups): 200 GET http://10.180.1.21/compute/v2.1/servers/b803dcd4-dcc1-4f09-917d-e7070fe8b6db 0.205s
2025-04-03 05:41:49.035 69154 INFO tempest.lib.common.rest_client [req-506003ff-3136-4205-badb-e074bdcdd332 req-506003ff-3136-4205-badb-e074bdcdd332 ] Request (ImagesMetadataTestJSON:test_set_image_metadata): 200 GET http://10.180.1.21/compute/v2.1/images/0998bc7b-352e-44e7-abff-055eaf44d1de/metadata 0.130s
2025-04-03 05:41:49.050 69194 INFO tempest.lib.common.rest_client [req-dcc5e4b8-3b26-4247-849d-4f70acca342c req-dcc5e4b8-3b26-4247-849d-4f70acca342c ] Request (ServerRescueTestJSONUnderV235:setUpClass): 200 GET http://10.180.1.21/compute/v2.1/servers/22e625e7-b4f1-449a-a4ad-a50ea757e8dd 0.113s
2025-04-03 05:41:49.103 69178 INFO tempest.lib.common.rest_client [req-51b2497d-55f5-4a03-b948-79c6d56f5561 req-51b2497d-55f5-4a03-b948-79c6d56f5561 ] Request (MigrationsAdminTest:test_resize_server_revert_deleted_flavor): 200 GET http://10.180.1.21/compute/v2.1/servers/392377e1-e0c2-4696-ad23-66a9287fa003 0.109s
2025-04-03 05:41:49.111 69148 INFO tempest.lib.common.rest_client [req-c9a7e233-e83b-4931-b984-322df367519b req-c9a7e233-e83b-4931-b984-322df367519b ] Request (ServersTestJSON:setUpClass): 200 PUT http://10.180.1.21:9696/networking/v2.0/floatingips/a04b2142-310c-4235-bce0-aaa4cb2358ea 0.773s
2025-04-03 05:41:49.154 69182 INFO tempest.lib.common.rest_client [req-0a037198-06c0-4340-87e6-5972ca592177 req-0a037198-06c0-4340-87e6-5972ca592177 ] Request (ServerDiskConfigTestJSON:test_rebuild_server_with_auto_disk_config): 200 GET http://10.180.1.21/compute/v2.1/servers/bc7506b3-7995-46f3-9828-a5271aa01ab5 0.151s
2025-04-03 05:41:49.160 69164 WARNING tempest.lib.common.ssh [-] Failed to establish authenticated ssh connection to cirros@10.180.180.242 ([Errno None] Unable to connect to port 22 on 10.180.180.242). Number attempts: 1. Retry after 2 seconds.: paramiko.ssh_exception.NoValidConnectionsError: [Errno None] Unable to connect to port 22 on 10.180.180.242
2025-04-03 05:41:49.210 69180 INFO tempest.lib.common.rest_client [req-e8c1cd8a-23e4-40db-9eae-d12ffc9334bb req-e8c1cd8a-23e4-40db-9eae-d12ffc9334bb ] Request (ServerRescueTestJSON:test_rescue_unrescue_instance): 200 GET http://10.180.1.21/compute/v2.1/servers/09e0b6d9-9189-4e13-b37b-447db8b4bfcb 0.138s
2025-04-03 05:41:49.286 69152 INFO tempest.lib.common.rest_client [req-6101cfa1-0da4-44a2-b49f-dcea7e176c00 req-6101cfa1-0da4-44a2-b49f-dcea7e176c00 ] Request (ServersTestMultiNic:test_verify_multiple_nics_order): 201 POST http://10.180.1.21:9696/networking/v2.0/subnets 0.328s
2025-04-03 05:41:49.344 69148 INFO tempest.lib.common.rest_client [req-be5f0d4c-a997-4efd-a102-676c1a716c09 req-be5f0d4c-a997-4efd-a102-676c1a716c09 ] Request (ServersTestJSON:setUpClass): 200 GET http://10.180.1.21/compute/v2.1/servers/d2bc86a8-3c11-454a-8f8e-b6012ecd8f33 0.232s
2025-04-03 05:41:49.357 69154 INFO tempest.lib.common.rest_client [req-bfcce284-7cc4-4297-b2a8-8f57d98bd540 req-bfcce284-7cc4-4297-b2a8-8f57d98bd540 ] Request (ImagesMetadataTestJSON:setUp): 200 PUT http://10.180.1.21/compute/v2.1/images/0998bc7b-352e-44e7-abff-055eaf44d1de/metadata 0.320s
2025-04-03 05:41:49.359 69148 INFO tempest.lib.common.ssh [-] Creating ssh connection to '10.180.180.163:22' as 'cirros' with public key authentication
2025-04-03 05:41:49.367 69152 INFO tempest.lib.common.rest_client [req-e5720387-ed43-414c-b8f2-ee4930f8c05a req-e5720387-ed43-414c-b8f2-ee4930f8c05a ] Request (ServersTestMultiNic:test_verify_multiple_nics_order): 201 POST http://10.180.1.21/identity/v3/auth/tokens 0.078s
2025-04-03 05:41:49.367 69152 INFO tempest.lib.common.fixed_network [-] (ServersTestMultiNic:test_verify_multiple_nics_order) Found network {'id': '6851586f-138e-4184-aae9-61a2db35aacc', 'name': 'tempest-ServersTestMultiNic-2001526707-network', 'tenant_id': '136b682e5d9b42cdb6dda63468b2af10', 'admin_state_up': True, 'mtu': 8950, 'status': 'ACTIVE', 'subnets': [], 'shared': False, 'project_id': '136b682e5d9b42cdb6dda63468b2af10', 'port_security_enabled': True, 'router:external': False, 'provider:network_type': 'vlan', 'provider:physical_network': 'default', 'provider:segmentation_id': 912, 'availability_zone_hints': [], 'availability_zones': [], 'ipv4_address_scope': None, 'ipv6_address_scope': None, 'description': '', 'tags': [], 'created_at': '2025-04-03T05:39:55Z', 'updated_at': '2025-04-03T05:39:55Z', 'revision_number': 1} available for tenant
2025-04-03 05:41:49.407 69170 INFO tempest.lib.common.rest_client [req-1168ce94-5d11-4dd7-9a0a-aaec04deb8a7 req-1168ce94-5d11-4dd7-9a0a-aaec04deb8a7 ] Request (ServersAdminTestJSON:setUpClass): 200 GET http://10.180.1.21/compute/v2.1/servers/680131fe-0141-4db6-a9b5-06b814953497 0.286s
2025-04-03 05:41:49.424 69202 INFO tempest.lib.common.rest_client [req-5c8fd965-25f5-44a6-9d4b-1085490c1924 req-5c8fd965-25f5-44a6-9d4b-1085490c1924 ] Request (InstanceActionsNegativeTestJSON:tearDownClass): 200 GET http://10.180.1.21/compute/v2.1/servers/09531ee3-9860-4aba-a7df-7489e5727da3 0.236s
2025-04-03 05:41:49.472 69204 INFO tempest.lib.common.rest_client [req-fd82f132-70cc-4416-a2df-40b4ed4f7beb req-fd82f132-70cc-4416-a2df-40b4ed4f7beb ] Request (ImagesTestJSON:test_create_image_from_suspended_server): 200 GET http://10.180.1.21/compute/v2.1/servers/6d539428-fed4-4061-bd05-431f9fcbb3e7 0.229s
2025-04-03 05:41:49.474 69206 WARNING tempest.lib.common.ssh [-] Failed to establish authenticated ssh connection to cirros@10.180.180.133 ([Errno None] Unable to connect to port 22 on 10.180.180.133). Number attempts: 10. Retry after 11 seconds.: paramiko.ssh_exception.NoValidConnectionsError: [Errno None] Unable to connect to port 22 on 10.180.180.133
2025-04-03 05:41:49.486 69166 INFO tempest.lib.common.rest_client [req-e0a7f781-8474-400c-a9d0-3b21995393e3 req-e0a7f781-8474-400c-a9d0-3b21995393e3 ] Request (ListServerFiltersTestJSON:tearDownClass): 200 GET http://10.180.1.21/compute/v2.1/servers/d72b95bc-c418-4a85-aca1-54efaf67217a 0.176s
2025-04-03 05:41:49.685 69154 INFO tempest.lib.common.rest_client [req-9b60541e-0141-48c0-8d47-f3ef97c07304 req-9b60541e-0141-48c0-8d47-f3ef97c07304 ] Request (ImagesMetadataTestJSON:test_set_image_metadata_item): 200 PUT http://10.180.1.21/compute/v2.1/images/0998bc7b-352e-44e7-abff-055eaf44d1de/metadata/os_version 0.328s
2025-04-03 05:41:49.717 69190 INFO tempest.lib.common.rest_client [req-3057afd9-b6f3-4529-9dd0-7c25c1e62e08 req-3057afd9-b6f3-4529-9dd0-7c25c1e62e08 ] Request (SecurityGroupRulesTestJSON:setUpClass): 201 POST http://10.180.1.21:9696/networking/v2.0/routers 0.798s
2025-04-03 05:41:49.737 69168 WARNING tempest.lib.common.ssh [-] Failed to establish authenticated ssh connection to cirros@10.180.180.156 ([Errno None] Unable to connect to port 22 on 10.180.180.156). Number attempts: 2. Retry after 3 seconds.: paramiko.ssh_exception.NoValidConnectionsError: [Errno None] Unable to connect to port 22 on 10.180.180.156
2025-04-03 05:41:49.755 69200 INFO tempest.lib.common.rest_client [req-dade4e92-6b52-4a7a-a10f-11dda868ce79 req-dade4e92-6b52-4a7a-a10f-11dda868ce79 ] Request (ImagesOneServerNegativeTestJSON:_run_cleanups): 200 GET http://10.180.1.21/compute/v2.1/servers/6c0739c5-d01a-437d-a986-c5c0845b68f4 0.376s
2025-04-03 05:41:49.798 69184 WARNING tempest.lib.common.ssh [-] Failed to establish authenticated ssh connection to cirros@10.180.180.202 ([Errno None] Unable to connect to port 22 on 10.180.180.202). Number attempts: 10. Retry after 11 seconds.: paramiko.ssh_exception.NoValidConnectionsError: [Errno None] Unable to connect to port 22 on 10.180.180.202
2025-04-03 05:41:49.824 69146 INFO tempest.lib.common.rest_client [req-032f25e9-71c4-471f-8380-a41dbaf2c8f0 req-032f25e9-71c4-471f-8380-a41dbaf2c8f0 ] Request (DeleteServersAdminTestJSON:test_delete_server_while_in_error_state): 200 GET http://10.180.1.21/compute/v2.1/servers/5f618d22-e3ff-41b9-9131-26730e117394 0.390s
2025-04-03 05:41:49.892 69186 INFO tempest.lib.common.rest_client [req-82f11e17-ab97-45c4-a0d8-b3b33b49ffcd req-82f11e17-ab97-45c4-a0d8-b3b33b49ffcd ] Request (ImagesNegativeTestJSON:test_create_image_from_deleted_server): 200 GET http://10.180.1.21/compute/v2.1/servers/29c905a4-0b30-4d16-9e1b-90bdcfb7b3ec 0.369s
2025-04-03 05:41:49.960 69188 INFO tempest.lib.common.rest_client [req-e25cea7b-b3cf-49c5-aeaf-249fff72f65d req-e25cea7b-b3cf-49c5-aeaf-249fff72f65d ] Request (FloatingIPsAssociationTestJSON:tearDownClass): 200 GET http://10.180.1.21/compute/v2.1/servers/e8c5815f-3308-4da7-92ad-f5aa8a56747a 0.436s
2025-04-03 05:41:50.015 69196 INFO tempest.lib.common.rest_client [req-21c2a965-96a0-47b5-bb0e-3b9f5037d859 req-21c2a965-96a0-47b5-bb0e-3b9f5037d859 ] Request (DeleteServersTestJSON:test_delete_server_while_in_attached_volume): 200 GET http://10.180.1.21/compute/v2.1/servers/bd9c7290-f6fc-4f39-9c82-a51332e01a7e 0.423s
2025-04-03 05:41:50.069 69156 INFO tempest.lib.common.rest_client [req-2d3ce4bd-7c57-4eff-9afd-a68f64f50a5b req-2d3ce4bd-7c57-4eff-9afd-a68f64f50a5b ] Request (ServerDiagnosticsNegativeTest:test_get_server_diagnostics_by_non_admin): 200 GET http://10.180.1.21/compute/v2.1/servers/845f4864-33e5-46ef-9d9a-025f1d839e52 0.410s
2025-04-03 05:41:50.098 69154 INFO tempest.lib.common.rest_client [req-e476a6ee-e07f-4871-be5b-cc7cbd1ed4c0 req-e476a6ee-e07f-4871-be5b-cc7cbd1ed4c0 ] Request (ImagesMetadataTestJSON:test_set_image_metadata_item): 200 GET http://10.180.1.21/compute/v2.1/images/0998bc7b-352e-44e7-abff-055eaf44d1de/metadata 0.411s
2025-04-03 05:41:50.150 69176 INFO tempest.lib.common.rest_client [req-93f66e9e-42cd-4d5f-8ed8-9a5087013142 req-93f66e9e-42cd-4d5f-8ed8-9a5087013142 ] Request (ServersTestBootFromVolume:setUpClass): 200 GET http://10.180.1.21/compute/v2.1/servers/744bf0cb-53fa-412b-bb3d-9c3503e1d697 0.419s
2025-04-03 05:41:50.161 69176 INFO tempest.common.waiters [-] State transition "BUILD/scheduling" ==> "BUILD/None" after 30 second wait
2025-04-03 05:41:50.243 69198 INFO tempest.lib.common.rest_client [req-3668adad-da9b-4db2-ae1f-f607a6bc209a req-3668adad-da9b-4db2-ae1f-f607a6bc209a ] Request (ServerAddressesTestJSON:setUpClass): 200 GET http://10.180.1.21/compute/v2.1/servers/3c7e1381-3c5a-402c-aa40-289321aeaa53 0.343s
