2025-04-03 05:40:28.600 69164 INFO tempest.lib.common.rest_client [req-d3bc5102-79ed-4382-8f96-f25d67873d2c req-d3bc5102-79ed-4382-8f96-f25d67873d2c ] Request (SecurityGroupRulesNegativeTestJSON:tearDownClass): 202 DELETE http://10.180.1.21/compute/v2.1/os-security-groups/ac37cfd9-f934-43f2-a90c-3b9daa20351c 1.412s
2025-04-03 05:40:28.632 69168 INFO tempest.lib.common.rest_client [req-ddfda7f0-c971-4fc9-a9dc-af2172ddabe7 req-ddfda7f0-c971-4fc9-a9dc-af2172ddabe7 ] Request (HostsAdminNegativeTestJSON:tearDownClass): 200 GET http://10.180.1.21:9696/networking/v2.0/security-groups?tenant_id=99c6bb9633144755a4463a64469aa2f7&name=default 0.436s
2025-04-03 05:40:28.633 69148 INFO tempest.lib.common.rest_client [req-96051ef6-f0a1-478e-9150-64c640d42b8e req-96051ef6-f0a1-478e-9150-64c640d42b8e ] Request (KeyPairsV22TestJSON:_run_cleanups): 204 DELETE http://10.180.1.21/compute/v2.1/os-keypairs/tempest-KeyPairsV22TestJSON-keypair-2101016623 1.073s
2025-04-03 05:40:28.641 69200 INFO tempest.lib.common.rest_client [req-ba9e78f1-af41-466f-8b38-c3928a835aad req-ba9e78f1-af41-466f-8b38-c3928a835aad ] Request (ImagesOneServerNegativeTestJSON:test_create_image_specify_name_over_character_limit): 400 POST http://10.180.1.21/compute/v2.1/servers/925555de-d1fb-4c5c-9f7c-038663186c54/action 1.009s
2025-04-03 05:40:28.737 69206 INFO tempest.lib.common.rest_client [req-725a5cdf-d55e-4c6b-970a-867ec3f4f623 req-725a5cdf-d55e-4c6b-970a-867ec3f4f623 ] Request (ServersWithSpecificFlavorTestJSON:test_verify_created_server_ephemeral_disk): 200 GET http://10.180.1.21/compute/v2.1/servers/efb30d86-f227-4388-a29d-a1f2359d339b 1.220s
2025-04-03 05:40:28.751 69206 INFO tempest.lib.common.ssh [-] Creating ssh connection to '10.180.180.133:22' as 'cirros' with public key authentication
2025-04-03 05:40:28.841 69168 INFO tempest.lib.common.rest_client [req-fb1aecce-b523-493e-8824-ca513abec8f1 req-fb1aecce-b523-493e-8824-ca513abec8f1 ] Request (HostsAdminNegativeTestJSON:tearDownClass): 204 DELETE http://10.180.1.21:9696/networking/v2.0/security-groups/481189ed-56bb-442a-8a08-3c2fae85ceb5 0.209s
2025-04-03 05:40:28.877 69198 INFO tempest.lib.common.rest_client [req-14e0c0f6-f4cc-4e3a-90b9-c20ae4b11064 req-14e0c0f6-f4cc-4e3a-90b9-c20ae4b11064 ] Request (FlavorsV255TestJSON:test_crud_flavor): 200 GET http://10.180.1.21/compute/v2.1/flavors/738304251 1.084s
2025-04-03 05:40:28.883 69172 INFO tempest.lib.common.rest_client [req-ab5c6dbf-2767-4926-a947-277a27e4966a req-ab5c6dbf-2767-4926-a947-277a27e4966a ] Request (VolumesAdminNegativeTest:setUpClass): 201 POST http://10.180.1.21:9696/networking/v2.0/routers 1.450s
2025-04-03 05:40:28.954 69194 INFO tempest.lib.common.rest_client [req-117b74b8-4427-4851-8c00-ebac834e5d58 req-117b74b8-4427-4851-8c00-ebac834e5d58 ] Request (ServerDiagnosticsV248Test:tearDownClass): 200 GET http://10.180.1.21/compute/v2.1/servers/f28fc57e-ee0b-40f6-bd0d-09799ce22859 0.969s
2025-04-03 05:40:29.008 69166 INFO tempest.lib.common.rest_client [req-376c8461-62e3-4b88-9ee0-6ef3f2135321 req-376c8461-62e3-4b88-9ee0-6ef3f2135321 ] Request (ListServerFiltersTestJSON:setUpClass): 200 GET http://10.180.1.21/compute/v2.1/servers/d72b95bc-c418-4a85-aca1-54efaf67217a 0.959s
2025-04-03 05:40:29.016 69168 INFO tempest.lib.common.rest_client [req-cd069b4a-8489-403f-b335-be2b1781decc req-cd069b4a-8489-403f-b335-be2b1781decc ] Request (HostsAdminNegativeTestJSON:tearDownClass): 204 DELETE http://10.180.1.21/identity/v3/projects/99c6bb9633144755a4463a64469aa2f7 0.175s
2025-04-03 05:40:29.017 69168 INFO tempest.lib.common.dynamic_creds [-] Deleting project and security group for project: 281e87a9e08f46d1a12ab7610f0a713f
2025-04-03 05:40:29.030 69158 INFO tempest.lib.common.rest_client [req-d2a04495-38ea-44de-ba00-e16c39a5b574 req-d2a04495-38ea-44de-ba00-e16c39a5b574 ] Request (ServerGroupTestJSON:test_create_server_with_scheduler_hint_group): 200 GET http://10.180.1.21/compute/v2.1/servers/b803dcd4-dcc1-4f09-917d-e7070fe8b6db 0.898s
2025-04-03 05:40:29.095 69184 WARNING tempest.lib.common.ssh [-] Failed to establish authenticated ssh connection to cirros@10.180.180.202 ([Errno None] Unable to connect to port 22 on 10.180.180.202). Number attempts: 2. Retry after 3 seconds.: paramiko.ssh_exception.NoValidConnectionsError: [Errno None] Unable to connect to port 22 on 10.180.180.202
2025-04-03 05:40:29.128 69204 INFO tempest.lib.common.rest_client [req-0211c6d8-e829-41c3-a43c-87b49b05a3d0 req-0211c6d8-e829-41c3-a43c-87b49b05a3d0 ] Request (ImagesTestJSON:test_create_image_from_stopped_server): 200 GET http://10.180.1.21/compute/v2.1/servers/33cc3c0b-7c9d-48f2-8b55-eda6f64c6f6e 0.922s
2025-04-03 05:40:29.180 69176 INFO tempest.lib.common.rest_client [req-78536944-7358-4137-a95f-c564ad2f1e12 req-78536944-7358-4137-a95f-c564ad2f1e12 ] Request (FlavorsAdminTestJSON:_run_cleanups): 202 DELETE http://10.180.1.21/compute/v2.1/flavors/1786483391 0.948s
2025-04-03 05:40:29.220 69168 INFO tempest.lib.common.rest_client [req-cfd04257-aac2-45a7-989e-9f8136aa8aa8 req-cfd04257-aac2-45a7-989e-9f8136aa8aa8 ] Request (HostsAdminNegativeTestJSON:tearDownClass): 200 GET http://10.180.1.21:9696/networking/v2.0/security-groups?tenant_id=281e87a9e08f46d1a12ab7610f0a713f&name=default 0.203s
2025-04-03 05:40:29.245 69208 INFO tempest.lib.common.rest_client [req-d7683c43-5123-4269-acd3-282dcb8b993d req-d7683c43-5123-4269-acd3-282dcb8b993d ] Request (FloatingIPDetailsTestJSON:setUpClass): 200 PUT http://10.180.1.21:9696/networking/v2.0/routers/5835076c-e847-487d-8099-39aa12fce3cd/add_router_interface 1.647s
2025-04-03 05:40:29.245 69208 INFO tempest.lib.common.dynamic_creds [-] Created isolated network resources for: credentials: Credentials: {'domain_id': 'default', 'domain_name': 'Default', 'username': 'tempest-FloatingIPDetailsTestJSON-1804018049-project-member', 'project_domain_id': 'default', 'project_domain_name': 'Default', 'project_id': '72fa2bd298e44c7b8daef99aeb3b1f02', 'project_name': 'tempest-FloatingIPDetailsTestJSON-1804018049', 'tenant_id': '72fa2bd298e44c7b8daef99aeb3b1f02', 'tenant_name': 'tempest-FloatingIPDetailsTestJSON-1804018049', 'user_domain_id': 'default', 'user_domain_name': 'Default', 'user_id': '526ce45510c04373ac25cace2a2717c6', 'system': None}, Network: {'id': '8931514f-5db8-4005-83f2-a0259ff933f5', 'name': 'tempest-FloatingIPDetailsTestJSON-1440731443-network', 'tenant_id': '72fa2bd298e44c7b8daef99aeb3b1f02', 'admin_state_up': True, 'mtu': 8950, 'status': 'ACTIVE', 'subnets': [], 'shared': False, 'project_id': '72fa2bd298e44c7b8daef99aeb3b1f02', 'port_security_enabled': True, 'router:external': False, 'provider:network_type': 'vlan', 'provider:physical_network': 'default', 'provider:segmentation_id': 168, 'availability_zone_hints': [], 'availability_zones': [], 'ipv4_address_scope': None, 'ipv6_address_scope': None, 'description': '', 'tags': [], 'created_at': '2025-04-03T05:40:25Z', 'updated_at': '2025-04-03T05:40:25Z', 'revision_number': 1}, Subnet: {'id': 'bfd1c608-f77a-4b55-82aa-bd7b0279bedc', 'name': 'tempest-FloatingIPDetailsTestJSON-1440731443-subnet', 'tenant_id': '72fa2bd298e44c7b8daef99aeb3b1f02', 'network_id': '8931514f-5db8-4005-83f2-a0259ff933f5', 'ip_version': 4, 'subnetpool_id': None, 'enable_dhcp': True, 'ipv6_ra_mode': None, 'ipv6_address_mode': None, 'gateway_ip': '192.168.128.1', 'cidr': '192.168.128.0/28', 'allocation_pools': [{'start': '192.168.128.2', 'end': '192.168.128.14'}], 'host_routes': [], 'dns_nameservers': [], 'description': '', 'router:external': False, 'service_types': [], 'tags': [], 'created_at': '2025-04-03T05:40:25Z', 'updated_at': '2025-04-03T05:40:25Z', 'revision_number': 0, 'project_id': '72fa2bd298e44c7b8daef99aeb3b1f02'}, Router: {'id': '5835076c-e847-487d-8099-39aa12fce3cd', 'name': 'tempest-FloatingIPDetailsTestJSON-1440731443-router', 'tenant_id': '72fa2bd298e44c7b8daef99aeb3b1f02', 'admin_state_up': True, 'status': 'ACTIVE', 'external_gateway_info': {'network_id': '673bc9ef-3fba-4ea3-af2f-ce700e2df25a', 'external_fixed_ips': [{'subnet_id': '791252bb-67f7-4b15-bc46-4d349c6c5fca', 'ip_address': '10.180.180.170'}], 'enable_snat': True}, 'description': '', 'availability_zones': [], 'distributed': False, 'ha': False, 'availability_zone_hints': [], 'routes': [], 'flavor_id': None, 'tags': [], 'created_at': '2025-04-03T05:40:26Z', 'updated_at': '2025-04-03T05:40:27Z', 'revision_number': 2, 'project_id': '72fa2bd298e44c7b8daef99aeb3b1f02'}
2025-04-03 05:40:29.448 69208 INFO tempest.lib.common.rest_client [req-e2ecb2d0-d263-4602-9365-8469873f94fe req-e2ecb2d0-d263-4602-9365-8469873f94fe ] Request (FloatingIPDetailsTestJSON:setUpClass): 201 POST http://10.180.1.21/identity/v3/auth/tokens 0.197s
2025-04-03 05:40:29.484 69168 INFO tempest.lib.common.rest_client [req-e24830e0-55d3-4e41-ae42-d2c8e1af354c req-e24830e0-55d3-4e41-ae42-d2c8e1af354c ] Request (HostsAdminNegativeTestJSON:tearDownClass): 204 DELETE http://10.180.1.21:9696/networking/v2.0/security-groups/cf0be083-ff55-47e9-be4b-46adc6c19b15 0.263s
2025-04-03 05:40:29.501 69160 INFO tempest.lib.common.rest_client [req-133e80ba-3f91-4e22-9442-477c7d3de526 req-133e80ba-3f91-4e22-9442-477c7d3de526 ] Request (AttachInterfacesTestJSON:test_create_list_show_delete_interfaces_by_fixed_ip): 200 GET http://10.180.1.21/compute/v2.1/servers/614c2b9e-841e-442f-a7e3-fd3b27d84f06 1.227s
2025-04-03 05:40:29.644 69196 INFO tempest.lib.common.rest_client [req-5e881cba-1c9c-41bb-9354-6188398b5ec6 req-5e881cba-1c9c-41bb-9354-6188398b5ec6 ] Request (DeleteServersTestJSON:test_delete_active_server): 200 GET http://10.180.1.21/compute/v2.1/servers/e4349a14-2d63-4000-aba2-3c6a3867eb11 1.365s
2025-04-03 05:40:29.672 69175 WARNING tempest.lib.common.ssh [-] Failed to establish authenticated ssh connection to cirros@10.180.180.223 ([Errno None] Unable to connect to port 22 on 10.180.180.223). Number attempts: 2. Retry after 3 seconds.: paramiko.ssh_exception.NoValidConnectionsError: [Errno None] Unable to connect to port 22 on 10.180.180.223
2025-04-03 05:40:29.703 69190 INFO tempest.lib.common.rest_client [req-89347d8a-fb7f-4311-93dc-2650d2efbdc0 req-89347d8a-fb7f-4311-93dc-2650d2efbdc0 ] Request (ImagesOneServerTestJSON:test_create_delete_image): 200 GET http://10.180.1.21/compute/v2.1/images/706a8b51-2506-4a43-a6da-0b5e5d091e2f 1.364s
2025-04-03 05:40:29.734 69168 INFO tempest.lib.common.rest_client [req-acabb2c8-01f9-42d8-b3f1-ca68e420b099 req-acabb2c8-01f9-42d8-b3f1-ca68e420b099 ] Request (HostsAdminNegativeTestJSON:tearDownClass): 204 DELETE http://10.180.1.21/identity/v3/projects/281e87a9e08f46d1a12ab7610f0a713f 0.250s
2025-04-03 05:40:29.802 69168 INFO tempest.lib.common.rest_client [req-2db86ad4-b7f4-4022-8bea-7460df993960 req-2db86ad4-b7f4-4022-8bea-7460df993960 ] Request (ListImagesTestJSON:setUpClass): 201 POST http://10.180.1.21/identity/v3/auth/tokens 0.066s
2025-04-03 05:40:29.832 69168 INFO tempest.lib.common.rest_client [req-bc88eff6-51be-4503-bdfa-018cbb9975b3 req-bc88eff6-51be-4503-bdfa-018cbb9975b3 ] Request (ListImagesTestJSON:setUpClass): 201 POST http://10.180.1.21/identity/v3/auth/tokens 0.027s
2025-04-03 05:40:29.862 69168 INFO tempest.lib.common.rest_client [req-581c1c7a-d6ba-4137-a3df-7dd468eaf507 req-581c1c7a-d6ba-4137-a3df-7dd468eaf507 ] Request (ListImagesTestJSON:setUpClass): 200 GET http://10.180.1.21/identity/v3/domains?name=Default 0.030s
2025-04-03 05:40:29.943 69168 INFO tempest.lib.common.rest_client [req-4d9bef48-db3e-4bf7-a8e3-f783c384ce0b req-4d9bef48-db3e-4bf7-a8e3-f783c384ce0b ] Request (ListImagesTestJSON:setUpClass): 201 POST http://10.180.1.21/identity/v3/projects 0.080s
2025-04-03 05:40:30.067 69168 INFO tempest.lib.common.rest_client [req-8565178f-b581-4e24-ab12-7a62b260fd3c req-8565178f-b581-4e24-ab12-7a62b260fd3c ] Request (ListImagesTestJSON:setUpClass): 201 POST http://10.180.1.21/identity/v3/users 0.124s
2025-04-03 05:40:30.113 69168 INFO tempest.lib.common.rest_client [req-6d3c2d0e-f2b4-4667-90bf-806138f5753c req-6d3c2d0e-f2b4-4667-90bf-806138f5753c ] Request (ListImagesTestJSON:setUpClass): 200 GET http://10.180.1.21/identity/v3/roles 0.043s
2025-04-03 05:40:30.181 69168 INFO tempest.lib.common.rest_client [req-80ef4460-fc58-44b7-b314-08517c886158 req-80ef4460-fc58-44b7-b314-08517c886158 ] Request (ListImagesTestJSON:setUpClass): 204 PUT http://10.180.1.21/identity/v3/projects/e567faa6397949c188876fe5d27650c8/users/5ba59a98c1604a57be614376658b3bbd/roles/9864bf86660946ea8223bae7d64d8213 0.067s
2025-04-03 05:40:30.181 69168 INFO tempest.lib.common.dynamic_creds [-] Dynamic test user 5ba59a98c1604a57be614376658b3bbd is created with scope project and roles: ['member']
2025-04-03 05:40:30.181 69168 INFO tempest.lib.common.dynamic_creds [-] Acquired dynamic creds: credentials: Credentials: {'domain_id': 'default', 'domain_name': 'Default', 'username': 'tempest-ListImagesTestJSON-2047273526-project-member', 'project_domain_id': 'default', 'project_domain_name': 'Default', 'project_id': 'e567faa6397949c188876fe5d27650c8', 'project_name': 'tempest-ListImagesTestJSON-2047273526', 'tenant_id': 'e567faa6397949c188876fe5d27650c8', 'tenant_name': 'tempest-ListImagesTestJSON-2047273526', 'user_domain_id': 'default', 'user_domain_name': 'Default', 'user_id': '5ba59a98c1604a57be614376658b3bbd', 'system': None}, Network: None, Subnet: None, Router: None
2025-04-03 05:40:30.181 69168 INFO tempest.lib.common.dynamic_creds [-] Created isolated network resources for: credentials: Credentials: {'domain_id': 'default', 'domain_name': 'Default', 'username': 'tempest-ListImagesTestJSON-2047273526-project-member', 'project_domain_id': 'default', 'project_domain_name': 'Default', 'project_id': 'e567faa6397949c188876fe5d27650c8', 'project_name': 'tempest-ListImagesTestJSON-2047273526', 'tenant_id': 'e567faa6397949c188876fe5d27650c8', 'tenant_name': 'tempest-ListImagesTestJSON-2047273526', 'user_domain_id': 'default', 'user_domain_name': 'Default', 'user_id': '5ba59a98c1604a57be614376658b3bbd', 'system': None}, Network: None, Subnet: None, Router: None
2025-04-03 05:40:30.291 69168 INFO tempest.lib.common.rest_client [req-5269c0ab-ba00-4692-9d5b-7e2a14b0f398 req-5269c0ab-ba00-4692-9d5b-7e2a14b0f398 ] Request (ListImagesTestJSON:setUpClass): 201 POST http://10.180.1.21/identity/v3/auth/tokens 0.107s
2025-04-03 05:40:30.636 69202 INFO tempest.lib.common.rest_client [req-2faaf619-efc2-4d0b-b1de-6e1ebadfe343 req-2faaf619-efc2-4d0b-b1de-6e1ebadfe343 ] Request (InstanceActionsNegativeTestJSON:setUpClass): 202 POST http://10.180.1.21/compute/v2.1/servers 2.235s
2025-04-03 05:40:30.726 69152 INFO tempest.lib.common.rest_client [req-ec8ac2d7-549b-4815-8e62-f81e7df2896e req-ec8ac2d7-549b-4815-8e62-f81e7df2896e ] Request (ServersTestMultiNic:test_verify_duplicate_network_nics): 200 GET http://10.180.1.21/compute/v2.1/servers/5419c45e-be0f-4c55-a09e-f07bdcd209b1 2.278s
2025-04-03 05:40:30.952 69186 INFO tempest.lib.common.rest_client [req-55a9d9ed-5085-404d-89a6-84cadacab490 req-55a9d9ed-5085-404d-89a6-84cadacab490 ] Request (ServerExternalEventsTest:test_create_server_external_events): 200 GET http://10.180.1.21/compute/v2.1/servers/defd4007-c253-41bc-a9c0-e8b488c4e418 2.394s
2025-04-03 05:40:30.961 69186 INFO tempest.common.waiters [-] State transition "BUILD/spawning" ==> "ACTIVE/None" after 27 second wait
2025-04-03 05:40:31.206 69172 INFO tempest.lib.common.rest_client [req-552a6517-3e09-49d1-9bff-c0379c923852 req-552a6517-3e09-49d1-9bff-c0379c923852 ] Request (VolumesAdminNegativeTest:setUpClass): 200 PUT http://10.180.1.21:9696/networking/v2.0/routers/b65df12a-38a3-40ef-b0e3-852df15b11ab/add_router_interface 2.322s
2025-04-03 05:40:31.208 69172 INFO tempest.lib.common.dynamic_creds [-] Created isolated network resources for: credentials: Credentials: {'domain_id': 'default', 'domain_name': 'Default', 'username': 'tempest-VolumesAdminNegativeTest-18560170-project-member', 'project_domain_id': 'default', 'project_domain_name': 'Default', 'project_id': '73df5c1cad1746328b41dbacbecfb26f', 'project_name': 'tempest-VolumesAdminNegativeTest-18560170', 'tenant_id': '73df5c1cad1746328b41dbacbecfb26f', 'tenant_name': 'tempest-VolumesAdminNegativeTest-18560170', 'user_domain_id': 'default', 'user_domain_name': 'Default', 'user_id': 'b8fcd0630ad6433c8e94e3a27a78e63d', 'system': None}, Network: {'id': '13eeae72-ac65-4b12-9915-274f8cca21b6', 'name': 'tempest-VolumesAdminNegativeTest-1653658687-network', 'tenant_id': '73df5c1cad1746328b41dbacbecfb26f', 'admin_state_up': True, 'mtu': 8950, 'status': 'ACTIVE', 'subnets': [], 'shared': False, 'project_id': '73df5c1cad1746328b41dbacbecfb26f', 'port_security_enabled': True, 'router:external': False, 'provider:network_type': 'vlan', 'provider:physical_network': 'default', 'provider:segmentation_id': 639, 'availability_zone_hints': [], 'availability_zones': [], 'ipv4_address_scope': None, 'ipv6_address_scope': None, 'description': '', 'tags': [], 'created_at': '2025-04-03T05:40:26Z', 'updated_at': '2025-04-03T05:40:26Z', 'revision_number': 1}, Subnet: {'id': 'a732dc47-ea81-4c45-a248-4e41e79665ff', 'name': 'tempest-VolumesAdminNegativeTest-1653658687-subnet', 'tenant_id': '73df5c1cad1746328b41dbacbecfb26f', 'network_id': '13eeae72-ac65-4b12-9915-274f8cca21b6', 'ip_version': 4, 'subnetpool_id': None, 'enable_dhcp': True, 'ipv6_ra_mode': None, 'ipv6_address_mode': None, 'gateway_ip': '192.168.128.1', 'cidr': '192.168.128.0/28', 'allocation_pools': [{'start': '192.168.128.2', 'end': '192.168.128.14'}], 'host_routes': [], 'dns_nameservers': [], 'description': '', 'router:external': False, 'service_types': [], 'tags': [], 'created_at': '2025-04-03T05:40:27Z', 'updated_at': '2025-04-03T05:40:27Z', 'revision_number': 0, 'project_id': '73df5c1cad1746328b41dbacbecfb26f'}, Router: {'id': 'b65df12a-38a3-40ef-b0e3-852df15b11ab', 'name': 'tempest-VolumesAdminNegativeTest-1653658687-router', 'tenant_id': '73df5c1cad1746328b41dbacbecfb26f', 'admin_state_up': True, 'status': 'ACTIVE', 'external_gateway_info': {'network_id': '673bc9ef-3fba-4ea3-af2f-ce700e2df25a', 'external_fixed_ips': [{'subnet_id': '791252bb-67f7-4b15-bc46-4d349c6c5fca', 'ip_address': '10.180.180.188'}], 'enable_snat': True}, 'description': '', 'availability_zones': [], 'distributed': False, 'ha': False, 'availability_zone_hints': [], 'routes': [], 'flavor_id': None, 'tags': [], 'created_at': '2025-04-03T05:40:27Z', 'updated_at': '2025-04-03T05:40:28Z', 'revision_number': 2, 'project_id': '73df5c1cad1746328b41dbacbecfb26f'}
2025-04-03 05:40:31.218 69164 INFO tempest.lib.common.rest_client [req-0c3a1030-3ddf-465e-834b-3820cf58cf22 req-0c3a1030-3ddf-465e-834b-3820cf58cf22 ] Request (SecurityGroupRulesNegativeTestJSON:tearDownClass): 202 DELETE http://10.180.1.21/compute/v2.1/os-security-groups/11ef2ce1-9d76-4635-83d8-46f9efca7dec 2.617s
2025-04-03 05:40:31.343 69148 INFO tempest.lib.common.rest_client [req-f5104523-152b-4781-b2b9-b7566d88f32a req-f5104523-152b-4781-b2b9-b7566d88f32a ] Request (KeyPairsV22TestJSON:test_keypairsv22_create_list_show): 201 POST http://10.180.1.21/compute/v2.1/os-keypairs 2.708s
2025-04-03 05:40:31.358 69172 INFO tempest.lib.common.rest_client [req-e0826c6a-4031-4b65-90c0-85d27dbada78 req-e0826c6a-4031-4b65-90c0-85d27dbada78 ] Request (VolumesAdminNegativeTest:setUpClass): 201 POST http://10.180.1.21/identity/v3/auth/tokens 0.143s
2025-04-03 05:40:31.526 69150 WARNING tempest.lib.common.ssh [-] Failed to establish authenticated ssh connection to cirros@10.180.180.204 ([Errno None] Unable to connect to port 22 on 10.180.180.204). Number attempts: 4. Retry after 5 seconds.: paramiko.ssh_exception.NoValidConnectionsError: [Errno None] Unable to connect to port 22 on 10.180.180.204
2025-04-03 05:40:31.546 69172 INFO tempest.lib.common.rest_client [req-ccd90194-e289-4943-9fc0-fc42aae17801 req-ccd90194-e289-4943-9fc0-fc42aae17801 ] Request (VolumesAdminNegativeTest:setUpClass): 201 POST http://10.180.1.21/identity/v3/projects 0.187s
2025-04-03 05:40:31.621 69200 INFO tempest.lib.common.rest_client [req-54e4f910-d8af-42dc-ac69-464fe9d288d4 req-54e4f910-d8af-42dc-ac69-464fe9d288d4 ] Request (ImagesOneServerNegativeTestJSON:tearDown): 200 GET http://10.180.1.21/compute/v2.1/servers/925555de-d1fb-4c5c-9f7c-038663186c54 2.979s
2025-04-03 05:40:31.679 69172 INFO tempest.lib.common.rest_client [req-7871d3e4-e170-409f-a78f-04de54fb135a req-7871d3e4-e170-409f-a78f-04de54fb135a ] Request (VolumesAdminNegativeTest:setUpClass): 201 POST http://10.180.1.21/identity/v3/users 0.133s
2025-04-03 05:40:31.683 69154 INFO tempest.lib.common.rest_client [req-9ec7e1c0-fd8b-4dfe-b2b7-cdfdd1f8240f req-9ec7e1c0-fd8b-4dfe-b2b7-cdfdd1f8240f ] Request (FloatingIPsAssociationNegativeTestJSON:setUpClass): 200 GET http://10.180.1.21/compute/v2.1/servers/e7d41890-f48b-470e-b33e-cd64c725e2c8 3.017s
2025-04-03 05:40:31.723 69172 INFO tempest.lib.common.rest_client [req-ba6eec4f-4d1e-45c7-a76d-6da566ec87ea req-ba6eec4f-4d1e-45c7-a76d-6da566ec87ea ] Request (VolumesAdminNegativeTest:setUpClass): 200 GET http://10.180.1.21/identity/v3/roles 0.043s
2025-04-03 05:40:31.756 69172 INFO tempest.lib.common.rest_client [req-864bb960-4a08-4bb0-98c9-81b8893359ac req-864bb960-4a08-4bb0-98c9-81b8893359ac ] Request (VolumesAdminNegativeTest:setUpClass): 204 PUT http://10.180.1.21/identity/v3/projects/914d2cc060914388b43f69c76d77209b/users/e50ea74d9b6f438e8d79d2b9abf4bed0/roles/4796618579ab451ba5f7299f788b3d62 0.032s
2025-04-03 05:40:31.813 69172 INFO tempest.lib.common.rest_client [req-e9f4c17b-8188-48c5-95ff-c66af18927cb req-e9f4c17b-8188-48c5-95ff-c66af18927cb ] Request (VolumesAdminNegativeTest:setUpClass): 200 GET http://10.180.1.21/identity/v3/roles 0.057s
2025-04-03 05:40:31.832 69156 INFO tempest.lib.common.rest_client [req-48e71d35-a36c-418f-aebd-3798c8f4cc20 req-48e71d35-a36c-418f-aebd-3798c8f4cc20 ] Request (ServerDiagnosticsTest:test_get_server_diagnostics): 200 GET http://10.180.1.21/compute/v2.1/servers/6bce843d-b138-4438-bf9f-d73eecb1d5d4 3.098s
2025-04-03 05:40:31.834 69172 INFO tempest.lib.common.rest_client [req-3d95d830-a797-4e3d-a0fd-1ff4e136ec2c req-3d95d830-a797-4e3d-a0fd-1ff4e136ec2c ] Request (VolumesAdminNegativeTest:setUpClass): 204 PUT http://10.180.1.21/identity/v3/projects/914d2cc060914388b43f69c76d77209b/users/e50ea74d9b6f438e8d79d2b9abf4bed0/roles/4796618579ab451ba5f7299f788b3d62 0.020s
2025-04-03 05:40:31.834 69172 INFO tempest.lib.common.dynamic_creds [-] Dynamic test user e50ea74d9b6f438e8d79d2b9abf4bed0 is created with scope project and roles: ['admin']
2025-04-03 05:40:31.834 69172 INFO tempest.lib.common.dynamic_creds [-] Acquired dynamic creds: credentials: Credentials: {'domain_id': 'default', 'domain_name': 'Default', 'username': 'tempest-VolumesAdminNegativeTest-2067940848-project-admin', 'project_domain_id': 'default', 'project_domain_name': 'Default', 'project_id': '914d2cc060914388b43f69c76d77209b', 'project_name': 'tempest-VolumesAdminNegativeTest-2067940848', 'tenant_id': '914d2cc060914388b43f69c76d77209b', 'tenant_name': 'tempest-VolumesAdminNegativeTest-2067940848', 'user_domain_id': 'default', 'user_domain_name': 'Default', 'user_id': 'e50ea74d9b6f438e8d79d2b9abf4bed0', 'system': None}, Network: None, Subnet: None, Router: None
2025-04-03 05:40:31.844 69156 INFO tempest.common.waiters [-] State transition "BUILD/None" ==> "BUILD/spawning" after 27 second wait
2025-04-03 05:40:31.848 69206 WARNING tempest.lib.common.ssh [-] Failed to establish authenticated ssh connection to cirros@10.180.180.133 ([Errno None] Unable to connect to port 22 on 10.180.180.133). Number attempts: 1. Retry after 2 seconds.: paramiko.ssh_exception.NoValidConnectionsError: [Errno None] Unable to connect to port 22 on 10.180.180.133
2025-04-03 05:40:31.872 69198 INFO tempest.lib.common.rest_client [req-a62ac59b-7388-4eea-83d7-97bfa4549214 req-a62ac59b-7388-4eea-83d7-97bfa4549214 ] Request (FlavorsV255TestJSON:test_crud_flavor): 200 PUT http://10.180.1.21/compute/v2.1/flavors/738304251 2.992s
2025-04-03 05:40:31.947 69188 INFO tempest.lib.common.rest_client [req-509553db-4729-42c9-881a-57189782201e req-509553db-4729-42c9-881a-57189782201e ] Request (FloatingIPsAssociationTestJSON:test_associate_already_associated_floating_ip): 200 GET http://10.180.1.21/compute/v2.1/servers/e8c5815f-3308-4da7-92ad-f5aa8a56747a 3.044s
2025-04-03 05:40:32.120 69162 INFO tempest.lib.common.rest_client [req-e2bd455a-7a65-4102-8690-113c1124b41b req-e2bd455a-7a65-4102-8690-113c1124b41b ] Request (SecurityGroupsTestJSON:test_list_security_groups_by_server): 200 GET http://10.180.1.21/compute/v2.1/servers/38556428-d6d1-437d-81f6-1868f0f5a4f2 3.093s
2025-04-03 05:40:32.128 69162 INFO tempest.common.waiters [-] State transition "BUILD/spawning" ==> "ACTIVE/None" after 29 second wait
2025-04-03 05:40:32.148 69176 INFO tempest.lib.common.rest_client [req-2a530926-5451-424f-b398-66e8dcbaca1e req-2a530926-5451-424f-b398-66e8dcbaca1e ] Request (FlavorsAdminTestJSON:_run_cleanups): 200 GET http://10.180.1.21/compute/v2.1/flavors/detail 2.967s
2025-04-03 05:40:32.161 69182 INFO tempest.lib.common.rest_client [req-a80f70e7-7c9c-48c5-a6b2-743247783c91 req-a80f70e7-7c9c-48c5-a6b2-743247783c91 ] Request (SecurityGroupsTestAdminJSON:test_list_security_groups_list_all_tenants_filter): 200 GET http://10.180.1.21/compute/v2.1/os-security-groups?all_tenants=true 3.975s
2025-04-03 05:40:32.242 69172 INFO tempest.lib.common.rest_client [req-27ac0035-850c-4518-8c10-1bc052ae1011 req-27ac0035-850c-4518-8c10-1bc052ae1011 ] Request (VolumesAdminNegativeTest:setUpClass): 201 POST http://10.180.1.21:9696/networking/v2.0/networks 0.407s
2025-04-03 05:40:32.247 69170 INFO tempest.lib.common.rest_client [req-5fc73756-693f-4536-bf0b-f0439c555ea8 req-5fc73756-693f-4536-bf0b-f0439c555ea8 ] Request (ServersAdmin275Test:_run_cleanups): 200 GET http://10.180.1.21/compute/v2.1/servers/dc709085-3ae9-4508-b9fe-0384f610b689 2.864s
2025-04-03 05:40:32.262 69170 INFO tempest.common.waiters [-] State transition "REBUILD/rebuild_spawning" ==> "ACTIVE/None" after 14 second wait
2025-04-03 05:40:32.283 69178 INFO tempest.lib.common.rest_client [req-d8dcd1bb-e59a-4fae-a5c4-0e163c83d347 req-d8dcd1bb-e59a-4fae-a5c4-0e163c83d347 ] Request (MigrationsAdminTest:test_list_migrations_in_flavor_resize_situation): 200 GET http://10.180.1.21/compute/v2.1/servers/edc4e56e-e6e9-4212-8fa5-437c0bda52e8 3.043s
2025-04-03 05:40:32.328 69180 INFO tempest.lib.common.rest_client [req-9745285f-512b-48a2-a006-f2ff6593b3ee req-9745285f-512b-48a2-a006-f2ff6593b3ee ] Request (ServerRescueTestJSON:setUpClass): 200 GET http://10.180.1.21/compute/v2.1/servers/2eca808d-d018-4b45-ac0b-ef2768ed1818 2.862s
2025-04-03 05:40:32.349 69146 INFO tempest.lib.common.rest_client [req-d76cd5e9-26d0-4309-a19c-b3b6b5ef67fd req-d76cd5e9-26d0-4309-a19c-b3b6b5ef67fd ] Request (DeleteServersAdminTestJSON:test_admin_delete_servers_of_others): 404 GET http://10.180.1.21/compute/v2.1/servers/1cd9ccdf-3d2b-4c90-8004-4cc9d3086066 2.758s
2025-04-03 05:40:32.426 69194 INFO tempest.lib.common.rest_client [req-7e5b211c-a137-461c-927e-9bd7aaafed6b req-7e5b211c-a137-461c-927e-9bd7aaafed6b ] Request (ServerDiagnosticsV248Test:tearDownClass): 200 GET http://10.180.1.21/compute/v2.1/servers/f28fc57e-ee0b-40f6-bd0d-09799ce22859 2.457s
2025-04-03 05:40:32.438 69146 INFO tempest.lib.common.rest_client [req-8a84165f-067b-4bbf-9cf7-4c457005f3e1 req-8a84165f-067b-4bbf-9cf7-4c457005f3e1 ] Request (DeleteServersAdminTestJSON:test_delete_server_while_in_error_state): 201 POST http://10.180.1.21/identity/v3/auth/tokens 0.072s
2025-04-03 05:40:32.443 69146 INFO tempest.lib.common.fixed_network [-] (DeleteServersAdminTestJSON:test_delete_server_while_in_error_state) Found network None available for tenant
2025-04-03 05:40:32.477 69172 INFO tempest.lib.common.rest_client [req-bec55502-25ed-4c78-ab59-8a0fe8ba4a5c req-bec55502-25ed-4c78-ab59-8a0fe8ba4a5c ] Request (VolumesAdminNegativeTest:setUpClass): 201 POST http://10.180.1.21:9696/networking/v2.0/subnets 0.234s
2025-04-03 05:40:32.482 69166 INFO tempest.lib.common.rest_client [req-2e8b3184-207f-48ca-8589-7fe988848118 req-2e8b3184-207f-48ca-8589-7fe988848118 ] Request (ListServerFiltersTestJSON:setUpClass): 200 GET http://10.180.1.21/compute/v2.1/servers/d72b95bc-c418-4a85-aca1-54efaf67217a 2.455s
2025-04-03 05:40:32.541 69158 INFO tempest.lib.common.rest_client [req-3daaf258-46d6-4825-8c53-e18681f6be1d req-3daaf258-46d6-4825-8c53-e18681f6be1d ] Request (ServerGroupTestJSON:test_create_server_with_scheduler_hint_group): 200 GET http://10.180.1.21/compute/v2.1/servers/b803dcd4-dcc1-4f09-917d-e7070fe8b6db 2.501s
2025-04-03 05:40:32.608 69204 INFO tempest.lib.common.rest_client [req-cef2bcbc-c34e-4d9a-9bf1-ea02e48e7a34 req-cef2bcbc-c34e-4d9a-9bf1-ea02e48e7a34 ] Request (ImagesTestJSON:test_create_image_from_stopped_server): 200 GET http://10.180.1.21/compute/v2.1/servers/33cc3c0b-7c9d-48f2-8b55-eda6f64c6f6e 2.468s
2025-04-03 05:40:32.781 69168 INFO tempest.lib.common.rest_client [req-805f234e-a443-4335-95ea-692fd853b9cb req-805f234e-a443-4335-95ea-692fd853b9cb ] Request (ListImagesTestJSON:test_get_image): 200 GET http://10.180.1.21/compute/v2.1/images/b02f26fd-7123-4543-a3bf-32b9f3b7b103 2.488s
2025-04-03 05:40:32.860 69160 INFO tempest.lib.common.rest_client [req-bdbf1530-2085-4962-a82c-33ccd39ce666 req-bdbf1530-2085-4962-a82c-33ccd39ce666 ] Request (AttachInterfacesTestJSON:test_create_list_show_delete_interfaces_by_fixed_ip): 200 GET http://10.180.1.21/compute/v2.1/servers/614c2b9e-841e-442f-a7e3-fd3b27d84f06 2.346s
2025-04-03 05:40:32.924 69202 INFO tempest.lib.common.rest_client [req-20b3795d-0a3a-480d-8eb3-55c7bfc8240e req-20b3795d-0a3a-480d-8eb3-55c7bfc8240e ] Request (InstanceActionsNegativeTestJSON:setUpClass): 200 GET http://10.180.1.21/compute/v2.1/servers/09531ee3-9860-4aba-a7df-7489e5727da3 2.287s
2025-04-03 05:40:33.011 69196 INFO tempest.lib.common.rest_client [req-9e120af1-a175-4053-8f93-7037c2f043cd req-9e120af1-a175-4053-8f93-7037c2f043cd ] Request (DeleteServersTestJSON:test_delete_active_server): 200 GET http://10.180.1.21/compute/v2.1/servers/e4349a14-2d63-4000-aba2-3c6a3867eb11 2.358s
2025-04-03 05:40:33.024 69196 INFO tempest.common.waiters [-] State transition "BUILD/None" ==> "BUILD/networking" after 27 second wait
2025-04-03 05:40:33.057 69190 INFO tempest.lib.common.rest_client [req-993abc7d-65fb-46d3-bc0c-e30460c5fba3 req-993abc7d-65fb-46d3-bc0c-e30460c5fba3 ] Request (ImagesOneServerTestJSON:test_create_delete_image): 200 GET http://10.180.1.21/compute/v2.1/images/706a8b51-2506-4a43-a6da-0b5e5d091e2f 2.348s
2025-04-03 05:40:33.141 69208 INFO tempest.lib.common.rest_client [req-d12e3e93-7d4c-426a-979f-4f798a4cbae0 req-d12e3e93-7d4c-426a-979f-4f798a4cbae0 ] Request (FloatingIPDetailsTestJSON:setUpClass): 200 POST http://10.180.1.21/compute/v2.1/os-floating-ips 3.692s
2025-04-03 05:40:33.255 69186 INFO tempest.lib.common.rest_client [req-3ec9d652-a0c8-4f57-a124-17f13466f6ba req-3ec9d652-a0c8-4f57-a124-17f13466f6ba ] Request (ServerExternalEventsTest:test_create_server_external_events): 200 POST http://10.180.1.21/compute/v2.1/os-server-external-events 2.292s
2025-04-03 05:40:33.275 69148 INFO tempest.lib.common.rest_client [req-4f63e58f-360e-446b-9503-47f9e4a06907 req-4f63e58f-360e-446b-9503-47f9e4a06907 ] Request (KeyPairsV22TestJSON:test_keypairsv22_create_list_show): 200 GET http://10.180.1.21/compute/v2.1/os-keypairs/tempest-keypair-892390192 1.930s
2025-04-03 05:40:33.329 69164 INFO tempest.lib.common.rest_client [req-48925b34-9976-4576-aa6f-6d3c6df3e5d4 req-48925b34-9976-4576-aa6f-6d3c6df3e5d4 ] Request (SecurityGroupRulesNegativeTestJSON:tearDownClass): 202 DELETE http://10.180.1.21/compute/v2.1/os-security-groups/1d87caf7-ea7e-45c3-b885-54d01e6ce0b2 2.110s
2025-04-03 05:40:33.411 69152 INFO tempest.lib.common.rest_client [req-e97a289d-0232-4d76-92d9-470ff4576a6e req-e97a289d-0232-4d76-92d9-470ff4576a6e ] Request (ServersTestMultiNic:test_verify_duplicate_network_nics): 200 GET http://10.180.1.21/compute/v2.1/servers/5419c45e-be0f-4c55-a09e-f07bdcd209b1 1.678s
2025-04-03 05:40:33.448 69198 INFO tempest.lib.common.rest_client [req-107523cf-9128-4016-bf02-b740e5229814 req-107523cf-9128-4016-bf02-b740e5229814 ] Request (FlavorsV255TestJSON:test_crud_flavor): 200 GET http://10.180.1.21/compute/v2.1/flavors/detail 1.573s
2025-04-03 05:40:33.468 69200 INFO tempest.lib.common.rest_client [req-c2741184-73e3-4f61-aacf-a4b9616fde70 req-c2741184-73e3-4f61-aacf-a4b9616fde70 ] Request (ImagesOneServerNegativeTestJSON:setUp): 200 GET http://10.180.1.21/compute/v2.1/servers/925555de-d1fb-4c5c-9f7c-038663186c54 1.836s
2025-04-03 05:40:33.496 69176 INFO tempest.lib.common.rest_client [req-b424b199-224e-4206-bf23-b6ccc333886e req-b424b199-224e-4206-bf23-b6ccc333886e ] Request (FlavorsAdminTestJSON:test_list_public_flavor_with_other_user): 200 POST http://10.180.1.21/compute/v2.1/flavors 1.340s
2025-04-03 05:40:33.643 69182 INFO tempest.lib.common.rest_client [req-7b9f5920-40fd-4659-9a80-9a38dde17cec req-7b9f5920-40fd-4659-9a80-9a38dde17cec ] Request (SecurityGroupsTestAdminJSON:test_list_security_groups_list_all_tenants_filter): 200 GET http://10.180.1.21/compute/v2.1/os-security-groups?all_tenants=true 1.468s
2025-04-03 05:40:33.884 69172 INFO tempest.lib.common.rest_client [req-3a1c7a43-7495-4a28-84db-4886fedced66 req-3a1c7a43-7495-4a28-84db-4886fedced66 ] Request (VolumesAdminNegativeTest:setUpClass): 201 POST http://10.180.1.21:9696/networking/v2.0/routers 1.407s
2025-04-03 05:40:33.910 69170 INFO tempest.lib.common.rest_client [req-597f966f-0cf2-4bdb-b6ad-6f9893a3fad9 req-597f966f-0cf2-4bdb-b6ad-6f9893a3fad9 ] Request (ServersAdmin275Test:tearDownClass): 204 DELETE http://10.180.1.21/compute/v2.1/servers/dc709085-3ae9-4508-b9fe-0384f610b689 1.644s
2025-04-03 05:40:34.066 69162 INFO tempest.lib.common.rest_client [req-7de31970-d5c7-45e2-920d-2fdc3922efba req-7de31970-d5c7-45e2-920d-2fdc3922efba ] Request (SecurityGroupsTestJSON:test_list_security_groups_by_server): 202 POST http://10.180.1.21/compute/v2.1/servers/38556428-d6d1-437d-81f6-1868f0f5a4f2/action 1.938s
2025-04-03 05:40:34.172 69154 INFO tempest.lib.common.rest_client [req-617e7f7b-dd3d-48d7-be09-5baf23613772 req-617e7f7b-dd3d-48d7-be09-5baf23613772 ] Request (FloatingIPsAssociationNegativeTestJSON:setUpClass): 200 GET http://10.180.1.21/compute/v2.1/servers/e7d41890-f48b-470e-b33e-cd64c725e2c8 1.477s
2025-04-03 05:40:34.243 69168 INFO tempest.lib.common.rest_client [req-b8ae0d0c-9a4b-4600-ba75-6e1fdb02bc69 req-b8ae0d0c-9a4b-4600-ba75-6e1fdb02bc69 ] Request (ListImagesTestJSON:test_list_images): 200 GET http://10.180.1.21/compute/v2.1/images 1.458s
2025-04-03 05:40:34.335 69146 INFO tempest.lib.common.rest_client [req-8a025ce9-0748-4c68-b0c9-b8e698687632 req-8a025ce9-0748-4c68-b0c9-b8e698687632 ] Request (DeleteServersAdminTestJSON:test_delete_server_while_in_error_state): 202 POST http://10.180.1.21/compute/v2.1/servers 1.891s
2025-04-03 05:40:34.402 69188 INFO tempest.lib.common.rest_client [req-b5bc2ca2-11c9-4b0d-8913-c5cdcc7def6b req-b5bc2ca2-11c9-4b0d-8913-c5cdcc7def6b ] Request (FloatingIPsAssociationTestJSON:test_associate_already_associated_floating_ip): 200 GET http://10.180.1.21/compute/v2.1/servers/e8c5815f-3308-4da7-92ad-f5aa8a56747a 1.447s
2025-04-03 05:40:34.488 69156 INFO tempest.lib.common.rest_client [req-ab855799-dd1f-4625-a924-a821d4a0774c req-ab855799-dd1f-4625-a924-a821d4a0774c ] Request (ServerDiagnosticsTest:test_get_server_diagnostics): 200 GET http://10.180.1.21/compute/v2.1/servers/6bce843d-b138-4438-bf9f-d73eecb1d5d4 1.643s
2025-04-03 05:40:34.723 69186 INFO tempest.lib.common.rest_client [req-4f148d7d-886a-4e18-a178-ec9d49ef18f1 req-4f148d7d-886a-4e18-a178-ec9d49ef18f1 ] Request (ServerExternalEventsTest:tearDownClass): 204 DELETE http://10.180.1.21/compute/v2.1/servers/defd4007-c253-41bc-a9c0-e8b488c4e418 1.462s
2025-04-03 05:40:34.734 69148 INFO tempest.lib.common.rest_client [req-a69cc8a6-aa27-4882-a4a3-fb6cb20437d1 req-a69cc8a6-aa27-4882-a4a3-fb6cb20437d1 ] Request (KeyPairsV22TestJSON:test_keypairsv22_create_list_show): 200 GET http://10.180.1.21/compute/v2.1/os-keypairs 1.456s
2025-04-03 05:40:34.920 69206 WARNING tempest.lib.common.ssh [-] Failed to establish authenticated ssh connection to cirros@10.180.180.133 ([Errno None] Unable to connect to port 22 on 10.180.180.133). Number attempts: 2. Retry after 3 seconds.: paramiko.ssh_exception.NoValidConnectionsError: [Errno None] Unable to connect to port 22 on 10.180.180.133
2025-04-03 05:40:34.927 69178 INFO tempest.lib.common.rest_client [req-61183d3b-be74-4ce5-ab9e-219dd990a305 req-61183d3b-be74-4ce5-ab9e-219dd990a305 ] Request (MigrationsAdminTest:test_list_migrations_in_flavor_resize_situation): 200 GET http://10.180.1.21/compute/v2.1/servers/edc4e56e-e6e9-4212-8fa5-437c0bda52e8 1.636s
2025-04-03 05:40:35.210 69164 INFO tempest.lib.common.rest_client [req-e214cd6f-45b1-4e78-91f7-dea2c32f39d4 req-e214cd6f-45b1-4e78-91f7-dea2c32f39d4 ] Request (SecurityGroupRulesNegativeTestJSON:tearDownClass): 202 DELETE http://10.180.1.21/compute/v2.1/os-security-groups/0ddf4e0b-c285-44f7-afd7-e742f42500cf 1.881s
2025-04-03 05:40:35.331 69180 INFO tempest.lib.common.rest_client [req-72b24dbd-eb3b-4e1c-bb97-0817a60aacee req-72b24dbd-eb3b-4e1c-bb97-0817a60aacee ] Request (ServerRescueTestJSON:setUpClass): 200 GET http://10.180.1.21/compute/v2.1/servers/2eca808d-d018-4b45-ac0b-ef2768ed1818 1.991s
2025-04-03 05:40:35.439 69172 INFO tempest.lib.common.rest_client [req-4136f667-ca5c-4dbc-a664-e65c3be469a4 req-4136f667-ca5c-4dbc-a664-e65c3be469a4 ] Request (VolumesAdminNegativeTest:setUpClass): 200 PUT http://10.180.1.21:9696/networking/v2.0/routers/fe39827e-a6a8-4e5c-9fc2-dd33bd09aaa9/add_router_interface 1.551s
2025-04-03 05:40:35.439 69172 INFO tempest.lib.common.dynamic_creds [-] Created isolated network resources for: credentials: Credentials: {'domain_id': 'default', 'domain_name': 'Default', 'username': 'tempest-VolumesAdminNegativeTest-2067940848-project-admin', 'project_domain_id': 'default', 'project_domain_name': 'Default', 'project_id': '914d2cc060914388b43f69c76d77209b', 'project_name': 'tempest-VolumesAdminNegativeTest-2067940848', 'tenant_id': '914d2cc060914388b43f69c76d77209b', 'tenant_name': 'tempest-VolumesAdminNegativeTest-2067940848', 'user_domain_id': 'default', 'user_domain_name': 'Default', 'user_id': 'e50ea74d9b6f438e8d79d2b9abf4bed0', 'system': None}, Network: {'id': 'fc1c03f3-3001-475c-bbee-63a48de49584', 'name': 'tempest-VolumesAdminNegativeTest-782401875-network', 'tenant_id': '914d2cc060914388b43f69c76d77209b', 'admin_state_up': True, 'mtu': 8950, 'status': 'ACTIVE', 'subnets': [], 'shared': False, 'project_id': '914d2cc060914388b43f69c76d77209b', 'port_security_enabled': True, 'router:external': False, 'provider:network_type': 'vlan', 'provider:physical_network': 'default', 'provider:segmentation_id': 277, 'availability_zone_hints': [], 'availability_zones': [], 'ipv4_address_scope': None, 'ipv6_address_scope': None, 'description': '', 'tags': [], 'created_at': '2025-04-03T05:40:32Z', 'updated_at': '2025-04-03T05:40:32Z', 'revision_number': 1}, Subnet: {'id': 'cb690a00-20e9-4a2a-82ba-efd1e8f9b220', 'name': 'tempest-VolumesAdminNegativeTest-782401875-subnet', 'tenant_id': '914d2cc060914388b43f69c76d77209b', 'network_id': 'fc1c03f3-3001-475c-bbee-63a48de49584', 'ip_version': 4, 'subnetpool_id': None, 'enable_dhcp': True, 'ipv6_ra_mode': None, 'ipv6_address_mode': None, 'gateway_ip': '192.168.128.1', 'cidr': '192.168.128.0/28', 'allocation_pools': [{'start': '192.168.128.2', 'end': '192.168.128.14'}], 'host_routes': [], 'dns_nameservers': [], 'description': '', 'router:external': False, 'service_types': [], 'tags': [], 'created_at': '2025-04-03T05:40:32Z', 'updated_at': '2025-04-03T05:40:32Z', 'revision_number': 0, 'project_id': '914d2cc060914388b43f69c76d77209b'}, Router: {'id': 'fe39827e-a6a8-4e5c-9fc2-dd33bd09aaa9', 'name': 'tempest-VolumesAdminNegativeTest-782401875-router', 'tenant_id': '914d2cc060914388b43f69c76d77209b', 'admin_state_up': True, 'status': 'ACTIVE', 'external_gateway_info': {'network_id': '673bc9ef-3fba-4ea3-af2f-ce700e2df25a', 'external_fixed_ips': [{'subnet_id': '791252bb-67f7-4b15-bc46-4d349c6c5fca', 'ip_address': '10.180.180.186'}], 'enable_snat': True}, 'description': '', 'availability_zones': [], 'distributed': False, 'ha': False, 'availability_zone_hints': [], 'routes': [], 'flavor_id': None, 'tags': [], 'created_at': '2025-04-03T05:40:32Z', 'updated_at': '2025-04-03T05:40:33Z', 'revision_number': 2, 'project_id': '914d2cc060914388b43f69c76d77209b'}
2025-04-03 05:40:35.490 69194 INFO tempest.lib.common.rest_client [req-e556dfbb-02de-4935-a830-90fc74b03cdb req-e556dfbb-02de-4935-a830-90fc74b03cdb ] Request (ServerDiagnosticsV248Test:tearDownClass): 200 GET http://10.180.1.21/compute/v2.1/servers/f28fc57e-ee0b-40f6-bd0d-09799ce22859 2.054s
2025-04-03 05:40:35.524 69198 INFO tempest.lib.common.rest_client [req-8ced67b7-185d-4cb0-b9ec-4ec071240496 req-8ced67b7-185d-4cb0-b9ec-4ec071240496 ] Request (FlavorsV255TestJSON:test_crud_flavor): 200 GET http://10.180.1.21/compute/v2.1/flavors 2.070s
2025-04-03 05:40:35.596 69208 INFO tempest.lib.common.rest_client [req-1f8aec0e-b78c-43e9-8235-85db012e9407 req-1f8aec0e-b78c-43e9-8235-85db012e9407 ] Request (FloatingIPDetailsTestJSON:setUpClass): 200 POST http://10.180.1.21/compute/v2.1/os-floating-ips 2.448s
2025-04-03 05:40:35.618 69172 INFO tempest.lib.common.rest_client [req-c2078c14-1562-4985-a7e0-38293b4b5ea3 req-c2078c14-1562-4985-a7e0-38293b4b5ea3 ] Request (VolumesAdminNegativeTest:setUpClass): 201 POST http://10.180.1.21/identity/v3/auth/tokens 0.177s
2025-04-03 05:40:35.662 69166 INFO tempest.lib.common.rest_client [req-e734cb3e-70e6-4401-8456-f66a45be0d29 req-e734cb3e-70e6-4401-8456-f66a45be0d29 ] Request (ListServerFiltersTestJSON:setUpClass): 200 GET http://10.180.1.21/compute/v2.1/servers/d72b95bc-c418-4a85-aca1-54efaf67217a 2.169s
2025-04-03 05:40:35.669 69166 INFO tempest.common.waiters [-] State transition "BUILD/scheduling" ==> "BUILD/None" after 18 second wait
2025-04-03 05:40:35.685 69176 INFO tempest.lib.common.rest_client [req-f6d86e65-5376-428a-922a-49496e11c95b req-f6d86e65-5376-428a-922a-49496e11c95b ] Request (FlavorsAdminTestJSON:test_list_public_flavor_with_other_user): 200 GET http://10.180.1.21/compute/v2.1/flavors/detail 2.186s
2025-04-03 05:40:35.687 69184 WARNING tempest.lib.common.ssh [-] Failed to establish authenticated ssh connection to cirros@10.180.180.202 ([Errno None] Unable to connect to port 22 on 10.180.180.202). Number attempts: 3. Retry after 4 seconds.: paramiko.ssh_exception.NoValidConnectionsError: [Errno None] Unable to connect to port 22 on 10.180.180.202
2025-04-03 05:40:35.835 69158 INFO tempest.lib.common.rest_client [req-0a0a4024-fd07-49d6-8e98-3f124692aaa6 req-0a0a4024-fd07-49d6-8e98-3f124692aaa6 ] Request (ServerGroupTestJSON:test_create_server_with_scheduler_hint_group): 200 GET http://10.180.1.21/compute/v2.1/servers/b803dcd4-dcc1-4f09-917d-e7070fe8b6db 2.284s
2025-04-03 05:40:35.939 69204 INFO tempest.lib.common.rest_client [req-87861330-9a4c-44f1-a2d0-78eec8d4a77b req-87861330-9a4c-44f1-a2d0-78eec8d4a77b ] Request (ImagesTestJSON:test_create_image_from_stopped_server): 200 GET http://10.180.1.21/compute/v2.1/servers/33cc3c0b-7c9d-48f2-8b55-eda6f64c6f6e 2.320s
2025-04-03 05:40:35.947 69204 INFO tempest.common.waiters [-] State transition "BUILD/None" ==> "BUILD/networking" after 27 second wait
2025-04-03 05:40:36.083 69182 INFO tempest.lib.common.rest_client [req-9c68bb34-9d21-4b5e-98a7-2b451f005c78 req-9c68bb34-9d21-4b5e-98a7-2b451f005c78 ] Request (SecurityGroupsTestAdminJSON:_run_cleanups): 202 DELETE http://10.180.1.21/compute/v2.1/os-security-groups/816f1f02-26b3-4f64-ab19-934623a10fb4 2.436s
2025-04-03 05:40:36.093 69200 INFO tempest.lib.common.rest_client [req-dbea1736-993f-4034-b746-c4d5c65937ec req-dbea1736-993f-4034-b746-c4d5c65937ec ] Request (ImagesOneServerNegativeTestJSON:test_create_second_image_when_first_image_is_being_saved): 202 POST http://10.180.1.21/compute/v2.1/servers/925555de-d1fb-4c5c-9f7c-038663186c54/action 2.617s
2025-04-03 05:40:36.183 69160 INFO tempest.lib.common.rest_client [req-61ebc531-abc9-4fa1-b877-a7d5d6072cc0 req-61ebc531-abc9-4fa1-b877-a7d5d6072cc0 ] Request (AttachInterfacesTestJSON:test_create_list_show_delete_interfaces_by_fixed_ip): 200 GET http://10.180.1.21/compute/v2.1/servers/614c2b9e-841e-442f-a7e3-fd3b27d84f06 2.316s
2025-04-03 05:40:36.190 69170 INFO tempest.lib.common.rest_client [req-82381343-0e30-4065-b654-b53d920cbe68 req-82381343-0e30-4065-b654-b53d920cbe68 ] Request (ServersAdmin275Test:tearDownClass): 200 GET http://10.180.1.21/compute/v2.1/servers/dc709085-3ae9-4508-b9fe-0384f610b689 2.280s
2025-04-03 05:40:36.262 69175 WARNING tempest.lib.common.ssh [-] Failed to establish authenticated ssh connection to cirros@10.180.180.223 ([Errno None] Unable to connect to port 22 on 10.180.180.223). Number attempts: 3. Retry after 4 seconds.: paramiko.ssh_exception.NoValidConnectionsError: [Errno None] Unable to connect to port 22 on 10.180.180.223
2025-04-03 05:40:36.266 69202 INFO tempest.lib.common.rest_client [req-5a846bc6-6792-43b5-bfbf-dcdf04fcf254 req-5a846bc6-6792-43b5-bfbf-dcdf04fcf254 ] Request (InstanceActionsNegativeTestJSON:setUpClass): 200 GET http://10.180.1.21/compute/v2.1/servers/09531ee3-9860-4aba-a7df-7489e5727da3 2.334s
2025-04-03 05:40:36.351 69190 INFO tempest.lib.common.rest_client [req-17c284bd-ebc0-4131-bf05-ffd95271b95c req-17c284bd-ebc0-4131-bf05-ffd95271b95c ] Request (ImagesOneServerTestJSON:test_create_delete_image): 200 GET http://10.180.1.21/compute/v2.1/images/706a8b51-2506-4a43-a6da-0b5e5d091e2f 2.289s
2025-04-03 05:40:36.369 69196 INFO tempest.lib.common.rest_client [req-9705a2f2-214e-4073-a89d-a6a7d12a96d4 req-9705a2f2-214e-4073-a89d-a6a7d12a96d4 ] Request (DeleteServersTestJSON:test_delete_active_server): 200 GET http://10.180.1.21/compute/v2.1/servers/e4349a14-2d63-4000-aba2-3c6a3867eb11 2.344s
2025-04-03 05:40:36.379 69196 INFO tempest.common.waiters [-] State transition "BUILD/networking" ==> "BUILD/spawning" after 30 second wait
2025-04-03 05:40:36.435 69168 INFO tempest.lib.common.rest_client [req-4b020141-0f12-4b83-bf49-231a0dd47f44 req-4b020141-0f12-4b83-bf49-231a0dd47f44 ] Request (ListImagesTestJSON:test_list_images_with_detail): 200 GET http://10.180.1.21/compute/v2.1/images/detail 2.188s
2025-04-03 05:40:36.639 69168 INFO tempest.lib.common.rest_client [req-81bf8b5a-1564-4bab-9117-1631f80d42a0 req-81bf8b5a-1564-4bab-9117-1631f80d42a0 ] Request (ListImagesTestJSON:tearDownClass): 204 DELETE http://10.180.1.21/identity/v3/users/5ba59a98c1604a57be614376658b3bbd 0.198s
2025-04-03 05:40:36.640 69168 INFO tempest.lib.common.dynamic_creds [-] Deleting project and security group for project: e567faa6397949c188876fe5d27650c8
2025-04-03 05:40:36.672 69146 INFO tempest.lib.common.rest_client [req-1cc84170-b04c-42ba-8287-fd70d2f2463c req-1cc84170-b04c-42ba-8287-fd70d2f2463c ] Request (DeleteServersAdminTestJSON:test_delete_server_while_in_error_state): 200 GET http://10.180.1.21/compute/v2.1/servers/5f618d22-e3ff-41b9-9131-26730e117394 2.335s
2025-04-03 05:40:36.710 69168 INFO tempest.lib.common.rest_client [req-0ab7c518-6b63-4fdc-bd16-778c3734885b req-0ab7c518-6b63-4fdc-bd16-778c3734885b ] Request (ListImagesTestJSON:tearDownClass): 201 POST http://10.180.1.21/identity/v3/auth/tokens 0.070s
2025-04-03 05:40:36.745 69152 INFO tempest.lib.common.rest_client [req-ad5a40d5-7bb9-4883-a3da-bd98a3cbeb3b req-ad5a40d5-7bb9-4883-a3da-bd98a3cbeb3b ] Request (ServersTestMultiNic:test_verify_duplicate_network_nics): 200 GET http://10.180.1.21/compute/v2.1/servers/5419c45e-be0f-4c55-a09e-f07bdcd209b1 2.325s
2025-04-03 05:40:36.933 69186 INFO tempest.lib.common.rest_client [req-f49807f2-e700-4613-9866-fa5402dcd5e8 req-f49807f2-e700-4613-9866-fa5402dcd5e8 ] Request (ServerExternalEventsTest:tearDownClass): 200 GET http://10.180.1.21/compute/v2.1/servers/defd4007-c253-41bc-a9c0-e8b488c4e418 2.210s
2025-04-03 05:40:36.956 69148 INFO tempest.lib.common.rest_client [req-5980466e-7097-421d-b727-3447255bddf6 req-5980466e-7097-421d-b727-3447255bddf6 ] Request (KeyPairsV22TestJSON:_run_cleanups): 204 DELETE http://10.180.1.21/compute/v2.1/os-keypairs/tempest-keypair-892390192 2.219s
2025-04-03 05:40:37.003 69168 INFO tempest.lib.common.rest_client [req-36bb15f5-98ff-4b53-a3ef-ed556e57afa6 req-36bb15f5-98ff-4b53-a3ef-ed556e57afa6 ] Request (ListImagesTestJSON:tearDownClass): 200 GET http://10.180.1.21:9696/networking/v2.0/security-groups?tenant_id=e567faa6397949c188876fe5d27650c8&name=default 0.293s
2025-04-03 05:40:37.036 69154 INFO tempest.lib.common.rest_client [req-e9a841d4-ffb8-4359-8d15-439ea586853b req-e9a841d4-ffb8-4359-8d15-439ea586853b ] Request (FloatingIPsAssociationNegativeTestJSON:setUpClass): 200 GET http://10.180.1.21/compute/v2.1/servers/e7d41890-f48b-470e-b33e-cd64c725e2c8 1.847s
2025-04-03 05:40:37.166 69168 INFO tempest.lib.common.rest_client [req-4af12ff8-0f4c-416d-a32c-f7ee40da9c95 req-4af12ff8-0f4c-416d-a32c-f7ee40da9c95 ] Request (ListImagesTestJSON:tearDownClass): 204 DELETE http://10.180.1.21:9696/networking/v2.0/security-groups/f2be8589-d089-4a8f-aed0-ba97de47cb2a 0.163s
2025-04-03 05:40:37.263 69164 INFO tempest.lib.common.rest_client [req-2fc506b3-b9fd-4a08-a11d-6cdfbe923531 req-2fc506b3-b9fd-4a08-a11d-6cdfbe923531 ] Request (SecurityGroupRulesNegativeTestJSON:tearDownClass): 202 DELETE http://10.180.1.21/compute/v2.1/os-security-groups/499c7040-13de-4ad6-ab65-1cf4200a0955 2.052s
2025-04-03 05:40:37.303 69168 INFO tempest.lib.common.rest_client [req-e52b8a32-a3ee-4cd4-a93f-077c4af4bc80 req-e52b8a32-a3ee-4cd4-a93f-077c4af4bc80 ] Request (ListImagesTestJSON:tearDownClass): 204 DELETE http://10.180.1.21/identity/v3/projects/e567faa6397949c188876fe5d27650c8 0.136s
