2025-04-03 05:42:41.588 69156 INFO tempest.lib.common.rest_client [req-3f96db08-bbcc-4c5e-bced-d09a8918efbc req-3f96db08-bbcc-4c5e-bced-d09a8918efbc ] Request (ServerDiagnosticsNegativeTest:tearDownClass): 200 GET http://10.180.1.21/compute/v2.1/servers/845f4864-33e5-46ef-9d9a-025f1d839e52 0.065s
2025-04-03 05:42:41.733 69204 INFO tempest.lib.common.rest_client [req-1f8e6e6f-b927-4fa5-b242-1df80fa577b4 req-1f8e6e6f-b927-4fa5-b242-1df80fa577b4 ] Request (ImagesTestJSON:test_create_image_from_suspended_server): 200 GET http://10.180.1.21/compute/v2.1/images/0b1af699-012e-4c34-b09c-6d01dced2366 0.048s
2025-04-03 05:42:41.742 69194 INFO tempest.lib.common.rest_client [req-a335aac0-0abe-4564-902c-293d93705828 req-a335aac0-0abe-4564-902c-293d93705828 ] Request (ServerRescueTestJSONUnderV235:tearDownClass): 200 GET http://10.180.1.21/compute/v2.1/servers/22e625e7-b4f1-449a-a4ad-a50ea757e8dd 0.078s
2025-04-03 05:42:41.747 69196 INFO tempest.lib.common.rest_client [req-8bc7f7f6-d056-419e-a7f3-c72d5eca70e9 req-8bc7f7f6-d056-419e-a7f3-c72d5eca70e9 ] Request (DeleteServersTestJSON:test_delete_server_while_in_attached_volume): 200 GET http://10.180.1.21/volume/v3/volumes/95bbd0a8-40ff-40d3-9fcc-8628429dc841 0.036s
2025-04-03 05:42:41.795 69188 INFO tempest.lib.common.rest_client [req-d9e9215c-9bfa-42cd-a87d-230bdda96180 req-d9e9215c-9bfa-42cd-a87d-230bdda96180 ] Request (FloatingIPsAssociationTestJSON:tearDownClass): 204 DELETE http://10.180.1.21:9696/networking/v2.0/routers/78be6e49-b9d2-4c17-9b61-c843c2eb7979 0.370s
2025-04-03 05:42:41.872 69146 INFO tempest.lib.common.rest_client [req-c16c47cb-bd2a-4e4c-94cf-c493312523a9 req-c16c47cb-bd2a-4e4c-94cf-c493312523a9 ] Request (InstanceActionsTestJSON:setUpClass): 200 GET http://10.180.1.21/compute/v2.1/servers/f6a92e74-cd3c-4770-ad5d-d9174460d68b 0.083s
2025-04-03 05:42:41.938 69188 INFO tempest.lib.common.rest_client [req-6d34b06b-9d4a-4e1e-bbcc-977771fd8e37 req-6d34b06b-9d4a-4e1e-bbcc-977771fd8e37 ] Request (FloatingIPsAssociationTestJSON:tearDownClass): 204 DELETE http://10.180.1.21:9696/networking/v2.0/subnets/bf43d6af-384a-4366-b3ca-0300b8249073 0.142s
2025-04-03 05:42:41.950 69206 INFO tempest.lib.common.rest_client [req-97b17206-cfbb-435c-b87e-94dd9fa6a32f req-97b17206-cfbb-435c-b87e-94dd9fa6a32f ] Request (ServersWithSpecificFlavorTestJSON:test_verify_created_server_ephemeral_disk): 200 GET http://10.180.1.21/compute/v2.1/servers/27273416-b04c-4381-b4d2-43cb300b2046 0.134s
2025-04-03 05:42:41.969 69200 INFO tempest.lib.common.rest_client [req-1cf13df5-2414-48ad-87cb-e34c34ec57e2 req-1cf13df5-2414-48ad-87cb-e34c34ec57e2 ] Request (ImagesOneServerNegativeTestJSON:_run_cleanups): 200 GET http://10.180.1.21/compute/v2.1/servers/6c0739c5-d01a-437d-a986-c5c0845b68f4 0.251s
2025-04-03 05:42:41.983 69200 INFO tempest.common.waiters [-] State transition "BUILD/spawning" ==> "ACTIVE/None" after 77 second wait
2025-04-03 05:42:42.014 69176 INFO tempest.lib.common.rest_client [req-708dc5ef-a688-4ee7-91bf-b5d60493616c req-708dc5ef-a688-4ee7-91bf-b5d60493616c ] Request (ServersTestBootFromVolume:setUpClass): 200 PUT http://10.180.1.21:9696/networking/v2.0/floatingips/2f26d0f2-f4b3-49c1-ac94-380c27046f3b 0.663s
2025-04-03 05:42:42.030 69152 INFO tempest.lib.common.rest_client [req-21db4b90-5ede-4d0e-a739-6fa20837ad65 req-21db4b90-5ede-4d0e-a739-6fa20837ad65 ] Request (ServersTestMultiNic:test_verify_multiple_nics_order): 200 GET http://10.180.1.21/compute/v2.1/servers/c90fc964-8d2a-40ce-b420-62bc2eb89cbc 0.185s
2025-04-03 05:42:42.068 69166 INFO tempest.lib.common.rest_client [req-b4ef384f-6031-4701-a63b-b05adfad4424 req-b4ef384f-6031-4701-a63b-b05adfad4424 ] Request (ListServerFiltersTestJSON:tearDownClass): 200 GET http://10.180.1.21/compute/v2.1/servers/7b03ca03-0eb9-47b9-a6f2-ed8b9e079b93 0.157s
2025-04-03 05:42:42.140 69200 INFO tempest.lib.common.rest_client [req-efa0b962-b39a-476c-b6f7-65bbd8cb9de6 req-efa0b962-b39a-476c-b6f7-65bbd8cb9de6 ] Request (ImagesOneServerNegativeTestJSON:setUp): 200 GET http://10.180.1.21/compute/v2.1/servers/6c0739c5-d01a-437d-a986-c5c0845b68f4 0.154s
2025-04-03 05:42:42.177 69176 INFO tempest.lib.common.rest_client [req-8a7dab19-8c61-4d22-87a8-a0d147159d2a req-8a7dab19-8c61-4d22-87a8-a0d147159d2a ] Request (ServersTestBootFromVolume:setUpClass): 200 GET http://10.180.1.21/compute/v2.1/servers/744bf0cb-53fa-412b-bb3d-9c3503e1d697 0.162s
2025-04-03 05:42:42.188 69176 INFO tempest.lib.common.ssh [-] Creating ssh connection to '10.180.180.232:22' as 'cirros' with public key authentication
2025-04-03 05:42:42.205 69178 INFO tempest.lib.common.rest_client [req-9331b574-1c67-4e27-9e4d-cf5d5cea210c req-9331b574-1c67-4e27-9e4d-cf5d5cea210c ] Request (MigrationsAdminTest:test_resize_server_revert_deleted_flavor): 200 GET http://10.180.1.21/compute/v2.1/servers/392377e1-e0c2-4696-ad23-66a9287fa003 0.172s
2025-04-03 05:42:42.221 69188 INFO tempest.lib.common.rest_client [req-91f8f2e3-86b9-4f81-a6aa-983f8f18b785 req-91f8f2e3-86b9-4f81-a6aa-983f8f18b785 ] Request (FloatingIPsAssociationTestJSON:tearDownClass): 204 DELETE http://10.180.1.21:9696/networking/v2.0/networks/06680191-7d0c-4b60-9891-2e9fc35809e5 0.282s
2025-04-03 05:42:42.260 69180 INFO tempest.lib.common.rest_client [req-01393db1-5803-426f-beb8-8c2f8f0f2b2d req-01393db1-5803-426f-beb8-8c2f8f0f2b2d ] Request (ServerRescueTestJSON:test_rescue_unrescue_instance): 200 GET http://10.180.1.21/compute/v2.1/servers/09e0b6d9-9189-4e13-b37b-447db8b4bfcb 0.109s
2025-04-03 05:42:42.316 69162 INFO tempest.lib.common.rest_client [req-9f893c05-84cd-4c8f-be0b-dd40f2b6f06c req-9f893c05-84cd-4c8f-be0b-dd40f2b6f06c ] Request (SecurityGroupsTestJSON:test_server_security_groups): 200 GET http://10.180.1.21/compute/v2.1/servers/400402ac-ac7d-4086-b67c-2ba8c4d9f92d 0.085s
2025-04-03 05:42:42.367 69182 INFO tempest.lib.common.rest_client [req-3716363a-a4c6-4649-96b0-741e3c7df17d req-3716363a-a4c6-4649-96b0-741e3c7df17d ] Request (ServerDiskConfigTestJSON:test_rebuild_server_with_manual_disk_config): 200 GET http://10.180.1.21/compute/v2.1/servers/1f816be1-4397-4b36-8b9e-9b359a4bd47b 0.087s
2025-04-03 05:42:42.367 69188 INFO tempest.lib.common.rest_client [req-0363367d-f3de-4e9f-a4cf-6a38c9a95011 req-0363367d-f3de-4e9f-a4cf-6a38c9a95011 ] Request (FloatingIPsAssociationTestJSON:tearDownClass): 204 DELETE http://10.180.1.21/identity/v3/users/123df7abe7cd4a439c7c18836f23811d 0.145s
2025-04-03 05:42:42.367 69188 INFO tempest.lib.common.dynamic_creds [-] Deleting project and security group for project: ef1ac6b848d8413ea1d6a2d4bf5a37c0
2025-04-03 05:42:42.394 69188 INFO tempest.lib.common.rest_client [req-eaeeec1f-712c-4659-b220-3ca06ae97cab req-eaeeec1f-712c-4659-b220-3ca06ae97cab ] Request (FloatingIPsAssociationTestJSON:tearDownClass): 200 GET http://10.180.1.21:9696/networking/v2.0/security-groups?tenant_id=ef1ac6b848d8413ea1d6a2d4bf5a37c0&name=default 0.026s
2025-04-03 05:42:42.430 69158 INFO tempest.lib.common.rest_client [req-61411a7c-865e-4ab4-acf3-e28c2cb35e0d req-61411a7c-865e-4ab4-acf3-e28c2cb35e0d ] Request (ServerShowV257Test:test_rebuild_server): 200 GET http://10.180.1.21/compute/v2.1/servers/bc1bfe80-9b9c-4915-93eb-12e80197ad49 0.100s
2025-04-03 05:42:42.485 69186 INFO tempest.lib.common.rest_client [req-b002911f-a937-48fb-920b-7605c7645f84 req-b002911f-a937-48fb-920b-7605c7645f84 ] Request (ImagesNegativeTestJSON:test_create_image_from_deleted_server): 200 GET http://10.180.1.21/compute/v2.1/servers/29c905a4-0b30-4d16-9e1b-90bdcfb7b3ec 0.087s
2025-04-03 05:42:42.496 69188 INFO tempest.lib.common.rest_client [req-7f23968c-724d-4e82-a574-117866977f4f req-7f23968c-724d-4e82-a574-117866977f4f ] Request (FloatingIPsAssociationTestJSON:tearDownClass): 204 DELETE http://10.180.1.21:9696/networking/v2.0/security-groups/36461ef0-a867-4630-9471-62876855fcda 0.102s
2025-04-03 05:42:42.553 69190 INFO tempest.lib.common.rest_client [req-b819c0f9-2c5e-4f64-9118-7d829e924f54 req-b819c0f9-2c5e-4f64-9118-7d829e924f54 ] Request (ServersListShow298Test:test_list_show_update_rebuild_server_298): 200 GET http://10.180.1.21/compute/v2.1/servers/d56b077a-17f8-4c80-87bd-e45e469fc93b 0.066s
2025-04-03 05:42:42.604 69188 INFO tempest.lib.common.rest_client [req-9eb4052b-eb3f-4acd-bb50-5113d47966ed req-9eb4052b-eb3f-4acd-bb50-5113d47966ed ] Request (FloatingIPsAssociationTestJSON:tearDownClass): 204 DELETE http://10.180.1.21/identity/v3/projects/ef1ac6b848d8413ea1d6a2d4bf5a37c0 0.107s
2025-04-03 05:42:42.614 69170 INFO tempest.lib.common.rest_client [req-afa70099-508e-4b8f-bcdf-4d36c151a61c req-afa70099-508e-4b8f-bcdf-4d36c151a61c ] Request (ServersAdminTestJSON:test_create_server_with_scheduling_hint): 200 GET http://10.180.1.21/compute/v2.1/servers/d80ae47b-ebe7-48eb-9525-8cabb4e04df0 0.087s
2025-04-03 05:42:42.622 69170 INFO tempest.common.waiters [-] State transition "BUILD/scheduling" ==> "BUILD/None" after 16 second wait
2025-04-03 05:42:42.666 69200 INFO tempest.lib.common.rest_client [req-f2089d3c-86b7-4bd9-a878-882f22f171f0 req-f2089d3c-86b7-4bd9-a878-882f22f171f0 ] Request (ImagesOneServerNegativeTestJSON:test_delete_image_that_is_not_yet_active): 202 POST http://10.180.1.21/compute/v2.1/servers/6c0739c5-d01a-437d-a986-c5c0845b68f4/action 0.519s
2025-04-03 05:42:42.680 69188 INFO tempest.lib.common.rest_client [req-90864253-c1f0-42fe-a791-af0e1584f378 req-90864253-c1f0-42fe-a791-af0e1584f378 ] Request (AZV2TestJSON:setUpClass): 201 POST http://10.180.1.21/identity/v3/auth/tokens 0.074s
2025-04-03 05:42:42.681 69156 INFO tempest.lib.common.rest_client [req-575ad5f6-d80c-4133-84e7-f0851233a589 req-575ad5f6-d80c-4133-84e7-f0851233a589 ] Request (ServerDiagnosticsNegativeTest:tearDownClass): 200 GET http://10.180.1.21/compute/v2.1/servers/845f4864-33e5-46ef-9d9a-025f1d839e52 0.079s
2025-04-03 05:42:42.689 69156 INFO tempest.common.waiters [-] State transition "ACTIVE/deleting" ==> "DELETED/None" after 4 second wait
2025-04-03 05:42:42.709 69188 INFO tempest.lib.common.rest_client [req-e5defafa-fb36-4bdc-b852-85d8d31de211 req-e5defafa-fb36-4bdc-b852-85d8d31de211 ] Request (AZV2TestJSON:setUpClass): 201 POST http://10.180.1.21/identity/v3/auth/tokens 0.026s
2025-04-03 05:42:42.737 69188 INFO tempest.lib.common.rest_client [req-eb867e44-8e12-4111-a93c-ae1895c1393f req-eb867e44-8e12-4111-a93c-ae1895c1393f ] Request (AZV2TestJSON:setUpClass): 200 GET http://10.180.1.21/identity/v3/domains?name=Default 0.027s
2025-04-03 05:42:42.748 69200 INFO tempest.lib.common.rest_client [req-35d0e3a5-6419-4ee2-80fb-5718fd0d2f36 req-35d0e3a5-6419-4ee2-80fb-5718fd0d2f36 ] Request (ImagesOneServerNegativeTestJSON:test_delete_image_that_is_not_yet_active): 204 DELETE http://10.180.1.21/compute/v2.1/images/66ebb8fb-24d3-4f16-884d-ba7cdf0d01c9 0.081s
2025-04-03 05:42:42.775 69200 INFO tempest.lib.common.rest_client [req-001835f4-7386-4604-b45c-e75e64236d38 req-001835f4-7386-4604-b45c-e75e64236d38 ] Request (ImagesOneServerNegativeTestJSON:test_delete_image_that_is_not_yet_active): 404 GET http://10.180.1.21/compute/v2.1/images/66ebb8fb-24d3-4f16-884d-ba7cdf0d01c9 0.025s
2025-04-03 05:42:42.782 69204 INFO tempest.lib.common.rest_client [req-f13e6e24-d8ad-4a99-8b18-9a506a61ecbc req-f13e6e24-d8ad-4a99-8b18-9a506a61ecbc ] Request (ImagesTestJSON:test_create_image_from_suspended_server): 200 GET http://10.180.1.21/compute/v2.1/images/0b1af699-012e-4c34-b09c-6d01dced2366 0.042s
2025-04-03 05:42:42.794 69196 INFO tempest.lib.common.rest_client [req-5960f622-34b5-4143-b16a-03dee47cbc38 req-5960f622-34b5-4143-b16a-03dee47cbc38 ] Request (DeleteServersTestJSON:test_delete_server_while_in_attached_volume): 200 GET http://10.180.1.21/volume/v3/volumes/95bbd0a8-40ff-40d3-9fcc-8628429dc841 0.036s
2025-04-03 05:42:42.798 69188 INFO tempest.lib.common.rest_client [req-c358f129-0a6c-44eb-a4f8-6b85dd7b593c req-c358f129-0a6c-44eb-a4f8-6b85dd7b593c ] Request (AZV2TestJSON:setUpClass): 201 POST http://10.180.1.21/identity/v3/projects 0.060s
2025-04-03 05:42:42.851 69194 INFO tempest.lib.common.rest_client [req-1778bb60-5e64-4bae-a3e7-95c57796c6e2 req-1778bb60-5e64-4bae-a3e7-95c57796c6e2 ] Request (ServerRescueTestJSONUnderV235:tearDownClass): 200 GET http://10.180.1.21/compute/v2.1/servers/22e625e7-b4f1-449a-a4ad-a50ea757e8dd 0.099s
2025-04-03 05:42:42.867 69188 INFO tempest.lib.common.rest_client [req-2ca91b36-8978-4871-804f-2d0914e2dfd3 req-2ca91b36-8978-4871-804f-2d0914e2dfd3 ] Request (AZV2TestJSON:setUpClass): 201 POST http://10.180.1.21/identity/v3/users 0.068s
2025-04-03 05:42:42.889 69188 INFO tempest.lib.common.rest_client [req-b1d49074-b4f8-4063-942a-9c4dac618b00 req-b1d49074-b4f8-4063-942a-9c4dac618b00 ] Request (AZV2TestJSON:setUpClass): 200 GET http://10.180.1.21/identity/v3/roles 0.022s
2025-04-03 05:42:42.907 69200 INFO tempest.lib.common.rest_client [req-4982befa-937b-4e3b-b525-805e900d294e req-4982befa-937b-4e3b-b525-805e900d294e ] Request (ImagesOneServerNegativeTestJSON:tearDown): 200 GET http://10.180.1.21/compute/v2.1/servers/6c0739c5-d01a-437d-a986-c5c0845b68f4 0.132s
2025-04-03 05:42:42.916 69188 INFO tempest.lib.common.rest_client [req-08d36327-deac-4e1f-b532-8d8f9b2f3002 req-08d36327-deac-4e1f-b532-8d8f9b2f3002 ] Request (AZV2TestJSON:setUpClass): 204 PUT http://10.180.1.21/identity/v3/projects/19de3ec5d28a43eca0a7e01809c20d0c/users/aad1993c3e5b4c2991dcde4b22389551/roles/9864bf86660946ea8223bae7d64d8213 0.026s
2025-04-03 05:42:42.916 69188 INFO tempest.lib.common.dynamic_creds [-] Dynamic test user aad1993c3e5b4c2991dcde4b22389551 is created with scope project and roles: ['member']
2025-04-03 05:42:42.916 69188 INFO tempest.lib.common.dynamic_creds [-] Acquired dynamic creds: credentials: Credentials: {'domain_id': 'default', 'domain_name': 'Default', 'username': 'tempest-AZV2TestJSON-929280115-project-member', 'project_domain_id': 'default', 'project_domain_name': 'Default', 'project_id': '19de3ec5d28a43eca0a7e01809c20d0c', 'project_name': 'tempest-AZV2TestJSON-929280115', 'tenant_id': '19de3ec5d28a43eca0a7e01809c20d0c', 'tenant_name': 'tempest-AZV2TestJSON-929280115', 'user_domain_id': 'default', 'user_domain_name': 'Default', 'user_id': 'aad1993c3e5b4c2991dcde4b22389551', 'system': None}, Network: None, Subnet: None, Router: None
2025-04-03 05:42:42.916 69188 INFO tempest.lib.common.dynamic_creds [-] Created isolated network resources for: credentials: Credentials: {'domain_id': 'default', 'domain_name': 'Default', 'username': 'tempest-AZV2TestJSON-929280115-project-member', 'project_domain_id': 'default', 'project_domain_name': 'Default', 'project_id': '19de3ec5d28a43eca0a7e01809c20d0c', 'project_name': 'tempest-AZV2TestJSON-929280115', 'tenant_id': '19de3ec5d28a43eca0a7e01809c20d0c', 'tenant_name': 'tempest-AZV2TestJSON-929280115', 'user_domain_id': 'default', 'user_domain_name': 'Default', 'user_id': 'aad1993c3e5b4c2991dcde4b22389551', 'system': None}, Network: None, Subnet: None, Router: None
2025-04-03 05:42:42.931 69146 INFO tempest.lib.common.rest_client [req-6f7dd132-402c-488c-a7c7-7c1dceafab89 req-6f7dd132-402c-488c-a7c7-7c1dceafab89 ] Request (InstanceActionsTestJSON:setUpClass): 200 GET http://10.180.1.21/compute/v2.1/servers/f6a92e74-cd3c-4770-ad5d-d9174460d68b 0.051s
2025-04-03 05:42:42.985 69188 INFO tempest.lib.common.rest_client [req-f6900505-562d-4333-aeb9-080079592c0b req-f6900505-562d-4333-aeb9-080079592c0b ] Request (AZV2TestJSON:setUpClass): 201 POST http://10.180.1.21/identity/v3/auth/tokens 0.065s
2025-04-03 05:42:43.013 69206 INFO tempest.lib.common.rest_client [req-b2b689c0-5193-4ffc-b2c2-bcb930377750 req-b2b689c0-5193-4ffc-b2c2-bcb930377750 ] Request (ServersWithSpecificFlavorTestJSON:test_verify_created_server_ephemeral_disk): 200 GET http://10.180.1.21/compute/v2.1/servers/27273416-b04c-4381-b4d2-43cb300b2046 0.053s
2025-04-03 05:42:43.073 69188 INFO tempest.lib.common.rest_client [req-75bb1215-59fd-4581-80b7-21fb8bba8093 req-75bb1215-59fd-4581-80b7-21fb8bba8093 ] Request (AZV2TestJSON:test_get_availability_zone_list_with_non_admin_user): 200 GET http://10.180.1.21/compute/v2.1/os-availability-zone 0.087s
2025-04-03 05:42:43.092 69152 INFO tempest.lib.common.rest_client [req-6e3a8869-6f1d-4b5c-a8e7-bc2a569e0975 req-6e3a8869-6f1d-4b5c-a8e7-bc2a569e0975 ] Request (ServersTestMultiNic:test_verify_multiple_nics_order): 200 GET http://10.180.1.21/compute/v2.1/servers/c90fc964-8d2a-40ce-b420-62bc2eb89cbc 0.053s
2025-04-03 05:42:43.147 69166 INFO tempest.lib.common.rest_client [req-adc2ed18-8f48-4d97-8d36-419843ea765d req-adc2ed18-8f48-4d97-8d36-419843ea765d ] Request (ListServerFiltersTestJSON:tearDownClass): 200 GET http://10.180.1.21/compute/v2.1/servers/7b03ca03-0eb9-47b9-a6f2-ed8b9e079b93 0.067s
2025-04-03 05:42:43.169 69188 INFO tempest.lib.common.rest_client [req-85593848-3c6b-48f6-8485-e34e2a05c108 req-85593848-3c6b-48f6-8485-e34e2a05c108 ] Request (AZV2TestJSON:tearDownClass): 204 DELETE http://10.180.1.21/identity/v3/users/aad1993c3e5b4c2991dcde4b22389551 0.093s
2025-04-03 05:42:43.169 69188 INFO tempest.lib.common.dynamic_creds [-] Deleting project and security group for project: 19de3ec5d28a43eca0a7e01809c20d0c
2025-04-03 05:42:43.228 69188 INFO tempest.lib.common.rest_client [req-30ffacbf-0b50-4ec4-a3c2-b08e62f2fac5 req-30ffacbf-0b50-4ec4-a3c2-b08e62f2fac5 ] Request (AZV2TestJSON:tearDownClass): 201 POST http://10.180.1.21/identity/v3/auth/tokens 0.059s
2025-04-03 05:42:43.264 69178 INFO tempest.lib.common.rest_client [req-85a4e157-a39b-4bfd-97ed-14e7040a7574 req-85a4e157-a39b-4bfd-97ed-14e7040a7574 ] Request (MigrationsAdminTest:test_resize_server_revert_deleted_flavor): 200 GET http://10.180.1.21/compute/v2.1/servers/392377e1-e0c2-4696-ad23-66a9287fa003 0.050s
2025-04-03 05:42:43.271 69178 INFO tempest.common.waiters [-] State transition "BUILD/None" ==> "BUILD/networking" after 74 second wait
2025-04-03 05:42:43.331 69180 INFO tempest.lib.common.rest_client [req-309fa5fe-4c81-4d08-a19b-664ea05a9647 req-309fa5fe-4c81-4d08-a19b-664ea05a9647 ] Request (ServerRescueTestJSON:test_rescue_unrescue_instance): 200 GET http://10.180.1.21/compute/v2.1/servers/09e0b6d9-9189-4e13-b37b-447db8b4bfcb 0.058s
2025-04-03 05:42:43.389 69162 INFO tempest.lib.common.rest_client [req-3f5524b0-293d-4dfa-9790-89db1a627562 req-3f5524b0-293d-4dfa-9790-89db1a627562 ] Request (SecurityGroupsTestJSON:test_server_security_groups): 200 GET http://10.180.1.21/compute/v2.1/servers/400402ac-ac7d-4086-b67c-2ba8c4d9f92d 0.063s
2025-04-03 05:42:43.444 69188 INFO tempest.lib.common.rest_client [req-bc4eb176-c01b-4e4d-882e-15fa947d2972 req-bc4eb176-c01b-4e4d-882e-15fa947d2972 ] Request (AZV2TestJSON:tearDownClass): 200 GET http://10.180.1.21:9696/networking/v2.0/security-groups?tenant_id=19de3ec5d28a43eca0a7e01809c20d0c&name=default 0.215s
2025-04-03 05:42:43.450 69182 INFO tempest.lib.common.rest_client [req-89c083d2-ae41-46b9-bfec-47bff7718420 req-89c083d2-ae41-46b9-bfec-47bff7718420 ] Request (ServerDiskConfigTestJSON:test_rebuild_server_with_manual_disk_config): 200 GET http://10.180.1.21/compute/v2.1/servers/1f816be1-4397-4b36-8b9e-9b359a4bd47b 0.074s
2025-04-03 05:42:43.521 69158 INFO tempest.lib.common.rest_client [req-9393ac18-75ed-4cce-b1e3-58c6a69b7e8c req-9393ac18-75ed-4cce-b1e3-58c6a69b7e8c ] Request (ServerShowV257Test:test_rebuild_server): 200 GET http://10.180.1.21/compute/v2.1/servers/bc1bfe80-9b9c-4915-93eb-12e80197ad49 0.081s
2025-04-03 05:42:43.527 69188 INFO tempest.lib.common.rest_client [req-261627b3-db80-4f2e-8bf7-1d5a0a26edde req-261627b3-db80-4f2e-8bf7-1d5a0a26edde ] Request (AZV2TestJSON:tearDownClass): 204 DELETE http://10.180.1.21:9696/networking/v2.0/security-groups/a56673b6-1579-44a5-8d4b-c964c8fb7ded 0.083s
2025-04-03 05:42:43.565 69186 INFO tempest.lib.common.rest_client [req-4285a376-3105-46da-93be-ed486c58355e req-4285a376-3105-46da-93be-ed486c58355e ] Request (ImagesNegativeTestJSON:test_create_image_from_deleted_server): 200 GET http://10.180.1.21/compute/v2.1/servers/29c905a4-0b30-4d16-9e1b-90bdcfb7b3ec 0.072s
2025-04-03 05:42:43.596 69188 INFO tempest.lib.common.rest_client [req-46d206a6-0df3-4b08-ad9a-7dc622e5e695 req-46d206a6-0df3-4b08-ad9a-7dc622e5e695 ] Request (AZV2TestJSON:tearDownClass): 204 DELETE http://10.180.1.21/identity/v3/projects/19de3ec5d28a43eca0a7e01809c20d0c 0.068s
2025-04-03 05:42:43.657 69190 INFO tempest.lib.common.rest_client [req-a52151e1-dc0e-4af5-9138-72030e9d96a0 req-a52151e1-dc0e-4af5-9138-72030e9d96a0 ] Request (ServersListShow298Test:test_list_show_update_rebuild_server_298): 200 GET http://10.180.1.21/compute/v2.1/servers/d56b077a-17f8-4c80-87bd-e45e469fc93b 0.092s
2025-04-03 05:42:43.671 69188 INFO tempest.lib.common.rest_client [req-dd9e6370-58cc-472d-a90f-c31178658bd4 req-dd9e6370-58cc-472d-a90f-c31178658bd4 ] Request (ServerActionsTestOtherA:setUpClass): 201 POST http://10.180.1.21/identity/v3/auth/tokens 0.073s
2025-04-03 05:42:43.685 69170 INFO tempest.lib.common.rest_client [req-f35dc331-b16b-42a3-9792-5602ce6d100b req-f35dc331-b16b-42a3-9792-5602ce6d100b ] Request (ServersAdminTestJSON:test_create_server_with_scheduling_hint): 200 GET http://10.180.1.21/compute/v2.1/servers/d80ae47b-ebe7-48eb-9525-8cabb4e04df0 0.062s
2025-04-03 05:42:43.713 69188 INFO tempest.lib.common.rest_client [req-bf963ea9-b49b-4f50-b03c-8da4811637f3 req-bf963ea9-b49b-4f50-b03c-8da4811637f3 ] Request (ServerActionsTestOtherA:setUpClass): 201 POST http://10.180.1.21/identity/v3/auth/tokens 0.040s
2025-04-03 05:42:43.741 69188 INFO tempest.lib.common.rest_client [req-fe59af47-49ce-499c-837a-3a5ecf452e01 req-fe59af47-49ce-499c-837a-3a5ecf452e01 ] Request (ServerActionsTestOtherA:setUpClass): 200 GET http://10.180.1.21/identity/v3/domains?name=Default 0.028s
2025-04-03 05:42:43.765 69156 INFO tempest.lib.common.rest_client [req-c9357c36-1e7e-457f-9f1a-278dddb91197 req-c9357c36-1e7e-457f-9f1a-278dddb91197 ] Request (ServerDiagnosticsNegativeTest:tearDownClass): 200 GET http://10.180.1.21/compute/v2.1/servers/845f4864-33e5-46ef-9d9a-025f1d839e52 0.075s
2025-04-03 05:42:43.779 69188 INFO tempest.lib.common.rest_client [req-d6c71bb6-5350-423e-9659-279d4f06c44c req-d6c71bb6-5350-423e-9659-279d4f06c44c ] Request (ServerActionsTestOtherA:setUpClass): 201 POST http://10.180.1.21/identity/v3/projects 0.036s
2025-04-03 05:42:43.833 69204 INFO tempest.lib.common.rest_client [req-c142ceda-17d6-46e5-9136-62789e669f95 req-c142ceda-17d6-46e5-9136-62789e669f95 ] Request (ImagesTestJSON:test_create_image_from_suspended_server): 200 GET http://10.180.1.21/compute/v2.1/images/0b1af699-012e-4c34-b09c-6d01dced2366 0.046s
2025-04-03 05:42:43.839 69188 INFO tempest.lib.common.rest_client [req-59b2b39b-d554-4867-bdea-5c8f0413addd req-59b2b39b-d554-4867-bdea-5c8f0413addd ] Request (ServerActionsTestOtherA:setUpClass): 201 POST http://10.180.1.21/identity/v3/users 0.060s
2025-04-03 05:42:43.839 69196 INFO tempest.lib.common.rest_client [req-0c90c5af-bb50-41b2-bbbd-6249e0f9d917 req-0c90c5af-bb50-41b2-bbbd-6249e0f9d917 ] Request (DeleteServersTestJSON:test_delete_server_while_in_attached_volume): 200 GET http://10.180.1.21/volume/v3/volumes/95bbd0a8-40ff-40d3-9fcc-8628429dc841 0.037s
2025-04-03 05:42:43.861 69188 INFO tempest.lib.common.rest_client [req-11cd13fe-a1c0-4972-a21a-7d5be556c7c1 req-11cd13fe-a1c0-4972-a21a-7d5be556c7c1 ] Request (ServerActionsTestOtherA:setUpClass): 200 GET http://10.180.1.21/identity/v3/roles 0.021s
2025-04-03 05:42:43.886 69188 INFO tempest.lib.common.rest_client [req-74b0bfe0-497e-4e75-a372-ad8fcb996094 req-74b0bfe0-497e-4e75-a372-ad8fcb996094 ] Request (ServerActionsTestOtherA:setUpClass): 204 PUT http://10.180.1.21/identity/v3/projects/fd9a7a11100842b4b5c3a7006e968478/users/aabe9be178264d839d470f611055811b/roles/9864bf86660946ea8223bae7d64d8213 0.024s
2025-04-03 05:42:43.886 69188 INFO tempest.lib.common.dynamic_creds [-] Dynamic test user aabe9be178264d839d470f611055811b is created with scope project and roles: ['member']
2025-04-03 05:42:43.887 69188 INFO tempest.lib.common.dynamic_creds [-] Acquired dynamic creds: credentials: Credentials: {'domain_id': 'default', 'domain_name': 'Default', 'username': 'tempest-ServerActionsTestOtherA-818701227-project-member', 'project_domain_id': 'default', 'project_domain_name': 'Default', 'project_id': 'fd9a7a11100842b4b5c3a7006e968478', 'project_name': 'tempest-ServerActionsTestOtherA-818701227', 'tenant_id': 'fd9a7a11100842b4b5c3a7006e968478', 'tenant_name': 'tempest-ServerActionsTestOtherA-818701227', 'user_domain_id': 'default', 'user_domain_name': 'Default', 'user_id': 'aabe9be178264d839d470f611055811b', 'system': None}, Network: None, Subnet: None, Router: None
2025-04-03 05:42:43.933 69194 INFO tempest.lib.common.rest_client [req-4845c4f5-f01f-4049-afe8-84bff5ab788e req-4845c4f5-f01f-4049-afe8-84bff5ab788e ] Request (ServerRescueTestJSONUnderV235:tearDownClass): 200 GET http://10.180.1.21/compute/v2.1/servers/22e625e7-b4f1-449a-a4ad-a50ea757e8dd 0.074s
2025-04-03 05:42:43.941 69188 INFO tempest.lib.common.rest_client [req-46b23971-c528-4673-9143-c8028fa05145 req-46b23971-c528-4673-9143-c8028fa05145 ] Request (ServerActionsTestOtherA:setUpClass): 201 POST http://10.180.1.21/identity/v3/auth/tokens 0.054s
2025-04-03 05:42:44.004 69146 INFO tempest.lib.common.rest_client [req-462b8be6-2917-4a92-80dc-0e8407072978 req-462b8be6-2917-4a92-80dc-0e8407072978 ] Request (InstanceActionsTestJSON:setUpClass): 200 GET http://10.180.1.21/compute/v2.1/servers/f6a92e74-cd3c-4770-ad5d-d9174460d68b 0.065s
2025-04-03 05:42:44.058 69200 INFO tempest.lib.common.rest_client [req-9c53a3ce-79bb-4baa-b2dd-81c428050855 req-9c53a3ce-79bb-4baa-b2dd-81c428050855 ] Request (ImagesOneServerNegativeTestJSON:tearDown): 200 GET http://10.180.1.21/compute/v2.1/servers/6c0739c5-d01a-437d-a986-c5c0845b68f4 0.142s
2025-04-03 05:42:44.067 69200 INFO tempest.common.waiters [-] State transition "ACTIVE/image_snapshot_pending" ==> "ACTIVE/image_snapshot" after 2 second wait
2025-04-03 05:42:44.079 69206 INFO tempest.lib.common.rest_client [req-8ff09176-3b7f-4bbb-aa1b-f7bf433eaa23 req-8ff09176-3b7f-4bbb-aa1b-f7bf433eaa23 ] Request (ServersWithSpecificFlavorTestJSON:test_verify_created_server_ephemeral_disk): 200 GET http://10.180.1.21/compute/v2.1/servers/27273416-b04c-4381-b4d2-43cb300b2046 0.059s
2025-04-03 05:42:44.154 69152 INFO tempest.lib.common.rest_client [req-1feacacf-24e6-4864-abb4-a05c0d4176c5 req-1feacacf-24e6-4864-abb4-a05c0d4176c5 ] Request (ServersTestMultiNic:test_verify_multiple_nics_order): 200 GET http://10.180.1.21/compute/v2.1/servers/c90fc964-8d2a-40ce-b420-62bc2eb89cbc 0.054s
2025-04-03 05:42:44.190 69188 INFO tempest.lib.common.rest_client [req-dab1696e-a830-410b-9562-70e1156c0251 req-dab1696e-a830-410b-9562-70e1156c0251 ] Request (ServerActionsTestOtherA:setUpClass): 201 POST http://10.180.1.21:9696/networking/v2.0/networks 0.248s
2025-04-03 05:42:44.231 69166 INFO tempest.lib.common.rest_client [req-fb13802f-69f9-4901-b7af-6a9a5344deef req-fb13802f-69f9-4901-b7af-6a9a5344deef ] Request (ListServerFiltersTestJSON:tearDownClass): 200 GET http://10.180.1.21/compute/v2.1/servers/7b03ca03-0eb9-47b9-a6f2-ed8b9e079b93 0.076s
2025-04-03 05:42:44.262 69168 WARNING tempest.lib.common.ssh [-] Failed to establish authenticated ssh connection to cirros@10.180.180.156 ([Errno None] Unable to connect to port 22 on 10.180.180.156). Number attempts: 8. Retry after 9 seconds.: paramiko.ssh_exception.NoValidConnectionsError: [Errno None] Unable to connect to port 22 on 10.180.180.156
2025-04-03 05:42:44.359 69188 INFO tempest.lib.common.rest_client [req-3ba848c2-c53f-4d30-869b-5f08c82c5dca req-3ba848c2-c53f-4d30-869b-5f08c82c5dca ] Request (ServerActionsTestOtherA:setUpClass): 201 POST http://10.180.1.21:9696/networking/v2.0/subnets 0.168s
2025-04-03 05:42:44.503 69180 INFO tempest.lib.common.rest_client [req-645034ea-624b-4522-8cd5-63d19b6ea46a req-645034ea-624b-4522-8cd5-63d19b6ea46a ] Request (ServerRescueTestJSON:test_rescue_unrescue_instance): 200 GET http://10.180.1.21/compute/v2.1/servers/09e0b6d9-9189-4e13-b37b-447db8b4bfcb 0.164s
2025-04-03 05:42:44.593 69162 INFO tempest.lib.common.rest_client [req-6fa5926b-731d-4820-9204-ab3d68b3b474 req-6fa5926b-731d-4820-9204-ab3d68b3b474 ] Request (SecurityGroupsTestJSON:test_server_security_groups): 200 GET http://10.180.1.21/compute/v2.1/servers/400402ac-ac7d-4086-b67c-2ba8c4d9f92d 0.187s
2025-04-03 05:42:44.604 69178 INFO tempest.lib.common.rest_client [req-7a524937-2ea7-48ec-a50a-71b61d5e2cd2 req-7a524937-2ea7-48ec-a50a-71b61d5e2cd2 ] Request (MigrationsAdminTest:test_resize_server_revert_deleted_flavor): 200 GET http://10.180.1.21/compute/v2.1/servers/392377e1-e0c2-4696-ad23-66a9287fa003 0.332s
2025-04-03 05:42:44.613 69178 INFO tempest.common.waiters [-] State transition "BUILD/networking" ==> "BUILD/block_device_mapping" after 75 second wait
2025-04-03 05:42:44.670 69182 INFO tempest.lib.common.rest_client [req-525df254-3618-46c9-9215-6c54c2e6f4bc req-525df254-3618-46c9-9215-6c54c2e6f4bc ] Request (ServerDiskConfigTestJSON:test_rebuild_server_with_manual_disk_config): 200 GET http://10.180.1.21/compute/v2.1/servers/1f816be1-4397-4b36-8b9e-9b359a4bd47b 0.211s
2025-04-03 05:42:44.674 69158 INFO tempest.lib.common.rest_client [req-02c8dd29-5db9-4123-8de5-0f9ffed77762 req-02c8dd29-5db9-4123-8de5-0f9ffed77762 ] Request (ServerShowV257Test:test_rebuild_server): 200 GET http://10.180.1.21/compute/v2.1/servers/bc1bfe80-9b9c-4915-93eb-12e80197ad49 0.143s
2025-04-03 05:42:44.753 69186 INFO tempest.lib.common.rest_client [req-e4f84d41-b1cd-4ed5-a223-bed400021af1 req-e4f84d41-b1cd-4ed5-a223-bed400021af1 ] Request (ImagesNegativeTestJSON:test_create_image_from_deleted_server): 200 GET http://10.180.1.21/compute/v2.1/servers/29c905a4-0b30-4d16-9e1b-90bdcfb7b3ec 0.172s
2025-04-03 05:42:44.753 69190 INFO tempest.lib.common.rest_client [req-ce11c37a-2b28-4a38-a023-d52992e7474a req-ce11c37a-2b28-4a38-a023-d52992e7474a ] Request (ServersListShow298Test:test_list_show_update_rebuild_server_298): 200 GET http://10.180.1.21/compute/v2.1/servers/d56b077a-17f8-4c80-87bd-e45e469fc93b 0.084s
2025-04-03 05:42:44.818 69170 INFO tempest.lib.common.rest_client [req-7e647117-6761-42c0-8931-11385e0e42e5 req-7e647117-6761-42c0-8931-11385e0e42e5 ] Request (ServersAdminTestJSON:test_create_server_with_scheduling_hint): 200 GET http://10.180.1.21/compute/v2.1/servers/d80ae47b-ebe7-48eb-9525-8cabb4e04df0 0.124s
2025-04-03 05:42:44.852 69156 INFO tempest.lib.common.rest_client [req-50dbde08-cca3-4454-be35-7f05a1b4dc4e req-50dbde08-cca3-4454-be35-7f05a1b4dc4e ] Request (ServerDiagnosticsNegativeTest:tearDownClass): 200 GET http://10.180.1.21/compute/v2.1/servers/845f4864-33e5-46ef-9d9a-025f1d839e52 0.074s
2025-04-03 05:42:44.884 69196 INFO tempest.lib.common.rest_client [req-65e038d8-7ad7-4683-9ffd-c1c021dfd141 req-65e038d8-7ad7-4683-9ffd-c1c021dfd141 ] Request (DeleteServersTestJSON:test_delete_server_while_in_attached_volume): 200 GET http://10.180.1.21/volume/v3/volumes/95bbd0a8-40ff-40d3-9fcc-8628429dc841 0.037s
2025-04-03 05:42:44.884 69204 INFO tempest.lib.common.rest_client [req-31ad28b4-6066-465c-9e1c-0952f5b486c1 req-31ad28b4-6066-465c-9e1c-0952f5b486c1 ] Request (ImagesTestJSON:test_create_image_from_suspended_server): 200 GET http://10.180.1.21/compute/v2.1/images/0b1af699-012e-4c34-b09c-6d01dced2366 0.046s
2025-04-03 05:42:44.890 69196 INFO tempest.common.waiters [-] Attachment 487b750e-b6ea-4bd3-ade3-47dd96fd2eec created for volume 95bbd0a8-40ff-40d3-9fcc-8628429dc841 to server bd9c7290-f6fc-4f39-9c82-a51332e01a7e after waiting for 7.890391 seconds
2025-04-03 05:42:44.917 69196 INFO tempest.lib.common.rest_client [req-e79ad8bc-9e7e-4b87-b5d3-42c7bcafe25c req-e79ad8bc-9e7e-4b87-b5d3-42c7bcafe25c ] Request (DeleteServersTestJSON:test_delete_server_while_in_attached_volume): 200 GET http://10.180.1.21/volume/v3/volumes/95bbd0a8-40ff-40d3-9fcc-8628429dc841 0.027s
2025-04-03 05:42:44.924 69196 INFO tempest.common.waiters [-] volume 95bbd0a8-40ff-40d3-9fcc-8628429dc841 reached in-use after waiting for 0.924851 seconds
2025-04-03 05:42:45.005 69194 INFO tempest.lib.common.rest_client [req-6c98cb25-9b35-4700-90b4-8898a19f2e1d req-6c98cb25-9b35-4700-90b4-8898a19f2e1d ] Request (ServerRescueTestJSONUnderV235:tearDownClass): 200 GET http://10.180.1.21/compute/v2.1/servers/22e625e7-b4f1-449a-a4ad-a50ea757e8dd 0.061s
2025-04-03 05:42:45.024 69196 INFO tempest.lib.common.rest_client [req-1005c89c-e54e-455f-8ecc-6a58ef6863bf req-1005c89c-e54e-455f-8ecc-6a58ef6863bf ] Request (DeleteServersTestJSON:test_delete_server_while_in_attached_volume): 204 DELETE http://10.180.1.21/compute/v2.1/servers/bd9c7290-f6fc-4f39-9c82-a51332e01a7e 0.099s
2025-04-03 05:42:45.074 69146 INFO tempest.lib.common.rest_client [req-e1d173ac-03b9-4f5f-af09-637c7ba7f33e req-e1d173ac-03b9-4f5f-af09-637c7ba7f33e ] Request (InstanceActionsTestJSON:setUpClass): 200 GET http://10.180.1.21/compute/v2.1/servers/f6a92e74-cd3c-4770-ad5d-d9174460d68b 0.061s
2025-04-03 05:42:45.188 69200 INFO tempest.lib.common.rest_client [req-c7107e9a-e9b0-44ac-b9ec-9c197fe81937 req-c7107e9a-e9b0-44ac-b9ec-9c197fe81937 ] Request (ImagesOneServerNegativeTestJSON:tearDown): 200 GET http://10.180.1.21/compute/v2.1/servers/6c0739c5-d01a-437d-a986-c5c0845b68f4 0.120s
2025-04-03 05:42:45.194 69196 INFO tempest.lib.common.rest_client [req-ec07e529-65d3-4957-b140-5ebf7a052a71 req-ec07e529-65d3-4957-b140-5ebf7a052a71 ] Request (DeleteServersTestJSON:test_delete_server_while_in_attached_volume): 200 GET http://10.180.1.21/compute/v2.1/servers/bd9c7290-f6fc-4f39-9c82-a51332e01a7e 0.170s
2025-04-03 05:42:45.196 69200 INFO tempest.common.waiters [-] State transition "ACTIVE/image_snapshot" ==> "ACTIVE/image_pending_upload" after 3 second wait
2025-04-03 05:42:45.210 69188 INFO tempest.lib.common.rest_client [req-b646f278-34d1-4156-bf88-4802c01f15b0 req-b646f278-34d1-4156-bf88-4802c01f15b0 ] Request (ServerActionsTestOtherA:setUpClass): 201 POST http://10.180.1.21:9696/networking/v2.0/routers 0.850s
2025-04-03 05:42:45.250 69152 INFO tempest.lib.common.rest_client [req-1b6e9471-5ffa-45a7-8e21-db35990f5fcd req-1b6e9471-5ffa-45a7-8e21-db35990f5fcd ] Request (ServersTestMultiNic:test_verify_multiple_nics_order): 200 GET http://10.180.1.21/compute/v2.1/servers/c90fc964-8d2a-40ce-b420-62bc2eb89cbc 0.082s
2025-04-03 05:42:45.258 69206 INFO tempest.lib.common.rest_client [req-886cad7c-8fad-4a23-a370-e524bc48232d req-886cad7c-8fad-4a23-a370-e524bc48232d ] Request (ServersWithSpecificFlavorTestJSON:test_verify_created_server_ephemeral_disk): 200 GET http://10.180.1.21/compute/v2.1/servers/27273416-b04c-4381-b4d2-43cb300b2046 0.170s
2025-04-03 05:42:45.312 69166 INFO tempest.lib.common.rest_client [req-202a1563-2fa1-4b2a-9567-5544e45eb9dc req-202a1563-2fa1-4b2a-9567-5544e45eb9dc ] Request (ListServerFiltersTestJSON:tearDownClass): 200 GET http://10.180.1.21/compute/v2.1/servers/7b03ca03-0eb9-47b9-a6f2-ed8b9e079b93 0.073s
2025-04-03 05:42:45.576 69180 INFO tempest.lib.common.rest_client [req-aa163185-80e1-4daf-a893-a1191e560579 req-aa163185-80e1-4daf-a893-a1191e560579 ] Request (ServerRescueTestJSON:test_rescue_unrescue_instance): 200 GET http://10.180.1.21/compute/v2.1/servers/09e0b6d9-9189-4e13-b37b-447db8b4bfcb 0.057s
2025-04-03 05:42:45.682 69162 INFO tempest.lib.common.rest_client [req-0843c3ef-2520-4de0-95ab-11f1fdd51a00 req-0843c3ef-2520-4de0-95ab-11f1fdd51a00 ] Request (SecurityGroupsTestJSON:test_server_security_groups): 200 GET http://10.180.1.21/compute/v2.1/servers/400402ac-ac7d-4086-b67c-2ba8c4d9f92d 0.076s
2025-04-03 05:42:45.755 69182 INFO tempest.lib.common.rest_client [req-4d96ae29-0e35-4ac9-8e01-b6b99d0f5ed1 req-4d96ae29-0e35-4ac9-8e01-b6b99d0f5ed1 ] Request (ServerDiskConfigTestJSON:test_rebuild_server_with_manual_disk_config): 200 GET http://10.180.1.21/compute/v2.1/servers/1f816be1-4397-4b36-8b9e-9b359a4bd47b 0.073s
2025-04-03 05:42:45.758 69178 INFO tempest.lib.common.rest_client [req-19e9cc06-8579-4467-8946-193766ef124e req-19e9cc06-8579-4467-8946-193766ef124e ] Request (MigrationsAdminTest:test_resize_server_revert_deleted_flavor): 200 GET http://10.180.1.21/compute/v2.1/servers/392377e1-e0c2-4696-ad23-66a9287fa003 0.144s
2025-04-03 05:42:45.768 69178 INFO tempest.common.waiters [-] State transition "BUILD/block_device_mapping" ==> "BUILD/spawning" after 76 second wait
2025-04-03 05:42:45.850 69158 INFO tempest.lib.common.rest_client [req-8ce1c90f-63e2-44f8-9bb7-5977f8a1ddd2 req-8ce1c90f-63e2-44f8-9bb7-5977f8a1ddd2 ] Request (ServerShowV257Test:test_rebuild_server): 200 GET http://10.180.1.21/compute/v2.1/servers/bc1bfe80-9b9c-4915-93eb-12e80197ad49 0.167s
2025-04-03 05:42:45.862 69186 INFO tempest.lib.common.rest_client [req-886d4c88-ea66-4e13-a577-3bdfce301fda req-886d4c88-ea66-4e13-a577-3bdfce301fda ] Request (ImagesNegativeTestJSON:test_create_image_from_deleted_server): 200 GET http://10.180.1.21/compute/v2.1/servers/29c905a4-0b30-4d16-9e1b-90bdcfb7b3ec 0.099s
2025-04-03 05:42:45.932 69190 INFO tempest.lib.common.rest_client [req-9e322b17-7dd3-4fb0-88f0-5f6161376fea req-9e322b17-7dd3-4fb0-88f0-5f6161376fea ] Request (ServersListShow298Test:test_list_show_update_rebuild_server_298): 200 GET http://10.180.1.21/compute/v2.1/servers/d56b077a-17f8-4c80-87bd-e45e469fc93b 0.167s
2025-04-03 05:42:45.944 69170 INFO tempest.lib.common.rest_client [req-358d8869-fca1-4201-a2a1-fce533108309 req-358d8869-fca1-4201-a2a1-fce533108309 ] Request (ServersAdminTestJSON:test_create_server_with_scheduling_hint): 200 GET http://10.180.1.21/compute/v2.1/servers/d80ae47b-ebe7-48eb-9525-8cabb4e04df0 0.105s
2025-04-03 05:42:45.962 69188 INFO tempest.lib.common.rest_client [req-d031ba31-f321-47de-8d7a-fa3c328fe7cd req-d031ba31-f321-47de-8d7a-fa3c328fe7cd ] Request (ServerActionsTestOtherA:setUpClass): 200 PUT http://10.180.1.21:9696/networking/v2.0/routers/46bb8e71-7be3-43a3-b80e-d2e06d42cf97/add_router_interface 0.751s
2025-04-03 05:42:45.962 69188 INFO tempest.lib.common.dynamic_creds [-] Created isolated network resources for: credentials: Credentials: {'domain_id': 'default', 'domain_name': 'Default', 'username': 'tempest-ServerActionsTestOtherA-818701227-project-member', 'project_domain_id': 'default', 'project_domain_name': 'Default', 'project_id': 'fd9a7a11100842b4b5c3a7006e968478', 'project_name': 'tempest-ServerActionsTestOtherA-818701227', 'tenant_id': 'fd9a7a11100842b4b5c3a7006e968478', 'tenant_name': 'tempest-ServerActionsTestOtherA-818701227', 'user_domain_id': 'default', 'user_domain_name': 'Default', 'user_id': 'aabe9be178264d839d470f611055811b', 'system': None}, Network: {'id': '2b7aee56-fad0-4943-9620-1bc5fd264f5e', 'name': 'tempest-ServerActionsTestOtherA-1653932271-network', 'tenant_id': 'fd9a7a11100842b4b5c3a7006e968478', 'admin_state_up': True, 'mtu': 8950, 'status': 'ACTIVE', 'subnets': [], 'shared': False, 'project_id': 'fd9a7a11100842b4b5c3a7006e968478', 'port_security_enabled': True, 'router:external': False, 'provider:network_type': 'vlan', 'provider:physical_network': 'default', 'provider:segmentation_id': 327, 'availability_zone_hints': [], 'availability_zones': [], 'ipv4_address_scope': None, 'ipv6_address_scope': None, 'description': '', 'tags': [], 'created_at': '2025-04-03T05:42:44Z', 'updated_at': '2025-04-03T05:42:44Z', 'revision_number': 1}, Subnet: {'id': 'd2fc725d-511d-4da0-bc33-e7c72e541ef4', 'name': 'tempest-ServerActionsTestOtherA-1653932271-subnet', 'tenant_id': 'fd9a7a11100842b4b5c3a7006e968478', 'network_id': '2b7aee56-fad0-4943-9620-1bc5fd264f5e', 'ip_version': 4, 'subnetpool_id': None, 'enable_dhcp': True, 'ipv6_ra_mode': None, 'ipv6_address_mode': None, 'gateway_ip': '192.168.128.1', 'cidr': '192.168.128.0/28', 'allocation_pools': [{'start': '192.168.128.2', 'end': '192.168.128.14'}], 'host_routes': [], 'dns_nameservers': [], 'description': '', 'router:external': False, 'service_types': [], 'tags': [], 'created_at': '2025-04-03T05:42:44Z', 'updated_at': '2025-04-03T05:42:44Z', 'revision_number': 0, 'project_id': 'fd9a7a11100842b4b5c3a7006e968478'}, Router: {'id': '46bb8e71-7be3-43a3-b80e-d2e06d42cf97', 'name': 'tempest-ServerActionsTestOtherA-1653932271-router', 'tenant_id': 'fd9a7a11100842b4b5c3a7006e968478', 'admin_state_up': True, 'status': 'ACTIVE', 'external_gateway_info': {'network_id': '673bc9ef-3fba-4ea3-af2f-ce700e2df25a', 'external_fixed_ips': [{'subnet_id': '791252bb-67f7-4b15-bc46-4d349c6c5fca', 'ip_address': '10.180.180.221'}], 'enable_snat': True}, 'description': '', 'availability_zones': [], 'distributed': False, 'ha': False, 'availability_zone_hints': [], 'routes': [], 'flavor_id': None, 'tags': [], 'created_at': '2025-04-03T05:42:44Z', 'updated_at': '2025-04-03T05:42:44Z', 'revision_number': 2, 'project_id': 'fd9a7a11100842b4b5c3a7006e968478'}
2025-04-03 05:42:45.991 69204 INFO tempest.lib.common.rest_client [req-6d8afcf3-7ddb-44b7-a214-381ffd56dffd req-6d8afcf3-7ddb-44b7-a214-381ffd56dffd ] Request (ImagesTestJSON:test_create_image_from_suspended_server): 200 GET http://10.180.1.21/compute/v2.1/images/0b1af699-012e-4c34-b09c-6d01dced2366 0.103s
2025-04-03 05:42:46.011 69156 INFO tempest.lib.common.rest_client [req-804555f2-45ef-472a-8dee-6367d029ceba req-804555f2-45ef-472a-8dee-6367d029ceba ] Request (ServerDiagnosticsNegativeTest:tearDownClass): 200 GET http://10.180.1.21/compute/v2.1/servers/845f4864-33e5-46ef-9d9a-025f1d839e52 0.148s
2025-04-03 05:42:46.060 69188 INFO tempest.lib.common.rest_client [req-b216182b-85bc-4501-a569-77942607bb62 req-b216182b-85bc-4501-a569-77942607bb62 ] Request (ServerActionsTestOtherA:setUpClass): 201 POST http://10.180.1.21/identity/v3/auth/tokens 0.095s
2025-04-03 05:42:46.088 69194 INFO tempest.lib.common.rest_client [req-62374fc5-fafc-4b25-bf5f-86948bb9dcc8 req-62374fc5-fafc-4b25-bf5f-86948bb9dcc8 ] Request (ServerRescueTestJSONUnderV235:tearDownClass): 200 GET http://10.180.1.21/compute/v2.1/servers/22e625e7-b4f1-449a-a4ad-a50ea757e8dd 0.072s
2025-04-03 05:42:46.142 69146 INFO tempest.lib.common.rest_client [req-eacffa74-cb6a-4a77-9f32-3ffe97d723ab req-eacffa74-cb6a-4a77-9f32-3ffe97d723ab ] Request (InstanceActionsTestJSON:setUpClass): 200 GET http://10.180.1.21/compute/v2.1/servers/f6a92e74-cd3c-4770-ad5d-d9174460d68b 0.059s
2025-04-03 05:42:46.174 69188 INFO tempest.lib.common.rest_client [req-2a945cda-722b-42f3-9c6c-2204d72f4961 req-2a945cda-722b-42f3-9c6c-2204d72f4961 ] Request (ServerActionsTestOtherA:setUpClass): 200 POST http://10.180.1.21/compute/v2.1/os-keypairs 0.111s
2025-04-03 05:42:46.312 69176 WARNING tempest.lib.common.ssh [-] Failed to establish authenticated ssh connection to cirros@10.180.180.232 ([Errno None] Unable to connect to port 22 on 10.180.180.232). Number attempts: 1. Retry after 2 seconds.: paramiko.ssh_exception.NoValidConnectionsError: [Errno None] Unable to connect to port 22 on 10.180.180.232
2025-04-03 05:42:46.334 69188 INFO tempest.lib.common.rest_client [req-eff456dc-d682-41f8-9b70-0e853f999c71 req-eff456dc-d682-41f8-9b70-0e853f999c71 ] Request (ServerActionsTestOtherA:setUpClass): 201 POST http://10.180.1.21:9696/networking/v2.0/security-groups 0.158s
2025-04-03 05:42:46.353 69200 INFO tempest.lib.common.rest_client [req-574cd1ea-d843-4079-83cf-f98959b9b6b5 req-574cd1ea-d843-4079-83cf-f98959b9b6b5 ] Request (ImagesOneServerNegativeTestJSON:tearDown): 200 GET http://10.180.1.21/compute/v2.1/servers/6c0739c5-d01a-437d-a986-c5c0845b68f4 0.156s
2025-04-03 05:42:46.358 69196 INFO tempest.lib.common.rest_client [req-83cbda9c-be31-4450-b3ed-23877c44f261 req-83cbda9c-be31-4450-b3ed-23877c44f261 ] Request (DeleteServersTestJSON:test_delete_server_while_in_attached_volume): 200 GET http://10.180.1.21/compute/v2.1/servers/bd9c7290-f6fc-4f39-9c82-a51332e01a7e 0.149s
2025-04-03 05:42:46.408 69152 INFO tempest.lib.common.rest_client [req-730d1a2d-be74-4a6c-aff4-3ee995fea382 req-730d1a2d-be74-4a6c-aff4-3ee995fea382 ] Request (ServersTestMultiNic:test_verify_multiple_nics_order): 200 GET http://10.180.1.21/compute/v2.1/servers/c90fc964-8d2a-40ce-b420-62bc2eb89cbc 0.147s
2025-04-03 05:42:46.433 69206 INFO tempest.lib.common.rest_client [req-101826d9-de73-4193-a693-168abf09ac0f req-101826d9-de73-4193-a693-168abf09ac0f ] Request (ServersWithSpecificFlavorTestJSON:test_verify_created_server_ephemeral_disk): 200 GET http://10.180.1.21/compute/v2.1/servers/27273416-b04c-4381-b4d2-43cb300b2046 0.165s
2025-04-03 05:42:46.441 69188 INFO tempest.lib.common.rest_client [req-b6cfddfc-0fd4-4e40-b564-f09939e69261 req-b6cfddfc-0fd4-4e40-b564-f09939e69261 ] Request (ServerActionsTestOtherA:setUpClass): 201 POST http://10.180.1.21:9696/networking/v2.0/security-group-rules 0.107s
2025-04-03 05:42:46.482 69166 INFO tempest.lib.common.rest_client [req-a6835861-44ce-4bed-8694-9a4dcde94c0b req-a6835861-44ce-4bed-8694-9a4dcde94c0b ] Request (ListServerFiltersTestJSON:tearDownClass): 200 GET http://10.180.1.21/compute/v2.1/servers/7b03ca03-0eb9-47b9-a6f2-ed8b9e079b93 0.162s
2025-04-03 05:42:46.598 69188 INFO tempest.lib.common.rest_client [req-f097bb14-5798-4d52-998f-c2e2ec98fe2d req-f097bb14-5798-4d52-998f-c2e2ec98fe2d ] Request (ServerActionsTestOtherA:setUpClass): 201 POST http://10.180.1.21:9696/networking/v2.0/security-group-rules 0.156s
2025-04-03 05:42:46.648 69180 INFO tempest.lib.common.rest_client [req-da791fcb-4f5e-4606-937c-0bbd957c9d3d req-da791fcb-4f5e-4606-937c-0bbd957c9d3d ] Request (ServerRescueTestJSON:test_rescue_unrescue_instance): 200 GET http://10.180.1.21/compute/v2.1/servers/09e0b6d9-9189-4e13-b37b-447db8b4bfcb 0.064s
2025-04-03 05:42:46.655 69180 INFO tempest.common.waiters [-] State transition "BUILD/None" ==> "BUILD/networking" after 75 second wait
2025-04-03 05:42:46.720 69162 INFO tempest.lib.common.rest_client [req-6f1eb354-7a5f-49b8-9364-d5f44e4e286d req-6f1eb354-7a5f-49b8-9364-d5f44e4e286d ] Request (SecurityGroupsTestJSON:test_server_security_groups): 404 GET http://10.180.1.21/compute/v2.1/servers/400402ac-ac7d-4086-b67c-2ba8c4d9f92d 0.028s
2025-04-03 05:42:46.758 69164 WARNING tempest.lib.common.ssh [-] Failed to establish authenticated ssh connection to cirros@10.180.180.242 ([Errno None] Unable to connect to port 22 on 10.180.180.242). Number attempts: 8. Retry after 9 seconds.: paramiko.ssh_exception.NoValidConnectionsError: [Errno None] Unable to connect to port 22 on 10.180.180.242
2025-04-03 05:42:46.850 69182 INFO tempest.lib.common.rest_client [req-86f3612a-c567-4ed1-9b0f-3f360c762cf7 req-86f3612a-c567-4ed1-9b0f-3f360c762cf7 ] Request (ServerDiskConfigTestJSON:test_rebuild_server_with_manual_disk_config): 200 GET http://10.180.1.21/compute/v2.1/servers/1f816be1-4397-4b36-8b9e-9b359a4bd47b 0.086s
2025-04-03 05:42:46.893 69162 INFO tempest.lib.common.rest_client [req-dd6dd7a3-64b0-477d-84a1-28662a3e68b1 req-dd6dd7a3-64b0-477d-84a1-28662a3e68b1 ] Request (SecurityGroupsTestJSON:test_server_security_groups): 202 DELETE http://10.180.1.21/compute/v2.1/os-security-groups/86858c56-3759-4ca7-887d-f27b7fd0d141 0.172s
2025-04-03 05:42:46.992 69158 INFO tempest.lib.common.rest_client [req-121155de-c5c6-48a2-b3be-e0b591bbf234 req-121155de-c5c6-48a2-b3be-e0b591bbf234 ] Request (ServerShowV257Test:test_rebuild_server): 200 GET http://10.180.1.21/compute/v2.1/servers/bc1bfe80-9b9c-4915-93eb-12e80197ad49 0.126s
2025-04-03 05:42:47.030 69178 INFO tempest.lib.common.rest_client [req-fa9be260-a4cd-4b68-88aa-d2dc55d0ab52 req-fa9be260-a4cd-4b68-88aa-d2dc55d0ab52 ] Request (MigrationsAdminTest:test_resize_server_revert_deleted_flavor): 200 GET http://10.180.1.21/compute/v2.1/servers/392377e1-e0c2-4696-ad23-66a9287fa003 0.261s
2025-04-03 05:42:47.067 69188 INFO tempest.lib.common.rest_client [req-7959e21a-3be7-4de9-b84a-d370bb270b6e req-7959e21a-3be7-4de9-b84a-d370bb270b6e ] Request (ServerActionsTestOtherA:setUpClass): 201 POST http://10.180.1.21:9696/networking/v2.0/floatingips 0.468s
2025-04-03 05:42:47.104 69186 INFO tempest.lib.common.rest_client [req-c34207dd-47a8-4e00-9289-bd26f92e58c8 req-c34207dd-47a8-4e00-9289-bd26f92e58c8 ] Request (ImagesNegativeTestJSON:test_create_image_from_deleted_server): 200 GET http://10.180.1.21/compute/v2.1/servers/29c905a4-0b30-4d16-9e1b-90bdcfb7b3ec 0.231s
2025-04-03 05:42:47.152 69188 INFO tempest.lib.common.rest_client [req-05109a28-1b25-4284-ac1d-bdf4fbbbdbb6 req-05109a28-1b25-4284-ac1d-bdf4fbbbdbb6 ] Request (ServerActionsTestOtherA:setUpClass): 201 POST http://10.180.1.21/identity/v3/auth/tokens 0.076s
2025-04-03 05:42:47.152 69188 INFO tempest.lib.common.fixed_network [-] (ServerActionsTestOtherA:setUpClass) Found network {'id': '2b7aee56-fad0-4943-9620-1bc5fd264f5e', 'name': 'tempest-ServerActionsTestOtherA-1653932271-network', 'tenant_id': 'fd9a7a11100842b4b5c3a7006e968478', 'admin_state_up': True, 'mtu': 8950, 'status': 'ACTIVE', 'subnets': [], 'shared': False, 'project_id': 'fd9a7a11100842b4b5c3a7006e968478', 'port_security_enabled': True, 'router:external': False, 'provider:network_type': 'vlan', 'provider:physical_network': 'default', 'provider:segmentation_id': 327, 'availability_zone_hints': [], 'availability_zones': [], 'ipv4_address_scope': None, 'ipv6_address_scope': None, 'description': '', 'tags': [], 'created_at': '2025-04-03T05:42:44Z', 'updated_at': '2025-04-03T05:42:44Z', 'revision_number': 1} available for tenant
2025-04-03 05:42:47.213 69190 INFO tempest.lib.common.rest_client [req-5e2d0e57-0e9f-4902-8678-83fb6f57703d req-5e2d0e57-0e9f-4902-8678-83fb6f57703d ] Request (ServersListShow298Test:test_list_show_update_rebuild_server_298): 200 GET http://10.180.1.21/compute/v2.1/servers/d56b077a-17f8-4c80-87bd-e45e469fc93b 0.263s
2025-04-03 05:42:47.230 69162 INFO tempest.lib.common.rest_client [req-9ebb293a-81fd-4732-b8ed-6bf9a3402783 req-9ebb293a-81fd-4732-b8ed-6bf9a3402783 ] Request (SecurityGroupsTestJSON:test_server_security_groups): 202 DELETE http://10.180.1.21/compute/v2.1/os-security-groups/99c7c793-d2ef-4bbf-8caa-cbfe98d9d71a 0.337s
2025-04-03 05:42:47.271 69204 INFO tempest.lib.common.rest_client [req-0140be1a-d229-49a7-b9d5-f2508c58fd71 req-0140be1a-d229-49a7-b9d5-f2508c58fd71 ] Request (ImagesTestJSON:test_create_image_from_suspended_server): 200 GET http://10.180.1.21/compute/v2.1/images/0b1af699-012e-4c34-b09c-6d01dced2366 0.272s
