2025-04-03 05:39:44.396 69180 INFO tempest.lib.common.rest_client [req-823f10fa-8a44-4564-83b7-cf8e386b931b req-823f10fa-8a44-4564-83b7-cf8e386b931b ] Request (AZAdminV2TestJSON:test_get_availability_zone_list_detail): 200 GET http://10.180.1.21/compute/v2.1/os-availability-zone/detail 2.997s
2025-04-03 05:39:44.429 69198 INFO tempest.lib.common.rest_client [req-a7b6e36d-8ad2-4d95-8d7e-353bffa70fef req-a7b6e36d-8ad2-4d95-8d7e-353bffa70fef ] Request (AggregatesAdminNegativeTestJSON:test_aggregate_add_existent_host): 200 POST http://10.180.1.21/compute/v2.1/os-aggregates 2.967s
2025-04-03 05:39:44.483 69208 INFO tempest.lib.common.rest_client [req-2afb483c-8b57-428a-a04f-84d72500db4a req-2afb483c-8b57-428a-a04f-84d72500db4a ] Request (HypervisorAdminUnderV252Test:test_get_hypervisor_show_servers): 200 GET http://10.180.1.21/compute/v2.1/os-hypervisors/domain-c8.fc996f14-c53b-4953-92e3-bdfa48f5cc28/servers 2.792s
2025-04-03 05:39:44.516 69182 INFO tempest.lib.common.rest_client [req-ff39d00c-9f5c-49e6-9869-15a29e23daa6 req-ff39d00c-9f5c-49e6-9869-15a29e23daa6 ] Request (HypervisorAdminV253TestBase:test_list_show_detail_hypervisors): 200 GET http://10.180.1.21/compute/v2.1/os-hypervisors?with_servers=True 2.820s
2025-04-03 05:39:44.531 69206 INFO tempest.lib.common.rest_client [req-b83aaa1b-ec80-4c6e-8886-05f3f26b2d95 req-b83aaa1b-ec80-4c6e-8886-05f3f26b2d95 ] Request (ServersWithSpecificFlavorTestJSON:setUpClass): 201 POST http://10.180.1.21:9696/networking/v2.0/routers 1.879s
2025-04-03 05:39:44.535 69192 INFO tempest.lib.common.rest_client [req-516e22fe-be20-4f2a-a7a0-bea9637e5a9a req-516e22fe-be20-4f2a-a7a0-bea9637e5a9a ] Request (ServicesAdminNegativeTestJSON:test_get_service_by_invalid_params): 200 GET http://10.180.1.21/compute/v2.1/os-services?xxx=nova-compute 2.657s
2025-04-03 05:39:44.541 69190 INFO tempest.lib.common.rest_client [req-4c00c103-5676-4eab-a692-a47587c8c79a req-4c00c103-5676-4eab-a692-a47587c8c79a ] Request (ImagesOneServerTestJSON:setUpClass): 202 POST http://10.180.1.21/compute/v2.1/servers 3.351s
2025-04-03 05:39:44.551 69180 INFO tempest.lib.common.rest_client [req-bbdb9906-e913-4da8-bfcb-db8e0330707b req-bbdb9906-e913-4da8-bfcb-db8e0330707b ] Request (AZAdminV2TestJSON:tearDownClass): 204 DELETE http://10.180.1.21/identity/v3/users/75b176f5ca754cb19c122efebb911732 0.150s
2025-04-03 05:39:44.556 69204 INFO tempest.lib.common.rest_client [req-aa41270d-0ebd-4e53-bcb2-e51fbec40c00 req-aa41270d-0ebd-4e53-bcb2-e51fbec40c00 ] Request (HostsAdminTestJSON:test_list_hosts_with_a_blank_zone): 200 GET http://10.180.1.21/compute/v2.1/os-hosts?zone= 2.643s
2025-04-03 05:39:44.651 69180 INFO tempest.lib.common.rest_client [req-2ecc365c-85cb-4ce7-8daf-e360548395c3 req-2ecc365c-85cb-4ce7-8daf-e360548395c3 ] Request (AZAdminV2TestJSON:tearDownClass): 204 DELETE http://10.180.1.21/identity/v3/users/6416c5568ccd4598878c19cdc0234c8b 0.100s
2025-04-03 05:39:44.651 69180 INFO tempest.lib.common.dynamic_creds [-] Deleting project and security group for project: a3798dc69ae14e1aa0d1987ef1b206e8
2025-04-03 05:39:44.681 69175 INFO tempest.lib.common.rest_client [req-0bedd48f-e30e-49fa-be8d-3955ad834f51 req-0bedd48f-e30e-49fa-be8d-3955ad834f51 ] Request (VolumesAssistedSnapshotsTest:setUpClass): 201 POST http://10.180.1.21:9696/networking/v2.0/routers 1.635s
2025-04-03 05:39:44.681 69158 INFO tempest.lib.common.rest_client [req-693fed2e-1eb4-4fa7-9cc7-b73807120b69 req-693fed2e-1eb4-4fa7-9cc7-b73807120b69 ] Request (FlavorsV2NegativeTest:test_boot_with_low_ram): 200 GET http://10.180.1.21/compute/v2.1/flavors/42 2.299s
2025-04-03 05:39:44.732 69180 INFO tempest.lib.common.rest_client [req-851b0657-24e2-403b-bf55-acfe6b8b2599 req-851b0657-24e2-403b-bf55-acfe6b8b2599 ] Request (AZAdminV2TestJSON:tearDownClass): 201 POST http://10.180.1.21/identity/v3/auth/tokens 0.081s
2025-04-03 05:39:44.842 69170 INFO tempest.lib.common.rest_client [req-be0815bb-2162-4373-99c5-72b6380de1ad req-be0815bb-2162-4373-99c5-72b6380de1ad ] Request (ServersAdmin275Test:test_rebuild_update_server_275): 200 PUT http://10.180.1.21/compute/v2.1/servers/dc709085-3ae9-4508-b9fe-0384f610b689 2.424s
2025-04-03 05:39:44.867 69162 INFO tempest.lib.common.rest_client [req-c5bda7b9-7644-465c-8533-ccdba5674a87 req-c5bda7b9-7644-465c-8533-ccdba5674a87 ] Request (ImagesMetadataNegativeTestJSON:test_set_nonexistent_image_metadata): 404 PUT http://10.180.1.21/compute/v2.1/images/beb44608-6096-477f-a21d-495b28fbe939/metadata 2.069s
2025-04-03 05:39:45.066 69166 INFO tempest.lib.common.rest_client [req-6035b837-bbfc-41bc-8968-eeb1a89fcf56 req-6035b837-bbfc-41bc-8968-eeb1a89fcf56 ] Request (QuotasAdminTestV236:test_get_updated_quotas): 200 PUT http://10.180.1.21/compute/v2.1/os-quota-sets/afb0a725d0284b4589a2a1d95bcff80d?user_id=711ee6da6b864bf9b8c25d737515b6a8 2.218s
2025-04-03 05:39:45.093 69158 INFO tempest.lib.common.rest_client [req-a79fa277-a796-4701-b94b-19768b24ea5a req-a79fa277-a796-4701-b94b-19768b24ea5a ] Request (FlavorsV2NegativeTest:test_boot_with_low_ram): 201 POST http://10.180.1.21/image/v2/images 0.403s
2025-04-03 05:39:45.181 69180 INFO tempest.lib.common.rest_client [req-e9ebeaf2-d52d-46ec-816e-a1a6814d26c4 req-e9ebeaf2-d52d-46ec-816e-a1a6814d26c4 ] Request (AZAdminV2TestJSON:tearDownClass): 200 GET http://10.180.1.21:9696/networking/v2.0/security-groups?tenant_id=a3798dc69ae14e1aa0d1987ef1b206e8&name=default 0.448s
2025-04-03 05:39:45.199 69150 INFO tempest.lib.common.rest_client [req-dc8b8ca3-53e9-484a-89c6-bae670fd3f6e req-dc8b8ca3-53e9-484a-89c6-bae670fd3f6e ] Request (ServerActionsTestOtherB:setUpClass): 200 GET http://10.180.1.21/compute/v2.1/servers/255edea0-1953-4a00-8f22-2ff42f406d37 2.247s
2025-04-03 05:39:45.205 69202 INFO tempest.lib.common.rest_client [req-815f5dfa-75db-4d57-b63c-2ada3136eb22 req-815f5dfa-75db-4d57-b63c-2ada3136eb22 ] Request (KeyPairsV210TestJSON:test_admin_manage_keypairs_for_other_users): 200 GET http://10.180.1.21/compute/v2.1/os-keypairs/tempest-keypair-95145954?user_id=f4a4c5313f944cab8a23d46b91b9e2cd 2.201s
2025-04-03 05:39:45.240 69176 INFO tempest.lib.common.rest_client [req-37082d86-6f68-4a14-91a8-78dbfbb8d5f1 req-37082d86-6f68-4a14-91a8-78dbfbb8d5f1 ] Request (FlavorsAdminTestJSON:_run_cleanups): 200 GET http://10.180.1.21/compute/v2.1/flavors/detail 2.207s
2025-04-03 05:39:45.262 69184 INFO tempest.lib.common.rest_client [req-30339a50-51fb-41a9-a2b7-0a9fc9ee6fef req-30339a50-51fb-41a9-a2b7-0a9fc9ee6fef ] Request (AttachInterfacesUnderV243Test:test_add_remove_fixed_ip): 202 POST http://10.180.1.21/compute/v2.1/servers 3.130s
2025-04-03 05:39:45.285 69156 INFO tempest.lib.common.rest_client [req-49f3f667-5877-427a-a026-c69d9221823e req-49f3f667-5877-427a-a026-c69d9221823e ] Request (FlavorMetadataValidation:_run_cleanups): 202 DELETE http://10.180.1.21/compute/v2.1/flavors/2025600709 1.976s
2025-04-03 05:39:45.361 69168 INFO tempest.lib.common.rest_client [req-95de805a-7aed-421d-b762-7b7fe7a45172 req-95de805a-7aed-421d-b762-7b7fe7a45172 ] Request (FlavorsAccessNegativeTestJSON:test_add_flavor_access_duplicate): 200 POST http://10.180.1.21/compute/v2.1/flavors/615366052/action 2.181s
2025-04-03 05:39:45.364 69180 INFO tempest.lib.common.rest_client [req-e2223563-faf0-4169-8fe1-0bcc10434c2c req-e2223563-faf0-4169-8fe1-0bcc10434c2c ] Request (AZAdminV2TestJSON:tearDownClass): 204 DELETE http://10.180.1.21:9696/networking/v2.0/security-groups/ab219b8c-2018-4e0a-b032-8c78bee627b2 0.183s
2025-04-03 05:39:45.456 69160 INFO tempest.lib.common.rest_client [req-50705c69-7561-4a47-8769-a381475ac0fb req-50705c69-7561-4a47-8769-a381475ac0fb ] Request (HypervisorAdminNegativeTestJSON:test_get_hypervisor_uptime_with_non_admin_user): 200 GET http://10.180.1.21/compute/v2.1/os-hypervisors 2.141s
2025-04-03 05:39:45.484 69172 INFO tempest.lib.common.rest_client [req-4e5b1d45-a3af-4dad-bd7c-199a96615738 req-4e5b1d45-a3af-4dad-bd7c-199a96615738 ] Request (FlavorsV261TestJSON:test_crud_flavor): 200 PUT http://10.180.1.21/compute/v2.1/flavors/1245935891 2.087s
2025-04-03 05:39:45.490 69180 INFO tempest.lib.common.rest_client [req-565aa2b2-923e-4de8-a955-9f875c4756ce req-565aa2b2-923e-4de8-a955-9f875c4756ce ] Request (AZAdminV2TestJSON:tearDownClass): 204 DELETE http://10.180.1.21/identity/v3/projects/a3798dc69ae14e1aa0d1987ef1b206e8 0.125s
2025-04-03 05:39:45.490 69180 INFO tempest.lib.common.dynamic_creds [-] Deleting project and security group for project: 9055767d618d47f0901e0d2fdc00d4ff
2025-04-03 05:39:45.490 69186 INFO tempest.lib.common.rest_client [req-5693e927-93cb-4b18-bafc-435ef4e18133 req-5693e927-93cb-4b18-bafc-435ef4e18133 ] Request (FlavorsExtraSpecsNegativeTestJSON:test_flavor_non_admin_set_keys): 403 POST http://10.180.1.21/compute/v2.1/flavors/1675274813/os-extra_specs 1.990s
2025-04-03 05:39:45.503 69148 INFO tempest.lib.common.rest_client [req-39bf0d06-a4ea-4bae-b89b-8d59a72e329f req-39bf0d06-a4ea-4bae-b89b-8d59a72e329f ] Request (HypervisorAdminNegativeUnderV252Test:test_search_nonexistent_hypervisor): 404 GET http://10.180.1.21/compute/v2.1/os-hypervisors/nonexistent_hypervisor_name/search 1.939s
2025-04-03 05:39:45.546 69200 INFO tempest.lib.common.rest_client [req-52bbd39a-7090-4c90-b6bf-5eb04df15365 req-52bbd39a-7090-4c90-b6bf-5eb04df15365 ] Request (ImagesOneServerNegativeTestJSON:setUpClass): 200 PUT http://10.180.1.21:9696/networking/v2.0/routers/ca2d7cb8-1c36-4345-8cb3-858d3dde6983/add_router_interface 1.416s
2025-04-03 05:39:45.547 69200 INFO tempest.lib.common.dynamic_creds [-] Created isolated network resources for: credentials: Credentials: {'domain_id': 'default', 'domain_name': 'Default', 'username': 'tempest-ImagesOneServerNegativeTestJSON-2024672261-project-member', 'project_domain_id': 'default', 'project_domain_name': 'Default', 'project_id': '1567042e89bf49e2855e86d423c5ae70', 'project_name': 'tempest-ImagesOneServerNegativeTestJSON-2024672261', 'tenant_id': '1567042e89bf49e2855e86d423c5ae70', 'tenant_name': 'tempest-ImagesOneServerNegativeTestJSON-2024672261', 'user_domain_id': 'default', 'user_domain_name': 'Default', 'user_id': '8ecdfcb764b64a9690fd116a17797fa5', 'system': None}, Network: {'id': 'd3b05aa4-61db-46bf-8aad-72bff082a122', 'name': 'tempest-ImagesOneServerNegativeTestJSON-1068770576-network', 'tenant_id': '1567042e89bf49e2855e86d423c5ae70', 'admin_state_up': True, 'mtu': 8950, 'status': 'ACTIVE', 'subnets': [], 'shared': False, 'project_id': '1567042e89bf49e2855e86d423c5ae70', 'port_security_enabled': True, 'router:external': False, 'provider:network_type': 'vlan', 'provider:physical_network': 'default', 'provider:segmentation_id': 491, 'availability_zone_hints': [], 'availability_zones': [], 'ipv4_address_scope': None, 'ipv6_address_scope': None, 'description': '', 'tags': [], 'created_at': '2025-04-03T05:39:43Z', 'updated_at': '2025-04-03T05:39:43Z', 'revision_number': 1}, Subnet: {'id': '153ca601-7b22-4a71-8e51-e933d10a1688', 'name': 'tempest-ImagesOneServerNegativeTestJSON-1068770576-subnet', 'tenant_id': '1567042e89bf49e2855e86d423c5ae70', 'network_id': 'd3b05aa4-61db-46bf-8aad-72bff082a122', 'ip_version': 4, 'subnetpool_id': None, 'enable_dhcp': True, 'ipv6_ra_mode': None, 'ipv6_address_mode': None, 'gateway_ip': '192.168.128.1', 'cidr': '192.168.128.0/28', 'allocation_pools': [{'start': '192.168.128.2', 'end': '192.168.128.14'}], 'host_routes': [], 'dns_nameservers': [], 'description': '', 'router:external': False, 'service_types': [], 'tags': [], 'created_at': '2025-04-03T05:39:43Z', 'updated_at': '2025-04-03T05:39:43Z', 'revision_number': 0, 'project_id': '1567042e89bf49e2855e86d423c5ae70'}, Router: {'id': 'ca2d7cb8-1c36-4345-8cb3-858d3dde6983', 'name': 'tempest-ImagesOneServerNegativeTestJSON-1068770576-router', 'tenant_id': '1567042e89bf49e2855e86d423c5ae70', 'admin_state_up': True, 'status': 'ACTIVE', 'external_gateway_info': {'network_id': '673bc9ef-3fba-4ea3-af2f-ce700e2df25a', 'external_fixed_ips': [{'subnet_id': '791252bb-67f7-4b15-bc46-4d349c6c5fca', 'ip_address': '10.180.180.211'}], 'enable_snat': True}, 'description': '', 'availability_zones': [], 'distributed': False, 'ha': False, 'availability_zone_hints': [], 'routes': [], 'flavor_id': None, 'tags': [], 'created_at': '2025-04-03T05:39:43Z', 'updated_at': '2025-04-03T05:39:43Z', 'revision_number': 2, 'project_id': '1567042e89bf49e2855e86d423c5ae70'}
2025-04-03 05:39:45.608 69152 INFO tempest.lib.common.rest_client [req-2c726b17-05e6-42df-8e11-de8c12a18e04 req-2c726b17-05e6-42df-8e11-de8c12a18e04 ] Request (SecurityGroupsNegativeTestJSON:test_delete_the_default_security_group): 200 GET http://10.180.1.21/compute/v2.1/os-security-groups 2.290s
2025-04-03 05:39:45.618 69200 INFO tempest.lib.common.rest_client [req-2ce26347-e738-4c02-9e9f-73fdbae39dbd req-2ce26347-e738-4c02-9e9f-73fdbae39dbd ] Request (ImagesOneServerNegativeTestJSON:setUpClass): 201 POST http://10.180.1.21/identity/v3/auth/tokens 0.067s
2025-04-03 05:39:45.644 69196 INFO tempest.lib.common.rest_client [req-fe7cec70-b6f9-4721-bb51-469b2cab0e8b req-fe7cec70-b6f9-4721-bb51-469b2cab0e8b ] Request (HypervisorAdminTestJSON:test_get_hypervisor_show_details): 200 GET http://10.180.1.21/compute/v2.1/os-hypervisors 2.056s
2025-04-03 05:39:45.649 69200 INFO tempest.lib.common.rest_client [req-39942bdb-6645-458e-95f6-9181141f5aa2 req-39942bdb-6645-458e-95f6-9181141f5aa2 ] Request (ImagesOneServerNegativeTestJSON:setUpClass): 201 POST http://10.180.1.21/identity/v3/auth/tokens 0.027s
2025-04-03 05:39:45.649 69200 INFO tempest.lib.common.fixed_network [-] (ImagesOneServerNegativeTestJSON:setUpClass) Found network {'id': 'd3b05aa4-61db-46bf-8aad-72bff082a122', 'name': 'tempest-ImagesOneServerNegativeTestJSON-1068770576-network', 'tenant_id': '1567042e89bf49e2855e86d423c5ae70', 'admin_state_up': True, 'mtu': 8950, 'status': 'ACTIVE', 'subnets': [], 'shared': False, 'project_id': '1567042e89bf49e2855e86d423c5ae70', 'port_security_enabled': True, 'router:external': False, 'provider:network_type': 'vlan', 'provider:physical_network': 'default', 'provider:segmentation_id': 491, 'availability_zone_hints': [], 'availability_zones': [], 'ipv4_address_scope': None, 'ipv6_address_scope': None, 'description': '', 'tags': [], 'created_at': '2025-04-03T05:39:43Z', 'updated_at': '2025-04-03T05:39:43Z', 'revision_number': 1} available for tenant
2025-04-03 05:39:45.650 69180 INFO tempest.lib.common.rest_client [req-e2b3fd42-e150-42c4-9944-a1865a654738 req-e2b3fd42-e150-42c4-9944-a1865a654738 ] Request (AZAdminV2TestJSON:tearDownClass): 200 GET http://10.180.1.21:9696/networking/v2.0/security-groups?tenant_id=9055767d618d47f0901e0d2fdc00d4ff&name=default 0.160s
2025-04-03 05:39:45.711 69188 INFO tempest.lib.common.rest_client [req-9ed082cd-2a39-4420-a3de-ec735c115296 req-9ed082cd-2a39-4420-a3de-ec735c115296 ] Request (FloatingIPsAssociationTestJSON:setUpClass): 200 GET http://10.180.1.21/compute/v2.1/servers/c47f954b-7a48-45ad-a006-148c9b26f2b2 1.938s
2025-04-03 05:39:45.798 69146 INFO tempest.lib.common.rest_client [req-f5c59802-734f-4a9b-8b41-6f29df99de61 req-f5c59802-734f-4a9b-8b41-6f29df99de61 ] Request (DeleteServersAdminTestJSON:test_admin_delete_servers_of_others): 200 GET http://10.180.1.21/compute/v2.1/servers/1cd9ccdf-3d2b-4c90-8004-4cc9d3086066 2.231s
2025-04-03 05:39:45.799 69158 INFO tempest.lib.common.rest_client [req-545677c6-54d7-4715-9211-fa9646042c15 req-545677c6-54d7-4715-9211-fa9646042c15 ] Request (FlavorsV2NegativeTest:test_boot_with_low_ram): 204 PUT http://10.180.1.21/image/v2/images/30e757c6-eadd-4073-aa0a-ee775eaf3795/file 0.705s
2025-04-03 05:39:45.808 69146 INFO tempest.common.waiters [-] State transition "BUILD/None" ==> "BUILD/spawning" after 3 second wait
2025-04-03 05:39:45.817 69194 INFO tempest.lib.common.rest_client [req-90032558-ea09-4606-8778-54a722866acf req-90032558-ea09-4606-8778-54a722866acf ] Request (ServerDiagnosticsV248Test:test_get_server_diagnostics): 200 GET http://10.180.1.21/compute/v2.1/servers/f28fc57e-ee0b-40f6-bd0d-09799ce22859 1.768s
2025-04-03 05:39:45.881 69158 INFO tempest.lib.common.rest_client [req-6506ff56-d04d-4f6a-9830-c971bcb1c068 req-6506ff56-d04d-4f6a-9830-c971bcb1c068 ] Request (FlavorsV2NegativeTest:test_boot_with_low_ram): 201 POST http://10.180.1.21/identity/v3/auth/tokens 0.077s
2025-04-03 05:39:45.882 69158 INFO tempest.lib.common.fixed_network [-] (FlavorsV2NegativeTest:test_boot_with_low_ram) Found network None available for tenant
2025-04-03 05:39:45.895 69180 INFO tempest.lib.common.rest_client [req-34c8e4ae-3e7b-4fc0-91b2-b9df8f02ffc5 req-34c8e4ae-3e7b-4fc0-91b2-b9df8f02ffc5 ] Request (AZAdminV2TestJSON:tearDownClass): 204 DELETE http://10.180.1.21:9696/networking/v2.0/security-groups/42de966d-2767-4a98-88cd-147217926ce6 0.244s
2025-04-03 05:39:45.901 69178 INFO tempest.lib.common.rest_client [req-0d2d932f-4cd6-4b0a-ac00-cd5a246486f3 req-0d2d932f-4cd6-4b0a-ac00-cd5a246486f3 ] Request (MigrationsAdminTest:test_list_migrations_in_flavor_resize_situation): 200 GET http://10.180.1.21/compute/v2.1/servers/edc4e56e-e6e9-4212-8fa5-437c0bda52e8 1.676s
2025-04-03 05:39:45.928 69154 INFO tempest.lib.common.rest_client [req-856ffffb-2996-4c07-998b-c9e96a99aa1e req-856ffffb-2996-4c07-998b-c9e96a99aa1e ] Request (ServicesAdminNegativeV253TestJSON:test_disable_log_reason_with_invalid_service_id): 404 PUT http://10.180.1.21/compute/v2.1/os-services/875b1afe-2f84-48bb-881a-fce5c456893a 1.834s
2025-04-03 05:39:45.962 69208 INFO tempest.lib.common.rest_client [req-8eb00f4d-2dc1-4485-b916-675df4d43c92 req-8eb00f4d-2dc1-4485-b916-675df4d43c92 ] Request (HypervisorAdminUnderV252Test:test_search_hypervisor): 200 GET http://10.180.1.21/compute/v2.1/os-hypervisors 1.471s
2025-04-03 05:39:45.986 69182 INFO tempest.lib.common.rest_client [req-ee8ed067-c2c2-4d9a-ada2-70996e906a43 req-ee8ed067-c2c2-4d9a-ada2-70996e906a43 ] Request (HypervisorAdminV253TestBase:test_list_show_detail_hypervisors): 200 GET http://10.180.1.21/compute/v2.1/os-hypervisors/0c65c51f-8bae-4ffe-92bf-020e73c32cf3 1.465s
2025-04-03 05:39:45.988 69180 INFO tempest.lib.common.rest_client [req-5271bc3c-5797-4791-8c11-78c45472b54e req-5271bc3c-5797-4791-8c11-78c45472b54e ] Request (AZAdminV2TestJSON:tearDownClass): 204 DELETE http://10.180.1.21/identity/v3/projects/9055767d618d47f0901e0d2fdc00d4ff 0.093s
2025-04-03 05:39:46.054 69180 INFO tempest.lib.common.rest_client [req-905816f9-4409-4465-ba71-1d7fc4d1c470 req-905816f9-4409-4465-ba71-1d7fc4d1c470 ] Request (HypervisorAdminV228Test:setUpClass): 201 POST http://10.180.1.21/identity/v3/auth/tokens 0.064s
2025-04-03 05:39:46.073 69190 INFO tempest.lib.common.rest_client [req-85cfd9b8-13c2-42fa-8518-ce6405ef480e req-85cfd9b8-13c2-42fa-8518-ce6405ef480e ] Request (ImagesOneServerTestJSON:setUpClass): 200 GET http://10.180.1.21/compute/v2.1/servers/9925219f-1838-4a33-8074-32bf8b0db7f2 1.526s
2025-04-03 05:39:46.100 69192 INFO tempest.lib.common.rest_client [req-904c9405-27d4-40d8-ad3e-ae1b501c446d req-904c9405-27d4-40d8-ad3e-ae1b501c446d ] Request (ServicesAdminNegativeTestJSON:test_get_service_by_invalid_service_and_valid_host): 200 GET http://10.180.1.21/compute/v2.1/os-services 1.555s
2025-04-03 05:39:46.119 69204 INFO tempest.lib.common.rest_client [req-439e0600-d1bf-4df6-8481-7421ee9c3692 req-439e0600-d1bf-4df6-8481-7421ee9c3692 ] Request (HostsAdminTestJSON:test_list_hosts_with_nonexistent_zone): 200 GET http://10.180.1.21/compute/v2.1/os-hosts?zone=xxx 1.561s
2025-04-03 05:39:46.135 69182 INFO tempest.lib.common.rest_client [req-803d34e9-6cb5-4d80-9966-c3974447afa4 req-803d34e9-6cb5-4d80-9966-c3974447afa4 ] Request (HypervisorAdminV253TestBase:tearDownClass): 204 DELETE http://10.180.1.21/identity/v3/users/f2c08c495ce54a508fbd4f6445afa105 0.139s
2025-04-03 05:39:46.147 69180 INFO tempest.lib.common.rest_client [req-075efd37-817a-4cae-992b-1ce3283263f4 req-075efd37-817a-4cae-992b-1ce3283263f4 ] Request (HypervisorAdminV228Test:setUpClass): 201 POST http://10.180.1.21/identity/v3/auth/tokens 0.090s
2025-04-03 05:39:46.229 69170 INFO tempest.lib.common.rest_client [req-12038c41-9c25-4cbc-8b6a-ed46320fc852 req-12038c41-9c25-4cbc-8b6a-ed46320fc852 ] Request (ServersAdmin275Test:test_rebuild_update_server_275): 200 GET http://10.180.1.21/compute/v2.1/servers/dc709085-3ae9-4508-b9fe-0384f610b689 1.373s
2025-04-03 05:39:46.248 69162 INFO tempest.lib.common.rest_client [req-01385f59-1999-4719-b629-0013e419c2e9 req-01385f59-1999-4719-b629-0013e419c2e9 ] Request (ImagesMetadataNegativeTestJSON:test_set_nonexistent_image_metadata_item): 404 PUT http://10.180.1.21/compute/v2.1/images/f620bf30-6234-41cc-b816-9fce713c6a01/metadata/os_distro 1.379s
2025-04-03 05:39:46.266 69182 INFO tempest.lib.common.rest_client [req-a2d88649-fb59-4131-b373-471189da6176 req-a2d88649-fb59-4131-b373-471189da6176 ] Request (HypervisorAdminV253TestBase:tearDownClass): 204 DELETE http://10.180.1.21/identity/v3/users/ee4b039e527347488ed137f258aad1d2 0.130s
2025-04-03 05:39:46.266 69182 INFO tempest.lib.common.dynamic_creds [-] Deleting project and security group for project: 080d748f273347939d531484eac31b54
2025-04-03 05:39:46.299 69180 INFO tempest.lib.common.rest_client [req-9951ec47-bdd2-4ca2-841f-68714f9833b0 req-9951ec47-bdd2-4ca2-841f-68714f9833b0 ] Request (HypervisorAdminV228Test:setUpClass): 200 GET http://10.180.1.21/identity/v3/domains?name=Default 0.150s
2025-04-03 05:39:46.323 69198 INFO tempest.lib.common.rest_client [req-48df7313-e03f-4098-ae77-ea89356d5729 req-48df7313-e03f-4098-ae77-ea89356d5729 ] Request (AggregatesAdminNegativeTestJSON:test_aggregate_add_existent_host): 200 POST http://10.180.1.21/compute/v2.1/os-aggregates/1/action 1.891s
2025-04-03 05:39:46.325 69182 INFO tempest.lib.common.rest_client [req-387c97e2-0382-4690-a34e-9ff5acc87d11 req-387c97e2-0382-4690-a34e-9ff5acc87d11 ] Request (HypervisorAdminV253TestBase:tearDownClass): 201 POST http://10.180.1.21/identity/v3/auth/tokens 0.059s
2025-04-03 05:39:46.364 69180 INFO tempest.lib.common.rest_client [req-58d35895-514d-4bcc-a810-75d64a18d7bf req-58d35895-514d-4bcc-a810-75d64a18d7bf ] Request (HypervisorAdminV228Test:setUpClass): 201 POST http://10.180.1.21/identity/v3/projects 0.064s
2025-04-03 05:39:46.379 69202 INFO tempest.lib.common.rest_client [req-ab81adc0-e1ce-429f-9bc2-f79b721af702 req-ab81adc0-e1ce-429f-9bc2-f79b721af702 ] Request (KeyPairsV210TestJSON:test_admin_manage_keypairs_for_other_users): 201 POST http://10.180.1.21/compute/v2.1/os-keypairs 1.172s
2025-04-03 05:39:46.404 69176 INFO tempest.lib.common.rest_client [req-1d118623-7e01-4cfb-b937-b60c3b628daa req-1d118623-7e01-4cfb-b937-b60c3b628daa ] Request (FlavorsAdminTestJSON:test_create_flavor_verify_entry_in_list_details): 200 POST http://10.180.1.21/compute/v2.1/flavors 1.151s
2025-04-03 05:39:46.479 69184 INFO tempest.lib.common.rest_client [req-fc0673ad-cc0d-4243-9231-7eedf598da26 req-fc0673ad-cc0d-4243-9231-7eedf598da26 ] Request (AttachInterfacesUnderV243Test:test_add_remove_fixed_ip): 200 GET http://10.180.1.21/compute/v2.1/servers/a662a95e-29c9-499e-ac76-ffa7ea549964 1.215s
2025-04-03 05:39:46.494 69180 INFO tempest.lib.common.rest_client [req-b28972a2-229f-4f74-8ab8-b17d9016dcd0 req-b28972a2-229f-4f74-8ab8-b17d9016dcd0 ] Request (HypervisorAdminV228Test:setUpClass): 201 POST http://10.180.1.21/identity/v3/users 0.128s
2025-04-03 05:39:46.507 69156 INFO tempest.lib.common.rest_client [req-a8fc7391-e3ce-47eb-9492-01e4535f04f5 req-a8fc7391-e3ce-47eb-9492-01e4535f04f5 ] Request (FlavorMetadataValidation:_run_cleanups): 200 GET http://10.180.1.21/compute/v2.1/flavors/detail 1.221s
2025-04-03 05:39:46.531 69180 INFO tempest.lib.common.rest_client [req-9f6ff261-6182-48d2-9813-9cb2e56ffd5f req-9f6ff261-6182-48d2-9813-9cb2e56ffd5f ] Request (HypervisorAdminV228Test:setUpClass): 200 GET http://10.180.1.21/identity/v3/roles 0.037s
2025-04-03 05:39:46.551 69166 INFO tempest.lib.common.rest_client [req-dcd1ee04-c940-4a2f-8f6a-e39e52601aff req-dcd1ee04-c940-4a2f-8f6a-e39e52601aff ] Request (QuotasAdminTestV236:test_get_updated_quotas): 200 GET http://10.180.1.21/compute/v2.1/os-quota-sets/afb0a725d0284b4589a2a1d95bcff80d?user_id=711ee6da6b864bf9b8c25d737515b6a8 1.483s
2025-04-03 05:39:46.560 69160 INFO tempest.lib.common.rest_client [req-dd7e1307-dd57-45e5-a10c-bb8707164fc6 req-dd7e1307-dd57-45e5-a10c-bb8707164fc6 ] Request (HypervisorAdminNegativeTestJSON:test_get_hypervisor_uptime_with_non_admin_user): 403 GET http://10.180.1.21/compute/v2.1/os-hypervisors/1/uptime 1.101s
2025-04-03 05:39:46.586 69175 INFO tempest.lib.common.rest_client [req-54341045-1950-49db-8e4d-06ad7c108ead req-54341045-1950-49db-8e4d-06ad7c108ead ] Request (VolumesAssistedSnapshotsTest:setUpClass): 200 PUT http://10.180.1.21:9696/networking/v2.0/routers/1eed4702-2c62-488c-ae03-6dc1dc59c3c0/add_router_interface 1.905s
2025-04-03 05:39:46.587 69175 INFO tempest.lib.common.dynamic_creds [-] Created isolated network resources for: credentials: Credentials: {'domain_id': 'default', 'domain_name': 'Default', 'username': 'tempest-VolumesAssistedSnapshotsTest-859558677-project', 'project_domain_id': 'default', 'project_domain_name': 'Default', 'project_id': 'aba3b5850a4a453ca696051b039af65c', 'project_name': 'tempest-VolumesAssistedSnapshotsTest-859558677', 'tenant_id': 'aba3b5850a4a453ca696051b039af65c', 'tenant_name': 'tempest-VolumesAssistedSnapshotsTest-859558677', 'user_domain_id': 'default', 'user_domain_name': 'Default', 'user_id': 'ec7dee0da44e466bb780627e5c28899f', 'system': None}, Network: {'id': '76501497-9247-49a2-b1af-5293ffe8704b', 'name': 'tempest-VolumesAssistedSnapshotsTest-1891922112-network', 'tenant_id': 'aba3b5850a4a453ca696051b039af65c', 'admin_state_up': True, 'mtu': 8950, 'status': 'ACTIVE', 'subnets': [], 'shared': False, 'project_id': 'aba3b5850a4a453ca696051b039af65c', 'port_security_enabled': True, 'router:external': False, 'provider:network_type': 'vlan', 'provider:physical_network': 'default', 'provider:segmentation_id': 49, 'availability_zone_hints': [], 'availability_zones': [], 'ipv4_address_scope': None, 'ipv6_address_scope': None, 'description': '', 'tags': [], 'created_at': '2025-04-03T05:39:42Z', 'updated_at': '2025-04-03T05:39:42Z', 'revision_number': 1}, Subnet: {'id': '2f50950f-db89-4869-84bc-7120a8ae7c37', 'name': 'tempest-VolumesAssistedSnapshotsTest-1891922112-subnet', 'tenant_id': 'aba3b5850a4a453ca696051b039af65c', 'network_id': '76501497-9247-49a2-b1af-5293ffe8704b', 'ip_version': 4, 'subnetpool_id': None, 'enable_dhcp': True, 'ipv6_ra_mode': None, 'ipv6_address_mode': None, 'gateway_ip': '192.168.128.1', 'cidr': '192.168.128.0/28', 'allocation_pools': [{'start': '192.168.128.2', 'end': '192.168.128.14'}], 'host_routes': [], 'dns_nameservers': [], 'description': '', 'router:external': False, 'service_types': [], 'tags': [], 'created_at': '2025-04-03T05:39:42Z', 'updated_at': '2025-04-03T05:39:42Z', 'revision_number': 0, 'project_id': 'aba3b5850a4a453ca696051b039af65c'}, Router: {'id': '1eed4702-2c62-488c-ae03-6dc1dc59c3c0', 'name': 'tempest-VolumesAssistedSnapshotsTest-1891922112-router', 'tenant_id': 'aba3b5850a4a453ca696051b039af65c', 'admin_state_up': True, 'status': 'ACTIVE', 'external_gateway_info': {'network_id': '673bc9ef-3fba-4ea3-af2f-ce700e2df25a', 'external_fixed_ips': [{'subnet_id': '791252bb-67f7-4b15-bc46-4d349c6c5fca', 'ip_address': '10.180.180.238'}], 'enable_snat': True}, 'description': '', 'availability_zones': [], 'distributed': False, 'ha': False, 'availability_zone_hints': [], 'routes': [], 'flavor_id': None, 'tags': [], 'created_at': '2025-04-03T05:39:43Z', 'updated_at': '2025-04-03T05:39:43Z', 'revision_number': 2, 'project_id': 'aba3b5850a4a453ca696051b039af65c'}
2025-04-03 05:39:46.602 69172 INFO tempest.lib.common.rest_client [req-65ebf4c3-eee0-4d0f-9b5f-f70368a7759d req-65ebf4c3-eee0-4d0f-9b5f-f70368a7759d ] Request (FlavorsV261TestJSON:test_crud_flavor): 200 GET http://10.180.1.21/compute/v2.1/flavors/detail 1.114s
2025-04-03 05:39:46.618 69206 INFO tempest.lib.common.rest_client [req-6415fffa-ef26-4996-8560-14c9b3c4e9e6 req-6415fffa-ef26-4996-8560-14c9b3c4e9e6 ] Request (ServersWithSpecificFlavorTestJSON:setUpClass): 200 PUT http://10.180.1.21:9696/networking/v2.0/routers/b50ed29d-ca81-4408-aa1e-1a65c482d7c5/add_router_interface 2.086s
2025-04-03 05:39:46.619 69206 INFO tempest.lib.common.dynamic_creds [-] Created isolated network resources for: credentials: Credentials: {'domain_id': 'default', 'domain_name': 'Default', 'username': 'tempest-ServersWithSpecificFlavorTestJSON-1895295407-project-admin', 'project_domain_id': 'default', 'project_domain_name': 'Default', 'project_id': '48a27243fe084ee9a9cbbf44b4c8a565', 'project_name': 'tempest-ServersWithSpecificFlavorTestJSON-1895295407', 'tenant_id': '48a27243fe084ee9a9cbbf44b4c8a565', 'tenant_name': 'tempest-ServersWithSpecificFlavorTestJSON-1895295407', 'user_domain_id': 'default', 'user_domain_name': 'Default', 'user_id': '0b7182b2dc5d45fc983d2bb07f2705fc', 'system': None}, Network: {'id': 'f7e10a18-d48f-42ac-98e6-ad34e2f17dd8', 'name': 'tempest-ServersWithSpecificFlavorTestJSON-1034186561-network', 'tenant_id': '48a27243fe084ee9a9cbbf44b4c8a565', 'admin_state_up': True, 'mtu': 8950, 'status': 'ACTIVE', 'subnets': [], 'shared': False, 'project_id': '48a27243fe084ee9a9cbbf44b4c8a565', 'port_security_enabled': True, 'router:external': False, 'provider:network_type': 'vlan', 'provider:physical_network': 'default', 'provider:segmentation_id': 291, 'availability_zone_hints': [], 'availability_zones': [], 'ipv4_address_scope': None, 'ipv6_address_scope': None, 'description': '', 'tags': [], 'created_at': '2025-04-03T05:39:42Z', 'updated_at': '2025-04-03T05:39:42Z', 'revision_number': 1}, Subnet: {'id': 'ab13b063-6d83-41e4-b36c-6e5b4860e856', 'name': 'tempest-ServersWithSpecificFlavorTestJSON-1034186561-subnet', 'tenant_id': '48a27243fe084ee9a9cbbf44b4c8a565', 'network_id': 'f7e10a18-d48f-42ac-98e6-ad34e2f17dd8', 'ip_version': 4, 'subnetpool_id': None, 'enable_dhcp': True, 'ipv6_ra_mode': None, 'ipv6_address_mode': None, 'gateway_ip': '192.168.128.1', 'cidr': '192.168.128.0/28', 'allocation_pools': [{'start': '192.168.128.2', 'end': '192.168.128.14'}], 'host_routes': [], 'dns_nameservers': [], 'description': '', 'router:external': False, 'service_types': [], 'tags': [], 'created_at': '2025-04-03T05:39:42Z', 'updated_at': '2025-04-03T05:39:42Z', 'revision_number': 0, 'project_id': '48a27243fe084ee9a9cbbf44b4c8a565'}, Router: {'id': 'b50ed29d-ca81-4408-aa1e-1a65c482d7c5', 'name': 'tempest-ServersWithSpecificFlavorTestJSON-1034186561-router', 'tenant_id': '48a27243fe084ee9a9cbbf44b4c8a565', 'admin_state_up': True, 'status': 'ACTIVE', 'external_gateway_info': {'network_id': '673bc9ef-3fba-4ea3-af2f-ce700e2df25a', 'external_fixed_ips': [{'subnet_id': '791252bb-67f7-4b15-bc46-4d349c6c5fca', 'ip_address': '10.180.180.140'}], 'enable_snat': True}, 'description': '', 'availability_zones': [], 'distributed': False, 'ha': False, 'availability_zone_hints': [], 'routes': [], 'flavor_id': None, 'tags': [], 'created_at': '2025-04-03T05:39:42Z', 'updated_at': '2025-04-03T05:39:43Z', 'revision_number': 2, 'project_id': '48a27243fe084ee9a9cbbf44b4c8a565'}
2025-04-03 05:39:46.620 69156 INFO tempest.lib.common.rest_client [req-b58ecddb-a638-48cb-a7b6-81608ece8585 req-b58ecddb-a638-48cb-a7b6-81608ece8585 ] Request (FlavorMetadataValidation:tearDownClass): 204 DELETE http://10.180.1.21/identity/v3/users/d3a50d13759149b193d63396eb521de2 0.099s
2025-04-03 05:39:46.623 69186 INFO tempest.lib.common.rest_client [req-d47f7a8d-517f-4833-8e9f-1e09d0dabdd3 req-d47f7a8d-517f-4833-8e9f-1e09d0dabdd3 ] Request (FlavorsExtraSpecsNegativeTestJSON:test_flavor_non_admin_unset_keys): 200 POST http://10.180.1.21/compute/v2.1/flavors/1675274813/os-extra_specs 1.131s
2025-04-03 05:39:46.644 69148 INFO tempest.lib.common.rest_client [req-819642cd-ccce-408c-a641-777741f10160 req-819642cd-ccce-408c-a641-777741f10160 ] Request (HypervisorAdminNegativeUnderV252Test:test_show_servers_with_non_admin_user): 200 GET http://10.180.1.21/compute/v2.1/os-hypervisors 1.140s
2025-04-03 05:39:46.649 69182 INFO tempest.lib.common.rest_client [req-0f5442a2-301c-4e82-acad-d26ca2e38ccc req-0f5442a2-301c-4e82-acad-d26ca2e38ccc ] Request (HypervisorAdminV253TestBase:tearDownClass): 200 GET http://10.180.1.21:9696/networking/v2.0/security-groups?tenant_id=080d748f273347939d531484eac31b54&name=default 0.323s
2025-04-03 05:39:46.681 69168 INFO tempest.lib.common.rest_client [req-034874e0-67b9-441c-901e-fbabef834091 req-034874e0-67b9-441c-901e-fbabef834091 ] Request (FlavorsAccessNegativeTestJSON:test_add_flavor_access_duplicate): 409 POST http://10.180.1.21/compute/v2.1/flavors/615366052/action 1.319s
2025-04-03 05:39:46.683 69180 INFO tempest.lib.common.rest_client [req-8dcc4c1f-c04e-4747-ba71-f0878cede99d req-8dcc4c1f-c04e-4747-ba71-f0878cede99d ] Request (HypervisorAdminV228Test:setUpClass): 204 PUT http://10.180.1.21/identity/v3/projects/4004a513173244bda6a3f2d463345eef/users/edd88f7557d14070814d10a4c5fa5bcc/roles/9864bf86660946ea8223bae7d64d8213 0.151s
2025-04-03 05:39:46.684 69180 INFO tempest.lib.common.dynamic_creds [-] Dynamic test user edd88f7557d14070814d10a4c5fa5bcc is created with scope project and roles: ['member']
2025-04-03 05:39:46.684 69180 INFO tempest.lib.common.dynamic_creds [-] Acquired dynamic creds: credentials: Credentials: {'domain_id': 'default', 'domain_name': 'Default', 'username': 'tempest-HypervisorAdminV228Test-1826825656-project-member', 'project_domain_id': 'default', 'project_domain_name': 'Default', 'project_id': '4004a513173244bda6a3f2d463345eef', 'project_name': 'tempest-HypervisorAdminV228Test-1826825656', 'tenant_id': '4004a513173244bda6a3f2d463345eef', 'tenant_name': 'tempest-HypervisorAdminV228Test-1826825656', 'user_domain_id': 'default', 'user_domain_name': 'Default', 'user_id': 'edd88f7557d14070814d10a4c5fa5bcc', 'system': None}, Network: None, Subnet: None, Router: None
2025-04-03 05:39:46.684 69180 INFO tempest.lib.common.dynamic_creds [-] Created isolated network resources for: credentials: Credentials: {'domain_id': 'default', 'domain_name': 'Default', 'username': 'tempest-HypervisorAdminV228Test-1826825656-project-member', 'project_domain_id': 'default', 'project_domain_name': 'Default', 'project_id': '4004a513173244bda6a3f2d463345eef', 'project_name': 'tempest-HypervisorAdminV228Test-1826825656', 'tenant_id': '4004a513173244bda6a3f2d463345eef', 'tenant_name': 'tempest-HypervisorAdminV228Test-1826825656', 'user_domain_id': 'default', 'user_domain_name': 'Default', 'user_id': 'edd88f7557d14070814d10a4c5fa5bcc', 'system': None}, Network: None, Subnet: None, Router: None
2025-04-03 05:39:46.708 69196 INFO tempest.lib.common.rest_client [req-241e6a3e-4b8e-4a99-9e8d-53d9d0b78dee req-241e6a3e-4b8e-4a99-9e8d-53d9d0b78dee ] Request (HypervisorAdminTestJSON:test_get_hypervisor_show_details): 200 GET http://10.180.1.21/compute/v2.1/os-hypervisors/1 1.062s
2025-04-03 05:39:46.724 69152 INFO tempest.lib.common.rest_client [req-4f6b0a2e-2b21-43dd-8118-ea2425f40d54 req-4f6b0a2e-2b21-43dd-8118-ea2425f40d54 ] Request (SecurityGroupsNegativeTestJSON:test_delete_the_default_security_group): 400 DELETE http://10.180.1.21/compute/v2.1/os-security-groups/3436995b-3e31-4cf2-a817-ad82b036db0f 1.108s
2025-04-03 05:39:46.749 69182 INFO tempest.lib.common.rest_client [req-b756fa9f-c11c-4ae4-bb0e-d33b570cc91e req-b756fa9f-c11c-4ae4-bb0e-d33b570cc91e ] Request (HypervisorAdminV253TestBase:tearDownClass): 204 DELETE http://10.180.1.21:9696/networking/v2.0/security-groups/2a6ed195-151a-4057-8617-cab2d52ae8f2 0.100s
2025-04-03 05:39:46.756 69175 INFO tempest.lib.common.rest_client [req-f8ab7ceb-461e-49ac-8cfb-8a2dc0f83118 req-f8ab7ceb-461e-49ac-8cfb-8a2dc0f83118 ] Request (VolumesAssistedSnapshotsTest:setUpClass): 201 POST http://10.180.1.21/identity/v3/auth/tokens 0.167s
2025-04-03 05:39:46.792 69166 INFO tempest.lib.common.rest_client [req-4b1e7356-755a-47ed-aa74-395bddb7ef9f req-4b1e7356-755a-47ed-aa74-395bddb7ef9f ] Request (QuotasAdminTestV236:_run_cleanups): 204 DELETE http://10.180.1.21/identity/v3/users/711ee6da6b864bf9b8c25d737515b6a8 0.238s
2025-04-03 05:39:46.849 69206 INFO tempest.lib.common.rest_client [req-f6e3d495-9fb2-4840-9959-c425ac1aaf6b req-f6e3d495-9fb2-4840-9959-c425ac1aaf6b ] Request (ServersWithSpecificFlavorTestJSON:setUpClass): 201 POST http://10.180.1.21/identity/v3/auth/tokens 0.228s
2025-04-03 05:39:46.872 69156 INFO tempest.lib.common.rest_client [req-e1fc42d4-27e1-4540-8a1f-ea6520c557e3 req-e1fc42d4-27e1-4540-8a1f-ea6520c557e3 ] Request (FlavorMetadataValidation:tearDownClass): 204 DELETE http://10.180.1.21/identity/v3/users/69cd5b81c1e3412d815e136b2ea8439c 0.251s
2025-04-03 05:39:46.873 69156 INFO tempest.lib.common.dynamic_creds [-] Deleting project and security group for project: 5a069f87138345f390cef73d19ac2616
2025-04-03 05:39:46.917 69180 INFO tempest.lib.common.rest_client [req-0bb448d5-ab07-418c-83bd-0bbb6cbd98db req-0bb448d5-ab07-418c-83bd-0bbb6cbd98db ] Request (HypervisorAdminV228Test:setUpClass): 201 POST http://10.180.1.21/identity/v3/auth/tokens 0.229s
2025-04-03 05:39:47.004 69158 INFO tempest.lib.common.rest_client [req-e1a8bcae-0a63-425d-9ab9-61a14fc9f7c3 req-e1a8bcae-0a63-425d-9ab9-61a14fc9f7c3 ] Request (FlavorsV2NegativeTest:test_boot_with_low_ram): 400 POST http://10.180.1.21/compute/v2.1/servers 1.118s
2025-04-03 05:39:47.006 69182 INFO tempest.lib.common.rest_client [req-529cd561-561a-4321-afc9-8a79ba5a407d req-529cd561-561a-4321-afc9-8a79ba5a407d ] Request (HypervisorAdminV253TestBase:tearDownClass): 204 DELETE http://10.180.1.21/identity/v3/projects/080d748f273347939d531484eac31b54 0.256s
2025-04-03 05:39:47.006 69182 INFO tempest.lib.common.dynamic_creds [-] Deleting project and security group for project: 8401fcae17b948e09f2f1a8f7a27f2d2
2025-04-03 05:39:47.022 69154 INFO tempest.lib.common.rest_client [req-a63bbe8c-8257-4cc0-9b37-d9ed23987b3d req-a63bbe8c-8257-4cc0-9b37-d9ed23987b3d ] Request (ServicesAdminNegativeV253TestJSON:test_disable_service_with_invalid_service_id): 404 PUT http://10.180.1.21/compute/v2.1/os-services/875b1afe-2f84-48bb-881a-fce5c456893a 1.090s
2025-04-03 05:39:47.042 69208 INFO tempest.lib.common.rest_client [req-02bece90-5997-409b-97fc-8c5476dc4a35 req-02bece90-5997-409b-97fc-8c5476dc4a35 ] Request (HypervisorAdminUnderV252Test:test_search_hypervisor): 200 GET http://10.180.1.21/compute/v2.1/os-hypervisors/domain-c8.fc996f14-c53b-4953-92e3-bdfa48f5cc28/search 1.078s
2025-04-03 05:39:47.060 69192 INFO tempest.lib.common.rest_client [req-e0774fdd-e18e-4c9a-be68-65e83a4f689d req-e0774fdd-e18e-4c9a-be68-65e83a4f689d ] Request (ServicesAdminNegativeTestJSON:test_get_service_by_invalid_service_and_valid_host): 200 GET http://10.180.1.21/compute/v2.1/os-services?host=devstack&binary=xxx 0.956s
2025-04-03 05:39:47.113 69166 INFO tempest.lib.common.rest_client [req-5cc24b00-04f5-4860-803d-2e4a32161868 req-5cc24b00-04f5-4860-803d-2e4a32161868 ] Request (QuotasAdminTestV236:_run_cleanups): 204 DELETE http://10.180.1.21/identity/v3/projects/afb0a725d0284b4589a2a1d95bcff80d 0.321s
2025-04-03 05:39:47.139 69150 INFO tempest.lib.common.rest_client [req-e696b65f-6ecb-445c-9b8e-1479c31c9a38 req-e696b65f-6ecb-445c-9b8e-1479c31c9a38 ] Request (ServerActionsTestOtherB:setUpClass): 200 GET http://10.180.1.21/compute/v2.1/servers/255edea0-1953-4a00-8f22-2ff42f406d37 0.926s
2025-04-03 05:39:47.164 69162 INFO tempest.lib.common.rest_client [req-c2dc7a2c-66b7-474d-9bab-d98342a787a6 req-c2dc7a2c-66b7-474d-9bab-d98342a787a6 ] Request (ImagesMetadataNegativeTestJSON:test_update_nonexistent_image_metadata): 404 POST http://10.180.1.21/compute/v2.1/images/218abe82-b094-4a4f-9c8c-7b7bbf5f58d2/metadata 0.915s
2025-04-03 05:39:47.174 69156 INFO tempest.lib.common.rest_client [req-f68bc994-2eca-4506-8b20-f1a2af51c1c8 req-f68bc994-2eca-4506-8b20-f1a2af51c1c8 ] Request (FlavorMetadataValidation:tearDownClass): 201 POST http://10.180.1.21/identity/v3/auth/tokens 0.301s
2025-04-03 05:39:47.195 69182 INFO tempest.lib.common.rest_client [req-af60c802-5a75-4e8e-b900-27b8a33ddf39 req-af60c802-5a75-4e8e-b900-27b8a33ddf39 ] Request (HypervisorAdminV253TestBase:tearDownClass): 200 GET http://10.180.1.21:9696/networking/v2.0/security-groups?tenant_id=8401fcae17b948e09f2f1a8f7a27f2d2&name=default 0.188s
2025-04-03 05:39:47.221 69180 INFO tempest.lib.common.rest_client [req-3c002e4d-f4d1-455b-9cca-35f2ac166668 req-3c002e4d-f4d1-455b-9cca-35f2ac166668 ] Request (HypervisorAdminV228Test:setUpClass): 201 POST http://10.180.1.21/identity/v3/projects 0.303s
2025-04-03 05:39:47.245 69208 INFO tempest.lib.common.rest_client [req-8fb22999-e060-4912-8bec-814edfcffe8a req-8fb22999-e060-4912-8bec-814edfcffe8a ] Request (HypervisorAdminUnderV252Test:tearDownClass): 204 DELETE http://10.180.1.21/identity/v3/users/949b068442c74254af18aa73995f9ea3 0.201s
2025-04-03 05:39:47.259 69158 INFO tempest.lib.common.rest_client [req-96958fa2-6575-4de0-b8b8-c28507b51cb6 req-96958fa2-6575-4de0-b8b8-c28507b51cb6 ] Request (FlavorsV2NegativeTest:_run_cleanups): 204 DELETE http://10.180.1.21/image/v2/images/30e757c6-eadd-4073-aa0a-ee775eaf3795 0.254s
2025-04-03 05:39:47.276 69198 INFO tempest.lib.common.rest_client [req-1ced5e86-6ca4-47fa-9526-e898b77b7086 req-1ced5e86-6ca4-47fa-9526-e898b77b7086 ] Request (AggregatesAdminNegativeTestJSON:test_aggregate_add_existent_host): 409 POST http://10.180.1.21/compute/v2.1/os-aggregates/1/action 0.949s
2025-04-03 05:39:47.293 69202 INFO tempest.lib.common.rest_client [req-097b02f6-cdc8-4964-aad0-e7163e89b2cc req-097b02f6-cdc8-4964-aad0-e7163e89b2cc ] Request (KeyPairsV210TestJSON:test_admin_manage_keypairs_for_other_users): 200 GET http://10.180.1.21/compute/v2.1/os-keypairs?user_id=f4a4c5313f944cab8a23d46b91b9e2cd 0.912s
2025-04-03 05:39:47.320 69176 INFO tempest.lib.common.rest_client [req-2d4b5dd4-acfb-4914-b260-e6a7907d0c99 req-2d4b5dd4-acfb-4914-b260-e6a7907d0c99 ] Request (FlavorsAdminTestJSON:test_create_flavor_verify_entry_in_list_details): 200 GET http://10.180.1.21/compute/v2.1/flavors/detail 0.913s
2025-04-03 05:39:47.325 69160 INFO tempest.lib.common.rest_client [req-4a3bba3f-8ca6-4ced-8170-2dad88886840 req-4a3bba3f-8ca6-4ced-8170-2dad88886840 ] Request (HypervisorAdminNegativeTestJSON:test_get_nonexistent_hypervisor_uptime): 404 GET http://10.180.1.21/compute/v2.1/os-hypervisors/96470390-6d26-4cdd-80d7-770a02bd047b/uptime 0.764s
2025-04-03 05:39:47.345 69182 INFO tempest.lib.common.rest_client [req-89fd3cc2-37cd-49ae-aef1-4186243e07b0 req-89fd3cc2-37cd-49ae-aef1-4186243e07b0 ] Request (HypervisorAdminV253TestBase:tearDownClass): 204 DELETE http://10.180.1.21:9696/networking/v2.0/security-groups/a9ceffdd-bf8f-489f-903f-21a6ebf07f30 0.146s
2025-04-03 05:39:47.353 69172 INFO tempest.lib.common.rest_client [req-54b7cf64-fab2-4e4c-ab09-7ee2aba10bb4 req-54b7cf64-fab2-4e4c-ab09-7ee2aba10bb4 ] Request (FlavorsV261TestJSON:test_crud_flavor): 200 GET http://10.180.1.21/compute/v2.1/flavors 0.744s
2025-04-03 05:39:47.359 69162 INFO tempest.lib.common.rest_client [req-5e2d40c5-6ace-42c2-b05d-42ee0a2fc77d req-5e2d40c5-6ace-42c2-b05d-42ee0a2fc77d ] Request (ImagesMetadataNegativeTestJSON:tearDownClass): 204 DELETE http://10.180.1.21/identity/v3/users/5f3cd915ea8e4b24941971dd09b483fe 0.193s
2025-04-03 05:39:47.358 69186 INFO tempest.lib.common.rest_client [req-c7696757-132a-4482-abea-dbf49ff8bd41 req-c7696757-132a-4482-abea-dbf49ff8bd41 ] Request (FlavorsExtraSpecsNegativeTestJSON:test_flavor_non_admin_unset_keys): 403 DELETE http://10.180.1.21/compute/v2.1/flavors/1675274813/os-extra_specs/hw:numa_nodes 0.734s
2025-04-03 05:39:47.359 69162 INFO tempest.lib.common.dynamic_creds [-] Deleting project and security group for project: bab4088d951146b39bbc2dd0630d8401
2025-04-03 05:39:47.363 69148 INFO tempest.lib.common.rest_client [req-7bc9de26-97cf-43e6-ad13-51724304e711 req-7bc9de26-97cf-43e6-ad13-51724304e711 ] Request (HypervisorAdminNegativeUnderV252Test:test_show_servers_with_non_admin_user): 403 GET http://10.180.1.21/compute/v2.1/os-hypervisors/1/servers 0.717s
2025-04-03 05:39:47.384 69166 INFO tempest.lib.common.rest_client [req-cf04af13-4d4e-44f7-a77f-f1f1a8f897d6 req-cf04af13-4d4e-44f7-a77f-f1f1a8f897d6 ] Request (QuotasAdminTestV236:tearDownClass): 204 DELETE http://10.180.1.21/identity/v3/users/161920db69d44cd4b0f219fbb4016c12 0.264s
2025-04-03 05:39:47.390 69200 INFO tempest.lib.common.rest_client [req-bb0410a0-7728-43df-a082-19ca1a3f31b7 req-bb0410a0-7728-43df-a082-19ca1a3f31b7 ] Request (ImagesOneServerNegativeTestJSON:setUpClass): 202 POST http://10.180.1.21/compute/v2.1/servers 1.740s
2025-04-03 05:39:47.413 69196 INFO tempest.lib.common.rest_client [req-ae7a20ee-48f0-4a17-9de7-c0c05c558911 req-ae7a20ee-48f0-4a17-9de7-c0c05c558911 ] Request (HypervisorAdminTestJSON:test_get_hypervisor_stats): 200 GET http://10.180.1.21/compute/v2.1/os-hypervisors/statistics 0.699s
2025-04-03 05:39:47.418 69175 INFO tempest.lib.common.rest_client [req-a0ca2be2-db67-4002-87aa-155a46b113ee req-a0ca2be2-db67-4002-87aa-155a46b113ee ] Request (VolumesAssistedSnapshotsTest:test_volume_assisted_snapshot_create_delete): 202 POST http://10.180.1.21/volume/v3/volumes 0.660s
2025-04-03 05:39:47.442 69164 INFO tempest.lib.common.rest_client [req-05c87df1-c18d-410a-8941-16280a0d8ff3 req-05c87df1-c18d-410a-8941-16280a0d8ff3 ] Request (QuotasAdminTestJSON:test_delete_quota): 200 GET http://10.180.1.21/identity/v3/domains?name=Default 0.271s
2025-04-03 05:39:47.493 69188 INFO tempest.lib.common.rest_client [req-7599a09a-005f-40f2-8a3f-fa25d74867c2 req-7599a09a-005f-40f2-8a3f-fa25d74867c2 ] Request (FloatingIPsAssociationTestJSON:setUpClass): 200 GET http://10.180.1.21/compute/v2.1/servers/c47f954b-7a48-45ad-a006-148c9b26f2b2 0.771s
2025-04-03 05:39:47.501 69175 INFO tempest.lib.common.rest_client [req-f919fe78-5d38-404d-bb50-d72bc570c888 req-f919fe78-5d38-404d-bb50-d72bc570c888 ] Request (VolumesAssistedSnapshotsTest:test_volume_assisted_snapshot_create_delete): 200 GET http://10.180.1.21/volume/v3/volumes/b4b795cf-7b32-43a8-ad51-6f40255f31e7 0.073s
2025-04-03 05:39:47.506 69180 INFO tempest.lib.common.rest_client [req-0e8819d2-b970-413e-aa59-1029e09673c2 req-0e8819d2-b970-413e-aa59-1029e09673c2 ] Request (HypervisorAdminV228Test:setUpClass): 201 POST http://10.180.1.21/identity/v3/users 0.285s
2025-04-03 05:39:47.525 69152 INFO tempest.lib.common.rest_client [req-ebdb9b15-96f0-4c35-8e47-1b19f3c85963 req-ebdb9b15-96f0-4c35-8e47-1b19f3c85963 ] Request (SecurityGroupsNegativeTestJSON:test_security_group_get_nonexistent_group): 404 GET http://10.180.1.21/compute/v2.1/os-security-groups/42e675a3-fd24-4e13-8e4d-f06f189a99b2 0.797s
2025-04-03 05:39:47.558 69208 INFO tempest.lib.common.rest_client [req-60048913-cab0-45fe-9ef2-06c18bfb6137 req-60048913-cab0-45fe-9ef2-06c18bfb6137 ] Request (HypervisorAdminUnderV252Test:tearDownClass): 204 DELETE http://10.180.1.21/identity/v3/users/a1bd9f94fbf74bb3b48de9036b0544e8 0.312s
2025-04-03 05:39:47.558 69208 INFO tempest.lib.common.dynamic_creds [-] Deleting project and security group for project: 3b6634c0e46e4bb1962fdbf12aadc306
2025-04-03 05:39:47.570 69158 INFO tempest.lib.common.rest_client [req-5c1bc195-45a2-404f-9001-1eb309f66c5e req-5c1bc195-45a2-404f-9001-1eb309f66c5e ] Request (FlavorsV2NegativeTest:tearDownClass): 204 DELETE http://10.180.1.21/identity/v3/users/6de4765096fa444fb2d0a6a7dd5ad0f7 0.309s
2025-04-03 05:39:47.570 69158 INFO tempest.lib.common.dynamic_creds [-] Deleting project and security group for project: 460f71b79c704c1abe8b345e25423fe2
2025-04-03 05:39:47.625 69162 INFO tempest.lib.common.rest_client [req-41d24adf-5b3d-4841-8eb7-128b6ca0e2b8 req-41d24adf-5b3d-4841-8eb7-128b6ca0e2b8 ] Request (ImagesMetadataNegativeTestJSON:tearDownClass): 201 POST http://10.180.1.21/identity/v3/auth/tokens 0.266s
2025-04-03 05:39:47.642 69156 INFO tempest.lib.common.rest_client [req-0e801e6d-8397-4494-9f0d-54251cf16641 req-0e801e6d-8397-4494-9f0d-54251cf16641 ] Request (FlavorMetadataValidation:tearDownClass): 200 GET http://10.180.1.21:9696/networking/v2.0/security-groups?tenant_id=5a069f87138345f390cef73d19ac2616&name=default 0.467s
2025-04-03 05:39:47.662 69146 INFO tempest.lib.common.rest_client [req-239a5632-f6ee-4522-a584-62acabadbcef req-239a5632-f6ee-4522-a584-62acabadbcef ] Request (DeleteServersAdminTestJSON:test_admin_delete_servers_of_others): 200 GET http://10.180.1.21/compute/v2.1/servers/1cd9ccdf-3d2b-4c90-8004-4cc9d3086066 0.852s
2025-04-03 05:39:47.678 69182 INFO tempest.lib.common.rest_client [req-d5acb6b9-67d6-4d83-b87a-f96dd3ad3aac req-d5acb6b9-67d6-4d83-b87a-f96dd3ad3aac ] Request (HypervisorAdminV253TestBase:tearDownClass): 204 DELETE http://10.180.1.21/identity/v3/projects/8401fcae17b948e09f2f1a8f7a27f2d2 0.332s
2025-04-03 05:39:47.689 69166 INFO tempest.lib.common.rest_client [req-ba53819b-6cad-4c7e-a2af-59a28c21c627 req-ba53819b-6cad-4c7e-a2af-59a28c21c627 ] Request (QuotasAdminTestV236:tearDownClass): 204 DELETE http://10.180.1.21/identity/v3/users/e9c261db67c14d478d1dc89a104239fe 0.304s
2025-04-03 05:39:47.689 69166 INFO tempest.lib.common.dynamic_creds [-] Deleting project and security group for project: ae4fd5e18c0545e9a3013de94ca3419e
2025-04-03 05:39:47.714 69194 INFO tempest.lib.common.rest_client [req-9dc9e34e-640e-49d0-9f99-37b334717e3c req-9dc9e34e-640e-49d0-9f99-37b334717e3c ] Request (ServerDiagnosticsV248Test:test_get_server_diagnostics): 200 GET http://10.180.1.21/compute/v2.1/servers/f28fc57e-ee0b-40f6-bd0d-09799ce22859 0.876s
2025-04-03 05:39:47.716 69156 INFO tempest.lib.common.rest_client [req-5adf2a92-d980-452b-8fbe-ad208cc47168 req-5adf2a92-d980-452b-8fbe-ad208cc47168 ] Request (FlavorMetadataValidation:tearDownClass): 204 DELETE http://10.180.1.21:9696/networking/v2.0/security-groups/819700b4-1a8b-43a6-bff9-439d32b65471 0.074s
2025-04-03 05:39:47.723 69194 INFO tempest.common.waiters [-] State transition "BUILD/None" ==> "BUILD/spawning" after 4 second wait
