2025-04-03 05:39:50.784 69200 INFO tempest.common.waiters [-] State transition "BUILD/scheduling" ==> "BUILD/None" after 2 second wait
2025-04-03 05:39:50.785 69160 INFO tempest.lib.common.rest_client [req-d7398226-535e-4234-ad2a-97277801d626 req-d7398226-535e-4234-ad2a-97277801d626 ] Request (HypervisorAdminNegativeTestJSON:test_show_nonexistent_hypervisor): 404 GET http://10.180.1.21/compute/v2.1/os-hypervisors/6fb09228-3a1a-4fab-9f61-799ef21d075d 1.448s
2025-04-03 05:39:50.792 69170 INFO tempest.lib.common.rest_client [req-cb7b6fec-37b8-47a1-adbb-7fea44f30795 req-cb7b6fec-37b8-47a1-adbb-7fea44f30795 ] Request (ServersAdmin275Test:test_rebuild_update_server_275): 200 GET http://10.180.1.21/compute/v2.1/servers/dc709085-3ae9-4508-b9fe-0384f610b689 1.654s
2025-04-03 05:39:50.806 69170 INFO tempest.common.waiters [-] State transition "BUILD/None" ==> "BUILD/spawning" after 4 second wait
2025-04-03 05:39:50.820 69176 INFO tempest.lib.common.rest_client [req-b3c79c21-827d-4c78-8663-9857d3fb1b6a req-b3c79c21-827d-4c78-8663-9857d3fb1b6a ] Request (FlavorsAdminTestJSON:test_create_flavor_with_int_id): 200 POST http://10.180.1.21/compute/v2.1/flavors 1.481s
2025-04-03 05:39:50.836 69186 INFO tempest.lib.common.rest_client [req-18473096-59e7-4cdb-ab50-4f01f0204fd1 req-18473096-59e7-4cdb-ab50-4f01f0204fd1 ] Request (FlavorsExtraSpecsNegativeTestJSON:test_flavor_unset_nonexistent_key): 404 DELETE http://10.180.1.21/compute/v2.1/flavors/1675274813/os-extra_specs/hw:cpu_thread_policy 1.445s
2025-04-03 05:39:50.848 69172 INFO tempest.lib.common.rest_client [req-88adf161-21e5-4423-bef6-c5fc29722c78 req-88adf161-21e5-4423-bef6-c5fc29722c78 ] Request (FlavorsV261TestJSON:tearDownClass): 200 GET http://10.180.1.21:9696/networking/v2.0/security-groups?tenant_id=200d8afa193f4475a7c2390c22ca5d83&name=default 0.467s
2025-04-03 05:39:50.851 69148 INFO tempest.lib.common.rest_client [req-4b9a6c42-c5c6-4cc8-97b9-01f5b97a4c7c req-4b9a6c42-c5c6-4cc8-97b9-01f5b97a4c7c ] Request (QuotaClassesAdmin257Test:setUpClass): 201 POST http://10.180.1.21/identity/v3/auth/tokens 0.297s
2025-04-03 05:39:50.853 69168 INFO tempest.lib.common.rest_client [req-8477f393-63bd-49c6-8132-0ef726738abf req-8477f393-63bd-49c6-8132-0ef726738abf ] Request (FlavorsAccessNegativeTestJSON:test_flavor_access_list_with_public_flavor): 200 POST http://10.180.1.21/compute/v2.1/flavors 1.427s
2025-04-03 05:39:50.860 69182 INFO tempest.lib.common.rest_client [req-3bda3685-1985-42fb-bf32-e7dcef38e289 req-3bda3685-1985-42fb-bf32-e7dcef38e289 ] Request (QuotasAdminTestV257:setUpClass): 200 GET http://10.180.1.21/identity/v3/roles 0.315s
2025-04-03 05:39:50.879 69206 INFO tempest.lib.common.rest_client [req-01cb12f4-b8d4-4f7c-9155-c2c4ecc2be70 req-01cb12f4-b8d4-4f7c-9155-c2c4ecc2be70 ] Request (ServersWithSpecificFlavorTestJSON:test_verify_created_server_ephemeral_disk): 200 POST http://10.180.1.21/compute/v2.1/flavors/1405781172/os-extra_specs 0.809s
2025-04-03 05:39:50.900 69208 INFO tempest.lib.common.rest_client [req-592d16e4-42f1-456e-96a0-39c27d661035 req-592d16e4-42f1-456e-96a0-39c27d661035 ] Request (QuotasAdminNegativeTest:setUpClass): 201 POST http://10.180.1.21/identity/v3/users 0.313s
2025-04-03 05:39:50.900 69184 INFO tempest.lib.common.rest_client [req-7cc2e26b-f2bc-4721-bbd3-ccdab12f90b3 req-7cc2e26b-f2bc-4721-bbd3-ccdab12f90b3 ] Request (AttachInterfacesUnderV243Test:test_add_remove_fixed_ip): 200 GET http://10.180.1.21/compute/v2.1/servers/a662a95e-29c9-499e-ac76-ffa7ea549964 1.548s
2025-04-03 05:39:50.901 69166 INFO tempest.lib.common.rest_client [req-8f607b78-48a6-4f22-b547-b966f935ee29 req-8f607b78-48a6-4f22-b547-b966f935ee29 ] Request (KeyPairsNegativeTestJSON:setUpClass): 201 POST http://10.180.1.21/identity/v3/projects 0.331s
2025-04-03 05:39:50.934 69154 INFO tempest.lib.common.rest_client [req-74fa58d2-07a4-47e2-8450-5805836c3c43 req-74fa58d2-07a4-47e2-8450-5805836c3c43 ] Request (ServicesAdminNegativeV253TestJSON:test_get_service_by_invalid_service_and_valid_host): 200 GET http://10.180.1.21/compute/v2.1/os-services 0.741s
2025-04-03 05:39:50.936 69172 INFO tempest.lib.common.rest_client [req-82d5e872-c8ac-4c02-a8d6-d71850b532f7 req-82d5e872-c8ac-4c02-a8d6-d71850b532f7 ] Request (FlavorsV261TestJSON:tearDownClass): 204 DELETE http://10.180.1.21:9696/networking/v2.0/security-groups/b9171e48-6933-49cd-abb9-cd7b28bc2cb1 0.087s
2025-04-03 05:39:50.951 69152 INFO tempest.lib.common.rest_client [req-488b9fed-75ee-4dc5-8173-d7f65e1cd39f req-488b9fed-75ee-4dc5-8173-d7f65e1cd39f ] Request (SecurityGroupsNegativeTestJSON:tearDownClass): 204 DELETE http://10.180.1.21:9696/networking/v2.0/networks/f37c0acd-2e95-4291-be8a-75f25b057d0f 0.679s
2025-04-03 05:39:50.997 69175 INFO tempest.lib.common.rest_client [req-43ea8b67-b7ef-4221-ac32-16568ac5236e req-43ea8b67-b7ef-4221-ac32-16568ac5236e ] Request (VolumesAssistedSnapshotsTest:test_volume_assisted_snapshot_create_delete): 201 POST http://10.180.1.21/identity/v3/auth/tokens 0.387s
2025-04-03 05:39:50.997 69175 INFO tempest.lib.common.fixed_network [-] (VolumesAssistedSnapshotsTest:test_volume_assisted_snapshot_create_delete) Found network {'id': '7d795dc0-0b02-4e7a-934f-1a16b6a19f13', 'name': 'tempest-VolumesAssistedSnapshotsTest-177492887-network', 'tenant_id': '415baec8daeb40869d76271460b41981', 'admin_state_up': True, 'mtu': 8950, 'status': 'ACTIVE', 'subnets': [], 'shared': False, 'project_id': '415baec8daeb40869d76271460b41981', 'port_security_enabled': True, 'router:external': False, 'provider:network_type': 'vlan', 'provider:physical_network': 'default', 'provider:segmentation_id': 387, 'availability_zone_hints': [], 'availability_zones': [], 'ipv4_address_scope': None, 'ipv6_address_scope': None, 'description': '', 'tags': [], 'created_at': '2025-04-03T05:39:29Z', 'updated_at': '2025-04-03T05:39:29Z', 'revision_number': 1} available for tenant
2025-04-03 05:39:51.024 69156 INFO tempest.lib.common.rest_client [req-4d3530e2-0f16-4bb5-bbed-5872ee89f4a7 req-4d3530e2-0f16-4bb5-bbed-5872ee89f4a7 ] Request (InstanceUsageAuditLogTestJSON:setUpClass): 201 POST http://10.180.1.21/identity/v3/projects 0.359s
2025-04-03 05:39:51.050 69150 INFO tempest.lib.common.rest_client [req-ed032321-40df-4f4c-bf19-b68c14de9817 req-ed032321-40df-4f4c-bf19-b68c14de9817 ] Request (ServerActionsTestOtherB:setUpClass): 200 GET http://10.180.1.21/compute/v2.1/servers/255edea0-1953-4a00-8f22-2ff42f406d37 0.739s
2025-04-03 05:39:51.060 69150 INFO tempest.common.waiters [-] State transition "BUILD/None" ==> "BUILD/networking" after 6 second wait
2025-04-03 05:39:51.106 69158 INFO tempest.lib.common.rest_client [req-011ad0e6-0359-486a-9754-47f338537fc4 req-011ad0e6-0359-486a-9754-47f338537fc4 ] Request (ServerGroupTestJSON:setUpClass): 204 PUT http://10.180.1.21/identity/v3/projects/1836d21548704ace93b73de92c333ca2/users/1ecda561059e4174a359248e5119dfa1/roles/9864bf86660946ea8223bae7d64d8213 0.416s
2025-04-03 05:39:51.106 69158 INFO tempest.lib.common.dynamic_creds [-] Dynamic test user 1ecda561059e4174a359248e5119dfa1 is created with scope project and roles: ['member']
2025-04-03 05:39:51.106 69158 INFO tempest.lib.common.dynamic_creds [-] Acquired dynamic creds: credentials: Credentials: {'domain_id': 'default', 'domain_name': 'Default', 'username': 'tempest-ServerGroupTestJSON-1190791042-project-member', 'project_domain_id': 'default', 'project_domain_name': 'Default', 'project_id': '1836d21548704ace93b73de92c333ca2', 'project_name': 'tempest-ServerGroupTestJSON-1190791042', 'tenant_id': '1836d21548704ace93b73de92c333ca2', 'tenant_name': 'tempest-ServerGroupTestJSON-1190791042', 'user_domain_id': 'default', 'user_domain_name': 'Default', 'user_id': '1ecda561059e4174a359248e5119dfa1', 'system': None}, Network: None, Subnet: None, Router: None
2025-04-03 05:39:51.108 69188 INFO tempest.lib.common.rest_client [req-951a17ec-5118-4305-a0bd-57fac8861926 req-951a17ec-5118-4305-a0bd-57fac8861926 ] Request (FloatingIPsAssociationTestJSON:setUpClass): 200 GET http://10.180.1.21/compute/v2.1/servers/c47f954b-7a48-45ad-a006-148c9b26f2b2 0.635s
2025-04-03 05:39:51.130 69202 INFO tempest.lib.common.rest_client [req-2e8113b3-9e16-4f83-9424-58a619965a57 req-2e8113b3-9e16-4f83-9424-58a619965a57 ] Request (KeyPairsV210TestJSON:tearDownClass): 204 DELETE http://10.180.1.21/identity/v3/users/f4a4c5313f944cab8a23d46b91b9e2cd 0.445s
2025-04-03 05:39:51.138 69180 INFO tempest.lib.common.rest_client [req-365c3c92-9c80-4b44-8148-3fc23aa8e65b req-365c3c92-9c80-4b44-8148-3fc23aa8e65b ] Request (HypervisorAdminV228Test:test_get_list_hypervisor_details): 200 GET http://10.180.1.21/compute/v2.1/os-hypervisors/1 0.599s
2025-04-03 05:39:51.176 69198 INFO tempest.lib.common.rest_client [req-4b475cd0-3d08-4d15-b228-19839ae0bd54 req-4b475cd0-3d08-4d15-b228-19839ae0bd54 ] Request (AggregatesAdminNegativeTestJSON:test_aggregate_add_host_as_user): 200 POST http://10.180.1.21/compute/v2.1/os-aggregates 0.502s
2025-04-03 05:39:51.199 69204 INFO tempest.lib.common.rest_client [req-0234e6d3-5b50-4125-8d62-5220be6591b5 req-0234e6d3-5b50-4125-8d62-5220be6591b5 ] Request (HostsAdminTestJSON:test_list_hosts_with_zone): 200 GET http://10.180.1.21/compute/v2.1/os-hosts 0.498s
2025-04-03 05:39:51.209 69196 INFO tempest.lib.common.rest_client [req-3c10cc94-f58c-4f83-b23c-c5b9431a58f2 req-3c10cc94-f58c-4f83-b23c-c5b9431a58f2 ] Request (DeleteServersTestJSON:setUpClass): 201 POST http://10.180.1.21/identity/v3/projects 0.459s
2025-04-03 05:39:51.215 69176 INFO tempest.lib.common.rest_client [req-c89e772c-2717-4c71-af84-d9b1982b17e1 req-c89e772c-2717-4c71-af84-d9b1982b17e1 ] Request (FlavorsAdminTestJSON:_run_cleanups): 202 DELETE http://10.180.1.21/compute/v2.1/flavors/1723884124 0.392s
2025-04-03 05:39:51.224 69186 INFO tempest.lib.common.rest_client [req-f7522784-7425-4dc7-ac02-28ee6f1e380d req-f7522784-7425-4dc7-ac02-28ee6f1e380d ] Request (FlavorsExtraSpecsNegativeTestJSON:test_flavor_update_mismatch_key): 400 PUT http://10.180.1.21/compute/v2.1/flavors/1675274813/os-extra_specs/hw:numa_nodes 0.385s
2025-04-03 05:39:51.236 69168 INFO tempest.lib.common.rest_client [req-51d35047-bf02-420a-b013-c4839aa03807 req-51d35047-bf02-420a-b013-c4839aa03807 ] Request (FlavorsAccessNegativeTestJSON:test_flavor_access_list_with_public_flavor): 404 GET http://10.180.1.21/compute/v2.1/flavors/1108290403/os-flavor-access 0.373s
2025-04-03 05:39:51.237 69192 INFO tempest.lib.common.rest_client [req-e6b879ca-e69a-40f5-b60c-5650bc8ac717 req-e6b879ca-e69a-40f5-b60c-5650bc8ac717 ] Request (ServicesAdminNegativeTestJSON:tearDownClass): 204 DELETE http://10.180.1.21/identity/v3/users/eb1e4948848f483cadc1b600e130e1cb 0.473s
2025-04-03 05:39:51.238 69192 INFO tempest.lib.common.dynamic_creds [-] Deleting project and security group for project: 9cb5e6b66b914e24ad0a8a4b0e471b9f
2025-04-03 05:39:51.250 69206 INFO tempest.lib.common.rest_client [req-e456bdca-6aa5-4f3e-9ef1-dc4fd8ec7e67 req-e456bdca-6aa5-4f3e-9ef1-dc4fd8ec7e67 ] Request (ServersWithSpecificFlavorTestJSON:test_verify_created_server_ephemeral_disk): 200 POST http://10.180.1.21/compute/v2.1/flavors 0.367s
2025-04-03 05:39:51.276 69154 INFO tempest.lib.common.rest_client [req-9cb77207-0a50-4ace-8284-01d7c4b312d0 req-9cb77207-0a50-4ace-8284-01d7c4b312d0 ] Request (ServicesAdminNegativeV253TestJSON:test_get_service_by_invalid_service_and_valid_host): 200 GET http://10.180.1.21/compute/v2.1/os-services?host=devstack&binary=xxx 0.336s
2025-04-03 05:39:51.302 69148 INFO tempest.lib.common.rest_client [req-e5165226-d4dc-4970-bcf8-3029bff46a77 req-e5165226-d4dc-4970-bcf8-3029bff46a77 ] Request (QuotaClassesAdmin257Test:setUpClass): 200 GET http://10.180.1.21/identity/v3/domains?name=Default 0.450s
2025-04-03 05:39:51.337 69182 INFO tempest.lib.common.rest_client [req-37bd452c-cfec-43ee-8c56-79ce6527513f req-37bd452c-cfec-43ee-8c56-79ce6527513f ] Request (QuotasAdminTestV257:setUpClass): 204 PUT http://10.180.1.21/identity/v3/projects/20458c5df2e34992a8dcaf1ba233f19b/users/3adf5bcbf5ed48c29f5dabb51a937678/roles/4796618579ab451ba5f7299f788b3d62 0.477s
2025-04-03 05:39:51.367 69160 INFO tempest.lib.common.rest_client [req-c9b166ef-306f-4cd6-b2a1-5bbfb997208c req-c9b166ef-306f-4cd6-b2a1-5bbfb997208c ] Request (HypervisorAdminNegativeTestJSON:tearDownClass): 204 DELETE http://10.180.1.21/identity/v3/users/0eb4642e322e4041943391c5a520361e 0.579s
2025-04-03 05:39:51.426 69166 INFO tempest.lib.common.rest_client [req-3cea9aeb-ea45-4b61-8aa9-6451e5ec935b req-3cea9aeb-ea45-4b61-8aa9-6451e5ec935b ] Request (KeyPairsNegativeTestJSON:setUpClass): 201 POST http://10.180.1.21/identity/v3/users 0.525s
2025-04-03 05:39:51.428 69208 INFO tempest.lib.common.rest_client [req-662a0e5e-b11a-48d8-b6a5-cf2b54d68d63 req-662a0e5e-b11a-48d8-b6a5-cf2b54d68d63 ] Request (QuotasAdminNegativeTest:setUpClass): 200 GET http://10.180.1.21/identity/v3/roles 0.528s
2025-04-03 05:39:51.482 69152 INFO tempest.lib.common.rest_client [req-eab18f4a-cb98-49e9-92e3-409cda7de825 req-eab18f4a-cb98-49e9-92e3-409cda7de825 ] Request (SecurityGroupsNegativeTestJSON:tearDownClass): 204 DELETE http://10.180.1.21/identity/v3/users/615b8f2a2df94baa987caf53194aecbe 0.530s
2025-04-03 05:39:51.482 69152 INFO tempest.lib.common.dynamic_creds [-] Deleting project and security group for project: 83729f8e18dd496b8b83ab517db20e17
2025-04-03 05:39:51.483 69172 INFO tempest.lib.common.rest_client [req-1629811f-9f98-49b0-a30d-f3cb0362b1ca req-1629811f-9f98-49b0-a30d-f3cb0362b1ca ] Request (FlavorsV261TestJSON:tearDownClass): 204 DELETE http://10.180.1.21/identity/v3/projects/200d8afa193f4475a7c2390c22ca5d83 0.545s
2025-04-03 05:39:51.483 69172 INFO tempest.lib.common.dynamic_creds [-] Deleting project and security group for project: 619d5e2c838f46c5a6f643625a8d9e27
2025-04-03 05:39:51.533 69152 INFO tempest.lib.common.rest_client [req-7f68fe40-d3be-4dd1-9694-e76f6aa51b2f req-7f68fe40-d3be-4dd1-9694-e76f6aa51b2f ] Request (SecurityGroupsNegativeTestJSON:tearDownClass): 200 GET http://10.180.1.21:9696/networking/v2.0/security-groups?tenant_id=83729f8e18dd496b8b83ab517db20e17&name=default 0.051s
2025-04-03 05:39:51.544 69156 INFO tempest.lib.common.rest_client [req-91d422f8-036b-4dbe-961a-678c2a7d6113 req-91d422f8-036b-4dbe-961a-678c2a7d6113 ] Request (InstanceUsageAuditLogTestJSON:setUpClass): 201 POST http://10.180.1.21/identity/v3/users 0.520s
2025-04-03 05:39:51.548 69158 INFO tempest.lib.common.rest_client [req-3eb3e762-5acf-4339-be16-fc6663660d97 req-3eb3e762-5acf-4339-be16-fc6663660d97 ] Request (ServerGroupTestJSON:setUpClass): 201 POST http://10.180.1.21/identity/v3/auth/tokens 0.442s
2025-04-03 05:39:51.564 69162 INFO tempest.lib.common.rest_client [req-cb69b4af-796e-436a-8aa7-e2a9c0ed1155 req-cb69b4af-796e-436a-8aa7-e2a9c0ed1155 ] Request (SecurityGroupsTestJSON:setUpClass): 201 POST http://10.180.1.21:9696/networking/v2.0/networks 0.896s
2025-04-03 05:39:51.620 69202 INFO tempest.lib.common.rest_client [req-3918614d-bd92-4059-beff-2270f4f9a3e6 req-3918614d-bd92-4059-beff-2270f4f9a3e6 ] Request (KeyPairsV210TestJSON:tearDownClass): 204 DELETE http://10.180.1.21/identity/v3/users/a3ba49345246430e88b4befc20e70b77 0.489s
2025-04-03 05:39:51.621 69202 INFO tempest.lib.common.dynamic_creds [-] Deleting project and security group for project: 000b799328514b7eb72d46a86ec36ef2
2025-04-03 05:39:51.622 69180 INFO tempest.lib.common.rest_client [req-75feabde-7506-4834-92b1-b3d6f9242e39 req-75feabde-7506-4834-92b1-b3d6f9242e39 ] Request (HypervisorAdminV228Test:tearDownClass): 204 DELETE http://10.180.1.21/identity/v3/users/edd88f7557d14070814d10a4c5fa5bcc 0.471s
2025-04-03 05:39:51.701 69172 INFO tempest.lib.common.rest_client [req-2ac32c98-62f9-4fcc-8ecb-1882f1388c50 req-2ac32c98-62f9-4fcc-8ecb-1882f1388c50 ] Request (FlavorsV261TestJSON:tearDownClass): 200 GET http://10.180.1.21:9696/networking/v2.0/security-groups?tenant_id=619d5e2c838f46c5a6f643625a8d9e27&name=default 0.217s
2025-04-03 05:39:51.708 69152 INFO tempest.lib.common.rest_client [req-9311685c-73e7-4b84-a7a5-8046824b8c17 req-9311685c-73e7-4b84-a7a5-8046824b8c17 ] Request (SecurityGroupsNegativeTestJSON:tearDownClass): 204 DELETE http://10.180.1.21:9696/networking/v2.0/security-groups/3436995b-3e31-4cf2-a817-ad82b036db0f 0.174s
2025-04-03 05:39:51.710 69192 INFO tempest.lib.common.rest_client [req-c12d88ef-12d0-48f0-8704-3fcb478544e6 req-c12d88ef-12d0-48f0-8704-3fcb478544e6 ] Request (ServicesAdminNegativeTestJSON:tearDownClass): 201 POST http://10.180.1.21/identity/v3/auth/tokens 0.472s
2025-04-03 05:39:51.722 69196 INFO tempest.lib.common.rest_client [req-9a71bf00-305f-412f-bf4e-e90001fd6aa7 req-9a71bf00-305f-412f-bf4e-e90001fd6aa7 ] Request (DeleteServersTestJSON:setUpClass): 201 POST http://10.180.1.21/identity/v3/users 0.512s
2025-04-03 05:39:51.724 69175 INFO tempest.lib.common.rest_client [req-5183fa59-757a-43d4-a5c3-3e25f9be7d7f req-5183fa59-757a-43d4-a5c3-3e25f9be7d7f ] Request (VolumesAssistedSnapshotsTest:test_volume_assisted_snapshot_create_delete): 202 POST http://10.180.1.21/compute/v2.1/servers 0.725s
2025-04-03 05:39:51.733 69148 INFO tempest.lib.common.rest_client [req-272a4e65-ab84-4f48-9cdc-98bcbdff4084 req-272a4e65-ab84-4f48-9cdc-98bcbdff4084 ] Request (QuotaClassesAdmin257Test:setUpClass): 201 POST http://10.180.1.21/identity/v3/projects 0.429s
2025-04-03 05:39:51.792 69182 INFO tempest.lib.common.rest_client [req-0e8e0779-d274-4b92-867f-bfaac0392ffb req-0e8e0779-d274-4b92-867f-bfaac0392ffb ] Request (QuotasAdminTestV257:setUpClass): 200 GET http://10.180.1.21/identity/v3/roles 0.454s
2025-04-03 05:39:51.840 69166 INFO tempest.lib.common.rest_client [req-c284df82-b479-4381-92a7-dbf68594498b req-c284df82-b479-4381-92a7-dbf68594498b ] Request (KeyPairsNegativeTestJSON:setUpClass): 200 GET http://10.180.1.21/identity/v3/roles 0.413s
2025-04-03 05:39:51.865 69160 INFO tempest.lib.common.rest_client [req-a67bb641-07de-4cb8-9ecc-2447260187e5 req-a67bb641-07de-4cb8-9ecc-2447260187e5 ] Request (HypervisorAdminNegativeTestJSON:tearDownClass): 204 DELETE http://10.180.1.21/identity/v3/users/9ee3de1f9d3c4abebc2e687d666c38ca 0.498s
2025-04-03 05:39:51.866 69160 INFO tempest.lib.common.dynamic_creds [-] Deleting project and security group for project: 622bd53766194b43b05b0cb75bed0aa2
2025-04-03 05:39:51.871 69172 INFO tempest.lib.common.rest_client [req-cdd6e6c8-8d8e-4676-976b-19736cf387cf req-cdd6e6c8-8d8e-4676-976b-19736cf387cf ] Request (FlavorsV261TestJSON:tearDownClass): 204 DELETE http://10.180.1.21:9696/networking/v2.0/security-groups/a18040b3-9cd2-4bac-845d-ed5908f23d15 0.169s
2025-04-03 05:39:51.873 69164 INFO tempest.lib.common.rest_client [req-e2ce7bb1-7660-4673-94a0-651458827f4d req-e2ce7bb1-7660-4673-94a0-651458827f4d ] Request (QuotasAdminTestJSON:test_delete_quota): 200 PUT http://10.180.1.21/compute/v2.1/os-quota-sets/37dc69644e7b4b1a83c1112747b0ef4f 1.711s
2025-04-03 05:39:51.875 69146 INFO tempest.lib.common.rest_client [req-50c18d2e-1b1a-43af-9c9e-7e04b5903413 req-50c18d2e-1b1a-43af-9c9e-7e04b5903413 ] Request (DeleteServersAdminTestJSON:test_admin_delete_servers_of_others): 200 GET http://10.180.1.21/compute/v2.1/servers/1cd9ccdf-3d2b-4c90-8004-4cc9d3086066 0.817s
2025-04-03 05:39:51.903 69208 INFO tempest.lib.common.rest_client [req-05d02f71-2eae-44ae-ad5b-a233f9ece50f req-05d02f71-2eae-44ae-ad5b-a233f9ece50f ] Request (QuotasAdminNegativeTest:setUpClass): 204 PUT http://10.180.1.21/identity/v3/projects/649fb53195e4408ea48ff3a24abb21e7/users/1f7f6f5d27764be9a7b26a7947ee0976/roles/9864bf86660946ea8223bae7d64d8213 0.473s
2025-04-03 05:39:51.903 69208 INFO tempest.lib.common.dynamic_creds [-] Dynamic test user 1f7f6f5d27764be9a7b26a7947ee0976 is created with scope project and roles: ['member']
2025-04-03 05:39:51.903 69208 INFO tempest.lib.common.dynamic_creds [-] Acquired dynamic creds: credentials: Credentials: {'domain_id': 'default', 'domain_name': 'Default', 'username': 'tempest-QuotasAdminNegativeTest-701162518-project-member', 'project_domain_id': 'default', 'project_domain_name': 'Default', 'project_id': '649fb53195e4408ea48ff3a24abb21e7', 'project_name': 'tempest-QuotasAdminNegativeTest-701162518', 'tenant_id': '649fb53195e4408ea48ff3a24abb21e7', 'tenant_name': 'tempest-QuotasAdminNegativeTest-701162518', 'user_domain_id': 'default', 'user_domain_name': 'Default', 'user_id': '1f7f6f5d27764be9a7b26a7947ee0976', 'system': None}, Network: None, Subnet: None, Router: None
2025-04-03 05:39:51.903 69208 INFO tempest.lib.common.dynamic_creds [-] Created isolated network resources for: credentials: Credentials: {'domain_id': 'default', 'domain_name': 'Default', 'username': 'tempest-QuotasAdminNegativeTest-701162518-project-member', 'project_domain_id': 'default', 'project_domain_name': 'Default', 'project_id': '649fb53195e4408ea48ff3a24abb21e7', 'project_name': 'tempest-QuotasAdminNegativeTest-701162518', 'tenant_id': '649fb53195e4408ea48ff3a24abb21e7', 'tenant_name': 'tempest-QuotasAdminNegativeTest-701162518', 'user_domain_id': 'default', 'user_domain_name': 'Default', 'user_id': '1f7f6f5d27764be9a7b26a7947ee0976', 'system': None}, Network: None, Subnet: None, Router: None
2025-04-03 05:39:51.923 69162 INFO tempest.lib.common.rest_client [req-e2f777e7-3dee-48e3-a71a-fc16106d75bb req-e2f777e7-3dee-48e3-a71a-fc16106d75bb ] Request (SecurityGroupsTestJSON:setUpClass): 201 POST http://10.180.1.21:9696/networking/v2.0/subnets 0.359s
2025-04-03 05:39:51.946 69194 INFO tempest.lib.common.rest_client [req-18d6cee1-204e-411d-a89a-8d7f9dd93a85 req-18d6cee1-204e-411d-a89a-8d7f9dd93a85 ] Request (ServerDiagnosticsV248Test:test_get_server_diagnostics): 200 GET http://10.180.1.21/compute/v2.1/servers/f28fc57e-ee0b-40f6-bd0d-09799ce22859 0.771s
2025-04-03 05:39:51.957 69156 INFO tempest.lib.common.rest_client [req-b9e2351f-cc37-4fa0-ada7-b37cc303926e req-b9e2351f-cc37-4fa0-ada7-b37cc303926e ] Request (InstanceUsageAuditLogTestJSON:setUpClass): 200 GET http://10.180.1.21/identity/v3/roles 0.412s
2025-04-03 05:39:51.979 69204 INFO tempest.lib.common.rest_client [req-e9ae0734-974f-4118-a911-3ef507a439e3 req-e9ae0734-974f-4118-a911-3ef507a439e3 ] Request (HostsAdminTestJSON:test_list_hosts_with_zone): 200 GET http://10.180.1.21/compute/v2.1/os-hosts?zone=internal 0.778s
2025-04-03 05:39:51.982 69202 INFO tempest.lib.common.rest_client [req-4f7fcd94-036c-472c-97c3-dc4f9e7fdcc4 req-4f7fcd94-036c-472c-97c3-dc4f9e7fdcc4 ] Request (KeyPairsV210TestJSON:tearDownClass): 201 POST http://10.180.1.21/identity/v3/auth/tokens 0.361s
2025-04-03 05:39:52.002 69176 INFO tempest.lib.common.rest_client [req-7a231d65-df51-470d-a748-5d1005df0444 req-7a231d65-df51-470d-a748-5d1005df0444 ] Request (FlavorsAdminTestJSON:_run_cleanups): 200 GET http://10.180.1.21/compute/v2.1/flavors/detail 0.787s
2025-04-03 05:39:52.011 69186 INFO tempest.lib.common.rest_client [req-6ced4269-1e66-4bb2-afa2-0c817bdf8644 req-6ced4269-1e66-4bb2-afa2-0c817bdf8644 ] Request (FlavorsExtraSpecsNegativeTestJSON:test_flavor_update_more_key): 400 PUT http://10.180.1.21/compute/v2.1/flavors/1675274813/os-extra_specs/hw:numa_nodes 0.785s
2025-04-03 05:39:52.030 69168 INFO tempest.lib.common.rest_client [req-3c0a57d5-f18e-4ed1-98c1-38a0b9498402 req-3c0a57d5-f18e-4ed1-98c1-38a0b9498402 ] Request (FlavorsAccessNegativeTestJSON:_run_cleanups): 202 DELETE http://10.180.1.21/compute/v2.1/flavors/1108290403 0.793s
2025-04-03 05:39:52.041 69180 INFO tempest.lib.common.rest_client [req-e917ae56-4eb7-49d7-9338-77b29c7c46bd req-e917ae56-4eb7-49d7-9338-77b29c7c46bd ] Request (HypervisorAdminV228Test:tearDownClass): 204 DELETE http://10.180.1.21/identity/v3/users/7d360646431f4e04adca8403c2ba9e37 0.419s
2025-04-03 05:39:52.041 69180 INFO tempest.lib.common.dynamic_creds [-] Deleting project and security group for project: 4004a513173244bda6a3f2d463345eef
2025-04-03 05:39:52.041 69206 INFO tempest.lib.common.rest_client [req-3441b86f-17e9-494b-8645-8b1b12415ea9 req-3441b86f-17e9-494b-8645-8b1b12415ea9 ] Request (ServersWithSpecificFlavorTestJSON:test_verify_created_server_ephemeral_disk): 200 GET http://10.180.1.21/compute/v2.1/flavors/42/os-extra_specs 0.788s
2025-04-03 05:39:52.064 69154 INFO tempest.lib.common.rest_client [req-fe921c04-ae1e-42d0-9efc-02ed698353ad req-fe921c04-ae1e-42d0-9efc-02ed698353ad ] Request (ServicesAdminNegativeV253TestJSON:test_get_service_with_valid_service_and_invalid_host): 200 GET http://10.180.1.21/compute/v2.1/os-services 0.783s
2025-04-03 05:39:52.121 69190 INFO tempest.lib.common.rest_client [req-b8072b9f-adbd-4c2d-9fff-5133281fd94e req-b8072b9f-adbd-4c2d-9fff-5133281fd94e ] Request (ImagesOneServerTestJSON:setUpClass): 200 GET http://10.180.1.21/compute/v2.1/servers/9925219f-1838-4a33-8074-32bf8b0db7f2 0.493s
2025-04-03 05:39:52.139 69152 INFO tempest.lib.common.rest_client [req-d3b2b1bf-4a42-4f43-b11b-b6101eabcbe1 req-d3b2b1bf-4a42-4f43-b11b-b6101eabcbe1 ] Request (SecurityGroupsNegativeTestJSON:tearDownClass): 204 DELETE http://10.180.1.21/identity/v3/projects/83729f8e18dd496b8b83ab517db20e17 0.430s
2025-04-03 05:39:52.168 69178 INFO tempest.lib.common.rest_client [req-f5555487-a520-4dbf-b97d-8b5478f58090 req-f5555487-a520-4dbf-b97d-8b5478f58090 ] Request (MigrationsAdminTest:test_list_migrations_in_flavor_resize_situation): 200 GET http://10.180.1.21/compute/v2.1/servers/edc4e56e-e6e9-4212-8fa5-437c0bda52e8 0.534s
2025-04-03 05:39:52.189 69196 INFO tempest.lib.common.rest_client [req-ff83b8c2-4ec6-494d-b814-d8d3e07bc4c7 req-ff83b8c2-4ec6-494d-b814-d8d3e07bc4c7 ] Request (DeleteServersTestJSON:setUpClass): 200 GET http://10.180.1.21/identity/v3/roles 0.467s
2025-04-03 05:39:52.211 69182 INFO tempest.lib.common.rest_client [req-4b548866-373e-4081-ad34-ca3a90dbed5f req-4b548866-373e-4081-ad34-ca3a90dbed5f ] Request (QuotasAdminTestV257:setUpClass): 204 PUT http://10.180.1.21/identity/v3/projects/20458c5df2e34992a8dcaf1ba233f19b/users/3adf5bcbf5ed48c29f5dabb51a937678/roles/4796618579ab451ba5f7299f788b3d62 0.419s
2025-04-03 05:39:52.212 69148 INFO tempest.lib.common.rest_client [req-a2a0a529-1cb2-4b72-a6c0-e3c160ffbd8b req-a2a0a529-1cb2-4b72-a6c0-e3c160ffbd8b ] Request (QuotaClassesAdmin257Test:setUpClass): 201 POST http://10.180.1.21/identity/v3/users 0.478s
2025-04-03 05:39:52.212 69182 INFO tempest.lib.common.dynamic_creds [-] Dynamic test user 3adf5bcbf5ed48c29f5dabb51a937678 is created with scope project and roles: ['admin']
2025-04-03 05:39:52.213 69182 INFO tempest.lib.common.dynamic_creds [-] Acquired dynamic creds: credentials: Credentials: {'domain_id': 'default', 'domain_name': 'Default', 'username': 'tempest-QuotasAdminTestV257-1490588640-project-admin', 'project_domain_id': 'default', 'project_domain_name': 'Default', 'project_id': '20458c5df2e34992a8dcaf1ba233f19b', 'project_name': 'tempest-QuotasAdminTestV257-1490588640', 'tenant_id': '20458c5df2e34992a8dcaf1ba233f19b', 'tenant_name': 'tempest-QuotasAdminTestV257-1490588640', 'user_domain_id': 'default', 'user_domain_name': 'Default', 'user_id': '3adf5bcbf5ed48c29f5dabb51a937678', 'system': None}, Network: None, Subnet: None, Router: None
2025-04-03 05:39:52.214 69182 INFO tempest.lib.common.dynamic_creds [-] Created isolated network resources for: credentials: Credentials: {'domain_id': 'default', 'domain_name': 'Default', 'username': 'tempest-QuotasAdminTestV257-1490588640-project-admin', 'project_domain_id': 'default', 'project_domain_name': 'Default', 'project_id': '20458c5df2e34992a8dcaf1ba233f19b', 'project_name': 'tempest-QuotasAdminTestV257-1490588640', 'tenant_id': '20458c5df2e34992a8dcaf1ba233f19b', 'tenant_name': 'tempest-QuotasAdminTestV257-1490588640', 'user_domain_id': 'default', 'user_domain_name': 'Default', 'user_id': '3adf5bcbf5ed48c29f5dabb51a937678', 'system': None}, Network: None, Subnet: None, Router: None
2025-04-03 05:39:52.224 69175 INFO tempest.lib.common.rest_client [req-82367fc5-7f89-48e8-a9df-ee0dc66ff81f req-82367fc5-7f89-48e8-a9df-ee0dc66ff81f ] Request (VolumesAssistedSnapshotsTest:test_volume_assisted_snapshot_create_delete): 200 GET http://10.180.1.21/compute/v2.1/servers/acf985b4-48a1-41eb-a1a3-6c0a041c7b5b 0.499s
2025-04-03 05:39:52.293 69200 INFO tempest.lib.common.rest_client [req-6aff7966-bb51-45ed-9d03-dd0aa94de013 req-6aff7966-bb51-45ed-9d03-dd0aa94de013 ] Request (ImagesOneServerNegativeTestJSON:setUpClass): 200 GET http://10.180.1.21/compute/v2.1/servers/925555de-d1fb-4c5c-9f7c-038663186c54 0.507s
2025-04-03 05:39:52.296 69160 INFO tempest.lib.common.rest_client [req-25432994-2925-4b3e-af48-9bc11364e012 req-25432994-2925-4b3e-af48-9bc11364e012 ] Request (HypervisorAdminNegativeTestJSON:tearDownClass): 201 POST http://10.180.1.21/identity/v3/auth/tokens 0.430s
2025-04-03 05:39:52.299 69166 INFO tempest.lib.common.rest_client [req-9b71634a-964f-4685-a919-25e30e066d20 req-9b71634a-964f-4685-a919-25e30e066d20 ] Request (KeyPairsNegativeTestJSON:setUpClass): 204 PUT http://10.180.1.21/identity/v3/projects/6f317ffce01a491f87f60cd1c944a2f7/users/81582aa3c28b4541ae5adbecfb7254dd/roles/9864bf86660946ea8223bae7d64d8213 0.458s
2025-04-03 05:39:52.300 69166 INFO tempest.lib.common.dynamic_creds [-] Dynamic test user 81582aa3c28b4541ae5adbecfb7254dd is created with scope project and roles: ['member']
2025-04-03 05:39:52.300 69166 INFO tempest.lib.common.dynamic_creds [-] Acquired dynamic creds: credentials: Credentials: {'domain_id': 'default', 'domain_name': 'Default', 'username': 'tempest-KeyPairsNegativeTestJSON-623255135-project-member', 'project_domain_id': 'default', 'project_domain_name': 'Default', 'project_id': '6f317ffce01a491f87f60cd1c944a2f7', 'project_name': 'tempest-KeyPairsNegativeTestJSON-623255135', 'tenant_id': '6f317ffce01a491f87f60cd1c944a2f7', 'tenant_name': 'tempest-KeyPairsNegativeTestJSON-623255135', 'user_domain_id': 'default', 'user_domain_name': 'Default', 'user_id': '81582aa3c28b4541ae5adbecfb7254dd', 'system': None}, Network: None, Subnet: None, Router: None
2025-04-03 05:39:52.300 69166 INFO tempest.lib.common.dynamic_creds [-] Created isolated network resources for: credentials: Credentials: {'domain_id': 'default', 'domain_name': 'Default', 'username': 'tempest-KeyPairsNegativeTestJSON-623255135-project-member', 'project_domain_id': 'default', 'project_domain_name': 'Default', 'project_id': '6f317ffce01a491f87f60cd1c944a2f7', 'project_name': 'tempest-KeyPairsNegativeTestJSON-623255135', 'tenant_id': '6f317ffce01a491f87f60cd1c944a2f7', 'tenant_name': 'tempest-KeyPairsNegativeTestJSON-623255135', 'user_domain_id': 'default', 'user_domain_name': 'Default', 'user_id': '81582aa3c28b4541ae5adbecfb7254dd', 'system': None}, Network: None, Subnet: None, Router: None
2025-04-03 05:39:52.376 69192 INFO tempest.lib.common.rest_client [req-0092825a-7f8c-4f77-afb6-467dcfe5af4f req-0092825a-7f8c-4f77-afb6-467dcfe5af4f ] Request (ServicesAdminNegativeTestJSON:tearDownClass): 200 GET http://10.180.1.21:9696/networking/v2.0/security-groups?tenant_id=9cb5e6b66b914e24ad0a8a4b0e471b9f&name=default 0.665s
2025-04-03 05:39:52.394 69170 INFO tempest.lib.common.rest_client [req-6afe491e-2233-4d35-8364-563e90f53c4b req-6afe491e-2233-4d35-8364-563e90f53c4b ] Request (ServersAdmin275Test:test_rebuild_update_server_275): 200 GET http://10.180.1.21/compute/v2.1/servers/dc709085-3ae9-4508-b9fe-0384f610b689 0.587s
2025-04-03 05:39:52.413 69164 INFO tempest.lib.common.rest_client [req-c367d62d-3436-488c-ac94-666ca18c3b29 req-c367d62d-3436-488c-ac94-666ca18c3b29 ] Request (QuotasAdminTestJSON:test_delete_quota): 202 DELETE http://10.180.1.21/compute/v2.1/os-quota-sets/37dc69644e7b4b1a83c1112747b0ef4f 0.538s
2025-04-03 05:39:52.462 69172 INFO tempest.lib.common.rest_client [req-1560678c-4ed6-4d05-be03-91ce7689a29d req-1560678c-4ed6-4d05-be03-91ce7689a29d ] Request (FlavorsV261TestJSON:tearDownClass): 204 DELETE http://10.180.1.21/identity/v3/projects/619d5e2c838f46c5a6f643625a8d9e27 0.591s
2025-04-03 05:39:52.478 69198 INFO tempest.lib.common.rest_client [req-e26b46fd-7dc4-4017-9f6a-55c59714b3f1 req-e26b46fd-7dc4-4017-9f6a-55c59714b3f1 ] Request (AggregatesAdminNegativeTestJSON:test_aggregate_add_host_as_user): 403 POST http://10.180.1.21/compute/v2.1/os-aggregates/2/action 1.296s
2025-04-03 05:39:52.486 69158 INFO tempest.lib.common.rest_client [req-0732553c-6efd-4931-b878-92a05e99e1bc req-0732553c-6efd-4931-b878-92a05e99e1bc ] Request (ServerGroupTestJSON:setUpClass): 201 POST http://10.180.1.21:9696/networking/v2.0/networks 0.937s
2025-04-03 05:39:52.511 69204 INFO tempest.lib.common.rest_client [req-09d361cb-a81f-415c-a473-78599ccc9228 req-09d361cb-a81f-415c-a473-78599ccc9228 ] Request (HostsAdminTestJSON:test_show_host_detail): 200 GET http://10.180.1.21/compute/v2.1/os-hosts 0.530s
2025-04-03 05:39:52.524 69184 INFO tempest.lib.common.rest_client [req-780d8ac6-1bef-4ce7-b4d0-b321e7ee3404 req-780d8ac6-1bef-4ce7-b4d0-b321e7ee3404 ] Request (AttachInterfacesUnderV243Test:test_add_remove_fixed_ip): 200 GET http://10.180.1.21/compute/v2.1/servers/a662a95e-29c9-499e-ac76-ffa7ea549964 0.615s
2025-04-03 05:39:52.539 69176 INFO tempest.lib.common.rest_client [req-fe59dd43-0df1-438b-b633-4b297fc7fa0d req-fe59dd43-0df1-438b-b633-4b297fc7fa0d ] Request (FlavorsAdminTestJSON:test_create_flavor_with_none_id): 200 POST http://10.180.1.21/compute/v2.1/flavors 0.528s
2025-04-03 05:39:52.553 69156 INFO tempest.lib.common.rest_client [req-6d46f4f4-ced3-43ce-a167-e53aa47bbb48 req-6d46f4f4-ced3-43ce-a167-e53aa47bbb48 ] Request (InstanceUsageAuditLogTestJSON:setUpClass): 204 PUT http://10.180.1.21/identity/v3/projects/4e36087422a14f2a8d25bb30d4723c09/users/12ab51b6c49c4af19d30727187b8481d/roles/4796618579ab451ba5f7299f788b3d62 0.596s
2025-04-03 05:39:52.556 69208 INFO tempest.lib.common.rest_client [req-99b908b2-62e1-4a18-80af-6cffb5877647 req-99b908b2-62e1-4a18-80af-6cffb5877647 ] Request (QuotasAdminNegativeTest:setUpClass): 201 POST http://10.180.1.21/identity/v3/auth/tokens 0.647s
2025-04-03 05:39:52.561 69186 INFO tempest.lib.common.rest_client [req-426ff02a-e45a-4bc0-8f83-e0b1ada96244 req-426ff02a-e45a-4bc0-8f83-e0b1ada96244 ] Request (FlavorsExtraSpecsNegativeTestJSON:tearDownClass): 202 DELETE http://10.180.1.21/compute/v2.1/flavors/1675274813 0.548s
2025-04-03 05:39:52.572 69168 INFO tempest.lib.common.rest_client [req-83f4de4e-6a72-407b-b89a-4274b3a18eb3 req-83f4de4e-6a72-407b-b89a-4274b3a18eb3 ] Request (FlavorsAccessNegativeTestJSON:_run_cleanups): 200 GET http://10.180.1.21/compute/v2.1/flavors/detail 0.542s
2025-04-03 05:39:52.582 69206 INFO tempest.lib.common.rest_client [req-21c27da3-5856-4884-bf52-6d4c66e44fef req-21c27da3-5856-4884-bf52-6d4c66e44fef ] Request (ServersWithSpecificFlavorTestJSON:test_verify_created_server_ephemeral_disk): 200 POST http://10.180.1.21/compute/v2.1/flavors/1695901621/os-extra_specs 0.540s
2025-04-03 05:39:52.604 69154 INFO tempest.lib.common.rest_client [req-85d1855f-31fc-43bb-a00e-3d728cb827a4 req-85d1855f-31fc-43bb-a00e-3d728cb827a4 ] Request (ServicesAdminNegativeV253TestJSON:test_get_service_with_valid_service_and_invalid_host): 200 GET http://10.180.1.21/compute/v2.1/os-services?host=xxx&binary=nova-scheduler 0.537s
2025-04-03 05:39:52.614 69180 INFO tempest.lib.common.rest_client [req-ef4d9ce5-af43-4c7d-af34-f2ba0fdef782 req-ef4d9ce5-af43-4c7d-af34-f2ba0fdef782 ] Request (HypervisorAdminV228Test:tearDownClass): 201 POST http://10.180.1.21/identity/v3/auth/tokens 0.573s
2025-04-03 05:39:52.636 69152 INFO tempest.lib.common.rest_client [req-7933c328-37b2-46da-bad9-fd1f7f43adbb req-7933c328-37b2-46da-bad9-fd1f7f43adbb ] Request (ServersTestMultiNic:setUpClass): 201 POST http://10.180.1.21/identity/v3/auth/tokens 0.496s
2025-04-03 05:39:52.652 69196 INFO tempest.lib.common.rest_client [req-5c58b96f-5a59-4ef3-822c-f79b75450333 req-5c58b96f-5a59-4ef3-822c-f79b75450333 ] Request (DeleteServersTestJSON:setUpClass): 204 PUT http://10.180.1.21/identity/v3/projects/66e5345ecd25468095e7f46cd2566754/users/9bd08b4b10f448299d85026e9949e772/roles/9864bf86660946ea8223bae7d64d8213 0.462s
2025-04-03 05:39:52.652 69196 INFO tempest.lib.common.dynamic_creds [-] Dynamic test user 9bd08b4b10f448299d85026e9949e772 is created with scope project and roles: ['member']
2025-04-03 05:39:52.652 69196 INFO tempest.lib.common.dynamic_creds [-] Acquired dynamic creds: credentials: Credentials: {'domain_id': 'default', 'domain_name': 'Default', 'username': 'tempest-DeleteServersTestJSON-2121841233-project-member', 'project_domain_id': 'default', 'project_domain_name': 'Default', 'project_id': '66e5345ecd25468095e7f46cd2566754', 'project_name': 'tempest-DeleteServersTestJSON-2121841233', 'tenant_id': '66e5345ecd25468095e7f46cd2566754', 'tenant_name': 'tempest-DeleteServersTestJSON-2121841233', 'user_domain_id': 'default', 'user_domain_name': 'Default', 'user_id': '9bd08b4b10f448299d85026e9949e772', 'system': None}, Network: None, Subnet: None, Router: None
2025-04-03 05:39:52.661 69148 INFO tempest.lib.common.rest_client [req-68070472-6b99-4df3-bfbc-90635eeb7aff req-68070472-6b99-4df3-bfbc-90635eeb7aff ] Request (QuotaClassesAdmin257Test:setUpClass): 200 GET http://10.180.1.21/identity/v3/roles 0.449s
2025-04-03 05:39:52.676 69192 INFO tempest.lib.common.rest_client [req-7659f60a-1e68-47c1-bcde-e28fb6eb85fc req-7659f60a-1e68-47c1-bcde-e28fb6eb85fc ] Request (ServicesAdminNegativeTestJSON:tearDownClass): 204 DELETE http://10.180.1.21:9696/networking/v2.0/security-groups/84f3515b-95c6-46c8-bcbf-c139accd3889 0.299s
2025-04-03 05:39:52.677 69188 INFO tempest.lib.common.rest_client [req-bbbe6714-f1e0-4a74-bbbe-cd419c14f4c8 req-bbbe6714-f1e0-4a74-bbbe-cd419c14f4c8 ] Request (FloatingIPsAssociationTestJSON:setUpClass): 200 GET http://10.180.1.21/compute/v2.1/servers/c47f954b-7a48-45ad-a006-148c9b26f2b2 0.556s
2025-04-03 05:39:52.728 69166 INFO tempest.lib.common.rest_client [req-95544967-0797-4e5d-9b96-6f76b5e90bd3 req-95544967-0797-4e5d-9b96-6f76b5e90bd3 ] Request (KeyPairsNegativeTestJSON:setUpClass): 201 POST http://10.180.1.21/identity/v3/auth/tokens 0.423s
2025-04-03 05:39:52.737 69182 INFO tempest.lib.common.rest_client [req-90f3d085-6bca-49e0-ad6f-2fd6a93b9af3 req-90f3d085-6bca-49e0-ad6f-2fd6a93b9af3 ] Request (QuotasAdminTestV257:setUpClass): 201 POST http://10.180.1.21/identity/v3/auth/tokens 0.517s
2025-04-03 05:39:52.737 69182 WARNING tempest.lib.common.rest_client [-] Deprecated: "tenant_id" property is deprecated for removal, use "project_id" instead
2025-04-03 05:39:52.794 69172 INFO tempest.lib.common.rest_client [req-a09ad9c8-1094-463a-b367-267ce54fd114 req-a09ad9c8-1094-463a-b367-267ce54fd114 ] Request (QuotaClassesAdminTestJSON:setUpClass): 201 POST http://10.180.1.21/identity/v3/auth/tokens 0.329s
2025-04-03 05:39:52.818 69156 INFO tempest.lib.common.rest_client [req-954b3b13-1153-4c50-a677-9bc6649eb2fc req-954b3b13-1153-4c50-a677-9bc6649eb2fc ] Request (InstanceUsageAuditLogTestJSON:setUpClass): 200 GET http://10.180.1.21/identity/v3/roles 0.262s
2025-04-03 05:39:52.829 69150 INFO tempest.lib.common.rest_client [req-491e8d40-20ee-4d5b-b881-d2b68491c592 req-491e8d40-20ee-4d5b-b881-d2b68491c592 ] Request (ServerActionsTestOtherB:setUpClass): 200 GET http://10.180.1.21/compute/v2.1/servers/255edea0-1953-4a00-8f22-2ff42f406d37 0.768s
2025-04-03 05:39:52.830 69208 INFO tempest.lib.common.rest_client [req-cadc7d5c-018d-47ed-b0f1-28b9d5022983 req-cadc7d5c-018d-47ed-b0f1-28b9d5022983 ] Request (QuotasAdminNegativeTest:setUpClass): 201 POST http://10.180.1.21/identity/v3/projects 0.273s
2025-04-03 05:39:52.838 69150 INFO tempest.common.waiters [-] State transition "BUILD/networking" ==> "BUILD/spawning" after 7 second wait
2025-04-03 05:39:52.848 69198 INFO tempest.lib.common.rest_client [req-16ad58de-11e0-47ad-9a4f-b8e537dc8c22 req-16ad58de-11e0-47ad-9a4f-b8e537dc8c22 ] Request (AggregatesAdminNegativeTestJSON:_run_cleanups): 200 DELETE http://10.180.1.21/compute/v2.1/os-aggregates/2 0.369s
2025-04-03 05:39:52.889 69152 INFO tempest.lib.common.rest_client [req-14400a73-ad1d-4dc8-9d37-dc7b68f47509 req-14400a73-ad1d-4dc8-9d37-dc7b68f47509 ] Request (ServersTestMultiNic:setUpClass): 201 POST http://10.180.1.21/identity/v3/auth/tokens 0.250s
2025-04-03 05:39:52.890 69204 INFO tempest.lib.common.rest_client [req-d74f84f9-0373-4d56-b70f-a360824369a2 req-d74f84f9-0373-4d56-b70f-a360824369a2 ] Request (HostsAdminTestJSON:test_show_host_detail): 200 GET http://10.180.1.21/compute/v2.1/os-hosts/cpu-1 0.377s
2025-04-03 05:39:52.899 69196 INFO tempest.lib.common.rest_client [req-31e5eba0-6131-4a70-b0b3-1db6d0100d21 req-31e5eba0-6131-4a70-b0b3-1db6d0100d21 ] Request (DeleteServersTestJSON:setUpClass): 201 POST http://10.180.1.21/identity/v3/auth/tokens 0.247s
2025-04-03 05:39:52.909 69176 INFO tempest.lib.common.rest_client [req-e238130b-4e55-45fc-ab18-665846431bed req-e238130b-4e55-45fc-ab18-665846431bed ] Request (FlavorsAdminTestJSON:_run_cleanups): 202 DELETE http://10.180.1.21/compute/v2.1/flavors/3d0fa1ca-56ce-4107-b161-f427114aa032 0.367s
2025-04-03 05:39:52.915 69148 INFO tempest.lib.common.rest_client [req-f5d8634f-de84-4586-b1f6-b5a6c34b4e24 req-f5d8634f-de84-4586-b1f6-b5a6c34b4e24 ] Request (QuotaClassesAdmin257Test:setUpClass): 204 PUT http://10.180.1.21/identity/v3/projects/3dab99607eea4e0ba22941dd93371b17/users/9749758666d5472489f9e44d0869347b/roles/9864bf86660946ea8223bae7d64d8213 0.254s
2025-04-03 05:39:52.915 69148 INFO tempest.lib.common.dynamic_creds [-] Dynamic test user 9749758666d5472489f9e44d0869347b is created with scope project and roles: ['member']
2025-04-03 05:39:52.916 69148 INFO tempest.lib.common.dynamic_creds [-] Acquired dynamic creds: credentials: Credentials: {'domain_id': 'default', 'domain_name': 'Default', 'username': 'tempest-QuotaClassesAdmin257Test-1562544736-project-member', 'project_domain_id': 'default', 'project_domain_name': 'Default', 'project_id': '3dab99607eea4e0ba22941dd93371b17', 'project_name': 'tempest-QuotaClassesAdmin257Test-1562544736', 'tenant_id': '3dab99607eea4e0ba22941dd93371b17', 'tenant_name': 'tempest-QuotaClassesAdmin257Test-1562544736', 'user_domain_id': 'default', 'user_domain_name': 'Default', 'user_id': '9749758666d5472489f9e44d0869347b', 'system': None}, Network: None, Subnet: None, Router: None
2025-04-03 05:39:52.916 69148 INFO tempest.lib.common.dynamic_creds [-] Created isolated network resources for: credentials: Credentials: {'domain_id': 'default', 'domain_name': 'Default', 'username': 'tempest-QuotaClassesAdmin257Test-1562544736-project-member', 'project_domain_id': 'default', 'project_domain_name': 'Default', 'project_id': '3dab99607eea4e0ba22941dd93371b17', 'project_name': 'tempest-QuotaClassesAdmin257Test-1562544736', 'tenant_id': '3dab99607eea4e0ba22941dd93371b17', 'tenant_name': 'tempest-QuotaClassesAdmin257Test-1562544736', 'user_domain_id': 'default', 'user_domain_name': 'Default', 'user_id': '9749758666d5472489f9e44d0869347b', 'system': None}, Network: None, Subnet: None, Router: None
2025-04-03 05:39:52.924 69202 INFO tempest.lib.common.rest_client [req-e3f44c90-5a4c-43ad-a18e-b638b4de83b6 req-e3f44c90-5a4c-43ad-a18e-b638b4de83b6 ] Request (KeyPairsV210TestJSON:tearDownClass): 200 GET http://10.180.1.21:9696/networking/v2.0/security-groups?tenant_id=000b799328514b7eb72d46a86ec36ef2&name=default 0.941s
2025-04-03 05:39:52.932 69186 INFO tempest.lib.common.rest_client [req-383cec45-0aab-4746-ae30-ecadb822f817 req-383cec45-0aab-4746-ae30-ecadb822f817 ] Request (FlavorsExtraSpecsNegativeTestJSON:tearDownClass): 200 GET http://10.180.1.21/compute/v2.1/flavors/detail 0.371s
2025-04-03 05:39:52.954 69168 INFO tempest.lib.common.rest_client [req-7aeb0b56-5d3b-428f-b065-d58e91eae0ee req-7aeb0b56-5d3b-428f-b065-d58e91eae0ee ] Request (FlavorsAccessNegativeTestJSON:test_flavor_non_admin_add): 200 POST http://10.180.1.21/compute/v2.1/flavors 0.373s
2025-04-03 05:39:52.978 69172 INFO tempest.lib.common.rest_client [req-45adb238-7ebb-4698-a264-3cfca9466e4b req-45adb238-7ebb-4698-a264-3cfca9466e4b ] Request (QuotaClassesAdminTestJSON:setUpClass): 201 POST http://10.180.1.21/identity/v3/auth/tokens 0.182s
2025-04-03 05:39:52.992 69206 INFO tempest.lib.common.rest_client [req-77813569-a8c7-41a0-8215-5c16552a1c48 req-77813569-a8c7-41a0-8215-5c16552a1c48 ] Request (ValidationResourcesFixture:setUp): 200 POST http://10.180.1.21/compute/v2.1/os-keypairs 0.408s
2025-04-03 05:39:52.993 69192 INFO tempest.lib.common.rest_client [req-176888d0-8146-4db0-8da9-70bb60e324c3 req-176888d0-8146-4db0-8da9-70bb60e324c3 ] Request (ServicesAdminNegativeTestJSON:tearDownClass): 204 DELETE http://10.180.1.21/identity/v3/projects/9cb5e6b66b914e24ad0a8a4b0e471b9f 0.316s
2025-04-03 05:39:52.994 69192 INFO tempest.lib.common.dynamic_creds [-] Deleting project and security group for project: 15fd86f90e3e493e9720565575802a68
2025-04-03 05:39:53.025 69156 INFO tempest.lib.common.rest_client [req-ed07741a-33c9-4e6e-9c77-40692d044856 req-ed07741a-33c9-4e6e-9c77-40692d044856 ] Request (InstanceUsageAuditLogTestJSON:setUpClass): 204 PUT http://10.180.1.21/identity/v3/projects/4e36087422a14f2a8d25bb30d4723c09/users/12ab51b6c49c4af19d30727187b8481d/roles/4796618579ab451ba5f7299f788b3d62 0.207s
2025-04-03 05:39:53.025 69156 INFO tempest.lib.common.dynamic_creds [-] Dynamic test user 12ab51b6c49c4af19d30727187b8481d is created with scope project and roles: ['admin']
2025-04-03 05:39:53.025 69156 INFO tempest.lib.common.dynamic_creds [-] Acquired dynamic creds: credentials: Credentials: {'domain_id': 'default', 'domain_name': 'Default', 'username': 'tempest-InstanceUsageAuditLogTestJSON-1409015459-project-admin', 'project_domain_id': 'default', 'project_domain_name': 'Default', 'project_id': '4e36087422a14f2a8d25bb30d4723c09', 'project_name': 'tempest-InstanceUsageAuditLogTestJSON-1409015459', 'tenant_id': '4e36087422a14f2a8d25bb30d4723c09', 'tenant_name': 'tempest-InstanceUsageAuditLogTestJSON-1409015459', 'user_domain_id': 'default', 'user_domain_name': 'Default', 'user_id': '12ab51b6c49c4af19d30727187b8481d', 'system': None}, Network: None, Subnet: None, Router: None
2025-04-03 05:39:53.025 69156 INFO tempest.lib.common.dynamic_creds [-] Created isolated network resources for: credentials: Credentials: {'domain_id': 'default', 'domain_name': 'Default', 'username': 'tempest-InstanceUsageAuditLogTestJSON-1409015459-project-admin', 'project_domain_id': 'default', 'project_domain_name': 'Default', 'project_id': '4e36087422a14f2a8d25bb30d4723c09', 'project_name': 'tempest-InstanceUsageAuditLogTestJSON-1409015459', 'tenant_id': '4e36087422a14f2a8d25bb30d4723c09', 'tenant_name': 'tempest-InstanceUsageAuditLogTestJSON-1409015459', 'user_domain_id': 'default', 'user_domain_name': 'Default', 'user_id': '12ab51b6c49c4af19d30727187b8481d', 'system': None}, Network: None, Subnet: None, Router: None
2025-04-03 05:39:53.047 69202 INFO tempest.lib.common.rest_client [req-13f3e1a4-a947-40de-b8c8-931995a51b49 req-13f3e1a4-a947-40de-b8c8-931995a51b49 ] Request (KeyPairsV210TestJSON:tearDownClass): 204 DELETE http://10.180.1.21:9696/networking/v2.0/security-groups/d588eda1-3140-41cd-9edc-5de971d5ce6a 0.122s
2025-04-03 05:39:53.074 69152 INFO tempest.lib.common.rest_client [req-6170228b-eb9f-44b4-9e16-01d7e296d9f0 req-6170228b-eb9f-44b4-9e16-01d7e296d9f0 ] Request (ServersTestMultiNic:setUpClass): 200 GET http://10.180.1.21/identity/v3/domains?name=Default 0.185s
2025-04-03 05:39:53.090 69208 INFO tempest.lib.common.rest_client [req-4310b360-5a64-4e4e-95a8-91e248f3bdd1 req-4310b360-5a64-4e4e-95a8-91e248f3bdd1 ] Request (QuotasAdminNegativeTest:setUpClass): 201 POST http://10.180.1.21/identity/v3/users 0.260s
2025-04-03 05:39:53.093 69206 INFO tempest.lib.common.rest_client [req-8e746ff1-1dcf-4caf-b93b-59b2fe997b54 req-8e746ff1-1dcf-4caf-b93b-59b2fe997b54 ] Request (ValidationResourcesFixture:setUp): 201 POST http://10.180.1.21:9696/networking/v2.0/security-groups 0.100s
2025-04-03 05:39:53.120 69160 INFO tempest.lib.common.rest_client [req-e8399be7-39fa-4fa9-b3c7-15cbf82c439d req-e8399be7-39fa-4fa9-b3c7-15cbf82c439d ] Request (HypervisorAdminNegativeTestJSON:tearDownClass): 200 GET http://10.180.1.21:9696/networking/v2.0/security-groups?tenant_id=622bd53766194b43b05b0cb75bed0aa2&name=default 0.823s
2025-04-03 05:39:53.133 69158 INFO tempest.lib.common.rest_client [req-32856020-21a3-46f9-9592-19bcb884666b req-32856020-21a3-46f9-9592-19bcb884666b ] Request (ServerGroupTestJSON:setUpClass): 201 POST http://10.180.1.21:9696/networking/v2.0/subnets 0.646s
2025-04-03 05:39:53.137 69204 INFO tempest.lib.common.rest_client [req-565b8677-95f4-4ea6-b0c0-907774a683d4 req-565b8677-95f4-4ea6-b0c0-907774a683d4 ] Request (HostsAdminTestJSON:tearDownClass): 204 DELETE http://10.180.1.21/identity/v3/users/202297024b7f4b8e8984ce9833fa0f2a 0.244s
2025-04-03 05:39:53.168 69180 INFO tempest.lib.common.rest_client [req-efeaa22d-5a77-44bf-b186-18c33836a0cf req-efeaa22d-5a77-44bf-b186-18c33836a0cf ] Request (HypervisorAdminV228Test:tearDownClass): 200 GET http://10.180.1.21:9696/networking/v2.0/security-groups?tenant_id=4004a513173244bda6a3f2d463345eef&name=default 0.553s
2025-04-03 05:39:53.234 69164 INFO tempest.lib.common.rest_client [req-5b9ed00a-5c7a-44a3-8ebc-e0f2be4484f9 req-5b9ed00a-5c7a-44a3-8ebc-e0f2be4484f9 ] Request (QuotasAdminTestJSON:test_delete_quota): 200 GET http://10.180.1.21/compute/v2.1/os-quota-sets/37dc69644e7b4b1a83c1112747b0ef4f 0.820s
2025-04-03 05:39:53.240 69192 INFO tempest.lib.common.rest_client [req-97adde4e-77bc-4495-b550-487f4031f0d1 req-97adde4e-77bc-4495-b550-487f4031f0d1 ] Request (ServicesAdminNegativeTestJSON:tearDownClass): 200 GET http://10.180.1.21:9696/networking/v2.0/security-groups?tenant_id=15fd86f90e3e493e9720565575802a68&name=default 0.246s
2025-04-03 05:39:53.273 69148 INFO tempest.lib.common.rest_client [req-127fea52-a6e6-495f-bd45-be8915327835 req-127fea52-a6e6-495f-bd45-be8915327835 ] Request (QuotaClassesAdmin257Test:setUpClass): 201 POST http://10.180.1.21/identity/v3/auth/tokens 0.354s
2025-04-03 05:39:53.300 69172 INFO tempest.lib.common.rest_client [req-779437f8-6475-47ee-99b6-5ffe2a91e692 req-779437f8-6475-47ee-99b6-5ffe2a91e692 ] Request (QuotaClassesAdminTestJSON:setUpClass): 200 GET http://10.180.1.21/identity/v3/domains?name=Default 0.321s
