2025-04-03 05:41:17.271 69182 INFO tempest.lib.common.rest_client [req-6b61742d-ccae-4814-a870-456179892e3d req-6b61742d-ccae-4814-a870-456179892e3d ] Request (ServerDiskConfigTestJSON:test_rebuild_server_with_auto_disk_config): 200 GET http://10.180.1.21/compute/v2.1/servers/bc7506b3-7995-46f3-9828-a5271aa01ab5 1.066s
2025-04-03 05:41:17.273 69156 INFO tempest.lib.common.rest_client [req-26c7f358-b503-4099-a0bb-e117182a8583 req-26c7f358-b503-4099-a0bb-e117182a8583 ] Request (ServerDiagnosticsNegativeTest:setUpClass): 201 POST http://10.180.1.21/identity/v3/auth/tokens 0.032s
2025-04-03 05:41:17.316 69156 INFO tempest.lib.common.rest_client [req-ae974cc3-4f7d-4937-8f7b-4909841de56b req-ae974cc3-4f7d-4937-8f7b-4909841de56b ] Request (ServerDiagnosticsNegativeTest:setUpClass): 200 GET http://10.180.1.21/identity/v3/domains?name=Default 0.043s
2025-04-03 05:41:17.351 69178 INFO tempest.lib.common.rest_client [req-1edadbc8-cd01-4a3a-8ac4-b1675ba735cd req-1edadbc8-cd01-4a3a-8ac4-b1675ba735cd ] Request (MigrationsAdminTest:test_list_migrations_in_flavor_resize_situation): 200 GET http://10.180.1.21/compute/v2.1/servers/edc4e56e-e6e9-4212-8fa5-437c0bda52e8 1.209s
2025-04-03 05:41:17.378 69156 INFO tempest.lib.common.rest_client [req-a0eaf16c-1a25-4244-bb5b-1a1965f9a4e0 req-a0eaf16c-1a25-4244-bb5b-1a1965f9a4e0 ] Request (ServerDiagnosticsNegativeTest:setUpClass): 201 POST http://10.180.1.21/identity/v3/projects 0.061s
2025-04-03 05:41:17.432 69152 INFO tempest.lib.common.rest_client [req-44af1e59-6111-497a-8b40-9bc8b4e3d670 req-44af1e59-6111-497a-8b40-9bc8b4e3d670 ] Request (ServersTestMultiNic:_run_cleanups): 200 GET http://10.180.1.21/compute/v2.1/servers/5419c45e-be0f-4c55-a09e-f07bdcd209b1 1.130s
2025-04-03 05:41:17.482 69156 INFO tempest.lib.common.rest_client [req-567d583e-378c-481f-a764-d7b262f71a9f req-567d583e-378c-481f-a764-d7b262f71a9f ] Request (ServerDiagnosticsNegativeTest:setUpClass): 201 POST http://10.180.1.21/identity/v3/users 0.103s
2025-04-03 05:41:17.514 69156 INFO tempest.lib.common.rest_client [req-2ecd7199-572b-4f50-8d03-fb7df0fca5bd req-2ecd7199-572b-4f50-8d03-fb7df0fca5bd ] Request (ServerDiagnosticsNegativeTest:setUpClass): 200 GET http://10.180.1.21/identity/v3/roles 0.032s
2025-04-03 05:41:17.557 69156 INFO tempest.lib.common.rest_client [req-a5edc63f-ef45-47ec-a4f2-a70d05c65012 req-a5edc63f-ef45-47ec-a4f2-a70d05c65012 ] Request (ServerDiagnosticsNegativeTest:setUpClass): 204 PUT http://10.180.1.21/identity/v3/projects/204508264c5a430e9800cb5a2ee8bbc5/users/5240c9c15946491081ed00b92a9e080d/roles/9864bf86660946ea8223bae7d64d8213 0.043s
2025-04-03 05:41:17.558 69156 INFO tempest.lib.common.dynamic_creds [-] Dynamic test user 5240c9c15946491081ed00b92a9e080d is created with scope project and roles: ['member']
2025-04-03 05:41:17.558 69156 INFO tempest.lib.common.dynamic_creds [-] Acquired dynamic creds: credentials: Credentials: {'domain_id': 'default', 'domain_name': 'Default', 'username': 'tempest-ServerDiagnosticsNegativeTest-2073167641-project-member', 'project_domain_id': 'default', 'project_domain_name': 'Default', 'project_id': '204508264c5a430e9800cb5a2ee8bbc5', 'project_name': 'tempest-ServerDiagnosticsNegativeTest-2073167641', 'tenant_id': '204508264c5a430e9800cb5a2ee8bbc5', 'tenant_name': 'tempest-ServerDiagnosticsNegativeTest-2073167641', 'user_domain_id': 'default', 'user_domain_name': 'Default', 'user_id': '5240c9c15946491081ed00b92a9e080d', 'system': None}, Network: None, Subnet: None, Router: None
2025-04-03 05:41:17.558 69156 INFO tempest.lib.common.dynamic_creds [-] Created isolated network resources for: credentials: Credentials: {'domain_id': 'default', 'domain_name': 'Default', 'username': 'tempest-ServerDiagnosticsNegativeTest-2073167641-project-member', 'project_domain_id': 'default', 'project_domain_name': 'Default', 'project_id': '204508264c5a430e9800cb5a2ee8bbc5', 'project_name': 'tempest-ServerDiagnosticsNegativeTest-2073167641', 'tenant_id': '204508264c5a430e9800cb5a2ee8bbc5', 'tenant_name': 'tempest-ServerDiagnosticsNegativeTest-2073167641', 'user_domain_id': 'default', 'user_domain_name': 'Default', 'user_id': '5240c9c15946491081ed00b92a9e080d', 'system': None}, Network: None, Subnet: None, Router: None
2025-04-03 05:41:17.633 69202 INFO tempest.lib.common.rest_client [req-0bdd6d21-2e88-4fb6-8afd-57e25f8f82c1 req-0bdd6d21-2e88-4fb6-8afd-57e25f8f82c1 ] Request (InstanceActionsNegativeTestJSON:setUpClass): 200 GET http://10.180.1.21/compute/v2.1/servers/09531ee3-9860-4aba-a7df-7489e5727da3 1.241s
2025-04-03 05:41:17.643 69156 INFO tempest.lib.common.rest_client [req-f960afa8-ac70-46bd-b2b2-0a18dda34868 req-f960afa8-ac70-46bd-b2b2-0a18dda34868 ] Request (ServerDiagnosticsNegativeTest:setUpClass): 201 POST http://10.180.1.21/identity/v3/auth/tokens 0.081s
2025-04-03 05:41:17.712 69154 INFO tempest.lib.common.rest_client [req-2e832ba1-aa71-4f35-8e33-2bd5e232caa4 req-2e832ba1-aa71-4f35-8e33-2bd5e232caa4 ] Request (FloatingIPsAssociationNegativeTestJSON:tearDownClass): 200 GET http://10.180.1.21/compute/v2.1/servers/e7d41890-f48b-470e-b33e-cd64c725e2c8 1.264s
2025-04-03 05:41:17.721 69154 INFO tempest.common.waiters [-] State transition "ACTIVE/deleting" ==> "DELETED/None" after 5 second wait
2025-04-03 05:41:17.735 69156 INFO tempest.lib.common.rest_client [req-bd06a6cc-c485-4a81-86b9-0f784aab7452 req-bd06a6cc-c485-4a81-86b9-0f784aab7452 ] Request (ServerDiagnosticsNegativeTest:setUpClass): 201 POST http://10.180.1.21/identity/v3/projects 0.091s
2025-04-03 05:41:17.750 69170 INFO tempest.lib.common.rest_client [req-4ac76689-55e1-4ee0-b6ec-20f2e110a2a2 req-4ac76689-55e1-4ee0-b6ec-20f2e110a2a2 ] Request (ServersAdminTestJSON:setUpClass): 202 POST http://10.180.1.21/compute/v2.1/servers 1.505s
2025-04-03 05:41:17.773 69148 INFO tempest.lib.common.rest_client [req-2dfa15df-3629-4d76-9a84-27da4c05919f req-2dfa15df-3629-4d76-9a84-27da4c05919f ] Request (ServersTestJSON:setUpClass): 200 GET http://10.180.1.21/compute/v2.1/servers/d2bc86a8-3c11-454a-8f8e-b6012ecd8f33 1.291s
2025-04-03 05:41:17.827 69156 INFO tempest.lib.common.rest_client [req-755f4737-e326-4aca-a2b4-ece1871a353c req-755f4737-e326-4aca-a2b4-ece1871a353c ] Request (ServerDiagnosticsNegativeTest:setUpClass): 201 POST http://10.180.1.21/identity/v3/users 0.091s
2025-04-03 05:41:17.856 69200 INFO tempest.lib.common.rest_client [req-e2b5f032-a301-4a46-825d-5750841399c7 req-e2b5f032-a301-4a46-825d-5750841399c7 ] Request (ImagesOneServerNegativeTestJSON:_run_cleanups): 200 GET http://10.180.1.21/compute/v2.1/servers/925555de-d1fb-4c5c-9f7c-038663186c54 1.027s
2025-04-03 05:41:17.864 69206 WARNING tempest.lib.common.ssh [-] Failed to establish authenticated ssh connection to cirros@10.180.180.133 ([Errno None] Unable to connect to port 22 on 10.180.180.133). Number attempts: 7. Retry after 8 seconds.: paramiko.ssh_exception.NoValidConnectionsError: [Errno None] Unable to connect to port 22 on 10.180.180.133
2025-04-03 05:41:17.868 69156 INFO tempest.lib.common.rest_client [req-c5741796-d18d-4f36-bfda-1a25deab7fd2 req-c5741796-d18d-4f36-bfda-1a25deab7fd2 ] Request (ServerDiagnosticsNegativeTest:setUpClass): 200 GET http://10.180.1.21/identity/v3/roles 0.041s
2025-04-03 05:41:17.902 69156 INFO tempest.lib.common.rest_client [req-b8f627d8-ac69-494d-b2ed-beeb23d018d0 req-b8f627d8-ac69-494d-b2ed-beeb23d018d0 ] Request (ServerDiagnosticsNegativeTest:setUpClass): 204 PUT http://10.180.1.21/identity/v3/projects/9fe046aff8ff412aaee035c40074af36/users/41454eeaa0794e90a51b95f0733bc428/roles/4796618579ab451ba5f7299f788b3d62 0.033s
2025-04-03 05:41:17.914 69198 INFO tempest.lib.common.rest_client [req-7b6d670c-c7d2-460e-a73d-09c4072fa604 req-7b6d670c-c7d2-460e-a73d-09c4072fa604 ] Request (ServerAddressesTestJSON:setUpClass): 200 GET http://10.180.1.21/compute/v2.1/servers/3c7e1381-3c5a-402c-aa40-289321aeaa53 1.000s
2025-04-03 05:41:17.968 69176 INFO tempest.lib.common.rest_client [req-6c6eb387-0e46-4511-a4f3-402898320819 req-6c6eb387-0e46-4511-a4f3-402898320819 ] Request (ServersTestBootFromVolume:setUpClass): 200 GET http://10.180.1.21/volume/v3/volumes/cab81f13-6ce7-4388-bc9a-80eb10be7106 0.045s
2025-04-03 05:41:17.974 69156 INFO tempest.lib.common.rest_client [req-6a81e97b-9017-427f-b592-dbc8ab95a513 req-6a81e97b-9017-427f-b592-dbc8ab95a513 ] Request (ServerDiagnosticsNegativeTest:setUpClass): 200 GET http://10.180.1.21/identity/v3/roles 0.072s
2025-04-03 05:41:17.975 69176 INFO tempest.common.waiters [-] volume cab81f13-6ce7-4388-bc9a-80eb10be7106 reached available after waiting for 19.975389 seconds
2025-04-03 05:41:17.980 69186 INFO tempest.lib.common.rest_client [req-3d6dbec9-515a-4071-a485-a540bf5592f8 req-3d6dbec9-515a-4071-a485-a540bf5592f8 ] Request (ImagesNegativeTestJSON:test_create_image_from_deleted_server): 200 GET http://10.180.1.21/compute/v2.1/servers/29c905a4-0b30-4d16-9e1b-90bdcfb7b3ec 1.008s
2025-04-03 05:41:18.004 69156 INFO tempest.lib.common.rest_client [req-e26e6f98-fb16-4663-9934-f7a38ab99f0a req-e26e6f98-fb16-4663-9934-f7a38ab99f0a ] Request (ServerDiagnosticsNegativeTest:setUpClass): 204 PUT http://10.180.1.21/identity/v3/projects/9fe046aff8ff412aaee035c40074af36/users/41454eeaa0794e90a51b95f0733bc428/roles/4796618579ab451ba5f7299f788b3d62 0.029s
2025-04-03 05:41:18.004 69156 INFO tempest.lib.common.dynamic_creds [-] Dynamic test user 41454eeaa0794e90a51b95f0733bc428 is created with scope project and roles: ['admin']
2025-04-03 05:41:18.004 69156 INFO tempest.lib.common.dynamic_creds [-] Acquired dynamic creds: credentials: Credentials: {'domain_id': 'default', 'domain_name': 'Default', 'username': 'tempest-ServerDiagnosticsNegativeTest-121597172-project-admin', 'project_domain_id': 'default', 'project_domain_name': 'Default', 'project_id': '9fe046aff8ff412aaee035c40074af36', 'project_name': 'tempest-ServerDiagnosticsNegativeTest-121597172', 'tenant_id': '9fe046aff8ff412aaee035c40074af36', 'tenant_name': 'tempest-ServerDiagnosticsNegativeTest-121597172', 'user_domain_id': 'default', 'user_domain_name': 'Default', 'user_id': '41454eeaa0794e90a51b95f0733bc428', 'system': None}, Network: None, Subnet: None, Router: None
2025-04-03 05:41:18.004 69156 INFO tempest.lib.common.dynamic_creds [-] Created isolated network resources for: credentials: Credentials: {'domain_id': 'default', 'domain_name': 'Default', 'username': 'tempest-ServerDiagnosticsNegativeTest-121597172-project-admin', 'project_domain_id': 'default', 'project_domain_name': 'Default', 'project_id': '9fe046aff8ff412aaee035c40074af36', 'project_name': 'tempest-ServerDiagnosticsNegativeTest-121597172', 'tenant_id': '9fe046aff8ff412aaee035c40074af36', 'tenant_name': 'tempest-ServerDiagnosticsNegativeTest-121597172', 'user_domain_id': 'default', 'user_domain_name': 'Default', 'user_id': '41454eeaa0794e90a51b95f0733bc428', 'system': None}, Network: None, Subnet: None, Router: None
2025-04-03 05:41:18.045 69146 INFO tempest.lib.common.rest_client [req-56f07d35-0207-4239-bad4-f7eb9d5f96d6 req-56f07d35-0207-4239-bad4-f7eb9d5f96d6 ] Request (DeleteServersAdminTestJSON:test_delete_server_while_in_error_state): 200 GET http://10.180.1.21/compute/v2.1/servers/5f618d22-e3ff-41b9-9131-26730e117394 1.040s
2025-04-03 05:41:18.091 69156 INFO tempest.lib.common.rest_client [req-4901b983-7dae-451d-8958-023bce121fc3 req-4901b983-7dae-451d-8958-023bce121fc3 ] Request (ServerDiagnosticsNegativeTest:setUpClass): 201 POST http://10.180.1.21/identity/v3/auth/tokens 0.084s
2025-04-03 05:41:18.156 69156 INFO tempest.lib.common.rest_client [req-8cc81deb-bf6a-45d3-b709-0724dbef25a1 req-8cc81deb-bf6a-45d3-b709-0724dbef25a1 ] Request (ServerDiagnosticsNegativeTest:test_get_server_diagnostics_by_non_admin): 201 POST http://10.180.1.21/identity/v3/auth/tokens 0.057s
2025-04-03 05:41:18.156 69156 INFO tempest.lib.common.fixed_network [-] (ServerDiagnosticsNegativeTest:test_get_server_diagnostics_by_non_admin) Found network None available for tenant
2025-04-03 05:41:18.482 69204 INFO tempest.lib.common.rest_client [req-7d62055b-c299-4115-b7ca-aa6bf8c9100d req-7d62055b-c299-4115-b7ca-aa6bf8c9100d ] Request (ImagesTestJSON:test_create_image_from_suspended_server): 202 POST http://10.180.1.21/compute/v2.1/servers 1.477s
2025-04-03 05:41:18.565 69190 INFO tempest.lib.common.rest_client [req-f153b8bd-64ca-4589-bfcd-ccb79e2f1afd req-f153b8bd-64ca-4589-bfcd-ccb79e2f1afd ] Request (ImagesOneServerTestJSON:tearDownClass): 200 GET http://10.180.1.21/compute/v2.1/servers/9925219f-1838-4a33-8074-32bf8b0db7f2 1.480s
2025-04-03 05:41:18.572 69190 INFO tempest.common.waiters [-] State transition "ACTIVE/deleting" ==> "DELETED/None" after 5 second wait
2025-04-03 05:41:18.775 69188 INFO tempest.lib.common.rest_client [req-f974bd99-afbf-473e-b544-52d419d926fb req-f974bd99-afbf-473e-b544-52d419d926fb ] Request (FloatingIPsAssociationTestJSON:_run_cleanups): 202 POST http://10.180.1.21/compute/v2.1/servers/e8c5815f-3308-4da7-92ad-f5aa8a56747a/action 2.242s
2025-04-03 05:41:18.815 69166 INFO tempest.lib.common.rest_client [req-cf45ed4f-d482-4134-a132-f77702aa9cee req-cf45ed4f-d482-4134-a132-f77702aa9cee ] Request (ListServerFiltersTestJSON:test_list_servers_detailed_filter_by_flavor): 200 GET http://10.180.1.21/compute/v2.1/servers/detail?flavor=84 1.711s
2025-04-03 05:41:18.869 69162 INFO tempest.lib.common.rest_client [req-456a0b3d-9c01-4919-93e5-a6cb8257c374 req-456a0b3d-9c01-4919-93e5-a6cb8257c374 ] Request (SecurityGroupsTestJSON:test_server_security_groups): 200 GET http://10.180.1.21/compute/v2.1/servers/400402ac-ac7d-4086-b67c-2ba8c4d9f92d 1.677s
2025-04-03 05:41:18.915 69172 INFO tempest.lib.common.rest_client [req-35c1e48e-fa5b-4de4-91d3-80685bf4380e req-35c1e48e-fa5b-4de4-91d3-80685bf4380e ] Request (VolumesAdminNegativeTest:test_update_attached_volume_with_nonexistent_volume_in_body): 200 GET http://10.180.1.21/compute/v2.1/servers/e3018609-8a3a-46cf-ba3a-98905fcffcf0 1.665s
2025-04-03 05:41:19.018 69170 INFO tempest.lib.common.rest_client [req-1b283232-5b3e-496c-a790-4985d3035e3c req-1b283232-5b3e-496c-a790-4985d3035e3c ] Request (ServersAdminTestJSON:setUpClass): 200 GET http://10.180.1.21/compute/v2.1/servers/680131fe-0141-4db6-a9b5-06b814953497 1.266s
2025-04-03 05:41:19.146 69180 INFO tempest.lib.common.rest_client [req-bff4f65b-1e73-4ef5-9e72-85f3085ab9b0 req-bff4f65b-1e73-4ef5-9e72-85f3085ab9b0 ] Request (ServerRescueTestJSON:setUpClass): 200 GET http://10.180.1.21/compute/v2.1/servers/2eca808d-d018-4b45-ac0b-ef2768ed1818 1.306s
2025-04-03 05:41:19.179 69196 INFO tempest.lib.common.rest_client [req-89764434-697b-4912-9793-7dfaf2dd1a40 req-89764434-697b-4912-9793-7dfaf2dd1a40 ] Request (DeleteServersTestJSON:test_delete_server_while_in_attached_volume): 202 POST http://10.180.1.21/compute/v2.1/servers 2.042s
2025-04-03 05:41:19.244 69194 INFO tempest.lib.common.rest_client [req-e010d593-d44f-460f-bb09-ba62952aa52c req-e010d593-d44f-460f-bb09-ba62952aa52c ] Request (ServerRescueTestJSONUnderV235:setUpClass): 200 GET http://10.180.1.21/compute/v2.1/servers/22e625e7-b4f1-449a-a4ad-a50ea757e8dd 1.256s
2025-04-03 05:41:19.297 69164 INFO tempest.lib.common.rest_client [req-dd5c0157-fb0c-4275-95bc-5bb6422e33cf req-dd5c0157-fb0c-4275-95bc-5bb6422e33cf ] Request (ServersTestManualDisk:setUpClass): 200 GET http://10.180.1.21/compute/v2.1/servers/5152d49a-74aa-437e-b489-e47d585fd47c 1.249s
2025-04-03 05:41:19.612 69156 INFO tempest.lib.common.rest_client [req-f1d3f289-5466-45a7-9a6a-885737779bdb req-f1d3f289-5466-45a7-9a6a-885737779bdb ] Request (ServerDiagnosticsNegativeTest:test_get_server_diagnostics_by_non_admin): 202 POST http://10.180.1.21/compute/v2.1/servers 1.455s
2025-04-03 05:41:19.680 69176 INFO tempest.lib.common.rest_client [req-f5336d4e-3ef8-4447-b0e6-51aaaf1cb7e1 req-f5336d4e-3ef8-4447-b0e6-51aaaf1cb7e1 ] Request (ServersTestBootFromVolume:setUpClass): 202 POST http://10.180.1.21/compute/v2.1/servers 1.705s
2025-04-03 05:41:19.698 69168 INFO tempest.lib.common.rest_client [req-3a9512b1-2090-4bfa-ae91-fe61d40c4650 req-3a9512b1-2090-4bfa-ae91-fe61d40c4650 ] Request (ServersV294TestFqdnHostnames:setUpClass): 200 GET http://10.180.1.21/compute/v2.1/servers/e3ed8924-79e4-4af3-9bac-fa8ea807832c 1.527s
2025-04-03 05:41:19.760 69182 INFO tempest.lib.common.rest_client [req-a0ce7bf0-44d1-42a7-9b30-e449cdaf6cd8 req-a0ce7bf0-44d1-42a7-9b30-e449cdaf6cd8 ] Request (ServerDiskConfigTestJSON:test_rebuild_server_with_auto_disk_config): 200 GET http://10.180.1.21/compute/v2.1/servers/bc7506b3-7995-46f3-9828-a5271aa01ab5 1.477s
2025-04-03 05:41:19.821 69158 INFO tempest.lib.common.rest_client [req-32fbe1f6-abd3-4020-a615-5179ca3862bf req-32fbe1f6-abd3-4020-a615-5179ca3862bf ] Request (ServerGroupTestJSON:test_create_server_with_scheduler_hint_group): 200 GET http://10.180.1.21/compute/v2.1/servers/b803dcd4-dcc1-4f09-917d-e7070fe8b6db 1.601s
2025-04-03 05:41:19.831 69158 INFO tempest.common.waiters [-] State transition "BUILD/spawning" ==> "ACTIVE/None" after 58 second wait
2025-04-03 05:41:19.892 69152 INFO tempest.lib.common.rest_client [req-34e9822a-9b11-4df5-8c68-6c0df33b3327 req-34e9822a-9b11-4df5-8c68-6c0df33b3327 ] Request (ServersTestMultiNic:_run_cleanups): 200 GET http://10.180.1.21/compute/v2.1/servers/5419c45e-be0f-4c55-a09e-f07bdcd209b1 1.449s
2025-04-03 05:41:19.899 69152 INFO tempest.common.waiters [-] State transition "ACTIVE/deleting" ==> "DELETED/None" after 4 second wait
2025-04-03 05:41:19.901 69178 INFO tempest.lib.common.rest_client [req-757e4d9e-0e41-4215-a2d8-1950800bbc39 req-757e4d9e-0e41-4215-a2d8-1950800bbc39 ] Request (MigrationsAdminTest:test_list_migrations_in_flavor_resize_situation): 200 GET http://10.180.1.21/compute/v2.1/servers/edc4e56e-e6e9-4212-8fa5-437c0bda52e8 1.538s
2025-04-03 05:41:19.939 69204 INFO tempest.lib.common.rest_client [req-0769b18c-3cdf-4ebb-9ce8-707ac74b591a req-0769b18c-3cdf-4ebb-9ce8-707ac74b591a ] Request (ImagesTestJSON:test_create_image_from_suspended_server): 200 GET http://10.180.1.21/compute/v2.1/servers/6d539428-fed4-4061-bd05-431f9fcbb3e7 1.455s
2025-04-03 05:41:20.009 69154 INFO tempest.lib.common.rest_client [req-57d3ebad-a6db-487b-9c75-28fa74d511fc req-57d3ebad-a6db-487b-9c75-28fa74d511fc ] Request (FloatingIPsAssociationNegativeTestJSON:tearDownClass): 200 GET http://10.180.1.21/compute/v2.1/servers/e7d41890-f48b-470e-b33e-cd64c725e2c8 1.287s
2025-04-03 05:41:20.027 69202 INFO tempest.lib.common.rest_client [req-f0369f6e-afcc-43e7-a7b4-a10d5543032f req-f0369f6e-afcc-43e7-a7b4-a10d5543032f ] Request (InstanceActionsNegativeTestJSON:setUpClass): 200 GET http://10.180.1.21/compute/v2.1/servers/09531ee3-9860-4aba-a7df-7489e5727da3 1.381s
2025-04-03 05:41:20.086 69148 INFO tempest.lib.common.rest_client [req-4732c3c9-c13f-40f4-a65d-ac16ca571e6c req-4732c3c9-c13f-40f4-a65d-ac16ca571e6c ] Request (ServersTestJSON:setUpClass): 200 GET http://10.180.1.21/compute/v2.1/servers/d2bc86a8-3c11-454a-8f8e-b6012ecd8f33 1.300s
2025-04-03 05:41:20.089 69188 INFO tempest.lib.common.rest_client [req-5f928378-79ad-4744-bd14-769ea780f812 req-5f928378-79ad-4744-bd14-769ea780f812 ] Request (FloatingIPsAssociationTestJSON:_run_cleanups): 204 DELETE http://10.180.1.21/compute/v2.1/servers/e8c5815f-3308-4da7-92ad-f5aa8a56747a 1.313s
2025-04-03 05:41:20.163 69200 INFO tempest.lib.common.rest_client [req-1fe32649-7756-4d16-a9ba-e96c6746a52f req-1fe32649-7756-4d16-a9ba-e96c6746a52f ] Request (ImagesOneServerNegativeTestJSON:_run_cleanups): 200 GET http://10.180.1.21/compute/v2.1/servers/925555de-d1fb-4c5c-9f7c-038663186c54 1.296s
2025-04-03 05:41:20.167 69160 WARNING tempest.lib.common.ssh [-] Failed to establish authenticated ssh connection to cirros@10.180.180.198 ([Errno None] Unable to connect to port 22 on 10.180.180.198). Number attempts: 3. Retry after 4 seconds.: paramiko.ssh_exception.NoValidConnectionsError: [Errno None] Unable to connect to port 22 on 10.180.180.198
2025-04-03 05:41:20.456 69198 INFO tempest.lib.common.rest_client [req-8db3d3c4-4305-4c73-a2f1-73035086feeb req-8db3d3c4-4305-4c73-a2f1-73035086feeb ] Request (ServerAddressesTestJSON:setUpClass): 200 GET http://10.180.1.21/compute/v2.1/servers/3c7e1381-3c5a-402c-aa40-289321aeaa53 1.530s
2025-04-03 05:41:20.534 69186 INFO tempest.lib.common.rest_client [req-bfcb56ec-1c60-4588-9406-747c5cb71d7a req-bfcb56ec-1c60-4588-9406-747c5cb71d7a ] Request (ImagesNegativeTestJSON:test_create_image_from_deleted_server): 200 GET http://10.180.1.21/compute/v2.1/servers/29c905a4-0b30-4d16-9e1b-90bdcfb7b3ec 1.543s
2025-04-03 05:41:20.635 69166 INFO tempest.lib.common.rest_client [req-be717ecf-d3d8-44e7-9858-ec97ba7da5d9 req-be717ecf-d3d8-44e7-9858-ec97ba7da5d9 ] Request (ListServerFiltersTestJSON:test_list_servers_detailed_filter_by_server_name): 200 GET http://10.180.1.21/compute/v2.1/servers/detail?name=tempest-ListServerFiltersTestJSON-instance-1870450954 1.809s
2025-04-03 05:41:20.708 69196 INFO tempest.lib.common.rest_client [req-0de6282f-adee-4766-b737-fdc2c4110c3b req-0de6282f-adee-4766-b737-fdc2c4110c3b ] Request (DeleteServersTestJSON:test_delete_server_while_in_attached_volume): 200 GET http://10.180.1.21/compute/v2.1/servers/bd9c7290-f6fc-4f39-9c82-a51332e01a7e 1.527s
2025-04-03 05:41:20.714 69146 INFO tempest.lib.common.rest_client [req-69cbfe48-3ad7-4fda-a8b3-72c3ddaf935d req-69cbfe48-3ad7-4fda-a8b3-72c3ddaf935d ] Request (DeleteServersAdminTestJSON:test_delete_server_while_in_error_state): 200 GET http://10.180.1.21/compute/v2.1/servers/5f618d22-e3ff-41b9-9131-26730e117394 1.660s
2025-04-03 05:41:20.722 69146 INFO tempest.common.waiters [-] State transition "BUILD/None" ==> "BUILD/block_device_mapping" after 44 second wait
2025-04-03 05:41:20.777 69156 INFO tempest.lib.common.rest_client [req-408449f2-5c2e-4395-a8df-e0f77c85a3cd req-408449f2-5c2e-4395-a8df-e0f77c85a3cd ] Request (ServerDiagnosticsNegativeTest:test_get_server_diagnostics_by_non_admin): 200 GET http://10.180.1.21/compute/v2.1/servers/845f4864-33e5-46ef-9d9a-025f1d839e52 1.163s
2025-04-03 05:41:20.815 69190 INFO tempest.lib.common.rest_client [req-853ab1a6-edfb-4261-8963-838b320a3083 req-853ab1a6-edfb-4261-8963-838b320a3083 ] Request (ImagesOneServerTestJSON:tearDownClass): 200 GET http://10.180.1.21/compute/v2.1/servers/9925219f-1838-4a33-8074-32bf8b0db7f2 1.241s
2025-04-03 05:41:20.833 69176 INFO tempest.lib.common.rest_client [req-ae4da2a0-97c0-464b-a72b-6fba8b3ed4c7 req-ae4da2a0-97c0-464b-a72b-6fba8b3ed4c7 ] Request (ServersTestBootFromVolume:setUpClass): 200 GET http://10.180.1.21/compute/v2.1/servers/744bf0cb-53fa-412b-bb3d-9c3503e1d697 1.151s
2025-04-03 05:41:20.859 69158 INFO tempest.lib.common.rest_client [req-b1a3756e-4a36-4ab7-b43b-57cda60b952e req-b1a3756e-4a36-4ab7-b43b-57cda60b952e ] Request (ServerGroupTestJSON:test_create_server_with_scheduler_hint_group): 200 GET http://10.180.1.21/compute/v2.1/os-server-groups/cfe23273-afbd-444a-b47b-cf3d4b4072ba 1.028s
2025-04-03 05:41:20.905 69162 INFO tempest.lib.common.rest_client [req-b492323b-1432-43c5-ba60-bb8d0ebaa77b req-b492323b-1432-43c5-ba60-bb8d0ebaa77b ] Request (SecurityGroupsTestJSON:test_server_security_groups): 200 GET http://10.180.1.21/compute/v2.1/servers/400402ac-ac7d-4086-b67c-2ba8c4d9f92d 1.028s
2025-04-03 05:41:20.914 69162 INFO tempest.common.waiters [-] State transition "BUILD/scheduling" ==> "BUILD/None" after 11 second wait
2025-04-03 05:41:20.926 69172 INFO tempest.lib.common.rest_client [req-9c519897-2631-4644-ad93-18a35752ce44 req-9c519897-2631-4644-ad93-18a35752ce44 ] Request (VolumesAdminNegativeTest:test_update_attached_volume_with_nonexistent_volume_in_body): 200 GET http://10.180.1.21/compute/v2.1/servers/e3018609-8a3a-46cf-ba3a-98905fcffcf0 1.004s
2025-04-03 05:41:20.971 69170 INFO tempest.lib.common.rest_client [req-6b335852-95e0-4139-ad9e-1ac62bce63cd req-6b335852-95e0-4139-ad9e-1ac62bce63cd ] Request (ServersAdminTestJSON:setUpClass): 200 GET http://10.180.1.21/compute/v2.1/servers/680131fe-0141-4db6-a9b5-06b814953497 0.943s
2025-04-03 05:41:21.118 69180 INFO tempest.lib.common.rest_client [req-7aa3e700-531f-40c8-ae84-aa1b8af3c08d req-7aa3e700-531f-40c8-ae84-aa1b8af3c08d ] Request (ServerRescueTestJSON:setUpClass): 200 GET http://10.180.1.21/compute/v2.1/servers/2eca808d-d018-4b45-ac0b-ef2768ed1818 0.962s
2025-04-03 05:41:21.181 69194 INFO tempest.lib.common.rest_client [req-bd7a5ace-40f1-4ad8-bcd3-f73105e54d5a req-bd7a5ace-40f1-4ad8-bcd3-f73105e54d5a ] Request (ServerRescueTestJSONUnderV235:setUpClass): 200 GET http://10.180.1.21/compute/v2.1/servers/22e625e7-b4f1-449a-a4ad-a50ea757e8dd 0.928s
2025-04-03 05:41:21.234 69164 INFO tempest.lib.common.rest_client [req-13dc2543-5584-46c4-a264-b25a3d2a2dcb req-13dc2543-5584-46c4-a264-b25a3d2a2dcb ] Request (ServersTestManualDisk:setUpClass): 200 GET http://10.180.1.21/compute/v2.1/servers/5152d49a-74aa-437e-b489-e47d585fd47c 0.929s
2025-04-03 05:41:21.461 69166 INFO tempest.lib.common.rest_client [req-d6749a86-0cbd-45e1-9013-2195912c335a req-d6749a86-0cbd-45e1-9013-2195912c335a ] Request (ListServerFiltersTestJSON:test_list_servers_detailed_filter_by_server_status): 200 GET http://10.180.1.21/compute/v2.1/servers/detail?status=active 0.815s
2025-04-03 05:41:21.549 69168 INFO tempest.lib.common.rest_client [req-8c8ba4a1-43e5-4ca9-b12d-4fda69cc03f1 req-8c8ba4a1-43e5-4ca9-b12d-4fda69cc03f1 ] Request (ServersV294TestFqdnHostnames:setUpClass): 200 GET http://10.180.1.21/compute/v2.1/servers/e3ed8924-79e4-4af3-9bac-fa8ea807832c 0.836s
2025-04-03 05:41:21.597 69182 INFO tempest.lib.common.rest_client [req-db03150a-adee-452a-9bec-594d74e8996b req-db03150a-adee-452a-9bec-594d74e8996b ] Request (ServerDiskConfigTestJSON:test_rebuild_server_with_auto_disk_config): 200 GET http://10.180.1.21/compute/v2.1/servers/bc7506b3-7995-46f3-9828-a5271aa01ab5 0.825s
2025-04-03 05:41:21.666 69158 INFO tempest.lib.common.rest_client [req-e3110045-fc26-4f52-838d-07a8a54b8461 req-e3110045-fc26-4f52-838d-07a8a54b8461 ] Request (ServerGroupTestJSON:_run_cleanups): 204 DELETE http://10.180.1.21/compute/v2.1/servers/b803dcd4-dcc1-4f09-917d-e7070fe8b6db 0.805s
2025-04-03 05:41:21.727 69152 INFO tempest.lib.common.rest_client [req-197d111f-3402-4fe4-9456-3555c8e21a86 req-197d111f-3402-4fe4-9456-3555c8e21a86 ] Request (ServersTestMultiNic:_run_cleanups): 200 GET http://10.180.1.21/compute/v2.1/servers/5419c45e-be0f-4c55-a09e-f07bdcd209b1 0.824s
2025-04-03 05:41:21.846 69178 INFO tempest.lib.common.rest_client [req-6758de80-6de7-4423-ae8d-e960d4a0c648 req-6758de80-6de7-4423-ae8d-e960d4a0c648 ] Request (MigrationsAdminTest:test_list_migrations_in_flavor_resize_situation): 200 GET http://10.180.1.21/compute/v2.1/servers/edc4e56e-e6e9-4212-8fa5-437c0bda52e8 0.937s
2025-04-03 05:41:21.915 69204 INFO tempest.lib.common.rest_client [req-6495bd64-dc37-4b8f-958f-0bba003d134f req-6495bd64-dc37-4b8f-958f-0bba003d134f ] Request (ImagesTestJSON:test_create_image_from_suspended_server): 200 GET http://10.180.1.21/compute/v2.1/servers/6d539428-fed4-4061-bd05-431f9fcbb3e7 0.963s
2025-04-03 05:41:21.922 69188 INFO tempest.lib.common.rest_client [req-c79f5381-0048-4c21-9d08-716cdaf06d39 req-c79f5381-0048-4c21-9d08-716cdaf06d39 ] Request (FloatingIPsAssociationTestJSON:test_associate_disassociate_floating_ip): 202 POST http://10.180.1.21/compute/v2.1/servers/c47f954b-7a48-45ad-a006-148c9b26f2b2/action 1.827s
2025-04-03 05:41:21.977 69154 INFO tempest.lib.common.rest_client [req-bee20c5a-14c1-434b-8531-c69cdd77be37 req-bee20c5a-14c1-434b-8531-c69cdd77be37 ] Request (FloatingIPsAssociationNegativeTestJSON:tearDownClass): 200 GET http://10.180.1.21/compute/v2.1/servers/e7d41890-f48b-470e-b33e-cd64c725e2c8 0.958s
2025-04-03 05:41:22.032 69148 INFO tempest.lib.common.rest_client [req-8cdc6fcb-3fae-44e7-b789-5841ad3b0178 req-8cdc6fcb-3fae-44e7-b789-5841ad3b0178 ] Request (ServersTestJSON:setUpClass): 200 GET http://10.180.1.21/compute/v2.1/servers/d2bc86a8-3c11-454a-8f8e-b6012ecd8f33 0.938s
2025-04-03 05:41:22.049 69202 INFO tempest.lib.common.rest_client [req-eb9f1ae0-cda7-4e68-a8d0-1d41b05bd882 req-eb9f1ae0-cda7-4e68-a8d0-1d41b05bd882 ] Request (InstanceActionsNegativeTestJSON:setUpClass): 200 GET http://10.180.1.21/compute/v2.1/servers/09531ee3-9860-4aba-a7df-7489e5727da3 1.012s
2025-04-03 05:41:22.051 69200 INFO tempest.lib.common.rest_client [req-44a81ab7-e85e-4437-b0d6-deac4e4f666e req-44a81ab7-e85e-4437-b0d6-deac4e4f666e ] Request (ImagesOneServerNegativeTestJSON:_run_cleanups): 404 GET http://10.180.1.21/compute/v2.1/servers/925555de-d1fb-4c5c-9f7c-038663186c54 0.878s
2025-04-03 05:41:22.096 69198 INFO tempest.lib.common.rest_client [req-f68f6b40-2ca3-4fc2-afec-de0b25cf8311 req-f68f6b40-2ca3-4fc2-afec-de0b25cf8311 ] Request (ServerAddressesTestJSON:setUpClass): 200 GET http://10.180.1.21/compute/v2.1/servers/3c7e1381-3c5a-402c-aa40-289321aeaa53 0.624s
2025-04-03 05:41:22.156 69186 INFO tempest.lib.common.rest_client [req-60920f5b-83d3-4bdc-b86e-9ba1ee8c0a72 req-60920f5b-83d3-4bdc-b86e-9ba1ee8c0a72 ] Request (ImagesNegativeTestJSON:test_create_image_from_deleted_server): 200 GET http://10.180.1.21/compute/v2.1/servers/29c905a4-0b30-4d16-9e1b-90bdcfb7b3ec 0.613s
2025-04-03 05:41:22.250 69166 INFO tempest.lib.common.rest_client [req-1dc274bd-cba0-4a21-95fb-3d1792bbb915 req-1dc274bd-cba0-4a21-95fb-3d1792bbb915 ] Request (ListServerFiltersTestJSON:test_list_servers_detailed_limit_results): 200 GET http://10.180.1.21/compute/v2.1/servers/detail?limit=1 0.779s
2025-04-03 05:41:22.374 69158 INFO tempest.lib.common.rest_client [req-112a4cae-7f77-4619-bcf8-48f5f2ae3b8c req-112a4cae-7f77-4619-bcf8-48f5f2ae3b8c ] Request (ServerGroupTestJSON:_run_cleanups): 200 GET http://10.180.1.21/compute/v2.1/servers/b803dcd4-dcc1-4f09-917d-e7070fe8b6db 0.707s
2025-04-03 05:41:22.444 69196 INFO tempest.lib.common.rest_client [req-d4e658e2-f7db-4445-8eb1-433eeab6056f req-d4e658e2-f7db-4445-8eb1-433eeab6056f ] Request (DeleteServersTestJSON:test_delete_server_while_in_attached_volume): 200 GET http://10.180.1.21/compute/v2.1/servers/bd9c7290-f6fc-4f39-9c82-a51332e01a7e 0.720s
2025-04-03 05:41:22.446 69146 INFO tempest.lib.common.rest_client [req-f646b913-9342-4479-87f9-3e97622bc390 req-f646b913-9342-4479-87f9-3e97622bc390 ] Request (DeleteServersAdminTestJSON:test_delete_server_while_in_error_state): 200 GET http://10.180.1.21/compute/v2.1/servers/5f618d22-e3ff-41b9-9131-26730e117394 0.723s
2025-04-03 05:41:22.462 69146 INFO tempest.common.waiters [-] State transition "BUILD/block_device_mapping" ==> "BUILD/spawning" after 46 second wait
2025-04-03 05:41:22.495 69156 INFO tempest.lib.common.rest_client [req-c6756edc-01db-4be5-9ac3-6c22c506cf02 req-c6756edc-01db-4be5-9ac3-6c22c506cf02 ] Request (ServerDiagnosticsNegativeTest:test_get_server_diagnostics_by_non_admin): 200 GET http://10.180.1.21/compute/v2.1/servers/845f4864-33e5-46ef-9d9a-025f1d839e52 0.709s
2025-04-03 05:41:22.537 69190 INFO tempest.lib.common.rest_client [req-44e98f48-11d4-458b-ae65-871327a31a99 req-44e98f48-11d4-458b-ae65-871327a31a99 ] Request (ImagesOneServerTestJSON:tearDownClass): 200 GET http://10.180.1.21/compute/v2.1/servers/9925219f-1838-4a33-8074-32bf8b0db7f2 0.713s
2025-04-03 05:41:22.555 69176 INFO tempest.lib.common.rest_client [req-af655de8-7e40-47b4-96f5-92effc9fd049 req-af655de8-7e40-47b4-96f5-92effc9fd049 ] Request (ServersTestBootFromVolume:setUpClass): 200 GET http://10.180.1.21/compute/v2.1/servers/744bf0cb-53fa-412b-bb3d-9c3503e1d697 0.708s
2025-04-03 05:41:22.606 69162 INFO tempest.lib.common.rest_client [req-0a7aca37-5fae-45c7-892b-31b9d7a6f02a req-0a7aca37-5fae-45c7-892b-31b9d7a6f02a ] Request (SecurityGroupsTestJSON:test_server_security_groups): 200 GET http://10.180.1.21/compute/v2.1/servers/400402ac-ac7d-4086-b67c-2ba8c4d9f92d 0.691s
2025-04-03 05:41:22.662 69188 INFO tempest.lib.common.rest_client [req-343625b4-578f-440f-9490-3cbfbd214820 req-343625b4-578f-440f-9490-3cbfbd214820 ] Request (FloatingIPsAssociationTestJSON:test_associate_disassociate_floating_ip): 200 GET http://10.180.1.21/compute/v2.1/os-floating-ips/28654f2d-1cb5-453a-945a-67ba597361b9 0.740s
2025-04-03 05:41:22.667 69172 INFO tempest.lib.common.rest_client [req-fc7be70e-5942-4984-a8ed-348951b189f4 req-fc7be70e-5942-4984-a8ed-348951b189f4 ] Request (VolumesAdminNegativeTest:test_update_attached_volume_with_nonexistent_volume_in_body): 200 GET http://10.180.1.21/compute/v2.1/servers/e3018609-8a3a-46cf-ba3a-98905fcffcf0 0.733s
2025-04-03 05:41:22.705 69200 INFO tempest.lib.common.rest_client [req-f1b548cf-acd7-4470-b8a5-edaab431b6b9 req-f1b548cf-acd7-4470-b8a5-edaab431b6b9 ] Request (ImagesOneServerNegativeTestJSON:_run_cleanups): 200 POST http://10.180.1.21/compute/v2.1/os-keypairs 0.653s
2025-04-03 05:41:22.710 69170 INFO tempest.lib.common.rest_client [req-2c41d802-8a96-4efe-8224-c3d22c75c9db req-2c41d802-8a96-4efe-8224-c3d22c75c9db ] Request (ServersAdminTestJSON:setUpClass): 200 GET http://10.180.1.21/compute/v2.1/servers/680131fe-0141-4db6-a9b5-06b814953497 0.731s
2025-04-03 05:41:22.786 69194 INFO tempest.lib.common.rest_client [req-1579b5bd-c922-4cc9-8c49-55324ab4b6ad req-1579b5bd-c922-4cc9-8c49-55324ab4b6ad ] Request (ServerRescueTestJSONUnderV235:setUpClass): 200 GET http://10.180.1.21/compute/v2.1/servers/22e625e7-b4f1-449a-a4ad-a50ea757e8dd 0.597s
2025-04-03 05:41:22.798 69194 INFO tempest.common.waiters [-] State transition "BUILD/scheduling" ==> "BUILD/None" after 13 second wait
2025-04-03 05:41:22.848 69164 INFO tempest.lib.common.rest_client [req-f83ee15b-f27f-4f1e-910a-d41721abde23 req-f83ee15b-f27f-4f1e-910a-d41721abde23 ] Request (ServersTestManualDisk:setUpClass): 200 GET http://10.180.1.21/compute/v2.1/servers/5152d49a-74aa-437e-b489-e47d585fd47c 0.605s
2025-04-03 05:41:22.887 69200 INFO tempest.lib.common.rest_client [req-737463e8-9dd3-4fe2-93fb-892c27cdb14d req-737463e8-9dd3-4fe2-93fb-892c27cdb14d ] Request (ImagesOneServerNegativeTestJSON:_run_cleanups): 201 POST http://10.180.1.21:9696/networking/v2.0/security-groups 0.180s
2025-04-03 05:41:22.899 69180 INFO tempest.lib.common.rest_client [req-9c064d60-c6fb-442f-b988-431e78d254db req-9c064d60-c6fb-442f-b988-431e78d254db ] Request (ServerRescueTestJSON:setUpClass): 200 GET http://10.180.1.21/compute/v2.1/servers/2eca808d-d018-4b45-ac0b-ef2768ed1818 0.773s
2025-04-03 05:41:22.906 69180 INFO tempest.common.waiters [-] State transition "BUILD/spawning" ==> "ACTIVE/None" after 58 second wait
2025-04-03 05:41:22.947 69166 INFO tempest.lib.common.rest_client [req-6d542cf3-df7a-4c88-8a46-cfd5645fcf65 req-6d542cf3-df7a-4c88-8a46-cfd5645fcf65 ] Request (ListServerFiltersTestJSON:test_list_servers_filter_by_active_status): 200 GET http://10.180.1.21/compute/v2.1/servers?status=active 0.688s
2025-04-03 05:41:22.952 69168 INFO tempest.lib.common.rest_client [req-b3b68613-c9f8-45e8-aaf4-e34fd9b9bebb req-b3b68613-c9f8-45e8-aaf4-e34fd9b9bebb ] Request (ServersV294TestFqdnHostnames:setUpClass): 200 GET http://10.180.1.21/compute/v2.1/servers/e3ed8924-79e4-4af3-9bac-fa8ea807832c 0.393s
2025-04-03 05:41:22.980 69200 INFO tempest.lib.common.rest_client [req-2528107f-8e7b-4193-8ee9-c0aa461ce86c req-2528107f-8e7b-4193-8ee9-c0aa461ce86c ] Request (ImagesOneServerNegativeTestJSON:_run_cleanups): 201 POST http://10.180.1.21:9696/networking/v2.0/security-group-rules 0.092s
2025-04-03 05:41:23.011 69182 INFO tempest.lib.common.rest_client [req-d7553d6e-7369-403c-89eb-20e5a3e6990a req-d7553d6e-7369-403c-89eb-20e5a3e6990a ] Request (ServerDiskConfigTestJSON:test_rebuild_server_with_auto_disk_config): 200 GET http://10.180.1.21/compute/v2.1/servers/bc7506b3-7995-46f3-9828-a5271aa01ab5 0.404s
2025-04-03 05:41:23.060 69200 INFO tempest.lib.common.rest_client [req-fe50b4e7-e20a-4614-a204-4a4b67a55ebd req-fe50b4e7-e20a-4614-a204-4a4b67a55ebd ] Request (ImagesOneServerNegativeTestJSON:_run_cleanups): 201 POST http://10.180.1.21:9696/networking/v2.0/security-group-rules 0.079s
2025-04-03 05:41:23.068 69152 INFO tempest.lib.common.rest_client [req-635772c6-6063-4b4b-8da3-9a0e64c43558 req-635772c6-6063-4b4b-8da3-9a0e64c43558 ] Request (ServersTestMultiNic:_run_cleanups): 200 GET http://10.180.1.21/compute/v2.1/servers/5419c45e-be0f-4c55-a09e-f07bdcd209b1 0.333s
2025-04-03 05:41:23.187 69178 INFO tempest.lib.common.rest_client [req-fe44569f-8f6f-4716-8be8-0fa451a61840 req-fe44569f-8f6f-4716-8be8-0fa451a61840 ] Request (MigrationsAdminTest:test_list_migrations_in_flavor_resize_situation): 200 GET http://10.180.1.21/compute/v2.1/servers/edc4e56e-e6e9-4212-8fa5-437c0bda52e8 0.333s
2025-04-03 05:41:23.268 69180 INFO tempest.lib.common.rest_client [req-d0e2ccb4-8f70-42b1-941f-f18fae9f8abc req-d0e2ccb4-8f70-42b1-941f-f18fae9f8abc ] Request (ServerRescueTestJSON:setUpClass): 200 POST http://10.180.1.21/compute/v2.1/servers/2eca808d-d018-4b45-ac0b-ef2768ed1818/action 0.362s
2025-04-03 05:41:23.324 69204 INFO tempest.lib.common.rest_client [req-c1a588b4-8335-4df2-a2f5-f121350ccc7b req-c1a588b4-8335-4df2-a2f5-f121350ccc7b ] Request (ImagesTestJSON:test_create_image_from_suspended_server): 200 GET http://10.180.1.21/compute/v2.1/servers/6d539428-fed4-4061-bd05-431f9fcbb3e7 0.401s
2025-04-03 05:41:23.423 69166 INFO tempest.lib.common.rest_client [req-96be809d-4537-46c1-b682-d126323be008 req-96be809d-4537-46c1-b682-d126323be008 ] Request (ListServerFiltersTestJSON:test_list_servers_filter_by_exceed_limit): 200 GET http://10.180.1.21/compute/v2.1/servers?limit=100000 0.473s
2025-04-03 05:41:23.423 69200 INFO tempest.lib.common.rest_client [req-5a6f7703-8a83-4301-b4c3-48fd7ce2fb03 req-5a6f7703-8a83-4301-b4c3-48fd7ce2fb03 ] Request (ImagesOneServerNegativeTestJSON:_run_cleanups): 201 POST http://10.180.1.21:9696/networking/v2.0/floatingips 0.363s
2025-04-03 05:41:23.489 69200 INFO tempest.lib.common.rest_client [req-799ca1ac-8f1c-45db-baa4-bdf02fa27acf req-799ca1ac-8f1c-45db-baa4-bdf02fa27acf ] Request (ImagesOneServerNegativeTestJSON:_run_cleanups): 201 POST http://10.180.1.21/identity/v3/auth/tokens 0.062s
2025-04-03 05:41:23.489 69200 INFO tempest.lib.common.fixed_network [-] (ImagesOneServerNegativeTestJSON:_run_cleanups) Found network {'id': 'd3b05aa4-61db-46bf-8aad-72bff082a122', 'name': 'tempest-ImagesOneServerNegativeTestJSON-1068770576-network', 'tenant_id': '1567042e89bf49e2855e86d423c5ae70', 'admin_state_up': True, 'mtu': 8950, 'status': 'ACTIVE', 'subnets': [], 'shared': False, 'project_id': '1567042e89bf49e2855e86d423c5ae70', 'port_security_enabled': True, 'router:external': False, 'provider:network_type': 'vlan', 'provider:physical_network': 'default', 'provider:segmentation_id': 491, 'availability_zone_hints': [], 'availability_zones': [], 'ipv4_address_scope': None, 'ipv6_address_scope': None, 'description': '', 'tags': [], 'created_at': '2025-04-03T05:39:43Z', 'updated_at': '2025-04-03T05:39:43Z', 'revision_number': 1} available for tenant
2025-04-03 05:41:23.491 69154 INFO tempest.lib.common.rest_client [req-cbf6ae9b-b365-4fff-90a1-18b720d028e2 req-cbf6ae9b-b365-4fff-90a1-18b720d028e2 ] Request (FloatingIPsAssociationNegativeTestJSON:tearDownClass): 200 GET http://10.180.1.21/compute/v2.1/servers/e7d41890-f48b-470e-b33e-cd64c725e2c8 0.505s
2025-04-03 05:41:23.543 69148 INFO tempest.lib.common.rest_client [req-2cb68a50-ec80-4b7b-ae4a-87577d136b33 req-2cb68a50-ec80-4b7b-ae4a-87577d136b33 ] Request (ServersTestJSON:setUpClass): 200 GET http://10.180.1.21/compute/v2.1/servers/d2bc86a8-3c11-454a-8f8e-b6012ecd8f33 0.501s
2025-04-03 05:41:23.624 69184 WARNING tempest.lib.common.ssh [-] Failed to establish authenticated ssh connection to cirros@10.180.180.202 ([Errno None] Unable to connect to port 22 on 10.180.180.202). Number attempts: 8. Retry after 9 seconds.: paramiko.ssh_exception.NoValidConnectionsError: [Errno None] Unable to connect to port 22 on 10.180.180.202
2025-04-03 05:41:23.681 69202 INFO tempest.lib.common.rest_client [req-18493f67-c816-47ec-9dc2-de44cd9bb98f req-18493f67-c816-47ec-9dc2-de44cd9bb98f ] Request (InstanceActionsNegativeTestJSON:setUpClass): 200 GET http://10.180.1.21/compute/v2.1/servers/09531ee3-9860-4aba-a7df-7489e5727da3 0.624s
2025-04-03 05:41:23.743 69198 INFO tempest.lib.common.rest_client [req-85a88c19-e808-49c3-850f-689c67031d13 req-85a88c19-e808-49c3-850f-689c67031d13 ] Request (ServerAddressesTestJSON:setUpClass): 200 GET http://10.180.1.21/compute/v2.1/servers/3c7e1381-3c5a-402c-aa40-289321aeaa53 0.637s
2025-04-03 05:41:23.807 69186 INFO tempest.lib.common.rest_client [req-a2e4eb4a-feb2-4216-8c35-fb24f576ddc4 req-a2e4eb4a-feb2-4216-8c35-fb24f576ddc4 ] Request (ImagesNegativeTestJSON:test_create_image_from_deleted_server): 200 GET http://10.180.1.21/compute/v2.1/servers/29c905a4-0b30-4d16-9e1b-90bdcfb7b3ec 0.642s
2025-04-03 05:41:23.835 69188 INFO tempest.lib.common.rest_client [req-9cbbee7e-ec89-4cca-8292-b8dda13cb725 req-9cbbee7e-ec89-4cca-8292-b8dda13cb725 ] Request (FloatingIPsAssociationTestJSON:test_associate_disassociate_floating_ip): 202 POST http://10.180.1.21/compute/v2.1/servers/c47f954b-7a48-45ad-a006-148c9b26f2b2/action 1.169s
2025-04-03 05:41:23.936 69180 INFO tempest.lib.common.rest_client [req-2a3a7e45-1834-4808-a3da-1879ffddc241 req-2a3a7e45-1834-4808-a3da-1879ffddc241 ] Request (ServerRescueTestJSON:setUpClass): 200 GET http://10.180.1.21/compute/v2.1/servers/2eca808d-d018-4b45-ac0b-ef2768ed1818 0.667s
2025-04-03 05:41:23.951 69158 INFO tempest.lib.common.rest_client [req-4282dcc4-395f-4b0b-8408-63c36214a3b7 req-4282dcc4-395f-4b0b-8408-63c36214a3b7 ] Request (ServerGroupTestJSON:_run_cleanups): 200 GET http://10.180.1.21/compute/v2.1/servers/b803dcd4-dcc1-4f09-917d-e7070fe8b6db 0.566s
2025-04-03 05:41:23.990 69166 INFO tempest.lib.common.rest_client [req-ea5fc357-94f1-4709-a6d2-37d443e246cc req-ea5fc357-94f1-4709-a6d2-37d443e246cc ] Request (ListServerFiltersTestJSON:test_list_servers_filter_by_exceed_limit): 200 GET http://10.180.1.21/compute/v2.1/servers 0.565s
2025-04-03 05:41:23.999 69196 INFO tempest.lib.common.rest_client [req-94959f3d-7d6a-4594-a02d-aeb8b3f423d2 req-94959f3d-7d6a-4594-a02d-aeb8b3f423d2 ] Request (DeleteServersTestJSON:test_delete_server_while_in_attached_volume): 200 GET http://10.180.1.21/compute/v2.1/servers/bd9c7290-f6fc-4f39-9c82-a51332e01a7e 0.548s
2025-04-03 05:41:24.109 69146 INFO tempest.lib.common.rest_client [req-f255cae8-ce85-4963-af78-95d256dd76da req-f255cae8-ce85-4963-af78-95d256dd76da ] Request (DeleteServersAdminTestJSON:test_delete_server_while_in_error_state): 200 GET http://10.180.1.21/compute/v2.1/servers/5f618d22-e3ff-41b9-9131-26730e117394 0.646s
2025-04-03 05:41:24.164 69156 INFO tempest.lib.common.rest_client [req-1694535d-779a-4d39-880e-267302efe65e req-1694535d-779a-4d39-880e-267302efe65e ] Request (ServerDiagnosticsNegativeTest:test_get_server_diagnostics_by_non_admin): 200 GET http://10.180.1.21/compute/v2.1/servers/845f4864-33e5-46ef-9d9a-025f1d839e52 0.661s
2025-04-03 05:41:24.199 69175 WARNING tempest.lib.common.ssh [-] Failed to establish authenticated ssh connection to cirros@10.180.180.223 ([Errno None] Unable to connect to port 22 on 10.180.180.223). Number attempts: 8. Retry after 9 seconds.: paramiko.ssh_exception.NoValidConnectionsError: [Errno None] Unable to connect to port 22 on 10.180.180.223
2025-04-03 05:41:24.221 69190 INFO tempest.lib.common.rest_client [req-d67de6ab-6927-44ce-a6f7-fbfa161424e5 req-d67de6ab-6927-44ce-a6f7-fbfa161424e5 ] Request (ImagesOneServerTestJSON:tearDownClass): 200 GET http://10.180.1.21/compute/v2.1/servers/9925219f-1838-4a33-8074-32bf8b0db7f2 0.674s
2025-04-03 05:41:24.269 69176 INFO tempest.lib.common.rest_client [req-e3dd43f1-8611-423d-b290-11c3eb6c56b8 req-e3dd43f1-8611-423d-b290-11c3eb6c56b8 ] Request (ServersTestBootFromVolume:setUpClass): 200 GET http://10.180.1.21/compute/v2.1/servers/744bf0cb-53fa-412b-bb3d-9c3503e1d697 0.703s
2025-04-03 05:41:24.320 69162 INFO tempest.lib.common.rest_client [req-2f30d248-5023-4658-a245-9574c492ffb9 req-2f30d248-5023-4658-a245-9574c492ffb9 ] Request (SecurityGroupsTestJSON:test_server_security_groups): 200 GET http://10.180.1.21/compute/v2.1/servers/400402ac-ac7d-4086-b67c-2ba8c4d9f92d 0.702s
2025-04-03 05:41:24.351 69200 INFO tempest.lib.common.rest_client [req-305d4aa6-ca26-456c-8173-0a21b439ee1a req-305d4aa6-ca26-456c-8173-0a21b439ee1a ] Request (ImagesOneServerNegativeTestJSON:_run_cleanups): 202 POST http://10.180.1.21/compute/v2.1/servers 0.862s
2025-04-03 05:41:24.388 69172 INFO tempest.lib.common.rest_client [req-073924be-3398-4bfd-befe-574f956c8cd6 req-073924be-3398-4bfd-befe-574f956c8cd6 ] Request (VolumesAdminNegativeTest:test_update_attached_volume_with_nonexistent_volume_in_body): 200 GET http://10.180.1.21/compute/v2.1/servers/e3018609-8a3a-46cf-ba3a-98905fcffcf0 0.712s
2025-04-03 05:41:24.396 69172 INFO tempest.common.waiters [-] State transition "BUILD/None" ==> "BUILD/networking" after 41 second wait
2025-04-03 05:41:24.412 69170 INFO tempest.lib.common.rest_client [req-20827efa-31d8-4239-9433-78b6d7762468 req-20827efa-31d8-4239-9433-78b6d7762468 ] Request (ServersAdminTestJSON:setUpClass): 200 GET http://10.180.1.21/compute/v2.1/servers/680131fe-0141-4db6-a9b5-06b814953497 0.690s
2025-04-03 05:41:24.443 69194 INFO tempest.lib.common.rest_client [req-83aa8f63-f70d-4171-9257-d05c10b54515 req-83aa8f63-f70d-4171-9257-d05c10b54515 ] Request (ServerRescueTestJSONUnderV235:setUpClass): 200 GET http://10.180.1.21/compute/v2.1/servers/22e625e7-b4f1-449a-a4ad-a50ea757e8dd 0.643s
2025-04-03 05:41:24.454 69150 WARNING tempest.lib.common.ssh [-] Failed to establish authenticated ssh connection to cirros@10.180.180.204 ([Errno None] Unable to connect to port 22 on 10.180.180.204). Number attempts: 9. Retry after 10 seconds.: paramiko.ssh_exception.NoValidConnectionsError: [Errno None] Unable to connect to port 22 on 10.180.180.204
2025-04-03 05:41:24.486 69188 INFO tempest.lib.common.rest_client [req-8a4c0d61-d1a6-4a2a-9ce4-1aba9ea38323 req-8a4c0d61-d1a6-4a2a-9ce4-1aba9ea38323 ] Request (FloatingIPsAssociationTestJSON:tearDownClass): 204 DELETE http://10.180.1.21/compute/v2.1/servers/e8c5815f-3308-4da7-92ad-f5aa8a56747a 0.648s
2025-04-03 05:41:24.491 69164 INFO tempest.lib.common.rest_client [req-112f4e5a-ca57-4014-97c9-8e07a4d1b8af req-112f4e5a-ca57-4014-97c9-8e07a4d1b8af ] Request (ServersTestManualDisk:setUpClass): 200 GET http://10.180.1.21/compute/v2.1/servers/5152d49a-74aa-437e-b489-e47d585fd47c 0.635s
2025-04-03 05:41:24.543 69168 INFO tempest.lib.common.rest_client [req-46b939b7-9035-41a6-af0d-1bced756a838 req-46b939b7-9035-41a6-af0d-1bced756a838 ] Request (ServersV294TestFqdnHostnames:setUpClass): 200 GET http://10.180.1.21/compute/v2.1/servers/e3ed8924-79e4-4af3-9bac-fa8ea807832c 0.579s
2025-04-03 05:41:24.591 69182 INFO tempest.lib.common.rest_client [req-9fa268ad-d492-44b5-83c5-972c65f9ef00 req-9fa268ad-d492-44b5-83c5-972c65f9ef00 ] Request (ServerDiskConfigTestJSON:test_rebuild_server_with_auto_disk_config): 200 GET http://10.180.1.21/compute/v2.1/servers/bc7506b3-7995-46f3-9828-a5271aa01ab5 0.571s
2025-04-03 05:41:24.601 69166 INFO tempest.lib.common.rest_client [req-509701fb-1839-4545-8bf3-94f70ff8685c req-509701fb-1839-4545-8bf3-94f70ff8685c ] Request (ListServerFiltersTestJSON:test_list_servers_filter_by_flavor): 200 GET http://10.180.1.21/compute/v2.1/servers?flavor=84 0.607s
2025-04-03 05:41:24.662 69152 INFO tempest.lib.common.rest_client [req-3aae0f86-b332-4078-82a8-2e9f9048c49c req-3aae0f86-b332-4078-82a8-2e9f9048c49c ] Request (ServersTestMultiNic:_run_cleanups): 200 GET http://10.180.1.21/compute/v2.1/servers/5419c45e-be0f-4c55-a09e-f07bdcd209b1 0.586s
2025-04-03 05:41:24.712 69178 INFO tempest.lib.common.rest_client [req-bd7b888c-ae62-46ac-b9d1-b4366bcd751a req-bd7b888c-ae62-46ac-b9d1-b4366bcd751a ] Request (MigrationsAdminTest:test_list_migrations_in_flavor_resize_situation): 200 GET http://10.180.1.21/compute/v2.1/servers/edc4e56e-e6e9-4212-8fa5-437c0bda52e8 0.513s
2025-04-03 05:41:24.719 69204 INFO tempest.lib.common.rest_client [req-b55f9a49-0266-45ed-a752-2b61fc5d3b5e req-b55f9a49-0266-45ed-a752-2b61fc5d3b5e ] Request (ImagesTestJSON:test_create_image_from_suspended_server): 200 GET http://10.180.1.21/compute/v2.1/servers/6d539428-fed4-4061-bd05-431f9fcbb3e7 0.385s
2025-04-03 05:41:24.749 69200 INFO tempest.lib.common.rest_client [req-237ee538-8de2-44fa-ab2c-0edfebe4665b req-237ee538-8de2-44fa-ab2c-0edfebe4665b ] Request (ImagesOneServerNegativeTestJSON:_run_cleanups): 200 GET http://10.180.1.21/compute/v2.1/servers/6c0739c5-d01a-437d-a986-c5c0845b68f4 0.395s
2025-04-03 05:41:24.771 69188 INFO tempest.lib.common.rest_client [req-671dcace-97b9-4fad-8662-6076db7a29f0 req-671dcace-97b9-4fad-8662-6076db7a29f0 ] Request (FloatingIPsAssociationTestJSON:tearDownClass): 200 GET http://10.180.1.21/compute/v2.1/servers/e8c5815f-3308-4da7-92ad-f5aa8a56747a 0.285s
2025-04-03 05:41:24.804 69154 INFO tempest.lib.common.rest_client [req-1a4c7b84-1747-464b-be0b-cd7c74405fb8 req-1a4c7b84-1747-464b-be0b-cd7c74405fb8 ] Request (FloatingIPsAssociationNegativeTestJSON:tearDownClass): 200 GET http://10.180.1.21/compute/v2.1/servers/e7d41890-f48b-470e-b33e-cd64c725e2c8 0.301s
2025-04-03 05:41:24.820 69148 INFO tempest.lib.common.rest_client [req-9560c0b3-6ef3-4b36-b569-3d108ca09a6f req-9560c0b3-6ef3-4b36-b569-3d108ca09a6f ] Request (ServersTestJSON:setUpClass): 200 GET http://10.180.1.21/compute/v2.1/servers/d2bc86a8-3c11-454a-8f8e-b6012ecd8f33 0.266s
2025-04-03 05:41:24.858 69166 INFO tempest.lib.common.rest_client [req-13b72bd2-f45c-4c7e-a7a6-6bca430116b1 req-13b72bd2-f45c-4c7e-a7a6-6bca430116b1 ] Request (ListServerFiltersTestJSON:test_list_servers_filter_by_limit): 200 GET http://10.180.1.21/compute/v2.1/servers?limit=1 0.254s
2025-04-03 05:41:24.919 69198 INFO tempest.lib.common.rest_client [req-95dff4c2-8a9c-47be-8722-95bb340af1b5 req-95dff4c2-8a9c-47be-8722-95bb340af1b5 ] Request (ServerAddressesTestJSON:setUpClass): 200 GET http://10.180.1.21/compute/v2.1/servers/3c7e1381-3c5a-402c-aa40-289321aeaa53 0.167s
