2025-04-03 05:42:16.125 69170 INFO tempest.lib.common.rest_client [req-9390fef5-601c-4091-9442-2c27d22f13ec req-9390fef5-601c-4091-9442-2c27d22f13ec ] Request (ServersAdminTestJSON:setUpClass): 200 GET http://10.180.1.21/compute/v2.1/servers/680131fe-0141-4db6-a9b5-06b814953497 0.155s
2025-04-03 05:42:16.132 69170 INFO tempest.common.waiters [-] State transition "BUILD/networking" ==> "BUILD/block_device_mapping" after 57 second wait
2025-04-03 05:42:16.134 69146 INFO tempest.lib.common.rest_client [req-6c17cf90-3b1e-4c56-824f-d447a2261e22 req-6c17cf90-3b1e-4c56-824f-d447a2261e22 ] Request (InstanceActionsTestJSON:setUpClass): 201 POST http://10.180.1.21/identity/v3/auth/tokens 0.088s
2025-04-03 05:42:16.172 69146 INFO tempest.lib.common.rest_client [req-cb433d56-b9d2-4ba3-97fc-3516e503aaba req-cb433d56-b9d2-4ba3-97fc-3516e503aaba ] Request (InstanceActionsTestJSON:setUpClass): 201 POST http://10.180.1.21/identity/v3/auth/tokens 0.035s
2025-04-03 05:42:16.174 69146 INFO tempest.lib.common.fixed_network [-] (InstanceActionsTestJSON:setUpClass) Found network {'id': 'd0db348c-7f99-499a-9387-0674cb116ebb', 'name': 'tempest-InstanceActionsTestJSON-924723193-network', 'tenant_id': 'af3455fc3f2c494aa8c41c894417c412', 'admin_state_up': True, 'mtu': 8950, 'status': 'ACTIVE', 'subnets': [], 'shared': False, 'project_id': 'af3455fc3f2c494aa8c41c894417c412', 'port_security_enabled': True, 'router:external': False, 'provider:network_type': 'vlan', 'provider:physical_network': 'default', 'provider:segmentation_id': 616, 'availability_zone_hints': [], 'availability_zones': [], 'ipv4_address_scope': None, 'ipv6_address_scope': None, 'description': '', 'tags': [], 'created_at': '2025-04-03T05:42:13Z', 'updated_at': '2025-04-03T05:42:13Z', 'revision_number': 1} available for tenant
2025-04-03 05:42:16.217 69158 INFO tempest.lib.common.rest_client [req-dd6d2889-f7f5-4384-a69a-be4a7c86e845 req-dd6d2889-f7f5-4384-a69a-be4a7c86e845 ] Request (ServerShowV257Test:test_rebuild_server): 200 GET http://10.180.1.21/compute/v2.1/servers/bc1bfe80-9b9c-4915-93eb-12e80197ad49 0.065s
2025-04-03 05:42:16.223 69194 INFO tempest.lib.common.rest_client [req-e3daa6c4-4849-49c2-934f-22a4aa1cc9fe req-e3daa6c4-4849-49c2-934f-22a4aa1cc9fe ] Request (ServerRescueTestJSONUnderV235:setUpClass): 200 GET http://10.180.1.21/compute/v2.1/servers/22e625e7-b4f1-449a-a4ad-a50ea757e8dd 0.157s
2025-04-03 05:42:16.231 69194 INFO tempest.common.waiters [-] State transition "ACTIVE/rescuing" ==> "RESCUE/None" after 10 second wait
2025-04-03 05:42:16.275 69190 INFO tempest.lib.common.rest_client [req-202d8514-9809-4d2b-b334-a07ce246c1f2 req-202d8514-9809-4d2b-b334-a07ce246c1f2 ] Request (ServersListShow298Test:test_list_show_update_rebuild_server_298): 200 GET http://10.180.1.21/compute/v2.1/servers/d56b077a-17f8-4c80-87bd-e45e469fc93b 0.112s
2025-04-03 05:42:16.424 69194 INFO tempest.lib.common.rest_client [req-2f94790f-8de0-4dc9-bb42-071ae9fd0651 req-2f94790f-8de0-4dc9-bb42-071ae9fd0651 ] Request (ServerRescueTestJSONUnderV235:test_rescued_vm_add_remove_security_group): 200 POST http://10.180.1.21/compute/v2.1/os-security-groups 0.192s
2025-04-03 05:42:16.479 69200 INFO tempest.lib.common.rest_client [req-49f75ee1-23e4-4e38-a9fd-6cdc9b31cce9 req-49f75ee1-23e4-4e38-a9fd-6cdc9b31cce9 ] Request (ImagesOneServerNegativeTestJSON:_run_cleanups): 200 GET http://10.180.1.21/compute/v2.1/servers/6c0739c5-d01a-437d-a986-c5c0845b68f4 0.247s
2025-04-03 05:42:16.541 69166 INFO tempest.lib.common.rest_client [req-3c048b40-e5a8-4031-8190-eb0c0c18a3f9 req-3c048b40-e5a8-4031-8190-eb0c0c18a3f9 ] Request (ListServerFiltersTestJSON:tearDownClass): 200 GET http://10.180.1.21/compute/v2.1/servers/d72b95bc-c418-4a85-aca1-54efaf67217a 0.228s
2025-04-03 05:42:16.608 69146 INFO tempest.lib.common.rest_client [req-3146cb41-f416-4114-a0a8-4d3843965933 req-3146cb41-f416-4114-a0a8-4d3843965933 ] Request (InstanceActionsTestJSON:setUpClass): 202 POST http://10.180.1.21/compute/v2.1/servers 0.433s
2025-04-03 05:42:16.627 69186 INFO tempest.lib.common.rest_client [req-05eba440-194e-4f71-808b-d0aa8707a01f req-05eba440-194e-4f71-808b-d0aa8707a01f ] Request (ImagesNegativeTestJSON:test_create_image_from_deleted_server): 200 GET http://10.180.1.21/compute/v2.1/servers/29c905a4-0b30-4d16-9e1b-90bdcfb7b3ec 0.287s
2025-04-03 05:42:16.680 69188 INFO tempest.lib.common.rest_client [req-3b26504f-2c6e-498c-8c8b-1a856e0d5e3e req-3b26504f-2c6e-498c-8c8b-1a856e0d5e3e ] Request (FloatingIPsAssociationTestJSON:tearDownClass): 200 GET http://10.180.1.21/compute/v2.1/servers/c47f954b-7a48-45ad-a006-148c9b26f2b2 0.299s
2025-04-03 05:42:16.739 69196 INFO tempest.lib.common.rest_client [req-bceba8a4-0ee0-4cd0-9e7e-4fb18758276f req-bceba8a4-0ee0-4cd0-9e7e-4fb18758276f ] Request (DeleteServersTestJSON:test_delete_server_while_in_attached_volume): 200 GET http://10.180.1.21/compute/v2.1/servers/bd9c7290-f6fc-4f39-9c82-a51332e01a7e 0.307s
2025-04-03 05:42:16.785 69146 INFO tempest.lib.common.rest_client [req-48d4aa4a-8cfe-4c92-ac0c-b5ecc46b7393 req-48d4aa4a-8cfe-4c92-ac0c-b5ecc46b7393 ] Request (InstanceActionsTestJSON:setUpClass): 200 GET http://10.180.1.21/compute/v2.1/servers/f6a92e74-cd3c-4770-ad5d-d9174460d68b 0.176s
2025-04-03 05:42:16.831 69156 INFO tempest.lib.common.rest_client [req-6731107a-4524-4f4b-9dbe-73f14c3da484 req-6731107a-4524-4f4b-9dbe-73f14c3da484 ] Request (ServerDiagnosticsNegativeTest:test_get_server_diagnostics_by_non_admin): 200 GET http://10.180.1.21/compute/v2.1/servers/845f4864-33e5-46ef-9d9a-025f1d839e52 0.107s
2025-04-03 05:42:16.908 69176 INFO tempest.lib.common.rest_client [req-613ad4f2-c1cf-440e-b18b-e524bdb9d846 req-613ad4f2-c1cf-440e-b18b-e524bdb9d846 ] Request (ServersTestBootFromVolume:setUpClass): 200 GET http://10.180.1.21/compute/v2.1/servers/744bf0cb-53fa-412b-bb3d-9c3503e1d697 0.162s
2025-04-03 05:42:16.964 69206 INFO tempest.lib.common.rest_client [req-562e5e1b-2635-4b55-91c6-8abc94da8385 req-562e5e1b-2635-4b55-91c6-8abc94da8385 ] Request (ServersWithSpecificFlavorTestJSON:test_verify_created_server_ephemeral_disk): 200 GET http://10.180.1.21/compute/v2.1/servers/27273416-b04c-4381-b4d2-43cb300b2046 0.171s
2025-04-03 05:42:17.023 69152 INFO tempest.lib.common.rest_client [req-c4795e56-142a-4c7a-82a6-4c527c2bc7a8 req-c4795e56-142a-4c7a-82a6-4c527c2bc7a8 ] Request (ServersTestMultiNic:test_verify_multiple_nics_order): 200 GET http://10.180.1.21/compute/v2.1/servers/c90fc964-8d2a-40ce-b420-62bc2eb89cbc 0.194s
2025-04-03 05:42:17.139 69198 INFO tempest.lib.common.rest_client [req-4eaab2a4-ebd3-45fc-96b5-156f5b00d6ee req-4eaab2a4-ebd3-45fc-96b5-156f5b00d6ee ] Request (ServerAddressesTestJSON:tearDownClass): 200 GET http://10.180.1.21/compute/v2.1/servers/3c7e1381-3c5a-402c-aa40-289321aeaa53 0.271s
2025-04-03 05:42:17.208 69178 INFO tempest.lib.common.rest_client [req-0205a917-0082-455f-bce7-9924081a49ba req-0205a917-0082-455f-bce7-9924081a49ba ] Request (MigrationsAdminTest:test_resize_server_revert_deleted_flavor): 200 GET http://10.180.1.21/compute/v2.1/servers/392377e1-e0c2-4696-ad23-66a9287fa003 0.302s
2025-04-03 05:42:17.283 69162 INFO tempest.lib.common.rest_client [req-e997a2ce-49d4-44f6-90ff-e778faa9d3eb req-e997a2ce-49d4-44f6-90ff-e778faa9d3eb ] Request (SecurityGroupsTestJSON:test_server_security_groups): 200 GET http://10.180.1.21/compute/v2.1/servers/400402ac-ac7d-4086-b67c-2ba8c4d9f92d 0.337s
2025-04-03 05:42:17.307 69194 INFO tempest.lib.common.rest_client [req-00cd7636-b18f-419c-9cda-a53c453d8ac3 req-00cd7636-b18f-419c-9cda-a53c453d8ac3 ] Request (ServerRescueTestJSONUnderV235:test_rescued_vm_add_remove_security_group): 202 POST http://10.180.1.21/compute/v2.1/servers/22e625e7-b4f1-449a-a4ad-a50ea757e8dd/action 0.879s
2025-04-03 05:42:17.358 69180 INFO tempest.lib.common.rest_client [req-2dc30a7a-222c-48e2-b14d-6e1f02f85d3d req-2dc30a7a-222c-48e2-b14d-6e1f02f85d3d ] Request (ServerRescueTestJSON:test_rescue_unrescue_instance): 200 GET http://10.180.1.21/compute/v2.1/servers/09e0b6d9-9189-4e13-b37b-447db8b4bfcb 0.386s
2025-04-03 05:42:17.374 69182 INFO tempest.lib.common.rest_client [req-808ef042-6807-48d2-bd56-9ea5d35d5510 req-808ef042-6807-48d2-bd56-9ea5d35d5510 ] Request (ServerDiskConfigTestJSON:test_rebuild_server_with_manual_disk_config): 200 GET http://10.180.1.21/compute/v2.1/servers/1f816be1-4397-4b36-8b9e-9b359a4bd47b 0.358s
2025-04-03 05:42:17.405 69204 INFO tempest.lib.common.rest_client [req-0b9c1aab-af1f-4d0f-a9e6-3f3218458ac6 req-0b9c1aab-af1f-4d0f-a9e6-3f3218458ac6 ] Request (ImagesTestJSON:test_create_image_from_suspended_server): 200 GET http://10.180.1.21/compute/v2.1/servers/6d539428-fed4-4061-bd05-431f9fcbb3e7 0.285s
2025-04-03 05:42:17.491 69158 INFO tempest.lib.common.rest_client [req-2db4ea14-2e45-4e9a-8bbc-0b9057a0e614 req-2db4ea14-2e45-4e9a-8bbc-0b9057a0e614 ] Request (ServerShowV257Test:test_rebuild_server): 200 GET http://10.180.1.21/compute/v2.1/servers/bc1bfe80-9b9c-4915-93eb-12e80197ad49 0.264s
2025-04-03 05:42:17.497 69170 INFO tempest.lib.common.rest_client [req-7394ced9-53fa-4fd9-94dd-f9bb57b2c540 req-7394ced9-53fa-4fd9-94dd-f9bb57b2c540 ] Request (ServersAdminTestJSON:setUpClass): 200 GET http://10.180.1.21/compute/v2.1/servers/680131fe-0141-4db6-a9b5-06b814953497 0.364s
2025-04-03 05:42:17.505 69170 INFO tempest.common.waiters [-] State transition "BUILD/block_device_mapping" ==> "BUILD/spawning" after 58 second wait
2025-04-03 05:42:17.559 69190 INFO tempest.lib.common.rest_client [req-a685a166-34e5-4a68-b295-5a9e4e9c0c71 req-a685a166-34e5-4a68-b295-5a9e4e9c0c71 ] Request (ServersListShow298Test:test_list_show_update_rebuild_server_298): 200 GET http://10.180.1.21/compute/v2.1/servers/d56b077a-17f8-4c80-87bd-e45e469fc93b 0.268s
2025-04-03 05:42:17.619 69200 INFO tempest.lib.common.rest_client [req-57f49d54-aca6-49b3-b01d-888008d4def7 req-57f49d54-aca6-49b3-b01d-888008d4def7 ] Request (ImagesOneServerNegativeTestJSON:_run_cleanups): 200 GET http://10.180.1.21/compute/v2.1/servers/6c0739c5-d01a-437d-a986-c5c0845b68f4 0.129s
2025-04-03 05:42:17.642 69166 INFO tempest.lib.common.rest_client [req-3df78683-6d1b-4e00-8462-9d42e447e834 req-3df78683-6d1b-4e00-8462-9d42e447e834 ] Request (ListServerFiltersTestJSON:tearDownClass): 404 GET http://10.180.1.21/compute/v2.1/servers/d72b95bc-c418-4a85-aca1-54efaf67217a 0.093s
2025-04-03 05:42:17.759 69186 INFO tempest.lib.common.rest_client [req-71ec8790-02e1-476c-83d4-cde448c08fb2 req-71ec8790-02e1-476c-83d4-cde448c08fb2 ] Request (ImagesNegativeTestJSON:test_create_image_from_deleted_server): 200 GET http://10.180.1.21/compute/v2.1/servers/29c905a4-0b30-4d16-9e1b-90bdcfb7b3ec 0.124s
2025-04-03 05:42:17.830 69172 WARNING tempest.lib.common.ssh [-] Failed to establish authenticated ssh connection to cirros@10.180.180.177 ([Errno None] Unable to connect to port 22 on 10.180.180.177). Number attempts: 6. Retry after 7 seconds.: paramiko.ssh_exception.NoValidConnectionsError: [Errno None] Unable to connect to port 22 on 10.180.180.177
2025-04-03 05:42:17.847 69166 INFO tempest.lib.common.rest_client [req-4a9f224d-0413-47ca-88ea-73619b2ddf56 req-4a9f224d-0413-47ca-88ea-73619b2ddf56 ] Request (ListServerFiltersTestJSON:tearDownClass): 204 DELETE http://10.180.1.21/compute/v2.1/servers/7b03ca03-0eb9-47b9-a6f2-ed8b9e079b93 0.204s
2025-04-03 05:42:18.145 69188 INFO tempest.lib.common.rest_client [req-edf89850-5a25-4942-a822-4b44ec19c196 req-edf89850-5a25-4942-a822-4b44ec19c196 ] Request (FloatingIPsAssociationTestJSON:tearDownClass): 200 GET http://10.180.1.21/compute/v2.1/servers/c47f954b-7a48-45ad-a006-148c9b26f2b2 0.455s
2025-04-03 05:42:18.216 69196 INFO tempest.lib.common.rest_client [req-e6db430f-aa36-4255-b754-450706c5a087 req-e6db430f-aa36-4255-b754-450706c5a087 ] Request (DeleteServersTestJSON:test_delete_server_while_in_attached_volume): 200 GET http://10.180.1.21/compute/v2.1/servers/bd9c7290-f6fc-4f39-9c82-a51332e01a7e 0.466s
2025-04-03 05:42:18.222 69194 INFO tempest.lib.common.rest_client [req-5331ad34-28ae-4c4f-ba67-d55bae5cc858 req-5331ad34-28ae-4c4f-ba67-d55bae5cc858 ] Request (ServerRescueTestJSONUnderV235:test_rescued_vm_add_remove_security_group): 202 POST http://10.180.1.21/compute/v2.1/servers/22e625e7-b4f1-449a-a4ad-a50ea757e8dd/action 0.915s
2025-04-03 05:42:18.281 69146 INFO tempest.lib.common.rest_client [req-b134cf02-28fd-4635-8980-0dc5d626c578 req-b134cf02-28fd-4635-8980-0dc5d626c578 ] Request (InstanceActionsTestJSON:setUpClass): 200 GET http://10.180.1.21/compute/v2.1/servers/f6a92e74-cd3c-4770-ad5d-d9174460d68b 0.487s
2025-04-03 05:42:18.288 69156 INFO tempest.lib.common.rest_client [req-c79299c5-e17a-4fc8-af24-4255712f50ba req-c79299c5-e17a-4fc8-af24-4255712f50ba ] Request (ServerDiagnosticsNegativeTest:test_get_server_diagnostics_by_non_admin): 200 GET http://10.180.1.21/compute/v2.1/servers/845f4864-33e5-46ef-9d9a-025f1d839e52 0.448s
2025-04-03 05:42:18.359 69176 INFO tempest.lib.common.rest_client [req-e1e04d58-c139-4614-b4ad-36be20dcf29c req-e1e04d58-c139-4614-b4ad-36be20dcf29c ] Request (ServersTestBootFromVolume:setUpClass): 200 GET http://10.180.1.21/compute/v2.1/servers/744bf0cb-53fa-412b-bb3d-9c3503e1d697 0.443s
2025-04-03 05:42:18.421 69206 INFO tempest.lib.common.rest_client [req-1e95eae8-ec5f-4854-b02b-a6e48d025206 req-1e95eae8-ec5f-4854-b02b-a6e48d025206 ] Request (ServersWithSpecificFlavorTestJSON:test_verify_created_server_ephemeral_disk): 200 GET http://10.180.1.21/compute/v2.1/servers/27273416-b04c-4381-b4d2-43cb300b2046 0.449s
2025-04-03 05:42:18.465 69166 INFO tempest.lib.common.rest_client [req-71493f3d-968e-4052-aabc-e24359e3eec6 req-71493f3d-968e-4052-aabc-e24359e3eec6 ] Request (ListServerFiltersTestJSON:tearDownClass): 200 GET http://10.180.1.21/compute/v2.1/servers/7b03ca03-0eb9-47b9-a6f2-ed8b9e079b93 0.617s
2025-04-03 05:42:18.474 69152 INFO tempest.lib.common.rest_client [req-efcba16f-80a5-4af7-b0a4-a83f750e1932 req-efcba16f-80a5-4af7-b0a4-a83f750e1932 ] Request (ServersTestMultiNic:test_verify_multiple_nics_order): 200 GET http://10.180.1.21/compute/v2.1/servers/c90fc964-8d2a-40ce-b420-62bc2eb89cbc 0.442s
2025-04-03 05:42:18.480 69152 INFO tempest.common.waiters [-] State transition "BUILD/scheduling" ==> "BUILD/None" after 25 second wait
2025-04-03 05:42:18.518 69198 INFO tempest.lib.common.rest_client [req-77e8695e-70d0-4934-9043-d6be116e30b3 req-77e8695e-70d0-4934-9043-d6be116e30b3 ] Request (ServerAddressesTestJSON:tearDownClass): 200 GET http://10.180.1.21/compute/v2.1/servers/3c7e1381-3c5a-402c-aa40-289321aeaa53 0.370s
2025-04-03 05:42:18.523 69178 INFO tempest.lib.common.rest_client [req-c9642b6a-bdc7-4a10-b067-840fa071b6f1 req-c9642b6a-bdc7-4a10-b067-840fa071b6f1 ] Request (MigrationsAdminTest:test_resize_server_revert_deleted_flavor): 200 GET http://10.180.1.21/compute/v2.1/servers/392377e1-e0c2-4696-ad23-66a9287fa003 0.305s
2025-04-03 05:42:18.575 69162 INFO tempest.lib.common.rest_client [req-b40fa252-10ef-499e-9a47-fb90d751aee8 req-b40fa252-10ef-499e-9a47-fb90d751aee8 ] Request (SecurityGroupsTestJSON:test_server_security_groups): 200 GET http://10.180.1.21/compute/v2.1/servers/400402ac-ac7d-4086-b67c-2ba8c4d9f92d 0.274s
2025-04-03 05:42:18.626 69180 INFO tempest.lib.common.rest_client [req-052221d4-e813-4f1e-934f-f993d38ee98c req-052221d4-e813-4f1e-934f-f993d38ee98c ] Request (ServerRescueTestJSON:test_rescue_unrescue_instance): 200 GET http://10.180.1.21/compute/v2.1/servers/09e0b6d9-9189-4e13-b37b-447db8b4bfcb 0.259s
2025-04-03 05:42:18.677 69182 INFO tempest.lib.common.rest_client [req-5632bf7b-1d8e-4e6c-aaa6-3d35c6dafd97 req-5632bf7b-1d8e-4e6c-aaa6-3d35c6dafd97 ] Request (ServerDiskConfigTestJSON:test_rebuild_server_with_manual_disk_config): 200 GET http://10.180.1.21/compute/v2.1/servers/1f816be1-4397-4b36-8b9e-9b359a4bd47b 0.295s
2025-04-03 05:42:18.725 69204 INFO tempest.lib.common.rest_client [req-b20f6347-ab78-4f10-a10a-d218550268e4 req-b20f6347-ab78-4f10-a10a-d218550268e4 ] Request (ImagesTestJSON:test_create_image_from_suspended_server): 200 GET http://10.180.1.21/compute/v2.1/servers/6d539428-fed4-4061-bd05-431f9fcbb3e7 0.312s
2025-04-03 05:42:18.795 69158 INFO tempest.lib.common.rest_client [req-dad342ac-62ad-44a8-9cfc-fca91eaabd57 req-dad342ac-62ad-44a8-9cfc-fca91eaabd57 ] Request (ServerShowV257Test:test_rebuild_server): 200 GET http://10.180.1.21/compute/v2.1/servers/bc1bfe80-9b9c-4915-93eb-12e80197ad49 0.289s
2025-04-03 05:42:18.930 69170 INFO tempest.lib.common.rest_client [req-05c3df81-48d7-47f4-a8d6-ec29ac189ad6 req-05c3df81-48d7-47f4-a8d6-ec29ac189ad6 ] Request (ServersAdminTestJSON:setUpClass): 200 GET http://10.180.1.21/compute/v2.1/servers/680131fe-0141-4db6-a9b5-06b814953497 0.423s
2025-04-03 05:42:19.001 69190 INFO tempest.lib.common.rest_client [req-d60dbed0-acb7-44c8-84bf-260b8f5062c3 req-d60dbed0-acb7-44c8-84bf-260b8f5062c3 ] Request (ServersListShow298Test:test_list_show_update_rebuild_server_298): 200 GET http://10.180.1.21/compute/v2.1/servers/d56b077a-17f8-4c80-87bd-e45e469fc93b 0.426s
2025-04-03 05:42:19.070 69200 INFO tempest.lib.common.rest_client [req-f11ac2ca-ca42-4629-8f1c-fa8d05f36e3e req-f11ac2ca-ca42-4629-8f1c-fa8d05f36e3e ] Request (ImagesOneServerNegativeTestJSON:_run_cleanups): 200 GET http://10.180.1.21/compute/v2.1/servers/6c0739c5-d01a-437d-a986-c5c0845b68f4 0.443s
2025-04-03 05:42:19.106 69194 INFO tempest.lib.common.rest_client [req-3a52d519-50ea-4ca9-92f2-0baf2c48b2b8 req-3a52d519-50ea-4ca9-92f2-0baf2c48b2b8 ] Request (ServerRescueTestJSONUnderV235:test_rescued_vm_associate_dissociate_floating_ip): 200 POST http://10.180.1.21/compute/v2.1/os-floating-ips 0.882s
2025-04-03 05:42:19.183 69186 INFO tempest.lib.common.rest_client [req-723f26ef-9647-46f3-8f81-1f400663db58 req-723f26ef-9647-46f3-8f81-1f400663db58 ] Request (ImagesNegativeTestJSON:test_create_image_from_deleted_server): 200 GET http://10.180.1.21/compute/v2.1/servers/29c905a4-0b30-4d16-9e1b-90bdcfb7b3ec 0.411s
2025-04-03 05:42:19.248 69188 INFO tempest.lib.common.rest_client [req-e798df9b-5113-407b-a286-330d618404a9 req-e798df9b-5113-407b-a286-330d618404a9 ] Request (FloatingIPsAssociationTestJSON:tearDownClass): 200 GET http://10.180.1.21/compute/v2.1/servers/c47f954b-7a48-45ad-a006-148c9b26f2b2 0.094s
2025-04-03 05:42:19.298 69196 INFO tempest.lib.common.rest_client [req-21ac6d90-06e7-4828-a234-d4a835b40c1b req-21ac6d90-06e7-4828-a234-d4a835b40c1b ] Request (DeleteServersTestJSON:test_delete_server_while_in_attached_volume): 200 GET http://10.180.1.21/compute/v2.1/servers/bd9c7290-f6fc-4f39-9c82-a51332e01a7e 0.071s
2025-04-03 05:42:19.303 69148 WARNING tempest.lib.common.ssh [-] Failed to establish authenticated ssh connection to cirros@10.180.180.163 ([Errno None] Unable to connect to port 22 on 10.180.180.163). Number attempts: 5. Retry after 6 seconds.: paramiko.ssh_exception.NoValidConnectionsError: [Errno None] Unable to connect to port 22 on 10.180.180.163
2025-04-03 05:42:19.347 69146 INFO tempest.lib.common.rest_client [req-a8ba1e16-1175-4441-bc3f-3a6a155e9820 req-a8ba1e16-1175-4441-bc3f-3a6a155e9820 ] Request (InstanceActionsTestJSON:setUpClass): 200 GET http://10.180.1.21/compute/v2.1/servers/f6a92e74-cd3c-4770-ad5d-d9174460d68b 0.054s
2025-04-03 05:42:19.412 69156 INFO tempest.lib.common.rest_client [req-93389c93-1017-43be-ac75-530b08b63237 req-93389c93-1017-43be-ac75-530b08b63237 ] Request (ServerDiagnosticsNegativeTest:test_get_server_diagnostics_by_non_admin): 200 GET http://10.180.1.21/compute/v2.1/servers/845f4864-33e5-46ef-9d9a-025f1d839e52 0.114s
2025-04-03 05:42:19.496 69176 INFO tempest.lib.common.rest_client [req-9d2d02e9-fd4a-434c-818c-2893fbfd006d req-9d2d02e9-fd4a-434c-818c-2893fbfd006d ] Request (ServersTestBootFromVolume:setUpClass): 200 GET http://10.180.1.21/compute/v2.1/servers/744bf0cb-53fa-412b-bb3d-9c3503e1d697 0.129s
2025-04-03 05:42:19.565 69206 INFO tempest.lib.common.rest_client [req-1a00dea6-4444-41ca-9e47-cd2935e91d52 req-1a00dea6-4444-41ca-9e47-cd2935e91d52 ] Request (ServersWithSpecificFlavorTestJSON:test_verify_created_server_ephemeral_disk): 200 GET http://10.180.1.21/compute/v2.1/servers/27273416-b04c-4381-b4d2-43cb300b2046 0.136s
2025-04-03 05:42:19.679 69166 INFO tempest.lib.common.rest_client [req-8ce68e90-20d6-4fcc-808a-b80c62299d8b req-8ce68e90-20d6-4fcc-808a-b80c62299d8b ] Request (ListServerFiltersTestJSON:tearDownClass): 200 GET http://10.180.1.21/compute/v2.1/servers/7b03ca03-0eb9-47b9-a6f2-ed8b9e079b93 0.206s
2025-04-03 05:42:19.732 69152 INFO tempest.lib.common.rest_client [req-3028e78c-40f2-4e55-8986-d9d3a6f44e6e req-3028e78c-40f2-4e55-8986-d9d3a6f44e6e ] Request (ServersTestMultiNic:test_verify_multiple_nics_order): 200 GET http://10.180.1.21/compute/v2.1/servers/c90fc964-8d2a-40ce-b420-62bc2eb89cbc 0.251s
2025-04-03 05:42:19.818 69198 INFO tempest.lib.common.rest_client [req-b05e6041-ed42-46a8-ade1-4e710a232dde req-b05e6041-ed42-46a8-ade1-4e710a232dde ] Request (ServerAddressesTestJSON:tearDownClass): 200 GET http://10.180.1.21/compute/v2.1/servers/3c7e1381-3c5a-402c-aa40-289321aeaa53 0.289s
2025-04-03 05:42:19.869 69178 INFO tempest.lib.common.rest_client [req-0402ce06-3f20-46fa-8b96-9d5d2ce58f26 req-0402ce06-3f20-46fa-8b96-9d5d2ce58f26 ] Request (MigrationsAdminTest:test_resize_server_revert_deleted_flavor): 200 GET http://10.180.1.21/compute/v2.1/servers/392377e1-e0c2-4696-ad23-66a9287fa003 0.338s
2025-04-03 05:42:19.936 69162 INFO tempest.lib.common.rest_client [req-addc2a69-297e-446e-bf7f-8f4a7bda6a26 req-addc2a69-297e-446e-bf7f-8f4a7bda6a26 ] Request (SecurityGroupsTestJSON:test_server_security_groups): 200 GET http://10.180.1.21/compute/v2.1/servers/400402ac-ac7d-4086-b67c-2ba8c4d9f92d 0.354s
2025-04-03 05:42:19.997 69180 INFO tempest.lib.common.rest_client [req-e929f62e-3c01-4d9e-af21-9c72d16f8c56 req-e929f62e-3c01-4d9e-af21-9c72d16f8c56 ] Request (ServerRescueTestJSON:test_rescue_unrescue_instance): 200 GET http://10.180.1.21/compute/v2.1/servers/09e0b6d9-9189-4e13-b37b-447db8b4bfcb 0.363s
2025-04-03 05:42:20.007 69184 WARNING tempest.lib.common.ssh [-] Failed to establish authenticated ssh connection to cirros@10.180.180.202 ([Errno None] Unable to connect to port 22 on 10.180.180.202). Number attempts: 12. Retry after 13 seconds.: paramiko.ssh_exception.NoValidConnectionsError: [Errno None] Unable to connect to port 22 on 10.180.180.202
2025-04-03 05:42:20.065 69182 INFO tempest.lib.common.rest_client [req-c82dd40f-6660-4a16-b6bd-d1d7cf15e507 req-c82dd40f-6660-4a16-b6bd-d1d7cf15e507 ] Request (ServerDiskConfigTestJSON:test_rebuild_server_with_manual_disk_config): 200 GET http://10.180.1.21/compute/v2.1/servers/1f816be1-4397-4b36-8b9e-9b359a4bd47b 0.380s
2025-04-03 05:42:20.126 69204 INFO tempest.lib.common.rest_client [req-c2e28bf7-b7f4-4105-9935-9540738f5eb8 req-c2e28bf7-b7f4-4105-9935-9540738f5eb8 ] Request (ImagesTestJSON:test_create_image_from_suspended_server): 200 GET http://10.180.1.21/compute/v2.1/servers/6d539428-fed4-4061-bd05-431f9fcbb3e7 0.393s
2025-04-03 05:42:20.133 69204 INFO tempest.common.waiters [-] State transition "BUILD/None" ==> "BUILD/networking" after 61 second wait
2025-04-03 05:42:20.157 69194 INFO tempest.lib.common.rest_client [req-5d54521e-ed7b-4718-ac7d-37211a888d3b req-5d54521e-ed7b-4718-ac7d-37211a888d3b ] Request (ServerRescueTestJSONUnderV235:test_rescued_vm_associate_dissociate_floating_ip): 202 POST http://10.180.1.21/compute/v2.1/servers/22e625e7-b4f1-449a-a4ad-a50ea757e8dd/action 1.048s
2025-04-03 05:42:20.185 69158 INFO tempest.lib.common.rest_client [req-81a4058d-030e-43f0-b95f-1cddad3a792c req-81a4058d-030e-43f0-b95f-1cddad3a792c ] Request (ServerShowV257Test:test_rebuild_server): 200 GET http://10.180.1.21/compute/v2.1/servers/bc1bfe80-9b9c-4915-93eb-12e80197ad49 0.376s
2025-04-03 05:42:20.249 69190 INFO tempest.lib.common.rest_client [req-3791c335-7187-4482-af82-c542d5f4a4d0 req-3791c335-7187-4482-af82-c542d5f4a4d0 ] Request (ServersListShow298Test:test_list_show_update_rebuild_server_298): 200 GET http://10.180.1.21/compute/v2.1/servers/d56b077a-17f8-4c80-87bd-e45e469fc93b 0.234s
2025-04-03 05:42:20.323 69170 INFO tempest.lib.common.rest_client [req-e22e7e7b-6e42-4833-b536-44f9eac101da req-e22e7e7b-6e42-4833-b536-44f9eac101da ] Request (ServersAdminTestJSON:setUpClass): 200 GET http://10.180.1.21/compute/v2.1/servers/680131fe-0141-4db6-a9b5-06b814953497 0.382s
2025-04-03 05:42:20.325 69200 INFO tempest.lib.common.rest_client [req-b5c17717-8c0e-481d-98a2-1f30f08f3380 req-b5c17717-8c0e-481d-98a2-1f30f08f3380 ] Request (ImagesOneServerNegativeTestJSON:_run_cleanups): 200 GET http://10.180.1.21/compute/v2.1/servers/6c0739c5-d01a-437d-a986-c5c0845b68f4 0.246s
2025-04-03 05:42:20.582 69175 WARNING tempest.lib.common.ssh [-] Failed to establish authenticated ssh connection to cirros@10.180.180.223 ([Errno None] Unable to connect to port 22 on 10.180.180.223). Number attempts: 12. Retry after 13 seconds.: paramiko.ssh_exception.NoValidConnectionsError: [Errno None] Unable to connect to port 22 on 10.180.180.223
2025-04-03 05:42:20.632 69186 INFO tempest.lib.common.rest_client [req-e58bcac8-efa7-4719-801b-a3a09cd7ffa0 req-e58bcac8-efa7-4719-801b-a3a09cd7ffa0 ] Request (ImagesNegativeTestJSON:test_create_image_from_deleted_server): 200 GET http://10.180.1.21/compute/v2.1/servers/29c905a4-0b30-4d16-9e1b-90bdcfb7b3ec 0.440s
2025-04-03 05:42:20.647 69186 INFO tempest.common.waiters [-] State transition "BUILD/spawning" ==> "ACTIVE/None" after 63 second wait
2025-04-03 05:42:20.711 69160 WARNING tempest.lib.common.ssh [-] Failed to establish authenticated ssh connection to cirros@10.180.180.198 ([Errno None] Unable to connect to port 22 on 10.180.180.198). Number attempts: 9. Retry after 10 seconds.: paramiko.ssh_exception.NoValidConnectionsError: [Errno None] Unable to connect to port 22 on 10.180.180.198
2025-04-03 05:42:20.724 69188 INFO tempest.lib.common.rest_client [req-57fe75e7-fecc-43cd-97c9-ed35224dd490 req-57fe75e7-fecc-43cd-97c9-ed35224dd490 ] Request (FloatingIPsAssociationTestJSON:tearDownClass): 200 GET http://10.180.1.21/compute/v2.1/servers/c47f954b-7a48-45ad-a006-148c9b26f2b2 0.468s
2025-04-03 05:42:20.816 69196 INFO tempest.lib.common.rest_client [req-55fe1fde-1f38-4a90-9dd8-7c3eb99b8204 req-55fe1fde-1f38-4a90-9dd8-7c3eb99b8204 ] Request (DeleteServersTestJSON:test_delete_server_while_in_attached_volume): 200 GET http://10.180.1.21/compute/v2.1/servers/bd9c7290-f6fc-4f39-9c82-a51332e01a7e 0.510s
2025-04-03 05:42:20.881 69146 INFO tempest.lib.common.rest_client [req-012d4009-3d53-4d84-b151-e0ef0fcbe03c req-012d4009-3d53-4d84-b151-e0ef0fcbe03c ] Request (InstanceActionsTestJSON:setUpClass): 200 GET http://10.180.1.21/compute/v2.1/servers/f6a92e74-cd3c-4770-ad5d-d9174460d68b 0.526s
2025-04-03 05:42:20.944 69156 INFO tempest.lib.common.rest_client [req-ab8b84ba-ef78-4f39-a3df-638ccbd8b16b req-ab8b84ba-ef78-4f39-a3df-638ccbd8b16b ] Request (ServerDiagnosticsNegativeTest:test_get_server_diagnostics_by_non_admin): 200 GET http://10.180.1.21/compute/v2.1/servers/845f4864-33e5-46ef-9d9a-025f1d839e52 0.524s
2025-04-03 05:42:21.002 69176 INFO tempest.lib.common.rest_client [req-984397aa-c6e7-430f-9e66-9c1224ece226 req-984397aa-c6e7-430f-9e66-9c1224ece226 ] Request (ServersTestBootFromVolume:setUpClass): 200 GET http://10.180.1.21/compute/v2.1/servers/744bf0cb-53fa-412b-bb3d-9c3503e1d697 0.498s
2025-04-03 05:42:21.054 69206 INFO tempest.lib.common.rest_client [req-dae0bfe0-adf2-4a28-9c4e-91e3066dd2f4 req-dae0bfe0-adf2-4a28-9c4e-91e3066dd2f4 ] Request (ServersWithSpecificFlavorTestJSON:test_verify_created_server_ephemeral_disk): 200 GET http://10.180.1.21/compute/v2.1/servers/27273416-b04c-4381-b4d2-43cb300b2046 0.481s
2025-04-03 05:42:21.121 69186 INFO tempest.lib.common.rest_client [req-b9c8095f-5c1b-4ea9-8589-a187a58b41d2 req-b9c8095f-5c1b-4ea9-8589-a187a58b41d2 ] Request (ImagesNegativeTestJSON:test_create_image_from_deleted_server): 204 DELETE http://10.180.1.21/compute/v2.1/servers/29c905a4-0b30-4d16-9e1b-90bdcfb7b3ec 0.474s
2025-04-03 05:42:21.181 69166 INFO tempest.lib.common.rest_client [req-b61d2d61-5758-4eb6-96b3-025139de0eff req-b61d2d61-5758-4eb6-96b3-025139de0eff ] Request (ListServerFiltersTestJSON:tearDownClass): 200 GET http://10.180.1.21/compute/v2.1/servers/7b03ca03-0eb9-47b9-a6f2-ed8b9e079b93 0.494s
2025-04-03 05:42:21.245 69152 INFO tempest.lib.common.rest_client [req-60d34f5b-91de-4184-83f7-dc2b4c0db69b req-60d34f5b-91de-4184-83f7-dc2b4c0db69b ] Request (ServersTestMultiNic:test_verify_multiple_nics_order): 200 GET http://10.180.1.21/compute/v2.1/servers/c90fc964-8d2a-40ce-b420-62bc2eb89cbc 0.502s
2025-04-03 05:42:21.321 69198 INFO tempest.lib.common.rest_client [req-b9c793b2-2e44-45e5-9fe9-8938a9667d4f req-b9c793b2-2e44-45e5-9fe9-8938a9667d4f ] Request (ServerAddressesTestJSON:tearDownClass): 200 GET http://10.180.1.21/compute/v2.1/servers/3c7e1381-3c5a-402c-aa40-289321aeaa53 0.495s
2025-04-03 05:42:21.390 69178 INFO tempest.lib.common.rest_client [req-b5cdac39-c78b-424a-af83-cd815e07102e req-b5cdac39-c78b-424a-af83-cd815e07102e ] Request (MigrationsAdminTest:test_resize_server_revert_deleted_flavor): 200 GET http://10.180.1.21/compute/v2.1/servers/392377e1-e0c2-4696-ad23-66a9287fa003 0.513s
2025-04-03 05:42:21.459 69162 INFO tempest.lib.common.rest_client [req-02c2e52b-e6e3-48ab-a90d-79ded55194ba req-02c2e52b-e6e3-48ab-a90d-79ded55194ba ] Request (SecurityGroupsTestJSON:test_server_security_groups): 200 GET http://10.180.1.21/compute/v2.1/servers/400402ac-ac7d-4086-b67c-2ba8c4d9f92d 0.512s
2025-04-03 05:42:21.522 69180 INFO tempest.lib.common.rest_client [req-c9e49970-7afd-45e1-b1c7-ebdf49f46e70 req-c9e49970-7afd-45e1-b1c7-ebdf49f46e70 ] Request (ServerRescueTestJSON:test_rescue_unrescue_instance): 200 GET http://10.180.1.21/compute/v2.1/servers/09e0b6d9-9189-4e13-b37b-447db8b4bfcb 0.514s
2025-04-03 05:42:21.558 69194 INFO tempest.lib.common.rest_client [req-76c06921-d413-4bfd-9f7f-6ca07dfce616 req-76c06921-d413-4bfd-9f7f-6ca07dfce616 ] Request (ServerRescueTestJSONUnderV235:test_rescued_vm_associate_dissociate_floating_ip): 202 POST http://10.180.1.21/compute/v2.1/servers/22e625e7-b4f1-449a-a4ad-a50ea757e8dd/action 1.400s
2025-04-03 05:42:21.567 69182 INFO tempest.lib.common.rest_client [req-8be4a133-a2df-412e-aaeb-1160cb7997a0 req-8be4a133-a2df-412e-aaeb-1160cb7997a0 ] Request (ServerDiskConfigTestJSON:test_rebuild_server_with_manual_disk_config): 200 GET http://10.180.1.21/compute/v2.1/servers/1f816be1-4397-4b36-8b9e-9b359a4bd47b 0.494s
2025-04-03 05:42:21.580 69182 INFO tempest.common.waiters [-] State transition "BUILD/scheduling" ==> "BUILD/None" after 20 second wait
2025-04-03 05:42:21.668 69186 INFO tempest.lib.common.rest_client [req-c01926bd-d59d-4631-ae1a-8b6cecd85f0c req-c01926bd-d59d-4631-ae1a-8b6cecd85f0c ] Request (ImagesNegativeTestJSON:test_create_image_from_deleted_server): 200 GET http://10.180.1.21/compute/v2.1/servers/29c905a4-0b30-4d16-9e1b-90bdcfb7b3ec 0.546s
2025-04-03 05:42:21.673 69204 INFO tempest.lib.common.rest_client [req-c4244b13-c2cb-4529-8b12-a409a660d253 req-c4244b13-c2cb-4529-8b12-a409a660d253 ] Request (ImagesTestJSON:test_create_image_from_suspended_server): 200 GET http://10.180.1.21/compute/v2.1/servers/6d539428-fed4-4061-bd05-431f9fcbb3e7 0.538s
2025-04-03 05:42:21.680 69204 INFO tempest.common.waiters [-] State transition "BUILD/networking" ==> "BUILD/spawning" after 62 second wait
2025-04-03 05:42:21.721 69158 INFO tempest.lib.common.rest_client [req-01a9513a-9307-4fb6-8a32-782abba096c7 req-01a9513a-9307-4fb6-8a32-782abba096c7 ] Request (ServerShowV257Test:test_rebuild_server): 200 GET http://10.180.1.21/compute/v2.1/servers/bc1bfe80-9b9c-4915-93eb-12e80197ad49 0.520s
2025-04-03 05:42:21.730 69190 INFO tempest.lib.common.rest_client [req-a58d47a8-4555-4dac-b701-ac398522eca7 req-a58d47a8-4555-4dac-b701-ac398522eca7 ] Request (ServersListShow298Test:test_list_show_update_rebuild_server_298): 200 GET http://10.180.1.21/compute/v2.1/servers/d56b077a-17f8-4c80-87bd-e45e469fc93b 0.468s
2025-04-03 05:42:21.750 69150 WARNING tempest.lib.common.ssh [-] Failed to establish authenticated ssh connection to cirros@10.180.180.204 ([Errno None] Unable to connect to port 22 on 10.180.180.204). Number attempts: 13. Retry after 14 seconds.: paramiko.ssh_exception.NoValidConnectionsError: [Errno None] Unable to connect to port 22 on 10.180.180.204
2025-04-03 05:42:21.788 69200 INFO tempest.lib.common.rest_client [req-1573ca6a-32e0-4d6c-9215-43d5e04f89cc req-1573ca6a-32e0-4d6c-9215-43d5e04f89cc ] Request (ImagesOneServerNegativeTestJSON:_run_cleanups): 200 GET http://10.180.1.21/compute/v2.1/servers/6c0739c5-d01a-437d-a986-c5c0845b68f4 0.453s
2025-04-03 05:42:22.118 69168 WARNING tempest.lib.common.ssh [-] Failed to establish authenticated ssh connection to cirros@10.180.180.156 ([Errno None] Unable to connect to port 22 on 10.180.180.156). Number attempts: 6. Retry after 7 seconds.: paramiko.ssh_exception.NoValidConnectionsError: [Errno None] Unable to connect to port 22 on 10.180.180.156
2025-04-03 05:42:22.130 69170 INFO tempest.lib.common.rest_client [req-9a23565f-e5ee-4274-8fe1-868ca442322d req-9a23565f-e5ee-4274-8fe1-868ca442322d ] Request (ServersAdminTestJSON:setUpClass): 200 GET http://10.180.1.21/compute/v2.1/servers/680131fe-0141-4db6-a9b5-06b814953497 0.797s
2025-04-03 05:42:22.200 69188 INFO tempest.lib.common.rest_client [req-64a4c076-3d75-4875-9a3f-7f5720d31f15 req-64a4c076-3d75-4875-9a3f-7f5720d31f15 ] Request (FloatingIPsAssociationTestJSON:tearDownClass): 200 GET http://10.180.1.21/compute/v2.1/servers/c47f954b-7a48-45ad-a006-148c9b26f2b2 0.462s
2025-04-03 05:42:22.287 69196 INFO tempest.lib.common.rest_client [req-ea0a7bf8-ba26-44aa-beaf-b2141bb99566 req-ea0a7bf8-ba26-44aa-beaf-b2141bb99566 ] Request (DeleteServersTestJSON:test_delete_server_while_in_attached_volume): 200 GET http://10.180.1.21/compute/v2.1/servers/bd9c7290-f6fc-4f39-9c82-a51332e01a7e 0.464s
2025-04-03 05:42:22.295 69196 INFO tempest.common.waiters [-] State transition "BUILD/None" ==> "BUILD/networking" after 62 second wait
2025-04-03 05:42:22.346 69146 INFO tempest.lib.common.rest_client [req-67fa8361-6156-4db3-9f8a-58f7b400f2d6 req-67fa8361-6156-4db3-9f8a-58f7b400f2d6 ] Request (InstanceActionsTestJSON:setUpClass): 200 GET http://10.180.1.21/compute/v2.1/servers/f6a92e74-cd3c-4770-ad5d-d9174460d68b 0.444s
2025-04-03 05:42:22.408 69156 INFO tempest.lib.common.rest_client [req-df24fbff-2046-419f-aa01-bf46b01fd5e0 req-df24fbff-2046-419f-aa01-bf46b01fd5e0 ] Request (ServerDiagnosticsNegativeTest:test_get_server_diagnostics_by_non_admin): 200 GET http://10.180.1.21/compute/v2.1/servers/845f4864-33e5-46ef-9d9a-025f1d839e52 0.454s
2025-04-03 05:42:22.465 69176 INFO tempest.lib.common.rest_client [req-dbd6afb1-0c84-42c0-b151-e09da1d05bee req-dbd6afb1-0c84-42c0-b151-e09da1d05bee ] Request (ServersTestBootFromVolume:setUpClass): 200 GET http://10.180.1.21/compute/v2.1/servers/744bf0cb-53fa-412b-bb3d-9c3503e1d697 0.453s
2025-04-03 05:42:22.467 69194 INFO tempest.lib.common.rest_client [req-23a23a99-706a-49fe-8688-d33206524a97 req-23a23a99-706a-49fe-8688-d33206524a97 ] Request (ServerRescueTestJSONUnderV235:_run_cleanups): 202 DELETE http://10.180.1.21/compute/v2.1/os-floating-ips/6cd2d19c-bec6-4eab-a4d1-b0863887b3ea 0.908s
2025-04-03 05:42:22.525 69206 INFO tempest.lib.common.rest_client [req-6377d521-d852-4ccf-ab42-44fe60e10f5a req-6377d521-d852-4ccf-ab42-44fe60e10f5a ] Request (ServersWithSpecificFlavorTestJSON:test_verify_created_server_ephemeral_disk): 200 GET http://10.180.1.21/compute/v2.1/servers/27273416-b04c-4381-b4d2-43cb300b2046 0.462s
2025-04-03 05:42:22.536 69166 INFO tempest.lib.common.rest_client [req-5891e205-d35d-4b4d-87d3-b47652e01b7d req-5891e205-d35d-4b4d-87d3-b47652e01b7d ] Request (ListServerFiltersTestJSON:tearDownClass): 200 GET http://10.180.1.21/compute/v2.1/servers/7b03ca03-0eb9-47b9-a6f2-ed8b9e079b93 0.344s
2025-04-03 05:42:22.544 69166 INFO tempest.common.waiters [-] State transition "ACTIVE/deleting" ==> "DELETED/None" after 4 second wait
2025-04-03 05:42:22.586 69152 INFO tempest.lib.common.rest_client [req-708cbaad-f8af-4a69-b53b-8ba2786b6828 req-708cbaad-f8af-4a69-b53b-8ba2786b6828 ] Request (ServersTestMultiNic:test_verify_multiple_nics_order): 200 GET http://10.180.1.21/compute/v2.1/servers/c90fc964-8d2a-40ce-b420-62bc2eb89cbc 0.333s
2025-04-03 05:42:22.604 69198 INFO tempest.lib.common.rest_client [req-fafa8618-e0f3-47c6-92b4-1d2806e0547f req-fafa8618-e0f3-47c6-92b4-1d2806e0547f ] Request (ServerAddressesTestJSON:tearDownClass): 200 GET http://10.180.1.21/compute/v2.1/servers/3c7e1381-3c5a-402c-aa40-289321aeaa53 0.272s
2025-04-03 05:42:22.649 69178 INFO tempest.lib.common.rest_client [req-806c534c-b903-428a-a545-74466c2ca4ff req-806c534c-b903-428a-a545-74466c2ca4ff ] Request (MigrationsAdminTest:test_resize_server_revert_deleted_flavor): 200 GET http://10.180.1.21/compute/v2.1/servers/392377e1-e0c2-4696-ad23-66a9287fa003 0.245s
2025-04-03 05:42:22.676 69162 INFO tempest.lib.common.rest_client [req-2d5a5d8f-2c88-4a91-85e6-cfbb9ca20fae req-2d5a5d8f-2c88-4a91-85e6-cfbb9ca20fae ] Request (SecurityGroupsTestJSON:test_server_security_groups): 200 GET http://10.180.1.21/compute/v2.1/servers/400402ac-ac7d-4086-b67c-2ba8c4d9f92d 0.208s
2025-04-03 05:42:22.749 69180 INFO tempest.lib.common.rest_client [req-fef0399d-6c18-4352-83c6-8cbf2465feae req-fef0399d-6c18-4352-83c6-8cbf2465feae ] Request (ServerRescueTestJSON:test_rescue_unrescue_instance): 200 GET http://10.180.1.21/compute/v2.1/servers/09e0b6d9-9189-4e13-b37b-447db8b4bfcb 0.216s
2025-04-03 05:42:22.810 69182 INFO tempest.lib.common.rest_client [req-3553a867-ef79-4eef-970c-40252c9c2661 req-3553a867-ef79-4eef-970c-40252c9c2661 ] Request (ServerDiskConfigTestJSON:test_rebuild_server_with_manual_disk_config): 200 GET http://10.180.1.21/compute/v2.1/servers/1f816be1-4397-4b36-8b9e-9b359a4bd47b 0.229s
2025-04-03 05:42:22.909 69194 INFO tempest.lib.common.rest_client [req-77ac9930-2848-4a40-9327-c1df53b7be6c req-77ac9930-2848-4a40-9327-c1df53b7be6c ] Request (ServerRescueTestJSONUnderV235:tearDownClass): 202 DELETE http://10.180.1.21/compute/v2.1/os-security-groups/63930e26-5f6f-4698-a152-fd9f144179a1 0.436s
2025-04-03 05:42:22.975 69186 INFO tempest.lib.common.rest_client [req-43a2cc41-e588-412a-902a-d4004eea4966 req-43a2cc41-e588-412a-902a-d4004eea4966 ] Request (ImagesNegativeTestJSON:test_create_image_from_deleted_server): 200 GET http://10.180.1.21/compute/v2.1/servers/29c905a4-0b30-4d16-9e1b-90bdcfb7b3ec 0.299s
2025-04-03 05:42:23.037 69204 INFO tempest.lib.common.rest_client [req-3a05e1b6-b9ab-45eb-af1c-bfed98655c96 req-3a05e1b6-b9ab-45eb-af1c-bfed98655c96 ] Request (ImagesTestJSON:test_create_image_from_suspended_server): 200 GET http://10.180.1.21/compute/v2.1/servers/6d539428-fed4-4061-bd05-431f9fcbb3e7 0.356s
2025-04-03 05:42:23.040 69158 INFO tempest.lib.common.rest_client [req-ff1ded0f-02d3-4a99-8c42-7ce66718b1fe req-ff1ded0f-02d3-4a99-8c42-7ce66718b1fe ] Request (ServerShowV257Test:test_rebuild_server): 200 GET http://10.180.1.21/compute/v2.1/servers/bc1bfe80-9b9c-4915-93eb-12e80197ad49 0.309s
2025-04-03 05:42:23.105 69200 INFO tempest.lib.common.rest_client [req-60a7dc36-f67e-4650-80c0-c96d9c87bc08 req-60a7dc36-f67e-4650-80c0-c96d9c87bc08 ] Request (ImagesOneServerNegativeTestJSON:_run_cleanups): 200 GET http://10.180.1.21/compute/v2.1/servers/6c0739c5-d01a-437d-a986-c5c0845b68f4 0.307s
2025-04-03 05:42:23.112 69190 INFO tempest.lib.common.rest_client [req-7a9bd637-c267-4d6d-96a0-f37402fd7e8a req-7a9bd637-c267-4d6d-96a0-f37402fd7e8a ] Request (ServersListShow298Test:test_list_show_update_rebuild_server_298): 200 GET http://10.180.1.21/compute/v2.1/servers/d56b077a-17f8-4c80-87bd-e45e469fc93b 0.371s
2025-04-03 05:42:23.176 69194 INFO tempest.lib.common.rest_client [req-68aca12f-0857-48f8-a710-c2f52203886a req-68aca12f-0857-48f8-a710-c2f52203886a ] Request (ServerRescueTestJSONUnderV235:tearDownClass): 204 DELETE http://10.180.1.21/compute/v2.1/servers/22e625e7-b4f1-449a-a4ad-a50ea757e8dd 0.266s
2025-04-03 05:42:23.283 69170 INFO tempest.lib.common.rest_client [req-3339e2a5-dd82-48ad-ba70-2f39db57549d req-3339e2a5-dd82-48ad-ba70-2f39db57549d ] Request (ServersAdminTestJSON:setUpClass): 200 GET http://10.180.1.21/compute/v2.1/servers/680131fe-0141-4db6-a9b5-06b814953497 0.144s
2025-04-03 05:42:23.316 69194 INFO tempest.lib.common.rest_client [req-23286ff8-74c4-455d-b5ef-4c304cf622f6 req-23286ff8-74c4-455d-b5ef-4c304cf622f6 ] Request (ServerRescueTestJSONUnderV235:tearDownClass): 200 GET http://10.180.1.21/compute/v2.1/servers/22e625e7-b4f1-449a-a4ad-a50ea757e8dd 0.140s
2025-04-03 05:42:23.342 69188 INFO tempest.lib.common.rest_client [req-1d686648-58ed-48a6-9cea-f947c2448ac8 req-1d686648-58ed-48a6-9cea-f947c2448ac8 ] Request (FloatingIPsAssociationTestJSON:tearDownClass): 200 GET http://10.180.1.21/compute/v2.1/servers/c47f954b-7a48-45ad-a006-148c9b26f2b2 0.134s
2025-04-03 05:42:23.414 69146 INFO tempest.lib.common.rest_client [req-94cecd84-d954-4430-81dc-b79a43f8fd53 req-94cecd84-d954-4430-81dc-b79a43f8fd53 ] Request (InstanceActionsTestJSON:setUpClass): 200 GET http://10.180.1.21/compute/v2.1/servers/f6a92e74-cd3c-4770-ad5d-d9174460d68b 0.059s
2025-04-03 05:42:23.445 69196 INFO tempest.lib.common.rest_client [req-0916ad85-32ba-4f6c-a1f4-25d8f238b415 req-0916ad85-32ba-4f6c-a1f4-25d8f238b415 ] Request (DeleteServersTestJSON:test_delete_server_while_in_attached_volume): 200 GET http://10.180.1.21/compute/v2.1/servers/bd9c7290-f6fc-4f39-9c82-a51332e01a7e 0.148s
2025-04-03 05:42:23.454 69196 INFO tempest.common.waiters [-] State transition "BUILD/networking" ==> "BUILD/block_device_mapping" after 63 second wait
2025-04-03 05:42:23.471 69156 INFO tempest.lib.common.rest_client [req-85bb0589-db2b-49f2-b179-c7a68575ba98 req-85bb0589-db2b-49f2-b179-c7a68575ba98 ] Request (ServerDiagnosticsNegativeTest:test_get_server_diagnostics_by_non_admin): 200 GET http://10.180.1.21/compute/v2.1/servers/845f4864-33e5-46ef-9d9a-025f1d839e52 0.055s
2025-04-03 05:42:23.535 69176 INFO tempest.lib.common.rest_client [req-260661b6-0eb9-48e0-9f08-aebb58e851d7 req-260661b6-0eb9-48e0-9f08-aebb58e851d7 ] Request (ServersTestBootFromVolume:setUpClass): 200 GET http://10.180.1.21/compute/v2.1/servers/744bf0cb-53fa-412b-bb3d-9c3503e1d697 0.056s
2025-04-03 05:42:23.606 69206 INFO tempest.lib.common.rest_client [req-d1fb149f-4586-4c18-abca-87fb5c348992 req-d1fb149f-4586-4c18-abca-87fb5c348992 ] Request (ServersWithSpecificFlavorTestJSON:test_verify_created_server_ephemeral_disk): 200 GET http://10.180.1.21/compute/v2.1/servers/27273416-b04c-4381-b4d2-43cb300b2046 0.069s
2025-04-03 05:42:23.623 69166 INFO tempest.lib.common.rest_client [req-b88ccad1-ff25-4bb4-87ed-a44045226911 req-b88ccad1-ff25-4bb4-87ed-a44045226911 ] Request (ListServerFiltersTestJSON:tearDownClass): 200 GET http://10.180.1.21/compute/v2.1/servers/7b03ca03-0eb9-47b9-a6f2-ed8b9e079b93 0.077s
2025-04-03 05:42:23.655 69152 INFO tempest.lib.common.rest_client [req-525a77e8-a00e-4863-8283-cfcdbf7bd0ff req-525a77e8-a00e-4863-8283-cfcdbf7bd0ff ] Request (ServersTestMultiNic:test_verify_multiple_nics_order): 200 GET http://10.180.1.21/compute/v2.1/servers/c90fc964-8d2a-40ce-b420-62bc2eb89cbc 0.053s
2025-04-03 05:42:23.676 69198 INFO tempest.lib.common.rest_client [req-866260ef-c030-42af-8791-89bc5376a869 req-866260ef-c030-42af-8791-89bc5376a869 ] Request (ServerAddressesTestJSON:tearDownClass): 200 GET http://10.180.1.21/compute/v2.1/servers/3c7e1381-3c5a-402c-aa40-289321aeaa53 0.062s
2025-04-03 05:42:23.710 69178 INFO tempest.lib.common.rest_client [req-a2221ba6-0ed6-486c-bf48-d2c29f139f3c req-a2221ba6-0ed6-486c-bf48-d2c29f139f3c ] Request (MigrationsAdminTest:test_resize_server_revert_deleted_flavor): 200 GET http://10.180.1.21/compute/v2.1/servers/392377e1-e0c2-4696-ad23-66a9287fa003 0.047s
2025-04-03 05:42:23.739 69162 INFO tempest.lib.common.rest_client [req-d7feb528-a8a2-47a6-a0b0-12938bba78c2 req-d7feb528-a8a2-47a6-a0b0-12938bba78c2 ] Request (SecurityGroupsTestJSON:test_server_security_groups): 200 GET http://10.180.1.21/compute/v2.1/servers/400402ac-ac7d-4086-b67c-2ba8c4d9f92d 0.055s
2025-04-03 05:42:23.817 69180 INFO tempest.lib.common.rest_client [req-7ef61763-affc-41f6-a6b1-cef635a894f1 req-7ef61763-affc-41f6-a6b1-cef635a894f1 ] Request (ServerRescueTestJSON:test_rescue_unrescue_instance): 200 GET http://10.180.1.21/compute/v2.1/servers/09e0b6d9-9189-4e13-b37b-447db8b4bfcb 0.058s
2025-04-03 05:42:23.871 69182 INFO tempest.lib.common.rest_client [req-519510ad-598e-489f-8e99-dc855893ca09 req-519510ad-598e-489f-8e99-dc855893ca09 ] Request (ServerDiskConfigTestJSON:test_rebuild_server_with_manual_disk_config): 200 GET http://10.180.1.21/compute/v2.1/servers/1f816be1-4397-4b36-8b9e-9b359a4bd47b 0.048s
2025-04-03 05:42:24.040 69186 INFO tempest.lib.common.rest_client [req-64cf652e-8240-4de6-b65e-8ca2afcfdf57 req-64cf652e-8240-4de6-b65e-8ca2afcfdf57 ] Request (ImagesNegativeTestJSON:test_create_image_from_deleted_server): 200 GET http://10.180.1.21/compute/v2.1/servers/29c905a4-0b30-4d16-9e1b-90bdcfb7b3ec 0.055s
2025-04-03 05:42:24.120 69158 INFO tempest.lib.common.rest_client [req-37ba8584-42af-4c5b-a4c5-3350592ed633 req-37ba8584-42af-4c5b-a4c5-3350592ed633 ] Request (ServerShowV257Test:test_rebuild_server): 200 GET http://10.180.1.21/compute/v2.1/servers/bc1bfe80-9b9c-4915-93eb-12e80197ad49 0.069s
2025-04-03 05:42:24.175 69200 INFO tempest.lib.common.rest_client [req-6b8ab886-3ccb-4987-aca0-6a6d5c30c38c req-6b8ab886-3ccb-4987-aca0-6a6d5c30c38c ] Request (ImagesOneServerNegativeTestJSON:_run_cleanups): 200 GET http://10.180.1.21/compute/v2.1/servers/6c0739c5-d01a-437d-a986-c5c0845b68f4 0.062s
2025-04-03 05:42:24.193 69204 INFO tempest.lib.common.rest_client [req-e3d5f7f3-1d9b-473f-9c31-c471bff436b4 req-e3d5f7f3-1d9b-473f-9c31-c471bff436b4 ] Request (ImagesTestJSON:test_create_image_from_suspended_server): 200 GET http://10.180.1.21/compute/v2.1/servers/6d539428-fed4-4061-bd05-431f9fcbb3e7 0.145s
2025-04-03 05:42:24.244 69190 INFO tempest.lib.common.rest_client [req-9a095bb3-2776-4ebc-9236-e2eb4548094d req-9a095bb3-2776-4ebc-9236-e2eb4548094d ] Request (ServersListShow298Test:test_list_show_update_rebuild_server_298): 200 GET http://10.180.1.21/compute/v2.1/servers/d56b077a-17f8-4c80-87bd-e45e469fc93b 0.119s
2025-04-03 05:42:24.438 69170 INFO tempest.lib.common.rest_client [req-f3250374-817e-447c-93db-a17a177a1886 req-f3250374-817e-447c-93db-a17a177a1886 ] Request (ServersAdminTestJSON:setUpClass): 200 GET http://10.180.1.21/compute/v2.1/servers/680131fe-0141-4db6-a9b5-06b814953497 0.148s
2025-04-03 05:42:24.502 69188 INFO tempest.lib.common.rest_client [req-1d70c5dc-213f-4060-aef9-90d31b998609 req-1d70c5dc-213f-4060-aef9-90d31b998609 ] Request (FloatingIPsAssociationTestJSON:tearDownClass): 200 GET http://10.180.1.21/compute/v2.1/servers/c47f954b-7a48-45ad-a006-148c9b26f2b2 0.146s
2025-04-03 05:42:24.510 69194 INFO tempest.lib.common.rest_client [req-369b6de4-a45c-440f-b012-4eaf73efb2bc req-369b6de4-a45c-440f-b012-4eaf73efb2bc ] Request (ServerRescueTestJSONUnderV235:tearDownClass): 200 GET http://10.180.1.21/compute/v2.1/servers/22e625e7-b4f1-449a-a4ad-a50ea757e8dd 0.186s
2025-04-03 05:42:24.558 69146 INFO tempest.lib.common.rest_client [req-e0455d1d-1013-4578-91ce-0bbbbe78a620 req-e0455d1d-1013-4578-91ce-0bbbbe78a620 ] Request (InstanceActionsTestJSON:setUpClass): 200 GET http://10.180.1.21/compute/v2.1/servers/f6a92e74-cd3c-4770-ad5d-d9174460d68b 0.135s
2025-04-03 05:42:24.614 69164 WARNING tempest.lib.common.ssh [-] Failed to establish authenticated ssh connection to cirros@10.180.180.242 ([Errno None] Unable to connect to port 22 on 10.180.180.242). Number attempts: 6. Retry after 7 seconds.: paramiko.ssh_exception.NoValidConnectionsError: [Errno None] Unable to connect to port 22 on 10.180.180.242
2025-04-03 05:42:24.631 69156 INFO tempest.lib.common.rest_client [req-0ac987df-18f3-47c6-907d-81c96141513e req-0ac987df-18f3-47c6-907d-81c96141513e ] Request (ServerDiagnosticsNegativeTest:test_get_server_diagnostics_by_non_admin): 200 GET http://10.180.1.21/compute/v2.1/servers/845f4864-33e5-46ef-9d9a-025f1d839e52 0.146s
2025-04-03 05:42:24.650 69196 INFO tempest.lib.common.rest_client [req-05447b55-ba36-4822-921c-5655b44170d4 req-05447b55-ba36-4822-921c-5655b44170d4 ] Request (DeleteServersTestJSON:test_delete_server_while_in_attached_volume): 200 GET http://10.180.1.21/compute/v2.1/servers/bd9c7290-f6fc-4f39-9c82-a51332e01a7e 0.195s
2025-04-03 05:42:24.661 69196 INFO tempest.common.waiters [-] State transition "BUILD/block_device_mapping" ==> "BUILD/spawning" after 64 second wait
2025-04-03 05:42:24.697 69176 INFO tempest.lib.common.rest_client [req-3205e832-1a27-4ee8-83f9-c93702eff5f0 req-3205e832-1a27-4ee8-83f9-c93702eff5f0 ] Request (ServersTestBootFromVolume:setUpClass): 200 GET http://10.180.1.21/compute/v2.1/servers/744bf0cb-53fa-412b-bb3d-9c3503e1d697 0.151s
2025-04-03 05:42:24.703 69206 INFO tempest.lib.common.rest_client [req-6080166c-8d9a-45a9-8c4a-30229dc7632c req-6080166c-8d9a-45a9-8c4a-30229dc7632c ] Request (ServersWithSpecificFlavorTestJSON:test_verify_created_server_ephemeral_disk): 200 GET http://10.180.1.21/compute/v2.1/servers/27273416-b04c-4381-b4d2-43cb300b2046 0.086s
2025-04-03 05:42:24.771 69152 INFO tempest.lib.common.rest_client [req-8bb5e258-4685-46d6-82bc-b36645df3ee6 req-8bb5e258-4685-46d6-82bc-b36645df3ee6 ] Request (ServersTestMultiNic:test_verify_multiple_nics_order): 200 GET http://10.180.1.21/compute/v2.1/servers/c90fc964-8d2a-40ce-b420-62bc2eb89cbc 0.107s
2025-04-03 05:42:24.775 69166 INFO tempest.lib.common.rest_client [req-991eeb57-ab29-4ae2-adf5-8a24ae0a3a3b req-991eeb57-ab29-4ae2-adf5-8a24ae0a3a3b ] Request (ListServerFiltersTestJSON:tearDownClass): 200 GET http://10.180.1.21/compute/v2.1/servers/7b03ca03-0eb9-47b9-a6f2-ed8b9e079b93 0.137s
2025-04-03 05:42:24.851 69178 INFO tempest.lib.common.rest_client [req-dfa3cf0e-d4d1-4a25-b55f-7ca8f97b5459 req-dfa3cf0e-d4d1-4a25-b55f-7ca8f97b5459 ] Request (MigrationsAdminTest:test_resize_server_revert_deleted_flavor): 200 GET http://10.180.1.21/compute/v2.1/servers/392377e1-e0c2-4696-ad23-66a9287fa003 0.134s
