2025-05-13 21:39:15.996 69810 INFO tempest.lib.common.rest_client [req-73b3794f-26c6-4748-87de-ce62a4a5f59f req-73b3794f-26c6-4748-87de-ce62a4a5f59f ] Request (InstanceActionsNegativeTestJSON:setUpClass): 200 GET http://10.180.1.21/compute/v2.1/servers/9142b50b-9af0-4b60-a1df-7f713eb02f2c 0.226s
2025-05-13 21:39:16.038 69768 INFO tempest.lib.common.rest_client [req-28b398a7-98a9-47c3-b6ab-f33206187400 req-28b398a7-98a9-47c3-b6ab-f33206187400 ] Request (ListImageFiltersTestJSON:setUpClass): 200 GET http://10.180.1.21/compute/v2.1/images/1fddc15d-28bc-49e7-b877-bf3c162c45ac 0.168s
2025-05-13 21:39:16.046 69762 WARNING tempest.lib.common.ssh [-] Failed to establish authenticated ssh connection to cirros@10.180.180.164 ([Errno None] Unable to connect to port 22 on 10.180.180.164). Number attempts: 8. Retry after 9 seconds.: paramiko.ssh_exception.NoValidConnectionsError: [Errno None] Unable to connect to port 22 on 10.180.180.164
2025-05-13 21:39:16.079 69816 INFO tempest.lib.common.rest_client [req-6e83944c-1ffb-499a-9c6f-8f7a4f89e7c2 req-6e83944c-1ffb-499a-9c6f-8f7a4f89e7c2 ] Request (ServersAaction247Test:test_create_backup): 200 GET http://10.180.1.21/compute/v2.1/servers/e5188b18-95ce-4912-8c29-d59340601259 0.239s
2025-05-13 21:39:16.107 69760 INFO tempest.lib.common.rest_client [req-d52001f8-c65e-41b7-9309-e8aa6522bda8 req-d52001f8-c65e-41b7-9309-e8aa6522bda8 ] Request (ServersAdminTestJSON:setUpClass): 200 GET http://10.180.1.21/compute/v2.1/servers/cd4b5c5b-82b7-4d9a-9d7e-6c127844fe1e 0.208s
2025-05-13 21:39:16.132 69776 INFO tempest.lib.common.rest_client [req-7e69f017-eb0e-4afa-84de-02bfdbcb0966 req-7e69f017-eb0e-4afa-84de-02bfdbcb0966 ] Request (ServerDiagnosticsV248Test:tearDownClass): 404 GET http://10.180.1.21/compute/v2.1/servers/a73dab07-defc-470a-a91e-0e77a69da76e 0.149s
2025-05-13 21:39:16.151 69786 INFO tempest.lib.common.rest_client [req-21598cff-e3ff-4ee4-a0cb-ac8ec6988019 req-21598cff-e3ff-4ee4-a0cb-ac8ec6988019 ] Request (ServerMetadataNegativeTestJSON:setUpClass): 200 GET http://10.180.1.21/compute/v2.1/servers/f92e3645-bfaa-4080-a67d-02c10fc0f9d8 0.223s
2025-05-13 21:39:16.211 69770 INFO tempest.lib.common.rest_client [req-86c4483a-968c-467c-91ed-fea0f5db4dbd req-86c4483a-968c-467c-91ed-fea0f5db4dbd ] Request (ServersAdminNegativeTestJSON:tearDownClass): 200 GET http://10.180.1.21/compute/v2.1/servers/736eb682-9dd1-45a7-8f88-d83ddae4d68a 0.156s
2025-05-13 21:39:16.231 69776 INFO tempest.lib.common.rest_client [req-baa27b69-cbc0-4484-adab-71155e9d96f7 req-baa27b69-cbc0-4484-adab-71155e9d96f7 ] Request (ServerDiagnosticsV248Test:tearDownClass): 204 DELETE http://10.180.1.21/identity/v3/users/a964e581f2b546a4b8a2cae9676f83a7 0.098s
2025-05-13 21:39:16.325 69776 INFO tempest.lib.common.rest_client [req-cd44aa2f-55e9-4d4d-83e1-53db5f644796 req-cd44aa2f-55e9-4d4d-83e1-53db5f644796 ] Request (ServerDiagnosticsV248Test:tearDownClass): 204 DELETE http://10.180.1.21/identity/v3/users/4d2adf58a7d940eba716455bfdbb7eda 0.093s
2025-05-13 21:39:16.325 69776 INFO tempest.lib.common.dynamic_creds [-] Deleting project and security group for project: e6f0b44847e640c09a498a1b14cd698f
2025-05-13 21:39:16.371 69778 INFO tempest.lib.common.rest_client [req-ad687173-850d-4166-a419-c4346719a451 req-ad687173-850d-4166-a419-c4346719a451 ] Request (ServersNegativeTestJSON:setUpClass): 200 PUT http://10.180.1.21:9696/networking/v2.0/routers/8c2b3d74-0b5f-4ecf-8520-e13a7e83ecb3/add_router_interface 1.042s
2025-05-13 21:39:16.371 69778 INFO tempest.lib.common.dynamic_creds [-] Created isolated network resources for: credentials: Credentials: {'domain_id': 'default', 'domain_name': 'Default', 'username': 'tempest-ServersNegativeTestJSON-642464338-project-member', 'project_domain_id': 'default', 'project_domain_name': 'Default', 'project_id': 'f18f6a10b50c46968def3d49b6001d2b', 'project_name': 'tempest-ServersNegativeTestJSON-642464338', 'tenant_id': 'f18f6a10b50c46968def3d49b6001d2b', 'tenant_name': 'tempest-ServersNegativeTestJSON-642464338', 'user_domain_id': 'default', 'user_domain_name': 'Default', 'user_id': '5e5ed9d9d86747ae8a2450727f148904', 'system': None}, Network: {'id': '416bbc26-2b5a-4509-87b1-ed1d8618fe41', 'name': 'tempest-ServersNegativeTestJSON-1453049445-network', 'tenant_id': 'f18f6a10b50c46968def3d49b6001d2b', 'admin_state_up': True, 'mtu': 8950, 'status': 'ACTIVE', 'subnets': [], 'shared': False, 'project_id': 'f18f6a10b50c46968def3d49b6001d2b', 'port_security_enabled': True, 'router:external': False, 'provider:network_type': 'vlan', 'provider:physical_network': 'default', 'provider:segmentation_id': 813, 'availability_zone_hints': [], 'availability_zones': [], 'ipv4_address_scope': None, 'ipv6_address_scope': None, 'description': '', 'tags': [], 'created_at': '2025-05-13T21:39:14Z', 'updated_at': '2025-05-13T21:39:14Z', 'revision_number': 1}, Subnet: {'id': '68fe9d39-c667-46b9-9906-a953920e7454', 'name': 'tempest-ServersNegativeTestJSON-1453049445-subnet', 'tenant_id': 'f18f6a10b50c46968def3d49b6001d2b', 'network_id': '416bbc26-2b5a-4509-87b1-ed1d8618fe41', 'ip_version': 4, 'subnetpool_id': None, 'enable_dhcp': True, 'ipv6_ra_mode': None, 'ipv6_address_mode': None, 'gateway_ip': '192.168.128.1', 'cidr': '192.168.128.0/28', 'allocation_pools': [{'start': '192.168.128.2', 'end': '192.168.128.14'}], 'host_routes': [], 'dns_nameservers': [], 'description': '', 'router:external': False, 'service_types': [], 'tags': [], 'created_at': '2025-05-13T21:39:14Z', 'updated_at': '2025-05-13T21:39:14Z', 'revision_number': 0, 'project_id': 'f18f6a10b50c46968def3d49b6001d2b'}, Router: {'id': '8c2b3d74-0b5f-4ecf-8520-e13a7e83ecb3', 'name': 'tempest-ServersNegativeTestJSON-1453049445-router', 'tenant_id': 'f18f6a10b50c46968def3d49b6001d2b', 'admin_state_up': True, 'status': 'ACTIVE', 'external_gateway_info': {'network_id': '5478a68c-9245-4018-b227-05b5fb0b431e', 'external_fixed_ips': [{'subnet_id': '1f3eabb7-fff5-49a5-a22c-0ad3feb2caef', 'ip_address': '10.180.180.181'}], 'enable_snat': True}, 'description': '', 'availability_zones': [], 'distributed': False, 'ha': False, 'availability_zone_hints': [], 'routes': [], 'flavor_id': None, 'tags': [], 'created_at': '2025-05-13T21:39:14Z', 'updated_at': '2025-05-13T21:39:15Z', 'revision_number': 2, 'project_id': 'f18f6a10b50c46968def3d49b6001d2b'}
2025-05-13 21:39:16.400 69776 INFO tempest.lib.common.rest_client [req-f7e1596d-4eaa-453e-919f-1f5d3608bbf9 req-f7e1596d-4eaa-453e-919f-1f5d3608bbf9 ] Request (ServerDiagnosticsV248Test:tearDownClass): 201 POST http://10.180.1.21/identity/v3/auth/tokens 0.074s
2025-05-13 21:39:16.455 69778 INFO tempest.lib.common.rest_client [req-ef0c5017-6765-4444-8e0f-14e57d0de51d req-ef0c5017-6765-4444-8e0f-14e57d0de51d ] Request (ServersNegativeTestJSON:setUpClass): 201 POST http://10.180.1.21/identity/v3/auth/tokens 0.080s
2025-05-13 21:39:16.474 69774 INFO tempest.lib.common.rest_client [req-50db998d-d81d-4224-ba6e-7f2042851a9e req-50db998d-d81d-4224-ba6e-7f2042851a9e ] Request (ServerShowV257Test:test_rebuild_server): 200 GET http://10.180.1.21/compute/v2.1/servers/52ee2d69-0a95-460e-b95e-16e0a5114e3b 0.069s
2025-05-13 21:39:16.489 69778 INFO tempest.lib.common.rest_client [req-27716ec9-bbfd-4e0e-a20e-4bb63293ce7c req-27716ec9-bbfd-4e0e-a20e-4bb63293ce7c ] Request (ServersNegativeTestJSON:setUpClass): 201 POST http://10.180.1.21/identity/v3/auth/tokens 0.030s
2025-05-13 21:39:16.490 69778 INFO tempest.lib.common.fixed_network [-] (ServersNegativeTestJSON:setUpClass) Found network {'id': '416bbc26-2b5a-4509-87b1-ed1d8618fe41', 'name': 'tempest-ServersNegativeTestJSON-1453049445-network', 'tenant_id': 'f18f6a10b50c46968def3d49b6001d2b', 'admin_state_up': True, 'mtu': 8950, 'status': 'ACTIVE', 'subnets': [], 'shared': False, 'project_id': 'f18f6a10b50c46968def3d49b6001d2b', 'port_security_enabled': True, 'router:external': False, 'provider:network_type': 'vlan', 'provider:physical_network': 'default', 'provider:segmentation_id': 813, 'availability_zone_hints': [], 'availability_zones': [], 'ipv4_address_scope': None, 'ipv6_address_scope': None, 'description': '', 'tags': [], 'created_at': '2025-05-13T21:39:14Z', 'updated_at': '2025-05-13T21:39:14Z', 'revision_number': 1} available for tenant
2025-05-13 21:39:16.557 69792 INFO tempest.lib.common.rest_client [req-fdc2c39f-439b-4d2e-a320-a142a484eb71 req-fdc2c39f-439b-4d2e-a320-a142a484eb71 ] Request (MultipleCreateTestJSON:test_multiple_create): 200 GET http://10.180.1.21/compute/v2.1/servers/0cc46589-609b-4feb-8e19-88da9c7200a6 0.070s
2025-05-13 21:39:16.559 69814 INFO tempest.lib.common.rest_client [req-96bc93f3-7db2-415d-b7c4-a6103bb251fa req-96bc93f3-7db2-415d-b7c4-a6103bb251fa ] Request (SecurityGroupsTestJSON:test_list_security_groups_by_server): 200 GET http://10.180.1.21/compute/v2.1/servers/2172b03c-6a59-48de-9dab-408a19619aca 0.140s
2025-05-13 21:39:16.660 69766 INFO tempest.lib.common.rest_client [req-8f08a2bd-373d-486f-9378-b4c5f0ad3a8d req-8f08a2bd-373d-486f-9378-b4c5f0ad3a8d ] Request (ImagesOneServerTestJSON:tearDownClass): 200 GET http://10.180.1.21/compute/v2.1/servers/5dd49b1e-89a0-4d8a-bdb0-db5f43c1682c 0.163s
2025-05-13 21:39:16.669 69776 INFO tempest.lib.common.rest_client [req-3c6ebd8b-32b5-431f-ac8c-3ff75ed3c5c3 req-3c6ebd8b-32b5-431f-ac8c-3ff75ed3c5c3 ] Request (ServerDiagnosticsV248Test:tearDownClass): 200 GET http://10.180.1.21:9696/networking/v2.0/security-groups?tenant_id=e6f0b44847e640c09a498a1b14cd698f&name=default 0.268s
2025-05-13 21:39:16.741 69812 INFO tempest.lib.common.rest_client [req-8ee28e36-0cae-4fbc-a0df-57c485d72c5d req-8ee28e36-0cae-4fbc-a0df-57c485d72c5d ] Request (ListServersNegativeTestJSON:setUpClass): 200 GET http://10.180.1.21/compute/v2.1/servers/cbcc2538-ac37-4cc7-8a70-6d3b4404d408 0.165s
2025-05-13 21:39:16.783 69776 INFO tempest.lib.common.rest_client [req-3d8436ee-08ef-4b9f-b8a6-ba26e335e363 req-3d8436ee-08ef-4b9f-b8a6-ba26e335e363 ] Request (ServerDiagnosticsV248Test:tearDownClass): 204 DELETE http://10.180.1.21:9696/networking/v2.0/security-groups/78b0c6c3-5413-4265-85b8-3350ab79a8ee 0.114s
2025-05-13 21:39:16.808 69806 INFO tempest.lib.common.rest_client [req-eb16be2b-bf84-41b0-b53a-71e50209e25d req-eb16be2b-bf84-41b0-b53a-71e50209e25d ] Request (DeleteServersAdminTestJSON:test_delete_server_while_in_error_state): 200 GET http://10.180.1.21/compute/v2.1/servers/cc3336d0-85fc-4aa8-8521-7ef2ed5c2674 0.220s
2025-05-13 21:39:16.844 69794 INFO tempest.lib.common.rest_client [req-829c4e23-062e-47de-957f-3b29efdd6c54 req-829c4e23-062e-47de-957f-3b29efdd6c54 ] Request (ImagesTestJSON:test_create_image_from_stopped_server): 200 GET http://10.180.1.21/compute/v2.1/images/25c64911-5fb7-4a13-bc5d-9d102155769e 0.188s
2025-05-13 21:39:16.873 69776 INFO tempest.lib.common.rest_client [req-7ce6f6dd-2e25-4745-b2d5-9d207692a6cd req-7ce6f6dd-2e25-4745-b2d5-9d207692a6cd ] Request (ServerDiagnosticsV248Test:tearDownClass): 204 DELETE http://10.180.1.21/identity/v3/projects/e6f0b44847e640c09a498a1b14cd698f 0.089s
2025-05-13 21:39:16.874 69776 INFO tempest.lib.common.dynamic_creds [-] Deleting project and security group for project: 78232f4ae2a6442abe9b9f408ff6849e
2025-05-13 21:39:16.904 69773 INFO tempest.lib.common.rest_client [req-321893b2-11e6-44fd-849e-7aa4e85fadeb req-321893b2-11e6-44fd-849e-7aa4e85fadeb ] Request (DeleteServersTestJSON:test_delete_server_while_in_attached_volume): 200 GET http://10.180.1.21/compute/v2.1/servers/79fb7a70-beec-44e4-adcf-b959d4482341 0.244s
2025-05-13 21:39:16.989 69796 INFO tempest.lib.common.rest_client [req-c8a935da-d0ce-4600-b1a5-0916ef03b1ee req-c8a935da-d0ce-4600-b1a5-0916ef03b1ee ] Request (ServerGroupTestJSON:_run_cleanups): 200 GET http://10.180.1.21/compute/v2.1/servers/44b4ca7c-aec4-40a2-819a-cb938b618d22 0.270s
2025-05-13 21:39:17.024 69776 INFO tempest.lib.common.rest_client [req-8a5a8418-f2b1-4248-b78a-66d9538017af req-8a5a8418-f2b1-4248-b78a-66d9538017af ] Request (ServerDiagnosticsV248Test:tearDownClass): 200 GET http://10.180.1.21:9696/networking/v2.0/security-groups?tenant_id=78232f4ae2a6442abe9b9f408ff6849e&name=default 0.150s
2025-05-13 21:39:17.045 69778 INFO tempest.lib.common.rest_client [req-e41b00eb-d331-42d4-969c-cee79ee350d6 req-e41b00eb-d331-42d4-969c-cee79ee350d6 ] Request (ServersNegativeTestJSON:setUpClass): 202 POST http://10.180.1.21/compute/v2.1/servers 0.554s
2025-05-13 21:39:17.046 69755 INFO tempest.lib.common.rest_client [req-17673a26-7031-4e8e-a98b-48c1d7f44727 req-17673a26-7031-4e8e-a98b-48c1d7f44727 ] Request (ServerRescueTestJSONUnderV235:setUpClass): 200 GET http://10.180.1.21/compute/v2.1/servers/fb2639a1-1d42-4e4e-a4d5-b579dca01370 0.319s
2025-05-13 21:39:17.109 69780 INFO tempest.lib.common.rest_client [req-17d06a02-6fca-40e5-ba2f-1c5ff7e84a3f req-17d06a02-6fca-40e5-ba2f-1c5ff7e84a3f ] Request (ServerRescueTestJSON:test_rescue_unrescue_instance): 200 GET http://10.180.1.21/compute/v2.1/servers/830b3cad-5c4c-4086-a060-4a0dea4b1735 0.316s
2025-05-13 21:39:17.116 69788 INFO tempest.lib.common.rest_client [req-6a429d5a-9a0d-43e2-a6d2-5cbb6d821a04 req-6a429d5a-9a0d-43e2-a6d2-5cbb6d821a04 ] Request (ServerTagsTestJSON:setUpClass): 200 GET http://10.180.1.21/compute/v2.1/servers/6cabd8b5-b9a7-423e-910f-db3fb5b2535d 0.334s
2025-05-13 21:39:17.138 69776 INFO tempest.lib.common.rest_client [req-3c5927a2-c736-4275-8dcd-ff32c3b15c63 req-3c5927a2-c736-4275-8dcd-ff32c3b15c63 ] Request (ServerDiagnosticsV248Test:tearDownClass): 204 DELETE http://10.180.1.21:9696/networking/v2.0/security-groups/0de19269-8c0a-4629-aa58-0420ac103881 0.113s
2025-05-13 21:39:17.171 69764 INFO tempest.lib.common.rest_client [req-ff62af14-6599-4326-b33a-f9247fc8bbf9 req-ff62af14-6599-4326-b33a-f9247fc8bbf9 ] Request (ServerDiskConfigTestJSON:test_rebuild_server_with_manual_disk_config): 200 GET http://10.180.1.21/compute/v2.1/servers/89fec1cc-8bdb-488f-b06c-795c8ff1fbec 0.328s
2025-05-13 21:39:17.179 69757 INFO tempest.lib.common.rest_client [req-74842ab3-572f-4894-8f7b-94d6b4a3470c req-74842ab3-572f-4894-8f7b-94d6b4a3470c ] Request (ServersTestBootFromVolume:setUpClass): 200 GET http://10.180.1.21/compute/v2.1/servers/8c1140a4-a4b1-4190-92f3-c4576ffa22bb 0.316s
2025-05-13 21:39:17.285 69776 INFO tempest.lib.common.rest_client [req-dbed82b8-64f6-4c5d-8b5e-9e78ae1779b1 req-dbed82b8-64f6-4c5d-8b5e-9e78ae1779b1 ] Request (ServerDiagnosticsV248Test:tearDownClass): 204 DELETE http://10.180.1.21/identity/v3/projects/78232f4ae2a6442abe9b9f408ff6849e 0.147s
2025-05-13 21:39:17.296 69810 INFO tempest.lib.common.rest_client [req-3b345bc4-8cf6-48a6-9477-82ba4d99cec6 req-3b345bc4-8cf6-48a6-9477-82ba4d99cec6 ] Request (InstanceActionsNegativeTestJSON:setUpClass): 200 GET http://10.180.1.21/compute/v2.1/servers/9142b50b-9af0-4b60-a1df-7f713eb02f2c 0.283s
2025-05-13 21:39:17.296 69808 INFO tempest.lib.common.rest_client [req-827e0dda-c0d5-4668-85d1-a64f4e285096 req-827e0dda-c0d5-4668-85d1-a64f4e285096 ] Request (MigrationsAdminTest:test_list_migrations_in_flavor_resize_situation): 200 GET http://10.180.1.21/compute/v2.1/servers/b40269cc-f3c6-4dbc-a9aa-aa9f95186045 0.288s
2025-05-13 21:39:17.338 69768 INFO tempest.lib.common.rest_client [req-87875cf3-6e73-4fd6-ae4e-5f8711776103 req-87875cf3-6e73-4fd6-ae4e-5f8711776103 ] Request (ListImageFiltersTestJSON:setUpClass): 200 GET http://10.180.1.21/compute/v2.1/images/1fddc15d-28bc-49e7-b877-bf3c162c45ac 0.294s
2025-05-13 21:39:17.352 69778 INFO tempest.lib.common.rest_client [req-c996b09a-a40b-47e2-b2d8-34aacaab8949 req-c996b09a-a40b-47e2-b2d8-34aacaab8949 ] Request (ServersNegativeTestJSON:setUpClass): 200 GET http://10.180.1.21/compute/v2.1/servers/4d16ebe5-dadc-4f4f-a04b-7224f5ffc8b3 0.304s
2025-05-13 21:39:17.359 69776 INFO tempest.lib.common.rest_client [req-64434196-7548-4218-93f5-6c03ed4f6cb3 req-64434196-7548-4218-93f5-6c03ed4f6cb3 ] Request (ServicesAdminNegativeTestJSON:setUpClass): 201 POST http://10.180.1.21/identity/v3/auth/tokens 0.069s
2025-05-13 21:39:17.400 69816 INFO tempest.lib.common.rest_client [req-8ed60e3e-7240-4d39-a7a7-df24c414baff req-8ed60e3e-7240-4d39-a7a7-df24c414baff ] Request (ServersAaction247Test:test_create_backup): 200 GET http://10.180.1.21/compute/v2.1/servers/e5188b18-95ce-4912-8c29-d59340601259 0.307s
2025-05-13 21:39:17.411 69776 INFO tempest.lib.common.rest_client [req-c9122550-e97c-46af-9e5c-d81a33c89e1e req-c9122550-e97c-46af-9e5c-d81a33c89e1e ] Request (ServicesAdminNegativeTestJSON:setUpClass): 201 POST http://10.180.1.21/identity/v3/auth/tokens 0.049s
2025-05-13 21:39:17.415 69760 INFO tempest.lib.common.rest_client [req-199113df-1c11-4511-a736-57c8efc33fd4 req-199113df-1c11-4511-a736-57c8efc33fd4 ] Request (ServersAdminTestJSON:setUpClass): 200 GET http://10.180.1.21/compute/v2.1/servers/cd4b5c5b-82b7-4d9a-9d7e-6c127844fe1e 0.299s
2025-05-13 21:39:17.444 69776 INFO tempest.lib.common.rest_client [req-3fce4cfa-750c-4259-a429-113dba1b1fcf req-3fce4cfa-750c-4259-a429-113dba1b1fcf ] Request (ServicesAdminNegativeTestJSON:setUpClass): 200 GET http://10.180.1.21/identity/v3/domains?name=Default 0.032s
2025-05-13 21:39:17.452 69786 INFO tempest.lib.common.rest_client [req-e1d448d9-bb69-44fa-88b0-6f058c5b12cb req-e1d448d9-bb69-44fa-88b0-6f058c5b12cb ] Request (ServerMetadataNegativeTestJSON:setUpClass): 200 GET http://10.180.1.21/compute/v2.1/servers/f92e3645-bfaa-4080-a67d-02c10fc0f9d8 0.292s
2025-05-13 21:39:17.470 69776 INFO tempest.lib.common.rest_client [req-e757eaff-2670-4413-a49f-34cb9e1aca0b req-e757eaff-2670-4413-a49f-34cb9e1aca0b ] Request (ServicesAdminNegativeTestJSON:setUpClass): 201 POST http://10.180.1.21/identity/v3/projects 0.026s
2025-05-13 21:39:17.480 69770 INFO tempest.lib.common.rest_client [req-da58a6ec-6a31-4f43-a05f-36e3f750aec9 req-da58a6ec-6a31-4f43-a05f-36e3f750aec9 ] Request (ServersAdminNegativeTestJSON:tearDownClass): 200 GET http://10.180.1.21/compute/v2.1/servers/736eb682-9dd1-45a7-8f88-d83ddae4d68a 0.260s
2025-05-13 21:39:17.487 69768 INFO tempest.lib.common.rest_client [req-575bc339-06b8-4cf6-b654-00f9847002d1 req-575bc339-06b8-4cf6-b654-00f9847002d1 ] Request (ListImageFiltersTestJSON:setUpClass): 200 GET http://10.180.1.21/compute/v2.1/images/1fddc15d-28bc-49e7-b877-bf3c162c45ac 0.146s
2025-05-13 21:39:17.532 69776 INFO tempest.lib.common.rest_client [req-64fc098d-d265-4d67-895b-8bce1aeb3ab5 req-64fc098d-d265-4d67-895b-8bce1aeb3ab5 ] Request (ServicesAdminNegativeTestJSON:setUpClass): 201 POST http://10.180.1.21/identity/v3/users 0.061s
2025-05-13 21:39:17.543 69774 INFO tempest.lib.common.rest_client [req-1d65c427-4749-435f-ab46-08f3b23198e3 req-1d65c427-4749-435f-ab46-08f3b23198e3 ] Request (ServerShowV257Test:test_rebuild_server): 200 GET http://10.180.1.21/compute/v2.1/servers/52ee2d69-0a95-460e-b95e-16e0a5114e3b 0.058s
2025-05-13 21:39:17.555 69776 INFO tempest.lib.common.rest_client [req-1a80d850-1fc0-4a77-861d-574cb2343620 req-1a80d850-1fc0-4a77-861d-574cb2343620 ] Request (ServicesAdminNegativeTestJSON:setUpClass): 200 GET http://10.180.1.21/identity/v3/roles 0.022s
2025-05-13 21:39:17.584 69776 INFO tempest.lib.common.rest_client [req-81431d9f-5648-4f93-85e2-f67bcf0ba258 req-81431d9f-5648-4f93-85e2-f67bcf0ba258 ] Request (ServicesAdminNegativeTestJSON:setUpClass): 204 PUT http://10.180.1.21/identity/v3/projects/60887529d5154d90b45817ed6f4d959b/users/b5c748e73c8a44769b1b03180fec0fbb/roles/c7953bbd9d974220974eb3fc7743b4c5 0.027s
2025-05-13 21:39:17.584 69776 INFO tempest.lib.common.dynamic_creds [-] Dynamic test user b5c748e73c8a44769b1b03180fec0fbb is created with scope project and roles: ['member']
2025-05-13 21:39:17.585 69776 INFO tempest.lib.common.dynamic_creds [-] Acquired dynamic creds: credentials: Credentials: {'domain_id': 'default', 'domain_name': 'Default', 'username': 'tempest-ServicesAdminNegativeTestJSON-1153110521-project-member', 'project_domain_id': 'default', 'project_domain_name': 'Default', 'project_id': '60887529d5154d90b45817ed6f4d959b', 'project_name': 'tempest-ServicesAdminNegativeTestJSON-1153110521', 'tenant_id': '60887529d5154d90b45817ed6f4d959b', 'tenant_name': 'tempest-ServicesAdminNegativeTestJSON-1153110521', 'user_domain_id': 'default', 'user_domain_name': 'Default', 'user_id': 'b5c748e73c8a44769b1b03180fec0fbb', 'system': None}, Network: None, Subnet: None, Router: None
2025-05-13 21:39:17.585 69776 INFO tempest.lib.common.dynamic_creds [-] Created isolated network resources for: credentials: Credentials: {'domain_id': 'default', 'domain_name': 'Default', 'username': 'tempest-ServicesAdminNegativeTestJSON-1153110521-project-member', 'project_domain_id': 'default', 'project_domain_name': 'Default', 'project_id': '60887529d5154d90b45817ed6f4d959b', 'project_name': 'tempest-ServicesAdminNegativeTestJSON-1153110521', 'tenant_id': '60887529d5154d90b45817ed6f4d959b', 'tenant_name': 'tempest-ServicesAdminNegativeTestJSON-1153110521', 'user_domain_id': 'default', 'user_domain_name': 'Default', 'user_id': 'b5c748e73c8a44769b1b03180fec0fbb', 'system': None}, Network: None, Subnet: None, Router: None
2025-05-13 21:39:17.637 69768 INFO tempest.lib.common.rest_client [req-1e0e257f-631e-4baf-8955-ffa88468053e req-1e0e257f-631e-4baf-8955-ffa88468053e ] Request (ListImageFiltersTestJSON:setUpClass): 200 GET http://10.180.1.21/compute/v2.1/servers/42f1adb9-de91-4dac-8b1d-ca21a0b9f530 0.146s
2025-05-13 21:39:17.665 69776 INFO tempest.lib.common.rest_client [req-14163274-1690-4bc2-8d26-a120f959b9f7 req-14163274-1690-4bc2-8d26-a120f959b9f7 ] Request (ServicesAdminNegativeTestJSON:setUpClass): 201 POST http://10.180.1.21/identity/v3/auth/tokens 0.077s
2025-05-13 21:39:17.697 69792 INFO tempest.lib.common.rest_client [req-60c79115-e96a-4c8e-bcba-2aaf89cd5119 req-60c79115-e96a-4c8e-bcba-2aaf89cd5119 ] Request (MultipleCreateTestJSON:test_multiple_create): 200 GET http://10.180.1.21/compute/v2.1/servers/0cc46589-609b-4feb-8e19-88da9c7200a6 0.129s
2025-05-13 21:39:17.702 69814 INFO tempest.lib.common.rest_client [req-bbc5561a-d8f8-4727-ba07-1d4788383d3f req-bbc5561a-d8f8-4727-ba07-1d4788383d3f ] Request (SecurityGroupsTestJSON:test_list_security_groups_by_server): 200 GET http://10.180.1.21/compute/v2.1/servers/2172b03c-6a59-48de-9dab-408a19619aca 0.135s
2025-05-13 21:39:17.735 69776 INFO tempest.lib.common.rest_client [req-a2af2e97-3e87-4878-a081-ff64595739d7 req-a2af2e97-3e87-4878-a081-ff64595739d7 ] Request (ServicesAdminNegativeTestJSON:setUpClass): 201 POST http://10.180.1.21/identity/v3/projects 0.069s
2025-05-13 21:39:17.759 69766 INFO tempest.lib.common.rest_client [req-d1513397-dea4-47ee-83c1-b1c2bd00542e req-d1513397-dea4-47ee-83c1-b1c2bd00542e ] Request (ImagesOneServerTestJSON:tearDownClass): 200 GET http://10.180.1.21/compute/v2.1/servers/5dd49b1e-89a0-4d8a-bdb0-db5f43c1682c 0.091s
2025-05-13 21:39:17.822 69776 INFO tempest.lib.common.rest_client [req-56ce09f4-47a8-43be-8d77-4a772bb6c547 req-56ce09f4-47a8-43be-8d77-4a772bb6c547 ] Request (ServicesAdminNegativeTestJSON:setUpClass): 201 POST http://10.180.1.21/identity/v3/users 0.086s
2025-05-13 21:39:17.824 69812 INFO tempest.lib.common.rest_client [req-495c3c11-acd8-4d80-ad14-4f5421518c0b req-495c3c11-acd8-4d80-ad14-4f5421518c0b ] Request (ListServersNegativeTestJSON:setUpClass): 200 GET http://10.180.1.21/compute/v2.1/servers/cbcc2538-ac37-4cc7-8a70-6d3b4404d408 0.073s
2025-05-13 21:39:17.849 69776 INFO tempest.lib.common.rest_client [req-c2447ab5-b5b1-481f-8585-812c3d659536 req-c2447ab5-b5b1-481f-8585-812c3d659536 ] Request (ServicesAdminNegativeTestJSON:setUpClass): 200 GET http://10.180.1.21/identity/v3/roles 0.027s
2025-05-13 21:39:17.883 69806 INFO tempest.lib.common.rest_client [req-61004f47-531d-4293-85e2-2174d5399af4 req-61004f47-531d-4293-85e2-2174d5399af4 ] Request (DeleteServersAdminTestJSON:test_delete_server_while_in_error_state): 200 GET http://10.180.1.21/compute/v2.1/servers/cc3336d0-85fc-4aa8-8521-7ef2ed5c2674 0.066s
2025-05-13 21:39:17.888 69776 INFO tempest.lib.common.rest_client [req-9766764c-04cc-46ad-b16f-33405e610f83 req-9766764c-04cc-46ad-b16f-33405e610f83 ] Request (ServicesAdminNegativeTestJSON:setUpClass): 204 PUT http://10.180.1.21/identity/v3/projects/93cd157108fc41d7ba264bdaff6515a8/users/ec0d13ec815c4d06a376dca0d8161b28/roles/489a45090ad0488fb06cc7e01c16a8df 0.038s
2025-05-13 21:39:17.901 69794 INFO tempest.lib.common.rest_client [req-3a0bce54-0a9c-44dc-85a2-bdff4a57acae req-3a0bce54-0a9c-44dc-85a2-bdff4a57acae ] Request (ImagesTestJSON:test_create_image_from_stopped_server): 200 GET http://10.180.1.21/compute/v2.1/images/25c64911-5fb7-4a13-bc5d-9d102155769e 0.050s
2025-05-13 21:39:17.971 69776 INFO tempest.lib.common.rest_client [req-3be8bf28-0aed-4679-949a-c843e09834da req-3be8bf28-0aed-4679-949a-c843e09834da ] Request (ServicesAdminNegativeTestJSON:setUpClass): 200 GET http://10.180.1.21/identity/v3/roles 0.082s
2025-05-13 21:39:17.992 69773 INFO tempest.lib.common.rest_client [req-302f0ba9-c51b-467c-bb99-e1c1f54170f9 req-302f0ba9-c51b-467c-bb99-e1c1f54170f9 ] Request (DeleteServersTestJSON:test_delete_server_while_in_attached_volume): 200 GET http://10.180.1.21/compute/v2.1/servers/79fb7a70-beec-44e4-adcf-b959d4482341 0.075s
2025-05-13 21:39:17.998 69776 INFO tempest.lib.common.rest_client [req-594e44fb-f848-4027-8aff-70b1b235c37a req-594e44fb-f848-4027-8aff-70b1b235c37a ] Request (ServicesAdminNegativeTestJSON:setUpClass): 204 PUT http://10.180.1.21/identity/v3/projects/93cd157108fc41d7ba264bdaff6515a8/users/ec0d13ec815c4d06a376dca0d8161b28/roles/489a45090ad0488fb06cc7e01c16a8df 0.027s
2025-05-13 21:39:17.998 69776 INFO tempest.lib.common.dynamic_creds [-] Dynamic test user ec0d13ec815c4d06a376dca0d8161b28 is created with scope project and roles: ['admin']
2025-05-13 21:39:17.998 69776 INFO tempest.lib.common.dynamic_creds [-] Acquired dynamic creds: credentials: Credentials: {'domain_id': 'default', 'domain_name': 'Default', 'username': 'tempest-ServicesAdminNegativeTestJSON-1739808394-project-admin', 'project_domain_id': 'default', 'project_domain_name': 'Default', 'project_id': '93cd157108fc41d7ba264bdaff6515a8', 'project_name': 'tempest-ServicesAdminNegativeTestJSON-1739808394', 'tenant_id': '93cd157108fc41d7ba264bdaff6515a8', 'tenant_name': 'tempest-ServicesAdminNegativeTestJSON-1739808394', 'user_domain_id': 'default', 'user_domain_name': 'Default', 'user_id': 'ec0d13ec815c4d06a376dca0d8161b28', 'system': None}, Network: None, Subnet: None, Router: None
2025-05-13 21:39:17.999 69776 INFO tempest.lib.common.dynamic_creds [-] Created isolated network resources for: credentials: Credentials: {'domain_id': 'default', 'domain_name': 'Default', 'username': 'tempest-ServicesAdminNegativeTestJSON-1739808394-project-admin', 'project_domain_id': 'default', 'project_domain_name': 'Default', 'project_id': '93cd157108fc41d7ba264bdaff6515a8', 'project_name': 'tempest-ServicesAdminNegativeTestJSON-1739808394', 'tenant_id': '93cd157108fc41d7ba264bdaff6515a8', 'tenant_name': 'tempest-ServicesAdminNegativeTestJSON-1739808394', 'user_domain_id': 'default', 'user_domain_name': 'Default', 'user_id': 'ec0d13ec815c4d06a376dca0d8161b28', 'system': None}, Network: None, Subnet: None, Router: None
2025-05-13 21:39:18.087 69796 INFO tempest.lib.common.rest_client [req-09f61d20-e4ba-4ea8-aff5-32e2053ba69c req-09f61d20-e4ba-4ea8-aff5-32e2053ba69c ] Request (ServerGroupTestJSON:_run_cleanups): 200 GET http://10.180.1.21/compute/v2.1/servers/44b4ca7c-aec4-40a2-819a-cb938b618d22 0.085s
2025-05-13 21:39:18.127 69776 INFO tempest.lib.common.rest_client [req-ec80a2cf-6572-42f3-9d0e-abb585d5ff3c req-ec80a2cf-6572-42f3-9d0e-abb585d5ff3c ] Request (ServicesAdminNegativeTestJSON:setUpClass): 201 POST http://10.180.1.21/identity/v3/auth/tokens 0.126s
2025-05-13 21:39:18.132 69755 INFO tempest.lib.common.rest_client [req-a982e453-06ea-414d-bd94-41df1dd01097 req-a982e453-06ea-414d-bd94-41df1dd01097 ] Request (ServerRescueTestJSONUnderV235:setUpClass): 200 GET http://10.180.1.21/compute/v2.1/servers/fb2639a1-1d42-4e4e-a4d5-b579dca01370 0.076s
2025-05-13 21:39:18.196 69780 INFO tempest.lib.common.rest_client [req-51988cb4-1202-4d41-8368-a25595c0327f req-51988cb4-1202-4d41-8368-a25595c0327f ] Request (ServerRescueTestJSON:test_rescue_unrescue_instance): 200 GET http://10.180.1.21/compute/v2.1/servers/830b3cad-5c4c-4086-a060-4a0dea4b1735 0.073s
2025-05-13 21:39:18.254 69788 INFO tempest.lib.common.rest_client [req-c329dba5-d1c0-4544-ba6c-81a24cd98035 req-c329dba5-d1c0-4544-ba6c-81a24cd98035 ] Request (ServerTagsTestJSON:setUpClass): 200 GET http://10.180.1.21/compute/v2.1/servers/6cabd8b5-b9a7-423e-910f-db3fb5b2535d 0.121s
2025-05-13 21:39:18.259 69776 INFO tempest.lib.common.rest_client [req-f65c1b6a-43e8-484e-8c9f-b634d25e3a01 req-f65c1b6a-43e8-484e-8c9f-b634d25e3a01 ] Request (ServicesAdminNegativeTestJSON:test_get_service_by_invalid_params): 200 GET http://10.180.1.21/compute/v2.1/os-services 0.130s
2025-05-13 21:39:18.306 69764 INFO tempest.lib.common.rest_client [req-f91ffbb3-b75f-4ea7-bed9-d5207cada313 req-f91ffbb3-b75f-4ea7-bed9-d5207cada313 ] Request (ServerDiskConfigTestJSON:test_rebuild_server_with_manual_disk_config): 200 GET http://10.180.1.21/compute/v2.1/servers/89fec1cc-8bdb-488f-b06c-795c8ff1fbec 0.126s
2025-05-13 21:39:18.330 69757 INFO tempest.lib.common.rest_client [req-ed1bd3c2-09a7-42e3-963e-d4451819741f req-ed1bd3c2-09a7-42e3-963e-d4451819741f ] Request (ServersTestBootFromVolume:setUpClass): 200 GET http://10.180.1.21/compute/v2.1/servers/8c1140a4-a4b1-4190-92f3-c4576ffa22bb 0.141s
2025-05-13 21:39:18.336 69776 INFO tempest.lib.common.rest_client [req-c4750834-bd64-47c1-8deb-265ae76ba589 req-c4750834-bd64-47c1-8deb-265ae76ba589 ] Request (ServicesAdminNegativeTestJSON:test_get_service_by_invalid_params): 200 GET http://10.180.1.21/compute/v2.1/os-services?xxx=nova-compute 0.074s
2025-05-13 21:39:18.445 69808 INFO tempest.lib.common.rest_client [req-3e30de82-1d6e-4afc-bcda-5a2da52326bc req-3e30de82-1d6e-4afc-bcda-5a2da52326bc ] Request (MigrationsAdminTest:test_list_migrations_in_flavor_resize_situation): 200 GET http://10.180.1.21/compute/v2.1/servers/b40269cc-f3c6-4dbc-a9aa-aa9f95186045 0.141s
2025-05-13 21:39:18.472 69810 INFO tempest.lib.common.rest_client [req-e8480007-0ec3-4a3d-990b-ced4cfccd633 req-e8480007-0ec3-4a3d-990b-ced4cfccd633 ] Request (InstanceActionsNegativeTestJSON:setUpClass): 200 GET http://10.180.1.21/compute/v2.1/servers/9142b50b-9af0-4b60-a1df-7f713eb02f2c 0.161s
2025-05-13 21:39:18.473 69776 INFO tempest.lib.common.rest_client [req-40befdab-8097-456f-b511-2ff3a1d5bb1f req-40befdab-8097-456f-b511-2ff3a1d5bb1f ] Request (ServicesAdminNegativeTestJSON:test_get_service_by_invalid_service_and_valid_host): 200 GET http://10.180.1.21/compute/v2.1/os-services 0.133s
2025-05-13 21:39:18.521 69778 INFO tempest.lib.common.rest_client [req-0a422fd4-e935-4fb8-a63e-7befc94ce2bc req-0a422fd4-e935-4fb8-a63e-7befc94ce2bc ] Request (ServersNegativeTestJSON:setUpClass): 200 GET http://10.180.1.21/compute/v2.1/servers/4d16ebe5-dadc-4f4f-a04b-7224f5ffc8b3 0.160s
2025-05-13 21:39:18.525 69816 INFO tempest.lib.common.rest_client [req-66f5660f-2411-4a31-89b4-63110b0f2323 req-66f5660f-2411-4a31-89b4-63110b0f2323 ] Request (ServersAaction247Test:test_create_backup): 200 GET http://10.180.1.21/compute/v2.1/servers/e5188b18-95ce-4912-8c29-d59340601259 0.115s
2025-05-13 21:39:18.575 69760 INFO tempest.lib.common.rest_client [req-d45acc4e-da91-4b59-884e-98687c8fbb53 req-d45acc4e-da91-4b59-884e-98687c8fbb53 ] Request (ServersAdminTestJSON:setUpClass): 200 GET http://10.180.1.21/compute/v2.1/servers/cd4b5c5b-82b7-4d9a-9d7e-6c127844fe1e 0.150s
2025-05-13 21:39:18.582 69786 INFO tempest.lib.common.rest_client [req-2b0ba82d-1091-4ac8-9d22-e91536c03111 req-2b0ba82d-1091-4ac8-9d22-e91536c03111 ] Request (ServerMetadataNegativeTestJSON:setUpClass): 200 GET http://10.180.1.21/compute/v2.1/servers/f92e3645-bfaa-4080-a67d-02c10fc0f9d8 0.122s
2025-05-13 21:39:18.601 69776 INFO tempest.lib.common.rest_client [req-140c50f6-7277-4943-8cd0-ea8955e7010f req-140c50f6-7277-4943-8cd0-ea8955e7010f ] Request (ServicesAdminNegativeTestJSON:test_get_service_by_invalid_service_and_valid_host): 200 GET http://10.180.1.21/compute/v2.1/os-services?host=devstack&binary=xxx 0.125s
2025-05-13 21:39:18.644 69770 INFO tempest.lib.common.rest_client [req-794eb11b-40fb-46a1-bf46-0f7f90c082c1 req-794eb11b-40fb-46a1-bf46-0f7f90c082c1 ] Request (ServersAdminNegativeTestJSON:tearDownClass): 200 GET http://10.180.1.21/compute/v2.1/servers/736eb682-9dd1-45a7-8f88-d83ddae4d68a 0.155s
2025-05-13 21:39:18.657 69774 INFO tempest.lib.common.rest_client [req-062111c4-8904-4566-964c-ac5881e67ff5 req-062111c4-8904-4566-964c-ac5881e67ff5 ] Request (ServerShowV257Test:test_rebuild_server): 200 GET http://10.180.1.21/compute/v2.1/servers/52ee2d69-0a95-460e-b95e-16e0a5114e3b 0.102s
2025-05-13 21:39:18.667 69776 INFO tempest.lib.common.rest_client [req-dc4cd995-1277-4183-bd8c-f5e315fb197e req-dc4cd995-1277-4183-bd8c-f5e315fb197e ] Request (ServicesAdminNegativeTestJSON:test_get_service_with_valid_service_and_invalid_host): 200 GET http://10.180.1.21/compute/v2.1/os-services 0.063s
2025-05-13 21:39:18.697 69776 INFO tempest.lib.common.rest_client [req-25326f38-504a-41f3-a740-674819c6e9f4 req-25326f38-504a-41f3-a740-674819c6e9f4 ] Request (ServicesAdminNegativeTestJSON:test_get_service_with_valid_service_and_invalid_host): 200 GET http://10.180.1.21/compute/v2.1/os-services?host=xxx&binary=nova-scheduler 0.028s
2025-05-13 21:39:18.752 69768 INFO tempest.lib.common.rest_client [req-cbeb8148-a5f8-4c51-9939-26c50943567b req-cbeb8148-a5f8-4c51-9939-26c50943567b ] Request (ListImageFiltersTestJSON:setUpClass): 200 GET http://10.180.1.21/compute/v2.1/servers/42f1adb9-de91-4dac-8b1d-ca21a0b9f530 0.105s
2025-05-13 21:39:18.763 69776 INFO tempest.lib.common.rest_client [req-348b9de7-d74d-4157-88fc-00a84df3cf37 req-348b9de7-d74d-4157-88fc-00a84df3cf37 ] Request (ServicesAdminNegativeTestJSON:test_list_services_with_non_admin_user): 403 GET http://10.180.1.21/compute/v2.1/os-services 0.061s
2025-05-13 21:39:18.802 69792 INFO tempest.lib.common.rest_client [req-9b3cf3b2-1c70-4718-98dd-31d431b60526 req-9b3cf3b2-1c70-4718-98dd-31d431b60526 ] Request (MultipleCreateTestJSON:test_multiple_create): 200 GET http://10.180.1.21/compute/v2.1/servers/0cc46589-609b-4feb-8e19-88da9c7200a6 0.096s
2025-05-13 21:39:18.865 69766 INFO tempest.lib.common.rest_client [req-047d4d41-db4c-421c-8db2-287905ffcd06 req-047d4d41-db4c-421c-8db2-287905ffcd06 ] Request (ImagesOneServerTestJSON:tearDownClass): 200 GET http://10.180.1.21/compute/v2.1/servers/5dd49b1e-89a0-4d8a-bdb0-db5f43c1682c 0.097s
2025-05-13 21:39:18.872 69776 INFO tempest.lib.common.rest_client [req-0c4cb57e-2de7-43fe-87b3-5f47d5c10774 req-0c4cb57e-2de7-43fe-87b3-5f47d5c10774 ] Request (ServicesAdminNegativeTestJSON:tearDownClass): 204 DELETE http://10.180.1.21/identity/v3/users/b5c748e73c8a44769b1b03180fec0fbb 0.108s
2025-05-13 21:39:18.879 69814 INFO tempest.lib.common.rest_client [req-f30642a0-979f-4d54-bd6d-176a439dd0b8 req-f30642a0-979f-4d54-bd6d-176a439dd0b8 ] Request (SecurityGroupsTestJSON:test_list_security_groups_by_server): 200 GET http://10.180.1.21/compute/v2.1/servers/2172b03c-6a59-48de-9dab-408a19619aca 0.165s
2025-05-13 21:39:18.937 69812 INFO tempest.lib.common.rest_client [req-43e4998a-65e2-4b90-b613-d1db6e70358d req-43e4998a-65e2-4b90-b613-d1db6e70358d ] Request (ListServersNegativeTestJSON:setUpClass): 200 GET http://10.180.1.21/compute/v2.1/servers/cbcc2538-ac37-4cc7-8a70-6d3b4404d408 0.101s
2025-05-13 21:39:18.955 69806 INFO tempest.lib.common.rest_client [req-f891d0eb-6951-408b-8318-50650c644259 req-f891d0eb-6951-408b-8318-50650c644259 ] Request (DeleteServersAdminTestJSON:test_delete_server_while_in_error_state): 200 GET http://10.180.1.21/compute/v2.1/servers/cc3336d0-85fc-4aa8-8521-7ef2ed5c2674 0.064s
2025-05-13 21:39:18.972 69794 INFO tempest.lib.common.rest_client [req-d18f4f90-f429-4426-a77e-dcc2ac1a069f req-d18f4f90-f429-4426-a77e-dcc2ac1a069f ] Request (ImagesTestJSON:test_create_image_from_stopped_server): 200 GET http://10.180.1.21/compute/v2.1/images/25c64911-5fb7-4a13-bc5d-9d102155769e 0.067s
2025-05-13 21:39:18.989 69776 INFO tempest.lib.common.rest_client [req-fc387726-f669-4305-9ad3-de0d983fa906 req-fc387726-f669-4305-9ad3-de0d983fa906 ] Request (ServicesAdminNegativeTestJSON:tearDownClass): 204 DELETE http://10.180.1.21/identity/v3/users/ec0d13ec815c4d06a376dca0d8161b28 0.116s
2025-05-13 21:39:18.990 69776 INFO tempest.lib.common.dynamic_creds [-] Deleting project and security group for project: 93cd157108fc41d7ba264bdaff6515a8
2025-05-13 21:39:19.048 69776 INFO tempest.lib.common.rest_client [req-8acbedf6-c4b4-4d70-b6d2-5136f5d037f8 req-8acbedf6-c4b4-4d70-b6d2-5136f5d037f8 ] Request (ServicesAdminNegativeTestJSON:tearDownClass): 201 POST http://10.180.1.21/identity/v3/auth/tokens 0.058s
2025-05-13 21:39:19.071 69773 INFO tempest.lib.common.rest_client [req-bd95e474-1f76-4a69-9090-2d80a62e509d req-bd95e474-1f76-4a69-9090-2d80a62e509d ] Request (DeleteServersTestJSON:test_delete_server_while_in_attached_volume): 200 GET http://10.180.1.21/compute/v2.1/servers/79fb7a70-beec-44e4-adcf-b959d4482341 0.071s
2025-05-13 21:39:19.199 69796 INFO tempest.lib.common.rest_client [req-25387b5f-878d-47f3-9575-302933de45ef req-25387b5f-878d-47f3-9575-302933de45ef ] Request (ServerGroupTestJSON:_run_cleanups): 200 GET http://10.180.1.21/compute/v2.1/servers/44b4ca7c-aec4-40a2-819a-cb938b618d22 0.102s
2025-05-13 21:39:19.242 69776 INFO tempest.lib.common.rest_client [req-94ac09ce-10cf-48ab-baa2-f48e0b73de53 req-94ac09ce-10cf-48ab-baa2-f48e0b73de53 ] Request (ServicesAdminNegativeTestJSON:tearDownClass): 200 GET http://10.180.1.21:9696/networking/v2.0/security-groups?tenant_id=93cd157108fc41d7ba264bdaff6515a8&name=default 0.194s
2025-05-13 21:39:19.307 69780 INFO tempest.lib.common.rest_client [req-d09395e1-eb79-45c5-b380-7802edc1da49 req-d09395e1-eb79-45c5-b380-7802edc1da49 ] Request (ServerRescueTestJSON:test_rescue_unrescue_instance): 200 GET http://10.180.1.21/compute/v2.1/servers/830b3cad-5c4c-4086-a060-4a0dea4b1735 0.101s
2025-05-13 21:39:19.359 69755 INFO tempest.lib.common.rest_client [req-b6f1f837-8450-41dd-9d88-95efd2aecd2c req-b6f1f837-8450-41dd-9d88-95efd2aecd2c ] Request (ServerRescueTestJSONUnderV235:setUpClass): 200 GET http://10.180.1.21/compute/v2.1/servers/fb2639a1-1d42-4e4e-a4d5-b579dca01370 0.216s
2025-05-13 21:39:19.367 69755 INFO tempest.common.waiters [-] State transition "BUILD/None" ==> "BUILD/networking" after 79 second wait
2025-05-13 21:39:19.380 69788 INFO tempest.lib.common.rest_client [req-6fe6855e-8f20-4dd7-89b1-9fc00bb90cc4 req-6fe6855e-8f20-4dd7-89b1-9fc00bb90cc4 ] Request (ServerTagsTestJSON:setUpClass): 200 GET http://10.180.1.21/compute/v2.1/servers/6cabd8b5-b9a7-423e-910f-db3fb5b2535d 0.114s
2025-05-13 21:39:19.402 69776 INFO tempest.lib.common.rest_client [req-a118cab6-6cd9-45b5-8c2b-5cbeea5fd673 req-a118cab6-6cd9-45b5-8c2b-5cbeea5fd673 ] Request (ServicesAdminNegativeTestJSON:tearDownClass): 204 DELETE http://10.180.1.21:9696/networking/v2.0/security-groups/b0066a28-8aa2-4f88-a70a-3a6e3651d60e 0.159s
2025-05-13 21:39:19.434 69764 INFO tempest.lib.common.rest_client [req-d6e1fda9-5965-4f5d-9140-2430d8a0a6ac req-d6e1fda9-5965-4f5d-9140-2430d8a0a6ac ] Request (ServerDiskConfigTestJSON:test_rebuild_server_with_manual_disk_config): 200 GET http://10.180.1.21/compute/v2.1/servers/89fec1cc-8bdb-488f-b06c-795c8ff1fbec 0.113s
2025-05-13 21:39:19.440 69757 INFO tempest.lib.common.rest_client [req-d915104b-2272-45b3-9817-a46f57c09afe req-d915104b-2272-45b3-9817-a46f57c09afe ] Request (ServersTestBootFromVolume:setUpClass): 200 GET http://10.180.1.21/compute/v2.1/servers/8c1140a4-a4b1-4190-92f3-c4576ffa22bb 0.102s
2025-05-13 21:39:19.481 69776 INFO tempest.lib.common.rest_client [req-daa994d7-ba1c-4643-8fbc-3cae73dac948 req-daa994d7-ba1c-4643-8fbc-3cae73dac948 ] Request (ServicesAdminNegativeTestJSON:tearDownClass): 204 DELETE http://10.180.1.21/identity/v3/projects/93cd157108fc41d7ba264bdaff6515a8 0.078s
2025-05-13 21:39:19.481 69776 INFO tempest.lib.common.dynamic_creds [-] Deleting project and security group for project: 60887529d5154d90b45817ed6f4d959b
2025-05-13 21:39:19.585 69808 INFO tempest.lib.common.rest_client [req-ae4b8456-5301-4a3d-8aeb-073635660508 req-ae4b8456-5301-4a3d-8aeb-073635660508 ] Request (MigrationsAdminTest:test_list_migrations_in_flavor_resize_situation): 200 GET http://10.180.1.21/compute/v2.1/servers/b40269cc-f3c6-4dbc-a9aa-aa9f95186045 0.130s
2025-05-13 21:39:19.605 69810 INFO tempest.lib.common.rest_client [req-73549e70-bdf2-4a96-985b-bfd71ff9d3e8 req-73549e70-bdf2-4a96-985b-bfd71ff9d3e8 ] Request (InstanceActionsNegativeTestJSON:setUpClass): 200 GET http://10.180.1.21/compute/v2.1/servers/9142b50b-9af0-4b60-a1df-7f713eb02f2c 0.125s
2025-05-13 21:39:19.612 69810 INFO tempest.common.waiters [-] State transition "BUILD/spawning" ==> "ACTIVE/None" after 81 second wait
2025-05-13 21:39:19.626 69776 INFO tempest.lib.common.rest_client [req-089610df-fee7-4a64-8053-a040a419510e req-089610df-fee7-4a64-8053-a040a419510e ] Request (ServicesAdminNegativeTestJSON:tearDownClass): 200 GET http://10.180.1.21:9696/networking/v2.0/security-groups?tenant_id=60887529d5154d90b45817ed6f4d959b&name=default 0.145s
2025-05-13 21:39:19.648 69778 INFO tempest.lib.common.rest_client [req-bb4afc6e-d428-4f66-af74-cc67ab4812cb req-bb4afc6e-d428-4f66-af74-cc67ab4812cb ] Request (ServersNegativeTestJSON:setUpClass): 200 GET http://10.180.1.21/compute/v2.1/servers/4d16ebe5-dadc-4f4f-a04b-7224f5ffc8b3 0.118s
2025-05-13 21:39:19.656 69816 INFO tempest.lib.common.rest_client [req-ed8b79ee-9d57-4dab-ae50-65becc608c8d req-ed8b79ee-9d57-4dab-ae50-65becc608c8d ] Request (ServersAaction247Test:test_create_backup): 200 GET http://10.180.1.21/compute/v2.1/servers/e5188b18-95ce-4912-8c29-d59340601259 0.120s
2025-05-13 21:39:19.703 69760 INFO tempest.lib.common.rest_client [req-78d4fa62-373e-4264-a408-7c8c5cf762a7 req-78d4fa62-373e-4264-a408-7c8c5cf762a7 ] Request (ServersAdminTestJSON:setUpClass): 200 GET http://10.180.1.21/compute/v2.1/servers/cd4b5c5b-82b7-4d9a-9d7e-6c127844fe1e 0.120s
2025-05-13 21:39:19.710 69786 INFO tempest.lib.common.rest_client [req-58cad5b9-d774-4c32-a08f-ea0d955c2af0 req-58cad5b9-d774-4c32-a08f-ea0d955c2af0 ] Request (ServerMetadataNegativeTestJSON:setUpClass): 200 GET http://10.180.1.21/compute/v2.1/servers/f92e3645-bfaa-4080-a67d-02c10fc0f9d8 0.119s
2025-05-13 21:39:19.719 69776 INFO tempest.lib.common.rest_client [req-0d64a74a-3484-4c8d-a7e7-6bc94e331da3 req-0d64a74a-3484-4c8d-a7e7-6bc94e331da3 ] Request (ServicesAdminNegativeTestJSON:tearDownClass): 204 DELETE http://10.180.1.21:9696/networking/v2.0/security-groups/e49ed414-5c52-4686-93f0-f38d4639ab7b 0.092s
2025-05-13 21:39:19.735 69810 INFO tempest.lib.common.rest_client [req-cf606587-0424-4d12-9acd-3cc25a03d5cf req-cf606587-0424-4d12-9acd-3cc25a03d5cf ] Request (InstanceActionsNegativeTestJSON:test_get_instance_action_invalid_request): 404 GET http://10.180.1.21/compute/v2.1/servers/9142b50b-9af0-4b60-a1df-7f713eb02f2c/os-instance-actions/999 0.122s
2025-05-13 21:39:19.777 69770 INFO tempest.lib.common.rest_client [req-78a654e5-b573-4494-b8ae-77fc28161f2c req-78a654e5-b573-4494-b8ae-77fc28161f2c ] Request (ServersAdminNegativeTestJSON:tearDownClass): 200 GET http://10.180.1.21/compute/v2.1/servers/736eb682-9dd1-45a7-8f88-d83ddae4d68a 0.122s
2025-05-13 21:39:19.785 69810 INFO tempest.lib.common.rest_client [req-1e23ceca-8b8b-496c-b82e-746fba9e8143 req-1e23ceca-8b8b-496c-b82e-746fba9e8143 ] Request (InstanceActionsNegativeTestJSON:test_list_instance_actions_non_existent_server): 404 GET http://10.180.1.21/compute/v2.1/servers/aaece946-5170-476f-9441-eddaa889584b/os-instance-actions 0.049s
2025-05-13 21:39:19.790 69774 INFO tempest.lib.common.rest_client [req-86ab484d-407e-4442-8054-3bd23f8c257e req-86ab484d-407e-4442-8054-3bd23f8c257e ] Request (ServerShowV257Test:test_rebuild_server): 200 GET http://10.180.1.21/compute/v2.1/servers/52ee2d69-0a95-460e-b95e-16e0a5114e3b 0.122s
2025-05-13 21:39:19.830 69776 INFO tempest.lib.common.rest_client [req-6e6bee65-fa51-45b1-8024-77d3da32f768 req-6e6bee65-fa51-45b1-8024-77d3da32f768 ] Request (ServicesAdminNegativeTestJSON:tearDownClass): 204 DELETE http://10.180.1.21/identity/v3/projects/60887529d5154d90b45817ed6f4d959b 0.110s
2025-05-13 21:39:19.866 69810 INFO tempest.lib.common.rest_client [req-35e44f6d-9461-4363-b454-b4a92aa66e7c req-35e44f6d-9461-4363-b454-b4a92aa66e7c ] Request (InstanceActionsNegativeTestJSON:tearDownClass): 204 DELETE http://10.180.1.21/compute/v2.1/servers/9142b50b-9af0-4b60-a1df-7f713eb02f2c 0.076s
2025-05-13 21:39:19.887 69776 INFO tempest.lib.common.rest_client [req-a69b55a9-258e-4530-b69a-2a949b8770e7 req-a69b55a9-258e-4530-b69a-2a949b8770e7 ] Request (FloatingIPsAssociationTestJSON:setUpClass): 201 POST http://10.180.1.21/identity/v3/auth/tokens 0.055s
2025-05-13 21:39:19.918 69792 INFO tempest.lib.common.rest_client [req-18fee3f0-180b-4521-a6cf-0fda64eb55fa req-18fee3f0-180b-4521-a6cf-0fda64eb55fa ] Request (MultipleCreateTestJSON:test_multiple_create): 200 GET http://10.180.1.21/compute/v2.1/servers/0cc46589-609b-4feb-8e19-88da9c7200a6 0.107s
2025-05-13 21:39:19.923 69776 INFO tempest.lib.common.rest_client [req-a1d1a02f-4621-4800-9d86-72747e6f1e2a req-a1d1a02f-4621-4800-9d86-72747e6f1e2a ] Request (FloatingIPsAssociationTestJSON:setUpClass): 201 POST http://10.180.1.21/identity/v3/auth/tokens 0.034s
2025-05-13 21:39:19.926 69768 INFO tempest.lib.common.rest_client [req-8eb66f11-1dec-41f3-b17f-ce5d63895dff req-8eb66f11-1dec-41f3-b17f-ce5d63895dff ] Request (ListImageFiltersTestJSON:setUpClass): 200 GET http://10.180.1.21/compute/v2.1/servers/42f1adb9-de91-4dac-8b1d-ca21a0b9f530 0.165s
2025-05-13 21:39:19.935 69768 INFO tempest.common.waiters [-] State transition "ACTIVE/image_uploading" ==> "ACTIVE/None" after 2 second wait
2025-05-13 21:39:19.955 69776 INFO tempest.lib.common.rest_client [req-730d76ad-4dea-4cce-8377-8e8601d48acd req-730d76ad-4dea-4cce-8377-8e8601d48acd ] Request (FloatingIPsAssociationTestJSON:setUpClass): 200 GET http://10.180.1.21/identity/v3/domains?name=Default 0.031s
2025-05-13 21:39:19.991 69776 INFO tempest.lib.common.rest_client [req-27b7f6cb-9391-4acb-8f81-ea151806f921 req-27b7f6cb-9391-4acb-8f81-ea151806f921 ] Request (FloatingIPsAssociationTestJSON:setUpClass): 201 POST http://10.180.1.21/identity/v3/projects 0.036s
2025-05-13 21:39:20.012 69766 INFO tempest.lib.common.rest_client [req-b3ea59df-bbc7-4696-a250-1d8175d57688 req-b3ea59df-bbc7-4696-a250-1d8175d57688 ] Request (ImagesOneServerTestJSON:tearDownClass): 200 GET http://10.180.1.21/compute/v2.1/servers/5dd49b1e-89a0-4d8a-bdb0-db5f43c1682c 0.138s
2025-05-13 21:39:20.040 69810 INFO tempest.lib.common.rest_client [req-211c0977-be44-420f-83bb-37871da5bc83 req-211c0977-be44-420f-83bb-37871da5bc83 ] Request (InstanceActionsNegativeTestJSON:tearDownClass): 200 GET http://10.180.1.21/compute/v2.1/servers/9142b50b-9af0-4b60-a1df-7f713eb02f2c 0.173s
2025-05-13 21:39:20.068 69776 INFO tempest.lib.common.rest_client [req-c29e9323-d079-4f04-adc3-42176ba97e4b req-c29e9323-d079-4f04-adc3-42176ba97e4b ] Request (FloatingIPsAssociationTestJSON:setUpClass): 201 POST http://10.180.1.21/identity/v3/users 0.077s
2025-05-13 21:39:20.093 69776 INFO tempest.lib.common.rest_client [req-0e503ed6-56f1-4147-8d8e-8afc0b9f3f98 req-0e503ed6-56f1-4147-8d8e-8afc0b9f3f98 ] Request (FloatingIPsAssociationTestJSON:setUpClass): 200 GET http://10.180.1.21/identity/v3/roles 0.024s
2025-05-13 21:39:20.107 69814 INFO tempest.lib.common.rest_client [req-21479008-8da3-4d95-956b-404370004097 req-21479008-8da3-4d95-956b-404370004097 ] Request (SecurityGroupsTestJSON:test_list_security_groups_by_server): 200 GET http://10.180.1.21/compute/v2.1/servers/2172b03c-6a59-48de-9dab-408a19619aca 0.218s
2025-05-13 21:39:20.124 69776 INFO tempest.lib.common.rest_client [req-92d6183b-1439-43f4-890f-645fb494d776 req-92d6183b-1439-43f4-890f-645fb494d776 ] Request (FloatingIPsAssociationTestJSON:setUpClass): 204 PUT http://10.180.1.21/identity/v3/projects/66b6697a67c84d8894b12fc2386760aa/users/6f328ac54eef4e3c891c1c15a7d7f5ec/roles/c7953bbd9d974220974eb3fc7743b4c5 0.031s
2025-05-13 21:39:20.124 69776 INFO tempest.lib.common.dynamic_creds [-] Dynamic test user 6f328ac54eef4e3c891c1c15a7d7f5ec is created with scope project and roles: ['member']
2025-05-13 21:39:20.125 69776 INFO tempest.lib.common.dynamic_creds [-] Acquired dynamic creds: credentials: Credentials: {'domain_id': 'default', 'domain_name': 'Default', 'username': 'tempest-FloatingIPsAssociationTestJSON-174409707-project-member', 'project_domain_id': 'default', 'project_domain_name': 'Default', 'project_id': '66b6697a67c84d8894b12fc2386760aa', 'project_name': 'tempest-FloatingIPsAssociationTestJSON-174409707', 'tenant_id': '66b6697a67c84d8894b12fc2386760aa', 'tenant_name': 'tempest-FloatingIPsAssociationTestJSON-174409707', 'user_domain_id': 'default', 'user_domain_name': 'Default', 'user_id': '6f328ac54eef4e3c891c1c15a7d7f5ec', 'system': None}, Network: None, Subnet: None, Router: None
2025-05-13 21:39:20.163 69812 INFO tempest.lib.common.rest_client [req-3d3181d6-ac78-4348-95d6-e951269ad807 req-3d3181d6-ac78-4348-95d6-e951269ad807 ] Request (ListServersNegativeTestJSON:setUpClass): 200 GET http://10.180.1.21/compute/v2.1/servers/cbcc2538-ac37-4cc7-8a70-6d3b4404d408 0.217s
2025-05-13 21:39:20.177 69776 INFO tempest.lib.common.rest_client [req-5243ef57-f6e1-4f29-8d56-7f616eff762d req-5243ef57-f6e1-4f29-8d56-7f616eff762d ] Request (FloatingIPsAssociationTestJSON:setUpClass): 201 POST http://10.180.1.21/identity/v3/auth/tokens 0.052s
2025-05-13 21:39:20.211 69806 INFO tempest.lib.common.rest_client [req-303614c3-2e30-4185-aa22-89518965f5d0 req-303614c3-2e30-4185-aa22-89518965f5d0 ] Request (DeleteServersAdminTestJSON:test_delete_server_while_in_error_state): 200 GET http://10.180.1.21/compute/v2.1/servers/cc3336d0-85fc-4aa8-8521-7ef2ed5c2674 0.245s
