2025-05-13 21:39:08.962 69786 INFO tempest.lib.common.rest_client [req-56416ed1-dd80-485b-9e76-b2ea2fedf3c1 req-56416ed1-dd80-485b-9e76-b2ea2fedf3c1 ] Request (ServerMetadataNegativeTestJSON:setUpClass): 200 GET http://10.180.1.21/compute/v2.1/servers/f92e3645-bfaa-4080-a67d-02c10fc0f9d8 0.068s
2025-05-13 21:39:09.049 69776 INFO tempest.lib.common.rest_client [req-a942cc12-9506-4ddf-8bd8-846c2f428f39 req-a942cc12-9506-4ddf-8bd8-846c2f428f39 ] Request (ServerDiagnosticsV248Test:tearDownClass): 200 GET http://10.180.1.21/compute/v2.1/servers/a73dab07-defc-470a-a91e-0e77a69da76e 0.071s
2025-05-13 21:39:09.099 69760 INFO tempest.lib.common.rest_client [req-c5045b28-ebc2-45dc-891c-6900ec722626 req-c5045b28-ebc2-45dc-891c-6900ec722626 ] Request (ServersAdminTestJSON:setUpClass): 200 GET http://10.180.1.21/compute/v2.1/servers/cd4b5c5b-82b7-4d9a-9d7e-6c127844fe1e 0.065s
2025-05-13 21:39:09.134 69768 INFO tempest.lib.common.rest_client [req-20cf3912-5e99-4741-9624-80b45887d375 req-20cf3912-5e99-4741-9624-80b45887d375 ] Request (ListImageFiltersTestJSON:setUpClass): 200 GET http://10.180.1.21/compute/v2.1/images/1fddc15d-28bc-49e7-b877-bf3c162c45ac 0.054s
2025-05-13 21:39:09.177 69812 INFO tempest.lib.common.rest_client [req-8a233976-4492-4cb4-9aac-88f4be87bbb1 req-8a233976-4492-4cb4-9aac-88f4be87bbb1 ] Request (ListServersNegativeTestJSON:setUpClass): 200 GET http://10.180.1.21/compute/v2.1/servers/dd0055ac-3c2b-4058-a93d-291d47a55127 0.132s
2025-05-13 21:39:09.184 69812 INFO tempest.common.waiters [-] State transition "BUILD/spawning" ==> "ACTIVE/None" after 79 second wait
2025-05-13 21:39:09.294 69812 INFO tempest.lib.common.rest_client [req-7a6df7e9-4287-4d9d-aeae-1fd5d1688015 req-7a6df7e9-4287-4d9d-aeae-1fd5d1688015 ] Request (ListServersNegativeTestJSON:setUpClass): 200 GET http://10.180.1.21/compute/v2.1/servers/18c5f63e-9eaa-46ca-a8d6-97cc6fb42090 0.110s
2025-05-13 21:39:09.357 69814 INFO tempest.lib.common.rest_client [req-fd4ae528-1d6b-4f86-9a23-78923105a5f8 req-fd4ae528-1d6b-4f86-9a23-78923105a5f8 ] Request (SecurityGroupsTestJSON:test_list_security_groups_by_server): 200 GET http://10.180.1.21/compute/v2.1/servers/2172b03c-6a59-48de-9dab-408a19619aca 0.054s
2025-05-13 21:39:09.406 69812 INFO tempest.lib.common.rest_client [req-b9430c30-8720-4ee8-b197-b59a7d5afa6a req-b9430c30-8720-4ee8-b197-b59a7d5afa6a ] Request (ListServersNegativeTestJSON:setUpClass): 200 GET http://10.180.1.21/compute/v2.1/servers/cbcc2538-ac37-4cc7-8a70-6d3b4404d408 0.104s
2025-05-13 21:39:09.429 69770 INFO tempest.lib.common.rest_client [req-4fe7ff8d-8d15-4b4f-a6e9-d1fdc7063ae9 req-4fe7ff8d-8d15-4b4f-a6e9-d1fdc7063ae9 ] Request (ServersAdminNegativeTestJSON:tearDownClass): 200 GET http://10.180.1.21/compute/v2.1/servers/736eb682-9dd1-45a7-8f88-d83ddae4d68a 0.123s
2025-05-13 21:39:09.437 69770 INFO tempest.common.waiters [-] State transition "ACTIVE/deleting" ==> "DELETED/None" after 3 second wait
2025-05-13 21:39:09.469 69774 INFO tempest.lib.common.rest_client [req-f0e5847f-335b-4d93-9516-da1aa2cea414 req-f0e5847f-335b-4d93-9516-da1aa2cea414 ] Request (ServerShowV257Test:test_rebuild_server): 200 GET http://10.180.1.21/compute/v2.1/servers/52ee2d69-0a95-460e-b95e-16e0a5114e3b 0.100s
2025-05-13 21:39:09.505 69812 INFO tempest.lib.common.rest_client [req-76ff1576-a345-4d0f-bbd8-23c5b0c45167 req-76ff1576-a345-4d0f-bbd8-23c5b0c45167 ] Request (ListServersNegativeTestJSON:setUpClass): 204 DELETE http://10.180.1.21/compute/v2.1/servers/cbcc2538-ac37-4cc7-8a70-6d3b4404d408 0.086s
2025-05-13 21:39:09.526 69766 INFO tempest.lib.common.rest_client [req-3740f26f-5a8d-4ef6-8347-d6d3bf0f589f req-3740f26f-5a8d-4ef6-8347-d6d3bf0f589f ] Request (ImagesOneServerTestJSON:tearDownClass): 200 GET http://10.180.1.21/compute/v2.1/servers/5dd49b1e-89a0-4d8a-bdb0-db5f43c1682c 0.081s
2025-05-13 21:39:09.618 69794 INFO tempest.lib.common.rest_client [req-b884222a-9fd9-4428-b000-114750e8c025 req-b884222a-9fd9-4428-b000-114750e8c025 ] Request (ImagesTestJSON:test_create_image_from_stopped_server): 200 GET http://10.180.1.21/compute/v2.1/servers/5ea81cec-95cc-406c-b861-2de76ff9ff93 0.109s
2025-05-13 21:39:09.649 69812 INFO tempest.lib.common.rest_client [req-3ffcb827-d2ed-44ac-b647-15ebf441b4b6 req-3ffcb827-d2ed-44ac-b647-15ebf441b4b6 ] Request (ListServersNegativeTestJSON:setUpClass): 200 GET http://10.180.1.21/compute/v2.1/servers/cbcc2538-ac37-4cc7-8a70-6d3b4404d408 0.143s
2025-05-13 21:39:09.681 69796 INFO tempest.lib.common.rest_client [req-8039410c-a8af-458f-b9c8-831d44f803f8 req-8039410c-a8af-458f-b9c8-831d44f803f8 ] Request (ServerGroupTestJSON:_run_cleanups): 200 GET http://10.180.1.21/compute/v2.1/servers/44b4ca7c-aec4-40a2-819a-cb938b618d22 0.170s
2025-05-13 21:39:09.702 69792 INFO tempest.lib.common.rest_client [req-57ab8250-a364-4dde-a7c8-127ebb651ccc req-57ab8250-a364-4dde-a7c8-127ebb651ccc ] Request (MultipleCreateTestJSON:test_multiple_create): 200 GET http://10.180.1.21/compute/v2.1/servers/0cc46589-609b-4feb-8e19-88da9c7200a6 0.134s
2025-05-13 21:39:09.744 69806 INFO tempest.lib.common.rest_client [req-adf2f752-01e3-41e1-9210-c8603359d030 req-adf2f752-01e3-41e1-9210-c8603359d030 ] Request (DeleteServersAdminTestJSON:test_delete_server_while_in_error_state): 200 GET http://10.180.1.21/compute/v2.1/servers/cc3336d0-85fc-4aa8-8521-7ef2ed5c2674 0.173s
2025-05-13 21:39:09.754 69773 INFO tempest.lib.common.rest_client [req-9f940d6a-a83d-4a04-beec-16a0a5dab5aa req-9f940d6a-a83d-4a04-beec-16a0a5dab5aa ] Request (DeleteServersTestJSON:test_delete_server_while_in_attached_volume): 200 GET http://10.180.1.21/compute/v2.1/servers/79fb7a70-beec-44e4-adcf-b959d4482341 0.127s
2025-05-13 21:39:09.805 69755 INFO tempest.lib.common.rest_client [req-88453260-284b-49e4-a9cd-4d563d3b9928 req-88453260-284b-49e4-a9cd-4d563d3b9928 ] Request (ServerRescueTestJSONUnderV235:setUpClass): 200 GET http://10.180.1.21/compute/v2.1/servers/fb2639a1-1d42-4e4e-a4d5-b579dca01370 0.164s
2025-05-13 21:39:09.811 69788 INFO tempest.lib.common.rest_client [req-0a90f080-f307-4623-af51-4d426d725374 req-0a90f080-f307-4623-af51-4d426d725374 ] Request (ServerTagsTestJSON:setUpClass): 200 GET http://10.180.1.21/compute/v2.1/servers/6cabd8b5-b9a7-423e-910f-db3fb5b2535d 0.128s
2025-05-13 21:39:09.866 69780 INFO tempest.lib.common.rest_client [req-d4da5785-e33b-4962-acf8-cbefadb53b27 req-d4da5785-e33b-4962-acf8-cbefadb53b27 ] Request (ServerRescueTestJSON:test_rescue_unrescue_instance): 200 GET http://10.180.1.21/compute/v2.1/servers/830b3cad-5c4c-4086-a060-4a0dea4b1735 0.171s
2025-05-13 21:39:09.958 69810 INFO tempest.lib.common.rest_client [req-2570b7bf-8ab2-49c2-b494-597bc928c66b req-2570b7bf-8ab2-49c2-b494-597bc928c66b ] Request (InstanceActionsNegativeTestJSON:setUpClass): 200 GET http://10.180.1.21/compute/v2.1/servers/9142b50b-9af0-4b60-a1df-7f713eb02f2c 0.170s
2025-05-13 21:39:09.969 69810 INFO tempest.common.waiters [-] State transition "BUILD/block_device_mapping" ==> "BUILD/spawning" after 71 second wait
2025-05-13 21:39:10.023 69764 INFO tempest.lib.common.rest_client [req-8ee32df1-ba12-4c87-8998-cd50e86973ae req-8ee32df1-ba12-4c87-8998-cd50e86973ae ] Request (ServerDiskConfigTestJSON:test_rebuild_server_with_manual_disk_config): 200 GET http://10.180.1.21/compute/v2.1/servers/89fec1cc-8bdb-488f-b06c-795c8ff1fbec 0.180s
2025-05-13 21:39:10.034 69808 INFO tempest.lib.common.rest_client [req-a3fa7d6c-5120-477b-895d-4f97f1240ab5 req-a3fa7d6c-5120-477b-895d-4f97f1240ab5 ] Request (MigrationsAdminTest:test_list_migrations_in_flavor_resize_situation): 200 GET http://10.180.1.21/compute/v2.1/servers/b40269cc-f3c6-4dbc-a9aa-aa9f95186045 0.245s
2025-05-13 21:39:10.098 69757 INFO tempest.lib.common.rest_client [req-ff0317e3-fe0e-49f5-941b-8997cfee99f4 req-ff0317e3-fe0e-49f5-941b-8997cfee99f4 ] Request (ServersTestBootFromVolume:setUpClass): 200 GET http://10.180.1.21/compute/v2.1/servers/8c1140a4-a4b1-4190-92f3-c4576ffa22bb 0.197s
2025-05-13 21:39:10.103 69778 INFO tempest.lib.common.rest_client [req-b32b70e0-3229-468b-8af3-54705c8210a0 req-b32b70e0-3229-468b-8af3-54705c8210a0 ] Request (ServerShowV247Test:tearDownClass): 200 GET http://10.180.1.21/compute/v2.1/servers/7c21ebe3-babd-476a-a383-b3beab7afd01 0.254s
2025-05-13 21:39:10.173 69816 INFO tempest.lib.common.rest_client [req-9e624ffa-9101-47b5-90dc-9fb50f354320 req-9e624ffa-9101-47b5-90dc-9fb50f354320 ] Request (ServersAaction247Test:test_create_backup): 200 GET http://10.180.1.21/compute/v2.1/servers/e5188b18-95ce-4912-8c29-d59340601259 0.266s
2025-05-13 21:39:10.181 69786 INFO tempest.lib.common.rest_client [req-5baf9f1b-2746-492b-a046-4196b409d95e req-5baf9f1b-2746-492b-a046-4196b409d95e ] Request (ServerMetadataNegativeTestJSON:setUpClass): 200 GET http://10.180.1.21/compute/v2.1/servers/f92e3645-bfaa-4080-a67d-02c10fc0f9d8 0.208s
2025-05-13 21:39:10.237 69760 INFO tempest.lib.common.rest_client [req-9579f36f-496f-4fbb-9774-f731a77ec763 req-9579f36f-496f-4fbb-9774-f731a77ec763 ] Request (ServersAdminTestJSON:setUpClass): 200 GET http://10.180.1.21/compute/v2.1/servers/cd4b5c5b-82b7-4d9a-9d7e-6c127844fe1e 0.130s
2025-05-13 21:39:10.255 69776 INFO tempest.lib.common.rest_client [req-7e07b90c-d8bd-44c9-8caf-1c7227765283 req-7e07b90c-d8bd-44c9-8caf-1c7227765283 ] Request (ServerDiagnosticsV248Test:tearDownClass): 200 GET http://10.180.1.21/compute/v2.1/servers/a73dab07-defc-470a-a91e-0e77a69da76e 0.196s
2025-05-13 21:39:10.269 69768 INFO tempest.lib.common.rest_client [req-89b23ac4-1d47-495e-9467-89baeb21e98a req-89b23ac4-1d47-495e-9467-89baeb21e98a ] Request (ListImageFiltersTestJSON:setUpClass): 200 GET http://10.180.1.21/compute/v2.1/images/1fddc15d-28bc-49e7-b877-bf3c162c45ac 0.130s
2025-05-13 21:39:10.420 69814 INFO tempest.lib.common.rest_client [req-8db60cb4-2f5e-4f4b-8c15-7854b7c59ae8 req-8db60cb4-2f5e-4f4b-8c15-7854b7c59ae8 ] Request (SecurityGroupsTestJSON:test_list_security_groups_by_server): 200 GET http://10.180.1.21/compute/v2.1/servers/2172b03c-6a59-48de-9dab-408a19619aca 0.051s
2025-05-13 21:39:10.427 69814 INFO tempest.common.waiters [-] State transition "BUILD/None" ==> "BUILD/networking" after 71 second wait
2025-05-13 21:39:10.503 69770 INFO tempest.lib.common.rest_client [req-9a6a5abc-1598-40a6-b65f-e31005a3c741 req-9a6a5abc-1598-40a6-b65f-e31005a3c741 ] Request (ServersAdminNegativeTestJSON:tearDownClass): 200 GET http://10.180.1.21/compute/v2.1/servers/736eb682-9dd1-45a7-8f88-d83ddae4d68a 0.065s
2025-05-13 21:39:10.540 69774 INFO tempest.lib.common.rest_client [req-27fcb3f8-c24c-495f-bf13-ded3bbe88a30 req-27fcb3f8-c24c-495f-bf13-ded3bbe88a30 ] Request (ServerShowV257Test:test_rebuild_server): 200 GET http://10.180.1.21/compute/v2.1/servers/52ee2d69-0a95-460e-b95e-16e0a5114e3b 0.060s
2025-05-13 21:39:10.605 69766 INFO tempest.lib.common.rest_client [req-b2e82665-861e-4050-a689-01b2ffedad9f req-b2e82665-861e-4050-a689-01b2ffedad9f ] Request (ImagesOneServerTestJSON:tearDownClass): 200 GET http://10.180.1.21/compute/v2.1/servers/5dd49b1e-89a0-4d8a-bdb0-db5f43c1682c 0.070s
2025-05-13 21:39:10.769 69794 INFO tempest.lib.common.rest_client [req-f318c509-4b0f-4f43-89d0-5462bdb69fd5 req-f318c509-4b0f-4f43-89d0-5462bdb69fd5 ] Request (ImagesTestJSON:test_create_image_from_stopped_server): 200 GET http://10.180.1.21/compute/v2.1/servers/5ea81cec-95cc-406c-b861-2de76ff9ff93 0.141s
2025-05-13 21:39:10.782 69794 INFO tempest.common.waiters [-] State transition "BUILD/spawning" ==> "ACTIVE/None" after 73 second wait
2025-05-13 21:39:10.788 69812 INFO tempest.lib.common.rest_client [req-a9095c82-d2fd-40c2-8cd2-30b4bccef65c req-a9095c82-d2fd-40c2-8cd2-30b4bccef65c ] Request (ListServersNegativeTestJSON:setUpClass): 200 GET http://10.180.1.21/compute/v2.1/servers/cbcc2538-ac37-4cc7-8a70-6d3b4404d408 0.131s
2025-05-13 21:39:10.854 69792 INFO tempest.lib.common.rest_client [req-50a1a906-d505-4b38-ae8c-959aa1f16fc6 req-50a1a906-d505-4b38-ae8c-959aa1f16fc6 ] Request (MultipleCreateTestJSON:test_multiple_create): 200 GET http://10.180.1.21/compute/v2.1/servers/0cc46589-609b-4feb-8e19-88da9c7200a6 0.145s
2025-05-13 21:39:10.910 69806 INFO tempest.lib.common.rest_client [req-ffbf0760-92cf-41a7-850a-4a8b0a00ef33 req-ffbf0760-92cf-41a7-850a-4a8b0a00ef33 ] Request (DeleteServersAdminTestJSON:test_delete_server_while_in_error_state): 200 GET http://10.180.1.21/compute/v2.1/servers/cc3336d0-85fc-4aa8-8521-7ef2ed5c2674 0.157s
2025-05-13 21:39:10.977 69773 INFO tempest.lib.common.rest_client [req-8555388d-411e-486e-9167-835e22b7b4e7 req-8555388d-411e-486e-9167-835e22b7b4e7 ] Request (DeleteServersTestJSON:test_delete_server_while_in_attached_volume): 200 GET http://10.180.1.21/compute/v2.1/servers/79fb7a70-beec-44e4-adcf-b959d4482341 0.216s
2025-05-13 21:39:11.040 69796 INFO tempest.lib.common.rest_client [req-9a5e8402-a0a3-4151-b778-be830a2e9d31 req-9a5e8402-a0a3-4151-b778-be830a2e9d31 ] Request (ServerGroupTestJSON:_run_cleanups): 200 GET http://10.180.1.21/compute/v2.1/servers/44b4ca7c-aec4-40a2-819a-cb938b618d22 0.344s
2025-05-13 21:39:11.054 69804 WARNING tempest.lib.common.ssh [-] Failed to establish authenticated ssh connection to cirros@10.180.180.216 ([Errno None] Unable to connect to port 22 on 10.180.180.216). Number attempts: 7. Retry after 8 seconds.: paramiko.ssh_exception.NoValidConnectionsError: [Errno None] Unable to connect to port 22 on 10.180.180.216
2025-05-13 21:39:11.066 69794 INFO tempest.lib.common.rest_client [req-dd3a3b06-5cdb-45d3-a994-3935e9662b76 req-dd3a3b06-5cdb-45d3-a994-3935e9662b76 ] Request (ImagesTestJSON:test_create_image_from_stopped_server): 202 POST http://10.180.1.21/compute/v2.1/servers/5ea81cec-95cc-406c-b861-2de76ff9ff93/action 0.283s
2025-05-13 21:39:11.120 69755 INFO tempest.lib.common.rest_client [req-8613dc26-529d-4d77-a932-5b943074deca req-8613dc26-529d-4d77-a932-5b943074deca ] Request (ServerRescueTestJSONUnderV235:setUpClass): 200 GET http://10.180.1.21/compute/v2.1/servers/fb2639a1-1d42-4e4e-a4d5-b579dca01370 0.306s
2025-05-13 21:39:11.152 69788 INFO tempest.lib.common.rest_client [req-f8eef40e-5d0b-4fe5-8a53-6c5c31741818 req-f8eef40e-5d0b-4fe5-8a53-6c5c31741818 ] Request (ServerTagsTestJSON:setUpClass): 200 GET http://10.180.1.21/compute/v2.1/servers/6cabd8b5-b9a7-423e-910f-db3fb5b2535d 0.330s
2025-05-13 21:39:11.160 69788 INFO tempest.common.waiters [-] State transition "BUILD/scheduling" ==> "BUILD/None" after 50 second wait
2025-05-13 21:39:11.184 69780 INFO tempest.lib.common.rest_client [req-c47b51c5-c669-4b08-ab6f-c054ab38d7f9 req-c47b51c5-c669-4b08-ab6f-c054ab38d7f9 ] Request (ServerRescueTestJSON:test_rescue_unrescue_instance): 200 GET http://10.180.1.21/compute/v2.1/servers/830b3cad-5c4c-4086-a060-4a0dea4b1735 0.307s
2025-05-13 21:39:11.196 69780 INFO tempest.common.waiters [-] State transition "BUILD/scheduling" ==> "BUILD/None" after 50 second wait
2025-05-13 21:39:11.257 69764 INFO tempest.lib.common.rest_client [req-007cc6c8-9cec-43c9-9b66-f356388971c1 req-007cc6c8-9cec-43c9-9b66-f356388971c1 ] Request (ServerDiskConfigTestJSON:test_rebuild_server_with_manual_disk_config): 200 GET http://10.180.1.21/compute/v2.1/servers/89fec1cc-8bdb-488f-b06c-795c8ff1fbec 0.226s
2025-05-13 21:39:11.302 69810 INFO tempest.lib.common.rest_client [req-73c3235f-b13c-4f20-acd4-190e50db4ebb req-73c3235f-b13c-4f20-acd4-190e50db4ebb ] Request (InstanceActionsNegativeTestJSON:setUpClass): 200 GET http://10.180.1.21/compute/v2.1/servers/9142b50b-9af0-4b60-a1df-7f713eb02f2c 0.331s
2025-05-13 21:39:11.396 69808 INFO tempest.lib.common.rest_client [req-76847ef5-7c3a-4706-834e-f5b25d3e9d0c req-76847ef5-7c3a-4706-834e-f5b25d3e9d0c ] Request (MigrationsAdminTest:test_list_migrations_in_flavor_resize_situation): 200 GET http://10.180.1.21/compute/v2.1/servers/b40269cc-f3c6-4dbc-a9aa-aa9f95186045 0.350s
2025-05-13 21:39:11.463 69757 INFO tempest.lib.common.rest_client [req-18c83077-ee8b-4aa8-9b2e-91feb3abfd23 req-18c83077-ee8b-4aa8-9b2e-91feb3abfd23 ] Request (ServersTestBootFromVolume:setUpClass): 200 GET http://10.180.1.21/compute/v2.1/servers/8c1140a4-a4b1-4190-92f3-c4576ffa22bb 0.351s
2025-05-13 21:39:11.485 69794 INFO tempest.lib.common.rest_client [req-bb0d891b-b663-4415-8d94-0fe611c03921 req-bb0d891b-b663-4415-8d94-0fe611c03921 ] Request (ImagesTestJSON:test_create_image_from_stopped_server): 200 GET http://10.180.1.21/compute/v2.1/servers/5ea81cec-95cc-406c-b861-2de76ff9ff93 0.419s
2025-05-13 21:39:11.544 69778 INFO tempest.lib.common.rest_client [req-2f71732b-dcab-453e-ad2b-41c824a0564f req-2f71732b-dcab-453e-ad2b-41c824a0564f ] Request (ServerShowV247Test:tearDownClass): 200 GET http://10.180.1.21/compute/v2.1/servers/7c21ebe3-babd-476a-a383-b3beab7afd01 0.422s
2025-05-13 21:39:11.550 69816 INFO tempest.lib.common.rest_client [req-be003590-1ac6-4617-a452-7629c314739a req-be003590-1ac6-4617-a452-7629c314739a ] Request (ServersAaction247Test:test_create_backup): 200 GET http://10.180.1.21/compute/v2.1/servers/e5188b18-95ce-4912-8c29-d59340601259 0.360s
2025-05-13 21:39:11.608 69760 INFO tempest.lib.common.rest_client [req-5c3b4d0a-597f-401e-83cb-b4d8aec587ec req-5c3b4d0a-597f-401e-83cb-b4d8aec587ec ] Request (ServersAdminTestJSON:setUpClass): 200 GET http://10.180.1.21/compute/v2.1/servers/cd4b5c5b-82b7-4d9a-9d7e-6c127844fe1e 0.361s
2025-05-13 21:39:11.625 69786 INFO tempest.lib.common.rest_client [req-047caf3c-1d4e-414d-bd50-8756ce2f8cd1 req-047caf3c-1d4e-414d-bd50-8756ce2f8cd1 ] Request (ServerMetadataNegativeTestJSON:setUpClass): 200 GET http://10.180.1.21/compute/v2.1/servers/f92e3645-bfaa-4080-a67d-02c10fc0f9d8 0.432s
2025-05-13 21:39:11.658 69768 INFO tempest.lib.common.rest_client [req-6d5cd521-98a1-46c0-9bb8-1c84d7543260 req-6d5cd521-98a1-46c0-9bb8-1c84d7543260 ] Request (ListImageFiltersTestJSON:setUpClass): 200 GET http://10.180.1.21/compute/v2.1/images/1fddc15d-28bc-49e7-b877-bf3c162c45ac 0.384s
2025-05-13 21:39:11.680 69776 INFO tempest.lib.common.rest_client [req-8521ff17-4c12-4635-984c-f681182bf43c req-8521ff17-4c12-4635-984c-f681182bf43c ] Request (ServerDiagnosticsV248Test:tearDownClass): 200 GET http://10.180.1.21/compute/v2.1/servers/a73dab07-defc-470a-a91e-0e77a69da76e 0.415s
2025-05-13 21:39:11.759 69814 INFO tempest.lib.common.rest_client [req-b34b4572-c0c6-456d-ab6c-1bbc0723bc42 req-b34b4572-c0c6-456d-ab6c-1bbc0723bc42 ] Request (SecurityGroupsTestJSON:test_list_security_groups_by_server): 200 GET http://10.180.1.21/compute/v2.1/servers/2172b03c-6a59-48de-9dab-408a19619aca 0.330s
2025-05-13 21:39:11.764 69770 INFO tempest.lib.common.rest_client [req-2626b795-9470-4d86-98d8-e2cec14b4a74 req-2626b795-9470-4d86-98d8-e2cec14b4a74 ] Request (ServersAdminNegativeTestJSON:tearDownClass): 200 GET http://10.180.1.21/compute/v2.1/servers/736eb682-9dd1-45a7-8f88-d83ddae4d68a 0.253s
2025-05-13 21:39:11.767 69814 INFO tempest.common.waiters [-] State transition "BUILD/networking" ==> "BUILD/spawning" after 72 second wait
2025-05-13 21:39:11.813 69774 INFO tempest.lib.common.rest_client [req-fab6d865-abbe-40c7-baa5-fa269020a3cf req-fab6d865-abbe-40c7-baa5-fa269020a3cf ] Request (ServerShowV257Test:test_rebuild_server): 200 GET http://10.180.1.21/compute/v2.1/servers/52ee2d69-0a95-460e-b95e-16e0a5114e3b 0.263s
2025-05-13 21:39:11.841 69766 INFO tempest.lib.common.rest_client [req-8836d98b-fce5-4f9c-8dc1-df1479932009 req-8836d98b-fce5-4f9c-8dc1-df1479932009 ] Request (ImagesOneServerTestJSON:tearDownClass): 200 GET http://10.180.1.21/compute/v2.1/servers/5dd49b1e-89a0-4d8a-bdb0-db5f43c1682c 0.227s
2025-05-13 21:39:11.907 69812 INFO tempest.lib.common.rest_client [req-a02527a8-7bec-4b92-b14d-157b157de447 req-a02527a8-7bec-4b92-b14d-157b157de447 ] Request (ListServersNegativeTestJSON:setUpClass): 200 GET http://10.180.1.21/compute/v2.1/servers/cbcc2538-ac37-4cc7-8a70-6d3b4404d408 0.103s
2025-05-13 21:39:11.923 69792 INFO tempest.lib.common.rest_client [req-f20aa0f4-984d-444a-9cd4-cabc46a4b187 req-f20aa0f4-984d-444a-9cd4-cabc46a4b187 ] Request (MultipleCreateTestJSON:test_multiple_create): 200 GET http://10.180.1.21/compute/v2.1/servers/0cc46589-609b-4feb-8e19-88da9c7200a6 0.061s
2025-05-13 21:39:11.983 69806 INFO tempest.lib.common.rest_client [req-4f1838d8-66a8-4ffa-a79b-fb6db424066f req-4f1838d8-66a8-4ffa-a79b-fb6db424066f ] Request (DeleteServersAdminTestJSON:test_delete_server_while_in_error_state): 200 GET http://10.180.1.21/compute/v2.1/servers/cc3336d0-85fc-4aa8-8521-7ef2ed5c2674 0.061s
2025-05-13 21:39:12.045 69773 INFO tempest.lib.common.rest_client [req-1e349254-1bf0-467c-889a-50f638e8032e req-1e349254-1bf0-467c-889a-50f638e8032e ] Request (DeleteServersTestJSON:test_delete_server_while_in_attached_volume): 200 GET http://10.180.1.21/compute/v2.1/servers/79fb7a70-beec-44e4-adcf-b959d4482341 0.059s
2025-05-13 21:39:12.054 69773 INFO tempest.common.waiters [-] State transition "BUILD/scheduling" ==> "BUILD/None" after 45 second wait
2025-05-13 21:39:12.127 69796 INFO tempest.lib.common.rest_client [req-983d6ea0-817b-40f6-9199-77ba17a4868a req-983d6ea0-817b-40f6-9199-77ba17a4868a ] Request (ServerGroupTestJSON:_run_cleanups): 200 GET http://10.180.1.21/compute/v2.1/servers/44b4ca7c-aec4-40a2-819a-cb938b618d22 0.075s
2025-05-13 21:39:12.199 69755 INFO tempest.lib.common.rest_client [req-ff96f04e-155f-47d0-aa0b-94fb96bcfb52 req-ff96f04e-155f-47d0-aa0b-94fb96bcfb52 ] Request (ServerRescueTestJSONUnderV235:setUpClass): 200 GET http://10.180.1.21/compute/v2.1/servers/fb2639a1-1d42-4e4e-a4d5-b579dca01370 0.066s
2025-05-13 21:39:12.233 69788 INFO tempest.lib.common.rest_client [req-ac419065-3a25-4708-91a5-e9bc06eee8db req-ac419065-3a25-4708-91a5-e9bc06eee8db ] Request (ServerTagsTestJSON:setUpClass): 200 GET http://10.180.1.21/compute/v2.1/servers/6cabd8b5-b9a7-423e-910f-db3fb5b2535d 0.071s
2025-05-13 21:39:12.255 69780 INFO tempest.lib.common.rest_client [req-5ccf8871-ac58-495f-9a92-59eec1713321 req-5ccf8871-ac58-495f-9a92-59eec1713321 ] Request (ServerRescueTestJSON:test_rescue_unrescue_instance): 200 GET http://10.180.1.21/compute/v2.1/servers/830b3cad-5c4c-4086-a060-4a0dea4b1735 0.057s
2025-05-13 21:39:12.345 69764 INFO tempest.lib.common.rest_client [req-23028603-a92e-4e26-9c2e-8ed695952815 req-23028603-a92e-4e26-9c2e-8ed695952815 ] Request (ServerDiskConfigTestJSON:test_rebuild_server_with_manual_disk_config): 200 GET http://10.180.1.21/compute/v2.1/servers/89fec1cc-8bdb-488f-b06c-795c8ff1fbec 0.079s
2025-05-13 21:39:12.437 69810 INFO tempest.lib.common.rest_client [req-e5498753-6b76-450a-adbc-e30a3e329e58 req-e5498753-6b76-450a-adbc-e30a3e329e58 ] Request (InstanceActionsNegativeTestJSON:setUpClass): 200 GET http://10.180.1.21/compute/v2.1/servers/9142b50b-9af0-4b60-a1df-7f713eb02f2c 0.125s
2025-05-13 21:39:12.535 69757 INFO tempest.lib.common.rest_client [req-137d8e31-35c1-4eba-9f0d-708055239bc6 req-137d8e31-35c1-4eba-9f0d-708055239bc6 ] Request (ServersTestBootFromVolume:setUpClass): 200 GET http://10.180.1.21/compute/v2.1/servers/8c1140a4-a4b1-4190-92f3-c4576ffa22bb 0.063s
2025-05-13 21:39:12.553 69808 INFO tempest.lib.common.rest_client [req-d27ce4f3-2cd1-4da8-b2d3-069d7215cc2d req-d27ce4f3-2cd1-4da8-b2d3-069d7215cc2d ] Request (MigrationsAdminTest:test_list_migrations_in_flavor_resize_situation): 200 GET http://10.180.1.21/compute/v2.1/servers/b40269cc-f3c6-4dbc-a9aa-aa9f95186045 0.149s
2025-05-13 21:39:12.585 69778 INFO tempest.lib.common.rest_client [req-1ae89ebc-e562-41e2-9b29-774f0f8d044b req-1ae89ebc-e562-41e2-9b29-774f0f8d044b ] Request (ServerShowV247Test:tearDownClass): 404 GET http://10.180.1.21/compute/v2.1/servers/7c21ebe3-babd-476a-a383-b3beab7afd01 0.025s
2025-05-13 21:39:12.635 69794 INFO tempest.lib.common.rest_client [req-fe3e95d5-dfe4-436c-a0cd-1c89716a1816 req-fe3e95d5-dfe4-436c-a0cd-1c89716a1816 ] Request (ImagesTestJSON:test_create_image_from_stopped_server): 200 GET http://10.180.1.21/compute/v2.1/servers/5ea81cec-95cc-406c-b861-2de76ff9ff93 0.141s
2025-05-13 21:39:12.649 69816 INFO tempest.lib.common.rest_client [req-d64d2ea4-c030-4c01-835f-62658d12121a req-d64d2ea4-c030-4c01-835f-62658d12121a ] Request (ServersAaction247Test:test_create_backup): 200 GET http://10.180.1.21/compute/v2.1/servers/e5188b18-95ce-4912-8c29-d59340601259 0.088s
2025-05-13 21:39:12.692 69760 INFO tempest.lib.common.rest_client [req-0d7bb4bf-114b-4c28-994d-f9296a66dc69 req-0d7bb4bf-114b-4c28-994d-f9296a66dc69 ] Request (ServersAdminTestJSON:setUpClass): 200 GET http://10.180.1.21/compute/v2.1/servers/cd4b5c5b-82b7-4d9a-9d7e-6c127844fe1e 0.075s
2025-05-13 21:39:12.708 69786 INFO tempest.lib.common.rest_client [req-8143a59e-0973-4e4e-8019-955fb4a96749 req-8143a59e-0973-4e4e-8019-955fb4a96749 ] Request (ServerMetadataNegativeTestJSON:setUpClass): 200 GET http://10.180.1.21/compute/v2.1/servers/f92e3645-bfaa-4080-a67d-02c10fc0f9d8 0.075s
2025-05-13 21:39:12.724 69768 INFO tempest.lib.common.rest_client [req-b81ff236-07cd-4a16-a500-eeb770d3a75d req-b81ff236-07cd-4a16-a500-eeb770d3a75d ] Request (ListImageFiltersTestJSON:setUpClass): 200 GET http://10.180.1.21/compute/v2.1/images/1fddc15d-28bc-49e7-b877-bf3c162c45ac 0.063s
2025-05-13 21:39:12.729 69778 INFO tempest.lib.common.rest_client [req-796d7374-75a4-4514-8dc5-6896aeb38592 req-796d7374-75a4-4514-8dc5-6896aeb38592 ] Request (ServerShowV247Test:tearDownClass): 204 DELETE http://10.180.1.21/identity/v3/users/ae2b20557cf74bbcaa976be859b11b61 0.144s
2025-05-13 21:39:12.770 69776 INFO tempest.lib.common.rest_client [req-bd105de2-3b7f-452b-85ef-f4e6c61ea7ee req-bd105de2-3b7f-452b-85ef-f4e6c61ea7ee ] Request (ServerDiagnosticsV248Test:tearDownClass): 200 GET http://10.180.1.21/compute/v2.1/servers/a73dab07-defc-470a-a91e-0e77a69da76e 0.080s
2025-05-13 21:39:12.842 69778 INFO tempest.lib.common.rest_client [req-bf1fa453-c410-434a-a719-f4bd60a8ede3 req-bf1fa453-c410-434a-a719-f4bd60a8ede3 ] Request (ServerShowV247Test:tearDownClass): 204 DELETE http://10.180.1.21/identity/v3/users/f4d05dda29f448b588a49616616af621 0.112s
2025-05-13 21:39:12.842 69778 INFO tempest.lib.common.dynamic_creds [-] Deleting project and security group for project: 71a6ab25582b48a4bbaad7328dea4716
2025-05-13 21:39:12.854 69770 INFO tempest.lib.common.rest_client [req-6a23e312-cf94-4e39-a636-a18eb083aea7 req-6a23e312-cf94-4e39-a636-a18eb083aea7 ] Request (ServersAdminNegativeTestJSON:tearDownClass): 200 GET http://10.180.1.21/compute/v2.1/servers/736eb682-9dd1-45a7-8f88-d83ddae4d68a 0.074s
2025-05-13 21:39:12.902 69814 INFO tempest.lib.common.rest_client [req-f79668e1-e8da-40f3-a1b4-e13dad8c8079 req-f79668e1-e8da-40f3-a1b4-e13dad8c8079 ] Request (SecurityGroupsTestJSON:test_list_security_groups_by_server): 200 GET http://10.180.1.21/compute/v2.1/servers/2172b03c-6a59-48de-9dab-408a19619aca 0.134s
2025-05-13 21:39:12.907 69774 INFO tempest.lib.common.rest_client [req-26100ad4-b516-412f-be7c-e831e16bb075 req-26100ad4-b516-412f-be7c-e831e16bb075 ] Request (ServerShowV257Test:test_rebuild_server): 200 GET http://10.180.1.21/compute/v2.1/servers/52ee2d69-0a95-460e-b95e-16e0a5114e3b 0.078s
2025-05-13 21:39:12.928 69778 INFO tempest.lib.common.rest_client [req-b86251a4-3468-418b-babd-0ebf34177d21 req-b86251a4-3468-418b-babd-0ebf34177d21 ] Request (ServerShowV247Test:tearDownClass): 201 POST http://10.180.1.21/identity/v3/auth/tokens 0.085s
2025-05-13 21:39:12.977 69766 INFO tempest.lib.common.rest_client [req-a92651e2-b632-489f-ad09-2b7c2c5b0a6d req-a92651e2-b632-489f-ad09-2b7c2c5b0a6d ] Request (ImagesOneServerTestJSON:tearDownClass): 200 GET http://10.180.1.21/compute/v2.1/servers/5dd49b1e-89a0-4d8a-bdb0-db5f43c1682c 0.125s
2025-05-13 21:39:13.033 69792 INFO tempest.lib.common.rest_client [req-309fe58b-396a-45bf-ac42-2476d0851db9 req-309fe58b-396a-45bf-ac42-2476d0851db9 ] Request (MultipleCreateTestJSON:test_multiple_create): 200 GET http://10.180.1.21/compute/v2.1/servers/0cc46589-609b-4feb-8e19-88da9c7200a6 0.100s
2025-05-13 21:39:13.096 69806 INFO tempest.lib.common.rest_client [req-ab53d548-4fd3-4f1b-b12d-ea7f584333c2 req-ab53d548-4fd3-4f1b-b12d-ea7f584333c2 ] Request (DeleteServersAdminTestJSON:test_delete_server_while_in_error_state): 200 GET http://10.180.1.21/compute/v2.1/servers/cc3336d0-85fc-4aa8-8521-7ef2ed5c2674 0.105s
2025-05-13 21:39:13.154 69773 INFO tempest.lib.common.rest_client [req-7e08d125-1141-45fb-b0fc-0567ec27c36f req-7e08d125-1141-45fb-b0fc-0567ec27c36f ] Request (DeleteServersTestJSON:test_delete_server_while_in_attached_volume): 200 GET http://10.180.1.21/compute/v2.1/servers/79fb7a70-beec-44e4-adcf-b959d4482341 0.098s
2025-05-13 21:39:13.170 69812 INFO tempest.lib.common.rest_client [req-a50cc09e-ce45-4dd5-a357-75851419342f req-a50cc09e-ce45-4dd5-a357-75851419342f ] Request (ListServersNegativeTestJSON:setUpClass): 200 GET http://10.180.1.21/compute/v2.1/servers/cbcc2538-ac37-4cc7-8a70-6d3b4404d408 0.251s
2025-05-13 21:39:13.212 69796 INFO tempest.lib.common.rest_client [req-bcad2dbe-323f-4c1f-a7b4-70406296859c req-bcad2dbe-323f-4c1f-a7b4-70406296859c ] Request (ServerGroupTestJSON:_run_cleanups): 200 GET http://10.180.1.21/compute/v2.1/servers/44b4ca7c-aec4-40a2-819a-cb938b618d22 0.075s
2025-05-13 21:39:13.273 69755 INFO tempest.lib.common.rest_client [req-efbcf67f-55e1-4551-bbf3-c589e63c03b4 req-efbcf67f-55e1-4551-bbf3-c589e63c03b4 ] Request (ServerRescueTestJSONUnderV235:setUpClass): 200 GET http://10.180.1.21/compute/v2.1/servers/fb2639a1-1d42-4e4e-a4d5-b579dca01370 0.062s
2025-05-13 21:39:13.302 69788 INFO tempest.lib.common.rest_client [req-0966d70c-dbbc-4c02-b808-f6ef4f64d41a req-0966d70c-dbbc-4c02-b808-f6ef4f64d41a ] Request (ServerTagsTestJSON:setUpClass): 200 GET http://10.180.1.21/compute/v2.1/servers/6cabd8b5-b9a7-423e-910f-db3fb5b2535d 0.057s
2025-05-13 21:39:13.329 69780 INFO tempest.lib.common.rest_client [req-991aadda-22ba-4de0-9046-2baac42ef1a9 req-991aadda-22ba-4de0-9046-2baac42ef1a9 ] Request (ServerRescueTestJSON:test_rescue_unrescue_instance): 200 GET http://10.180.1.21/compute/v2.1/servers/830b3cad-5c4c-4086-a060-4a0dea4b1735 0.066s
2025-05-13 21:39:13.336 69778 INFO tempest.lib.common.rest_client [req-3acf834d-c001-44d1-97ea-92f4d5ba2c15 req-3acf834d-c001-44d1-97ea-92f4d5ba2c15 ] Request (ServerShowV247Test:tearDownClass): 200 GET http://10.180.1.21:9696/networking/v2.0/security-groups?tenant_id=71a6ab25582b48a4bbaad7328dea4716&name=default 0.408s
2025-05-13 21:39:13.416 69764 INFO tempest.lib.common.rest_client [req-b077c3fe-9e3d-4949-bd8d-f8b067f69fa9 req-b077c3fe-9e3d-4949-bd8d-f8b067f69fa9 ] Request (ServerDiskConfigTestJSON:test_rebuild_server_with_manual_disk_config): 200 GET http://10.180.1.21/compute/v2.1/servers/89fec1cc-8bdb-488f-b06c-795c8ff1fbec 0.053s
2025-05-13 21:39:13.428 69778 INFO tempest.lib.common.rest_client [req-8fbd4b19-a6f7-4c97-95b9-b4fe121beaf5 req-8fbd4b19-a6f7-4c97-95b9-b4fe121beaf5 ] Request (ServerShowV247Test:tearDownClass): 204 DELETE http://10.180.1.21:9696/networking/v2.0/security-groups/bcbc44b5-c22b-4277-98d2-008010fdceef 0.092s
2025-05-13 21:39:13.491 69778 INFO tempest.lib.common.rest_client [req-20d20082-fade-498b-9e4e-b51c25513489 req-20d20082-fade-498b-9e4e-b51c25513489 ] Request (ServerShowV247Test:tearDownClass): 204 DELETE http://10.180.1.21/identity/v3/projects/71a6ab25582b48a4bbaad7328dea4716 0.062s
2025-05-13 21:39:13.544 69810 INFO tempest.lib.common.rest_client [req-e1885097-c5e4-4da6-b19c-5839adab35be req-e1885097-c5e4-4da6-b19c-5839adab35be ] Request (InstanceActionsNegativeTestJSON:setUpClass): 200 GET http://10.180.1.21/compute/v2.1/servers/9142b50b-9af0-4b60-a1df-7f713eb02f2c 0.099s
2025-05-13 21:39:13.557 69778 INFO tempest.lib.common.rest_client [req-c8827117-644b-490b-abfe-40cac8e050f5 req-c8827117-644b-490b-abfe-40cac8e050f5 ] Request (ServersNegativeTestJSON:setUpClass): 201 POST http://10.180.1.21/identity/v3/auth/tokens 0.064s
2025-05-13 21:39:13.586 69778 INFO tempest.lib.common.rest_client [req-a1e9df32-ca05-46db-afcd-66536219ab80 req-a1e9df32-ca05-46db-afcd-66536219ab80 ] Request (ServersNegativeTestJSON:setUpClass): 201 POST http://10.180.1.21/identity/v3/auth/tokens 0.027s
2025-05-13 21:39:13.601 69757 INFO tempest.lib.common.rest_client [req-6ff2b962-c966-490f-a49f-3ef4f79f5224 req-6ff2b962-c966-490f-a49f-3ef4f79f5224 ] Request (ServersTestBootFromVolume:setUpClass): 200 GET http://10.180.1.21/compute/v2.1/servers/8c1140a4-a4b1-4190-92f3-c4576ffa22bb 0.057s
2025-05-13 21:39:13.613 69778 INFO tempest.lib.common.rest_client [req-75975aa4-f6be-412a-96af-43286c840753 req-75975aa4-f6be-412a-96af-43286c840753 ] Request (ServersNegativeTestJSON:setUpClass): 200 GET http://10.180.1.21/identity/v3/domains?name=Default 0.027s
2025-05-13 21:39:13.641 69778 INFO tempest.lib.common.rest_client [req-b086fbd3-9cf3-4e6b-aa49-00ed44d50ea2 req-b086fbd3-9cf3-4e6b-aa49-00ed44d50ea2 ] Request (ServersNegativeTestJSON:setUpClass): 201 POST http://10.180.1.21/identity/v3/projects 0.027s
2025-05-13 21:39:13.660 69808 INFO tempest.lib.common.rest_client [req-454bf190-7ab3-41a7-b545-29061ee5f5bf req-454bf190-7ab3-41a7-b545-29061ee5f5bf ] Request (MigrationsAdminTest:test_list_migrations_in_flavor_resize_situation): 200 GET http://10.180.1.21/compute/v2.1/servers/b40269cc-f3c6-4dbc-a9aa-aa9f95186045 0.099s
2025-05-13 21:39:13.708 69778 INFO tempest.lib.common.rest_client [req-785bc6be-41dd-4ab6-8a8d-d3d7d18224f6 req-785bc6be-41dd-4ab6-8a8d-d3d7d18224f6 ] Request (ServersNegativeTestJSON:setUpClass): 201 POST http://10.180.1.21/identity/v3/users 0.066s
2025-05-13 21:39:13.714 69816 INFO tempest.lib.common.rest_client [req-329eb369-9e6b-480b-8402-a9163750229b req-329eb369-9e6b-480b-8402-a9163750229b ] Request (ServersAaction247Test:test_create_backup): 200 GET http://10.180.1.21/compute/v2.1/servers/e5188b18-95ce-4912-8c29-d59340601259 0.055s
2025-05-13 21:39:13.730 69778 INFO tempest.lib.common.rest_client [req-5893f40b-d1b8-494a-b3b9-f636653fd789 req-5893f40b-d1b8-494a-b3b9-f636653fd789 ] Request (ServersNegativeTestJSON:setUpClass): 200 GET http://10.180.1.21/identity/v3/roles 0.022s
2025-05-13 21:39:13.761 69778 INFO tempest.lib.common.rest_client [req-26d1d388-eb86-4dde-97d7-fc6eae458fc7 req-26d1d388-eb86-4dde-97d7-fc6eae458fc7 ] Request (ServersNegativeTestJSON:setUpClass): 204 PUT http://10.180.1.21/identity/v3/projects/f18f6a10b50c46968def3d49b6001d2b/users/5e5ed9d9d86747ae8a2450727f148904/roles/c7953bbd9d974220974eb3fc7743b4c5 0.030s
2025-05-13 21:39:13.761 69778 INFO tempest.lib.common.dynamic_creds [-] Dynamic test user 5e5ed9d9d86747ae8a2450727f148904 is created with scope project and roles: ['member']
2025-05-13 21:39:13.761 69778 INFO tempest.lib.common.dynamic_creds [-] Acquired dynamic creds: credentials: Credentials: {'domain_id': 'default', 'domain_name': 'Default', 'username': 'tempest-ServersNegativeTestJSON-642464338-project-member', 'project_domain_id': 'default', 'project_domain_name': 'Default', 'project_id': 'f18f6a10b50c46968def3d49b6001d2b', 'project_name': 'tempest-ServersNegativeTestJSON-642464338', 'tenant_id': 'f18f6a10b50c46968def3d49b6001d2b', 'tenant_name': 'tempest-ServersNegativeTestJSON-642464338', 'user_domain_id': 'default', 'user_domain_name': 'Default', 'user_id': '5e5ed9d9d86747ae8a2450727f148904', 'system': None}, Network: None, Subnet: None, Router: None
2025-05-13 21:39:13.765 69760 INFO tempest.lib.common.rest_client [req-844bb2de-964c-43ec-a8c3-5b19d2760e24 req-844bb2de-964c-43ec-a8c3-5b19d2760e24 ] Request (ServersAdminTestJSON:setUpClass): 200 GET http://10.180.1.21/compute/v2.1/servers/cd4b5c5b-82b7-4d9a-9d7e-6c127844fe1e 0.064s
2025-05-13 21:39:13.768 69794 INFO tempest.lib.common.rest_client [req-6d64e9cd-65c7-4495-abbb-5f15b07fa838 req-6d64e9cd-65c7-4495-abbb-5f15b07fa838 ] Request (ImagesTestJSON:test_create_image_from_stopped_server): 200 GET http://10.180.1.21/compute/v2.1/servers/5ea81cec-95cc-406c-b861-2de76ff9ff93 0.125s
2025-05-13 21:39:13.780 69794 INFO tempest.common.waiters [-] State transition "ACTIVE/powering-off" ==> "SHUTOFF/None" after 2 second wait
2025-05-13 21:39:13.806 69768 INFO tempest.lib.common.rest_client [req-ee6a262e-64ef-4845-91c7-b4a399332d8c req-ee6a262e-64ef-4845-91c7-b4a399332d8c ] Request (ListImageFiltersTestJSON:setUpClass): 200 GET http://10.180.1.21/compute/v2.1/images/1fddc15d-28bc-49e7-b877-bf3c162c45ac 0.077s
2025-05-13 21:39:13.817 69786 INFO tempest.lib.common.rest_client [req-21abff60-11dd-414f-9f48-9c993f96f345 req-21abff60-11dd-414f-9f48-9c993f96f345 ] Request (ServerMetadataNegativeTestJSON:setUpClass): 200 GET http://10.180.1.21/compute/v2.1/servers/f92e3645-bfaa-4080-a67d-02c10fc0f9d8 0.098s
2025-05-13 21:39:13.824 69778 INFO tempest.lib.common.rest_client [req-71c08ba6-f002-49b2-a7ee-78fb35dbbddc req-71c08ba6-f002-49b2-a7ee-78fb35dbbddc ] Request (ServersNegativeTestJSON:setUpClass): 201 POST http://10.180.1.21/identity/v3/auth/tokens 0.063s
2025-05-13 21:39:13.878 69776 INFO tempest.lib.common.rest_client [req-74caeb39-b40b-4819-aee0-0d7e8e3ba551 req-74caeb39-b40b-4819-aee0-0d7e8e3ba551 ] Request (ServerDiagnosticsV248Test:tearDownClass): 200 GET http://10.180.1.21/compute/v2.1/servers/a73dab07-defc-470a-a91e-0e77a69da76e 0.093s
2025-05-13 21:39:13.940 69770 INFO tempest.lib.common.rest_client [req-4cee66fb-8500-4950-afb8-0dfedf859926 req-4cee66fb-8500-4950-afb8-0dfedf859926 ] Request (ServersAdminNegativeTestJSON:tearDownClass): 200 GET http://10.180.1.21/compute/v2.1/servers/736eb682-9dd1-45a7-8f88-d83ddae4d68a 0.073s
2025-05-13 21:39:14.241 69814 INFO tempest.lib.common.rest_client [req-8fdd818b-5300-4f84-aae0-476d3441298b req-8fdd818b-5300-4f84-aae0-476d3441298b ] Request (SecurityGroupsTestJSON:test_list_security_groups_by_server): 200 GET http://10.180.1.21/compute/v2.1/servers/2172b03c-6a59-48de-9dab-408a19619aca 0.328s
2025-05-13 21:39:14.249 69794 INFO tempest.lib.common.rest_client [req-2292f4d6-a53b-4367-b280-00591709d0a2 req-2292f4d6-a53b-4367-b280-00591709d0a2 ] Request (ImagesTestJSON:test_create_image_from_stopped_server): 202 POST http://10.180.1.21/compute/v2.1/servers/5ea81cec-95cc-406c-b861-2de76ff9ff93/action 0.469s
2025-05-13 21:39:14.291 69778 INFO tempest.lib.common.rest_client [req-d71ccfdd-ba7d-40e2-b943-ab5c4b9e39c3 req-d71ccfdd-ba7d-40e2-b943-ab5c4b9e39c3 ] Request (ServersNegativeTestJSON:setUpClass): 201 POST http://10.180.1.21:9696/networking/v2.0/networks 0.466s
2025-05-13 21:39:14.316 69774 INFO tempest.lib.common.rest_client [req-f00b9966-b21f-46e8-b382-7bf3de83cb7c req-f00b9966-b21f-46e8-b382-7bf3de83cb7c ] Request (ServerShowV257Test:test_rebuild_server): 200 GET http://10.180.1.21/compute/v2.1/servers/52ee2d69-0a95-460e-b95e-16e0a5114e3b 0.397s
2025-05-13 21:39:14.326 69766 INFO tempest.lib.common.rest_client [req-fbf6a8fa-1b6f-40cc-9f3a-41e0c1d1ac60 req-fbf6a8fa-1b6f-40cc-9f3a-41e0c1d1ac60 ] Request (ImagesOneServerTestJSON:tearDownClass): 200 GET http://10.180.1.21/compute/v2.1/servers/5dd49b1e-89a0-4d8a-bdb0-db5f43c1682c 0.339s
2025-05-13 21:39:14.372 69792 INFO tempest.lib.common.rest_client [req-e6371b14-839f-4617-9020-750bf60c2436 req-e6371b14-839f-4617-9020-750bf60c2436 ] Request (MultipleCreateTestJSON:test_multiple_create): 200 GET http://10.180.1.21/compute/v2.1/servers/0cc46589-609b-4feb-8e19-88da9c7200a6 0.328s
2025-05-13 21:39:14.387 69806 INFO tempest.lib.common.rest_client [req-97f4cb32-41ab-4fa9-8b63-10946d42284b req-97f4cb32-41ab-4fa9-8b63-10946d42284b ] Request (DeleteServersAdminTestJSON:test_delete_server_while_in_error_state): 200 GET http://10.180.1.21/compute/v2.1/servers/cc3336d0-85fc-4aa8-8521-7ef2ed5c2674 0.277s
2025-05-13 21:39:14.455 69773 INFO tempest.lib.common.rest_client [req-d3f2d515-e51b-4ede-923f-38e40fd691b4 req-d3f2d515-e51b-4ede-923f-38e40fd691b4 ] Request (DeleteServersTestJSON:test_delete_server_while_in_attached_volume): 200 GET http://10.180.1.21/compute/v2.1/servers/79fb7a70-beec-44e4-adcf-b959d4482341 0.292s
2025-05-13 21:39:14.459 69812 INFO tempest.lib.common.rest_client [req-fc9e1a35-c411-47dd-9ca3-746f28afbbef req-fc9e1a35-c411-47dd-9ca3-746f28afbbef ] Request (ListServersNegativeTestJSON:setUpClass): 200 GET http://10.180.1.21/compute/v2.1/servers/cbcc2538-ac37-4cc7-8a70-6d3b4404d408 0.281s
2025-05-13 21:39:14.467 69812 INFO tempest.common.waiters [-] State transition "ACTIVE/deleting" ==> "DELETED/None" after 5 second wait
2025-05-13 21:39:14.490 69794 INFO tempest.lib.common.rest_client [req-cac9a23d-9a9f-4192-93c0-115a1cdc7fe8 req-cac9a23d-9a9f-4192-93c0-115a1cdc7fe8 ] Request (ImagesTestJSON:test_create_image_from_stopped_server): 200 GET http://10.180.1.21/compute/v2.1/images/25c64911-5fb7-4a13-bc5d-9d102155769e 0.234s
2025-05-13 21:39:14.501 69778 INFO tempest.lib.common.rest_client [req-b24496a1-2392-4663-878b-dd5dfe076530 req-b24496a1-2392-4663-878b-dd5dfe076530 ] Request (ServersNegativeTestJSON:setUpClass): 201 POST http://10.180.1.21:9696/networking/v2.0/subnets 0.209s
2025-05-13 21:39:14.522 69796 INFO tempest.lib.common.rest_client [req-9315b213-483c-4efa-b3cb-24b1eb7fb767 req-9315b213-483c-4efa-b3cb-24b1eb7fb767 ] Request (ServerGroupTestJSON:_run_cleanups): 200 GET http://10.180.1.21/compute/v2.1/servers/44b4ca7c-aec4-40a2-819a-cb938b618d22 0.302s
2025-05-13 21:39:14.546 69755 INFO tempest.lib.common.rest_client [req-e6d89656-0b92-4402-bc8b-e95044196453 req-e6d89656-0b92-4402-bc8b-e95044196453 ] Request (ServerRescueTestJSONUnderV235:setUpClass): 200 GET http://10.180.1.21/compute/v2.1/servers/fb2639a1-1d42-4e4e-a4d5-b579dca01370 0.263s
2025-05-13 21:39:14.586 69788 INFO tempest.lib.common.rest_client [req-255161ad-7db3-4da5-8104-004917d7f1f5 req-255161ad-7db3-4da5-8104-004917d7f1f5 ] Request (ServerTagsTestJSON:setUpClass): 200 GET http://10.180.1.21/compute/v2.1/servers/6cabd8b5-b9a7-423e-910f-db3fb5b2535d 0.273s
2025-05-13 21:39:14.611 69780 INFO tempest.lib.common.rest_client [req-8a54c7c1-8578-4e8d-ad87-21ad769e54af req-8a54c7c1-8578-4e8d-ad87-21ad769e54af ] Request (ServerRescueTestJSON:test_rescue_unrescue_instance): 200 GET http://10.180.1.21/compute/v2.1/servers/830b3cad-5c4c-4086-a060-4a0dea4b1735 0.273s
2025-05-13 21:39:14.640 69764 INFO tempest.lib.common.rest_client [req-c2112b05-b0c6-42bd-9596-b79e658cd29b req-c2112b05-b0c6-42bd-9596-b79e658cd29b ] Request (ServerDiskConfigTestJSON:test_rebuild_server_with_manual_disk_config): 200 GET http://10.180.1.21/compute/v2.1/servers/89fec1cc-8bdb-488f-b06c-795c8ff1fbec 0.216s
2025-05-13 21:39:14.689 69757 INFO tempest.lib.common.rest_client [req-3b31896f-0b05-4edf-8a42-e2f42fbdbd0e req-3b31896f-0b05-4edf-8a42-e2f42fbdbd0e ] Request (ServersTestBootFromVolume:setUpClass): 200 GET http://10.180.1.21/compute/v2.1/servers/8c1140a4-a4b1-4190-92f3-c4576ffa22bb 0.079s
2025-05-13 21:39:14.760 69810 INFO tempest.lib.common.rest_client [req-d77f60b5-f1ea-4922-82be-75522a8e9ba7 req-d77f60b5-f1ea-4922-82be-75522a8e9ba7 ] Request (InstanceActionsNegativeTestJSON:setUpClass): 200 GET http://10.180.1.21/compute/v2.1/servers/9142b50b-9af0-4b60-a1df-7f713eb02f2c 0.209s
2025-05-13 21:39:14.827 69808 INFO tempest.lib.common.rest_client [req-73dd5d4b-74a0-483f-8c78-fc810a4124fa req-73dd5d4b-74a0-483f-8c78-fc810a4124fa ] Request (MigrationsAdminTest:test_list_migrations_in_flavor_resize_situation): 200 GET http://10.180.1.21/compute/v2.1/servers/b40269cc-f3c6-4dbc-a9aa-aa9f95186045 0.158s
2025-05-13 21:39:14.830 69816 INFO tempest.lib.common.rest_client [req-a36e315c-25b2-4ce4-b603-529d81e7cc56 req-a36e315c-25b2-4ce4-b603-529d81e7cc56 ] Request (ServersAaction247Test:test_create_backup): 200 GET http://10.180.1.21/compute/v2.1/servers/e5188b18-95ce-4912-8c29-d59340601259 0.106s
2025-05-13 21:39:14.865 69768 INFO tempest.lib.common.rest_client [req-a4ac4b3d-13a7-46a3-9694-5d10a3bd2bbb req-a4ac4b3d-13a7-46a3-9694-5d10a3bd2bbb ] Request (ListImageFiltersTestJSON:setUpClass): 200 GET http://10.180.1.21/compute/v2.1/images/1fddc15d-28bc-49e7-b877-bf3c162c45ac 0.055s
2025-05-13 21:39:14.890 69760 INFO tempest.lib.common.rest_client [req-cbc05d65-a484-4cd4-997e-d9abba1819a0 req-cbc05d65-a484-4cd4-997e-d9abba1819a0 ] Request (ServersAdminTestJSON:setUpClass): 200 GET http://10.180.1.21/compute/v2.1/servers/cd4b5c5b-82b7-4d9a-9d7e-6c127844fe1e 0.115s
2025-05-13 21:39:14.919 69786 INFO tempest.lib.common.rest_client [req-de0b7763-7bac-4e70-a8e3-12e6fd95396e req-de0b7763-7bac-4e70-a8e3-12e6fd95396e ] Request (ServerMetadataNegativeTestJSON:setUpClass): 200 GET http://10.180.1.21/compute/v2.1/servers/f92e3645-bfaa-4080-a67d-02c10fc0f9d8 0.093s
2025-05-13 21:39:14.973 69776 INFO tempest.lib.common.rest_client [req-baa289af-89f9-465e-8797-cdc4880795eb req-baa289af-89f9-465e-8797-cdc4880795eb ] Request (ServerDiagnosticsV248Test:tearDownClass): 200 GET http://10.180.1.21/compute/v2.1/servers/a73dab07-defc-470a-a91e-0e77a69da76e 0.085s
2025-05-13 21:39:15.043 69770 INFO tempest.lib.common.rest_client [req-705c6ed1-5445-4a7f-9c28-14ae2246131b req-705c6ed1-5445-4a7f-9c28-14ae2246131b ] Request (ServersAdminNegativeTestJSON:tearDownClass): 200 GET http://10.180.1.21/compute/v2.1/servers/736eb682-9dd1-45a7-8f88-d83ddae4d68a 0.093s
2025-05-13 21:39:15.328 69778 INFO tempest.lib.common.rest_client [req-0abf54c5-2cef-455e-a30d-fe5ba899b942 req-0abf54c5-2cef-455e-a30d-fe5ba899b942 ] Request (ServersNegativeTestJSON:setUpClass): 201 POST http://10.180.1.21:9696/networking/v2.0/routers 0.827s
2025-05-13 21:39:15.393 69774 INFO tempest.lib.common.rest_client [req-0095b884-33a5-4bb2-8618-cfb5e5562e3d req-0095b884-33a5-4bb2-8618-cfb5e5562e3d ] Request (ServerShowV257Test:test_rebuild_server): 200 GET http://10.180.1.21/compute/v2.1/servers/52ee2d69-0a95-460e-b95e-16e0a5114e3b 0.065s
2025-05-13 21:39:15.410 69814 INFO tempest.lib.common.rest_client [req-69b04d66-f773-4222-894c-b0ef69c2a80e req-69b04d66-f773-4222-894c-b0ef69c2a80e ] Request (SecurityGroupsTestJSON:test_list_security_groups_by_server): 200 GET http://10.180.1.21/compute/v2.1/servers/2172b03c-6a59-48de-9dab-408a19619aca 0.161s
2025-05-13 21:39:15.478 69792 INFO tempest.lib.common.rest_client [req-5314730f-bb27-4873-b509-6d9e29ee7642 req-5314730f-bb27-4873-b509-6d9e29ee7642 ] Request (MultipleCreateTestJSON:test_multiple_create): 200 GET http://10.180.1.21/compute/v2.1/servers/0cc46589-609b-4feb-8e19-88da9c7200a6 0.099s
2025-05-13 21:39:15.483 69766 INFO tempest.lib.common.rest_client [req-261d10a1-2030-4b08-9e2c-0833faecd76c req-261d10a1-2030-4b08-9e2c-0833faecd76c ] Request (ImagesOneServerTestJSON:tearDownClass): 200 GET http://10.180.1.21/compute/v2.1/servers/5dd49b1e-89a0-4d8a-bdb0-db5f43c1682c 0.146s
2025-05-13 21:39:15.558 69812 INFO tempest.lib.common.rest_client [req-603c2ed6-c807-46ce-a618-4a7af9f835c4 req-603c2ed6-c807-46ce-a618-4a7af9f835c4 ] Request (ListServersNegativeTestJSON:setUpClass): 200 GET http://10.180.1.21/compute/v2.1/servers/cbcc2538-ac37-4cc7-8a70-6d3b4404d408 0.089s
2025-05-13 21:39:15.572 69806 INFO tempest.lib.common.rest_client [req-97701fdf-a1e2-43e4-b4db-774088da2f3d req-97701fdf-a1e2-43e4-b4db-774088da2f3d ] Request (DeleteServersAdminTestJSON:test_delete_server_while_in_error_state): 200 GET http://10.180.1.21/compute/v2.1/servers/cc3336d0-85fc-4aa8-8521-7ef2ed5c2674 0.177s
2025-05-13 21:39:15.647 69773 INFO tempest.lib.common.rest_client [req-5dde7dbf-c887-4ff4-8736-561dc92d1285 req-5dde7dbf-c887-4ff4-8736-561dc92d1285 ] Request (DeleteServersTestJSON:test_delete_server_while_in_attached_volume): 200 GET http://10.180.1.21/compute/v2.1/servers/79fb7a70-beec-44e4-adcf-b959d4482341 0.173s
2025-05-13 21:39:15.652 69794 INFO tempest.lib.common.rest_client [req-24a149d1-2817-44ce-8061-c7b5307373aa req-24a149d1-2817-44ce-8061-c7b5307373aa ] Request (ImagesTestJSON:test_create_image_from_stopped_server): 200 GET http://10.180.1.21/compute/v2.1/images/25c64911-5fb7-4a13-bc5d-9d102155769e 0.156s
2025-05-13 21:39:15.661 69785 WARNING tempest.lib.common.ssh [-] Failed to establish authenticated ssh connection to cirros@10.180.180.167 ([Errno None] Unable to connect to port 22 on 10.180.180.167). Number attempts: 4. Retry after 5 seconds.: paramiko.ssh_exception.NoValidConnectionsError: [Errno None] Unable to connect to port 22 on 10.180.180.167
2025-05-13 21:39:15.712 69796 INFO tempest.lib.common.rest_client [req-685c0606-6331-415c-8f83-95d0c192355d req-685c0606-6331-415c-8f83-95d0c192355d ] Request (ServerGroupTestJSON:_run_cleanups): 200 GET http://10.180.1.21/compute/v2.1/servers/44b4ca7c-aec4-40a2-819a-cb938b618d22 0.181s
2025-05-13 21:39:15.717 69755 INFO tempest.lib.common.rest_client [req-1f4c72d2-bf27-410d-995f-0fb9ff99e0cf req-1f4c72d2-bf27-410d-995f-0fb9ff99e0cf ] Request (ServerRescueTestJSONUnderV235:setUpClass): 200 GET http://10.180.1.21/compute/v2.1/servers/fb2639a1-1d42-4e4e-a4d5-b579dca01370 0.155s
2025-05-13 21:39:15.771 69788 INFO tempest.lib.common.rest_client [req-91321d22-9321-488f-99e9-3126bb53eff6 req-91321d22-9321-488f-99e9-3126bb53eff6 ] Request (ServerTagsTestJSON:setUpClass): 200 GET http://10.180.1.21/compute/v2.1/servers/6cabd8b5-b9a7-423e-910f-db3fb5b2535d 0.176s
2025-05-13 21:39:15.783 69780 INFO tempest.lib.common.rest_client [req-10577762-3891-4f17-8536-a5127966ba44 req-10577762-3891-4f17-8536-a5127966ba44 ] Request (ServerRescueTestJSON:test_rescue_unrescue_instance): 200 GET http://10.180.1.21/compute/v2.1/servers/830b3cad-5c4c-4086-a060-4a0dea4b1735 0.155s
2025-05-13 21:39:15.833 69764 INFO tempest.lib.common.rest_client [req-808e5c4b-79e1-4e35-b0ff-1c8d797a17fb req-808e5c4b-79e1-4e35-b0ff-1c8d797a17fb ] Request (ServerDiskConfigTestJSON:test_rebuild_server_with_manual_disk_config): 200 GET http://10.180.1.21/compute/v2.1/servers/89fec1cc-8bdb-488f-b06c-795c8ff1fbec 0.179s
2025-05-13 21:39:15.853 69757 INFO tempest.lib.common.rest_client [req-7d6c2525-e66f-4dc1-8485-da435360db84 req-7d6c2525-e66f-4dc1-8485-da435360db84 ] Request (ServersTestBootFromVolume:setUpClass): 200 GET http://10.180.1.21/compute/v2.1/servers/8c1140a4-a4b1-4190-92f3-c4576ffa22bb 0.152s
2025-05-13 21:39:15.992 69808 INFO tempest.lib.common.rest_client [req-ad32988f-0507-4689-8c91-206c4c1597ca req-ad32988f-0507-4689-8c91-206c4c1597ca ] Request (MigrationsAdminTest:test_list_migrations_in_flavor_resize_situation): 200 GET http://10.180.1.21/compute/v2.1/servers/b40269cc-f3c6-4dbc-a9aa-aa9f95186045 0.155s
