2025-05-13 21:37:11.808 69804 INFO tempest.lib.common.dynamic_creds [-] Created isolated network resources for: credentials: Credentials: {'domain_id': 'default', 'domain_name': 'Default', 'username': 'tempest-ServersWithSpecificFlavorTestJSON-1239143563-project-member', 'project_domain_id': 'default', 'project_domain_name': 'Default', 'project_id': '1e465e90f98e4f3db534c7a77e802494', 'project_name': 'tempest-ServersWithSpecificFlavorTestJSON-1239143563', 'tenant_id': '1e465e90f98e4f3db534c7a77e802494', 'tenant_name': 'tempest-ServersWithSpecificFlavorTestJSON-1239143563', 'user_domain_id': 'default', 'user_domain_name': 'Default', 'user_id': 'd26163374c7e48ce8c90cb3def7a79e4', 'system': None}, Network: {'id': '675a554c-64d8-40f5-a184-3c7f08594bb2', 'name': 'tempest-ServersWithSpecificFlavorTestJSON-19599583-network', 'tenant_id': '1e465e90f98e4f3db534c7a77e802494', 'admin_state_up': True, 'mtu': 8950, 'status': 'ACTIVE', 'subnets': [], 'shared': False, 'project_id': '1e465e90f98e4f3db534c7a77e802494', 'port_security_enabled': True, 'router:external': False, 'provider:network_type': 'vlan', 'provider:physical_network': 'default', 'provider:segmentation_id': 757, 'availability_zone_hints': [], 'availability_zones': [], 'ipv4_address_scope': None, 'ipv6_address_scope': None, 'description': '', 'tags': [], 'created_at': '2025-05-13T21:37:07Z', 'updated_at': '2025-05-13T21:37:07Z', 'revision_number': 1}, Subnet: {'id': '93842386-a7d0-48e6-a957-55ef63e4bf9b', 'name': 'tempest-ServersWithSpecificFlavorTestJSON-19599583-subnet', 'tenant_id': '1e465e90f98e4f3db534c7a77e802494', 'network_id': '675a554c-64d8-40f5-a184-3c7f08594bb2', 'ip_version': 4, 'subnetpool_id': None, 'enable_dhcp': True, 'ipv6_ra_mode': None, 'ipv6_address_mode': None, 'gateway_ip': '192.168.128.1', 'cidr': '192.168.128.0/28', 'allocation_pools': [{'start': '192.168.128.2', 'end': '192.168.128.14'}], 'host_routes': [], 'dns_nameservers': [], 'description': '', 'router:external': False, 'service_types': [], 'tags': [], 'created_at': '2025-05-13T21:37:08Z', 'updated_at': '2025-05-13T21:37:08Z', 'revision_number': 0, 'project_id': '1e465e90f98e4f3db534c7a77e802494'}, Router: {'id': '034eb4d6-0e6e-4f3a-b72f-b1b2852d25c4', 'name': 'tempest-ServersWithSpecificFlavorTestJSON-19599583-router', 'tenant_id': '1e465e90f98e4f3db534c7a77e802494', 'admin_state_up': True, 'status': 'ACTIVE', 'external_gateway_info': {'network_id': '5478a68c-9245-4018-b227-05b5fb0b431e', 'external_fixed_ips': [{'subnet_id': '1f3eabb7-fff5-49a5-a22c-0ad3feb2caef', 'ip_address': '10.180.180.143'}], 'enable_snat': True}, 'description': '', 'availability_zones': [], 'distributed': False, 'ha': False, 'availability_zone_hints': [], 'routes': [], 'flavor_id': None, 'tags': [], 'created_at': '2025-05-13T21:37:08Z', 'updated_at': '2025-05-13T21:37:09Z', 'revision_number': 2, 'project_id': '1e465e90f98e4f3db534c7a77e802494'}
2025-05-13 21:37:11.938 69768 INFO tempest.lib.common.rest_client [req-e6800734-285d-46f4-895e-a09b23b6eb4c req-e6800734-285d-46f4-895e-a09b23b6eb4c ] Request (FlavorsV261TestJSON:test_crud_flavor): 200 POST http://10.180.1.21/compute/v2.1/flavors 3.275s
2025-05-13 21:37:11.947 69757 INFO tempest.lib.common.rest_client [req-cb9d2d43-cd57-40b7-b2ea-83df9b57af4c req-cb9d2d43-cd57-40b7-b2ea-83df9b57af4c ] Request (ImagesNegativeTestJSON:setUpClass): 201 POST http://10.180.1.21/identity/v3/auth/tokens 0.681s
2025-05-13 21:37:11.961 69778 INFO tempest.lib.common.rest_client [req-73d2ad2b-69a1-421f-8830-b328260dc1b5 req-73d2ad2b-69a1-421f-8830-b328260dc1b5 ] Request (ServerShowV247Test:setUpClass): 200 GET http://10.180.1.21/identity/v3/roles 0.621s
2025-05-13 21:37:11.967 69796 INFO tempest.lib.common.rest_client [req-f1ed358a-e59d-4efc-85d3-6f92d986e678 req-f1ed358a-e59d-4efc-85d3-6f92d986e678 ] Request (ImagesMetadataNegativeTestJSON:test_list_nonexistent_image_metadata): 404 GET http://10.180.1.21/compute/v2.1/images/f55fbf14-c23f-4815-b8a5-da1471f2a006/metadata 2.764s
2025-05-13 21:37:11.994 69762 INFO tempest.lib.common.rest_client [req-2a3fbd1a-4d56-4fd7-b616-03da345db54e req-2a3fbd1a-4d56-4fd7-b616-03da345db54e ] Request (VolumesAssistedSnapshotsTest:setUpClass): 200 GET http://10.180.1.21/identity/v3/roles 0.620s
2025-05-13 21:37:12.049 69774 INFO tempest.lib.common.rest_client [req-e18a3bae-43b5-43ae-be56-0c65cd50bf8d req-e18a3bae-43b5-43ae-be56-0c65cd50bf8d ] Request (ServersAdmin275Test:test_rebuild_update_server_275): 201 POST http://10.180.1.21/identity/v3/auth/tokens 0.608s
2025-05-13 21:37:12.050 69774 INFO tempest.lib.common.fixed_network [-] (ServersAdmin275Test:test_rebuild_update_server_275) Found network None available for tenant
2025-05-13 21:37:12.071 69802 INFO tempest.lib.common.rest_client [req-8d6b89c8-5755-4555-a84b-ea384d1d6621 req-8d6b89c8-5755-4555-a84b-ea384d1d6621 ] Request (VolumesAdminNegativeTest:setUpClass): 201 POST http://10.180.1.21/identity/v3/projects 0.488s
2025-05-13 21:37:12.126 69806 INFO tempest.lib.common.rest_client [req-36871acd-518a-4dfa-b5b1-35da6b9b5a17 req-36871acd-518a-4dfa-b5b1-35da6b9b5a17 ] Request (DeleteServersAdminTestJSON:test_admin_delete_servers_of_others): 201 POST http://10.180.1.21/identity/v3/auth/tokens 0.472s
2025-05-13 21:37:12.127 69806 INFO tempest.lib.common.fixed_network [-] (DeleteServersAdminTestJSON:test_admin_delete_servers_of_others) Found network None available for tenant
2025-05-13 21:37:12.130 69785 INFO tempest.lib.common.rest_client [req-c092bfa0-8d92-4d19-b897-34545cdc8d83 req-c092bfa0-8d92-4d19-b897-34545cdc8d83 ] Request (AZAdminNegativeTestJSON:tearDownClass): 200 GET http://10.180.1.21:9696/networking/v2.0/security-groups?tenant_id=927ca1fe4a414a779c139eaa3e0a630c&name=default 0.767s
2025-05-13 21:37:12.150 69773 INFO tempest.lib.common.rest_client [req-004ade31-be53-4fdf-95da-d0e1bec07ce7 req-004ade31-be53-4fdf-95da-d0e1bec07ce7 ] Request (DeleteServersTestJSON:setUpClass): 201 POST http://10.180.1.21/identity/v3/auth/tokens 0.446s
2025-05-13 21:37:12.193 69776 INFO tempest.lib.common.rest_client [req-f49525ef-d543-4e46-9d85-baf573e7a239 req-f49525ef-d543-4e46-9d85-baf573e7a239 ] Request (QuotasAdminNegativeTest:setUpClass): 201 POST http://10.180.1.21/identity/v3/auth/tokens 0.471s
2025-05-13 21:37:12.212 69785 INFO tempest.lib.common.rest_client [req-55f2d727-edc4-4fd5-8898-c6ef209440cc req-55f2d727-edc4-4fd5-8898-c6ef209440cc ] Request (AZAdminNegativeTestJSON:tearDownClass): 204 DELETE http://10.180.1.21:9696/networking/v2.0/security-groups/39519bc4-d6cd-400c-a955-6677a61bb3c6 0.081s
2025-05-13 21:37:12.219 69755 INFO tempest.lib.common.rest_client [req-c0883e3a-840e-4fd6-8ae1-45930dbe3c4c req-c0883e3a-840e-4fd6-8ae1-45930dbe3c4c ] Request (QuotasAdminTestJSON:test_delete_quota): 200 GET http://10.180.1.21/identity/v3/domains?name=Default 0.453s
2025-05-13 21:37:12.261 69780 INFO tempest.lib.common.rest_client [req-62a0d16f-4450-4d9b-976a-6d71d26be8a5 req-62a0d16f-4450-4d9b-976a-6d71d26be8a5 ] Request (QuotasSecurityGroupAdminNegativeTest:tearDownClass): 204 DELETE http://10.180.1.21/identity/v3/users/35610f71280c409784ed710acc12c5e4 0.473s
2025-05-13 21:37:12.261 69780 INFO tempest.lib.common.dynamic_creds [-] Deleting project and security group for project: f4d9a39ebbc442c6bb3521e7dabe644d
2025-05-13 21:37:12.290 69804 INFO tempest.lib.common.rest_client [req-4c5f416f-6394-42d6-94d1-1c83f8fcab45 req-4c5f416f-6394-42d6-94d1-1c83f8fcab45 ] Request (ServersWithSpecificFlavorTestJSON:setUpClass): 201 POST http://10.180.1.21/identity/v3/auth/tokens 0.424s
2025-05-13 21:37:12.344 69757 INFO tempest.lib.common.rest_client [req-747b083b-c002-4546-ae35-512a512b77c6 req-747b083b-c002-4546-ae35-512a512b77c6 ] Request (ImagesNegativeTestJSON:setUpClass): 201 POST http://10.180.1.21/identity/v3/auth/tokens 0.396s
2025-05-13 21:37:12.375 69778 INFO tempest.lib.common.rest_client [req-43e701a0-9ac0-4d8e-b1b2-b9c728b8f313 req-43e701a0-9ac0-4d8e-b1b2-b9c728b8f313 ] Request (ServerShowV247Test:setUpClass): 204 PUT http://10.180.1.21/identity/v3/projects/71a6ab25582b48a4bbaad7328dea4716/users/f4d05dda29f448b588a49616616af621/roles/e0e57bafe9a740db9d6a824fc14a5dd3 0.413s
2025-05-13 21:37:12.376 69778 INFO tempest.lib.common.dynamic_creds [-] Dynamic test user f4d05dda29f448b588a49616616af621 is created with scope project and roles: ['reader']
2025-05-13 21:37:12.376 69778 INFO tempest.lib.common.dynamic_creds [-] Acquired dynamic creds: credentials: Credentials: {'domain_id': 'default', 'domain_name': 'Default', 'username': 'tempest-ServerShowV247Test-1920681594-project-reader', 'project_domain_id': 'default', 'project_domain_name': 'Default', 'project_id': '71a6ab25582b48a4bbaad7328dea4716', 'project_name': 'tempest-ServerShowV247Test-1920681594', 'tenant_id': '71a6ab25582b48a4bbaad7328dea4716', 'tenant_name': 'tempest-ServerShowV247Test-1920681594', 'user_domain_id': 'default', 'user_domain_name': 'Default', 'user_id': 'f4d05dda29f448b588a49616616af621', 'system': None}, Network: None, Subnet: None, Router: None
2025-05-13 21:37:12.376 69778 INFO tempest.lib.common.dynamic_creds [-] Network resources are not created for requested scope: project and credentials: Credentials: {'domain_id': 'default', 'domain_name': 'Default', 'username': 'tempest-ServerShowV247Test-1920681594-project-reader', 'project_domain_id': 'default', 'project_domain_name': 'Default', 'project_id': '71a6ab25582b48a4bbaad7328dea4716', 'project_name': 'tempest-ServerShowV247Test-1920681594', 'tenant_id': '71a6ab25582b48a4bbaad7328dea4716', 'tenant_name': 'tempest-ServerShowV247Test-1920681594', 'user_domain_id': 'default', 'user_domain_name': 'Default', 'user_id': 'f4d05dda29f448b588a49616616af621', 'system': None}, Network: None, Subnet: None, Router: None
2025-05-13 21:37:12.426 69802 INFO tempest.lib.common.rest_client [req-9488a600-2e05-4e7f-9355-d508c6e2e02f req-9488a600-2e05-4e7f-9355-d508c6e2e02f ] Request (VolumesAdminNegativeTest:setUpClass): 201 POST http://10.180.1.21/identity/v3/users 0.354s
2025-05-13 21:37:12.427 69790 INFO tempest.lib.common.rest_client [req-bfb0bf79-f72d-438b-9659-2101e48d8e34 req-bfb0bf79-f72d-438b-9659-2101e48d8e34 ] Request (FlavorsAdminTestJSON:test_create_flavor_using_string_ram): 200 POST http://10.180.1.21/compute/v2.1/flavors 2.144s
2025-05-13 21:37:12.438 69762 INFO tempest.lib.common.rest_client [req-6a84986a-968b-4f64-92b7-4674cea753e5 req-6a84986a-968b-4f64-92b7-4674cea753e5 ] Request (VolumesAssistedSnapshotsTest:setUpClass): 204 PUT http://10.180.1.21/identity/v3/projects/32cd4278a4aa403e9dc0bc6bc157adcf/users/29365db2c1154b48a1264dd676219a60/roles/489a45090ad0488fb06cc7e01c16a8df 0.443s
2025-05-13 21:37:12.499 69773 INFO tempest.lib.common.rest_client [req-48fd7d45-2768-49f3-978e-f4a3250fa891 req-48fd7d45-2768-49f3-978e-f4a3250fa891 ] Request (DeleteServersTestJSON:test_delete_active_server): 201 POST http://10.180.1.21/identity/v3/auth/tokens 0.344s
2025-05-13 21:37:12.499 69773 INFO tempest.lib.common.fixed_network [-] (DeleteServersTestJSON:test_delete_active_server) Found network {'id': '930674a2-6b41-4437-ac36-8ce5bfe9db24', 'name': 'tempest-DeleteServersTestJSON-985282624-network', 'tenant_id': '187b71e0ab394ed1900298f170ddf3ad', 'admin_state_up': True, 'mtu': 8950, 'status': 'ACTIVE', 'subnets': [], 'shared': False, 'project_id': '187b71e0ab394ed1900298f170ddf3ad', 'port_security_enabled': True, 'router:external': False, 'provider:network_type': 'vlan', 'provider:physical_network': 'default', 'provider:segmentation_id': 430, 'availability_zone_hints': [], 'availability_zones': [], 'ipv4_address_scope': None, 'ipv6_address_scope': None, 'description': '', 'tags': [], 'created_at': '2025-05-13T21:37:07Z', 'updated_at': '2025-05-13T21:37:07Z', 'revision_number': 1} available for tenant
2025-05-13 21:37:12.504 69776 INFO tempest.lib.common.rest_client [req-8557845f-6d4d-4903-9daf-f5766c89047c req-8557845f-6d4d-4903-9daf-f5766c89047c ] Request (QuotasAdminNegativeTest:setUpClass): 200 GET http://10.180.1.21/identity/v3/domains?name=Default 0.310s
2025-05-13 21:37:12.532 69780 INFO tempest.lib.common.rest_client [req-0f71ba31-a4a5-4046-982e-2314654b00b1 req-0f71ba31-a4a5-4046-982e-2314654b00b1 ] Request (QuotasSecurityGroupAdminNegativeTest:tearDownClass): 201 POST http://10.180.1.21/identity/v3/auth/tokens 0.270s
2025-05-13 21:37:12.560 69816 INFO tempest.lib.common.rest_client [req-e1086568-a917-4521-89d1-d6d2d6044a58 req-e1086568-a917-4521-89d1-d6d2d6044a58 ] Request (AttachInterfacesV270Test:test_create_get_list_interfaces): 202 POST http://10.180.1.21/compute/v2.1/servers 4.146s
2025-05-13 21:37:12.569 69804 INFO tempest.lib.common.rest_client [req-e3d7365a-9c05-4f98-ab9b-29382e4fe58e req-e3d7365a-9c05-4f98-ab9b-29382e4fe58e ] Request (ServersWithSpecificFlavorTestJSON:setUpClass): 201 POST http://10.180.1.21/identity/v3/projects 0.278s
2025-05-13 21:37:12.597 69785 INFO tempest.lib.common.rest_client [req-bc56740d-0aaf-4026-9e39-29a83f62151d req-bc56740d-0aaf-4026-9e39-29a83f62151d ] Request (AZAdminNegativeTestJSON:tearDownClass): 204 DELETE http://10.180.1.21/identity/v3/projects/927ca1fe4a414a779c139eaa3e0a630c 0.385s
2025-05-13 21:37:12.598 69785 INFO tempest.lib.common.dynamic_creds [-] Deleting project and security group for project: f782f617ed874048ac4c13a669e67bc7
2025-05-13 21:37:12.631 69757 INFO tempest.lib.common.rest_client [req-bede9f57-efd7-4809-bac0-05cb0e2025cb req-bede9f57-efd7-4809-bac0-05cb0e2025cb ] Request (ImagesNegativeTestJSON:setUpClass): 200 GET http://10.180.1.21/identity/v3/domains?name=Default 0.285s
2025-05-13 21:37:12.652 69802 INFO tempest.lib.common.rest_client [req-ca006e8e-5710-4634-9ae7-aea7c7a506ea req-ca006e8e-5710-4634-9ae7-aea7c7a506ea ] Request (VolumesAdminNegativeTest:setUpClass): 200 GET http://10.180.1.21/identity/v3/roles 0.226s
2025-05-13 21:37:12.679 69778 INFO tempest.lib.common.rest_client [req-e4db2b96-dacf-4524-943d-27dcd5441f61 req-e4db2b96-dacf-4524-943d-27dcd5441f61 ] Request (ServerShowV247Test:setUpClass): 201 POST http://10.180.1.21/identity/v3/auth/tokens 0.299s
2025-05-13 21:37:12.705 69762 INFO tempest.lib.common.rest_client [req-838643df-4609-4587-81ef-0ee155993e98 req-838643df-4609-4587-81ef-0ee155993e98 ] Request (VolumesAssistedSnapshotsTest:setUpClass): 200 GET http://10.180.1.21/identity/v3/roles 0.267s
2025-05-13 21:37:12.722 69785 INFO tempest.lib.common.rest_client [req-16d291ea-edf2-40c2-83f4-ee12ffade490 req-16d291ea-edf2-40c2-83f4-ee12ffade490 ] Request (AZAdminNegativeTestJSON:tearDownClass): 200 GET http://10.180.1.21:9696/networking/v2.0/security-groups?tenant_id=f782f617ed874048ac4c13a669e67bc7&name=default 0.124s
2025-05-13 21:37:12.742 69776 INFO tempest.lib.common.rest_client [req-b2d1502e-da71-4202-93da-99cd3b9c1333 req-b2d1502e-da71-4202-93da-99cd3b9c1333 ] Request (QuotasAdminNegativeTest:setUpClass): 201 POST http://10.180.1.21/identity/v3/projects 0.237s
2025-05-13 21:37:12.764 69798 INFO tempest.lib.common.rest_client [req-8aae88c9-3c5d-4bf6-b76c-9f4b2abe942a req-8aae88c9-3c5d-4bf6-b76c-9f4b2abe942a ] Request (FlavorsAccessTestJSON:test_flavor_access_add_remove): 200 POST http://10.180.1.21/compute/v2.1/flavors 2.130s
2025-05-13 21:37:12.829 69785 INFO tempest.lib.common.rest_client [req-c334f867-487e-4b30-a789-4726b88077dd req-c334f867-487e-4b30-a789-4726b88077dd ] Request (AZAdminNegativeTestJSON:tearDownClass): 204 DELETE http://10.180.1.21:9696/networking/v2.0/security-groups/a57142f8-a06e-4c5a-b90f-a5c447771f35 0.106s
2025-05-13 21:37:12.858 69804 INFO tempest.lib.common.rest_client [req-0b441523-8089-4900-b73e-9af417164bda req-0b441523-8089-4900-b73e-9af417164bda ] Request (ServersWithSpecificFlavorTestJSON:setUpClass): 201 POST http://10.180.1.21/identity/v3/users 0.288s
2025-05-13 21:37:12.880 69766 INFO tempest.lib.common.rest_client [req-c23b2eaa-2003-48d6-b77e-77b96c143e07 req-c23b2eaa-2003-48d6-b77e-77b96c143e07 ] Request (HypervisorAdminTestJSON:test_get_hypervisor_list): 200 GET http://10.180.1.21/compute/v2.1/os-hypervisors 1.918s
2025-05-13 21:37:12.883 69757 INFO tempest.lib.common.rest_client [req-9f62742f-2850-41f8-bcc3-12cab2fd7e1b req-9f62742f-2850-41f8-bcc3-12cab2fd7e1b ] Request (ImagesNegativeTestJSON:setUpClass): 201 POST http://10.180.1.21/identity/v3/projects 0.251s
2025-05-13 21:37:12.885 69802 INFO tempest.lib.common.rest_client [req-9f8d82fc-4770-4f5b-b908-00b44c8e9410 req-9f8d82fc-4770-4f5b-b908-00b44c8e9410 ] Request (VolumesAdminNegativeTest:setUpClass): 204 PUT http://10.180.1.21/identity/v3/projects/3044242c81bf4564ace45302ad2c39df/users/0305e7290af64365b5ee17c8a66df91b/roles/489a45090ad0488fb06cc7e01c16a8df 0.232s
2025-05-13 21:37:12.939 69778 INFO tempest.lib.common.rest_client [req-01701a3c-574a-45d4-b7c0-e85d682ff3aa req-01701a3c-574a-45d4-b7c0-e85d682ff3aa ] Request (ServerShowV247Test:test_show_server): 201 POST http://10.180.1.21/identity/v3/auth/tokens 0.254s
2025-05-13 21:37:12.939 69778 INFO tempest.lib.common.fixed_network [-] (ServerShowV247Test:test_show_server) Found network None available for tenant
2025-05-13 21:37:12.940 69762 INFO tempest.lib.common.rest_client [req-6fdd046f-87e4-4569-9e17-41de9da8e8f5 req-6fdd046f-87e4-4569-9e17-41de9da8e8f5 ] Request (VolumesAssistedSnapshotsTest:setUpClass): 204 PUT http://10.180.1.21/identity/v3/projects/32cd4278a4aa403e9dc0bc6bc157adcf/users/29365db2c1154b48a1264dd676219a60/roles/489a45090ad0488fb06cc7e01c16a8df 0.234s
2025-05-13 21:37:12.940 69762 INFO tempest.lib.common.dynamic_creds [-] Dynamic test user 29365db2c1154b48a1264dd676219a60 is created with scope project and roles: ['admin']
2025-05-13 21:37:12.940 69762 INFO tempest.lib.common.dynamic_creds [-] Acquired dynamic creds: credentials: Credentials: {'domain_id': 'default', 'domain_name': 'Default', 'username': 'tempest-VolumesAssistedSnapshotsTest-1932817963-project-admin', 'project_domain_id': 'default', 'project_domain_name': 'Default', 'project_id': '32cd4278a4aa403e9dc0bc6bc157adcf', 'project_name': 'tempest-VolumesAssistedSnapshotsTest-1932817963', 'tenant_id': '32cd4278a4aa403e9dc0bc6bc157adcf', 'tenant_name': 'tempest-VolumesAssistedSnapshotsTest-1932817963', 'user_domain_id': 'default', 'user_domain_name': 'Default', 'user_id': '29365db2c1154b48a1264dd676219a60', 'system': None}, Network: None, Subnet: None, Router: None
2025-05-13 21:37:12.997 69780 INFO tempest.lib.common.rest_client [req-ade0538b-81e6-4f25-a657-2e81b91203fa req-ade0538b-81e6-4f25-a657-2e81b91203fa ] Request (QuotasSecurityGroupAdminNegativeTest:tearDownClass): 200 GET http://10.180.1.21:9696/networking/v2.0/security-groups?tenant_id=f4d9a39ebbc442c6bb3521e7dabe644d&name=default 0.464s
2025-05-13 21:37:13.002 69776 INFO tempest.lib.common.rest_client [req-38885e08-3f13-44da-b349-6b7f3cf1c020 req-38885e08-3f13-44da-b349-6b7f3cf1c020 ] Request (QuotasAdminNegativeTest:setUpClass): 201 POST http://10.180.1.21/identity/v3/users 0.260s
2025-05-13 21:37:13.047 69804 INFO tempest.lib.common.rest_client [req-41b82bbb-14e5-42e7-93bf-4e9374d1b1e9 req-41b82bbb-14e5-42e7-93bf-4e9374d1b1e9 ] Request (ServersWithSpecificFlavorTestJSON:setUpClass): 200 GET http://10.180.1.21/identity/v3/roles 0.188s
2025-05-13 21:37:13.060 69760 INFO tempest.lib.common.rest_client [req-4b0ee8bb-fc2d-4db7-88f6-a4cad93853ed req-4b0ee8bb-fc2d-4db7-88f6-a4cad93853ed ] Request (AggregatesAdminNegativeTestJSON:setUpClass): 200 GET http://10.180.1.21/compute/v2.1/os-services?binary=nova-compute 2.015s
2025-05-13 21:37:13.113 69780 INFO tempest.lib.common.rest_client [req-30f2b9b5-cfb9-48bd-a477-b936ce348a5a req-30f2b9b5-cfb9-48bd-a477-b936ce348a5a ] Request (QuotasSecurityGroupAdminNegativeTest:tearDownClass): 204 DELETE http://10.180.1.21:9696/networking/v2.0/security-groups/6cbcbd5c-3d0c-49eb-9230-02acc1ef2b5c 0.116s
2025-05-13 21:37:13.117 69785 INFO tempest.lib.common.rest_client [req-557b500f-e761-4136-9223-a91f91a2b11a req-557b500f-e761-4136-9223-a91f91a2b11a ] Request (AZAdminNegativeTestJSON:tearDownClass): 204 DELETE http://10.180.1.21/identity/v3/projects/f782f617ed874048ac4c13a669e67bc7 0.287s
2025-05-13 21:37:13.146 69810 INFO tempest.lib.common.rest_client [req-e33461e8-20cc-4d1d-894c-7634e415f560 req-e33461e8-20cc-4d1d-894c-7634e415f560 ] Request (KeyPairsV210TestJSON:test_admin_manage_keypairs_for_other_users): 201 POST http://10.180.1.21/compute/v2.1/os-keypairs 2.063s
2025-05-13 21:37:13.171 69762 INFO tempest.lib.common.rest_client [req-d59e1c11-7f32-490d-9f13-117751984d00 req-d59e1c11-7f32-490d-9f13-117751984d00 ] Request (VolumesAssistedSnapshotsTest:setUpClass): 201 POST http://10.180.1.21:9696/networking/v2.0/networks 0.230s
2025-05-13 21:37:13.176 69757 INFO tempest.lib.common.rest_client [req-cf655e01-a54c-4b86-b847-1c261c7144e4 req-cf655e01-a54c-4b86-b847-1c261c7144e4 ] Request (ImagesNegativeTestJSON:setUpClass): 201 POST http://10.180.1.21/identity/v3/users 0.292s
2025-05-13 21:37:13.191 69802 INFO tempest.lib.common.rest_client [req-379393fe-e53a-4343-8d85-c9e12642f63e req-379393fe-e53a-4343-8d85-c9e12642f63e ] Request (VolumesAdminNegativeTest:setUpClass): 200 GET http://10.180.1.21/identity/v3/roles 0.305s
2025-05-13 21:37:13.201 69776 INFO tempest.lib.common.rest_client [req-83801d4b-2678-4a7f-957a-a89f89acf108 req-83801d4b-2678-4a7f-957a-a89f89acf108 ] Request (QuotasAdminNegativeTest:setUpClass): 200 GET http://10.180.1.21/identity/v3/roles 0.197s
2025-05-13 21:37:13.227 69804 INFO tempest.lib.common.rest_client [req-0428c0af-d241-48e6-9379-a3eed9855a22 req-0428c0af-d241-48e6-9379-a3eed9855a22 ] Request (ServersWithSpecificFlavorTestJSON:setUpClass): 204 PUT http://10.180.1.21/identity/v3/projects/ca3f3130a9654b60808afa751f446c28/users/052ab55d22764806b239fdc980976175/roles/489a45090ad0488fb06cc7e01c16a8df 0.180s
2025-05-13 21:37:13.316 69762 INFO tempest.lib.common.rest_client [req-c864590b-770a-4a09-9dcd-4d0c0fb5d0da req-c864590b-770a-4a09-9dcd-4d0c0fb5d0da ] Request (VolumesAssistedSnapshotsTest:setUpClass): 201 POST http://10.180.1.21:9696/networking/v2.0/subnets 0.144s
2025-05-13 21:37:13.317 69780 INFO tempest.lib.common.rest_client [req-db7720db-c23b-405e-8226-6a0769da167d req-db7720db-c23b-405e-8226-6a0769da167d ] Request (QuotasSecurityGroupAdminNegativeTest:tearDownClass): 204 DELETE http://10.180.1.21/identity/v3/projects/f4d9a39ebbc442c6bb3521e7dabe644d 0.203s
2025-05-13 21:37:13.317 69780 INFO tempest.lib.common.dynamic_creds [-] Deleting project and security group for project: 3485c6650232455fbf1cd8f99f751a5f
2025-05-13 21:37:13.328 69782 INFO tempest.lib.common.rest_client [req-1cef5900-6ffc-4e5b-a87c-48a49411600e req-1cef5900-6ffc-4e5b-a87c-48a49411600e ] Request (HypervisorAdminNegativeTestJSON:test_get_hypervisor_list_details_with_non_admin_user): 403 GET http://10.180.1.21/compute/v2.1/os-hypervisors/detail 2.176s
2025-05-13 21:37:13.391 69785 INFO tempest.lib.common.rest_client [req-86117bc2-a9c5-48c6-a4d7-dfecf0567bee req-86117bc2-a9c5-48c6-a4d7-dfecf0567bee ] Request (FlavorsExtraSpecsNegativeTestJSON:setUpClass): 201 POST http://10.180.1.21/identity/v3/auth/tokens 0.273s
2025-05-13 21:37:13.414 69757 INFO tempest.lib.common.rest_client [req-3a5656bf-f575-4fa6-8ec9-12885021f1e4 req-3a5656bf-f575-4fa6-8ec9-12885021f1e4 ] Request (ImagesNegativeTestJSON:setUpClass): 200 GET http://10.180.1.21/identity/v3/roles 0.236s
2025-05-13 21:37:13.432 69802 INFO tempest.lib.common.rest_client [req-690c3892-4d82-41e2-8b49-8265d0b241bc req-690c3892-4d82-41e2-8b49-8265d0b241bc ] Request (VolumesAdminNegativeTest:setUpClass): 204 PUT http://10.180.1.21/identity/v3/projects/3044242c81bf4564ace45302ad2c39df/users/0305e7290af64365b5ee17c8a66df91b/roles/489a45090ad0488fb06cc7e01c16a8df 0.241s
2025-05-13 21:37:13.433 69802 INFO tempest.lib.common.dynamic_creds [-] Dynamic test user 0305e7290af64365b5ee17c8a66df91b is created with scope project and roles: ['admin']
2025-05-13 21:37:13.433 69802 INFO tempest.lib.common.dynamic_creds [-] Acquired dynamic creds: credentials: Credentials: {'domain_id': 'default', 'domain_name': 'Default', 'username': 'tempest-VolumesAdminNegativeTest-1260572985-project-admin', 'project_domain_id': 'default', 'project_domain_name': 'Default', 'project_id': '3044242c81bf4564ace45302ad2c39df', 'project_name': 'tempest-VolumesAdminNegativeTest-1260572985', 'tenant_id': '3044242c81bf4564ace45302ad2c39df', 'tenant_name': 'tempest-VolumesAdminNegativeTest-1260572985', 'user_domain_id': 'default', 'user_domain_name': 'Default', 'user_id': '0305e7290af64365b5ee17c8a66df91b', 'system': None}, Network: None, Subnet: None, Router: None
2025-05-13 21:37:13.443 69776 INFO tempest.lib.common.rest_client [req-299b278b-d3f8-4397-8f42-9e06fe60a11c req-299b278b-d3f8-4397-8f42-9e06fe60a11c ] Request (QuotasAdminNegativeTest:setUpClass): 204 PUT http://10.180.1.21/identity/v3/projects/260bb35b0bf5452f9c08265aa7b3720e/users/9adef3a86e224da5af9a67a5498d228e/roles/c7953bbd9d974220974eb3fc7743b4c5 0.242s
2025-05-13 21:37:13.443 69776 INFO tempest.lib.common.dynamic_creds [-] Dynamic test user 9adef3a86e224da5af9a67a5498d228e is created with scope project and roles: ['member']
2025-05-13 21:37:13.444 69776 INFO tempest.lib.common.dynamic_creds [-] Acquired dynamic creds: credentials: Credentials: {'domain_id': 'default', 'domain_name': 'Default', 'username': 'tempest-QuotasAdminNegativeTest-417063558-project-member', 'project_domain_id': 'default', 'project_domain_name': 'Default', 'project_id': '260bb35b0bf5452f9c08265aa7b3720e', 'project_name': 'tempest-QuotasAdminNegativeTest-417063558', 'tenant_id': '260bb35b0bf5452f9c08265aa7b3720e', 'tenant_name': 'tempest-QuotasAdminNegativeTest-417063558', 'user_domain_id': 'default', 'user_domain_name': 'Default', 'user_id': '9adef3a86e224da5af9a67a5498d228e', 'system': None}, Network: None, Subnet: None, Router: None
2025-05-13 21:37:13.444 69776 INFO tempest.lib.common.dynamic_creds [-] Created isolated network resources for: credentials: Credentials: {'domain_id': 'default', 'domain_name': 'Default', 'username': 'tempest-QuotasAdminNegativeTest-417063558-project-member', 'project_domain_id': 'default', 'project_domain_name': 'Default', 'project_id': '260bb35b0bf5452f9c08265aa7b3720e', 'project_name': 'tempest-QuotasAdminNegativeTest-417063558', 'tenant_id': '260bb35b0bf5452f9c08265aa7b3720e', 'tenant_name': 'tempest-QuotasAdminNegativeTest-417063558', 'user_domain_id': 'default', 'user_domain_name': 'Default', 'user_id': '9adef3a86e224da5af9a67a5498d228e', 'system': None}, Network: None, Subnet: None, Router: None
2025-05-13 21:37:13.466 69780 INFO tempest.lib.common.rest_client [req-885cb0b9-5af8-49d9-882e-7708a86e5448 req-885cb0b9-5af8-49d9-882e-7708a86e5448 ] Request (QuotasSecurityGroupAdminNegativeTest:tearDownClass): 200 GET http://10.180.1.21:9696/networking/v2.0/security-groups?tenant_id=3485c6650232455fbf1cd8f99f751a5f&name=default 0.149s
2025-05-13 21:37:13.507 69785 INFO tempest.lib.common.rest_client [req-37d2297d-5c71-4125-aab4-8d7107359ece req-37d2297d-5c71-4125-aab4-8d7107359ece ] Request (FlavorsExtraSpecsNegativeTestJSON:setUpClass): 201 POST http://10.180.1.21/identity/v3/auth/tokens 0.114s
2025-05-13 21:37:13.530 69757 INFO tempest.lib.common.rest_client [req-c373d526-316d-4e36-a6c5-184680175aeb req-c373d526-316d-4e36-a6c5-184680175aeb ] Request (ImagesNegativeTestJSON:setUpClass): 204 PUT http://10.180.1.21/identity/v3/projects/21998590885941aa8fdb80e4872b059e/users/b1118175ebd84d11b3c957d852716dd2/roles/c7953bbd9d974220974eb3fc7743b4c5 0.115s
2025-05-13 21:37:13.531 69757 INFO tempest.lib.common.dynamic_creds [-] Dynamic test user b1118175ebd84d11b3c957d852716dd2 is created with scope project and roles: ['member']
2025-05-13 21:37:13.531 69757 INFO tempest.lib.common.dynamic_creds [-] Acquired dynamic creds: credentials: Credentials: {'domain_id': 'default', 'domain_name': 'Default', 'username': 'tempest-ImagesNegativeTestJSON-759650-project-member', 'project_domain_id': 'default', 'project_domain_name': 'Default', 'project_id': '21998590885941aa8fdb80e4872b059e', 'project_name': 'tempest-ImagesNegativeTestJSON-759650', 'tenant_id': '21998590885941aa8fdb80e4872b059e', 'tenant_name': 'tempest-ImagesNegativeTestJSON-759650', 'user_domain_id': 'default', 'user_domain_name': 'Default', 'user_id': 'b1118175ebd84d11b3c957d852716dd2', 'system': None}, Network: None, Subnet: None, Router: None
2025-05-13 21:37:13.548 69804 INFO tempest.lib.common.rest_client [req-f2c7d7fe-6852-4ac0-b2f5-720bd930ede9 req-f2c7d7fe-6852-4ac0-b2f5-720bd930ede9 ] Request (ServersWithSpecificFlavorTestJSON:setUpClass): 200 GET http://10.180.1.21/identity/v3/roles 0.320s
2025-05-13 21:37:13.565 69780 INFO tempest.lib.common.rest_client [req-5a2fe3cf-c3c3-4929-ac3f-962fa3fd6d0c req-5a2fe3cf-c3c3-4929-ac3f-962fa3fd6d0c ] Request (QuotasSecurityGroupAdminNegativeTest:tearDownClass): 204 DELETE http://10.180.1.21:9696/networking/v2.0/security-groups/52d56a58-67d5-4df5-b668-5b026c91466a 0.098s
2025-05-13 21:37:13.603 69776 INFO tempest.lib.common.rest_client [req-0a818b8b-df8e-40c4-81a6-55047bdd57cd req-0a818b8b-df8e-40c4-81a6-55047bdd57cd ] Request (QuotasAdminNegativeTest:setUpClass): 201 POST http://10.180.1.21/identity/v3/auth/tokens 0.153s
2025-05-13 21:37:13.636 69785 INFO tempest.lib.common.rest_client [req-4ab22a5e-a60c-4fe1-b2ff-c9b2c0655ce6 req-4ab22a5e-a60c-4fe1-b2ff-c9b2c0655ce6 ] Request (FlavorsExtraSpecsNegativeTestJSON:setUpClass): 200 GET http://10.180.1.21/identity/v3/domains?name=Default 0.128s
2025-05-13 21:37:13.640 69770 INFO tempest.lib.common.rest_client [req-3244a031-e524-4209-b08d-bb83d2150685 req-3244a031-e524-4209-b08d-bb83d2150685 ] Request (ServersAdminNegativeTestJSON:setUpClass): 200 GET http://10.180.1.21/compute/v2.1/servers/736eb682-9dd1-45a7-8f88-d83ddae4d68a 2.432s
2025-05-13 21:37:13.655 69757 INFO tempest.lib.common.rest_client [req-7d9f5a88-0f59-48f7-a29d-4c1f54c28093 req-7d9f5a88-0f59-48f7-a29d-4c1f54c28093 ] Request (ImagesNegativeTestJSON:setUpClass): 201 POST http://10.180.1.21/identity/v3/auth/tokens 0.123s
2025-05-13 21:37:13.657 69804 INFO tempest.lib.common.rest_client [req-fb39c987-d7fe-49e1-a502-c3043ff9317a req-fb39c987-d7fe-49e1-a502-c3043ff9317a ] Request (ServersWithSpecificFlavorTestJSON:setUpClass): 204 PUT http://10.180.1.21/identity/v3/projects/ca3f3130a9654b60808afa751f446c28/users/052ab55d22764806b239fdc980976175/roles/489a45090ad0488fb06cc7e01c16a8df 0.106s
2025-05-13 21:37:13.657 69804 INFO tempest.lib.common.dynamic_creds [-] Dynamic test user 052ab55d22764806b239fdc980976175 is created with scope project and roles: ['admin']
2025-05-13 21:37:13.657 69804 INFO tempest.lib.common.dynamic_creds [-] Acquired dynamic creds: credentials: Credentials: {'domain_id': 'default', 'domain_name': 'Default', 'username': 'tempest-ServersWithSpecificFlavorTestJSON-1048309400-project-admin', 'project_domain_id': 'default', 'project_domain_name': 'Default', 'project_id': 'ca3f3130a9654b60808afa751f446c28', 'project_name': 'tempest-ServersWithSpecificFlavorTestJSON-1048309400', 'tenant_id': 'ca3f3130a9654b60808afa751f446c28', 'tenant_name': 'tempest-ServersWithSpecificFlavorTestJSON-1048309400', 'user_domain_id': 'default', 'user_domain_name': 'Default', 'user_id': '052ab55d22764806b239fdc980976175', 'system': None}, Network: None, Subnet: None, Router: None
2025-05-13 21:37:13.677 69802 INFO tempest.lib.common.rest_client [req-02222c7d-8f3c-4c21-8495-8e9f11c248e0 req-02222c7d-8f3c-4c21-8495-8e9f11c248e0 ] Request (VolumesAdminNegativeTest:setUpClass): 201 POST http://10.180.1.21:9696/networking/v2.0/networks 0.244s
2025-05-13 21:37:13.685 69764 INFO tempest.lib.common.rest_client [req-ba5894a2-9830-405f-846a-8cc3e976ed60 req-ba5894a2-9830-405f-846a-8cc3e976ed60 ] Request (HypervisorAdminV253TestBase:test_list_show_detail_hypervisors): 200 GET http://10.180.1.21/compute/v2.1/os-hypervisors/detail?with_servers=True 2.498s
2025-05-13 21:37:13.723 69776 INFO tempest.lib.common.rest_client [req-3797bdc6-7996-412f-bb60-1e1820f40954 req-3797bdc6-7996-412f-bb60-1e1820f40954 ] Request (QuotasAdminNegativeTest:setUpClass): 201 POST http://10.180.1.21/identity/v3/projects 0.119s
2025-05-13 21:37:13.752 69780 INFO tempest.lib.common.rest_client [req-cbb620d5-d6fb-406f-99aa-fa2be17863f0 req-cbb620d5-d6fb-406f-99aa-fa2be17863f0 ] Request (QuotasSecurityGroupAdminNegativeTest:tearDownClass): 204 DELETE http://10.180.1.21/identity/v3/projects/3485c6650232455fbf1cd8f99f751a5f 0.186s
2025-05-13 21:37:13.837 69785 INFO tempest.lib.common.rest_client [req-289c902c-8bc2-444f-8bb9-315c23ca7143 req-289c902c-8bc2-444f-8bb9-315c23ca7143 ] Request (FlavorsExtraSpecsNegativeTestJSON:setUpClass): 201 POST http://10.180.1.21/identity/v3/projects 0.200s
2025-05-13 21:37:13.859 69804 INFO tempest.lib.common.rest_client [req-8741bacd-a962-4403-92a2-aac2b0c4846c req-8741bacd-a962-4403-92a2-aac2b0c4846c ] Request (ServersWithSpecificFlavorTestJSON:setUpClass): 201 POST http://10.180.1.21:9696/networking/v2.0/networks 0.201s
2025-05-13 21:37:13.913 69800 INFO tempest.lib.common.rest_client [req-22cb0025-17f3-48ad-9e7c-2be2be58bbed req-22cb0025-17f3-48ad-9e7c-2be2be58bbed ] Request (HypervisorAdminUnderV252Test:test_get_hypervisor_show_servers): 200 GET http://10.180.1.21/compute/v2.1/os-hypervisors 2.638s
2025-05-13 21:37:13.947 69802 INFO tempest.lib.common.rest_client [req-42f38cf4-7642-4787-9bd1-3158a8a8979f req-42f38cf4-7642-4787-9bd1-3158a8a8979f ] Request (VolumesAdminNegativeTest:setUpClass): 201 POST http://10.180.1.21:9696/networking/v2.0/subnets 0.269s
2025-05-13 21:37:13.968 69776 INFO tempest.lib.common.rest_client [req-69b4fb11-e091-41ab-a37d-1a52bba401b8 req-69b4fb11-e091-41ab-a37d-1a52bba401b8 ] Request (QuotasAdminNegativeTest:setUpClass): 201 POST http://10.180.1.21/identity/v3/users 0.244s
2025-05-13 21:37:14.009 69780 INFO tempest.lib.common.rest_client [req-30771e76-5f47-423d-bacc-8bb0c9ff0952 req-30771e76-5f47-423d-bacc-8bb0c9ff0952 ] Request (FlavorsV2NegativeTest:setUpClass): 201 POST http://10.180.1.21/identity/v3/auth/tokens 0.255s
2025-05-13 21:37:14.014 69788 INFO tempest.lib.common.rest_client [req-048ffccb-3291-436c-9798-8ce710736de6 req-048ffccb-3291-436c-9798-8ce710736de6 ] Request (InstanceUsageAuditLogTestJSON:test_get_instance_usage_audit_log): 200 GET http://10.180.1.21/compute/v2.1/os-instance_usage_audit_log/2025-05-13%2021%3A37%3A11 2.679s
2025-05-13 21:37:14.025 69785 INFO tempest.lib.common.rest_client [req-f7474dc6-2c25-45ad-8f15-0182afe1f7ec req-f7474dc6-2c25-45ad-8f15-0182afe1f7ec ] Request (FlavorsExtraSpecsNegativeTestJSON:setUpClass): 201 POST http://10.180.1.21/identity/v3/users 0.187s
2025-05-13 21:37:14.050 69776 INFO tempest.lib.common.rest_client [req-951a4c4a-24d8-4aa3-83fc-e759dceeb9ee req-951a4c4a-24d8-4aa3-83fc-e759dceeb9ee ] Request (QuotasAdminNegativeTest:setUpClass): 200 GET http://10.180.1.21/identity/v3/roles 0.081s
2025-05-13 21:37:14.079 69780 INFO tempest.lib.common.rest_client [req-c4ae121a-d692-483c-b709-52513ab577c5 req-c4ae121a-d692-483c-b709-52513ab577c5 ] Request (FlavorsV2NegativeTest:setUpClass): 201 POST http://10.180.1.21/identity/v3/auth/tokens 0.069s
2025-05-13 21:37:14.119 69785 INFO tempest.lib.common.rest_client [req-1e003d1f-a8c6-42c9-a6ab-b7cb6fe443cd req-1e003d1f-a8c6-42c9-a6ab-b7cb6fe443cd ] Request (FlavorsExtraSpecsNegativeTestJSON:setUpClass): 200 GET http://10.180.1.21/identity/v3/roles 0.093s
2025-05-13 21:37:14.122 69794 INFO tempest.lib.common.rest_client [req-4d2742f8-2189-42bc-baa1-6af3a2fcb6d2 req-4d2742f8-2189-42bc-baa1-6af3a2fcb6d2 ] Request (FlavorsExtraSpecsTestJSON:setUpClass): 200 POST http://10.180.1.21/compute/v2.1/flavors 2.677s
2025-05-13 21:37:14.150 69780 INFO tempest.lib.common.rest_client [req-43bf265e-3d56-4147-bfea-b3777f6b4c82 req-43bf265e-3d56-4147-bfea-b3777f6b4c82 ] Request (FlavorsV2NegativeTest:setUpClass): 200 GET http://10.180.1.21/identity/v3/domains?name=Default 0.070s
2025-05-13 21:37:14.152 69808 INFO tempest.lib.common.rest_client [req-85305989-da45-47f2-a750-effd8e5ce9ef req-85305989-da45-47f2-a750-effd8e5ce9ef ] Request (FlavorMetadataValidation:test_flavor_update_with_custom_namespace): 200 POST http://10.180.1.21/compute/v2.1/flavors 2.632s
2025-05-13 21:37:14.155 69776 INFO tempest.lib.common.rest_client [req-89dea081-d4ec-45ba-a338-346d6f045a1d req-89dea081-d4ec-45ba-a338-346d6f045a1d ] Request (QuotasAdminNegativeTest:setUpClass): 204 PUT http://10.180.1.21/identity/v3/projects/295aeb0c657446d89245aeb86be6ceca/users/b9d85dd552ba41f4883443ceffcc6666/roles/489a45090ad0488fb06cc7e01c16a8df 0.105s
2025-05-13 21:37:14.160 69804 INFO tempest.lib.common.rest_client [req-a97727e8-0e94-47e1-8986-93dc3a87b62f req-a97727e8-0e94-47e1-8986-93dc3a87b62f ] Request (ServersWithSpecificFlavorTestJSON:setUpClass): 201 POST http://10.180.1.21:9696/networking/v2.0/subnets 0.300s
2025-05-13 21:37:14.203 69757 INFO tempest.lib.common.rest_client [req-05c29f10-6366-4c8c-9dad-dfb4f854b72d req-05c29f10-6366-4c8c-9dad-dfb4f854b72d ] Request (ImagesNegativeTestJSON:setUpClass): 201 POST http://10.180.1.21:9696/networking/v2.0/networks 0.547s
2025-05-13 21:37:14.210 69785 INFO tempest.lib.common.rest_client [req-21eaffb3-6f53-4fe3-a208-184e3f5fea4c req-21eaffb3-6f53-4fe3-a208-184e3f5fea4c ] Request (FlavorsExtraSpecsNegativeTestJSON:setUpClass): 204 PUT http://10.180.1.21/identity/v3/projects/90f64921da5749d3833dbc0d3bbf8e0b/users/32c2c6a166e04b5d906999292a64857b/roles/c7953bbd9d974220974eb3fc7743b4c5 0.091s
2025-05-13 21:37:14.210 69785 INFO tempest.lib.common.dynamic_creds [-] Dynamic test user 32c2c6a166e04b5d906999292a64857b is created with scope project and roles: ['member']
2025-05-13 21:37:14.210 69785 INFO tempest.lib.common.dynamic_creds [-] Acquired dynamic creds: credentials: Credentials: {'domain_id': 'default', 'domain_name': 'Default', 'username': 'tempest-FlavorsExtraSpecsNegativeTestJSON-1836973763-project-member', 'project_domain_id': 'default', 'project_domain_name': 'Default', 'project_id': '90f64921da5749d3833dbc0d3bbf8e0b', 'project_name': 'tempest-FlavorsExtraSpecsNegativeTestJSON-1836973763', 'tenant_id': '90f64921da5749d3833dbc0d3bbf8e0b', 'tenant_name': 'tempest-FlavorsExtraSpecsNegativeTestJSON-1836973763', 'user_domain_id': 'default', 'user_domain_name': 'Default', 'user_id': '32c2c6a166e04b5d906999292a64857b', 'system': None}, Network: None, Subnet: None, Router: None
2025-05-13 21:37:14.211 69785 INFO tempest.lib.common.dynamic_creds [-] Created isolated network resources for: credentials: Credentials: {'domain_id': 'default', 'domain_name': 'Default', 'username': 'tempest-FlavorsExtraSpecsNegativeTestJSON-1836973763-project-member', 'project_domain_id': 'default', 'project_domain_name': 'Default', 'project_id': '90f64921da5749d3833dbc0d3bbf8e0b', 'project_name': 'tempest-FlavorsExtraSpecsNegativeTestJSON-1836973763', 'tenant_id': '90f64921da5749d3833dbc0d3bbf8e0b', 'tenant_name': 'tempest-FlavorsExtraSpecsNegativeTestJSON-1836973763', 'user_domain_id': 'default', 'user_domain_name': 'Default', 'user_id': '32c2c6a166e04b5d906999292a64857b', 'system': None}, Network: None, Subnet: None, Router: None
2025-05-13 21:37:14.273 69780 INFO tempest.lib.common.rest_client [req-e8dd399e-8930-4ac6-a965-ae9152792e5b req-e8dd399e-8930-4ac6-a965-ae9152792e5b ] Request (FlavorsV2NegativeTest:setUpClass): 201 POST http://10.180.1.21/identity/v3/projects 0.122s
2025-05-13 21:37:14.329 69776 INFO tempest.lib.common.rest_client [req-39978f78-4a92-47c0-8a20-9c4259a0ca10 req-39978f78-4a92-47c0-8a20-9c4259a0ca10 ] Request (QuotasAdminNegativeTest:setUpClass): 200 GET http://10.180.1.21/identity/v3/roles 0.173s
2025-05-13 21:37:14.351 69780 INFO tempest.lib.common.rest_client [req-2d547ee4-a79a-4588-b272-bcd82fda20d4 req-2d547ee4-a79a-4588-b272-bcd82fda20d4 ] Request (FlavorsV2NegativeTest:setUpClass): 201 POST http://10.180.1.21/identity/v3/users 0.078s
2025-05-13 21:37:14.367 69776 INFO tempest.lib.common.rest_client [req-a6074113-0382-4322-88a2-4f52578c00c1 req-a6074113-0382-4322-88a2-4f52578c00c1 ] Request (QuotasAdminNegativeTest:setUpClass): 204 PUT http://10.180.1.21/identity/v3/projects/295aeb0c657446d89245aeb86be6ceca/users/b9d85dd552ba41f4883443ceffcc6666/roles/489a45090ad0488fb06cc7e01c16a8df 0.038s
2025-05-13 21:37:14.368 69776 INFO tempest.lib.common.dynamic_creds [-] Dynamic test user b9d85dd552ba41f4883443ceffcc6666 is created with scope project and roles: ['admin']
2025-05-13 21:37:14.368 69776 INFO tempest.lib.common.dynamic_creds [-] Acquired dynamic creds: credentials: Credentials: {'domain_id': 'default', 'domain_name': 'Default', 'username': 'tempest-QuotasAdminNegativeTest-1797609323-project-admin', 'project_domain_id': 'default', 'project_domain_name': 'Default', 'project_id': '295aeb0c657446d89245aeb86be6ceca', 'project_name': 'tempest-QuotasAdminNegativeTest-1797609323', 'tenant_id': '295aeb0c657446d89245aeb86be6ceca', 'tenant_name': 'tempest-QuotasAdminNegativeTest-1797609323', 'user_domain_id': 'default', 'user_domain_name': 'Default', 'user_id': 'b9d85dd552ba41f4883443ceffcc6666', 'system': None}, Network: None, Subnet: None, Router: None
2025-05-13 21:37:14.369 69776 INFO tempest.lib.common.dynamic_creds [-] Created isolated network resources for: credentials: Credentials: {'domain_id': 'default', 'domain_name': 'Default', 'username': 'tempest-QuotasAdminNegativeTest-1797609323-project-admin', 'project_domain_id': 'default', 'project_domain_name': 'Default', 'project_id': '295aeb0c657446d89245aeb86be6ceca', 'project_name': 'tempest-QuotasAdminNegativeTest-1797609323', 'tenant_id': '295aeb0c657446d89245aeb86be6ceca', 'tenant_name': 'tempest-QuotasAdminNegativeTest-1797609323', 'user_domain_id': 'default', 'user_domain_name': 'Default', 'user_id': 'b9d85dd552ba41f4883443ceffcc6666', 'system': None}, Network: None, Subnet: None, Router: None
2025-05-13 21:37:14.392 69785 INFO tempest.lib.common.rest_client [req-349a3ff5-07f6-47e2-8607-f6a85f034a74 req-349a3ff5-07f6-47e2-8607-f6a85f034a74 ] Request (FlavorsExtraSpecsNegativeTestJSON:setUpClass): 201 POST http://10.180.1.21/identity/v3/auth/tokens 0.174s
2025-05-13 21:37:14.414 69780 INFO tempest.lib.common.rest_client [req-62654d5e-2d92-46c5-9c78-1d4a97d2a62c req-62654d5e-2d92-46c5-9c78-1d4a97d2a62c ] Request (FlavorsV2NegativeTest:setUpClass): 200 GET http://10.180.1.21/identity/v3/roles 0.062s
2025-05-13 21:37:14.440 69785 INFO tempest.lib.common.rest_client [req-e0b2cfad-0c0f-4c0c-aaca-e48cb1c2ab4c req-e0b2cfad-0c0f-4c0c-aaca-e48cb1c2ab4c ] Request (FlavorsExtraSpecsNegativeTestJSON:setUpClass): 201 POST http://10.180.1.21/identity/v3/projects 0.047s
2025-05-13 21:37:14.457 69776 INFO tempest.lib.common.rest_client [req-23034b70-2a8d-4cd9-84ec-b09473e8df72 req-23034b70-2a8d-4cd9-84ec-b09473e8df72 ] Request (QuotasAdminNegativeTest:setUpClass): 201 POST http://10.180.1.21/identity/v3/auth/tokens 0.085s
2025-05-13 21:37:14.458 69776 WARNING tempest.lib.common.rest_client [-] Deprecated: "tenant_id" property is deprecated for removal, use "project_id" instead
2025-05-13 21:37:14.495 69780 INFO tempest.lib.common.rest_client [req-8a26be20-c51d-48ec-90db-764cd5a8eeff req-8a26be20-c51d-48ec-90db-764cd5a8eeff ] Request (FlavorsV2NegativeTest:setUpClass): 204 PUT http://10.180.1.21/identity/v3/projects/ea60c5d5f83945e88fc14de0ac082454/users/69069947630d453abfa48fa154f13eb2/roles/c7953bbd9d974220974eb3fc7743b4c5 0.079s
2025-05-13 21:37:14.495 69780 INFO tempest.lib.common.dynamic_creds [-] Dynamic test user 69069947630d453abfa48fa154f13eb2 is created with scope project and roles: ['member']
2025-05-13 21:37:14.495 69780 INFO tempest.lib.common.dynamic_creds [-] Acquired dynamic creds: credentials: Credentials: {'domain_id': 'default', 'domain_name': 'Default', 'username': 'tempest-FlavorsV2NegativeTest-123106038-project-member', 'project_domain_id': 'default', 'project_domain_name': 'Default', 'project_id': 'ea60c5d5f83945e88fc14de0ac082454', 'project_name': 'tempest-FlavorsV2NegativeTest-123106038', 'tenant_id': 'ea60c5d5f83945e88fc14de0ac082454', 'tenant_name': 'tempest-FlavorsV2NegativeTest-123106038', 'user_domain_id': 'default', 'user_domain_name': 'Default', 'user_id': '69069947630d453abfa48fa154f13eb2', 'system': None}, Network: None, Subnet: None, Router: None
2025-05-13 21:37:14.495 69780 INFO tempest.lib.common.dynamic_creds [-] Created isolated network resources for: credentials: Credentials: {'domain_id': 'default', 'domain_name': 'Default', 'username': 'tempest-FlavorsV2NegativeTest-123106038-project-member', 'project_domain_id': 'default', 'project_domain_name': 'Default', 'project_id': 'ea60c5d5f83945e88fc14de0ac082454', 'project_name': 'tempest-FlavorsV2NegativeTest-123106038', 'tenant_id': 'ea60c5d5f83945e88fc14de0ac082454', 'tenant_name': 'tempest-FlavorsV2NegativeTest-123106038', 'user_domain_id': 'default', 'user_domain_name': 'Default', 'user_id': '69069947630d453abfa48fa154f13eb2', 'system': None}, Network: None, Subnet: None, Router: None
2025-05-13 21:37:14.512 69785 INFO tempest.lib.common.rest_client [req-59987d14-57f8-479c-947b-54f07a340612 req-59987d14-57f8-479c-947b-54f07a340612 ] Request (FlavorsExtraSpecsNegativeTestJSON:setUpClass): 201 POST http://10.180.1.21/identity/v3/users 0.071s
2025-05-13 21:37:14.563 69780 INFO tempest.lib.common.rest_client [req-4ffec7ce-3356-4ebb-a7d0-f744983d51f5 req-4ffec7ce-3356-4ebb-a7d0-f744983d51f5 ] Request (FlavorsV2NegativeTest:setUpClass): 201 POST http://10.180.1.21/identity/v3/auth/tokens 0.063s
2025-05-13 21:37:14.563 69785 INFO tempest.lib.common.rest_client [req-d61cfc85-257a-42e5-8c8d-dacc34f26efb req-d61cfc85-257a-42e5-8c8d-dacc34f26efb ] Request (FlavorsExtraSpecsNegativeTestJSON:setUpClass): 200 GET http://10.180.1.21/identity/v3/roles 0.050s
2025-05-13 21:37:14.592 69785 INFO tempest.lib.common.rest_client [req-17f294f6-96d8-442a-b262-2cc7f766a9a6 req-17f294f6-96d8-442a-b262-2cc7f766a9a6 ] Request (FlavorsExtraSpecsNegativeTestJSON:setUpClass): 204 PUT http://10.180.1.21/identity/v3/projects/5bda468be95b4b0aac240dcf4084e242/users/e4a9e96ab8ea48b4a7687e939726716b/roles/489a45090ad0488fb06cc7e01c16a8df 0.028s
2025-05-13 21:37:14.651 69785 INFO tempest.lib.common.rest_client [req-2c1da889-5f6f-4ce6-83a8-d9118c41b860 req-2c1da889-5f6f-4ce6-83a8-d9118c41b860 ] Request (FlavorsExtraSpecsNegativeTestJSON:setUpClass): 200 GET http://10.180.1.21/identity/v3/roles 0.059s
2025-05-13 21:37:14.662 69762 INFO tempest.lib.common.rest_client [req-3acabb09-57a3-4682-a110-003575f2d520 req-3acabb09-57a3-4682-a110-003575f2d520 ] Request (VolumesAssistedSnapshotsTest:setUpClass): 201 POST http://10.180.1.21:9696/networking/v2.0/routers 1.346s
2025-05-13 21:37:14.669 69786 INFO tempest.lib.common.rest_client [req-e3e0305e-437e-4f10-a237-d51b2ec4e910 req-e3e0305e-437e-4f10-a237-d51b2ec4e910 ] Request (TenantUsagesTestJSON:setUpClass): 202 POST http://10.180.1.21/compute/v2.1/servers 3.103s
2025-05-13 21:37:14.679 69757 INFO tempest.lib.common.rest_client [req-9b89baa4-fa2d-46bb-afea-4f466b2f870d req-9b89baa4-fa2d-46bb-afea-4f466b2f870d ] Request (ImagesNegativeTestJSON:setUpClass): 201 POST http://10.180.1.21:9696/networking/v2.0/subnets 0.475s
2025-05-13 21:37:14.689 69785 INFO tempest.lib.common.rest_client [req-5b23a9bc-70d4-470f-9188-dd00c81a26f9 req-5b23a9bc-70d4-470f-9188-dd00c81a26f9 ] Request (FlavorsExtraSpecsNegativeTestJSON:setUpClass): 204 PUT http://10.180.1.21/identity/v3/projects/5bda468be95b4b0aac240dcf4084e242/users/e4a9e96ab8ea48b4a7687e939726716b/roles/489a45090ad0488fb06cc7e01c16a8df 0.037s
2025-05-13 21:37:14.689 69785 INFO tempest.lib.common.dynamic_creds [-] Dynamic test user e4a9e96ab8ea48b4a7687e939726716b is created with scope project and roles: ['admin']
2025-05-13 21:37:14.689 69785 INFO tempest.lib.common.dynamic_creds [-] Acquired dynamic creds: credentials: Credentials: {'domain_id': 'default', 'domain_name': 'Default', 'username': 'tempest-FlavorsExtraSpecsNegativeTestJSON-242008475-project-admin', 'project_domain_id': 'default', 'project_domain_name': 'Default', 'project_id': '5bda468be95b4b0aac240dcf4084e242', 'project_name': 'tempest-FlavorsExtraSpecsNegativeTestJSON-242008475', 'tenant_id': '5bda468be95b4b0aac240dcf4084e242', 'tenant_name': 'tempest-FlavorsExtraSpecsNegativeTestJSON-242008475', 'user_domain_id': 'default', 'user_domain_name': 'Default', 'user_id': 'e4a9e96ab8ea48b4a7687e939726716b', 'system': None}, Network: None, Subnet: None, Router: None
2025-05-13 21:37:14.689 69785 INFO tempest.lib.common.dynamic_creds [-] Created isolated network resources for: credentials: Credentials: {'domain_id': 'default', 'domain_name': 'Default', 'username': 'tempest-FlavorsExtraSpecsNegativeTestJSON-242008475-project-admin', 'project_domain_id': 'default', 'project_domain_name': 'Default', 'project_id': '5bda468be95b4b0aac240dcf4084e242', 'project_name': 'tempest-FlavorsExtraSpecsNegativeTestJSON-242008475', 'tenant_id': '5bda468be95b4b0aac240dcf4084e242', 'tenant_name': 'tempest-FlavorsExtraSpecsNegativeTestJSON-242008475', 'user_domain_id': 'default', 'user_domain_name': 'Default', 'user_id': 'e4a9e96ab8ea48b4a7687e939726716b', 'system': None}, Network: None, Subnet: None, Router: None
2025-05-13 21:37:14.768 69785 INFO tempest.lib.common.rest_client [req-f29de7ee-d9e8-4a06-89c4-d49a1a761098 req-f29de7ee-d9e8-4a06-89c4-d49a1a761098 ] Request (FlavorsExtraSpecsNegativeTestJSON:setUpClass): 201 POST http://10.180.1.21/identity/v3/auth/tokens 0.076s
2025-05-13 21:37:14.841 69818 INFO tempest.lib.common.rest_client [req-8bf79212-a028-4eb0-b63c-1e83fb3d33a3 req-8bf79212-a028-4eb0-b63c-1e83fb3d33a3 ] Request (AZAdminV2TestJSON:test_get_availability_zone_list): 200 GET http://10.180.1.21/compute/v2.1/os-availability-zone 3.141s
2025-05-13 21:37:15.235 69792 INFO tempest.lib.common.rest_client [req-7ff18462-ea37-4bf9-9a27-25e43bb37ce2 req-7ff18462-ea37-4bf9-9a27-25e43bb37ce2 ] Request (ServerDiagnosticsNegativeTest:test_get_server_diagnostics_by_non_admin): 202 POST http://10.180.1.21/compute/v2.1/servers 3.532s
