2025-05-13 21:39:49.302 69806 INFO tempest.lib.common.rest_client [req-5cb62fe3-c675-4cd8-87ad-104a2a2c166a req-5cb62fe3-c675-4cd8-87ad-104a2a2c166a ] Request (DeleteServersAdminTestJSON:test_delete_server_while_in_error_state): 200 GET http://10.180.1.21/compute/v2.1/servers/cc3336d0-85fc-4aa8-8521-7ef2ed5c2674 1.277s
2025-05-13 21:39:49.310 69806 INFO tempest.common.waiters [-] State transition "BUILD/spawning" ==> "ACTIVE/None" after 90 second wait
2025-05-13 21:39:49.639 69766 INFO tempest.lib.common.rest_client [req-57ce66a3-84c4-4c84-98b5-0c94a397ded1 req-57ce66a3-84c4-4c84-98b5-0c94a397ded1 ] Request (SecurityGroupRulesNegativeTestJSON:tearDownClass): 204 DELETE http://10.180.1.21:9696/networking/v2.0/routers/79e7ad2e-64cc-4fe2-bf42-dd4c5f7d6a38 0.603s
2025-05-13 21:39:49.645 69802 WARNING tempest.lib.common.ssh [-] Failed to establish authenticated ssh connection to cirros@10.180.180.221 ([Errno None] Unable to connect to port 22 on 10.180.180.221). Number attempts: 11. Retry after 12 seconds.: paramiko.ssh_exception.NoValidConnectionsError: [Errno None] Unable to connect to port 22 on 10.180.180.221
2025-05-13 21:39:49.736 69766 INFO tempest.lib.common.rest_client [req-38ff3c4e-1b49-4daf-a216-3b940c4b50f3 req-38ff3c4e-1b49-4daf-a216-3b940c4b50f3 ] Request (SecurityGroupRulesNegativeTestJSON:tearDownClass): 204 DELETE http://10.180.1.21:9696/networking/v2.0/subnets/1548f544-8435-4eb0-b696-621a0a8d9756 0.095s
2025-05-13 21:39:49.818 69755 INFO tempest.lib.common.rest_client [req-486c2b1f-18de-45f5-82d8-b3c5e561f29b req-486c2b1f-18de-45f5-82d8-b3c5e561f29b ] Request (ServerRescueTestJSONUnderV235:_run_cleanups): 202 DELETE http://10.180.1.21/compute/v2.1/os-floating-ips/d706635b-4f2d-412c-980f-b7007fccd0ee 1.763s
2025-05-13 21:39:49.898 69794 INFO tempest.lib.common.rest_client [req-26f1e969-1941-4db2-9d9d-325f30c9c12a req-26f1e969-1941-4db2-9d9d-325f30c9c12a ] Request (ImagesTestJSON:test_create_image_from_suspended_server): 200 GET http://10.180.1.21/compute/v2.1/servers/fdfdbfbf-9307-4c27-8dd5-9e4014af4cef 1.642s
2025-05-13 21:39:49.927 69766 INFO tempest.lib.common.rest_client [req-c0057f98-df4e-4714-a36b-46740a34b2b9 req-c0057f98-df4e-4714-a36b-46740a34b2b9 ] Request (SecurityGroupRulesNegativeTestJSON:tearDownClass): 204 DELETE http://10.180.1.21:9696/networking/v2.0/networks/cc09ec5e-e606-4d4f-b5cc-ad2b5c088982 0.190s
2025-05-13 21:39:50.030 69766 INFO tempest.lib.common.rest_client [req-3050b2c6-a438-4138-9ee4-16a7c9fe8627 req-3050b2c6-a438-4138-9ee4-16a7c9fe8627 ] Request (SecurityGroupRulesNegativeTestJSON:tearDownClass): 204 DELETE http://10.180.1.21/identity/v3/users/e52d714d58964b60a52723075ecb3510 0.102s
2025-05-13 21:39:50.030 69766 INFO tempest.lib.common.dynamic_creds [-] Deleting project and security group for project: c187e64043dd4750985a74f48a39764d
2025-05-13 21:39:50.048 69780 INFO tempest.lib.common.rest_client [req-0d11b95f-8ad6-4a76-9891-f0e1440c8ca1 req-0d11b95f-8ad6-4a76-9891-f0e1440c8ca1 ] Request (ServerRescueTestJSON:test_rescue_unrescue_instance): 200 GET http://10.180.1.21/compute/v2.1/servers/830b3cad-5c4c-4086-a060-4a0dea4b1735 1.723s
2025-05-13 21:39:50.055 69780 INFO tempest.common.waiters [-] State transition "BUILD/networking" ==> "BUILD/spawning" after 89 second wait
2025-05-13 21:39:50.059 69766 INFO tempest.lib.common.rest_client [req-8eb02557-d442-4cf6-ad13-91e725f397d8 req-8eb02557-d442-4cf6-ad13-91e725f397d8 ] Request (SecurityGroupRulesNegativeTestJSON:tearDownClass): 200 GET http://10.180.1.21:9696/networking/v2.0/security-groups?tenant_id=c187e64043dd4750985a74f48a39764d&name=default 0.029s
2025-05-13 21:39:50.140 69814 INFO tempest.lib.common.rest_client [req-39ffbf42-83ae-4d21-9501-d86959ab9476 req-39ffbf42-83ae-4d21-9501-d86959ab9476 ] Request (SecurityGroupsTestJSON:test_server_security_groups): 200 GET http://10.180.1.21/compute/v2.1/servers/4e579e51-18a2-4127-a95d-f4b40f2854b7 1.745s
2025-05-13 21:39:50.210 69773 INFO tempest.lib.common.rest_client [req-30afae1f-6592-4238-9bdd-61c1754be2ed req-30afae1f-6592-4238-9bdd-61c1754be2ed ] Request (DeleteServersTestJSON:test_delete_server_while_in_attached_volume): 200 GET http://10.180.1.21/compute/v2.1/servers/79fb7a70-beec-44e4-adcf-b959d4482341 1.740s
2025-05-13 21:39:50.211 69762 INFO tempest.lib.common.rest_client [req-4fc6c92b-ff71-4a4b-b388-6f1c83f16cf9 req-4fc6c92b-ff71-4a4b-b388-6f1c83f16cf9 ] Request (VolumesAssistedSnapshotsTest:test_volume_assisted_snapshot_create_delete): 200 POST http://10.180.1.21/compute/v2.1/servers/f21e252d-7028-417c-872b-f69c49c2dc59/os-volume_attachments 2.515s
2025-05-13 21:39:50.218 69766 INFO tempest.lib.common.rest_client [req-c0180cb9-0c5f-47bd-84e9-04896ddda05f req-c0180cb9-0c5f-47bd-84e9-04896ddda05f ] Request (SecurityGroupRulesNegativeTestJSON:tearDownClass): 204 DELETE http://10.180.1.21:9696/networking/v2.0/security-groups/7bb6045d-5f24-4b48-adc3-33599a964536 0.158s
2025-05-13 21:39:50.223 69773 INFO tempest.common.waiters [-] State transition "BUILD/None" ==> "BUILD/block_device_mapping" after 83 second wait
2025-05-13 21:39:50.247 69762 INFO tempest.lib.common.rest_client [req-841b98b1-5d2d-419a-b8df-5754d17a0d0f req-841b98b1-5d2d-419a-b8df-5754d17a0d0f ] Request (VolumesAssistedSnapshotsTest:test_volume_assisted_snapshot_create_delete): 200 GET http://10.180.1.21/volume/v3/volumes/179afd14-c757-4b70-9ad7-e72100f2f642 0.030s
2025-05-13 21:39:50.273 69770 INFO tempest.lib.common.rest_client [req-c0b2c051-314d-4a9b-9a1a-c9a05b13de42 req-c0b2c051-314d-4a9b-9a1a-c9a05b13de42 ] Request (FloatingIPsAssociationNegativeTestJSON:setUpClass): 200 GET http://10.180.1.21/compute/v2.1/servers/668aabd7-0212-4c5a-b95f-214b34989b77 1.555s
2025-05-13 21:39:50.311 69768 INFO tempest.lib.common.rest_client [req-0eaac5b5-481c-476d-ae63-228373415d0c req-0eaac5b5-481c-476d-ae63-228373415d0c ] Request (ListImageFiltersTestJSON:setUpClass): 200 GET http://10.180.1.21/compute/v2.1/images/fbd39c30-efe2-4d67-828e-5a76a7c50f08 1.384s
2025-05-13 21:39:50.329 69766 INFO tempest.lib.common.rest_client [req-692fb473-e5bb-421b-821c-80821a7af35f req-692fb473-e5bb-421b-821c-80821a7af35f ] Request (SecurityGroupRulesNegativeTestJSON:tearDownClass): 204 DELETE http://10.180.1.21/identity/v3/projects/c187e64043dd4750985a74f48a39764d 0.110s
2025-05-13 21:39:50.330 69766 INFO tempest.test [-] raised in NoVNCConsoleTestJSON.setUpClass. Invoking tearDownClass.
2025-05-13 21:39:50.346 69788 INFO tempest.lib.common.rest_client [req-ef6b9d88-cd75-4a89-9e1d-95fbf37ce798 req-ef6b9d88-cd75-4a89-9e1d-95fbf37ce798 ] Request (ServerTagsTestJSON:setUpClass): 200 GET http://10.180.1.21/compute/v2.1/servers/6cabd8b5-b9a7-423e-910f-db3fb5b2535d 1.462s
2025-05-13 21:39:50.370 69757 INFO tempest.lib.common.rest_client [req-640d8be3-6c96-46d3-b28d-e068629d6d2a req-640d8be3-6c96-46d3-b28d-e068629d6d2a ] Request (ServersTestBootFromVolume:setUpClass): 200 GET http://10.180.1.21/compute/v2.1/servers/8c1140a4-a4b1-4190-92f3-c4576ffa22bb 1.345s
2025-05-13 21:39:50.403 69766 INFO tempest.lib.common.rest_client [req-974aa87f-506c-444c-968c-85783ccef27d req-974aa87f-506c-444c-968c-85783ccef27d ] Request (ServersListShow2100Test:setUpClass): 201 POST http://10.180.1.21/identity/v3/auth/tokens 0.070s
2025-05-13 21:39:50.410 69796 INFO tempest.lib.common.rest_client [req-6af06325-f52b-4c89-93d8-e98f8d4ca75a req-6af06325-f52b-4c89-93d8-e98f8d4ca75a ] Request (ServersListShow296Test:test_list_show_update_rebuild_server_296): 200 GET http://10.180.1.21/compute/v2.1/servers/fa9ecce0-e8a6-4f88-bf7e-e6c3f27f21cb 1.244s
2025-05-13 21:39:50.429 69764 INFO tempest.lib.common.rest_client [req-7a55b890-a6ae-4c28-b2e4-e039a62e34aa req-7a55b890-a6ae-4c28-b2e4-e039a62e34aa ] Request (ServerDiskConfigTestJSON:test_rebuild_server_with_manual_disk_config): 200 GET http://10.180.1.21/compute/v2.1/servers/89fec1cc-8bdb-488f-b06c-795c8ff1fbec 1.198s
2025-05-13 21:39:50.436 69766 INFO tempest.lib.common.rest_client [req-c343cad5-d86d-4a3a-a45e-9b664aa8b185 req-c343cad5-d86d-4a3a-a45e-9b664aa8b185 ] Request (ServersListShow2100Test:setUpClass): 201 POST http://10.180.1.21/identity/v3/auth/tokens 0.030s
2025-05-13 21:39:50.462 69778 INFO tempest.lib.common.rest_client [req-854d2acb-1eb7-4ae7-bcc3-118ded182744 req-854d2acb-1eb7-4ae7-bcc3-118ded182744 ] Request (ServersNegativeTestJSON:setUpClass): 200 GET http://10.180.1.21/compute/v2.1/servers/4d16ebe5-dadc-4f4f-a04b-7224f5ffc8b3 1.164s
2025-05-13 21:39:50.469 69778 INFO tempest.common.waiters [-] State transition "BUILD/scheduling" ==> "BUILD/None" after 33 second wait
2025-05-13 21:39:50.472 69766 INFO tempest.lib.common.rest_client [req-1e1b2dbc-0e01-4294-8e62-bfeb49757020 req-1e1b2dbc-0e01-4294-8e62-bfeb49757020 ] Request (ServersListShow2100Test:setUpClass): 200 GET http://10.180.1.21/identity/v3/domains?name=Default 0.035s
2025-05-13 21:39:50.496 69806 INFO tempest.lib.common.rest_client [req-50c35385-a872-4beb-9036-173f02fc3b1b req-50c35385-a872-4beb-9036-173f02fc3b1b ] Request (DeleteServersAdminTestJSON:test_delete_server_while_in_error_state): 202 POST http://10.180.1.21/compute/v2.1/servers/cc3336d0-85fc-4aa8-8521-7ef2ed5c2674/action 1.184s
2025-05-13 21:39:50.501 69766 INFO tempest.lib.common.rest_client [req-c86e63c8-ed86-4783-b218-c09981790724 req-c86e63c8-ed86-4783-b218-c09981790724 ] Request (ServersListShow2100Test:setUpClass): 201 POST http://10.180.1.21/identity/v3/projects 0.029s
2025-05-13 21:39:50.516 69786 INFO tempest.lib.common.rest_client [req-163498ce-3830-4d6f-8060-5d80ba2528ff req-163498ce-3830-4d6f-8060-5d80ba2528ff ] Request (ServerMetadataNegativeTestJSON:setUpClass): 200 GET http://10.180.1.21/compute/v2.1/servers/f92e3645-bfaa-4080-a67d-02c10fc0f9d8 1.151s
2025-05-13 21:39:50.559 69776 INFO tempest.lib.common.rest_client [req-50a888ae-dd79-4a5f-a1c6-9e4377fc514f req-50a888ae-dd79-4a5f-a1c6-9e4377fc514f ] Request (FloatingIPsAssociationTestJSON:setUpClass): 200 GET http://10.180.1.21/compute/v2.1/servers/08d9d87e-7f4e-4bc0-91c8-90bc7813afd4 1.133s
2025-05-13 21:39:50.569 69774 INFO tempest.lib.common.rest_client [req-f18c5320-bb6c-43b8-b08f-6117c807207a req-f18c5320-bb6c-43b8-b08f-6117c807207a ] Request (ServerShowV257Test:test_rebuild_server): 200 GET http://10.180.1.21/compute/v2.1/servers/52ee2d69-0a95-460e-b95e-16e0a5114e3b 1.084s
2025-05-13 21:39:50.577 69766 INFO tempest.lib.common.rest_client [req-cad0d35d-88f5-4bd7-bac2-f4738b8b9a41 req-cad0d35d-88f5-4bd7-bac2-f4738b8b9a41 ] Request (ServersListShow2100Test:setUpClass): 201 POST http://10.180.1.21/identity/v3/users 0.075s
2025-05-13 21:39:50.602 69766 INFO tempest.lib.common.rest_client [req-06e873c9-d572-4577-8ab3-1ad9012a2203 req-06e873c9-d572-4577-8ab3-1ad9012a2203 ] Request (ServersListShow2100Test:setUpClass): 200 GET http://10.180.1.21/identity/v3/roles 0.024s
2025-05-13 21:39:50.609 69760 INFO tempest.lib.common.rest_client [req-ae23b930-0063-41ca-ae7f-36140ac83733 req-ae23b930-0063-41ca-ae7f-36140ac83733 ] Request (ServersAdminTestJSON:test_create_server_with_scheduling_hint): 200 GET http://10.180.1.21/compute/v2.1/servers/2ecf171c-e946-4cc0-8dad-ee4377eba6f2 0.824s
2025-05-13 21:39:50.644 69766 INFO tempest.lib.common.rest_client [req-a86efbf0-ee7b-4492-a458-b37c425ef40f req-a86efbf0-ee7b-4492-a458-b37c425ef40f ] Request (ServersListShow2100Test:setUpClass): 204 PUT http://10.180.1.21/identity/v3/projects/0b1dd9d931164add9c2971204ad8f7a7/users/b9fd6c21ecea41a39097638d2c11cf8f/roles/c7953bbd9d974220974eb3fc7743b4c5 0.042s
2025-05-13 21:39:50.645 69766 INFO tempest.lib.common.dynamic_creds [-] Dynamic test user b9fd6c21ecea41a39097638d2c11cf8f is created with scope project and roles: ['member']
2025-05-13 21:39:50.645 69766 INFO tempest.lib.common.dynamic_creds [-] Acquired dynamic creds: credentials: Credentials: {'domain_id': 'default', 'domain_name': 'Default', 'username': 'tempest-ServersListShow2100Test-1745157178-project-member', 'project_domain_id': 'default', 'project_domain_name': 'Default', 'project_id': '0b1dd9d931164add9c2971204ad8f7a7', 'project_name': 'tempest-ServersListShow2100Test-1745157178', 'tenant_id': '0b1dd9d931164add9c2971204ad8f7a7', 'tenant_name': 'tempest-ServersListShow2100Test-1745157178', 'user_domain_id': 'default', 'user_domain_name': 'Default', 'user_id': 'b9fd6c21ecea41a39097638d2c11cf8f', 'system': None}, Network: None, Subnet: None, Router: None
2025-05-13 21:39:50.645 69766 INFO tempest.lib.common.dynamic_creds [-] Created isolated network resources for: credentials: Credentials: {'domain_id': 'default', 'domain_name': 'Default', 'username': 'tempest-ServersListShow2100Test-1745157178-project-member', 'project_domain_id': 'default', 'project_domain_name': 'Default', 'project_id': '0b1dd9d931164add9c2971204ad8f7a7', 'project_name': 'tempest-ServersListShow2100Test-1745157178', 'tenant_id': '0b1dd9d931164add9c2971204ad8f7a7', 'tenant_name': 'tempest-ServersListShow2100Test-1745157178', 'user_domain_id': 'default', 'user_domain_name': 'Default', 'user_id': 'b9fd6c21ecea41a39097638d2c11cf8f', 'system': None}, Network: None, Subnet: None, Router: None
2025-05-13 21:39:50.677 69755 INFO tempest.lib.common.rest_client [req-e270a835-d77e-475a-ace3-b9cf7e110722 req-e270a835-d77e-475a-ace3-b9cf7e110722 ] Request (ServerRescueTestJSONUnderV235:tearDownClass): 202 DELETE http://10.180.1.21/compute/v2.1/os-security-groups/24359b1b-4cbc-4c0c-b0ef-1b441e04112f 0.857s
2025-05-13 21:39:50.680 69812 INFO tempest.lib.common.rest_client [req-433b187b-a5ff-499d-9eec-31691539b7e6 req-433b187b-a5ff-499d-9eec-31691539b7e6 ] Request (ListServersNegativeTestJSON:setUpClass): 200 GET http://10.180.1.21/compute/v2.1/servers/cbcc2538-ac37-4cc7-8a70-6d3b4404d408 0.826s
2025-05-13 21:39:50.752 69766 INFO tempest.lib.common.rest_client [req-56154f29-1e40-437b-8c16-64a52a1e216e req-56154f29-1e40-437b-8c16-64a52a1e216e ] Request (ServersListShow2100Test:setUpClass): 201 POST http://10.180.1.21/identity/v3/auth/tokens 0.100s
2025-05-13 21:39:50.756 69816 INFO tempest.lib.common.rest_client [req-0f0aa2bf-f150-455a-a570-5ce5c21740c5 req-0f0aa2bf-f150-455a-a570-5ce5c21740c5 ] Request (ServersAaction247Test:tearDownClass): 200 GET http://10.180.1.21/compute/v2.1/servers/e5188b18-95ce-4912-8c29-d59340601259 0.830s
2025-05-13 21:39:50.766 69792 INFO tempest.lib.common.rest_client [req-6e8ef3ff-618f-4922-bd5d-536f6ecf8f3f req-6e8ef3ff-618f-4922-bd5d-536f6ecf8f3f ] Request (MultipleCreateTestJSON:test_multiple_create): 200 GET http://10.180.1.21/compute/v2.1/servers/0cc46589-609b-4feb-8e19-88da9c7200a6 0.778s
2025-05-13 21:39:50.802 69766 INFO tempest.lib.common.rest_client [req-6511d2c5-4176-4149-b077-da322c711c78 req-6511d2c5-4176-4149-b077-da322c711c78 ] Request (ServersListShow2100Test:test_list_show_rebuild_update_server_2100): 201 POST http://10.180.1.21/identity/v3/auth/tokens 0.046s
2025-05-13 21:39:50.802 69766 INFO tempest.lib.common.fixed_network [-] (ServersListShow2100Test:test_list_show_rebuild_update_server_2100) Found network None available for tenant
2025-05-13 21:39:50.826 69808 INFO tempest.lib.common.rest_client [req-f7b085d9-0781-4600-bf66-20bffb7d7021 req-f7b085d9-0781-4600-bf66-20bffb7d7021 ] Request (MigrationsAdminTest:test_resize_server_revert_deleted_flavor): 200 GET http://10.180.1.21/compute/v2.1/servers/b0d96507-cf10-42e5-815f-66b29f6b9cfd 0.757s
2025-05-13 21:39:50.837 69810 INFO tempest.lib.common.rest_client [req-1740dbcb-4be0-4392-a453-2e85af359248 req-1740dbcb-4be0-4392-a453-2e85af359248 ] Request (InstanceActionsNegativeTestJSON:tearDownClass): 200 GET http://10.180.1.21/compute/v2.1/servers/9142b50b-9af0-4b60-a1df-7f713eb02f2c 0.681s
2025-05-13 21:39:50.926 69755 INFO tempest.lib.common.rest_client [req-35ab8974-a81a-401f-b3a5-2f213a54314c req-35ab8974-a81a-401f-b3a5-2f213a54314c ] Request (ServerRescueTestJSONUnderV235:tearDownClass): 204 DELETE http://10.180.1.21/compute/v2.1/servers/fb2639a1-1d42-4e4e-a4d5-b579dca01370 0.248s
2025-05-13 21:39:51.072 69806 INFO tempest.lib.common.rest_client [req-98b93c12-af8f-477d-ba35-3ff82d938e60 req-98b93c12-af8f-477d-ba35-3ff82d938e60 ] Request (DeleteServersAdminTestJSON:test_delete_server_while_in_error_state): 200 GET http://10.180.1.21/compute/v2.1/servers/cc3336d0-85fc-4aa8-8521-7ef2ed5c2674 0.576s
2025-05-13 21:39:51.138 69794 INFO tempest.lib.common.rest_client [req-50c02aa3-a41d-480a-ba86-4170c7060efe req-50c02aa3-a41d-480a-ba86-4170c7060efe ] Request (ImagesTestJSON:test_create_image_from_suspended_server): 200 GET http://10.180.1.21/compute/v2.1/servers/fdfdbfbf-9307-4c27-8dd5-9e4014af4cef 0.224s
2025-05-13 21:39:51.160 69766 INFO tempest.lib.common.rest_client [req-f9b5e380-b73f-4576-8352-44f8adafcf3a req-f9b5e380-b73f-4576-8352-44f8adafcf3a ] Request (ServersListShow2100Test:test_list_show_rebuild_update_server_2100): 202 POST http://10.180.1.21/compute/v2.1/servers 0.357s
2025-05-13 21:39:51.300 69762 INFO tempest.lib.common.rest_client [req-7db11fff-0a81-401d-bd17-15d97f46f881 req-7db11fff-0a81-401d-bd17-15d97f46f881 ] Request (VolumesAssistedSnapshotsTest:test_volume_assisted_snapshot_create_delete): 200 GET http://10.180.1.21/volume/v3/volumes/179afd14-c757-4b70-9ad7-e72100f2f642 0.045s
2025-05-13 21:39:51.315 69780 INFO tempest.lib.common.rest_client [req-98e0a056-5d2d-457b-89dc-c5197ee671ff req-98e0a056-5d2d-457b-89dc-c5197ee671ff ] Request (ServerRescueTestJSON:test_rescue_unrescue_instance): 200 GET http://10.180.1.21/compute/v2.1/servers/830b3cad-5c4c-4086-a060-4a0dea4b1735 0.258s
2025-05-13 21:39:51.343 69755 INFO tempest.lib.common.rest_client [req-84766cf2-cccf-43d3-ad3d-1949a2117e58 req-84766cf2-cccf-43d3-ad3d-1949a2117e58 ] Request (ServerRescueTestJSONUnderV235:tearDownClass): 200 GET http://10.180.1.21/compute/v2.1/servers/fb2639a1-1d42-4e4e-a4d5-b579dca01370 0.417s
2025-05-13 21:39:51.398 69806 INFO tempest.lib.common.rest_client [req-6ea0ffa9-100f-4b18-bf87-ea494d5c3e60 req-6ea0ffa9-100f-4b18-bf87-ea494d5c3e60 ] Request (DeleteServersAdminTestJSON:test_delete_server_while_in_error_state): 204 DELETE http://10.180.1.21/compute/v2.1/servers/cc3336d0-85fc-4aa8-8521-7ef2ed5c2674 0.318s
2025-05-13 21:39:51.399 69814 INFO tempest.lib.common.rest_client [req-dad66b7e-84bb-4bdb-9559-b8a0e5c834c5 req-dad66b7e-84bb-4bdb-9559-b8a0e5c834c5 ] Request (SecurityGroupsTestJSON:test_server_security_groups): 200 GET http://10.180.1.21/compute/v2.1/servers/4e579e51-18a2-4127-a95d-f4b40f2854b7 0.244s
2025-05-13 21:39:51.461 69766 INFO tempest.lib.common.rest_client [req-773ac132-6aab-48b4-affa-1509242ad22c req-773ac132-6aab-48b4-affa-1509242ad22c ] Request (ServersListShow2100Test:test_list_show_rebuild_update_server_2100): 200 GET http://10.180.1.21/compute/v2.1/servers/cfb0b2ed-43c1-40bb-9ede-4859e2d43c29 0.300s
2025-05-13 21:39:51.515 69770 INFO tempest.lib.common.rest_client [req-e7b64fcd-2bc3-4002-a58f-1e913d42bf54 req-e7b64fcd-2bc3-4002-a58f-1e913d42bf54 ] Request (FloatingIPsAssociationNegativeTestJSON:setUpClass): 200 GET http://10.180.1.21/compute/v2.1/servers/668aabd7-0212-4c5a-b95f-214b34989b77 0.232s
2025-05-13 21:39:51.548 69773 INFO tempest.lib.common.rest_client [req-d7066b2a-7003-470a-9287-f568821b5ad0 req-d7066b2a-7003-470a-9287-f568821b5ad0 ] Request (DeleteServersTestJSON:test_delete_server_while_in_attached_volume): 200 GET http://10.180.1.21/compute/v2.1/servers/79fb7a70-beec-44e4-adcf-b959d4482341 0.323s
2025-05-13 21:39:51.551 69768 INFO tempest.lib.common.rest_client [req-ada8d372-e5ea-45f0-b3c6-f0ab53fde837 req-ada8d372-e5ea-45f0-b3c6-f0ab53fde837 ] Request (ListImageFiltersTestJSON:setUpClass): 200 GET http://10.180.1.21/compute/v2.1/images/fbd39c30-efe2-4d67-828e-5a76a7c50f08 0.235s
2025-05-13 21:39:51.555 69773 INFO tempest.common.waiters [-] State transition "BUILD/block_device_mapping" ==> "BUILD/spawning" after 84 second wait
2025-05-13 21:39:51.606 69757 INFO tempest.lib.common.rest_client [req-46bd2d52-5f28-4ecf-bcca-7b3726fa7021 req-46bd2d52-5f28-4ecf-bcca-7b3726fa7021 ] Request (ServersTestBootFromVolume:setUpClass): 200 GET http://10.180.1.21/compute/v2.1/servers/8c1140a4-a4b1-4190-92f3-c4576ffa22bb 0.226s
2025-05-13 21:39:51.680 69788 INFO tempest.lib.common.rest_client [req-664450ed-38dc-44e2-b4a6-2904c7a0c675 req-664450ed-38dc-44e2-b4a6-2904c7a0c675 ] Request (ServerTagsTestJSON:setUpClass): 200 GET http://10.180.1.21/compute/v2.1/servers/6cabd8b5-b9a7-423e-910f-db3fb5b2535d 0.323s
2025-05-13 21:39:51.742 69796 INFO tempest.lib.common.rest_client [req-cde5fd81-1a25-4fa5-a624-7278944bac3f req-cde5fd81-1a25-4fa5-a624-7278944bac3f ] Request (ServersListShow296Test:test_list_show_update_rebuild_server_296): 200 GET http://10.180.1.21/compute/v2.1/servers/fa9ecce0-e8a6-4f88-bf7e-e6c3f27f21cb 0.322s
2025-05-13 21:39:51.749 69806 INFO tempest.lib.common.rest_client [req-9171f806-fc90-48a3-9fd3-1c4b4b4d0e2b req-9171f806-fc90-48a3-9fd3-1c4b4b4d0e2b ] Request (DeleteServersAdminTestJSON:test_delete_server_while_in_error_state): 200 GET http://10.180.1.21/compute/v2.1/servers/cc3336d0-85fc-4aa8-8521-7ef2ed5c2674 0.351s
2025-05-13 21:39:51.791 69764 INFO tempest.lib.common.rest_client [req-60c48949-797e-4820-8199-49a3028bc37a req-60c48949-797e-4820-8199-49a3028bc37a ] Request (ServerDiskConfigTestJSON:test_rebuild_server_with_manual_disk_config): 200 GET http://10.180.1.21/compute/v2.1/servers/89fec1cc-8bdb-488f-b06c-795c8ff1fbec 0.352s
2025-05-13 21:39:51.800 69778 INFO tempest.lib.common.rest_client [req-fa491786-1c5d-4216-b16f-0f6801d88619 req-fa491786-1c5d-4216-b16f-0f6801d88619 ] Request (ServersNegativeTestJSON:setUpClass): 200 GET http://10.180.1.21/compute/v2.1/servers/4d16ebe5-dadc-4f4f-a04b-7224f5ffc8b3 0.329s
2025-05-13 21:39:51.840 69786 INFO tempest.lib.common.rest_client [req-f359e3e4-b249-41df-b8ec-b5ec2ced17bd req-f359e3e4-b249-41df-b8ec-b5ec2ced17bd ] Request (ServerMetadataNegativeTestJSON:setUpClass): 200 GET http://10.180.1.21/compute/v2.1/servers/f92e3645-bfaa-4080-a67d-02c10fc0f9d8 0.315s
2025-05-13 21:39:51.847 69776 INFO tempest.lib.common.rest_client [req-3a8eedd1-7027-432f-92a0-8d391a9f477c req-3a8eedd1-7027-432f-92a0-8d391a9f477c ] Request (FloatingIPsAssociationTestJSON:setUpClass): 200 GET http://10.180.1.21/compute/v2.1/servers/08d9d87e-7f4e-4bc0-91c8-90bc7813afd4 0.280s
2025-05-13 21:39:51.893 69774 INFO tempest.lib.common.rest_client [req-a966c687-0a99-4b3a-a660-ceb250b19df3 req-a966c687-0a99-4b3a-a660-ceb250b19df3 ] Request (ServerShowV257Test:test_rebuild_server): 200 GET http://10.180.1.21/compute/v2.1/servers/52ee2d69-0a95-460e-b95e-16e0a5114e3b 0.310s
2025-05-13 21:39:51.898 69760 INFO tempest.lib.common.rest_client [req-9a155f63-f526-46dc-a962-80b4ca8da909 req-9a155f63-f526-46dc-a962-80b4ca8da909 ] Request (ServersAdminTestJSON:test_create_server_with_scheduling_hint): 200 GET http://10.180.1.21/compute/v2.1/servers/2ecf171c-e946-4cc0-8dad-ee4377eba6f2 0.272s
2025-05-13 21:39:51.957 69812 INFO tempest.lib.common.rest_client [req-b61d1b8d-ac47-4d35-81fd-0133725197db req-b61d1b8d-ac47-4d35-81fd-0133725197db ] Request (ListServersNegativeTestJSON:setUpClass): 200 GET http://10.180.1.21/compute/v2.1/servers/cbcc2538-ac37-4cc7-8a70-6d3b4404d408 0.263s
2025-05-13 21:39:51.971 69816 INFO tempest.lib.common.rest_client [req-491af28d-b755-4e26-8646-0e10972ac539 req-491af28d-b755-4e26-8646-0e10972ac539 ] Request (ServersAaction247Test:tearDownClass): 200 GET http://10.180.1.21/compute/v2.1/servers/e5188b18-95ce-4912-8c29-d59340601259 0.205s
2025-05-13 21:39:52.036 69792 INFO tempest.lib.common.rest_client [req-cb14e241-fbcd-4f94-a93c-466ddfa8e6ba req-cb14e241-fbcd-4f94-a93c-466ddfa8e6ba ] Request (MultipleCreateTestJSON:test_multiple_create): 200 GET http://10.180.1.21/compute/v2.1/servers/0cc46589-609b-4feb-8e19-88da9c7200a6 0.262s
2025-05-13 21:39:52.041 69808 INFO tempest.lib.common.rest_client [req-490ec2db-997e-4586-9b0b-6163d0b8e51d req-490ec2db-997e-4586-9b0b-6163d0b8e51d ] Request (MigrationsAdminTest:test_resize_server_revert_deleted_flavor): 200 GET http://10.180.1.21/compute/v2.1/servers/b0d96507-cf10-42e5-815f-66b29f6b9cfd 0.205s
2025-05-13 21:39:52.136 69810 INFO tempest.lib.common.rest_client [req-4e060bbe-c556-41f7-b4d8-3af5835e2a16 req-4e060bbe-c556-41f7-b4d8-3af5835e2a16 ] Request (InstanceActionsNegativeTestJSON:tearDownClass): 200 GET http://10.180.1.21/compute/v2.1/servers/9142b50b-9af0-4b60-a1df-7f713eb02f2c 0.286s
2025-05-13 21:39:52.216 69794 INFO tempest.lib.common.rest_client [req-a9a0a227-b2f5-45b2-a872-0df753d75042 req-a9a0a227-b2f5-45b2-a872-0df753d75042 ] Request (ImagesTestJSON:test_create_image_from_suspended_server): 200 GET http://10.180.1.21/compute/v2.1/servers/fdfdbfbf-9307-4c27-8dd5-9e4014af4cef 0.069s
2025-05-13 21:39:52.348 69762 INFO tempest.lib.common.rest_client [req-4f5b0403-6413-435e-8cb9-337a816fecd6 req-4f5b0403-6413-435e-8cb9-337a816fecd6 ] Request (VolumesAssistedSnapshotsTest:test_volume_assisted_snapshot_create_delete): 200 GET http://10.180.1.21/volume/v3/volumes/179afd14-c757-4b70-9ad7-e72100f2f642 0.033s
2025-05-13 21:39:52.429 69780 INFO tempest.lib.common.rest_client [req-3c68055c-98d6-456b-bc55-fbf88dfcdf3a req-3c68055c-98d6-456b-bc55-fbf88dfcdf3a ] Request (ServerRescueTestJSON:test_rescue_unrescue_instance): 200 GET http://10.180.1.21/compute/v2.1/servers/830b3cad-5c4c-4086-a060-4a0dea4b1735 0.104s
2025-05-13 21:39:52.484 69814 INFO tempest.lib.common.rest_client [req-1d132102-2a08-45e1-8d0a-c258c2b87ece req-1d132102-2a08-45e1-8d0a-c258c2b87ece ] Request (SecurityGroupsTestJSON:test_server_security_groups): 200 GET http://10.180.1.21/compute/v2.1/servers/4e579e51-18a2-4127-a95d-f4b40f2854b7 0.074s
2025-05-13 21:39:52.562 69766 INFO tempest.lib.common.rest_client [req-bfb469fd-09a8-4962-9128-f7eb4e0e41ad req-bfb469fd-09a8-4962-9128-f7eb4e0e41ad ] Request (ServersListShow2100Test:test_list_show_rebuild_update_server_2100): 200 GET http://10.180.1.21/compute/v2.1/servers/cfb0b2ed-43c1-40bb-9ede-4859e2d43c29 0.082s
2025-05-13 21:39:52.626 69770 INFO tempest.lib.common.rest_client [req-39a354a3-8f8c-41bd-aba2-860508ca41b1 req-39a354a3-8f8c-41bd-aba2-860508ca41b1 ] Request (FloatingIPsAssociationNegativeTestJSON:setUpClass): 200 GET http://10.180.1.21/compute/v2.1/servers/668aabd7-0212-4c5a-b95f-214b34989b77 0.101s
2025-05-13 21:39:52.654 69755 INFO tempest.lib.common.rest_client [req-94806baf-255a-4278-8bf2-1e8d8855cd22 req-94806baf-255a-4278-8bf2-1e8d8855cd22 ] Request (ServerRescueTestJSONUnderV235:tearDownClass): 200 GET http://10.180.1.21/compute/v2.1/servers/fb2639a1-1d42-4e4e-a4d5-b579dca01370 0.302s
2025-05-13 21:39:52.691 69768 INFO tempest.lib.common.rest_client [req-0e6a0153-6914-4e41-8ca6-29ff70f567d8 req-0e6a0153-6914-4e41-8ca6-29ff70f567d8 ] Request (ListImageFiltersTestJSON:setUpClass): 200 GET http://10.180.1.21/compute/v2.1/images/fbd39c30-efe2-4d67-828e-5a76a7c50f08 0.135s
2025-05-13 21:39:52.721 69773 INFO tempest.lib.common.rest_client [req-e3da7908-23e8-4259-a1cc-9aa7e644abb7 req-e3da7908-23e8-4259-a1cc-9aa7e644abb7 ] Request (DeleteServersTestJSON:test_delete_server_while_in_attached_volume): 200 GET http://10.180.1.21/compute/v2.1/servers/79fb7a70-beec-44e4-adcf-b959d4482341 0.164s
2025-05-13 21:39:52.747 69757 INFO tempest.lib.common.rest_client [req-bc7bbd56-9624-477a-8b65-68caafd8c9d7 req-bc7bbd56-9624-477a-8b65-68caafd8c9d7 ] Request (ServersTestBootFromVolume:setUpClass): 200 GET http://10.180.1.21/compute/v2.1/servers/8c1140a4-a4b1-4190-92f3-c4576ffa22bb 0.133s
2025-05-13 21:39:52.835 69796 INFO tempest.lib.common.rest_client [req-9a961f8e-92ea-48ba-a9ac-56c49241a731 req-9a961f8e-92ea-48ba-a9ac-56c49241a731 ] Request (ServersListShow296Test:test_list_show_update_rebuild_server_296): 200 GET http://10.180.1.21/compute/v2.1/servers/fa9ecce0-e8a6-4f88-bf7e-e6c3f27f21cb 0.082s
2025-05-13 21:39:52.851 69788 INFO tempest.lib.common.rest_client [req-8de5ae8a-9240-4761-94cc-7d5fc233f8eb req-8de5ae8a-9240-4761-94cc-7d5fc233f8eb ] Request (ServerTagsTestJSON:setUpClass): 200 GET http://10.180.1.21/compute/v2.1/servers/6cabd8b5-b9a7-423e-910f-db3fb5b2535d 0.160s
2025-05-13 21:39:52.905 69764 INFO tempest.lib.common.rest_client [req-7dc7c43b-97e3-4fb3-a430-9d61d0926e1c req-7dc7c43b-97e3-4fb3-a430-9d61d0926e1c ] Request (ServerDiskConfigTestJSON:test_rebuild_server_with_manual_disk_config): 200 GET http://10.180.1.21/compute/v2.1/servers/89fec1cc-8bdb-488f-b06c-795c8ff1fbec 0.104s
2025-05-13 21:39:52.947 69806 INFO tempest.lib.common.rest_client [req-7ed4740c-e2fa-4a00-96eb-309501a8d3d0 req-7ed4740c-e2fa-4a00-96eb-309501a8d3d0 ] Request (DeleteServersAdminTestJSON:test_delete_server_while_in_error_state): 200 GET http://10.180.1.21/compute/v2.1/servers/cc3336d0-85fc-4aa8-8521-7ef2ed5c2674 0.190s
2025-05-13 21:39:52.961 69778 INFO tempest.lib.common.rest_client [req-d1bb9956-c263-4b68-8e9a-c289d15da9b9 req-d1bb9956-c263-4b68-8e9a-c289d15da9b9 ] Request (ServersNegativeTestJSON:setUpClass): 200 GET http://10.180.1.21/compute/v2.1/servers/4d16ebe5-dadc-4f4f-a04b-7224f5ffc8b3 0.151s
2025-05-13 21:39:53.014 69776 INFO tempest.lib.common.rest_client [req-9a638539-a779-4b83-9adc-0ee8d912e8ae req-9a638539-a779-4b83-9adc-0ee8d912e8ae ] Request (FloatingIPsAssociationTestJSON:setUpClass): 200 GET http://10.180.1.21/compute/v2.1/servers/08d9d87e-7f4e-4bc0-91c8-90bc7813afd4 0.157s
2025-05-13 21:39:53.017 69786 INFO tempest.lib.common.rest_client [req-e9135943-2399-466e-8b2b-65e681f277f1 req-e9135943-2399-466e-8b2b-65e681f277f1 ] Request (ServerMetadataNegativeTestJSON:setUpClass): 200 GET http://10.180.1.21/compute/v2.1/servers/f92e3645-bfaa-4080-a67d-02c10fc0f9d8 0.167s
2025-05-13 21:39:53.073 69774 INFO tempest.lib.common.rest_client [req-0e91e32a-1975-4a5e-867e-ef80a9531d2c req-0e91e32a-1975-4a5e-867e-ef80a9531d2c ] Request (ServerShowV257Test:test_rebuild_server): 200 GET http://10.180.1.21/compute/v2.1/servers/52ee2d69-0a95-460e-b95e-16e0a5114e3b 0.170s
2025-05-13 21:39:53.085 69760 INFO tempest.lib.common.rest_client [req-e2df5168-38e7-4a6e-a47e-ca194f7e3048 req-e2df5168-38e7-4a6e-a47e-ca194f7e3048 ] Request (ServersAdminTestJSON:test_create_server_with_scheduling_hint): 200 GET http://10.180.1.21/compute/v2.1/servers/2ecf171c-e946-4cc0-8dad-ee4377eba6f2 0.179s
2025-05-13 21:39:53.153 69812 INFO tempest.lib.common.rest_client [req-12caff0c-ef1a-476d-bc18-3c965d4097b6 req-12caff0c-ef1a-476d-bc18-3c965d4097b6 ] Request (ListServersNegativeTestJSON:setUpClass): 200 GET http://10.180.1.21/compute/v2.1/servers/cbcc2538-ac37-4cc7-8a70-6d3b4404d408 0.186s
2025-05-13 21:39:53.174 69816 INFO tempest.lib.common.rest_client [req-1c6cdeac-da9a-4ff4-b168-b570864ac42d req-1c6cdeac-da9a-4ff4-b168-b570864ac42d ] Request (ServersAaction247Test:tearDownClass): 200 GET http://10.180.1.21/compute/v2.1/servers/e5188b18-95ce-4912-8c29-d59340601259 0.191s
2025-05-13 21:39:53.234 69808 INFO tempest.lib.common.rest_client [req-293b5c1a-696c-4401-9ff5-4dc9893a203f req-293b5c1a-696c-4401-9ff5-4dc9893a203f ] Request (MigrationsAdminTest:test_resize_server_revert_deleted_flavor): 200 GET http://10.180.1.21/compute/v2.1/servers/b0d96507-cf10-42e5-815f-66b29f6b9cfd 0.181s
2025-05-13 21:39:53.315 69810 INFO tempest.lib.common.rest_client [req-15ef7a41-f477-4500-b059-d513e1196b1e req-15ef7a41-f477-4500-b059-d513e1196b1e ] Request (InstanceActionsNegativeTestJSON:tearDownClass): 200 GET http://10.180.1.21/compute/v2.1/servers/9142b50b-9af0-4b60-a1df-7f713eb02f2c 0.170s
2025-05-13 21:39:53.382 69794 INFO tempest.lib.common.rest_client [req-96a6bec2-9fbd-4df2-a1f7-86a80effd98e req-96a6bec2-9fbd-4df2-a1f7-86a80effd98e ] Request (ImagesTestJSON:test_create_image_from_suspended_server): 200 GET http://10.180.1.21/compute/v2.1/servers/fdfdbfbf-9307-4c27-8dd5-9e4014af4cef 0.157s
2025-05-13 21:39:53.393 69762 INFO tempest.lib.common.rest_client [req-8af2b31b-6376-4b01-a823-74d8287f1c4b req-8af2b31b-6376-4b01-a823-74d8287f1c4b ] Request (VolumesAssistedSnapshotsTest:test_volume_assisted_snapshot_create_delete): 200 GET http://10.180.1.21/volume/v3/volumes/179afd14-c757-4b70-9ad7-e72100f2f642 0.037s
2025-05-13 21:39:53.451 69792 INFO tempest.lib.common.rest_client [req-52b65218-3fcb-4c9b-a8ee-d266f5057414 req-52b65218-3fcb-4c9b-a8ee-d266f5057414 ] Request (MultipleCreateTestJSON:test_multiple_create): 200 GET http://10.180.1.21/compute/v2.1/servers/0cc46589-609b-4feb-8e19-88da9c7200a6 0.405s
2025-05-13 21:39:53.550 69814 INFO tempest.lib.common.rest_client [req-0210167d-0784-48a1-b082-0b96a655e0b1 req-0210167d-0784-48a1-b082-0b96a655e0b1 ] Request (SecurityGroupsTestJSON:test_server_security_groups): 200 GET http://10.180.1.21/compute/v2.1/servers/4e579e51-18a2-4127-a95d-f4b40f2854b7 0.056s
2025-05-13 21:39:53.638 69780 INFO tempest.lib.common.rest_client [req-57c77a5b-b3d7-4fdb-8303-d972e500660d req-57c77a5b-b3d7-4fdb-8303-d972e500660d ] Request (ServerRescueTestJSON:test_rescue_unrescue_instance): 200 GET http://10.180.1.21/compute/v2.1/servers/830b3cad-5c4c-4086-a060-4a0dea4b1735 0.200s
2025-05-13 21:39:53.662 69766 INFO tempest.lib.common.rest_client [req-b40fccc8-e91b-4c06-85c4-17cd72c8ae22 req-b40fccc8-e91b-4c06-85c4-17cd72c8ae22 ] Request (ServersListShow2100Test:test_list_show_rebuild_update_server_2100): 200 GET http://10.180.1.21/compute/v2.1/servers/cfb0b2ed-43c1-40bb-9ede-4859e2d43c29 0.085s
2025-05-13 21:39:53.699 69770 INFO tempest.lib.common.rest_client [req-d2dc7cc4-663f-4ced-93ac-2522577dd0b5 req-d2dc7cc4-663f-4ced-93ac-2522577dd0b5 ] Request (FloatingIPsAssociationNegativeTestJSON:setUpClass): 200 GET http://10.180.1.21/compute/v2.1/servers/668aabd7-0212-4c5a-b95f-214b34989b77 0.060s
2025-05-13 21:39:53.720 69755 INFO tempest.lib.common.rest_client [req-069b1184-0c73-4ee3-91a7-bc7ab69fb5f0 req-069b1184-0c73-4ee3-91a7-bc7ab69fb5f0 ] Request (ServerRescueTestJSONUnderV235:tearDownClass): 200 GET http://10.180.1.21/compute/v2.1/servers/fb2639a1-1d42-4e4e-a4d5-b579dca01370 0.057s
2025-05-13 21:39:53.743 69768 INFO tempest.lib.common.rest_client [req-1ca42b86-1a68-4631-a4aa-ac1c04409266 req-1ca42b86-1a68-4631-a4aa-ac1c04409266 ] Request (ListImageFiltersTestJSON:setUpClass): 200 GET http://10.180.1.21/compute/v2.1/images/fbd39c30-efe2-4d67-828e-5a76a7c50f08 0.047s
2025-05-13 21:39:53.809 69757 INFO tempest.lib.common.rest_client [req-bbb72aa0-8457-483e-bbaa-5b1c638a4afe req-bbb72aa0-8457-483e-bbaa-5b1c638a4afe ] Request (ServersTestBootFromVolume:setUpClass): 200 GET http://10.180.1.21/compute/v2.1/servers/8c1140a4-a4b1-4190-92f3-c4576ffa22bb 0.055s
2025-05-13 21:39:53.853 69773 INFO tempest.lib.common.rest_client [req-f239a44f-4596-4242-ba0a-f08d4bdd3565 req-f239a44f-4596-4242-ba0a-f08d4bdd3565 ] Request (DeleteServersTestJSON:test_delete_server_while_in_attached_volume): 200 GET http://10.180.1.21/compute/v2.1/servers/79fb7a70-beec-44e4-adcf-b959d4482341 0.122s
2025-05-13 21:39:53.910 69796 INFO tempest.lib.common.rest_client [req-998931c4-3bbc-441e-a4ef-800f19b21ca8 req-998931c4-3bbc-441e-a4ef-800f19b21ca8 ] Request (ServersListShow296Test:test_list_show_update_rebuild_server_296): 200 GET http://10.180.1.21/compute/v2.1/servers/fa9ecce0-e8a6-4f88-bf7e-e6c3f27f21cb 0.065s
2025-05-13 21:39:53.966 69788 INFO tempest.lib.common.rest_client [req-630fc832-c6bf-43f8-9f1e-cdf8250ea25f req-630fc832-c6bf-43f8-9f1e-cdf8250ea25f ] Request (ServerTagsTestJSON:setUpClass): 200 GET http://10.180.1.21/compute/v2.1/servers/6cabd8b5-b9a7-423e-910f-db3fb5b2535d 0.105s
2025-05-13 21:39:53.970 69764 INFO tempest.lib.common.rest_client [req-57cbbbe7-c8af-4377-abe5-02457ad7f067 req-57cbbbe7-c8af-4377-abe5-02457ad7f067 ] Request (ServerDiskConfigTestJSON:test_rebuild_server_with_manual_disk_config): 200 GET http://10.180.1.21/compute/v2.1/servers/89fec1cc-8bdb-488f-b06c-795c8ff1fbec 0.056s
2025-05-13 21:39:54.029 69806 INFO tempest.lib.common.rest_client [req-60bd28fa-7f5a-4418-a104-8e052a52c017 req-60bd28fa-7f5a-4418-a104-8e052a52c017 ] Request (DeleteServersAdminTestJSON:test_delete_server_while_in_error_state): 200 GET http://10.180.1.21/compute/v2.1/servers/cc3336d0-85fc-4aa8-8521-7ef2ed5c2674 0.074s
2025-05-13 21:39:54.034 69778 INFO tempest.lib.common.rest_client [req-3abb306a-4add-451e-8326-d88f126ef06f req-3abb306a-4add-451e-8326-d88f126ef06f ] Request (ServersNegativeTestJSON:setUpClass): 200 GET http://10.180.1.21/compute/v2.1/servers/4d16ebe5-dadc-4f4f-a04b-7224f5ffc8b3 0.061s
2025-05-13 21:39:54.076 69776 INFO tempest.lib.common.rest_client [req-3105b5d6-b1a1-4f35-8397-5b01aaee34ec req-3105b5d6-b1a1-4f35-8397-5b01aaee34ec ] Request (FloatingIPsAssociationTestJSON:setUpClass): 200 GET http://10.180.1.21/compute/v2.1/servers/08d9d87e-7f4e-4bc0-91c8-90bc7813afd4 0.053s
2025-05-13 21:39:54.089 69786 INFO tempest.lib.common.rest_client [req-59194384-a4e4-43d0-9c40-f2e583f56e3d req-59194384-a4e4-43d0-9c40-f2e583f56e3d ] Request (ServerMetadataNegativeTestJSON:setUpClass): 200 GET http://10.180.1.21/compute/v2.1/servers/f92e3645-bfaa-4080-a67d-02c10fc0f9d8 0.061s
2025-05-13 21:39:54.148 69774 INFO tempest.lib.common.rest_client [req-55b57a5b-2536-415c-8fd5-f102fb5e4547 req-55b57a5b-2536-415c-8fd5-f102fb5e4547 ] Request (ServerShowV257Test:test_rebuild_server): 200 GET http://10.180.1.21/compute/v2.1/servers/52ee2d69-0a95-460e-b95e-16e0a5114e3b 0.063s
2025-05-13 21:39:54.152 69760 INFO tempest.lib.common.rest_client [req-b6185659-e4e8-4631-b7ce-4b0ffa112388 req-b6185659-e4e8-4631-b7ce-4b0ffa112388 ] Request (ServersAdminTestJSON:test_create_server_with_scheduling_hint): 200 GET http://10.180.1.21/compute/v2.1/servers/2ecf171c-e946-4cc0-8dad-ee4377eba6f2 0.053s
2025-05-13 21:39:54.174 69804 WARNING tempest.lib.common.ssh [-] Failed to establish authenticated ssh connection to cirros@10.180.180.216 ([Errno None] Unable to connect to port 22 on 10.180.180.216). Number attempts: 11. Retry after 12 seconds.: paramiko.ssh_exception.NoValidConnectionsError: [Errno None] Unable to connect to port 22 on 10.180.180.216
2025-05-13 21:39:54.229 69812 INFO tempest.lib.common.rest_client [req-da5e1cda-09af-4120-a18e-d032005c0c73 req-da5e1cda-09af-4120-a18e-d032005c0c73 ] Request (ListServersNegativeTestJSON:setUpClass): 200 GET http://10.180.1.21/compute/v2.1/servers/cbcc2538-ac37-4cc7-8a70-6d3b4404d408 0.065s
2025-05-13 21:39:54.258 69816 INFO tempest.lib.common.rest_client [req-e0884b0b-3f53-4674-b37a-5372201660ab req-e0884b0b-3f53-4674-b37a-5372201660ab ] Request (ServersAaction247Test:tearDownClass): 200 GET http://10.180.1.21/compute/v2.1/servers/e5188b18-95ce-4912-8c29-d59340601259 0.074s
2025-05-13 21:39:54.298 69808 INFO tempest.lib.common.rest_client [req-1bb1dc3d-4172-4fa7-b0b0-2b4c093f36f6 req-1bb1dc3d-4172-4fa7-b0b0-2b4c093f36f6 ] Request (MigrationsAdminTest:test_resize_server_revert_deleted_flavor): 200 GET http://10.180.1.21/compute/v2.1/servers/b0d96507-cf10-42e5-815f-66b29f6b9cfd 0.056s
2025-05-13 21:39:54.394 69810 INFO tempest.lib.common.rest_client [req-459a6701-e810-4498-84ad-ce02e6a9af90 req-459a6701-e810-4498-84ad-ce02e6a9af90 ] Request (InstanceActionsNegativeTestJSON:tearDownClass): 200 GET http://10.180.1.21/compute/v2.1/servers/9142b50b-9af0-4b60-a1df-7f713eb02f2c 0.070s
2025-05-13 21:39:54.434 69762 INFO tempest.lib.common.rest_client [req-1a834074-1198-4cf4-b5b8-5f2d06579248 req-1a834074-1198-4cf4-b5b8-5f2d06579248 ] Request (VolumesAssistedSnapshotsTest:test_volume_assisted_snapshot_create_delete): 200 GET http://10.180.1.21/volume/v3/volumes/179afd14-c757-4b70-9ad7-e72100f2f642 0.031s
2025-05-13 21:39:54.448 69794 INFO tempest.lib.common.rest_client [req-67eef11c-e6c3-4161-9be9-0abe1531c90c req-67eef11c-e6c3-4161-9be9-0abe1531c90c ] Request (ImagesTestJSON:test_create_image_from_suspended_server): 200 GET http://10.180.1.21/compute/v2.1/servers/fdfdbfbf-9307-4c27-8dd5-9e4014af4cef 0.057s
2025-05-13 21:39:54.518 69792 INFO tempest.lib.common.rest_client [req-75d761da-af76-4a78-a4da-fbbe6bfc88ae req-75d761da-af76-4a78-a4da-fbbe6bfc88ae ] Request (MultipleCreateTestJSON:test_multiple_create): 200 GET http://10.180.1.21/compute/v2.1/servers/0cc46589-609b-4feb-8e19-88da9c7200a6 0.058s
2025-05-13 21:39:54.610 69814 INFO tempest.lib.common.rest_client [req-3cd3b000-9769-4381-9027-dcbc8a73c173 req-3cd3b000-9769-4381-9027-dcbc8a73c173 ] Request (SecurityGroupsTestJSON:test_server_security_groups): 200 GET http://10.180.1.21/compute/v2.1/servers/4e579e51-18a2-4127-a95d-f4b40f2854b7 0.051s
2025-05-13 21:39:54.747 69766 INFO tempest.lib.common.rest_client [req-5933f6ad-903f-491c-a956-f50b2ed3cf05 req-5933f6ad-903f-491c-a956-f50b2ed3cf05 ] Request (ServersListShow2100Test:test_list_show_rebuild_update_server_2100): 200 GET http://10.180.1.21/compute/v2.1/servers/cfb0b2ed-43c1-40bb-9ede-4859e2d43c29 0.073s
2025-05-13 21:39:54.750 69780 INFO tempest.lib.common.rest_client [req-e875fbe2-96e1-4f48-89cf-6629749e404c req-e875fbe2-96e1-4f48-89cf-6629749e404c ] Request (ServerRescueTestJSON:test_rescue_unrescue_instance): 200 GET http://10.180.1.21/compute/v2.1/servers/830b3cad-5c4c-4086-a060-4a0dea4b1735 0.103s
2025-05-13 21:39:54.810 69770 INFO tempest.lib.common.rest_client [req-b35e8576-f144-495b-9662-4bcf6526375d req-b35e8576-f144-495b-9662-4bcf6526375d ] Request (FloatingIPsAssociationNegativeTestJSON:setUpClass): 200 GET http://10.180.1.21/compute/v2.1/servers/668aabd7-0212-4c5a-b95f-214b34989b77 0.102s
2025-05-13 21:39:54.817 69755 INFO tempest.lib.common.rest_client [req-a92c7b7c-2a62-4191-912c-c3efbf0b6a82 req-a92c7b7c-2a62-4191-912c-c3efbf0b6a82 ] Request (ServerRescueTestJSONUnderV235:tearDownClass): 200 GET http://10.180.1.21/compute/v2.1/servers/fb2639a1-1d42-4e4e-a4d5-b579dca01370 0.085s
2025-05-13 21:39:54.824 69755 INFO tempest.common.waiters [-] State transition "RESCUE/deleting" ==> "DELETED/None" after 3 second wait
2025-05-13 21:39:54.847 69768 INFO tempest.lib.common.rest_client [req-d754b1a0-8a3d-4a2e-8420-caf343068a95 req-d754b1a0-8a3d-4a2e-8420-caf343068a95 ] Request (ListImageFiltersTestJSON:setUpClass): 200 GET http://10.180.1.21/compute/v2.1/images/fbd39c30-efe2-4d67-828e-5a76a7c50f08 0.099s
2025-05-13 21:39:54.890 69768 INFO tempest.lib.common.rest_client [req-a6a45617-16ca-4221-92b8-3b1bdc8077ec req-a6a45617-16ca-4221-92b8-3b1bdc8077ec ] Request (ListImageFiltersTestJSON:setUpClass): 200 GET http://10.180.1.21/compute/v2.1/images/fbd39c30-efe2-4d67-828e-5a76a7c50f08 0.040s
2025-05-13 21:39:54.902 69757 INFO tempest.lib.common.rest_client [req-3a076077-87a2-4457-b70a-d50eeb39cb0e req-3a076077-87a2-4457-b70a-d50eeb39cb0e ] Request (ServersTestBootFromVolume:setUpClass): 200 GET http://10.180.1.21/compute/v2.1/servers/8c1140a4-a4b1-4190-92f3-c4576ffa22bb 0.085s
2025-05-13 21:39:54.995 69773 INFO tempest.lib.common.rest_client [req-c16f2b03-c1ca-4526-911c-5c312cbb19e9 req-c16f2b03-c1ca-4526-911c-5c312cbb19e9 ] Request (DeleteServersTestJSON:test_delete_server_while_in_attached_volume): 200 GET http://10.180.1.21/compute/v2.1/servers/79fb7a70-beec-44e4-adcf-b959d4482341 0.133s
2025-05-13 21:39:55.045 69768 INFO tempest.lib.common.rest_client [req-5123c1c6-25d6-418b-aa1a-5e934251e578 req-5123c1c6-25d6-418b-aa1a-5e934251e578 ] Request (ListImageFiltersTestJSON:setUpClass): 200 GET http://10.180.1.21/compute/v2.1/servers/42f1adb9-de91-4dac-8b1d-ca21a0b9f530 0.152s
2025-05-13 21:39:55.079 69796 INFO tempest.lib.common.rest_client [req-c577fe84-4890-40d9-b4cf-924dc2e62d9d req-c577fe84-4890-40d9-b4cf-924dc2e62d9d ] Request (ServersListShow296Test:test_list_show_update_rebuild_server_296): 200 GET http://10.180.1.21/compute/v2.1/servers/fa9ecce0-e8a6-4f88-bf7e-e6c3f27f21cb 0.157s
2025-05-13 21:39:55.132 69764 INFO tempest.lib.common.rest_client [req-8a287a99-daa0-468c-8d04-ed5dbb93af37 req-8a287a99-daa0-468c-8d04-ed5dbb93af37 ] Request (ServerDiskConfigTestJSON:test_rebuild_server_with_manual_disk_config): 200 GET http://10.180.1.21/compute/v2.1/servers/89fec1cc-8bdb-488f-b06c-795c8ff1fbec 0.154s
2025-05-13 21:39:55.196 69806 INFO tempest.lib.common.rest_client [req-6e675636-dac0-44fd-bb91-4683fa11b185 req-6e675636-dac0-44fd-bb91-4683fa11b185 ] Request (DeleteServersAdminTestJSON:test_delete_server_while_in_error_state): 200 GET http://10.180.1.21/compute/v2.1/servers/cc3336d0-85fc-4aa8-8521-7ef2ed5c2674 0.157s
2025-05-13 21:39:55.204 69806 INFO tempest.common.waiters [-] State transition "ERROR/deleting" ==> "DELETED/None" after 4 second wait
2025-05-13 21:39:55.257 69778 INFO tempest.lib.common.rest_client [req-933d0c8f-d846-4418-8c99-06cf52b18b26 req-933d0c8f-d846-4418-8c99-06cf52b18b26 ] Request (ServersNegativeTestJSON:setUpClass): 200 GET http://10.180.1.21/compute/v2.1/servers/4d16ebe5-dadc-4f4f-a04b-7224f5ffc8b3 0.210s
2025-05-13 21:39:55.318 69776 INFO tempest.lib.common.rest_client [req-dffc7491-fce4-4608-867e-16424eb45d71 req-dffc7491-fce4-4608-867e-16424eb45d71 ] Request (FloatingIPsAssociationTestJSON:setUpClass): 200 GET http://10.180.1.21/compute/v2.1/servers/08d9d87e-7f4e-4bc0-91c8-90bc7813afd4 0.234s
2025-05-13 21:39:55.369 69786 INFO tempest.lib.common.rest_client [req-18d8861a-36fe-40c4-8480-d4a7aad3ac41 req-18d8861a-36fe-40c4-8480-d4a7aad3ac41 ] Request (ServerMetadataNegativeTestJSON:setUpClass): 200 GET http://10.180.1.21/compute/v2.1/servers/f92e3645-bfaa-4080-a67d-02c10fc0f9d8 0.272s
2025-05-13 21:39:55.411 69788 INFO tempest.lib.common.rest_client [req-91d96c50-ea4d-43f2-b284-864ecc54e0c9 req-91d96c50-ea4d-43f2-b284-864ecc54e0c9 ] Request (ServerTagsTestJSON:setUpClass): 200 GET http://10.180.1.21/compute/v2.1/servers/6cabd8b5-b9a7-423e-910f-db3fb5b2535d 0.435s
2025-05-13 21:39:55.429 69760 INFO tempest.lib.common.rest_client [req-0ba5075d-1e07-42c2-8145-2b6445e02a1d req-0ba5075d-1e07-42c2-8145-2b6445e02a1d ] Request (ServersAdminTestJSON:test_create_server_with_scheduling_hint): 200 GET http://10.180.1.21/compute/v2.1/servers/2ecf171c-e946-4cc0-8dad-ee4377eba6f2 0.270s
2025-05-13 21:39:55.461 69774 INFO tempest.lib.common.rest_client [req-7147f4b8-4302-4f74-949d-faf057609034 req-7147f4b8-4302-4f74-949d-faf057609034 ] Request (ServerShowV257Test:test_rebuild_server): 200 GET http://10.180.1.21/compute/v2.1/servers/52ee2d69-0a95-460e-b95e-16e0a5114e3b 0.297s
2025-05-13 21:39:55.473 69762 INFO tempest.lib.common.rest_client [req-61935b39-f461-4264-8275-4451e7dfb75e req-61935b39-f461-4264-8275-4451e7dfb75e ] Request (VolumesAssistedSnapshotsTest:test_volume_assisted_snapshot_create_delete): 200 GET http://10.180.1.21/volume/v3/volumes/179afd14-c757-4b70-9ad7-e72100f2f642 0.031s
2025-05-13 21:39:55.486 69812 INFO tempest.lib.common.rest_client [req-487be76a-7e55-4c10-af9c-cc7c78025511 req-487be76a-7e55-4c10-af9c-cc7c78025511 ] Request (ListServersNegativeTestJSON:setUpClass): 200 GET http://10.180.1.21/compute/v2.1/servers/cbcc2538-ac37-4cc7-8a70-6d3b4404d408 0.250s
2025-05-13 21:39:55.522 69816 INFO tempest.lib.common.rest_client [req-61123c34-9090-422e-8a39-3a602d9c32bd req-61123c34-9090-422e-8a39-3a602d9c32bd ] Request (ServersAaction247Test:tearDownClass): 200 GET http://10.180.1.21/compute/v2.1/servers/e5188b18-95ce-4912-8c29-d59340601259 0.254s
2025-05-13 21:39:55.537 69808 INFO tempest.lib.common.rest_client [req-88abbd62-9818-44bc-b677-bc20f19861eb req-88abbd62-9818-44bc-b677-bc20f19861eb ] Request (MigrationsAdminTest:test_resize_server_revert_deleted_flavor): 200 GET http://10.180.1.21/compute/v2.1/servers/b0d96507-cf10-42e5-815f-66b29f6b9cfd 0.230s
2025-05-13 21:39:55.590 69794 INFO tempest.lib.common.rest_client [req-84be46cb-f3e7-43ab-b3a0-7d899b11057e req-84be46cb-f3e7-43ab-b3a0-7d899b11057e ] Request (ImagesTestJSON:test_create_image_from_suspended_server): 200 GET http://10.180.1.21/compute/v2.1/servers/fdfdbfbf-9307-4c27-8dd5-9e4014af4cef 0.133s
2025-05-13 21:39:55.590 69810 INFO tempest.lib.common.rest_client [req-c5d7520d-35f7-4f94-a126-ee8ec1b10537 req-c5d7520d-35f7-4f94-a126-ee8ec1b10537 ] Request (InstanceActionsNegativeTestJSON:tearDownClass): 200 GET http://10.180.1.21/compute/v2.1/servers/9142b50b-9af0-4b60-a1df-7f713eb02f2c 0.187s
2025-05-13 21:39:55.643 69792 INFO tempest.lib.common.rest_client [req-8351a9a0-d85c-4d11-88f4-3c864ac60733 req-8351a9a0-d85c-4d11-88f4-3c864ac60733 ] Request (MultipleCreateTestJSON:test_multiple_create): 200 GET http://10.180.1.21/compute/v2.1/servers/0cc46589-609b-4feb-8e19-88da9c7200a6 0.117s
2025-05-13 21:39:55.674 69814 INFO tempest.lib.common.rest_client [req-32577d1c-2ced-4e63-8c7d-201669ae836e req-32577d1c-2ced-4e63-8c7d-201669ae836e ] Request (SecurityGroupsTestJSON:test_server_security_groups): 200 GET http://10.180.1.21/compute/v2.1/servers/4e579e51-18a2-4127-a95d-f4b40f2854b7 0.056s
2025-05-13 21:39:55.843 69766 INFO tempest.lib.common.rest_client [req-d28727af-d2a9-4781-ac1c-b2746626a168 req-d28727af-d2a9-4781-ac1c-b2746626a168 ] Request (ServersListShow2100Test:test_list_show_rebuild_update_server_2100): 200 GET http://10.180.1.21/compute/v2.1/servers/cfb0b2ed-43c1-40bb-9ede-4859e2d43c29 0.083s
2025-05-13 21:39:55.882 69780 INFO tempest.lib.common.rest_client [req-20afc3a7-2294-4014-8d35-07c3db57782e req-20afc3a7-2294-4014-8d35-07c3db57782e ] Request (ServerRescueTestJSON:test_rescue_unrescue_instance): 200 GET http://10.180.1.21/compute/v2.1/servers/830b3cad-5c4c-4086-a060-4a0dea4b1735 0.123s
2025-05-13 21:39:55.897 69770 INFO tempest.lib.common.rest_client [req-bbf54edd-61af-43df-8ec7-fab27bf56091 req-bbf54edd-61af-43df-8ec7-fab27bf56091 ] Request (FloatingIPsAssociationNegativeTestJSON:setUpClass): 200 GET http://10.180.1.21/compute/v2.1/servers/668aabd7-0212-4c5a-b95f-214b34989b77 0.078s
2025-05-13 21:39:55.946 69755 INFO tempest.lib.common.rest_client [req-31463f20-76f5-4b12-abdd-2fae4b592a1e req-31463f20-76f5-4b12-abdd-2fae4b592a1e ] Request (ServerRescueTestJSONUnderV235:tearDownClass): 200 GET http://10.180.1.21/compute/v2.1/servers/fb2639a1-1d42-4e4e-a4d5-b579dca01370 0.121s
2025-05-13 21:39:55.966 69757 INFO tempest.lib.common.rest_client [req-f606a71e-d570-4ffa-b0ce-900eb699e7d9 req-f606a71e-d570-4ffa-b0ce-900eb699e7d9 ] Request (ServersTestBootFromVolume:setUpClass): 200 GET http://10.180.1.21/compute/v2.1/servers/8c1140a4-a4b1-4190-92f3-c4576ffa22bb 0.055s
