2025-05-13 21:37:19.781 69796 INFO tempest.lib.common.dynamic_creds [-] Deleting project and security group for project: 2081288bd83048438bcd1356c365d545
2025-05-13 21:37:19.832 69802 INFO tempest.lib.common.rest_client [req-8016eb99-4d17-4c8c-a89f-03a0846dc816 req-8016eb99-4d17-4c8c-a89f-03a0846dc816 ] Request (VolumesAdminNegativeTest:test_update_attached_volume_with_nonexistent_volume_in_body): 200 POST http://10.180.1.21/compute/v2.1/os-keypairs 2.096s
2025-05-13 21:37:19.836 69788 INFO tempest.lib.common.rest_client [req-bc5a40c9-b19c-4fe7-872d-dac8e5ff6811 req-bc5a40c9-b19c-4fe7-872d-dac8e5ff6811 ] Request (QuotaClassesAdmin257Test:setUpClass): 204 PUT http://10.180.1.21/identity/v3/projects/045edc8734d8494db126f08d54806fb5/users/93c49c39416f43f4a779d29d77cc36e4/roles/489a45090ad0488fb06cc7e01c16a8df 0.141s
2025-05-13 21:37:19.836 69788 INFO tempest.lib.common.dynamic_creds [-] Dynamic test user 93c49c39416f43f4a779d29d77cc36e4 is created with scope project and roles: ['admin']
2025-05-13 21:37:19.836 69788 INFO tempest.lib.common.dynamic_creds [-] Acquired dynamic creds: credentials: Credentials: {'domain_id': 'default', 'domain_name': 'Default', 'username': 'tempest-QuotaClassesAdmin257Test-670726805-project-admin', 'project_domain_id': 'default', 'project_domain_name': 'Default', 'project_id': '045edc8734d8494db126f08d54806fb5', 'project_name': 'tempest-QuotaClassesAdmin257Test-670726805', 'tenant_id': '045edc8734d8494db126f08d54806fb5', 'tenant_name': 'tempest-QuotaClassesAdmin257Test-670726805', 'user_domain_id': 'default', 'user_domain_name': 'Default', 'user_id': '93c49c39416f43f4a779d29d77cc36e4', 'system': None}, Network: None, Subnet: None, Router: None
2025-05-13 21:37:19.837 69788 INFO tempest.lib.common.dynamic_creds [-] Created isolated network resources for: credentials: Credentials: {'domain_id': 'default', 'domain_name': 'Default', 'username': 'tempest-QuotaClassesAdmin257Test-670726805-project-admin', 'project_domain_id': 'default', 'project_domain_name': 'Default', 'project_id': '045edc8734d8494db126f08d54806fb5', 'project_name': 'tempest-QuotaClassesAdmin257Test-670726805', 'tenant_id': '045edc8734d8494db126f08d54806fb5', 'tenant_name': 'tempest-QuotaClassesAdmin257Test-670726805', 'user_domain_id': 'default', 'user_domain_name': 'Default', 'user_id': '93c49c39416f43f4a779d29d77cc36e4', 'system': None}, Network: None, Subnet: None, Router: None
2025-05-13 21:37:19.849 69818 INFO tempest.lib.common.rest_client [req-c6dacc40-7eec-49a3-bba8-0484df97fcb2 req-c6dacc40-7eec-49a3-bba8-0484df97fcb2 ] Request (FlavorsAccessNegativeTestJSON:setUpClass): 201 POST http://10.180.1.21/identity/v3/users 0.208s
2025-05-13 21:37:19.857 69755 INFO tempest.lib.common.rest_client [req-959a2e95-8945-4160-84fb-82b5da0a49ff req-959a2e95-8945-4160-84fb-82b5da0a49ff ] Request (QuotasAdminTestJSON:test_delete_quota): 202 DELETE http://10.180.1.21/compute/v2.1/os-quota-sets/185c5c61b8b9459aaf3700feee138f6c 1.675s
2025-05-13 21:37:19.881 69790 INFO tempest.lib.common.rest_client [req-01128587-2880-49fe-957b-11f7a3d7ef71 req-01128587-2880-49fe-957b-11f7a3d7ef71 ] Request (FlavorsAdminTestJSON:test_create_flavor_verify_entry_in_list_details): 200 POST http://10.180.1.21/compute/v2.1/flavors 1.566s
2025-05-13 21:37:19.891 69764 INFO tempest.lib.common.rest_client [req-1a163bad-17ce-45e9-8f33-e0ba2e9305d9 req-1a163bad-17ce-45e9-8f33-e0ba2e9305d9 ] Request (HypervisorAdminV253TestBase:tearDownClass): 204 DELETE http://10.180.1.21:9696/networking/v2.0/security-groups/e3ad90b7-0b55-4cba-80e9-fc1964e0e39f 0.120s
2025-05-13 21:37:19.916 69796 INFO tempest.lib.common.rest_client [req-db3d4352-604a-4c3d-8904-2b44d5078fbd req-db3d4352-604a-4c3d-8904-2b44d5078fbd ] Request (ImagesMetadataNegativeTestJSON:tearDownClass): 201 POST http://10.180.1.21/identity/v3/auth/tokens 0.135s
2025-05-13 21:37:19.943 69804 INFO tempest.lib.common.rest_client [req-ef16644a-e7c6-417c-85e8-f26a37c8c3e2 req-ef16644a-e7c6-417c-85e8-f26a37c8c3e2 ] Request (ServersWithSpecificFlavorTestJSON:test_verify_created_server_ephemeral_disk): 200 GET http://10.180.1.21/compute/v2.1/flavors/42 2.012s
2025-05-13 21:37:19.950 69818 INFO tempest.lib.common.rest_client [req-7cac56cb-0edd-4cc5-90c4-34b49772523f req-7cac56cb-0edd-4cc5-90c4-34b49772523f ] Request (FlavorsAccessNegativeTestJSON:setUpClass): 200 GET http://10.180.1.21/identity/v3/roles 0.100s
2025-05-13 21:37:19.993 69788 INFO tempest.lib.common.rest_client [req-08dad524-2556-403e-82ac-39b8087bd210 req-08dad524-2556-403e-82ac-39b8087bd210 ] Request (QuotaClassesAdmin257Test:setUpClass): 201 POST http://10.180.1.21/identity/v3/auth/tokens 0.154s
2025-05-13 21:37:20.095 69764 INFO tempest.lib.common.rest_client [req-af23295a-5a0e-4152-b56d-626822b9f17d req-af23295a-5a0e-4152-b56d-626822b9f17d ] Request (HypervisorAdminV253TestBase:tearDownClass): 204 DELETE http://10.180.1.21/identity/v3/projects/9fab3f1eadb54e8eaa68f39924f6b49a 0.203s
2025-05-13 21:37:20.095 69764 INFO tempest.lib.common.dynamic_creds [-] Deleting project and security group for project: 6979a483e7014fbeac78462b15a7b5ac
2025-05-13 21:37:20.136 69802 INFO tempest.lib.common.rest_client [req-7138a3d0-f890-46c0-ad26-dd789ad05b66 req-7138a3d0-f890-46c0-ad26-dd789ad05b66 ] Request (VolumesAdminNegativeTest:test_update_attached_volume_with_nonexistent_volume_in_body): 201 POST http://10.180.1.21:9696/networking/v2.0/security-groups 0.302s
2025-05-13 21:37:20.173 69818 INFO tempest.lib.common.rest_client [req-35e93431-592f-4af5-9fff-eb1a40758b1b req-35e93431-592f-4af5-9fff-eb1a40758b1b ] Request (FlavorsAccessNegativeTestJSON:setUpClass): 204 PUT http://10.180.1.21/identity/v3/projects/29ee3931108d4f94bb0039a90524d062/users/260edfd64f4e4dfb93def088ac066123/roles/c7953bbd9d974220974eb3fc7743b4c5 0.223s
2025-05-13 21:37:20.173 69818 INFO tempest.lib.common.dynamic_creds [-] Dynamic test user 260edfd64f4e4dfb93def088ac066123 is created with scope project and roles: ['member']
2025-05-13 21:37:20.174 69818 INFO tempest.lib.common.dynamic_creds [-] Acquired dynamic creds: credentials: Credentials: {'domain_id': 'default', 'domain_name': 'Default', 'username': 'tempest-FlavorsAccessNegativeTestJSON-150919748-project-member', 'project_domain_id': 'default', 'project_domain_name': 'Default', 'project_id': '29ee3931108d4f94bb0039a90524d062', 'project_name': 'tempest-FlavorsAccessNegativeTestJSON-150919748', 'tenant_id': '29ee3931108d4f94bb0039a90524d062', 'tenant_name': 'tempest-FlavorsAccessNegativeTestJSON-150919748', 'user_domain_id': 'default', 'user_domain_name': 'Default', 'user_id': '260edfd64f4e4dfb93def088ac066123', 'system': None}, Network: None, Subnet: None, Router: None
2025-05-13 21:37:20.174 69818 INFO tempest.lib.common.dynamic_creds [-] Created isolated network resources for: credentials: Credentials: {'domain_id': 'default', 'domain_name': 'Default', 'username': 'tempest-FlavorsAccessNegativeTestJSON-150919748-project-member', 'project_domain_id': 'default', 'project_domain_name': 'Default', 'project_id': '29ee3931108d4f94bb0039a90524d062', 'project_name': 'tempest-FlavorsAccessNegativeTestJSON-150919748', 'tenant_id': '29ee3931108d4f94bb0039a90524d062', 'tenant_name': 'tempest-FlavorsAccessNegativeTestJSON-150919748', 'user_domain_id': 'default', 'user_domain_name': 'Default', 'user_id': '260edfd64f4e4dfb93def088ac066123', 'system': None}, Network: None, Subnet: None, Router: None
2025-05-13 21:37:20.257 69818 INFO tempest.lib.common.rest_client [req-117ce1e1-4ffe-4ce2-9431-5ac9b33e3d38 req-117ce1e1-4ffe-4ce2-9431-5ac9b33e3d38 ] Request (FlavorsAccessNegativeTestJSON:setUpClass): 201 POST http://10.180.1.21/identity/v3/auth/tokens 0.079s
2025-05-13 21:37:20.294 69770 INFO tempest.lib.common.rest_client [req-2ab7b44c-e374-4a20-abad-cdf455934738 req-2ab7b44c-e374-4a20-abad-cdf455934738 ] Request (ServersAdminNegativeTestJSON:setUpClass): 200 GET http://10.180.1.21/compute/v2.1/servers/736eb682-9dd1-45a7-8f88-d83ddae4d68a 1.888s
2025-05-13 21:37:20.329 69818 INFO tempest.lib.common.rest_client [req-176ff1df-180d-4776-b4d4-229c842fb8df req-176ff1df-180d-4776-b4d4-229c842fb8df ] Request (FlavorsAccessNegativeTestJSON:setUpClass): 201 POST http://10.180.1.21/identity/v3/projects 0.071s
2025-05-13 21:37:20.332 69762 INFO tempest.lib.common.rest_client [req-34cd28ca-9795-42f4-a59c-06e6eb9bb894 req-34cd28ca-9795-42f4-a59c-06e6eb9bb894 ] Request (VolumesAssistedSnapshotsTest:setUpClass): 201 POST http://10.180.1.21:9696/networking/v2.0/routers 1.708s
2025-05-13 21:37:20.400 69818 INFO tempest.lib.common.rest_client [req-3cb31cd3-698e-4efc-9210-361f3e095e84 req-3cb31cd3-698e-4efc-9210-361f3e095e84 ] Request (FlavorsAccessNegativeTestJSON:setUpClass): 201 POST http://10.180.1.21/identity/v3/users 0.071s
2025-05-13 21:37:20.434 69818 INFO tempest.lib.common.rest_client [req-11e4f584-9093-4fdc-be56-53b3e69bf75d req-11e4f584-9093-4fdc-be56-53b3e69bf75d ] Request (FlavorsAccessNegativeTestJSON:setUpClass): 200 GET http://10.180.1.21/identity/v3/roles 0.033s
2025-05-13 21:37:20.442 69764 INFO tempest.lib.common.rest_client [req-59728b45-1db4-40ec-b7f2-0b9d3918c553 req-59728b45-1db4-40ec-b7f2-0b9d3918c553 ] Request (HypervisorAdminV253TestBase:tearDownClass): 200 GET http://10.180.1.21:9696/networking/v2.0/security-groups?tenant_id=6979a483e7014fbeac78462b15a7b5ac&name=default 0.346s
2025-05-13 21:37:20.453 69802 INFO tempest.lib.common.rest_client [req-b44d714d-e01e-430b-988e-135e03887706 req-b44d714d-e01e-430b-988e-135e03887706 ] Request (VolumesAdminNegativeTest:test_update_attached_volume_with_nonexistent_volume_in_body): 201 POST http://10.180.1.21:9696/networking/v2.0/security-group-rules 0.316s
2025-05-13 21:37:20.475 69818 INFO tempest.lib.common.rest_client [req-17eac6bf-61a1-4e9d-be37-81e49ce06e6e req-17eac6bf-61a1-4e9d-be37-81e49ce06e6e ] Request (FlavorsAccessNegativeTestJSON:setUpClass): 204 PUT http://10.180.1.21/identity/v3/projects/fe147b6a648f49af8da8f63c12134400/users/34244e3842cc4afb95b3eafb1e14d2e5/roles/489a45090ad0488fb06cc7e01c16a8df 0.041s
2025-05-13 21:37:20.509 69796 INFO tempest.lib.common.rest_client [req-6ad500dd-036d-46c5-b185-b08a76965337 req-6ad500dd-036d-46c5-b185-b08a76965337 ] Request (ImagesMetadataNegativeTestJSON:tearDownClass): 200 GET http://10.180.1.21:9696/networking/v2.0/security-groups?tenant_id=2081288bd83048438bcd1356c365d545&name=default 0.592s
2025-05-13 21:37:20.522 69798 INFO tempest.lib.common.rest_client [req-b1e7021f-424c-4eb6-829f-dfb876a1d120 req-b1e7021f-424c-4eb6-829f-dfb876a1d120 ] Request (FlavorsAccessTestJSON:test_flavor_access_add_remove): 200 POST http://10.180.1.21/compute/v2.1/flavors/958700899/action 2.109s
2025-05-13 21:37:20.532 69818 INFO tempest.lib.common.rest_client [req-de04471c-b808-4993-bf4d-49add2ab2d79 req-de04471c-b808-4993-bf4d-49add2ab2d79 ] Request (FlavorsAccessNegativeTestJSON:setUpClass): 200 GET http://10.180.1.21/identity/v3/roles 0.056s
2025-05-13 21:37:20.557 69818 INFO tempest.lib.common.rest_client [req-1713f577-b4da-4a08-995c-ab74b96f55b6 req-1713f577-b4da-4a08-995c-ab74b96f55b6 ] Request (FlavorsAccessNegativeTestJSON:setUpClass): 204 PUT http://10.180.1.21/identity/v3/projects/fe147b6a648f49af8da8f63c12134400/users/34244e3842cc4afb95b3eafb1e14d2e5/roles/489a45090ad0488fb06cc7e01c16a8df 0.025s
2025-05-13 21:37:20.559 69766 INFO tempest.lib.common.rest_client [req-93cbf2ba-b301-4490-add9-2074b13254d5 req-93cbf2ba-b301-4490-add9-2074b13254d5 ] Request (HypervisorAdminTestJSON:test_get_hypervisor_show_details): 200 GET http://10.180.1.21/compute/v2.1/os-hypervisors/1 2.126s
2025-05-13 21:37:20.559 69818 INFO tempest.lib.common.dynamic_creds [-] Dynamic test user 34244e3842cc4afb95b3eafb1e14d2e5 is created with scope project and roles: ['admin']
2025-05-13 21:37:20.559 69818 INFO tempest.lib.common.dynamic_creds [-] Acquired dynamic creds: credentials: Credentials: {'domain_id': 'default', 'domain_name': 'Default', 'username': 'tempest-FlavorsAccessNegativeTestJSON-170194245-project-admin', 'project_domain_id': 'default', 'project_domain_name': 'Default', 'project_id': 'fe147b6a648f49af8da8f63c12134400', 'project_name': 'tempest-FlavorsAccessNegativeTestJSON-170194245', 'tenant_id': 'fe147b6a648f49af8da8f63c12134400', 'tenant_name': 'tempest-FlavorsAccessNegativeTestJSON-170194245', 'user_domain_id': 'default', 'user_domain_name': 'Default', 'user_id': '34244e3842cc4afb95b3eafb1e14d2e5', 'system': None}, Network: None, Subnet: None, Router: None
2025-05-13 21:37:20.560 69818 INFO tempest.lib.common.dynamic_creds [-] Created isolated network resources for: credentials: Credentials: {'domain_id': 'default', 'domain_name': 'Default', 'username': 'tempest-FlavorsAccessNegativeTestJSON-170194245-project-admin', 'project_domain_id': 'default', 'project_domain_name': 'Default', 'project_id': 'fe147b6a648f49af8da8f63c12134400', 'project_name': 'tempest-FlavorsAccessNegativeTestJSON-170194245', 'tenant_id': 'fe147b6a648f49af8da8f63c12134400', 'tenant_name': 'tempest-FlavorsAccessNegativeTestJSON-170194245', 'user_domain_id': 'default', 'user_domain_name': 'Default', 'user_id': '34244e3842cc4afb95b3eafb1e14d2e5', 'system': None}, Network: None, Subnet: None, Router: None
2025-05-13 21:37:20.598 69802 INFO tempest.lib.common.rest_client [req-1a97a528-f143-49a7-9cbb-fbf7381f1757 req-1a97a528-f143-49a7-9cbb-fbf7381f1757 ] Request (VolumesAdminNegativeTest:test_update_attached_volume_with_nonexistent_volume_in_body): 201 POST http://10.180.1.21:9696/networking/v2.0/security-group-rules 0.144s
2025-05-13 21:37:20.605 69764 INFO tempest.lib.common.rest_client [req-61128228-471e-4480-96cf-784f348f08e5 req-61128228-471e-4480-96cf-784f348f08e5 ] Request (HypervisorAdminV253TestBase:tearDownClass): 204 DELETE http://10.180.1.21:9696/networking/v2.0/security-groups/b6a0d52b-e12c-44b1-87ae-a8ff3b14c6fc 0.162s
2025-05-13 21:37:20.633 69786 INFO tempest.lib.common.rest_client [req-2955d263-ab09-41f7-a814-e6e32a109c7d req-2955d263-ab09-41f7-a814-e6e32a109c7d ] Request (TenantUsagesTestJSON:setUpClass): 200 GET http://10.180.1.21/compute/v2.1/servers/82ad5e31-7d7d-4a40-af2e-864e4fdbfaa4 2.127s
2025-05-13 21:37:20.643 69786 INFO tempest.common.waiters [-] State transition "BUILD/None" ==> "BUILD/networking" after 3 second wait
2025-05-13 21:37:20.654 69818 INFO tempest.lib.common.rest_client [req-35a6a94c-a2c7-46a2-9eee-2586cc38e60a req-35a6a94c-a2c7-46a2-9eee-2586cc38e60a ] Request (FlavorsAccessNegativeTestJSON:setUpClass): 201 POST http://10.180.1.21/identity/v3/auth/tokens 0.091s
2025-05-13 21:37:20.693 69818 INFO tempest.lib.common.rest_client [req-877baa51-d6a5-4ec3-a714-2ca725c64ebe req-877baa51-d6a5-4ec3-a714-2ca725c64ebe ] Request (FlavorsAccessNegativeTestJSON:setUpClass): 201 POST http://10.180.1.21/identity/v3/projects 0.039s
2025-05-13 21:37:20.707 69764 INFO tempest.lib.common.rest_client [req-d81f6b46-3dac-434b-a926-ebe6da882947 req-d81f6b46-3dac-434b-a926-ebe6da882947 ] Request (HypervisorAdminV253TestBase:tearDownClass): 204 DELETE http://10.180.1.21/identity/v3/projects/6979a483e7014fbeac78462b15a7b5ac 0.101s
2025-05-13 21:37:20.708 69764 INFO tempest.test [-] raised in LiveMigrationRemoteConsolesV26Test.setUpClass. Invoking tearDownClass.
2025-05-13 21:37:20.753 69778 INFO tempest.lib.common.rest_client [req-f154a734-a205-4ee6-910a-70e47286dafc req-f154a734-a205-4ee6-910a-70e47286dafc ] Request (ServerShowV247Test:test_update_rebuild_list_server): 202 POST http://10.180.1.21/compute/v2.1/servers 2.073s
2025-05-13 21:37:20.774 69818 INFO tempest.lib.common.rest_client [req-013f5dc8-9bb5-409c-82db-2b0659eb8989 req-013f5dc8-9bb5-409c-82db-2b0659eb8989 ] Request (FlavorsAccessNegativeTestJSON:setUpClass): 201 POST http://10.180.1.21/identity/v3/users 0.080s
2025-05-13 21:37:20.794 69764 INFO tempest.lib.common.rest_client [req-4c2e503d-e8f6-41af-b265-b8bd08e9f483 req-4c2e503d-e8f6-41af-b265-b8bd08e9f483 ] Request (ServicesAdminTestJSON:setUpClass): 201 POST http://10.180.1.21/identity/v3/auth/tokens 0.083s
2025-05-13 21:37:20.802 69818 INFO tempest.lib.common.rest_client [req-9abd5c6b-1aad-413c-8e48-34ab8b838d99 req-9abd5c6b-1aad-413c-8e48-34ab8b838d99 ] Request (FlavorsAccessNegativeTestJSON:setUpClass): 200 GET http://10.180.1.21/identity/v3/roles 0.027s
2025-05-13 21:37:20.822 69792 INFO tempest.lib.common.rest_client [req-b6459182-2ab1-4ca1-9907-8d349a6e2eaf req-b6459182-2ab1-4ca1-9907-8d349a6e2eaf ] Request (ServerDiagnosticsNegativeTest:test_get_server_diagnostics_by_non_admin): 200 GET http://10.180.1.21/compute/v2.1/servers/de6b1533-4813-4bb5-8a45-acf9f368965e 2.094s
2025-05-13 21:37:20.824 69764 INFO tempest.lib.common.rest_client [req-7ab61ca5-12f4-4c6d-845c-60539bf2157b req-7ab61ca5-12f4-4c6d-845c-60539bf2157b ] Request (ServicesAdminTestJSON:setUpClass): 201 POST http://10.180.1.21/identity/v3/auth/tokens 0.028s
2025-05-13 21:37:20.837 69818 INFO tempest.lib.common.rest_client [req-4aaeaf28-6d7b-4c43-958d-08c2c879475c req-4aaeaf28-6d7b-4c43-958d-08c2c879475c ] Request (FlavorsAccessNegativeTestJSON:setUpClass): 204 PUT http://10.180.1.21/identity/v3/projects/e819e795d847435aab718f613a56d7fe/users/73fb3007e7724e46bbd2d7e6b87645d5/roles/c7953bbd9d974220974eb3fc7743b4c5 0.035s
2025-05-13 21:37:20.838 69818 INFO tempest.lib.common.dynamic_creds [-] Dynamic test user 73fb3007e7724e46bbd2d7e6b87645d5 is created with scope project and roles: ['member']
2025-05-13 21:37:20.838 69818 INFO tempest.lib.common.dynamic_creds [-] Acquired dynamic creds: credentials: Credentials: {'domain_id': 'default', 'domain_name': 'Default', 'username': 'tempest-FlavorsAccessNegativeTestJSON-1217705100-project-member', 'project_domain_id': 'default', 'project_domain_name': 'Default', 'project_id': 'e819e795d847435aab718f613a56d7fe', 'project_name': 'tempest-FlavorsAccessNegativeTestJSON-1217705100', 'tenant_id': 'e819e795d847435aab718f613a56d7fe', 'tenant_name': 'tempest-FlavorsAccessNegativeTestJSON-1217705100', 'user_domain_id': 'default', 'user_domain_name': 'Default', 'user_id': '73fb3007e7724e46bbd2d7e6b87645d5', 'system': None}, Network: None, Subnet: None, Router: None
2025-05-13 21:37:20.838 69818 INFO tempest.lib.common.dynamic_creds [-] Created isolated network resources for: credentials: Credentials: {'domain_id': 'default', 'domain_name': 'Default', 'username': 'tempest-FlavorsAccessNegativeTestJSON-1217705100-project-member', 'project_domain_id': 'default', 'project_domain_name': 'Default', 'project_id': 'e819e795d847435aab718f613a56d7fe', 'project_name': 'tempest-FlavorsAccessNegativeTestJSON-1217705100', 'tenant_id': 'e819e795d847435aab718f613a56d7fe', 'tenant_name': 'tempest-FlavorsAccessNegativeTestJSON-1217705100', 'user_domain_id': 'default', 'user_domain_name': 'Default', 'user_id': '73fb3007e7724e46bbd2d7e6b87645d5', 'system': None}, Network: None, Subnet: None, Router: None
2025-05-13 21:37:20.878 69760 INFO tempest.lib.common.rest_client [req-f49fc13f-fb5d-405b-85aa-67613e172e56 req-f49fc13f-fb5d-405b-85aa-67613e172e56 ] Request (AggregatesAdminNegativeTestJSON:test_aggregate_add_existent_host): 409 POST http://10.180.1.21/compute/v2.1/os-aggregates/1/action 1.826s
2025-05-13 21:37:20.913 69764 INFO tempest.lib.common.rest_client [req-ecf4dec1-001c-409d-8c0e-7f1228a127b7 req-ecf4dec1-001c-409d-8c0e-7f1228a127b7 ] Request (ServicesAdminTestJSON:setUpClass): 200 GET http://10.180.1.21/identity/v3/domains?name=Default 0.088s
2025-05-13 21:37:20.949 69818 INFO tempest.lib.common.rest_client [req-5451870b-597e-448c-90c8-b07140d69854 req-5451870b-597e-448c-90c8-b07140d69854 ] Request (FlavorsAccessNegativeTestJSON:setUpClass): 201 POST http://10.180.1.21/identity/v3/auth/tokens 0.107s
2025-05-13 21:37:20.949 69818 WARNING tempest.lib.common.rest_client [-] Deprecated: "tenant_id" property is deprecated for removal, use "project_id" instead
2025-05-13 21:37:20.977 69764 INFO tempest.lib.common.rest_client [req-0c0cff0c-a0b6-4f03-91bb-64882c0e1061 req-0c0cff0c-a0b6-4f03-91bb-64882c0e1061 ] Request (ServicesAdminTestJSON:setUpClass): 201 POST http://10.180.1.21/identity/v3/projects 0.063s
2025-05-13 21:37:20.983 69796 INFO tempest.lib.common.rest_client [req-3974a161-d0db-42d2-b40f-9c034b4fe2ff req-3974a161-d0db-42d2-b40f-9c034b4fe2ff ] Request (ImagesMetadataNegativeTestJSON:tearDownClass): 204 DELETE http://10.180.1.21:9696/networking/v2.0/security-groups/9df2728e-92b0-47ac-a37e-30dcef557e68 0.474s
2025-05-13 21:37:21.007 69757 INFO tempest.lib.common.rest_client [req-97cdd294-a321-4e6d-b9d3-5c0a6d38465b req-97cdd294-a321-4e6d-b9d3-5c0a6d38465b ] Request (ImagesNegativeTestJSON:test_create_image_from_deleted_server): 202 POST http://10.180.1.21/compute/v2.1/servers 2.606s
2025-05-13 21:37:21.092 69764 INFO tempest.lib.common.rest_client [req-e05fb7e9-aac3-468a-b2a5-949bee7d187a req-e05fb7e9-aac3-468a-b2a5-949bee7d187a ] Request (ServicesAdminTestJSON:setUpClass): 201 POST http://10.180.1.21/identity/v3/users 0.114s
2025-05-13 21:37:21.181 69796 INFO tempest.lib.common.rest_client [req-695d2d54-2c72-4159-bcd6-be259a0c5ec1 req-695d2d54-2c72-4159-bcd6-be259a0c5ec1 ] Request (ImagesMetadataNegativeTestJSON:tearDownClass): 204 DELETE http://10.180.1.21/identity/v3/projects/2081288bd83048438bcd1356c365d545 0.197s
2025-05-13 21:37:21.257 69802 INFO tempest.lib.common.rest_client [req-5a172df8-e52f-4a98-8991-25043d147976 req-5a172df8-e52f-4a98-8991-25043d147976 ] Request (VolumesAdminNegativeTest:test_update_attached_volume_with_nonexistent_volume_in_body): 201 POST http://10.180.1.21:9696/networking/v2.0/floatingips 0.659s
2025-05-13 21:37:21.257 69764 INFO tempest.lib.common.rest_client [req-81b0bcfe-b65e-45b8-9fd9-87bd6eed3964 req-81b0bcfe-b65e-45b8-9fd9-87bd6eed3964 ] Request (ServicesAdminTestJSON:setUpClass): 200 GET http://10.180.1.21/identity/v3/roles 0.165s
2025-05-13 21:37:21.289 69796 INFO tempest.lib.common.rest_client [req-6bec4cda-9abc-48b1-9ff1-1b5e239194ff req-6bec4cda-9abc-48b1-9ff1-1b5e239194ff ] Request (ServerGroupTestJSON:setUpClass): 201 POST http://10.180.1.21/identity/v3/auth/tokens 0.106s
2025-05-13 21:37:21.296 69782 INFO tempest.lib.common.rest_client [req-ab300b52-7a9a-40d8-8082-298f77b3790d req-ab300b52-7a9a-40d8-8082-298f77b3790d ] Request (HypervisorAdminNegativeTestJSON:test_get_hypervisor_uptime_with_non_admin_user): 200 GET http://10.180.1.21/compute/v2.1/os-hypervisors 2.235s
2025-05-13 21:37:21.309 69764 INFO tempest.lib.common.rest_client [req-e69573ed-79c0-4b9f-9dc1-624e0e1f713e req-e69573ed-79c0-4b9f-9dc1-624e0e1f713e ] Request (ServicesAdminTestJSON:setUpClass): 204 PUT http://10.180.1.21/identity/v3/projects/a21608f0f31048589b360f2002b77e52/users/17a9dcad8a484164bdb86ac8489a47e9/roles/c7953bbd9d974220974eb3fc7743b4c5 0.051s
2025-05-13 21:37:21.309 69764 INFO tempest.lib.common.dynamic_creds [-] Dynamic test user 17a9dcad8a484164bdb86ac8489a47e9 is created with scope project and roles: ['member']
2025-05-13 21:37:21.309 69764 INFO tempest.lib.common.dynamic_creds [-] Acquired dynamic creds: credentials: Credentials: {'domain_id': 'default', 'domain_name': 'Default', 'username': 'tempest-ServicesAdminTestJSON-1861730663-project-member', 'project_domain_id': 'default', 'project_domain_name': 'Default', 'project_id': 'a21608f0f31048589b360f2002b77e52', 'project_name': 'tempest-ServicesAdminTestJSON-1861730663', 'tenant_id': 'a21608f0f31048589b360f2002b77e52', 'tenant_name': 'tempest-ServicesAdminTestJSON-1861730663', 'user_domain_id': 'default', 'user_domain_name': 'Default', 'user_id': '17a9dcad8a484164bdb86ac8489a47e9', 'system': None}, Network: None, Subnet: None, Router: None
2025-05-13 21:37:21.310 69764 INFO tempest.lib.common.dynamic_creds [-] Created isolated network resources for: credentials: Credentials: {'domain_id': 'default', 'domain_name': 'Default', 'username': 'tempest-ServicesAdminTestJSON-1861730663-project-member', 'project_domain_id': 'default', 'project_domain_name': 'Default', 'project_id': 'a21608f0f31048589b360f2002b77e52', 'project_name': 'tempest-ServicesAdminTestJSON-1861730663', 'tenant_id': 'a21608f0f31048589b360f2002b77e52', 'tenant_name': 'tempest-ServicesAdminTestJSON-1861730663', 'user_domain_id': 'default', 'user_domain_name': 'Default', 'user_id': '17a9dcad8a484164bdb86ac8489a47e9', 'system': None}, Network: None, Subnet: None, Router: None
2025-05-13 21:37:21.340 69810 INFO tempest.lib.common.rest_client [req-6fb1ba59-08a6-4edf-842e-94b10f14130e req-6fb1ba59-08a6-4edf-842e-94b10f14130e ] Request (KeyPairsV210TestJSON:test_admin_manage_keypairs_for_other_users): 201 POST http://10.180.1.21/compute/v2.1/os-keypairs 2.277s
2025-05-13 21:37:21.347 69802 INFO tempest.lib.common.rest_client [req-1b312f17-b967-4460-9740-91db499c4c39 req-1b312f17-b967-4460-9740-91db499c4c39 ] Request (VolumesAdminNegativeTest:test_update_attached_volume_with_nonexistent_volume_in_body): 201 POST http://10.180.1.21/identity/v3/auth/tokens 0.087s
2025-05-13 21:37:21.347 69802 INFO tempest.lib.common.fixed_network [-] (VolumesAdminNegativeTest:test_update_attached_volume_with_nonexistent_volume_in_body) Found network {'id': '33567836-d168-4a08-b298-a39cdb830e62', 'name': 'tempest-VolumesAdminNegativeTest-764705519-network', 'tenant_id': 'ba31480e6f644171a7d3766058aac1cc', 'admin_state_up': True, 'mtu': 8950, 'status': 'ACTIVE', 'subnets': [], 'shared': False, 'project_id': 'ba31480e6f644171a7d3766058aac1cc', 'port_security_enabled': True, 'router:external': False, 'provider:network_type': 'vlan', 'provider:physical_network': 'default', 'provider:segmentation_id': 463, 'availability_zone_hints': [], 'availability_zones': [], 'ipv4_address_scope': None, 'ipv6_address_scope': None, 'description': '', 'tags': [], 'created_at': '2025-05-13T21:37:07Z', 'updated_at': '2025-05-13T21:37:07Z', 'revision_number': 1} available for tenant
2025-05-13 21:37:21.362 69800 INFO tempest.lib.common.rest_client [req-77bfb76a-547c-4632-a6d5-33c648532e1e req-77bfb76a-547c-4632-a6d5-33c648532e1e ] Request (HypervisorAdminUnderV252Test:test_search_hypervisor): 200 GET http://10.180.1.21/compute/v2.1/os-hypervisors/domain-c8.fc996f14-c53b-4953-92e3-bdfa48f5cc28/search 2.277s
2025-05-13 21:37:21.369 69796 INFO tempest.lib.common.rest_client [req-ccdfa4cd-4c78-4ce7-acff-cdea2cb12d0f req-ccdfa4cd-4c78-4ce7-acff-cdea2cb12d0f ] Request (ServerGroupTestJSON:setUpClass): 201 POST http://10.180.1.21/identity/v3/auth/tokens 0.077s
2025-05-13 21:37:21.397 69808 INFO tempest.lib.common.rest_client [req-7e942850-4d08-4e8b-b847-8a0f45e2f089 req-7e942850-4d08-4e8b-b847-8a0f45e2f089 ] Request (FlavorMetadataValidation:_run_cleanups): 200 GET http://10.180.1.21/compute/v2.1/flavors/detail 2.280s
2025-05-13 21:37:21.430 69764 INFO tempest.lib.common.rest_client [req-c6e60e2d-2ae0-4b99-be73-0090b6db9b04 req-c6e60e2d-2ae0-4b99-be73-0090b6db9b04 ] Request (ServicesAdminTestJSON:setUpClass): 201 POST http://10.180.1.21/identity/v3/auth/tokens 0.115s
2025-05-13 21:37:21.447 69800 INFO tempest.lib.common.rest_client [req-aa6ad107-d6b7-4ae2-ab9a-07ae71659abf req-aa6ad107-d6b7-4ae2-ab9a-07ae71659abf ] Request (HypervisorAdminUnderV252Test:tearDownClass): 204 DELETE http://10.180.1.21/identity/v3/users/a3247525638d464dbd94202530071c65 0.083s
2025-05-13 21:37:21.464 69806 INFO tempest.lib.common.rest_client [req-5a90a9e1-6df0-4dcd-a610-10d10dabac65 req-5a90a9e1-6df0-4dcd-a610-10d10dabac65 ] Request (DeleteServersAdminTestJSON:test_admin_delete_servers_of_others): 200 GET http://10.180.1.21/compute/v2.1/servers/32db9a27-d0b6-4487-9ea5-d0f8d463899f 2.178s
2025-05-13 21:37:21.496 69794 INFO tempest.lib.common.rest_client [req-230695db-aa86-480d-b0dd-5541c962bebb req-230695db-aa86-480d-b0dd-5541c962bebb ] Request (FlavorsExtraSpecsTestJSON:test_flavor_non_admin_get_specific_key): 200 POST http://10.180.1.21/compute/v2.1/flavors/793126209/os-extra_specs 2.206s
2025-05-13 21:37:21.503 69796 INFO tempest.lib.common.rest_client [req-e4a3ba65-6c35-4cf1-b735-db2fd4ac6a0f req-e4a3ba65-6c35-4cf1-b735-db2fd4ac6a0f ] Request (ServerGroupTestJSON:setUpClass): 200 GET http://10.180.1.21/identity/v3/domains?name=Default 0.133s
2025-05-13 21:37:21.535 69808 INFO tempest.lib.common.rest_client [req-bf0681af-6c34-45f4-bf42-a55dafca3930 req-bf0681af-6c34-45f4-bf42-a55dafca3930 ] Request (FlavorMetadataValidation:tearDownClass): 204 DELETE http://10.180.1.21/identity/v3/users/9047cd953b7e478482bab7d492fdd255 0.113s
2025-05-13 21:37:21.539 69764 INFO tempest.lib.common.rest_client [req-b5682274-015a-415c-9a25-934e99b4ec7f req-b5682274-015a-415c-9a25-934e99b4ec7f ] Request (ServicesAdminTestJSON:setUpClass): 201 POST http://10.180.1.21/identity/v3/projects 0.109s
2025-05-13 21:37:21.626 69796 INFO tempest.lib.common.rest_client [req-4f5e8012-6129-46d5-be06-5da180d1ef7e req-4f5e8012-6129-46d5-be06-5da180d1ef7e ] Request (ServerGroupTestJSON:setUpClass): 201 POST http://10.180.1.21/identity/v3/projects 0.121s
2025-05-13 21:37:21.680 69800 INFO tempest.lib.common.rest_client [req-2cd84ceb-9f8d-4de1-9cd7-04fc6b85f01b req-2cd84ceb-9f8d-4de1-9cd7-04fc6b85f01b ] Request (HypervisorAdminUnderV252Test:tearDownClass): 204 DELETE http://10.180.1.21/identity/v3/users/590c96ac88d14f18817bda2261148082 0.233s
2025-05-13 21:37:21.681 69800 INFO tempest.lib.common.dynamic_creds [-] Deleting project and security group for project: 8c2d39b1cfbe49008704004fbc2bb12e
2025-05-13 21:37:21.716 69780 INFO tempest.lib.common.rest_client [req-f14c3e32-c06b-4ed0-8e41-7d2367049c11 req-f14c3e32-c06b-4ed0-8e41-7d2367049c11 ] Request (FlavorsV2NegativeTest:test_boot_with_low_ram): 400 POST http://10.180.1.21/compute/v2.1/servers 2.394s
2025-05-13 21:37:21.747 69768 INFO tempest.lib.common.rest_client [req-a9591db2-2dba-477b-93d7-d6ad86254eb3 req-a9591db2-2dba-477b-93d7-d6ad86254eb3 ] Request (FlavorsV261TestJSON:test_crud_flavor): 200 GET http://10.180.1.21/compute/v2.1/flavors 2.170s
2025-05-13 21:37:21.748 69764 INFO tempest.lib.common.rest_client [req-48e6c940-2793-4333-8926-ace348c1a2ed req-48e6c940-2793-4333-8926-ace348c1a2ed ] Request (ServicesAdminTestJSON:setUpClass): 201 POST http://10.180.1.21/identity/v3/users 0.208s
2025-05-13 21:37:21.750 69785 INFO tempest.lib.common.rest_client [req-b1ed15e4-f887-47a1-ad94-6ffa5bf8210e req-b1ed15e4-f887-47a1-ad94-6ffa5bf8210e ] Request (FlavorsExtraSpecsNegativeTestJSON:test_flavor_non_admin_set_keys): 403 POST http://10.180.1.21/compute/v2.1/flavors/658843296/os-extra_specs 2.160s
2025-05-13 21:37:21.778 69780 INFO tempest.lib.common.rest_client [req-ad8beb28-49e0-4210-80df-56b529b00c00 req-ad8beb28-49e0-4210-80df-56b529b00c00 ] Request (FlavorsV2NegativeTest:_run_cleanups): 204 DELETE http://10.180.1.21/image/v2/images/43f5afb5-84ef-4436-a5dc-180443038b06 0.061s
2025-05-13 21:37:21.784 69808 INFO tempest.lib.common.rest_client [req-2c5b1002-b2c6-421b-9e79-99ddecd6554d req-2c5b1002-b2c6-421b-9e79-99ddecd6554d ] Request (FlavorMetadataValidation:tearDownClass): 204 DELETE http://10.180.1.21/identity/v3/users/111c45a085ea4e6fa1ff2efda0850e2c 0.248s
2025-05-13 21:37:21.784 69808 INFO tempest.lib.common.dynamic_creds [-] Deleting project and security group for project: eb6c9b0a16244f3e86f1607c7d520503
2025-05-13 21:37:21.821 69796 INFO tempest.lib.common.rest_client [req-7e45077d-a19e-41ad-bdb1-86c6a66c2639 req-7e45077d-a19e-41ad-bdb1-86c6a66c2639 ] Request (ServerGroupTestJSON:setUpClass): 201 POST http://10.180.1.21/identity/v3/users 0.195s
2025-05-13 21:37:21.860 69800 INFO tempest.lib.common.rest_client [req-ab56f194-a638-41a2-aaea-c82965788a85 req-ab56f194-a638-41a2-aaea-c82965788a85 ] Request (HypervisorAdminUnderV252Test:tearDownClass): 201 POST http://10.180.1.21/identity/v3/auth/tokens 0.179s
2025-05-13 21:37:21.881 69764 INFO tempest.lib.common.rest_client [req-ac9bb006-5f5f-4ef8-bc41-7841f0721a6b req-ac9bb006-5f5f-4ef8-bc41-7841f0721a6b ] Request (ServicesAdminTestJSON:setUpClass): 200 GET http://10.180.1.21/identity/v3/roles 0.131s
2025-05-13 21:37:21.892 69762 INFO tempest.lib.common.rest_client [req-50395c8e-7551-4ec5-a97a-338ddc0733af req-50395c8e-7551-4ec5-a97a-338ddc0733af ] Request (VolumesAssistedSnapshotsTest:setUpClass): 200 PUT http://10.180.1.21:9696/networking/v2.0/routers/93488425-9de8-4d58-89c9-51de6c32562c/add_router_interface 1.559s
2025-05-13 21:37:21.892 69762 INFO tempest.lib.common.dynamic_creds [-] Created isolated network resources for: credentials: Credentials: {'domain_id': 'default', 'domain_name': 'Default', 'username': 'tempest-VolumesAssistedSnapshotsTest-1753778055-project', 'project_domain_id': 'default', 'project_domain_name': 'Default', 'project_id': '31a00940d1f741f3ad3c5853830efdc2', 'project_name': 'tempest-VolumesAssistedSnapshotsTest-1753778055', 'tenant_id': '31a00940d1f741f3ad3c5853830efdc2', 'tenant_name': 'tempest-VolumesAssistedSnapshotsTest-1753778055', 'user_domain_id': 'default', 'user_domain_name': 'Default', 'user_id': '5bdfe23f28d343339d714778cdfa01c0', 'system': None}, Network: {'id': 'c0149ef7-adb4-46c0-acd0-d1cf3c6fe47f', 'name': 'tempest-VolumesAssistedSnapshotsTest-926644241-network', 'tenant_id': '31a00940d1f741f3ad3c5853830efdc2', 'admin_state_up': True, 'mtu': 8950, 'status': 'ACTIVE', 'subnets': [], 'shared': False, 'project_id': '31a00940d1f741f3ad3c5853830efdc2', 'port_security_enabled': True, 'router:external': False, 'provider:network_type': 'vlan', 'provider:physical_network': 'default', 'provider:segmentation_id': 46, 'availability_zone_hints': [], 'availability_zones': [], 'ipv4_address_scope': None, 'ipv6_address_scope': None, 'description': '', 'tags': [], 'created_at': '2025-05-13T21:37:17Z', 'updated_at': '2025-05-13T21:37:17Z', 'revision_number': 1}, Subnet: {'id': 'a8e191d8-8380-4e24-b4ff-56b200f1b192', 'name': 'tempest-VolumesAssistedSnapshotsTest-926644241-subnet', 'tenant_id': '31a00940d1f741f3ad3c5853830efdc2', 'network_id': 'c0149ef7-adb4-46c0-acd0-d1cf3c6fe47f', 'ip_version': 4, 'subnetpool_id': None, 'enable_dhcp': True, 'ipv6_ra_mode': None, 'ipv6_address_mode': None, 'gateway_ip': '192.168.128.1', 'cidr': '192.168.128.0/28', 'allocation_pools': [{'start': '192.168.128.2', 'end': '192.168.128.14'}], 'host_routes': [], 'dns_nameservers': [], 'description': '', 'router:external': False, 'service_types': [], 'tags': [], 'created_at': '2025-05-13T21:37:18Z', 'updated_at': '2025-05-13T21:37:18Z', 'revision_number': 0, 'project_id': '31a00940d1f741f3ad3c5853830efdc2'}, Router: {'id': '93488425-9de8-4d58-89c9-51de6c32562c', 'name': 'tempest-VolumesAssistedSnapshotsTest-926644241-router', 'tenant_id': '31a00940d1f741f3ad3c5853830efdc2', 'admin_state_up': True, 'status': 'ACTIVE', 'external_gateway_info': {'network_id': '5478a68c-9245-4018-b227-05b5fb0b431e', 'external_fixed_ips': [{'subnet_id': '1f3eabb7-fff5-49a5-a22c-0ad3feb2caef', 'ip_address': '10.180.180.138'}], 'enable_snat': True}, 'description': '', 'availability_zones': [], 'distributed': False, 'ha': False, 'availability_zone_hints': [], 'routes': [], 'flavor_id': None, 'tags': [], 'created_at': '2025-05-13T21:37:18Z', 'updated_at': '2025-05-13T21:37:19Z', 'revision_number': 2, 'project_id': '31a00940d1f741f3ad3c5853830efdc2'}
2025-05-13 21:37:21.988 69780 INFO tempest.lib.common.rest_client [req-69607590-6df4-449d-9d0c-503a7d672b74 req-69607590-6df4-449d-9d0c-503a7d672b74 ] Request (FlavorsV2NegativeTest:tearDownClass): 204 DELETE http://10.180.1.21/identity/v3/users/69069947630d453abfa48fa154f13eb2 0.207s
2025-05-13 21:37:21.988 69780 INFO tempest.lib.common.dynamic_creds [-] Deleting project and security group for project: ea60c5d5f83945e88fc14de0ac082454
2025-05-13 21:37:22.051 69796 INFO tempest.lib.common.rest_client [req-a90f297c-5a6b-4f07-87da-e6d018712d5c req-a90f297c-5a6b-4f07-87da-e6d018712d5c ] Request (ServerGroupTestJSON:setUpClass): 200 GET http://10.180.1.21/identity/v3/roles 0.229s
2025-05-13 21:37:22.059 69808 INFO tempest.lib.common.rest_client [req-5d51838c-6087-4961-bdb7-39ce5e9587aa req-5d51838c-6087-4961-bdb7-39ce5e9587aa ] Request (FlavorMetadataValidation:tearDownClass): 201 POST http://10.180.1.21/identity/v3/auth/tokens 0.274s
2025-05-13 21:37:22.085 69764 INFO tempest.lib.common.rest_client [req-6dde0cff-212a-4ecd-84c0-0dd1269fdc00 req-6dde0cff-212a-4ecd-84c0-0dd1269fdc00 ] Request (ServicesAdminTestJSON:setUpClass): 204 PUT http://10.180.1.21/identity/v3/projects/7c46897b982648c29483bd98d244e919/users/3d98e4c87cd64e1c93eab257e40ff3ed/roles/489a45090ad0488fb06cc7e01c16a8df 0.204s
2025-05-13 21:37:22.153 69762 INFO tempest.lib.common.rest_client [req-591e8f85-8c56-4fca-8376-e690fab98d7f req-591e8f85-8c56-4fca-8376-e690fab98d7f ] Request (VolumesAssistedSnapshotsTest:setUpClass): 201 POST http://10.180.1.21/identity/v3/auth/tokens 0.259s
2025-05-13 21:37:22.211 69780 INFO tempest.lib.common.rest_client [req-9d8c786e-d103-41c1-bd19-5b2d44106684 req-9d8c786e-d103-41c1-bd19-5b2d44106684 ] Request (FlavorsV2NegativeTest:tearDownClass): 201 POST http://10.180.1.21/identity/v3/auth/tokens 0.223s
2025-05-13 21:37:22.223 69776 INFO tempest.lib.common.rest_client [req-63a15f25-4756-4756-9417-ce345df360d0 req-63a15f25-4756-4756-9417-ce345df360d0 ] Request (QuotasAdminNegativeTest:test_create_server_when_cpu_quota_is_full): 403 POST http://10.180.1.21/compute/v2.1/servers 2.522s
2025-05-13 21:37:22.238 69796 INFO tempest.lib.common.rest_client [req-9a6295c3-c842-41d2-bd6e-a6978403831d req-9a6295c3-c842-41d2-bd6e-a6978403831d ] Request (ServerGroupTestJSON:setUpClass): 204 PUT http://10.180.1.21/identity/v3/projects/6f08d6e2a666464fa48b3ef591f83c79/users/128ea861054746ad84fcb30a388ad20d/roles/c7953bbd9d974220974eb3fc7743b4c5 0.186s
2025-05-13 21:37:22.239 69796 INFO tempest.lib.common.dynamic_creds [-] Dynamic test user 128ea861054746ad84fcb30a388ad20d is created with scope project and roles: ['member']
2025-05-13 21:37:22.239 69796 INFO tempest.lib.common.dynamic_creds [-] Acquired dynamic creds: credentials: Credentials: {'domain_id': 'default', 'domain_name': 'Default', 'username': 'tempest-ServerGroupTestJSON-256648629-project-member', 'project_domain_id': 'default', 'project_domain_name': 'Default', 'project_id': '6f08d6e2a666464fa48b3ef591f83c79', 'project_name': 'tempest-ServerGroupTestJSON-256648629', 'tenant_id': '6f08d6e2a666464fa48b3ef591f83c79', 'tenant_name': 'tempest-ServerGroupTestJSON-256648629', 'user_domain_id': 'default', 'user_domain_name': 'Default', 'user_id': '128ea861054746ad84fcb30a388ad20d', 'system': None}, Network: None, Subnet: None, Router: None
2025-05-13 21:37:22.282 69764 INFO tempest.lib.common.rest_client [req-8c7ff51b-1e3b-4fdf-beb9-5e67edfac7f5 req-8c7ff51b-1e3b-4fdf-beb9-5e67edfac7f5 ] Request (ServicesAdminTestJSON:setUpClass): 200 GET http://10.180.1.21/identity/v3/roles 0.196s
2025-05-13 21:37:22.375 69796 INFO tempest.lib.common.rest_client [req-213a0136-4765-47db-b752-02300fa9e2aa req-213a0136-4765-47db-b752-02300fa9e2aa ] Request (ServerGroupTestJSON:setUpClass): 201 POST http://10.180.1.21/identity/v3/auth/tokens 0.135s
2025-05-13 21:37:22.390 69764 INFO tempest.lib.common.rest_client [req-43f20d54-5be6-412d-bc4b-34ecf6cd561d req-43f20d54-5be6-412d-bc4b-34ecf6cd561d ] Request (ServicesAdminTestJSON:setUpClass): 204 PUT http://10.180.1.21/identity/v3/projects/7c46897b982648c29483bd98d244e919/users/3d98e4c87cd64e1c93eab257e40ff3ed/roles/489a45090ad0488fb06cc7e01c16a8df 0.108s
2025-05-13 21:37:22.390 69764 INFO tempest.lib.common.dynamic_creds [-] Dynamic test user 3d98e4c87cd64e1c93eab257e40ff3ed is created with scope project and roles: ['admin']
2025-05-13 21:37:22.391 69764 INFO tempest.lib.common.dynamic_creds [-] Acquired dynamic creds: credentials: Credentials: {'domain_id': 'default', 'domain_name': 'Default', 'username': 'tempest-ServicesAdminTestJSON-1840711921-project-admin', 'project_domain_id': 'default', 'project_domain_name': 'Default', 'project_id': '7c46897b982648c29483bd98d244e919', 'project_name': 'tempest-ServicesAdminTestJSON-1840711921', 'tenant_id': '7c46897b982648c29483bd98d244e919', 'tenant_name': 'tempest-ServicesAdminTestJSON-1840711921', 'user_domain_id': 'default', 'user_domain_name': 'Default', 'user_id': '3d98e4c87cd64e1c93eab257e40ff3ed', 'system': None}, Network: None, Subnet: None, Router: None
2025-05-13 21:37:22.391 69764 INFO tempest.lib.common.dynamic_creds [-] Created isolated network resources for: credentials: Credentials: {'domain_id': 'default', 'domain_name': 'Default', 'username': 'tempest-ServicesAdminTestJSON-1840711921-project-admin', 'project_domain_id': 'default', 'project_domain_name': 'Default', 'project_id': '7c46897b982648c29483bd98d244e919', 'project_name': 'tempest-ServicesAdminTestJSON-1840711921', 'tenant_id': '7c46897b982648c29483bd98d244e919', 'tenant_name': 'tempest-ServicesAdminTestJSON-1840711921', 'user_domain_id': 'default', 'user_domain_name': 'Default', 'user_id': '3d98e4c87cd64e1c93eab257e40ff3ed', 'system': None}, Network: None, Subnet: None, Router: None
2025-05-13 21:37:22.438 69800 INFO tempest.lib.common.rest_client [req-f324abf5-4ba2-470e-8db7-73ea10f8f803 req-f324abf5-4ba2-470e-8db7-73ea10f8f803 ] Request (HypervisorAdminUnderV252Test:tearDownClass): 200 GET http://10.180.1.21:9696/networking/v2.0/security-groups?tenant_id=8c2d39b1cfbe49008704004fbc2bb12e&name=default 0.578s
2025-05-13 21:37:22.473 69755 INFO tempest.lib.common.rest_client [req-e865b29a-d7ff-4edb-a5ad-37cdda89af93 req-e865b29a-d7ff-4edb-a5ad-37cdda89af93 ] Request (QuotasAdminTestJSON:test_delete_quota): 200 GET http://10.180.1.21/compute/v2.1/os-quota-sets/185c5c61b8b9459aaf3700feee138f6c 2.615s
2025-05-13 21:37:22.483 69764 INFO tempest.lib.common.rest_client [req-ddcf3d18-642c-4d33-964d-8e08285160f6 req-ddcf3d18-642c-4d33-964d-8e08285160f6 ] Request (ServicesAdminTestJSON:setUpClass): 201 POST http://10.180.1.21/identity/v3/auth/tokens 0.089s
2025-05-13 21:37:22.508 69812 INFO tempest.lib.common.rest_client [req-6f2af3cf-5344-4930-b992-2fe0deb2543d req-6f2af3cf-5344-4930-b992-2fe0deb2543d ] Request (FloatingIPDetailsTestJSON:setUpClass): 200 POST http://10.180.1.21/compute/v2.1/os-floating-ips 3.456s
2025-05-13 21:37:22.510 69790 INFO tempest.lib.common.rest_client [req-863404dd-cbf7-4ddf-a9d8-0c2ea8017276 req-863404dd-cbf7-4ddf-a9d8-0c2ea8017276 ] Request (FlavorsAdminTestJSON:test_create_flavor_verify_entry_in_list_details): 200 GET http://10.180.1.21/compute/v2.1/flavors/detail 2.625s
2025-05-13 21:37:22.545 69755 INFO tempest.lib.common.rest_client [req-f87cd1b0-f77b-426b-be3c-78f6f28dbcde req-f87cd1b0-f77b-426b-be3c-78f6f28dbcde ] Request (QuotasAdminTestJSON:_run_cleanups): 204 DELETE http://10.180.1.21/identity/v3/projects/185c5c61b8b9459aaf3700feee138f6c 0.069s
2025-05-13 21:37:22.603 69773 INFO tempest.lib.common.rest_client [req-aff39b5e-0f2c-46e7-b897-261ad3d701e6 req-aff39b5e-0f2c-46e7-b897-261ad3d701e6 ] Request (DeleteServersTestJSON:test_delete_active_server): 200 GET http://10.180.1.21/compute/v2.1/servers/f8909a81-d83c-4e2a-a53b-ae28bd91e609 2.403s
2025-05-13 21:37:22.658 69762 INFO tempest.lib.common.rest_client [req-b6abd418-dbc3-4227-b985-bcf7493aa1a7 req-b6abd418-dbc3-4227-b985-bcf7493aa1a7 ] Request (VolumesAssistedSnapshotsTest:test_volume_assisted_snapshot_create_delete): 202 POST http://10.180.1.21/volume/v3/volumes 0.502s
2025-05-13 21:37:22.663 69808 INFO tempest.lib.common.rest_client [req-1874258a-15cd-421e-9ca3-b078e0e90b40 req-1874258a-15cd-421e-9ca3-b078e0e90b40 ] Request (FlavorMetadataValidation:tearDownClass): 200 GET http://10.180.1.21:9696/networking/v2.0/security-groups?tenant_id=eb6c9b0a16244f3e86f1607c7d520503&name=default 0.604s
2025-05-13 21:37:22.673 69800 INFO tempest.lib.common.rest_client [req-fede861c-02a6-4157-8402-492eb0bdc539 req-fede861c-02a6-4157-8402-492eb0bdc539 ] Request (HypervisorAdminUnderV252Test:tearDownClass): 204 DELETE http://10.180.1.21:9696/networking/v2.0/security-groups/b77795bc-2488-4b9b-b100-e720f725915b 0.234s
2025-05-13 21:37:22.735 69804 INFO tempest.lib.common.rest_client [req-405307bb-cc7a-4a4b-845d-ac1fc441646a req-405307bb-cc7a-4a4b-845d-ac1fc441646a ] Request (ServersWithSpecificFlavorTestJSON:test_verify_created_server_ephemeral_disk): 200 POST http://10.180.1.21/compute/v2.1/flavors 2.789s
2025-05-13 21:37:22.751 69780 INFO tempest.lib.common.rest_client [req-438eedec-3886-4f74-99c3-7c0a4a611a16 req-438eedec-3886-4f74-99c3-7c0a4a611a16 ] Request (FlavorsV2NegativeTest:tearDownClass): 200 GET http://10.180.1.21:9696/networking/v2.0/security-groups?tenant_id=ea60c5d5f83945e88fc14de0ac082454&name=default 0.539s
2025-05-13 21:37:22.768 69762 INFO tempest.lib.common.rest_client [req-edbe0081-cd60-4ac3-8d09-c278509194d3 req-edbe0081-cd60-4ac3-8d09-c278509194d3 ] Request (VolumesAssistedSnapshotsTest:test_volume_assisted_snapshot_create_delete): 200 GET http://10.180.1.21/volume/v3/volumes/179afd14-c757-4b70-9ad7-e72100f2f642 0.101s
2025-05-13 21:37:22.779 69798 INFO tempest.lib.common.rest_client [req-b244d904-85cb-4146-b28c-58980caadab4 req-b244d904-85cb-4146-b28c-58980caadab4 ] Request (FlavorsAccessTestJSON:test_flavor_access_add_remove): 200 GET http://10.180.1.21/compute/v2.1/flavors/detail 2.256s
2025-05-13 21:37:22.798 69766 INFO tempest.lib.common.rest_client [req-875f0fc4-d274-4823-8cd0-6492c171b1a6 req-875f0fc4-d274-4823-8cd0-6492c171b1a6 ] Request (HypervisorAdminTestJSON:test_get_hypervisor_stats): 200 GET http://10.180.1.21/compute/v2.1/os-hypervisors/statistics 2.233s
2025-05-13 21:37:22.893 69800 INFO tempest.lib.common.rest_client [req-42ee9140-4a28-45a3-89e9-1dbb27fa22ae req-42ee9140-4a28-45a3-89e9-1dbb27fa22ae ] Request (HypervisorAdminUnderV252Test:tearDownClass): 204 DELETE http://10.180.1.21/identity/v3/projects/8c2d39b1cfbe49008704004fbc2bb12e 0.220s
2025-05-13 21:37:22.894 69800 INFO tempest.lib.common.dynamic_creds [-] Deleting project and security group for project: c92eee8087ab44ce97a454cdf3bb5a45
2025-05-13 21:37:22.927 69816 INFO tempest.lib.common.rest_client [req-62e79606-872e-42ef-9493-a55295a47928 req-62e79606-872e-42ef-9493-a55295a47928 ] Request (AttachInterfacesV270Test:test_create_get_list_interfaces): 200 GET http://10.180.1.21/compute/v2.1/servers/2fbcd70a-d471-4674-a7a4-f9f54282a660 2.469s
2025-05-13 21:37:22.939 69774 INFO tempest.lib.common.rest_client [req-7a3d27e3-6d19-40e6-b447-42258ac221e5 req-7a3d27e3-6d19-40e6-b447-42258ac221e5 ] Request (ServersAdmin275Test:test_rebuild_update_server_275): 200 GET http://10.180.1.21/compute/v2.1/servers/aa306a76-5515-4edc-9b97-8da7c46550a0 2.220s
2025-05-13 21:37:22.943 69766 INFO tempest.lib.common.rest_client [req-7a83ba27-07cd-45d7-9aee-463e1e0bf808 req-7a83ba27-07cd-45d7-9aee-463e1e0bf808 ] Request (HypervisorAdminTestJSON:tearDownClass): 204 DELETE http://10.180.1.21/identity/v3/users/80f51a25da864093a2a62e5f233df90b 0.134s
2025-05-13 21:37:22.951 69816 INFO tempest.common.waiters [-] State transition "BUILD/block_device_mapping" ==> "BUILD/spawning" after 6 second wait
2025-05-13 21:37:23.009 69808 INFO tempest.lib.common.rest_client [req-c6e94ca0-84d6-405f-94c2-f722aba478ea req-c6e94ca0-84d6-405f-94c2-f722aba478ea ] Request (FlavorMetadataValidation:tearDownClass): 204 DELETE http://10.180.1.21:9696/networking/v2.0/security-groups/6486ecab-609c-4151-b3f6-55faf3edb546 0.346s
2025-05-13 21:37:23.022 69778 INFO tempest.lib.common.rest_client [req-faf1dc29-26f6-4c16-8bd2-3164b7f1ef68 req-faf1dc29-26f6-4c16-8bd2-3164b7f1ef68 ] Request (ServerShowV247Test:test_update_rebuild_list_server): 200 PUT http://10.180.1.21/compute/v2.1/servers/a2375c4e-89cb-474b-9652-47868e4e54c5 2.266s
2025-05-13 21:37:23.058 69780 INFO tempest.lib.common.rest_client [req-362cd5d1-bfe5-44be-9322-af858714d35e req-362cd5d1-bfe5-44be-9322-af858714d35e ] Request (FlavorsV2NegativeTest:tearDownClass): 204 DELETE http://10.180.1.21:9696/networking/v2.0/security-groups/439532e0-e54d-4919-9ac4-0511672ee840 0.307s
2025-05-13 21:37:23.070 69796 INFO tempest.lib.common.rest_client [req-a5a79ae9-e18c-4d64-bb47-415e4aa65474 req-a5a79ae9-e18c-4d64-bb47-415e4aa65474 ] Request (ServerGroupTestJSON:setUpClass): 201 POST http://10.180.1.21:9696/networking/v2.0/networks 0.695s
2025-05-13 21:37:23.094 69766 INFO tempest.lib.common.rest_client [req-729141eb-acd6-47d6-a471-6d8ea7d8b953 req-729141eb-acd6-47d6-a471-6d8ea7d8b953 ] Request (HypervisorAdminTestJSON:tearDownClass): 204 DELETE http://10.180.1.21/identity/v3/users/2c8afbd0f97045b4bdb313d92ef9e64f 0.151s
2025-05-13 21:37:23.094 69766 INFO tempest.lib.common.dynamic_creds [-] Deleting project and security group for project: 38e91db37edb41549e5e5f0296fed6a6
2025-05-13 21:37:23.114 69800 INFO tempest.lib.common.rest_client [req-1024348d-4688-4ded-92a1-4674ea7f545b req-1024348d-4688-4ded-92a1-4674ea7f545b ] Request (HypervisorAdminUnderV252Test:tearDownClass): 200 GET http://10.180.1.21:9696/networking/v2.0/security-groups?tenant_id=c92eee8087ab44ce97a454cdf3bb5a45&name=default 0.220s
2025-05-13 21:37:23.190 69808 INFO tempest.lib.common.rest_client [req-ac5836ce-94cd-4493-9244-75251d8ab45e req-ac5836ce-94cd-4493-9244-75251d8ab45e ] Request (FlavorMetadataValidation:tearDownClass): 204 DELETE http://10.180.1.21/identity/v3/projects/eb6c9b0a16244f3e86f1607c7d520503 0.180s
2025-05-13 21:37:23.191 69808 INFO tempest.lib.common.dynamic_creds [-] Deleting project and security group for project: bf74384c4bc8442f8746386eb26f9615
2025-05-13 21:37:23.205 69780 INFO tempest.lib.common.rest_client [req-55ec2144-caed-4baa-bf48-6eb058225f56 req-55ec2144-caed-4baa-bf48-6eb058225f56 ] Request (FlavorsV2NegativeTest:tearDownClass): 204 DELETE http://10.180.1.21/identity/v3/projects/ea60c5d5f83945e88fc14de0ac082454 0.146s
2025-05-13 21:37:23.214 69800 INFO tempest.lib.common.rest_client [req-87e49007-737f-4f9a-aa35-f81c4c2749df req-87e49007-737f-4f9a-aa35-f81c4c2749df ] Request (HypervisorAdminUnderV252Test:tearDownClass): 204 DELETE http://10.180.1.21:9696/networking/v2.0/security-groups/54488f98-64e5-4bbd-914b-f7826ea2102c 0.099s
2025-05-13 21:37:23.247 69766 INFO tempest.lib.common.rest_client [req-199c17eb-5a81-40d7-b5fc-228585d8fce1 req-199c17eb-5a81-40d7-b5fc-228585d8fce1 ] Request (HypervisorAdminTestJSON:tearDownClass): 201 POST http://10.180.1.21/identity/v3/auth/tokens 0.152s
