2025-04-03 17:37:46.353 69619 INFO tempest.lib.common.rest_client [req-275f015b-3a7d-40ca-a431-a9821e4613f4 req-275f015b-3a7d-40ca-a431-a9821e4613f4 ] Request (VolumesAssistedSnapshotsTest:tearDownClass): 200 GET http://10.180.1.21/compute/v2.1/servers/a798c3f2-ccde-488e-8a14-21f4a04f8e12 0.053s
2025-04-03 17:37:46.398 69607 INFO tempest.lib.common.rest_client [req-72b4c687-8018-4970-918a-e1fa2e516f41 req-72b4c687-8018-4970-918a-e1fa2e516f41 ] Request (ServersTestBootFromVolume:setUpClass): 200 GET http://10.180.1.21/compute/v2.1/servers/18022645-9a2a-489e-b0b1-486165f46f14 0.055s
2025-04-03 17:37:46.501 69601 INFO tempest.lib.common.rest_client [req-5be167ce-e43c-48d0-927e-b3c337f986ef req-5be167ce-e43c-48d0-927e-b3c337f986ef ] Request (ServerDiagnosticsNegativeTest:tearDownClass): 200 GET http://10.180.1.21/compute/v2.1/servers/84baf472-6eb5-4c92-98eb-e35c14bca4e2 0.065s
2025-04-03 17:37:46.559 69659 INFO tempest.lib.common.rest_client [req-1634bff8-f591-4bbb-b530-d42fba7c5542 req-1634bff8-f591-4bbb-b530-d42fba7c5542 ] Request (ServersNegativeTestMultiTenantJSON:tearDownClass): 200 GET http://10.180.1.21/compute/v2.1/servers/c3673531-9167-4d33-b8ce-d6afa5e589bc 0.057s
2025-04-03 17:37:46.573 69645 INFO tempest.lib.common.rest_client [req-3366df7e-37c4-45ee-87bf-e72d11257ecb req-3366df7e-37c4-45ee-87bf-e72d11257ecb ] Request (ServerMetadataTestJSON:tearDownClass): 200 GET http://10.180.1.21/compute/v2.1/servers/b7409a67-c140-436f-9c4e-27dae259f648 0.058s
2025-04-03 17:37:46.644 69655 INFO tempest.lib.common.rest_client [req-2ff7a14d-5583-4d00-8584-6665aa4ba530 req-2ff7a14d-5583-4d00-8584-6665aa4ba530 ] Request (MultipleCreateTestJSON:test_multiple_create_with_reservation_return): 200 GET http://10.180.1.21/compute/v2.1/servers/146a3eef-0971-4f6e-bd24-58b38a1de0ed 0.058s
2025-04-03 17:37:46.707 69639 INFO tempest.lib.common.rest_client [req-b37a3c20-3f66-4a70-b971-747cd3b1ee49 req-b37a3c20-3f66-4a70-b971-747cd3b1ee49 ] Request (ServersAaction247Test:test_create_backup): 200 GET http://10.180.1.21/compute/v2.1/servers/f02c5ee6-6cde-43d1-9db6-8d5b60cc98fe 0.058s
2025-04-03 17:37:46.779 69621 INFO tempest.lib.common.rest_client [req-584a7846-9555-4040-9bfd-304e7727aa8b req-584a7846-9555-4040-9bfd-304e7727aa8b ] Request (ImagesNegativeTestJSON:test_create_image_from_deleted_server): 200 GET http://10.180.1.21/compute/v2.1/servers/e5d3df12-5334-44c8-9a44-1674e57918bb 0.054s
2025-04-03 17:37:46.850 69625 INFO tempest.lib.common.rest_client [req-1f79ace0-af94-41a0-b981-a6c844e91fc5 req-1f79ace0-af94-41a0-b981-a6c844e91fc5 ] Request (ServerShowV257Test:test_rebuild_server): 200 GET http://10.180.1.21/compute/v2.1/servers/732342ea-2f73-40ea-a826-883ddc7a385a 0.055s
2025-04-03 17:37:46.913 69611 INFO tempest.lib.common.rest_client [req-e142abc6-0272-4f10-8e96-89d17a1b2e4f req-e142abc6-0272-4f10-8e96-89d17a1b2e4f ] Request (ServerRescueTestJSON:test_rescue_unrescue_instance): 200 GET http://10.180.1.21/compute/v2.1/servers/99e31dfd-5d41-4564-886f-becc25ca289c 0.052s
2025-04-03 17:37:46.917 69653 INFO tempest.lib.common.rest_client [req-29c9f8c8-1657-418b-9bef-a2867359669a req-29c9f8c8-1657-418b-9bef-a2867359669a ] Request (SecurityGroupsTestJSON:test_server_security_groups): 200 GET http://10.180.1.21/compute/v2.1/servers/e1eec0ce-8df7-402a-b628-5dfdc11949e7 0.143s
2025-04-03 17:37:47.006 69633 INFO tempest.lib.common.rest_client [req-298046e1-3831-4f9a-9e8f-e3c369408ff3 req-298046e1-3831-4f9a-9e8f-e3c369408ff3 ] Request (ServersAdminNegativeTestJSON:tearDownClass): 200 GET http://10.180.1.21/compute/v2.1/servers/9753734d-90f0-4661-8029-ec312e88eb60 0.083s
2025-04-03 17:37:47.027 69649 INFO tempest.lib.common.rest_client [req-36fb512f-a5f1-4d43-b518-279e21ca680a req-36fb512f-a5f1-4d43-b518-279e21ca680a ] Request (ServerDiskConfigTestJSON:test_rebuild_server_with_auto_disk_config): 200 GET http://10.180.1.21/compute/v2.1/servers/b7d6b4ef-fb86-4542-8abf-c8cb1cd71d25 0.120s
2025-04-03 17:37:47.060 69615 INFO tempest.lib.common.rest_client [req-5e23b921-ddca-4bb0-994b-53d480c9af84 req-5e23b921-ddca-4bb0-994b-53d480c9af84 ] Request (ListImageFiltersTestJSON:setUpClass): 200 GET http://10.180.1.21/compute/v2.1/images/80556425-0db6-4f16-b889-eb057a86400c 0.101s
2025-04-03 17:37:47.099 69603 INFO tempest.lib.common.rest_client [req-01a5390c-bd85-4034-a036-186d27dcfbb9 req-01a5390c-bd85-4034-a036-186d27dcfbb9 ] Request (FloatingIPsAssociationTestJSON:test_associate_already_associated_floating_ip): 200 GET http://10.180.1.21/compute/v2.1/servers/3923403b-2e8f-4033-89ee-9a907aff1d49 0.130s
2025-04-03 17:37:47.111 69648 INFO tempest.lib.common.rest_client [req-c5c8a087-8768-4535-b419-635d818974e2 req-c5c8a087-8768-4535-b419-635d818974e2 ] Request (DeleteServersTestJSON:test_delete_server_while_in_attached_volume): 200 GET http://10.180.1.21/compute/v2.1/servers/c465c53f-d96b-461b-b8ff-b19929b4f789 0.082s
2025-04-03 17:37:47.160 69637 INFO tempest.lib.common.rest_client [req-8c3a222d-eeed-4b35-80be-bee37d9e2f1a req-8c3a222d-eeed-4b35-80be-bee37d9e2f1a ] Request (ServerPasswordTestJSON:setUpClass): 200 GET http://10.180.1.21/compute/v2.1/servers/d724a141-35e7-4483-99aa-8a17066fb63b 0.129s
2025-04-03 17:37:47.164 69661 INFO tempest.lib.common.rest_client [req-8fa6019f-d4da-4b62-a1f5-b009297ef187 req-8fa6019f-d4da-4b62-a1f5-b009297ef187 ] Request (DeleteServersAdminTestJSON:test_delete_server_while_in_error_state): 200 GET http://10.180.1.21/compute/v2.1/servers/4c54c0dd-32f1-4d35-b770-3e1a540c54a7 0.078s
2025-04-03 17:37:47.217 69613 INFO tempest.lib.common.rest_client [req-b5af92db-123e-4081-affa-aca2f2ca8396 req-b5af92db-123e-4081-affa-aca2f2ca8396 ] Request (MigrationsAdminTest:test_resize_server_revert_deleted_flavor): 200 GET http://10.180.1.21/compute/v2.1/servers/25fb207b-9388-4198-bb48-ab7cebd43375 0.129s
2025-04-03 17:37:47.245 69629 INFO tempest.lib.common.rest_client [req-2dfa1347-0aea-4f3b-a912-ba2fc38f9a0f req-2dfa1347-0aea-4f3b-a912-ba2fc38f9a0f ] Request (ImagesOneServerTestJSON:tearDownClass): 200 GET http://10.180.1.21/compute/v2.1/servers/6102f8e6-f815-4f5f-921f-990be81fca0d 0.082s
2025-04-03 17:37:47.299 69605 INFO tempest.lib.common.rest_client [req-7415b17a-59b3-460f-92b7-090dd59e32bf req-7415b17a-59b3-460f-92b7-090dd59e32bf ] Request (ListServersNegativeTestJSON:setUpClass): 200 GET http://10.180.1.21/compute/v2.1/servers/690096cf-a0bd-4db1-ad97-8d8a37ad7c84 0.057s
2025-04-03 17:37:47.349 69664 INFO tempest.lib.common.rest_client [req-55b3de5a-8d50-4cad-a5f3-fe71fc75e74b req-55b3de5a-8d50-4cad-a5f3-fe71fc75e74b ] Request (ServersTestFqdnHostnames:test_create_server_with_fqdn_name): 200 GET http://10.180.1.21/compute/v2.1/servers/8c648ccb-ed14-4f5d-92aa-5a65d6efe1b4 0.058s
2025-04-03 17:37:47.365 69617 INFO tempest.lib.common.rest_client [req-d0d733ba-1419-4636-8a1b-5f6cd310396c req-d0d733ba-1419-4636-8a1b-5f6cd310396c ] Request (ImagesOneServerNegativeTestJSON:setUpClass): 200 GET http://10.180.1.21/compute/v2.1/servers/8e3a73c1-b622-47f4-99af-71b6dba7c09b 0.098s
2025-04-03 17:37:47.419 69619 INFO tempest.lib.common.rest_client [req-1f82fd84-263c-4986-a2fc-31aed552b0e9 req-1f82fd84-263c-4986-a2fc-31aed552b0e9 ] Request (VolumesAssistedSnapshotsTest:tearDownClass): 200 GET http://10.180.1.21/compute/v2.1/servers/a798c3f2-ccde-488e-8a14-21f4a04f8e12 0.059s
2025-04-03 17:37:47.427 69619 INFO tempest.common.waiters [-] State transition "ACTIVE/deleting" ==> "DELETED/None" after 5 second wait
2025-04-03 17:37:47.461 69607 INFO tempest.lib.common.rest_client [req-b0d21be7-7885-4648-b883-1953aeab26be req-b0d21be7-7885-4648-b883-1953aeab26be ] Request (ServersTestBootFromVolume:setUpClass): 200 GET http://10.180.1.21/compute/v2.1/servers/18022645-9a2a-489e-b0b1-486165f46f14 0.055s
2025-04-03 17:37:47.569 69601 INFO tempest.lib.common.rest_client [req-27008b7e-3a59-4214-b863-359bc8672a65 req-27008b7e-3a59-4214-b863-359bc8672a65 ] Request (ServerDiagnosticsNegativeTest:tearDownClass): 200 GET http://10.180.1.21/compute/v2.1/servers/84baf472-6eb5-4c92-98eb-e35c14bca4e2 0.058s
2025-04-03 17:37:47.628 69659 INFO tempest.lib.common.rest_client [req-e837646e-a0fe-4c63-91c0-98a83a784055 req-e837646e-a0fe-4c63-91c0-98a83a784055 ] Request (ServersNegativeTestMultiTenantJSON:tearDownClass): 200 GET http://10.180.1.21/compute/v2.1/servers/c3673531-9167-4d33-b8ce-d6afa5e589bc 0.060s
2025-04-03 17:37:47.645 69645 INFO tempest.lib.common.rest_client [req-36cb42c2-3219-4f9f-843c-5cd1d8c13ebc req-36cb42c2-3219-4f9f-843c-5cd1d8c13ebc ] Request (ServerMetadataTestJSON:tearDownClass): 200 GET http://10.180.1.21/compute/v2.1/servers/b7409a67-c140-436f-9c4e-27dae259f648 0.063s
2025-04-03 17:37:47.712 69655 INFO tempest.lib.common.rest_client [req-c903cd74-7643-44fd-977e-62f57bd5f8c9 req-c903cd74-7643-44fd-977e-62f57bd5f8c9 ] Request (MultipleCreateTestJSON:test_multiple_create_with_reservation_return): 200 GET http://10.180.1.21/compute/v2.1/servers/146a3eef-0971-4f6e-bd24-58b38a1de0ed 0.060s
2025-04-03 17:37:47.734 69627 WARNING tempest.lib.common.ssh [-] Failed to establish authenticated ssh connection to cirros@10.180.180.234 ([Errno None] Unable to connect to port 22 on 10.180.180.234). Number attempts: 3. Retry after 4 seconds.: paramiko.ssh_exception.NoValidConnectionsError: [Errno None] Unable to connect to port 22 on 10.180.180.234
2025-04-03 17:37:47.777 69639 INFO tempest.lib.common.rest_client [req-50c4b5c6-6734-4610-ba78-4f1d3c44f183 req-50c4b5c6-6734-4610-ba78-4f1d3c44f183 ] Request (ServersAaction247Test:test_create_backup): 200 GET http://10.180.1.21/compute/v2.1/servers/f02c5ee6-6cde-43d1-9db6-8d5b60cc98fe 0.061s
2025-04-03 17:37:47.838 69621 INFO tempest.lib.common.rest_client [req-dbb02032-94ae-4075-a693-547f39919bab req-dbb02032-94ae-4075-a693-547f39919bab ] Request (ImagesNegativeTestJSON:test_create_image_from_deleted_server): 200 GET http://10.180.1.21/compute/v2.1/servers/e5d3df12-5334-44c8-9a44-1674e57918bb 0.051s
2025-04-03 17:37:47.915 69625 INFO tempest.lib.common.rest_client [req-8969074c-ad7f-4627-a73a-e86c7fdc0841 req-8969074c-ad7f-4627-a73a-e86c7fdc0841 ] Request (ServerShowV257Test:test_rebuild_server): 200 GET http://10.180.1.21/compute/v2.1/servers/732342ea-2f73-40ea-a826-883ddc7a385a 0.053s
2025-04-03 17:37:47.984 69611 INFO tempest.lib.common.rest_client [req-010318ee-03a6-49db-bfc8-f78711aac3c5 req-010318ee-03a6-49db-bfc8-f78711aac3c5 ] Request (ServerRescueTestJSON:test_rescue_unrescue_instance): 200 GET http://10.180.1.21/compute/v2.1/servers/99e31dfd-5d41-4564-886f-becc25ca289c 0.064s
2025-04-03 17:37:48.040 69633 INFO tempest.lib.common.rest_client [req-9f4e1cf5-f0a2-415b-897e-d6ed5f08a012 req-9f4e1cf5-f0a2-415b-897e-d6ed5f08a012 ] Request (ServersAdminNegativeTestJSON:tearDownClass): 404 GET http://10.180.1.21/compute/v2.1/servers/9753734d-90f0-4661-8029-ec312e88eb60 0.025s
2025-04-03 17:37:48.048 69653 INFO tempest.lib.common.rest_client [req-984cb0f0-3c56-4e7a-8e77-9fdd2a8488a4 req-984cb0f0-3c56-4e7a-8e77-9fdd2a8488a4 ] Request (SecurityGroupsTestJSON:test_server_security_groups): 200 GET http://10.180.1.21/compute/v2.1/servers/e1eec0ce-8df7-402a-b628-5dfdc11949e7 0.122s
2025-04-03 17:37:48.129 69633 INFO tempest.lib.common.rest_client [req-6f170196-6d2e-4f2f-8577-f6832c4cd8bf req-6f170196-6d2e-4f2f-8577-f6832c4cd8bf ] Request (ServersAdminNegativeTestJSON:tearDownClass): 204 DELETE http://10.180.1.21/compute/v2.1/servers/676173ee-8001-48c6-bd28-09130f6dd99a 0.088s
2025-04-03 17:37:48.135 69649 INFO tempest.lib.common.rest_client [req-33cd8d8f-de4e-4e1a-a5f6-4f74b2f4099b req-33cd8d8f-de4e-4e1a-a5f6-4f74b2f4099b ] Request (ServerDiskConfigTestJSON:test_rebuild_server_with_auto_disk_config): 200 GET http://10.180.1.21/compute/v2.1/servers/b7d6b4ef-fb86-4542-8abf-c8cb1cd71d25 0.098s
2025-04-03 17:37:48.162 69615 INFO tempest.lib.common.rest_client [req-a07a8440-ab1f-4777-9d97-e58b48bf267f req-a07a8440-ab1f-4777-9d97-e58b48bf267f ] Request (ListImageFiltersTestJSON:setUpClass): 200 GET http://10.180.1.21/compute/v2.1/images/80556425-0db6-4f16-b889-eb057a86400c 0.098s
2025-04-03 17:37:48.187 69603 INFO tempest.lib.common.rest_client [req-cf058afa-499b-4209-b8db-6e0e6fbda8bf req-cf058afa-499b-4209-b8db-6e0e6fbda8bf ] Request (FloatingIPsAssociationTestJSON:test_associate_already_associated_floating_ip): 200 GET http://10.180.1.21/compute/v2.1/servers/3923403b-2e8f-4033-89ee-9a907aff1d49 0.079s
2025-04-03 17:37:48.211 69648 INFO tempest.lib.common.rest_client [req-f93550a5-a63e-4fc5-8ecf-1f5088ba3a40 req-f93550a5-a63e-4fc5-8ecf-1f5088ba3a40 ] Request (DeleteServersTestJSON:test_delete_server_while_in_attached_volume): 200 GET http://10.180.1.21/compute/v2.1/servers/c465c53f-d96b-461b-b8ff-b19929b4f789 0.092s
2025-04-03 17:37:48.263 69637 INFO tempest.lib.common.rest_client [req-6fec94c6-b886-49f2-88a7-b07707176a09 req-6fec94c6-b886-49f2-88a7-b07707176a09 ] Request (ServerPasswordTestJSON:setUpClass): 200 GET http://10.180.1.21/compute/v2.1/servers/d724a141-35e7-4483-99aa-8a17066fb63b 0.093s
2025-04-03 17:37:48.308 69661 INFO tempest.lib.common.rest_client [req-0fa81db3-afd4-4f22-a53c-c5053365d74b req-0fa81db3-afd4-4f22-a53c-c5053365d74b ] Request (DeleteServersAdminTestJSON:test_delete_server_while_in_error_state): 200 GET http://10.180.1.21/compute/v2.1/servers/4c54c0dd-32f1-4d35-b770-3e1a540c54a7 0.135s
2025-04-03 17:37:48.319 69633 INFO tempest.lib.common.rest_client [req-704f9cae-d310-41a7-9056-12c7a60889bb req-704f9cae-d310-41a7-9056-12c7a60889bb ] Request (ServersAdminNegativeTestJSON:tearDownClass): 200 GET http://10.180.1.21/compute/v2.1/servers/676173ee-8001-48c6-bd28-09130f6dd99a 0.189s
2025-04-03 17:37:48.354 69613 INFO tempest.lib.common.rest_client [req-d9c9a84f-59f0-4724-b132-3ea39dd27869 req-d9c9a84f-59f0-4724-b132-3ea39dd27869 ] Request (MigrationsAdminTest:test_resize_server_revert_deleted_flavor): 200 GET http://10.180.1.21/compute/v2.1/servers/25fb207b-9388-4198-bb48-ab7cebd43375 0.128s
2025-04-03 17:37:48.375 69629 INFO tempest.lib.common.rest_client [req-59999742-c36d-4901-86b4-49835b7a89ca req-59999742-c36d-4901-86b4-49835b7a89ca ] Request (ImagesOneServerTestJSON:tearDownClass): 200 GET http://10.180.1.21/compute/v2.1/servers/6102f8e6-f815-4f5f-921f-990be81fca0d 0.122s
2025-04-03 17:37:48.402 69605 INFO tempest.lib.common.rest_client [req-38b43fb5-d64a-4a33-a4b9-f1e6efea3705 req-38b43fb5-d64a-4a33-a4b9-f1e6efea3705 ] Request (ListServersNegativeTestJSON:setUpClass): 200 GET http://10.180.1.21/compute/v2.1/servers/690096cf-a0bd-4db1-ad97-8d8a37ad7c84 0.092s
2025-04-03 17:37:48.424 69664 INFO tempest.lib.common.rest_client [req-a8457032-b9b4-406a-80ca-dcd6e3bbf82e req-a8457032-b9b4-406a-80ca-dcd6e3bbf82e ] Request (ServersTestFqdnHostnames:test_create_server_with_fqdn_name): 200 GET http://10.180.1.21/compute/v2.1/servers/8c648ccb-ed14-4f5d-92aa-5a65d6efe1b4 0.067s
2025-04-03 17:37:48.485 69619 INFO tempest.lib.common.rest_client [req-9c93177e-b73a-4fd6-99fa-1bbe914cfe0e req-9c93177e-b73a-4fd6-99fa-1bbe914cfe0e ] Request (VolumesAssistedSnapshotsTest:tearDownClass): 200 GET http://10.180.1.21/compute/v2.1/servers/a798c3f2-ccde-488e-8a14-21f4a04f8e12 0.057s
2025-04-03 17:37:48.492 69617 INFO tempest.lib.common.rest_client [req-4b128883-cea2-432e-9b32-477e65c0fd49 req-4b128883-cea2-432e-9b32-477e65c0fd49 ] Request (ImagesOneServerNegativeTestJSON:setUpClass): 200 GET http://10.180.1.21/compute/v2.1/servers/8e3a73c1-b622-47f4-99af-71b6dba7c09b 0.119s
2025-04-03 17:37:48.499 69617 INFO tempest.common.waiters [-] State transition "BUILD/spawning" ==> "ACTIVE/None" after 71 second wait
2025-04-03 17:37:48.536 69607 INFO tempest.lib.common.rest_client [req-1ea146b8-5d3e-4ec4-b19b-87d749b6eeba req-1ea146b8-5d3e-4ec4-b19b-87d749b6eeba ] Request (ServersTestBootFromVolume:setUpClass): 200 GET http://10.180.1.21/compute/v2.1/servers/18022645-9a2a-489e-b0b1-486165f46f14 0.067s
2025-04-03 17:37:48.593 69617 INFO tempest.lib.common.rest_client [req-b04fdf9c-ddda-4235-85ef-a54f762d873e req-b04fdf9c-ddda-4235-85ef-a54f762d873e ] Request (ImagesOneServerNegativeTestJSON:setUp): 200 GET http://10.180.1.21/compute/v2.1/servers/8e3a73c1-b622-47f4-99af-71b6dba7c09b 0.093s
2025-04-03 17:37:48.607 69617 INFO tempest.lib.common.rest_client [req-c295f015-818a-4e6e-aee5-5eb701fcfbde req-c295f015-818a-4e6e-aee5-5eb701fcfbde ] Request (ImagesOneServerNegativeTestJSON:test_create_image_specify_invalid_metadata): 400 POST http://10.180.1.21/compute/v2.1/servers/8e3a73c1-b622-47f4-99af-71b6dba7c09b/action 0.007s
2025-04-03 17:37:48.634 69601 INFO tempest.lib.common.rest_client [req-3ddf84e9-baa9-4aa4-b1d9-10a403d213a2 req-3ddf84e9-baa9-4aa4-b1d9-10a403d213a2 ] Request (ServerDiagnosticsNegativeTest:tearDownClass): 200 GET http://10.180.1.21/compute/v2.1/servers/84baf472-6eb5-4c92-98eb-e35c14bca4e2 0.057s
2025-04-03 17:37:48.693 69659 INFO tempest.lib.common.rest_client [req-567774fb-9711-4d53-9ee6-364b05b30638 req-567774fb-9711-4d53-9ee6-364b05b30638 ] Request (ServersNegativeTestMultiTenantJSON:tearDownClass): 200 GET http://10.180.1.21/compute/v2.1/servers/c3673531-9167-4d33-b8ce-d6afa5e589bc 0.058s
2025-04-03 17:37:48.694 69617 INFO tempest.lib.common.rest_client [req-6ac2385b-1867-4e42-b75f-f3bf792655e7 req-6ac2385b-1867-4e42-b75f-f3bf792655e7 ] Request (ImagesOneServerNegativeTestJSON:tearDown): 200 GET http://10.180.1.21/compute/v2.1/servers/8e3a73c1-b622-47f4-99af-71b6dba7c09b 0.086s
2025-04-03 17:37:48.750 69645 INFO tempest.lib.common.rest_client [req-3cb209ad-543e-403f-b3e7-d30c91c69131 req-3cb209ad-543e-403f-b3e7-d30c91c69131 ] Request (ServerMetadataTestJSON:tearDownClass): 200 GET http://10.180.1.21/compute/v2.1/servers/b7409a67-c140-436f-9c4e-27dae259f648 0.097s
2025-04-03 17:37:48.769 69643 INFO paramiko.transport [-] Connected (version 2.0, client dropbear_2020.81)
2025-04-03 17:37:48.797 69617 INFO tempest.lib.common.rest_client [req-cd407855-5e5e-4b72-931e-98e3f5d467da req-cd407855-5e5e-4b72-931e-98e3f5d467da ] Request (ImagesOneServerNegativeTestJSON:setUp): 200 GET http://10.180.1.21/compute/v2.1/servers/8e3a73c1-b622-47f4-99af-71b6dba7c09b 0.096s
2025-04-03 17:37:48.804 69655 INFO tempest.lib.common.rest_client [req-3eee53c6-8df9-47b3-9055-84b181ace92e req-3eee53c6-8df9-47b3-9055-84b181ace92e ] Request (MultipleCreateTestJSON:test_multiple_create_with_reservation_return): 200 GET http://10.180.1.21/compute/v2.1/servers/146a3eef-0971-4f6e-bd24-58b38a1de0ed 0.083s
2025-04-03 17:37:48.812 69617 INFO tempest.lib.common.rest_client [req-c4f0cef4-6019-453a-a544-209adf9abb5a req-c4f0cef4-6019-453a-a544-209adf9abb5a ] Request (ImagesOneServerNegativeTestJSON:test_create_image_specify_metadata_over_limits): 400 POST http://10.180.1.21/compute/v2.1/servers/8e3a73c1-b622-47f4-99af-71b6dba7c09b/action 0.007s
2025-04-03 17:37:48.851 69639 INFO tempest.lib.common.rest_client [req-79f43ef4-81a2-42a5-8552-ab40eceac6ac req-79f43ef4-81a2-42a5-8552-ab40eceac6ac ] Request (ServersAaction247Test:test_create_backup): 200 GET http://10.180.1.21/compute/v2.1/servers/f02c5ee6-6cde-43d1-9db6-8d5b60cc98fe 0.064s
2025-04-03 17:37:48.874 69643 INFO paramiko.transport [-] Authentication (publickey) successful!
2025-04-03 17:37:48.875 69643 INFO tempest.lib.common.ssh [-] ssh connection to cirros@10.180.180.186 successfully created
2025-04-03 17:37:48.901 69621 INFO tempest.lib.common.rest_client [req-7ed05e5b-1bcd-4bac-8464-986cd6743a52 req-7ed05e5b-1bcd-4bac-8464-986cd6743a52 ] Request (ImagesNegativeTestJSON:test_create_image_from_deleted_server): 200 GET http://10.180.1.21/compute/v2.1/servers/e5d3df12-5334-44c8-9a44-1674e57918bb 0.056s
2025-04-03 17:37:48.912 69617 INFO tempest.lib.common.rest_client [req-e0759ea8-bf7c-4755-87b3-bcb7a8056ac2 req-e0759ea8-bf7c-4755-87b3-bcb7a8056ac2 ] Request (ImagesOneServerNegativeTestJSON:tearDown): 200 GET http://10.180.1.21/compute/v2.1/servers/8e3a73c1-b622-47f4-99af-71b6dba7c09b 0.098s
2025-04-03 17:37:48.931 69643 INFO tempest.lib.common.rest_client [req-ac48d7ef-6318-41a0-ab94-544caf1de703 req-ac48d7ef-6318-41a0-ab94-544caf1de703 ] Request (AttachVolumeNegativeTest:test_attach_attached_volume_to_different_server): 200 GET http://10.180.1.21/compute/v2.1/servers/bc9c3a41-7264-4d69-bc15-397b5fa0a8ad/ips 0.056s
2025-04-03 17:37:48.986 69625 INFO tempest.lib.common.rest_client [req-83f24e9b-92a2-474b-8c13-5ec22918c71e req-83f24e9b-92a2-474b-8c13-5ec22918c71e ] Request (ServerShowV257Test:test_rebuild_server): 200 GET http://10.180.1.21/compute/v2.1/servers/732342ea-2f73-40ea-a826-883ddc7a385a 0.062s
2025-04-03 17:37:49.023 69617 INFO tempest.lib.common.rest_client [req-345dc97e-5422-4693-ae1b-7b909f0c511b req-345dc97e-5422-4693-ae1b-7b909f0c511b ] Request (ImagesOneServerNegativeTestJSON:setUp): 200 GET http://10.180.1.21/compute/v2.1/servers/8e3a73c1-b622-47f4-99af-71b6dba7c09b 0.104s
2025-04-03 17:37:49.039 69617 INFO tempest.lib.common.rest_client [req-13c73b0c-9e84-4ff4-a2b5-abd37f31164b req-13c73b0c-9e84-4ff4-a2b5-abd37f31164b ] Request (ImagesOneServerNegativeTestJSON:test_create_image_specify_name_over_character_limit): 400 POST http://10.180.1.21/compute/v2.1/servers/8e3a73c1-b622-47f4-99af-71b6dba7c09b/action 0.009s
2025-04-03 17:37:49.061 69611 INFO tempest.lib.common.rest_client [req-49518ce3-e0b0-482c-a3ed-70fae6710497 req-49518ce3-e0b0-482c-a3ed-70fae6710497 ] Request (ServerRescueTestJSON:test_rescue_unrescue_instance): 200 GET http://10.180.1.21/compute/v2.1/servers/99e31dfd-5d41-4564-886f-becc25ca289c 0.067s
2025-04-03 17:37:49.094 69643 INFO tempest.lib.common.rest_client [req-00bebb51-6b08-4356-a990-58fab9bf5784 req-00bebb51-6b08-4356-a990-58fab9bf5784 ] Request (AttachVolumeNegativeTest:test_attach_attached_volume_to_different_server): 202 POST http://10.180.1.21/volume/v3/volumes 0.161s
2025-04-03 17:37:49.126 69643 INFO tempest.lib.common.rest_client [req-8d0f9840-6158-43e7-bb95-5a68713b767d req-8d0f9840-6158-43e7-bb95-5a68713b767d ] Request (AttachVolumeNegativeTest:test_attach_attached_volume_to_different_server): 200 GET http://10.180.1.21/volume/v3/volumes/99338b52-3801-47a7-ab57-21495a480b27 0.026s
2025-04-03 17:37:49.143 69617 INFO tempest.lib.common.rest_client [req-40ebd277-2202-4636-9d2d-b57e614681ae req-40ebd277-2202-4636-9d2d-b57e614681ae ] Request (ImagesOneServerNegativeTestJSON:tearDown): 200 GET http://10.180.1.21/compute/v2.1/servers/8e3a73c1-b622-47f4-99af-71b6dba7c09b 0.103s
2025-04-03 17:37:49.158 69653 INFO tempest.lib.common.rest_client [req-5ffbbc21-ff99-4de0-bb76-80e63ccd96c6 req-5ffbbc21-ff99-4de0-bb76-80e63ccd96c6 ] Request (SecurityGroupsTestJSON:test_server_security_groups): 200 GET http://10.180.1.21/compute/v2.1/servers/e1eec0ce-8df7-402a-b628-5dfdc11949e7 0.099s
2025-04-03 17:37:49.237 69649 INFO tempest.lib.common.rest_client [req-3774b1f1-b13a-496f-a7f5-6dd27b81e71f req-3774b1f1-b13a-496f-a7f5-6dd27b81e71f ] Request (ServerDiskConfigTestJSON:test_rebuild_server_with_auto_disk_config): 200 GET http://10.180.1.21/compute/v2.1/servers/b7d6b4ef-fb86-4542-8abf-c8cb1cd71d25 0.094s
2025-04-03 17:37:49.246 69649 INFO tempest.common.waiters [-] State transition "REBUILD/rebuilding" ==> "REBUILD/rebuild_spawning" after 4 second wait
2025-04-03 17:37:49.275 69615 INFO tempest.lib.common.rest_client [req-5888caf4-6bb5-4ff6-92df-0a57e9f4d036 req-5888caf4-6bb5-4ff6-92df-0a57e9f4d036 ] Request (ListImageFiltersTestJSON:setUpClass): 200 GET http://10.180.1.21/compute/v2.1/images/80556425-0db6-4f16-b889-eb057a86400c 0.107s
2025-04-03 17:37:49.298 69617 INFO tempest.lib.common.rest_client [req-ebbda724-052b-46a9-b92f-99a46c6fdb5e req-ebbda724-052b-46a9-b92f-99a46c6fdb5e ] Request (ImagesOneServerNegativeTestJSON:setUp): 200 GET http://10.180.1.21/compute/v2.1/servers/8e3a73c1-b622-47f4-99af-71b6dba7c09b 0.145s
2025-04-03 17:37:49.322 69603 INFO tempest.lib.common.rest_client [req-5d0f3742-9e6f-40a7-80a6-f9d0976005ed req-5d0f3742-9e6f-40a7-80a6-f9d0976005ed ] Request (FloatingIPsAssociationTestJSON:test_associate_already_associated_floating_ip): 200 GET http://10.180.1.21/compute/v2.1/servers/3923403b-2e8f-4033-89ee-9a907aff1d49 0.127s
2025-04-03 17:37:49.346 69648 INFO tempest.lib.common.rest_client [req-680bf778-9a01-4c58-94d2-1bd2db374989 req-680bf778-9a01-4c58-94d2-1bd2db374989 ] Request (DeleteServersTestJSON:test_delete_server_while_in_attached_volume): 200 GET http://10.180.1.21/compute/v2.1/servers/c465c53f-d96b-461b-b8ff-b19929b4f789 0.125s
2025-04-03 17:37:49.373 69637 INFO tempest.lib.common.rest_client [req-b681af1d-9252-45c0-9a32-03546d3e8e0d req-b681af1d-9252-45c0-9a32-03546d3e8e0d ] Request (ServerPasswordTestJSON:setUpClass): 200 GET http://10.180.1.21/compute/v2.1/servers/d724a141-35e7-4483-99aa-8a17066fb63b 0.101s
2025-04-03 17:37:49.428 69661 INFO tempest.lib.common.rest_client [req-e0b3fce7-aa10-4939-bb16-800afdbccb0e req-e0b3fce7-aa10-4939-bb16-800afdbccb0e ] Request (DeleteServersAdminTestJSON:test_delete_server_while_in_error_state): 200 GET http://10.180.1.21/compute/v2.1/servers/4c54c0dd-32f1-4d35-b770-3e1a540c54a7 0.112s
2025-04-03 17:37:49.519 69633 INFO tempest.lib.common.rest_client [req-4f80e464-6b27-49ce-8784-fa81cd40bffc req-4f80e464-6b27-49ce-8784-fa81cd40bffc ] Request (ServersAdminNegativeTestJSON:tearDownClass): 200 GET http://10.180.1.21/compute/v2.1/servers/676173ee-8001-48c6-bd28-09130f6dd99a 0.188s
2025-04-03 17:37:49.569 69613 INFO tempest.lib.common.rest_client [req-da92866f-887e-4eb3-a8d0-9d8c1b80013c req-da92866f-887e-4eb3-a8d0-9d8c1b80013c ] Request (MigrationsAdminTest:test_resize_server_revert_deleted_flavor): 200 GET http://10.180.1.21/compute/v2.1/servers/25fb207b-9388-4198-bb48-ab7cebd43375 0.206s
2025-04-03 17:37:49.626 69629 INFO tempest.lib.common.rest_client [req-f4d81b79-2f89-4076-b617-d4ca312d0b46 req-f4d81b79-2f89-4076-b617-d4ca312d0b46 ] Request (ImagesOneServerTestJSON:tearDownClass): 200 GET http://10.180.1.21/compute/v2.1/servers/6102f8e6-f815-4f5f-921f-990be81fca0d 0.242s
2025-04-03 17:37:49.676 69605 INFO tempest.lib.common.rest_client [req-558b3321-f683-4896-b4ef-db9d9e7fddbd req-558b3321-f683-4896-b4ef-db9d9e7fddbd ] Request (ListServersNegativeTestJSON:setUpClass): 200 GET http://10.180.1.21/compute/v2.1/servers/690096cf-a0bd-4db1-ad97-8d8a37ad7c84 0.266s
2025-04-03 17:37:49.725 69664 INFO tempest.lib.common.rest_client [req-bdc01453-3681-4b89-b64e-5c362c090c2b req-bdc01453-3681-4b89-b64e-5c362c090c2b ] Request (ServersTestFqdnHostnames:test_create_server_with_fqdn_name): 200 GET http://10.180.1.21/compute/v2.1/servers/8c648ccb-ed14-4f5d-92aa-5a65d6efe1b4 0.293s
2025-04-03 17:37:49.762 69617 INFO tempest.lib.common.rest_client [req-efc48e49-d6ac-4e1b-af1c-197154841ab9 req-efc48e49-d6ac-4e1b-af1c-197154841ab9 ] Request (ImagesOneServerNegativeTestJSON:test_create_second_image_when_first_image_is_being_saved): 202 POST http://10.180.1.21/compute/v2.1/servers/8e3a73c1-b622-47f4-99af-71b6dba7c09b/action 0.456s
2025-04-03 17:37:49.783 69619 INFO tempest.lib.common.rest_client [req-a28a8c38-71a0-48ef-9a53-a7e16699531f req-a28a8c38-71a0-48ef-9a53-a7e16699531f ] Request (VolumesAssistedSnapshotsTest:tearDownClass): 200 GET http://10.180.1.21/compute/v2.1/servers/a798c3f2-ccde-488e-8a14-21f4a04f8e12 0.290s
2025-04-03 17:37:49.813 69607 INFO tempest.lib.common.rest_client [req-914b58ac-c31f-4d85-b6d7-5751d03a2301 req-914b58ac-c31f-4d85-b6d7-5751d03a2301 ] Request (ServersTestBootFromVolume:setUpClass): 200 GET http://10.180.1.21/compute/v2.1/servers/18022645-9a2a-489e-b0b1-486165f46f14 0.268s
2025-04-03 17:37:49.846 69601 INFO tempest.lib.common.rest_client [req-0c32e23f-faab-45a3-b46a-aa066c0ad178 req-0c32e23f-faab-45a3-b46a-aa066c0ad178 ] Request (ServerDiagnosticsNegativeTest:tearDownClass): 200 GET http://10.180.1.21/compute/v2.1/servers/84baf472-6eb5-4c92-98eb-e35c14bca4e2 0.203s
2025-04-03 17:37:49.867 69659 INFO tempest.lib.common.rest_client [req-4efd1f12-c3a1-489f-ab32-e2b9c14f4c73 req-4efd1f12-c3a1-489f-ab32-e2b9c14f4c73 ] Request (ServersNegativeTestMultiTenantJSON:tearDownClass): 200 GET http://10.180.1.21/compute/v2.1/servers/c3673531-9167-4d33-b8ce-d6afa5e589bc 0.167s
2025-04-03 17:37:49.901 69617 INFO tempest.lib.common.rest_client [req-3c159b86-b930-4d6d-b547-d967e7d2d0cd req-3c159b86-b930-4d6d-b547-d967e7d2d0cd ] Request (ImagesOneServerNegativeTestJSON:test_create_second_image_when_first_image_is_being_saved): 409 POST http://10.180.1.21/compute/v2.1/servers/8e3a73c1-b622-47f4-99af-71b6dba7c09b/action 0.137s
2025-04-03 17:37:49.908 69645 INFO tempest.lib.common.rest_client [req-f468cbcc-c829-4c52-a21a-47737e7f2ee9 req-f468cbcc-c829-4c52-a21a-47737e7f2ee9 ] Request (ServerMetadataTestJSON:tearDownClass): 200 GET http://10.180.1.21/compute/v2.1/servers/b7409a67-c140-436f-9c4e-27dae259f648 0.147s
2025-04-03 17:37:49.950 69655 INFO tempest.lib.common.rest_client [req-58f3cd17-2236-4f18-b482-555fed3010dd req-58f3cd17-2236-4f18-b482-555fed3010dd ] Request (MultipleCreateTestJSON:test_multiple_create_with_reservation_return): 200 GET http://10.180.1.21/compute/v2.1/servers/146a3eef-0971-4f6e-bd24-58b38a1de0ed 0.138s
2025-04-03 17:37:49.966 69639 INFO tempest.lib.common.rest_client [req-cb996500-a623-44e0-864f-59c1f1119c70 req-cb996500-a623-44e0-864f-59c1f1119c70 ] Request (ServersAaction247Test:test_create_backup): 200 GET http://10.180.1.21/compute/v2.1/servers/f02c5ee6-6cde-43d1-9db6-8d5b60cc98fe 0.103s
2025-04-03 17:37:50.023 69621 INFO tempest.lib.common.rest_client [req-9de18eda-f39a-4bfd-a667-6b0e45882576 req-9de18eda-f39a-4bfd-a667-6b0e45882576 ] Request (ImagesNegativeTestJSON:test_create_image_from_deleted_server): 200 GET http://10.180.1.21/compute/v2.1/servers/e5d3df12-5334-44c8-9a44-1674e57918bb 0.111s
2025-04-03 17:37:50.036 69617 INFO tempest.lib.common.rest_client [req-a69e4124-f6c0-4d5e-91a5-ad2639b9a60e req-a69e4124-f6c0-4d5e-91a5-ad2639b9a60e ] Request (ImagesOneServerNegativeTestJSON:test_create_second_image_when_first_image_is_being_saved): 204 DELETE http://10.180.1.21/compute/v2.1/images/f0fc2ea0-fd94-45a7-a139-94dd13377914 0.135s
2025-04-03 17:37:50.076 69625 INFO tempest.lib.common.rest_client [req-be0655af-3385-4253-a7a4-d6064a8ec55a req-be0655af-3385-4253-a7a4-d6064a8ec55a ] Request (ServerShowV257Test:test_rebuild_server): 200 GET http://10.180.1.21/compute/v2.1/servers/732342ea-2f73-40ea-a826-883ddc7a385a 0.080s
2025-04-03 17:37:50.128 69611 INFO tempest.lib.common.rest_client [req-e76a0aff-9d9e-4734-8ad2-eebe68583c64 req-e76a0aff-9d9e-4734-8ad2-eebe68583c64 ] Request (ServerRescueTestJSON:test_rescue_unrescue_instance): 200 GET http://10.180.1.21/compute/v2.1/servers/99e31dfd-5d41-4564-886f-becc25ca289c 0.059s
2025-04-03 17:37:50.135 69617 INFO tempest.lib.common.rest_client [req-a72a038d-ffe8-43d5-8dee-a1a7bebf5c65 req-a72a038d-ffe8-43d5-8dee-a1a7bebf5c65 ] Request (ImagesOneServerNegativeTestJSON:tearDown): 200 GET http://10.180.1.21/compute/v2.1/servers/8e3a73c1-b622-47f4-99af-71b6dba7c09b 0.098s
2025-04-03 17:37:50.158 69643 INFO tempest.lib.common.rest_client [req-46b93986-d73a-42f9-a48c-913dbf5b15f0 req-46b93986-d73a-42f9-a48c-913dbf5b15f0 ] Request (AttachVolumeNegativeTest:test_attach_attached_volume_to_different_server): 200 GET http://10.180.1.21/volume/v3/volumes/99338b52-3801-47a7-ab57-21495a480b27 0.025s
2025-04-03 17:37:50.165 69643 INFO tempest.common.waiters [-] volume 99338b52-3801-47a7-ab57-21495a480b27 reached available after waiting for 1.165213 seconds
2025-04-03 17:37:50.277 69653 INFO tempest.lib.common.rest_client [req-bfcde54f-bd1f-43cb-84a2-4a321e01fcaa req-bfcde54f-bd1f-43cb-84a2-4a321e01fcaa ] Request (SecurityGroupsTestJSON:test_server_security_groups): 200 GET http://10.180.1.21/compute/v2.1/servers/e1eec0ce-8df7-402a-b628-5dfdc11949e7 0.109s
2025-04-03 17:37:50.442 69649 INFO tempest.lib.common.rest_client [req-377d7469-19aa-47a3-93c7-48c62b94784d req-377d7469-19aa-47a3-93c7-48c62b94784d ] Request (ServerDiskConfigTestJSON:test_rebuild_server_with_auto_disk_config): 200 GET http://10.180.1.21/compute/v2.1/servers/b7d6b4ef-fb86-4542-8abf-c8cb1cd71d25 0.195s
2025-04-03 17:37:50.479 69615 INFO tempest.lib.common.rest_client [req-b2023bf7-241c-41b9-8bd5-e0ab93c11683 req-b2023bf7-241c-41b9-8bd5-e0ab93c11683 ] Request (ListImageFiltersTestJSON:setUpClass): 200 GET http://10.180.1.21/compute/v2.1/images/80556425-0db6-4f16-b889-eb057a86400c 0.199s
2025-04-03 17:37:50.686 69603 INFO tempest.lib.common.rest_client [req-56bf7f9b-eed3-4e39-bb21-eb697a6f6cae req-56bf7f9b-eed3-4e39-bb21-eb697a6f6cae ] Request (FloatingIPsAssociationTestJSON:test_associate_already_associated_floating_ip): 200 GET http://10.180.1.21/compute/v2.1/servers/3923403b-2e8f-4033-89ee-9a907aff1d49 0.356s
2025-04-03 17:37:50.749 69648 INFO tempest.lib.common.rest_client [req-3ef14bf9-2dd0-4aa1-9f3e-a3758e9e4fbd req-3ef14bf9-2dd0-4aa1-9f3e-a3758e9e4fbd ] Request (DeleteServersTestJSON:test_delete_server_while_in_attached_volume): 200 GET http://10.180.1.21/compute/v2.1/servers/c465c53f-d96b-461b-b8ff-b19929b4f789 0.395s
2025-04-03 17:37:50.800 69637 INFO tempest.lib.common.rest_client [req-9ba2a0a3-d052-438e-9b83-d95a2363ea48 req-9ba2a0a3-d052-438e-9b83-d95a2363ea48 ] Request (ServerPasswordTestJSON:setUpClass): 200 GET http://10.180.1.21/compute/v2.1/servers/d724a141-35e7-4483-99aa-8a17066fb63b 0.419s
2025-04-03 17:37:50.865 69661 INFO tempest.lib.common.rest_client [req-85dc5db3-a84e-422a-b0aa-50c5368df8ef req-85dc5db3-a84e-422a-b0aa-50c5368df8ef ] Request (DeleteServersAdminTestJSON:test_delete_server_while_in_error_state): 200 GET http://10.180.1.21/compute/v2.1/servers/4c54c0dd-32f1-4d35-b770-3e1a540c54a7 0.429s
2025-04-03 17:37:50.935 69633 INFO tempest.lib.common.rest_client [req-a5e6e7ea-4b2e-42ab-b7ac-a28988e64820 req-a5e6e7ea-4b2e-42ab-b7ac-a28988e64820 ] Request (ServersAdminNegativeTestJSON:tearDownClass): 200 GET http://10.180.1.21/compute/v2.1/servers/676173ee-8001-48c6-bd28-09130f6dd99a 0.409s
2025-04-03 17:37:50.985 69613 INFO tempest.lib.common.rest_client [req-711c0759-b29d-4390-9bd1-7f5ae45ebebc req-711c0759-b29d-4390-9bd1-7f5ae45ebebc ] Request (MigrationsAdminTest:test_resize_server_revert_deleted_flavor): 200 GET http://10.180.1.21/compute/v2.1/servers/25fb207b-9388-4198-bb48-ab7cebd43375 0.407s
2025-04-03 17:37:51.053 69629 INFO tempest.lib.common.rest_client [req-e9b68686-de48-4ae5-9e5c-182ce30e0a3c req-e9b68686-de48-4ae5-9e5c-182ce30e0a3c ] Request (ImagesOneServerTestJSON:tearDownClass): 200 GET http://10.180.1.21/compute/v2.1/servers/6102f8e6-f815-4f5f-921f-990be81fca0d 0.419s
2025-04-03 17:37:51.112 69605 INFO tempest.lib.common.rest_client [req-61eb8111-cd07-44e6-9ec6-3792b860f461 req-61eb8111-cd07-44e6-9ec6-3792b860f461 ] Request (ListServersNegativeTestJSON:setUpClass): 200 GET http://10.180.1.21/compute/v2.1/servers/690096cf-a0bd-4db1-ad97-8d8a37ad7c84 0.428s
2025-04-03 17:37:51.160 69664 INFO tempest.lib.common.rest_client [req-b721e109-8c57-480f-824e-ee4dcf90a7aa req-b721e109-8c57-480f-824e-ee4dcf90a7aa ] Request (ServersTestFqdnHostnames:test_create_server_with_fqdn_name): 200 GET http://10.180.1.21/compute/v2.1/servers/8c648ccb-ed14-4f5d-92aa-5a65d6efe1b4 0.425s
2025-04-03 17:37:51.218 69619 INFO tempest.lib.common.rest_client [req-0d42db19-115a-43d3-88bf-8233d006be8b req-0d42db19-115a-43d3-88bf-8233d006be8b ] Request (VolumesAssistedSnapshotsTest:tearDownClass): 200 GET http://10.180.1.21/compute/v2.1/servers/a798c3f2-ccde-488e-8a14-21f4a04f8e12 0.426s
2025-04-03 17:37:51.271 69607 INFO tempest.lib.common.rest_client [req-443d9bf6-bb2c-436b-b72a-ef5347772ecc req-443d9bf6-bb2c-436b-b72a-ef5347772ecc ] Request (ServersTestBootFromVolume:setUpClass): 200 GET http://10.180.1.21/compute/v2.1/servers/18022645-9a2a-489e-b0b1-486165f46f14 0.449s
2025-04-03 17:37:51.334 69601 INFO tempest.lib.common.rest_client [req-1a3577a8-d867-4ba6-bc86-ae89b4aa0158 req-1a3577a8-d867-4ba6-bc86-ae89b4aa0158 ] Request (ServerDiagnosticsNegativeTest:tearDownClass): 200 GET http://10.180.1.21/compute/v2.1/servers/84baf472-6eb5-4c92-98eb-e35c14bca4e2 0.481s
2025-04-03 17:37:51.420 69659 INFO tempest.lib.common.rest_client [req-5468fbec-83bf-433c-8d74-f828832f4a04 req-5468fbec-83bf-433c-8d74-f828832f4a04 ] Request (ServersNegativeTestMultiTenantJSON:tearDownClass): 200 GET http://10.180.1.21/compute/v2.1/servers/c3673531-9167-4d33-b8ce-d6afa5e589bc 0.537s
2025-04-03 17:37:51.486 69645 INFO tempest.lib.common.rest_client [req-377b2410-7307-4b9b-a3cf-9a5df35044c1 req-377b2410-7307-4b9b-a3cf-9a5df35044c1 ] Request (ServerMetadataTestJSON:tearDownClass): 200 GET http://10.180.1.21/compute/v2.1/servers/b7409a67-c140-436f-9c4e-27dae259f648 0.570s
2025-04-03 17:37:51.548 69655 INFO tempest.lib.common.rest_client [req-beeae37f-1cf9-4fb3-8040-e7a0b26cb18b req-beeae37f-1cf9-4fb3-8040-e7a0b26cb18b ] Request (MultipleCreateTestJSON:test_multiple_create_with_reservation_return): 200 GET http://10.180.1.21/compute/v2.1/servers/146a3eef-0971-4f6e-bd24-58b38a1de0ed 0.587s
2025-04-03 17:37:51.602 69639 INFO tempest.lib.common.rest_client [req-3e1cdcb6-184a-403b-97d3-377b9d960bbd req-3e1cdcb6-184a-403b-97d3-377b9d960bbd ] Request (ServersAaction247Test:test_create_backup): 200 GET http://10.180.1.21/compute/v2.1/servers/f02c5ee6-6cde-43d1-9db6-8d5b60cc98fe 0.622s
2025-04-03 17:37:51.649 69621 INFO tempest.lib.common.rest_client [req-2da3c9cd-8038-4260-91fe-8bbf3e615e42 req-2da3c9cd-8038-4260-91fe-8bbf3e615e42 ] Request (ImagesNegativeTestJSON:test_create_image_from_deleted_server): 200 GET http://10.180.1.21/compute/v2.1/servers/e5d3df12-5334-44c8-9a44-1674e57918bb 0.619s
2025-04-03 17:37:51.704 69625 INFO tempest.lib.common.rest_client [req-abf69fe1-d9ce-46f4-98e1-e5ff5106842f req-abf69fe1-d9ce-46f4-98e1-e5ff5106842f ] Request (ServerShowV257Test:test_rebuild_server): 200 GET http://10.180.1.21/compute/v2.1/servers/732342ea-2f73-40ea-a826-883ddc7a385a 0.619s
2025-04-03 17:37:51.762 69611 INFO tempest.lib.common.rest_client [req-1ce1a229-c871-4d6e-95ce-b14b9bf8fab3 req-1ce1a229-c871-4d6e-95ce-b14b9bf8fab3 ] Request (ServerRescueTestJSON:test_rescue_unrescue_instance): 200 GET http://10.180.1.21/compute/v2.1/servers/99e31dfd-5d41-4564-886f-becc25ca289c 0.626s
2025-04-03 17:37:51.815 69643 INFO tempest.lib.common.rest_client [req-0636358c-b911-4573-b470-aef12f83ed4f req-0636358c-b911-4573-b470-aef12f83ed4f ] Request (AttachVolumeNegativeTest:test_attach_attached_volume_to_different_server): 200 POST http://10.180.1.21/compute/v2.1/servers/bc9c3a41-7264-4d69-bc15-397b5fa0a8ad/os-volume_attachments 1.650s
2025-04-03 17:37:51.855 69643 INFO tempest.lib.common.rest_client [req-2946b41a-52bb-4a03-a09e-6c24e8873b65 req-2946b41a-52bb-4a03-a09e-6c24e8873b65 ] Request (AttachVolumeNegativeTest:test_attach_attached_volume_to_different_server): 200 GET http://10.180.1.21/volume/v3/volumes/99338b52-3801-47a7-ab57-21495a480b27 0.038s
2025-04-03 17:37:51.866 69617 INFO tempest.lib.common.rest_client [req-c18f7339-2108-4812-b714-15d377e6f4c7 req-c18f7339-2108-4812-b714-15d377e6f4c7 ] Request (ImagesOneServerNegativeTestJSON:tearDown): 200 GET http://10.180.1.21/compute/v2.1/servers/8e3a73c1-b622-47f4-99af-71b6dba7c09b 0.722s
2025-04-03 17:37:51.873 69617 INFO tempest.common.waiters [-] State transition "ACTIVE/image_snapshot" ==> "ACTIVE/image_pending_upload" after 1 second wait
2025-04-03 17:37:51.957 69653 INFO tempest.lib.common.rest_client [req-abedf30d-bc85-4f4e-9e62-49065ed0bc33 req-abedf30d-bc85-4f4e-9e62-49065ed0bc33 ] Request (SecurityGroupsTestJSON:test_server_security_groups): 200 GET http://10.180.1.21/compute/v2.1/servers/e1eec0ce-8df7-402a-b628-5dfdc11949e7 0.671s
2025-04-03 17:37:51.967 69649 INFO tempest.lib.common.rest_client [req-03cce724-14c7-44e8-a3b3-a74ee299a37c req-03cce724-14c7-44e8-a3b3-a74ee299a37c ] Request (ServerDiskConfigTestJSON:test_rebuild_server_with_auto_disk_config): 200 GET http://10.180.1.21/compute/v2.1/servers/b7d6b4ef-fb86-4542-8abf-c8cb1cd71d25 0.515s
2025-04-03 17:37:51.969 69653 INFO tempest.common.waiters [-] State transition "BUILD/spawning" ==> "ACTIVE/None" after 73 second wait
2025-04-03 17:37:52.000 69615 INFO tempest.lib.common.rest_client [req-82ea63d7-9358-4779-9e82-845a71481430 req-82ea63d7-9358-4779-9e82-845a71481430 ] Request (ListImageFiltersTestJSON:setUpClass): 200 GET http://10.180.1.21/compute/v2.1/images/80556425-0db6-4f16-b889-eb057a86400c 0.517s
2025-04-03 17:37:52.036 69603 INFO tempest.lib.common.rest_client [req-8cdbe42c-0522-4c9f-86ad-c208c5e8b7ad req-8cdbe42c-0522-4c9f-86ad-c208c5e8b7ad ] Request (FloatingIPsAssociationTestJSON:test_associate_already_associated_floating_ip): 200 GET http://10.180.1.21/compute/v2.1/servers/3923403b-2e8f-4033-89ee-9a907aff1d49 0.343s
2025-04-03 17:37:52.056 69648 INFO tempest.lib.common.rest_client [req-bf4737a8-9242-4517-aca8-c498dab65459 req-bf4737a8-9242-4517-aca8-c498dab65459 ] Request (DeleteServersTestJSON:test_delete_server_while_in_attached_volume): 200 GET http://10.180.1.21/compute/v2.1/servers/c465c53f-d96b-461b-b8ff-b19929b4f789 0.299s
2025-04-03 17:37:52.085 69637 INFO tempest.lib.common.rest_client [req-8b16d18c-e9dd-4a6a-8108-753b44004ce2 req-8b16d18c-e9dd-4a6a-8108-753b44004ce2 ] Request (ServerPasswordTestJSON:setUpClass): 200 GET http://10.180.1.21/compute/v2.1/servers/d724a141-35e7-4483-99aa-8a17066fb63b 0.275s
2025-04-03 17:37:52.101 69661 INFO tempest.lib.common.rest_client [req-cc0a3c16-8914-45f5-b33e-3b25e22d6f3e req-cc0a3c16-8914-45f5-b33e-3b25e22d6f3e ] Request (DeleteServersAdminTestJSON:test_delete_server_while_in_error_state): 200 GET http://10.180.1.21/compute/v2.1/servers/4c54c0dd-32f1-4d35-b770-3e1a540c54a7 0.229s
2025-04-03 17:37:52.139 69633 INFO tempest.lib.common.rest_client [req-05e52a45-d483-4984-931e-3ea2efdb5083 req-05e52a45-d483-4984-931e-3ea2efdb5083 ] Request (ServersAdminNegativeTestJSON:tearDownClass): 200 GET http://10.180.1.21/compute/v2.1/servers/676173ee-8001-48c6-bd28-09130f6dd99a 0.195s
2025-04-03 17:37:52.147 69633 INFO tempest.common.waiters [-] State transition "ACTIVE/deleting" ==> "DELETED/None" after 4 second wait
2025-04-03 17:37:52.184 69613 INFO tempest.lib.common.rest_client [req-87112d31-e17e-4f59-a2a2-ae179fc0f4af req-87112d31-e17e-4f59-a2a2-ae179fc0f4af ] Request (MigrationsAdminTest:test_resize_server_revert_deleted_flavor): 200 GET http://10.180.1.21/compute/v2.1/servers/25fb207b-9388-4198-bb48-ab7cebd43375 0.190s
2025-04-03 17:37:52.237 69629 INFO tempest.lib.common.rest_client [req-49821d1f-0909-4b7b-a286-143ea1d531f4 req-49821d1f-0909-4b7b-a286-143ea1d531f4 ] Request (ImagesOneServerTestJSON:tearDownClass): 200 GET http://10.180.1.21/compute/v2.1/servers/6102f8e6-f815-4f5f-921f-990be81fca0d 0.176s
2025-04-03 17:37:52.240 69627 WARNING tempest.lib.common.ssh [-] Failed to establish authenticated ssh connection to cirros@10.180.180.234 ([Errno None] Unable to connect to port 22 on 10.180.180.234). Number attempts: 4. Retry after 5 seconds.: paramiko.ssh_exception.NoValidConnectionsError: [Errno None] Unable to connect to port 22 on 10.180.180.234
2025-04-03 17:37:52.287 69605 INFO tempest.lib.common.rest_client [req-cf93d903-b72b-4043-b154-4a8c9ed7081d req-cf93d903-b72b-4043-b154-4a8c9ed7081d ] Request (ListServersNegativeTestJSON:setUpClass): 200 GET http://10.180.1.21/compute/v2.1/servers/690096cf-a0bd-4db1-ad97-8d8a37ad7c84 0.167s
2025-04-03 17:37:52.294 69605 INFO tempest.common.waiters [-] State transition "BUILD/scheduling" ==> "BUILD/None" after 39 second wait
2025-04-03 17:37:52.336 69664 INFO tempest.lib.common.rest_client [req-1b3ab3e2-ca44-4a7d-a6f4-a04adbd0bcdf req-1b3ab3e2-ca44-4a7d-a6f4-a04adbd0bcdf ] Request (ServersTestFqdnHostnames:test_create_server_with_fqdn_name): 200 GET http://10.180.1.21/compute/v2.1/servers/8c648ccb-ed14-4f5d-92aa-5a65d6efe1b4 0.168s
2025-04-03 17:37:52.396 69619 INFO tempest.lib.common.rest_client [req-004dcb33-05f1-463f-a03d-4cbebb21de91 req-004dcb33-05f1-463f-a03d-4cbebb21de91 ] Request (VolumesAssistedSnapshotsTest:tearDownClass): 200 GET http://10.180.1.21/compute/v2.1/servers/a798c3f2-ccde-488e-8a14-21f4a04f8e12 0.168s
2025-04-03 17:37:52.428 69653 INFO tempest.lib.common.rest_client [req-5f9af441-9eb4-4941-a8d2-a1801ffb1b2b req-5f9af441-9eb4-4941-a8d2-a1801ffb1b2b ] Request (SecurityGroupsTestJSON:test_server_security_groups): 202 POST http://10.180.1.21/compute/v2.1/servers/e1eec0ce-8df7-402a-b628-5dfdc11949e7/action 0.459s
2025-04-03 17:37:52.452 69607 INFO tempest.lib.common.rest_client [req-e304df83-e20c-403a-8f03-9a6d204b65de req-e304df83-e20c-403a-8f03-9a6d204b65de ] Request (ServersTestBootFromVolume:setUpClass): 200 GET http://10.180.1.21/compute/v2.1/servers/18022645-9a2a-489e-b0b1-486165f46f14 0.173s
2025-04-03 17:37:52.491 69601 INFO tempest.lib.common.rest_client [req-f3178628-d74d-4180-a412-00f761d99a78 req-f3178628-d74d-4180-a412-00f761d99a78 ] Request (ServerDiagnosticsNegativeTest:tearDownClass): 200 GET http://10.180.1.21/compute/v2.1/servers/84baf472-6eb5-4c92-98eb-e35c14bca4e2 0.145s
2025-04-03 17:37:52.524 69653 INFO tempest.lib.common.rest_client [req-fedae871-a121-4a10-9e07-b0aefcd85453 req-fedae871-a121-4a10-9e07-b0aefcd85453 ] Request (SecurityGroupsTestJSON:test_server_security_groups): 400 DELETE http://10.180.1.21/compute/v2.1/os-security-groups/82841073-b946-4983-a6c9-0826d1d9af03 0.095s
2025-04-03 17:37:52.549 69659 INFO tempest.lib.common.rest_client [req-7c98461d-d171-48fd-9b61-1ef2d7688bc2 req-7c98461d-d171-48fd-9b61-1ef2d7688bc2 ] Request (ServersNegativeTestMultiTenantJSON:tearDownClass): 200 GET http://10.180.1.21/compute/v2.1/servers/c3673531-9167-4d33-b8ce-d6afa5e589bc 0.120s
2025-04-03 17:37:52.580 69645 INFO tempest.lib.common.rest_client [req-0c8620ea-7de3-425d-a659-955fa77def69 req-0c8620ea-7de3-425d-a659-955fa77def69 ] Request (ServerMetadataTestJSON:tearDownClass): 200 GET http://10.180.1.21/compute/v2.1/servers/b7409a67-c140-436f-9c4e-27dae259f648 0.084s
2025-04-03 17:37:52.612 69653 INFO tempest.lib.common.rest_client [req-2f602ab6-90e7-4def-b053-78444d5903e1 req-2f602ab6-90e7-4def-b053-78444d5903e1 ] Request (SecurityGroupsTestJSON:test_server_security_groups): 202 POST http://10.180.1.21/compute/v2.1/servers/e1eec0ce-8df7-402a-b628-5dfdc11949e7/action 0.087s
2025-04-03 17:37:52.630 69655 INFO tempest.lib.common.rest_client [req-6fc28c18-a419-4be3-ad8c-43d8dcdb8570 req-6fc28c18-a419-4be3-ad8c-43d8dcdb8570 ] Request (MultipleCreateTestJSON:test_multiple_create_with_reservation_return): 200 GET http://10.180.1.21/compute/v2.1/servers/146a3eef-0971-4f6e-bd24-58b38a1de0ed 0.067s
2025-04-03 17:37:52.664 69639 INFO tempest.lib.common.rest_client [req-8a0ea966-862e-485b-af7e-ab34a069c891 req-8a0ea966-862e-485b-af7e-ab34a069c891 ] Request (ServersAaction247Test:test_create_backup): 200 GET http://10.180.1.21/compute/v2.1/servers/f02c5ee6-6cde-43d1-9db6-8d5b60cc98fe 0.053s
2025-04-03 17:37:52.717 69621 INFO tempest.lib.common.rest_client [req-ba14c116-c5d3-4d60-9817-1a90e47ee2f2 req-ba14c116-c5d3-4d60-9817-1a90e47ee2f2 ] Request (ImagesNegativeTestJSON:test_create_image_from_deleted_server): 200 GET http://10.180.1.21/compute/v2.1/servers/e5d3df12-5334-44c8-9a44-1674e57918bb 0.060s
2025-04-03 17:37:52.743 69657 WARNING tempest.lib.common.ssh [-] Failed to establish authenticated ssh connection to cirros@10.180.180.135 ([Errno None] Unable to connect to port 22 on 10.180.180.135). Number attempts: 9. Retry after 10 seconds.: paramiko.ssh_exception.NoValidConnectionsError: [Errno None] Unable to connect to port 22 on 10.180.180.135
2025-04-03 17:37:52.760 69609 INFO paramiko.transport [-] Connected (version 2.0, client dropbear_2020.81)
2025-04-03 17:37:52.769 69625 INFO tempest.lib.common.rest_client [req-c1d7aeca-e6f7-4daa-a757-203739924dec req-c1d7aeca-e6f7-4daa-a757-203739924dec ] Request (ServerShowV257Test:test_rebuild_server): 200 GET http://10.180.1.21/compute/v2.1/servers/732342ea-2f73-40ea-a826-883ddc7a385a 0.055s
2025-04-03 17:37:52.792 69653 INFO tempest.lib.common.rest_client [req-17c3eae9-af65-4cf6-8a99-07a65f668b18 req-17c3eae9-af65-4cf6-8a99-07a65f668b18 ] Request (SecurityGroupsTestJSON:test_server_security_groups): 200 GET http://10.180.1.21/compute/v2.1/servers/e1eec0ce-8df7-402a-b628-5dfdc11949e7 0.180s
2025-04-03 17:37:52.823 69611 INFO tempest.lib.common.rest_client [req-9817cfa5-a295-41f0-b662-fabb1c7cd351 req-9817cfa5-a295-41f0-b662-fabb1c7cd351 ] Request (ServerRescueTestJSON:test_rescue_unrescue_instance): 200 GET http://10.180.1.21/compute/v2.1/servers/99e31dfd-5d41-4564-886f-becc25ca289c 0.052s
2025-04-03 17:37:52.863 69609 INFO paramiko.transport [-] Authentication (publickey) successful!
2025-04-03 17:37:52.864 69609 INFO tempest.lib.common.ssh [-] ssh connection to cirros@10.180.180.162 successfully created
2025-04-03 17:37:52.899 69643 INFO tempest.lib.common.rest_client [req-59bc50d7-f16c-48e9-ac76-5658db86f6db req-59bc50d7-f16c-48e9-ac76-5658db86f6db ] Request (AttachVolumeNegativeTest:test_attach_attached_volume_to_different_server): 200 GET http://10.180.1.21/volume/v3/volumes/99338b52-3801-47a7-ab57-21495a480b27 0.036s
2025-04-03 17:37:52.959 69609 INFO tempest.lib.common.rest_client [req-008d5d67-cb82-4672-af1b-6d9c3e4bb77a req-008d5d67-cb82-4672-af1b-6d9c3e4bb77a ] Request (ServersWithSpecificFlavorTestJSON:test_verify_created_server_ephemeral_disk): 204 DELETE http://10.180.1.21/compute/v2.1/servers/bd2e4c6d-db41-4b3a-989d-02aaa59b4a6f 0.085s
2025-04-03 17:37:53.018 69617 INFO tempest.lib.common.rest_client [req-f3c98503-596e-45ce-ba9e-e77f5d0bbfff req-f3c98503-596e-45ce-ba9e-e77f5d0bbfff ] Request (ImagesOneServerNegativeTestJSON:tearDown): 200 GET http://10.180.1.21/compute/v2.1/servers/8e3a73c1-b622-47f4-99af-71b6dba7c09b 0.143s
2025-04-03 17:37:53.026 69617 INFO tempest.common.waiters [-] State transition "ACTIVE/image_pending_upload" ==> "ACTIVE/image_uploading" after 3 second wait
2025-04-03 17:37:53.037 69609 INFO tempest.lib.common.rest_client [req-7df9fd32-a1e0-4a08-bbd3-2276319c3112 req-7df9fd32-a1e0-4a08-bbd3-2276319c3112 ] Request (ServersWithSpecificFlavorTestJSON:test_verify_created_server_ephemeral_disk): 201 POST http://10.180.1.21/identity/v3/auth/tokens 0.074s
