2025-04-03 17:36:48.540 69655 INFO tempest.lib.common.rest_client [req-532b6ce8-3046-433b-acf0-134f136ff5e1 req-532b6ce8-3046-433b-acf0-134f136ff5e1 ] Request (MultipleCreateTestJSON:test_multiple_create_with_reservation_return): 200 GET http://10.180.1.21/compute/v2.1/servers/146a3eef-0971-4f6e-bd24-58b38a1de0ed 0.051s
2025-04-03 17:36:48.593 69621 INFO tempest.lib.common.rest_client [req-68810786-0354-423a-be15-9f653fdb27d9 req-68810786-0354-423a-be15-9f653fdb27d9 ] Request (ImagesNegativeTestJSON:test_create_image_from_deleted_server): 200 GET http://10.180.1.21/compute/v2.1/servers/e5d3df12-5334-44c8-9a44-1674e57918bb 0.051s
2025-04-03 17:36:48.679 69605 INFO tempest.lib.common.rest_client [req-f77e14d1-7544-431d-a0a9-e93f0e2fe7d7 req-f77e14d1-7544-431d-a0a9-e93f0e2fe7d7 ] Request (FloatingIPsAssociationNegativeTestJSON:tearDownClass): 200 GET http://10.180.1.21/compute/v2.1/servers/88f9f0c2-0c55-45bf-a494-8f1ee4922443 0.052s
2025-04-03 17:36:48.733 69603 INFO tempest.lib.common.rest_client [req-62e44d77-ca6a-487b-999b-c84ec9e2360a req-62e44d77-ca6a-487b-999b-c84ec9e2360a ] Request (FloatingIPsAssociationTestJSON:setUpClass): 200 GET http://10.180.1.21/compute/v2.1/servers/e92953f4-b634-4ef9-a5ad-63a886cfa007 0.164s
2025-04-03 17:36:48.743 69664 INFO tempest.lib.common.rest_client [req-e9aa337d-5f2d-448b-a082-0db6ba45c45d req-e9aa337d-5f2d-448b-a082-0db6ba45c45d ] Request (ServersAdmin275Test:tearDownClass): 200 GET http://10.180.1.21/compute/v2.1/servers/26feb2d1-ff64-4a13-af83-b6d5fe4348e1 0.057s
2025-04-03 17:36:48.752 69664 INFO tempest.common.waiters [-] State transition "ACTIVE/deleting" ==> "DELETED/None" after 5 second wait
2025-04-03 17:36:48.787 69639 INFO tempest.lib.common.rest_client [req-fc484bd8-c96d-4b92-a253-71905654de86 req-fc484bd8-c96d-4b92-a253-71905654de86 ] Request (ServerDiagnosticsV248Test:tearDownClass): 200 GET http://10.180.1.21/compute/v2.1/servers/f428f9a9-d792-4c1c-b2d4-ea066cc09d67 0.056s
2025-04-03 17:36:48.843 69651 INFO tempest.lib.common.rest_client [req-77a32e6a-e5d9-47eb-b8ef-e0a6e6fa22c8 req-77a32e6a-e5d9-47eb-b8ef-e0a6e6fa22c8 ] Request (TenantUsagesTestJSON:tearDownClass): 200 GET http://10.180.1.21/compute/v2.1/servers/7b348a95-3ab2-4112-87e3-b17504c0a302 0.062s
2025-04-03 17:36:48.864 69613 INFO tempest.lib.common.rest_client [req-589ef6f2-f399-4e31-af54-759ca50f16d3 req-589ef6f2-f399-4e31-af54-759ca50f16d3 ] Request (MigrationsAdminTest:test_list_migrations_in_flavor_resize_situation): 200 GET http://10.180.1.21/compute/v2.1/servers/d37b4f32-7ae9-46f1-8f7d-ac61fb8fd5d8 0.089s
2025-04-03 17:36:48.871 69613 INFO tempest.common.waiters [-] State transition "RESIZE/resize_prep" ==> "RESIZE/resize_migrating" after 33 second wait
2025-04-03 17:36:48.891 69617 INFO tempest.lib.common.rest_client [req-e0e67421-5b1e-4cef-8133-d4d9865b8c66 req-e0e67421-5b1e-4cef-8133-d4d9865b8c66 ] Request (ImagesOneServerNegativeTestJSON:setUpClass): 200 GET http://10.180.1.21/compute/v2.1/servers/8e3a73c1-b622-47f4-99af-71b6dba7c09b 0.067s
2025-04-03 17:36:48.909 69615 INFO tempest.lib.common.rest_client [req-a9c8667f-fb91-4b0e-80da-dce13b8e07dc req-a9c8667f-fb91-4b0e-80da-dce13b8e07dc ] Request (ListImageFiltersTestJSON:setUpClass): 200 GET http://10.180.1.21/compute/v2.1/servers/bbbfb48d-b474-4a6e-9078-336f23d2c343 0.080s
2025-04-03 17:36:48.941 69645 INFO tempest.lib.common.rest_client [req-25f33c23-2766-44a7-b991-48e10b5992c0 req-25f33c23-2766-44a7-b991-48e10b5992c0 ] Request (ServerMetadataTestJSON:setUpClass): 200 GET http://10.180.1.21/compute/v2.1/servers/b7409a67-c140-436f-9c4e-27dae259f648 0.072s
2025-04-03 17:36:48.959 69659 INFO tempest.lib.common.rest_client [req-0f0e483d-dbfd-460d-9ac0-22cbc2f277f6 req-0f0e483d-dbfd-460d-9ac0-22cbc2f277f6 ] Request (ServersNegativeTestMultiTenantJSON:setUpClass): 200 GET http://10.180.1.21/compute/v2.1/servers/c3673531-9167-4d33-b8ce-d6afa5e589bc 0.085s
2025-04-03 17:36:48.997 69661 INFO tempest.lib.common.rest_client [req-2748a00f-629a-43b3-a2e5-e6114fdf8885 req-2748a00f-629a-43b3-a2e5-e6114fdf8885 ] Request (DeleteServersAdminTestJSON:test_delete_server_while_in_error_state): 200 GET http://10.180.1.21/compute/v2.1/servers/4c54c0dd-32f1-4d35-b770-3e1a540c54a7 0.075s
2025-04-03 17:36:49.007 69611 INFO tempest.lib.common.rest_client [req-41024813-15d1-40e8-86d2-170fc71571c5 req-41024813-15d1-40e8-86d2-170fc71571c5 ] Request (ServerRescueTestJSON:setUpClass): 200 GET http://10.180.1.21/compute/v2.1/servers/15a8de08-4d20-4329-9867-53e5dff82878 0.084s
2025-04-03 17:36:49.128 69629 INFO tempest.lib.common.rest_client [req-d0e24dd1-3cf8-437c-9bbf-6ae5d81e1fe3 req-d0e24dd1-3cf8-437c-9bbf-6ae5d81e1fe3 ] Request (ImagesOneServerTestJSON:test_create_delete_image): 200 GET http://10.180.1.21/compute/v2.1/images/5565639c-8723-42da-a19f-db38009d07f6 0.036s
2025-04-03 17:36:49.243 69627 INFO tempest.lib.common.rest_client [req-b2144290-d881-497d-b137-e31982ae8dda req-b2144290-d881-497d-b137-e31982ae8dda ] Request (ServerActionsTestOtherA:setUpClass): 200 GET http://10.180.1.21/compute/v2.1/servers/b0a1441c-81e2-4131-a2ff-f5042d559d9f 0.051s
2025-04-03 17:36:49.269 69633 INFO tempest.lib.common.rest_client [req-ee6dc455-f6bb-4191-8b53-938b1c2360e6 req-ee6dc455-f6bb-4191-8b53-938b1c2360e6 ] Request (ServersAdminNegativeTestJSON:test_migrate_server_invalid_state): 200 GET http://10.180.1.21/compute/v2.1/servers/9753734d-90f0-4661-8029-ec312e88eb60 0.118s
2025-04-03 17:36:49.276 69633 INFO tempest.common.waiters [-] State transition "BUILD/None" ==> "BUILD/block_device_mapping" after 39 second wait
2025-04-03 17:36:49.298 69607 INFO tempest.lib.common.rest_client [req-afd41cea-07eb-4d6e-a63e-788f6ecde981 req-afd41cea-07eb-4d6e-a63e-788f6ecde981 ] Request (ServerExternalEventsTest:tearDownClass): 200 GET http://10.180.1.21/compute/v2.1/servers/d97dc6d5-e55f-4b9e-91e6-cfdea82f5236 0.087s
2025-04-03 17:36:49.315 69649 INFO tempest.lib.common.rest_client [req-3dc83b18-8eb6-449e-aa03-1e505d3f1daa req-3dc83b18-8eb6-449e-aa03-1e505d3f1daa ] Request (ServerDiskConfigTestJSON:test_rebuild_server_with_auto_disk_config): 200 GET http://10.180.1.21/compute/v2.1/servers/b7d6b4ef-fb86-4542-8abf-c8cb1cd71d25 0.061s
2025-04-03 17:36:49.348 69648 INFO tempest.lib.common.rest_client [req-548f97fb-15c0-4131-9247-70cb50e88f1f req-548f97fb-15c0-4131-9247-70cb50e88f1f ] Request (DeleteServersTestJSON:test_delete_active_server): 200 GET http://10.180.1.21/compute/v2.1/servers/ed10d511-dbed-4884-8ac6-f737173f62c5 0.060s
2025-04-03 17:36:49.358 69643 INFO tempest.lib.common.rest_client [req-186ff05c-8e39-4f7a-b44c-1d123ee08a62 req-186ff05c-8e39-4f7a-b44c-1d123ee08a62 ] Request (AttachVolumeNegativeTest:test_attach_attached_volume_to_different_server): 200 GET http://10.180.1.21/compute/v2.1/servers/bc9c3a41-7264-4d69-bc15-397b5fa0a8ad 0.058s
2025-04-03 17:36:49.421 69637 INFO tempest.lib.common.rest_client [req-5de89cfe-6a89-4b91-a833-2f9b8bef31a3 req-5de89cfe-6a89-4b91-a833-2f9b8bef31a3 ] Request (ServerAddressesTestJSON:tearDownClass): 200 GET http://10.180.1.21/compute/v2.1/servers/edb1a21a-6907-4198-a977-c1213e8fecc0 0.059s
2025-04-03 17:36:49.433 69653 INFO tempest.lib.common.rest_client [req-d402102d-8cf0-450d-adb5-e63f78fcedf5 req-d402102d-8cf0-450d-adb5-e63f78fcedf5 ] Request (SecurityGroupsTestJSON:test_server_security_groups): 200 GET http://10.180.1.21/compute/v2.1/servers/e1eec0ce-8df7-402a-b628-5dfdc11949e7 0.053s
2025-04-03 17:36:49.492 69625 INFO tempest.lib.common.rest_client [req-e69f4e4a-df82-42a6-88ec-c9574ee199cd req-e69f4e4a-df82-42a6-88ec-c9574ee199cd ] Request (ServerShowV257Test:test_rebuild_server): 200 GET http://10.180.1.21/compute/v2.1/servers/732342ea-2f73-40ea-a826-883ddc7a385a 0.054s
2025-04-03 17:36:49.535 69601 INFO tempest.lib.common.rest_client [req-87504b6e-5ab8-4dd1-b91e-b22d553db226 req-87504b6e-5ab8-4dd1-b91e-b22d553db226 ] Request (ServerDiagnosticsNegativeTest:test_get_server_diagnostics_by_non_admin): 200 GET http://10.180.1.21/compute/v2.1/servers/84baf472-6eb5-4c92-98eb-e35c14bca4e2 0.052s
2025-04-03 17:36:49.597 69655 INFO tempest.lib.common.rest_client [req-9f9005ee-0314-4583-bfdb-6816f2649ed9 req-9f9005ee-0314-4583-bfdb-6816f2649ed9 ] Request (MultipleCreateTestJSON:test_multiple_create_with_reservation_return): 200 GET http://10.180.1.21/compute/v2.1/servers/146a3eef-0971-4f6e-bd24-58b38a1de0ed 0.048s
2025-04-03 17:36:49.655 69621 INFO tempest.lib.common.rest_client [req-4c43fc57-18a0-4301-8114-b5e746eb87cd req-4c43fc57-18a0-4301-8114-b5e746eb87cd ] Request (ImagesNegativeTestJSON:test_create_image_from_deleted_server): 200 GET http://10.180.1.21/compute/v2.1/servers/e5d3df12-5334-44c8-9a44-1674e57918bb 0.055s
2025-04-03 17:36:49.747 69605 INFO tempest.lib.common.rest_client [req-1074a235-7623-48e4-9db3-6b495e4e21bd req-1074a235-7623-48e4-9db3-6b495e4e21bd ] Request (FloatingIPsAssociationNegativeTestJSON:tearDownClass): 200 GET http://10.180.1.21/compute/v2.1/servers/88f9f0c2-0c55-45bf-a494-8f1ee4922443 0.060s
2025-04-03 17:36:49.818 69664 INFO tempest.lib.common.rest_client [req-894d1d22-ed01-45cd-9a1b-dbc52975a5cf req-894d1d22-ed01-45cd-9a1b-dbc52975a5cf ] Request (ServersAdmin275Test:tearDownClass): 200 GET http://10.180.1.21/compute/v2.1/servers/26feb2d1-ff64-4a13-af83-b6d5fe4348e1 0.064s
2025-04-03 17:36:49.833 69603 INFO tempest.lib.common.rest_client [req-c42f8902-332f-421a-bfc4-10b350b51f5d req-c42f8902-332f-421a-bfc4-10b350b51f5d ] Request (FloatingIPsAssociationTestJSON:setUpClass): 200 GET http://10.180.1.21/compute/v2.1/servers/e92953f4-b634-4ef9-a5ad-63a886cfa007 0.093s
2025-04-03 17:36:49.865 69639 INFO tempest.lib.common.rest_client [req-4d93ce41-9aa5-43bd-b376-845888ebe5b6 req-4d93ce41-9aa5-43bd-b376-845888ebe5b6 ] Request (ServerDiagnosticsV248Test:tearDownClass): 200 GET http://10.180.1.21/compute/v2.1/servers/f428f9a9-d792-4c1c-b2d4-ea066cc09d67 0.068s
2025-04-03 17:36:49.911 69651 INFO tempest.lib.common.rest_client [req-7016e2a9-36cd-4080-8ccd-4e21e8619cf4 req-7016e2a9-36cd-4080-8ccd-4e21e8619cf4 ] Request (TenantUsagesTestJSON:tearDownClass): 200 GET http://10.180.1.21/compute/v2.1/servers/7b348a95-3ab2-4112-87e3-b17504c0a302 0.060s
2025-04-03 17:36:49.959 69617 INFO tempest.lib.common.rest_client [req-8bc2ec17-fdee-40cc-a023-cd3991051cc7 req-8bc2ec17-fdee-40cc-a023-cd3991051cc7 ] Request (ImagesOneServerNegativeTestJSON:setUpClass): 200 GET http://10.180.1.21/compute/v2.1/servers/8e3a73c1-b622-47f4-99af-71b6dba7c09b 0.059s
2025-04-03 17:36:49.980 69613 INFO tempest.lib.common.rest_client [req-855f3fe7-6f23-490e-b5d9-50fa097ab8da req-855f3fe7-6f23-490e-b5d9-50fa097ab8da ] Request (MigrationsAdminTest:test_list_migrations_in_flavor_resize_situation): 200 GET http://10.180.1.21/compute/v2.1/servers/d37b4f32-7ae9-46f1-8f7d-ac61fb8fd5d8 0.108s
2025-04-03 17:36:50.007 69615 INFO tempest.lib.common.rest_client [req-9a28c3ed-a5ea-4d13-93cc-4d41468ac65f req-9a28c3ed-a5ea-4d13-93cc-4d41468ac65f ] Request (ListImageFiltersTestJSON:setUpClass): 200 GET http://10.180.1.21/compute/v2.1/servers/bbbfb48d-b474-4a6e-9078-336f23d2c343 0.089s
2025-04-03 17:36:50.032 69645 INFO tempest.lib.common.rest_client [req-1f75fe4c-8deb-45f4-9bda-a4ff64ebc6ae req-1f75fe4c-8deb-45f4-9bda-a4ff64ebc6ae ] Request (ServerMetadataTestJSON:setUpClass): 200 GET http://10.180.1.21/compute/v2.1/servers/b7409a67-c140-436f-9c4e-27dae259f648 0.082s
2025-04-03 17:36:50.062 69659 INFO tempest.lib.common.rest_client [req-20dcdcfb-384c-4c87-9839-04e403e87093 req-20dcdcfb-384c-4c87-9839-04e403e87093 ] Request (ServersNegativeTestMultiTenantJSON:setUpClass): 200 GET http://10.180.1.21/compute/v2.1/servers/c3673531-9167-4d33-b8ce-d6afa5e589bc 0.095s
2025-04-03 17:36:50.082 69661 INFO tempest.lib.common.rest_client [req-fb6e1df0-9b28-40a1-a4df-dbc669280ad7 req-fb6e1df0-9b28-40a1-a4df-dbc669280ad7 ] Request (DeleteServersAdminTestJSON:test_delete_server_while_in_error_state): 200 GET http://10.180.1.21/compute/v2.1/servers/4c54c0dd-32f1-4d35-b770-3e1a540c54a7 0.078s
2025-04-03 17:36:50.113 69611 INFO tempest.lib.common.rest_client [req-39966543-d71c-409d-a5de-23f0b08c3479 req-39966543-d71c-409d-a5de-23f0b08c3479 ] Request (ServerRescueTestJSON:setUpClass): 200 GET http://10.180.1.21/compute/v2.1/servers/15a8de08-4d20-4329-9867-53e5dff82878 0.097s
2025-04-03 17:36:50.171 69629 INFO tempest.lib.common.rest_client [req-3958d59e-ff20-4ddf-b8c5-69c013a55830 req-3958d59e-ff20-4ddf-b8c5-69c013a55830 ] Request (ImagesOneServerTestJSON:test_create_delete_image): 200 GET http://10.180.1.21/compute/v2.1/images/5565639c-8723-42da-a19f-db38009d07f6 0.039s
2025-04-03 17:36:50.308 69627 INFO tempest.lib.common.rest_client [req-ac9474a4-267a-425f-99a6-d1b42ca1800b req-ac9474a4-267a-425f-99a6-d1b42ca1800b ] Request (ServerActionsTestOtherA:setUpClass): 200 GET http://10.180.1.21/compute/v2.1/servers/b0a1441c-81e2-4131-a2ff-f5042d559d9f 0.057s
2025-04-03 17:36:50.360 69607 INFO tempest.lib.common.rest_client [req-d3d28694-4768-4a06-84ad-4004e77a806f req-d3d28694-4768-4a06-84ad-4004e77a806f ] Request (ServerExternalEventsTest:tearDownClass): 200 GET http://10.180.1.21/compute/v2.1/servers/d97dc6d5-e55f-4b9e-91e6-cfdea82f5236 0.054s
2025-04-03 17:36:50.381 69633 INFO tempest.lib.common.rest_client [req-80b9ebe6-4fce-44f6-9f72-0ea5b1da491c req-80b9ebe6-4fce-44f6-9f72-0ea5b1da491c ] Request (ServersAdminNegativeTestJSON:test_migrate_server_invalid_state): 200 GET http://10.180.1.21/compute/v2.1/servers/9753734d-90f0-4661-8029-ec312e88eb60 0.104s
2025-04-03 17:36:50.391 69633 INFO tempest.common.waiters [-] State transition "BUILD/block_device_mapping" ==> "BUILD/spawning" after 40 second wait
2025-04-03 17:36:50.409 69649 INFO tempest.lib.common.rest_client [req-3b4172cd-7031-4378-93dd-821cecacd6df req-3b4172cd-7031-4378-93dd-821cecacd6df ] Request (ServerDiskConfigTestJSON:test_rebuild_server_with_auto_disk_config): 200 GET http://10.180.1.21/compute/v2.1/servers/b7d6b4ef-fb86-4542-8abf-c8cb1cd71d25 0.085s
2025-04-03 17:36:50.449 69648 INFO tempest.lib.common.rest_client [req-fbaae0d8-9a8a-4039-9a0f-6fa350ca08af req-fbaae0d8-9a8a-4039-9a0f-6fa350ca08af ] Request (DeleteServersTestJSON:test_delete_active_server): 200 GET http://10.180.1.21/compute/v2.1/servers/ed10d511-dbed-4884-8ac6-f737173f62c5 0.091s
2025-04-03 17:36:50.454 69643 INFO tempest.lib.common.rest_client [req-818ab294-77a0-4950-ab4c-f4ecf06a5974 req-818ab294-77a0-4950-ab4c-f4ecf06a5974 ] Request (AttachVolumeNegativeTest:test_attach_attached_volume_to_different_server): 200 GET http://10.180.1.21/compute/v2.1/servers/bc9c3a41-7264-4d69-bc15-397b5fa0a8ad 0.087s
2025-04-03 17:36:50.517 69637 INFO tempest.lib.common.rest_client [req-309db6da-73d2-4cba-9853-020e2eec3533 req-309db6da-73d2-4cba-9853-020e2eec3533 ] Request (ServerAddressesTestJSON:tearDownClass): 200 GET http://10.180.1.21/compute/v2.1/servers/edb1a21a-6907-4198-a977-c1213e8fecc0 0.087s
2025-04-03 17:36:50.522 69653 INFO tempest.lib.common.rest_client [req-616632d9-dbbe-40dc-9082-fc68afa138bc req-616632d9-dbbe-40dc-9082-fc68afa138bc ] Request (SecurityGroupsTestJSON:test_server_security_groups): 200 GET http://10.180.1.21/compute/v2.1/servers/e1eec0ce-8df7-402a-b628-5dfdc11949e7 0.079s
2025-04-03 17:36:50.575 69625 INFO tempest.lib.common.rest_client [req-ddcee9f4-f3d8-4e2c-aa5b-123dc469c3a8 req-ddcee9f4-f3d8-4e2c-aa5b-123dc469c3a8 ] Request (ServerShowV257Test:test_rebuild_server): 200 GET http://10.180.1.21/compute/v2.1/servers/732342ea-2f73-40ea-a826-883ddc7a385a 0.072s
2025-04-03 17:36:50.594 69601 INFO tempest.lib.common.rest_client [req-c16e38df-0232-42f8-a6c2-57ce18ec8da0 req-c16e38df-0232-42f8-a6c2-57ce18ec8da0 ] Request (ServerDiagnosticsNegativeTest:test_get_server_diagnostics_by_non_admin): 200 GET http://10.180.1.21/compute/v2.1/servers/84baf472-6eb5-4c92-98eb-e35c14bca4e2 0.050s
2025-04-03 17:36:50.651 69655 INFO tempest.lib.common.rest_client [req-f7fd4100-fbbf-4e79-ad9f-6f87c36e03fb req-f7fd4100-fbbf-4e79-ad9f-6f87c36e03fb ] Request (MultipleCreateTestJSON:test_multiple_create_with_reservation_return): 200 GET http://10.180.1.21/compute/v2.1/servers/146a3eef-0971-4f6e-bd24-58b38a1de0ed 0.046s
2025-04-03 17:36:50.710 69621 INFO tempest.lib.common.rest_client [req-ca1f5dd9-6770-4d52-8f76-e2e7528c5860 req-ca1f5dd9-6770-4d52-8f76-e2e7528c5860 ] Request (ImagesNegativeTestJSON:test_create_image_from_deleted_server): 200 GET http://10.180.1.21/compute/v2.1/servers/e5d3df12-5334-44c8-9a44-1674e57918bb 0.048s
2025-04-03 17:36:50.807 69605 INFO tempest.lib.common.rest_client [req-563848be-0742-4323-975a-63ebe3d16fd1 req-563848be-0742-4323-975a-63ebe3d16fd1 ] Request (FloatingIPsAssociationNegativeTestJSON:tearDownClass): 200 GET http://10.180.1.21/compute/v2.1/servers/88f9f0c2-0c55-45bf-a494-8f1ee4922443 0.053s
2025-04-03 17:36:50.893 69664 INFO tempest.lib.common.rest_client [req-e91aa53c-4907-4918-ad02-58b8fa9f6e6d req-e91aa53c-4907-4918-ad02-58b8fa9f6e6d ] Request (ServersAdmin275Test:tearDownClass): 200 GET http://10.180.1.21/compute/v2.1/servers/26feb2d1-ff64-4a13-af83-b6d5fe4348e1 0.064s
2025-04-03 17:36:50.953 69639 INFO tempest.lib.common.rest_client [req-ce110d83-1440-485f-853d-d7518d9fda52 req-ce110d83-1440-485f-853d-d7518d9fda52 ] Request (ServerDiagnosticsV248Test:tearDownClass): 200 GET http://10.180.1.21/compute/v2.1/servers/f428f9a9-d792-4c1c-b2d4-ea066cc09d67 0.079s
2025-04-03 17:36:50.958 69603 INFO tempest.lib.common.rest_client [req-ce6fa724-0a3a-476c-afb7-ba887959dec5 req-ce6fa724-0a3a-476c-afb7-ba887959dec5 ] Request (FloatingIPsAssociationTestJSON:setUpClass): 200 GET http://10.180.1.21/compute/v2.1/servers/e92953f4-b634-4ef9-a5ad-63a886cfa007 0.117s
2025-04-03 17:36:50.962 69639 INFO tempest.common.waiters [-] State transition "ACTIVE/deleting" ==> "DELETED/None" after 4 second wait
2025-04-03 17:36:50.965 69603 INFO tempest.common.waiters [-] State transition "BUILD/spawning" ==> "ACTIVE/None" after 40 second wait
2025-04-03 17:36:51.005 69651 INFO tempest.lib.common.rest_client [req-78f38ef4-16d8-4d51-a924-8366afc9660b req-78f38ef4-16d8-4d51-a924-8366afc9660b ] Request (TenantUsagesTestJSON:tearDownClass): 200 GET http://10.180.1.21/compute/v2.1/servers/7b348a95-3ab2-4112-87e3-b17504c0a302 0.085s
2025-04-03 17:36:51.057 69617 INFO tempest.lib.common.rest_client [req-48ff0db2-0fd8-4ab3-93a2-a343499d49d9 req-48ff0db2-0fd8-4ab3-93a2-a343499d49d9 ] Request (ImagesOneServerNegativeTestJSON:setUpClass): 200 GET http://10.180.1.21/compute/v2.1/servers/8e3a73c1-b622-47f4-99af-71b6dba7c09b 0.089s
2025-04-03 17:36:51.162 69613 INFO tempest.lib.common.rest_client [req-4814b0d8-bee5-4bf5-a828-5ddfd69442b9 req-4814b0d8-bee5-4bf5-a828-5ddfd69442b9 ] Request (MigrationsAdminTest:test_list_migrations_in_flavor_resize_situation): 200 GET http://10.180.1.21/compute/v2.1/servers/d37b4f32-7ae9-46f1-8f7d-ac61fb8fd5d8 0.174s
2025-04-03 17:36:51.226 69615 INFO tempest.lib.common.rest_client [req-e461a3d5-0bba-4215-9007-aa88650d9715 req-e461a3d5-0bba-4215-9007-aa88650d9715 ] Request (ListImageFiltersTestJSON:setUpClass): 200 GET http://10.180.1.21/compute/v2.1/servers/bbbfb48d-b474-4a6e-9078-336f23d2c343 0.211s
2025-04-03 17:36:51.283 69645 INFO tempest.lib.common.rest_client [req-111019bc-5dcb-4fb4-8737-1347eb71ed17 req-111019bc-5dcb-4fb4-8737-1347eb71ed17 ] Request (ServerMetadataTestJSON:setUpClass): 200 GET http://10.180.1.21/compute/v2.1/servers/b7409a67-c140-436f-9c4e-27dae259f648 0.244s
2025-04-03 17:36:51.338 69659 INFO tempest.lib.common.rest_client [req-79e35b1f-080d-427f-a57a-19559244d367 req-79e35b1f-080d-427f-a57a-19559244d367 ] Request (ServersNegativeTestMultiTenantJSON:setUpClass): 200 GET http://10.180.1.21/compute/v2.1/servers/c3673531-9167-4d33-b8ce-d6afa5e589bc 0.268s
2025-04-03 17:36:51.394 69661 INFO tempest.lib.common.rest_client [req-74eb7738-2305-409c-834c-23284a65ef1a req-74eb7738-2305-409c-834c-23284a65ef1a ] Request (DeleteServersAdminTestJSON:test_delete_server_while_in_error_state): 200 GET http://10.180.1.21/compute/v2.1/servers/4c54c0dd-32f1-4d35-b770-3e1a540c54a7 0.305s
2025-04-03 17:36:51.450 69603 INFO tempest.lib.common.rest_client [req-a45ff411-339f-44da-a326-fa162aba27c6 req-a45ff411-339f-44da-a326-fa162aba27c6 ] Request (FloatingIPsAssociationTestJSON:setUpClass): 200 POST http://10.180.1.21/compute/v2.1/os-floating-ips 0.484s
2025-04-03 17:36:51.454 69611 INFO tempest.lib.common.rest_client [req-4eca9718-88f1-4414-84a7-d11f367f7d3a req-4eca9718-88f1-4414-84a7-d11f367f7d3a ] Request (ServerRescueTestJSON:setUpClass): 200 GET http://10.180.1.21/compute/v2.1/servers/15a8de08-4d20-4329-9867-53e5dff82878 0.334s
2025-04-03 17:36:51.463 69611 INFO tempest.common.waiters [-] State transition "BUILD/None" ==> "BUILD/networking" after 41 second wait
2025-04-03 17:36:51.493 69629 INFO tempest.lib.common.rest_client [req-e4a8b9dc-8a2b-41e8-a7b5-61ebb78be1bb req-e4a8b9dc-8a2b-41e8-a7b5-61ebb78be1bb ] Request (ImagesOneServerTestJSON:test_create_delete_image): 200 GET http://10.180.1.21/compute/v2.1/images/5565639c-8723-42da-a19f-db38009d07f6 0.317s
2025-04-03 17:36:51.516 69627 INFO tempest.lib.common.rest_client [req-e5001061-3107-4170-83fa-f57b4996c2f3 req-e5001061-3107-4170-83fa-f57b4996c2f3 ] Request (ServerActionsTestOtherA:setUpClass): 200 GET http://10.180.1.21/compute/v2.1/servers/b0a1441c-81e2-4131-a2ff-f5042d559d9f 0.200s
2025-04-03 17:36:51.548 69603 INFO tempest.lib.common.rest_client [req-08f2fdd4-a22f-42e7-88e1-2f744dd363f6 req-08f2fdd4-a22f-42e7-88e1-2f744dd363f6 ] Request (FloatingIPsAssociationTestJSON:test_associate_already_associated_floating_ip): 201 POST http://10.180.1.21/identity/v3/auth/tokens 0.088s
2025-04-03 17:36:51.548 69603 INFO tempest.lib.common.fixed_network [-] (FloatingIPsAssociationTestJSON:test_associate_already_associated_floating_ip) Found network {'id': '2060ab72-61b3-4aea-bcdd-0b8a76a11fc7', 'name': 'tempest-FloatingIPsAssociationTestJSON-1995944610-network', 'tenant_id': '65edf1e9f4344038878d05021bbdef78', 'admin_state_up': True, 'mtu': 8950, 'status': 'ACTIVE', 'subnets': [], 'shared': False, 'project_id': '65edf1e9f4344038878d05021bbdef78', 'port_security_enabled': True, 'router:external': False, 'provider:network_type': 'vlan', 'provider:physical_network': 'default', 'provider:segmentation_id': 749, 'availability_zone_hints': [], 'availability_zones': [], 'ipv4_address_scope': None, 'ipv6_address_scope': None, 'description': '', 'tags': [], 'created_at': '2025-04-03T17:35:59Z', 'updated_at': '2025-04-03T17:35:59Z', 'revision_number': 1} available for tenant
2025-04-03 17:36:51.589 69607 INFO tempest.lib.common.rest_client [req-74895558-3bf2-4659-8c24-0a6c9027791f req-74895558-3bf2-4659-8c24-0a6c9027791f ] Request (ServerExternalEventsTest:tearDownClass): 200 GET http://10.180.1.21/compute/v2.1/servers/d97dc6d5-e55f-4b9e-91e6-cfdea82f5236 0.220s
2025-04-03 17:36:51.657 69633 INFO tempest.lib.common.rest_client [req-c997f971-32d5-4438-985b-39218509971e req-c997f971-32d5-4438-985b-39218509971e ] Request (ServersAdminNegativeTestJSON:test_migrate_server_invalid_state): 200 GET http://10.180.1.21/compute/v2.1/servers/9753734d-90f0-4661-8029-ec312e88eb60 0.265s
2025-04-03 17:36:51.675 69649 INFO tempest.lib.common.rest_client [req-b376e8ab-f6fe-4a15-9e84-2f8644e1b42b req-b376e8ab-f6fe-4a15-9e84-2f8644e1b42b ] Request (ServerDiskConfigTestJSON:test_rebuild_server_with_auto_disk_config): 200 GET http://10.180.1.21/compute/v2.1/servers/b7d6b4ef-fb86-4542-8abf-c8cb1cd71d25 0.258s
2025-04-03 17:36:51.685 69649 INFO tempest.common.waiters [-] State transition "BUILD/scheduling" ==> "BUILD/None" after 17 second wait
2025-04-03 17:36:51.746 69643 INFO tempest.lib.common.rest_client [req-9642d96f-daa3-4f04-b1c8-99a07f2ce087 req-9642d96f-daa3-4f04-b1c8-99a07f2ce087 ] Request (AttachVolumeNegativeTest:test_attach_attached_volume_to_different_server): 200 GET http://10.180.1.21/compute/v2.1/servers/bc9c3a41-7264-4d69-bc15-397b5fa0a8ad 0.281s
2025-04-03 17:36:51.752 69657 WARNING tempest.lib.common.ssh [-] Failed to establish authenticated ssh connection to cirros@10.180.180.135 ([Errno None] Unable to connect to port 22 on 10.180.180.135). Number attempts: 1. Retry after 2 seconds.: paramiko.ssh_exception.NoValidConnectionsError: [Errno None] Unable to connect to port 22 on 10.180.180.135
2025-04-03 17:36:51.805 69637 INFO tempest.lib.common.rest_client [req-e32bde1a-e180-4a99-b0f5-0eb814a23fae req-e32bde1a-e180-4a99-b0f5-0eb814a23fae ] Request (ServerAddressesTestJSON:tearDownClass): 200 GET http://10.180.1.21/compute/v2.1/servers/edb1a21a-6907-4198-a977-c1213e8fecc0 0.278s
2025-04-03 17:36:51.865 69653 INFO tempest.lib.common.rest_client [req-b5bd9d67-88fb-45f6-bf91-a9d7569918cb req-b5bd9d67-88fb-45f6-bf91-a9d7569918cb ] Request (SecurityGroupsTestJSON:test_server_security_groups): 200 GET http://10.180.1.21/compute/v2.1/servers/e1eec0ce-8df7-402a-b628-5dfdc11949e7 0.335s
2025-04-03 17:36:51.934 69648 INFO tempest.lib.common.rest_client [req-9db50000-9ffe-4920-ab5b-099f6c56b295 req-9db50000-9ffe-4920-ab5b-099f6c56b295 ] Request (DeleteServersTestJSON:test_delete_active_server): 200 GET http://10.180.1.21/compute/v2.1/servers/ed10d511-dbed-4884-8ac6-f737173f62c5 0.476s
2025-04-03 17:36:51.941 69609 WARNING tempest.lib.common.ssh [-] Failed to establish authenticated ssh connection to cirros@10.180.180.162 ([Errno None] Unable to connect to port 22 on 10.180.180.162). Number attempts: 3. Retry after 4 seconds.: paramiko.ssh_exception.NoValidConnectionsError: [Errno None] Unable to connect to port 22 on 10.180.180.162
2025-04-03 17:36:51.994 69625 INFO tempest.lib.common.rest_client [req-4c5510a8-5dbd-494c-9442-dcbccf3a50fc req-4c5510a8-5dbd-494c-9442-dcbccf3a50fc ] Request (ServerShowV257Test:test_rebuild_server): 200 GET http://10.180.1.21/compute/v2.1/servers/732342ea-2f73-40ea-a826-883ddc7a385a 0.405s
2025-04-03 17:36:52.048 69601 INFO tempest.lib.common.rest_client [req-baa7551c-e595-4a6d-aa98-be9f1e12a264 req-baa7551c-e595-4a6d-aa98-be9f1e12a264 ] Request (ServerDiagnosticsNegativeTest:test_get_server_diagnostics_by_non_admin): 200 GET http://10.180.1.21/compute/v2.1/servers/84baf472-6eb5-4c92-98eb-e35c14bca4e2 0.446s
2025-04-03 17:36:52.098 69655 INFO tempest.lib.common.rest_client [req-640045e5-1108-4c84-914c-cb2e80e89e59 req-640045e5-1108-4c84-914c-cb2e80e89e59 ] Request (MultipleCreateTestJSON:test_multiple_create_with_reservation_return): 200 GET http://10.180.1.21/compute/v2.1/servers/146a3eef-0971-4f6e-bd24-58b38a1de0ed 0.439s
2025-04-03 17:36:52.157 69621 INFO tempest.lib.common.rest_client [req-c0f87a09-3c43-4f7b-b429-7cd2d534e807 req-c0f87a09-3c43-4f7b-b429-7cd2d534e807 ] Request (ImagesNegativeTestJSON:test_create_image_from_deleted_server): 200 GET http://10.180.1.21/compute/v2.1/servers/e5d3df12-5334-44c8-9a44-1674e57918bb 0.438s
2025-04-03 17:36:52.187 69603 INFO tempest.lib.common.rest_client [req-4a447071-b6fc-4af0-8ce5-82e79c290b4f req-4a447071-b6fc-4af0-8ce5-82e79c290b4f ] Request (FloatingIPsAssociationTestJSON:test_associate_already_associated_floating_ip): 202 POST http://10.180.1.21/compute/v2.1/servers 0.638s
2025-04-03 17:36:52.237 69605 INFO tempest.lib.common.rest_client [req-9d5dbbde-1e48-40a3-9ec1-086b21085ece req-9d5dbbde-1e48-40a3-9ec1-086b21085ece ] Request (FloatingIPsAssociationNegativeTestJSON:tearDownClass): 200 GET http://10.180.1.21/compute/v2.1/servers/88f9f0c2-0c55-45bf-a494-8f1ee4922443 0.422s
2025-04-03 17:36:52.262 69664 INFO tempest.lib.common.rest_client [req-c0f00291-6ec1-440f-8f33-51a11d9d89b7 req-c0f00291-6ec1-440f-8f33-51a11d9d89b7 ] Request (ServersAdmin275Test:tearDownClass): 200 GET http://10.180.1.21/compute/v2.1/servers/26feb2d1-ff64-4a13-af83-b6d5fe4348e1 0.359s
2025-04-03 17:36:52.294 69639 INFO tempest.lib.common.rest_client [req-1389748b-f529-4f96-999f-089782c530c0 req-1389748b-f529-4f96-999f-089782c530c0 ] Request (ServerDiagnosticsV248Test:tearDownClass): 200 GET http://10.180.1.21/compute/v2.1/servers/f428f9a9-d792-4c1c-b2d4-ea066cc09d67 0.331s
2025-04-03 17:36:52.318 69651 INFO tempest.lib.common.rest_client [req-286e6997-9367-4bca-8b87-29170dbf1cf5 req-286e6997-9367-4bca-8b87-29170dbf1cf5 ] Request (TenantUsagesTestJSON:tearDownClass): 200 GET http://10.180.1.21/compute/v2.1/servers/7b348a95-3ab2-4112-87e3-b17504c0a302 0.304s
2025-04-03 17:36:52.346 69617 INFO tempest.lib.common.rest_client [req-6025f827-4805-4b9d-ae29-b21c5378403c req-6025f827-4805-4b9d-ae29-b21c5378403c ] Request (ImagesOneServerNegativeTestJSON:setUpClass): 200 GET http://10.180.1.21/compute/v2.1/servers/8e3a73c1-b622-47f4-99af-71b6dba7c09b 0.281s
2025-04-03 17:36:52.384 69603 INFO tempest.lib.common.rest_client [req-11138a30-3906-46c2-930b-7df28a9c5e4e req-11138a30-3906-46c2-930b-7df28a9c5e4e ] Request (FloatingIPsAssociationTestJSON:test_associate_already_associated_floating_ip): 200 GET http://10.180.1.21/compute/v2.1/servers/3923403b-2e8f-4033-89ee-9a907aff1d49 0.196s
2025-04-03 17:36:52.431 69615 INFO tempest.lib.common.rest_client [req-cab74f8e-f71c-4d4b-9551-b2d56ed68cae req-cab74f8e-f71c-4d4b-9551-b2d56ed68cae ] Request (ListImageFiltersTestJSON:setUpClass): 200 GET http://10.180.1.21/compute/v2.1/servers/bbbfb48d-b474-4a6e-9078-336f23d2c343 0.197s
2025-04-03 17:36:52.449 69613 INFO tempest.lib.common.rest_client [req-c5907579-d801-410f-b299-b519b3232c39 req-c5907579-d801-410f-b299-b519b3232c39 ] Request (MigrationsAdminTest:test_list_migrations_in_flavor_resize_situation): 200 GET http://10.180.1.21/compute/v2.1/servers/d37b4f32-7ae9-46f1-8f7d-ac61fb8fd5d8 0.277s
2025-04-03 17:36:52.484 69645 INFO tempest.lib.common.rest_client [req-0a42be21-26b1-46bc-a140-3efc666853d4 req-0a42be21-26b1-46bc-a140-3efc666853d4 ] Request (ServerMetadataTestJSON:setUpClass): 200 GET http://10.180.1.21/compute/v2.1/servers/b7409a67-c140-436f-9c4e-27dae259f648 0.192s
2025-04-03 17:36:52.501 69659 INFO tempest.lib.common.rest_client [req-093b8a22-8d05-4f7a-8307-32c6e50c51c7 req-093b8a22-8d05-4f7a-8307-32c6e50c51c7 ] Request (ServersNegativeTestMultiTenantJSON:setUpClass): 200 GET http://10.180.1.21/compute/v2.1/servers/c3673531-9167-4d33-b8ce-d6afa5e589bc 0.154s
2025-04-03 17:36:52.539 69661 INFO tempest.lib.common.rest_client [req-e8d3634c-7e60-4fec-8829-4bf4123de8df req-e8d3634c-7e60-4fec-8829-4bf4123de8df ] Request (DeleteServersAdminTestJSON:test_delete_server_while_in_error_state): 200 GET http://10.180.1.21/compute/v2.1/servers/4c54c0dd-32f1-4d35-b770-3e1a540c54a7 0.135s
2025-04-03 17:36:52.599 69629 INFO tempest.lib.common.rest_client [req-3e947d8f-ea6f-4688-883b-bc48d47b305b req-3e947d8f-ea6f-4688-883b-bc48d47b305b ] Request (ImagesOneServerTestJSON:test_create_delete_image): 200 GET http://10.180.1.21/compute/v2.1/images/5565639c-8723-42da-a19f-db38009d07f6 0.100s
2025-04-03 17:36:52.619 69611 INFO tempest.lib.common.rest_client [req-d04d0ab3-3c4e-478b-8ab9-86bda9e56386 req-d04d0ab3-3c4e-478b-8ab9-86bda9e56386 ] Request (ServerRescueTestJSON:setUpClass): 200 GET http://10.180.1.21/compute/v2.1/servers/15a8de08-4d20-4329-9867-53e5dff82878 0.155s
2025-04-03 17:36:52.627 69611 INFO tempest.common.waiters [-] State transition "BUILD/networking" ==> "BUILD/spawning" after 42 second wait
2025-04-03 17:36:52.650 69627 INFO tempest.lib.common.rest_client [req-97a27358-71c1-46b6-8280-a71ee2b45bd8 req-97a27358-71c1-46b6-8280-a71ee2b45bd8 ] Request (ServerActionsTestOtherA:setUpClass): 200 GET http://10.180.1.21/compute/v2.1/servers/b0a1441c-81e2-4131-a2ff-f5042d559d9f 0.125s
2025-04-03 17:36:52.681 69607 INFO tempest.lib.common.rest_client [req-e89770a3-9f9f-4c08-8b0d-b497ed1ff8f2 req-e89770a3-9f9f-4c08-8b0d-b497ed1ff8f2 ] Request (ServerExternalEventsTest:tearDownClass): 200 GET http://10.180.1.21/compute/v2.1/servers/d97dc6d5-e55f-4b9e-91e6-cfdea82f5236 0.081s
2025-04-03 17:36:52.748 69649 INFO tempest.lib.common.rest_client [req-41d7c6e2-7958-4bf2-adaf-594d7371d652 req-41d7c6e2-7958-4bf2-adaf-594d7371d652 ] Request (ServerDiskConfigTestJSON:test_rebuild_server_with_auto_disk_config): 200 GET http://10.180.1.21/compute/v2.1/servers/b7d6b4ef-fb86-4542-8abf-c8cb1cd71d25 0.062s
2025-04-03 17:36:52.831 69643 INFO tempest.lib.common.rest_client [req-9a20e246-4167-48c1-b371-5efc4f0ffed5 req-9a20e246-4167-48c1-b371-5efc4f0ffed5 ] Request (AttachVolumeNegativeTest:test_attach_attached_volume_to_different_server): 200 GET http://10.180.1.21/compute/v2.1/servers/bc9c3a41-7264-4d69-bc15-397b5fa0a8ad 0.073s
2025-04-03 17:36:52.837 69633 INFO tempest.lib.common.rest_client [req-9834ddbb-7da5-4918-8b7b-4ccdadf41136 req-9834ddbb-7da5-4918-8b7b-4ccdadf41136 ] Request (ServersAdminNegativeTestJSON:test_migrate_server_invalid_state): 200 GET http://10.180.1.21/compute/v2.1/servers/9753734d-90f0-4661-8029-ec312e88eb60 0.170s
2025-04-03 17:36:52.895 69637 INFO tempest.lib.common.rest_client [req-85b23862-4c37-44c1-b74e-3fc28556f09e req-85b23862-4c37-44c1-b74e-3fc28556f09e ] Request (ServerAddressesTestJSON:tearDownClass): 200 GET http://10.180.1.21/compute/v2.1/servers/edb1a21a-6907-4198-a977-c1213e8fecc0 0.081s
2025-04-03 17:36:52.938 69653 INFO tempest.lib.common.rest_client [req-ee44ed22-02d5-4b1d-9d6d-c0e6ca748d46 req-ee44ed22-02d5-4b1d-9d6d-c0e6ca748d46 ] Request (SecurityGroupsTestJSON:test_server_security_groups): 200 GET http://10.180.1.21/compute/v2.1/servers/e1eec0ce-8df7-402a-b628-5dfdc11949e7 0.057s
2025-04-03 17:36:52.972 69648 INFO tempest.lib.common.rest_client [req-88e165e7-3e0a-4e75-beb5-41ddadd3af3c req-88e165e7-3e0a-4e75-beb5-41ddadd3af3c ] Request (DeleteServersTestJSON:test_delete_active_server): 404 GET http://10.180.1.21/compute/v2.1/servers/ed10d511-dbed-4884-8ac6-f737173f62c5 0.023s
2025-04-03 17:36:53.044 69648 INFO tempest.lib.common.rest_client [req-4deda9cc-5cce-4a81-b647-7996b739870a req-4deda9cc-5cce-4a81-b647-7996b739870a ] Request (DeleteServersTestJSON:test_delete_server_while_in_attached_volume): 201 POST http://10.180.1.21/identity/v3/auth/tokens 0.068s
2025-04-03 17:36:53.045 69648 INFO tempest.lib.common.fixed_network [-] (DeleteServersTestJSON:test_delete_server_while_in_attached_volume) Found network {'id': '620f277d-ca49-41da-83a0-afb8c393e26e', 'name': 'tempest-DeleteServersTestJSON-1223326239-network', 'tenant_id': 'cdc479a290524130b9d17e627a64b65a', 'admin_state_up': True, 'mtu': 8950, 'status': 'ACTIVE', 'subnets': [], 'shared': False, 'project_id': 'cdc479a290524130b9d17e627a64b65a', 'port_security_enabled': True, 'router:external': False, 'provider:network_type': 'vlan', 'provider:physical_network': 'default', 'provider:segmentation_id': 811, 'availability_zone_hints': [], 'availability_zones': [], 'ipv4_address_scope': None, 'ipv6_address_scope': None, 'description': '', 'tags': [], 'created_at': '2025-04-03T17:35:39Z', 'updated_at': '2025-04-03T17:35:39Z', 'revision_number': 1} available for tenant
2025-04-03 17:36:53.066 69625 INFO tempest.lib.common.rest_client [req-870d70b1-d088-4b36-bd26-245e06851934 req-870d70b1-d088-4b36-bd26-245e06851934 ] Request (ServerShowV257Test:test_rebuild_server): 200 GET http://10.180.1.21/compute/v2.1/servers/732342ea-2f73-40ea-a826-883ddc7a385a 0.061s
2025-04-03 17:36:53.114 69601 INFO tempest.lib.common.rest_client [req-e1435c84-75a2-4d4a-bcbe-df0d82e7cbd6 req-e1435c84-75a2-4d4a-bcbe-df0d82e7cbd6 ] Request (ServerDiagnosticsNegativeTest:test_get_server_diagnostics_by_non_admin): 200 GET http://10.180.1.21/compute/v2.1/servers/84baf472-6eb5-4c92-98eb-e35c14bca4e2 0.058s
2025-04-03 17:36:53.163 69655 INFO tempest.lib.common.rest_client [req-5925bd8c-74cb-413d-958e-065c5bf53b17 req-5925bd8c-74cb-413d-958e-065c5bf53b17 ] Request (MultipleCreateTestJSON:test_multiple_create_with_reservation_return): 200 GET http://10.180.1.21/compute/v2.1/servers/146a3eef-0971-4f6e-bd24-58b38a1de0ed 0.056s
2025-04-03 17:36:53.223 69621 INFO tempest.lib.common.rest_client [req-65ef1055-5fde-432d-a258-4a67d08ff7f4 req-65ef1055-5fde-432d-a258-4a67d08ff7f4 ] Request (ImagesNegativeTestJSON:test_create_image_from_deleted_server): 200 GET http://10.180.1.21/compute/v2.1/servers/e5d3df12-5334-44c8-9a44-1674e57918bb 0.057s
2025-04-03 17:36:53.311 69605 INFO tempest.lib.common.rest_client [req-bea3e87e-698c-4c0b-943a-9810ba69ce26 req-bea3e87e-698c-4c0b-943a-9810ba69ce26 ] Request (FloatingIPsAssociationNegativeTestJSON:tearDownClass): 200 GET http://10.180.1.21/compute/v2.1/servers/88f9f0c2-0c55-45bf-a494-8f1ee4922443 0.064s
2025-04-03 17:36:53.376 69664 INFO tempest.lib.common.rest_client [req-56742ba1-211f-411c-ba4e-871f265b6471 req-56742ba1-211f-411c-ba4e-871f265b6471 ] Request (ServersAdmin275Test:tearDownClass): 200 GET http://10.180.1.21/compute/v2.1/servers/26feb2d1-ff64-4a13-af83-b6d5fe4348e1 0.101s
2025-04-03 17:36:53.442 69639 INFO tempest.lib.common.rest_client [req-390171a3-7edf-445a-b645-1b418e558940 req-390171a3-7edf-445a-b645-1b418e558940 ] Request (ServerDiagnosticsV248Test:tearDownClass): 200 GET http://10.180.1.21/compute/v2.1/servers/f428f9a9-d792-4c1c-b2d4-ea066cc09d67 0.138s
2025-04-03 17:36:53.485 69648 INFO tempest.lib.common.rest_client [req-2b28bca3-1798-41c2-a5d5-ea0ba8360354 req-2b28bca3-1798-41c2-a5d5-ea0ba8360354 ] Request (DeleteServersTestJSON:test_delete_server_while_in_attached_volume): 202 POST http://10.180.1.21/compute/v2.1/servers 0.440s
2025-04-03 17:36:53.512 69651 INFO tempest.lib.common.rest_client [req-3b299b36-5c15-466d-8aaa-e5744612c5a8 req-3b299b36-5c15-466d-8aaa-e5744612c5a8 ] Request (TenantUsagesTestJSON:tearDownClass): 200 GET http://10.180.1.21/compute/v2.1/servers/7b348a95-3ab2-4112-87e3-b17504c0a302 0.187s
2025-04-03 17:36:53.546 69617 INFO tempest.lib.common.rest_client [req-1952e1c3-86d2-4a6c-a022-e70817e3e464 req-1952e1c3-86d2-4a6c-a022-e70817e3e464 ] Request (ImagesOneServerNegativeTestJSON:setUpClass): 200 GET http://10.180.1.21/compute/v2.1/servers/8e3a73c1-b622-47f4-99af-71b6dba7c09b 0.191s
2025-04-03 17:36:53.563 69603 INFO tempest.lib.common.rest_client [req-f08eb410-81dc-408c-8200-561a6c84f3ba req-f08eb410-81dc-408c-8200-561a6c84f3ba ] Request (FloatingIPsAssociationTestJSON:test_associate_already_associated_floating_ip): 200 GET http://10.180.1.21/compute/v2.1/servers/3923403b-2e8f-4033-89ee-9a907aff1d49 0.169s
2025-04-03 17:36:53.602 69615 INFO tempest.lib.common.rest_client [req-bf599518-02e1-441e-ad31-98dac992da50 req-bf599518-02e1-441e-ad31-98dac992da50 ] Request (ListImageFiltersTestJSON:setUpClass): 200 GET http://10.180.1.21/compute/v2.1/servers/bbbfb48d-b474-4a6e-9078-336f23d2c343 0.162s
2025-04-03 17:36:53.639 69648 INFO tempest.lib.common.rest_client [req-bcc10ed2-c7f4-426d-8cc1-e3be4b29eef0 req-bcc10ed2-c7f4-426d-8cc1-e3be4b29eef0 ] Request (DeleteServersTestJSON:test_delete_server_while_in_attached_volume): 200 GET http://10.180.1.21/compute/v2.1/servers/c465c53f-d96b-461b-b8ff-b19929b4f789 0.152s
2025-04-03 17:36:53.657 69613 INFO tempest.lib.common.rest_client [req-92acffda-a9b1-416a-8cf5-a14a9f84b353 req-92acffda-a9b1-416a-8cf5-a14a9f84b353 ] Request (MigrationsAdminTest:test_list_migrations_in_flavor_resize_situation): 200 GET http://10.180.1.21/compute/v2.1/servers/d37b4f32-7ae9-46f1-8f7d-ac61fb8fd5d8 0.200s
2025-04-03 17:36:53.687 69645 INFO tempest.lib.common.rest_client [req-7fd3f922-44cf-413b-9d81-faaf6a340b7c req-7fd3f922-44cf-413b-9d81-faaf6a340b7c ] Request (ServerMetadataTestJSON:setUpClass): 200 GET http://10.180.1.21/compute/v2.1/servers/b7409a67-c140-436f-9c4e-27dae259f648 0.194s
2025-04-03 17:36:53.706 69659 INFO tempest.lib.common.rest_client [req-e1285456-bf9e-413b-af4d-7b4535f8d30a req-e1285456-bf9e-413b-af4d-7b4535f8d30a ] Request (ServersNegativeTestMultiTenantJSON:setUpClass): 200 GET http://10.180.1.21/compute/v2.1/servers/c3673531-9167-4d33-b8ce-d6afa5e589bc 0.196s
2025-04-03 17:36:53.734 69629 INFO tempest.lib.common.rest_client [req-8b6dd77e-c741-40c7-9377-2e58e5da00e3 req-8b6dd77e-c741-40c7-9377-2e58e5da00e3 ] Request (ImagesOneServerTestJSON:test_create_delete_image): 200 GET http://10.180.1.21/compute/v2.1/images/5565639c-8723-42da-a19f-db38009d07f6 0.130s
2025-04-03 17:36:53.737 69661 INFO tempest.lib.common.rest_client [req-c8545762-215d-4968-8200-8c70777ce392 req-c8545762-215d-4968-8200-8c70777ce392 ] Request (DeleteServersAdminTestJSON:test_delete_server_while_in_error_state): 200 GET http://10.180.1.21/compute/v2.1/servers/4c54c0dd-32f1-4d35-b770-3e1a540c54a7 0.189s
2025-04-03 17:36:53.783 69627 INFO tempest.lib.common.rest_client [req-8cc05432-02a9-48bd-8131-1be11386837d req-8cc05432-02a9-48bd-8131-1be11386837d ] Request (ServerActionsTestOtherA:setUpClass): 200 GET http://10.180.1.21/compute/v2.1/servers/b0a1441c-81e2-4131-a2ff-f5042d559d9f 0.126s
2025-04-03 17:36:53.823 69611 INFO tempest.lib.common.rest_client [req-dbbe70cd-060d-452d-9782-194b6b88b2a4 req-dbbe70cd-060d-452d-9782-194b6b88b2a4 ] Request (ServerRescueTestJSON:setUpClass): 200 GET http://10.180.1.21/compute/v2.1/servers/15a8de08-4d20-4329-9867-53e5dff82878 0.195s
2025-04-03 17:36:53.842 69607 INFO tempest.lib.common.rest_client [req-a63a3629-9eac-4eb6-9dbd-6db830af0056 req-a63a3629-9eac-4eb6-9dbd-6db830af0056 ] Request (ServerExternalEventsTest:tearDownClass): 200 GET http://10.180.1.21/compute/v2.1/servers/d97dc6d5-e55f-4b9e-91e6-cfdea82f5236 0.154s
2025-04-03 17:36:53.872 69649 INFO tempest.lib.common.rest_client [req-0245a57d-c4b4-4b97-a2c0-9b114ad020ce req-0245a57d-c4b4-4b97-a2c0-9b114ad020ce ] Request (ServerDiskConfigTestJSON:test_rebuild_server_with_auto_disk_config): 200 GET http://10.180.1.21/compute/v2.1/servers/b7d6b4ef-fb86-4542-8abf-c8cb1cd71d25 0.115s
2025-04-03 17:36:53.928 69643 INFO tempest.lib.common.rest_client [req-799cc1e8-a21f-4d1b-996f-8924cbba92ec req-799cc1e8-a21f-4d1b-996f-8924cbba92ec ] Request (AttachVolumeNegativeTest:test_attach_attached_volume_to_different_server): 200 GET http://10.180.1.21/compute/v2.1/servers/bc9c3a41-7264-4d69-bc15-397b5fa0a8ad 0.079s
2025-04-03 17:36:53.941 69633 INFO tempest.lib.common.rest_client [req-7f44e412-ee35-45ff-8fd8-b020b9ad0b99 req-7f44e412-ee35-45ff-8fd8-b020b9ad0b99 ] Request (ServersAdminNegativeTestJSON:test_migrate_server_invalid_state): 200 GET http://10.180.1.21/compute/v2.1/servers/9753734d-90f0-4661-8029-ec312e88eb60 0.096s
2025-04-03 17:36:53.996 69653 INFO tempest.lib.common.rest_client [req-0a023b33-0827-484a-8ec7-fffaf8b7c433 req-0a023b33-0827-484a-8ec7-fffaf8b7c433 ] Request (SecurityGroupsTestJSON:test_server_security_groups): 200 GET http://10.180.1.21/compute/v2.1/servers/e1eec0ce-8df7-402a-b628-5dfdc11949e7 0.051s
2025-04-03 17:36:54.003 69637 INFO tempest.lib.common.rest_client [req-6e39406a-b66e-4a08-93bc-be1e80d49b09 req-6e39406a-b66e-4a08-93bc-be1e80d49b09 ] Request (ServerAddressesTestJSON:tearDownClass): 200 GET http://10.180.1.21/compute/v2.1/servers/edb1a21a-6907-4198-a977-c1213e8fecc0 0.101s
2025-04-03 17:36:54.117 69619 WARNING tempest.lib.common.ssh [-] Failed to establish authenticated ssh connection to cirros@10.180.180.145 ([Errno None] Unable to connect to port 22 on 10.180.180.145). Number attempts: 5. Retry after 6 seconds.: paramiko.ssh_exception.NoValidConnectionsError: [Errno None] Unable to connect to port 22 on 10.180.180.145
2025-04-03 17:36:54.132 69625 INFO tempest.lib.common.rest_client [req-3ce4a68b-910b-4113-9f85-72f83f4176d8 req-3ce4a68b-910b-4113-9f85-72f83f4176d8 ] Request (ServerShowV257Test:test_rebuild_server): 200 GET http://10.180.1.21/compute/v2.1/servers/732342ea-2f73-40ea-a826-883ddc7a385a 0.057s
2025-04-03 17:36:54.174 69601 INFO tempest.lib.common.rest_client [req-5faee9f3-1c30-4a2f-ae2a-1d565d2f8c4e req-5faee9f3-1c30-4a2f-ae2a-1d565d2f8c4e ] Request (ServerDiagnosticsNegativeTest:test_get_server_diagnostics_by_non_admin): 200 GET http://10.180.1.21/compute/v2.1/servers/84baf472-6eb5-4c92-98eb-e35c14bca4e2 0.052s
2025-04-03 17:36:54.224 69655 INFO tempest.lib.common.rest_client [req-f7c41117-f09a-471e-8b80-11c97d98e28c req-f7c41117-f09a-471e-8b80-11c97d98e28c ] Request (MultipleCreateTestJSON:test_multiple_create_with_reservation_return): 200 GET http://10.180.1.21/compute/v2.1/servers/146a3eef-0971-4f6e-bd24-58b38a1de0ed 0.051s
2025-04-03 17:36:54.289 69621 INFO tempest.lib.common.rest_client [req-4e5e2e89-3c98-455c-ace5-8b7ff278dfa4 req-4e5e2e89-3c98-455c-ace5-8b7ff278dfa4 ] Request (ImagesNegativeTestJSON:test_create_image_from_deleted_server): 200 GET http://10.180.1.21/compute/v2.1/servers/e5d3df12-5334-44c8-9a44-1674e57918bb 0.056s
2025-04-03 17:36:54.381 69605 INFO tempest.lib.common.rest_client [req-8565b0ad-00a9-408b-a6c7-39c571179e7c req-8565b0ad-00a9-408b-a6c7-39c571179e7c ] Request (FloatingIPsAssociationNegativeTestJSON:tearDownClass): 200 GET http://10.180.1.21/compute/v2.1/servers/88f9f0c2-0c55-45bf-a494-8f1ee4922443 0.060s
2025-04-03 17:36:54.446 69664 INFO tempest.lib.common.rest_client [req-c59cdbd1-c2a4-4a56-af2a-fcc0a355f7c3 req-c59cdbd1-c2a4-4a56-af2a-fcc0a355f7c3 ] Request (ServersAdmin275Test:tearDownClass): 200 GET http://10.180.1.21/compute/v2.1/servers/26feb2d1-ff64-4a13-af83-b6d5fe4348e1 0.059s
2025-04-03 17:36:54.515 69639 INFO tempest.lib.common.rest_client [req-01cc1819-d8b6-4380-9ccb-fde5cadaef6b req-01cc1819-d8b6-4380-9ccb-fde5cadaef6b ] Request (ServerDiagnosticsV248Test:tearDownClass): 200 GET http://10.180.1.21/compute/v2.1/servers/f428f9a9-d792-4c1c-b2d4-ea066cc09d67 0.061s
2025-04-03 17:36:54.599 69651 INFO tempest.lib.common.rest_client [req-cf0e6ab9-4869-43ac-836e-76f7995720bf req-cf0e6ab9-4869-43ac-836e-76f7995720bf ] Request (TenantUsagesTestJSON:tearDownClass): 200 GET http://10.180.1.21/compute/v2.1/servers/7b348a95-3ab2-4112-87e3-b17504c0a302 0.076s
2025-04-03 17:36:54.608 69617 INFO tempest.lib.common.rest_client [req-7e0eceed-c7e7-401f-ad46-87913b5b14ac req-7e0eceed-c7e7-401f-ad46-87913b5b14ac ] Request (ImagesOneServerNegativeTestJSON:setUpClass): 200 GET http://10.180.1.21/compute/v2.1/servers/8e3a73c1-b622-47f4-99af-71b6dba7c09b 0.054s
2025-04-03 17:36:54.655 69603 INFO tempest.lib.common.rest_client [req-b220fa69-bea3-4a31-8e47-b66d33cc1e5a req-b220fa69-bea3-4a31-8e47-b66d33cc1e5a ] Request (FloatingIPsAssociationTestJSON:test_associate_already_associated_floating_ip): 200 GET http://10.180.1.21/compute/v2.1/servers/3923403b-2e8f-4033-89ee-9a907aff1d49 0.085s
2025-04-03 17:36:54.679 69615 INFO tempest.lib.common.rest_client [req-e250e66b-8208-4b30-a9eb-c88968aea333 req-e250e66b-8208-4b30-a9eb-c88968aea333 ] Request (ListImageFiltersTestJSON:setUpClass): 200 GET http://10.180.1.21/compute/v2.1/servers/bbbfb48d-b474-4a6e-9078-336f23d2c343 0.069s
2025-04-03 17:36:54.703 69648 INFO tempest.lib.common.rest_client [req-255eb61c-d845-41d5-b3e7-71d085264247 req-255eb61c-d845-41d5-b3e7-71d085264247 ] Request (DeleteServersTestJSON:test_delete_server_while_in_attached_volume): 200 GET http://10.180.1.21/compute/v2.1/servers/c465c53f-d96b-461b-b8ff-b19929b4f789 0.056s
2025-04-03 17:36:54.754 69645 INFO tempest.lib.common.rest_client [req-36a52fea-9c43-476b-b69f-8b50ea81f749 req-36a52fea-9c43-476b-b69f-8b50ea81f749 ] Request (ServerMetadataTestJSON:setUpClass): 200 GET http://10.180.1.21/compute/v2.1/servers/b7409a67-c140-436f-9c4e-27dae259f648 0.059s
2025-04-03 17:36:54.777 69613 INFO tempest.lib.common.rest_client [req-758eb00c-7e6f-4ec7-bcce-59bc414f2cc0 req-758eb00c-7e6f-4ec7-bcce-59bc414f2cc0 ] Request (MigrationsAdminTest:test_list_migrations_in_flavor_resize_situation): 200 GET http://10.180.1.21/compute/v2.1/servers/d37b4f32-7ae9-46f1-8f7d-ac61fb8fd5d8 0.111s
2025-04-03 17:36:54.806 69659 INFO tempest.lib.common.rest_client [req-c020fa19-2028-4bc0-8ac0-5c15e50db5b0 req-c020fa19-2028-4bc0-8ac0-5c15e50db5b0 ] Request (ServersNegativeTestMultiTenantJSON:setUpClass): 200 GET http://10.180.1.21/compute/v2.1/servers/c3673531-9167-4d33-b8ce-d6afa5e589bc 0.093s
2025-04-03 17:36:54.812 69629 INFO tempest.lib.common.rest_client [req-62e0b6a9-cf5e-456f-b255-66d61f26bbad req-62e0b6a9-cf5e-456f-b255-66d61f26bbad ] Request (ImagesOneServerTestJSON:test_create_delete_image): 200 GET http://10.180.1.21/compute/v2.1/images/5565639c-8723-42da-a19f-db38009d07f6 0.073s
2025-04-03 17:36:54.821 69657 WARNING tempest.lib.common.ssh [-] Failed to establish authenticated ssh connection to cirros@10.180.180.135 ([Errno None] Unable to connect to port 22 on 10.180.180.135). Number attempts: 2. Retry after 3 seconds.: paramiko.ssh_exception.NoValidConnectionsError: [Errno None] Unable to connect to port 22 on 10.180.180.135
2025-04-03 17:36:54.864 69661 INFO tempest.lib.common.rest_client [req-ad667181-f4ea-4111-aae0-c097f534a71e req-ad667181-f4ea-4111-aae0-c097f534a71e ] Request (DeleteServersAdminTestJSON:test_delete_server_while_in_error_state): 200 GET http://10.180.1.21/compute/v2.1/servers/4c54c0dd-32f1-4d35-b770-3e1a540c54a7 0.119s
2025-04-03 17:36:54.873 69627 INFO tempest.lib.common.rest_client [req-d7200d0d-c773-403a-9850-ba4569c5e3fb req-d7200d0d-c773-403a-9850-ba4569c5e3fb ] Request (ServerActionsTestOtherA:setUpClass): 200 GET http://10.180.1.21/compute/v2.1/servers/b0a1441c-81e2-4131-a2ff-f5042d559d9f 0.080s
2025-04-03 17:36:54.949 69607 INFO tempest.lib.common.rest_client [req-de6fb068-6542-4c23-9d7f-a5964bf43ea9 req-de6fb068-6542-4c23-9d7f-a5964bf43ea9 ] Request (ServerExternalEventsTest:tearDownClass): 200 GET http://10.180.1.21/compute/v2.1/servers/d97dc6d5-e55f-4b9e-91e6-cfdea82f5236 0.095s
2025-04-03 17:36:54.982 69611 INFO tempest.lib.common.rest_client [req-c66a00e3-b1b0-4116-997d-5797c1868897 req-c66a00e3-b1b0-4116-997d-5797c1868897 ] Request (ServerRescueTestJSON:setUpClass): 200 GET http://10.180.1.21/compute/v2.1/servers/15a8de08-4d20-4329-9867-53e5dff82878 0.148s
2025-04-03 17:36:55.016 69649 INFO tempest.lib.common.rest_client [req-3d7db014-54dd-48a6-804a-76f3674077eb req-3d7db014-54dd-48a6-804a-76f3674077eb ] Request (ServerDiskConfigTestJSON:test_rebuild_server_with_auto_disk_config): 200 GET http://10.180.1.21/compute/v2.1/servers/b7d6b4ef-fb86-4542-8abf-c8cb1cd71d25 0.136s
2025-04-03 17:36:55.037 69643 INFO tempest.lib.common.rest_client [req-201b1aeb-3ccd-47de-97e6-754bc0c3135a req-201b1aeb-3ccd-47de-97e6-754bc0c3135a ] Request (AttachVolumeNegativeTest:test_attach_attached_volume_to_different_server): 200 GET http://10.180.1.21/compute/v2.1/servers/bc9c3a41-7264-4d69-bc15-397b5fa0a8ad 0.101s
