2025-04-03 17:36:17.267 69659 INFO tempest.lib.common.rest_client [req-d25a5cba-c39d-46f7-8329-17ee89bb6e0e req-d25a5cba-c39d-46f7-8329-17ee89bb6e0e ] Request (ServersNegativeTestMultiTenantJSON:setUpClass): 201 POST http://10.180.1.21/identity/v3/auth/tokens 0.026s
2025-04-03 17:36:17.292 69659 INFO tempest.lib.common.rest_client [req-f1e71de2-052d-4de4-b47c-e02daac2395f req-f1e71de2-052d-4de4-b47c-e02daac2395f ] Request (ServersNegativeTestMultiTenantJSON:setUpClass): 200 GET http://10.180.1.21/identity/v3/domains?name=Default 0.024s
2025-04-03 17:36:17.310 69607 INFO tempest.lib.common.rest_client [req-e22be9cc-836e-4e91-b58f-4d11cbfc8247 req-e22be9cc-836e-4e91-b58f-4d11cbfc8247 ] Request (ServerExternalEventsTest:tearDownClass): 204 DELETE http://10.180.1.21/compute/v2.1/servers/d97dc6d5-e55f-4b9e-91e6-cfdea82f5236 1.249s
2025-04-03 17:36:17.321 69659 INFO tempest.lib.common.rest_client [req-467124f4-2531-480d-aecb-6021886b1c30 req-467124f4-2531-480d-aecb-6021886b1c30 ] Request (ServersNegativeTestMultiTenantJSON:setUpClass): 201 POST http://10.180.1.21/identity/v3/projects 0.028s
2025-04-03 17:36:17.365 69619 INFO tempest.lib.common.rest_client [req-976f6d15-c2f0-4cb2-b1f5-42dd2eae49c8 req-976f6d15-c2f0-4cb2-b1f5-42dd2eae49c8 ] Request (VolumesAssistedSnapshotsTest:test_volume_assisted_snapshot_create_delete): 200 GET http://10.180.1.21/compute/v2.1/servers/a798c3f2-ccde-488e-8a14-21f4a04f8e12 1.323s
2025-04-03 17:36:17.366 69617 INFO tempest.lib.common.rest_client [req-64233ac9-bfb7-4e6d-803c-b4b36e921695 req-64233ac9-bfb7-4e6d-803c-b4b36e921695 ] Request (ServerDiagnosticsTest:tearDownClass): 200 GET http://10.180.1.21/compute/v2.1/servers/49a668a7-5967-46a9-823f-7f613d34d152 1.306s
2025-04-03 17:36:17.391 69645 INFO tempest.lib.common.rest_client [req-43f556d3-28ca-4f84-a276-3b54280e096e req-43f556d3-28ca-4f84-a276-3b54280e096e ] Request (KeyPairsV22TestJSON:_run_cleanups): 204 DELETE http://10.180.1.21/compute/v2.1/os-keypairs/tempest-KeyPairsV22TestJSON-keypair-2009818611 1.313s
2025-04-03 17:36:17.402 69659 INFO tempest.lib.common.rest_client [req-db29dabb-2186-4992-a39a-c5ae578ae378 req-db29dabb-2186-4992-a39a-c5ae578ae378 ] Request (ServersNegativeTestMultiTenantJSON:setUpClass): 201 POST http://10.180.1.21/identity/v3/users 0.081s
2025-04-03 17:36:17.418 69633 INFO tempest.lib.common.rest_client [req-0696411e-1e47-4f6e-8e88-f0e5a32ba50f req-0696411e-1e47-4f6e-8e88-f0e5a32ba50f ] Request (ServersAdminNegativeTestJSON:test_migrate_server_invalid_state): 200 GET http://10.180.1.21/compute/v2.1/servers/9753734d-90f0-4661-8029-ec312e88eb60 1.299s
2025-04-03 17:36:17.427 69659 INFO tempest.lib.common.rest_client [req-e278bed3-6729-4c98-83ab-77b5fca1cd55 req-e278bed3-6729-4c98-83ab-77b5fca1cd55 ] Request (ServersNegativeTestMultiTenantJSON:setUpClass): 200 GET http://10.180.1.21/identity/v3/roles 0.024s
2025-04-03 17:36:17.443 69611 INFO tempest.lib.common.rest_client [req-0e868ab4-3fa0-4c3b-9542-78db7c5ba783 req-0e868ab4-3fa0-4c3b-9542-78db7c5ba783 ] Request (ServerRescueTestJSON:setUpClass): 200 GET http://10.180.1.21/compute/v2.1/servers/15a8de08-4d20-4329-9867-53e5dff82878 1.312s
2025-04-03 17:36:17.451 69625 INFO tempest.lib.common.rest_client [req-526fbe2a-58d3-4e83-9978-1ad8517763fa req-526fbe2a-58d3-4e83-9978-1ad8517763fa ] Request (KeyPairsV2TestJSON:test_keypair_create_with_pub_key): 200 POST http://10.180.1.21/compute/v2.1/os-keypairs 1.287s
2025-04-03 17:36:17.457 69659 INFO tempest.lib.common.rest_client [req-20b1992d-6c3c-46bc-bd4b-8ae94e48b9b2 req-20b1992d-6c3c-46bc-bd4b-8ae94e48b9b2 ] Request (ServersNegativeTestMultiTenantJSON:setUpClass): 204 PUT http://10.180.1.21/identity/v3/projects/0ea10f2d436a4d758f514b2457ca195f/users/b1885f39de52408ba9c2846c5292edda/roles/83bc8772318d497782f1f67cac7adbc5 0.029s
2025-04-03 17:36:17.457 69659 INFO tempest.lib.common.dynamic_creds [-] Dynamic test user b1885f39de52408ba9c2846c5292edda is created with scope project and roles: ['member']
2025-04-03 17:36:17.457 69659 INFO tempest.lib.common.dynamic_creds [-] Acquired dynamic creds: credentials: Credentials: {'domain_id': 'default', 'domain_name': 'Default', 'username': 'tempest-ServersNegativeTestMultiTenantJSON-843802200-project-member', 'project_domain_id': 'default', 'project_domain_name': 'Default', 'project_id': '0ea10f2d436a4d758f514b2457ca195f', 'project_name': 'tempest-ServersNegativeTestMultiTenantJSON-843802200', 'tenant_id': '0ea10f2d436a4d758f514b2457ca195f', 'tenant_name': 'tempest-ServersNegativeTestMultiTenantJSON-843802200', 'user_domain_id': 'default', 'user_domain_name': 'Default', 'user_id': 'b1885f39de52408ba9c2846c5292edda', 'system': None}, Network: None, Subnet: None, Router: None
2025-04-03 17:36:17.495 69651 INFO tempest.lib.common.rest_client [req-143578ce-a551-48e0-8f8e-2708eed7974a req-143578ce-a551-48e0-8f8e-2708eed7974a ] Request (TenantUsagesTestJSON:setUpClass): 200 GET http://10.180.1.21/compute/v2.1/servers/7b348a95-3ab2-4112-87e3-b17504c0a302 1.100s
2025-04-03 17:36:17.522 69659 INFO tempest.lib.common.rest_client [req-f5e595fb-f155-41f7-8938-901e6fbf2bee req-f5e595fb-f155-41f7-8938-901e6fbf2bee ] Request (ServersNegativeTestMultiTenantJSON:setUpClass): 201 POST http://10.180.1.21/identity/v3/auth/tokens 0.064s
2025-04-03 17:36:17.538 69613 INFO tempest.lib.common.rest_client [req-81464ff5-3160-45c9-b18c-c6ab98c9fc00 req-81464ff5-3160-45c9-b18c-c6ab98c9fc00 ] Request (MigrationsAdminTest:test_list_migrations_in_flavor_resize_situation): 200 GET http://10.180.1.21/compute/v2.1/servers/d37b4f32-7ae9-46f1-8f7d-ac61fb8fd5d8 1.263s
2025-04-03 17:36:17.551 69632 INFO tempest.lib.common.rest_client [req-325c69a1-570a-48a8-a398-505d4d0ce4df req-325c69a1-570a-48a8-a398-505d4d0ce4df ] Request (VolumesTestJSON:setUpClass): 200 GET http://10.180.1.21/volume/v3/volumes/0c3d1fa6-9759-4074-936a-fc670d7329d7 0.030s
2025-04-03 17:36:17.557 69632 INFO tempest.common.waiters [-] volume 0c3d1fa6-9759-4074-936a-fc670d7329d7 reached available after waiting for 1.557390 seconds
2025-04-03 17:36:17.788 69659 INFO tempest.lib.common.rest_client [req-85b2ec02-6e3c-49f7-a577-d33614795087 req-85b2ec02-6e3c-49f7-a577-d33614795087 ] Request (ServersNegativeTestMultiTenantJSON:setUpClass): 201 POST http://10.180.1.21:9696/networking/v2.0/networks 0.266s
2025-04-03 17:36:17.830 69643 INFO tempest.lib.common.rest_client [req-7f7e7cb3-a69c-46cd-904f-bcebbb477cf8 req-7f7e7cb3-a69c-46cd-904f-bcebbb477cf8 ] Request (AttachVolumeNegativeTest:test_attach_attached_volume_to_different_server): 202 POST http://10.180.1.21/compute/v2.1/servers 1.196s
2025-04-03 17:36:17.836 69601 INFO tempest.lib.common.rest_client [req-a0fce03d-57b3-46d0-a4ce-36b7b57d33c8 req-a0fce03d-57b3-46d0-a4ce-36b7b57d33c8 ] Request (ServerDiagnosticsNegativeTest:test_get_server_diagnostics_by_non_admin): 202 POST http://10.180.1.21/compute/v2.1/servers 1.179s
2025-04-03 17:36:17.931 69655 INFO tempest.lib.common.rest_client [req-a28e9f64-d760-4ec0-a30d-8ae009ccdcc7 req-a28e9f64-d760-4ec0-a30d-8ae009ccdcc7 ] Request (MultipleCreateTestJSON:_run_cleanups): 200 GET http://10.180.1.21/compute/v2.1/servers/50b84adc-5ff3-4a1e-a09f-5c96daef9b87 1.186s
2025-04-03 17:36:17.958 69649 INFO tempest.lib.common.rest_client [req-6989be34-6a43-4834-8b68-a15832da7c2a req-6989be34-6a43-4834-8b68-a15832da7c2a ] Request (AggregatesAdminNegativeTestJSON:test_aggregate_remove_host_as_user): 200 POST http://10.180.1.21/compute/v2.1/os-aggregates 1.188s
2025-04-03 17:36:17.989 69659 INFO tempest.lib.common.rest_client [req-2e30f9cb-e194-4b7b-8b97-ae45599b960b req-2e30f9cb-e194-4b7b-8b97-ae45599b960b ] Request (ServersNegativeTestMultiTenantJSON:setUpClass): 201 POST http://10.180.1.21:9696/networking/v2.0/subnets 0.200s
2025-04-03 17:36:18.242 69615 INFO tempest.lib.common.rest_client [req-a8c0b15e-ee00-49f1-b90a-96d1768ce898 req-a8c0b15e-ee00-49f1-b90a-96d1768ce898 ] Request (ListImageFiltersTestJSON:setUpClass): 202 POST http://10.180.1.21/compute/v2.1/servers 1.345s
2025-04-03 17:36:18.257 69605 INFO tempest.lib.common.rest_client [req-5eebe2b3-280f-48e3-b82c-6eb8f00143cf req-5eebe2b3-280f-48e3-b82c-6eb8f00143cf ] Request (FloatingIPsAssociationNegativeTestJSON:_run_cleanups): 202 DELETE http://10.180.1.21/compute/v2.1/os-floating-ips/06531eef-d104-435f-88ef-aaa05bc6f8eb 1.496s
2025-04-03 17:36:18.371 69648 INFO tempest.lib.common.rest_client [req-cb85af13-e1ab-400c-bb7b-7a5d6f0cf34b req-cb85af13-e1ab-400c-bb7b-7a5d6f0cf34b ] Request (DeleteServersTestJSON:test_delete_active_server): 200 GET http://10.180.1.21/compute/v2.1/servers/ed10d511-dbed-4884-8ac6-f737173f62c5 1.385s
2025-04-03 17:36:18.401 69627 INFO tempest.lib.common.rest_client [req-830d88a3-1e5f-4e95-b26b-599e2aece028 req-830d88a3-1e5f-4e95-b26b-599e2aece028 ] Request (ImagesMetadataNegativeTestJSON:test_set_nonexistent_image_metadata): 404 PUT http://10.180.1.21/compute/v2.1/images/fc53d618-6efa-4ff0-bd16-626ad3081836/metadata 1.400s
2025-04-03 17:36:18.422 69621 INFO tempest.lib.common.rest_client [req-2761f99a-ab07-4674-95d0-bb5a5d8cb50e req-2761f99a-ab07-4674-95d0-bb5a5d8cb50e ] Request (FlavorsAdminTestJSON:test_is_public_string_variations): 200 GET http://10.180.1.21/compute/v2.1/flavors/detail?is_public=false 1.405s
2025-04-03 17:36:18.423 69623 INFO tempest.lib.common.rest_client [req-860933dc-887a-428a-a45b-5ea88f089e56 req-860933dc-887a-428a-a45b-5ea88f089e56 ] Request (ComputeTenantNetworksTest:test_list_show_tenant_networks): 200 GET http://10.180.1.21/compute/v2.1/os-tenant-networks 1.515s
2025-04-03 17:36:18.467 69641 INFO tempest.lib.common.rest_client [req-04af4a19-ead1-4966-93eb-951b77bbe45e req-04af4a19-ead1-4966-93eb-951b77bbe45e ] Request (NetworksTest:test_get_network): 200 GET http://10.180.1.21/compute/v2.1/os-networks/274206e9-5374-4df8-93ff-75399d57b8d5 1.227s
2025-04-03 17:36:18.555 69607 INFO tempest.lib.common.rest_client [req-f1f186a5-9efe-43d0-b987-aa425e97e3e6 req-f1f186a5-9efe-43d0-b987-aa425e97e3e6 ] Request (ServerExternalEventsTest:tearDownClass): 200 GET http://10.180.1.21/compute/v2.1/servers/d97dc6d5-e55f-4b9e-91e6-cfdea82f5236 1.244s
2025-04-03 17:36:18.556 69653 INFO tempest.lib.common.rest_client [req-71518b4c-094c-40d9-9764-51c35739790f req-71518b4c-094c-40d9-9764-51c35739790f ] Request (SecurityGroupsTestJSON:test_list_security_groups_by_server): 200 GET http://10.180.1.21/compute/v2.1/servers/d4c08ccc-f1a0-4a2d-972c-b2d4a8961fa2 1.170s
2025-04-03 17:36:18.564 69653 INFO tempest.common.waiters [-] State transition "BUILD/spawning" ==> "ACTIVE/None" after 33 second wait
2025-04-03 17:36:18.581 69645 INFO tempest.lib.common.rest_client [req-77330cd1-65bc-40c1-a617-229698a30e26 req-77330cd1-65bc-40c1-a617-229698a30e26 ] Request (KeyPairsV22TestJSON:_run_cleanups): 204 DELETE http://10.180.1.21/compute/v2.1/os-keypairs/tempest-KeyPairsV22TestJSON-keypair-1947829722 1.189s
2025-04-03 17:36:18.581 69625 INFO tempest.lib.common.rest_client [req-ff5856cd-2f70-4151-9cbf-8bcdf52e5c3f req-ff5856cd-2f70-4151-9cbf-8bcdf52e5c3f ] Request (KeyPairsV2TestJSON:_run_cleanups): 202 DELETE http://10.180.1.21/compute/v2.1/os-keypairs/tempest-keypair-1464565352 1.128s
2025-04-03 17:36:18.627 69632 INFO tempest.lib.common.rest_client [req-3ec79e30-4de4-42c4-bfbc-16cf859d0007 req-3ec79e30-4de4-42c4-bfbc-16cf859d0007 ] Request (VolumesTestJSON:setUpClass): 200 GET http://10.180.1.21/compute/v2.1/os-volumes/0c3d1fa6-9759-4074-936a-fc670d7329d7 1.070s
2025-04-03 17:36:18.632 69643 INFO tempest.lib.common.rest_client [req-f8042368-4ebb-49d1-9360-8fe4102a6ec8 req-f8042368-4ebb-49d1-9360-8fe4102a6ec8 ] Request (AttachVolumeNegativeTest:test_attach_attached_volume_to_different_server): 200 GET http://10.180.1.21/compute/v2.1/servers/bc9c3a41-7264-4d69-bc15-397b5fa0a8ad 0.799s
2025-04-03 17:36:18.682 69609 INFO tempest.lib.common.rest_client [req-202a7d69-cd3a-43ae-a1c5-3f01976f4a73 req-202a7d69-cd3a-43ae-a1c5-3f01976f4a73 ] Request (ServersWithSpecificFlavorTestJSON:test_verify_created_server_ephemeral_disk): 200 GET http://10.180.1.21/compute/v2.1/servers/bd2e4c6d-db41-4b3a-989d-02aaa59b4a6f 0.832s
2025-04-03 17:36:18.696 69601 INFO tempest.lib.common.rest_client [req-62043427-06a0-428b-86b8-62cfa11248e7 req-62043427-06a0-428b-86b8-62cfa11248e7 ] Request (ServerDiagnosticsNegativeTest:test_get_server_diagnostics_by_non_admin): 200 GET http://10.180.1.21/compute/v2.1/servers/84baf472-6eb5-4c92-98eb-e35c14bca4e2 0.858s
2025-04-03 17:36:18.741 69664 INFO tempest.lib.common.rest_client [req-896d9726-8ca4-4e71-ac02-049521d656cb req-896d9726-8ca4-4e71-ac02-049521d656cb ] Request (ServersAdmin275Test:test_rebuild_update_server_275): 200 GET http://10.180.1.21/compute/v2.1/servers/26feb2d1-ff64-4a13-af83-b6d5fe4348e1 0.875s
2025-04-03 17:36:18.750 69664 INFO tempest.common.waiters [-] State transition "BUILD/spawning" ==> "ACTIVE/None" after 24 second wait
2025-04-03 17:36:18.762 69632 INFO tempest.lib.common.rest_client [req-b00c3e9f-b969-4242-bd2e-0c82e0f04c20 req-b00c3e9f-b969-4242-bd2e-0c82e0f04c20 ] Request (VolumesTestJSON:setUpClass): 202 POST http://10.180.1.21/volume/v3/volumes 0.132s
2025-04-03 17:36:18.763 69661 INFO tempest.lib.common.rest_client [req-ec9bd4c8-b6f9-485d-a923-7c3eda7257f1 req-ec9bd4c8-b6f9-485d-a923-7c3eda7257f1 ] Request (DeleteServersAdminTestJSON:test_admin_delete_servers_of_others): 200 GET http://10.180.1.21/compute/v2.1/servers/caba3b5c-db15-4de6-8d3d-41f6751f1b83 0.833s
2025-04-03 17:36:18.814 69632 INFO tempest.lib.common.rest_client [req-16f65f2c-ae25-4613-9c5e-5143a382a9ac req-16f65f2c-ae25-4613-9c5e-5143a382a9ac ] Request (VolumesTestJSON:setUpClass): 200 GET http://10.180.1.21/volume/v3/volumes/0a8bf20a-6c00-4281-96e0-16f7343d0915 0.041s
2025-04-03 17:36:18.825 69659 INFO tempest.lib.common.rest_client [req-3aa0fae9-9a92-43bf-a8e0-2c69dcee7eaa req-3aa0fae9-9a92-43bf-a8e0-2c69dcee7eaa ] Request (ServersNegativeTestMultiTenantJSON:setUpClass): 201 POST http://10.180.1.21:9696/networking/v2.0/routers 0.836s
2025-04-03 17:36:18.853 69657 INFO tempest.lib.common.rest_client [req-e758abe6-d539-4b42-9819-75ec05a9a53e req-e758abe6-d539-4b42-9819-75ec05a9a53e ] Request (AttachInterfacesUnderV243Test:test_add_remove_fixed_ip): 200 GET http://10.180.1.21/compute/v2.1/servers/46526210-2783-408d-9ecb-773f33ff0c66 0.867s
2025-04-03 17:36:18.876 69649 INFO tempest.lib.common.rest_client [req-5209a80c-281d-49ef-85e5-98fb5d27daa6 req-5209a80c-281d-49ef-85e5-98fb5d27daa6 ] Request (AggregatesAdminNegativeTestJSON:test_aggregate_remove_host_as_user): 200 POST http://10.180.1.21/compute/v2.1/os-aggregates/7/action 0.916s
2025-04-03 17:36:18.914 69603 INFO tempest.lib.common.rest_client [req-4059e020-e6be-4089-8821-e5a0f24ec37e req-4059e020-e6be-4089-8821-e5a0f24ec37e ] Request (FloatingIPsAssociationTestJSON:setUpClass): 200 GET http://10.180.1.21/compute/v2.1/servers/e92953f4-b634-4ef9-a5ad-63a886cfa007 0.831s
2025-04-03 17:36:18.970 69639 INFO tempest.lib.common.rest_client [req-96382b4c-9b3b-445d-b08f-3a5848c0f04b req-96382b4c-9b3b-445d-b08f-3a5848c0f04b ] Request (ServerDiagnosticsV248Test:test_get_server_diagnostics): 200 GET http://10.180.1.21/compute/v2.1/servers/f428f9a9-d792-4c1c-b2d4-ea066cc09d67 0.823s
2025-04-03 17:36:18.977 69629 INFO tempest.lib.common.rest_client [req-12a4c576-8290-40c0-9099-d67082e9ae58 req-12a4c576-8290-40c0-9099-d67082e9ae58 ] Request (ImagesOneServerTestJSON:setUpClass): 200 GET http://10.180.1.21/compute/v2.1/servers/6102f8e6-f815-4f5f-921f-990be81fca0d 0.780s
2025-04-03 17:36:19.033 69615 INFO tempest.lib.common.rest_client [req-c9420e45-f1da-43a4-89bd-df10b95bb0bb req-c9420e45-f1da-43a4-89bd-df10b95bb0bb ] Request (ListImageFiltersTestJSON:setUpClass): 200 GET http://10.180.1.21/compute/v2.1/servers/bbbfb48d-b474-4a6e-9078-336f23d2c343 0.787s
2025-04-03 17:36:19.040 69637 INFO tempest.lib.common.rest_client [req-397785cd-2ca3-4089-8d55-37e52aa2eaf8 req-397785cd-2ca3-4089-8d55-37e52aa2eaf8 ] Request (ServerAddressesTestJSON:setUpClass): 200 GET http://10.180.1.21/compute/v2.1/servers/edb1a21a-6907-4198-a977-c1213e8fecc0 0.797s
2025-04-03 17:36:19.047 69605 INFO tempest.lib.common.rest_client [req-1f8d9b3e-1d9b-44a3-b939-4fbfbd8105ea req-1f8d9b3e-1d9b-44a3-b939-4fbfbd8105ea ] Request (FloatingIPsAssociationNegativeTestJSON:test_associate_ip_to_server_without_passing_floating_ip): 400 POST http://10.180.1.21/compute/v2.1/servers/88f9f0c2-0c55-45bf-a494-8f1ee4922443/action 0.784s
2025-04-03 17:36:19.053 69637 INFO tempest.common.waiters [-] State transition "BUILD/None" ==> "BUILD/networking" after 19 second wait
2025-04-03 17:36:19.120 69617 INFO tempest.lib.common.rest_client [req-2869119e-77ba-4cc2-b2d8-e453ef1bd6ae req-2869119e-77ba-4cc2-b2d8-e453ef1bd6ae ] Request (ServerDiagnosticsTest:tearDownClass): 200 GET http://10.180.1.21/compute/v2.1/servers/49a668a7-5967-46a9-823f-7f613d34d152 0.745s
2025-04-03 17:36:19.146 69627 INFO tempest.lib.common.rest_client [req-3b453361-c3d1-4c7a-af3a-1a8f8160b0a9 req-3b453361-c3d1-4c7a-af3a-1a8f8160b0a9 ] Request (ImagesMetadataNegativeTestJSON:test_set_nonexistent_image_metadata_item): 404 PUT http://10.180.1.21/compute/v2.1/images/bb3c5347-2dc8-40ed-a847-006d64b837cc/metadata/os_distro 0.743s
2025-04-03 17:36:19.163 69621 INFO tempest.lib.common.rest_client [req-18c8e7a6-94b8-49d8-a94b-32e6babcbbc1 req-18c8e7a6-94b8-49d8-a94b-32e6babcbbc1 ] Request (FlavorsAdminTestJSON:test_is_public_string_variations): 200 GET http://10.180.1.21/compute/v2.1/flavors/detail?is_public=no 0.738s
2025-04-03 17:36:19.176 69619 INFO tempest.lib.common.rest_client [req-aa92af42-068e-45e9-98f5-ed123914c578 req-aa92af42-068e-45e9-98f5-ed123914c578 ] Request (VolumesAssistedSnapshotsTest:test_volume_assisted_snapshot_create_delete): 200 GET http://10.180.1.21/compute/v2.1/servers/a798c3f2-ccde-488e-8a14-21f4a04f8e12 0.799s
2025-04-03 17:36:19.213 69623 INFO tempest.lib.common.rest_client [req-e888e48d-3d65-48d6-a080-7e1616fcb64b req-e888e48d-3d65-48d6-a080-7e1616fcb64b ] Request (ComputeTenantNetworksTest:test_list_show_tenant_networks): 200 GET http://10.180.1.21/compute/v2.1/os-tenant-networks/893d58b0-411e-4eff-a452-b98f4e099a14 0.787s
2025-04-03 17:36:19.235 69633 INFO tempest.lib.common.rest_client [req-5c7331cf-edd3-4625-9262-d0547540af1d req-5c7331cf-edd3-4625-9262-d0547540af1d ] Request (ServersAdminNegativeTestJSON:test_migrate_server_invalid_state): 200 GET http://10.180.1.21/compute/v2.1/servers/9753734d-90f0-4661-8029-ec312e88eb60 0.810s
2025-04-03 17:36:19.263 69611 INFO tempest.lib.common.rest_client [req-42921cf1-9c4d-4acf-993e-137cdeb6658e req-42921cf1-9c4d-4acf-993e-137cdeb6658e ] Request (ServerRescueTestJSON:setUpClass): 200 GET http://10.180.1.21/compute/v2.1/servers/15a8de08-4d20-4329-9867-53e5dff82878 0.808s
2025-04-03 17:36:19.372 69651 INFO tempest.lib.common.rest_client [req-cdc9b4a6-c0ee-4b2d-9bee-b52f893eac72 req-cdc9b4a6-c0ee-4b2d-9bee-b52f893eac72 ] Request (TenantUsagesTestJSON:setUpClass): 200 GET http://10.180.1.21/compute/v2.1/servers/7b348a95-3ab2-4112-87e3-b17504c0a302 0.857s
2025-04-03 17:36:19.491 69623 INFO tempest.lib.common.rest_client [req-6196f309-f0f6-423a-8a82-1905053c82f3 req-6196f309-f0f6-423a-8a82-1905053c82f3 ] Request (ComputeTenantNetworksTest:tearDownClass): 204 DELETE http://10.180.1.21:9696/networking/v2.0/networks/893d58b0-411e-4eff-a452-b98f4e099a14 0.268s
2025-04-03 17:36:19.536 69613 INFO tempest.lib.common.rest_client [req-55c6fa0f-1f06-422d-99db-a4a2aee298ab req-55c6fa0f-1f06-422d-99db-a4a2aee298ab ] Request (MigrationsAdminTest:test_list_migrations_in_flavor_resize_situation): 200 GET http://10.180.1.21/compute/v2.1/servers/d37b4f32-7ae9-46f1-8f7d-ac61fb8fd5d8 0.989s
2025-04-03 17:36:19.583 69623 INFO tempest.lib.common.rest_client [req-ca3195d9-6abe-4091-92f1-0891dece2c02 req-ca3195d9-6abe-4091-92f1-0891dece2c02 ] Request (ComputeTenantNetworksTest:tearDownClass): 204 DELETE http://10.180.1.21/identity/v3/users/f1fdb04fcc2143e6bc7c2e195d25c319 0.091s
2025-04-03 17:36:19.583 69623 INFO tempest.lib.common.dynamic_creds [-] Deleting project and security group for project: 65c61d12d56041c2a938b05a22d71c68
2025-04-03 17:36:19.605 69641 INFO tempest.lib.common.rest_client [req-a2d89fd3-23e5-455e-95d3-b3accb987202 req-a2d89fd3-23e5-455e-95d3-b3accb987202 ] Request (NetworksTest:test_list_all_networks): 200 GET http://10.180.1.21/compute/v2.1/os-networks 1.137s
2025-04-03 17:36:19.638 69625 INFO tempest.lib.common.rest_client [req-e4c77286-267f-469b-9644-5d270cc4ff35 req-e4c77286-267f-469b-9644-5d270cc4ff35 ] Request (KeyPairsV2TestJSON:test_keypairs_create_list_delete): 200 POST http://10.180.1.21/compute/v2.1/os-keypairs 1.055s
2025-04-03 17:36:19.655 69623 INFO tempest.lib.common.rest_client [req-8c67cad7-8492-4159-9ce5-542eeb9058cb req-8c67cad7-8492-4159-9ce5-542eeb9058cb ] Request (ComputeTenantNetworksTest:tearDownClass): 200 GET http://10.180.1.21:9696/networking/v2.0/security-groups?tenant_id=65c61d12d56041c2a938b05a22d71c68&name=default 0.072s
2025-04-03 17:36:19.673 69645 INFO tempest.lib.common.rest_client [req-31fc7a28-27dc-4050-8b14-78055c5cef29 req-31fc7a28-27dc-4050-8b14-78055c5cef29 ] Request (KeyPairsV22TestJSON:test_keypairsv22_create_list_show): 201 POST http://10.180.1.21/compute/v2.1/os-keypairs 1.091s
2025-04-03 17:36:19.706 69641 INFO tempest.lib.common.rest_client [req-9cf0bfdb-0424-4c74-84e7-56eaecdece0c req-9cf0bfdb-0424-4c74-84e7-56eaecdece0c ] Request (NetworksTest:tearDownClass): 204 DELETE http://10.180.1.21/identity/v3/users/4e81a74f6ffe4838bdcb62cdc652af99 0.099s
2025-04-03 17:36:19.824 69641 INFO tempest.lib.common.rest_client [req-49fecfd3-38d6-4fa4-9285-33adc9707f9e req-49fecfd3-38d6-4fa4-9285-33adc9707f9e ] Request (NetworksTest:tearDownClass): 204 DELETE http://10.180.1.21/identity/v3/users/67f61cb9a0654d92b34d4e10d1d13610 0.118s
2025-04-03 17:36:19.825 69641 INFO tempest.lib.common.dynamic_creds [-] Deleting project and security group for project: d6845c5d06f94541a117e357aedfe056
2025-04-03 17:36:19.862 69632 INFO tempest.lib.common.rest_client [req-92407ef4-d87f-4210-93f9-ebd64cdf8912 req-92407ef4-d87f-4210-93f9-ebd64cdf8912 ] Request (VolumesTestJSON:setUpClass): 200 GET http://10.180.1.21/volume/v3/volumes/0a8bf20a-6c00-4281-96e0-16f7343d0915 0.039s
2025-04-03 17:36:19.869 69632 INFO tempest.common.waiters [-] volume 0a8bf20a-6c00-4281-96e0-16f7343d0915 reached available after waiting for 1.869473 seconds
2025-04-03 17:36:19.911 69623 INFO tempest.lib.common.rest_client [req-52fe1912-b14f-4685-9f4b-373671fad2ac req-52fe1912-b14f-4685-9f4b-373671fad2ac ] Request (ComputeTenantNetworksTest:tearDownClass): 204 DELETE http://10.180.1.21:9696/networking/v2.0/security-groups/bafd34e6-ef12-4265-b2fb-61d90663cf05 0.255s
2025-04-03 17:36:19.947 69641 INFO tempest.lib.common.rest_client [req-0719e3e5-bab3-4357-a167-18ae179d18be req-0719e3e5-bab3-4357-a167-18ae179d18be ] Request (NetworksTest:tearDownClass): 201 POST http://10.180.1.21/identity/v3/auth/tokens 0.121s
2025-04-03 17:36:19.959 69664 INFO tempest.lib.common.rest_client [req-f3bfa37f-e7ab-4894-836d-28ef08845e83 req-f3bfa37f-e7ab-4894-836d-28ef08845e83 ] Request (ServersAdmin275Test:test_rebuild_update_server_275): 202 POST http://10.180.1.21/compute/v2.1/servers/26feb2d1-ff64-4a13-af83-b6d5fe4348e1/action 1.209s
2025-04-03 17:36:19.964 69649 INFO tempest.lib.common.rest_client [req-e90b7543-36ee-4ddf-b685-8b64e66b7f46 req-e90b7543-36ee-4ddf-b685-8b64e66b7f46 ] Request (AggregatesAdminNegativeTestJSON:test_aggregate_remove_host_as_user): 403 POST http://10.180.1.21/compute/v2.1/os-aggregates/7/action 1.086s
2025-04-03 17:36:20.076 69623 INFO tempest.lib.common.rest_client [req-af29d6d2-3234-45c0-8a3f-9d40f5ea05f3 req-af29d6d2-3234-45c0-8a3f-9d40f5ea05f3 ] Request (ComputeTenantNetworksTest:tearDownClass): 204 DELETE http://10.180.1.21/identity/v3/projects/65c61d12d56041c2a938b05a22d71c68 0.165s
2025-04-03 17:36:20.090 69655 INFO tempest.lib.common.rest_client [req-3fc3b688-3c8d-4e67-ab1b-dad1d507af28 req-3fc3b688-3c8d-4e67-ab1b-dad1d507af28 ] Request (MultipleCreateTestJSON:_run_cleanups): 200 GET http://10.180.1.21/compute/v2.1/servers/50b84adc-5ff3-4a1e-a09f-5c96daef9b87 1.150s
2025-04-03 17:36:20.317 69605 INFO tempest.lib.common.rest_client [req-92b2625c-94da-4333-a7f3-014dbebf455b req-92b2625c-94da-4333-a7f3-014dbebf455b ] Request (FloatingIPsAssociationNegativeTestJSON:test_associate_nonexistent_floating_ip): 404 POST http://10.180.1.21/compute/v2.1/servers/88f9f0c2-0c55-45bf-a494-8f1ee4922443/action 1.268s
2025-04-03 17:36:20.343 69627 INFO tempest.lib.common.rest_client [req-fb1bc9ed-184d-460d-a711-d15e3ee652ce req-fb1bc9ed-184d-460d-a711-d15e3ee652ce ] Request (ImagesMetadataNegativeTestJSON:test_update_nonexistent_image_metadata): 404 POST http://10.180.1.21/compute/v2.1/images/80c01161-669a-439d-9b96-903768a2efc1/metadata 1.195s
2025-04-03 17:36:20.358 69621 INFO tempest.lib.common.rest_client [req-f5e9d3f3-5334-4a41-a59f-a16aa3e13326 req-f5e9d3f3-5334-4a41-a59f-a16aa3e13326 ] Request (FlavorsAdminTestJSON:test_is_public_string_variations): 200 GET http://10.180.1.21/compute/v2.1/flavors/detail?is_public=0 1.193s
2025-04-03 17:36:20.395 69653 INFO tempest.lib.common.rest_client [req-4aee4b8f-94d6-482b-ac20-c6f88ea094ef req-4aee4b8f-94d6-482b-ac20-c6f88ea094ef ] Request (SecurityGroupsTestJSON:test_list_security_groups_by_server): 202 POST http://10.180.1.21/compute/v2.1/servers/d4c08ccc-f1a0-4a2d-972c-b2d4a8961fa2/action 1.829s
2025-04-03 17:36:20.444 69648 INFO tempest.lib.common.rest_client [req-7e612651-dd56-4f59-b2ea-23a0fd31355e req-7e612651-dd56-4f59-b2ea-23a0fd31355e ] Request (DeleteServersTestJSON:test_delete_active_server): 200 GET http://10.180.1.21/compute/v2.1/servers/ed10d511-dbed-4884-8ac6-f737173f62c5 1.056s
2025-04-03 17:36:20.451 69641 INFO tempest.lib.common.rest_client [req-558fbbd7-c914-4fb2-9007-ceb5fd8e94f4 req-558fbbd7-c914-4fb2-9007-ceb5fd8e94f4 ] Request (NetworksTest:tearDownClass): 200 GET http://10.180.1.21:9696/networking/v2.0/security-groups?tenant_id=d6845c5d06f94541a117e357aedfe056&name=default 0.504s
2025-04-03 17:36:20.464 69627 INFO tempest.lib.common.rest_client [req-fe09dab3-0cd5-4604-99cd-30245fab11e6 req-fe09dab3-0cd5-4604-99cd-30245fab11e6 ] Request (ImagesMetadataNegativeTestJSON:tearDownClass): 204 DELETE http://10.180.1.21/identity/v3/users/b43e6513fadd4cfdac34836233b81eb7 0.114s
2025-04-03 17:36:20.464 69627 INFO tempest.lib.common.dynamic_creds [-] Deleting project and security group for project: 0ee6022f7ca54d1d98cf64ad58a46bd3
2025-04-03 17:36:20.484 69607 INFO tempest.lib.common.rest_client [req-0e90cd0b-78ed-49c6-997e-becbae653aa2 req-0e90cd0b-78ed-49c6-997e-becbae653aa2 ] Request (ServerExternalEventsTest:tearDownClass): 200 GET http://10.180.1.21/compute/v2.1/servers/d97dc6d5-e55f-4b9e-91e6-cfdea82f5236 0.920s
2025-04-03 17:36:20.490 69625 INFO tempest.lib.common.rest_client [req-5ab200a2-7916-4570-b0f2-7061c813075c req-5ab200a2-7916-4570-b0f2-7061c813075c ] Request (KeyPairsV2TestJSON:test_keypairs_create_list_delete): 200 POST http://10.180.1.21/compute/v2.1/os-keypairs 0.849s
2025-04-03 17:36:20.502 69645 INFO tempest.lib.common.rest_client [req-d84ea687-3aad-4a6c-abd7-f2f35805631b req-d84ea687-3aad-4a6c-abd7-f2f35805631b ] Request (KeyPairsV22TestJSON:test_keypairsv22_create_list_show): 200 GET http://10.180.1.21/compute/v2.1/os-keypairs/tempest-keypair-243766672 0.827s
2025-04-03 17:36:20.557 69627 INFO tempest.lib.common.rest_client [req-63b84d76-b209-46af-9c6b-f0835b09433e req-63b84d76-b209-46af-9c6b-f0835b09433e ] Request (ImagesMetadataNegativeTestJSON:tearDownClass): 201 POST http://10.180.1.21/identity/v3/auth/tokens 0.091s
2025-04-03 17:36:20.562 69643 INFO tempest.lib.common.rest_client [req-550914fb-3cfb-4c68-813f-847627a6a20d req-550914fb-3cfb-4c68-813f-847627a6a20d ] Request (AttachVolumeNegativeTest:test_attach_attached_volume_to_different_server): 200 GET http://10.180.1.21/compute/v2.1/servers/bc9c3a41-7264-4d69-bc15-397b5fa0a8ad 0.920s
2025-04-03 17:36:20.584 69609 INFO tempest.lib.common.rest_client [req-d40d5d5d-b39d-4feb-9025-1ef0f9e62b4a req-d40d5d5d-b39d-4feb-9025-1ef0f9e62b4a ] Request (ServersWithSpecificFlavorTestJSON:test_verify_created_server_ephemeral_disk): 200 GET http://10.180.1.21/compute/v2.1/servers/bd2e4c6d-db41-4b3a-989d-02aaa59b4a6f 0.893s
2025-04-03 17:36:20.606 69641 INFO tempest.lib.common.rest_client [req-2adf1508-b551-4db5-92e3-9a0a91242cc7 req-2adf1508-b551-4db5-92e3-9a0a91242cc7 ] Request (NetworksTest:tearDownClass): 204 DELETE http://10.180.1.21:9696/networking/v2.0/security-groups/530e8739-02d3-45b9-9d96-267cb0763be0 0.154s
2025-04-03 17:36:20.639 69601 INFO tempest.lib.common.rest_client [req-b09f5ca6-d067-4bd6-8a3f-cf7e3cac7f1e req-b09f5ca6-d067-4bd6-8a3f-cf7e3cac7f1e ] Request (ServerDiagnosticsNegativeTest:test_get_server_diagnostics_by_non_admin): 200 GET http://10.180.1.21/compute/v2.1/servers/84baf472-6eb5-4c92-98eb-e35c14bca4e2 0.926s
2025-04-03 17:36:20.696 69661 INFO tempest.lib.common.rest_client [req-1091b235-9a97-48ab-9a5e-9177bd705868 req-1091b235-9a97-48ab-9a5e-9177bd705868 ] Request (DeleteServersAdminTestJSON:test_admin_delete_servers_of_others): 200 GET http://10.180.1.21/compute/v2.1/servers/caba3b5c-db15-4de6-8d3d-41f6751f1b83 0.925s
2025-04-03 17:36:20.699 69641 INFO tempest.lib.common.rest_client [req-dfa4792a-c1e1-44bd-81ce-7199c791c75f req-dfa4792a-c1e1-44bd-81ce-7199c791c75f ] Request (NetworksTest:tearDownClass): 204 DELETE http://10.180.1.21/identity/v3/projects/d6845c5d06f94541a117e357aedfe056 0.091s
2025-04-03 17:36:20.699 69641 INFO tempest.lib.common.dynamic_creds [-] Deleting project and security group for project: 15f076fa6e764dd8934b3d76d5a19649
2025-04-03 17:36:20.718 69657 INFO tempest.lib.common.rest_client [req-ef3b798c-db04-4d81-abe8-3ca45d2f3e5b req-ef3b798c-db04-4d81-abe8-3ca45d2f3e5b ] Request (AttachInterfacesUnderV243Test:test_add_remove_fixed_ip): 200 GET http://10.180.1.21/compute/v2.1/servers/46526210-2783-408d-9ecb-773f33ff0c66 0.853s
2025-04-03 17:36:20.744 69632 INFO tempest.lib.common.rest_client [req-8bc56726-5403-4e31-82c0-547fddbb659b req-8bc56726-5403-4e31-82c0-547fddbb659b ] Request (VolumesTestJSON:setUpClass): 200 GET http://10.180.1.21/compute/v2.1/os-volumes/0a8bf20a-6c00-4281-96e0-16f7343d0915 0.874s
2025-04-03 17:36:20.777 69603 INFO tempest.lib.common.rest_client [req-1965a513-7852-4b5c-8a0a-ae6d73bf1949 req-1965a513-7852-4b5c-8a0a-ae6d73bf1949 ] Request (FloatingIPsAssociationTestJSON:setUpClass): 200 GET http://10.180.1.21/compute/v2.1/servers/e92953f4-b634-4ef9-a5ad-63a886cfa007 0.852s
2025-04-03 17:36:20.808 69627 INFO tempest.lib.common.rest_client [req-ebeaf817-a4eb-4246-aabc-819be1c094e1 req-ebeaf817-a4eb-4246-aabc-819be1c094e1 ] Request (ImagesMetadataNegativeTestJSON:tearDownClass): 200 GET http://10.180.1.21:9696/networking/v2.0/security-groups?tenant_id=0ee6022f7ca54d1d98cf64ad58a46bd3&name=default 0.250s
2025-04-03 17:36:20.816 69659 INFO tempest.lib.common.rest_client [req-1c558da8-15a8-45b0-b944-c473c295cb5e req-1c558da8-15a8-45b0-b944-c473c295cb5e ] Request (ServersNegativeTestMultiTenantJSON:setUpClass): 200 PUT http://10.180.1.21:9696/networking/v2.0/routers/c99d58e6-1a9d-4fde-a73b-1ec8e325e602/add_router_interface 1.990s
2025-04-03 17:36:20.816 69659 INFO tempest.lib.common.dynamic_creds [-] Created isolated network resources for: credentials: Credentials: {'domain_id': 'default', 'domain_name': 'Default', 'username': 'tempest-ServersNegativeTestMultiTenantJSON-843802200-project-member', 'project_domain_id': 'default', 'project_domain_name': 'Default', 'project_id': '0ea10f2d436a4d758f514b2457ca195f', 'project_name': 'tempest-ServersNegativeTestMultiTenantJSON-843802200', 'tenant_id': '0ea10f2d436a4d758f514b2457ca195f', 'tenant_name': 'tempest-ServersNegativeTestMultiTenantJSON-843802200', 'user_domain_id': 'default', 'user_domain_name': 'Default', 'user_id': 'b1885f39de52408ba9c2846c5292edda', 'system': None}, Network: {'id': 'd7eabd44-9ba0-4fe3-8119-c3ff517cd131', 'name': 'tempest-ServersNegativeTestMultiTenantJSON-1444740660-network', 'tenant_id': '0ea10f2d436a4d758f514b2457ca195f', 'admin_state_up': True, 'mtu': 8950, 'status': 'ACTIVE', 'subnets': [], 'shared': False, 'project_id': '0ea10f2d436a4d758f514b2457ca195f', 'port_security_enabled': True, 'router:external': False, 'provider:network_type': 'vlan', 'provider:physical_network': 'default', 'provider:segmentation_id': 619, 'availability_zone_hints': [], 'availability_zones': [], 'ipv4_address_scope': None, 'ipv6_address_scope': None, 'description': '', 'tags': [], 'created_at': '2025-04-03T17:36:17Z', 'updated_at': '2025-04-03T17:36:17Z', 'revision_number': 1}, Subnet: {'id': '4961d26f-4a67-4bc0-8b58-dc6c6fa2085b', 'name': 'tempest-ServersNegativeTestMultiTenantJSON-1444740660-subnet', 'tenant_id': '0ea10f2d436a4d758f514b2457ca195f', 'network_id': 'd7eabd44-9ba0-4fe3-8119-c3ff517cd131', 'ip_version': 4, 'subnetpool_id': None, 'enable_dhcp': True, 'ipv6_ra_mode': None, 'ipv6_address_mode': None, 'gateway_ip': '192.168.128.1', 'cidr': '192.168.128.0/28', 'allocation_pools': [{'start': '192.168.128.2', 'end': '192.168.128.14'}], 'host_routes': [], 'dns_nameservers': [], 'description': '', 'router:external': False, 'service_types': [], 'tags': [], 'created_at': '2025-04-03T17:36:17Z', 'updated_at': '2025-04-03T17:36:17Z', 'revision_number': 0, 'project_id': '0ea10f2d436a4d758f514b2457ca195f'}, Router: {'id': 'c99d58e6-1a9d-4fde-a73b-1ec8e325e602', 'name': 'tempest-ServersNegativeTestMultiTenantJSON-1444740660-router', 'tenant_id': '0ea10f2d436a4d758f514b2457ca195f', 'admin_state_up': True, 'status': 'ACTIVE', 'external_gateway_info': {'network_id': '274206e9-5374-4df8-93ff-75399d57b8d5', 'external_fixed_ips': [{'subnet_id': 'b0ceeaf1-f691-4ef7-977c-1c9ec3e3f5c0', 'ip_address': '10.180.180.233'}], 'enable_snat': True}, 'description': '', 'availability_zones': [], 'distributed': False, 'ha': False, 'availability_zone_hints': [], 'routes': [], 'flavor_id': None, 'tags': [], 'created_at': '2025-04-03T17:36:18Z', 'updated_at': '2025-04-03T17:36:18Z', 'revision_number': 2, 'project_id': '0ea10f2d436a4d758f514b2457ca195f'}
2025-04-03 17:36:20.854 69641 INFO tempest.lib.common.rest_client [req-b7149c94-da94-410a-bea9-b6c32fd7ac33 req-b7149c94-da94-410a-bea9-b6c32fd7ac33 ] Request (NetworksTest:tearDownClass): 200 GET http://10.180.1.21:9696/networking/v2.0/security-groups?tenant_id=15f076fa6e764dd8934b3d76d5a19649&name=default 0.154s
2025-04-03 17:36:20.864 69664 INFO tempest.lib.common.rest_client [req-0e4d6453-0b23-4a02-a533-a1418ce7f348 req-0e4d6453-0b23-4a02-a533-a1418ce7f348 ] Request (ServersAdmin275Test:test_rebuild_update_server_275): 200 GET http://10.180.1.21/compute/v2.1/servers/26feb2d1-ff64-4a13-af83-b6d5fe4348e1 0.884s
2025-04-03 17:36:20.879 69649 INFO tempest.lib.common.rest_client [req-3c65f42d-135f-49e8-b006-00b485a1df74 req-3c65f42d-135f-49e8-b006-00b485a1df74 ] Request (AggregatesAdminNegativeTestJSON:_run_cleanups): 200 POST http://10.180.1.21/compute/v2.1/os-aggregates/7/action 0.914s
2025-04-03 17:36:20.910 69659 INFO tempest.lib.common.rest_client [req-93509cdf-096e-4e69-bc2f-0ca6296473dc req-93509cdf-096e-4e69-bc2f-0ca6296473dc ] Request (ServersNegativeTestMultiTenantJSON:setUpClass): 201 POST http://10.180.1.21/identity/v3/auth/tokens 0.090s
2025-04-03 17:36:20.929 69629 INFO tempest.lib.common.rest_client [req-0ac1a418-7f1c-4577-af2c-9bd574decdd0 req-0ac1a418-7f1c-4577-af2c-9bd574decdd0 ] Request (ImagesOneServerTestJSON:setUpClass): 200 GET http://10.180.1.21/compute/v2.1/servers/6102f8e6-f815-4f5f-921f-990be81fca0d 0.942s
2025-04-03 17:36:20.960 69627 INFO tempest.lib.common.rest_client [req-444b819d-1c10-4598-8af3-b72329c6c9d2 req-444b819d-1c10-4598-8af3-b72329c6c9d2 ] Request (ImagesMetadataNegativeTestJSON:tearDownClass): 204 DELETE http://10.180.1.21:9696/networking/v2.0/security-groups/99049f08-7b1a-42bf-9ad4-bcb29e25057c 0.152s
2025-04-03 17:36:20.962 69639 INFO tempest.lib.common.rest_client [req-de32b13f-13db-4a30-bb4f-c1b349b93976 req-de32b13f-13db-4a30-bb4f-c1b349b93976 ] Request (ServerDiagnosticsV248Test:test_get_server_diagnostics): 200 GET http://10.180.1.21/compute/v2.1/servers/f428f9a9-d792-4c1c-b2d4-ea066cc09d67 0.973s
2025-04-03 17:36:20.975 69641 INFO tempest.lib.common.rest_client [req-ca95d122-ee3b-4351-8677-123719bb7c3a req-ca95d122-ee3b-4351-8677-123719bb7c3a ] Request (NetworksTest:tearDownClass): 204 DELETE http://10.180.1.21:9696/networking/v2.0/security-groups/3473a843-aa1d-4d7f-aa51-6f35ec79407f 0.120s
2025-04-03 17:36:20.998 69659 INFO tempest.lib.common.rest_client [req-f03b642f-4c55-499d-ab92-94b51fe170f1 req-f03b642f-4c55-499d-ab92-94b51fe170f1 ] Request (ServersNegativeTestMultiTenantJSON:setUpClass): 201 POST http://10.180.1.21/identity/v3/projects 0.088s
2025-04-03 17:36:21.015 69615 INFO tempest.lib.common.rest_client [req-3d819bc4-0f0c-4e03-8a1b-af75ac7199dc req-3d819bc4-0f0c-4e03-8a1b-af75ac7199dc ] Request (ListImageFiltersTestJSON:setUpClass): 200 GET http://10.180.1.21/compute/v2.1/servers/bbbfb48d-b474-4a6e-9078-336f23d2c343 0.972s
2025-04-03 17:36:21.067 69627 INFO tempest.lib.common.rest_client [req-700e6b0a-7a98-4bd7-87af-9451947c80c4 req-700e6b0a-7a98-4bd7-87af-9451947c80c4 ] Request (ImagesMetadataNegativeTestJSON:tearDownClass): 204 DELETE http://10.180.1.21/identity/v3/projects/0ee6022f7ca54d1d98cf64ad58a46bd3 0.105s
2025-04-03 17:36:21.119 69617 INFO tempest.lib.common.rest_client [req-9deef620-e20b-4d51-aceb-00e439aa0114 req-9deef620-e20b-4d51-aceb-00e439aa0114 ] Request (ServerDiagnosticsTest:tearDownClass): 200 GET http://10.180.1.21/compute/v2.1/servers/49a668a7-5967-46a9-823f-7f613d34d152 0.989s
2025-04-03 17:36:21.140 69659 INFO tempest.lib.common.rest_client [req-2afcdce8-0722-40e3-9db2-2abfbc40b807 req-2afcdce8-0722-40e3-9db2-2abfbc40b807 ] Request (ServersNegativeTestMultiTenantJSON:setUpClass): 201 POST http://10.180.1.21/identity/v3/users 0.141s
2025-04-03 17:36:21.141 69637 INFO tempest.lib.common.rest_client [req-f3425835-807d-4ef4-a20d-91415d262e05 req-f3425835-807d-4ef4-a20d-91415d262e05 ] Request (ServerAddressesTestJSON:setUpClass): 200 GET http://10.180.1.21/compute/v2.1/servers/edb1a21a-6907-4198-a977-c1213e8fecc0 1.086s
2025-04-03 17:36:21.150 69637 INFO tempest.common.waiters [-] State transition "BUILD/networking" ==> "BUILD/spawning" after 21 second wait
2025-04-03 17:36:21.164 69641 INFO tempest.lib.common.rest_client [req-28ab4a13-6126-4e0b-885c-7664b5dd485f req-28ab4a13-6126-4e0b-885c-7664b5dd485f ] Request (NetworksTest:tearDownClass): 204 DELETE http://10.180.1.21/identity/v3/projects/15f076fa6e764dd8934b3d76d5a19649 0.188s
2025-04-03 17:36:21.204 69633 INFO tempest.lib.common.rest_client [req-33ef9f2b-0c7e-46a1-bf1a-69e0f39c0900 req-33ef9f2b-0c7e-46a1-bf1a-69e0f39c0900 ] Request (ServersAdminNegativeTestJSON:test_migrate_server_invalid_state): 200 GET http://10.180.1.21/compute/v2.1/servers/9753734d-90f0-4661-8029-ec312e88eb60 0.957s
2025-04-03 17:36:21.205 69627 INFO tempest.lib.common.rest_client [req-49564d3a-6a25-49c3-913f-316c5282c270 req-49564d3a-6a25-49c3-913f-316c5282c270 ] Request (ServerActionsTestOtherA:setUpClass): 201 POST http://10.180.1.21/identity/v3/auth/tokens 0.137s
2025-04-03 17:36:21.214 69633 INFO tempest.common.waiters [-] State transition "BUILD/scheduling" ==> "BUILD/None" after 11 second wait
2025-04-03 17:36:21.217 69619 INFO tempest.lib.common.rest_client [req-0db4a6bd-b130-46ef-9f92-0188b03d2df6 req-0db4a6bd-b130-46ef-9f92-0188b03d2df6 ] Request (VolumesAssistedSnapshotsTest:test_volume_assisted_snapshot_create_delete): 200 GET http://10.180.1.21/compute/v2.1/servers/a798c3f2-ccde-488e-8a14-21f4a04f8e12 1.034s
2025-04-03 17:36:21.223 69659 INFO tempest.lib.common.rest_client [req-a2d83b52-d211-4acd-91ec-c210a62ea70b req-a2d83b52-d211-4acd-91ec-c210a62ea70b ] Request (ServersNegativeTestMultiTenantJSON:setUpClass): 200 GET http://10.180.1.21/identity/v3/roles 0.082s
2025-04-03 17:36:21.226 69619 INFO tempest.common.waiters [-] State transition "BUILD/spawning" ==> "ACTIVE/None" after 30 second wait
2025-04-03 17:36:21.236 69641 INFO tempest.lib.common.rest_client [req-78eef0d0-9b5f-4917-a223-08b886a5f947 req-78eef0d0-9b5f-4917-a223-08b886a5f947 ] Request (ExtensionsTest:setUpClass): 201 POST http://10.180.1.21/identity/v3/auth/tokens 0.071s
2025-04-03 17:36:21.245 69605 INFO tempest.lib.common.rest_client [req-aae0af4f-3715-415f-9d7a-ff43b9934ee6 req-aae0af4f-3715-415f-9d7a-ff43b9934ee6 ] Request (FloatingIPsAssociationNegativeTestJSON:test_dissociate_nonexistent_floating_ip): 404 POST http://10.180.1.21/compute/v2.1/servers/88f9f0c2-0c55-45bf-a494-8f1ee4922443/action 0.925s
2025-04-03 17:36:21.255 69627 INFO tempest.lib.common.rest_client [req-cb4522b1-ae8d-45ac-9133-b48dd2c98963 req-cb4522b1-ae8d-45ac-9133-b48dd2c98963 ] Request (ServerActionsTestOtherA:setUpClass): 201 POST http://10.180.1.21/identity/v3/auth/tokens 0.047s
2025-04-03 17:36:21.260 69659 INFO tempest.lib.common.rest_client [req-9861a598-17af-41c7-a8ca-4289409555aa req-9861a598-17af-41c7-a8ca-4289409555aa ] Request (ServersNegativeTestMultiTenantJSON:setUpClass): 204 PUT http://10.180.1.21/identity/v3/projects/1c8109e1610545ff801f95cb95f5a839/users/2daa39c7807241608b448f8d610ffa4a/roles/83bc8772318d497782f1f67cac7adbc5 0.037s
2025-04-03 17:36:21.260 69659 INFO tempest.lib.common.dynamic_creds [-] Dynamic test user 2daa39c7807241608b448f8d610ffa4a is created with scope project and roles: ['member']
2025-04-03 17:36:21.260 69611 INFO tempest.lib.common.rest_client [req-879093ed-3a98-40c3-bb1b-5c2cf5dc5b76 req-879093ed-3a98-40c3-bb1b-5c2cf5dc5b76 ] Request (ServerRescueTestJSON:setUpClass): 200 GET http://10.180.1.21/compute/v2.1/servers/15a8de08-4d20-4329-9867-53e5dff82878 0.977s
2025-04-03 17:36:21.260 69659 INFO tempest.lib.common.dynamic_creds [-] Acquired dynamic creds: credentials: Credentials: {'domain_id': 'default', 'domain_name': 'Default', 'username': 'tempest-ServersNegativeTestMultiTenantJSON-260693017-project-member', 'project_domain_id': 'default', 'project_domain_name': 'Default', 'project_id': '1c8109e1610545ff801f95cb95f5a839', 'project_name': 'tempest-ServersNegativeTestMultiTenantJSON-260693017', 'tenant_id': '1c8109e1610545ff801f95cb95f5a839', 'tenant_name': 'tempest-ServersNegativeTestMultiTenantJSON-260693017', 'user_domain_id': 'default', 'user_domain_name': 'Default', 'user_id': '2daa39c7807241608b448f8d610ffa4a', 'system': None}, Network: None, Subnet: None, Router: None
2025-04-03 17:36:21.273 69611 INFO tempest.common.waiters [-] State transition "BUILD/scheduling" ==> "BUILD/None" after 11 second wait
2025-04-03 17:36:21.274 69621 INFO tempest.lib.common.rest_client [req-f558969c-25ee-492f-80d4-c03536cdbd10 req-f558969c-25ee-492f-80d4-c03536cdbd10 ] Request (FlavorsAdminTestJSON:test_is_public_string_variations): 200 GET http://10.180.1.21/compute/v2.1/flavors/detail?is_public=t 0.910s
2025-04-03 17:36:21.311 69651 INFO tempest.lib.common.rest_client [req-ad81e829-c587-4676-a0a3-69215941ac0b req-ad81e829-c587-4676-a0a3-69215941ac0b ] Request (TenantUsagesTestJSON:setUpClass): 200 GET http://10.180.1.21/compute/v2.1/servers/7b348a95-3ab2-4112-87e3-b17504c0a302 0.919s
2025-04-03 17:36:21.319 69641 INFO tempest.lib.common.rest_client [req-f36694a3-285b-403a-9bf0-a6b038066e18 req-f36694a3-285b-403a-9bf0-a6b038066e18 ] Request (ExtensionsTest:setUpClass): 201 POST http://10.180.1.21/identity/v3/auth/tokens 0.080s
2025-04-03 17:36:21.328 69627 INFO tempest.lib.common.rest_client [req-24818984-9641-4369-8e63-335df92039ea req-24818984-9641-4369-8e63-335df92039ea ] Request (ServerActionsTestOtherA:setUpClass): 200 GET http://10.180.1.21/identity/v3/domains?name=Default 0.072s
2025-04-03 17:36:21.348 69641 INFO tempest.lib.common.rest_client [req-353af5e9-edf4-4b0b-bffd-8cb2bca14df7 req-353af5e9-edf4-4b0b-bffd-8cb2bca14df7 ] Request (ExtensionsTest:setUpClass): 200 GET http://10.180.1.21/identity/v3/domains?name=Default 0.029s
2025-04-03 17:36:21.348 69625 INFO tempest.lib.common.rest_client [req-468fbe9a-6a8f-4a82-a1eb-54558ce36fa7 req-468fbe9a-6a8f-4a82-a1eb-54558ce36fa7 ] Request (KeyPairsV2TestJSON:test_keypairs_create_list_delete): 200 POST http://10.180.1.21/compute/v2.1/os-keypairs 0.856s
2025-04-03 17:36:21.361 69645 INFO tempest.lib.common.rest_client [req-b5f056da-084b-4a2f-9d14-df4ccfec7021 req-b5f056da-084b-4a2f-9d14-df4ccfec7021 ] Request (KeyPairsV22TestJSON:test_keypairsv22_create_list_show): 200 GET http://10.180.1.21/compute/v2.1/os-keypairs 0.857s
2025-04-03 17:36:21.362 69627 INFO tempest.lib.common.rest_client [req-591dd94b-8f33-4eea-9bcb-0c1b83dfec86 req-591dd94b-8f33-4eea-9bcb-0c1b83dfec86 ] Request (ServerActionsTestOtherA:setUpClass): 201 POST http://10.180.1.21/identity/v3/projects 0.033s
2025-04-03 17:36:21.382 69641 INFO tempest.lib.common.rest_client [req-03bf8299-5626-4964-ba88-a7f95b674f6b req-03bf8299-5626-4964-ba88-a7f95b674f6b ] Request (ExtensionsTest:setUpClass): 201 POST http://10.180.1.21/identity/v3/projects 0.033s
2025-04-03 17:36:21.438 69641 INFO tempest.lib.common.rest_client [req-91fc7f9e-6f02-4089-bc50-1522f36c8eb7 req-91fc7f9e-6f02-4089-bc50-1522f36c8eb7 ] Request (ExtensionsTest:setUpClass): 201 POST http://10.180.1.21/identity/v3/users 0.056s
2025-04-03 17:36:21.450 69627 INFO tempest.lib.common.rest_client [req-3416d909-ea4a-43e4-9a21-ca656521040c req-3416d909-ea4a-43e4-9a21-ca656521040c ] Request (ServerActionsTestOtherA:setUpClass): 201 POST http://10.180.1.21/identity/v3/users 0.088s
2025-04-03 17:36:21.450 69613 INFO tempest.lib.common.rest_client [req-41dec3e5-652f-46d6-b7c6-d76e72d78b21 req-41dec3e5-652f-46d6-b7c6-d76e72d78b21 ] Request (MigrationsAdminTest:test_list_migrations_in_flavor_resize_situation): 200 GET http://10.180.1.21/compute/v2.1/servers/d37b4f32-7ae9-46f1-8f7d-ac61fb8fd5d8 0.905s
2025-04-03 17:36:21.462 69641 INFO tempest.lib.common.rest_client [req-6ef9e3a0-99fa-4bf8-8121-5f23860eb2bc req-6ef9e3a0-99fa-4bf8-8121-5f23860eb2bc ] Request (ExtensionsTest:setUpClass): 200 GET http://10.180.1.21/identity/v3/roles 0.023s
2025-04-03 17:36:21.478 69627 INFO tempest.lib.common.rest_client [req-e7e0fafe-566b-4ac3-8177-00abab7a2248 req-e7e0fafe-566b-4ac3-8177-00abab7a2248 ] Request (ServerActionsTestOtherA:setUpClass): 200 GET http://10.180.1.21/identity/v3/roles 0.027s
2025-04-03 17:36:21.490 69641 INFO tempest.lib.common.rest_client [req-1df80dc0-bb4c-4e27-83a3-b48d60b3b6dc req-1df80dc0-bb4c-4e27-83a3-b48d60b3b6dc ] Request (ExtensionsTest:setUpClass): 204 PUT http://10.180.1.21/identity/v3/projects/ea9c7f5c045e48ec9c765128312eb928/users/007d3cfb93b14533a25db20876743ea5/roles/83bc8772318d497782f1f67cac7adbc5 0.027s
2025-04-03 17:36:21.490 69641 INFO tempest.lib.common.dynamic_creds [-] Dynamic test user 007d3cfb93b14533a25db20876743ea5 is created with scope project and roles: ['member']
2025-04-03 17:36:21.490 69641 INFO tempest.lib.common.dynamic_creds [-] Acquired dynamic creds: credentials: Credentials: {'domain_id': 'default', 'domain_name': 'Default', 'username': 'tempest-ExtensionsTest-1451825607-project-member', 'project_domain_id': 'default', 'project_domain_name': 'Default', 'project_id': 'ea9c7f5c045e48ec9c765128312eb928', 'project_name': 'tempest-ExtensionsTest-1451825607', 'tenant_id': 'ea9c7f5c045e48ec9c765128312eb928', 'tenant_name': 'tempest-ExtensionsTest-1451825607', 'user_domain_id': 'default', 'user_domain_name': 'Default', 'user_id': '007d3cfb93b14533a25db20876743ea5', 'system': None}, Network: None, Subnet: None, Router: None
2025-04-03 17:36:21.490 69641 INFO tempest.lib.common.dynamic_creds [-] Created isolated network resources for: credentials: Credentials: {'domain_id': 'default', 'domain_name': 'Default', 'username': 'tempest-ExtensionsTest-1451825607-project-member', 'project_domain_id': 'default', 'project_domain_name': 'Default', 'project_id': 'ea9c7f5c045e48ec9c765128312eb928', 'project_name': 'tempest-ExtensionsTest-1451825607', 'tenant_id': 'ea9c7f5c045e48ec9c765128312eb928', 'tenant_name': 'tempest-ExtensionsTest-1451825607', 'user_domain_id': 'default', 'user_domain_name': 'Default', 'user_id': '007d3cfb93b14533a25db20876743ea5', 'system': None}, Network: None, Subnet: None, Router: None
2025-04-03 17:36:21.509 69627 INFO tempest.lib.common.rest_client [req-c8e87f14-8ed4-4d6c-9e1c-281dbc050aa9 req-c8e87f14-8ed4-4d6c-9e1c-281dbc050aa9 ] Request (ServerActionsTestOtherA:setUpClass): 204 PUT http://10.180.1.21/identity/v3/projects/87581f423dc64e4fb9fe1d51ebc68597/users/435c64c503c043a29f90396ad3b070d9/roles/83bc8772318d497782f1f67cac7adbc5 0.031s
2025-04-03 17:36:21.509 69627 INFO tempest.lib.common.dynamic_creds [-] Dynamic test user 435c64c503c043a29f90396ad3b070d9 is created with scope project and roles: ['member']
2025-04-03 17:36:21.510 69627 INFO tempest.lib.common.dynamic_creds [-] Acquired dynamic creds: credentials: Credentials: {'domain_id': 'default', 'domain_name': 'Default', 'username': 'tempest-ServerActionsTestOtherA-469847991-project-member', 'project_domain_id': 'default', 'project_domain_name': 'Default', 'project_id': '87581f423dc64e4fb9fe1d51ebc68597', 'project_name': 'tempest-ServerActionsTestOtherA-469847991', 'tenant_id': '87581f423dc64e4fb9fe1d51ebc68597', 'tenant_name': 'tempest-ServerActionsTestOtherA-469847991', 'user_domain_id': 'default', 'user_domain_name': 'Default', 'user_id': '435c64c503c043a29f90396ad3b070d9', 'system': None}, Network: None, Subnet: None, Router: None
2025-04-03 17:36:21.515 69632 INFO tempest.lib.common.rest_client [req-c4afbd79-d2d2-4787-9950-976eca34ef3d req-c4afbd79-d2d2-4787-9950-976eca34ef3d ] Request (VolumesTestJSON:test_volume_list): 200 GET http://10.180.1.21/compute/v2.1/os-volumes 0.766s
2025-04-03 17:36:21.542 69649 INFO tempest.lib.common.rest_client [req-ee95842a-c672-490e-8d93-c9240546c3a4 req-ee95842a-c672-490e-8d93-c9240546c3a4 ] Request (AggregatesAdminNegativeTestJSON:_run_cleanups): 200 DELETE http://10.180.1.21/compute/v2.1/os-aggregates/7 0.659s
