2025-04-03 17:35:56.610 69641 INFO tempest.lib.common.dynamic_creds [-] Acquired dynamic creds: credentials: Credentials: {'domain_id': 'default', 'domain_name': 'Default', 'username': 'tempest-HostsAdminTestJSON-1831676777-project-member', 'project_domain_id': 'default', 'project_domain_name': 'Default', 'project_id': '5791d5a9cc054f758bbb2048faa10f7d', 'project_name': 'tempest-HostsAdminTestJSON-1831676777', 'tenant_id': '5791d5a9cc054f758bbb2048faa10f7d', 'tenant_name': 'tempest-HostsAdminTestJSON-1831676777', 'user_domain_id': 'default', 'user_domain_name': 'Default', 'user_id': '5c3e9589e205440f80e9c6c3098649fd', 'system': None}, Network: None, Subnet: None, Router: None
2025-04-03 17:35:56.611 69641 INFO tempest.lib.common.dynamic_creds [-] Created isolated network resources for: credentials: Credentials: {'domain_id': 'default', 'domain_name': 'Default', 'username': 'tempest-HostsAdminTestJSON-1831676777-project-member', 'project_domain_id': 'default', 'project_domain_name': 'Default', 'project_id': '5791d5a9cc054f758bbb2048faa10f7d', 'project_name': 'tempest-HostsAdminTestJSON-1831676777', 'tenant_id': '5791d5a9cc054f758bbb2048faa10f7d', 'tenant_name': 'tempest-HostsAdminTestJSON-1831676777', 'user_domain_id': 'default', 'user_domain_name': 'Default', 'user_id': '5c3e9589e205440f80e9c6c3098649fd', 'system': None}, Network: None, Subnet: None, Router: None
2025-04-03 17:35:56.615 69664 INFO tempest.lib.common.rest_client [req-c6ad08c0-3d06-4554-99a7-101a415af587 req-c6ad08c0-3d06-4554-99a7-101a415af587 ] Request (ServersAdmin275Test:test_rebuild_update_server_275): 200 GET http://10.180.1.21/compute/v2.1/servers/26feb2d1-ff64-4a13-af83-b6d5fe4348e1 0.993s
2025-04-03 17:35:56.655 69651 INFO tempest.lib.common.rest_client [req-004df37d-0be3-4f99-957a-e5ff41b12616 req-004df37d-0be3-4f99-957a-e5ff41b12616 ] Request (HostsAdminNegativeTestJSON:tearDownClass): 204 DELETE http://10.180.1.21/identity/v3/users/b59005667c824df78d73864b96b29a68 0.131s
2025-04-03 17:35:56.697 69609 INFO tempest.lib.common.rest_client [req-47dfe4fc-6fe2-4ef4-b355-2ff97c624bd3 req-47dfe4fc-6fe2-4ef4-b355-2ff97c624bd3 ] Request (ValidationResourcesFixture:setUp): 201 POST http://10.180.1.21:9696/networking/v2.0/security-groups 0.377s
2025-04-03 17:35:56.719 69629 INFO tempest.lib.common.rest_client [req-5688bed3-b59b-4eff-aecc-95b34b2f41b1 req-5688bed3-b59b-4eff-aecc-95b34b2f41b1 ] Request (ImagesOneServerTestJSON:setUpClass): 204 PUT http://10.180.1.21/identity/v3/projects/082fe2c32b134a4a9600f9f124d5d863/users/bc42a62399db4e1faab18af797b5b868/roles/83bc8772318d497782f1f67cac7adbc5 0.157s
2025-04-03 17:35:56.720 69629 INFO tempest.lib.common.dynamic_creds [-] Dynamic test user bc42a62399db4e1faab18af797b5b868 is created with scope project and roles: ['member']
2025-04-03 17:35:56.720 69629 INFO tempest.lib.common.dynamic_creds [-] Acquired dynamic creds: credentials: Credentials: {'domain_id': 'default', 'domain_name': 'Default', 'username': 'tempest-ImagesOneServerTestJSON-560227128-project-member', 'project_domain_id': 'default', 'project_domain_name': 'Default', 'project_id': '082fe2c32b134a4a9600f9f124d5d863', 'project_name': 'tempest-ImagesOneServerTestJSON-560227128', 'tenant_id': '082fe2c32b134a4a9600f9f124d5d863', 'tenant_name': 'tempest-ImagesOneServerTestJSON-560227128', 'user_domain_id': 'default', 'user_domain_name': 'Default', 'user_id': 'bc42a62399db4e1faab18af797b5b868', 'system': None}, Network: None, Subnet: None, Router: None
2025-04-03 17:35:56.723 69655 INFO tempest.lib.common.rest_client [req-008e87cf-dc33-4b03-aa8d-e75f3ebe055d req-008e87cf-dc33-4b03-aa8d-e75f3ebe055d ] Request (MultipleCreateTestJSON:test_multiple_create): 200 GET http://10.180.1.21/compute/v2.1/servers/230c6278-65af-4f5d-b817-0b695086c29d 1.203s
2025-04-03 17:35:56.729 69639 INFO tempest.lib.common.rest_client [req-ab9a1519-0fc1-4e95-9e21-163aa8ed1716 req-ab9a1519-0fc1-4e95-9e21-163aa8ed1716 ] Request (KeyPairsV210TestJSON:tearDownClass): 204 DELETE http://10.180.1.21:9696/networking/v2.0/security-groups/6eaa27f7-cd39-4737-9d50-7bc342ab3ea1 0.120s
2025-04-03 17:35:56.747 69621 INFO tempest.lib.common.rest_client [req-b36d8840-f23c-4dee-9afa-79eafa61330e req-b36d8840-f23c-4dee-9afa-79eafa61330e ] Request (FlavorsAdminTestJSON:_run_cleanups): 200 GET http://10.180.1.21/compute/v2.1/flavors/detail 0.911s
2025-04-03 17:35:56.764 69603 INFO tempest.lib.common.rest_client [req-2570ccad-69fd-45c2-8d99-7c94fca257d6 req-2570ccad-69fd-45c2-8d99-7c94fca257d6 ] Request (HypervisorAdminNegativeTestJSON:tearDownClass): 200 GET http://10.180.1.21:9696/networking/v2.0/security-groups?tenant_id=99d04e0be4754d99876b7c3b6614ebd3&name=default 0.514s
2025-04-03 17:35:56.775 69623 INFO tempest.lib.common.rest_client [req-0c1c1102-377a-4097-a581-41ba868d2a1e req-0c1c1102-377a-4097-a581-41ba868d2a1e ] Request (TenantUsagesNegativeTestJSON:setUpClass): 201 POST http://10.180.1.21/identity/v3/auth/tokens 0.180s
2025-04-03 17:35:56.813 69609 INFO tempest.lib.common.rest_client [req-dd19e108-8ce5-4da3-9a02-e867c6265384 req-dd19e108-8ce5-4da3-9a02-e867c6265384 ] Request (ValidationResourcesFixture:setUp): 201 POST http://10.180.1.21:9696/networking/v2.0/security-group-rules 0.116s
2025-04-03 17:35:56.813 69637 INFO tempest.lib.common.rest_client [req-58aa6587-04ad-41d3-b4c5-9a4133b1ee1e req-58aa6587-04ad-41d3-b4c5-9a4133b1ee1e ] Request (ServerAddressesTestJSON:setUpClass): 201 POST http://10.180.1.21/identity/v3/auth/tokens 0.218s
2025-04-03 17:35:56.814 69637 INFO tempest.lib.common.fixed_network [-] (ServerAddressesTestJSON:setUpClass) Found network {'id': '476fe2b5-7e7f-4e61-ae35-6ea0ae8e3cb8', 'name': 'tempest-ServerAddressesTestJSON-755380080-network', 'tenant_id': 'baf187118a5148ff872d234776a2db47', 'admin_state_up': True, 'mtu': 8950, 'status': 'ACTIVE', 'subnets': [], 'shared': False, 'project_id': 'baf187118a5148ff872d234776a2db47', 'port_security_enabled': True, 'router:external': False, 'provider:network_type': 'vlan', 'provider:physical_network': 'default', 'provider:segmentation_id': 557, 'availability_zone_hints': [], 'availability_zones': [], 'ipv4_address_scope': None, 'ipv6_address_scope': None, 'description': '', 'tags': [], 'created_at': '2025-04-03T17:35:52Z', 'updated_at': '2025-04-03T17:35:52Z', 'revision_number': 1} available for tenant
2025-04-03 17:35:56.835 69641 INFO tempest.lib.common.rest_client [req-36c71c11-0c42-4866-b49a-8ecac4160b29 req-36c71c11-0c42-4866-b49a-8ecac4160b29 ] Request (HostsAdminTestJSON:setUpClass): 201 POST http://10.180.1.21/identity/v3/auth/tokens 0.217s
2025-04-03 17:35:56.857 69603 INFO tempest.lib.common.rest_client [req-2cef8adc-8d16-4b30-a3af-bde4eca86879 req-2cef8adc-8d16-4b30-a3af-bde4eca86879 ] Request (HypervisorAdminNegativeTestJSON:tearDownClass): 204 DELETE http://10.180.1.21:9696/networking/v2.0/security-groups/d1330fd1-2482-45d3-9244-b20365c67917 0.092s
2025-04-03 17:35:56.889 69651 INFO tempest.lib.common.rest_client [req-ced5c8a1-9588-4e04-9278-4f21b2e3995e req-ced5c8a1-9588-4e04-9278-4f21b2e3995e ] Request (HostsAdminNegativeTestJSON:tearDownClass): 204 DELETE http://10.180.1.21/identity/v3/users/66391316a25940e48844ed5a194f5f7a 0.233s
2025-04-03 17:35:56.889 69651 INFO tempest.lib.common.dynamic_creds [-] Deleting project and security group for project: 6ee4b07c64454fa096c7c0747dfce629
2025-04-03 17:35:56.891 69629 INFO tempest.lib.common.rest_client [req-ff9546ee-6ecd-4872-98da-bcfeb8548352 req-ff9546ee-6ecd-4872-98da-bcfeb8548352 ] Request (ImagesOneServerTestJSON:setUpClass): 201 POST http://10.180.1.21/identity/v3/auth/tokens 0.171s
2025-04-03 17:35:56.923 69609 INFO tempest.lib.common.rest_client [req-13e14da7-2bf3-4443-aa50-2976a6df62c4 req-13e14da7-2bf3-4443-aa50-2976a6df62c4 ] Request (ValidationResourcesFixture:setUp): 201 POST http://10.180.1.21:9696/networking/v2.0/security-group-rules 0.110s
2025-04-03 17:35:56.987 69657 INFO tempest.lib.common.rest_client [req-955990cc-98aa-4a23-b3fa-2e94a67c4f1a req-955990cc-98aa-4a23-b3fa-2e94a67c4f1a ] Request (AttachInterfacesUnderV243Test:setUpClass): 201 POST http://10.180.1.21:9696/networking/v2.0/networks 0.446s
2025-04-03 17:35:57.013 69639 INFO tempest.lib.common.rest_client [req-5b5ab368-e4bb-442d-aafb-ecb58eab903f req-5b5ab368-e4bb-442d-aafb-ecb58eab903f ] Request (KeyPairsV210TestJSON:tearDownClass): 204 DELETE http://10.180.1.21/identity/v3/projects/6bf49006979c4f5481ff51fdabc5b5ec 0.284s
2025-04-03 17:35:57.084 69645 INFO tempest.lib.common.rest_client [req-4da5ad32-aaed-45dc-b1d8-4826eb03119f req-4da5ad32-aaed-45dc-b1d8-4826eb03119f ] Request (KeyPairsV22TestJSON:test_get_keypair_detail): 201 POST http://10.180.1.21/compute/v2.1/os-keypairs 1.208s
2025-04-03 17:35:57.092 69623 INFO tempest.lib.common.rest_client [req-e6112c55-8ab2-4134-8ae4-8fcfb42241a2 req-e6112c55-8ab2-4134-8ae4-8fcfb42241a2 ] Request (TenantUsagesNegativeTestJSON:setUpClass): 200 GET http://10.180.1.21/identity/v3/domains?name=Default 0.316s
2025-04-03 17:35:57.103 69627 INFO tempest.lib.common.rest_client [req-6db7f5a1-f151-4c38-866c-5c81e1a71979 req-6db7f5a1-f151-4c38-866c-5c81e1a71979 ] Request (FlavorsExtraSpecsTestJSON:test_flavor_set_get_update_show_unset_keys): 200 GET http://10.180.1.21/compute/v2.1/flavors/699730092/os-extra_specs 1.161s
2025-04-03 17:35:57.134 69641 INFO tempest.lib.common.rest_client [req-b4216505-928e-45fc-9ce4-1bbf1bd939b8 req-b4216505-928e-45fc-9ce4-1bbf1bd939b8 ] Request (HostsAdminTestJSON:setUpClass): 201 POST http://10.180.1.21/identity/v3/projects 0.296s
2025-04-03 17:35:57.191 69657 INFO tempest.lib.common.rest_client [req-a10d7844-6e13-44e3-9e0f-2b2928e375e9 req-a10d7844-6e13-44e3-9e0f-2b2928e375e9 ] Request (AttachInterfacesUnderV243Test:setUpClass): 201 POST http://10.180.1.21:9696/networking/v2.0/subnets 0.203s
2025-04-03 17:35:57.207 69603 INFO tempest.lib.common.rest_client [req-1440e200-0162-44c1-8744-29b7c3e01a35 req-1440e200-0162-44c1-8744-29b7c3e01a35 ] Request (HypervisorAdminNegativeTestJSON:tearDownClass): 204 DELETE http://10.180.1.21/identity/v3/projects/99d04e0be4754d99876b7c3b6614ebd3 0.350s
2025-04-03 17:35:57.207 69603 INFO tempest.lib.common.dynamic_creds [-] Deleting project and security group for project: 89012ff979c744cc96b353588f3a3f83
2025-04-03 17:35:57.208 69651 INFO tempest.lib.common.rest_client [req-9d23fd05-feab-46aa-b74f-7139b635d6c3 req-9d23fd05-feab-46aa-b74f-7139b635d6c3 ] Request (HostsAdminNegativeTestJSON:tearDownClass): 201 POST http://10.180.1.21/identity/v3/auth/tokens 0.319s
2025-04-03 17:35:57.227 69659 INFO tempest.lib.common.rest_client [req-4c863527-2569-4039-a5a0-c62ff05dbc33 req-4c863527-2569-4039-a5a0-c62ff05dbc33 ] Request (QuotasAdminTestV257:test_get_updated_quotas): 200 PUT http://10.180.1.21/compute/v2.1/os-quota-sets/7a153262ad214448a5c8bbeb4423280a?user_id=1cdaa69031424878a85d722a79ff44a2 1.400s
2025-04-03 17:35:57.237 69639 INFO tempest.lib.common.rest_client [req-d5f28cef-9e8c-4568-a715-8d1f79044697 req-d5f28cef-9e8c-4568-a715-8d1f79044697 ] Request (ServerDiagnosticsV248Test:setUpClass): 201 POST http://10.180.1.21/identity/v3/auth/tokens 0.222s
2025-04-03 17:35:57.267 69623 INFO tempest.lib.common.rest_client [req-0d0317a0-3f4f-49ae-b201-e99a7252e81a req-0d0317a0-3f4f-49ae-b201-e99a7252e81a ] Request (TenantUsagesNegativeTestJSON:setUpClass): 201 POST http://10.180.1.21/identity/v3/projects 0.174s
2025-04-03 17:35:57.285 69641 INFO tempest.lib.common.rest_client [req-3e0a97ed-f4bd-458d-ad85-1cdf8fe3978f req-3e0a97ed-f4bd-458d-ad85-1cdf8fe3978f ] Request (HostsAdminTestJSON:setUpClass): 201 POST http://10.180.1.21/identity/v3/users 0.151s
2025-04-03 17:35:57.339 69639 INFO tempest.lib.common.rest_client [req-2e55ea02-2a46-4778-ba64-d195aee6b58e req-2e55ea02-2a46-4778-ba64-d195aee6b58e ] Request (ServerDiagnosticsV248Test:setUpClass): 201 POST http://10.180.1.21/identity/v3/auth/tokens 0.099s
2025-04-03 17:35:57.359 69641 INFO tempest.lib.common.rest_client [req-6175a3a8-dc40-432b-b008-082f19f05c65 req-6175a3a8-dc40-432b-b008-082f19f05c65 ] Request (HostsAdminTestJSON:setUpClass): 200 GET http://10.180.1.21/identity/v3/roles 0.073s
2025-04-03 17:35:57.361 69623 INFO tempest.lib.common.rest_client [req-1c03b275-e892-43f0-8d74-5584077e9f2d req-1c03b275-e892-43f0-8d74-5584077e9f2d ] Request (TenantUsagesNegativeTestJSON:setUpClass): 201 POST http://10.180.1.21/identity/v3/users 0.094s
2025-04-03 17:35:57.382 69639 INFO tempest.lib.common.rest_client [req-8f39078c-e94e-41ff-82df-76abc3a3f7c7 req-8f39078c-e94e-41ff-82df-76abc3a3f7c7 ] Request (ServerDiagnosticsV248Test:setUpClass): 200 GET http://10.180.1.21/identity/v3/domains?name=Default 0.042s
2025-04-03 17:35:57.404 69641 INFO tempest.lib.common.rest_client [req-319ca61a-f43a-44ee-98a3-961ff7327ee3 req-319ca61a-f43a-44ee-98a3-961ff7327ee3 ] Request (HostsAdminTestJSON:setUpClass): 204 PUT http://10.180.1.21/identity/v3/projects/0a93bd8c68954a54b0a174b8907bd756/users/5895ba9d21d34b3b91921ccd9eb0171e/roles/e729cf636df641998664c5bc459e02f7 0.045s
2025-04-03 17:35:57.455 69623 INFO tempest.lib.common.rest_client [req-7b28c841-04f9-4e33-b18d-f7d679da8fe3 req-7b28c841-04f9-4e33-b18d-f7d679da8fe3 ] Request (TenantUsagesNegativeTestJSON:setUpClass): 200 GET http://10.180.1.21/identity/v3/roles 0.093s
2025-04-03 17:35:57.487 69625 INFO tempest.lib.common.rest_client [req-2f874b21-0ef3-4146-bc72-3829603380c1 req-2f874b21-0ef3-4146-bc72-3829603380c1 ] Request (QuotasAdminNegativeTest:test_create_server_when_memory_quota_is_full): 200 GET http://10.180.1.21/compute/v2.1/os-quota-sets/b7958da7f00141719cd3b06514432a8d 1.310s
2025-04-03 17:35:57.491 69641 INFO tempest.lib.common.rest_client [req-02c0e7a1-6124-4ef4-bd5d-d79d293b7f41 req-02c0e7a1-6124-4ef4-bd5d-d79d293b7f41 ] Request (HostsAdminTestJSON:setUpClass): 200 GET http://10.180.1.21/identity/v3/roles 0.086s
2025-04-03 17:35:57.493 69639 INFO tempest.lib.common.rest_client [req-a00dad08-dd54-4558-9a1b-1db4278e1288 req-a00dad08-dd54-4558-9a1b-1db4278e1288 ] Request (ServerDiagnosticsV248Test:setUpClass): 201 POST http://10.180.1.21/identity/v3/projects 0.111s
2025-04-03 17:35:57.505 69635 INFO tempest.lib.common.rest_client [req-884971b9-1897-4c96-8a2a-6b16258b5086 req-884971b9-1897-4c96-8a2a-6b16258b5086 ] Request (FlavorsV2TestJSON:test_list_flavors_limit_results): 200 GET http://10.180.1.21/compute/v2.1/flavors?limit=1 1.304s
2025-04-03 17:35:57.509 69633 INFO tempest.lib.common.rest_client [req-1924737f-9dad-4723-8d89-a5cdbee277b7 req-1924737f-9dad-4723-8d89-a5cdbee277b7 ] Request (ServersAdminNegativeTestJSON:setUpClass): 200 GET http://10.180.1.21/compute/v2.1/servers/676173ee-8001-48c6-bd28-09130f6dd99a 1.394s
2025-04-03 17:35:57.528 69603 INFO tempest.lib.common.rest_client [req-70112d42-1c7d-4b02-8f57-75e5c00ae617 req-70112d42-1c7d-4b02-8f57-75e5c00ae617 ] Request (HypervisorAdminNegativeTestJSON:tearDownClass): 200 GET http://10.180.1.21:9696/networking/v2.0/security-groups?tenant_id=89012ff979c744cc96b353588f3a3f83&name=default 0.321s
2025-04-03 17:35:57.558 69623 INFO tempest.lib.common.rest_client [req-a5d84440-dd3d-4d99-8a07-4099e3c836b5 req-a5d84440-dd3d-4d99-8a07-4099e3c836b5 ] Request (TenantUsagesNegativeTestJSON:setUpClass): 204 PUT http://10.180.1.21/identity/v3/projects/11f9d89106be427aa51d48d29687e296/users/4ba2ca54a25d4494a670fab1e7e5fcc4/roles/83bc8772318d497782f1f67cac7adbc5 0.102s
2025-04-03 17:35:57.558 69623 INFO tempest.lib.common.dynamic_creds [-] Dynamic test user 4ba2ca54a25d4494a670fab1e7e5fcc4 is created with scope project and roles: ['member']
2025-04-03 17:35:57.558 69623 INFO tempest.lib.common.dynamic_creds [-] Acquired dynamic creds: credentials: Credentials: {'domain_id': 'default', 'domain_name': 'Default', 'username': 'tempest-TenantUsagesNegativeTestJSON-1715727445-project-member', 'project_domain_id': 'default', 'project_domain_name': 'Default', 'project_id': '11f9d89106be427aa51d48d29687e296', 'project_name': 'tempest-TenantUsagesNegativeTestJSON-1715727445', 'tenant_id': '11f9d89106be427aa51d48d29687e296', 'tenant_name': 'tempest-TenantUsagesNegativeTestJSON-1715727445', 'user_domain_id': 'default', 'user_domain_name': 'Default', 'user_id': '4ba2ca54a25d4494a670fab1e7e5fcc4', 'system': None}, Network: None, Subnet: None, Router: None
2025-04-03 17:35:57.558 69623 INFO tempest.lib.common.dynamic_creds [-] Created isolated network resources for: credentials: Credentials: {'domain_id': 'default', 'domain_name': 'Default', 'username': 'tempest-TenantUsagesNegativeTestJSON-1715727445-project-member', 'project_domain_id': 'default', 'project_domain_name': 'Default', 'project_id': '11f9d89106be427aa51d48d29687e296', 'project_name': 'tempest-TenantUsagesNegativeTestJSON-1715727445', 'tenant_id': '11f9d89106be427aa51d48d29687e296', 'tenant_name': 'tempest-TenantUsagesNegativeTestJSON-1715727445', 'user_domain_id': 'default', 'user_domain_name': 'Default', 'user_id': '4ba2ca54a25d4494a670fab1e7e5fcc4', 'system': None}, Network: None, Subnet: None, Router: None
2025-04-03 17:35:57.589 69611 INFO tempest.lib.common.rest_client [req-612c4e69-5572-4e79-b794-6e999efd7ac0 req-612c4e69-5572-4e79-b794-6e999efd7ac0 ] Request (ListImagesTestJSON:test_list_images_with_detail): 200 GET http://10.180.1.21/compute/v2.1/images/detail 1.128s
2025-04-03 17:35:57.613 69613 INFO tempest.lib.common.rest_client [req-95a86921-0c3e-4fe6-964a-8af9c9009bfc req-95a86921-0c3e-4fe6-964a-8af9c9009bfc ] Request (MigrationsAdminTest:test_list_migrations_in_flavor_resize_situation): 200 GET http://10.180.1.21/compute/v2.1/servers/d37b4f32-7ae9-46f1-8f7d-ac61fb8fd5d8 1.310s
2025-04-03 17:35:57.617 69641 INFO tempest.lib.common.rest_client [req-ca237b1e-33a4-4ff2-9ae5-9fb62055f82b req-ca237b1e-33a4-4ff2-9ae5-9fb62055f82b ] Request (HostsAdminTestJSON:setUpClass): 204 PUT http://10.180.1.21/identity/v3/projects/0a93bd8c68954a54b0a174b8907bd756/users/5895ba9d21d34b3b91921ccd9eb0171e/roles/e729cf636df641998664c5bc459e02f7 0.125s
2025-04-03 17:35:57.617 69641 INFO tempest.lib.common.dynamic_creds [-] Dynamic test user 5895ba9d21d34b3b91921ccd9eb0171e is created with scope project and roles: ['admin']
2025-04-03 17:35:57.617 69641 INFO tempest.lib.common.dynamic_creds [-] Acquired dynamic creds: credentials: Credentials: {'domain_id': 'default', 'domain_name': 'Default', 'username': 'tempest-HostsAdminTestJSON-1164313797-project-admin', 'project_domain_id': 'default', 'project_domain_name': 'Default', 'project_id': '0a93bd8c68954a54b0a174b8907bd756', 'project_name': 'tempest-HostsAdminTestJSON-1164313797', 'tenant_id': '0a93bd8c68954a54b0a174b8907bd756', 'tenant_name': 'tempest-HostsAdminTestJSON-1164313797', 'user_domain_id': 'default', 'user_domain_name': 'Default', 'user_id': '5895ba9d21d34b3b91921ccd9eb0171e', 'system': None}, Network: None, Subnet: None, Router: None
2025-04-03 17:35:57.617 69641 INFO tempest.lib.common.dynamic_creds [-] Created isolated network resources for: credentials: Credentials: {'domain_id': 'default', 'domain_name': 'Default', 'username': 'tempest-HostsAdminTestJSON-1164313797-project-admin', 'project_domain_id': 'default', 'project_domain_name': 'Default', 'project_id': '0a93bd8c68954a54b0a174b8907bd756', 'project_name': 'tempest-HostsAdminTestJSON-1164313797', 'tenant_id': '0a93bd8c68954a54b0a174b8907bd756', 'tenant_name': 'tempest-HostsAdminTestJSON-1164313797', 'user_domain_id': 'default', 'user_domain_name': 'Default', 'user_id': '5895ba9d21d34b3b91921ccd9eb0171e', 'system': None}, Network: None, Subnet: None, Router: None
2025-04-03 17:35:57.622 69613 INFO tempest.common.waiters [-] State transition "BUILD/None" ==> "BUILD/networking" after 15 second wait
2025-04-03 17:35:57.623 69601 INFO tempest.lib.common.rest_client [req-a27592c9-7821-4dd1-9fe0-f26b777f31ce req-a27592c9-7821-4dd1-9fe0-f26b777f31ce ] Request (FlavorsAccessNegativeTestJSON:test_flavor_non_admin_remove): 403 POST http://10.180.1.21/compute/v2.1/flavors/1401525386/action 1.122s
2025-04-03 17:35:57.647 69649 INFO tempest.lib.common.rest_client [req-3db6153f-2f7d-4db9-8b81-0cdff0ecaf2f req-3db6153f-2f7d-4db9-8b81-0cdff0ecaf2f ] Request (AggregatesAdminNegativeTestJSON:test_aggregate_create_with_existent_aggregate_name): 200 POST http://10.180.1.21/compute/v2.1/os-aggregates 1.138s
2025-04-03 17:35:57.666 69639 INFO tempest.lib.common.rest_client [req-2d3c41af-494b-4765-8b57-71a50ae41eb9 req-2d3c41af-494b-4765-8b57-71a50ae41eb9 ] Request (ServerDiagnosticsV248Test:setUpClass): 201 POST http://10.180.1.21/identity/v3/users 0.172s
2025-04-03 17:35:57.698 69623 INFO tempest.lib.common.rest_client [req-5e4d54b5-5869-4e94-aa63-35e23cbf1180 req-5e4d54b5-5869-4e94-aa63-35e23cbf1180 ] Request (TenantUsagesNegativeTestJSON:setUpClass): 201 POST http://10.180.1.21/identity/v3/auth/tokens 0.136s
2025-04-03 17:35:57.744 69619 INFO tempest.lib.common.rest_client [req-11b0d67e-7f40-4e93-a283-87fb4e1d33db req-11b0d67e-7f40-4e93-a283-87fb4e1d33db ] Request (VolumesAssistedSnapshotsTest:test_volume_assisted_snapshot_create_delete): 200 GET http://10.180.1.21/compute/v2.1/servers/a798c3f2-ccde-488e-8a14-21f4a04f8e12 1.152s
2025-04-03 17:35:57.753 69651 INFO tempest.lib.common.rest_client [req-7be80eb2-9bbb-427e-9f03-75009f286431 req-7be80eb2-9bbb-427e-9f03-75009f286431 ] Request (HostsAdminNegativeTestJSON:tearDownClass): 200 GET http://10.180.1.21:9696/networking/v2.0/security-groups?tenant_id=6ee4b07c64454fa096c7c0747dfce629&name=default 0.544s
2025-04-03 17:35:57.769 69611 INFO tempest.lib.common.rest_client [req-f37e9d5a-8f59-4aa4-a4e9-4924222d795b req-f37e9d5a-8f59-4aa4-a4e9-4924222d795b ] Request (ListImagesTestJSON:tearDownClass): 204 DELETE http://10.180.1.21/identity/v3/users/77e429d65182453a906ead0d3f216272 0.169s
2025-04-03 17:35:57.769 69611 INFO tempest.lib.common.dynamic_creds [-] Deleting project and security group for project: 67e60dd09e374c6ba6eecb42fbf7768f
2025-04-03 17:35:57.808 69641 INFO tempest.lib.common.rest_client [req-51a34617-69ae-4e18-9a10-5255e8a631ef req-51a34617-69ae-4e18-9a10-5255e8a631ef ] Request (HostsAdminTestJSON:setUpClass): 201 POST http://10.180.1.21/identity/v3/auth/tokens 0.186s
2025-04-03 17:35:57.832 69609 INFO tempest.lib.common.rest_client [req-54f56b66-81b7-49eb-a072-4270cb232f2a req-54f56b66-81b7-49eb-a072-4270cb232f2a ] Request (ValidationResourcesFixture:setUp): 201 POST http://10.180.1.21:9696/networking/v2.0/floatingips 0.908s
2025-04-03 17:35:57.839 69639 INFO tempest.lib.common.rest_client [req-397dcf18-0369-411e-b9bb-1f9f10e3bae9 req-397dcf18-0369-411e-b9bb-1f9f10e3bae9 ] Request (ServerDiagnosticsV248Test:setUpClass): 200 GET http://10.180.1.21/identity/v3/roles 0.172s
2025-04-03 17:35:57.841 69603 INFO tempest.lib.common.rest_client [req-d500bd94-1a76-44b3-8f61-5da4b850d2ab req-d500bd94-1a76-44b3-8f61-5da4b850d2ab ] Request (HypervisorAdminNegativeTestJSON:tearDownClass): 204 DELETE http://10.180.1.21:9696/networking/v2.0/security-groups/f3169a6a-9722-406d-a106-428ed11b4e10 0.312s
2025-04-03 17:35:57.849 69617 INFO tempest.lib.common.rest_client [req-bfc16d50-cd71-40f4-b885-4b674ca7935f req-bfc16d50-cd71-40f4-b885-4b674ca7935f ] Request (ServerDiagnosticsTest:test_get_server_diagnostics): 200 GET http://10.180.1.21/compute/v2.1/servers/49a668a7-5967-46a9-823f-7f613d34d152 1.355s
2025-04-03 17:35:57.862 69623 INFO tempest.lib.common.rest_client [req-700779d1-eac7-4f17-b679-17615cc1e32f req-700779d1-eac7-4f17-b679-17615cc1e32f ] Request (TenantUsagesNegativeTestJSON:setUpClass): 201 POST http://10.180.1.21/identity/v3/projects 0.163s
2025-04-03 17:35:57.885 69621 INFO tempest.lib.common.rest_client [req-7ce7845f-7546-4807-9925-fbc90a4d436c req-7ce7845f-7546-4807-9925-fbc90a4d436c ] Request (FlavorsAdminTestJSON:test_create_list_flavor_without_extra_data): 200 POST http://10.180.1.21/compute/v2.1/flavors 1.130s
2025-04-03 17:35:57.944 69611 INFO tempest.lib.common.rest_client [req-79b3d269-7424-451e-8c52-60060a585dcb req-79b3d269-7424-451e-8c52-60060a585dcb ] Request (ListImagesTestJSON:tearDownClass): 201 POST http://10.180.1.21/identity/v3/auth/tokens 0.175s
2025-04-03 17:35:57.960 69629 INFO tempest.lib.common.rest_client [req-9784819c-9d28-43ba-919d-12d2ff9035e5 req-9784819c-9d28-43ba-919d-12d2ff9035e5 ] Request (ImagesOneServerTestJSON:setUpClass): 201 POST http://10.180.1.21:9696/networking/v2.0/networks 1.067s
2025-04-03 17:35:57.970 69639 INFO tempest.lib.common.rest_client [req-90a6097c-42f4-4c43-a04c-79c80b0663c5 req-90a6097c-42f4-4c43-a04c-79c80b0663c5 ] Request (ServerDiagnosticsV248Test:setUpClass): 204 PUT http://10.180.1.21/identity/v3/projects/ed8882e64d684e5abc0b043f4471f643/users/dbf8c7ff01ec4585aa3315194aaa896c/roles/83bc8772318d497782f1f67cac7adbc5 0.130s
2025-04-03 17:35:57.970 69639 INFO tempest.lib.common.dynamic_creds [-] Dynamic test user dbf8c7ff01ec4585aa3315194aaa896c is created with scope project and roles: ['member']
2025-04-03 17:35:57.971 69639 INFO tempest.lib.common.dynamic_creds [-] Acquired dynamic creds: credentials: Credentials: {'domain_id': 'default', 'domain_name': 'Default', 'username': 'tempest-ServerDiagnosticsV248Test-1430996269-project-member', 'project_domain_id': 'default', 'project_domain_name': 'Default', 'project_id': 'ed8882e64d684e5abc0b043f4471f643', 'project_name': 'tempest-ServerDiagnosticsV248Test-1430996269', 'tenant_id': 'ed8882e64d684e5abc0b043f4471f643', 'tenant_name': 'tempest-ServerDiagnosticsV248Test-1430996269', 'user_domain_id': 'default', 'user_domain_name': 'Default', 'user_id': 'dbf8c7ff01ec4585aa3315194aaa896c', 'system': None}, Network: None, Subnet: None, Router: None
2025-04-03 17:35:57.971 69639 INFO tempest.lib.common.dynamic_creds [-] Created isolated network resources for: credentials: Credentials: {'domain_id': 'default', 'domain_name': 'Default', 'username': 'tempest-ServerDiagnosticsV248Test-1430996269-project-member', 'project_domain_id': 'default', 'project_domain_name': 'Default', 'project_id': 'ed8882e64d684e5abc0b043f4471f643', 'project_name': 'tempest-ServerDiagnosticsV248Test-1430996269', 'tenant_id': 'ed8882e64d684e5abc0b043f4471f643', 'tenant_name': 'tempest-ServerDiagnosticsV248Test-1430996269', 'user_domain_id': 'default', 'user_domain_name': 'Default', 'user_id': 'dbf8c7ff01ec4585aa3315194aaa896c', 'system': None}, Network: None, Subnet: None, Router: None
2025-04-03 17:35:57.983 69609 INFO tempest.lib.common.rest_client [req-17354c7e-5794-4693-8e37-d33ee254484c req-17354c7e-5794-4693-8e37-d33ee254484c ] Request (ServersWithSpecificFlavorTestJSON:test_verify_created_server_ephemeral_disk): 201 POST http://10.180.1.21/identity/v3/auth/tokens 0.146s
2025-04-03 17:35:57.983 69609 INFO tempest.lib.common.fixed_network [-] (ServersWithSpecificFlavorTestJSON:test_verify_created_server_ephemeral_disk) Found network {'id': '023046e8-e113-4ce9-95d7-1c04fc034ba6', 'name': 'tempest-ServersWithSpecificFlavorTestJSON-89845670-network', 'tenant_id': '1467d48a61f7410b8f6d5a981d169563', 'admin_state_up': True, 'mtu': 8950, 'status': 'ACTIVE', 'subnets': [], 'shared': False, 'project_id': '1467d48a61f7410b8f6d5a981d169563', 'port_security_enabled': True, 'router:external': False, 'provider:network_type': 'vlan', 'provider:physical_network': 'default', 'provider:segmentation_id': 979, 'availability_zone_hints': [], 'availability_zones': [], 'ipv4_address_scope': None, 'ipv6_address_scope': None, 'description': '', 'tags': [], 'created_at': '2025-04-03T17:35:41Z', 'updated_at': '2025-04-03T17:35:41Z', 'revision_number': 1} available for tenant
2025-04-03 17:35:58.027 69661 INFO tempest.lib.common.rest_client [req-c8104dda-105f-4889-8b9d-402cd61afc58 req-c8104dda-105f-4889-8b9d-402cd61afc58 ] Request (DeleteServersAdminTestJSON:test_admin_delete_servers_of_others): 200 GET http://10.180.1.21/compute/v2.1/servers/caba3b5c-db15-4de6-8d3d-41f6751f1b83 1.419s
2025-04-03 17:35:58.035 69623 INFO tempest.lib.common.rest_client [req-066fa133-e5b8-4270-849d-ab415e91c097 req-066fa133-e5b8-4270-849d-ab415e91c097 ] Request (TenantUsagesNegativeTestJSON:setUpClass): 201 POST http://10.180.1.21/identity/v3/users 0.172s
2025-04-03 17:35:58.038 69661 INFO tempest.common.waiters [-] State transition "BUILD/block_device_mapping" ==> "BUILD/spawning" after 16 second wait
2025-04-03 17:35:58.056 69651 INFO tempest.lib.common.rest_client [req-1338a0d3-d999-42fb-ae0e-0a8228b40a9d req-1338a0d3-d999-42fb-ae0e-0a8228b40a9d ] Request (HostsAdminNegativeTestJSON:tearDownClass): 204 DELETE http://10.180.1.21:9696/networking/v2.0/security-groups/9942f8ff-8697-4e83-a79a-2aaf1b7ea903 0.302s
2025-04-03 17:35:58.077 69603 INFO tempest.lib.common.rest_client [req-7e6eca5b-7cfa-4429-9ed5-50e927096c9d req-7e6eca5b-7cfa-4429-9ed5-50e927096c9d ] Request (HypervisorAdminNegativeTestJSON:tearDownClass): 204 DELETE http://10.180.1.21/identity/v3/projects/89012ff979c744cc96b353588f3a3f83 0.235s
2025-04-03 17:35:58.210 69605 INFO tempest.lib.common.rest_client [req-bf2119c4-c3a7-4fe7-bf63-1d7fef55d81a req-bf2119c4-c3a7-4fe7-bf63-1d7fef55d81a ] Request (FloatingIPsAssociationNegativeTestJSON:setUpClass): 200 GET http://10.180.1.21/compute/v2.1/servers/88f9f0c2-0c55-45bf-a494-8f1ee4922443 1.387s
2025-04-03 17:35:58.263 69639 INFO tempest.lib.common.rest_client [req-ba98ff46-f1b9-4296-b66f-38a2ae248758 req-ba98ff46-f1b9-4296-b66f-38a2ae248758 ] Request (ServerDiagnosticsV248Test:setUpClass): 201 POST http://10.180.1.21/identity/v3/auth/tokens 0.288s
2025-04-03 17:35:58.298 69629 INFO tempest.lib.common.rest_client [req-fcb5eea7-3264-4556-856b-5b1b73e7332b req-fcb5eea7-3264-4556-856b-5b1b73e7332b ] Request (ImagesOneServerTestJSON:setUpClass): 201 POST http://10.180.1.21:9696/networking/v2.0/subnets 0.335s
2025-04-03 17:35:58.328 69623 INFO tempest.lib.common.rest_client [req-4049ec16-07a3-4f47-af47-05c43971ce0c req-4049ec16-07a3-4f47-af47-05c43971ce0c ] Request (TenantUsagesNegativeTestJSON:setUpClass): 200 GET http://10.180.1.21/identity/v3/roles 0.293s
2025-04-03 17:35:58.377 69651 INFO tempest.lib.common.rest_client [req-75dad4f4-5b0d-4ec6-b747-715b0a8f9fb9 req-75dad4f4-5b0d-4ec6-b747-715b0a8f9fb9 ] Request (HostsAdminNegativeTestJSON:tearDownClass): 204 DELETE http://10.180.1.21/identity/v3/projects/6ee4b07c64454fa096c7c0747dfce629 0.319s
2025-04-03 17:35:58.377 69651 INFO tempest.lib.common.dynamic_creds [-] Deleting project and security group for project: 8a711f83b57f409f91eeaa0716d01f35
2025-04-03 17:35:58.380 69603 INFO tempest.lib.common.rest_client [req-7d4b1375-c292-4ea0-8059-90a3210dc612 req-7d4b1375-c292-4ea0-8059-90a3210dc612 ] Request (FloatingIPsAssociationTestJSON:setUpClass): 201 POST http://10.180.1.21/identity/v3/auth/tokens 0.300s
2025-04-03 17:35:58.410 69639 INFO tempest.lib.common.rest_client [req-f8c5a56c-f488-4375-9431-f84ba2e58ed2 req-f8c5a56c-f488-4375-9431-f84ba2e58ed2 ] Request (ServerDiagnosticsV248Test:setUpClass): 201 POST http://10.180.1.21/identity/v3/projects 0.147s
2025-04-03 17:35:58.443 69648 INFO tempest.lib.common.rest_client [req-a6fbcfad-8040-4e83-8361-dd7abd03ab9b req-a6fbcfad-8040-4e83-8361-dd7abd03ab9b ] Request (DeleteServersTestJSON:test_delete_active_server): 200 GET http://10.180.1.21/compute/v2.1/servers/ed10d511-dbed-4884-8ac6-f737173f62c5 1.525s
2025-04-03 17:35:58.456 69645 INFO tempest.lib.common.rest_client [req-0bc50f4a-b601-403e-a948-b695dffee429 req-0bc50f4a-b601-403e-a948-b695dffee429 ] Request (KeyPairsV22TestJSON:test_get_keypair_detail): 200 GET http://10.180.1.21/compute/v2.1/os-keypairs/tempest-keypair-410036189 1.368s
2025-04-03 17:35:58.469 69623 INFO tempest.lib.common.rest_client [req-ebdbce55-eec3-4fe8-97b2-7b02f341eb61 req-ebdbce55-eec3-4fe8-97b2-7b02f341eb61 ] Request (TenantUsagesNegativeTestJSON:setUpClass): 204 PUT http://10.180.1.21/identity/v3/projects/cf36c1765249446786dcfdfa10bc949d/users/77e0dac803084c5a9f385726ba955758/roles/e729cf636df641998664c5bc459e02f7 0.141s
2025-04-03 17:35:58.482 69627 INFO tempest.lib.common.rest_client [req-4026a36a-84c1-4b52-943d-725046a382c6 req-4026a36a-84c1-4b52-943d-725046a382c6 ] Request (FlavorsExtraSpecsTestJSON:test_flavor_set_get_update_show_unset_keys): 200 PUT http://10.180.1.21/compute/v2.1/flavors/699730092/os-extra_specs/hw:numa_nodes 1.377s
2025-04-03 17:35:58.524 69603 INFO tempest.lib.common.rest_client [req-8752d77f-d089-4e38-a97a-6e309f112489 req-8752d77f-d089-4e38-a97a-6e309f112489 ] Request (FloatingIPsAssociationTestJSON:setUpClass): 201 POST http://10.180.1.21/identity/v3/auth/tokens 0.140s
2025-04-03 17:35:58.535 69639 INFO tempest.lib.common.rest_client [req-8ae1080c-8a9a-4826-b297-3099f064ba0d req-8ae1080c-8a9a-4826-b297-3099f064ba0d ] Request (ServerDiagnosticsV248Test:setUpClass): 201 POST http://10.180.1.21/identity/v3/users 0.124s
2025-04-03 17:35:58.552 69623 INFO tempest.lib.common.rest_client [req-d55545fc-ddfb-4a2a-bd99-90116067ae9e req-d55545fc-ddfb-4a2a-bd99-90116067ae9e ] Request (TenantUsagesNegativeTestJSON:setUpClass): 200 GET http://10.180.1.21/identity/v3/roles 0.082s
2025-04-03 17:35:58.574 69603 INFO tempest.lib.common.rest_client [req-285abb95-8ccc-47b9-b5fe-453fc433c987 req-285abb95-8ccc-47b9-b5fe-453fc433c987 ] Request (FloatingIPsAssociationTestJSON:setUpClass): 200 GET http://10.180.1.21/identity/v3/domains?name=Default 0.050s
2025-04-03 17:35:58.589 69623 INFO tempest.lib.common.rest_client [req-68a2c338-91b1-49cf-a974-22d1fa6c1686 req-68a2c338-91b1-49cf-a974-22d1fa6c1686 ] Request (TenantUsagesNegativeTestJSON:setUpClass): 204 PUT http://10.180.1.21/identity/v3/projects/cf36c1765249446786dcfdfa10bc949d/users/77e0dac803084c5a9f385726ba955758/roles/e729cf636df641998664c5bc459e02f7 0.037s
2025-04-03 17:35:58.590 69623 INFO tempest.lib.common.dynamic_creds [-] Dynamic test user 77e0dac803084c5a9f385726ba955758 is created with scope project and roles: ['admin']
2025-04-03 17:35:58.590 69623 INFO tempest.lib.common.dynamic_creds [-] Acquired dynamic creds: credentials: Credentials: {'domain_id': 'default', 'domain_name': 'Default', 'username': 'tempest-TenantUsagesNegativeTestJSON-435430518-project-admin', 'project_domain_id': 'default', 'project_domain_name': 'Default', 'project_id': 'cf36c1765249446786dcfdfa10bc949d', 'project_name': 'tempest-TenantUsagesNegativeTestJSON-435430518', 'tenant_id': 'cf36c1765249446786dcfdfa10bc949d', 'tenant_name': 'tempest-TenantUsagesNegativeTestJSON-435430518', 'user_domain_id': 'default', 'user_domain_name': 'Default', 'user_id': '77e0dac803084c5a9f385726ba955758', 'system': None}, Network: None, Subnet: None, Router: None
2025-04-03 17:35:58.590 69623 INFO tempest.lib.common.dynamic_creds [-] Created isolated network resources for: credentials: Credentials: {'domain_id': 'default', 'domain_name': 'Default', 'username': 'tempest-TenantUsagesNegativeTestJSON-435430518-project-admin', 'project_domain_id': 'default', 'project_domain_name': 'Default', 'project_id': 'cf36c1765249446786dcfdfa10bc949d', 'project_name': 'tempest-TenantUsagesNegativeTestJSON-435430518', 'tenant_id': 'cf36c1765249446786dcfdfa10bc949d', 'tenant_name': 'tempest-TenantUsagesNegativeTestJSON-435430518', 'user_domain_id': 'default', 'user_domain_name': 'Default', 'user_id': '77e0dac803084c5a9f385726ba955758', 'system': None}, Network: None, Subnet: None, Router: None
2025-04-03 17:35:58.591 69639 INFO tempest.lib.common.rest_client [req-4fb8d25a-5d53-4957-ba2b-8afdcd3f9172 req-4fb8d25a-5d53-4957-ba2b-8afdcd3f9172 ] Request (ServerDiagnosticsV248Test:setUpClass): 200 GET http://10.180.1.21/identity/v3/roles 0.056s
2025-04-03 17:35:58.648 69603 INFO tempest.lib.common.rest_client [req-cd705b19-ea72-4d23-9d8f-bad99b7c1b75 req-cd705b19-ea72-4d23-9d8f-bad99b7c1b75 ] Request (FloatingIPsAssociationTestJSON:setUpClass): 201 POST http://10.180.1.21/identity/v3/projects 0.073s
2025-04-03 17:35:58.673 69657 INFO tempest.lib.common.rest_client [req-4d17cc4e-483e-4293-8d9e-26158b5d522d req-4d17cc4e-483e-4293-8d9e-26158b5d522d ] Request (AttachInterfacesUnderV243Test:setUpClass): 201 POST http://10.180.1.21:9696/networking/v2.0/routers 1.482s
2025-04-03 17:35:58.681 69611 INFO tempest.lib.common.rest_client [req-6c809c1f-431a-4f0a-95f8-c0fb41f42562 req-6c809c1f-431a-4f0a-95f8-c0fb41f42562 ] Request (ListImagesTestJSON:tearDownClass): 200 GET http://10.180.1.21:9696/networking/v2.0/security-groups?tenant_id=67e60dd09e374c6ba6eecb42fbf7768f&name=default 0.735s
2025-04-03 17:35:58.749 69659 INFO tempest.lib.common.rest_client [req-64678ee1-1f73-4f11-a3c5-edd399a08e87 req-64678ee1-1f73-4f11-a3c5-edd399a08e87 ] Request (QuotasAdminTestV257:test_get_updated_quotas): 200 GET http://10.180.1.21/compute/v2.1/os-quota-sets/7a153262ad214448a5c8bbeb4423280a?user_id=1cdaa69031424878a85d722a79ff44a2 1.519s
2025-04-03 17:35:58.754 69651 INFO tempest.lib.common.rest_client [req-05e30018-5d60-4d61-80e1-68c4a287d83e req-05e30018-5d60-4d61-80e1-68c4a287d83e ] Request (HostsAdminNegativeTestJSON:tearDownClass): 200 GET http://10.180.1.21:9696/networking/v2.0/security-groups?tenant_id=8a711f83b57f409f91eeaa0716d01f35&name=default 0.377s
2025-04-03 17:35:58.788 69639 INFO tempest.lib.common.rest_client [req-ef6dc645-426e-48e8-8169-94959d51e42e req-ef6dc645-426e-48e8-8169-94959d51e42e ] Request (ServerDiagnosticsV248Test:setUpClass): 204 PUT http://10.180.1.21/identity/v3/projects/d81bbbfc4a8042a99f7409dffff8975a/users/5891e8586d61417e8de9c8ed85318ab8/roles/e729cf636df641998664c5bc459e02f7 0.195s
2025-04-03 17:35:58.794 69623 INFO tempest.lib.common.rest_client [req-a2e050d8-b653-47e9-9170-30235f768191 req-a2e050d8-b653-47e9-9170-30235f768191 ] Request (TenantUsagesNegativeTestJSON:setUpClass): 201 POST http://10.180.1.21/identity/v3/auth/tokens 0.202s
2025-04-03 17:35:58.820 69607 INFO tempest.lib.common.rest_client [req-bdf4fff1-889d-463d-aa18-9d0c15861c0b req-bdf4fff1-889d-463d-aa18-9d0c15861c0b ] Request (ServerExternalEventsTest:test_create_server_external_events): 200 GET http://10.180.1.21/compute/v2.1/servers/d97dc6d5-e55f-4b9e-91e6-cfdea82f5236 1.539s
2025-04-03 17:35:58.861 69603 INFO tempest.lib.common.rest_client [req-26b73088-a6f0-41ba-beff-a44ad68ebeff req-26b73088-a6f0-41ba-beff-a44ad68ebeff ] Request (FloatingIPsAssociationTestJSON:setUpClass): 201 POST http://10.180.1.21/identity/v3/users 0.212s
2025-04-03 17:35:58.892 69653 INFO tempest.lib.common.rest_client [req-5b582b3b-d59d-49f8-a847-0c56019c82c8 req-5b582b3b-d59d-49f8-a847-0c56019c82c8 ] Request (SecurityGroupsTestJSON:test_list_security_groups_by_server): 200 GET http://10.180.1.21/compute/v2.1/servers/d4c08ccc-f1a0-4a2d-972c-b2d4a8961fa2 1.484s
2025-04-03 17:35:58.896 69639 INFO tempest.lib.common.rest_client [req-61d194eb-581e-4caf-b7b0-662510669ba8 req-61d194eb-581e-4caf-b7b0-662510669ba8 ] Request (ServerDiagnosticsV248Test:setUpClass): 200 GET http://10.180.1.21/identity/v3/roles 0.107s
2025-04-03 17:35:58.916 69603 INFO tempest.lib.common.rest_client [req-6508857b-0201-4792-aec4-f8ebf3f7a94b req-6508857b-0201-4792-aec4-f8ebf3f7a94b ] Request (FloatingIPsAssociationTestJSON:setUpClass): 200 GET http://10.180.1.21/identity/v3/roles 0.054s
2025-04-03 17:35:58.919 69611 INFO tempest.lib.common.rest_client [req-57e9b62a-fdcc-47e8-b6ea-325645c8aa45 req-57e9b62a-fdcc-47e8-b6ea-325645c8aa45 ] Request (ListImagesTestJSON:tearDownClass): 204 DELETE http://10.180.1.21:9696/networking/v2.0/security-groups/e3270355-4b8c-45b6-940b-82778903060e 0.237s
2025-04-03 17:35:58.931 69651 INFO tempest.lib.common.rest_client [req-3c810e3b-c40d-4b46-be5c-90041568ba20 req-3c810e3b-c40d-4b46-be5c-90041568ba20 ] Request (HostsAdminNegativeTestJSON:tearDownClass): 204 DELETE http://10.180.1.21:9696/networking/v2.0/security-groups/cc07c45a-7d30-4944-8dca-430a55ed4c37 0.176s
2025-04-03 17:35:58.935 69639 INFO tempest.lib.common.rest_client [req-3ef7d977-24cf-4ae5-b757-1943cca1d874 req-3ef7d977-24cf-4ae5-b757-1943cca1d874 ] Request (ServerDiagnosticsV248Test:setUpClass): 204 PUT http://10.180.1.21/identity/v3/projects/d81bbbfc4a8042a99f7409dffff8975a/users/5891e8586d61417e8de9c8ed85318ab8/roles/e729cf636df641998664c5bc459e02f7 0.038s
2025-04-03 17:35:58.936 69639 INFO tempest.lib.common.dynamic_creds [-] Dynamic test user 5891e8586d61417e8de9c8ed85318ab8 is created with scope project and roles: ['admin']
2025-04-03 17:35:58.936 69639 INFO tempest.lib.common.dynamic_creds [-] Acquired dynamic creds: credentials: Credentials: {'domain_id': 'default', 'domain_name': 'Default', 'username': 'tempest-ServerDiagnosticsV248Test-1061109847-project-admin', 'project_domain_id': 'default', 'project_domain_name': 'Default', 'project_id': 'd81bbbfc4a8042a99f7409dffff8975a', 'project_name': 'tempest-ServerDiagnosticsV248Test-1061109847', 'tenant_id': 'd81bbbfc4a8042a99f7409dffff8975a', 'tenant_name': 'tempest-ServerDiagnosticsV248Test-1061109847', 'user_domain_id': 'default', 'user_domain_name': 'Default', 'user_id': '5891e8586d61417e8de9c8ed85318ab8', 'system': None}, Network: None, Subnet: None, Router: None
2025-04-03 17:35:58.936 69639 INFO tempest.lib.common.dynamic_creds [-] Created isolated network resources for: credentials: Credentials: {'domain_id': 'default', 'domain_name': 'Default', 'username': 'tempest-ServerDiagnosticsV248Test-1061109847-project-admin', 'project_domain_id': 'default', 'project_domain_name': 'Default', 'project_id': 'd81bbbfc4a8042a99f7409dffff8975a', 'project_name': 'tempest-ServerDiagnosticsV248Test-1061109847', 'tenant_id': 'd81bbbfc4a8042a99f7409dffff8975a', 'tenant_name': 'tempest-ServerDiagnosticsV248Test-1061109847', 'user_domain_id': 'default', 'user_domain_name': 'Default', 'user_id': '5891e8586d61417e8de9c8ed85318ab8', 'system': None}, Network: None, Subnet: None, Router: None
2025-04-03 17:35:58.943 69615 INFO tempest.lib.common.rest_client [req-853b4910-f2b5-4197-a956-657d944099e6 req-853b4910-f2b5-4197-a956-657d944099e6 ] Request (ListImageFiltersTestJSON:setUpClass): 204 PUT http://10.180.1.21/image/v2/images/9c403027-9f42-4c43-bd25-fe89b33430f1/file 1.538s
2025-04-03 17:35:59.000 69637 INFO tempest.lib.common.rest_client [req-2d689e9a-09df-4184-8a69-2bb00cce3b17 req-2d689e9a-09df-4184-8a69-2bb00cce3b17 ] Request (ServerAddressesTestJSON:setUpClass): 202 POST http://10.180.1.21/compute/v2.1/servers 2.185s
2025-04-03 17:35:59.024 69635 INFO tempest.lib.common.rest_client [req-96a6c1ec-fe5a-4f65-8056-90cf0c3f1878 req-96a6c1ec-fe5a-4f65-8056-90cf0c3f1878 ] Request (FlavorsV2TestJSON:test_list_flavors_using_marker): 200 GET http://10.180.1.21/compute/v2.1/flavors/42 1.513s
2025-04-03 17:35:59.028 69659 INFO tempest.lib.common.rest_client [req-9e40147a-3874-4109-ac34-a99353952779 req-9e40147a-3874-4109-ac34-a99353952779 ] Request (QuotasAdminTestV257:_run_cleanups): 204 DELETE http://10.180.1.21/identity/v3/users/1cdaa69031424878a85d722a79ff44a2 0.277s
2025-04-03 17:35:59.054 69603 INFO tempest.lib.common.rest_client [req-4fd56db3-4aaf-4d37-8120-06a32c151a84 req-4fd56db3-4aaf-4d37-8120-06a32c151a84 ] Request (FloatingIPsAssociationTestJSON:setUpClass): 204 PUT http://10.180.1.21/identity/v3/projects/65edf1e9f4344038878d05021bbdef78/users/ca4aa5826fac47c3bdbc3e8a422f1177/roles/83bc8772318d497782f1f67cac7adbc5 0.138s
2025-04-03 17:35:59.054 69603 INFO tempest.lib.common.dynamic_creds [-] Dynamic test user ca4aa5826fac47c3bdbc3e8a422f1177 is created with scope project and roles: ['member']
2025-04-03 17:35:59.055 69603 INFO tempest.lib.common.dynamic_creds [-] Acquired dynamic creds: credentials: Credentials: {'domain_id': 'default', 'domain_name': 'Default', 'username': 'tempest-FloatingIPsAssociationTestJSON-1084095273-project-member', 'project_domain_id': 'default', 'project_domain_name': 'Default', 'project_id': '65edf1e9f4344038878d05021bbdef78', 'project_name': 'tempest-FloatingIPsAssociationTestJSON-1084095273', 'tenant_id': '65edf1e9f4344038878d05021bbdef78', 'tenant_name': 'tempest-FloatingIPsAssociationTestJSON-1084095273', 'user_domain_id': 'default', 'user_domain_name': 'Default', 'user_id': 'ca4aa5826fac47c3bdbc3e8a422f1177', 'system': None}, Network: None, Subnet: None, Router: None
2025-04-03 17:35:59.157 69651 INFO tempest.lib.common.rest_client [req-a61a3583-c1ac-421b-a5d9-f3bce7f1238a req-a61a3583-c1ac-421b-a5d9-f3bce7f1238a ] Request (HostsAdminNegativeTestJSON:tearDownClass): 204 DELETE http://10.180.1.21/identity/v3/projects/8a711f83b57f409f91eeaa0716d01f35 0.224s
2025-04-03 17:35:59.173 69611 INFO tempest.lib.common.rest_client [req-2991bb06-c200-4314-b39d-cb2b6137d586 req-2991bb06-c200-4314-b39d-cb2b6137d586 ] Request (ListImagesTestJSON:tearDownClass): 204 DELETE http://10.180.1.21/identity/v3/projects/67e60dd09e374c6ba6eecb42fbf7768f 0.254s
2025-04-03 17:35:59.243 69639 INFO tempest.lib.common.rest_client [req-7966833e-899a-410c-8e20-d2e166fd301e req-7966833e-899a-410c-8e20-d2e166fd301e ] Request (ServerDiagnosticsV248Test:setUpClass): 201 POST http://10.180.1.21/identity/v3/auth/tokens 0.302s
2025-04-03 17:35:59.343 69625 INFO tempest.lib.common.rest_client [req-038c555e-a75a-4df2-85c8-a6592e33d841 req-038c555e-a75a-4df2-85c8-a6592e33d841 ] Request (QuotasAdminNegativeTest:test_create_server_when_memory_quota_is_full): 200 PUT http://10.180.1.21/compute/v2.1/os-quota-sets/b7958da7f00141719cd3b06514432a8d 1.853s
2025-04-03 17:35:59.344 69659 INFO tempest.lib.common.rest_client [req-b2e5c2e6-3a89-46f2-9304-ac25c810e779 req-b2e5c2e6-3a89-46f2-9304-ac25c810e779 ] Request (QuotasAdminTestV257:_run_cleanups): 204 DELETE http://10.180.1.21/identity/v3/projects/7a153262ad214448a5c8bbeb4423280a 0.316s
2025-04-03 17:35:59.359 69603 INFO tempest.lib.common.rest_client [req-005cbd3b-bdeb-43f8-8404-e91ac75b8405 req-005cbd3b-bdeb-43f8-8404-e91ac75b8405 ] Request (FloatingIPsAssociationTestJSON:setUpClass): 201 POST http://10.180.1.21/identity/v3/auth/tokens 0.304s
2025-04-03 17:35:59.375 69651 INFO tempest.lib.common.rest_client [req-9eb2e731-0b23-4f47-a816-46f60775e834 req-9eb2e731-0b23-4f47-a816-46f60775e834 ] Request (TenantUsagesTestJSON:setUpClass): 201 POST http://10.180.1.21/identity/v3/auth/tokens 0.217s
2025-04-03 17:35:59.385 69611 INFO tempest.lib.common.rest_client [req-d27277cc-1f26-4d68-a2f5-3effab38bf6c req-d27277cc-1f26-4d68-a2f5-3effab38bf6c ] Request (ServerRescueTestJSON:setUpClass): 201 POST http://10.180.1.21/identity/v3/auth/tokens 0.210s
2025-04-03 17:35:59.423 69664 INFO tempest.lib.common.rest_client [req-ed045e86-908b-4dc6-9bd1-2bed524e561c req-ed045e86-908b-4dc6-9bd1-2bed524e561c ] Request (ServersAdmin275Test:test_rebuild_update_server_275): 200 GET http://10.180.1.21/compute/v2.1/servers/26feb2d1-ff64-4a13-af83-b6d5fe4348e1 1.794s
2025-04-03 17:35:59.433 69639 INFO tempest.lib.common.rest_client [req-87b406ef-90dd-4e86-aa66-1b83f9228ca3 req-87b406ef-90dd-4e86-aa66-1b83f9228ca3 ] Request (ServerDiagnosticsV248Test:test_get_server_diagnostics): 201 POST http://10.180.1.21/identity/v3/auth/tokens 0.184s
2025-04-03 17:35:59.433 69639 INFO tempest.lib.common.fixed_network [-] (ServerDiagnosticsV248Test:test_get_server_diagnostics) Found network None available for tenant
2025-04-03 17:35:59.469 69649 INFO tempest.lib.common.rest_client [req-5a5fa0cb-0254-403c-aa9b-65fed4b4d06b req-5a5fa0cb-0254-403c-aa9b-65fed4b4d06b ] Request (AggregatesAdminNegativeTestJSON:test_aggregate_create_with_existent_aggregate_name): 409 POST http://10.180.1.21/compute/v2.1/os-aggregates 1.820s
2025-04-03 17:35:59.492 69601 INFO tempest.lib.common.rest_client [req-77e5a1ee-1c3b-4e89-9bbf-896453304403 req-77e5a1ee-1c3b-4e89-9bbf-896453304403 ] Request (FlavorsAccessNegativeTestJSON:_run_cleanups): 200 POST http://10.180.1.21/compute/v2.1/flavors/1401525386/action 1.868s
2025-04-03 17:35:59.505 69659 INFO tempest.lib.common.rest_client [req-b5ad0302-2268-4987-a6ed-27d70aedfec9 req-b5ad0302-2268-4987-a6ed-27d70aedfec9 ] Request (QuotasAdminTestV257:tearDownClass): 204 DELETE http://10.180.1.21/identity/v3/users/b9a1ecad31094f65a03a748464d51e12 0.159s
2025-04-03 17:35:59.531 69625 INFO tempest.lib.common.rest_client [req-a7741156-171b-4533-a453-31fd09822fd8 req-a7741156-171b-4533-a453-31fd09822fd8 ] Request (QuotasAdminNegativeTest:test_create_server_when_memory_quota_is_full): 201 POST http://10.180.1.21/identity/v3/auth/tokens 0.182s
2025-04-03 17:35:59.531 69625 INFO tempest.lib.common.fixed_network [-] (QuotasAdminNegativeTest:test_create_server_when_memory_quota_is_full) Found network None available for tenant
2025-04-03 17:35:59.594 69651 INFO tempest.lib.common.rest_client [req-d83f410b-7ee2-4792-a748-b6b7af231241 req-d83f410b-7ee2-4792-a748-b6b7af231241 ] Request (TenantUsagesTestJSON:setUpClass): 201 POST http://10.180.1.21/identity/v3/auth/tokens 0.214s
2025-04-03 17:35:59.623 69611 INFO tempest.lib.common.rest_client [req-3f3b9386-df5e-4a5c-a62e-41ea7e836878 req-3f3b9386-df5e-4a5c-a62e-41ea7e836878 ] Request (ServerRescueTestJSON:setUpClass): 201 POST http://10.180.1.21/identity/v3/auth/tokens 0.235s
2025-04-03 17:35:59.676 69629 INFO tempest.lib.common.rest_client [req-30d3db7b-49bc-48de-bbbb-23ffb34e2f60 req-30d3db7b-49bc-48de-bbbb-23ffb34e2f60 ] Request (ImagesOneServerTestJSON:setUpClass): 201 POST http://10.180.1.21:9696/networking/v2.0/routers 1.378s
2025-04-03 17:35:59.678 69655 INFO tempest.lib.common.rest_client [req-652b2d0b-4331-4e88-a0fa-0d3ee1902ca4 req-652b2d0b-4331-4e88-a0fa-0d3ee1902ca4 ] Request (MultipleCreateTestJSON:test_multiple_create): 200 GET http://10.180.1.21/compute/v2.1/servers/230c6278-65af-4f5d-b817-0b695086c29d 1.944s
2025-04-03 17:35:59.700 69621 INFO tempest.lib.common.rest_client [req-06b9de1d-0107-42cb-9dbb-e651039e4c93 req-06b9de1d-0107-42cb-9dbb-e651039e4c93 ] Request (FlavorsAdminTestJSON:test_create_list_flavor_without_extra_data): 200 GET http://10.180.1.21/compute/v2.1/flavors/1581086914 1.813s
2025-04-03 17:35:59.704 69659 INFO tempest.lib.common.rest_client [req-588e4048-94d0-4c65-84b6-94bdeaf00608 req-588e4048-94d0-4c65-84b6-94bdeaf00608 ] Request (QuotasAdminTestV257:tearDownClass): 204 DELETE http://10.180.1.21/identity/v3/users/335460e6db084e1598555152eed2c28a 0.199s
2025-04-03 17:35:59.704 69659 INFO tempest.lib.common.dynamic_creds [-] Deleting project and security group for project: 09431d4fa3a94c479a90c892be52515e
