2025-05-13 19:39:56.219 70214 INFO tempest.lib.common.rest_client [req-479838ca-b45a-487c-80de-53cf5ead5f1b req-479838ca-b45a-487c-80de-53cf5ead5f1b ] Request (AttachVolumeNegativeTest:test_attach_attached_volume_to_different_server): 200 GET http://10.180.1.21/compute/v2.1/servers/e1b3d0bc-a251-4dbd-89a6-216a2f2c1313 0.232s
2025-05-13 19:39:56.226 70252 INFO tempest.lib.common.rest_client [req-f5525ac5-0b13-44dd-ae83-358f431a1b9d req-f5525ac5-0b13-44dd-ae83-358f431a1b9d ] Request (ServersNegativeTestMultiTenantJSON:setUpClass): 200 GET http://10.180.1.21/compute/v2.1/servers/8de4160d-2282-4ed3-bdf0-349445a6eab8 0.230s
2025-05-13 19:39:56.228 70210 INFO tempest.lib.common.rest_client [req-9a7f115d-755a-49ee-8df1-f7035cd2026a req-9a7f115d-755a-49ee-8df1-f7035cd2026a ] Request (ServersAdminNegativeTestJSON:setUpClass): 200 GET http://10.180.1.21/identity/v3/domains?name=Default 0.031s
2025-05-13 19:39:56.269 70224 INFO tempest.lib.common.rest_client [req-de36d158-901e-4460-b70a-a0c6b44b641c req-de36d158-901e-4460-b70a-a0c6b44b641c ] Request (FlavorsExtraSpecsTestJSON:tearDownClass): 202 DELETE http://10.180.1.21/compute/v2.1/flavors/468857179 0.189s
2025-05-13 19:39:56.318 70210 INFO tempest.lib.common.rest_client [req-239cc73d-52d8-4871-b332-278708e575b7 req-239cc73d-52d8-4871-b332-278708e575b7 ] Request (ServersAdminNegativeTestJSON:setUpClass): 201 POST http://10.180.1.21/identity/v3/projects 0.089s
2025-05-13 19:39:56.413 70210 INFO tempest.lib.common.rest_client [req-e52dbce0-850b-4f7f-b64c-5e32127563b9 req-e52dbce0-850b-4f7f-b64c-5e32127563b9 ] Request (ServersAdminNegativeTestJSON:setUpClass): 201 POST http://10.180.1.21/identity/v3/users 0.093s
2025-05-13 19:39:56.451 70210 INFO tempest.lib.common.rest_client [req-25d0e134-ad2e-4c92-994c-a166c5ce2995 req-25d0e134-ad2e-4c92-994c-a166c5ce2995 ] Request (ServersAdminNegativeTestJSON:setUpClass): 200 GET http://10.180.1.21/identity/v3/roles 0.038s
2025-05-13 19:39:56.476 70236 INFO tempest.lib.common.rest_client [req-390440d6-4295-434f-8c72-b6a777c5b62b req-390440d6-4295-434f-8c72-b6a777c5b62b ] Request (SecurityGroupsTestJSON:test_security_groups_create_list_delete): 200 POST http://10.180.1.21/compute/v2.1/os-security-groups 0.474s
2025-05-13 19:39:56.491 70210 INFO tempest.lib.common.rest_client [req-452d5ec7-faac-4215-a83c-3b28556fb70c req-452d5ec7-faac-4215-a83c-3b28556fb70c ] Request (ServersAdminNegativeTestJSON:setUpClass): 204 PUT http://10.180.1.21/identity/v3/projects/72b796c4097e41cf947cacae04cb3a20/users/ea8c48f887ee4cfbb11f427dd66a6f1a/roles/fd79bfa72eee4aee87e38433cd3b54ad 0.040s
2025-05-13 19:39:56.491 70210 INFO tempest.lib.common.dynamic_creds [-] Dynamic test user ea8c48f887ee4cfbb11f427dd66a6f1a is created with scope project and roles: ['member']
2025-05-13 19:39:56.492 70230 INFO tempest.lib.common.rest_client [req-a61720bd-0132-49a2-a576-b715afaaf546 req-a61720bd-0132-49a2-a576-b715afaaf546 ] Request (ImagesTestJSON:test_create_image_from_suspended_server): 200 GET http://10.180.1.21/compute/v2.1/servers/80fc9add-683b-424e-9876-cdcae664e2da 0.337s
2025-05-13 19:39:56.492 70210 INFO tempest.lib.common.dynamic_creds [-] Acquired dynamic creds: credentials: Credentials: {'domain_id': 'default', 'domain_name': 'Default', 'username': 'tempest-ServersAdminNegativeTestJSON-439752242-project-member', 'project_domain_id': 'default', 'project_domain_name': 'Default', 'project_id': '72b796c4097e41cf947cacae04cb3a20', 'project_name': 'tempest-ServersAdminNegativeTestJSON-439752242', 'tenant_id': '72b796c4097e41cf947cacae04cb3a20', 'tenant_name': 'tempest-ServersAdminNegativeTestJSON-439752242', 'user_domain_id': 'default', 'user_domain_name': 'Default', 'user_id': 'ea8c48f887ee4cfbb11f427dd66a6f1a', 'system': None}, Network: None, Subnet: None, Router: None
2025-05-13 19:39:56.492 70210 INFO tempest.lib.common.dynamic_creds [-] Created isolated network resources for: credentials: Credentials: {'domain_id': 'default', 'domain_name': 'Default', 'username': 'tempest-ServersAdminNegativeTestJSON-439752242-project-member', 'project_domain_id': 'default', 'project_domain_name': 'Default', 'project_id': '72b796c4097e41cf947cacae04cb3a20', 'project_name': 'tempest-ServersAdminNegativeTestJSON-439752242', 'tenant_id': '72b796c4097e41cf947cacae04cb3a20', 'tenant_name': 'tempest-ServersAdminNegativeTestJSON-439752242', 'user_domain_id': 'default', 'user_domain_name': 'Default', 'user_id': 'ea8c48f887ee4cfbb11f427dd66a6f1a', 'system': None}, Network: None, Subnet: None, Router: None
2025-05-13 19:39:56.519 70224 INFO tempest.lib.common.rest_client [req-0df13d37-1f5d-4f51-beef-6427f41027fa req-0df13d37-1f5d-4f51-beef-6427f41027fa ] Request (FlavorsExtraSpecsTestJSON:tearDownClass): 200 GET http://10.180.1.21/compute/v2.1/flavors/detail 0.248s
2025-05-13 19:39:56.547 70232 INFO tempest.lib.common.rest_client [req-cd78474a-3d25-4428-9f4f-4ff6edaa2369 req-cd78474a-3d25-4428-9f4f-4ff6edaa2369 ] Request (ServerMetadataTestJSON:setUpClass): 200 GET http://10.180.1.21/compute/v2.1/servers/aba9cc2f-9ea1-44a8-a5da-89bdf7ebeda4 0.328s
2025-05-13 19:39:56.575 70216 INFO tempest.lib.common.rest_client [req-23e92400-7fb7-44c1-ab41-49c4d230d39f req-23e92400-7fb7-44c1-ab41-49c4d230d39f ] Request (VolumesAdminNegativeTest:test_update_attached_volume_with_nonexistent_volume_in_uri): 200 GET http://10.180.1.21/compute/v2.1/servers/07484a6c-f9d1-405b-9ae4-a1b830f474ed 0.299s
2025-05-13 19:39:56.593 70210 INFO tempest.lib.common.rest_client [req-10e5372c-7c40-4142-9f05-19ebc547bede req-10e5372c-7c40-4142-9f05-19ebc547bede ] Request (ServersAdminNegativeTestJSON:setUpClass): 201 POST http://10.180.1.21/identity/v3/auth/tokens 0.098s
2025-05-13 19:39:56.606 70240 INFO tempest.lib.common.rest_client [req-d5aacd1a-c2d6-4b4e-8957-fb3a4b7ceaa3 req-d5aacd1a-c2d6-4b4e-8957-fb3a4b7ceaa3 ] Request (ServersTestMultiNic:test_verify_duplicate_network_nics): 200 GET http://10.180.1.21/compute/v2.1/servers/480a672c-cb48-45e3-86bd-1741957a5124 0.279s
2025-05-13 19:39:56.625 70212 INFO tempest.lib.common.rest_client [req-48e47fed-7ebc-46b9-843c-68b675e93eaf req-48e47fed-7ebc-46b9-843c-68b675e93eaf ] Request (ServerDiskConfigTestJSON:test_rebuild_server_with_manual_disk_config): 200 GET http://10.180.1.21/compute/v2.1/servers/b67630a4-2c1a-440b-af82-80c908ffa6e9 0.246s
2025-05-13 19:39:56.628 70210 INFO tempest.lib.common.rest_client [req-9a725ae1-dbcf-484d-84ef-715570d6a469 req-9a725ae1-dbcf-484d-84ef-715570d6a469 ] Request (ServersAdminNegativeTestJSON:setUpClass): 201 POST http://10.180.1.21/identity/v3/projects 0.034s
2025-05-13 19:39:56.631 70220 INFO tempest.lib.common.rest_client [req-40d1a816-1d2e-44fa-9936-6dbdbd3764e8 req-40d1a816-1d2e-44fa-9936-6dbdbd3764e8 ] Request (ServerGroupTestJSON:_run_cleanups): 404 GET http://10.180.1.21/compute/v2.1/servers/cde9885b-1aa8-411d-847e-087fe375002b 0.226s
2025-05-13 19:39:56.637 70224 INFO tempest.lib.common.rest_client [req-e97bffd0-339b-460a-8cb7-156f0cb73b28 req-e97bffd0-339b-460a-8cb7-156f0cb73b28 ] Request (FlavorsExtraSpecsTestJSON:tearDownClass): 204 DELETE http://10.180.1.21/identity/v3/users/19652d49309f46f98282afc319314ffc 0.109s
2025-05-13 19:39:56.678 70206 INFO tempest.lib.common.rest_client [req-14268c93-d9bf-44c6-969d-355386ce8afd req-14268c93-d9bf-44c6-969d-355386ce8afd ] Request (AttachVolumeShelveTestJSON:test_attach_volume_shelved_or_offload_server): 200 GET http://10.180.1.21/compute/v2.1/servers/a2b1684f-82af-42fc-925e-db36f31cfe63 0.225s
2025-05-13 19:39:56.678 70262 WARNING tempest.lib.common.ssh [-] Failed to establish authenticated ssh connection to cirros@10.180.180.252 ([Errno None] Unable to connect to port 22 on 10.180.180.252). Number attempts: 2. Retry after 3 seconds.: paramiko.ssh_exception.NoValidConnectionsError: [Errno None] Unable to connect to port 22 on 10.180.180.252
2025-05-13 19:39:56.703 70210 INFO tempest.lib.common.rest_client [req-e1a06d35-e279-4c6d-9d0a-048bc960a9b7 req-e1a06d35-e279-4c6d-9d0a-048bc960a9b7 ] Request (ServersAdminNegativeTestJSON:setUpClass): 201 POST http://10.180.1.21/identity/v3/users 0.074s
2025-05-13 19:39:56.710 70244 INFO tempest.lib.common.rest_client [req-4a284fb2-637e-4d26-b4c6-aae5800f977d req-4a284fb2-637e-4d26-b4c6-aae5800f977d ] Request (ServerShowV247Test:tearDownClass): 200 GET http://10.180.1.21/compute/v2.1/servers/a4249857-6f60-4040-b676-d2d19dc83f15 0.251s
2025-05-13 19:39:56.729 70210 INFO tempest.lib.common.rest_client [req-f41045bd-6de7-4c5f-87cb-50276ecc7e4c req-f41045bd-6de7-4c5f-87cb-50276ecc7e4c ] Request (ServersAdminNegativeTestJSON:setUpClass): 200 GET http://10.180.1.21/identity/v3/roles 0.025s
2025-05-13 19:39:56.754 70224 INFO tempest.lib.common.rest_client [req-f3e933fb-f8b3-4ee0-a455-ef939e3f0cce req-f3e933fb-f8b3-4ee0-a455-ef939e3f0cce ] Request (FlavorsExtraSpecsTestJSON:tearDownClass): 204 DELETE http://10.180.1.21/identity/v3/users/5826e6718c3a44a3b7f34e78d1a58412 0.116s
2025-05-13 19:39:56.754 70224 INFO tempest.lib.common.dynamic_creds [-] Deleting project and security group for project: 8107934ff9cc4cbfb1481bf22e8c6a69
2025-05-13 19:39:56.772 70228 INFO tempest.lib.common.rest_client [req-d44a954f-1357-45d6-8139-ad4c6b89c151 req-d44a954f-1357-45d6-8139-ad4c6b89c151 ] Request (ServersAdminTestJSON:test_create_server_with_scheduling_hint): 200 GET http://10.180.1.21/compute/v2.1/servers/a9a62523-50fb-44b2-bfc8-9c6664dbf050 0.263s
2025-05-13 19:39:56.801 70210 INFO tempest.lib.common.rest_client [req-b9c11342-9dc1-4ea6-bf0b-fc7251b0a7c2 req-b9c11342-9dc1-4ea6-bf0b-fc7251b0a7c2 ] Request (ServersAdminNegativeTestJSON:setUpClass): 204 PUT http://10.180.1.21/identity/v3/projects/46eccedf8c1846f293b564bca5c50e31/users/2ff368a1c9964a12b1342d40ccc5a9ee/roles/3d3eb5ca81584292b8dc7c5d5589e50f 0.071s
2025-05-13 19:39:56.817 70236 INFO tempest.lib.common.rest_client [req-e5f77899-9c58-4a87-9d7c-f83254b62315 req-e5f77899-9c58-4a87-9d7c-f83254b62315 ] Request (SecurityGroupsTestJSON:test_security_groups_create_list_delete): 200 POST http://10.180.1.21/compute/v2.1/os-security-groups 0.338s
2025-05-13 19:39:56.824 70224 INFO tempest.lib.common.rest_client [req-591addc0-8cca-4bde-af12-61bfecca67da req-591addc0-8cca-4bde-af12-61bfecca67da ] Request (FlavorsExtraSpecsTestJSON:tearDownClass): 201 POST http://10.180.1.21/identity/v3/auth/tokens 0.070s
2025-05-13 19:39:56.828 70250 INFO tempest.lib.common.rest_client [req-62020351-dca8-4b28-8224-8b8cedb91500 req-62020351-dca8-4b28-8224-8b8cedb91500 ] Request (MigrationsAdminTest:test_resize_server_revert_deleted_flavor): 200 GET http://10.180.1.21/compute/v2.1/servers/c3e8a429-8484-4b11-abe3-1cccf0992556 0.284s
2025-05-13 19:39:56.858 70210 INFO tempest.lib.common.rest_client [req-1793c1be-2d52-482d-ba3f-c2ee6f4f9d80 req-1793c1be-2d52-482d-ba3f-c2ee6f4f9d80 ] Request (ServersAdminNegativeTestJSON:setUpClass): 200 GET http://10.180.1.21/identity/v3/roles 0.057s
2025-05-13 19:39:56.876 70210 INFO tempest.lib.common.rest_client [req-9f1394f4-ff87-4694-a676-5fd7389c4fbc r