2025-05-13 19:38:57.601 70214 INFO tempest.lib.common.rest_client [req-b6c4b95b-6bb0-442e-9ddd-38ffc3441790 req-b6c4b95b-6bb0-442e-9ddd-38ffc3441790 ] Request (AttachVolumeNegativeTest:test_attach_attached_volume_to_different_server): 200 GET http://10.180.1.21/compute/v2.1/servers/e1b3d0bc-a251-4dbd-89a6-216a2f2c1313 0.309s
2025-05-13 19:38:57.660 70240 INFO tempest.lib.common.rest_client [req-e964af58-1c36-4dce-9b12-7414adfce2b0 req-e964af58-1c36-4dce-9b12-7414adfce2b0 ] Request (ServersTestMultiNic:test_verify_duplicate_network_nics): 200 GET http://10.180.1.21/compute/v2.1/servers/480a672c-cb48-45e3-86bd-1741957a5124 0.297s
2025-05-13 19:38:57.671 70212 INFO tempest.lib.common.rest_client [req-3f6edb04-43af-4563-971f-26acee7ac19b req-3f6edb04-43af-4563-971f-26acee7ac19b ] Request (ServerDiskConfigTestJSON:test_rebuild_server_with_manual_disk_config): 200 GET http://10.180.1.21/compute/v2.1/servers/b67630a4-2c1a-440b-af82-80c908ffa6e9 0.309s
2025-05-13 19:38:57.716 70254 INFO tempest.lib.common.rest_client [req-055ef42f-5a5e-4814-90bb-4df5ae42c8af req-055ef42f-5a5e-4814-90bb-4df5ae42c8af ] Request (ImagesOneServerNegativeTestJSON:setUpClass): 200 GET http://10.180.1.21/compute/v2.1/servers/353ceb53-07e6-4e9b-bed5-ce9fca368b27 0.343s
2025-05-13 19:38:57.736 70210 INFO tempest.lib.common.rest_client [req-09e85191-5828-42bf-b05e-d4bf0f5e5cb6 req-09e85191-5828-42bf-b05e-d4bf0f5e5cb6 ] Request (ServersAdmin275Test:test_rebuild_update_server_275): 200 GET http://10.180.1.21/compute/v2.1/servers/c6a06550-33ed-4fee-bd37-3fce9c55b235 0.264s
2025-05-13 19:38:57.767 70206 INFO tempest.lib.common.rest_client [req-e06435eb-b824-4da0-960b-d3cbcfb391e3 req-e06435eb-b824-4da0-960b-d3cbcfb391e3 ] Request (AttachVolumeShelveTestJSON:test_attach_volume_shelved_or_offload_server): 200 GET http://10.180.1.21/compute/v2.1/servers/a2b1684f-82af-42fc-925e-db36f31cfe63 0.292s
2025-05-13 19:38:57.784 70266 INFO tempest.lib.common.rest_client [req-000f8531-cd29-4fee-ba87-099dc2a4e2b6 req-000f8531-cd29-4fee-ba87-099dc2a4e2b6 ] Request (MultipleCreateTestJSON:test_multiple_create): 200 GET http://10.180.1.21/compute/v2.1/servers/0e6e60e7-d623-44da-912e-804da4d616c9 0.239s
2025-05-13 19:38:57.826 70228 INFO tempest.lib.common.rest_client [req-2700e3d3-0799-441f-8d54-60a4406c8845 req-2700e3d3-0799-441f-8d54-60a4406c8845 ] Request (ServersAdminTestJSON:setUpClass): 200 GET http://10.180.1.21/compute/v2.1/servers/21b7b237-557e-4030-93bb-6b5ce417e53c 0.272s
2025-05-13 19:38:57.847 70244 INFO tempest.lib.common.rest_client [req-864b99ec-3aef-4ae7-8924-c42eb692c6a7 req-864b99ec-3aef-4ae7-8924-c42eb692c6a7 ] Request (ServerShowV247Test:test_update_rebuild_list_server): 200 GET http://10.180.1.21/compute/v2.1/servers/bf4bee47-36ce-43ee-96f1-96f262882986 0.234s
2025-05-13 19:38:57.869 70232 INFO tempest.lib.common.rest_client [req-e9b069f8-b6b4-497c-94c6-de53c5464027 req-e9b069f8-b6b4-497c-94c6-de53c5464027 ] Request (ListServersNegativeTestJSON:tearDownClass): 404 GET http://10.180.1.21/compute/v2.1/servers/ab8a8acc-cab7-4a82-bd90-b34147f17b0e 0.117s
2025-05-13 19:38:57.885 70262 INFO tempest.lib.common.rest_client [req-7a445dfc-6071-4c44-bdf9-5e8778c29178 req-7a445dfc-6071-4c44-bdf9-5e8778c29178 ] Request (AttachInterfacesTestJSON:test_create_list_show_delete_interfaces_by_fixed_ip): 200 GET http://10.180.1.21/compute/v2.1/servers/ff227e07-8e36-48d6-a8c7-1e0087fd1faa 0.245s
2025-05-13 19:38:57.907 70232 INFO tempest.lib.common.rest_client [req-6bfa0217-6b21-4ac1-80d5-2ba43c810d59 req-6bfa0217-6b21-4ac1-80d5-2ba43c810d59 ] Request (ListServersNegativeTestJSON:tearDownClass): 404 GET http://10.180.1.21/compute/v2.1/servers/4bf59fae-8029-421b-95fd-a0d008891ce7 0.037s
2025-05-13 19:38:57.936 70234 INFO tempest.lib.common.rest_client [req-03ce62b2-3fc5-4a28-a75f-5d891b543944 req-03ce62b2-3fc5-4a28-a75f-5d891b543944 ] Request (FloatingIPsAssociationTestJSON:test_associate_already_associated_floating_ip): 200 GET http://10.180.1.21/compute/v2.1/servers/a36b06ca-77c8-4d2f-8b43-2c160fbac93f 0.123s
2025-05-13 19:38:58.055 70216 WARNING tempest.lib.common.ssh [-] Failed to establish authenticated ssh connection to cirros@10.180.180.157 ([Errno None] Unable to connect to port 22 on 10.180.180.157). Number attempts: 2. Retry after 3 seconds.: paramiko.ssh_exception.NoValidConnectionsError: [Errno None] Unable to connect to port 22 on 10.180.180.157
2025-05-13 19:38:58.178 70220 INFO tempest.lib.common.rest_client [req-b4497dc8-636c-4f18-a5fe-6468c81a9a68 req-b4497dc8-636c-4f18-a5fe-6468c81a9a68 ] Request (ServerGroupTestJSON:test_create_server_with_scheduler_hint_group): 200 GET http://10.180.1.21/compute/v2.1/servers/cde9885b-1aa8-411d-847e-087fe375002b 0.077s
2025-05-13 19:38:58.201 70224 INFO tempest.lib.common.rest_client [req-b4e35f36-4dbf-42e8-87b0-5a120eb380d7 req-b4e35f36-4dbf-42e8-87b0-5a120eb380d7 ] Request (DeleteServersAdminTestJSON:test_delete_server_while_in_error_state): 200 GET http://10.180.1.21/compute/v2.1/servers/c2b6b943-f6d6-427f-aba5-1d619d889325 0.187s
2025-05-13 19:38:58.243 70250 INFO tempest.lib.common.rest_client [req-31487f58-1e67-40cd-81ae-782315fb13ed req-31487f58-1e67-40cd-81ae-782315fb13ed ] Request (MigrationsAdminTest:test_resize_server_revert_deleted_flavor): 200 GET http://10.180.1.21/compute/v2.1/servers/c3e8a429-8484-4b11-abe3-1cccf0992556 0.082s
2025-05-13 19:38:58.285 70222 INFO tempest.lib.common.rest_client [req-9bdc500a-bb4f-4145-be5e-c2664f717e35 req-9bdc500a-bb4f-4145-be5e-c2664f717e35 ] Request (TenantUsagesTestJSON:setUpClass): 200 GET http://10.180.1.21/compute/v2.1/servers/c7451ca3-f1fc-469b-b9d2-7fe24cb8949e 0.057s
2025-05-13 19:38:58.361 70248 INFO tempest.lib.common.rest_client [req-392566ef-3e9e-489f-bd7c-96a42803e5de req-392566ef-3e9e-489f-bd7c-96a42803e5de ] Request (DeleteServersTestJSON:test_delete_server_while_in_attached_volume): 200 GET http://10.180.1.21/compute/v2.1/servers/66ba8086-2dd4-4d02-aac3-1bbb4a404784 0.066s
2025-05-13 19:38:58.370 70268 INFO tempest.lib.common.rest_client [req-50a5b62e-33b8-4a84-83bc-9ef0dba84531 req-50a5b62e-33b8-4a84-83bc-9ef0dba84531 ] Request (ListImageFiltersTestJSON:setUpClass): 200 GET http://10.180.1.21/compute/v2.1/images/68bb5ac2-beb9-4aa4-86bd-63fa31083482 0.046s
2025-05-13 19:38:58.475 70236 INFO tempest.lib.common.rest_client [req-cf30fd1e-1e84-4cc7-b1a3-2abff8c2854d req-cf30fd1e-1e84-4cc7-b1a3-2abff8c2854d ] Request (SecurityGroupsTestJSON:test_list_security_groups_by_server): 200 GET http://10.180.1.21/compute/v2.1/servers/e0bca101-cf8d-48e1-a331-b0018548593e 0.063s
2025-05-13 19:38:58.517 70242 INFO tempest.lib.common.rest_client [req-0797d037-1f2f-4392-9694-72ed9013955d req-0797d037-1f2f-4392-9694-72ed9013955d ] Request (ServerAddressesTestJSON:tearDownClass): 200 GET http://10.180.1.21/compute/v2.1/servers/cdf0ea6e-d884-49c1-87ec-cd6de1376c7f 0.074s
2025-05-13 19:38:58.557 70261 INFO tempest.lib.common.rest_client [req-a5d87aa7-e299-4fd7-b1c3-070c37688cce req-a5d87aa7-e299-4fd7-b1c3-070c37688cce ] Request (ServersTestManualDisk:tearDownClass): 200 GET http://10.180.1.21/compute/v2.1/servers/6e698775-2556-4cbe-b65f-0cc3efa7bcf6 0.072s
2025-05-13 19:38:58.574 70238 INFO tempest.lib.common.rest_client [req-813bfb8e-db3a-4eb3-af6c-8e3fbea4e647 req-813bfb8e-db3a-4eb3-af6c-8e3fbea4e647 ] Request (ServerRescueTestJSON:test_rescue_unrescue_instance): 200 GET http://10.180.1.21/compute/v2.1/servers/6be47dcb-ce00-4b81-9e69-35acabac046e 0.080s
2025-05-13 19:38:58.615 70230 INFO tempest.lib.common.rest_client [req-57e264c3-a347-4a90-b245-02554efb1de3 req-57e264c3-a347-4a90-b245-02554efb1de3 ] Request (ImagesTestJSON:test_create_image_from_suspended_server): 200 GET http://10.180.1.21/compute/v2.1/servers/80fc9add-683b-424e-9876-cdcae664e2da 0.070s
2025-05-13 19:38:58.655 70258 INFO tempest.lib.common.rest_client [req-e82558fd-fee2-424e-8358-a4c9a17b9dae req-e82558fd-fee2-424e-8358-a4c9a17b9dae ] Request (ServersAaction247Test:tearDownClass): 200 GET http://10.180.1.21/compute/v2.1/servers/e8e80be6-a82f-4cc5-92fd-366badf519b8 0.097s
2025-05-13 19:38:58.676 70252 INFO tempest.lib.common.rest_client [req-f2766f10-484a-4aaf-a429-67bb29cde1a5 req-f2766f10-484a-4aaf-a429-67bb29cde1a5 ] Request (ServersNegativeTestMultiTenantJSON:setUpClass): 200 GET http://10.180.1.21/compute/v2.1/servers/8de4160d-2282-4ed3-bdf0-349445a6eab8 0.071s
2025-05-13 19:38:58.712 70214 INFO tempest.lib.common.rest_client [req-daa55868-bb5c-4af7-bf57-ac6791f9edd2 req-daa55868-bb5c-4af7-bf57-ac6791f9edd2 ] Request (AttachVolumeNegativeTest:test_attach_attached_volume_to_different_server): 200 GET http://10.180.1.21/compute/v2.1/servers/e1b3d0bc-a251-4dbd-89a6-216a2f2c1313 0.098s
2025-05-13 19:38:58.749 70240 INFO tempest.lib.common.rest_client [req-3ae58d62-9ffc-422c-abd1-938ab0b51282 req-3ae58d62-9ffc-422c-abd1-938ab0b51282 ] Request (ServersTestMultiNic:test_verify_duplicate_network_nics): 200 GET http://10.180.1.21/compute/v2.1/servers/480a672c-cb48-45e3-86bd-1741957a5124 0.080s
2025-05-13 19:38:58.775 70212 INFO tempest.lib.common.rest_client [req-8844721f-a0c0-49e5-8da0-230fd211670c req-8844721f-a0c0-49e5-8da0-230fd211670c ] Request (ServerDiskConfigTestJSON:test_rebuild_server_with_manual_disk_config): 200 GET http://10.180.1.21/compute/v2.1/servers/b67630a4-2c1a-440b-af82-80c908ffa6e9 0.090s
2025-05-13 19:38:58.809 70232 INFO tempest.lib.common.rest_client [req-b60e527c-348b-4f7a-9d9a-605f37c609bc req-b60e527c-348b-4f7a-9d9a-605f37c609bc ] Request (ListServersNegativeTestJSON:tearDownClass): 200 PUT http://10.180.1.21:9696/networking/v2.0/routers/1371d0ad-4550-4189-8414-0f9ab53c3f67/remove_router_interface 0.902s
2025-05-13 19:38:58.809 70254 INFO tempest.lib.common.rest_client [req-60abfd4b-0c54-4115-8639-d3778b8857f1 req-60abfd4b-0c54-4115-8639-d3778b8857f1 ] Request (ImagesOneServerNegativeTestJSON:setUpClass): 200 GET http://10.180.1.21/compute/v2.1/servers/353ceb53-07e6-4e9b-bed5-ce9fca368b27 0.081s
2025-05-13 19:38:58.846 70210 INFO tempest.lib.common.rest_client [req-70c1aa5d-5aaf-4148-89fe-18f7499f310f req-70c1aa5d-5aaf-4148-89fe-18f7499f310f ] Request (ServersAdmin275Test:test_rebuild_update_server_275): 200 GET http://10.180.1.21/compute/v2.1/servers/c6a06550-33ed-4fee-bd37-3fce9c55b235 0.100s
2025-05-13 19:38:58.878 70206 INFO tempest.lib.common.rest_client [req-899cc351-0795-44d3-9dfd-73df201f1255 req-899cc351-0795-44d3-9dfd-73df201f1255 ] Request (AttachVolumeShelveTestJSON:test_attach_volume_shelved_or_offload_server): 200 GET http://10.180.1.21/compute/v2.1/servers/a2b1684f-82af-42fc-925e-db36f31cfe63 0.099s
2025-05-13 19:38:58.912 70266 INFO tempest.lib.common.rest_client [req-b261ca6e-03fd-4b43-855c-3327b12e3236 req-b261ca6e-03fd-4b43-855c-3327b12e3236 ] Request (MultipleCreateTestJSON:test_multiple_create): 200 GET http://10.180.1.21/compute/v2.1/servers/0e6e60e7-d623-44da-912e-804da4d616c9 0.116s
2025-05-13 19:38:58.951 70228 INFO tempest.lib.common.rest_client [req-1fc03f28-5b3a-4fa8-8099-1e07b0756d01 req-1fc03f28-5b3a-4fa8-8099-1e07b0756d01 ] Request (ServersAdminTestJSON:setUpClass): 200 GET http://10.180.1.21/compute/v2.1/servers/21b7b237-557e-4030-93bb-6b5ce417e53c 0.117s
2025-05-13 19:38:58.990 70244 INFO tempest.lib.common.rest_client [req-f3025acc-9482-4b7b-b20d-a15fc2f57dae req-f3025acc-9482-4b7b-b20d-a15fc2f57dae ] Request (ServerShowV247Test:test_update_rebuild_list_server): 200 GET http://10.180.1.21/compute/v2.1/servers/bf4bee47-36ce-43ee-96f1-96f262882986 0.132s
2025-05-13 19:38:59.001 70244 INFO tempest.common.waiters [-] State transition "REBUILD/rebuild_spawning" ==> "ACTIVE/None" after 12 second wait
2025-05-13 19:38:59.026 70262 INFO tempest.lib.common.rest_client [req-630e0e98-9573-419a-9cff-d60be1c2fda9 req-630e0e98-9573-419a-9cff-d60be1c2fda9 ] Request (AttachInterfacesTestJSON:test_create_list_show_delete_interfaces_by_fixed_ip): 200 GET http://10.180.1.21/compute/v2.1/servers/ff227e07-8e36-48d6-a8c7-1e0087fd1faa 0.131s
2025-05-13 19:38:59.055 70234 INFO tempest.lib.common.rest_client [req-b2700316-f561-4dbb-a058-2cc1cab73ab5 req-b2700316-f561-4dbb-a058-2cc1cab73ab5 ] Request (FloatingIPsAssociationTestJSON:test_associate_already_associated_floating_ip): 200 GET http://10.180.1.21/compute/v2.1/servers/a36b06ca-77c8-4d2f-8b43-2c160fbac93f 0.110s
2025-05-13 19:38:59.175 70244 INFO tempest.lib.common.rest_client [req-944482a2-6cf2-40ce-94d8-d8d18f917c96 req-944482a2-6cf2-40ce-94d8-d8d18f917c96 ] Request (ServerShowV247Test:test_update_rebuild_list_server): 200 GET http://10.180.1.21/compute/v2.1/servers/detail 0.173s
2025-05-13 19:38:59.240 70232 INFO tempest.lib.common.rest_client [req-8c96364d-e9ea-4f68-8f87-e7a8ee738585 req-8c96364d-e9ea-4f68-8f87-e7a8ee738585 ] Request (ListServersNegativeTestJSON:tearDownClass): 204 DELETE http://10.180.1.21:9696/networking/v2.0/routers/1371d0ad-4550-4189-8414-0f9ab53c3f67 0.430s
2025-05-13 19:38:59.242 70220 INFO tempest.lib.common.rest_client [req-9d47a7ac-5544-4487-8426-a68c50c63cee req-9d47a7ac-5544-4487-8426-a68c50c63cee ] Request (ServerGroupTestJSON:test_create_server_with_scheduler_hint_group): 200 GET http://10.180.1.21/compute/v2.1/servers/cde9885b-1aa8-411d-847e-087fe375002b 0.054s
2025-05-13 19:38:59.276 70244 INFO tempest.lib.common.rest_client [req-3490d8b3-08bb-43c4-ab22-d0298ab970b6 req-3490d8b3-08bb-43c4-ab22-d0298ab970b6 ] Request (ServerShowV247Test:tearDownClass): 204 DELETE http://10.180.1.21/compute/v2.1/servers/bf4bee47-36ce-43ee-96f1-96f262882986 0.091s
2025-05-13 19:38:59.341 70250 INFO tempest.lib.common.rest_client [req-d11ea639-6547-4d9a-af01-9fab48791023 req-d11ea639-6547-4d9a-af01-9fab48791023 ] Request (MigrationsAdminTest:test_resize_server_revert_deleted_flavor): 200 GET http://10.180.1.21/compute/v2.1/servers/c3e8a429-8484-4b11-abe3-1cccf0992556 0.086s
2025-05-13 19:38:59.360 70224 INFO tempest.lib.common.rest_client [req-99e0b2d6-4d4e-4dad-adef-1d759e49af9c req-99e0b2d6-4d4e-4dad-adef-1d759e49af9c ] Request (DeleteServersAdminTestJSON:test_delete_server_while_in_error_state): 200 GET http://10.180.1.21/compute/v2.1/servers/c2b6b943-f6d6-427f-aba5-1d619d889325 0.150s
2025-05-13 19:38:59.362 70232 INFO tempest.lib.common.rest_client [req-4a038d6c-5a51-4a58-9884-a75576f979a9 req-4a038d6c-5a51-4a58-9884-a75576f979a9 ] Request (ListServersNegativeTestJSON:tearDownClass): 204 DELETE http://10.180.1.21:9696/networking/v2.0/subnets/49a6f38a-ffbd-4a01-a85d-0e715ddcda82 0.122s
2025-05-13 19:38:59.395 70244 INFO tempest.lib.common.rest_client [req-e23fc122-23e4-4bce-8d92-1adbaba73d03 req-e23fc122-23e4-4bce-8d92-1adbaba73d03 ] Request (ServerShowV247Test:tearDownClass): 200 GET http://10.180.1.21/compute/v2.1/servers/bf4bee47-36ce-43ee-96f1-96f262882986 0.118s
2025-05-13 19:38:59.424 70222 INFO tempest.lib.common.rest_client [req-5cdd9b11-a53b-412f-87ad-41d72fe4a091 req-5cdd9b11-a53b-412f-87ad-41d72fe4a091 ] Request (TenantUsagesTestJSON:setUpClass): 200 GET http://10.180.1.21/compute/v2.1/servers/c7451ca3-f1fc-469b-b9d2-7fe24cb8949e 0.128s
2025-05-13 19:38:59.463 70256 WARNING tempest.lib.common.ssh [-] Failed to establish authenticated ssh connection to cirros@10.180.180.135 ([Errno None] Unable to connect to port 22 on 10.180.180.135). Number attempts: 8. Retry after 9 seconds.: paramiko.ssh_exception.NoValidConnectionsError: [Errno None] Unable to connect to port 22 on 10.180.180.135
2025-05-13 19:38:59.498 70268 INFO tempest.lib.common.rest_client [req-49b9ede6-41fe-4c16-b479-ba7cfc0214d7 req-49b9ede6-41fe-4c16-b479-ba7cfc0214d7 ] Request (ListImageFiltersTestJSON:setUpClass): 200 GET http://10.180.1.21/compute/v2.1/images/68bb5ac2-beb9-4aa4-86bd-63fa31083482 0.123s
2025-05-13 19:38:59.508 70248 INFO tempest.lib.common.rest_client [req-2c9f3c95-5033-415d-aa44-52a6cd3eb843 req-2c9f3c95-5033-415d-aa44-52a6cd3eb843 ] Request (DeleteServersTestJSON:test_delete_server_while_in_attached_volume): 200 GET http://10.180.1.21/compute/v2.1/servers/66ba8086-2dd4-4d02-aac3-1bbb4a404784 0.137s
2025-05-13 19:38:59.556 70236 INFO tempest.lib.common.rest_client [req-6cc1a9fc-a540-41bc-bafc-d3df0a07949c req-6cc1a9fc-a540-41bc-bafc-d3df0a07949c ] Request (SecurityGroupsTestJSON:test_list_security_groups_by_server): 200 GET http://10.180.1.21/compute/v2.1/servers/e0bca101-cf8d-48e1-a331-b0018548593e 0.073s
2025-05-13 19:38:59.588 70242 INFO tempest.lib.common.rest_client [req-5cfb702d-b6f3-4c82-b881-d9c385ed9e4c req-5cfb702d-b6f3-4c82-b881-d9c385ed9e4c ] Request (ServerAddressesTestJSON:tearDownClass): 200 GET http://10.180.1.21/compute/v2.1/servers/cdf0ea6e-d884-49c1-87ec-cd6de1376c7f 0.063s
2025-05-13 19:38:59.642 70261 INFO tempest.lib.common.rest_client [req-05a0629b-61a8-4595-81d7-5be2ba0dff42 req-05a0629b-61a8-4595-81d7-5be2ba0dff42 ] Request (ServersTestManualDisk:tearDownClass): 200 GET http://10.180.1.21/compute/v2.1/servers/6e698775-2556-4cbe-b65f-0cc3efa7bcf6 0.074s
2025-05-13 19:38:59.650 70238 INFO tempest.lib.common.rest_client [req-07741dcb-6aa3-48f8-9135-9a8bf783f621 req-07741dcb-6aa3-48f8-9135-9a8bf783f621 ] Request (ServerRescueTestJSON:test_rescue_unrescue_instance): 200 GET http://10.180.1.21/compute/v2.1/servers/6be47dcb-ce00-4b81-9e69-35acabac046e 0.067s
2025-05-13 19:38:59.655 70232 INFO tempest.lib.common.rest_client [req-d8aee506-977f-417f-9c5f-9da1181d4cf4 req-d8aee506-977f-417f-9c5f-9da1181d4cf4 ] Request (ListServersNegativeTestJSON:tearDownClass): 204 DELETE http://10.180.1.21:9696/networking/v2.0/networks/c9bde960-e0b0-435d-a4d7-da374ee28b52 0.292s
2025-05-13 19:38:59.688 70258 INFO tempest.lib.common.rest_client [req-02ead8c7-3462-419c-8a3d-91a11bf8a761 req-02ead8c7-3462-419c-8a3d-91a11bf8a761 ] Request (ServersAaction247Test:tearDownClass): 404 GET http://10.180.1.21/compute/v2.1/servers/e8e80be6-a82f-4cc5-92fd-366badf519b8 0.023s
2025-05-13 19:38:59.703 70230 INFO tempest.lib.common.rest_client [req-5cd3328f-5549-439f-bb11-1a55b55f28fa req-5cd3328f-5549-439f-bb11-1a55b55f28fa ] Request (ImagesTestJSON:test_create_image_from_suspended_server): 200 GET http://10.180.1.21/compute/v2.1/servers/80fc9add-683b-424e-9876-cdcae664e2da 0.073s
2025-05-13 19:38:59.749 70252 INFO tempest.lib.common.rest_client [req-74145e05-c2c1-487f-a842-2e0dc5cb3e1e req-74145e05-c2c1-487f-a842-2e0dc5cb3e1e ] Request (ServersNegativeTestMultiTenantJSON:setUpClass): 200 GET http://10.180.1.21/compute/v2.1/servers/8de4160d-2282-4ed3-bdf0-349445a6eab8 0.058s
2025-05-13 19:38:59.760 70232 INFO tempest.lib.common.rest_client [req-663ad59f-a4e7-4c06-9d4b-0d3539d8cc72 req-663ad59f-a4e7-4c06-9d4b-0d3539d8cc72 ] Request (ListServersNegativeTestJSON:tearDownClass): 204 DELETE http://10.180.1.21/identity/v3/users/bcdc91b3659746cda7ae7320eeea25bc 0.104s
2025-05-13 19:38:59.760 70232 INFO tempest.lib.common.dynamic_creds [-] Deleting project and security group for project: 66dfd282dce84de1b56e8271ff7b0318
2025-05-13 19:38:59.776 70258 INFO tempest.lib.common.rest_client [req-94e21565-0586-4a81-a0a3-1622318a1acb req-94e21565-0586-4a81-a0a3-1622318a1acb ] Request (ServersAaction247Test:tearDownClass): 204 DELETE http://10.180.1.21/identity/v3/users/2213e97888a5496eb9544453de911a78 0.086s
2025-05-13 19:38:59.776 70258 INFO tempest.lib.common.dynamic_creds [-] Deleting project and security group for project: 7ebdcd34fe5f45d58168c97179633dfc
2025-05-13 19:38:59.789 70214 INFO tempest.lib.common.rest_client [req-55ec67c5-b39f-4663-bc90-4bc51efa98f8 req-55ec67c5-b39f-4663-bc90-4bc51efa98f8 ] Request (AttachVolumeNegativeTest:test_attach_attached_volume_to_different_server): 200 GET http://10.180.1.21/compute/v2.1/servers/e1b3d0bc-a251-4dbd-89a6-216a2f2c1313 0.064s
2025-05-13 19:38:59.790 70232 INFO tempest.lib.common.rest_client [req-7ff2ff86-1711-4a04-a7d6-995a88aedbe1 req-7ff2ff86-1711-4a04-a7d6-995a88aedbe1 ] Request (ListServersNegativeTestJSON:tearDownClass): 200 GET http://10.180.1.21:9696/networking/v2.0/security-groups?tenant_id=66dfd282dce84de1b56e8271ff7b0318&name=default 0.030s
2025-05-13 19:38:59.825 70240 INFO tempest.lib.common.rest_client [req-aa9650af-948f-40ac-b8c6-a0fab3539a4a req-aa9650af-948f-40ac-b8c6-a0fab3539a4a ] Request (ServersTestMultiNic:test_verify_duplicate_network_nics): 200 GET http://10.180.1.21/compute/v2.1/servers/480a672c-cb48-45e3-86bd-1741957a5124 0.067s
2025-05-13 19:38:59.844 70212 INFO tempest.lib.common.rest_client [req-dccddbed-8aa5-4160-a43f-7f8bd9fcf353 req-dccddbed-8aa5-4160-a43f-7f8bd9fcf353 ] Request (ServerDiskConfigTestJSON:test_rebuild_server_with_manual_disk_config): 200 GET http://10.180.1.21/compute/v2.1/servers/b67630a4-2c1a-440b-af82-80c908ffa6e9 0.058s
2025-05-13 19:38:59.859 70258 INFO tempest.lib.common.rest_client [req-c6d64947-ab0d-408b-91a9-915bf543c32e req-c6d64947-ab0d-408b-91a9-915bf543c32e ] Request (ServersAaction247Test:tearDownClass): 201 POST http://10.180.1.21/identity/v3/auth/tokens 0.083s
2025-05-13 19:38:59.883 70254 INFO tempest.lib.common.rest_client [req-37c3f892-9f52-46a8-b451-bf13e9f9f365 req-37c3f892-9f52-46a8-b451-bf13e9f9f365 ] Request (ImagesOneServerNegativeTestJSON:setUpClass): 200 GET http://10.180.1.21/compute/v2.1/servers/353ceb53-07e6-4e9b-bed5-ce9fca368b27 0.063s
2025-05-13 19:38:59.911 70232 INFO tempest.lib.common.rest_client [req-98bfafce-c82e-44a4-8180-65912eee2767 req-98bfafce-c82e-44a4-8180-65912eee2767 ] Request (ListServersNegativeTestJSON:tearDownClass): 204 DELETE http://10.180.1.21:9696/networking/v2.0/security-groups/4b4fb140-8d8f-45fe-9d42-7405286ea87b 0.120s
2025-05-13 19:39:00.002 70210 INFO tempest.lib.common.rest_client [req-6762e8f8-085c-42fe-9642-de1fd4cf8323 req-6762e8f8-085c-42fe-9642-de1fd4cf8323 ] Request (ServersAdmin275Test:test_rebuild_update_server_275): 200 GET http://10.180.1.21/compute/v2.1/servers/c6a06550-33ed-4fee-bd37-3fce9c55b235 0.143s
2025-05-13 19:39:00.019 70206 INFO tempest.lib.common.rest_client [req-1d7d45a7-3b5b-4c1e-915f-affff4824def req-1d7d45a7-3b5b-4c1e-915f-affff4824def ] Request (AttachVolumeShelveTestJSON:test_attach_volume_shelved_or_offload_server): 200 GET http://10.180.1.21/compute/v2.1/servers/a2b1684f-82af-42fc-925e-db36f31cfe63 0.126s
2025-05-13 19:39:00.079 70232 INFO tempest.lib.common.rest_client [req-5e739c14-6177-4fb4-a123-58fb8edcbd2b req-5e739c14-6177-4fb4-a123-58fb8edcbd2b ] Request (ListServersNegativeTestJSON:tearDownClass): 204 DELETE http://10.180.1.21/identity/v3/projects/66dfd282dce84de1b56e8271ff7b0318 0.168s
2025-05-13 19:39:00.086 70266 INFO tempest.lib.common.rest_client [req-67ed1d87-dc85-4fb5-b486-bc01c79c112e req-67ed1d87-dc85-4fb5-b486-bc01c79c112e ] Request (MultipleCreateTestJSON:test_multiple_create): 200 GET http://10.180.1.21/compute/v2.1/servers/0e6e60e7-d623-44da-912e-804da4d616c9 0.164s
2025-05-13 19:39:00.093 70228 INFO tempest.lib.common.rest_client [req-8034c840-db59-4aa1-83c6-e1353df21a86 req-8034c840-db59-4aa1-83c6-e1353df21a86 ] Request (ServersAdminTestJSON:setUpClass): 200 GET http://10.180.1.21/compute/v2.1/servers/21b7b237-557e-4030-93bb-6b5ce417e53c 0.124s
2025-05-13 19:39:00.110 70226 WARNING tempest.lib.common.ssh [-] Failed to establish authenticated ssh connection to cirros@10.180.180.236 ([Errno None] Unable to connect to port 22 on 10.180.180.236). Number attempts: 6. Retry after 7 seconds.: paramiko.ssh_exception.NoValidConnectionsError: [Errno None] Unable to connect to port 22 on 10.180.180.236
2025-05-13 19:39:00.151 70232 INFO tempest.lib.common.rest_client [req-7ccec85b-5dc2-4625-b433-ddb97bff821b req-7ccec85b-5dc2-4625-b433-ddb97bff821b ] Request (ServerMetadataTestJSON:setUpClass): 201 POST http://10.180.1.21/identity/v3/auth/tokens 0.070s
2025-05-13 19:39:00.161 70234 INFO tempest.lib.common.rest_client [req-1db4e9b9-d971-4280-9733-0c635fb2f36a req-1db4e9b9-d971-4280-9733-0c635fb2f36a ] Request (FloatingIPsAssociationTestJSON:test_associate_already_associated_floating_ip): 200 GET http://10.180.1.21/compute/v2.1/servers/a36b06ca-77c8-4d2f-8b43-2c160fbac93f 0.097s
2025-05-13 19:39:00.163 70262 INFO tempest.lib.common.rest_client [req-5ed939b2-7bdb-42d7-a817-2cafbe4e7cd0 req-5ed939b2-7bdb-42d7-a817-2cafbe4e7cd0 ] Request (AttachInterfacesTestJSON:test_create_list_show_delete_interfaces_by_fixed_ip): 200 GET http://10.180.1.21/compute/v2.1/servers/ff227e07-8e36-48d6-a8c7-1e0087fd1faa 0.123s
2025-05-13 19:39:00.186 70232 INFO tempest.lib.common.rest_client [req-58706cf3-1ff9-4998-bb15-a049551c4ed0 req-58706cf3-1ff9-4998-bb15-a049551c4ed0 ] Request (ServerMetadataTestJSON:setUpClass): 201 POST http://10.180.1.21/identity/v3/auth/tokens 0.032s
2025-05-13 19:39:00.200 70258 INFO tempest.lib.common.rest_client [req-2f81812d-dd3b-4925-ab19-7a6bdc409038 req-2f81812d-dd3b-4925-ab19-7a6bdc409038 ] Request (ServersAaction247Test:tearDownClass): 200 GET http://10.180.1.21:9696/networking/v2.0/security-groups?tenant_id=7ebdcd34fe5f45d58168c97179633dfc&name=default 0.340s
2025-05-13 19:39:00.213 70232 INFO tempest.lib.common.rest_client [req-e2527eb8-71e9-4406-8a44-775a48de908c req-e2527eb8-71e9-4406-8a44-775a48de908c ] Request (ServerMetadataTestJSON:setUpClass): 200 GET http://10.180.1.21/identity/v3/domains?name=Default 0.027s
2025-05-13 19:39:00.244 70232 INFO tempest.lib.common.rest_client [req-03f64cb7-a80f-4341-87e3-bb1857c03b25 req-03f64cb7-a80f-4341-87e3-bb1857c03b25 ] Request (ServerMetadataTestJSON:setUpClass): 201 POST http://10.180.1.21/identity/v3/projects 0.030s
2025-05-13 19:39:00.303 70258 INFO tempest.lib.common.rest_client [req-a6258711-9e2d-4e04-84e6-da44258b6d4f req-a6258711-9e2d-4e04-84e6-da44258b6d4f ] Request (ServersAaction247Test:tearDownClass): 204 DELETE http://10.180.1.21:9696/networking/v2.0/security-groups/a43b7e2d-5431-401c-84f4-2fbcfb3a3325 0.103s
2025-05-13 19:39:00.318 70232 INFO tempest.lib.common.rest_client [req-d723a2d3-fcfd-4bc5-9fdf-d40ed4fde7e7 req-d723a2d3-fcfd-4bc5-9fdf-d40ed4fde7e7 ] Request (ServerMetadataTestJSON:setUpClass): 201 POST http://10.180.1.21/identity/v3/users 0.073s
2025-05-13 19:39:00.324 70220 INFO tempest.lib.common.rest_client [req-4892d2b5-3be8-4658-8da8-77d8577d4705 req-4892d2b5-3be8-4658-8da8-77d8577d4705 ] Request (ServerGroupTestJSON:test_create_server_with_scheduler_hint_group): 200 GET http://10.180.1.21/compute/v2.1/servers/cde9885b-1aa8-411d-847e-087fe375002b 0.072s
2025-05-13 19:39:00.342 70232 INFO tempest.lib.common.rest_client [req-e555ddd4-128d-43ff-8a23-6bd8caecce87 req-e555ddd4-128d-43ff-8a23-6bd8caecce87 ] Request (ServerMetadataTestJSON:setUpClass): 200 GET http://10.180.1.21/identity/v3/roles 0.023s
2025-05-13 19:39:00.371 70232 INFO tempest.lib.common.rest_client [req-011cdcda-f0d1-448b-93bf-50ecb40a65c4 req-011cdcda-f0d1-448b-93bf-50ecb40a65c4 ] Request (ServerMetadataTestJSON:setUpClass): 204 PUT http://10.180.1.21/identity/v3/projects/a40e3fd86af540ba921103886c84b280/users/380eaeedd7e740cba44bda875880dfc9/roles/fd79bfa72eee4aee87e38433cd3b54ad 0.028s
2025-05-13 19:39:00.371 70232 INFO tempest.lib.common.dynamic_creds [-] Dynamic test user 380eaeedd7e740cba44bda875880dfc9 is created with scope project and roles: ['member']
2025-05-13 19:39:00.371 70232 INFO tempest.lib.common.dynamic_creds [-] Acquired dynamic creds: credentials: Credentials: {'domain_id': 'default', 'domain_name': 'Default', 'username': 'tempest-ServerMetadataTestJSON-1221837469-project-member', 'project_domain_id': 'default', 'project_domain_name': 'Default', 'project_id': 'a40e3fd86af540ba921103886c84b280', 'project_name': 'tempest-ServerMetadataTestJSON-1221837469', 'tenant_id': 'a40e3fd86af540ba921103886c84b280', 'tenant_name': 'tempest-ServerMetadataTestJSON-1221837469', 'user_domain_id': 'default', 'user_domain_name': 'Default', 'user_id': '380eaeedd7e740cba44bda875880dfc9', 'system': None}, Network: None, Subnet: None, Router: None
2025-05-13 19:39:00.405 70258 INFO tempest.lib.common.rest_client [req-ad37be2f-b80f-455c-913c-50e7a0aa6ac4 req-ad37be2f-b80f-455c-913c-50e7a0aa6ac4 ] Request (ServersAaction247Test:tearDownClass): 204 DELETE http://10.180.1.21/identity/v3/projects/7ebdcd34fe5f45d58168c97179633dfc 0.101s
2025-05-13 19:39:00.429 70250 INFO tempest.lib.common.rest_client [req-9cd91bb8-7a96-4aec-9c42-81885863c819 req-9cd91bb8-7a96-4aec-9c42-81885863c819 ] Request (MigrationsAdminTest:test_resize_server_revert_deleted_flavor): 200 GET http://10.180.1.21/compute/v2.1/servers/c3e8a429-8484-4b11-abe3-1cccf0992556 0.080s
2025-05-13 19:39:00.437 70232 INFO tempest.lib.common.rest_client [req-2af2845e-47b6-48bc-930f-83a4730044cb req-2af2845e-47b6-48bc-930f-83a4730044cb ] Request (ServerMetadataTestJSON:setUpClass): 201 POST http://10.180.1.21/identity/v3/auth/tokens 0.065s
2025-05-13 19:39:00.440 70258 INFO tempest.lib.common.rest_client [req-a2bd00d2-d1ce-4001-9367-d7cbaca69838 req-a2bd00d2-d1ce-4001-9367-d7cbaca69838 ] Request (ServersListShow2100Test:setUpClass): 201 POST http://10.180.1.21/identity/v3/auth/tokens 0.032s
2025-05-13 19:39:00.472 70258 INFO tempest.lib.common.rest_client [req-7a2f8c3a-57a7-4ba1-a5d9-3b6e2808857f req-7a2f8c3a-57a7-4ba1-a5d9-3b6e2808857f ] Request (ServersListShow2100Test:setUpClass): 201 POST http://10.180.1.21/identity/v3/auth/tokens 0.030s
2025-05-13 19:39:00.497 70258 INFO tempest.lib.common.rest_client [req-8f4b04f1-3695-4223-859c-87b4cc197922 req-8f4b04f1-3695-4223-859c-87b4cc197922 ] Request (ServersListShow2100Test:setUpClass): 200 GET http://10.180.1.21/identity/v3/domains?name=Default 0.025s
2025-05-13 19:39:00.506 70244 INFO tempest.lib.common.rest_client [req-a9f42cbd-2d94-4da8-87cd-2875afcad0b2 req-a9f42cbd-2d94-4da8-87cd-2875afcad0b2 ] Request (ServerShowV247Test:tearDownClass): 200 GET http://10.180.1.21/compute/v2.1/servers/bf4bee47-36ce-43ee-96f1-96f262882986 0.097s
2025-05-13 19:39:00.522 70224 INFO tempest.lib.common.rest_client [req-0e42fcc7-6b2a-4dc7-8f25-64d561f50926 req-0e42fcc7-6b2a-4dc7-8f25-64d561f50926 ] Request (DeleteServersAdminTestJSON:test_delete_server_while_in_error_state): 200 GET http://10.180.1.21/compute/v2.1/servers/c2b6b943-f6d6-427f-aba5-1d619d889325 0.153s
2025-05-13 19:39:00.526 70258 INFO tempest.lib.common.rest_client [req-a5e6612b-8fad-4ce7-a190-fe147f794062 req-a5e6612b-8fad-4ce7-a190-fe147f794062 ] Request (ServersListShow2100Test:setUpClass): 201 POST http://10.180.1.21/identity/v3/projects 0.028s
2025-05-13 19:39:00.563 70222 INFO tempest.lib.common.rest_client [req-449ca70f-3940-4afb-85d7-84af1068c3c4 req-449ca70f-3940-4afb-85d7-84af1068c3c4 ] Request (TenantUsagesTestJSON:setUpClass): 200 GET http://10.180.1.21/compute/v2.1/servers/c7451ca3-f1fc-469b-b9d2-7fe24cb8949e 0.120s
2025-05-13 19:39:00.580 70268 INFO tempest.lib.common.rest_client [req-50626ad0-292d-4806-a042-2eeaef11a098 req-50626ad0-292d-4806-a042-2eeaef11a098 ] Request (ListImageFiltersTestJSON:setUpClass): 200 GET http://10.180.1.21/compute/v2.1/images/68bb5ac2-beb9-4aa4-86bd-63fa31083482 0.077s
2025-05-13 19:39:00.596 70258 INFO tempest.lib.common.rest_client [req-b66c484e-37cb-4d9b-ad77-8fb6dadecdcb req-b66c484e-37cb-4d9b-ad77-8fb6dadecdcb ] Request (ServersListShow2100Test:setUpClass): 201 POST http://10.180.1.21/identity/v3/users 0.070s
2025-05-13 19:39:00.622 70258 INFO tempest.lib.common.rest_client [req-39489ce7-d459-4f12-9342-56f6efb738b8 req-39489ce7-d459-4f12-9342-56f6efb738b8 ] Request (ServersListShow2100Test:setUpClass): 200 GET http://10.180.1.21/identity/v3/roles 0.025s
2025-05-13 19:39:00.624 70248 INFO tempest.lib.common.rest_client [req-8d0a86da-9d97-4c55-ae57-827dc862c90b req-8d0a86da-9d97-4c55-ae57-827dc862c90b ] Request (DeleteServersTestJSON:test_delete_server_while_in_attached_volume): 200 GET http://10.180.1.21/compute/v2.1/servers/66ba8086-2dd4-4d02-aac3-1bbb4a404784 0.107s
2025-05-13 19:39:00.647 70236 INFO tempest.lib.common.rest_client [req-d4c836ec-c23c-4456-9a49-ebb3aa581bad req-d4c836ec-c23c-4456-9a49-ebb3aa581bad ] Request (SecurityGroupsTestJSON:test_list_security_groups_by_server): 200 GET http://10.180.1.21/compute/v2.1/servers/e0bca101-cf8d-48e1-a331-b0018548593e 0.080s
2025-05-13 19:39:00.662 70258 INFO tempest.lib.common.rest_client [req-97aef214-fd48-4817-9bb7-32e224f18369 req-97aef214-fd48-4817-9bb7-32e224f18369 ] Request (ServersListShow2100Test:setUpClass): 204 PUT http://10.180.1.21/identity/v3/projects/c921170bd19c45a0adee56911ade4d71/users/fc35084e905f4bb7808a025d917be7c0/roles/fd79bfa72eee4aee87e38433cd3b54ad 0.039s
2025-05-13 19:39:00.662 70258 INFO tempest.lib.common.dynamic_creds [-] Dynamic test user fc35084e905f4bb7808a025d917be7c0 is created with scope project and roles: ['member']
2025-05-13 19:39:00.663 70258 INFO tempest.lib.common.dynamic_creds [-] Acquired dynamic creds: credentials: Credentials: {'domain_id': 'default', 'domain_name': 'Default', 'username': 'tempest-ServersListShow2100Test-124448045-project-member', 'project_domain_id': 'default', 'project_domain_name': 'Default', 'project_id': 'c921170bd19c45a0adee56911ade4d71', 'project_name': 'tempest-ServersListShow2100Test-124448045', 'tenant_id': 'c921170bd19c45a0adee56911ade4d71', 'tenant_name': 'tempest-ServersListShow2100Test-124448045', 'user_domain_id': 'default', 'user_domain_name': 'Default', 'user_id': 'fc35084e905f4bb7808a025d917be7c0', 'system': None}, Network: None, Subnet: None, Router: None
2025-05-13 19:39:00.663 70258 INFO tempest.lib.common.dynamic_creds [-] Created isolated network resources for: credentials: Credentials: {'domain_id': 'default', 'domain_name': 'Default', 'username': 'tempest-ServersListShow2100Test-124448045-project-member', 'project_domain_id': 'default', 'project_domain_name': 'Default', 'project_id': 'c921170bd19c45a0adee56911ade4d71', 'project_name': 'tempest-ServersListShow2100Test-124448045', 'tenant_id': 'c921170bd19c45a0adee56911ade4d71', 'tenant_name': 'tempest-ServersListShow2100Test-124448045', 'user_domain_id': 'default', 'user_domain_name': 'Default', 'user_id': 'fc35084e905f4bb7808a025d917be7c0', 'system': None}, Network: None, Subnet: None, Router: None
2025-05-13 19:39:00.694 70242 INFO tempest.lib.common.rest_client [req-629dde9a-dc04-49db-8c03-c35ffc2c845a req-629dde9a-dc04-49db-8c03-c35ffc2c845a ] Request (ServerAddressesTestJSON:tearDownClass): 200 GET http://10.180.1.21/compute/v2.1/servers/cdf0ea6e-d884-49c1-87ec-cd6de1376c7f 0.095s
2025-05-13 19:39:00.727 70261 INFO tempest.lib.common.rest_client [req-ab26a4f2-cc6a-4964-921e-fede3db51e9b req-ab26a4f2-cc6a-4964-921e-fede3db51e9b ] Request (ServersTestManualDisk:tearDownClass): 200 GET http://10.180.1.21/compute/v2.1/servers/6e698775-2556-4cbe-b65f-0cc3efa7bcf6 0.077s
2025-05-13 19:39:00.730 70232 INFO tempest.lib.common.rest_client [req-14a10a5b-a284-4554-bee5-9e28c82e4b6e req-14a10a5b-a284-4554-bee5-9e28c82e4b6e ] Request (ServerMetadataTestJSON:setUpClass): 201 POST http://10.180.1.21:9696/networking/v2.0/networks 0.293s
2025-05-13 19:39:00.748 70238 INFO tempest.lib.common.rest_client [req-a201d956-bd4a-478c-b005-d76be77cf291 req-a201d956-bd4a-478c-b005-d76be77cf291 ] Request (ServerRescueTestJSON:test_rescue_unrescue_instance): 200 GET http://10.180.1.21/compute/v2.1/servers/6be47dcb-ce00-4b81-9e69-35acabac046e 0.088s
2025-05-13 19:39:00.748 70258 INFO tempest.lib.common.rest_client [req-7de7f917-2853-438a-83cd-cc3873775826 req-7de7f917-2853-438a-83cd-cc3873775826 ] Request (ServersListShow2100Test:setUpClass): 201 POST http://10.180.1.21/identity/v3/auth/tokens 0.082s
2025-05-13 19:39:00.777 70230 INFO tempest.lib.common.rest_client [req-7b23efab-4059-49c0-a833-c109e0d20ee7 req-7b23efab-4059-49c0-a833-c109e0d20ee7 ] Request (ImagesTestJSON:test_create_image_from_suspended_server): 200 GET http://10.180.1.21/compute/v2.1/servers/80fc9add-683b-424e-9876-cdcae664e2da 0.065s
2025-05-13 19:39:00.780 70258 INFO tempest.lib.common.rest_client [req-5c1b4484-6d3d-4d02-b961-5aef59ad5fe7 req-5c1b4484-6d3d-4d02-b961-5aef59ad5fe7 ] Request (ServersListShow2100Test:test_list_show_rebuild_update_server_2100): 201 POST http://10.180.1.21/identity/v3/auth/tokens 0.028s
2025-05-13 19:39:00.780 70258 INFO tempest.lib.common.fixed_network [-] (ServersListShow2100Test:test_list_show_rebuild_update_server_2100) Found network None available for tenant
2025-05-13 19:39:00.809 70252 INFO tempest.lib.common.rest_client [req-9e7415c5-99eb-463a-b945-3d2819674dfb req-9e7415c5-99eb-463a-b945-3d2819674dfb ] Request (ServersNegativeTestMultiTenantJSON:setUpClass): 200 GET http://10.180.1.21/compute/v2.1/servers/8de4160d-2282-4ed3-bdf0-349445a6eab8 0.052s
2025-05-13 19:39:00.860 70214 INFO tempest.lib.common.rest_client [req-22c232cf-713b-4e54-979f-137ce7546b7c req-22c232cf-713b-4e54-979f-137ce7546b7c ] Request (AttachVolumeNegativeTest:test_attach_attached_volume_to_different_server): 200 GET http://10.180.1.21/compute/v2.1/servers/e1b3d0bc-a251-4dbd-89a6-216a2f2c1313 0.060s
2025-05-13 19:39:00.944 70240 INFO tempest.lib.common.rest_client [req-a404f7cf-72e2-47ab-9b01-1c42a5b72fc7 req-a404f7cf-72e2-47ab-9b01-1c42a5b72fc7 ] Request (ServersTestMultiNic:test_verify_duplicate_network_nics): 200 GET http://10.180.1.21/compute/v2.1/servers/480a672c-cb48-45e3-86bd-1741957a5124 0.109s
2025-05-13 19:39:00.963 70232 INFO tempest.lib.common.rest_client [req-816acb53-6376-47f6-9336-366595c8008c req-816acb53-6376-47f6-9336-366595c8008c ] Request (ServerMetadataTestJSON:setUpClass): 201 POST http://10.180.1.21:9696/networking/v2.0/subnets 0.232s
2025-05-13 19:39:00.999 70258 INFO tempest.lib.common.rest_client [req-5281e053-0841-4b08-87e7-1a125d6ef202 req-5281e053-0841-4b08-87e7-1a125d6ef202 ] Request (ServersListShow2100Test:test_list_show_rebuild_update_server_2100): 202 POST http://10.180.1.21/compute/v2.1/servers 0.218s
2025-05-13 19:39:01.003 70212 INFO tempest.lib.common.rest_client [req-6d94abac-93e8-456a-94dd-b70faa4d1649 req-6d94abac-93e8-456a-94dd-b70faa4d1649 ] Request (ServerDiskConfigTestJSON:test_rebuild_server_with_manual_disk_config): 200 GET http://10.180.1.21/compute/v2.1/servers/b67630a4-2c1a-440b-af82-80c908ffa6e9 0.151s
2025-05-13 19:39:01.084 70254 INFO tempest.lib.common.rest_client [req-2331e777-cac7-4b03-946c-812b0831af3f req-2331e777-cac7-4b03-946c-812b0831af3f ] Request (ImagesOneServerNegativeTestJSON:setUpClass): 200 GET http://10.180.1.21/compute/v2.1/servers/353ceb53-07e6-4e9b-bed5-ce9fca368b27 0.192s
2025-05-13 19:39:01.087 70258 INFO tempest.lib.common.rest_client [req-1c223038-fb79-4983-b2a9-0979bec669f4 req-1c223038-fb79-4983-b2a9-0979bec669f4 ] Request (ServersListShow2100Test:test_list_show_rebuild_update_server_2100): 200 GET http://10.180.1.21/compute/v2.1/servers/cb35090d-bfd2-46df-8ee5-d9b068ba0a28 0.086s
2025-05-13 19:39:01.159 70210 INFO tempest.lib.common.rest_client [req-d75996db-e8f8-407a-aacf-19f0871d32ef req-d75996db-e8f8-407a-aacf-19f0871d32ef ] Request (ServersAdmin275Test:test_rebuild_update_server_275): 200 GET http://10.180.1.21/compute/v2.1/servers/c6a06550-33ed-4fee-bd37-3fce9c55b235 0.144s
2025-05-13 19:39:01.168 70206 INFO tempest.lib.common.rest_client [req-cd0379dc-3134-41b9-a023-3557a7c50d5c req-cd0379dc-3134-41b9-a023-3557a7c50d5c ] Request (AttachVolumeShelveTestJSON:test_attach_volume_shelved_or_offload_server): 200 GET http://10.180.1.21/compute/v2.1/servers/a2b1684f-82af-42fc-925e-db36f31cfe63 0.139s
2025-05-13 19:39:01.225 70266 INFO tempest.lib.common.rest_client [req-a9221ffa-3678-4e96-861c-09d5a2d466bc req-a9221ffa-3678-4e96-861c-09d5a2d466bc ] Request (MultipleCreateTestJSON:test_multiple_create): 200 GET http://10.180.1.21/compute/v2.1/servers/0e6e60e7-d623-44da-912e-804da4d616c9 0.129s
2025-05-13 19:39:01.236 70228 INFO tempest.lib.common.rest_client [req-dbde5b41-99e8-4400-b4d3-2d8e8e3b1392 req-dbde5b41-99e8-4400-b4d3-2d8e8e3b1392 ] Request (ServersAdminTestJSON:setUpClass): 200 GET http://10.180.1.21/compute/v2.1/servers/21b7b237-557e-4030-93bb-6b5ce417e53c 0.134s
2025-05-13 19:39:01.292 70234 INFO tempest.lib.common.rest_client [req-5802522e-83e6-4b40-90f8-ef2527bd8d47 req-5802522e-83e6-4b40-90f8-ef2527bd8d47 ] Request (FloatingIPsAssociationTestJSON:test_associate_already_associated_floating_ip): 200 GET http://10.180.1.21/compute/v2.1/servers/a36b06ca-77c8-4d2f-8b43-2c160fbac93f 0.122s
2025-05-13 19:39:01.301 70262 INFO tempest.lib.common.rest_client [req-9323c503-897c-4c1c-b86f-91899d5d89ba req-9323c503-897c-4c1c-b86f-91899d5d89ba ] Request (AttachInterfacesTestJSON:test_create_list_show_delete_interfaces_by_fixed_ip): 200 GET http://10.180.1.21/compute/v2.1/servers/ff227e07-8e36-48d6-a8c7-1e0087fd1faa 0.130s
2025-05-13 19:39:01.394 70220 INFO tempest.lib.common.rest_client [req-26d3ceb5-deca-427d-9989-680cfb126afa req-26d3ceb5-deca-427d-9989-680cfb126afa ] Request (ServerGroupTestJSON:test_create_server_with_scheduler_hint_group): 200 GET http://10.180.1.21/compute/v2.1/servers/cde9885b-1aa8-411d-847e-087fe375002b 0.060s
2025-05-13 19:39:01.497 70250 INFO tempest.lib.common.rest_client [req-3fb3db98-a0fc-49f1-8ead-bc6862bcf6d7 req-3fb3db98-a0fc-49f1-8ead-bc6862bcf6d7 ] Request (MigrationsAdminTest:test_resize_server_revert_deleted_flavor): 200 GET http://10.180.1.21/compute/v2.1/servers/c3e8a429-8484-4b11-abe3-1cccf0992556 0.057s
2025-05-13 19:39:01.560 70216 WARNING tempest.lib.common.ssh [-] Failed to establish authenticated ssh connection to cirros@10.180.180.157 ([Errno None] Unable to connect to port 22 on 10.180.180.157). Number attempts: 3. Retry after 4 seconds.: paramiko.ssh_exception.NoValidConnectionsError: [Errno None] Unable to connect to port 22 on 10.180.180.157
2025-05-13 19:39:01.609 70244 INFO tempest.lib.common.rest_client [req-7d20c564-feaf-4b85-9d37-8a5c46d16f44 req-7d20c564-feaf-4b85-9d37-8a5c46d16f44 ] Request (ServerShowV247Test:tearDownClass): 200 GET http://10.180.1.21/compute/v2.1/servers/bf4bee47-36ce-43ee-96f1-96f262882986 0.094s
2025-05-13 19:39:01.697 70222 INFO tempest.lib.common.rest_client [req-ad45577d-e853-49d2-ba7e-55f87d3a46c9 req-ad45577d-e853-49d2-ba7e-55f87d3a46c9 ] Request (TenantUsagesTestJSON:setUpClass): 200 GET http://10.180.1.21/compute/v2.1/servers/c7451ca3-f1fc-469b-b9d2-7fe24cb8949e 0.120s
2025-05-13 19:39:01.732 70224 INFO tempest.lib.common.rest_client [req-34f01fba-d6b7-473d-84a3-a8afc1af3a99 req-34f01fba-d6b7-473d-84a3-a8afc1af3a99 ] Request (DeleteServersAdminTestJSON:test_delete_server_while_in_error_state): 200 GET http://10.180.1.21/compute/v2.1/servers/c2b6b943-f6d6-427f-aba5-1d619d889325 0.199s
2025-05-13 19:39:01.742 70268 INFO tempest.lib.common.rest_client [req-698ac2b1-486d-47cf-8575-37f8dffc3ac1 req-698ac2b1-486d-47cf-8575-37f8dffc3ac1 ] Request (ListImageFiltersTestJSON:setUpClass): 200 GET http://10.180.1.21/compute/v2.1/images/68bb5ac2-beb9-4aa4-86bd-63fa31083482 0.154s
2025-05-13 19:39:01.799 70248 INFO tempest.lib.common.rest_client [req-4b8f0293-beea-4f63-9d0b-8b7bd88a5461 req-4b8f0293-beea-4f63-9d0b-8b7bd88a5461 ] Request (DeleteServersTestJSON:test_delete_server_while_in_attached_volume): 200 GET http://10.180.1.21/compute/v2.1/servers/66ba8086-2dd4-4d02-aac3-1bbb4a404784 0.163s
2025-05-13 19:39:01.808 70236 INFO tempest.lib.common.rest_client [req-25d7bc2a-37ea-48a4-90a8-619545aadabd req-25d7bc2a-37ea-48a4-90a8-619545aadabd ] Request (SecurityGroupsTestJSON:test_list_security_groups_by_server): 200 GET http://10.180.1.21/compute/v2.1/servers/e0bca101-cf8d-48e1-a331-b0018548593e 0.151s
2025-05-13 19:39:01.882 70261 INFO tempest.lib.common.rest_client [req-00b2ffdb-73c1-4692-a130-2bc0edc87f3a req-00b2ffdb-73c1-4692-a130-2bc0edc87f3a ] Request (ServersTestManualDisk:tearDownClass): 200 GET http://10.180.1.21/compute/v2.1/servers/6e698775-2556-4cbe-b65f-0cc3efa7bcf6 0.145s
2025-05-13 19:39:01.882 70242 INFO tempest.lib.common.rest_client [req-0591c910-ea3d-4fe9-a45d-3833ab08a70a req-0591c910-ea3d-4fe9-a45d-3833ab08a70a ] Request (ServerAddressesTestJSON:tearDownClass): 200 GET http://10.180.1.21/compute/v2.1/servers/cdf0ea6e-d884-49c1-87ec-cd6de1376c7f 0.178s
2025-05-13 19:39:01.947 70230 INFO tempest.lib.common.rest_client [req-2d75aaa3-3ffb-47a1-bcbb-db3e14dee646 req-2d75aaa3-3ffb-47a1-bcbb-db3e14dee646 ] Request (ImagesTestJSON:test_create_image_from_suspended_server): 200 GET http://10.180.1.21/compute/v2.1/servers/80fc9add-683b-424e-9876-cdcae664e2da 0.160s
2025-05-13 19:39:01.956 70232 INFO tempest.lib.common.rest_client [req-d85cdf0f-40f1-4a2b-b9c4-8b2d8a749da4 req-d85cdf0f-40f1-4a2b-b9c4-8b2d8a749da4 ] Request (ServerMetadataTestJSON:setUpClass): 201 POST http://10.180.1.21:9696/networking/v2.0/routers 0.992s
2025-05-13 19:39:01.960 70238 INFO tempest.lib.common.rest_client [req-75b0417b-ef33-4f24-874b-875378840251 req-75b0417b-ef33-4f24-874b-875378840251 ] Request (ServerRescueTestJSON:test_rescue_unrescue_instance): 200 GET http://10.180.1.21/compute/v2.1/servers/6be47dcb-ce00-4b81-9e69-35acabac046e 0.204s
2025-05-13 19:39:02.027 70252 INFO tempest.lib.common.rest_client [req-84eab074-df81-48bb-88df-63f72a3b075d req-84eab074-df81-48bb-88df-63f72a3b075d ] Request (ServersNegativeTestMultiTenantJSON:setUpClass): 200 GET http://10.180.1.21/compute/v2.1/servers/8de4160d-2282-4ed3-bdf0-349445a6eab8 0.210s
2025-05-13 19:39:02.035 70214 INFO tempest.lib.common.rest_client [req-5e33a59b-4d4c-45df-ad61-f5c7ae3c3928 req-5e33a59b-4d4c-45df-ad61-f5c7ae3c3928 ] Request (AttachVolumeNegativeTest:test_attach_attached_volume_to_different_server): 200 GET http://10.180.1.21/compute/v2.1/servers/e1b3d0bc-a251-4dbd-89a6-216a2f2c1313 0.163s
2025-05-13 19:39:02.084 70240 INFO tempest.lib.common.rest_client [req-ccdbd24a-d738-4088-8db0-48961e33c3d7 req-ccdbd24a-d738-4088-8db0-48961e33c3d7 ] Request (ServersTestMultiNic:test_verify_duplicate_network_nics): 200 GET http://10.180.1.21/compute/v2.1/servers/480a672c-cb48-45e3-86bd-1741957a5124 0.129s
2025-05-13 19:39:02.104 70212 INFO tempest.lib.common.rest_client [req-81bc37b3-fde0-473a-8fb3-64d69bf8a69a req-81bc37b3-fde0-473a-8fb3-64d69bf8a69a ] Request (ServerDiskConfigTestJSON:test_rebuild_server_with_manual_disk_config): 200 GET http://10.180.1.21/compute/v2.1/servers/b67630a4-2c1a-440b-af82-80c908ffa6e9 0.092s
2025-05-13 19:39:02.164 70254 INFO tempest.lib.common.rest_client [req-4ba536e2-a0c1-4132-8048-c1d5cfca1c7f req-4ba536e2-a0c1-4132-8048-c1d5cfca1c7f ] Request (ImagesOneServerNegativeTestJSON:setUpClass): 200 GET http://10.180.1.21/compute/v2.1/servers/353ceb53-07e6-4e9b-bed5-ce9fca368b27 0.071s
2025-05-13 19:39:02.182 70258 INFO tempest.lib.common.rest_client [req-e86a5be7-9472-48c3-8ceb-a528e033a2bb req-e86a5be7-9472-48c3-8ceb-a528e033a2bb ] Request (ServersListShow2100Test:test_list_show_rebuild_update_server_2100): 200 GET http://10.180.1.21/compute/v2.1/servers/cb35090d-bfd2-46df-8ee5-d9b068ba0a28 0.081s
2025-05-13 19:39:02.244 70206 INFO tempest.lib.common.rest_client [req-9dbe448e-50f1-4ccc-9df6-672c6063698f req-9dbe448e-50f1-4ccc-9df6-672c6063698f ] Request (AttachVolumeShelveTestJSON:test_attach_volume_shelved_or_offload_server): 200 GET http://10.180.1.21/compute/v2.1/servers/a2b1684f-82af-42fc-925e-db36f31cfe63 0.062s
2025-05-13 19:39:02.259 70210 INFO tempest.lib.common.rest_client [req-dd38d118-d759-4017-8e53-207739b8ce5b req-dd38d118-d759-4017-8e53-207739b8ce5b ] Request (ServersAdmin275Test:test_rebuild_update_server_275): 200 GET http://10.180.1.21/compute/v2.1/servers/c6a06550-33ed-4fee-bd37-3fce9c55b235 0.084s
2025-05-13 19:39:02.268 70210 INFO tempest.common.waiters [-] State transition "REBUILD/rebuild_spawning" ==> "ACTIVE/None" after 10 second wait
2025-05-13 19:39:02.317 70266 INFO tempest.lib.common.rest_client [req-bedc1d0a-7403-47e2-85c1-b21469a97e13 req-bedc1d0a-7403-47e2-85c1-b21469a97e13 ] Request (MultipleCreateTestJSON:test_multiple_create): 200 GET http://10.180.1.21/compute/v2.1/servers/0e6e60e7-d623-44da-912e-804da4d616c9 0.083s
2025-05-13 19:39:02.326 70228 INFO tempest.lib.common.rest_client [req-65459f72-90ec-4e74-969e-ed9a8eb310af req-65459f72-90ec-4e74-969e-ed9a8eb310af ] Request (ServersAdminTestJSON:setUpClass): 200 GET http://10.180.1.21/compute/v2.1/servers/21b7b237-557e-4030-93bb-6b5ce417e53c 0.078s
2025-05-13 19:39:02.589 70234 INFO tempest.lib.common.rest_client [req-69e2f933-e5f0-4ce1-94f1-760705e1a1c9 req-69e2f933-e5f0-4ce1-94f1-760705e1a1c9 ] Request (FloatingIPsAssociationTestJSON:test_associate_already_associated_floating_ip): 200 GET http://10.180.1.21/compute/v2.1/servers/a36b06ca-77c8-4d2f-8b43-2c160fbac93f 0.289s
2025-05-13 19:39:02.638 70262 INFO tempest.lib.common.rest_client [req-a1e3a737-f328-4888-82ae-bf9b58ade869 req-a1e3a737-f328-4888-82ae-bf9b58ade869 ] Request (AttachInterfacesTestJSON:test_create_list_show_delete_interfaces_by_fixed_ip): 200 GET http://10.180.1.21/compute/v2.1/servers/ff227e07-8e36-48d6-a8c7-1e0087fd1faa 0.328s
2025-05-13 19:39:02.654 70210 INFO tempest.lib.common.rest_client [req-0cefc4eb-fe51-48c5-bb35-fc4d4b5d20ac req-0cefc4eb-fe51-48c5-bb35-fc4d4b5d20ac ] Request (ServersAdmin275Test:test_rebuild_update_server_275): 202 POST http://10.180.1.21/compute/v2.1/servers/c6a06550-33ed-4fee-bd37-3fce9c55b235/action 0.386s
2025-05-13 19:39:02.687 70220 INFO tempest.lib.common.rest_client [req-42b7b2de-4e3c-4317-9b24-c1542c71f6f8 req-42b7b2de-4e3c-4317-9b24-c1542c71f6f8 ] Request (ServerGroupTestJSON:test_create_server_with_scheduler_hint_group): 200 GET http://10.180.1.21/compute/v2.1/servers/cde9885b-1aa8-411d-847e-087fe375002b 0.284s
2025-05-13 19:39:02.710 70250 INFO tempest.lib.common.rest_client [req-b2863ef5-81ab-4bb5-bb35-b8c3901ad5ff req-b2863ef5-81ab-4bb5-bb35-b8c3901ad5ff ] Request (MigrationsAdminTest:test_resize_server_revert_deleted_flavor): 200 GET http://10.180.1.21/compute/v2.1/servers/c3e8a429-8484-4b11-abe3-1cccf0992556 0.203s
2025-05-13 19:39:02.745 70244 INFO tempest.lib.common.rest_client [req-e4b14fa4-bb6e-46fa-bed3-2b58ef4e2a16 req-e4b14fa4-bb6e-46fa-bed3-2b58ef4e2a16 ] Request (ServerShowV247Test:tearDownClass): 200 GET http://10.180.1.21/compute/v2.1/servers/bf4bee47-36ce-43ee-96f1-96f262882986 0.123s
2025-05-13 19:39:02.804 70210 INFO tempest.lib.common.rest_client [req-c3e5cc48-6af2-430e-b3fd-607f2510def7 req-c3e5cc48-6af2-430e-b3fd-607f2510def7 ] Request (ServersAdmin275Test:_run_cleanups): 200 GET http://10.180.1.21/compute/v2.1/servers/c6a06550-33ed-4fee-bd37-3fce9c55b235 0.137s
