2025-05-13 19:39:22.424 70244 INFO tempest.lib.common.rest_client [req-2e17b4ec-7950-4719-bd82-41ced67fc601 req-2e17b4ec-7950-4719-bd82-41ced67fc601 ] Request (ServerShowV247Test:tearDownClass): 200 GET http://10.180.1.21/compute/v2.1/servers/bf4bee47-36ce-43ee-96f1-96f262882986 0.069s
2025-05-13 19:39:22.494 70261 INFO tempest.lib.common.rest_client [req-09f5914a-2c99-4d4c-9a35-d36f9f92f8e3 req-09f5914a-2c99-4d4c-9a35-d36f9f92f8e3 ] Request (ServersTestManualDisk:tearDownClass): 200 GET http://10.180.1.21/compute/v2.1/servers/6e698775-2556-4cbe-b65f-0cc3efa7bcf6 0.079s
2025-05-13 19:39:22.500 70226 INFO tempest.lib.common.rest_client [req-c60b50bb-f469-4d33-a9ca-9e02a8a4d901 req-c60b50bb-f469-4d33-a9ca-9e02a8a4d901 ] Request (AttachVolumeTestJSON:test_attach_detach_volume): 200 GET http://10.180.1.21/compute/v2.1/servers/f6972b90-7746-4a37-8be8-1739f96dc3dc 0.122s
2025-05-13 19:39:22.508 70226 INFO tempest.common.waiters [-] State transition "ACTIVE/powering-off" ==> "SHUTOFF/None" after 3 second wait
2025-05-13 19:39:22.562 70236 INFO tempest.lib.common.rest_client [req-6aa4acce-6105-4db7-904f-c3b0fe0b5945 req-6aa4acce-6105-4db7-904f-c3b0fe0b5945 ] Request (SecurityGroupsTestJSON:test_list_security_groups_by_server): 200 GET http://10.180.1.21/compute/v2.1/servers/e0bca101-cf8d-48e1-a331-b0018548593e 0.088s
2025-05-13 19:39:22.581 70210 INFO tempest.lib.common.rest_client [req-11dd7cd8-b388-4338-9701-1587d5043021 req-11dd7cd8-b388-4338-9701-1587d5043021 ] Request (ServersAdmin275Test:tearDownClass): 200 GET http://10.180.1.21/compute/v2.1/servers/c6a06550-33ed-4fee-bd37-3fce9c55b235 0.138s
2025-05-13 19:39:22.624 70238 INFO tempest.lib.common.rest_client [req-cf6cf631-0cbb-4973-9a6b-0fcd16cabf6c req-cf6cf631-0cbb-4973-9a6b-0fcd16cabf6c ] Request (ServerRescueTestJSON:test_rescue_unrescue_instance): 200 GET http://10.180.1.21/compute/v2.1/servers/6be47dcb-ce00-4b81-9e69-35acabac046e 0.131s
2025-05-13 19:39:22.656 70226 INFO tempest.lib.common.rest_client [req-4143c253-f8f5-4937-a2e8-c915a1665ac9 req-4143c253-f8f5-4937-a2e8-c915a1665ac9 ] Request (AttachVolumeTestJSON:test_attach_detach_volume): 202 POST http://10.180.1.21/compute/v2.1/servers/f6972b90-7746-4a37-8be8-1739f96dc3dc/action 0.148s
2025-05-13 19:39:22.685 70252 INFO tempest.lib.common.rest_client [req-a7f6b354-84e1-465f-a756-16326123312f req-a7f6b354-84e1-465f-a756-16326123312f ] Request (ServersNegativeTestMultiTenantJSON:setUpClass): 200 GET http://10.180.1.21/compute/v2.1/servers/8de4160d-2282-4ed3-bdf0-349445a6eab8 0.137s
2025-05-13 19:39:22.710 70230 INFO tempest.lib.common.rest_client [req-a3e1408a-3e5f-41f7-b520-3d14e4c02a0a req-a3e1408a-3e5f-41f7-b520-3d14e4c02a0a ] Request (ImagesTestJSON:test_create_image_from_suspended_server): 200 GET http://10.180.1.21/compute/v2.1/servers/80fc9add-683b-424e-9876-cdcae664e2da 0.103s
2025-05-13 19:39:22.831 70226 INFO tempest.lib.common.rest_client [req-4c089cc3-0964-4d05-a8b9-90ff12d69a93 req-4c089cc3-0964-4d05-a8b9-90ff12d69a93 ] Request (AttachVolumeTestJSON:test_attach_detach_volume): 200 GET http://10.180.1.21/compute/v2.1/servers/f6972b90-7746-4a37-8be8-1739f96dc3dc 0.173s
2025-05-13 19:39:22.848 70266 INFO tempest.lib.common.rest_client [req-7b09d363-1490-4d8b-9fec-49dd989faaae req-7b09d363-1490-4d8b-9fec-49dd989faaae ] Request (MultipleCreateTestJSON:test_multiple_create): 200 GET http://10.180.1.21/compute/v2.1/servers/915797c5-6f68-4355-a6b0-ad2b06b826cb 0.226s
2025-05-13 19:39:22.856 70266 INFO tempest.common.waiters [-] State transition "BUILD/spawning" ==> "ACTIVE/None" after 2 second wait
2025-05-13 19:39:22.893 70214 INFO tempest.lib.common.rest_client [req-641e6bdc-287e-4035-a924-a6f7bd815dc4 req-641e6bdc-287e-4035-a924-a6f7bd815dc4 ] Request (AttachVolumeNegativeTest:test_attach_attached_volume_to_different_server): 200 GET http://10.180.1.21/compute/v2.1/servers/e1b3d0bc-a251-4dbd-89a6-216a2f2c1313 0.222s
2025-05-13 19:39:22.902 70232 INFO tempest.lib.common.rest_client [req-a4bc1693-3de2-4b5a-9e35-949070cae431 req-a4bc1693-3de2-4b5a-9e35-949070cae431 ] Request (ServerMetadataTestJSON:setUpClass): 200 GET http://10.180.1.21/compute/v2.1/servers/aba9cc2f-9ea1-44a8-a5da-89bdf7ebeda4 0.216s
2025-05-13 19:39:22.968 70240 INFO tempest.lib.common.rest_client [req-d74ab44a-2fcd-41d9-927b-166c1b6cab66 req-d74ab44a-2fcd-41d9-927b-166c1b6cab66 ] Request (ServersTestMultiNic:test_verify_duplicate_network_nics): 200 GET http://10.180.1.21/compute/v2.1/servers/480a672c-cb48-45e3-86bd-1741957a5124 0.224s
2025-05-13 19:39:22.972 70220 INFO tempest.lib.common.rest_client [req-6bef0780-6abd-4c62-9441-1c40bb72709d req-6bef0780-6abd-4c62-9441-1c40bb72709d ] Request (ServerGroupTestJSON:_run_cleanups): 200 GET http://10.180.1.21/compute/v2.1/servers/cde9885b-1aa8-411d-847e-087fe375002b 0.234s
2025-05-13 19:39:23.029 70206 INFO tempest.lib.common.rest_client [req-56af573d-5ed0-4667-a4d0-29b417c81c0e req-56af573d-5ed0-4667-a4d0-29b417c81c0e ] Request (AttachVolumeShelveTestJSON:test_attach_volume_shelved_or_offload_server): 200 GET http://10.180.1.21/compute/v2.1/servers/a2b1684f-82af-42fc-925e-db36f31cfe63 0.144s
2025-05-13 19:39:23.055 70266 INFO tempest.lib.common.rest_client [req-30d82a6d-aadd-4127-a20b-06e5ad238918 req-30d82a6d-aadd-4127-a20b-06e5ad238918 ] Request (MultipleCreateTestJSON:_run_cleanups): 204 DELETE http://10.180.1.21/compute/v2.1/servers/915797c5-6f68-4355-a6b0-ad2b06b826cb 0.198s
2025-05-13 19:39:23.125 70212 INFO tempest.lib.common.rest_client [req-f5692de5-9b0c-413e-b6f8-ceab57519be3 req-f5692de5-9b0c-413e-b6f8-ceab57519be3 ] Request (ServerDiskConfigTestJSON:test_rebuild_server_with_manual_disk_config): 200 GET http://10.180.1.21/compute/v2.1/servers/b67630a4-2c1a-440b-af82-80c908ffa6e9 0.183s
2025-05-13 19:39:23.188 70228 INFO tempest.lib.common.rest_client [req-400008c7-9447-4d36-adf1-e72f7c29c1e2 req-400008c7-9447-4d36-adf1-e72f7c29c1e2 ] Request (ServersAdminTestJSON:setUpClass): 200 GET http://10.180.1.21/compute/v2.1/servers/21b7b237-557e-4030-93bb-6b5ce417e53c 0.143s
2025-05-13 19:39:23.190 70254 INFO tempest.lib.common.rest_client [req-876dd7d2-43a2-4175-995e-fed0a12094a1 req-876dd7d2-43a2-4175-995e-fed0a12094a1 ] Request (ImagesOneServerNegativeTestJSON:tearDown): 200 GET http://10.180.1.21/compute/v2.1/servers/353ceb53-07e6-4e9b-bed5-ce9fca368b27 0.287s
2025-05-13 19:39:23.249 70262 INFO tempest.lib.common.rest_client [req-1590c08b-3e6f-4068-8100-311c3c792ae6 req-1590c08b-3e6f-4068-8100-311c3c792ae6 ] Request (AttachInterfacesTestJSON:test_create_list_show_delete_interfaces_by_fixed_ip): 200 GET http://10.180.1.21/compute/v2.1/servers/ff227e07-8e36-48d6-a8c7-1e0087fd1faa 0.147s
2025-05-13 19:39:23.259 70216 INFO tempest.lib.common.rest_client [req-16727668-645b-45ce-8204-a35a135cf634 req-16727668-645b-45ce-8204-a35a135cf634 ] Request (VolumesAdminNegativeTest:test_update_attached_volume_with_nonexistent_volume_in_body): 200 GET http://10.180.1.21/volume/v3/volumes/cd1547e6-ecf1-4990-bb85-9ad80fce4b95 0.036s
2025-05-13 19:39:23.280 70266 INFO tempest.lib.common.rest_client [req-d73c346e-2e36-4bff-a5af-4aee29d7c15c req-d73c346e-2e36-4bff-a5af-4aee29d7c15c ] Request (MultipleCreateTestJSON:_run_cleanups): 204 DELETE http://10.180.1.21/compute/v2.1/servers/0e6e60e7-d623-44da-912e-804da4d616c9 0.224s
2025-05-13 19:39:23.369 70258 INFO tempest.lib.common.rest_client [req-80a7a324-3a51-4a10-a341-c5068e56fb03 req-80a7a324-3a51-4a10-a341-c5068e56fb03 ] Request (ServersListShow2100Test:test_list_show_rebuild_update_server_2100): 200 GET http://10.180.1.21/compute/v2.1/servers/cb35090d-bfd2-46df-8ee5-d9b068ba0a28 0.170s
2025-05-13 19:39:23.382 70268 INFO tempest.lib.common.rest_client [req-828b5ba4-cfc5-4243-a9de-7dd827c013ff req-828b5ba4-cfc5-4243-a9de-7dd827c013ff ] Request (ListImageFiltersTestJSON:setUpClass): 200 GET http://10.180.1.21/compute/v2.1/servers/a536b069-45e0-4ffe-be53-ac33f8cb6ec0 0.210s
2025-05-13 19:39:23.390 70268 INFO tempest.common.waiters [-] State transition "ACTIVE/image_uploading" ==> "ACTIVE/None" after 1 second wait
2025-05-13 19:39:23.429 70234 INFO tempest.lib.common.rest_client [req-0be8c7ca-60f5-4636-9504-b6ab3ab27acf req-0be8c7ca-60f5-4636-9504-b6ab3ab27acf ] Request (FloatingIPsAssociationTestJSON:test_associate_already_associated_floating_ip): 200 GET http://10.180.1.21/compute/v2.1/servers/a36b06ca-77c8-4d2f-8b43-2c160fbac93f 0.200s
2025-05-13 19:39:23.435 70250 INFO tempest.lib.common.rest_client [req-073c1f8f-f8c6-4696-9d2c-38e42067bcf5 req-073c1f8f-f8c6-4696-9d2c-38e42067bcf5 ] Request (MigrationsAdminTest:test_resize_server_revert_deleted_flavor): 200 GET http://10.180.1.21/compute/v2.1/servers/c3e8a429-8484-4b11-abe3-1cccf0992556 0.160s
2025-05-13 19:39:23.509 70224 INFO tempest.lib.common.rest_client [req-38a6ea91-21e9-45b1-b4b7-a52f57596ebb req-38a6ea91-21e9-45b1-b4b7-a52f57596ebb ] Request (DeleteServersAdminTestJSON:test_delete_server_while_in_error_state): 200 GET http://10.180.1.21/compute/v2.1/servers/c2b6b943-f6d6-427f-aba5-1d619d889325 0.192s
2025-05-13 19:39:23.565 70266 INFO tempest.lib.common.rest_client [req-8e0c807c-16d2-45a7-969c-8256d6ab7b4a req-8e0c807c-16d2-45a7-969c-8256d6ab7b4a ] Request (MultipleCreateTestJSON:_run_cleanups): 200 GET http://10.180.1.21/compute/v2.1/servers/915797c5-6f68-4355-a6b0-ad2b06b826cb 0.284s
2025-05-13 19:39:23.572 70222 INFO tempest.lib.common.rest_client [req-f5bbc3ce-9eb0-4343-b275-3f4b9f8cba9f req-f5bbc3ce-9eb0-4343-b275-3f4b9f8cba9f ] Request (TenantUsagesTestJSON:setUpClass): 200 GET http://10.180.1.21/compute/v2.1/servers/c7451ca3-f1fc-469b-b9d2-7fe24cb8949e 0.233s
2025-05-13 19:39:23.624 70248 INFO tempest.lib.common.rest_client [req-9b0a13cf-710e-4917-a8f6-95ee78bfd77f req-9b0a13cf-710e-4917-a8f6-95ee78bfd77f ] Request (DeleteServersTestJSON:test_delete_server_while_in_attached_volume): 200 GET http://10.180.1.21/compute/v2.1/servers/66ba8086-2dd4-4d02-aac3-1bbb4a404784 0.250s
2025-05-13 19:39:23.641 70268 INFO tempest.lib.common.rest_client [req-50726b23-4233-425e-a230-114009ec6f35 req-50726b23-4233-425e-a230-114009ec6f35 ] Request (ListImageFiltersTestJSON:test_list_images_filter_by_changes_since): 200 GET http://10.180.1.21/compute/v2.1/images?changes-since=2025-05-13T19%3A37%3A11Z 0.250s
2025-05-13 19:39:23.691 70244 INFO tempest.lib.common.rest_client [req-1188b854-d301-4e0d-9504-1753656e5ee9 req-1188b854-d301-4e0d-9504-1753656e5ee9 ] Request (ServerShowV247Test:tearDownClass): 200 GET http://10.180.1.21/compute/v2.1/servers/bf4bee47-36ce-43ee-96f1-96f262882986 0.256s
2025-05-13 19:39:23.705 70261 INFO tempest.lib.common.rest_client [req-eedadd47-c979-4296-929e-121cd8bfa056 req-eedadd47-c979-4296-929e-121cd8bfa056 ] Request (ServersTestManualDisk:tearDownClass): 200 GET http://10.180.1.21/compute/v2.1/servers/6e698775-2556-4cbe-b65f-0cc3efa7bcf6 0.202s
2025-05-13 19:39:23.741 70236 INFO tempest.lib.common.rest_client [req-83e52efa-d367-40ed-bde8-e4cf3d8c3429 req-83e52efa-d367-40ed-bde8-e4cf3d8c3429 ] Request (SecurityGroupsTestJSON:test_list_security_groups_by_server): 200 GET http://10.180.1.21/compute/v2.1/servers/e0bca101-cf8d-48e1-a331-b0018548593e 0.170s
2025-05-13 19:39:23.768 70210 INFO tempest.lib.common.rest_client [req-0f7d47ef-408d-415e-9402-cdbb591b9628 req-0f7d47ef-408d-415e-9402-cdbb591b9628 ] Request (ServersAdmin275Test:tearDownClass): 200 GET http://10.180.1.21/compute/v2.1/servers/c6a06550-33ed-4fee-bd37-3fce9c55b235 0.176s
2025-05-13 19:39:23.790 70238 INFO tempest.lib.common.rest_client [req-284d59cf-96d5-4993-9e95-625de4e0c821 req-284d59cf-96d5-4993-9e95-625de4e0c821 ] Request (ServerRescueTestJSON:test_rescue_unrescue_instance): 200 GET http://10.180.1.21/compute/v2.1/servers/6be47dcb-ce00-4b81-9e69-35acabac046e 0.157s
2025-05-13 19:39:23.814 70268 INFO tempest.lib.common.rest_client [req-178adf0c-0fca-46bd-af61-4317fd7d0b01 req-178adf0c-0fca-46bd-af61-4317fd7d0b01 ] Request (ListImageFiltersTestJSON:test_list_images_filter_by_name): 200 GET http://10.180.1.21/compute/v2.1/images?name=tempest-ListImageFiltersTestJSON-image-966696663 0.168s
2025-05-13 19:39:23.843 70252 INFO tempest.lib.common.rest_client [req-b67c09b4-616e-4040-b02a-52c45e1d75ce req-b67c09b4-616e-4040-b02a-52c45e1d75ce ] Request (ServersNegativeTestMultiTenantJSON:setUpClass): 200 GET http://10.180.1.21/compute/v2.1/servers/8de4160d-2282-4ed3-bdf0-349445a6eab8 0.149s
2025-05-13 19:39:23.865 70230 INFO tempest.lib.common.rest_client [req-6fcfe2b1-1bb4-4d3f-8d44-a40dc569db67 req-6fcfe2b1-1bb4-4d3f-8d44-a40dc569db67 ] Request (ImagesTestJSON:test_create_image_from_suspended_server): 200 GET http://10.180.1.21/compute/v2.1/servers/80fc9add-683b-424e-9876-cdcae664e2da 0.147s
2025-05-13 19:39:23.903 70268 INFO tempest.lib.common.rest_client [req-67b74132-1ad4-4909-9d5a-952ef969f677 req-67b74132-1ad4-4909-9d5a-952ef969f677 ] Request (ListImageFiltersTestJSON:test_list_images_filter_by_server_id): 200 GET http://10.180.1.21/compute/v2.1/images?server=a536b069-45e0-4ffe-be53-ac33f8cb6ec0 0.086s
2025-05-13 19:39:23.969 70214 INFO tempest.lib.common.rest_client [req-232ed5ee-16f3-4402-a130-0be2a25c760a req-232ed5ee-16f3-4402-a130-0be2a25c760a ] Request (AttachVolumeNegativeTest:test_attach_attached_volume_to_different_server): 200 GET http://10.180.1.21/compute/v2.1/servers/e1b3d0bc-a251-4dbd-89a6-216a2f2c1313 0.068s
2025-05-13 19:39:23.989 70226 INFO tempest.lib.common.rest_client [req-a12d1732-2273-4d04-a988-a509381b018b req-a12d1732-2273-4d04-a988-a509381b018b ] Request (AttachVolumeTestJSON:test_attach_detach_volume): 200 GET http://10.180.1.21/compute/v2.1/servers/f6972b90-7746-4a37-8be8-1739f96dc3dc 0.150s
2025-05-13 19:39:24.015 70268 INFO tempest.lib.common.rest_client [req-cee97b3e-4cbd-406f-9363-50a5622ae89f req-cee97b3e-4cbd-406f-9363-50a5622ae89f ] Request (ListImageFiltersTestJSON:test_list_images_filter_by_server_ref): 200 GET http://10.180.1.21/compute/v2.1/images?server=http%3A%2F%2F10.180.1.21%2Fcompute%2Fv2.1%2Fservers%2F14359034-232d-478f-bf65-cf9937c59229 0.108s
2025-05-13 19:39:24.045 70232 INFO tempest.lib.common.rest_client [req-9eebcd72-d5c9-4804-8087-4449cb1a7ad3 req-9eebcd72-d5c9-4804-8087-4449cb1a7ad3 ] Request (ServerMetadataTestJSON:setUpClass): 200 GET http://10.180.1.21/compute/v2.1/servers/aba9cc2f-9ea1-44a8-a5da-89bdf7ebeda4 0.134s
2025-05-13 19:39:24.071 70240 INFO tempest.lib.common.rest_client [req-f34bae23-2a53-4ead-8d38-0816375036ac req-f34bae23-2a53-4ead-8d38-0816375036ac ] Request (ServersTestMultiNic:test_verify_duplicate_network_nics): 200 GET http://10.180.1.21/compute/v2.1/servers/480a672c-cb48-45e3-86bd-1741957a5124 0.095s
2025-05-13 19:39:24.108 70220 INFO tempest.lib.common.rest_client [req-5fa3cce4-2c2f-479b-b840-96ee9a1a2f91 req-5fa3cce4-2c2f-479b-b840-96ee9a1a2f91 ] Request (ServerGroupTestJSON:_run_cleanups): 200 GET http://10.180.1.21/compute/v2.1/servers/cde9885b-1aa8-411d-847e-087fe375002b 0.125s
2025-05-13 19:39:24.109 70268 INFO tempest.lib.common.rest_client [req-1bacf2ee-1815-4306-8969-c6e3f769c37f req-1bacf2ee-1815-4306-8969-c6e3f769c37f ] Request (ListImageFiltersTestJSON:test_list_images_filter_by_server_ref): 200 GET http://10.180.1.21/compute/v2.1/images?server=http%3A%2F%2F10.180.1.21%2Fcompute%2Fservers%2F14359034-232d-478f-bf65-cf9937c59229 0.092s
2025-05-13 19:39:24.159 70206 INFO tempest.lib.common.rest_client [req-1418d8ce-8717-43f3-8e60-a9fd33b404ce req-1418d8ce-8717-43f3-8e60-a9fd33b404ce ] Request (AttachVolumeShelveTestJSON:test_attach_volume_shelved_or_offload_server): 200 GET http://10.180.1.21/compute/v2.1/servers/a2b1684f-82af-42fc-925e-db36f31cfe63 0.119s
2025-05-13 19:39:24.177 70268 INFO tempest.lib.common.rest_client [req-aacc888f-7aa5-405b-afef-ac1e2adadfd8 req-aacc888f-7aa5-405b-afef-ac1e2adadfd8 ] Request (ListImageFiltersTestJSON:test_list_images_filter_by_status): 200 GET http://10.180.1.21/compute/v2.1/images?status=ACTIVE 0.065s
2025-05-13 19:39:24.221 70212 INFO tempest.lib.common.rest_client [req-433b2c00-7e97-4b50-b195-d48fa4bced2d req-433b2c00-7e97-4b50-b195-d48fa4bced2d ] Request (ServerDiskConfigTestJSON:test_rebuild_server_with_manual_disk_config): 200 GET http://10.180.1.21/compute/v2.1/servers/b67630a4-2c1a-440b-af82-80c908ffa6e9 0.085s
2025-05-13 19:39:24.229 70268 INFO tempest.lib.common.rest_client [req-4ad308d7-b624-4fc2-a7db-b8452596ce45 req-4ad308d7-b624-4fc2-a7db-b8452596ce45 ] Request (ListImageFiltersTestJSON:test_list_images_filter_by_type): 200 GET http://10.180.1.21/compute/v2.1/images?type=snapshot 0.048s
2025-05-13 19:39:24.287 70228 INFO tempest.lib.common.rest_client [req-2a450fce-1265-45e9-a388-84eba0e422fc req-2a450fce-1265-45e9-a388-84eba0e422fc ] Request (ServersAdminTestJSON:setUpClass): 200 GET http://10.180.1.21/compute/v2.1/servers/21b7b237-557e-4030-93bb-6b5ce417e53c 0.091s
2025-05-13 19:39:24.304 70216 INFO tempest.lib.common.rest_client [req-e15c695b-4e39-446d-8f79-fa0ca3475f4d req-e15c695b-4e39-446d-8f79-fa0ca3475f4d ] Request (VolumesAdminNegativeTest:test_update_attached_volume_with_nonexistent_volume_in_body): 200 GET http://10.180.1.21/volume/v3/volumes/cd1547e6-ecf1-4990-bb85-9ad80fce4b95 0.037s
2025-05-13 19:39:24.323 70268 INFO tempest.lib.common.rest_client [req-a1c38256-e2cf-46ea-9956-0a33dde1ca08 req-a1c38256-e2cf-46ea-9956-0a33dde1ca08 ] Request (ListImageFiltersTestJSON:test_list_images_limit_results): 200 GET http://10.180.1.21/compute/v2.1/images?limit=1 0.091s
2025-05-13 19:39:24.348 70254 INFO tempest.lib.common.rest_client [req-417e3a3c-48eb-4234-9b98-9fbab97d26f3 req-417e3a3c-48eb-4234-9b98-9fbab97d26f3 ] Request (ImagesOneServerNegativeTestJSON:tearDown): 200 GET http://10.180.1.21/compute/v2.1/servers/353ceb53-07e6-4e9b-bed5-ce9fca368b27 0.149s
2025-05-13 19:39:24.374 70262 INFO tempest.lib.common.rest_client [req-02c499ed-dfeb-44d3-ba80-772621caa540 req-02c499ed-dfeb-44d3-ba80-772621caa540 ] Request (AttachInterfacesTestJSON:test_create_list_show_delete_interfaces_by_fixed_ip): 200 GET http://10.180.1.21/compute/v2.1/servers/ff227e07-8e36-48d6-a8c7-1e0087fd1faa 0.115s
2025-05-13 19:39:24.409 70268 INFO tempest.lib.common.rest_client [req-5e17481f-fc61-47d4-931c-fc3f911338d2 req-5e17481f-fc61-47d4-931c-fc3f911338d2 ] Request (ListImageFiltersTestJSON:test_list_images_with_detail_filter_by_changes_since): 200 GET http://10.180.1.21/compute/v2.1/images/detail?changes-since=2025-05-13T19%3A36%3A56Z 0.082s
2025-05-13 19:39:24.453 70258 INFO tempest.lib.common.rest_client [req-96d55dbb-bbd5-4cda-b50a-b9c8a7b02c81 req-96d55dbb-bbd5-4cda-b50a-b9c8a7b02c81 ] Request (ServersListShow2100Test:test_list_show_rebuild_update_server_2100): 200 GET http://10.180.1.21/compute/v2.1/servers/cb35090d-bfd2-46df-8ee5-d9b068ba0a28 0.069s
2025-05-13 19:39:24.457 70268 INFO tempest.lib.common.rest_client [req-54940f79-38a8-4e28-a4cb-1ace2be43ad0 req-54940f79-38a8-4e28-a4cb-1ace2be43ad0 ] Request (ListImageFiltersTestJSON:test_list_images_with_detail_filter_by_name): 200 GET http://10.180.1.21/compute/v2.1/images/detail?name=tempest-ListImageFiltersTestJSON-image-966696663 0.042s
2025-05-13 19:39:24.515 70234 INFO tempest.lib.common.rest_client [req-2b8af702-54a5-404f-b15d-e5826e6e1095 req-2b8af702-54a5-404f-b15d-e5826e6e1095 ] Request (FloatingIPsAssociationTestJSON:test_associate_already_associated_floating_ip): 200 GET http://10.180.1.21/compute/v2.1/servers/a36b06ca-77c8-4d2f-8b43-2c160fbac93f 0.074s
2025-05-13 19:39:24.521 70250 INFO tempest.lib.common.rest_client [req-cbfad856-c9ce-45c2-bd63-6e25e8f54257 req-cbfad856-c9ce-45c2-bd63-6e25e8f54257 ] Request (MigrationsAdminTest:test_resize_server_revert_deleted_flavor): 200 GET http://10.180.1.21/compute/v2.1/servers/c3e8a429-8484-4b11-abe3-1cccf0992556 0.078s
2025-05-13 19:39:24.552 70268 INFO tempest.lib.common.rest_client [req-9b92235c-926c-4183-9b2d-bb21732e03cf req-9b92235c-926c-4183-9b2d-bb21732e03cf ] Request (ListImageFiltersTestJSON:test_list_images_with_detail_filter_by_server_ref): 200 GET http://10.180.1.21/compute/v2.1/images/detail?server=http%3A%2F%2F10.180.1.21%2Fcompute%2Fv2.1%2Fservers%2F14359034-232d-478f-bf65-cf9937c59229 0.090s
2025-05-13 19:39:24.583 70224 INFO tempest.lib.common.rest_client [req-72442f79-14cf-4e1d-982e-b849bba461ce req-72442f79-14cf-4e1d-982e-b849bba461ce ] Request (DeleteServersAdminTestJSON:test_delete_server_while_in_error_state): 200 GET http://10.180.1.21/compute/v2.1/servers/c2b6b943-f6d6-427f-aba5-1d619d889325 0.066s
2025-05-13 19:39:24.593 70268 INFO tempest.lib.common.rest_client [req-1649d60c-a38b-4483-b5dc-85eaed2a5ab6 req-1649d60c-a38b-4483-b5dc-85eaed2a5ab6 ] Request (ListImageFiltersTestJSON:test_list_images_with_detail_filter_by_server_ref): 200 GET http://10.180.1.21/compute/v2.1/images/detail?server=http%3A%2F%2F10.180.1.21%2Fcompute%2Fservers%2F14359034-232d-478f-bf65-cf9937c59229 0.037s
2025-05-13 19:39:24.652 70222 INFO tempest.lib.common.rest_client [req-bb0c2c8b-434b-4b77-959e-67f41fe2178f req-bb0c2c8b-434b-4b77-959e-67f41fe2178f ] Request (TenantUsagesTestJSON:setUpClass): 200 GET http://10.180.1.21/compute/v2.1/servers/c7451ca3-f1fc-469b-b9d2-7fe24cb8949e 0.072s
2025-05-13 19:39:24.688 70266 INFO tempest.lib.common.rest_client [req-a4670f43-18a2-4628-8424-d4791348e75c req-a4670f43-18a2-4628-8424-d4791348e75c ] Request (MultipleCreateTestJSON:_run_cleanups): 200 GET http://10.180.1.21/compute/v2.1/servers/915797c5-6f68-4355-a6b0-ad2b06b826cb 0.113s
2025-05-13 19:39:24.703 70268 INFO tempest.lib.common.rest_client [req-6381c7e4-4940-41eb-9559-3278f143380c req-6381c7e4-4940-41eb-9559-3278f143380c ] Request (ListImageFiltersTestJSON:test_list_images_with_detail_filter_by_status): 200 GET http://10.180.1.21/compute/v2.1/images/detail?status=ACTIVE 0.105s
2025-05-13 19:39:24.741 70248 INFO tempest.lib.common.rest_client [req-c85f95a2-daca-4738-9018-d3946afa498c req-c85f95a2-daca-4738-9018-d3946afa498c ] Request (DeleteServersTestJSON:test_delete_server_while_in_attached_volume): 200 GET http://10.180.1.21/compute/v2.1/servers/66ba8086-2dd4-4d02-aac3-1bbb4a404784 0.109s
2025-05-13 19:39:24.770 70244 INFO tempest.lib.common.rest_client [req-c24b3851-6ef8-4256-8b62-5fca413433c9 req-c24b3851-6ef8-4256-8b62-5fca413433c9 ] Request (ServerShowV247Test:tearDownClass): 200 GET http://10.180.1.21/compute/v2.1/servers/bf4bee47-36ce-43ee-96f1-96f262882986 0.069s
2025-05-13 19:39:24.785 70268 INFO tempest.lib.common.rest_client [req-4ce6725f-ae38-43cc-8610-e997a4751b8f req-4ce6725f-ae38-43cc-8610-e997a4751b8f ] Request (ListImageFiltersTestJSON:test_list_images_with_detail_filter_by_type): 200 GET http://10.180.1.21/compute/v2.1/images/detail?type=snapshot 0.076s
2025-05-13 19:39:24.840 70261 INFO tempest.lib.common.rest_client [req-ed8b723e-e21a-4bd1-80c9-16f96b6eecfb req-ed8b723e-e21a-4bd1-80c9-16f96b6eecfb ] Request (ServersTestManualDisk:tearDownClass): 200 GET http://10.180.1.21/compute/v2.1/servers/6e698775-2556-4cbe-b65f-0cc3efa7bcf6 0.127s
2025-05-13 19:39:24.845 70236 INFO tempest.lib.common.rest_client [req-b11a993a-a126-4aa8-908f-8ed8a34a9a4c req-b11a993a-a126-4aa8-908f-8ed8a34a9a4c ] Request (SecurityGroupsTestJSON:test_list_security_groups_by_server): 200 GET http://10.180.1.21/compute/v2.1/servers/e0bca101-cf8d-48e1-a331-b0018548593e 0.095s
2025-05-13 19:39:24.882 70268 INFO tempest.lib.common.rest_client [req-7e367dd6-229e-4042-a1f7-6eca19fc9ad5 req-7e367dd6-229e-4042-a1f7-6eca19fc9ad5 ] Request (ListImageFiltersTestJSON:test_list_images_with_detail_filter_by_type): 200 GET http://10.180.1.21/compute/v2.1/images/f524494e-9179-4b3e-a3e2-782f019def24 0.092s
2025-05-13 19:39:24.921 70210 INFO tempest.lib.common.rest_client [req-e344d3a1-06ab-416a-933c-a8d16756000d req-e344d3a1-06ab-416a-933c-a8d16756000d ] Request (ServersAdmin275Test:tearDownClass): 200 GET http://10.180.1.21/compute/v2.1/servers/c6a06550-33ed-4fee-bd37-3fce9c55b235 0.138s
2025-05-13 19:39:24.939 70238 INFO tempest.lib.common.rest_client [req-5592212c-fcd8-4add-9f3e-e7c5ffffdbf0 req-5592212c-fcd8-4add-9f3e-e7c5ffffdbf0 ] Request (ServerRescueTestJSON:test_rescue_unrescue_instance): 200 GET http://10.180.1.21/compute/v2.1/servers/6be47dcb-ce00-4b81-9e69-35acabac046e 0.141s
2025-05-13 19:39:24.946 70238 INFO tempest.common.waiters [-] State transition "BUILD/scheduling" ==> "BUILD/None" after 57 second wait
2025-05-13 19:39:24.975 70252 INFO tempest.lib.common.rest_client [req-9b937002-a8c4-4892-bddc-b0343d5b353b req-9b937002-a8c4-4892-bddc-b0343d5b353b ] Request (ServersNegativeTestMultiTenantJSON:setUpClass): 200 GET http://10.180.1.21/compute/v2.1/servers/8de4160d-2282-4ed3-bdf0-349445a6eab8 0.123s
2025-05-13 19:39:24.989 70230 INFO tempest.lib.common.rest_client [req-5ff40a97-4a63-43ba-b8b4-a01c0bd47e4b req-5ff40a97-4a63-43ba-b8b4-a01c0bd47e4b ] Request (ImagesTestJSON:test_create_image_from_suspended_server): 200 GET http://10.180.1.21/compute/v2.1/servers/80fc9add-683b-424e-9876-cdcae664e2da 0.116s
2025-05-13 19:39:25.009 70268 INFO tempest.lib.common.rest_client [req-12a35023-f884-46b3-9ab8-d78988f8b9c0 req-12a35023-f884-46b3-9ab8-d78988f8b9c0 ] Request (ListImageFiltersTestJSON:test_list_images_with_detail_limit_results): 200 GET http://10.180.1.21/compute/v2.1/images/detail?limit=1 0.122s
2025-05-13 19:39:25.046 70214 INFO tempest.lib.common.rest_client [req-5202a299-3ab5-43e0-a7f5-9027fa645ae6 req-5202a299-3ab5-43e0-a7f5-9027fa645ae6 ] Request (AttachVolumeNegativeTest:test_attach_attached_volume_to_different_server): 200 GET http://10.180.1.21/compute/v2.1/servers/e1b3d0bc-a251-4dbd-89a6-216a2f2c1313 0.067s
2025-05-13 19:39:25.185 70268 INFO tempest.lib.common.rest_client [req-173fece7-4f6b-40fb-aa65-7ccf2929a902 req-173fece7-4f6b-40fb-aa65-7ccf2929a902 ] Request (ListImageFiltersTestJSON:tearDownClass): 204 DELETE http://10.180.1.21/compute/v2.1/images/dbff7fb5-0787-47eb-b176-68ad992a47c2 0.171s
2025-05-13 19:39:25.202 70226 INFO tempest.lib.common.rest_client [req-94d97d1e-4bb2-47bd-b8e8-5b667b89cad1 req-94d97d1e-4bb2-47bd-b8e8-5b667b89cad1 ] Request (AttachVolumeTestJSON:test_attach_detach_volume): 200 GET http://10.180.1.21/compute/v2.1/servers/f6972b90-7746-4a37-8be8-1739f96dc3dc 0.201s
2025-05-13 19:39:25.238 70232 INFO tempest.lib.common.rest_client [req-fcdacc3c-4d5d-4b2e-a07e-b7e29e84e025 req-fcdacc3c-4d5d-4b2e-a07e-b7e29e84e025 ] Request (ServerMetadataTestJSON:setUpClass): 200 GET http://10.180.1.21/compute/v2.1/servers/aba9cc2f-9ea1-44a8-a5da-89bdf7ebeda4 0.183s
2025-05-13 19:39:25.256 70240 INFO tempest.lib.common.rest_client [req-9ed8dd3f-4a55-4904-abdb-aea4ccaf9867 req-9ed8dd3f-4a55-4904-abdb-aea4ccaf9867 ] Request (ServersTestMultiNic:test_verify_duplicate_network_nics): 200 GET http://10.180.1.21/compute/v2.1/servers/480a672c-cb48-45e3-86bd-1741957a5124 0.177s
2025-05-13 19:39:25.298 70220 INFO tempest.lib.common.rest_client [req-74a15502-4a03-4d6f-95e9-acf557ab1e3a req-74a15502-4a03-4d6f-95e9-acf557ab1e3a ] Request (ServerGroupTestJSON:_run_cleanups): 200 GET http://10.180.1.21/compute/v2.1/servers/cde9885b-1aa8-411d-847e-087fe375002b 0.181s
2025-05-13 19:39:25.312 70206 INFO tempest.lib.common.rest_client [req-16df5a67-abec-4274-a64b-8189a1eb26a8 req-16df5a67-abec-4274-a64b-8189a1eb26a8 ] Request (AttachVolumeShelveTestJSON:test_attach_volume_shelved_or_offload_server): 200 GET http://10.180.1.21/compute/v2.1/servers/a2b1684f-82af-42fc-925e-db36f31cfe63 0.143s
2025-05-13 19:39:25.347 70216 INFO tempest.lib.common.rest_client [req-7f30c802-2c54-4d2e-9650-f9d55d438e76 req-7f30c802-2c54-4d2e-9650-f9d55d438e76 ] Request (VolumesAdminNegativeTest:test_update_attached_volume_with_nonexistent_volume_in_body): 200 GET http://10.180.1.21/volume/v3/volumes/cd1547e6-ecf1-4990-bb85-9ad80fce4b95 0.033s
2025-05-13 19:39:25.364 70212 INFO tempest.lib.common.rest_client [req-f666d401-592e-4964-8341-673a39237056 req-f666d401-592e-4964-8341-673a39237056 ] Request (ServerDiskConfigTestJSON:test_rebuild_server_with_manual_disk_config): 200 GET http://10.180.1.21/compute/v2.1/servers/b67630a4-2c1a-440b-af82-80c908ffa6e9 0.134s
2025-05-13 19:39:25.400 70268 INFO tempest.lib.common.rest_client [req-778fd0f4-ab7f-429c-997a-a4f38c6cca43 req-778fd0f4-ab7f-429c-997a-a4f38c6cca43 ] Request (ListImageFiltersTestJSON:tearDownClass): 204 DELETE http://10.180.1.21/compute/v2.1/images/68bb5ac2-beb9-4aa4-86bd-63fa31083482 0.215s
2025-05-13 19:39:25.413 70228 INFO tempest.lib.common.rest_client [req-e9713c07-bb4b-4541-bcd5-ae4654359f17 req-e9713c07-bb4b-4541-bcd5-ae4654359f17 ] Request (ServersAdminTestJSON:setUpClass): 200 GET http://10.180.1.21/compute/v2.1/servers/21b7b237-557e-4030-93bb-6b5ce417e53c 0.118s
2025-05-13 19:39:25.490 70262 INFO tempest.lib.common.rest_client [req-5eff12c3-0438-47ea-ac5f-620e070bba79 req-5eff12c3-0438-47ea-ac5f-620e070bba79 ] Request (AttachInterfacesTestJSON:test_create_list_show_delete_interfaces_by_fixed_ip): 200 GET http://10.180.1.21/compute/v2.1/servers/ff227e07-8e36-48d6-a8c7-1e0087fd1faa 0.108s
2025-05-13 19:39:25.579 70254 INFO tempest.lib.common.rest_client [req-fcee211d-7134-487b-90ea-027484bed980 req-fcee211d-7134-487b-90ea-027484bed980 ] Request (ImagesOneServerNegativeTestJSON:tearDown): 200 GET http://10.180.1.21/compute/v2.1/servers/353ceb53-07e6-4e9b-bed5-ce9fca368b27 0.222s
2025-05-13 19:39:25.614 70268 INFO tempest.lib.common.rest_client [req-f4802aea-d2bf-48d0-ac64-3d13faa08e4c req-f4802aea-d2bf-48d0-ac64-3d13faa08e4c ] Request (ListImageFiltersTestJSON:tearDownClass): 204 DELETE http://10.180.1.21/compute/v2.1/images/00f6ea29-ebc1-44c9-85c4-33a5df1836df 0.213s
2025-05-13 19:39:25.638 70256 WARNING tempest.lib.common.ssh [-] Failed to establish authenticated ssh connection to cirros@10.180.180.135 ([Errno None] Unable to connect to port 22 on 10.180.180.135). Number attempts: 10. Retry after 11 seconds.: paramiko.ssh_exception.NoValidConnectionsError: [Errno None] Unable to connect to port 22 on 10.180.180.135
2025-05-13 19:39:25.675 70258 INFO tempest.lib.common.rest_client [req-61ff5923-9ff5-4fbe-8f5d-18541e4aaf26 req-61ff5923-9ff5-4fbe-8f5d-18541e4aaf26 ] Request (ServersListShow2100Test:test_list_show_rebuild_update_server_2100): 200 GET http://10.180.1.21/compute/v2.1/servers/cb35090d-bfd2-46df-8ee5-d9b068ba0a28 0.209s
2025-05-13 19:39:25.690 70234 INFO tempest.lib.common.rest_client [req-260cb1fe-0192-4424-83db-4595ff5c0c74 req-260cb1fe-0192-4424-83db-4595ff5c0c74 ] Request (FloatingIPsAssociationTestJSON:test_associate_already_associated_floating_ip): 200 GET http://10.180.1.21/compute/v2.1/servers/a36b06ca-77c8-4d2f-8b43-2c160fbac93f 0.166s
2025-05-13 19:39:25.746 70250 INFO tempest.lib.common.rest_client [req-40898497-6ed2-4fe8-a602-241d459d6117 req-40898497-6ed2-4fe8-a602-241d459d6117 ] Request (MigrationsAdminTest:test_resize_server_revert_deleted_flavor): 200 GET http://10.180.1.21/compute/v2.1/servers/c3e8a429-8484-4b11-abe3-1cccf0992556 0.214s
2025-05-13 19:39:25.763 70224 INFO tempest.lib.common.rest_client [req-edecd856-4190-43e5-a53f-3b5dc22c9a39 req-edecd856-4190-43e5-a53f-3b5dc22c9a39 ] Request (DeleteServersAdminTestJSON:test_delete_server_while_in_error_state): 200 GET http://10.180.1.21/compute/v2.1/servers/c2b6b943-f6d6-427f-aba5-1d619d889325 0.172s
2025-05-13 19:39:25.835 70268 INFO tempest.lib.common.rest_client [req-b84c3127-a21f-46ff-9353-58dba1752723 req-b84c3127-a21f-46ff-9353-58dba1752723 ] Request (ListImageFiltersTestJSON:tearDownClass): 204 DELETE http://10.180.1.21/compute/v2.1/servers/14359034-232d-478f-bf65-cf9937c59229 0.220s
2025-05-13 19:39:25.848 70222 INFO tempest.lib.common.rest_client [req-bf1e52cd-0e22-4971-a727-92b12a8f1fe2 req-bf1e52cd-0e22-4971-a727-92b12a8f1fe2 ] Request (TenantUsagesTestJSON:setUpClass): 200 GET http://10.180.1.21/compute/v2.1/servers/c7451ca3-f1fc-469b-b9d2-7fe24cb8949e 0.188s
2025-05-13 19:39:25.898 70266 INFO tempest.lib.common.rest_client [req-3ac664d8-0504-4e92-b19d-a14ba3d4f1f3 req-3ac664d8-0504-4e92-b19d-a14ba3d4f1f3 ] Request (MultipleCreateTestJSON:_run_cleanups): 200 GET http://10.180.1.21/compute/v2.1/servers/915797c5-6f68-4355-a6b0-ad2b06b826cb 0.202s
2025-05-13 19:39:25.905 70248 INFO tempest.lib.common.rest_client [req-556c9987-9a13-4da7-9a37-7121ff0ec6a5 req-556c9987-9a13-4da7-9a37-7121ff0ec6a5 ] Request (DeleteServersTestJSON:test_delete_server_while_in_attached_volume): 200 GET http://10.180.1.21/compute/v2.1/servers/66ba8086-2dd4-4d02-aac3-1bbb4a404784 0.155s
2025-05-13 19:39:25.984 70244 INFO tempest.lib.common.rest_client [req-bb8d06a5-c1fb-46a1-866c-ee008873715a req-bb8d06a5-c1fb-46a1-866c-ee008873715a ] Request (ServerShowV247Test:tearDownClass): 200 GET http://10.180.1.21/compute/v2.1/servers/bf4bee47-36ce-43ee-96f1-96f262882986 0.204s
2025-05-13 19:39:26.062 70261 INFO tempest.lib.common.rest_client [req-1aff53c1-6528-4bba-bde1-1c65048f7f7c req-1aff53c1-6528-4bba-bde1-1c65048f7f7c ] Request (ServersTestManualDisk:tearDownClass): 200 GET http://10.180.1.21/compute/v2.1/servers/6e698775-2556-4cbe-b65f-0cc3efa7bcf6 0.214s
2025-05-13 19:39:26.080 70268 INFO tempest.lib.common.rest_client [req-25b0b1ac-b567-474b-95ff-8b01605eba02 req-25b0b1ac-b567-474b-95ff-8b01605eba02 ] Request (ListImageFiltersTestJSON:tearDownClass): 200 GET http://10.180.1.21/compute/v2.1/servers/14359034-232d-478f-bf65-cf9937c59229 0.244s
2025-05-13 19:39:26.117 70236 INFO tempest.lib.common.rest_client [req-35344a8a-c57e-42c3-80c2-e6d642b031b9 req-35344a8a-c57e-42c3-80c2-e6d642b031b9 ] Request (SecurityGroupsTestJSON:test_list_security_groups_by_server): 200 GET http://10.180.1.21/compute/v2.1/servers/e0bca101-cf8d-48e1-a331-b0018548593e 0.264s
2025-05-13 19:39:26.156 70210 INFO tempest.lib.common.rest_client [req-cce67416-2425-4a0e-b9bd-77f6b56fa969 req-cce67416-2425-4a0e-b9bd-77f6b56fa969 ] Request (ServersAdmin275Test:tearDownClass): 200 GET http://10.180.1.21/compute/v2.1/servers/c6a06550-33ed-4fee-bd37-3fce9c55b235 0.225s
2025-05-13 19:39:26.167 70238 INFO tempest.lib.common.rest_client [req-7b0cae81-e431-48c1-a1e3-6c7bc2551f09 req-7b0cae81-e431-48c1-a1e3-6c7bc2551f09 ] Request (ServerRescueTestJSON:test_rescue_unrescue_instance): 200 GET http://10.180.1.21/compute/v2.1/servers/6be47dcb-ce00-4b81-9e69-35acabac046e 0.216s
2025-05-13 19:39:26.211 70252 INFO tempest.lib.common.rest_client [req-dbee4074-2f8a-4961-a3a7-b82079a8d108 req-dbee4074-2f8a-4961-a3a7-b82079a8d108 ] Request (ServersNegativeTestMultiTenantJSON:setUpClass): 200 GET http://10.180.1.21/compute/v2.1/servers/8de4160d-2282-4ed3-bdf0-349445a6eab8 0.227s
2025-05-13 19:39:26.218 70230 INFO tempest.lib.common.rest_client [req-b934de6b-785f-4d7c-a52b-aaa9c455b17d req-b934de6b-785f-4d7c-a52b-aaa9c455b17d ] Request (ImagesTestJSON:test_create_image_from_suspended_server): 200 GET http://10.180.1.21/compute/v2.1/servers/80fc9add-683b-424e-9876-cdcae664e2da 0.221s
2025-05-13 19:39:26.278 70214 INFO tempest.lib.common.rest_client [req-137a3f93-d4d0-4094-aef9-6f73c682e6e9 req-137a3f93-d4d0-4094-aef9-6f73c682e6e9 ] Request (AttachVolumeNegativeTest:test_attach_attached_volume_to_different_server): 200 GET http://10.180.1.21/compute/v2.1/servers/e1b3d0bc-a251-4dbd-89a6-216a2f2c1313 0.221s
2025-05-13 19:39:26.329 70232 INFO tempest.lib.common.rest_client [req-144971b2-ceeb-4b27-8878-6004430c4a3b req-144971b2-ceeb-4b27-8878-6004430c4a3b ] Request (ServerMetadataTestJSON:setUpClass): 200 GET http://10.180.1.21/compute/v2.1/servers/aba9cc2f-9ea1-44a8-a5da-89bdf7ebeda4 0.080s
2025-05-13 19:39:26.336 70226 INFO tempest.lib.common.rest_client [req-060f48ec-22ba-477c-9799-2955d278b9e0 req-060f48ec-22ba-477c-9799-2955d278b9e0 ] Request (AttachVolumeTestJSON:test_attach_detach_volume): 200 GET http://10.180.1.21/compute/v2.1/servers/f6972b90-7746-4a37-8be8-1739f96dc3dc 0.125s
2025-05-13 19:39:26.343 70264 WARNING tempest.lib.common.ssh [-] Failed to establish authenticated ssh connection to cirros@10.180.180.189 ([Errno None] Unable to connect to port 22 on 10.180.180.189). Number attempts: 12. Retry after 13 seconds.: paramiko.ssh_exception.NoValidConnectionsError: [Errno None] Unable to connect to port 22 on 10.180.180.189
2025-05-13 19:39:26.387 70240 INFO tempest.lib.common.rest_client [req-204b16f7-b09b-4993-9330-24f0e9ba4e63 req-204b16f7-b09b-4993-9330-24f0e9ba4e63 ] Request (ServersTestMultiNic:test_verify_duplicate_network_nics): 200 GET http://10.180.1.21/compute/v2.1/servers/480a672c-cb48-45e3-86bd-1741957a5124 0.123s
2025-05-13 19:39:26.387 70216 INFO tempest.lib.common.rest_client [req-8468ae9a-5bbb-4a9c-8799-29b5620aee95 req-8468ae9a-5bbb-4a9c-8799-29b5620aee95 ] Request (VolumesAdminNegativeTest:test_update_attached_volume_with_nonexistent_volume_in_body): 200 GET http://10.180.1.21/volume/v3/volumes/cd1547e6-ecf1-4990-bb85-9ad80fce4b95 0.032s
2025-05-13 19:39:26.397 70220 INFO tempest.lib.common.rest_client [req-2949c8ee-bf71-49ed-950e-17af1ec7aca3 req-2949c8ee-bf71-49ed-950e-17af1ec7aca3 ] Request (ServerGroupTestJSON:_run_cleanups): 200 GET http://10.180.1.21/compute/v2.1/servers/cde9885b-1aa8-411d-847e-087fe375002b 0.090s
2025-05-13 19:39:26.438 70206 INFO tempest.lib.common.rest_client [req-823c6b4d-1b8f-4b03-9b18-06968e4c4287 req-823c6b4d-1b8f-4b03-9b18-06968e4c4287 ] Request (AttachVolumeShelveTestJSON:test_attach_volume_shelved_or_offload_server): 200 GET http://10.180.1.21/compute/v2.1/servers/a2b1684f-82af-42fc-925e-db36f31cfe63 0.113s
2025-05-13 19:39:26.447 70212 INFO tempest.lib.common.rest_client [req-8d8561c5-dd81-47f9-97e0-84da333d9852 req-8d8561c5-dd81-47f9-97e0-84da333d9852 ] Request (ServerDiskConfigTestJSON:test_rebuild_server_with_manual_disk_config): 200 GET http://10.180.1.21/compute/v2.1/servers/b67630a4-2c1a-440b-af82-80c908ffa6e9 0.069s
2025-05-13 19:39:26.489 70228 INFO tempest.lib.common.rest_client [req-0c96b5c3-ebb7-4cf4-a04d-6ac0fce52962 req-0c96b5c3-ebb7-4cf4-a04d-6ac0fce52962 ] Request (ServersAdminTestJSON:setUpClass): 200 GET http://10.180.1.21/compute/v2.1/servers/21b7b237-557e-4030-93bb-6b5ce417e53c 0.066s
2025-05-13 19:39:26.562 70262 INFO tempest.lib.common.rest_client [req-cfc4e6e6-86dd-4040-a086-727488f92b5d req-cfc4e6e6-86dd-4040-a086-727488f92b5d ] Request (AttachInterfacesTestJSON:test_create_list_show_delete_interfaces_by_fixed_ip): 200 GET http://10.180.1.21/compute/v2.1/servers/ff227e07-8e36-48d6-a8c7-1e0087fd1faa 0.061s
2025-05-13 19:39:26.688 70254 INFO tempest.lib.common.rest_client [req-90538105-dc20-434c-a252-1c8dd7de7315 req-90538105-dc20-434c-a252-1c8dd7de7315 ] Request (ImagesOneServerNegativeTestJSON:tearDown): 200 GET http://10.180.1.21/compute/v2.1/servers/353ceb53-07e6-4e9b-bed5-ce9fca368b27 0.090s
2025-05-13 19:39:26.695 70254 INFO tempest.common.waiters [-] State transition "ACTIVE/image_uploading" ==> "ACTIVE/None" after 8 second wait
2025-05-13 19:39:26.762 70258 INFO tempest.lib.common.rest_client [req-c8f52449-bab4-41b7-aaba-1b2ef42d3fd9 req-c8f52449-bab4-41b7-aaba-1b2ef42d3fd9 ] Request (ServersListShow2100Test:test_list_show_rebuild_update_server_2100): 200 GET http://10.180.1.21/compute/v2.1/servers/cb35090d-bfd2-46df-8ee5-d9b068ba0a28 0.068s
2025-05-13 19:39:26.772 70254 INFO tempest.lib.common.rest_client [req-dfa4e4a6-ed70-41a2-aba8-7468a56f257d req-dfa4e4a6-ed70-41a2-aba8-7468a56f257d ] Request (ImagesOneServerNegativeTestJSON:_run_cleanups): 204 DELETE http://10.180.1.21/compute/v2.1/servers/353ceb53-07e6-4e9b-bed5-ce9fca368b27 0.077s
2025-05-13 19:39:26.822 70234 INFO tempest.lib.common.rest_client [req-e5521bc8-7a10-4bf3-ad87-2826676f92e6 req-e5521bc8-7a10-4bf3-ad87-2826676f92e6 ] Request (FloatingIPsAssociationTestJSON:test_associate_already_associated_floating_ip): 200 GET http://10.180.1.21/compute/v2.1/servers/a36b06ca-77c8-4d2f-8b43-2c160fbac93f 0.124s
2025-05-13 19:39:26.830 70250 INFO tempest.lib.common.rest_client [req-21970d21-a7db-4ce9-ac1b-38cdf76d68f2 req-21970d21-a7db-4ce9-ac1b-38cdf76d68f2 ] Request (MigrationsAdminTest:test_resize_server_revert_deleted_flavor): 200 GET http://10.180.1.21/compute/v2.1/servers/c3e8a429-8484-4b11-abe3-1cccf0992556 0.074s
2025-05-13 19:39:26.894 70224 INFO tempest.lib.common.rest_client [req-30284bd0-b01f-42c9-968a-4e84a60430a7 req-30284bd0-b01f-42c9-968a-4e84a60430a7 ] Request (DeleteServersAdminTestJSON:test_delete_server_while_in_error_state): 200 GET http://10.180.1.21/compute/v2.1/servers/c2b6b943-f6d6-427f-aba5-1d619d889325 0.122s
2025-05-13 19:39:26.954 70222 INFO tempest.lib.common.rest_client [req-9dc25ad4-f03d-4425-9e96-19795615af80 req-9dc25ad4-f03d-4425-9e96-19795615af80 ] Request (TenantUsagesTestJSON:setUpClass): 200 GET http://10.180.1.21/compute/v2.1/servers/c7451ca3-f1fc-469b-b9d2-7fe24cb8949e 0.098s
2025-05-13 19:39:27.003 70254 INFO tempest.lib.common.rest_client [req-1f38785d-f166-4adc-b360-3fddd5d94db3 req-1f38785d-f166-4adc-b360-3fddd5d94db3 ] Request (ImagesOneServerNegativeTestJSON:_run_cleanups): 200 GET http://10.180.1.21/compute/v2.1/servers/353ceb53-07e6-4e9b-bed5-ce9fca368b27 0.230s
2025-05-13 19:39:27.024 70266 INFO tempest.lib.common.rest_client [req-88d86d41-505a-49b5-a8a9-b2c4d643604b req-88d86d41-505a-49b5-a8a9-b2c4d643604b ] Request (MultipleCreateTestJSON:_run_cleanups): 200 GET http://10.180.1.21/compute/v2.1/servers/915797c5-6f68-4355-a6b0-ad2b06b826cb 0.118s
2025-05-13 19:39:27.031 70266 INFO tempest.common.waiters [-] State transition "ACTIVE/deleting" ==> "DELETED/None" after 4 second wait
2025-05-13 19:39:27.056 70248 INFO tempest.lib.common.rest_client [req-84a99188-eeba-4419-a7a2-33797f604fbd req-84a99188-eeba-4419-a7a2-33797f604fbd ] Request (DeleteServersTestJSON:test_delete_server_while_in_attached_volume): 200 GET http://10.180.1.21/compute/v2.1/servers/66ba8086-2dd4-4d02-aac3-1bbb4a404784 0.143s
2025-05-13 19:39:27.089 70244 INFO tempest.lib.common.rest_client [req-1da12045-bdb5-4506-992b-d25bfb4ed73a req-1da12045-bdb5-4506-992b-d25bfb4ed73a ] Request (ServerShowV247Test:tearDownClass): 200 GET http://10.180.1.21/compute/v2.1/servers/bf4bee47-36ce-43ee-96f1-96f262882986 0.095s
2025-05-13 19:39:27.150 70261 INFO tempest.lib.common.rest_client [req-fe68fea1-cd7e-468b-b60c-c0cfd8184bbf req-fe68fea1-cd7e-468b-b60c-c0cfd8184bbf ] Request (ServersTestManualDisk:tearDownClass): 200 GET http://10.180.1.21/compute/v2.1/servers/6e698775-2556-4cbe-b65f-0cc3efa7bcf6 0.078s
2025-05-13 19:39:27.428 70216 INFO tempest.lib.common.rest_client [req-40f4ca3d-ffea-4f16-b150-92668f7de380 req-40f4ca3d-ffea-4f16-b150-92668f7de380 ] Request (VolumesAdminNegativeTest:test_update_attached_volume_with_nonexistent_volume_in_body): 200 GET http://10.180.1.21/volume/v3/volumes/cd1547e6-ecf1-4990-bb85-9ad80fce4b95 0.034s
2025-05-13 19:39:27.444 70236 INFO tempest.lib.common.rest_client [req-6cff7fed-6cdf-40df-b7aa-a2f5fce4a597 req-6cff7fed-6cdf-40df-b7aa-a2f5fce4a597 ] Request (SecurityGroupsTestJSON:test_list_security_groups_by_server): 200 GET http://10.180.1.21/compute/v2.1/servers/e0bca101-cf8d-48e1-a331-b0018548593e 0.315s
2025-05-13 19:39:27.481 70268 INFO tempest.lib.common.rest_client [req-48288869-ef79-461d-9813-806e3b918067 req-48288869-ef79-461d-9813-806e3b918067 ] Request (ListImageFiltersTestJSON:tearDownClass): 200 GET http://10.180.1.21/compute/v2.1/servers/14359034-232d-478f-bf65-cf9937c59229 0.389s
2025-05-13 19:39:27.513 70210 INFO tempest.lib.common.rest_client [req-7072fc5e-4935-415f-80a8-31e75070aa3c req-7072fc5e-4935-415f-80a8-31e75070aa3c ] Request (ServersAdmin275Test:tearDownClass): 200 GET http://10.180.1.21/compute/v2.1/servers/c6a06550-33ed-4fee-bd37-3fce9c55b235 0.346s
2025-05-13 19:39:27.535 70238 INFO tempest.lib.common.rest_client [req-2f437895-182d-4077-8110-e2cdef2888da req-2f437895-182d-4077-8110-e2cdef2888da ] Request (ServerRescueTestJSON:test_rescue_unrescue_instance): 200 GET http://10.180.1.21/compute/v2.1/servers/6be47dcb-ce00-4b81-9e69-35acabac046e 0.359s
2025-05-13 19:39:27.562 70252 INFO tempest.lib.common.rest_client [req-b7d897d2-0516-4f12-b82b-53eb167076ce req-b7d897d2-0516-4f12-b82b-53eb167076ce ] Request (ServersNegativeTestMultiTenantJSON:setUpClass): 200 GET http://10.180.1.21/compute/v2.1/servers/8de4160d-2282-4ed3-bdf0-349445a6eab8 0.342s
2025-05-13 19:39:27.583 70230 INFO tempest.lib.common.rest_client [req-5dd27f86-1114-47a5-9f88-42fb2e88a557 req-5dd27f86-1114-47a5-9f88-42fb2e88a557 ] Request (ImagesTestJSON:test_create_image_from_suspended_server): 200 GET http://10.180.1.21/compute/v2.1/servers/80fc9add-683b-424e-9876-cdcae664e2da 0.353s
2025-05-13 19:39:27.612 70214 INFO tempest.lib.common.rest_client [req-c67bb9b6-82ba-4526-9782-61062d36583e req-c67bb9b6-82ba-4526-9782-61062d36583e ] Request (AttachVolumeNegativeTest:test_attach_attached_volume_to_different_server): 200 GET http://10.180.1.21/compute/v2.1/servers/e1b3d0bc-a251-4dbd-89a6-216a2f2c1313 0.325s
2025-05-13 19:39:27.637 70232 INFO tempest.lib.common.rest_client [req-2bc385e9-d8fe-4351-8b97-fcdb5dabc6a8 req-2bc385e9-d8fe-4351-8b97-fcdb5dabc6a8 ] Request (ServerMetadataTestJSON:setUpClass): 200 GET http://10.180.1.21/compute/v2.1/servers/aba9cc2f-9ea1-44a8-a5da-89bdf7ebeda4 0.298s
2025-05-13 19:39:27.697 70240 INFO tempest.lib.common.rest_client [req-540a8a91-8438-4118-a257-7872f3af0b03 req-540a8a91-8438-4118-a257-7872f3af0b03 ] Request (ServersTestMultiNic:test_verify_duplicate_network_nics): 200 GET http://10.180.1.21/compute/v2.1/servers/480a672c-cb48-45e3-86bd-1741957a5124 0.302s
2025-05-13 19:39:27.712 70226 INFO tempest.lib.common.rest_client [req-e35397a2-f45e-4a56-ad89-f2184b2eaa81 req-e35397a2-f45e-4a56-ad89-f2184b2eaa81 ] Request (AttachVolumeTestJSON:test_attach_detach_volume): 200 GET http://10.180.1.21/compute/v2.1/servers/f6972b90-7746-4a37-8be8-1739f96dc3dc 0.359s
2025-05-13 19:39:27.719 70226 INFO tempest.common.waiters [-] State transition "SHUTOFF/powering-on" ==> "ACTIVE/None" after 5 second wait
2025-05-13 19:39:27.719 70226 INFO tempest.lib.common.ssh [-] Creating ssh connection to '10.180.180.236:22' as 'cirros' with public key authentication
2025-05-13 19:39:27.757 70220 INFO tempest.lib.common.rest_client [req-e4aae0c8-d9f9-4f92-bbde-1dfc758f9920 req-e4aae0c8-d9f9-4f92-bbde-1dfc758f9920 ] Request (ServerGroupTestJSON:_run_cleanups): 200 GET http://10.180.1.21/compute/v2.1/servers/cde9885b-1aa8-411d-847e-087fe375002b 0.352s
2025-05-13 19:39:27.772 70206 INFO tempest.lib.common.rest_client [req-033f9e91-d707-4698-915c-2ea2124c6813 req-033f9e91-d707-4698-915c-2ea2124c6813 ] Request (AttachVolumeShelveTestJSON:test_attach_volume_shelved_or_offload_server): 200 GET http://10.180.1.21/compute/v2.1/servers/a2b1684f-82af-42fc-925e-db36f31cfe63 0.325s
2025-05-13 19:39:27.810 70212 INFO tempest.lib.common.rest_client [req-cd66ffa3-1f79-4aa9-99a0-1ed1030b5261 req-cd66ffa3-1f79-4aa9-99a0-1ed1030b5261 ] Request (ServerDiskConfigTestJSON:test_rebuild_server_with_manual_disk_config): 200 GET http://10.180.1.21/compute/v2.1/servers/b67630a4-2c1a-440b-af82-80c908ffa6e9 0.355s
2025-05-13 19:39:27.823 70228 INFO tempest.lib.common.rest_client [req-55c8ed3b-0f39-4e99-8055-eb735f5ba9bf req-55c8ed3b-0f39-4e99-8055-eb735f5ba9bf ] Request (ServersAdminTestJSON:setUpClass): 200 GET http://10.180.1.21/compute/v2.1/servers/21b7b237-557e-4030-93bb-6b5ce417e53c 0.326s
2025-05-13 19:39:27.857 70262 INFO tempest.lib.common.rest_client [req-b189172c-1f5c-452b-8645-a45150e38d0d req-b189172c-1f5c-452b-8645-a45150e38d0d ] Request (AttachInterfacesTestJSON:test_create_list_show_delete_interfaces_by_fixed_ip): 200 GET http://10.180.1.21/compute/v2.1/servers/ff227e07-8e36-48d6-a8c7-1e0087fd1faa 0.285s
2025-05-13 19:39:27.887 70258 INFO tempest.lib.common.rest_client [req-5c3db200-6cdb-43b3-a591-db8ddeba99b8 req-5c3db200-6cdb-43b3-a591-db8ddeba99b8 ] Request (ServersListShow2100Test:test_list_show_rebuild_update_server_2100): 200 GET http://10.180.1.21/compute/v2.1/servers/cb35090d-bfd2-46df-8ee5-d9b068ba0a28 0.110s
2025-05-13 19:39:27.909 70234 INFO tempest.lib.common.rest_client [req-a9892d15-2cea-4faa-b96d-a1cd42e621a3 req-a9892d15-2cea-4faa-b96d-a1cd42e621a3 ] Request (FloatingIPsAssociationTestJSON:test_associate_already_associated_floating_ip): 200 GET http://10.180.1.21/compute/v2.1/servers/a36b06ca-77c8-4d2f-8b43-2c160fbac93f 0.078s
2025-05-13 19:39:27.947 70250 INFO tempest.lib.common.rest_client [req-a8502e2a-924c-464a-b175-6a843bdbb123 req-a8502e2a-924c-464a-b175-6a843bdbb123 ] Request (MigrationsAdminTest:test_resize_server_revert_deleted_flavor): 200 GET http://10.180.1.21/compute/v2.1/servers/c3e8a429-8484-4b11-abe3-1cccf0992556 0.110s
2025-05-13 19:39:27.954 70250 INFO tempest.common.waiters [-] State transition "BUILD/scheduling" ==> "BUILD/None" after 42 second wait
2025-05-13 19:39:27.967 70224 INFO tempest.lib.common.rest_client [req-a7f7cc35-0263-4a5a-af8b-567b8c242350 req-a7f7cc35-0263-4a5a-af8b-567b8c242350 ] Request (DeleteServersAdminTestJSON:test_delete_server_while_in_error_state): 200 GET http://10.180.1.21/compute/v2.1/servers/c2b6b943-f6d6-427f-aba5-1d619d889325 0.063s
2025-05-13 19:39:28.017 70222 INFO tempest.lib.common.rest_client [req-bbcca95e-5470-418d-bb55-8b4376c70893 req-bbcca95e-5470-418d-bb55-8b4376c70893 ] Request (TenantUsagesTestJSON:setUpClass): 200 GET http://10.180.1.21/compute/v2.1/servers/c7451ca3-f1fc-469b-b9d2-7fe24cb8949e 0.055s
2025-05-13 19:39:28.117 70266 INFO tempest.lib.common.rest_client [req-5ffe0f5d-5926-4ec4-a557-e3848b122406 req-5ffe0f5d-5926-4ec4-a557-e3848b122406 ] Request (MultipleCreateTestJSON:_run_cleanups): 200 GET http://10.180.1.21/compute/v2.1/servers/915797c5-6f68-4355-a6b0-ad2b06b826cb 0.085s
2025-05-13 19:39:28.183 70248 INFO tempest.lib.common.rest_client [req-dcca0209-1744-4fbb-b57b-78cefdaf363d req-dcca0209-1744-4fbb-b57b-78cefdaf363d ] Request (DeleteServersTestJSON:test_delete_server_while_in_attached_volume): 200 GET http://10.180.1.21/compute/v2.1/servers/66ba8086-2dd4-4d02-aac3-1bbb4a404784 0.119s
2025-05-13 19:39:28.192 70254 INFO tempest.lib.common.rest_client [req-44a45abb-62da-4de6-a3aa-34213be1eefd req-44a45abb-62da-4de6-a3aa-34213be1eefd ] Request (ImagesOneServerNegativeTestJSON:_run_cleanups): 200 GET http://10.180.1.21/compute/v2.1/servers/353ceb53-07e6-4e9b-bed5-ce9fca368b27 0.180s
