2025-05-13 19:36:33.334 70252 INFO tempest.lib.common.rest_client [req-d4c57c8f-ac5b-437d-a379-8276f8febf2e req-d4c57c8f-ac5b-437d-a379-8276f8febf2e ] Request (FlavorsV255TestJSON:setUpClass): 200 GET http://10.180.1.21/identity/v3/domains?name=Default 0.033s
2025-05-13 19:36:33.357 70228 INFO tempest.lib.common.rest_client [req-06e57e54-23ad-483a-b183-716489389dbe req-06e57e54-23ad-483a-b183-716489389dbe ] Request (ServerDiagnosticsNegativeTest:setUpClass): 201 POST http://10.180.1.21/identity/v3/auth/tokens 0.046s
2025-05-13 19:36:33.397 70218 INFO tempest.lib.common.rest_client [req-980fee7e-16e2-4026-86fb-934c30c4b160 req-980fee7e-16e2-4026-86fb-934c30c4b160 ] Request (AZAdminV2TestJSON:setUpClass): 201 POST http://10.180.1.21/identity/v3/auth/tokens 0.095s
2025-05-13 19:36:33.402 70220 INFO tempest.lib.common.rest_client [req-d7bdb1e7-0e24-4047-83f7-546ebb9c95a2 req-d7bdb1e7-0e24-4047-83f7-546ebb9c95a2 ] Request (FlavorsV2TestJSON:test_get_flavor): 200 GET http://10.180.1.21/compute/v2.1/flavors/42 0.104s
2025-05-13 19:36:33.418 70226 INFO tempest.lib.common.rest_client [req-39c17f5d-a078-400f-a950-764fcd68350a req-39c17f5d-a078-400f-a950-764fcd68350a ] Request (HostsAdminNegativeTestJSON:setUpClass): 201 POST http://10.180.1.21/identity/v3/auth/tokens 0.104s
2025-05-13 19:36:33.422 70214 INFO tempest.lib.common.rest_client [req-5ab42058-e963-4b38-b7b2-30f7f9a794a4 req-5ab42058-e963-4b38-b7b2-30f7f9a794a4 ] Request (ServerDiagnosticsV248Test:setUpClass): 201 POST http://10.180.1.21/identity/v3/projects 0.098s
2025-05-13 19:36:33.472 70252 INFO tempest.lib.common.rest_client [req-abbfddda-968a-477d-ad12-83054c135507 req-abbfddda-968a-477d-ad12-83054c135507 ] Request (FlavorsV255TestJSON:setUpClass): 201 POST http://10.180.1.21/identity/v3/projects 0.125s
2025-05-13 19:36:33.479 70228 INFO tempest.lib.common.rest_client [req-3d6dd20d-7b0c-4755-9bde-a82184f2ccdd req-3d6dd20d-7b0c-4755-9bde-a82184f2ccdd ] Request (ServerDiagnosticsNegativeTest:setUpClass): 201 POST http://10.180.1.21/identity/v3/auth/tokens 0.115s
2025-05-13 19:36:33.482 70220 INFO tempest.lib.common.rest_client [req-40949fcf-c513-4991-a094-8510775e3221 req-40949fcf-c513-4991-a094-8510775e3221 ] Request (FlavorsV2TestJSON:test_list_flavors): 200 GET http://10.180.1.21/compute/v2.1/flavors 0.045s
2025-05-13 19:36:33.518 70220 INFO tempest.lib.common.rest_client [req-fe4974ee-7174-4730-8b37-495f77a8d4d6 req-fe4974ee-7174-4730-8b37-495f77a8d4d6 ] Request (FlavorsV2TestJSON:test_list_flavors): 200 GET http://10.180.1.21/compute/v2.1/flavors/42 0.018s
2025-05-13 19:36:33.532 70210 INFO tempest.lib.common.rest_client [req-2416799d-fef3-4e90-9718-c4b76be2bbb8 req-2416799d-fef3-4e90-9718-c4b76be2bbb8 ] Request (FlavorsExtraSpecsNegativeTestJSON:setUpClass): 201 POST http://10.180.1.21/identity/v3/auth/tokens 0.167s
2025-05-13 19:36:33.536 70216 INFO tempest.lib.common.rest_client [req-164135ff-3d83-4542-bd66-f7bf5e9da572 req-164135ff-3d83-4542-bd66-f7bf5e9da572 ] Request (InstanceUsageAuditLogNegativeTestJSON:setUpClass): 201 POST http://10.180.1.21/identity/v3/auth/tokens 0.162s
2025-05-13 19:36:33.560 70212 INFO tempest.lib.common.rest_client [req-6ae7cf1b-34be-4bdd-b653-d695d008d214 req-6ae7cf1b-34be-4bdd-b653-d695d008d214 ] Request (FlavorsAccessNegativeTestJSON:setUpClass): 201 POST http://10.180.1.21/identity/v3/auth/tokens 0.166s
2025-05-13 19:36:33.566 70226 INFO tempest.lib.common.rest_client [req-3901697b-d5bb-43fe-bf8e-11cb74813933 req-3901697b-d5bb-43fe-bf8e-11cb74813933 ] Request (HostsAdminNegativeTestJSON:setUpClass): 201 POST http://10.180.1.21/identity/v3/projects 0.147s
2025-05-13 19:36:33.567 70220 INFO tempest.lib.common.rest_client [req-6a6046d9-a267-404c-9aa5-ab640b358fb0 req-6a6046d9-a267-404c-9aa5-ab640b358fb0 ] Request (FlavorsV2TestJSON:test_list_flavors_detailed_filter_by_min_disk): 200 GET http://10.180.1.21/compute/v2.1/flavors/42 0.029s
2025-05-13 19:36:33.588 70214 INFO tempest.lib.common.rest_client [req-38876c90-501b-4184-a438-72404854eb27 req-38876c90-501b-4184-a438-72404854eb27 ] Request (ServerDiagnosticsV248Test:setUpClass): 201 POST http://10.180.1.21/identity/v3/users 0.165s
2025-05-13 19:36:33.623 70258 INFO tempest.lib.common.rest_client [req-f150417d-6da3-462d-9acb-3d029d3f6b7d req-f150417d-6da3-462d-9acb-3d029d3f6b7d ] Request (AZAdminNegativeTestJSON:setUpClass): 201 POST http://10.180.1.21/identity/v3/auth/tokens 0.212s
2025-05-13 19:36:33.630 70220 INFO tempest.lib.common.rest_client [req-a8523e07-1f29-483f-8ec7-89964e7b0be4 req-a8523e07-1f29-483f-8ec7-89964e7b0be4 ] Request (FlavorsV2TestJSON:test_list_flavors_detailed_filter_by_min_disk): 200 GET http://10.180.1.21/compute/v2.1/flavors/detail?minDisk=2 0.061s
2025-05-13 19:36:33.647 70218 INFO tempest.lib.common.rest_client [req-9d8f5a2f-0d7a-44fb-a31f-3db1106c4ff0 req-9d8f5a2f-0d7a-44fb-a31f-3db1106c4ff0 ] Request (AZAdminV2TestJSON:setUpClass): 201 POST http://10.180.1.21/identity/v3/auth/tokens 0.230s
2025-05-13 19:36:33.652 70252 INFO tempest.lib.common.rest_client [req-378f12e4-05f2-4397-b7dc-d1659f7a94e0 req-378f12e4-05f2-4397-b7dc-d1659f7a94e0 ] Request (FlavorsV255TestJSON:setUpClass): 201 POST http://10.180.1.21/identity/v3/users 0.174s
2025-05-13 19:36:33.670 70228 INFO tempest.lib.common.rest_client [req-1aa726e0-dae5-483c-9eed-486f3c38e2d5 req-1aa726e0-dae5-483c-9eed-486f3c38e2d5 ] Request (ServerDiagnosticsNegativeTest:setUpClass): 200 GET http://10.180.1.21/identity/v3/domains?name=Default 0.186s
2025-05-13 19:36:33.672 70234 INFO tempest.lib.common.rest_client [req-f5c51a46-248f-4b57-bca4-8b0ab155f6dd req-f5c51a46-248f-4b57-bca4-8b0ab155f6dd ] Request (HostsAdminTestJSON:setUpClass): 201 POST http://10.180.1.21/identity/v3/auth/tokens 0.160s
2025-05-13 19:36:33.676 70220 INFO tempest.lib.common.rest_client [req-349f2510-ff4d-47ea-9151-98992af1e946 req-349f2510-ff4d-47ea-9151-98992af1e946 ] Request (FlavorsV2TestJSON:test_list_flavors_detailed_filter_by_min_ram): 200 GET http://10.180.1.21/compute/v2.1/flavors/42 0.025s
2025-05-13 19:36:33.696 70206 INFO tempest.lib.common.rest_client [req-82f58919-7607-4fe3-893f-59585ba39140 req-82f58919-7607-4fe3-893f-59585ba39140 ] Request (TenantUsagesNegativeTestJSON:setUpClass): 201 POST http://10.180.1.21/identity/v3/auth/tokens 0.163s
2025-05-13 19:36:33.700 70216 INFO tempest.lib.common.rest_client [req-1740bf78-bc44-4ca8-902f-51fe22114d16 req-1740bf78-bc44-4ca8-902f-51fe22114d16 ] Request (InstanceUsageAuditLogNegativeTestJSON:setUpClass): 201 POST http://10.180.1.21/identity/v3/auth/tokens 0.160s
2025-05-13 19:36:33.724 70210 INFO tempest.lib.common.rest_client [req-7b88f6af-4e21-4e1e-99a4-6986b449b9ec req-7b88f6af-4e21-4e1e-99a4-6986b449b9ec ] Request (FlavorsExtraSpecsNegativeTestJSON:setUpClass): 201 POST http://10.180.1.21/identity/v3/auth/tokens 0.189s
2025-05-13 19:36:33.725 70212 INFO tempest.lib.common.rest_client [req-fed3a554-8ca0-4947-9ea5-1d5164d27810 req-fed3a554-8ca0-4947-9ea5-1d5164d27810 ] Request (FlavorsAccessNegativeTestJSON:setUpClass): 201 POST http://10.180.1.21/identity/v3/auth/tokens 0.159s
2025-05-13 19:36:33.733 70220 INFO tempest.lib.common.rest_client [req-fa326fa1-577f-480a-8f02-aab6cb4ec461 req-fa326fa1-577f-480a-8f02-aab6cb4ec461 ] Request (FlavorsV2TestJSON:test_list_flavors_detailed_filter_by_min_ram): 200 GET http://10.180.1.21/compute/v2.1/flavors/detail?minRam=193 0.037s
2025-05-13 19:36:33.750 70226 INFO tempest.lib.common.rest_client [req-c22612ba-e9d9-4b33-af1c-e5e69996fe4a req-c22612ba-e9d9-4b33-af1c-e5e69996fe4a ] Request (HostsAdminNegativeTestJSON:setUpClass): 201 POST http://10.180.1.21/identity/v3/users 0.183s
2025-05-13 19:36:33.754 70222 INFO tempest.lib.common.rest_client [req-732f2d2f-c76c-4df3-abf4-db4fcb693faa req-732f2d2f-c76c-4df3-abf4-db4fcb693faa ] Request (HypervisorAdminTestJSON:setUpClass): 201 POST http://10.180.1.21/identity/v3/auth/tokens 0.185s
2025-05-13 19:36:33.777 70214 INFO tempest.lib.common.rest_client [req-ca0e9bd3-5ac8-4b0f-9a8f-eb700e679f17 req-ca0e9bd3-5ac8-4b0f-9a8f-eb700e679f17 ] Request (ServerDiagnosticsV248Test:setUpClass): 200 GET http://10.180.1.21/identity/v3/roles 0.188s
2025-05-13 19:36:33.783 70224 INFO tempest.lib.common.rest_client [req-dae30275-a530-409f-a39d-b629b3d2f041 req-dae30275-a530-409f-a39d-b629b3d2f041 ] Request (DeleteServersAdminTestJSON:setUpClass): 201 POST http://10.180.1.21/identity/v3/auth/tokens 0.162s
2025-05-13 19:36:33.790 70220 INFO tempest.lib.common.rest_client [req-3c97c9e8-8837-4b31-a9de-64b577cb9b3b req-3c97c9e8-8837-4b31-a9de-64b577cb9b3b ] Request (FlavorsV2TestJSON:test_list_flavors_detailed_limit_results): 200 GET http://10.180.1.21/compute/v2.1/flavors/detail?limit=1 0.033s
2025-05-13 19:36:33.805 70258 INFO tempest.lib.common.rest_client [req-78768164-abc7-44ad-bc63-578c9e52561b req-78768164-abc7-44ad-bc63-578c9e52561b ] Request (AZAdminNegativeTestJSON:setUpClass): 201 POST http://10.180.1.21/identity/v3/auth/tokens 0.172s
2025-05-13 19:36:33.807 70244 INFO tempest.test [-] raised in LiveAutoBlockMigrationV225Test.setUpClass. Invoking tearDownClass.
2025-05-13 19:36:33.810 70261 INFO tempest.lib.common.rest_client [req-9f514a33-7ba0-43e9-9264-151d21f2c970 req-9f514a33-7ba0-43e9-9264-151d21f2c970 ] Request (KeyPairsV210TestJSON:setUpClass): 201 POST http://10.180.1.21/identity/v3/auth/tokens 0.177s
2025-05-13 19:36:33.831 70252 INFO tempest.lib.common.rest_client [req-22b9b9cf-9693-44dd-a76e-9d3f4b9fdd4f req-22b9b9cf-9693-44dd-a76e-9d3f4b9fdd4f ] Request (FlavorsV255TestJSON:setUpClass): 200 GET http://10.180.1.21/identity/v3/roles 0.176s
2025-05-13 19:36:33.831 70218 INFO tempest.lib.common.rest_client [req-2c15546d-6fda-44eb-97ce-e69f753eacef req-2c15546d-6fda-44eb-97ce-e69f753eacef ] Request (AZAdminV2TestJSON:setUpClass): 200 GET http://10.180.1.21/identity/v3/domains?name=Default 0.184s
2025-05-13 19:36:33.836 70220 INFO tempest.lib.common.rest_client [req-73f43cfb-a34c-4055-9bef-a80cd5158313 req-73f43cfb-a34c-4055-9bef-a80cd5158313 ] Request (FlavorsV2TestJSON:test_list_flavors_detailed_using_marker): 200 GET http://10.180.1.21/compute/v2.1/flavors/42 0.026s
2025-05-13 19:36:33.856 70246 INFO tempest.lib.common.rest_client [req-b2c6d5e1-1a50-4bc7-b508-3f95afad15ec req-b2c6d5e1-1a50-4bc7-b508-3f95afad15ec ] Request (FlavorsAdminTestJSON:setUpClass): 201 POST http://10.180.1.21/identity/v3/auth/tokens 0.203s
2025-05-13 19:36:33.863 70228 INFO tempest.lib.common.rest_client [req-e3a3369b-203a-463c-9446-6f976d93d108 req-e3a3369b-203a-463c-9446-6f976d93d108 ] Request (ServerDiagnosticsNegativeTest:setUpClass): 201 POST http://10.180.1.21/identity/v3/projects 0.190s
2025-05-13 19:36:33.890 70220 INFO tempest.lib.common.rest_client [req-02fc8c1b-be23-400f-8164-bdef5045ca0c req-02fc8c1b-be23-400f-8164-bdef5045ca0c ] Request (FlavorsV2TestJSON:test_list_flavors_detailed_using_marker): 200 GET http://10.180.1.21/compute/v2.1/flavors/detail?marker=42 0.044s
2025-05-13 19:36:33.916 70234 INFO tempest.lib.common.rest_client [req-87a41e82-b600-4ac7-bcbc-12058d87bc01 req-87a41e82-b600-4ac7-bcbc-12058d87bc01 ] Request (HostsAdminTestJSON:setUpClass): 201 POST http://10.180.1.21/identity/v3/auth/tokens 0.236s
2025-05-13 19:36:33.918 70216 INFO tempest.lib.common.rest_client [req-0c348f74-ab6c-48c2-8687-e27dcd2f9053 req-0c348f74-ab6c-48c2-8687-e27dcd2f9053 ] Request (InstanceUsageAuditLogNegativeTestJSON:setUpClass): 200 GET http://10.180.1.21/identity/v3/domains?name=Default 0.216s
2025-05-13 19:36:33.927 70220 INFO tempest.lib.common.rest_client [req-06b54b09-f238-47e8-9dc6-21a7178bbb73 req-06b54b09-f238-47e8-9dc6-21a7178bbb73 ] Request (FlavorsV2TestJSON:test_list_flavors_filter_by_min_disk): 200 GET http://10.180.1.21/compute/v2.1/flavors/42 0.021s
2025-05-13 19:36:33.939 70210 INFO tempest.lib.common.rest_client [req-859cc4c0-c8c0-43b6-827b-db9258878915 req-859cc4c0-c8c0-43b6-827b-db9258878915 ] Request (FlavorsExtraSpecsNegativeTestJSON:setUpClass): 200 GET http://10.180.1.21/identity/v3/domains?name=Default 0.214s
2025-05-13 19:36:33.939 70206 INFO tempest.lib.common.rest_client [req-2c2a1b76-d7d0-4752-877d-84c878c1c956 req-2c2a1b76-d7d0-4752-877d-84c878c1c956 ] Request (TenantUsagesNegativeTestJSON:setUpClass): 201 POST http://10.180.1.21/identity/v3/auth/tokens 0.233s
2025-05-13 19:36:33.958 70226 INFO tempest.lib.common.rest_client [req-5f3a858b-c13d-4642-aabb-341cf5d0b606 req-5f3a858b-c13d-4642-aabb-341cf5d0b606 ] Request (HostsAdminNegativeTestJSON:setUpClass): 200 GET http://10.180.1.21/identity/v3/roles 0.207s
2025-05-13 19:36:33.962 70212 INFO tempest.lib.common.rest_client [req-ae0e5079-7e28-468e-8e97-b5c20713503f req-ae0e5079-7e28-468e-8e97-b5c20713503f ] Request (FlavorsAccessNegativeTestJSON:setUpClass): 200 GET http://10.180.1.21/identity/v3/domains?name=Default 0.236s
2025-05-13 19:36:33.968 70220 INFO tempest.lib.common.rest_client [req-b387bfdb-77f9-4108-be92-733f2224cf1e req-b387bfdb-77f9-4108-be92-733f2224cf1e ] Request (FlavorsV2TestJSON:test_list_flavors_filter_by_min_disk): 200 GET http://10.180.1.21/compute/v2.1/flavors?minDisk=2 0.032s
2025-05-13 19:36:33.984 70222 INFO tempest.lib.common.rest_client [req-297ec8e7-b9dd-4e43-b51b-3092ca17bfbd req-297ec8e7-b9dd-4e43-b51b-3092ca17bfbd ] Request (HypervisorAdminTestJSON:setUpClass): 201 POST http://10.180.1.21/identity/v3/auth/tokens 0.223s
2025-05-13 19:36:33.985 70230 INFO tempest.lib.common.rest_client [req-e09fa294-7a77-4bce-aecd-e3239af273c8 req-e09fa294-7a77-4bce-aecd-e3239af273c8 ] Request (FlavorMetadataValidation:setUpClass): 201 POST http://10.180.1.21/identity/v3/auth/tokens 0.221s
2025-05-13 19:36:33.997 70220 INFO tempest.lib.common.rest_client [req-c7f1cdd9-1ef7-4e0d-8cd5-a9d9642ee4f3 req-c7f1cdd9-1ef7-4e0d-8cd5-a9d9642ee4f3 ] Request (FlavorsV2TestJSON:test_list_flavors_filter_by_min_ram): 200 GET http://10.180.1.21/compute/v2.1/flavors/42 0.019s
2025-05-13 19:36:34.006 70214 INFO tempest.lib.common.rest_client [req-a4482cb4-e19b-4d89-920a-66fb24620b57 req-a4482cb4-e19b-4d89-920a-66fb24620b57 ] Request (ServerDiagnosticsV248Test:setUpClass): 204 PUT http://10.180.1.21/identity/v3/projects/94ab114dcf1348ab8c17d2e533e265d0/users/c4b763b1f7cf41798db8f4af07ddf74d/roles/fd79bfa72eee4aee87e38433cd3b54ad 0.229s
2025-05-13 19:36:34.006 70214 INFO tempest.lib.common.dynamic_creds [-] Dynamic test user c4b763b1f7cf41798db8f4af07ddf74d is created with scope project and roles: ['member']
2025-05-13 19:36:34.007 70214 INFO tempest.lib.common.dynamic_creds [-] Acquired dynamic creds: credentials: Credentials: {'domain_id': 'default', 'domain_name': 'Default', 'username': 'tempest-ServerDiagnosticsV248Test-165541197-project-member', 'project_domain_id': 'default', 'project_domain_name': 'Default', 'project_id': '94ab114dcf1348ab8c17d2e533e265d0', 'project_name': 'tempest-ServerDiagnosticsV248Test-165541197', 'tenant_id': '94ab114dcf1348ab8c17d2e533e265d0', 'tenant_name': 'tempest-ServerDiagnosticsV248Test-165541197', 'user_domain_id': 'default', 'user_domain_name': 'Default', 'user_id': 'c4b763b1f7cf41798db8f4af07ddf74d', 'system': None}, Network: None, Subnet: None, Router: None
2025-05-13 19:36:34.007 70214 INFO tempest.lib.common.dynamic_creds [-] Created isolated network resources for: credentials: Credentials: {'domain_id': 'default', 'domain_name': 'Default', 'username': 'tempest-ServerDiagnosticsV248Test-165541197-project-member', 'project_domain_id': 'default', 'project_domain_name': 'Default', 'project_id': '94ab114dcf1348ab8c17d2e533e265d0', 'project_name': 'tempest-ServerDiagnosticsV248Test-165541197', 'tenant_id': '94ab114dcf1348ab8c17d2e533e265d0', 'tenant_name': 'tempest-ServerDiagnosticsV248Test-165541197', 'user_domain_id': 'default', 'user_domain_name': 'Default', 'user_id': 'c4b763b1f7cf41798db8f4af07ddf74d', 'system': None}, Network: None, Subnet: None, Router: None
2025-05-13 19:36:34.033 70220 INFO tempest.lib.common.rest_client [req-8035c9f5-1b1c-4101-abba-ca6ebf120b8d req-8035c9f5-1b1c-4101-abba-ca6ebf120b8d ] Request (FlavorsV2TestJSON:test_list_flavors_filter_by_min_ram): 200 GET http://10.180.1.21/compute/v2.1/flavors?minRam=193 0.033s
2025-05-13 19:36:34.042 70254 INFO tempest.lib.common.rest_client [req-d8454c81-d727-439b-a2e1-44c43a00d5c2 req-d8454c81-d727-439b-a2e1-44c43a00d5c2 ] Request (FloatingIPsNegativeTestJSON:setUpClass): 201 POST http://10.180.1.21/identity/v3/auth/tokens 0.264s
2025-05-13 19:36:34.051 70240 INFO tempest.test [-] raised in TestVolumeSwap.setUpClass. Invoking tearDownClass.
2025-05-13 19:36:34.059 70224 INFO tempest.lib.common.rest_client [req-7e18f65f-6794-43a6-8d62-81b3886c8d07 req-7e18f65f-6794-43a6-8d62-81b3886c8d07 ] Request (DeleteServersAdminTestJSON:setUpClass): 201 POST http://10.180.1.21/identity/v3/auth/tokens 0.273s
2025-05-13 19:36:34.060 70220 INFO tempest.lib.common.rest_client [req-7d785b11-d8d4-4646-9d1a-d6e84b06e92b req-7d785b11-d8d4-4646-9d1a-d6e84b06e92b ] Request (FlavorsV2TestJSON:test_list_flavors_limit_results): 200 GET http://10.180.1.21/compute/v2.1/flavors?limit=1 0.022s
2025-05-13 19:36:34.062 70258 INFO tempest.lib.common.rest_client [req-cd93b5fe-aaa6-4f14-b058-21a8c91c4e60 req-cd93b5fe-aaa6-4f14-b058-21a8c91c4e60 ] Request (AZAdminNegativeTestJSON:setUpClass): 200 GET http://10.180.1.21/identity/v3/domains?name=Default 0.255s
2025-05-13 19:36:34.079 70220 INFO tempest.lib.common.rest_client [req-60f29883-d873-4bd1-9202-f38a423a4185 req-60f29883-d873-4bd1-9202-f38a423a4185 ] Request (FlavorsV2TestJSON:test_list_flavors_using_marker): 200 GET http://10.180.1.21/compute/v2.1/flavors/42 0.016s
2025-05-13 19:36:34.083 70244 INFO tempest.lib.common.rest_client [req-0948cd44-d002-4477-a472-f2d3b57548a9 req-0948cd44-d002-4477-a472-f2d3b57548a9 ] Request (QuotasAdminTestV236:setUpClass): 201 POST http://10.180.1.21/identity/v3/auth/tokens 0.270s
2025-05-13 19:36:34.085 70261 INFO tempest.lib.common.rest_client [req-ad51e410-5429-4792-bd2d-9bc75c4402d5 req-ad51e410-5429-4792-bd2d-9bc75c4402d5 ] Request (KeyPairsV210TestJSON:setUpClass): 201 POST http://10.180.1.21/identity/v3/auth/tokens 0.268s
2025-05-13 19:36:34.105 70252 INFO tempest.lib.common.rest_client [req-20b83c41-cd49-4670-bc20-2ed2d0aacd70 req-20b83c41-cd49-4670-bc20-2ed2d0aacd70 ] Request (FlavorsV255TestJSON:setUpClass): 204 PUT http://10.180.1.21/identity/v3/projects/7373203f1dc74af7b9a232f45ba9e17c/users/49af64cd93be4c29adac2a35a480edd3/roles/fd79bfa72eee4aee87e38433cd3b54ad 0.273s
2025-05-13 19:36:34.105 70252 INFO tempest.lib.common.dynamic_creds [-] Dynamic test user 49af64cd93be4c29adac2a35a480edd3 is created with scope project and roles: ['member']
2025-05-13 19:36:34.105 70252 INFO tempest.lib.common.dynamic_creds [-] Acquired dynamic creds: credentials: Credentials: {'domain_id': 'default', 'domain_name': 'Default', 'username': 'tempest-FlavorsV255TestJSON-1177636948-project-member', 'project_domain_id': 'default', 'project_domain_name': 'Default', 'project_id': '7373203f1dc74af7b9a232f45ba9e17c', 'project_name': 'tempest-FlavorsV255TestJSON-1177636948', 'tenant_id': '7373203f1dc74af7b9a232f45ba9e17c', 'tenant_name': 'tempest-FlavorsV255TestJSON-1177636948', 'user_domain_id': 'default', 'user_domain_name': 'Default', 'user_id': '49af64cd93be4c29adac2a35a480edd3', 'system': None}, Network: None, Subnet: None, Router: None
2025-05-13 19:36:34.106 70252 INFO tempest.lib.common.dynamic_creds [-] Created isolated network resources for: credentials: Credentials: {'domain_id': 'default', 'domain_name': 'Default', 'username': 'tempest-FlavorsV255TestJSON-1177636948-project-member', 'project_domain_id': 'default', 'project_domain_name': 'Default', 'project_id': '7373203f1dc74af7b9a232f45ba9e17c', 'project_name': 'tempest-FlavorsV255TestJSON-1177636948', 'tenant_id': '7373203f1dc74af7b9a232f45ba9e17c', 'tenant_name': 'tempest-FlavorsV255TestJSON-1177636948', 'user_domain_id': 'default', 'user_domain_name': 'Default', 'user_id': '49af64cd93be4c29adac2a35a480edd3', 'system': None}, Network: None, Subnet: None, Router: None
2025-05-13 19:36:34.113 70220 INFO tempest.lib.common.rest_client [req-d87c90fb-0eae-4277-9cf3-13bf9d4f8a0b req-d87c90fb-0eae-4277-9cf3-13bf9d4f8a0b ] Request (FlavorsV2TestJSON:test_list_flavors_using_marker): 200 GET http://10.180.1.21/compute/v2.1/flavors?marker=42 0.032s
2025-05-13 19:36:34.136 70232 INFO tempest.lib.common.rest_client [req-8a9a18f4-67ec-45a9-b0a3-57f29f7c2b72 req-8a9a18f4-67ec-45a9-b0a3-57f29f7c2b72 ] Request (FloatingIPDetailsNegativeTestJSON:setUpClass): 201 POST http://10.180.1.21/identity/v3/auth/tokens 0.302s
2025-05-13 19:36:34.139 70220 INFO tempest.lib.common.rest_client [req-926ca489-ac6b-49ba-9939-3ee75dcee71f req-926ca489-ac6b-49ba-9939-3ee75dcee71f ] Request (FlavorsV2TestJSON:test_list_flavors_with_detail): 200 GET http://10.180.1.21/compute/v2.1/flavors/detail 0.022s
2025-05-13 19:36:34.153 70264 INFO tempest.lib.common.rest_client [req-ea2ecbc6-f28c-44aa-88aa-18671246e508 req-ea2ecbc6-f28c-44aa-88aa-18671246e508 ] Request (ServersTestJSON:setUpClass): 201 POST http://10.180.1.21/identity/v3/auth/tokens 0.318s
2025-05-13 19:36:34.160 70218 INFO tempest.lib.common.rest_client [req-994ce9a2-de02-4456-8892-6308446919bd req-994ce9a2-de02-4456-8892-6308446919bd ] Request (AZAdminV2TestJSON:setUpClass): 201 POST http://10.180.1.21/identity/v3/projects 0.322s
2025-05-13 19:36:34.160 70220 INFO tempest.lib.common.rest_client [req-ed9d6f08-38c7-4539-b8af-8fc3476bcd72 req-ed9d6f08-38c7-4539-b8af-8fc3476bcd72 ] Request (FlavorsV2TestJSON:test_list_flavors_with_detail): 200 GET http://10.180.1.21/compute/v2.1/flavors/42 0.016s
2025-05-13 19:36:34.174 70228 INFO tempest.lib.common.rest_client [req-14712706-22bf-4fc5-b902-f84ce308780d req-14712706-22bf-4fc5-b902-f84ce308780d ] Request (ServerDiagnosticsNegativeTest:setUpClass): 201 POST http://10.180.1.21/identity/v3/users 0.310s
2025-05-13 19:36:34.207 70246 INFO tempest.lib.common.rest_client [req-3c17d9ff-a6b4-415a-aad5-ce47bead8ec3 req-3c17d9ff-a6b4-415a-aad5-ce47bead8ec3 ] Request (FlavorsAdminTestJSON:setUpClass): 201 POST http://10.180.1.21/identity/v3/auth/tokens 0.344s
2025-05-13 19:36:34.221 70208 INFO tempest.lib.common.rest_client [req-efd36a63-b5f5-477e-be9b-ab50fe9f1651 req-efd36a63-b5f5-477e-be9b-ab50fe9f1651 ] Request (VolumesAssistedSnapshotsTest:setUpClass): 201 POST http://10.180.1.21/identity/v3/auth/tokens 0.356s
2025-05-13 19:36:34.225 70234 INFO tempest.lib.common.rest_client [req-ea2a77f9-5ab1-4a0b-adf4-720208d02edd req-ea2a77f9-5ab1-4a0b-adf4-720208d02edd ] Request (HostsAdminTestJSON:setUpClass): 200 GET http://10.180.1.21/identity/v3/domains?name=Default 0.309s
2025-05-13 19:36:34.244 70206 INFO tempest.lib.common.rest_client [req-a01f1e85-a858-4e39-8a1d-f6aa73ae6ebc req-a01f1e85-a858-4e39-8a1d-f6aa73ae6ebc ] Request (TenantUsagesNegativeTestJSON:setUpClass): 200 GET http://10.180.1.21/identity/v3/domains?name=Default 0.304s
2025-05-13 19:36:34.247 70216 INFO tempest.lib.common.rest_client [req-8747fc55-ee85-46c3-94b4-7588af883289 req-8747fc55-ee85-46c3-94b4-7588af883289 ] Request (InstanceUsageAuditLogNegativeTestJSON:setUpClass): 201 POST http://10.180.1.21/identity/v3/projects 0.327s
2025-05-13 19:36:34.289 70248 INFO tempest.lib.common.rest_client [req-07db2e03-ad4e-41d7-9f39-c02f74fc2645 req-07db2e03-ad4e-41d7-9f39-c02f74fc2645 ] Request (ServicesAdminNegativeV253TestJSON:setUpClass): 201 POST http://10.180.1.21/identity/v3/auth/tokens 0.341s
2025-05-13 19:36:34.293 70210 INFO tempest.lib.common.rest_client [req-cd7e1166-9598-44ec-a10b-26cccfe8db45 req-cd7e1166-9598-44ec-a10b-26cccfe8db45 ] Request (FlavorsExtraSpecsNegativeTestJSON:setUpClass): 201 POST http://10.180.1.21/identity/v3/projects 0.351s
2025-05-13 19:36:34.333 70226 INFO tempest.lib.common.rest_client [req-2e9b46ed-edc3-469f-b542-6dfa36d2ef2c req-2e9b46ed-edc3-469f-b542-6dfa36d2ef2c ] Request (HostsAdminNegativeTestJSON:setUpClass): 204 PUT http://10.180.1.21/identity/v3/projects/299f84b1880e46fc9d720a99c4074892/users/d2fc102a4bea4ddf95aaf6d900b35e1b/roles/3d3eb5ca81584292b8dc7c5d5589e50f 0.374s
2025-05-13 19:36:34.342 70212 INFO tempest.lib.common.rest_client [req-14097fb7-3309-462f-8136-344353ce9f5b req-14097fb7-3309-462f-8136-344353ce9f5b ] Request (FlavorsAccessNegativeTestJSON:setUpClass): 201 POST http://10.180.1.21/identity/v3/projects 0.377s
2025-05-13 19:36:34.378 70268 INFO tempest.lib.common.rest_client [req-48af3b83-758a-4a50-b726-e5acf854e0f9 req-48af3b83-758a-4a50-b726-e5acf854e0f9 ] Request (HypervisorAdminV253TestBase:setUpClass): 201 POST http://10.180.1.21/identity/v3/auth/tokens 0.405s
2025-05-13 19:36:34.389 70222 INFO tempest.lib.common.rest_client [req-29d5a253-5cb9-4c6d-a368-d2af77f01a3a req-29d5a253-5cb9-4c6d-a368-d2af77f01a3a ] Request (HypervisorAdminTestJSON:setUpClass): 200 GET http://10.180.1.21/identity/v3/domains?name=Default 0.404s
2025-05-13 19:36:34.397 70242 INFO tempest.lib.common.rest_client [req-f04b57b7-66b7-4a3a-98f8-07719fd88458 req-f04b57b7-66b7-4a3a-98f8-07719fd88458 ] Request (ServicesAdminNegativeTestJSON:setUpClass): 201 POST http://10.180.1.21/identity/v3/auth/tokens 0.403s
2025-05-13 19:36:34.410 70230 INFO tempest.lib.common.rest_client [req-282e4a7c-5b56-4a3f-9111-108c7e0f177c req-282e4a7c-5b56-4a3f-9111-108c7e0f177c ] Request (FlavorMetadataValidation:setUpClass): 201 POST http://10.180.1.21/identity/v3/auth/tokens 0.414s
2025-05-13 19:36:34.417 70256 INFO tempest.lib.common.rest_client [req-56388fed-d0bc-47ae-b8b5-1bddf05c43c9 req-56388fed-d0bc-47ae-b8b5-1bddf05c43c9 ] Request (ServersTestBootFromVolume:setUpClass): 201 POST http://10.180.1.21/identity/v3/auth/tokens 0.425s
2025-05-13 19:36:34.431 70236 INFO tempest.lib.common.rest_client [req-5a09e3b4-616e-4052-a875-488e93c7c3ad req-5a09e3b4-616e-4052-a875-488e93c7c3ad ] Request (ImagesNegativeTestJSON:setUpClass): 201 POST http://10.180.1.21/identity/v3/auth/tokens 0.408s
2025-05-13 19:36:34.439 70262 INFO tempest.lib.common.rest_client [req-7439ab57-c8e9-4a77-8c7a-527ef8a6fc87 req-7439ab57-c8e9-4a77-8c7a-527ef8a6fc87 ] Request (AggregatesAdminNegativeTestJSON:setUpClass): 201 POST http://10.180.1.21/identity/v3/auth/tokens 0.413s
2025-05-13 19:36:34.452 70250 INFO tempest.lib.common.rest_client [req-7a5fd45f-7722-41e5-a3c7-b934c2f22b41 req-7a5fd45f-7722-41e5-a3c7-b934c2f22b41 ] Request (MigrationsAdminTest:setUpClass): 201 POST http://10.180.1.21/identity/v3/auth/tokens 0.419s
2025-05-13 19:36:34.459 70254 INFO tempest.lib.common.rest_client [req-8ee72256-14c2-4f02-b1c1-1f202a98404c req-8ee72256-14c2-4f02-b1c1-1f202a98404c ] Request (FloatingIPsNegativeTestJSON:setUpClass): 201 POST http://10.180.1.21/identity/v3/auth/tokens 0.410s
2025-05-13 19:36:34.474 70240 INFO tempest.lib.common.rest_client [req-2a4ff5d4-9ee7-49eb-8529-422e5a7e049c req-2a4ff5d4-9ee7-49eb-8529-422e5a7e049c ] Request (ImagesOneServerTestJSON:setUpClass): 201 POST http://10.180.1.21/identity/v3/auth/tokens 0.415s
2025-05-13 19:36:34.476 70224 INFO tempest.lib.common.rest_client [req-f19ff4d3-0b76-422c-8d91-b077a9f12e09 req-f19ff4d3-0b76-422c-8d91-b077a9f12e09 ] Request (DeleteServersAdminTestJSON:setUpClass): 200 GET http://10.180.1.21/identity/v3/domains?name=Default 0.416s
2025-05-13 19:36:34.495 70258 INFO tempest.lib.common.rest_client [req-6c1bac84-de67-4873-bde4-f63e2e63e16b req-6c1bac84-de67-4873-bde4-f63e2e63e16b ] Request (AZAdminNegativeTestJSON:setUpClass): 201 POST http://10.180.1.21/identity/v3/projects 0.431s
2025-05-13 19:36:34.528 70214 INFO tempest.lib.common.rest_client [req-52ada9f0-1456-475c-8fe6-f743ff1fc4bc req-52ada9f0-1456-475c-8fe6-f743ff1fc4bc ] Request (ServerDiagnosticsV248Test:setUpClass): 201 POST http://10.180.1.21/identity/v3/auth/tokens 0.460s
2025-05-13 19:36:34.540 70266 INFO tempest.lib.common.rest_client [req-05793a24-fd04-461e-b0fc-3e03e766bca8 req-05793a24-fd04-461e-b0fc-3e03e766bca8 ] Request (QuotaClassesAdminTestJSON:setUpClass): 201 POST http://10.180.1.21/identity/v3/auth/tokens 0.458s
2025-05-13 19:36:34.549 70244 INFO tempest.lib.common.rest_client [req-bf15209d-ae0f-4851-a4a9-87c98dedc7e6 req-bf15209d-ae0f-4851-a4a9-87c98dedc7e6 ] Request (QuotasAdminTestV236:setUpClass): 201 POST http://10.180.1.21/identity/v3/auth/tokens 0.463s
2025-05-13 19:36:34.559 70261 INFO tempest.lib.common.rest_client [req-31206988-6c8e-4228-86bc-c61794faf039 req-31206988-6c8e-4228-86bc-c61794faf039 ] Request (KeyPairsV210TestJSON:setUpClass): 200 GET http://10.180.1.21/identity/v3/domains?name=Default 0.473s
2025-05-13 19:36:34.569 70238 INFO tempest.lib.common.rest_client [req-8509de32-6a7d-41f3-8508-fa6620785f9c req-8509de32-6a7d-41f3-8508-fa6620785f9c ] Request (HypervisorAdminNegativeTestJSON:setUpClass): 201 POST http://10.180.1.21/identity/v3/auth/tokens 0.478s
2025-05-13 19:36:34.580 70232 INFO tempest.lib.common.rest_client [req-855a028c-8d67-4193-a9bb-d6bf11cc2996 req-855a028c-8d67-4193-a9bb-d6bf11cc2996 ] Request (FloatingIPDetailsNegativeTestJSON:setUpClass): 201 POST http://10.180.1.21/identity/v3/auth/tokens 0.441s
2025-05-13 19:36:34.600 70264 INFO tempest.lib.common.rest_client [req-60d2b024-f7b7-45c3-a750-819119500728 req-60d2b024-f7b7-45c3-a750-819119500728 ] Request (ServersTestJSON:setUpClass): 201 POST http://10.180.1.21/identity/v3/auth/tokens 0.444s
2025-05-13 19:36:34.618 70218 INFO tempest.lib.common.rest_client [req-636ba2ee-ae30-4d5b-9bb0-62a20c8903f1 req-636ba2ee-ae30-4d5b-9bb0-62a20c8903f1 ] Request (AZAdminV2TestJSON:setUpClass): 201 POST http://10.180.1.21/identity/v3/users 0.457s
2025-05-13 19:36:34.624 70252 INFO tempest.lib.common.rest_client [req-c476028c-f064-4900-be22-f62a6c38fa9a req-c476028c-f064-4900-be22-f62a6c38fa9a ] Request (FlavorsV255TestJSON:setUpClass): 201 POST http://10.180.1.21/identity/v3/auth/tokens 0.480s
2025-05-13 19:36:34.641 70228 INFO tempest.lib.common.rest_client [req-ce4416ad-523c-4a66-91ad-997ed5886346 req-ce4416ad-523c-4a66-91ad-997ed5886346 ] Request (ServerDiagnosticsNegativeTest:setUpClass): 200 GET http://10.180.1.21/identity/v3/roles 0.466s
2025-05-13 19:36:34.670 70220 INFO tempest.lib.common.rest_client [req-6bbb3994-d588-4148-857a-89a378c4c3b5 req-6bbb3994-d588-4148-857a-89a378c4c3b5 ] Request (FlavorsV2TestJSON:tearDownClass): 204 DELETE http://10.180.1.21/identity/v3/users/e0d2fdade08240c9b3c24c3a1d0e884d 0.507s
2025-05-13 19:36:34.670 70220 INFO tempest.lib.common.dynamic_creds [-] Deleting project and security group for project: 207aa59a73cd4a2597362699bf079756
2025-05-13 19:36:34.688 70246 INFO tempest.lib.common.rest_client [req-538b1e33-e3fc-4e4d-81fc-60d5de4f128b req-538b1e33-e3fc-4e4d-81fc-60d5de4f128b ] Request (FlavorsAdminTestJSON:setUpClass): 200 GET http://10.180.1.21/identity/v3/domains?name=Default 0.480s
2025-05-13 19:36:34.718 70208 INFO tempest.lib.common.rest_client [req-b84fb45c-d83b-49ef-b27a-2ad2083d2a45 req-b84fb45c-d83b-49ef-b27a-2ad2083d2a45 ] Request (VolumesAssistedSnapshotsTest:setUpClass): 201 POST http://10.180.1.21/identity/v3/auth/tokens 0.493s
2025-05-13 19:36:34.740 70216 INFO tempest.lib.common.rest_client [req-0c925c33-913f-4535-b42c-751d14dc36c0 req-0c925c33-913f-4535-b42c-751d14dc36c0 ] Request (InstanceUsageAuditLogNegativeTestJSON:setUpClass): 201 POST http://10.180.1.21/identity/v3/users 0.492s
2025-05-13 19:36:34.742 70234 INFO tempest.lib.common.rest_client [req-6d88939c-3602-4700-af63-279a014e2108 req-6d88939c-3602-4700-af63-279a014e2108 ] Request (HostsAdminTestJSON:setUpClass): 201 POST http://10.180.1.21/identity/v3/projects 0.514s
2025-05-13 19:36:34.787 70248 INFO tempest.lib.common.rest_client [req-34582478-142c-47fb-8dca-34f51cbca93c req-34582478-142c-47fb-8dca-34f51cbca93c ] Request (ServicesAdminNegativeV253TestJSON:setUpClass): 201 POST http://10.180.1.21/identity/v3/auth/tokens 0.495s
2025-05-13 19:36:34.793 70206 INFO tempest.lib.common.rest_client [req-9b9fbb72-8666-4083-bbd1-3876945ddabb req-9b9fbb72-8666-4083-bbd1-3876945ddabb ] Request (TenantUsagesNegativeTestJSON:setUpClass): 201 POST http://10.180.1.21/identity/v3/projects 0.546s
2025-05-13 19:36:34.837 70210 INFO tempest.lib.common.rest_client [req-abd30808-4c5a-402c-8ac3-81d28108620b req-abd30808-4c5a-402c-8ac3-81d28108620b ] Request (FlavorsExtraSpecsNegativeTestJSON:setUpClass): 201 POST http://10.180.1.21/identity/v3/users 0.544s
2025-05-13 19:36:34.839 70226 INFO tempest.lib.common.rest_client [req-a284c698-d67b-4f88-8689-5403e0ee8dce req-a284c698-d67b-4f88-8689-5403e0ee8dce ] Request (HostsAdminNegativeTestJSON:setUpClass): 200 GET http://10.180.1.21/identity/v3/roles 0.506s
2025-05-13 19:36:34.858 70268 INFO tempest.lib.common.rest_client [req-3792a385-d72f-4163-89a5-020d55727af1 req-3792a385-d72f-4163-89a5-020d55727af1 ] Request (HypervisorAdminV253TestBase:setUpClass): 201 POST http://10.180.1.21/identity/v3/auth/tokens 0.477s
2025-05-13 19:36:34.859 70212 INFO tempest.lib.common.rest_client [req-ff935a54-020b-4ee4-80b9-4e069bfe4a97 req-ff935a54-020b-4ee4-80b9-4e069bfe4a97 ] Request (FlavorsAccessNegativeTestJSON:setUpClass): 201 POST http://10.180.1.21/identity/v3/users 0.517s
2025-05-13 19:36:34.879 70242 INFO tempest.lib.common.rest_client [req-3da62041-10f2-4305-bec3-02840a224f2a req-3da62041-10f2-4305-bec3-02840a224f2a ] Request (ServicesAdminNegativeTestJSON:setUpClass): 201 POST http://10.180.1.21/identity/v3/auth/tokens 0.479s
2025-05-13 19:36:34.883 70222 INFO tempest.lib.common.rest_client [req-f131ff30-528f-4ba8-8ae6-83cc90245036 req-f131ff30-528f-4ba8-8ae6-83cc90245036 ] Request (HypervisorAdminTestJSON:setUpClass): 201 POST http://10.180.1.21/identity/v3/projects 0.491s
2025-05-13 19:36:34.923 70230 INFO tempest.lib.common.rest_client [req-9a2909ad-8661-4cad-8c6b-9d48d27c54b3 req-9a2909ad-8661-4cad-8c6b-9d48d27c54b3 ] Request (FlavorMetadataValidation:setUpClass): 200 GET http://10.180.1.21/identity/v3/domains?name=Default 0.512s
2025-05-13 19:36:34.930 70256 INFO tempest.lib.common.rest_client [req-fea78506-9271-49b4-b79c-c38e17a21b7b req-fea78506-9271-49b4-b79c-c38e17a21b7b ] Request (ServersTestBootFromVolume:setUpClass): 201 POST http://10.180.1.21/identity/v3/auth/tokens 0.510s
2025-05-13 19:36:34.942 70236 INFO tempest.lib.common.rest_client [req-d226bf5a-a76f-4ddb-b12d-ed620ac1e0f6 req-d226bf5a-a76f-4ddb-b12d-ed620ac1e0f6 ] Request (ImagesNegativeTestJSON:setUpClass): 201 POST http://10.180.1.21/identity/v3/auth/tokens 0.508s
2025-05-13 19:36:34.951 70262 INFO tempest.lib.common.rest_client [req-7d17dc53-8aed-484b-b037-32982edbefc3 req-7d17dc53-8aed-484b-b037-32982edbefc3 ] Request (AggregatesAdminNegativeTestJSON:setUpClass): 201 POST http://10.180.1.21/identity/v3/auth/tokens 0.509s
2025-05-13 19:36:34.961 70250 INFO tempest.lib.common.rest_client [req-76483933-e7c7-4a18-87e1-2b6d32e78b9b req-76483933-e7c7-4a18-87e1-2b6d32e78b9b ] Request (MigrationsAdminTest:setUpClass): 201 POST http://10.180.1.21/identity/v3/auth/tokens 0.506s
2025-05-13 19:36:34.969 70254 INFO tempest.lib.common.rest_client [req-b84c0abd-3a25-4ce6-8bd1-dea32172126c req-b84c0abd-3a25-4ce6-8bd1-dea32172126c ] Request (FloatingIPsNegativeTestJSON:setUpClass): 200 GET http://10.180.1.21/identity/v3/domains?name=Default 0.510s
2025-05-13 19:36:34.981 70240 INFO tempest.lib.common.rest_client [req-9c5169d2-e37e-4dd2-9377-16bf74c3abc6 req-9c5169d2-e37e-4dd2-9377-16bf74c3abc6 ] Request (ImagesOneServerTestJSON:setUpClass): 201 POST http://10.180.1.21/identity/v3/auth/tokens 0.505s
2025-05-13 19:36:34.995 70224 INFO tempest.lib.common.rest_client [req-d5cb62d4-ddf4-43a4-9d88-77e7bcb302e6 req-d5cb62d4-ddf4-43a4-9d88-77e7bcb302e6 ] Request (DeleteServersAdminTestJSON:setUpClass): 201 POST http://10.180.1.21/identity/v3/projects 0.516s
2025-05-13 19:36:35.005 70258 INFO tempest.lib.common.rest_client [req-22c50938-8f32-469f-b2e8-bbffc1025723 req-22c50938-8f32-469f-b2e8-bbffc1025723 ] Request (AZAdminNegativeTestJSON:setUpClass): 201 POST http://10.180.1.21/identity/v3/users 0.509s
2025-05-13 19:36:35.026 70266 INFO tempest.lib.common.rest_client [req-3d47dcc8-2ddd-4f94-8922-e3f1316ee526 req-3d47dcc8-2ddd-4f94-8922-e3f1316ee526 ] Request (QuotaClassesAdminTestJSON:setUpClass): 201 POST http://10.180.1.21/identity/v3/auth/tokens 0.483s
2025-05-13 19:36:35.045 70214 INFO tempest.lib.common.rest_client [req-7074df09-60b7-4ec7-95db-f6ca6f87ec93 req-7074df09-60b7-4ec7-95db-f6ca6f87ec93 ] Request (ServerDiagnosticsV248Test:setUpClass): 201 POST http://10.180.1.21/identity/v3/projects 0.517s
2025-05-13 19:36:35.048 70244 INFO tempest.lib.common.rest_client [req-0bb19a67-711d-485a-b20b-6fb4c3bc1f84 req-0bb19a67-711d-485a-b20b-6fb4c3bc1f84 ] Request (QuotasAdminTestV236:setUpClass): 200 GET http://10.180.1.21/identity/v3/domains?name=Default 0.498s
2025-05-13 19:36:35.094 70238 INFO tempest.lib.common.rest_client [req-89880361-3141-452f-a02a-0a71e7e47446 req-89880361-3141-452f-a02a-0a71e7e47446 ] Request (HypervisorAdminNegativeTestJSON:setUpClass): 201 POST http://10.180.1.21/identity/v3/auth/tokens 0.522s
2025-05-13 19:36:35.096 70261 INFO tempest.lib.common.rest_client [req-d40c60ba-b6dd-43e6-b2e5-56a2e9a347be req-d40c60ba-b6dd-43e6-b2e5-56a2e9a347be ] Request (KeyPairsV210TestJSON:setUpClass): 201 POST http://10.180.1.21/identity/v3/projects 0.534s
2025-05-13 19:36:35.139 70232 INFO tempest.lib.common.rest_client [req-3f4c53ae-0c26-4648-a451-220d139cdde0 req-3f4c53ae-0c26-4648-a451-220d139cdde0 ] Request (FloatingIPDetailsNegativeTestJSON:setUpClass): 200 GET http://10.180.1.21/identity/v3/domains?name=Default 0.558s
2025-05-13 19:36:35.140 70264 INFO tempest.lib.common.rest_client [req-2db6033f-ccc9-4d4c-b8c0-e36a00ad1b32 req-2db6033f-ccc9-4d4c-b8c0-e36a00ad1b32 ] Request (ServersTestJSON:setUpClass): 200 GET http://10.180.1.21/identity/v3/domains?name=Default 0.539s
2025-05-13 19:36:35.158 70218 INFO tempest.lib.common.rest_client [req-5316c1a6-7ab1-4995-8cbc-14ba4b22ca90 req-5316c1a6-7ab1-4995-8cbc-14ba4b22ca90 ] Request (AZAdminV2TestJSON:setUpClass): 200 GET http://10.180.1.21/identity/v3/roles 0.539s
2025-05-13 19:36:35.165 70252 INFO tempest.lib.common.rest_client [req-f62bf54a-2f6f-40f2-b14a-21c9f2a432bb req-f62bf54a-2f6f-40f2-b14a-21c9f2a432bb ] Request (FlavorsV255TestJSON:setUpClass): 201 POST http://10.180.1.21/identity/v3/projects 0.540s
2025-05-13 19:36:35.207 70228 INFO tempest.lib.common.rest_client [req-825a4680-9cd6-4d1b-8357-16e0ef12d5f7 req-825a4680-9cd6-4d1b-8357-16e0ef12d5f7 ] Request (ServerDiagnosticsNegativeTest:setUpClass): 204 PUT http://10.180.1.21/identity/v3/projects/b98c310beb7448918cec1f5a3ebe61f9/users/24f77f0ec78b470e859d17e2a008f612/roles/fd79bfa72eee4aee87e38433cd3b54ad 0.566s
2025-05-13 19:36:35.208 70228 INFO tempest.lib.common.dynamic_creds [-] Dynamic test user 24f77f0ec78b470e859d17e2a008f612 is created with scope project and roles: ['member']
2025-05-13 19:36:35.208 70228 INFO tempest.lib.common.dynamic_creds [-] Acquired dynamic creds: credentials: Credentials: {'domain_id': 'default', 'domain_name': 'Default', 'username': 'tempest-ServerDiagnosticsNegativeTest-1566978478-project-member', 'project_domain_id': 'default', 'project_domain_name': 'Default', 'project_id': 'b98c310beb7448918cec1f5a3ebe61f9', 'project_name': 'tempest-ServerDiagnosticsNegativeTest-1566978478', 'tenant_id': 'b98c310beb7448918cec1f5a3ebe61f9', 'tenant_name': 'tempest-ServerDiagnosticsNegativeTest-1566978478', 'user_domain_id': 'default', 'user_domain_name': 'Default', 'user_id': '24f77f0ec78b470e859d17e2a008f612', 'system': None}, Network: None, Subnet: None, Router: None
2025-05-13 19:36:35.208 70228 INFO tempest.lib.common.dynamic_creds [-] Created isolated network resources for: credentials: Credentials: {'domain_id': 'default', 'domain_name': 'Default', 'username': 'tempest-ServerDiagnosticsNegativeTest-1566978478-project-member', 'project_domain_id': 'default', 'project_domain_name': 'Default', 'project_id': 'b98c310beb7448918cec1f5a3ebe61f9', 'project_name': 'tempest-ServerDiagnosticsNegativeTest-1566978478', 'tenant_id': 'b98c310beb7448918cec1f5a3ebe61f9', 'tenant_name': 'tempest-ServerDiagnosticsNegativeTest-1566978478', 'user_domain_id': 'default', 'user_domain_name': 'Default', 'user_id': '24f77f0ec78b470e859d17e2a008f612', 'system': None}, Network: None, Subnet: None, Router: None
2025-05-13 19:36:35.208 70220 INFO tempest.lib.common.rest_client [req-7b140c9d-f799-4908-b7d1-3a06a7434e85 req-7b140c9d-f799-4908-b7d1-3a06a7434e85 ] Request (FlavorsV2TestJSON:tearDownClass): 201 POST http://10.180.1.21/identity/v3/auth/tokens 0.538s
2025-05-13 19:36:35.253 70208 INFO tempest.lib.common.rest_client [req-dc252b3e-9e49-4019-8736-72544b9bf361 req-dc252b3e-9e49-4019-8736-72544b9bf361 ] Request (VolumesAssistedSnapshotsTest:setUpClass): 200 GET http://10.180.1.21/identity/v3/domains?name=Default 0.534s
2025-05-13 19:36:35.260 70246 INFO tempest.lib.common.rest_client [req-d45f3772-ab7d-4c4c-a8c1-24a0dfc584a7 req-d45f3772-ab7d-4c4c-a8c1-24a0dfc584a7 ] Request (FlavorsAdminTestJSON:setUpClass): 201 POST http://10.180.1.21/identity/v3/projects 0.569s
2025-05-13 19:36:35.268 70216 INFO tempest.lib.common.rest_client [req-744d3dfe-1c75-4ffa-bbde-8c825cec3b95 req-744d3dfe-1c75-4ffa-bbde-8c825cec3b95 ] Request (InstanceUsageAuditLogNegativeTestJSON:setUpClass): 200 GET http://10.180.1.21/identity/v3/roles 0.528s
2025-05-13 19:36:35.306 70234 INFO tempest.lib.common.rest_client [req-81b47fbc-50ac-4141-880b-1fb1ecc1d813 req-81b47fbc-50ac-4141-880b-1fb1ecc1d813 ] Request (HostsAdminTestJSON:setUpClass): 201 POST http://10.180.1.21/identity/v3/users 0.564s
2025-05-13 19:36:35.310 70248 INFO tempest.lib.common.rest_client [req-5b7cdb3e-4336-4254-9ba7-3775c9c0cc60 req-5b7cdb3e-4336-4254-9ba7-3775c9c0cc60 ] Request (ServicesAdminNegativeV253TestJSON:setUpClass): 200 GET http://10.180.1.21/identity/v3/domains?name=Default 0.522s
2025-05-13 19:36:35.324 70210 INFO tempest.lib.common.rest_client [req-1b7d332b-ee71-4a72-95c0-89238a66e659 req-1b7d332b-ee71-4a72-95c0-89238a66e659 ] Request (FlavorsExtraSpecsNegativeTestJSON:setUpClass): 200 GET http://10.180.1.21/identity/v3/roles 0.487s
2025-05-13 19:36:35.327 70206 INFO tempest.lib.common.rest_client [req-a813cce4-937a-494b-97ca-2f4bb8567a82 req-a813cce4-937a-494b-97ca-2f4bb8567a82 ] Request (TenantUsagesNegativeTestJSON:setUpClass): 201 POST http://10.180.1.21/identity/v3/users 0.533s
2025-05-13 19:36:35.337 70226 INFO tempest.lib.common.rest_client [req-a6161a4f-ca5c-4592-8e91-2cc0f9cf247a req-a6161a4f-ca5c-4592-8e91-2cc0f9cf247a ] Request (HostsAdminNegativeTestJSON:setUpClass): 204 PUT http://10.180.1.21/identity/v3/projects/299f84b1880e46fc9d720a99c4074892/users/d2fc102a4bea4ddf95aaf6d900b35e1b/roles/3d3eb5ca81584292b8dc7c5d5589e50f 0.498s
2025-05-13 19:36:35.337 70226 INFO tempest.lib.common.dynamic_creds [-] Dynamic test user d2fc102a4bea4ddf95aaf6d900b35e1b is created with scope project and roles: ['admin']
2025-05-13 19:36:35.338 70226 INFO tempest.lib.common.dynamic_creds [-] Acquired dynamic creds: credentials: Credentials: {'domain_id': 'default', 'domain_name': 'Default', 'username': 'tempest-HostsAdminNegativeTestJSON-1147539975-project-admin', 'project_domain_id': 'default', 'project_domain_name': 'Default', 'project_id': '299f84b1880e46fc9d720a99c4074892', 'project_name': 'tempest-HostsAdminNegativeTestJSON-1147539975', 'tenant_id': '299f84b1880e46fc9d720a99c4074892', 'tenant_name': 'tempest-HostsAdminNegativeTestJSON-1147539975', 'user_domain_id': 'default', 'user_domain_name': 'Default', 'user_id': 'd2fc102a4bea4ddf95aaf6d900b35e1b', 'system': None}, Network: None, Subnet: None, Router: None
2025-05-13 19:36:35.338 70226 INFO tempest.lib.common.dynamic_creds [-] Created isolated network resources for: credentials: Credentials: {'domain_id': 'default', 'domain_name': 'Default', 'username': 'tempest-HostsAdminNegativeTestJSON-1147539975-project-admin', 'project_domain_id': 'default', 'project_domain_name': 'Default', 'project_id': '299f84b1880e46fc9d720a99c4074892', 'project_name': 'tempest-HostsAdminNegativeTestJSON-1147539975', 'tenant_id': '299f84b1880e46fc9d720a99c4074892', 'tenant_name': 'tempest-HostsAdminNegativeTestJSON-1147539975', 'user_domain_id': 'default', 'user_domain_name': 'Default', 'user_id': 'd2fc102a4bea4ddf95aaf6d900b35e1b', 'system': None}, Network: None, Subnet: None, Router: None
2025-05-13 19:36:35.346 70268 INFO tempest.lib.common.rest_client [req-387172b1-bfa0-44fb-ae97-bfcbb54eeca4 req-387172b1-bfa0-44fb-ae97-bfcbb54eeca4 ] Request (HypervisorAdminV253TestBase:setUpClass): 200 GET http://10.180.1.21/identity/v3/domains?name=Default 0.487s
2025-05-13 19:36:35.377 70212 INFO tempest.lib.common.rest_client [req-c5f3b416-0610-4353-9b2f-7fe6a4c85381 req-c5f3b416-0610-4353-9b2f-7fe6a4c85381 ] Request (FlavorsAccessNegativeTestJSON:setUpClass): 200 GET http://10.180.1.21/identity/v3/roles 0.516s
2025-05-13 19:36:35.391 70242 INFO tempest.lib.common.rest_client [req-4b5bc7bc-246f-4c9c-ac93-901e3e711a01 req-4b5bc7bc-246f-4c9c-ac93-901e3e711a01 ] Request (ServicesAdminNegativeTestJSON:setUpClass): 200 GET http://10.180.1.21/identity/v3/domains?name=Default 0.511s
2025-05-13 19:36:35.395 70222 INFO tempest.lib.common.rest_client [req-b2dda738-382f-4b15-9ddc-02236e3ead03 req-b2dda738-382f-4b15-9ddc-02236e3ead03 ] Request (HypervisorAdminTestJSON:setUpClass): 201 POST http://10.180.1.21/identity/v3/users 0.512s
2025-05-13 19:36:35.413 70230 INFO tempest.lib.common.rest_client [req-7eb9a99b-8ba6-431e-8623-0e413ff540df req-7eb9a99b-8ba6-431e-8623-0e413ff540df ] Request (FlavorMetadataValidation:setUpClass): 201 POST http://10.180.1.21/identity/v3/projects 0.488s
2025-05-13 19:36:35.415 70256 INFO tempest.lib.common.rest_client [req-098d10e3-67aa-485e-96e3-163f8e0d769c req-098d10e3-67aa-485e-96e3-163f8e0d769c ] Request (ServersTestBootFromVolume:setUpClass): 200 GET http://10.180.1.21/identity/v3/domains?name=Default 0.484s
2025-05-13 19:36:35.457 70262 INFO tempest.lib.common.rest_client [req-2ef14eb0-d694-4488-ada6-07bbe3d6c044 req-2ef14eb0-d694-4488-ada6-07bbe3d6c044 ] Request (AggregatesAdminNegativeTestJSON:setUpClass): 200 GET http://10.180.1.21/identity/v3/domains?name=Default 0.505s
2025-05-13 19:36:35.458 70236 INFO tempest.lib.common.rest_client [req-ccd249ac-6847-4d83-a025-3c6824b46ca8 req-ccd249ac-6847-4d83-a025-3c6824b46ca8 ] Request (ImagesNegativeTestJSON:setUpClass): 200 GET http://10.180.1.21/identity/v3/domains?name=Default 0.515s
2025-05-13 19:36:35.477 70250 INFO tempest.lib.common.rest_client [req-53465da5-4229-4433-a5a1-6f83d31c2e54 req-53465da5-4229-4433-a5a1-6f83d31c2e54 ] Request (MigrationsAdminTest:setUpClass): 200 GET http://10.180.1.21/identity/v3/domains?name=Default 0.515s
2025-05-13 19:36:35.481 70254 INFO tempest.lib.common.rest_client [req-2ed0f75f-4f55-4709-9bbb-dde5c1c2251c req-2ed0f75f-4f55-4709-9bbb-dde5c1c2251c ] Request (FloatingIPsNegativeTestJSON:setUpClass): 201 POST http://10.180.1.21/identity/v3/projects 0.509s
2025-05-13 19:36:35.522 70240 INFO tempest.lib.common.rest_client [req-090f96db-b0cd-4b8a-aa31-bee3d927c0f8 req-090f96db-b0cd-4b8a-aa31-bee3d927c0f8 ] Request (ImagesOneServerTestJSON:setUpClass): 200 GET http://10.180.1.21/identity/v3/domains?name=Default 0.540s
2025-05-13 19:36:35.527 70224 INFO tempest.lib.common.rest_client [req-ad2d88fe-46e0-4ae0-b81c-5cab06a21394 req-ad2d88fe-46e0-4ae0-b81c-5cab06a21394 ] Request (DeleteServersAdminTestJSON:setUpClass): 201 POST http://10.180.1.21/identity/v3/users 0.531s
2025-05-13 19:36:35.537 70258 INFO tempest.lib.common.rest_client [req-c884baff-9355-45b1-91b8-1e0025a50204 req-c884baff-9355-45b1-91b8-1e0025a50204 ] Request (AZAdminNegativeTestJSON:setUpClass): 200 GET http://10.180.1.21/identity/v3/roles 0.531s
2025-05-13 19:36:35.548 70266 INFO tempest.lib.common.rest_client [req-c6c7cba5-6515-4fb2-8864-3a922cfa0c17 req-c6c7cba5-6515-4fb2-8864-3a922cfa0c17 ] Request (QuotaClassesAdminTestJSON:setUpClass): 200 GET http://10.180.1.21/identity/v3/domains?name=Default 0.521s
2025-05-13 19:36:35.563 70214 INFO tempest.lib.common.rest_client [req-4ff89279-d22d-4923-9470-2e8f258ab801 req-4ff89279-d22d-4923-9470-2e8f258ab801 ] Request (ServerDiagnosticsV248Test:setUpClass): 201 POST http://10.180.1.21/identity/v3/users 0.517s
2025-05-13 19:36:35.572 70244 INFO tempest.lib.common.rest_client [req-7ccb2c69-3b5d-4873-be44-42d811280083 req-7ccb2c69-3b5d-4873-be44-42d811280083 ] Request (QuotasAdminTestV236:setUpClass): 201 POST http://10.180.1.21/identity/v3/projects 0.521s
2025-05-13 19:36:35.583 70238 INFO tempest.lib.common.rest_client [req-43a920df-9b35-4977-8561-741bfcb4800f req-43a920df-9b35-4977-8561-741bfcb4800f ] Request (HypervisorAdminNegativeTestJSON:setUpClass): 200 GET http://10.180.1.21/identity/v3/domains?name=Default 0.489s
2025-05-13 19:36:35.620 70261 INFO tempest.lib.common.rest_client [req-3b974570-e6dd-440a-8743-52896b03d981 req-3b974570-e6dd-440a-8743-52896b03d981 ] Request (KeyPairsV210TestJSON:setUpClass): 201 POST http://10.180.1.21/identity/v3/users 0.523s
2025-05-13 19:36:35.635 70232 INFO tempest.lib.common.rest_client [req-3562b4f8-843a-4bde-82d1-de0720fe66e9 req-3562b4f8-843a-4bde-82d1-de0720fe66e9 ] Request (FloatingIPDetailsNegativeTestJSON:setUpClass): 201 POST http://10.180.1.21/identity/v3/projects 0.492s
2025-05-13 19:36:35.641 70264 INFO tempest.lib.common.rest_client [req-4cfaa6db-c19c-4d2f-ac47-4b2d611a215c req-4cfaa6db-c19c-4d2f-ac47-4b2d611a215c ] Request (ServersTestJSON:setUpClass): 201 POST http://10.180.1.21/identity/v3/projects 0.499s
2025-05-13 19:36:35.687 70252 INFO tempest.lib.common.rest_client [req-4c40f49a-0283-464d-86ca-10cb6216ece4 req-4c40f49a-0283-464d-86ca-10cb6216ece4 ] Request (FlavorsV255TestJSON:setUpClass): 201 POST http://10.180.1.21/identity/v3/users 0.522s
2025-05-13 19:36:35.708 70218 INFO tempest.lib.common.rest_client [req-a2f020d4-e538-47b1-ab82-b4f79fb7bac6 req-a2f020d4-e538-47b1-ab82-b4f79fb7bac6 ] Request (AZAdminV2TestJSON:setUpClass): 204 PUT http://10.180.1.21/identity/v3/projects/f3cb28e7502b40929c0039089c66ad8f/users/ae92696b29044ac0a0e232ae72ac4299/roles/fd79bfa72eee4aee87e38433cd3b54ad 0.549s
