2025-05-13 19:38:46.806 70220 INFO tempest.lib.common.rest_client [req-7eee0e8b-7da2-4980-922a-0abe02c5019c req-7eee0e8b-7da2-4980-922a-0abe02c5019c ] Request (ServerGroupTestJSON:test_create_server_with_scheduler_hint_group): 200 GET http://10.180.1.21/compute/v2.1/servers/cde9885b-1aa8-411d-847e-087fe375002b 0.649s
2025-05-13 19:38:46.834 70222 INFO tempest.lib.common.rest_client [req-9588183f-726d-4590-aef6-5322ce31318d req-9588183f-726d-4590-aef6-5322ce31318d ] Request (TenantUsagesTestJSON:setUpClass): 200 GET http://10.180.1.21/compute/v2.1/servers/c7451ca3-f1fc-469b-b9d2-7fe24cb8949e 0.618s
2025-05-13 19:38:46.856 70248 INFO tempest.lib.common.rest_client [req-c9ea0f56-7df1-4693-b9ab-b76fe60c7a23 req-c9ea0f56-7df1-4693-b9ab-b76fe60c7a23 ] Request (DeleteServersTestJSON:test_delete_server_while_in_attached_volume): 200 GET http://10.180.1.21/compute/v2.1/servers/66ba8086-2dd4-4d02-aac3-1bbb4a404784 0.619s
2025-05-13 19:38:46.912 70236 INFO tempest.lib.common.rest_client [req-5cdaf462-716d-412c-9ab9-058f0b730e88 req-5cdaf462-716d-412c-9ab9-058f0b730e88 ] Request (SecurityGroupsTestJSON:test_list_security_groups_by_server): 200 GET http://10.180.1.21/compute/v2.1/servers/e0bca101-cf8d-48e1-a331-b0018548593e 0.628s
2025-05-13 19:38:46.948 70242 INFO tempest.lib.common.rest_client [req-00888727-fd21-4408-a986-4bb98e4ce558 req-00888727-fd21-4408-a986-4bb98e4ce558 ] Request (ServerAddressesTestJSON:tearDownClass): 200 GET http://10.180.1.21/compute/v2.1/servers/cdf0ea6e-d884-49c1-87ec-cd6de1376c7f 0.652s
2025-05-13 19:38:47.011 70238 INFO tempest.lib.common.rest_client [req-351c0e1f-b35d-4a9b-b1b2-5ed0b6a60051 req-351c0e1f-b35d-4a9b-b1b2-5ed0b6a60051 ] Request (ServerRescueTestJSON:test_rescue_unrescue_instance): 200 GET http://10.180.1.21/compute/v2.1/servers/6be47dcb-ce00-4b81-9e69-35acabac046e 0.651s
2025-05-13 19:38:47.034 70261 INFO tempest.lib.common.rest_client [req-8ad51554-2848-42dd-b1fe-2e89d20f2bad req-8ad51554-2848-42dd-b1fe-2e89d20f2bad ] Request (ServersTestManualDisk:tearDownClass): 200 GET http://10.180.1.21/compute/v2.1/servers/6e698775-2556-4cbe-b65f-0cc3efa7bcf6 0.631s
2025-05-13 19:38:47.087 70244 INFO tempest.lib.common.rest_client [req-d702d098-451d-46e6-947b-5eef76e0c910 req-d702d098-451d-46e6-947b-5eef76e0c910 ] Request (ServerShowV247Test:test_update_rebuild_list_server): 200 GET http://10.180.1.21/compute/v2.1/servers/bf4bee47-36ce-43ee-96f1-96f262882986 0.591s
2025-05-13 19:38:47.100 70244 INFO tempest.common.waiters [-] State transition "BUILD/spawning" ==> "ACTIVE/None" after 64 second wait
2025-05-13 19:38:47.118 70240 INFO tempest.lib.common.rest_client [req-5e5847db-c9f1-4ee1-9d6f-49caa795d489 req-5e5847db-c9f1-4ee1-9d6f-49caa795d489 ] Request (ImagesOneServerTestJSON:tearDownClass): 404 GET http://10.180.1.21/compute/v2.1/servers/2cdfda66-1d93-4960-a129-2788f10fa593 0.527s
2025-05-13 19:38:47.124 70258 INFO tempest.lib.common.rest_client [req-ea3e1c39-9b3f-4ad0-9207-820930ee820d req-ea3e1c39-9b3f-4ad0-9207-820930ee820d ] Request (ServersAaction247Test:tearDownClass): 200 GET http://10.180.1.21/compute/v2.1/servers/e8e80be6-a82f-4cc5-92fd-366badf519b8 0.609s
2025-05-13 19:38:47.181 70230 INFO tempest.lib.common.rest_client [req-aa81d30c-7e37-43b2-9346-af21f21e3bbd req-aa81d30c-7e37-43b2-9346-af21f21e3bbd ] Request (ImagesTestJSON:test_create_image_from_suspended_server): 200 GET http://10.180.1.21/compute/v2.1/servers/80fc9add-683b-424e-9876-cdcae664e2da 0.481s
2025-05-13 19:38:47.193 70252 INFO tempest.lib.common.rest_client [req-96052ddf-5856-43bf-aaba-fccfa7aec693 req-96052ddf-5856-43bf-aaba-fccfa7aec693 ] Request (ServersNegativeTestMultiTenantJSON:setUpClass): 200 GET http://10.180.1.21/compute/v2.1/servers/8de4160d-2282-4ed3-bdf0-349445a6eab8 0.483s
2025-05-13 19:38:47.243 70214 INFO tempest.lib.common.rest_client [req-2630197a-3162-48e6-8364-6b414db731d2 req-2630197a-3162-48e6-8364-6b414db731d2 ] Request (AttachVolumeNegativeTest:test_attach_attached_volume_to_different_server): 200 GET http://10.180.1.21/compute/v2.1/servers/e1b3d0bc-a251-4dbd-89a6-216a2f2c1313 0.485s
2025-05-13 19:38:47.281 70216 INFO tempest.lib.common.rest_client [req-a0bf502e-c613-461c-bfac-79077016833f req-a0bf502e-c613-461c-bfac-79077016833f ] Request (VolumesAdminNegativeTest:test_update_attached_volume_with_nonexistent_volume_in_body): 200 GET http://10.180.1.21/compute/v2.1/servers/95c02aa2-d587-4c9f-9b02-2992dfe5b1be/os-interface 0.506s
2025-05-13 19:38:47.381 70206 INFO tempest.lib.common.rest_client [req-8d3c2d10-0bb0-4dc0-9ce4-b5b7aac27e21 req-8d3c2d10-0bb0-4dc0-9ce4-b5b7aac27e21 ] Request (SecurityGroupRulesNegativeTestJSON:tearDownClass): 200 PUT http://10.180.1.21:9696/networking/v2.0/routers/f7fb89c5-ab16-4571-89dc-a2d9801a74b3/remove_router_interface 1.235s
2025-05-13 19:38:47.385 70268 INFO tempest.lib.common.rest_client [req-0ead56c3-a1dd-4cd4-8fb4-95d6e243618c req-0ead56c3-a1dd-4cd4-8fb4-95d6e243618c ] Request (ListImageFiltersTestJSON:setUpClass): 200 GET http://10.180.1.21/compute/v2.1/servers/a536b069-45e0-4ffe-be53-ac33f8cb6ec0 0.390s
2025-05-13 19:38:47.394 70268 INFO tempest.common.waiters [-] State transition "ACTIVE/image_uploading" ==> "ACTIVE/None" after 2 second wait
2025-05-13 19:38:47.437 70254 INFO tempest.lib.common.rest_client [req-8c86770b-6ebf-4104-9173-b37a4ec2c2ec req-8c86770b-6ebf-4104-9173-b37a4ec2c2ec ] Request (ImagesOneServerNegativeTestJSON:setUpClass): 200 GET http://10.180.1.21/compute/v2.1/servers/353ceb53-07e6-4e9b-bed5-ce9fca368b27 0.204s
2025-05-13 19:38:47.441 70244 INFO tempest.lib.common.rest_client [req-0807520d-6809-4990-8e1a-9aad4661f3db req-0807520d-6809-4990-8e1a-9aad4661f3db ] Request (ServerShowV247Test:test_update_rebuild_list_server): 202 POST http://10.180.1.21/compute/v2.1/servers/bf4bee47-36ce-43ee-96f1-96f262882986/action 0.340s
2025-05-13 19:38:47.499 70232 INFO tempest.lib.common.rest_client [req-bf85643b-74ca-4ea1-8aa6-c489fff65966 req-bf85643b-74ca-4ea1-8aa6-c489fff65966 ] Request (ListServersNegativeTestJSON:tearDownClass): 200 GET http://10.180.1.21/compute/v2.1/servers/b1bcbcfb-2320-434c-901f-0f6a476a3069 0.179s
2025-05-13 19:38:47.801 70228 INFO tempest.lib.common.rest_client [req-c9eba4b8-6f12-4009-a33a-552e770fec4c req-c9eba4b8-6f12-4009-a33a-552e770fec4c ] Request (ServersAdminTestJSON:setUpClass): 200 GET http://10.180.1.21/compute/v2.1/servers/21b7b237-557e-4030-93bb-6b5ce417e53c 0.399s
2025-05-13 19:38:47.880 70256 WARNING tempest.lib.common.ssh [-] Failed to establish authenticated ssh connection to cirros@10.180.180.135 ([Errno None] Unable to connect to port 22 on 10.180.180.135). Number attempts: 7. Retry after 8 seconds.: paramiko.ssh_exception.NoValidConnectionsError: [Errno None] Unable to connect to port 22 on 10.180.180.135
2025-05-13 19:38:47.892 70244 INFO tempest.lib.common.rest_client [req-ff9e2226-72f7-460a-935d-91f3156a0e05 req-ff9e2226-72f7-460a-935d-91f3156a0e05 ] Request (ServerShowV247Test:test_update_rebuild_list_server): 200 GET http://10.180.1.21/compute/v2.1/servers/bf4bee47-36ce-43ee-96f1-96f262882986 0.436s
2025-05-13 19:38:47.989 70224 INFO tempest.lib.common.rest_client [req-24913ff8-9d09-4263-8c9d-adb1582534e8 req-24913ff8-9d09-4263-8c9d-adb1582534e8 ] Request (DeleteServersAdminTestJSON:test_delete_server_while_in_error_state): 200 GET http://10.180.1.21/compute/v2.1/servers/c2b6b943-f6d6-427f-aba5-1d619d889325 0.530s
2025-05-13 19:38:47.991 70268 INFO tempest.lib.common.rest_client [req-87d66e3e-47f8-4676-8e2a-83ab4d579fe8 req-87d66e3e-47f8-4676-8e2a-83ab4d579fe8 ] Request (ListImageFiltersTestJSON:setUpClass): 202 POST http://10.180.1.21/compute/v2.1/servers/14359034-232d-478f-bf65-cf9937c59229/action 0.596s
2025-05-13 19:38:48.093 70266 INFO tempest.lib.common.rest_client [req-73461ee5-80ca-4317-bbf6-21a15ac8b89a req-73461ee5-80ca-4317-bbf6-21a15ac8b89a ] Request (MultipleCreateTestJSON:test_multiple_create): 200 GET http://10.180.1.21/compute/v2.1/servers/0e6e60e7-d623-44da-912e-804da4d616c9 0.559s
2025-05-13 19:38:48.094 70226 WARNING tempest.lib.common.ssh [-] Failed to establish authenticated ssh connection to cirros@10.180.180.236 ([Errno None] Unable to connect to port 22 on 10.180.180.236). Number attempts: 4. Retry after 5 seconds.: paramiko.ssh_exception.NoValidConnectionsError: [Errno None] Unable to connect to port 22 on 10.180.180.236
2025-05-13 19:38:48.197 70262 INFO tempest.lib.common.rest_client [req-ca414d2b-260a-4f92-9d6f-022a53a61165 req-ca414d2b-260a-4f92-9d6f-022a53a61165 ] Request (AttachInterfacesTestJSON:test_create_list_show_delete_interfaces_by_fixed_ip): 200 GET http://10.180.1.21/compute/v2.1/servers/ff227e07-8e36-48d6-a8c7-1e0087fd1faa 0.641s
2025-05-13 19:38:48.205 70262 INFO tempest.common.waiters [-] State transition "BUILD/scheduling" ==> "BUILD/None" after 41 second wait
2025-05-13 19:38:48.208 70206 INFO tempest.lib.common.rest_client [req-a7c13d67-d960-4e58-bd56-0850f61a1272 req-a7c13d67-d960-4e58-bd56-0850f61a1272 ] Request (SecurityGroupRulesNegativeTestJSON:tearDownClass): 204 DELETE http://10.180.1.21:9696/networking/v2.0/routers/f7fb89c5-ab16-4571-89dc-a2d9801a74b3 0.827s
2025-05-13 19:38:48.228 70212 INFO tempest.lib.common.rest_client [req-5e9c7614-944a-44db-9414-4882906e8bf3 req-5e9c7614-944a-44db-9414-4882906e8bf3 ] Request (ServerDiskConfigTestJSON:test_rebuild_server_with_auto_disk_config): 200 GET http://10.180.1.21/compute/v2.1/servers/9d83dda3-5fb1-416d-9307-faeef454efec 0.732s
2025-05-13 19:38:48.262 70234 INFO tempest.lib.common.rest_client [req-354b5466-02c2-4e55-89f3-d849ff59f1f8 req-354b5466-02c2-4e55-89f3-d849ff59f1f8 ] Request (FloatingIPsAssociationTestJSON:test_associate_already_associated_floating_ip): 200 GET http://10.180.1.21/compute/v2.1/servers/a36b06ca-77c8-4d2f-8b43-2c160fbac93f 0.632s
2025-05-13 19:38:48.269 70234 INFO tempest.common.waiters [-] State transition "BUILD/scheduling" ==> "BUILD/None" after 50 second wait
2025-05-13 19:38:48.304 70210 INFO tempest.lib.common.rest_client [req-c24c6d97-ec1a-45f4-be66-6dee4582e52a req-c24c6d97-ec1a-45f4-be66-6dee4582e52a ] Request (ServersAdmin275Test:test_rebuild_update_server_275): 200 GET http://10.180.1.21/compute/v2.1/servers/c6a06550-33ed-4fee-bd37-3fce9c55b235 0.606s
2025-05-13 19:38:48.337 70250 INFO tempest.lib.common.rest_client [req-9e8f2714-a9f1-44d5-aad3-20f62bedca8f req-9e8f2714-a9f1-44d5-aad3-20f62bedca8f ] Request (MigrationsAdminTest:test_resize_server_revert_deleted_flavor): 200 GET http://10.180.1.21/compute/v2.1/servers/c3e8a429-8484-4b11-abe3-1cccf0992556 0.588s
2025-05-13 19:38:48.363 70220 INFO tempest.lib.common.rest_client [req-1f5ca6be-93cb-4fb1-96eb-fe36e9d172b2 req-1f5ca6be-93cb-4fb1-96eb-fe36e9d172b2 ] Request (ServerGroupTestJSON:test_create_server_with_scheduler_hint_group): 200 GET http://10.180.1.21/compute/v2.1/servers/cde9885b-1aa8-411d-847e-087fe375002b 0.544s
2025-05-13 19:38:48.389 70222 INFO tempest.lib.common.rest_client [req-95ff56cb-fbb0-4a76-80ca-bf23414104f5 req-95ff56cb-fbb0-4a76-80ca-bf23414104f5 ] Request (TenantUsagesTestJSON:setUpClass): 200 GET http://10.180.1.21/compute/v2.1/servers/c7451ca3-f1fc-469b-b9d2-7fe24cb8949e 0.544s
2025-05-13 19:38:48.405 70216 INFO tempest.lib.common.rest_client [req-7e55b723-2fae-477d-91b2-f78d4a0ec1d9 req-7e55b723-2fae-477d-91b2-f78d4a0ec1d9 ] Request (VolumesAdminNegativeTest:test_update_attached_volume_with_nonexistent_volume_in_body): 200 PUT http://10.180.1.21:9696/networking/v2.0/floatingips/301125d4-a2a5-40c1-82d7-de4d4f65612e 1.118s
2025-05-13 19:38:48.407 70216 INFO tempest.lib.common.ssh [-] Creating ssh connection to '10.180.180.157:22' as 'cirros' with public key authentication
2025-05-13 19:38:48.420 70248 INFO tempest.lib.common.rest_client [req-17b8eb3d-7c10-484f-b0cc-f3d926a92f82 req-17b8eb3d-7c10-484f-b0cc-f3d926a92f82 ] Request (DeleteServersTestJSON:test_delete_server_while_in_attached_volume): 200 GET http://10.180.1.21/compute/v2.1/servers/66ba8086-2dd4-4d02-aac3-1bbb4a404784 0.553s
2025-05-13 19:38:48.428 70206 INFO tempest.lib.common.rest_client [req-8d440701-ff6c-47d3-949c-2164d6eff8e7 req-8d440701-ff6c-47d3-949c-2164d6eff8e7 ] Request (SecurityGroupRulesNegativeTestJSON:tearDownClass): 204 DELETE http://10.180.1.21:9696/networking/v2.0/subnets/7e9736be-a5e4-420c-bd69-fef76aff479e 0.219s
2025-05-13 19:38:48.451 70236 INFO tempest.lib.common.rest_client [req-d91846ea-69bb-474b-8b9f-159d6bf90892 req-d91846ea-69bb-474b-8b9f-159d6bf90892 ] Request (SecurityGroupsTestJSON:test_list_security_groups_by_server): 200 GET http://10.180.1.21/compute/v2.1/servers/e0bca101-cf8d-48e1-a331-b0018548593e 0.529s
2025-05-13 19:38:48.484 70242 INFO tempest.lib.common.rest_client [req-fe0097fd-4b0d-40a2-b321-bcd54c2efff4 req-fe0097fd-4b0d-40a2-b321-bcd54c2efff4 ] Request (ServerAddressesTestJSON:tearDownClass): 200 GET http://10.180.1.21/compute/v2.1/servers/cdf0ea6e-d884-49c1-87ec-cd6de1376c7f 0.524s
2025-05-13 19:38:48.487 70268 INFO tempest.lib.common.rest_client [req-f53bea76-1508-492f-b391-174d64bb9eba req-f53bea76-1508-492f-b391-174d64bb9eba ] Request (ListImageFiltersTestJSON:setUpClass): 200 GET http://10.180.1.21/compute/v2.1/images/68bb5ac2-beb9-4aa4-86bd-63fa31083482 0.494s
2025-05-13 19:38:48.532 70240 INFO tempest.lib.common.rest_client [req-1c1228f9-865a-438b-93ba-352f216eb3a4 req-1c1228f9-865a-438b-93ba-352f216eb3a4 ] Request (ImagesOneServerTestJSON:tearDownClass): 200 PUT http://10.180.1.21:9696/networking/v2.0/routers/e083b42e-b085-4d15-a4bf-b7f12ff88705/remove_router_interface 1.413s
2025-05-13 19:38:48.542 70238 INFO tempest.lib.common.rest_client [req-e5bfb192-72e8-4a6f-acc0-d89bc8834494 req-e5bfb192-72e8-4a6f-acc0-d89bc8834494 ] Request (ServerRescueTestJSON:test_rescue_unrescue_instance): 200 GET http://10.180.1.21/compute/v2.1/servers/6be47dcb-ce00-4b81-9e69-35acabac046e 0.522s
2025-05-13 19:38:48.561 70261 INFO tempest.lib.common.rest_client [req-b5bbfb1e-969f-4373-aa19-145204430976 req-b5bbfb1e-969f-4373-aa19-145204430976 ] Request (ServersTestManualDisk:tearDownClass): 200 GET http://10.180.1.21/compute/v2.1/servers/6e698775-2556-4cbe-b65f-0cc3efa7bcf6 0.518s
2025-05-13 19:38:48.570 70261 INFO tempest.common.waiters [-] State transition "ACTIVE/deleting" ==> "DELETED/None" after 5 second wait
2025-05-13 19:38:48.612 70258 INFO tempest.lib.common.rest_client [req-2175143b-ed4f-43d0-810f-9e4225f2c558 req-2175143b-ed4f-43d0-810f-9e4225f2c558 ] Request (ServersAaction247Test:tearDownClass): 200 GET http://10.180.1.21/compute/v2.1/servers/e8e80be6-a82f-4cc5-92fd-366badf519b8 0.473s
2025-05-13 19:38:48.630 70206 INFO tempest.lib.common.rest_client [req-0ad5ba73-1740-4021-8058-84296dbb1df2 req-0ad5ba73-1740-4021-8058-84296dbb1df2 ] Request (SecurityGroupRulesNegativeTestJSON:tearDownClass): 204 DELETE http://10.180.1.21:9696/networking/v2.0/networks/29c99fa9-32f3-46ac-95b1-ec72f08d4093 0.201s
2025-05-13 19:38:48.640 70230 INFO tempest.lib.common.rest_client [req-c87be1a8-a64d-4794-bda2-1328d0c9735b req-c87be1a8-a64d-4794-bda2-1328d0c9735b ] Request (ImagesTestJSON:test_create_image_from_suspended_server): 200 GET http://10.180.1.21/compute/v2.1/servers/80fc9add-683b-424e-9876-cdcae664e2da 0.450s
2025-05-13 19:38:48.677 70252 INFO tempest.lib.common.rest_client [req-9ababd26-2d4d-4701-a51a-b36758dbcfb8 req-9ababd26-2d4d-4701-a51a-b36758dbcfb8 ] Request (ServersNegativeTestMultiTenantJSON:setUpClass): 200 GET http://10.180.1.21/compute/v2.1/servers/8de4160d-2282-4ed3-bdf0-349445a6eab8 0.476s
2025-05-13 19:38:48.694 70214 INFO tempest.lib.common.rest_client [req-40ff9bbf-b090-4773-b8d4-a60c79db4a67 req-40ff9bbf-b090-4773-b8d4-a60c79db4a67 ] Request (AttachVolumeNegativeTest:test_attach_attached_volume_to_different_server): 200 GET http://10.180.1.21/compute/v2.1/servers/e1b3d0bc-a251-4dbd-89a6-216a2f2c1313 0.437s
2025-05-13 19:38:48.734 70254 INFO tempest.lib.common.rest_client [req-e724f7df-c8dc-4485-98d1-b360d36a935b req-e724f7df-c8dc-4485-98d1-b360d36a935b ] Request (ImagesOneServerNegativeTestJSON:setUpClass): 200 GET http://10.180.1.21/compute/v2.1/servers/353ceb53-07e6-4e9b-bed5-ce9fca368b27 0.285s
2025-05-13 19:38:48.767 70232 INFO tempest.lib.common.rest_client [req-0df4257d-a427-4fa3-85ce-531b642ca726 req-0df4257d-a427-4fa3-85ce-531b642ca726 ] Request (ListServersNegativeTestJSON:tearDownClass): 200 GET http://10.180.1.21/compute/v2.1/servers/b1bcbcfb-2320-434c-901f-0f6a476a3069 0.257s
2025-05-13 19:38:48.782 70206 INFO tempest.lib.common.rest_client [req-40a540ac-76b4-44b9-933a-637c78b5a8dd req-40a540ac-76b4-44b9-933a-637c78b5a8dd ] Request (SecurityGroupRulesNegativeTestJSON:tearDownClass): 204 DELETE http://10.180.1.21/identity/v3/users/2602a700b51f4aafbea4486530eac606 0.152s
2025-05-13 19:38:48.783 70206 INFO tempest.lib.common.dynamic_creds [-] Deleting project and security group for project: d45ae6de5b21458a9b55b65e0f3ac62a
2025-05-13 19:38:48.818 70206 INFO tempest.lib.common.rest_client [req-c4debd32-b220-4ba3-adb6-ebb307588039 req-c4debd32-b220-4ba3-adb6-ebb307588039 ] Request (SecurityGroupRulesNegativeTestJSON:tearDownClass): 200 GET http://10.180.1.21:9696/networking/v2.0/security-groups?tenant_id=d45ae6de5b21458a9b55b65e0f3ac62a&name=default 0.035s
2025-05-13 19:38:48.876 70228 INFO tempest.lib.common.rest_client [req-adc8640f-db7a-4303-9004-77591a30b979 req-adc8640f-db7a-4303-9004-77591a30b979 ] Request (ServersAdminTestJSON:setUpClass): 200 GET http://10.180.1.21/compute/v2.1/servers/21b7b237-557e-4030-93bb-6b5ce417e53c 0.066s
2025-05-13 19:38:48.940 70240 INFO tempest.lib.common.rest_client [req-a8204601-8dc3-4765-a147-5d9f5cf5edf6 req-a8204601-8dc3-4765-a147-5d9f5cf5edf6 ] Request (ImagesOneServerTestJSON:tearDownClass): 204 DELETE http://10.180.1.21:9696/networking/v2.0/routers/e083b42e-b085-4d15-a4bf-b7f12ff88705 0.408s
2025-05-13 19:38:48.969 70206 INFO tempest.lib.common.rest_client [req-8b10b7eb-2e60-48e4-9b04-cc0c5977e71b req-8b10b7eb-2e60-48e4-9b04-cc0c5977e71b ] Request (SecurityGroupRulesNegativeTestJSON:tearDownClass): 204 DELETE http://10.180.1.21:9696/networking/v2.0/security-groups/53a6e31b-d6a7-4438-a09f-1dbe4fcf04dd 0.150s
2025-05-13 19:38:49.005 70244 INFO tempest.lib.common.rest_client [req-c48722bf-ea58-4b7e-b1d3-4089f0cb9822 req-c48722bf-ea58-4b7e-b1d3-4089f0cb9822 ] Request (ServerShowV247Test:test_update_rebuild_list_server): 200 GET http://10.180.1.21/compute/v2.1/servers/bf4bee47-36ce-43ee-96f1-96f262882986 0.097s
2025-05-13 19:38:49.084 70224 INFO tempest.lib.common.rest_client [req-ce667d2c-8807-426f-a856-6025693c926c req-ce667d2c-8807-426f-a856-6025693c926c ] Request (DeleteServersAdminTestJSON:test_delete_server_while_in_error_state): 200 GET http://10.180.1.21/compute/v2.1/servers/c2b6b943-f6d6-427f-aba5-1d619d889325 0.072s
2025-05-13 19:38:49.120 70206 INFO tempest.lib.common.rest_client [req-99a977c2-e643-462c-9a8f-641d6a76e24f req-99a977c2-e643-462c-9a8f-641d6a76e24f ] Request (SecurityGroupRulesNegativeTestJSON:tearDownClass): 204 DELETE http://10.180.1.21/identity/v3/projects/d45ae6de5b21458a9b55b65e0f3ac62a 0.150s
2025-05-13 19:38:49.146 70240 INFO tempest.lib.common.rest_client [req-0b8f9203-80d0-45d8-a4ef-133b5b3f003a req-0b8f9203-80d0-45d8-a4ef-133b5b3f003a ] Request (ImagesOneServerTestJSON:tearDownClass): 204 DELETE http://10.180.1.21:9696/networking/v2.0/subnets/ec82be1d-0551-43c1-9ddf-6f39ddc14023 0.206s
2025-05-13 19:38:49.172 70266 INFO tempest.lib.common.rest_client [req-aaf9e013-fcbd-4c97-8969-710b423650ef req-aaf9e013-fcbd-4c97-8969-710b423650ef ] Request (MultipleCreateTestJSON:test_multiple_create): 200 GET http://10.180.1.21/compute/v2.1/servers/0e6e60e7-d623-44da-912e-804da4d616c9 0.070s
2025-05-13 19:38:49.199 70206 INFO tempest.lib.common.rest_client [req-814fe7f6-fe18-460c-af47-027c6d1d9ada req-814fe7f6-fe18-460c-af47-027c6d1d9ada ] Request (AttachVolumeShelveTestJSON:setUpClass): 201 POST http://10.180.1.21/identity/v3/auth/tokens 0.077s
2025-05-13 19:38:49.229 70206 INFO tempest.lib.common.rest_client [req-478b3da3-9a0a-492e-82bc-196198b8ff75 req-478b3da3-9a0a-492e-82bc-196198b8ff75 ] Request (AttachVolumeShelveTestJSON:setUpClass): 201 POST http://10.180.1.21/identity/v3/auth/tokens 0.028s
2025-05-13 19:38:49.262 70206 INFO tempest.lib.common.rest_client [req-69a63a1a-7bb3-4359-8de4-a05f243e3f4e req-69a63a1a-7bb3-4359-8de4-a05f243e3f4e ] Request (AttachVolumeShelveTestJSON:setUpClass): 200 GET http://10.180.1.21/identity/v3/domains?name=Default 0.032s
2025-05-13 19:38:49.265 70262 INFO tempest.lib.common.rest_client [req-8d5034e3-a2f8-418e-8893-29ba812b480f req-8d5034e3-a2f8-418e-8893-29ba812b480f ] Request (AttachInterfacesTestJSON:test_create_list_show_delete_interfaces_by_fixed_ip): 200 GET http://10.180.1.21/compute/v2.1/servers/ff227e07-8e36-48d6-a8c7-1e0087fd1faa 0.059s
2025-05-13 19:38:49.315 70206 INFO tempest.lib.common.rest_client [req-c9f36471-ba3b-4dba-8e3f-752754af3165 req-c9f36471-ba3b-4dba-8e3f-752754af3165 ] Request (AttachVolumeShelveTestJSON:setUpClass): 201 POST http://10.180.1.21/identity/v3/projects 0.052s
2025-05-13 19:38:49.333 70234 INFO tempest.lib.common.rest_client [req-d1555a95-658f-4eaa-80f0-d8a34417c332 req-d1555a95-658f-4eaa-80f0-d8a34417c332 ] Request (FloatingIPsAssociationTestJSON:test_associate_already_associated_floating_ip): 200 GET http://10.180.1.21/compute/v2.1/servers/a36b06ca-77c8-4d2f-8b43-2c160fbac93f 0.063s
2025-05-13 19:38:49.381 70212 INFO tempest.lib.common.rest_client [req-d10e1774-40e6-4626-858d-58dcb0c44bb1 req-d10e1774-40e6-4626-858d-58dcb0c44bb1 ] Request (ServerDiskConfigTestJSON:test_rebuild_server_with_auto_disk_config): 200 GET http://10.180.1.21/compute/v2.1/servers/9d83dda3-5fb1-416d-9307-faeef454efec 0.138s
2025-05-13 19:38:49.395 70206 INFO tempest.lib.common.rest_client [req-ec8f0118-54ed-47d0-8ef2-662d489f87c9 req-ec8f0118-54ed-47d0-8ef2-662d489f87c9 ] Request (AttachVolumeShelveTestJSON:setUpClass): 201 POST http://10.180.1.21/identity/v3/users 0.080s
2025-05-13 19:38:49.402 70210 INFO tempest.lib.common.rest_client [req-125c1aed-6f75-41f5-8907-4126544b0c8d req-125c1aed-6f75-41f5-8907-4126544b0c8d ] Request (ServersAdmin275Test:test_rebuild_update_server_275): 200 GET http://10.180.1.21/compute/v2.1/servers/c6a06550-33ed-4fee-bd37-3fce9c55b235 0.087s
2025-05-13 19:38:49.430 70240 INFO tempest.lib.common.rest_client [req-af605a24-a6d2-460d-8e01-79f176e425d3 req-af605a24-a6d2-460d-8e01-79f176e425d3 ] Request (ImagesOneServerTestJSON:tearDownClass): 204 DELETE http://10.180.1.21:9696/networking/v2.0/networks/8cfd4578-2ab0-4814-804e-a670f4f295dc 0.284s
2025-05-13 19:38:49.435 70206 INFO tempest.lib.common.rest_client [req-16078291-7b9e-4326-816f-bfe36eb563c8 req-16078291-7b9e-4326-816f-bfe36eb563c8 ] Request (AttachVolumeShelveTestJSON:setUpClass): 200 GET http://10.180.1.21/identity/v3/roles 0.039s
2025-05-13 19:38:49.457 70250 INFO tempest.lib.common.rest_client [req-2be353dd-e131-4fac-ae4f-cc0e044bc2ea req-2be353dd-e131-4fac-ae4f-cc0e044bc2ea ] Request (MigrationsAdminTest:test_resize_server_revert_deleted_flavor): 200 GET http://10.180.1.21/compute/v2.1/servers/c3e8a429-8484-4b11-abe3-1cccf0992556 0.111s
2025-05-13 19:38:49.468 70206 INFO tempest.lib.common.rest_client [req-e173bd3a-5bf6-4731-b21a-c539bb1a93c9 req-e173bd3a-5bf6-4731-b21a-c539bb1a93c9 ] Request (AttachVolumeShelveTestJSON:setUpClass): 204 PUT http://10.180.1.21/identity/v3/projects/3b7ae5270b0643e6b5720d4f2f765d74/users/948bb5c1ffc54cecb2d4ae1e5c98c11c/roles/fd79bfa72eee4aee87e38433cd3b54ad 0.033s
2025-05-13 19:38:49.468 70206 INFO tempest.lib.common.dynamic_creds [-] Dynamic test user 948bb5c1ffc54cecb2d4ae1e5c98c11c is created with scope project and roles: ['member']
2025-05-13 19:38:49.468 70206 INFO tempest.lib.common.dynamic_creds [-] Acquired dynamic creds: credentials: Credentials: {'domain_id': 'default', 'domain_name': 'Default', 'username': 'tempest-AttachVolumeShelveTestJSON-389172843-project-member', 'project_domain_id': 'default', 'project_domain_name': 'Default', 'project_id': '3b7ae5270b0643e6b5720d4f2f765d74', 'project_name': 'tempest-AttachVolumeShelveTestJSON-389172843', 'tenant_id': '3b7ae5270b0643e6b5720d4f2f765d74', 'tenant_name': 'tempest-AttachVolumeShelveTestJSON-389172843', 'user_domain_id': 'default', 'user_domain_name': 'Default', 'user_id': '948bb5c1ffc54cecb2d4ae1e5c98c11c', 'system': None}, Network: None, Subnet: None, Router: None
2025-05-13 19:38:49.469 70220 INFO tempest.lib.common.rest_client [req-46c1d218-e9e6-4fd2-af0b-ba49f60c27ef req-46c1d218-e9e6-4fd2-af0b-ba49f60c27ef ] Request (ServerGroupTestJSON:test_create_server_with_scheduler_hint_group): 200 GET http://10.180.1.21/compute/v2.1/servers/cde9885b-1aa8-411d-847e-087fe375002b 0.093s
2025-05-13 19:38:49.498 70240 INFO tempest.lib.common.rest_client [req-aa1bd096-3074-4a0e-a3d6-ab093707bc19 req-aa1bd096-3074-4a0e-a3d6-ab093707bc19 ] Request (ImagesOneServerTestJSON:tearDownClass): 204 DELETE http://10.180.1.21/identity/v3/users/40ce8fc2a7ea40f6ad2751617a40198f 0.067s
2025-05-13 19:38:49.498 70240 INFO tempest.lib.common.dynamic_creds [-] Deleting project and security group for project: 731443ca96b749c1861bf82f6f36c238
2025-05-13 19:38:49.516 70222 INFO tempest.lib.common.rest_client [req-30da1a1b-79e2-49cd-8665-77a248f64489 req-30da1a1b-79e2-49cd-8665-77a248f64489 ] Request (TenantUsagesTestJSON:setUpClass): 200 GET http://10.180.1.21/compute/v2.1/servers/c7451ca3-f1fc-469b-b9d2-7fe24cb8949e 0.118s
2025-05-13 19:38:49.527 70248 INFO tempest.lib.common.rest_client [req-e23c8b53-024c-44b9-a713-aefcdbcc3504 req-e23c8b53-024c-44b9-a713-aefcdbcc3504 ] Request (DeleteServersTestJSON:test_delete_server_while_in_attached_volume): 200 GET http://10.180.1.21/compute/v2.1/servers/66ba8086-2dd4-4d02-aac3-1bbb4a404784 0.098s
2025-05-13 19:38:49.534 70206 INFO tempest.lib.common.rest_client [req-328e9866-95c7-4603-bba5-4607da0ca391 req-328e9866-95c7-4603-bba5-4607da0ca391 ] Request (AttachVolumeShelveTestJSON:setUpClass): 201 POST http://10.180.1.21/identity/v3/auth/tokens 0.065s
2025-05-13 19:38:49.541 70240 INFO tempest.lib.common.rest_client [req-8c0c53f3-56a3-4a89-bd2e-c2de64f0d805 req-8c0c53f3-56a3-4a89-bd2e-c2de64f0d805 ] Request (ImagesOneServerTestJSON:tearDownClass): 200 GET http://10.180.1.21:9696/networking/v2.0/security-groups?tenant_id=731443ca96b749c1861bf82f6f36c238&name=default 0.042s
2025-05-13 19:38:49.563 70268 INFO tempest.lib.common.rest_client [req-a2664954-a64e-4b0c-bd4c-b526afaaaf8f req-a2664954-a64e-4b0c-bd4c-b526afaaaf8f ] Request (ListImageFiltersTestJSON:setUpClass): 200 GET http://10.180.1.21/compute/v2.1/images/68bb5ac2-beb9-4aa4-86bd-63fa31083482 0.072s
2025-05-13 19:38:49.586 70236 INFO tempest.lib.common.rest_client [req-55138f31-7623-48c9-b140-ec580014a8d2 req-55138f31-7623-48c9-b140-ec580014a8d2 ] Request (SecurityGroupsTestJSON:test_list_security_groups_by_server): 200 GET http://10.180.1.21/compute/v2.1/servers/e0bca101-cf8d-48e1-a331-b0018548593e 0.125s
2025-05-13 19:38:49.652 70242 INFO tempest.lib.common.rest_client [req-0fb6478d-766b-4551-99e7-0c723acfbd66 req-0fb6478d-766b-4551-99e7-0c723acfbd66 ] Request (ServerAddressesTestJSON:tearDownClass): 200 GET http://10.180.1.21/compute/v2.1/servers/cdf0ea6e-d884-49c1-87ec-cd6de1376c7f 0.154s
2025-05-13 19:38:49.665 70238 INFO tempest.lib.common.rest_client [req-c650e791-1ed9-4aa6-a181-20c66f1c5192 req-c650e791-1ed9-4aa6-a181-20c66f1c5192 ] Request (ServerRescueTestJSON:test_rescue_unrescue_instance): 200 GET http://10.180.1.21/compute/v2.1/servers/6be47dcb-ce00-4b81-9e69-35acabac046e 0.111s
2025-05-13 19:38:49.698 70240 INFO tempest.lib.common.rest_client [req-e6ac65bd-7fdd-49b1-9567-8e002bf05f23 req-e6ac65bd-7fdd-49b1-9567-8e002bf05f23 ] Request (ImagesOneServerTestJSON:tearDownClass): 204 DELETE http://10.180.1.21:9696/networking/v2.0/security-groups/156af133-c5cb-4af5-87be-b21d4422308a 0.157s
2025-05-13 19:38:49.735 70261 INFO tempest.lib.common.rest_client [req-fcf251e9-d56e-4adb-bcd0-9f309a75c4ea req-fcf251e9-d56e-4adb-bcd0-9f309a75c4ea ] Request (ServersTestManualDisk:tearDownClass): 200 GET http://10.180.1.21/compute/v2.1/servers/6e698775-2556-4cbe-b65f-0cc3efa7bcf6 0.164s
2025-05-13 19:38:49.753 70258 INFO tempest.lib.common.rest_client [req-810efc49-6487-4ddd-a0c1-6a344373cd96 req-810efc49-6487-4ddd-a0c1-6a344373cd96 ] Request (ServersAaction247Test:tearDownClass): 200 GET http://10.180.1.21/compute/v2.1/servers/e8e80be6-a82f-4cc5-92fd-366badf519b8 0.129s
2025-05-13 19:38:49.771 70240 INFO tempest.lib.common.rest_client [req-3b899127-274b-4e2a-989c-efac1602ebb5 req-3b899127-274b-4e2a-989c-efac1602ebb5 ] Request (ImagesOneServerTestJSON:tearDownClass): 204 DELETE http://10.180.1.21/identity/v3/projects/731443ca96b749c1861bf82f6f36c238 0.072s
2025-05-13 19:38:49.816 70230 INFO tempest.lib.common.rest_client [req-835fc011-ca45-4a42-8b50-05d19ca74c70 req-835fc011-ca45-4a42-8b50-05d19ca74c70 ] Request (ImagesTestJSON:test_create_image_from_suspended_server): 200 GET http://10.180.1.21/compute/v2.1/servers/80fc9add-683b-424e-9876-cdcae664e2da 0.157s
2025-05-13 19:38:49.824 70252 INFO tempest.lib.common.rest_client [req-ababe184-9b52-4f33-a265-451ef8bd902a req-ababe184-9b52-4f33-a265-451ef8bd902a ] Request (ServersNegativeTestMultiTenantJSON:setUpClass): 200 GET http://10.180.1.21/compute/v2.1/servers/8de4160d-2282-4ed3-bdf0-349445a6eab8 0.137s
2025-05-13 19:38:49.863 70240 INFO tempest.lib.common.rest_client [req-95d3f82e-b1bf-45c3-9a0d-ec4f2ebb2aaa req-95d3f82e-b1bf-45c3-9a0d-ec4f2ebb2aaa ] Request (ListImagesTestJSON:setUpClass): 201 POST http://10.180.1.21/identity/v3/auth/tokens 0.088s
2025-05-13 19:38:49.887 70214 INFO tempest.lib.common.rest_client [req-921387ee-e0b4-4975-a69c-e253eed28c59 req-921387ee-e0b4-4975-a69c-e253eed28c59 ] Request (AttachVolumeNegativeTest:test_attach_attached_volume_to_different_server): 200 GET http://10.180.1.21/compute/v2.1/servers/e1b3d0bc-a251-4dbd-89a6-216a2f2c1313 0.184s
2025-05-13 19:38:49.906 70240 INFO tempest.lib.common.rest_client [req-f7f63281-132e-46a0-ac7f-3ca870c24195 req-f7f63281-132e-46a0-ac7f-3ca870c24195 ] Request (ListImagesTestJSON:setUpClass): 201 POST http://10.180.1.21/identity/v3/auth/tokens 0.038s
2025-05-13 19:38:49.908 70254 INFO tempest.lib.common.rest_client [req-50a6d393-343b-4dd0-998e-bb582608247d req-50a6d393-343b-4dd0-998e-bb582608247d ] Request (ImagesOneServerNegativeTestJSON:setUpClass): 200 GET http://10.180.1.21/compute/v2.1/servers/353ceb53-07e6-4e9b-bed5-ce9fca368b27 0.160s
2025-05-13 19:38:49.943 70240 INFO tempest.lib.common.rest_client [req-3d715acc-5fc5-4fcb-ac9e-ce43149e4e5f req-3d715acc-5fc5-4fcb-ac9e-ce43149e4e5f ] Request (ListImagesTestJSON:setUpClass): 200 GET http://10.180.1.21/identity/v3/domains?name=Default 0.037s
2025-05-13 19:38:49.971 70206 INFO tempest.lib.common.rest_client [req-200b2b02-5e40-40de-b964-d0462d4afc79 req-200b2b02-5e40-40de-b964-d0462d4afc79 ] Request (AttachVolumeShelveTestJSON:setUpClass): 201 POST http://10.180.1.21:9696/networking/v2.0/networks 0.436s
2025-05-13 19:38:49.980 70240 INFO tempest.lib.common.rest_client [req-54c71d52-1feb-4806-a9d8-91c92386df1f req-54c71d52-1feb-4806-a9d8-91c92386df1f ] Request (ListImagesTestJSON:setUpClass): 201 POST http://10.180.1.21/identity/v3/projects 0.036s
2025-05-13 19:38:49.981 70232 INFO tempest.lib.common.rest_client [req-21828938-9f12-4169-b393-42d574db48b6 req-21828938-9f12-4169-b393-42d574db48b6 ] Request (ListServersNegativeTestJSON:tearDownClass): 200 GET http://10.180.1.21/compute/v2.1/servers/b1bcbcfb-2320-434c-901f-0f6a476a3069 0.205s
2025-05-13 19:38:49.985 70228 INFO tempest.lib.common.rest_client [req-0f504c0b-b648-40c0-b5c2-860d3d104e4b req-0f504c0b-b648-40c0-b5c2-860d3d104e4b ] Request (ServersAdminTestJSON:setUpClass): 200 GET http://10.180.1.21/compute/v2.1/servers/21b7b237-557e-4030-93bb-6b5ce417e53c 0.094s
2025-05-13 19:38:50.055 70240 INFO tempest.lib.common.rest_client [req-f2eba70f-bb9e-4781-b1e8-884ae480f859 req-f2eba70f-bb9e-4781-b1e8-884ae480f859 ] Request (ListImagesTestJSON:setUpClass): 201 POST http://10.180.1.21/identity/v3/users 0.074s
2025-05-13 19:38:50.078 70240 INFO tempest.lib.common.rest_client [req-9f4882a1-b7c3-4beb-a15e-5c0cab774b99 req-9f4882a1-b7c3-4beb-a15e-5c0cab774b99 ] Request (ListImagesTestJSON:setUpClass): 200 GET http://10.180.1.21/identity/v3/roles 0.023s
2025-05-13 19:38:50.100 70244 INFO tempest.lib.common.rest_client [req-ab5d51e6-fb5b-423e-94d5-b4af0712efb6 req-ab5d51e6-fb5b-423e-94d5-b4af0712efb6 ] Request (ServerShowV247Test:test_update_rebuild_list_server): 200 GET http://10.180.1.21/compute/v2.1/servers/bf4bee47-36ce-43ee-96f1-96f262882986 0.080s
2025-05-13 19:38:50.112 70240 INFO tempest.lib.common.rest_client [req-8903344d-6c01-4c35-bdfa-3ea774f85baf req-8903344d-6c01-4c35-bdfa-3ea774f85baf ] Request (ListImagesTestJSON:setUpClass): 204 PUT http://10.180.1.21/identity/v3/projects/56261bfe2d5245ada106c60946cc057e/users/9434f67336944375b0807af61a3cbdcd/roles/fd79bfa72eee4aee87e38433cd3b54ad 0.033s
2025-05-13 19:38:50.112 70240 INFO tempest.lib.common.dynamic_creds [-] Dynamic test user 9434f67336944375b0807af61a3cbdcd is created with scope project and roles: ['member']
2025-05-13 19:38:50.113 70240 INFO tempest.lib.common.dynamic_creds [-] Acquired dynamic creds: credentials: Credentials: {'domain_id': 'default', 'domain_name': 'Default', 'username': 'tempest-ListImagesTestJSON-1326667951-project-member', 'project_domain_id': 'default', 'project_domain_name': 'Default', 'project_id': '56261bfe2d5245ada106c60946cc057e', 'project_name': 'tempest-ListImagesTestJSON-1326667951', 'tenant_id': '56261bfe2d5245ada106c60946cc057e', 'tenant_name': 'tempest-ListImagesTestJSON-1326667951', 'user_domain_id': 'default', 'user_domain_name': 'Default', 'user_id': '9434f67336944375b0807af61a3cbdcd', 'system': None}, Network: None, Subnet: None, Router: None
2025-05-13 19:38:50.113 70240 INFO tempest.lib.common.dynamic_creds [-] Created isolated network resources for: credentials: Credentials: {'domain_id': 'default', 'domain_name': 'Default', 'username': 'tempest-ListImagesTestJSON-1326667951-project-member', 'project_domain_id': 'default', 'project_domain_name': 'Default', 'project_id': '56261bfe2d5245ada106c60946cc057e', 'project_name': 'tempest-ListImagesTestJSON-1326667951', 'tenant_id': '56261bfe2d5245ada106c60946cc057e', 'tenant_name': 'tempest-ListImagesTestJSON-1326667951', 'user_domain_id': 'default', 'user_domain_name': 'Default', 'user_id': '9434f67336944375b0807af61a3cbdcd', 'system': None}, Network: None, Subnet: None, Router: None
2025-05-13 19:38:50.146 70224 INFO tempest.lib.common.rest_client [req-5daf44a7-d5c7-4dd9-8c98-fdacbb0ed6a0 req-5daf44a7-d5c7-4dd9-8c98-fdacbb0ed6a0 ] Request (DeleteServersAdminTestJSON:test_delete_server_while_in_error_state): 200 GET http://10.180.1.21/compute/v2.1/servers/c2b6b943-f6d6-427f-aba5-1d619d889325 0.054s
2025-05-13 19:38:50.173 70206 INFO tempest.lib.common.rest_client [req-cc31fa12-e5b2-4aef-a081-01f9af381058 req-cc31fa12-e5b2-4aef-a081-01f9af381058 ] Request (AttachVolumeShelveTestJSON:setUpClass): 201 POST http://10.180.1.21:9696/networking/v2.0/subnets 0.201s
2025-05-13 19:38:50.205 70240 INFO tempest.lib.common.rest_client [req-0db721e3-97d0-41cc-bcd7-92c67ad79316 req-0db721e3-97d0-41cc-bcd7-92c67ad79316 ] Request (ListImagesTestJSON:setUpClass): 201 POST http://10.180.1.21/identity/v3/auth/tokens 0.089s
2025-05-13 19:38:50.248 70266 INFO tempest.lib.common.rest_client [req-849876dc-1812-42d2-98bd-65af6b0638dc req-849876dc-1812-42d2-98bd-65af6b0638dc ] Request (MultipleCreateTestJSON:test_multiple_create): 200 GET http://10.180.1.21/compute/v2.1/servers/0e6e60e7-d623-44da-912e-804da4d616c9 0.064s
2025-05-13 19:38:50.324 70240 INFO tempest.lib.common.rest_client [req-731f1960-1286-46ea-aa5a-1b16204e6f30 req-731f1960-1286-46ea-aa5a-1b16204e6f30 ] Request (ListImagesTestJSON:test_get_image): 200 GET http://10.180.1.21/compute/v2.1/images/f524494e-9179-4b3e-a3e2-782f019def24 0.117s
2025-05-13 19:38:50.339 70262 INFO tempest.lib.common.rest_client [req-401af1bd-8d02-483e-94e0-3ad10db5a493 req-401af1bd-8d02-483e-94e0-3ad10db5a493 ] Request (AttachInterfacesTestJSON:test_create_list_show_delete_interfaces_by_fixed_ip): 200 GET http://10.180.1.21/compute/v2.1/servers/ff227e07-8e36-48d6-a8c7-1e0087fd1faa 0.064s
2025-05-13 19:38:50.388 70240 INFO tempest.lib.common.rest_client [req-40430126-0cbb-4ee7-bdd2-00dc38d2323e req-40430126-0cbb-4ee7-bdd2-00dc38d2323e ] Request (ListImagesTestJSON:test_list_images): 200 GET http://10.180.1.21/compute/v2.1/images 0.059s
2025-05-13 19:38:50.400 70234 INFO tempest.lib.common.rest_client [req-e7b91108-c5fc-47d1-b987-786452123181 req-e7b91108-c5fc-47d1-b987-786452123181 ] Request (FloatingIPsAssociationTestJSON:test_associate_already_associated_floating_ip): 200 GET http://10.180.1.21/compute/v2.1/servers/a36b06ca-77c8-4d2f-8b43-2c160fbac93f 0.053s
2025-05-13 19:38:50.439 70240 INFO tempest.lib.common.rest_client [req-e948158f-70be-4520-8471-879a9848ba96 req-e948158f-70be-4520-8471-879a9848ba96 ] Request (ListImagesTestJSON:test_list_images_with_detail): 200 GET http://10.180.1.21/compute/v2.1/images/detail 0.048s
2025-05-13 19:38:50.502 70210 INFO tempest.lib.common.rest_client [req-62b72787-40ff-4538-ad8d-5450e9d993a3 req-62b72787-40ff-4538-ad8d-5450e9d993a3 ] Request (ServersAdmin275Test:test_rebuild_update_server_275): 200 GET http://10.180.1.21/compute/v2.1/servers/c6a06550-33ed-4fee-bd37-3fce9c55b235 0.082s
2025-05-13 19:38:50.518 70212 INFO tempest.lib.common.rest_client [req-de6c7ce8-67a2-4ac8-a18e-26d2736e87b0 req-de6c7ce8-67a2-4ac8-a18e-26d2736e87b0 ] Request (ServerDiskConfigTestJSON:test_rebuild_server_with_auto_disk_config): 200 GET http://10.180.1.21/compute/v2.1/servers/9d83dda3-5fb1-416d-9307-faeef454efec 0.128s
2025-05-13 19:38:50.562 70250 INFO tempest.lib.common.rest_client [req-924b97e0-017a-4b4b-8198-eee0c576b2e7 req-924b97e0-017a-4b4b-8198-eee0c576b2e7 ] Request (MigrationsAdminTest:test_resize_server_revert_deleted_flavor): 200 GET http://10.180.1.21/compute/v2.1/servers/c3e8a429-8484-4b11-abe3-1cccf0992556 0.095s
2025-05-13 19:38:50.572 70240 INFO tempest.lib.common.rest_client [req-1bc47c28-c778-43d8-90a1-8b2bde9116c6 req-1bc47c28-c778-43d8-90a1-8b2bde9116c6 ] Request (ListImagesTestJSON:tearDownClass): 204 DELETE http://10.180.1.21/identity/v3/users/9434f67336944375b0807af61a3cbdcd 0.128s
2025-05-13 19:38:50.572 70240 INFO tempest.lib.common.dynamic_creds [-] Deleting project and security group for project: 56261bfe2d5245ada106c60946cc057e
2025-05-13 19:38:50.579 70220 INFO tempest.lib.common.rest_client [req-295b3e7e-50be-4646-aa1d-6cb0c5dc1422 req-295b3e7e-50be-4646-aa1d-6cb0c5dc1422 ] Request (ServerGroupTestJSON:test_create_server_with_scheduler_hint_group): 200 GET http://10.180.1.21/compute/v2.1/servers/cde9885b-1aa8-411d-847e-087fe375002b 0.099s
2025-05-13 19:38:50.641 70222 INFO tempest.lib.common.rest_client [req-90435a11-1a6c-4316-8d0b-57fb7783dcff req-90435a11-1a6c-4316-8d0b-57fb7783dcff ] Request (TenantUsagesTestJSON:setUpClass): 200 GET http://10.180.1.21/compute/v2.1/servers/c7451ca3-f1fc-469b-b9d2-7fe24cb8949e 0.117s
2025-05-13 19:38:50.643 70248 INFO tempest.lib.common.rest_client [req-2c619e33-4679-42ad-a337-8928a60d89fe req-2c619e33-4679-42ad-a337-8928a60d89fe ] Request (DeleteServersTestJSON:test_delete_server_while_in_attached_volume): 200 GET http://10.180.1.21/compute/v2.1/servers/66ba8086-2dd4-4d02-aac3-1bbb4a404784 0.105s
2025-05-13 19:38:50.643 70240 INFO tempest.lib.common.rest_client [req-6571159b-9216-4cbf-92e9-424f3e1ba696 req-6571159b-9216-4cbf-92e9-424f3e1ba696 ] Request (ListImagesTestJSON:tearDownClass): 201 POST http://10.180.1.21/identity/v3/auth/tokens 0.071s
2025-05-13 19:38:50.677 70268 INFO tempest.lib.common.rest_client [req-a5f2dbbe-1194-4ab7-bbee-b5f12df05795 req-a5f2dbbe-1194-4ab7-bbee-b5f12df05795 ] Request (ListImageFiltersTestJSON:setUpClass): 200 GET http://10.180.1.21/compute/v2.1/images/68bb5ac2-beb9-4aa4-86bd-63fa31083482 0.110s
2025-05-13 19:38:50.699 70236 INFO tempest.lib.common.rest_client [req-211df743-da75-4f54-98e5-fc9c8382f572 req-211df743-da75-4f54-98e5-fc9c8382f572 ] Request (SecurityGroupsTestJSON:test_list_security_groups_by_server): 200 GET http://10.180.1.21/compute/v2.1/servers/e0bca101-cf8d-48e1-a331-b0018548593e 0.104s
2025-05-13 19:38:50.747 70242 INFO tempest.lib.common.rest_client [req-d9809cb0-d01d-4970-bf51-fa9f8c21af10 req-d9809cb0-d01d-4970-bf51-fa9f8c21af10 ] Request (ServerAddressesTestJSON:tearDownClass): 200 GET http://10.180.1.21/compute/v2.1/servers/cdf0ea6e-d884-49c1-87ec-cd6de1376c7f 0.084s
2025-05-13 19:38:50.765 70238 INFO tempest.lib.common.rest_client [req-369f87aa-c4eb-4208-a40d-00ce18b3b2b1 req-369f87aa-c4eb-4208-a40d-00ce18b3b2b1 ] Request (ServerRescueTestJSON:test_rescue_unrescue_instance): 200 GET http://10.180.1.21/compute/v2.1/servers/6be47dcb-ce00-4b81-9e69-35acabac046e 0.084s
2025-05-13 19:38:50.844 70261 INFO tempest.lib.common.rest_client [req-71929935-8116-4be5-9223-b629f70678c0 req-71929935-8116-4be5-9223-b629f70678c0 ] Request (ServersTestManualDisk:tearDownClass): 200 GET http://10.180.1.21/compute/v2.1/servers/6e698775-2556-4cbe-b65f-0cc3efa7bcf6 0.096s
2025-05-13 19:38:50.858 70258 INFO tempest.lib.common.rest_client [req-1822492b-5182-4b33-b9fa-4a061c8bcaba req-1822492b-5182-4b33-b9fa-4a061c8bcaba ] Request (ServersAaction247Test:tearDownClass): 200 GET http://10.180.1.21/compute/v2.1/servers/e8e80be6-a82f-4cc5-92fd-366badf519b8 0.095s
2025-05-13 19:38:50.882 70206 INFO tempest.lib.common.rest_client [req-871bfce7-da21-4402-9f2c-7bf31dfafe19 req-871bfce7-da21-4402-9f2c-7bf31dfafe19 ] Request (AttachVolumeShelveTestJSON:setUpClass): 201 POST http://10.180.1.21:9696/networking/v2.0/routers 0.709s
2025-05-13 19:38:50.889 70240 INFO tempest.lib.common.rest_client [req-87962b7b-460f-4bed-b070-4fedeaa43193 req-87962b7b-460f-4bed-b070-4fedeaa43193 ] Request (ListImagesTestJSON:tearDownClass): 200 GET http://10.180.1.21:9696/networking/v2.0/security-groups?tenant_id=56261bfe2d5245ada106c60946cc057e&name=default 0.245s
2025-05-13 19:38:50.916 70230 INFO tempest.lib.common.rest_client [req-bebffc7a-ebaa-44d2-982c-07f2a3976753 req-bebffc7a-ebaa-44d2-982c-07f2a3976753 ] Request (ImagesTestJSON:test_create_image_from_suspended_server): 200 GET http://10.180.1.21/compute/v2.1/servers/80fc9add-683b-424e-9876-cdcae664e2da 0.084s
2025-05-13 19:38:50.924 70252 INFO tempest.lib.common.rest_client [req-fdc58aee-d42e-4675-aa9d-0d6e621161fb req-fdc58aee-d42e-4675-aa9d-0d6e621161fb ] Request (ServersNegativeTestMultiTenantJSON:setUpClass): 200 GET http://10.180.1.21/compute/v2.1/servers/8de4160d-2282-4ed3-bdf0-349445a6eab8 0.091s
2025-05-13 19:38:50.973 70214 INFO tempest.lib.common.rest_client [req-c5a27fec-9515-4d5e-a70c-6949f13ae445 req-c5a27fec-9515-4d5e-a70c-6949f13ae445 ] Request (AttachVolumeNegativeTest:test_attach_attached_volume_to_different_server): 200 GET http://10.180.1.21/compute/v2.1/servers/e1b3d0bc-a251-4dbd-89a6-216a2f2c1313 0.076s
2025-05-13 19:38:50.988 70254 INFO tempest.lib.common.rest_client [req-00676c3a-7076-4cc8-bf0d-1723322e260d req-00676c3a-7076-4cc8-bf0d-1723322e260d ] Request (ImagesOneServerNegativeTestJSON:setUpClass): 200 GET http://10.180.1.21/compute/v2.1/servers/353ceb53-07e6-4e9b-bed5-ce9fca368b27 0.068s
2025-05-13 19:38:51.054 70228 INFO tempest.lib.common.rest_client [req-0779aa1f-b82f-4471-9320-26f891735a06 req-0779aa1f-b82f-4471-9320-26f891735a06 ] Request (ServersAdminTestJSON:setUpClass): 200 GET http://10.180.1.21/compute/v2.1/servers/21b7b237-557e-4030-93bb-6b5ce417e53c 0.061s
2025-05-13 19:38:51.054 70240 INFO tempest.lib.common.rest_client [req-ebd08d12-65b3-4236-8f24-bc9cf00a5cc2 req-ebd08d12-65b3-4236-8f24-bc9cf00a5cc2 ] Request (ListImagesTestJSON:tearDownClass): 204 DELETE http://10.180.1.21:9696/networking/v2.0/security-groups/fe8e45a2-0e80-4aef-92cd-7ee4c307875f 0.165s
2025-05-13 19:38:51.068 70232 INFO tempest.lib.common.rest_client [req-77868265-5d36-4803-90bf-f7faa769b22b req-77868265-5d36-4803-90bf-f7faa769b22b ] Request (ListServersNegativeTestJSON:tearDownClass): 200 GET http://10.180.1.21/compute/v2.1/servers/b1bcbcfb-2320-434c-901f-0f6a476a3069 0.074s
2025-05-13 19:38:51.144 70240 INFO tempest.lib.common.rest_client [req-82d9cd00-bd35-47fc-9a01-2856ebdfbffe req-82d9cd00-bd35-47fc-9a01-2856ebdfbffe ] Request (ListImagesTestJSON:tearDownClass): 204 DELETE http://10.180.1.21/identity/v3/projects/56261bfe2d5245ada106c60946cc057e 0.089s
2025-05-13 19:38:51.178 70244 INFO tempest.lib.common.rest_client [req-bb1a566f-7174-4e81-a4b2-837a9760b5ad req-bb1a566f-7174-4e81-a4b2-837a9760b5ad ] Request (ServerShowV247Test:test_update_rebuild_list_server): 200 GET http://10.180.1.21/compute/v2.1/servers/bf4bee47-36ce-43ee-96f1-96f262882986 0.064s
2025-05-13 19:38:51.186 70244 INFO tempest.common.waiters [-] State transition "REBUILD/rebuilding" ==> "REBUILD/rebuild_spawning" after 4 second wait
2025-05-13 19:38:51.209 70224 INFO tempest.lib.common.rest_client [req-ddd11009-a164-4bcd-a8c4-8737576b7998 req-ddd11009-a164-4bcd-a8c4-8737576b7998 ] Request (DeleteServersAdminTestJSON:test_delete_server_while_in_error_state): 200 GET http://10.180.1.21/compute/v2.1/servers/c2b6b943-f6d6-427f-aba5-1d619d889325 0.054s
2025-05-13 19:38:51.217 70240 INFO tempest.lib.common.rest_client [req-c2b5a2ca-5415-4ceb-8bfc-309d3b42ef8b req-c2b5a2ca-5415-4ceb-8bfc-309d3b42ef8b ] Request (ServersTestMultiNic:setUpClass): 201 POST http://10.180.1.21/identity/v3/auth/tokens 0.070s
2025-05-13 19:38:51.249 70240 INFO tempest.lib.common.rest_client [req-c1d85df2-6e9e-452c-a517-110214a08d02 req-c1d85df2-6e9e-452c-a517-110214a08d02 ] Request (ServersTestMultiNic:setUpClass): 201 POST http://10.180.1.21/identity/v3/auth/tokens 0.030s
2025-05-13 19:38:51.287 70240 INFO tempest.lib.common.rest_client [req-8a4859d0-fb55-4e07-ba8f-b4fdad5ca840 req-8a4859d0-fb55-4e07-ba8f-b4fdad5ca840 ] Request (ServersTestMultiNic:setUpClass): 200 GET http://10.180.1.21/identity/v3/domains?name=Default 0.038s
2025-05-13 19:38:51.328 70240 INFO tempest.lib.common.rest_client [req-a13947ae-d8d1-4f38-8f51-375a755adbee req-a13947ae-d8d1-4f38-8f51-375a755adbee ] Request (ServersTestMultiNic:setUpClass): 201 POST http://10.180.1.21/identity/v3/projects 0.040s
2025-05-13 19:38:51.333 70266 INFO tempest.lib.common.rest_client [req-50b4cdb0-d98d-44a8-bfe8-4816e5ce0ccd req-50b4cdb0-d98d-44a8-bfe8-4816e5ce0ccd ] Request (MultipleCreateTestJSON:test_multiple_create): 200 GET http://10.180.1.21/compute/v2.1/servers/0e6e60e7-d623-44da-912e-804da4d616c9 0.072s
2025-05-13 19:38:51.417 70262 INFO tempest.lib.common.rest_client [req-dd28e877-ed41-4ccf-8143-611a7aae17f8 req-dd28e877-ed41-4ccf-8143-611a7aae17f8 ] Request (AttachInterfacesTestJSON:test_create_list_show_delete_interfaces_by_fixed_ip): 200 GET http://10.180.1.21/compute/v2.1/servers/ff227e07-8e36-48d6-a8c7-1e0087fd1faa 0.066s
2025-05-13 19:38:51.417 70240 INFO tempest.lib.common.rest_client [req-141870e3-1682-4d4e-8639-127c31084fe2 req-141870e3-1682-4d4e-8639-127c31084fe2 ] Request (ServersTestMultiNic:setUpClass): 201 POST http://10.180.1.21/identity/v3/users 0.088s
2025-05-13 19:38:51.439 70240 INFO tempest.lib.common.rest_client [req-61126825-2eb7-4f2e-8bf0-758b2d0e23c3 req-61126825-2eb7-4f2e-8bf0-758b2d0e23c3 ] Request (ServersTestMultiNic:setUpClass): 200 GET http://10.180.1.21/identity/v3/roles 0.021s
2025-05-13 19:38:51.483 70240 INFO tempest.lib.common.rest_client [req-ede5c3f3-0101-4b12-9dd5-fd2d94467e4d req-ede5c3f3-0101-4b12-9dd5-fd2d94467e4d ] Request (ServersTestMultiNic:setUpClass): 204 PUT http://10.180.1.21/identity/v3/projects/6be96c1988054f0894a0b91881870c3c/users/cae7aa9b1b2e4e8f9e8636fe513270f3/roles/fd79bfa72eee4aee87e38433cd3b54ad 0.043s
2025-05-13 19:38:51.483 70240 INFO tempest.lib.common.dynamic_creds [-] Dynamic test user cae7aa9b1b2e4e8f9e8636fe513270f3 is created with scope project and roles: ['member']
2025-05-13 19:38:51.483 70240 INFO tempest.lib.common.dynamic_creds [-] Acquired dynamic creds: credentials: Credentials: {'domain_id': 'default', 'domain_name': 'Default', 'username': 'tempest-ServersTestMultiNic-1807665099-project-member', 'project_domain_id': 'default', 'project_domain_name': 'Default', 'project_id': '6be96c1988054f0894a0b91881870c3c', 'project_name': 'tempest-ServersTestMultiNic-1807665099', 'tenant_id': '6be96c1988054f0894a0b91881870c3c', 'tenant_name': 'tempest-ServersTestMultiNic-1807665099', 'user_domain_id': 'default', 'user_domain_name': 'Default', 'user_id': 'cae7aa9b1b2e4e8f9e8636fe513270f3', 'system': None}, Network: None, Subnet: None, Router: None
2025-05-13 19:38:51.487 70234 INFO tempest.lib.common.rest_client [req-a1b72242-b944-4581-bf2c-b1200b6a4a70 req-a1b72242-b944-4581-bf2c-b1200b6a4a70 ] Request (FloatingIPsAssociationTestJSON:test_associate_already_associated_floating_ip): 200 GET http://10.180.1.21/compute/v2.1/servers/a36b06ca-77c8-4d2f-8b43-2c160fbac93f 0.075s
2025-05-13 19:38:51.527 70208 WARNING tempest.lib.common.ssh [-] Failed to establish authenticated ssh connection to cirros@10.180.180.163 ([Errno None] Unable to connect to port 22 on 10.180.180.163). Number attempts: 8. Retry after 9 seconds.: paramiko.ssh_exception.NoValidConnectionsError: [Errno None] Unable to connect to port 22 on 10.180.180.163
2025-05-13 19:38:51.553 70240 INFO tempest.lib.common.rest_client [req-5bc71fbc-73dc-487a-aeb0-eedb10125b3c req-5bc71fbc-73dc-487a-aeb0-eedb10125b3c ] Request (ServersTestMultiNic:setUpClass): 201 POST http://10.180.1.21/identity/v3/auth/tokens 0.069s
2025-05-13 19:38:51.616 70210 INFO tempest.lib.common.rest_client [req-5564aff9-7fba-4266-bbe2-1a2f94029df3 req-5564aff9-7fba-4266-bbe2-1a2f94029df3 ] Request (ServersAdmin275Test:test_rebuild_update_server_275): 200 GET http://10.180.1.21/compute/v2.1/servers/c6a06550-33ed-4fee-bd37-3fce9c55b235 0.099s
2025-05-13 19:38:51.627 70210 INFO tempest.common.waiters [-] State transition "BUILD/spawning" ==> "ACTIVE/None" after 66 second wait
