2025-02-11 15:27:01.555 62721 INFO tempest.lib.common.rest_client [req-71bb4bea-829c-4e86-8d41-0506be8dbfa3 req-71bb4bea-829c-4e86-8d41-0506be8dbfa3 ] Request (ServerRescueTestJSON:setUpClass): 200 GET http://10.180.1.21/compute/v2.1/servers/ca342da5-b6e7-4d00-be10-f7f3e6ff8b7c 0.223s
2025-02-11 15:27:01.638 62763 INFO tempest.lib.common.rest_client [req-c35aeadb-fdb1-4a2f-8280-c7c1a4dabc3e req-c35aeadb-fdb1-4a2f-8280-c7c1a4dabc3e ] Request (ServersTestJSON:test_create_specify_keypair): 200 GET http://10.180.1.21/compute/v2.1/servers/0f48434f-859f-4910-883f-2f81be647bad 0.057s
2025-02-11 15:27:01.692 62737 INFO tempest.lib.common.rest_client [req-f298be16-e774-4e40-9a50-9d801be5a527 req-f298be16-e774-4e40-9a50-9d801be5a527 ] Request (MigrationsAdminTest:test_resize_server_revert_deleted_flavor): 200 GET http://10.180.1.21/compute/v2.1/servers/9604eadf-a027-46dd-989b-0d4b752f883a 0.056s
2025-02-11 15:27:01.788 62727 INFO tempest.lib.common.rest_client [req-b2c320d0-57aa-4ac7-9529-013dcec148b1 req-b2c320d0-57aa-4ac7-9529-013dcec148b1 ] Request (ImagesOneServerTestJSON:tearDownClass): 200 GET http://10.180.1.21/compute/v2.1/servers/0dd47ff3-5a5b-4c51-8e6a-fc11449f21be 0.078s
2025-02-11 15:27:01.819 62713 INFO tempest.lib.common.rest_client [req-6f510fb1-c5b5-42a6-a104-cda09e057b98 req-6f510fb1-c5b5-42a6-a104-cda09e057b98 ] Request (ListServersNegativeTestJSON:setUpClass): 200 GET http://10.180.1.21/compute/v2.1/servers/330b5e35-3292-4df7-b288-547b158e671a 0.064s
2025-02-11 15:27:01.834 62729 INFO tempest.lib.common.rest_client [req-48e7b680-4ccc-40cd-b4c2-08875f19807c req-48e7b680-4ccc-40cd-b4c2-08875f19807c ] Request (AttachVolumeNegativeTest:test_attach_attached_volume_to_different_server): 200 GET http://10.180.1.21/compute/v2.1/servers/67f05a2b-f323-4e4a-ac13-7f4745593be0 0.049s
2025-02-11 15:27:01.852 62759 INFO tempest.lib.common.rest_client [req-8889f040-ddd4-44db-98b7-1a27294ece1f req-8889f040-ddd4-44db-98b7-1a27294ece1f ] Request (ImagesTestJSON:test_create_image_from_stopped_server): 200 GET http://10.180.1.21/compute/v2.1/images/35aacbb9-9f29-4179-83e7-370081c601df 0.055s
2025-02-11 15:27:01.904 62731 INFO tempest.lib.common.rest_client [req-36f0666b-70e3-4abc-a6f8-ab6f23892e9a req-36f0666b-70e3-4abc-a6f8-ab6f23892e9a ] Request (ServerDiskConfigTestJSON:test_resize_server_from_auto_to_manual): 200 GET http://10.180.1.21/compute/v2.1/servers/93234e99-268f-491e-96bd-a77f4c9f164b 0.068s
2025-02-11 15:27:01.924 62711 INFO tempest.lib.common.rest_client [req-c3eeef45-c2b6-4702-8e84-e1b451ceb393 req-c3eeef45-c2b6-4702-8e84-e1b451ceb393 ] Request (ServersTestBootFromVolume:setUpClass): 200 GET http://10.180.1.21/compute/v2.1/servers/d0311c29-e1ed-446f-a52b-1687b9561740 0.053s
2025-02-11 15:27:01.992 62749 INFO tempest.lib.common.rest_client [req-8dea11fd-1052-40ad-8aba-9a5b06fdc78b req-8dea11fd-1052-40ad-8aba-9a5b06fdc78b ] Request (ServerRescueNegativeTestJSON:test_rescued_vm_detach_volume): 200 GET http://10.180.1.21/compute/v2.1/servers/1e367665-1d4b-4686-ac79-c946423c1762 0.052s
2025-02-11 15:27:02.022 62747 INFO tempest.lib.common.rest_client [req-6e265509-e1ca-40b7-8f0b-9468cdaf9deb req-6e265509-e1ca-40b7-8f0b-9468cdaf9deb ] Request (ServerActionsTestOtherB:test_create_backup): 200 GET http://10.180.1.21/image/v2/images/6f1f859b-fe53-4112-82ab-d69109fbccbf 0.014s
2025-02-11 15:27:02.022 62705 INFO tempest.lib.common.rest_client [req-1a06ebfc-13ae-4f6b-ac55-fac78dd153e7 req-1a06ebfc-13ae-4f6b-ac55-fac78dd153e7 ] Request (ImagesOneServerNegativeTestJSON:setUpClass): 200 GET http://10.180.1.21/compute/v2.1/servers/563840a8-8fa7-4bfa-9912-933c14e7076a 0.053s
2025-02-11 15:27:02.080 62753 INFO tempest.lib.common.rest_client [req-b4e573d6-2643-4067-853b-0e904a452031 req-b4e573d6-2643-4067-853b-0e904a452031 ] Request (VolumesAssistedSnapshotsTest:_run_cleanups): 200 GET http://10.180.1.21/volume/v3/volumes/665dea38-a0be-4a97-be00-22d6a9018fe3 0.026s
2025-02-11 15:27:02.179 62735 INFO tempest.lib.common.rest_client [req-d85dd761-88b3-48ee-8ad4-7475f4dc47f2 req-d85dd761-88b3-48ee-8ad4-7475f4dc47f2 ] Request (ServersTestManualDisk:tearDownClass): 200 GET http://10.180.1.21/compute/v2.1/servers/e51a0dd7-b5da-44cb-9cd8-62932aec3ad5 0.106s
2025-02-11 15:27:02.184 62703 INFO tempest.lib.common.rest_client [req-9284b5dc-5232-4af4-913b-0176b5fdab64 req-9284b5dc-5232-4af4-913b-0176b5fdab64 ] Request (ServersWithSpecificFlavorTestJSON:test_verify_created_server_ephemeral_disk): 200 GET http://10.180.1.21/compute/v2.1/servers/e41f5c22-44e0-4de8-a4d0-865fe2c6febd 0.060s
2025-02-11 15:27:02.231 62733 INFO tempest.lib.common.rest_client [req-5cd4cadd-de13-4380-a1bf-118945532898 req-5cd4cadd-de13-4380-a1bf-118945532898 ] Request (FloatingIPsAssociationNegativeTestJSON:tearDownClass): 200 GET http://10.180.1.21/compute/v2.1/servers/17498cb6-8b16-4a2e-96ae-c594966cee77 0.095s
2025-02-11 15:27:02.257 62761 INFO tempest.lib.common.rest_client [req-7af558df-60a2-45fd-9a96-8d98010708e3 req-7af558df-60a2-45fd-9a96-8d98010708e3 ] Request (ServersV294TestFqdnHostnames:setUpClass): 200 GET http://10.180.1.21/compute/v2.1/servers/8bd05dac-7aa2-44c5-8752-6045c01d213d 0.061s
2025-02-11 15:27:02.285 62757 INFO tempest.lib.common.rest_client [req-4916ec0a-e403-42e4-9553-fc1630c6e756 req-4916ec0a-e403-42e4-9553-fc1630c6e756 ] Request (ServersAaction247Test:test_create_backup): 200 GET http://10.180.1.21/compute/v2.1/servers/3f508af0-68a2-4898-b9ae-d84cdb8a4cd9 0.085s
2025-02-11 15:27:02.291 62745 INFO tempest.lib.common.rest_client [req-fae9fc91-e8c8-4519-b568-b6f3ac84ed45 req-fae9fc91-e8c8-4519-b568-b6f3ac84ed45 ] Request (ListImageFiltersTestJSON:setUpClass): 200 GET http://10.180.1.21/compute/v2.1/images/5465739d-3e38-4577-aeb1-56c054db252e 0.057s
2025-02-11 15:27:02.339 62723 INFO tempest.lib.common.rest_client [req-301d3483-f3e0-47c5-bfff-bce69f03f47e req-301d3483-f3e0-47c5-bfff-bce69f03f47e ] Request (AttachInterfacesTestJSON:test_create_list_show_delete_interfaces_by_fixed_ip): 200 GET http://10.180.1.21/compute/v2.1/servers/4cd9c7be-c5f4-460b-a9e2-e8f778076947 0.097s
2025-02-11 15:27:02.345 62717 INFO tempest.lib.common.rest_client [req-562085bf-8d55-484b-a719-84691a296952 req-562085bf-8d55-484b-a719-84691a296952 ] Request (ServersTestFqdnHostnames:test_create_server_with_fqdn_name): 200 GET http://10.180.1.21/compute/v2.1/servers/2cffbbd9-f0b8-46e1-b6db-b74fb2499d1a 0.053s
2025-02-11 15:27:02.413 62707 INFO tempest.lib.common.rest_client [req-32d3247e-a9ec-47e0-a3e1-a9e736f608f1 req-32d3247e-a9ec-47e0-a3e1-a9e736f608f1 ] Request (FloatingIPsAssociationTestJSON:setUpClass): 200 GET http://10.180.1.21/compute/v2.1/servers/3810ae49-3b9d-4c5f-b579-8abddc8d6c1a 0.059s
2025-02-11 15:27:02.488 62709 INFO tempest.lib.common.rest_client [req-0005bd04-d2d6-4480-bb86-50434007a7f2 req-0005bd04-d2d6-4480-bb86-50434007a7f2 ] Request (ServersAdminTestJSON:test_inject_network_info): 200 GET http://10.180.1.21/compute/v2.1/servers/a10f5b03-c45b-4cc2-923f-3227665d236c 0.094s
2025-02-11 15:27:02.509 62701 INFO tempest.lib.common.rest_client [req-77914910-f27c-4664-97fa-f444cf0d394a req-77914910-f27c-4664-97fa-f444cf0d394a ] Request (InstanceActionsTestJSON:setUpClass): 200 GET http://10.180.1.21/compute/v2.1/servers/583138d1-f928-4e33-a443-11c627203c44 0.085s
2025-02-11 15:27:02.721 62763 INFO tempest.lib.common.rest_client [req-82c97e54-36f2-4e9d-bc36-0c6172426584 req-82c97e54-36f2-4e9d-bc36-0c6172426584 ] Request (ServersTestJSON:test_create_specify_keypair): 200 GET http://10.180.1.21/compute/v2.1/servers/0f48434f-859f-4910-883f-2f81be647bad 0.073s
2025-02-11 15:27:02.725 62721 INFO tempest.lib.common.rest_client [req-5a987580-4cb5-46f3-a631-0179cc2afe17 req-5a987580-4cb5-46f3-a631-0179cc2afe17 ] Request (ServerRescueTestJSON:setUpClass): 200 GET http://10.180.1.21/compute/v2.1/servers/ca342da5-b6e7-4d00-be10-f7f3e6ff8b7c 0.159s
2025-02-11 15:27:02.783 62737 INFO tempest.lib.common.rest_client [req-f805207b-cbb7-4268-93e2-10f2172d9ceb req-f805207b-cbb7-4268-93e2-10f2172d9ceb ] Request (MigrationsAdminTest:test_resize_server_revert_deleted_flavor): 200 GET http://10.180.1.21/compute/v2.1/servers/9604eadf-a027-46dd-989b-0d4b752f883a 0.082s
2025-02-11 15:27:02.818 62727 INFO tempest.lib.common.rest_client [req-eba4f019-b360-46d1-8ada-26e87fed2b52 req-eba4f019-b360-46d1-8ada-26e87fed2b52 ] Request (ImagesOneServerTestJSON:tearDownClass): 404 GET http://10.180.1.21/compute/v2.1/servers/0dd47ff3-5a5b-4c51-8e6a-fc11449f21be 0.023s
2025-02-11 15:27:02.900 62713 INFO tempest.lib.common.rest_client [req-6769a114-23ee-4e82-9862-15f6f0a2fa3c req-6769a114-23ee-4e82-9862-15f6f0a2fa3c ] Request (ListServersNegativeTestJSON:setUpClass): 200 GET http://10.180.1.21/compute/v2.1/servers/330b5e35-3292-4df7-b288-547b158e671a 0.073s
2025-02-11 15:27:02.914 62729 INFO tempest.lib.common.rest_client [req-81096bde-04e5-43e5-9d17-305e5d854ae4 req-81096bde-04e5-43e5-9d17-305e5d854ae4 ] Request (AttachVolumeNegativeTest:test_attach_attached_volume_to_different_server): 200 GET http://10.180.1.21/compute/v2.1/servers/67f05a2b-f323-4e4a-ac13-7f4745593be0 0.071s
2025-02-11 15:27:02.937 62759 INFO tempest.lib.common.rest_client [req-b020c056-3014-425e-9d6f-9a1400b32828 req-b020c056-3014-425e-9d6f-9a1400b32828 ] Request (ImagesTestJSON:test_create_image_from_stopped_server): 200 GET http://10.180.1.21/compute/v2.1/images/35aacbb9-9f29-4179-83e7-370081c601df 0.082s
2025-02-11 15:27:02.980 62731 INFO tempest.lib.common.rest_client [req-ed490b3e-1f4a-4ccd-987a-22dc89ad20b8 req-ed490b3e-1f4a-4ccd-987a-22dc89ad20b8 ] Request (ServerDiskConfigTestJSON:test_resize_server_from_auto_to_manual): 200 GET http://10.180.1.21/compute/v2.1/servers/93234e99-268f-491e-96bd-a77f4c9f164b 0.069s
2025-02-11 15:27:03.001 62711 INFO tempest.lib.common.rest_client [req-38a43985-b185-4226-9e13-ebb2dda3c51b req-38a43985-b185-4226-9e13-ebb2dda3c51b ] Request (ServersTestBootFromVolume:setUpClass): 200 GET http://10.180.1.21/compute/v2.1/servers/d0311c29-e1ed-446f-a52b-1687b9561740 0.065s
2025-02-11 15:27:03.064 62749 INFO tempest.lib.common.rest_client [req-becaa9fd-db44-41ea-be37-522db8f4d50c req-becaa9fd-db44-41ea-be37-522db8f4d50c ] Request (ServerRescueNegativeTestJSON:test_rescued_vm_detach_volume): 200 GET http://10.180.1.21/compute/v2.1/servers/1e367665-1d4b-4686-ac79-c946423c1762 0.063s
2025-02-11 15:27:03.100 62705 INFO tempest.lib.common.rest_client [req-4dba1c07-9876-49ae-b1ec-ec2ea4255a92 req-4dba1c07-9876-49ae-b1ec-ec2ea4255a92 ] Request (ImagesOneServerNegativeTestJSON:setUpClass): 200 GET http://10.180.1.21/compute/v2.1/servers/563840a8-8fa7-4bfa-9912-933c14e7076a 0.070s
2025-02-11 15:27:03.115 62753 INFO tempest.lib.common.rest_client [req-163efc87-9195-4b80-acab-f003acb39a6a req-163efc87-9195-4b80-acab-f003acb39a6a ] Request (VolumesAssistedSnapshotsTest:_run_cleanups): 404 GET http://10.180.1.21/volume/v3/volumes/665dea38-a0be-4a97-be00-22d6a9018fe3 0.028s
2025-02-11 15:27:03.223 62753 INFO tempest.lib.common.rest_client [req-0ba07d8e-39a6-4ed2-b991-b9aa9eebea61 req-0ba07d8e-39a6-4ed2-b991-b9aa9eebea61 ] Request (VolumesAssistedSnapshotsTest:tearDownClass): 204 DELETE http://10.180.1.21/compute/v2.1/servers/14bb9b79-d224-4a64-861e-30dd919c5741 0.100s
2025-02-11 15:27:03.302 62703 INFO tempest.lib.common.rest_client [req-ad7c3f23-3272-4a4a-86b6-e9361ba2830c req-ad7c3f23-3272-4a4a-86b6-e9361ba2830c ] Request (ServersWithSpecificFlavorTestJSON:test_verify_created_server_ephemeral_disk): 200 GET http://10.180.1.21/compute/v2.1/servers/e41f5c22-44e0-4de8-a4d0-865fe2c6febd 0.110s
2025-02-11 15:27:03.379 62735 INFO tempest.lib.common.rest_client [req-e9d6150f-9025-41e3-883b-6b2a0476c432 req-e9d6150f-9025-41e3-883b-6b2a0476c432 ] Request (ServersTestManualDisk:tearDownClass): 200 GET http://10.180.1.21/compute/v2.1/servers/e51a0dd7-b5da-44cb-9cd8-62932aec3ad5 0.193s
2025-02-11 15:27:03.465 62733 INFO tempest.lib.common.rest_client [req-7cf4497a-0a6f-4263-8dd4-0011f5a8b4db req-7cf4497a-0a6f-4263-8dd4-0011f5a8b4db ] Request (FloatingIPsAssociationNegativeTestJSON:tearDownClass): 200 GET http://10.180.1.21/compute/v2.1/servers/17498cb6-8b16-4a2e-96ae-c594966cee77 0.225s
2025-02-11 15:27:03.529 62753 INFO tempest.lib.common.rest_client [req-4f5dcbee-c15a-4679-8711-ac444ed5b07c req-4f5dcbee-c15a-4679-8711-ac444ed5b07c ] Request (VolumesAssistedSnapshotsTest:tearDownClass): 200 GET http://10.180.1.21/compute/v2.1/servers/14bb9b79-d224-4a64-861e-30dd919c5741 0.305s
2025-02-11 15:27:03.548 62761 INFO tempest.lib.common.rest_client [req-37ce22c5-eaeb-4e61-91b8-70c2b62cf27a req-37ce22c5-eaeb-4e61-91b8-70c2b62cf27a ] Request (ServersV294TestFqdnHostnames:setUpClass): 200 GET http://10.180.1.21/compute/v2.1/servers/8bd05dac-7aa2-44c5-8752-6045c01d213d 0.282s
2025-02-11 15:27:03.614 62757 INFO tempest.lib.common.rest_client [req-41732937-3474-4c61-8fe8-3807b8ddf20c req-41732937-3474-4c61-8fe8-3807b8ddf20c ] Request (ServersAaction247Test:test_create_backup): 200 GET http://10.180.1.21/compute/v2.1/servers/3f508af0-68a2-4898-b9ae-d84cdb8a4cd9 0.318s
2025-02-11 15:27:03.625 62757 INFO tempest.common.waiters [-] State transition "BUILD/scheduling" ==> "BUILD/None" after 40 second wait
2025-02-11 15:27:03.682 62723 INFO tempest.lib.common.rest_client [req-f4043987-c4fc-4730-8a20-33edea04891c req-f4043987-c4fc-4730-8a20-33edea04891c ] Request (AttachInterfacesTestJSON:test_create_list_show_delete_interfaces_by_fixed_ip): 200 GET http://10.180.1.21/compute/v2.1/servers/4cd9c7be-c5f4-460b-a9e2-e8f778076947 0.335s
2025-02-11 15:27:03.761 62717 INFO tempest.lib.common.rest_client [req-9474a48e-cc09-45d3-82b1-e1f89e4aea08 req-9474a48e-cc09-45d3-82b1-e1f89e4aea08 ] Request (ServersTestFqdnHostnames:test_create_server_with_fqdn_name): 200 GET http://10.180.1.21/compute/v2.1/servers/2cffbbd9-f0b8-46e1-b6db-b74fb2499d1a 0.408s
2025-02-11 15:27:03.907 62707 INFO tempest.lib.common.rest_client [req-b0008c15-6a28-4fed-8a47-c6af25e0ad3c req-b0008c15-6a28-4fed-8a47-c6af25e0ad3c ] Request (FloatingIPsAssociationTestJSON:setUpClass): 200 GET http://10.180.1.21/compute/v2.1/servers/3810ae49-3b9d-4c5f-b579-8abddc8d6c1a 0.486s
2025-02-11 15:27:03.919 62707 INFO tempest.common.waiters [-] State transition "BUILD/None" ==> "BUILD/block_device_mapping" after 99 second wait
2025-02-11 15:27:03.974 62709 INFO tempest.lib.common.rest_client [req-a4691985-85d6-4038-93f4-d5bea2a3347b req-a4691985-85d6-4038-93f4-d5bea2a3347b ] Request (ServersAdminTestJSON:test_inject_network_info): 200 GET http://10.180.1.21/compute/v2.1/servers/a10f5b03-c45b-4cc2-923f-3227665d236c 0.473s
2025-02-11 15:27:04.030 62701 INFO tempest.lib.common.rest_client [req-21248e58-36bb-4cdb-b7e5-a7253932eef9 req-21248e58-36bb-4cdb-b7e5-a7253932eef9 ] Request (InstanceActionsTestJSON:setUpClass): 200 GET http://10.180.1.21/compute/v2.1/servers/583138d1-f928-4e33-a443-11c627203c44 0.511s
2025-02-11 15:27:04.088 62763 INFO tempest.lib.common.rest_client [req-fb2a8fa9-a9ab-40d0-9f99-5c6329826580 req-fb2a8fa9-a9ab-40d0-9f99-5c6329826580 ] Request (ServersTestJSON:test_create_specify_keypair): 200 GET http://10.180.1.21/compute/v2.1/servers/0f48434f-859f-4910-883f-2f81be647bad 0.359s
2025-02-11 15:27:04.206 62721 INFO tempest.lib.common.rest_client [req-8885cca1-71e2-4bf0-8b80-9858bd80f58b req-8885cca1-71e2-4bf0-8b80-9858bd80f58b ] Request (ServerRescueTestJSON:setUpClass): 200 GET http://10.180.1.21/compute/v2.1/servers/ca342da5-b6e7-4d00-be10-f7f3e6ff8b7c 0.472s
2025-02-11 15:27:04.260 62737 INFO tempest.lib.common.rest_client [req-44f816c7-4356-4802-b84a-6b4069366a7e req-44f816c7-4356-4802-b84a-6b4069366a7e ] Request (MigrationsAdminTest:test_resize_server_revert_deleted_flavor): 200 GET http://10.180.1.21/compute/v2.1/servers/9604eadf-a027-46dd-989b-0d4b752f883a 0.469s
2025-02-11 15:27:04.271 62727 INFO tempest.lib.common.rest_client [req-63c0c36e-3617-4fa5-b60c-a2572bc1c9ef req-63c0c36e-3617-4fa5-b60c-a2572bc1c9ef ] Request (ImagesOneServerTestJSON:tearDownClass): 200 PUT http://10.180.1.21:9696/networking/v2.0/routers/3ae2630a-5f36-40e2-be1b-f9f347ebe645/remove_router_interface 1.452s
2025-02-11 15:27:04.320 62713 INFO tempest.lib.common.rest_client [req-cf113d8d-696f-4dd7-94bc-516a4e429aaf req-cf113d8d-696f-4dd7-94bc-516a4e429aaf ] Request (ListServersNegativeTestJSON:setUpClass): 200 GET http://10.180.1.21/compute/v2.1/servers/330b5e35-3292-4df7-b288-547b158e671a 0.400s
2025-02-11 15:27:04.378 62729 INFO tempest.lib.common.rest_client [req-e67146e9-6573-4bff-8d55-741753831c3e req-e67146e9-6573-4bff-8d55-741753831c3e ] Request (AttachVolumeNegativeTest:test_attach_attached_volume_to_different_server): 200 GET http://10.180.1.21/compute/v2.1/servers/67f05a2b-f323-4e4a-ac13-7f4745593be0 0.452s
2025-02-11 15:27:04.629 62727 INFO tempest.lib.common.rest_client [req-9ac5ecab-79d5-4df8-abab-05a5c1d3e378 req-9ac5ecab-79d5-4df8-abab-05a5c1d3e378 ] Request (ImagesOneServerTestJSON:tearDownClass): 204 DELETE http://10.180.1.21:9696/networking/v2.0/routers/3ae2630a-5f36-40e2-be1b-f9f347ebe645 0.357s
2025-02-11 15:27:04.631 62739 WARNING tempest.lib.common.ssh [-] Failed to establish authenticated ssh connection to cirros@10.180.180.229 ([Errno None] Unable to connect to port 22 on 10.180.180.229). Number attempts: 3. Retry after 4 seconds.: paramiko.ssh_exception.NoValidConnectionsError: [Errno None] Unable to connect to port 22 on 10.180.180.229
2025-02-11 15:27:04.785 62727 INFO tempest.lib.common.rest_client [req-c24696f9-8cc3-43fe-bb71-21178c24c509 req-c24696f9-8cc3-43fe-bb71-21178c24c509 ] Request (ImagesOneServerTestJSON:tearDownClass): 204 DELETE http://10.180.1.21:9696/networking/v2.0/subnets/516eba67-5658-4e09-abf7-9cb87a463795 0.155s
2025-02-11 15:27:05.043 62727 INFO tempest.lib.common.rest_client [req-9302d429-a9e4-40d2-a823-42b09cbf52df req-9302d429-a9e4-40d2-a823-42b09cbf52df ] Request (ImagesOneServerTestJSON:tearDownClass): 204 DELETE http://10.180.1.21:9696/networking/v2.0/networks/777d5429-0250-4391-93ed-019a886f8d9f 0.258s
2025-02-11 15:27:05.150 62715 INFO paramiko.transport [-] Connected (version 2.0, client dropbear_2020.81)
2025-02-11 15:27:05.182 62727 INFO tempest.lib.common.rest_client [req-0a9c682e-54ff-46cd-ac10-64765b429941 req-0a9c682e-54ff-46cd-ac10-64765b429941 ] Request (ImagesOneServerTestJSON:tearDownClass): 204 DELETE http://10.180.1.21/identity/v3/users/df4a52739e5a42f890af9e64958b013b 0.138s
2025-02-11 15:27:05.182 62727 INFO tempest.lib.common.dynamic_creds [-] Deleting project and security group for project: f1266b6ffcfb4e658731a9e3345e6789
2025-02-11 15:27:05.211 62715 INFO paramiko.transport [-] Authentication (publickey) successful!
2025-02-11 15:27:05.212 62715 INFO tempest.lib.common.ssh [-] ssh connection to cirros@10.180.180.252 successfully created
2025-02-11 15:27:05.224 62727 INFO tempest.lib.common.rest_client [req-c0015cff-f4ad-4017-93ae-6f8be1e02072 req-c0015cff-f4ad-4017-93ae-6f8be1e02072 ] Request (ImagesOneServerTestJSON:tearDownClass): 200 GET http://10.180.1.21:9696/networking/v2.0/security-groups?tenant_id=f1266b6ffcfb4e658731a9e3345e6789&name=default 0.041s
2025-02-11 15:27:05.343 62727 INFO tempest.lib.common.rest_client [req-476d6154-25d6-4ad5-a405-a0664fb183ba req-476d6154-25d6-4ad5-a405-a0664fb183ba ] Request (ImagesOneServerTestJSON:tearDownClass): 204 DELETE http://10.180.1.21:9696/networking/v2.0/security-groups/b5d6391d-16aa-4bdd-95e5-6214466b6ae2 0.118s
2025-02-11 15:27:05.417 62715 INFO tempest.lib.common.rest_client [req-85d392fd-1688-4f93-8282-ab5f53409168 req-85d392fd-1688-4f93-8282-ab5f53409168 ] Request (VolumesAdminNegativeTest:test_update_attached_volume_with_nonexistent_volume_in_body): 202 POST http://10.180.1.21/volume/v3/volumes 0.204s
2025-02-11 15:27:05.443 62727 INFO tempest.lib.common.rest_client [req-9d0b84ab-788e-4856-ad27-917039fb4cfd req-9d0b84ab-788e-4856-ad27-917039fb4cfd ] Request (ImagesOneServerTestJSON:tearDownClass): 204 DELETE http://10.180.1.21/identity/v3/projects/f1266b6ffcfb4e658731a9e3345e6789 0.099s
2025-02-11 15:27:05.451 62715 INFO tempest.lib.common.rest_client [req-47bffb08-74ff-40fc-aa82-208710e299cf req-47bffb08-74ff-40fc-aa82-208710e299cf ] Request (VolumesAdminNegativeTest:test_update_attached_volume_with_nonexistent_volume_in_body): 200 GET http://10.180.1.21/volume/v3/volumes/789417f0-0a0f-41c6-9067-c1e9bc8fd22e 0.027s
2025-02-11 15:27:05.504 62727 INFO tempest.lib.common.rest_client [req-3884377d-a6a8-41da-9e70-e3daa385a732 req-3884377d-a6a8-41da-9e70-e3daa385a732 ] Request (SecurityGroupsTestJSON:setUpClass): 201 POST http://10.180.1.21/identity/v3/auth/tokens 0.060s
2025-02-11 15:27:05.539 62727 INFO tempest.lib.common.rest_client [req-651bfebc-3567-488c-af42-d5086c7df00e req-651bfebc-3567-488c-af42-d5086c7df00e ] Request (SecurityGroupsTestJSON:setUpClass): 201 POST http://10.180.1.21/identity/v3/auth/tokens 0.031s
2025-02-11 15:27:05.564 62727 INFO tempest.lib.common.rest_client [req-7df125ec-9955-4281-85d0-32e22013fb88 req-7df125ec-9955-4281-85d0-32e22013fb88 ] Request (SecurityGroupsTestJSON:setUpClass): 200 GET http://10.180.1.21/identity/v3/domains?name=Default 0.024s
2025-02-11 15:27:05.597 62727 INFO tempest.lib.common.rest_client [req-4e103687-5007-497f-9059-35bdac264b06 req-4e103687-5007-497f-9059-35bdac264b06 ] Request (SecurityGroupsTestJSON:setUpClass): 201 POST http://10.180.1.21/identity/v3/projects 0.032s
2025-02-11 15:27:05.655 62727 INFO tempest.lib.common.rest_client [req-b3ec5be6-92c0-4858-a3d9-83f0890a1231 req-b3ec5be6-92c0-4858-a3d9-83f0890a1231 ] Request (SecurityGroupsTestJSON:setUpClass): 201 POST http://10.180.1.21/identity/v3/users 0.057s
2025-02-11 15:27:05.678 62727 INFO tempest.lib.common.rest_client [req-7fe11626-b6de-44f4-ae7d-fd636adfa8ab req-7fe11626-b6de-44f4-ae7d-fd636adfa8ab ] Request (SecurityGroupsTestJSON:setUpClass): 200 GET http://10.180.1.21/identity/v3/roles 0.023s
2025-02-11 15:27:05.755 62727 INFO tempest.lib.common.rest_client [req-9457037d-82f1-4f56-a2b6-1cf8a5c0f65e req-9457037d-82f1-4f56-a2b6-1cf8a5c0f65e ] Request (SecurityGroupsTestJSON:setUpClass): 204 PUT http://10.180.1.21/identity/v3/projects/28e37dc42ac74824b43bd4b120a52674/users/7111f98afebe43d48615445b7fd4596d/roles/aaa3e2f882e74882a6b6c25db5a20eba 0.076s
2025-02-11 15:27:05.755 62727 INFO tempest.lib.common.dynamic_creds [-] Dynamic test user 7111f98afebe43d48615445b7fd4596d is created with scope project and roles: ['member']
2025-02-11 15:27:05.756 62727 INFO tempest.lib.common.dynamic_creds [-] Acquired dynamic creds: credentials: Credentials: {'domain_id': 'default', 'domain_name': 'Default', 'username': 'tempest-SecurityGroupsTestJSON-1885631499-project-member', 'project_domain_id': 'default', 'project_domain_name': 'Default', 'project_id': '28e37dc42ac74824b43bd4b120a52674', 'project_name': 'tempest-SecurityGroupsTestJSON-1885631499', 'tenant_id': '28e37dc42ac74824b43bd4b120a52674', 'tenant_name': 'tempest-SecurityGroupsTestJSON-1885631499', 'user_domain_id': 'default', 'user_domain_name': 'Default', 'user_id': '7111f98afebe43d48615445b7fd4596d', 'system': None}, Network: None, Subnet: None, Router: None
2025-02-11 15:27:05.831 62727 INFO tempest.lib.common.rest_client [req-e3f321fc-13a4-4647-b15f-5c5c600bd8f0 req-e3f321fc-13a4-4647-b15f-5c5c600bd8f0 ] Request (SecurityGroupsTestJSON:setUpClass): 201 POST http://10.180.1.21/identity/v3/auth/tokens 0.075s
2025-02-11 15:27:06.091 62741 WARNING tempest.lib.common.ssh [-] Failed to establish authenticated ssh connection to cirros@10.180.180.158 ([Errno None] Unable to connect to port 22 on 10.180.180.158). Number attempts: 10. Retry after 11 seconds.: paramiko.ssh_exception.NoValidConnectionsError: [Errno None] Unable to connect to port 22 on 10.180.180.158
2025-02-11 15:27:06.212 62727 INFO tempest.lib.common.rest_client [req-2e58e9b6-bca3-4c8e-8707-08d6c9139244 req-2e58e9b6-bca3-4c8e-8707-08d6c9139244 ] Request (SecurityGroupsTestJSON:setUpClass): 201 POST http://10.180.1.21:9696/networking/v2.0/networks 0.380s
2025-02-11 15:27:06.491 62715 INFO tempest.lib.common.rest_client [req-81a9a691-b3df-4d2a-a0d1-878fe65569ac req-81a9a691-b3df-4d2a-a0d1-878fe65569ac ] Request (VolumesAdminNegativeTest:test_update_attached_volume_with_nonexistent_volume_in_body): 200 GET http://10.180.1.21/volume/v3/volumes/789417f0-0a0f-41c6-9067-c1e9bc8fd22e 0.033s
2025-02-11 15:27:06.498 62715 INFO tempest.common.waiters [-] volume 789417f0-0a0f-41c6-9067-c1e9bc8fd22e reached available after waiting for 1.497978 seconds
2025-02-11 15:27:06.603 62727 INFO tempest.lib.common.rest_client [req-3d7a988c-4d1a-4f61-9058-5dda41307588 req-3d7a988c-4d1a-4f61-9058-5dda41307588 ] Request (SecurityGroupsTestJSON:setUpClass): 201 POST http://10.180.1.21:9696/networking/v2.0/subnets 0.390s
2025-02-11 15:27:07.277 62727 INFO tempest.lib.common.rest_client [req-4b6ac52a-7ba8-49d5-b468-a3ceb172459e req-4b6ac52a-7ba8-49d5-b468-a3ceb172459e ] Request (SecurityGroupsTestJSON:setUpClass): 201 POST http://10.180.1.21:9696/networking/v2.0/routers 0.673s
2025-02-11 15:27:07.803 62747 INFO tempest.lib.common.rest_client [req-7e1a8b0b-558d-4693-a291-187aa7e7b59e req-7e1a8b0b-558d-4693-a291-187aa7e7b59e ] Request (ServerActionsTestOtherB:test_create_backup): 200 GET http://10.180.1.21/image/v2/images/6f1f859b-fe53-4112-82ab-d69109fbccbf 4.779s
2025-02-11 15:27:07.915 62747 INFO tempest.lib.common.rest_client [req-7e435c42-6a44-4068-a71d-5cd2e22c1f72 req-7e435c42-6a44-4068-a71d-5cd2e22c1f72 ] Request (ServerActionsTestOtherB:test_create_backup): 200 GET http://10.180.1.21/image/v2/images/6f1f859b-fe53-4112-82ab-d69109fbccbf/tasks 0.111s
2025-02-11 15:27:07.934 62745 INFO tempest.lib.common.rest_client [req-e96c65ab-a996-4475-8ff8-92c83879c584 req-e96c65ab-a996-4475-8ff8-92c83879c584 ] Request (ListImageFiltersTestJSON:setUpClass): 200 GET http://10.180.1.21/compute/v2.1/images/5465739d-3e38-4577-aeb1-56c054db252e 4.637s
2025-02-11 15:27:07.940 62759 INFO tempest.lib.common.rest_client [req-28feb804-90e5-4fb8-a905-41ad7dfc6dcc req-28feb804-90e5-4fb8-a905-41ad7dfc6dcc ] Request (ImagesTestJSON:test_create_image_from_stopped_server): 200 GET http://10.180.1.21/compute/v2.1/images/35aacbb9-9f29-4179-83e7-370081c601df 3.998s
2025-02-11 15:27:08.023 62731 INFO tempest.lib.common.rest_client [req-f503db42-3eef-4167-a691-741ccd78f834 req-f503db42-3eef-4167-a691-741ccd78f834 ] Request (ServerDiskConfigTestJSON:test_resize_server_from_auto_to_manual): 200 GET http://10.180.1.21/compute/v2.1/servers/93234e99-268f-491e-96bd-a77f4c9f164b 4.034s
2025-02-11 15:27:08.036 62711 INFO tempest.lib.common.rest_client [req-867c3314-2ca5-4358-a701-f8df78f82ea0 req-867c3314-2ca5-4358-a701-f8df78f82ea0 ] Request (ServersTestBootFromVolume:setUpClass): 200 GET http://10.180.1.21/compute/v2.1/servers/d0311c29-e1ed-446f-a52b-1687b9561740 4.022s
2025-02-11 15:27:08.088 62749 INFO tempest.lib.common.rest_client [req-76a548d3-48ae-4c05-ad0a-5c51efa2688f req-76a548d3-48ae-4c05-ad0a-5c51efa2688f ] Request (ServerRescueNegativeTestJSON:test_rescued_vm_detach_volume): 200 GET http://10.180.1.21/compute/v2.1/servers/1e367665-1d4b-4686-ac79-c946423c1762 4.017s
2025-02-11 15:27:08.119 62705 INFO tempest.lib.common.rest_client [req-76d6adc5-e9ee-4851-b997-73d0c5fa4a9f req-76d6adc5-e9ee-4851-b997-73d0c5fa4a9f ] Request (ImagesOneServerNegativeTestJSON:setUpClass): 200 GET http://10.180.1.21/compute/v2.1/servers/563840a8-8fa7-4bfa-9912-933c14e7076a 4.003s
2025-02-11 15:27:08.148 62703 INFO tempest.lib.common.rest_client [req-70542376-6d65-4992-b596-19dbe5e90edf req-70542376-6d65-4992-b596-19dbe5e90edf ] Request (ServersWithSpecificFlavorTestJSON:test_verify_created_server_ephemeral_disk): 200 GET http://10.180.1.21/compute/v2.1/servers/e41f5c22-44e0-4de8-a4d0-865fe2c6febd 3.838s
2025-02-11 15:27:08.206 62735 INFO tempest.lib.common.rest_client [req-3cfe49ab-37e9-4c39-a95d-e9a11ab8830e req-3cfe49ab-37e9-4c39-a95d-e9a11ab8830e ] Request (ServersTestManualDisk:tearDownClass): 200 GET http://10.180.1.21/compute/v2.1/servers/e51a0dd7-b5da-44cb-9cd8-62932aec3ad5 3.818s
2025-02-11 15:27:08.216 62735 INFO tempest.common.waiters [-] State transition "ACTIVE/deleting" ==> "DELETED/None" after 7 second wait
2025-02-11 15:27:08.220 62733 INFO tempest.lib.common.rest_client [req-b17fbde7-b220-43da-87f1-f66fc6ccac4f req-b17fbde7-b220-43da-87f1-f66fc6ccac4f ] Request (FloatingIPsAssociationNegativeTestJSON:tearDownClass): 200 GET http://10.180.1.21/compute/v2.1/servers/17498cb6-8b16-4a2e-96ae-c594966cee77 3.742s
2025-02-11 15:27:08.290 62753 INFO tempest.lib.common.rest_client [req-39737043-db2c-4670-912b-93a3d65acd94 req-39737043-db2c-4670-912b-93a3d65acd94 ] Request (VolumesAssistedSnapshotsTest:tearDownClass): 200 GET http://10.180.1.21/compute/v2.1/servers/14bb9b79-d224-4a64-861e-30dd919c5741 3.746s
2025-02-11 15:27:08.300 62761 INFO tempest.lib.common.rest_client [req-3f3cd027-f2cd-4adf-bfe5-80ce3080dd25 req-3f3cd027-f2cd-4adf-bfe5-80ce3080dd25 ] Request (ServersV294TestFqdnHostnames:setUpClass): 200 GET http://10.180.1.21/compute/v2.1/servers/8bd05dac-7aa2-44c5-8752-6045c01d213d 3.736s
2025-02-11 15:27:08.303 62753 INFO tempest.common.waiters [-] State transition "ACTIVE/deleting" ==> "DELETED/None" after 5 second wait
2025-02-11 15:27:08.368 62757 INFO tempest.lib.common.rest_client [req-afa3276b-bced-4807-8298-930cece48c83 req-afa3276b-bced-4807-8298-930cece48c83 ] Request (ServersAaction247Test:test_create_backup): 200 GET http://10.180.1.21/compute/v2.1/servers/3f508af0-68a2-4898-b9ae-d84cdb8a4cd9 3.741s
2025-02-11 15:27:08.368 62723 INFO tempest.lib.common.rest_client [req-166f1e8b-50a2-4a7a-b3f5-da3c4246f094 req-166f1e8b-50a2-4a7a-b3f5-da3c4246f094 ] Request (AttachInterfacesTestJSON:test_create_list_show_delete_interfaces_by_fixed_ip): 200 GET http://10.180.1.21/compute/v2.1/servers/4cd9c7be-c5f4-460b-a9e2-e8f778076947 3.675s
2025-02-11 15:27:08.508 62727 INFO tempest.lib.common.rest_client [req-bf0fc3dd-3cb1-47bb-8cee-799a74d94d65 req-bf0fc3dd-3cb1-47bb-8cee-799a74d94d65 ] Request (SecurityGroupsTestJSON:setUpClass): 200 PUT http://10.180.1.21:9696/networking/v2.0/routers/be45f64f-893e-427e-9aad-657fc2e21f72/add_router_interface 1.231s
2025-02-11 15:27:08.509 62727 INFO tempest.lib.common.dynamic_creds [-] Created isolated network resources for: credentials: Credentials: {'domain_id': 'default', 'domain_name': 'Default', 'username': 'tempest-SecurityGroupsTestJSON-1885631499-project-member', 'project_domain_id': 'default', 'project_domain_name': 'Default', 'project_id': '28e37dc42ac74824b43bd4b120a52674', 'project_name': 'tempest-SecurityGroupsTestJSON-1885631499', 'tenant_id': '28e37dc42ac74824b43bd4b120a52674', 'tenant_name': 'tempest-SecurityGroupsTestJSON-1885631499', 'user_domain_id': 'default', 'user_domain_name': 'Default', 'user_id': '7111f98afebe43d48615445b7fd4596d', 'system': None}, Network: {'id': '78c2d974-4a9e-4933-b7e4-e45bdfe89808', 'name': 'tempest-SecurityGroupsTestJSON-1780687027-network', 'tenant_id': '28e37dc42ac74824b43bd4b120a52674', 'admin_state_up': True, 'mtu': 8950, 'status': 'ACTIVE', 'subnets': [], 'shared': False, 'project_id': '28e37dc42ac74824b43bd4b120a52674', 'port_security_enabled': True, 'router:external': False, 'provider:network_type': 'vlan', 'provider:physical_network': 'default', 'provider:segmentation_id': 323, 'availability_zone_hints': [], 'availability_zones': [], 'ipv4_address_scope': None, 'ipv6_address_scope': None, 'description': '', 'tags': [], 'created_at': '2025-02-11T15:27:06Z', 'updated_at': '2025-02-11T15:27:06Z', 'revision_number': 1}, Subnet: {'id': 'ac33c99a-0a4d-477b-a763-4949cc4e3407', 'name': 'tempest-SecurityGroupsTestJSON-1780687027-subnet', 'tenant_id': '28e37dc42ac74824b43bd4b120a52674', 'network_id': '78c2d974-4a9e-4933-b7e4-e45bdfe89808', 'ip_version': 4, 'subnetpool_id': None, 'enable_dhcp': True, 'ipv6_ra_mode': None, 'ipv6_address_mode': None, 'gateway_ip': '192.168.128.1', 'cidr': '192.168.128.0/28', 'allocation_pools': [{'start': '192.168.128.2', 'end': '192.168.128.14'}], 'host_routes': [], 'dns_nameservers': [], 'description': '', 'router:external': False, 'service_types': [], 'tags': [], 'created_at': '2025-02-11T15:27:06Z', 'updated_at': '2025-02-11T15:27:06Z', 'revision_number': 0, 'project_id': '28e37dc42ac74824b43bd4b120a52674'}, Router: {'id': 'be45f64f-893e-427e-9aad-657fc2e21f72', 'name': 'tempest-SecurityGroupsTestJSON-1780687027-router', 'tenant_id': '28e37dc42ac74824b43bd4b120a52674', 'admin_state_up': True, 'status': 'ACTIVE', 'external_gateway_info': {'network_id': '0f429931-01f7-45bf-bcc1-ffdd367dc278', 'external_fixed_ips': [{'subnet_id': '51b457e9-53ee-4c20-84b8-056c56205e64', 'ip_address': '10.180.180.184'}], 'enable_snat': True}, 'description': '', 'availability_zones': [], 'distributed': False, 'ha': False, 'availability_zone_hints': [], 'routes': [], 'flavor_id': None, 'tags': [], 'created_at': '2025-02-11T15:27:06Z', 'updated_at': '2025-02-11T15:27:07Z', 'revision_number': 2, 'project_id': '28e37dc42ac74824b43bd4b120a52674'}
2025-02-11 15:27:08.553 62707 INFO tempest.lib.common.rest_client [req-037f8fdb-3cb0-4e7c-b011-bffd21364b62 req-037f8fdb-3cb0-4e7c-b011-bffd21364b62 ] Request (FloatingIPsAssociationTestJSON:setUpClass): 200 GET http://10.180.1.21/compute/v2.1/servers/3810ae49-3b9d-4c5f-b579-8abddc8d6c1a 3.633s
2025-02-11 15:27:08.559 62717 INFO tempest.lib.common.rest_client [req-ecf2fc8d-03ee-4b35-9738-3b33596c287e req-ecf2fc8d-03ee-4b35-9738-3b33596c287e ] Request (ServersTestFqdnHostnames:test_create_server_with_fqdn_name): 200 GET http://10.180.1.21/compute/v2.1/servers/2cffbbd9-f0b8-46e1-b6db-b74fb2499d1a 3.788s
2025-02-11 15:27:08.562 62707 INFO tempest.common.waiters [-] State transition "BUILD/block_device_mapping" ==> "BUILD/spawning" after 104 second wait
2025-02-11 15:27:08.572 62717 INFO tempest.common.waiters [-] State transition "BUILD/None" ==> "BUILD/spawning" after 103 second wait
2025-02-11 15:27:08.619 62709 INFO tempest.lib.common.rest_client [req-a2626973-4379-444e-b43b-fb501b0b63f7 req-a2626973-4379-444e-b43b-fb501b0b63f7 ] Request (ServersAdminTestJSON:test_inject_network_info): 200 GET http://10.180.1.21/compute/v2.1/servers/a10f5b03-c45b-4cc2-923f-3227665d236c 3.629s
2025-02-11 15:27:08.621 62727 INFO tempest.lib.common.rest_client [req-48f26024-64ff-404c-ae5e-ee3b86e8550b req-48f26024-64ff-404c-ae5e-ee3b86e8550b ] Request (SecurityGroupsTestJSON:setUpClass): 201 POST http://10.180.1.21/identity/v3/auth/tokens 0.107s
2025-02-11 15:27:08.640 62701 INFO tempest.lib.common.rest_client [req-293fc62e-6ae7-4b40-ac38-ac52e995dd18 req-293fc62e-6ae7-4b40-ac38-ac52e995dd18 ] Request (InstanceActionsTestJSON:setUpClass): 200 GET http://10.180.1.21/compute/v2.1/servers/583138d1-f928-4e33-a443-11c627203c44 3.602s
2025-02-11 15:27:08.693 62763 INFO tempest.lib.common.rest_client [req-9c2351c1-41e1-4632-b74f-7aa7b6aa0d2b req-9c2351c1-41e1-4632-b74f-7aa7b6aa0d2b ] Request (ServersTestJSON:test_create_specify_keypair): 200 GET http://10.180.1.21/compute/v2.1/servers/0f48434f-859f-4910-883f-2f81be647bad 3.596s
2025-02-11 15:27:08.772 62737 INFO tempest.lib.common.rest_client [req-56eabe98-ed46-45ef-9ad3-83b71ea9aab2 req-56eabe98-ed46-45ef-9ad3-83b71ea9aab2 ] Request (MigrationsAdminTest:test_resize_server_revert_deleted_flavor): 200 GET http://10.180.1.21/compute/v2.1/servers/9604eadf-a027-46dd-989b-0d4b752f883a 3.502s
2025-02-11 15:27:08.801 62713 INFO tempest.lib.common.rest_client [req-01008462-f83f-4e4b-84c8-0b7f353839f5 req-01008462-f83f-4e4b-84c8-0b7f353839f5 ] Request (ListServersNegativeTestJSON:setUpClass): 404 GET http://10.180.1.21/compute/v2.1/servers/330b5e35-3292-4df7-b288-547b158e671a 3.471s
2025-02-11 15:27:08.882 62729 INFO tempest.lib.common.rest_client [req-7ea71390-8f78-4a55-bee8-3bd2d7b38ff5 req-7ea71390-8f78-4a55-bee8-3bd2d7b38ff5 ] Request (AttachVolumeNegativeTest:test_attach_attached_volume_to_different_server): 200 GET http://10.180.1.21/compute/v2.1/servers/67f05a2b-f323-4e4a-ac13-7f4745593be0 3.493s
2025-02-11 15:27:08.890 62729 INFO tempest.common.waiters [-] State transition "BUILD/None" ==> "BUILD/networking" after 97 second wait
2025-02-11 15:27:08.940 62721 INFO tempest.lib.common.rest_client [req-97a2a56e-e584-4ca9-b155-5d8f742a69f8 req-97a2a56e-e584-4ca9-b155-5d8f742a69f8 ] Request (ServerRescueTestJSON:setUpClass): 200 GET http://10.180.1.21/compute/v2.1/servers/ca342da5-b6e7-4d00-be10-f7f3e6ff8b7c 3.725s
2025-02-11 15:27:09.154 62747 INFO tempest.lib.common.rest_client [req-18a610fc-5797-40b7-8f05-359e952eca32 req-18a610fc-5797-40b7-8f05-359e952eca32 ] Request (ServerActionsTestOtherB:test_create_backup): 200 GET http://10.180.1.21/compute/v2.1/servers/8a165d96-f503-4bc5-bff4-e6a85201e137 1.239s
2025-02-11 15:27:09.450 62727 INFO tempest.lib.common.rest_client [req-bad7b58c-5ef7-4599-886d-1d9b997a8246 req-bad7b58c-5ef7-4599-886d-1d9b997a8246 ] Request (SecurityGroupsTestJSON:test_list_security_groups_by_server): 200 POST http://10.180.1.21/compute/v2.1/os-security-groups 0.828s
2025-02-11 15:27:09.525 62713 INFO tempest.lib.common.rest_client [req-2650da0b-a717-4d6b-9fa1-77a249d9e6c5 req-2650da0b-a717-4d6b-9fa1-77a249d9e6c5 ] Request (ListServersNegativeTestJSON:test_list_servers_by_changes_since_future_date): 200 GET http://10.180.1.21/compute/v2.1/servers?changes-since=2051-01-01T12%3A34%3A00Z&status=ACTIVE 0.722s
2025-02-11 15:27:10.556 62715 INFO tempest.lib.common.rest_client [req-bb11331b-1a1e-4b14-a3d8-e30e2a4c8b9b req-bb11331b-1a1e-4b14-a3d8-e30e2a4c8b9b ] Request (VolumesAdminNegativeTest:test_update_attached_volume_with_nonexistent_volume_in_body): 200 POST http://10.180.1.21/compute/v2.1/servers/80821717-f961-49c7-8b79-c152edfdfb94/os-volume_attachments 4.058s
2025-02-11 15:27:10.590 62715 INFO tempest.lib.common.rest_client [req-24c38b38-398b-4b95-b8f9-e511f001fe4b req-24c38b38-398b-4b95-b8f9-e511f001fe4b ] Request (VolumesAdminNegativeTest:test_update_attached_volume_with_nonexistent_volume_in_body): 200 GET http://10.180.1.21/volume/v3/volumes/789417f0-0a0f-41c6-9067-c1e9bc8fd22e 0.032s
2025-02-11 15:27:11.124 62745 INFO tempest.lib.common.rest_client [req-3c8f6e7a-e966-42d2-a27f-0164a099839b req-3c8f6e7a-e966-42d2-a27f-0164a099839b ] Request (ListImageFiltersTestJSON:setUpClass): 200 GET http://10.180.1.21/compute/v2.1/images/5465739d-3e38-4577-aeb1-56c054db252e 2.184s
2025-02-11 15:27:11.128 62759 INFO tempest.lib.common.rest_client [req-707bc8bd-d84e-4e0c-bd6b-4bd2f05b9a60 req-707bc8bd-d84e-4e0c-bd6b-4bd2f05b9a60 ] Request (ImagesTestJSON:test_create_image_from_stopped_server): 200 GET http://10.180.1.21/compute/v2.1/images/35aacbb9-9f29-4179-83e7-370081c601df 2.185s
2025-02-11 15:27:11.193 62731 INFO tempest.lib.common.rest_client [req-19473b3e-e62b-4239-8403-b182e3ec5ef4 req-19473b3e-e62b-4239-8403-b182e3ec5ef4 ] Request (ServerDiskConfigTestJSON:test_resize_server_from_auto_to_manual): 200 GET http://10.180.1.21/compute/v2.1/servers/93234e99-268f-491e-96bd-a77f4c9f164b 2.157s
2025-02-11 15:27:11.200 62711 INFO tempest.lib.common.rest_client [req-b4147b0c-f0d1-437e-8112-f0b090934ddb req-b4147b0c-f0d1-437e-8112-f0b090934ddb ] Request (ServersTestBootFromVolume:setUpClass): 200 GET http://10.180.1.21/compute/v2.1/servers/d0311c29-e1ed-446f-a52b-1687b9561740 2.155s
2025-02-11 15:27:11.245 62749 INFO tempest.lib.common.rest_client [req-bc55bdae-bdb1-4219-8e60-eaa1c089c4dc req-bc55bdae-bdb1-4219-8e60-eaa1c089c4dc ] Request (ServerRescueNegativeTestJSON:test_rescued_vm_detach_volume): 200 GET http://10.180.1.21/compute/v2.1/servers/1e367665-1d4b-4686-ac79-c946423c1762 2.147s
2025-02-11 15:27:11.256 62705 INFO tempest.lib.common.rest_client [req-223b5cc0-e4e5-4bb3-a469-8920d8b539de req-223b5cc0-e4e5-4bb3-a469-8920d8b539de ] Request (ImagesOneServerNegativeTestJSON:setUpClass): 200 GET http://10.180.1.21/compute/v2.1/servers/563840a8-8fa7-4bfa-9912-933c14e7076a 2.128s
2025-02-11 15:27:11.294 62703 INFO tempest.lib.common.rest_client [req-4f7a978e-e04a-4b70-be10-0499e2ea282e req-4f7a978e-e04a-4b70-be10-0499e2ea282e ] Request (ServersWithSpecificFlavorTestJSON:test_verify_created_server_ephemeral_disk): 200 GET http://10.180.1.21/compute/v2.1/servers/e41f5c22-44e0-4de8-a4d0-865fe2c6febd 2.129s
2025-02-11 15:27:11.320 62735 INFO tempest.lib.common.rest_client [req-4a87be18-f134-4c2e-8f73-f16cf59f31e6 req-4a87be18-f134-4c2e-8f73-f16cf59f31e6 ] Request (ServersTestManualDisk:tearDownClass): 200 GET http://10.180.1.21/compute/v2.1/servers/e51a0dd7-b5da-44cb-9cd8-62932aec3ad5 2.100s
2025-02-11 15:27:11.359 62733 INFO tempest.lib.common.rest_client [req-37e588ca-f931-4d8f-99de-cbc83da69a1d req-37e588ca-f931-4d8f-99de-cbc83da69a1d ] Request (FloatingIPsAssociationNegativeTestJSON:tearDownClass): 200 GET http://10.180.1.21/compute/v2.1/servers/17498cb6-8b16-4a2e-96ae-c594966cee77 2.131s
2025-02-11 15:27:11.404 62753 INFO tempest.lib.common.rest_client [req-0d093c5b-9428-4436-be4c-9b7f24702fdb req-0d093c5b-9428-4436-be4c-9b7f24702fdb ] Request (VolumesAssistedSnapshotsTest:tearDownClass): 200 GET http://10.180.1.21/compute/v2.1/servers/14bb9b79-d224-4a64-861e-30dd919c5741 2.101s
2025-02-11 15:27:11.434 62761 INFO tempest.lib.common.rest_client [req-55e905e0-cb31-4777-b510-9bb6a114e107 req-55e905e0-cb31-4777-b510-9bb6a114e107 ] Request (ServersV294TestFqdnHostnames:setUpClass): 200 GET http://10.180.1.21/compute/v2.1/servers/8bd05dac-7aa2-44c5-8752-6045c01d213d 2.120s
2025-02-11 15:27:11.447 62761 INFO tempest.common.waiters [-] State transition "BUILD/None" ==> "BUILD/networking" after 98 second wait
2025-02-11 15:27:11.464 62723 INFO tempest.lib.common.rest_client [req-fa008a52-7715-4b9e-8467-13234f820616 req-fa008a52-7715-4b9e-8467-13234f820616 ] Request (AttachInterfacesTestJSON:test_create_list_show_delete_interfaces_by_fixed_ip): 200 GET http://10.180.1.21/compute/v2.1/servers/4cd9c7be-c5f4-460b-a9e2-e8f778076947 2.082s
2025-02-11 15:27:11.496 62757 INFO tempest.lib.common.rest_client [req-1fbf865c-9cff-47c1-b21e-7f657feeb178 req-1fbf865c-9cff-47c1-b21e-7f657feeb178 ] Request (ServersAaction247Test:test_create_backup): 200 GET http://10.180.1.21/compute/v2.1/servers/3f508af0-68a2-4898-b9ae-d84cdb8a4cd9 2.114s
2025-02-11 15:27:11.509 62713 INFO tempest.lib.common.rest_client [req-b0602e3f-a827-4be5-8ee8-71669cef7c03 req-b0602e3f-a827-4be5-8ee8-71669cef7c03 ] Request (ListServersNegativeTestJSON:test_list_servers_by_changes_since_invalid_date): 400 GET http://10.180.1.21/compute/v2.1/servers?changes-since=2011%2F01%2F01 1.979s
2025-02-11 15:27:11.630 62715 INFO tempest.lib.common.rest_client [req-7d4bcbe1-da03-413a-8705-a79efa16ac6c req-7d4bcbe1-da03-413a-8705-a79efa16ac6c ] Request (VolumesAdminNegativeTest:test_update_attached_volume_with_nonexistent_volume_in_body): 200 GET http://10.180.1.21/volume/v3/volumes/789417f0-0a0f-41c6-9067-c1e9bc8fd22e 0.031s
2025-02-11 15:27:11.951 62727 INFO tempest.lib.common.rest_client [req-b03ef697-7b10-4f6a-af0b-a108c57bf967 req-b03ef697-7b10-4f6a-af0b-a108c57bf967 ] Request (SecurityGroupsTestJSON:test_list_security_groups_by_server): 200 POST http://10.180.1.21/compute/v2.1/os-security-groups 2.496s
2025-02-11 15:27:11.979 62707 INFO tempest.lib.common.rest_client [req-f91f15c3-ef0f-416f-97f6-647889d88e04 req-f91f15c3-ef0f-416f-97f6-647889d88e04 ] Request (FloatingIPsAssociationTestJSON:setUpClass): 200 GET http://10.180.1.21/compute/v2.1/servers/3810ae49-3b9d-4c5f-b579-8abddc8d6c1a 2.416s
2025-02-11 15:27:12.005 62727 INFO tempest.lib.common.rest_client [req-b8a5407f-41f9-48f7-bf37-5b95e4419d56 req-b8a5407f-41f9-48f7-bf37-5b95e4419d56 ] Request (SecurityGroupsTestJSON:test_list_security_groups_by_server): 201 POST http://10.180.1.21/identity/v3/auth/tokens 0.044s
2025-02-11 15:27:12.006 62727 INFO tempest.lib.common.fixed_network [-] (SecurityGroupsTestJSON:test_list_security_groups_by_server) Found network {'id': '78c2d974-4a9e-4933-b7e4-e45bdfe89808', 'name': 'tempest-SecurityGroupsTestJSON-1780687027-network', 'tenant_id': '28e37dc42ac74824b43bd4b120a52674', 'admin_state_up': True, 'mtu': 8950, 'status': 'ACTIVE', 'subnets': [], 'shared': False, 'project_id': '28e37dc42ac74824b43bd4b120a52674', 'port_security_enabled': True, 'router:external': False, 'provider:network_type': 'vlan', 'provider:physical_network': 'default', 'provider:segmentation_id': 323, 'availability_zone_hints': [], 'availability_zones': [], 'ipv4_address_scope': None, 'ipv6_address_scope': None, 'description': '', 'tags': [], 'created_at': '2025-02-11T15:27:06Z', 'updated_at': '2025-02-11T15:27:06Z', 'revision_number': 1} available for tenant
2025-02-11 15:27:12.047 62709 INFO tempest.lib.common.rest_client [req-d159a500-94d3-4128-a80a-85652e880dc5 req-d159a500-94d3-4128-a80a-85652e880dc5 ] Request (ServersAdminTestJSON:test_inject_network_info): 200 GET http://10.180.1.21/compute/v2.1/servers/a10f5b03-c45b-4cc2-923f-3227665d236c 2.414s
2025-02-11 15:27:12.118 62701 INFO tempest.lib.common.rest_client [req-e1bc2ea2-68a2-4f0c-a88e-d528b5fab1e6 req-e1bc2ea2-68a2-4f0c-a88e-d528b5fab1e6 ] Request (InstanceActionsTestJSON:setUpClass): 200 GET http://10.180.1.21/compute/v2.1/servers/583138d1-f928-4e33-a443-11c627203c44 2.468s
2025-02-11 15:27:12.171 62763 INFO tempest.lib.common.rest_client [req-49445811-365c-4947-b5e3-73ca0ba20212 req-49445811-365c-4947-b5e3-73ca0ba20212 ] Request (ServersTestJSON:test_create_specify_keypair): 200 GET http://10.180.1.21/compute/v2.1/servers/0f48434f-859f-4910-883f-2f81be647bad 2.458s
2025-02-11 15:27:12.182 62717 INFO tempest.lib.common.rest_client [req-46ee3393-e0b9-4077-a72e-c98bdd1b248d req-46ee3393-e0b9-4077-a72e-c98bdd1b248d ] Request (ServersTestFqdnHostnames:test_create_server_with_fqdn_name): 200 GET http://10.180.1.21/compute/v2.1/servers/2cffbbd9-f0b8-46e1-b6db-b74fb2499d1a 2.609s
2025-02-11 15:27:12.236 62737 INFO tempest.lib.common.rest_client [req-cf33d027-4f9e-47d4-9e6b-3b0dc8dd63e9 req-cf33d027-4f9e-47d4-9e6b-3b0dc8dd63e9 ] Request (MigrationsAdminTest:test_resize_server_revert_deleted_flavor): 200 GET http://10.180.1.21/compute/v2.1/servers/9604eadf-a027-46dd-989b-0d4b752f883a 2.454s
2025-02-11 15:27:12.247 62739 WARNING tempest.lib.common.ssh [-] Failed to establish authenticated ssh connection to cirros@10.180.180.229 ([Errno None] Unable to connect to port 22 on 10.180.180.229). Number attempts: 4. Retry after 5 seconds.: paramiko.ssh_exception.NoValidConnectionsError: [Errno None] Unable to connect to port 22 on 10.180.180.229
2025-02-11 15:27:12.363 62729 INFO tempest.lib.common.rest_client [req-f24975b8-1a93-4d79-9891-11141bf0286b req-f24975b8-1a93-4d79-9891-11141bf0286b ] Request (AttachVolumeNegativeTest:test_attach_attached_volume_to_different_server): 200 GET http://10.180.1.21/compute/v2.1/servers/67f05a2b-f323-4e4a-ac13-7f4745593be0 2.472s
2025-02-11 15:27:12.375 62729 INFO tempest.common.waiters [-] State transition "BUILD/networking" ==> "BUILD/spawning" after 101 second wait
2025-02-11 15:27:12.391 62721 INFO tempest.lib.common.rest_client [req-3d77297c-a05a-4224-9c15-1c43dbd43002 req-3d77297c-a05a-4224-9c15-1c43dbd43002 ] Request (ServerRescueTestJSON:setUpClass): 200 GET http://10.180.1.21/compute/v2.1/servers/ca342da5-b6e7-4d00-be10-f7f3e6ff8b7c 2.442s
2025-02-11 15:27:12.471 62745 INFO tempest.lib.common.rest_client [req-0e0ca82a-eede-4d70-8d77-4a58681ea2fc req-0e0ca82a-eede-4d70-8d77-4a58681ea2fc ] Request (ListImageFiltersTestJSON:setUpClass): 200 GET http://10.180.1.21/compute/v2.1/images/5465739d-3e38-4577-aeb1-56c054db252e 1.343s
2025-02-11 15:27:12.531 62713 INFO tempest.lib.common.rest_client [req-a3e41313-6610-4431-921a-1ef2b18a2718 req-a3e41313-6610-4431-921a-1ef2b18a2718 ] Request (ListServersNegativeTestJSON:test_list_servers_by_limits_greater_than_actual_count): 200 GET http://10.180.1.21/compute/v2.1/servers 1.021s
2025-02-11 15:27:12.542 62747 INFO tempest.lib.common.rest_client [req-f512b8cd-e7ac-4b50-a32d-7a4685f0d7b0 req-f512b8cd-e7ac-4b50-a32d-7a4685f0d7b0 ] Request (ServerActionsTestOtherB:test_create_backup): 200 GET http://10.180.1.21/compute/v2.1/servers/8a165d96-f503-4bc5-bff4-e6a85201e137 2.375s
2025-02-11 15:27:12.550 62747 INFO tempest.common.waiters [-] State transition "ACTIVE/image_uploading" ==> "ACTIVE/None" after 3 second wait
2025-02-11 15:27:12.586 62759 INFO tempest.lib.common.rest_client [req-437200d2-ec55-47f7-b278-cbfdc839bc63 req-437200d2-ec55-47f7-b278-cbfdc839bc63 ] Request (ImagesTestJSON:test_create_image_from_stopped_server): 200 GET http://10.180.1.21/compute/v2.1/images/35aacbb9-9f29-4179-83e7-370081c601df 0.453s
2025-02-11 15:27:12.667 62731 INFO tempest.lib.common.rest_client [req-856f9723-ec0e-4bf5-a360-9de8f1e19fcb req-856f9723-ec0e-4bf5-a360-9de8f1e19fcb ] Request (ServerDiskConfigTestJSON:test_resize_server_from_auto_to_manual): 200 GET http://10.180.1.21/compute/v2.1/servers/93234e99-268f-491e-96bd-a77f4c9f164b 0.465s
2025-02-11 15:27:12.678 62715 INFO tempest.lib.common.rest_client [req-b99f2784-d835-4c80-8a5d-6e517bb0c6c1 req-b99f2784-d835-4c80-8a5d-6e517bb0c6c1 ] Request (VolumesAdminNegativeTest:test_update_attached_volume_with_nonexistent_volume_in_body): 200 GET http://10.180.1.21/volume/v3/volumes/789417f0-0a0f-41c6-9067-c1e9bc8fd22e 0.038s
2025-02-11 15:27:12.763 62711 INFO tempest.lib.common.rest_client [req-5f9afe49-a2a0-46d3-a377-98d053348839 req-5f9afe49-a2a0-46d3-a377-98d053348839 ] Request (ServersTestBootFromVolume:setUpClass): 200 GET http://10.180.1.21/compute/v2.1/servers/d0311c29-e1ed-446f-a52b-1687b9561740 0.551s
2025-02-11 15:27:12.836 62749 INFO tempest.lib.common.rest_client [req-1e2015bd-cd9d-4f6b-9140-9e17565484b2 req-1e2015bd-cd9d-4f6b-9140-9e17565484b2 ] Request (ServerRescueNegativeTestJSON:test_rescued_vm_detach_volume): 200 GET http://10.180.1.21/compute/v2.1/servers/1e367665-1d4b-4686-ac79-c946423c1762 0.583s
2025-02-11 15:27:12.917 62705 INFO tempest.lib.common.rest_client [req-5f94dd33-4b24-48cc-9bde-58762ce45f74 req-5f94dd33-4b24-48cc-9bde-58762ce45f74 ] Request (ImagesOneServerNegativeTestJSON:setUpClass): 200 GET http://10.180.1.21/compute/v2.1/servers/563840a8-8fa7-4bfa-9912-933c14e7076a 0.653s
