2025-02-11 15:24:35.958 62755 INFO tempest.lib.common.rest_client [req-8dd222ed-5be5-4a2d-afa7-4bc7c2b0c17e req-8dd222ed-5be5-4a2d-afa7-4bc7c2b0c17e ] Request (SecurityGroupRulesNegativeTestJSON:test_create_security_group_rule_with_invalid_ip_protocol): 200 POST http://10.180.1.21/compute/v2.1/os-security-groups 2.416s
2025-02-11 15:24:35.996 62713 INFO tempest.lib.common.rest_client [req-739ca0bc-ed87-49be-b925-239a09ebbccf req-739ca0bc-ed87-49be-b925-239a09ebbccf ] Request (QuotasAdminTestV257:setUpClass): 204 PUT http://10.180.1.21/identity/v3/projects/227d0fb91dda49f2ae3a292c31e49a6a/users/13b85133c1a845c48ba7359d49608718/roles/aaa3e2f882e74882a6b6c25db5a20eba 0.041s
2025-02-11 15:24:35.997 62713 INFO tempest.lib.common.dynamic_creds [-] Dynamic test user 13b85133c1a845c48ba7359d49608718 is created with scope project and roles: ['member']
2025-02-11 15:24:35.997 62713 INFO tempest.lib.common.dynamic_creds [-] Acquired dynamic creds: credentials: Credentials: {'domain_id': 'default', 'domain_name': 'Default', 'username': 'tempest-QuotasAdminTestV257-729334797-project-member', 'project_domain_id': 'default', 'project_domain_name': 'Default', 'project_id': '227d0fb91dda49f2ae3a292c31e49a6a', 'project_name': 'tempest-QuotasAdminTestV257-729334797', 'tenant_id': '227d0fb91dda49f2ae3a292c31e49a6a', 'tenant_name': 'tempest-QuotasAdminTestV257-729334797', 'user_domain_id': 'default', 'user_domain_name': 'Default', 'user_id': '13b85133c1a845c48ba7359d49608718', 'system': None}, Network: None, Subnet: None, Router: None
2025-02-11 15:24:35.997 62713 INFO tempest.lib.common.dynamic_creds [-] Created isolated network resources for: credentials: Credentials: {'domain_id': 'default', 'domain_name': 'Default', 'username': 'tempest-QuotasAdminTestV257-729334797-project-member', 'project_domain_id': 'default', 'project_domain_name': 'Default', 'project_id': '227d0fb91dda49f2ae3a292c31e49a6a', 'project_name': 'tempest-QuotasAdminTestV257-729334797', 'tenant_id': '227d0fb91dda49f2ae3a292c31e49a6a', 'tenant_name': 'tempest-QuotasAdminTestV257-729334797', 'user_domain_id': 'default', 'user_domain_name': 'Default', 'user_id': '13b85133c1a845c48ba7359d49608718', 'system': None}, Network: None, Subnet: None, Router: None
2025-02-11 15:24:36.016 62749 INFO tempest.lib.common.rest_client [req-e50b4558-e592-40db-86dc-125d87b3037a req-e50b4558-e592-40db-86dc-125d87b3037a ] Request (QuotasAdminTestJSON:test_delete_quota): 200 GET http://10.180.1.21/compute/v2.1/os-quota-sets/5b628419866841e29b991689c47edb43 2.449s
2025-02-11 15:24:36.038 62721 INFO tempest.lib.common.rest_client [req-39d15317-b804-46a4-b8d3-307f32ea18a7 req-39d15317-b804-46a4-b8d3-307f32ea18a7 ] Request (HostsAdminTestJSON:test_show_host_detail): 200 GET http://10.180.1.21/compute/v2.1/os-hosts 2.452s
2025-02-11 15:24:36.056 62719 INFO tempest.lib.common.rest_client [req-aa9e2c1c-8ce8-4444-b559-68f8f1773268 req-aa9e2c1c-8ce8-4444-b559-68f8f1773268 ] Request (KeyPairsV210TestJSON:tearDownClass): 204 DELETE http://10.180.1.21:9696/networking/v2.0/security-groups/4c8ef19f-caf5-4609-8132-d9df7f89fd60 0.239s
2025-02-11 15:24:36.080 62733 INFO tempest.lib.common.rest_client [req-c4a76079-d455-4a99-9a00-fe38a5b7cb38 req-c4a76079-d455-4a99-9a00-fe38a5b7cb38 ] Request (AggregatesAdminNegativeTestJSON:_run_cleanups): 200 DELETE http://10.180.1.21/compute/v2.1/os-aggregates/2 2.332s
2025-02-11 15:24:36.133 62713 INFO tempest.lib.common.rest_client [req-a4429dc1-cafc-4ff8-85dd-e6c637d0ba20 req-a4429dc1-cafc-4ff8-85dd-e6c637d0ba20 ] Request (QuotasAdminTestV257:setUpClass): 201 POST http://10.180.1.21/identity/v3/auth/tokens 0.131s
2025-02-11 15:24:36.206 62731 INFO tempest.lib.common.rest_client [req-fc89f482-aabb-430a-88c1-51acb3137813 req-fc89f482-aabb-430a-88c1-51acb3137813 ] Request (ServerDiskConfigTestJSON:test_rebuild_server_with_auto_disk_config): 200 GET http://10.180.1.21/compute/v2.1/servers/a170fd95-3f7f-4315-a063-b9d02a7a1af4 2.450s
2025-02-11 15:24:36.225 62745 INFO tempest.lib.common.rest_client [req-211537dc-7889-4d0b-9bc1-b225e9249b93 req-211537dc-7889-4d0b-9bc1-b225e9249b93 ] Request (FlavorsV2TestJSON:test_get_flavor): 200 GET http://10.180.1.21/compute/v2.1/flavors/42 2.629s
2025-02-11 15:24:36.227 62759 INFO tempest.lib.common.rest_client [req-5295d8d3-d842-4a25-9618-3ef1468ea618 req-5295d8d3-d842-4a25-9618-3ef1468ea618 ] Request (FlavorsAccessNegativeTestJSON:test_flavor_access_list_with_public_flavor): 404 GET http://10.180.1.21/compute/v2.1/flavors/1000930872/os-flavor-access 2.438s
2025-02-11 15:24:36.252 62725 INFO tempest.lib.common.rest_client [req-7b1de6b1-c516-4630-8a17-54f5a3daa63c req-7b1de6b1-c516-4630-8a17-54f5a3daa63c ] Request (FlavorsV255TestJSON:_run_cleanups): 200 GET http://10.180.1.21/compute/v2.1/flavors/detail 2.264s
2025-02-11 15:24:36.272 62739 INFO tempest.lib.common.rest_client [req-83fc24dc-d29b-422d-ade4-72d7608395fa req-83fc24dc-d29b-422d-ade4-72d7608395fa ] Request (FlavorsAccessTestJSON:test_flavor_access_list_with_private_flavor): 200 GET http://10.180.1.21/compute/v2.1/flavors/860923285/os-flavor-access 2.029s
2025-02-11 15:24:36.278 62757 INFO tempest.lib.common.rest_client [req-aee1e8da-7911-44eb-bbe1-0131d5b62675 req-aee1e8da-7911-44eb-bbe1-0131d5b62675 ] Request (HostsAdminNegativeTestJSON:test_startup_host_with_non_admin_user): 403 GET http://10.180.1.21/compute/v2.1/os-hosts/devstack/startup 2.016s
2025-02-11 15:24:36.293 62735 INFO tempest.lib.common.rest_client [req-b5d47e20-31b1-457d-ad96-7438be10e22e req-b5d47e20-31b1-457d-ad96-7438be10e22e ] Request (FlavorsExtraSpecsTestJSON:test_flavor_set_get_update_show_unset_keys): 200 GET http://10.180.1.21/compute/v2.1/flavors/733805533/os-extra_specs 2.025s
2025-02-11 15:24:36.296 62713 INFO tempest.lib.common.rest_client [req-2d6aa17c-a005-4eb9-841d-f14dcbef5d78 req-2d6aa17c-a005-4eb9-841d-f14dcbef5d78 ] Request (QuotasAdminTestV257:setUpClass): 201 POST http://10.180.1.21/identity/v3/projects 0.163s
2025-02-11 15:24:36.307 62719 INFO tempest.lib.common.rest_client [req-9343e84f-9831-499a-94a3-67eed9301433 req-9343e84f-9831-499a-94a3-67eed9301433 ] Request (KeyPairsV210TestJSON:tearDownClass): 204 DELETE http://10.180.1.21/identity/v3/projects/193b7147c7f64f4497f3dedf9a5ded35 0.251s
2025-02-11 15:24:36.308 62719 INFO tempest.test [-] raised in LiveMigrationTest.setUpClass. Invoking tearDownClass.
2025-02-11 15:24:36.312 62703 INFO tempest.lib.common.rest_client [req-a1bf3a61-6682-47c8-b839-9576d5560f90 req-a1bf3a61-6682-47c8-b839-9576d5560f90 ] Request (ServersWithSpecificFlavorTestJSON:test_verify_created_server_ephemeral_disk): 200 POST http://10.180.1.21/compute/v2.1/flavors/1670368632/os-extra_specs 2.037s
2025-02-11 15:24:36.334 62761 INFO tempest.lib.common.rest_client [req-daca7b7f-a699-4ac6-be98-cde59f64bdca req-daca7b7f-a699-4ac6-be98-cde59f64bdca ] Request (FlavorsAdminTestJSON:_run_cleanups): 202 DELETE http://10.180.1.21/compute/v2.1/flavors/534489522 2.047s
2025-02-11 15:24:36.352 62705 INFO tempest.lib.common.rest_client [req-32f97020-7947-4138-af8c-c3ed8c043844 req-32f97020-7947-4138-af8c-c3ed8c043844 ] Request (FloatingIPsTestJSON:tearDownClass): 200 PUT http://10.180.1.21:9696/networking/v2.0/routers/249f1d57-23bd-490a-adfd-b4e27d47bbc4/remove_router_interface 2.494s
2025-02-11 15:24:36.388 62713 INFO tempest.lib.common.rest_client [req-dd8a0710-95b0-4dce-a32b-26841864f47a req-dd8a0710-95b0-4dce-a32b-26841864f47a ] Request (QuotasAdminTestV257:setUpClass): 201 POST http://10.180.1.21/identity/v3/users 0.092s
2025-02-11 15:24:36.427 62725 INFO tempest.lib.common.rest_client [req-eb9a5a72-80fe-4864-b2da-89eeb9580c31 req-eb9a5a72-80fe-4864-b2da-89eeb9580c31 ] Request (FlavorsV255TestJSON:tearDownClass): 204 DELETE http://10.180.1.21/identity/v3/users/8453afcc79334a5eb122add36ea12b21 0.165s
2025-02-11 15:24:36.509 62719 INFO tempest.lib.common.rest_client [req-33d27c61-0901-4496-9f6b-d1fb974afc18 req-33d27c61-0901-4496-9f6b-d1fb974afc18 ] Request (ServerPasswordTestJSON:setUpClass): 201 POST http://10.180.1.21/identity/v3/auth/tokens 0.196s
2025-02-11 15:24:36.624 62727 INFO tempest.lib.common.rest_client [req-e92c6604-a1ed-4644-8487-1f94e883e3db req-e92c6604-a1ed-4644-8487-1f94e883e3db ] Request (QuotasAdminNegativeTest:test_create_server_when_memory_quota_is_full): 200 GET http://10.180.1.21/compute/v2.1/os-quota-sets/b2128890604c415d9eac0a47e9347280 2.477s
2025-02-11 15:24:36.638 62713 INFO tempest.lib.common.rest_client [req-de1feec5-b546-4136-929e-c7b396933e16 req-de1feec5-b546-4136-929e-c7b396933e16 ] Request (QuotasAdminTestV257:setUpClass): 200 GET http://10.180.1.21/identity/v3/roles 0.249s
2025-02-11 15:24:36.772 62725 INFO tempest.lib.common.rest_client [req-3d854ff5-6120-4756-b53d-4e7b0430b02a req-3d854ff5-6120-4756-b53d-4e7b0430b02a ] Request (FlavorsV255TestJSON:tearDownClass): 204 DELETE http://10.180.1.21/identity/v3/users/980225f71ec94e02a1a1d069d11a4e2b 0.345s
2025-02-11 15:24:36.773 62725 INFO tempest.lib.common.dynamic_creds [-] Deleting project and security group for project: 5c29abba842841cfa5af54ae3527ae48
2025-02-11 15:24:36.777 62719 INFO tempest.lib.common.rest_client [req-e6223463-df38-4b13-9acf-0ebc479baee6 req-e6223463-df38-4b13-9acf-0ebc479baee6 ] Request (ServerPasswordTestJSON:setUpClass): 201 POST http://10.180.1.21/identity/v3/auth/tokens 0.262s
2025-02-11 15:24:36.842 62725 INFO tempest.lib.common.rest_client [req-c7ce0fc6-c736-4023-8ca7-e87b7b6d02ee req-c7ce0fc6-c736-4023-8ca7-e87b7b6d02ee ] Request (FlavorsV255TestJSON:tearDownClass): 201 POST http://10.180.1.21/identity/v3/auth/tokens 0.069s
2025-02-11 15:24:36.864 62719 INFO tempest.lib.common.rest_client [req-f6641b8f-a92f-41b0-8ee7-115bdcced6ea req-f6641b8f-a92f-41b0-8ee7-115bdcced6ea ] Request (ServerPasswordTestJSON:setUpClass): 200 GET http://10.180.1.21/identity/v3/domains?name=Default 0.086s
2025-02-11 15:24:36.884 62713 INFO tempest.lib.common.rest_client [req-42447f85-83e2-462e-a822-a7b700bf9f73 req-42447f85-83e2-462e-a822-a7b700bf9f73 ] Request (QuotasAdminTestV257:setUpClass): 204 PUT http://10.180.1.21/identity/v3/projects/d0acd496c8db4ade8c5d1e55c882b21e/users/6c37d8bb7a274e1d9815b6100e0f2737/roles/014723f11a6b4d4296b9b2ed4c559f4e 0.246s
2025-02-11 15:24:36.913 62707 INFO tempest.lib.common.rest_client [req-059ff722-682a-4f26-b89e-f35b32e12875 req-059ff722-682a-4f26-b89e-f35b32e12875 ] Request (ServerDiagnosticsTest:test_get_server_diagnostics): 200 GET http://10.180.1.21/compute/v2.1/servers/8a2b209c-423c-446c-a769-f7d7820d46da 2.372s
2025-02-11 15:24:36.954 62719 INFO tempest.lib.common.rest_client [req-7d538e0a-13bc-492a-8d68-41d429654d79 req-7d538e0a-13bc-492a-8d68-41d429654d79 ] Request (ServerPasswordTestJSON:setUpClass): 201 POST http://10.180.1.21/identity/v3/projects 0.090s
2025-02-11 15:24:37.013 62713 INFO tempest.lib.common.rest_client [req-26441f34-fad3-4526-99da-b7176af8623f req-26441f34-fad3-4526-99da-b7176af8623f ] Request (QuotasAdminTestV257:setUpClass): 200 GET http://10.180.1.21/identity/v3/roles 0.128s
2025-02-11 15:24:37.031 62713 INFO tempest.lib.common.rest_client [req-0fa88629-1438-46ec-9031-8f05345b8f2f req-0fa88629-1438-46ec-9031-8f05345b8f2f ] Request (QuotasAdminTestV257:setUpClass): 204 PUT http://10.180.1.21/identity/v3/projects/d0acd496c8db4ade8c5d1e55c882b21e/users/6c37d8bb7a274e1d9815b6100e0f2737/roles/014723f11a6b4d4296b9b2ed4c559f4e 0.018s
2025-02-11 15:24:37.032 62713 INFO tempest.lib.common.dynamic_creds [-] Dynamic test user 6c37d8bb7a274e1d9815b6100e0f2737 is created with scope project and roles: ['admin']
2025-02-11 15:24:37.032 62713 INFO tempest.lib.common.dynamic_creds [-] Acquired dynamic creds: credentials: Credentials: {'domain_id': 'default', 'domain_name': 'Default', 'username': 'tempest-QuotasAdminTestV257-1958959708-project-admin', 'project_domain_id': 'default', 'project_domain_name': 'Default', 'project_id': 'd0acd496c8db4ade8c5d1e55c882b21e', 'project_name': 'tempest-QuotasAdminTestV257-1958959708', 'tenant_id': 'd0acd496c8db4ade8c5d1e55c882b21e', 'tenant_name': 'tempest-QuotasAdminTestV257-1958959708', 'user_domain_id': 'default', 'user_domain_name': 'Default', 'user_id': '6c37d8bb7a274e1d9815b6100e0f2737', 'system': None}, Network: None, Subnet: None, Router: None
2025-02-11 15:24:37.032 62713 INFO tempest.lib.common.dynamic_creds [-] Created isolated network resources for: credentials: Credentials: {'domain_id': 'default', 'domain_name': 'Default', 'username': 'tempest-QuotasAdminTestV257-1958959708-project-admin', 'project_domain_id': 'default', 'project_domain_name': 'Default', 'project_id': 'd0acd496c8db4ade8c5d1e55c882b21e', 'project_name': 'tempest-QuotasAdminTestV257-1958959708', 'tenant_id': 'd0acd496c8db4ade8c5d1e55c882b21e', 'tenant_name': 'tempest-QuotasAdminTestV257-1958959708', 'user_domain_id': 'default', 'user_domain_name': 'Default', 'user_id': '6c37d8bb7a274e1d9815b6100e0f2737', 'system': None}, Network: None, Subnet: None, Router: None
2025-02-11 15:24:37.037 62719 INFO tempest.lib.common.rest_client [req-c11afa38-6057-4d0e-b90c-ca2252651caa req-c11afa38-6057-4d0e-b90c-ca2252651caa ] Request (ServerPasswordTestJSON:setUpClass): 201 POST http://10.180.1.21/identity/v3/users 0.082s
2025-02-11 15:24:37.096 62719 INFO tempest.lib.common.rest_client [req-72518295-ca39-432c-a7cc-de93f0632cb0 req-72518295-ca39-432c-a7cc-de93f0632cb0 ] Request (ServerPasswordTestJSON:setUpClass): 200 GET http://10.180.1.21/identity/v3/roles 0.058s
2025-02-11 15:24:37.109 62713 INFO tempest.lib.common.rest_client [req-255b1428-9f84-455f-8e65-59904e174b27 req-255b1428-9f84-455f-8e65-59904e174b27 ] Request (QuotasAdminTestV257:setUpClass): 201 POST http://10.180.1.21/identity/v3/auth/tokens 0.073s
2025-02-11 15:24:37.110 62713 WARNING tempest.lib.common.rest_client [-] Deprecated: "tenant_id" property is deprecated for removal, use "project_id" instead
2025-02-11 15:24:37.122 62719 INFO tempest.lib.common.rest_client [req-ca0b92c4-a288-4319-b42b-6e625a12570e req-ca0b92c4-a288-4319-b42b-6e625a12570e ] Request (ServerPasswordTestJSON:setUpClass): 204 PUT http://10.180.1.21/identity/v3/projects/189ee1f3f4c8461baa6dcc713b5f36f4/users/226e0b9e27f049fda90e3b85780ef88a/roles/aaa3e2f882e74882a6b6c25db5a20eba 0.025s
2025-02-11 15:24:37.122 62719 INFO tempest.lib.common.dynamic_creds [-] Dynamic test user 226e0b9e27f049fda90e3b85780ef88a is created with scope project and roles: ['member']
2025-02-11 15:24:37.123 62719 INFO tempest.lib.common.dynamic_creds [-] Acquired dynamic creds: credentials: Credentials: {'domain_id': 'default', 'domain_name': 'Default', 'username': 'tempest-ServerPasswordTestJSON-1517103748-project-member', 'project_domain_id': 'default', 'project_domain_name': 'Default', 'project_id': '189ee1f3f4c8461baa6dcc713b5f36f4', 'project_name': 'tempest-ServerPasswordTestJSON-1517103748', 'tenant_id': '189ee1f3f4c8461baa6dcc713b5f36f4', 'tenant_name': 'tempest-ServerPasswordTestJSON-1517103748', 'user_domain_id': 'default', 'user_domain_name': 'Default', 'user_id': '226e0b9e27f049fda90e3b85780ef88a', 'system': None}, Network: None, Subnet: None, Router: None
2025-02-11 15:24:37.131 62717 INFO tempest.lib.common.rest_client [req-ef49e4ac-a63d-4c4e-9658-c78807167f48 req-ef49e4ac-a63d-4c4e-9658-c78807167f48 ] Request (SecurityGroupRulesTestJSON:test_security_group_rules_create): 200 POST http://10.180.1.21/compute/v2.1/os-security-groups 2.735s
2025-02-11 15:24:37.172 62705 INFO tempest.lib.common.rest_client [req-bc31d705-91c3-4f83-ad89-5d35738e248e req-bc31d705-91c3-4f83-ad89-5d35738e248e ] Request (FloatingIPsTestJSON:tearDownClass): 204 DELETE http://10.180.1.21:9696/networking/v2.0/routers/249f1d57-23bd-490a-adfd-b4e27d47bbc4 0.819s
2025-02-11 15:24:37.180 62719 INFO tempest.lib.common.rest_client [req-b2ce3d3e-8492-4733-917b-f8f4f327ff8a req-b2ce3d3e-8492-4733-917b-f8f4f327ff8a ] Request (ServerPasswordTestJSON:setUpClass): 201 POST http://10.180.1.21/identity/v3/auth/tokens 0.057s
2025-02-11 15:24:37.423 62763 INFO tempest.lib.common.rest_client [req-3ab93fe8-a97d-48b4-b6ed-947e54976af5 req-3ab93fe8-a97d-48b4-b6ed-947e54976af5 ] Request (ServersTestJSON:test_create_server_specify_multibyte_character_name): 200 GET http://10.180.1.21/compute/v2.1/servers/2c93bdf1-aaf4-4e40-898a-634dc00d05e6 2.441s
2025-02-11 15:24:37.430 62763 INFO tempest.common.waiters [-] State transition "BUILD/None" ==> "BUILD/networking" after 7 second wait
2025-02-11 15:24:37.535 62741 INFO tempest.lib.common.rest_client [req-14a245a3-84ff-4c81-9ace-83f800affa02 req-14a245a3-84ff-4c81-9ace-83f800affa02 ] Request (FlavorsV2NegativeTest:test_boot_with_low_ram): 200 GET http://10.180.1.21/compute/v2.1/flavors/42 2.456s
2025-02-11 15:24:37.590 62725 INFO tempest.lib.common.rest_client [req-e2504910-8a10-4fd0-b806-cd526b956325 req-e2504910-8a10-4fd0-b806-cd526b956325 ] Request (FlavorsV255TestJSON:tearDownClass): 200 GET http://10.180.1.21:9696/networking/v2.0/security-groups?tenant_id=5c29abba842841cfa5af54ae3527ae48&name=default 0.747s
2025-02-11 15:24:37.650 62705 INFO tempest.lib.common.rest_client [req-ab69d5a0-fb94-4812-ab42-8a522e2e8a6a req-ab69d5a0-fb94-4812-ab42-8a522e2e8a6a ] Request (FloatingIPsTestJSON:tearDownClass): 204 DELETE http://10.180.1.21:9696/networking/v2.0/subnets/3973f194-1ad1-4b9b-b0ca-1508e2638513 0.477s
2025-02-11 15:24:37.808 62729 INFO tempest.lib.common.rest_client [req-87f48557-b3ec-404c-a502-d54ccc12997d req-87f48557-b3ec-404c-a502-d54ccc12997d ] Request (ServerDiagnosticsNegativeTest:test_get_server_diagnostics_by_non_admin): 200 GET http://10.180.1.21/compute/v2.1/servers/ab338058-13c8-4df9-ba55-fabe1952557d 2.591s
2025-02-11 15:24:37.855 62725 INFO tempest.lib.common.rest_client [req-025ceace-9b8d-44a4-a34e-49d5e6f25ac7 req-025ceace-9b8d-44a4-a34e-49d5e6f25ac7 ] Request (FlavorsV255TestJSON:tearDownClass): 204 DELETE http://10.180.1.21:9696/networking/v2.0/security-groups/e0cebe44-db56-4f4d-8cd4-b9ab0c9d1776 0.264s
2025-02-11 15:24:37.905 62709 INFO tempest.lib.common.rest_client [req-22d3be8b-b894-42bc-93b2-4ed6b5c4fd28 req-22d3be8b-b894-42bc-93b2-4ed6b5c4fd28 ] Request (ServersAdminTestJSON:setUpClass): 200 GET http://10.180.1.21/compute/v2.1/servers/da16da02-25ab-46f9-9070-9fdde0b3a75e 2.664s
2025-02-11 15:24:37.940 62741 INFO tempest.lib.common.rest_client [req-285e8a7c-4b5d-4b81-93fa-20cbe43a92ac req-285e8a7c-4b5d-4b81-93fa-20cbe43a92ac ] Request (FlavorsV2NegativeTest:test_boot_with_low_ram): 201 POST http://10.180.1.21/image/v2/images 0.398s
2025-02-11 15:24:37.947 62725 INFO tempest.lib.common.rest_client [req-b5f8432a-0a2b-45a8-8b1b-16925a60733c req-b5f8432a-0a2b-45a8-8b1b-16925a60733c ] Request (FlavorsV255TestJSON:tearDownClass): 204 DELETE http://10.180.1.21/identity/v3/projects/5c29abba842841cfa5af54ae3527ae48 0.091s
2025-02-11 15:24:37.947 62725 INFO tempest.lib.common.dynamic_creds [-] Deleting project and security group for project: 5ca2117d06fd4f38a91cd6ef33cc7394
2025-02-11 15:24:38.023 62711 INFO tempest.lib.common.rest_client [req-cd7b1b09-6c7b-4042-ba83-187ac495edcd req-cd7b1b09-6c7b-4042-ba83-187ac495edcd ] Request (HypervisorAdminTestJSON:test_get_hypervisor_list): 200 GET http://10.180.1.21/compute/v2.1/os-hypervisors 2.724s
2025-02-11 15:24:38.065 62715 INFO tempest.lib.common.rest_client [req-55702cd9-a434-4d71-8e8a-5a99925427f7 req-55702cd9-a434-4d71-8e8a-5a99925427f7 ] Request (VolumesAdminNegativeTest:setUpClass): 201 POST http://10.180.1.21:9696/networking/v2.0/routers 2.190s
2025-02-11 15:24:38.122 62753 INFO tempest.lib.common.rest_client [req-f067a2a7-fae5-48da-9df9-fa2a13a1115a req-f067a2a7-fae5-48da-9df9-fa2a13a1115a ] Request (VolumesAssistedSnapshotsTest:test_volume_assisted_snapshot_create_delete): 202 POST http://10.180.1.21/compute/v2.1/servers 3.544s
2025-02-11 15:24:38.124 62719 INFO tempest.lib.common.rest_client [req-28c4f8ae-c7cf-4f17-828f-aa0dbc44f96e req-28c4f8ae-c7cf-4f17-828f-aa0dbc44f96e ] Request (ServerPasswordTestJSON:setUpClass): 201 POST http://10.180.1.21:9696/networking/v2.0/networks 0.944s
2025-02-11 15:24:38.222 62747 INFO tempest.lib.common.rest_client [req-bdf471d9-0234-4618-aeec-02b685594082 req-bdf471d9-0234-4618-aeec-02b685594082 ] Request (ServerActionsTestOtherB:setUpClass): 200 GET http://10.180.1.21/compute/v2.1/servers/8a165d96-f503-4bc5-bff4-e6a85201e137 2.712s
2025-02-11 15:24:38.256 62705 INFO tempest.lib.common.rest_client [req-f33ad08a-f220-4a6b-8ab9-68a0ac74624d req-f33ad08a-f220-4a6b-8ab9-68a0ac74624d ] Request (FloatingIPsTestJSON:tearDownClass): 204 DELETE http://10.180.1.21:9696/networking/v2.0/networks/72676315-2b11-4c49-80b1-4a7b15b793f7 0.606s
2025-02-11 15:24:38.291 62751 INFO tempest.lib.common.rest_client [req-35c6eee4-9531-4ef7-8b31-93054bbc0644 req-35c6eee4-9531-4ef7-8b31-93054bbc0644 ] Request (DeleteServersAdminTestJSON:test_admin_delete_servers_of_others): 200 GET http://10.180.1.21/compute/v2.1/servers/7b8c8c12-fcf3-4b54-ae22-3aead1344803 2.810s
2025-02-11 15:24:38.299 62725 INFO tempest.lib.common.rest_client [req-5f317eac-4742-4007-b854-17a29020521f req-5f317eac-4742-4007-b854-17a29020521f ] Request (FlavorsV255TestJSON:tearDownClass): 200 GET http://10.180.1.21:9696/networking/v2.0/security-groups?tenant_id=5ca2117d06fd4f38a91cd6ef33cc7394&name=default 0.351s
2025-02-11 15:24:38.301 62751 INFO tempest.common.waiters [-] State transition "BUILD/spawning" ==> "ACTIVE/None" after 21 second wait
2025-02-11 15:24:38.340 62723 INFO tempest.lib.common.rest_client [req-902e4c56-d89a-4754-ae8b-4667962009b5 req-902e4c56-d89a-4754-ae8b-4667962009b5 ] Request (ServersAdminNegativeTestJSON:test_migrate_non_existent_server): 404 POST http://10.180.1.21/compute/v2.1/servers/b43ecd88-26ff-40e2-ab4a-574c2be76b53/action 2.560s
2025-02-11 15:24:38.419 62723 INFO tempest.lib.common.rest_client [req-c5d8a552-e5c3-4280-bd49-83f52094bec2 req-c5d8a552-e5c3-4280-bd49-83f52094bec2 ] Request (ServersAdminNegativeTestJSON:test_migrate_server_invalid_state): 201 POST http://10.180.1.21/identity/v3/auth/tokens 0.070s
2025-02-11 15:24:38.420 62723 INFO tempest.lib.common.fixed_network [-] (ServersAdminNegativeTestJSON:test_migrate_server_invalid_state) Found network None available for tenant
2025-02-11 15:24:38.425 62755 INFO tempest.lib.common.rest_client [req-e1ddbe71-8859-494a-99f7-70c62c583637 req-e1ddbe71-8859-494a-99f7-70c62c583637 ] Request (SecurityGroupRulesNegativeTestJSON:test_create_security_group_rule_with_invalid_ip_protocol): 400 POST http://10.180.1.21/compute/v2.1/os-security-group-rules 2.464s
2025-02-11 15:24:38.469 62705 INFO tempest.lib.common.rest_client [req-5c21d87f-c7fd-4bba-929e-d3b4d60358ae req-5c21d87f-c7fd-4bba-929e-d3b4d60358ae ] Request (FloatingIPsTestJSON:tearDownClass): 204 DELETE http://10.180.1.21/identity/v3/users/08990aa617ec4233a5ce9342545e9fab 0.212s
2025-02-11 15:24:38.469 62705 INFO tempest.lib.common.dynamic_creds [-] Deleting project and security group for project: 3405dcbe375a41f2b58747e92afc63ea
2025-02-11 15:24:38.552 62737 INFO tempest.lib.common.rest_client [req-1d26da0b-1630-40fe-8ec3-ff69b395232c req-1d26da0b-1630-40fe-8ec3-ff69b395232c ] Request (MigrationsAdminTest:test_list_migrations_in_flavor_resize_situation): 200 GET http://10.180.1.21/compute/v2.1/servers/a8d56b8e-fa11-4844-ab65-a2e5d24b1e07 2.737s
2025-02-11 15:24:38.559 62705 INFO tempest.lib.common.rest_client [req-ee294bd1-c91e-4414-83d1-34ea00f046c6 req-ee294bd1-c91e-4414-83d1-34ea00f046c6 ] Request (FloatingIPsTestJSON:tearDownClass): 200 GET http://10.180.1.21:9696/networking/v2.0/security-groups?tenant_id=3405dcbe375a41f2b58747e92afc63ea&name=default 0.089s
2025-02-11 15:24:38.598 62725 INFO tempest.lib.common.rest_client [req-6f495821-4153-4300-8233-d5d0bf75029b req-6f495821-4153-4300-8233-d5d0bf75029b ] Request (FlavorsV255TestJSON:tearDownClass): 204 DELETE http://10.180.1.21:9696/networking/v2.0/security-groups/a0d0684f-6a71-4a75-b4bc-672bbce883fc 0.299s
2025-02-11 15:24:38.608 62721 INFO tempest.lib.common.rest_client [req-53556411-d4fe-47e9-806f-3b2461f6b67f req-53556411-d4fe-47e9-806f-3b2461f6b67f ] Request (HostsAdminTestJSON:test_show_host_detail): 200 GET http://10.180.1.21/compute/v2.1/os-hosts/cpu-1 2.567s
2025-02-11 15:24:38.678 62733 INFO tempest.lib.common.rest_client [req-740f64fb-0523-4f43-85a7-3a08a6a99374 req-740f64fb-0523-4f43-85a7-3a08a6a99374 ] Request (AggregatesAdminNegativeTestJSON:test_aggregate_add_non_exist_host): 200 POST http://10.180.1.21/compute/v2.1/os-aggregates 2.597s
2025-02-11 15:24:38.691 62705 INFO tempest.lib.common.rest_client [req-d547bc5f-01dc-4fb2-8793-150bd77fa37c req-d547bc5f-01dc-4fb2-8793-150bd77fa37c ] Request (FloatingIPsTestJSON:tearDownClass): 204 DELETE http://10.180.1.21:9696/networking/v2.0/security-groups/5b071cfc-796a-480e-b14d-245848e24012 0.131s
2025-02-11 15:24:38.703 62719 INFO tempest.lib.common.rest_client [req-8f5e114f-1d65-44ec-ac7e-0d0c1d7fc9d0 req-8f5e114f-1d65-44ec-ac7e-0d0c1d7fc9d0 ] Request (ServerPasswordTestJSON:setUpClass): 201 POST http://10.180.1.21:9696/networking/v2.0/subnets 0.578s
2025-02-11 15:24:38.713 62749 INFO tempest.lib.common.rest_client [req-3415daad-1f0e-4318-9bb3-ae4e29d8aaea req-3415daad-1f0e-4318-9bb3-ae4e29d8aaea ] Request (QuotasAdminTestJSON:test_delete_quota): 200 PUT http://10.180.1.21/compute/v2.1/os-quota-sets/5b628419866841e29b991689c47edb43 2.691s
2025-02-11 15:24:38.715 62759 INFO tempest.lib.common.rest_client [req-675f37e3-d4ca-415f-b5b0-6c751e1cf2bb req-675f37e3-d4ca-415f-b5b0-6c751e1cf2bb ] Request (FlavorsAccessNegativeTestJSON:_run_cleanups): 202 DELETE http://10.180.1.21/compute/v2.1/flavors/1000930872 2.487s
2025-02-11 15:24:38.732 62739 INFO tempest.lib.common.rest_client [req-d83826bc-ffcb-4af1-8d39-fd0d606e4eff req-d83826bc-ffcb-4af1-8d39-fd0d606e4eff ] Request (FlavorsAccessTestJSON:_run_cleanups): 202 DELETE http://10.180.1.21/compute/v2.1/flavors/860923285 2.459s
2025-02-11 15:24:38.744 62745 INFO tempest.lib.common.rest_client [req-82340ac3-df7e-4e49-9270-0c78b9fda031 req-82340ac3-df7e-4e49-9270-0c78b9fda031 ] Request (FlavorsV2TestJSON:test_list_flavors): 200 GET http://10.180.1.21/compute/v2.1/flavors 2.512s
2025-02-11 15:24:38.746 62757 INFO tempest.lib.common.rest_client [req-950305a9-a03f-4458-9c8a-3186c255746a req-950305a9-a03f-4458-9c8a-3186c255746a ] Request (HostsAdminNegativeTestJSON:test_startup_nonexistent_host): 404 GET http://10.180.1.21/compute/v2.1/os-hosts/nonexistent_hostname/startup 2.464s
2025-02-11 15:24:38.764 62725 INFO tempest.lib.common.rest_client [req-d19aa865-2f01-419b-9c85-773056a44afa req-d19aa865-2f01-419b-9c85-773056a44afa ] Request (FlavorsV255TestJSON:tearDownClass): 204 DELETE http://10.180.1.21/identity/v3/projects/5ca2117d06fd4f38a91cd6ef33cc7394 0.165s
2025-02-11 15:24:38.790 62703 INFO tempest.lib.common.rest_client [req-1eadcf74-ee32-4b52-971c-ba24ca580d34 req-1eadcf74-ee32-4b52-971c-ba24ca580d34 ] Request (ValidationResourcesFixture:setUp): 200 POST http://10.180.1.21/compute/v2.1/os-keypairs 2.476s
2025-02-11 15:24:38.796 62735 INFO tempest.lib.common.rest_client [req-41687068-7147-40dc-981f-24fb7cbcc936 req-41687068-7147-40dc-981f-24fb7cbcc936 ] Request (FlavorsExtraSpecsTestJSON:test_flavor_set_get_update_show_unset_keys): 200 DELETE http://10.180.1.21/compute/v2.1/flavors/733805533/os-extra_specs/hw:numa_nodes 2.502s
2025-02-11 15:24:38.819 62761 INFO tempest.lib.common.rest_client [req-7d5eae18-174f-4598-b0d3-9dd7ee16a384 req-7d5eae18-174f-4598-b0d3-9dd7ee16a384 ] Request (FlavorsAdminTestJSON:_run_cleanups): 200 GET http://10.180.1.21/compute/v2.1/flavors/detail 2.484s
2025-02-11 15:24:38.821 62721 INFO tempest.lib.common.rest_client [req-b141abbd-a6a8-4ed8-8668-1d5a5f4b3bfd req-b141abbd-a6a8-4ed8-8668-1d5a5f4b3bfd ] Request (HostsAdminTestJSON:tearDownClass): 204 DELETE http://10.180.1.21/identity/v3/users/69a2f7f197f44c298afc70b09c3fd289 0.211s
2025-02-11 15:24:38.900 62725 INFO tempest.lib.common.rest_client [req-e8132f8f-36bb-42f3-8631-3dc4b2a56e73 req-e8132f8f-36bb-42f3-8631-3dc4b2a56e73 ] Request (FloatingIPsNegativeTestJSON:setUpClass): 201 POST http://10.180.1.21/identity/v3/auth/tokens 0.133s
2025-02-11 15:24:38.911 62743 INFO tempest.lib.common.rest_client [req-cb23fc66-641b-4a81-aeef-aa7a859b925e req-cb23fc66-641b-4a81-aeef-aa7a859b925e ] Request (TenantUsagesTestJSON:setUpClass): 200 GET http://10.180.1.21/compute/v2.1/servers/571a5250-8655-4f30-b193-919affbc1bd8 2.349s
2025-02-11 15:24:38.941 62705 INFO tempest.lib.common.rest_client [req-aa4fba15-a54d-40a0-90d9-c0947bba5403 req-aa4fba15-a54d-40a0-90d9-c0947bba5403 ] Request (FloatingIPsTestJSON:tearDownClass): 204 DELETE http://10.180.1.21/identity/v3/projects/3405dcbe375a41f2b58747e92afc63ea 0.249s
2025-02-11 15:24:38.941 62741 INFO tempest.lib.common.rest_client [req-c2b8acab-f839-43e0-b645-91b672089da6 req-c2b8acab-f839-43e0-b645-91b672089da6 ] Request (FlavorsV2NegativeTest:test_boot_with_low_ram): 204 PUT http://10.180.1.21/image/v2/images/f66a5d36-ad71-4966-ba28-30d2e51bf0c0/file 1.001s
2025-02-11 15:24:38.968 62725 INFO tempest.lib.common.rest_client [req-a4a80e37-1a50-4cb4-9abe-7270f364cd93 req-a4a80e37-1a50-4cb4-9abe-7270f364cd93 ] Request (FloatingIPsNegativeTestJSON:setUpClass): 201 POST http://10.180.1.21/identity/v3/auth/tokens 0.064s
2025-02-11 15:24:39.004 62701 INFO tempest.lib.common.rest_client [req-5c3af4d9-a8b3-4217-8354-a33d8cb04084 req-5c3af4d9-a8b3-4217-8354-a33d8cb04084 ] Request (ServerExternalEventsTest:test_create_server_external_events): 200 GET http://10.180.1.21/compute/v2.1/servers/9659a2dd-f1da-4a8e-a740-1ec01f96940c 2.544s
2025-02-11 15:24:39.007 62721 INFO tempest.lib.common.rest_client [req-f6ac9e62-2c59-4c1f-ab6d-4a6b60949cca req-f6ac9e62-2c59-4c1f-ab6d-4a6b60949cca ] Request (HostsAdminTestJSON:tearDownClass): 204 DELETE http://10.180.1.21/identity/v3/users/8232d68f3e554913a4dcd2e512b0a038 0.186s
2025-02-11 15:24:39.008 62721 INFO tempest.lib.common.dynamic_creds [-] Deleting project and security group for project: b1eb1bda3ee14610a452a1ea6ea6c6ec
2025-02-11 15:24:39.024 62705 INFO tempest.lib.common.rest_client [req-9d34bf0e-a8d6-4bd0-b82d-c1185308a646 req-9d34bf0e-a8d6-4bd0-b82d-c1185308a646 ] Request (ImagesNegativeTestJSON:setUpClass): 201 POST http://10.180.1.21/identity/v3/auth/tokens 0.082s
2025-02-11 15:24:39.037 62703 INFO tempest.lib.common.rest_client [req-cb55f70a-4da9-4bcb-a4d1-100e72c1250d req-cb55f70a-4da9-4bcb-a4d1-100e72c1250d ] Request (ValidationResourcesFixture:setUp): 201 POST http://10.180.1.21:9696/networking/v2.0/security-groups 0.245s
2025-02-11 15:24:39.055 62741 INFO tempest.lib.common.rest_client [req-59aaeec8-e2ce-4b31-a05e-bb52547dd3e9 req-59aaeec8-e2ce-4b31-a05e-bb52547dd3e9 ] Request (FlavorsV2NegativeTest:test_boot_with_low_ram): 201 POST http://10.180.1.21/identity/v3/auth/tokens 0.111s
2025-02-11 15:24:39.056 62741 INFO tempest.lib.common.fixed_network [-] (FlavorsV2NegativeTest:test_boot_with_low_ram) Found network None available for tenant
2025-02-11 15:24:39.077 62725 INFO tempest.lib.common.rest_client [req-72ab9547-0f16-4bea-8632-76e9ece8531f req-72ab9547-0f16-4bea-8632-76e9ece8531f ] Request (FloatingIPsNegativeTestJSON:setUpClass): 200 GET http://10.180.1.21/identity/v3/domains?name=Default 0.109s
2025-02-11 15:24:39.103 62721 INFO tempest.lib.common.rest_client [req-034a1b1a-1502-4607-8be9-18c954457211 req-034a1b1a-1502-4607-8be9-18c954457211 ] Request (HostsAdminTestJSON:tearDownClass): 201 POST http://10.180.1.21/identity/v3/auth/tokens 0.095s
2025-02-11 15:24:39.135 62705 INFO tempest.lib.common.rest_client [req-d9358976-db49-4d0d-8930-b502c57eec91 req-d9358976-db49-4d0d-8930-b502c57eec91 ] Request (ImagesNegativeTestJSON:setUpClass): 201 POST http://10.180.1.21/identity/v3/auth/tokens 0.060s
2025-02-11 15:24:39.154 62703 INFO tempest.lib.common.rest_client [req-c30261a9-3244-45bb-9362-4e2a90b1b629 req-c30261a9-3244-45bb-9362-4e2a90b1b629 ] Request (ValidationResourcesFixture:setUp): 201 POST http://10.180.1.21:9696/networking/v2.0/security-group-rules 0.116s
2025-02-11 15:24:39.175 62725 INFO tempest.lib.common.rest_client [req-6f2d819a-a635-4cfd-89ad-8d7f4f84b196 req-6f2d819a-a635-4cfd-89ad-8d7f4f84b196 ] Request (FloatingIPsNegativeTestJSON:setUpClass): 201 POST http://10.180.1.21/identity/v3/projects 0.098s
2025-02-11 15:24:39.194 62727 INFO tempest.lib.common.rest_client [req-21c8a158-adda-4936-8490-947b0cbc61b8 req-21c8a158-adda-4936-8490-947b0cbc61b8 ] Request (QuotasAdminNegativeTest:test_create_server_when_memory_quota_is_full): 200 PUT http://10.180.1.21/compute/v2.1/os-quota-sets/b2128890604c415d9eac0a47e9347280 2.567s
2025-02-11 15:24:39.227 62717 INFO tempest.lib.common.rest_client [req-8caa057b-f711-4eee-909c-44f612e35d5e req-8caa057b-f711-4eee-909c-44f612e35d5e ] Request (SecurityGroupRulesTestJSON:test_security_group_rules_create): 200 POST http://10.180.1.21/compute/v2.1/os-security-group-rules 2.093s
2025-02-11 15:24:39.232 62705 INFO tempest.lib.common.rest_client [req-cf8c0442-27b5-45e3-8397-0a37a0e6ad9f req-cf8c0442-27b5-45e3-8397-0a37a0e6ad9f ] Request (ImagesNegativeTestJSON:setUpClass): 200 GET http://10.180.1.21/identity/v3/domains?name=Default 0.095s
2025-02-11 15:24:39.264 62725 INFO tempest.lib.common.rest_client [req-a79005d8-2900-4841-b4de-fb5962e3896e req-a79005d8-2900-4841-b4de-fb5962e3896e ] Request (FloatingIPsNegativeTestJSON:setUpClass): 201 POST http://10.180.1.21/identity/v3/users 0.088s
2025-02-11 15:24:39.285 62731 INFO tempest.lib.common.rest_client [req-7f4b007d-c7df-4363-882c-340c1ac73db1 req-7f4b007d-c7df-4363-882c-340c1ac73db1 ] Request (ServerDiskConfigTestJSON:test_rebuild_server_with_auto_disk_config): 200 GET http://10.180.1.21/compute/v2.1/servers/a170fd95-3f7f-4315-a063-b9d02a7a1af4 2.065s
2025-02-11 15:24:39.299 62727 INFO tempest.lib.common.rest_client [req-dba98126-eae0-4fdb-a95e-077c8fd9c5c2 req-dba98126-eae0-4fdb-a95e-077c8fd9c5c2 ] Request (QuotasAdminNegativeTest:test_create_server_when_memory_quota_is_full): 201 POST http://10.180.1.21/identity/v3/auth/tokens 0.096s
2025-02-11 15:24:39.299 62727 INFO tempest.lib.common.fixed_network [-] (QuotasAdminNegativeTest:test_create_server_when_memory_quota_is_full) Found network None available for tenant
2025-02-11 15:24:39.311 62705 INFO tempest.lib.common.rest_client [req-30bf191c-453b-4b1d-84e9-6bc901adb835 req-30bf191c-453b-4b1d-84e9-6bc901adb835 ] Request (ImagesNegativeTestJSON:setUpClass): 201 POST http://10.180.1.21/identity/v3/projects 0.078s
2025-02-11 15:24:39.318 62725 INFO tempest.lib.common.rest_client [req-131a43bb-769a-4bdf-ab77-ba10654e449c req-131a43bb-769a-4bdf-ab77-ba10654e449c ] Request (FloatingIPsNegativeTestJSON:setUpClass): 200 GET http://10.180.1.21/identity/v3/roles 0.054s
2025-02-11 15:24:39.327 62711 INFO tempest.lib.common.rest_client [req-9702c58e-1d53-4182-b0f2-9d0ae8727cc5 req-9702c58e-1d53-4182-b0f2-9d0ae8727cc5 ] Request (HypervisorAdminTestJSON:test_get_hypervisor_list_details): 200 GET http://10.180.1.21/compute/v2.1/os-hypervisors/detail 1.302s
2025-02-11 15:24:39.373 62705 INFO tempest.lib.common.rest_client [req-3a014ec5-940e-411b-9da5-85c489c1793c req-3a014ec5-940e-411b-9da5-85c489c1793c ] Request (ImagesNegativeTestJSON:setUpClass): 201 POST http://10.180.1.21/identity/v3/users 0.062s
2025-02-11 15:24:39.394 62725 INFO tempest.lib.common.rest_client [req-a8e9d0b0-3f78-4e73-8e26-d23eb7c5bd8b req-a8e9d0b0-3f78-4e73-8e26-d23eb7c5bd8b ] Request (FloatingIPsNegativeTestJSON:setUpClass): 204 PUT http://10.180.1.21/identity/v3/projects/4dd3895c6e01474aada8082386903867/users/d063590d4dcf4e2c915e69580909bef9/roles/aaa3e2f882e74882a6b6c25db5a20eba 0.075s
2025-02-11 15:24:39.394 62725 INFO tempest.lib.common.dynamic_creds [-] Dynamic test user d063590d4dcf4e2c915e69580909bef9 is created with scope project and roles: ['member']
2025-02-11 15:24:39.394 62725 INFO tempest.lib.common.dynamic_creds [-] Acquired dynamic creds: credentials: Credentials: {'domain_id': 'default', 'domain_name': 'Default', 'username': 'tempest-FloatingIPsNegativeTestJSON-1290617957-project-member', 'project_domain_id': 'default', 'project_domain_name': 'Default', 'project_id': '4dd3895c6e01474aada8082386903867', 'project_name': 'tempest-FloatingIPsNegativeTestJSON-1290617957', 'tenant_id': '4dd3895c6e01474aada8082386903867', 'tenant_name': 'tempest-FloatingIPsNegativeTestJSON-1290617957', 'user_domain_id': 'default', 'user_domain_name': 'Default', 'user_id': 'd063590d4dcf4e2c915e69580909bef9', 'system': None}, Network: None, Subnet: None, Router: None
2025-02-11 15:24:39.395 62705 INFO tempest.lib.common.rest_client [req-190a662d-97d8-41e1-ae23-c982dee9183f req-190a662d-97d8-41e1-ae23-c982dee9183f ] Request (ImagesNegativeTestJSON:setUpClass): 200 GET http://10.180.1.21/identity/v3/roles 0.021s
2025-02-11 15:24:39.434 62753 INFO tempest.lib.common.rest_client [req-a248e863-c3de-4dc0-919d-7855bdb9caa9 req-a248e863-c3de-4dc0-919d-7855bdb9caa9 ] Request (VolumesAssistedSnapshotsTest:test_volume_assisted_snapshot_create_delete): 200 GET http://10.180.1.21/compute/v2.1/servers/14bb9b79-d224-4a64-861e-30dd919c5741 1.310s
2025-02-11 15:24:39.451 62725 INFO tempest.lib.common.rest_client [req-2ff0dac8-d6eb-4a84-bce8-0f514bd68449 req-2ff0dac8-d6eb-4a84-bce8-0f514bd68449 ] Request (FloatingIPsNegativeTestJSON:setUpClass): 201 POST http://10.180.1.21/identity/v3/auth/tokens 0.056s
2025-02-11 15:24:39.476 62705 INFO tempest.lib.common.rest_client [req-9f5e1ef1-a310-4b51-a0f6-1fb9f55e0346 req-9f5e1ef1-a310-4b51-a0f6-1fb9f55e0346 ] Request (ImagesNegativeTestJSON:setUpClass): 204 PUT http://10.180.1.21/identity/v3/projects/6a704dc4ad9a49d98aa13af301548464/users/0b7c90e0837e49c0974d6ae8a206eab8/roles/aaa3e2f882e74882a6b6c25db5a20eba 0.081s
2025-02-11 15:24:39.477 62705 INFO tempest.lib.common.dynamic_creds [-] Dynamic test user 0b7c90e0837e49c0974d6ae8a206eab8 is created with scope project and roles: ['member']
2025-02-11 15:24:39.477 62705 INFO tempest.lib.common.dynamic_creds [-] Acquired dynamic creds: credentials: Credentials: {'domain_id': 'default', 'domain_name': 'Default', 'username': 'tempest-ImagesNegativeTestJSON-454859679-project-member', 'project_domain_id': 'default', 'project_domain_name': 'Default', 'project_id': '6a704dc4ad9a49d98aa13af301548464', 'project_name': 'tempest-ImagesNegativeTestJSON-454859679', 'tenant_id': '6a704dc4ad9a49d98aa13af301548464', 'tenant_name': 'tempest-ImagesNegativeTestJSON-454859679', 'user_domain_id': 'default', 'user_domain_name': 'Default', 'user_id': '0b7c90e0837e49c0974d6ae8a206eab8', 'system': None}, Network: None, Subnet: None, Router: None
2025-02-11 15:24:39.487 62703 INFO tempest.lib.common.rest_client [req-36dd62df-ab2c-4500-98da-abe79b98e23a req-36dd62df-ab2c-4500-98da-abe79b98e23a ] Request (ValidationResourcesFixture:setUp): 201 POST http://10.180.1.21:9696/networking/v2.0/security-group-rules 0.333s
2025-02-11 15:24:39.488 62707 INFO tempest.lib.common.rest_client [req-87c0f480-d9dc-43d7-b864-eadb6949b9e1 req-87c0f480-d9dc-43d7-b864-eadb6949b9e1 ] Request (ServerDiagnosticsTest:test_get_server_diagnostics): 200 GET http://10.180.1.21/compute/v2.1/servers/8a2b209c-423c-446c-a769-f7d7820d46da 1.566s
2025-02-11 15:24:39.590 62705 INFO tempest.lib.common.rest_client [req-94ea3a02-eab3-4508-bcba-797187d20f81 req-94ea3a02-eab3-4508-bcba-797187d20f81 ] Request (ImagesNegativeTestJSON:setUpClass): 201 POST http://10.180.1.21/identity/v3/auth/tokens 0.112s
2025-02-11 15:24:39.744 62751 INFO tempest.lib.common.rest_client [req-4d488990-0fbf-431f-a5f9-1d0c854be810 req-4d488990-0fbf-431f-a5f9-1d0c854be810 ] Request (DeleteServersAdminTestJSON:test_admin_delete_servers_of_others): 204 DELETE http://10.180.1.21/compute/v2.1/servers/7b8c8c12-fcf3-4b54-ae22-3aead1344803 1.443s
2025-02-11 15:24:39.840 62719 INFO tempest.lib.common.rest_client [req-c3142f67-8738-4f1e-bd46-fb8c7cd2fa91 req-c3142f67-8738-4f1e-bd46-fb8c7cd2fa91 ] Request (ServerPasswordTestJSON:setUpClass): 201 POST http://10.180.1.21:9696/networking/v2.0/routers 1.136s
2025-02-11 15:24:39.871 62721 INFO tempest.lib.common.rest_client [req-9e37e948-96ee-441e-9a12-88630d6bf4b5 req-9e37e948-96ee-441e-9a12-88630d6bf4b5 ] Request (HostsAdminTestJSON:tearDownClass): 200 GET http://10.180.1.21:9696/networking/v2.0/security-groups?tenant_id=b1eb1bda3ee14610a452a1ea6ea6c6ec&name=default 0.767s
2025-02-11 15:24:40.188 62721 INFO tempest.lib.common.rest_client [req-cf57601f-3017-46d1-b4fb-c0671569545c req-cf57601f-3017-46d1-b4fb-c0671569545c ] Request (HostsAdminTestJSON:tearDownClass): 204 DELETE http://10.180.1.21:9696/networking/v2.0/security-groups/1807567a-a6d8-4a7c-be2a-3cd550e0b7fc 0.316s
2025-02-11 15:24:40.230 62723 INFO tempest.lib.common.rest_client [req-99002965-ed71-4bad-99cf-8e043a0573d2 req-99002965-ed71-4bad-99cf-8e043a0573d2 ] Request (ServersAdminNegativeTestJSON:test_migrate_server_invalid_state): 202 POST http://10.180.1.21/compute/v2.1/servers 1.810s
2025-02-11 15:24:40.289 62721 INFO tempest.lib.common.rest_client [req-afedabf4-7855-4d68-8b9f-f2150f27d95f req-afedabf4-7855-4d68-8b9f-f2150f27d95f ] Request (HostsAdminTestJSON:tearDownClass): 204 DELETE http://10.180.1.21/identity/v3/projects/b1eb1bda3ee14610a452a1ea6ea6c6ec 0.101s
2025-02-11 15:24:40.289 62721 INFO tempest.lib.common.dynamic_creds [-] Deleting project and security group for project: fee2919615004d359e00fd162e1a9a83
2025-02-11 15:24:40.319 62705 INFO tempest.lib.common.rest_client [req-469584fd-04e9-46bb-ac90-0a279f6cb2c0 req-469584fd-04e9-46bb-ac90-0a279f6cb2c0 ] Request (ImagesNegativeTestJSON:setUpClass): 201 POST http://10.180.1.21:9696/networking/v2.0/networks 0.728s
2025-02-11 15:24:40.364 62755 INFO tempest.lib.common.rest_client [req-f5fd9164-fcf6-4b18-ac97-ed4fadb845ca req-f5fd9164-fcf6-4b18-ac97-ed4fadb845ca ] Request (SecurityGroupRulesNegativeTestJSON:test_create_security_group_rule_with_invalid_port_range): 200 POST http://10.180.1.21/compute/v2.1/os-security-groups 1.938s
2025-02-11 15:24:40.392 62733 INFO tempest.lib.common.rest_client [req-d0247769-4432-48e0-b2fb-c86a985b0280 req-d0247769-4432-48e0-b2fb-c86a985b0280 ] Request (AggregatesAdminNegativeTestJSON:test_aggregate_add_non_exist_host): 404 POST http://10.180.1.21/compute/v2.1/os-aggregates/3/action 1.711s
2025-02-11 15:24:40.425 62759 INFO tempest.lib.common.rest_client [req-7808dfcd-ce65-4d84-9277-2edff561aa29 req-7808dfcd-ce65-4d84-9277-2edff561aa29 ] Request (FlavorsAccessNegativeTestJSON:_run_cleanups): 200 GET http://10.180.1.21/compute/v2.1/flavors/detail 1.709s
2025-02-11 15:24:40.438 62749 INFO tempest.lib.common.rest_client [req-f182292e-9bc4-4af1-8e8e-4a40dab1a35d req-f182292e-9bc4-4af1-8e8e-4a40dab1a35d ] Request (QuotasAdminTestJSON:test_delete_quota): 202 DELETE http://10.180.1.21/compute/v2.1/os-quota-sets/5b628419866841e29b991689c47edb43 1.723s
2025-02-11 15:24:40.460 62739 INFO tempest.lib.common.rest_client [req-0a7224b6-f890-4074-93e6-e094eb5fc0ce req-0a7224b6-f890-4074-93e6-e094eb5fc0ce ] Request (FlavorsAccessTestJSON:_run_cleanups): 200 GET http://10.180.1.21/compute/v2.1/flavors/detail 1.725s
2025-02-11 15:24:40.465 62757 INFO tempest.lib.common.rest_client [req-849c5f8e-9e0c-4a2b-bd20-742a630904d9 req-849c5f8e-9e0c-4a2b-bd20-742a630904d9 ] Request (HostsAdminNegativeTestJSON:test_update_host_with_invalid_maintenance_mode): 400 PUT http://10.180.1.21/compute/v2.1/os-hosts/devstack 1.718s
2025-02-11 15:24:40.481 62745 INFO tempest.lib.common.rest_client [req-c3576c48-53d2-405e-ba28-c85094f51c91 req-c3576c48-53d2-405e-ba28-c85094f51c91 ] Request (FlavorsV2TestJSON:test_list_flavors): 200 GET http://10.180.1.21/compute/v2.1/flavors/42 1.731s
2025-02-11 15:24:40.504 62735 INFO tempest.lib.common.rest_client [req-83397075-8900-418a-90ca-9b3b982b2d2a req-83397075-8900-418a-90ca-9b3b982b2d2a ] Request (FlavorsExtraSpecsTestJSON:test_flavor_set_get_update_show_unset_keys): 200 DELETE http://10.180.1.21/compute/v2.1/flavors/733805533/os-extra_specs/hw:cpu_policy 1.707s
2025-02-11 15:24:40.588 62725 INFO tempest.lib.common.rest_client [req-11cee439-fce4-4042-9367-308f5a8740c2 req-11cee439-fce4-4042-9367-308f5a8740c2 ] Request (FloatingIPsNegativeTestJSON:setUpClass): 201 POST http://10.180.1.21:9696/networking/v2.0/networks 1.137s
2025-02-11 15:24:40.605 62739 INFO tempest.lib.common.rest_client [req-1da8792d-f68c-47d9-8338-0110f093c26e req-1da8792d-f68c-47d9-8338-0110f093c26e ] Request (FlavorsAccessTestJSON:tearDownClass): 204 DELETE http://10.180.1.21/identity/v3/users/d255803d3a744cbb9e7c045e0b215447 0.139s
2025-02-11 15:24:40.719 62763 INFO tempest.lib.common.rest_client [req-840413eb-846e-4a2b-a46f-4e105f75d4e5 req-840413eb-846e-4a2b-a46f-4e105f75d4e5 ] Request (ServersTestJSON:test_create_server_specify_multibyte_character_name): 200 GET http://10.180.1.21/compute/v2.1/servers/2c93bdf1-aaf4-4e40-898a-634dc00d05e6 2.288s
2025-02-11 15:24:40.729 62763 INFO tempest.common.waiters [-] State transition "BUILD/networking" ==> "BUILD/spawning" after 10 second wait
2025-02-11 15:24:40.739 62761 INFO tempest.lib.common.rest_client [req-dcbc965d-66c2-4dd8-b448-14b87ab5c257 req-dcbc965d-66c2-4dd8-b448-14b87ab5c257 ] Request (FlavorsAdminTestJSON:test_create_flavor_with_none_id): 200 POST http://10.180.1.21/compute/v2.1/flavors 1.905s
2025-02-11 15:24:40.755 62739 INFO tempest.lib.common.rest_client [req-189750ec-a50f-4fe3-8ab2-3a031a642abe req-189750ec-a50f-4fe3-8ab2-3a031a642abe ] Request (FlavorsAccessTestJSON:tearDownClass): 204 DELETE http://10.180.1.21/identity/v3/users/3072bd90c77349d4908cba5984292bca 0.149s
2025-02-11 15:24:40.755 62739 INFO tempest.lib.common.dynamic_creds [-] Deleting project and security group for project: 38b928f3e4be46b6817de7fdaa69f9db
2025-02-11 15:24:40.822 62721 INFO tempest.lib.common.rest_client [req-54739c6f-775e-48fb-baf4-7361001fa3c6 req-54739c6f-775e-48fb-baf4-7361001fa3c6 ] Request (HostsAdminTestJSON:tearDownClass): 200 GET http://10.180.1.21:9696/networking/v2.0/security-groups?tenant_id=fee2919615004d359e00fd162e1a9a83&name=default 0.532s
2025-02-11 15:24:40.839 62739 INFO tempest.lib.common.rest_client [req-362a0b24-c35d-4445-8b73-9bd2beff1d2e req-362a0b24-c35d-4445-8b73-9bd2beff1d2e ] Request (FlavorsAccessTestJSON:tearDownClass): 201 POST http://10.180.1.21/identity/v3/auth/tokens 0.084s
2025-02-11 15:24:40.871 62715 INFO tempest.lib.common.rest_client [req-b79d454d-11c7-49bc-8acc-3f5300a8e8a4 req-b79d454d-11c7-49bc-8acc-3f5300a8e8a4 ] Request (VolumesAdminNegativeTest:setUpClass): 200 PUT http://10.180.1.21:9696/networking/v2.0/routers/36b9ed71-cda9-4460-ab78-34e5a35e3aee/add_router_interface 2.805s
2025-02-11 15:24:40.871 62715 INFO tempest.lib.common.dynamic_creds [-] Created isolated network resources for: credentials: Credentials: {'domain_id': 'default', 'domain_name': 'Default', 'username': 'tempest-VolumesAdminNegativeTest-1552868573-project-admin', 'project_domain_id': 'default', 'project_domain_name': 'Default', 'project_id': 'b2f96aca14f941ab90c0661258d56f1d', 'project_name': 'tempest-VolumesAdminNegativeTest-1552868573', 'tenant_id': 'b2f96aca14f941ab90c0661258d56f1d', 'tenant_name': 'tempest-VolumesAdminNegativeTest-1552868573', 'user_domain_id': 'default', 'user_domain_name': 'Default', 'user_id': '64569bc1019f4a9f98af331e28c2ca6c', 'system': None}, Network: {'id': '9a9fe346-cc5a-44bb-ae92-2664343933db', 'name': 'tempest-VolumesAdminNegativeTest-945974014-network', 'tenant_id': 'b2f96aca14f941ab90c0661258d56f1d', 'admin_state_up': True, 'mtu': 8950, 'status': 'ACTIVE', 'subnets': [], 'shared': False, 'project_id': 'b2f96aca14f941ab90c0661258d56f1d', 'port_security_enabled': True, 'router:external': False, 'provider:network_type': 'vlan', 'provider:physical_network': 'default', 'provider:segmentation_id': 541, 'availability_zone_hints': [], 'availability_zones': [], 'ipv4_address_scope': None, 'ipv6_address_scope': None, 'description': '', 'tags': [], 'created_at': '2025-02-11T15:24:34Z', 'updated_at': '2025-02-11T15:24:34Z', 'revision_number': 1}, Subnet: {'id': 'df47bffc-472e-41e2-a59f-0ee4f9a39c3b', 'name': 'tempest-VolumesAdminNegativeTest-945974014-subnet', 'tenant_id': 'b2f96aca14f941ab90c0661258d56f1d', 'network_id': '9a9fe346-cc5a-44bb-ae92-2664343933db', 'ip_version': 4, 'subnetpool_id': None, 'enable_dhcp': True, 'ipv6_ra_mode': None, 'ipv6_address_mode': None, 'gateway_ip': '192.168.128.1', 'cidr': '192.168.128.0/28', 'allocation_pools': [{'start': '192.168.128.2', 'end': '192.168.128.14'}], 'host_routes': [], 'dns_nameservers': [], 'description': '', 'router:external': False, 'service_types': [], 'tags': [], 'created_at': '2025-02-11T15:24:35Z', 'updated_at': '2025-02-11T15:24:35Z', 'revision_number': 0, 'project_id': 'b2f96aca14f941ab90c0661258d56f1d'}, Router: {'id': '36b9ed71-cda9-4460-ab78-34e5a35e3aee', 'name': 'tempest-VolumesAdminNegativeTest-945974014-router', 'tenant_id': 'b2f96aca14f941ab90c0661258d56f1d', 'admin_state_up': True, 'status': 'ACTIVE', 'external_gateway_info': {'network_id': '0f429931-01f7-45bf-bcc1-ffdd367dc278', 'external_fixed_ips': [{'subnet_id': '51b457e9-53ee-4c20-84b8-056c56205e64', 'ip_address': '10.180.180.172'}], 'enable_snat': True}, 'description': '', 'availability_zones': [], 'distributed': False, 'ha': False, 'availability_zone_hints': [], 'routes': [], 'flavor_id': None, 'tags': [], 'created_at': '2025-02-11T15:24:35Z', 'updated_at': '2025-02-11T15:24:36Z', 'revision_number': 2, 'project_id': 'b2f96aca14f941ab90c0661258d56f1d'}
2025-02-11 15:24:40.947 62729 INFO tempest.lib.common.rest_client [req-b0482fe0-e694-4a91-b578-b0588ab152d7 req-b0482fe0-e694-4a91-b578-b0588ab152d7 ] Request (ServerDiagnosticsNegativeTest:test_get_server_diagnostics_by_non_admin): 200 GET http://10.180.1.21/compute/v2.1/servers/ab338058-13c8-4df9-ba55-fabe1952557d 2.121s
2025-02-11 15:24:40.963 62729 INFO tempest.common.waiters [-] State transition "BUILD/spawning" ==> "ACTIVE/None" after 20 second wait
2025-02-11 15:24:41.010 62715 INFO tempest.lib.common.rest_client [req-31183801-c897-4b57-a713-8d076998f8f9 req-31183801-c897-4b57-a713-8d076998f8f9 ] Request (VolumesAdminNegativeTest:setUpClass): 201 POST http://10.180.1.21/identity/v3/auth/tokens 0.134s
