2025-02-11 15:26:23.176 62757 INFO tempest.lib.common.rest_client [req-8f0f4e0c-775b-4555-ac2e-2abce205e91f req-8f0f4e0c-775b-4555-ac2e-2abce205e91f ] Request (ServersAaction247Test:test_create_backup): 201 POST http://10.180.1.21/identity/v3/auth/tokens 0.027s
2025-02-11 15:26:23.176 62757 INFO tempest.lib.common.fixed_network [-] (ServersAaction247Test:test_create_backup) Found network None available for tenant
2025-02-11 15:26:23.205 62711 INFO tempest.lib.common.rest_client [req-042af3bc-c402-4c7f-b6f3-655a22ec2ecd req-042af3bc-c402-4c7f-b6f3-655a22ec2ecd ] Request (ServersAdmin275Test:tearDownClass): 200 GET http://10.180.1.21/compute/v2.1/servers/69569fa0-5175-453e-9875-9ef46c723da8 0.092s
2025-02-11 15:26:23.224 62759 INFO tempest.lib.common.rest_client [req-f1fc22a1-4f8e-468e-8354-aeada9f7ec56 req-f1fc22a1-4f8e-468e-8354-aeada9f7ec56 ] Request (ImagesTestJSON:test_create_image_from_stopped_server): 200 GET http://10.180.1.21/compute/v2.1/servers/0c01a974-2318-461b-965f-ba4932e3bea1 0.054s
2025-02-11 15:26:23.272 62745 INFO tempest.lib.common.rest_client [req-97bffb35-1ead-4464-85d1-7a01c2fbb21b req-97bffb35-1ead-4464-85d1-7a01c2fbb21b ] Request (ListImageFiltersTestJSON:setUpClass): 200 GET http://10.180.1.21/compute/v2.1/servers/f4d47cd8-1607-4e05-9e6a-3a1faf23ddbf 0.077s
2025-02-11 15:26:23.332 62721 INFO tempest.lib.common.rest_client [req-5dea2568-c2c4-4ee9-b3f4-c1e64cb891fa req-5dea2568-c2c4-4ee9-b3f4-c1e64cb891fa ] Request (ServerRescueTestJSON:setUpClass): 200 GET http://10.180.1.21/compute/v2.1/servers/ca342da5-b6e7-4d00-be10-f7f3e6ff8b7c 0.094s
2025-02-11 15:26:23.378 62757 INFO tempest.lib.common.rest_client [req-ede798e8-9eb7-4355-9656-bbda38ca031e req-ede798e8-9eb7-4355-9656-bbda38ca031e ] Request (ServersAaction247Test:test_create_backup): 202 POST http://10.180.1.21/compute/v2.1/servers 0.201s
2025-02-11 15:26:23.385 62729 INFO tempest.lib.common.rest_client [req-6f3627e9-a77d-4670-93be-ac6f48f8a0ec req-6f3627e9-a77d-4670-93be-ac6f48f8a0ec ] Request (AttachVolumeNegativeTest:test_attach_attached_volume_to_different_server): 200 GET http://10.180.1.21/compute/v2.1/servers/67f05a2b-f323-4e4a-ac13-7f4745593be0 0.086s
2025-02-11 15:26:23.435 62761 INFO tempest.lib.common.rest_client [req-1ead8b5e-8f5e-41ac-a6e4-b27c8116eee2 req-1ead8b5e-8f5e-41ac-a6e4-b27c8116eee2 ] Request (ServersV294TestFqdnHostnames:setUpClass): 200 GET http://10.180.1.21/compute/v2.1/servers/8bd05dac-7aa2-44c5-8752-6045c01d213d 0.088s
2025-02-11 15:26:23.445 62705 INFO tempest.lib.common.rest_client [req-96f23e1f-b7af-4ece-856a-84ef74c73942 req-96f23e1f-b7af-4ece-856a-84ef74c73942 ] Request (ImagesOneServerNegativeTestJSON:setUpClass): 200 GET http://10.180.1.21/compute/v2.1/servers/563840a8-8fa7-4bfa-9912-933c14e7076a 0.068s
2025-02-11 15:26:23.473 62757 INFO tempest.lib.common.rest_client [req-b25317d3-9f90-405b-9178-a28bf91a0337 req-b25317d3-9f90-405b-9178-a28bf91a0337 ] Request (ServersAaction247Test:test_create_backup): 200 GET http://10.180.1.21/compute/v2.1/servers/3f508af0-68a2-4898-b9ae-d84cdb8a4cd9 0.092s
2025-02-11 15:26:23.693 62717 INFO tempest.lib.common.rest_client [req-591d78a5-4651-496a-8b96-8c3cb131b6a1 req-591d78a5-4651-496a-8b96-8c3cb131b6a1 ] Request (ServersTestFqdnHostnames:test_create_server_with_fqdn_name): 200 GET http://10.180.1.21/compute/v2.1/servers/2cffbbd9-f0b8-46e1-b6db-b74fb2499d1a 0.066s
2025-02-11 15:26:23.698 62739 INFO tempest.lib.common.rest_client [req-723b2964-ca2e-4bcd-a57f-9c5227b9e13b req-723b2964-ca2e-4bcd-a57f-9c5227b9e13b ] Request (AttachInterfacesUnderV243Test:test_add_remove_fixed_ip): 200 GET http://10.180.1.21/compute/v2.1/servers/57eaad0a-ca55-4bff-bbd0-6155ecf1cb93 0.058s
2025-02-11 15:26:23.748 62733 INFO tempest.lib.common.rest_client [req-2022a3db-58a3-4638-9c5b-325b66e3bfac req-2022a3db-58a3-4638-9c5b-325b66e3bfac ] Request (FloatingIPsAssociationNegativeTestJSON:setUpClass): 200 GET http://10.180.1.21/compute/v2.1/servers/17498cb6-8b16-4a2e-96ae-c594966cee77 0.047s
2025-02-11 15:26:23.779 62755 INFO tempest.lib.common.rest_client [req-2aa037eb-7676-43ab-9afd-129c927089e3 req-2aa037eb-7676-43ab-9afd-129c927089e3 ] Request (ServerShowV257Test:tearDownClass): 200 GET http://10.180.1.21/compute/v2.1/servers/045e5f8f-edd5-425d-bccb-054d90db27d9 0.058s
2025-02-11 15:26:23.827 62723 INFO tempest.lib.common.rest_client [req-15f55193-0c1d-433b-8064-cfbcb8780d2f req-15f55193-0c1d-433b-8064-cfbcb8780d2f ] Request (ServersAdminNegativeTestJSON:tearDownClass): 200 GET http://10.180.1.21/compute/v2.1/servers/8e911bad-5408-4588-9865-912ce4457d34 0.060s
2025-02-11 15:26:23.838 62731 INFO tempest.lib.common.rest_client [req-6dbfd0b2-987f-430f-8f5c-8dfeaff38c50 req-6dbfd0b2-987f-430f-8f5c-8dfeaff38c50 ] Request (ServerDiskConfigTestJSON:test_rebuild_server_with_manual_disk_config): 200 GET http://10.180.1.21/compute/v2.1/servers/a16193af-410e-4bf6-bb06-a97791cf6060 0.062s
2025-02-11 15:26:23.881 62763 INFO tempest.lib.common.rest_client [req-64e449ea-8ab4-4770-acfb-41be234805c0 req-64e449ea-8ab4-4770-acfb-41be234805c0 ] Request (ServersTestJSON:test_create_specify_keypair): 200 GET http://10.180.1.21/compute/v2.1/servers/0f48434f-859f-4910-883f-2f81be647bad 0.049s
2025-02-11 15:26:23.913 62751 INFO tempest.lib.common.rest_client [req-00ab8949-cb8a-4c56-9ee8-f93a8bfae97e req-00ab8949-cb8a-4c56-9ee8-f93a8bfae97e ] Request (DeleteServersAdminTestJSON:test_delete_server_while_in_error_state): 200 GET http://10.180.1.21/compute/v2.1/servers/60535a30-4602-4063-94a4-30ed01266d5b 0.061s
2025-02-11 15:26:23.927 62741 WARNING tempest.lib.common.ssh [-] Failed to establish authenticated ssh connection to cirros@10.180.180.158 ([Errno None] Unable to connect to port 22 on 10.180.180.158). Number attempts: 6. Retry after 7 seconds.: paramiko.ssh_exception.NoValidConnectionsError: [Errno None] Unable to connect to port 22 on 10.180.180.158
2025-02-11 15:26:23.939 62707 INFO tempest.lib.common.rest_client [req-3d969d87-5224-40a0-b6a1-e71154b8d28c req-3d969d87-5224-40a0-b6a1-e71154b8d28c ] Request (FloatingIPsAssociationTestJSON:setUpClass): 200 GET http://10.180.1.21/compute/v2.1/servers/3810ae49-3b9d-4c5f-b579-8abddc8d6c1a 0.051s
2025-02-11 15:26:23.961 62709 INFO tempest.lib.common.rest_client [req-54f1996a-9708-4a5b-97aa-86f390c87c80 req-54f1996a-9708-4a5b-97aa-86f390c87c80 ] Request (ServersAdminTestJSON:test_inject_network_info): 200 GET http://10.180.1.21/compute/v2.1/servers/a10f5b03-c45b-4cc2-923f-3227665d236c 0.059s
2025-02-11 15:26:24.063 62701 INFO tempest.lib.common.rest_client [req-09dd181c-6cf9-464b-880d-67082e90ef07 req-09dd181c-6cf9-464b-880d-67082e90ef07 ] Request (InstanceActionsTestJSON:setUpClass): 200 GET http://10.180.1.21/compute/v2.1/servers/583138d1-f928-4e33-a443-11c627203c44 0.052s
2025-02-11 15:26:24.119 62703 WARNING tempest.lib.common.ssh [-] Failed to establish authenticated ssh connection to cirros@10.180.180.162 ([Errno None] Unable to connect to port 22 on 10.180.180.162). Number attempts: 8. Retry after 9 seconds.: paramiko.ssh_exception.NoValidConnectionsError: [Errno None] Unable to connect to port 22 on 10.180.180.162
2025-02-11 15:26:24.133 62749 INFO tempest.lib.common.rest_client [req-dd7dd21a-476c-4f84-8d50-064c61d26162 req-dd7dd21a-476c-4f84-8d50-064c61d26162 ] Request (ServerRescueNegativeTestJSON:test_rescued_vm_attach_volume): 200 GET http://10.180.1.21/volume/v3/volumes/52514ff8-ca7e-493b-9cbc-826299356e71 0.027s
2025-02-11 15:26:24.134 62737 INFO tempest.lib.common.rest_client [req-84f412e7-d38f-4fc2-963d-7911e45ed7a3 req-84f412e7-d38f-4fc2-963d-7911e45ed7a3 ] Request (MigrationsAdminTest:test_resize_server_revert_deleted_flavor): 200 GET http://10.180.1.21/compute/v2.1/servers/9604eadf-a027-46dd-989b-0d4b752f883a 0.053s
2025-02-11 15:26:24.140 62749 INFO tempest.common.waiters [-] volume 52514ff8-ca7e-493b-9cbc-826299356e71 reached available after waiting for 1.140240 seconds
2025-02-11 15:26:24.212 62749 INFO tempest.lib.common.rest_client [req-9d5b1e3d-a8b6-43e1-b0cd-2ee152db05ac req-9d5b1e3d-a8b6-43e1-b0cd-2ee152db05ac ] Request (ServerRescueNegativeTestJSON:test_rescued_vm_attach_volume): 200 POST http://10.180.1.21/compute/v2.1/servers/152567ba-f24c-4674-b06e-98c76a3da324/action 0.072s
2025-02-11 15:26:24.266 62713 INFO tempest.lib.common.rest_client [req-acd196a4-64d1-4264-b32d-2e4602528679 req-acd196a4-64d1-4264-b32d-2e4602528679 ] Request (ListServersNegativeTestJSON:setUpClass): 200 GET http://10.180.1.21/compute/v2.1/servers/872ac212-9f29-426d-94c7-e1bf73aebd94 0.122s
2025-02-11 15:26:24.278 62727 INFO tempest.lib.common.rest_client [req-80082087-a570-4bd3-ac7d-d9307d8b6717 req-80082087-a570-4bd3-ac7d-d9307d8b6717 ] Request (ImagesOneServerTestJSON:tearDownClass): 200 GET http://10.180.1.21/compute/v2.1/servers/0dd47ff3-5a5b-4c51-8e6a-fc11449f21be 0.126s
2025-02-11 15:26:24.351 62711 INFO tempest.lib.common.rest_client [req-0ce33267-f952-4ae4-8aaa-2b37b26db4c9 req-0ce33267-f952-4ae4-8aaa-2b37b26db4c9 ] Request (ServersAdmin275Test:tearDownClass): 200 GET http://10.180.1.21/compute/v2.1/servers/69569fa0-5175-453e-9875-9ef46c723da8 0.135s
2025-02-11 15:26:24.417 62759 INFO tempest.lib.common.rest_client [req-4d74bad6-8b71-4067-9117-597b42b0f803 req-4d74bad6-8b71-4067-9117-597b42b0f803 ] Request (ImagesTestJSON:test_create_image_from_stopped_server): 200 GET http://10.180.1.21/compute/v2.1/servers/0c01a974-2318-461b-965f-ba4932e3bea1 0.185s
2025-02-11 15:26:24.422 62749 INFO tempest.lib.common.rest_client [req-00040b5b-905e-444c-a28a-466f38bcb1d0 req-00040b5b-905e-444c-a28a-466f38bcb1d0 ] Request (ServerRescueNegativeTestJSON:test_rescued_vm_attach_volume): 200 GET http://10.180.1.21/compute/v2.1/servers/152567ba-f24c-4674-b06e-98c76a3da324 0.208s
2025-02-11 15:26:24.480 62745 INFO tempest.lib.common.rest_client [req-4696df52-4695-4e20-a05b-54907e0a45a1 req-4696df52-4695-4e20-a05b-54907e0a45a1 ] Request (ListImageFiltersTestJSON:setUpClass): 200 GET http://10.180.1.21/compute/v2.1/servers/f4d47cd8-1607-4e05-9e6a-3a1faf23ddbf 0.197s
2025-02-11 15:26:24.490 62745 INFO tempest.common.waiters [-] State transition "BUILD/None" ==> "BUILD/networking" after 66 second wait
2025-02-11 15:26:24.490 62721 INFO tempest.lib.common.rest_client [req-df46f5c3-e45e-4fbe-98d3-d3e2ba49b3d2 req-df46f5c3-e45e-4fbe-98d3-d3e2ba49b3d2 ] Request (ServerRescueTestJSON:setUpClass): 200 GET http://10.180.1.21/compute/v2.1/servers/ca342da5-b6e7-4d00-be10-f7f3e6ff8b7c 0.148s
2025-02-11 15:26:24.544 62729 INFO tempest.lib.common.rest_client [req-bd5e2703-8345-44b7-9cad-1a8e1698eff2 req-bd5e2703-8345-44b7-9cad-1a8e1698eff2 ] Request (AttachVolumeNegativeTest:test_attach_attached_volume_to_different_server): 200 GET http://10.180.1.21/compute/v2.1/servers/67f05a2b-f323-4e4a-ac13-7f4745593be0 0.149s
2025-02-11 15:26:24.555 62761 INFO tempest.lib.common.rest_client [req-b7373da6-5981-4c36-9097-0ef425b8fc7a req-b7373da6-5981-4c36-9097-0ef425b8fc7a ] Request (ServersV294TestFqdnHostnames:setUpClass): 200 GET http://10.180.1.21/compute/v2.1/servers/8bd05dac-7aa2-44c5-8752-6045c01d213d 0.107s
2025-02-11 15:26:24.615 62705 INFO tempest.lib.common.rest_client [req-b65ca344-a1b2-4b2b-ab30-8b523bdced68 req-b65ca344-a1b2-4b2b-ab30-8b523bdced68 ] Request (ImagesOneServerNegativeTestJSON:setUpClass): 200 GET http://10.180.1.21/compute/v2.1/servers/563840a8-8fa7-4bfa-9912-933c14e7076a 0.161s
2025-02-11 15:26:24.618 62757 INFO tempest.lib.common.rest_client [req-d16345ed-a7fa-4521-8095-67a718388d81 req-d16345ed-a7fa-4521-8095-67a718388d81 ] Request (ServersAaction247Test:test_create_backup): 200 GET http://10.180.1.21/compute/v2.1/servers/3f508af0-68a2-4898-b9ae-d84cdb8a4cd9 0.133s
2025-02-11 15:26:24.780 62717 INFO tempest.lib.common.rest_client [req-0d50401d-e669-4bd8-9dc3-f890b44e049a req-0d50401d-e669-4bd8-9dc3-f890b44e049a ] Request (ServersTestFqdnHostnames:test_create_server_with_fqdn_name): 200 GET http://10.180.1.21/compute/v2.1/servers/2cffbbd9-f0b8-46e1-b6db-b74fb2499d1a 0.080s
2025-02-11 15:26:24.781 62739 INFO tempest.lib.common.rest_client [req-cf0401f6-9c70-46cd-bddf-ba2e1a95c86f req-cf0401f6-9c70-46cd-bddf-ba2e1a95c86f ] Request (AttachInterfacesUnderV243Test:test_add_remove_fixed_ip): 200 GET http://10.180.1.21/compute/v2.1/servers/57eaad0a-ca55-4bff-bbd0-6155ecf1cb93 0.072s
2025-02-11 15:26:24.787 62717 INFO tempest.common.waiters [-] State transition "BUILD/scheduling" ==> "BUILD/None" after 59 second wait
2025-02-11 15:26:24.852 62733 INFO tempest.lib.common.rest_client [req-2ae38be6-fa5a-467f-9e7c-ba625761a113 req-2ae38be6-fa5a-467f-9e7c-ba625761a113 ] Request (FloatingIPsAssociationNegativeTestJSON:setUpClass): 200 GET http://10.180.1.21/compute/v2.1/servers/17498cb6-8b16-4a2e-96ae-c594966cee77 0.097s
2025-02-11 15:26:24.864 62755 INFO tempest.lib.common.rest_client [req-2b780ca6-4e68-457e-bee2-89f08afeb38d req-2b780ca6-4e68-457e-bee2-89f08afeb38d ] Request (ServerShowV257Test:tearDownClass): 200 GET http://10.180.1.21/compute/v2.1/servers/045e5f8f-edd5-425d-bccb-054d90db27d9 0.071s
2025-02-11 15:26:24.917 62723 INFO tempest.lib.common.rest_client [req-330d659b-06e9-42b7-9884-d9b5938d9825 req-330d659b-06e9-42b7-9884-d9b5938d9825 ] Request (ServersAdminNegativeTestJSON:tearDownClass): 200 GET http://10.180.1.21/compute/v2.1/servers/8e911bad-5408-4588-9865-912ce4457d34 0.082s
2025-02-11 15:26:24.925 62731 INFO tempest.lib.common.rest_client [req-f92daaf6-1d23-49ea-820b-3189fa7e289d req-f92daaf6-1d23-49ea-820b-3189fa7e289d ] Request (ServerDiskConfigTestJSON:test_rebuild_server_with_manual_disk_config): 200 GET http://10.180.1.21/compute/v2.1/servers/a16193af-410e-4bf6-bb06-a97791cf6060 0.076s
2025-02-11 15:26:24.970 62763 INFO tempest.lib.common.rest_client [req-8be5b910-0554-4889-9411-cb10047b40c0 req-8be5b910-0554-4889-9411-cb10047b40c0 ] Request (ServersTestJSON:test_create_specify_keypair): 200 GET http://10.180.1.21/compute/v2.1/servers/0f48434f-859f-4910-883f-2f81be647bad 0.081s
2025-02-11 15:26:24.999 62751 INFO tempest.lib.common.rest_client [req-cc89baff-0eb3-42ca-80dc-6bd25d59202b req-cc89baff-0eb3-42ca-80dc-6bd25d59202b ] Request (DeleteServersAdminTestJSON:test_delete_server_while_in_error_state): 200 GET http://10.180.1.21/compute/v2.1/servers/60535a30-4602-4063-94a4-30ed01266d5b 0.074s
2025-02-11 15:26:25.021 62707 INFO tempest.lib.common.rest_client [req-95079ce4-b938-4c65-a978-18eac0cf6145 req-95079ce4-b938-4c65-a978-18eac0cf6145 ] Request (FloatingIPsAssociationTestJSON:setUpClass): 200 GET http://10.180.1.21/compute/v2.1/servers/3810ae49-3b9d-4c5f-b579-8abddc8d6c1a 0.074s
2025-02-11 15:26:25.064 62709 INFO tempest.lib.common.rest_client [req-383b99fc-75ed-4dd9-b7c6-b79f68a49ae3 req-383b99fc-75ed-4dd9-b7c6-b79f68a49ae3 ] Request (ServersAdminTestJSON:test_inject_network_info): 200 GET http://10.180.1.21/compute/v2.1/servers/a10f5b03-c45b-4cc2-923f-3227665d236c 0.094s
2025-02-11 15:26:25.123 62701 INFO tempest.lib.common.rest_client [req-e4e7423a-431d-48e0-bd93-edb11f45caa2 req-e4e7423a-431d-48e0-bd93-edb11f45caa2 ] Request (InstanceActionsTestJSON:setUpClass): 200 GET http://10.180.1.21/compute/v2.1/servers/583138d1-f928-4e33-a443-11c627203c44 0.051s
2025-02-11 15:26:25.196 62737 INFO tempest.lib.common.rest_client [req-2309a66a-87a4-455b-939f-8a72384e33dd req-2309a66a-87a4-455b-939f-8a72384e33dd ] Request (MigrationsAdminTest:test_resize_server_revert_deleted_flavor): 200 GET http://10.180.1.21/compute/v2.1/servers/9604eadf-a027-46dd-989b-0d4b752f883a 0.053s
2025-02-11 15:26:25.348 62727 INFO tempest.lib.common.rest_client [req-4898f99f-a0e7-4df6-9eb6-3483fb1d7779 req-4898f99f-a0e7-4df6-9eb6-3483fb1d7779 ] Request (ImagesOneServerTestJSON:tearDownClass): 200 GET http://10.180.1.21/compute/v2.1/servers/0dd47ff3-5a5b-4c51-8e6a-fc11449f21be 0.061s
2025-02-11 15:26:25.378 62713 INFO tempest.lib.common.rest_client [req-df0aff68-b95f-4b93-af63-24350c1fba30 req-df0aff68-b95f-4b93-af63-24350c1fba30 ] Request (ListServersNegativeTestJSON:setUpClass): 200 GET http://10.180.1.21/compute/v2.1/servers/872ac212-9f29-426d-94c7-e1bf73aebd94 0.099s
2025-02-11 15:26:25.385 62713 INFO tempest.common.waiters [-] State transition "BUILD/spawning" ==> "ACTIVE/None" after 2 second wait
2025-02-11 15:26:25.419 62711 INFO tempest.lib.common.rest_client [req-8719d1b1-7ee4-431f-9037-16d7164aba07 req-8719d1b1-7ee4-431f-9037-16d7164aba07 ] Request (ServersAdmin275Test:tearDownClass): 200 GET http://10.180.1.21/compute/v2.1/servers/69569fa0-5175-453e-9875-9ef46c723da8 0.059s
2025-02-11 15:26:25.454 62713 INFO tempest.lib.common.rest_client [req-e597c2b9-da08-464a-a03b-f00b4d44c85c req-e597c2b9-da08-464a-a03b-f00b4d44c85c ] Request (ListServersNegativeTestJSON:setUpClass): 204 DELETE http://10.180.1.21/compute/v2.1/servers/330b5e35-3292-4df7-b288-547b158e671a 0.069s
2025-02-11 15:26:25.474 62759 INFO tempest.lib.common.rest_client [req-26bba394-9263-4de8-a70d-a5d7b52202ce req-26bba394-9263-4de8-a70d-a5d7b52202ce ] Request (ImagesTestJSON:test_create_image_from_stopped_server): 200 GET http://10.180.1.21/compute/v2.1/servers/0c01a974-2318-461b-965f-ba4932e3bea1 0.048s
2025-02-11 15:26:25.588 62713 INFO tempest.lib.common.rest_client [req-d9cbf6ce-db94-4f85-bddb-4979b51f2ca2 req-d9cbf6ce-db94-4f85-bddb-4979b51f2ca2 ] Request (ListServersNegativeTestJSON:setUpClass): 200 GET http://10.180.1.21/compute/v2.1/servers/330b5e35-3292-4df7-b288-547b158e671a 0.133s
2025-02-11 15:26:25.596 62749 INFO tempest.lib.common.rest_client [req-a0c79841-f3c5-4aff-8593-5dc4b7ad033b req-a0c79841-f3c5-4aff-8593-5dc4b7ad033b ] Request (ServerRescueNegativeTestJSON:test_rescued_vm_attach_volume): 200 GET http://10.180.1.21/compute/v2.1/servers/152567ba-f24c-4674-b06e-98c76a3da324 0.166s
2025-02-11 15:26:25.653 62721 INFO tempest.lib.common.rest_client [req-8302bd3e-6df3-4c9a-aa9c-1b33ee82a9dd req-8302bd3e-6df3-4c9a-aa9c-1b33ee82a9dd ] Request (ServerRescueTestJSON:setUpClass): 200 GET http://10.180.1.21/compute/v2.1/servers/ca342da5-b6e7-4d00-be10-f7f3e6ff8b7c 0.152s
2025-02-11 15:26:25.689 62745 INFO tempest.lib.common.rest_client [req-183b6b0c-8a6c-49f8-bd5c-3cf0155efd98 req-183b6b0c-8a6c-49f8-bd5c-3cf0155efd98 ] Request (ListImageFiltersTestJSON:setUpClass): 200 GET http://10.180.1.21/compute/v2.1/servers/f4d47cd8-1607-4e05-9e6a-3a1faf23ddbf 0.198s
2025-02-11 15:26:25.695 62745 INFO tempest.common.waiters [-] State transition "BUILD/networking" ==> "BUILD/spawning" after 67 second wait
2025-02-11 15:26:25.704 62729 INFO tempest.lib.common.rest_client [req-fc44ecf9-1d3f-4d55-ad58-c5ea7a3701d4 req-fc44ecf9-1d3f-4d55-ad58-c5ea7a3701d4 ] Request (AttachVolumeNegativeTest:test_attach_attached_volume_to_different_server): 200 GET http://10.180.1.21/compute/v2.1/servers/67f05a2b-f323-4e4a-ac13-7f4745593be0 0.151s
2025-02-11 15:26:25.738 62761 INFO tempest.lib.common.rest_client [req-c0797582-bbdd-47fb-a1c0-a4b81d6f6b92 req-c0797582-bbdd-47fb-a1c0-a4b81d6f6b92 ] Request (ServersV294TestFqdnHostnames:setUpClass): 200 GET http://10.180.1.21/compute/v2.1/servers/8bd05dac-7aa2-44c5-8752-6045c01d213d 0.172s
2025-02-11 15:26:25.746 62705 INFO tempest.lib.common.rest_client [req-cb9cf9a6-95cc-4c01-834a-545a80decddb req-cb9cf9a6-95cc-4c01-834a-545a80decddb ] Request (ImagesOneServerNegativeTestJSON:setUpClass): 200 GET http://10.180.1.21/compute/v2.1/servers/563840a8-8fa7-4bfa-9912-933c14e7076a 0.123s
2025-02-11 15:26:25.783 62757 INFO tempest.lib.common.rest_client [req-d303dd8e-fb5d-492d-810a-2582dce2a6d3 req-d303dd8e-fb5d-492d-810a-2582dce2a6d3 ] Request (ServersAaction247Test:test_create_backup): 200 GET http://10.180.1.21/compute/v2.1/servers/3f508af0-68a2-4898-b9ae-d84cdb8a4cd9 0.155s
2025-02-11 15:26:25.849 62739 INFO tempest.lib.common.rest_client [req-bb05b879-ec24-40f0-88ee-6250aa2a4cf4 req-bb05b879-ec24-40f0-88ee-6250aa2a4cf4 ] Request (AttachInterfacesUnderV243Test:test_add_remove_fixed_ip): 200 GET http://10.180.1.21/compute/v2.1/servers/57eaad0a-ca55-4bff-bbd0-6155ecf1cb93 0.060s
2025-02-11 15:26:25.850 62717 INFO tempest.lib.common.rest_client [req-719447a7-109f-499b-9b58-6f5538e759d7 req-719447a7-109f-499b-9b58-6f5538e759d7 ] Request (ServersTestFqdnHostnames:test_create_server_with_fqdn_name): 200 GET http://10.180.1.21/compute/v2.1/servers/2cffbbd9-f0b8-46e1-b6db-b74fb2499d1a 0.062s
2025-02-11 15:26:25.913 62733 INFO tempest.lib.common.rest_client [req-e17a4b8e-960d-4343-aaf0-006f013f2aea req-e17a4b8e-960d-4343-aaf0-006f013f2aea ] Request (FloatingIPsAssociationNegativeTestJSON:setUpClass): 200 GET http://10.180.1.21/compute/v2.1/servers/17498cb6-8b16-4a2e-96ae-c594966cee77 0.051s
2025-02-11 15:26:25.937 62755 INFO tempest.lib.common.rest_client [req-1fe6733a-3efe-40bb-9970-85b174a5284e req-1fe6733a-3efe-40bb-9970-85b174a5284e ] Request (ServerShowV257Test:tearDownClass): 200 GET http://10.180.1.21/compute/v2.1/servers/045e5f8f-edd5-425d-bccb-054d90db27d9 0.062s
2025-02-11 15:26:25.997 62731 INFO tempest.lib.common.rest_client [req-09d7c2e1-42f7-43cf-b8ea-dfaacdf3e5cd req-09d7c2e1-42f7-43cf-b8ea-dfaacdf3e5cd ] Request (ServerDiskConfigTestJSON:test_rebuild_server_with_manual_disk_config): 200 GET http://10.180.1.21/compute/v2.1/servers/a16193af-410e-4bf6-bb06-a97791cf6060 0.058s
2025-02-11 15:26:26.000 62723 INFO tempest.lib.common.rest_client [req-47287a17-8c89-48b9-9f2f-232d674a490d req-47287a17-8c89-48b9-9f2f-232d674a490d ] Request (ServersAdminNegativeTestJSON:tearDownClass): 200 GET http://10.180.1.21/compute/v2.1/servers/8e911bad-5408-4588-9865-912ce4457d34 0.070s
2025-02-11 15:26:26.043 62763 INFO tempest.lib.common.rest_client [req-ada03524-a1be-44a4-b37a-e94828821e32 req-ada03524-a1be-44a4-b37a-e94828821e32 ] Request (ServersTestJSON:test_create_specify_keypair): 200 GET http://10.180.1.21/compute/v2.1/servers/0f48434f-859f-4910-883f-2f81be647bad 0.063s
2025-02-11 15:26:26.062 62751 INFO tempest.lib.common.rest_client [req-e05d66a2-85d6-4b97-9973-ed3d149f3c2b req-e05d66a2-85d6-4b97-9973-ed3d149f3c2b ] Request (DeleteServersAdminTestJSON:test_delete_server_while_in_error_state): 200 GET http://10.180.1.21/compute/v2.1/servers/60535a30-4602-4063-94a4-30ed01266d5b 0.055s
2025-02-11 15:26:26.090 62707 INFO tempest.lib.common.rest_client [req-27c9e735-2cea-4750-9893-fc66df69e908 req-27c9e735-2cea-4750-9893-fc66df69e908 ] Request (FloatingIPsAssociationTestJSON:setUpClass): 200 GET http://10.180.1.21/compute/v2.1/servers/3810ae49-3b9d-4c5f-b579-8abddc8d6c1a 0.060s
2025-02-11 15:26:26.120 62709 INFO tempest.lib.common.rest_client [req-1b01a638-c044-46bf-a7a5-0e6c3120ed4d req-1b01a638-c044-46bf-a7a5-0e6c3120ed4d ] Request (ServersAdminTestJSON:test_inject_network_info): 200 GET http://10.180.1.21/compute/v2.1/servers/a10f5b03-c45b-4cc2-923f-3227665d236c 0.048s
2025-02-11 15:26:26.184 62701 INFO tempest.lib.common.rest_client [req-532f74c4-b043-4e8e-86a5-49616b6e9952 req-532f74c4-b043-4e8e-86a5-49616b6e9952 ] Request (InstanceActionsTestJSON:setUpClass): 200 GET http://10.180.1.21/compute/v2.1/servers/583138d1-f928-4e33-a443-11c627203c44 0.052s
2025-02-11 15:26:26.257 62737 INFO tempest.lib.common.rest_client [req-feca2fc8-2adf-492c-a2e6-e2eb506709ab req-feca2fc8-2adf-492c-a2e6-e2eb506709ab ] Request (MigrationsAdminTest:test_resize_server_revert_deleted_flavor): 200 GET http://10.180.1.21/compute/v2.1/servers/9604eadf-a027-46dd-989b-0d4b752f883a 0.052s
2025-02-11 15:26:26.416 62727 INFO tempest.lib.common.rest_client [req-08109022-74ec-4081-b9e5-03525b4400ee req-08109022-74ec-4081-b9e5-03525b4400ee ] Request (ImagesOneServerTestJSON:tearDownClass): 200 GET http://10.180.1.21/compute/v2.1/servers/0dd47ff3-5a5b-4c51-8e6a-fc11449f21be 0.060s
2025-02-11 15:26:26.490 62711 INFO tempest.lib.common.rest_client [req-99419cba-fd57-457b-8d96-2643a93f00ec req-99419cba-fd57-457b-8d96-2643a93f00ec ] Request (ServersAdmin275Test:tearDownClass): 200 GET http://10.180.1.21/compute/v2.1/servers/69569fa0-5175-453e-9875-9ef46c723da8 0.060s
2025-02-11 15:26:26.529 62759 INFO tempest.lib.common.rest_client [req-044237dc-6c6e-4120-93c4-8d9fdf8a0df0 req-044237dc-6c6e-4120-93c4-8d9fdf8a0df0 ] Request (ImagesTestJSON:test_create_image_from_stopped_server): 200 GET http://10.180.1.21/compute/v2.1/servers/0c01a974-2318-461b-965f-ba4932e3bea1 0.047s
2025-02-11 15:26:26.544 62747 WARNING tempest.lib.common.ssh [-] Failed to establish authenticated ssh connection to cirros@10.180.180.230 ([Errno None] Unable to connect to port 22 on 10.180.180.230). Number attempts: 10. Retry after 11 seconds.: paramiko.ssh_exception.NoValidConnectionsError: [Errno None] Unable to connect to port 22 on 10.180.180.230
2025-02-11 15:26:26.739 62713 INFO tempest.lib.common.rest_client [req-26a5766c-276b-4598-b431-fc89e9dfb556 req-26a5766c-276b-4598-b431-fc89e9dfb556 ] Request (ListServersNegativeTestJSON:setUpClass): 200 GET http://10.180.1.21/compute/v2.1/servers/330b5e35-3292-4df7-b288-547b158e671a 0.143s
2025-02-11 15:26:26.743 62749 INFO tempest.lib.common.rest_client [req-2e33f405-314d-4c9f-8a5c-b110305169ca req-2e33f405-314d-4c9f-8a5c-b110305169ca ] Request (ServerRescueNegativeTestJSON:test_rescued_vm_attach_volume): 200 GET http://10.180.1.21/compute/v2.1/servers/152567ba-f24c-4674-b06e-98c76a3da324 0.140s
2025-02-11 15:26:26.798 62721 INFO tempest.lib.common.rest_client [req-a7149a99-49b9-4f15-bb71-3f43adb3ce23 req-a7149a99-49b9-4f15-bb71-3f43adb3ce23 ] Request (ServerRescueTestJSON:setUpClass): 200 GET http://10.180.1.21/compute/v2.1/servers/ca342da5-b6e7-4d00-be10-f7f3e6ff8b7c 0.136s
2025-02-11 15:26:26.849 62745 INFO tempest.lib.common.rest_client [req-3467a1ae-14df-451b-842a-890f030b2f5c req-3467a1ae-14df-451b-842a-890f030b2f5c ] Request (ListImageFiltersTestJSON:setUpClass): 200 GET http://10.180.1.21/compute/v2.1/servers/f4d47cd8-1607-4e05-9e6a-3a1faf23ddbf 0.152s
2025-02-11 15:26:26.849 62729 INFO tempest.lib.common.rest_client [req-f75b824c-292e-45f7-a0e7-7a60c3aa8a77 req-f75b824c-292e-45f7-a0e7-7a60c3aa8a77 ] Request (AttachVolumeNegativeTest:test_attach_attached_volume_to_different_server): 200 GET http://10.180.1.21/compute/v2.1/servers/67f05a2b-f323-4e4a-ac13-7f4745593be0 0.138s
2025-02-11 15:26:26.856 62729 INFO tempest.common.waiters [-] State transition "BUILD/scheduling" ==> "BUILD/None" after 55 second wait
2025-02-11 15:26:26.899 62705 INFO tempest.lib.common.rest_client [req-0fc3913e-c0e3-4c75-9f92-d0635b0511ff req-0fc3913e-c0e3-4c75-9f92-d0635b0511ff ] Request (ImagesOneServerNegativeTestJSON:setUpClass): 200 GET http://10.180.1.21/compute/v2.1/servers/563840a8-8fa7-4bfa-9912-933c14e7076a 0.145s
2025-02-11 15:26:26.908 62761 INFO tempest.lib.common.rest_client [req-0c9eeb98-f1ce-440c-a7fb-b41ec6a51a18 req-0c9eeb98-f1ce-440c-a7fb-b41ec6a51a18 ] Request (ServersV294TestFqdnHostnames:setUpClass): 200 GET http://10.180.1.21/compute/v2.1/servers/8bd05dac-7aa2-44c5-8752-6045c01d213d 0.160s
2025-02-11 15:26:26.950 62757 INFO tempest.lib.common.rest_client [req-c7a9e062-d973-4db3-8302-e36d7a75b7f3 req-c7a9e062-d973-4db3-8302-e36d7a75b7f3 ] Request (ServersAaction247Test:test_create_backup): 200 GET http://10.180.1.21/compute/v2.1/servers/3f508af0-68a2-4898-b9ae-d84cdb8a4cd9 0.158s
2025-02-11 15:26:26.954 62739 INFO tempest.lib.common.rest_client [req-9e38ccbf-cf3b-4c13-8c7a-65fbcea4000f req-9e38ccbf-cf3b-4c13-8c7a-65fbcea4000f ] Request (AttachInterfacesUnderV243Test:test_add_remove_fixed_ip): 200 GET http://10.180.1.21/compute/v2.1/servers/57eaad0a-ca55-4bff-bbd0-6155ecf1cb93 0.097s
2025-02-11 15:26:27.002 62717 INFO tempest.lib.common.rest_client [req-a8bb9e55-5fa4-4c96-bced-081c88920214 req-a8bb9e55-5fa4-4c96-bced-081c88920214 ] Request (ServersTestFqdnHostnames:test_create_server_with_fqdn_name): 200 GET http://10.180.1.21/compute/v2.1/servers/2cffbbd9-f0b8-46e1-b6db-b74fb2499d1a 0.144s
2025-02-11 15:26:27.003 62733 INFO tempest.lib.common.rest_client [req-cb07fde1-f2b3-4606-a2c4-fbd796c3dfb8 req-cb07fde1-f2b3-4606-a2c4-fbd796c3dfb8 ] Request (FloatingIPsAssociationNegativeTestJSON:setUpClass): 200 GET http://10.180.1.21/compute/v2.1/servers/17498cb6-8b16-4a2e-96ae-c594966cee77 0.082s
2025-02-11 15:26:27.061 62731 INFO tempest.lib.common.rest_client [req-c38fd7bc-75f4-477c-a8c0-2fe39f081140 req-c38fd7bc-75f4-477c-a8c0-2fe39f081140 ] Request (ServerDiskConfigTestJSON:test_rebuild_server_with_manual_disk_config): 200 GET http://10.180.1.21/compute/v2.1/servers/a16193af-410e-4bf6-bb06-a97791cf6060 0.056s
2025-02-11 15:26:27.067 62755 INFO tempest.lib.common.rest_client [req-c2985edf-45d1-4014-92f4-9fb6c63f0e1a req-c2985edf-45d1-4014-92f4-9fb6c63f0e1a ] Request (ServerShowV257Test:tearDownClass): 200 GET http://10.180.1.21/compute/v2.1/servers/045e5f8f-edd5-425d-bccb-054d90db27d9 0.121s
2025-02-11 15:26:27.127 62723 INFO tempest.lib.common.rest_client [req-e665a430-bc8f-4ebf-8c0d-10ba284f5ab5 req-e665a430-bc8f-4ebf-8c0d-10ba284f5ab5 ] Request (ServersAdminNegativeTestJSON:tearDownClass): 200 GET http://10.180.1.21/compute/v2.1/servers/8e911bad-5408-4588-9865-912ce4457d34 0.118s
2025-02-11 15:26:27.128 62763 INFO tempest.lib.common.rest_client [req-6c5a87d5-f08b-47fe-ac01-c9ab007e4df2 req-6c5a87d5-f08b-47fe-ac01-c9ab007e4df2 ] Request (ServersTestJSON:test_create_specify_keypair): 200 GET http://10.180.1.21/compute/v2.1/servers/0f48434f-859f-4910-883f-2f81be647bad 0.077s
2025-02-11 15:26:27.176 62707 INFO tempest.lib.common.rest_client [req-116becd4-8101-45e1-883c-fcf3a63038aa req-116becd4-8101-45e1-883c-fcf3a63038aa ] Request (FloatingIPsAssociationTestJSON:setUpClass): 200 GET http://10.180.1.21/compute/v2.1/servers/3810ae49-3b9d-4c5f-b579-8abddc8d6c1a 0.077s
2025-02-11 15:26:27.190 62751 INFO tempest.lib.common.rest_client [req-dd852b1e-235c-4e6d-8c05-0709b171055e req-dd852b1e-235c-4e6d-8c05-0709b171055e ] Request (DeleteServersAdminTestJSON:test_delete_server_while_in_error_state): 200 GET http://10.180.1.21/compute/v2.1/servers/60535a30-4602-4063-94a4-30ed01266d5b 0.120s
2025-02-11 15:26:27.227 62709 INFO tempest.lib.common.rest_client [req-c2be83db-875d-429d-bc34-2ed3dc2d07cb req-c2be83db-875d-429d-bc34-2ed3dc2d07cb ] Request (ServersAdminTestJSON:test_inject_network_info): 200 GET http://10.180.1.21/compute/v2.1/servers/a10f5b03-c45b-4cc2-923f-3227665d236c 0.099s
2025-02-11 15:26:27.238 62701 INFO tempest.lib.common.rest_client [req-69fbede0-8419-4540-9a92-a50b2b9e58de req-69fbede0-8419-4540-9a92-a50b2b9e58de ] Request (InstanceActionsTestJSON:setUpClass): 200 GET http://10.180.1.21/compute/v2.1/servers/583138d1-f928-4e33-a443-11c627203c44 0.046s
2025-02-11 15:26:27.311 62737 INFO tempest.lib.common.rest_client [req-b310bd04-c173-4560-ab10-496ada493b7b req-b310bd04-c173-4560-ab10-496ada493b7b ] Request (MigrationsAdminTest:test_resize_server_revert_deleted_flavor): 200 GET http://10.180.1.21/compute/v2.1/servers/9604eadf-a027-46dd-989b-0d4b752f883a 0.047s
2025-02-11 15:26:27.483 62727 INFO tempest.lib.common.rest_client [req-660dae02-1759-409f-a22c-bc7d6eb41cc3 req-660dae02-1759-409f-a22c-bc7d6eb41cc3 ] Request (ImagesOneServerTestJSON:tearDownClass): 200 GET http://10.180.1.21/compute/v2.1/servers/0dd47ff3-5a5b-4c51-8e6a-fc11449f21be 0.060s
2025-02-11 15:26:27.573 62711 INFO tempest.lib.common.rest_client [req-ffff0258-d5cf-4875-b937-4281794506ee req-ffff0258-d5cf-4875-b937-4281794506ee ] Request (ServersAdmin275Test:tearDownClass): 200 GET http://10.180.1.21/compute/v2.1/servers/69569fa0-5175-453e-9875-9ef46c723da8 0.072s
2025-02-11 15:26:27.593 62759 INFO tempest.lib.common.rest_client [req-5158e817-1973-4670-ae14-3ba5380956fd req-5158e817-1973-4670-ae14-3ba5380956fd ] Request (ImagesTestJSON:test_create_image_from_stopped_server): 200 GET http://10.180.1.21/compute/v2.1/servers/0c01a974-2318-461b-965f-ba4932e3bea1 0.056s
2025-02-11 15:26:27.832 62735 WARNING tempest.lib.common.ssh [-] Failed to establish authenticated ssh connection to cirros@10.180.180.197 ([Errno None] Unable to connect to port 22 on 10.180.180.197). Number attempts: 5. Retry after 6 seconds.: paramiko.ssh_exception.NoValidConnectionsError: [Errno None] Unable to connect to port 22 on 10.180.180.197
2025-02-11 15:26:27.881 62713 INFO tempest.lib.common.rest_client [req-36bc57ed-0aba-4480-8599-6bc54d688bc8 req-36bc57ed-0aba-4480-8599-6bc54d688bc8 ] Request (ListServersNegativeTestJSON:setUpClass): 200 GET http://10.180.1.21/compute/v2.1/servers/330b5e35-3292-4df7-b288-547b158e671a 0.133s
2025-02-11 15:26:27.885 62749 INFO tempest.lib.common.rest_client [req-6d8afe59-48cd-4249-89ff-34c20252b714 req-6d8afe59-48cd-4249-89ff-34c20252b714 ] Request (ServerRescueNegativeTestJSON:test_rescued_vm_attach_volume): 200 GET http://10.180.1.21/compute/v2.1/servers/152567ba-f24c-4674-b06e-98c76a3da324 0.131s
2025-02-11 15:26:27.943 62721 INFO tempest.lib.common.rest_client [req-1eaab590-d590-4b3b-9a07-e15ff0be565c req-1eaab590-d590-4b3b-9a07-e15ff0be565c ] Request (ServerRescueTestJSON:setUpClass): 200 GET http://10.180.1.21/compute/v2.1/servers/ca342da5-b6e7-4d00-be10-f7f3e6ff8b7c 0.136s
2025-02-11 15:26:27.993 62729 INFO tempest.lib.common.rest_client [req-c7bea4e8-9089-4fd2-b6e1-e27a0aae4447 req-c7bea4e8-9089-4fd2-b6e1-e27a0aae4447 ] Request (AttachVolumeNegativeTest:test_attach_attached_volume_to_different_server): 200 GET http://10.180.1.21/compute/v2.1/servers/67f05a2b-f323-4e4a-ac13-7f4745593be0 0.135s
2025-02-11 15:26:27.996 62745 INFO tempest.lib.common.rest_client [req-74e2aead-6145-407c-8d8c-9e50f55c84ef req-74e2aead-6145-407c-8d8c-9e50f55c84ef ] Request (ListImageFiltersTestJSON:setUpClass): 200 GET http://10.180.1.21/compute/v2.1/servers/f4d47cd8-1607-4e05-9e6a-3a1faf23ddbf 0.141s
2025-02-11 15:26:28.044 62705 INFO tempest.lib.common.rest_client [req-c0305534-d103-4ab0-8947-a9847ee2a04b req-c0305534-d103-4ab0-8947-a9847ee2a04b ] Request (ImagesOneServerNegativeTestJSON:setUpClass): 200 GET http://10.180.1.21/compute/v2.1/servers/563840a8-8fa7-4bfa-9912-933c14e7076a 0.136s
2025-02-11 15:26:28.062 62761 INFO tempest.lib.common.rest_client [req-119e409a-6724-47dd-a0ad-981d6a044ba5 req-119e409a-6724-47dd-a0ad-981d6a044ba5 ] Request (ServersV294TestFqdnHostnames:setUpClass): 200 GET http://10.180.1.21/compute/v2.1/servers/8bd05dac-7aa2-44c5-8752-6045c01d213d 0.143s
2025-02-11 15:26:28.100 62757 INFO tempest.lib.common.rest_client [req-6adb65fb-2550-460a-95ee-248330c07c68 req-6adb65fb-2550-460a-95ee-248330c07c68 ] Request (ServersAaction247Test:test_create_backup): 200 GET http://10.180.1.21/compute/v2.1/servers/3f508af0-68a2-4898-b9ae-d84cdb8a4cd9 0.140s
2025-02-11 15:26:28.105 62739 INFO tempest.lib.common.rest_client [req-b4441e2b-01fd-4bcc-863d-6cf94b50056a req-b4441e2b-01fd-4bcc-863d-6cf94b50056a ] Request (AttachInterfacesUnderV243Test:test_add_remove_fixed_ip): 200 GET http://10.180.1.21/compute/v2.1/servers/57eaad0a-ca55-4bff-bbd0-6155ecf1cb93 0.141s
2025-02-11 15:26:28.171 62717 INFO tempest.lib.common.rest_client [req-f2b40fdb-b0fe-47f3-b80c-fcc4e0754d7c req-f2b40fdb-b0fe-47f3-b80c-fcc4e0754d7c ] Request (ServersTestFqdnHostnames:test_create_server_with_fqdn_name): 200 GET http://10.180.1.21/compute/v2.1/servers/2cffbbd9-f0b8-46e1-b6db-b74fb2499d1a 0.160s
2025-02-11 15:26:28.224 62731 INFO tempest.lib.common.rest_client [req-72a9adce-0dc0-4806-b971-1f19045f55e9 req-72a9adce-0dc0-4806-b971-1f19045f55e9 ] Request (ServerDiskConfigTestJSON:test_rebuild_server_with_manual_disk_config): 200 GET http://10.180.1.21/compute/v2.1/servers/a16193af-410e-4bf6-bb06-a97791cf6060 0.156s
2025-02-11 15:26:28.244 62733 INFO tempest.lib.common.rest_client [req-492e7f60-a367-4d0a-b640-d927e786ac26 req-492e7f60-a367-4d0a-b640-d927e786ac26 ] Request (FloatingIPsAssociationNegativeTestJSON:setUpClass): 200 GET http://10.180.1.21/compute/v2.1/servers/17498cb6-8b16-4a2e-96ae-c594966cee77 0.234s
2025-02-11 15:26:28.251 62733 INFO tempest.common.waiters [-] State transition "BUILD/None" ==> "BUILD/networking" after 67 second wait
2025-02-11 15:26:28.285 62755 INFO tempest.lib.common.rest_client [req-ede08ce8-b352-4339-8d3d-b9cd8879dda6 req-ede08ce8-b352-4339-8d3d-b9cd8879dda6 ] Request (ServerShowV257Test:tearDownClass): 200 GET http://10.180.1.21/compute/v2.1/servers/045e5f8f-edd5-425d-bccb-054d90db27d9 0.207s
2025-02-11 15:26:28.317 62723 INFO tempest.lib.common.rest_client [req-9430272e-f526-433e-84d4-716dbca8a71c req-9430272e-f526-433e-84d4-716dbca8a71c ] Request (ServersAdminNegativeTestJSON:tearDownClass): 200 GET http://10.180.1.21/compute/v2.1/servers/8e911bad-5408-4588-9865-912ce4457d34 0.183s
2025-02-11 15:26:28.338 62763 INFO tempest.lib.common.rest_client [req-69a57be4-1f02-4f3b-b40e-fa734fe60c0a req-69a57be4-1f02-4f3b-b40e-fa734fe60c0a ] Request (ServersTestJSON:test_create_specify_keypair): 200 GET http://10.180.1.21/compute/v2.1/servers/0f48434f-859f-4910-883f-2f81be647bad 0.197s
2025-02-11 15:26:28.368 62707 INFO tempest.lib.common.rest_client [req-2a055603-c5b7-409e-b4d1-82c4669a2e1c req-2a055603-c5b7-409e-b4d1-82c4669a2e1c ] Request (FloatingIPsAssociationTestJSON:setUpClass): 200 GET http://10.180.1.21/compute/v2.1/servers/3810ae49-3b9d-4c5f-b579-8abddc8d6c1a 0.183s
2025-02-11 15:26:28.407 62751 INFO tempest.lib.common.rest_client [req-d4c67147-43f4-4b06-9e00-c829b51d1e39 req-d4c67147-43f4-4b06-9e00-c829b51d1e39 ] Request (DeleteServersAdminTestJSON:test_delete_server_while_in_error_state): 200 GET http://10.180.1.21/compute/v2.1/servers/60535a30-4602-4063-94a4-30ed01266d5b 0.208s
2025-02-11 15:26:28.423 62709 INFO tempest.lib.common.rest_client [req-7c609d7f-3b10-4781-9d0b-ac0c2b63d298 req-7c609d7f-3b10-4781-9d0b-ac0c2b63d298 ] Request (ServersAdminTestJSON:test_inject_network_info): 200 GET http://10.180.1.21/compute/v2.1/servers/a10f5b03-c45b-4cc2-923f-3227665d236c 0.187s
2025-02-11 15:26:28.467 62701 INFO tempest.lib.common.rest_client [req-fd610420-b246-44f2-ad59-edc143a298a4 req-fd610420-b246-44f2-ad59-edc143a298a4 ] Request (InstanceActionsTestJSON:setUpClass): 200 GET http://10.180.1.21/compute/v2.1/servers/583138d1-f928-4e33-a443-11c627203c44 0.221s
2025-02-11 15:26:28.474 62737 INFO tempest.lib.common.rest_client [req-a589b7b9-7ece-4640-93f6-67763af058b4 req-a589b7b9-7ece-4640-93f6-67763af058b4 ] Request (MigrationsAdminTest:test_resize_server_revert_deleted_flavor): 200 GET http://10.180.1.21/compute/v2.1/servers/9604eadf-a027-46dd-989b-0d4b752f883a 0.154s
2025-02-11 15:26:28.554 62727 INFO tempest.lib.common.rest_client [req-3e53c76f-c540-40d2-98bc-f7b8c90e1358 req-3e53c76f-c540-40d2-98bc-f7b8c90e1358 ] Request (ImagesOneServerTestJSON:tearDownClass): 200 GET http://10.180.1.21/compute/v2.1/servers/0dd47ff3-5a5b-4c51-8e6a-fc11449f21be 0.064s
2025-02-11 15:26:28.667 62759 INFO tempest.lib.common.rest_client [req-f7622fb8-b96a-4492-9b5a-d79b4ac8685a req-f7622fb8-b96a-4492-9b5a-d79b4ac8685a ] Request (ImagesTestJSON:test_create_image_from_stopped_server): 200 GET http://10.180.1.21/compute/v2.1/servers/0c01a974-2318-461b-965f-ba4932e3bea1 0.067s
2025-02-11 15:26:28.671 62711 INFO tempest.lib.common.rest_client [req-8d8f2651-535f-4951-963d-2c614e960e89 req-8d8f2651-535f-4951-963d-2c614e960e89 ] Request (ServersAdmin275Test:tearDownClass): 200 GET http://10.180.1.21/compute/v2.1/servers/69569fa0-5175-453e-9875-9ef46c723da8 0.088s
2025-02-11 15:26:28.946 62713 INFO tempest.lib.common.rest_client [req-c02b9233-2be3-4c23-a33a-b2f425daa5f8 req-c02b9233-2be3-4c23-a33a-b2f425daa5f8 ] Request (ListServersNegativeTestJSON:setUpClass): 200 GET http://10.180.1.21/compute/v2.1/servers/330b5e35-3292-4df7-b288-547b158e671a 0.055s
2025-02-11 15:26:28.999 62749 INFO tempest.lib.common.rest_client [req-dd9a3ecb-6625-4e4c-81de-32affaa65c90 req-dd9a3ecb-6625-4e4c-81de-32affaa65c90 ] Request (ServerRescueNegativeTestJSON:test_rescued_vm_attach_volume): 200 GET http://10.180.1.21/compute/v2.1/servers/152567ba-f24c-4674-b06e-98c76a3da324 0.102s
2025-02-11 15:26:29.004 62721 INFO tempest.lib.common.rest_client [req-3a6329ba-45b8-4c6e-b11b-e3a5d725a486 req-3a6329ba-45b8-4c6e-b11b-e3a5d725a486 ] Request (ServerRescueTestJSON:setUpClass): 200 GET http://10.180.1.21/compute/v2.1/servers/ca342da5-b6e7-4d00-be10-f7f3e6ff8b7c 0.054s
2025-02-11 15:26:29.061 62729 INFO tempest.lib.common.rest_client [req-ac0364c7-6bd6-47db-ab0f-391a015bd672 req-ac0364c7-6bd6-47db-ab0f-391a015bd672 ] Request (AttachVolumeNegativeTest:test_attach_attached_volume_to_different_server): 200 GET http://10.180.1.21/compute/v2.1/servers/67f05a2b-f323-4e4a-ac13-7f4745593be0 0.059s
2025-02-11 15:26:29.106 62705 INFO tempest.lib.common.rest_client [req-25e560de-4a2b-4246-b78b-ab4d61e1c781 req-25e560de-4a2b-4246-b78b-ab4d61e1c781 ] Request (ImagesOneServerNegativeTestJSON:setUpClass): 200 GET http://10.180.1.21/compute/v2.1/servers/563840a8-8fa7-4bfa-9912-933c14e7076a 0.054s
2025-02-11 15:26:29.144 62745 INFO tempest.lib.common.rest_client [req-9dd4ecf5-c782-413f-a8bb-961f0148c0dc req-9dd4ecf5-c782-413f-a8bb-961f0148c0dc ] Request (ListImageFiltersTestJSON:setUpClass): 200 GET http://10.180.1.21/compute/v2.1/servers/f4d47cd8-1607-4e05-9e6a-3a1faf23ddbf 0.132s
2025-02-11 15:26:29.170 62761 INFO tempest.lib.common.rest_client [req-5d78b190-aaae-459a-b689-e3d6fa257aa6 req-5d78b190-aaae-459a-b689-e3d6fa257aa6 ] Request (ServersV294TestFqdnHostnames:setUpClass): 200 GET http://10.180.1.21/compute/v2.1/servers/8bd05dac-7aa2-44c5-8752-6045c01d213d 0.095s
2025-02-11 15:26:29.198 62757 INFO tempest.lib.common.rest_client [req-6ea7b6f4-371d-4188-9594-445411bcf426 req-6ea7b6f4-371d-4188-9594-445411bcf426 ] Request (ServersAaction247Test:test_create_backup): 200 GET http://10.180.1.21/compute/v2.1/servers/3f508af0-68a2-4898-b9ae-d84cdb8a4cd9 0.085s
2025-02-11 15:26:29.218 62739 INFO tempest.lib.common.rest_client [req-2cddad8b-69a8-4280-a29c-0a7e06d50c19 req-2cddad8b-69a8-4280-a29c-0a7e06d50c19 ] Request (AttachInterfacesUnderV243Test:test_add_remove_fixed_ip): 200 GET http://10.180.1.21/compute/v2.1/servers/57eaad0a-ca55-4bff-bbd0-6155ecf1cb93 0.104s
2025-02-11 15:26:29.255 62717 INFO tempest.lib.common.rest_client [req-08e8540e-e5c8-4637-9894-cb1645fd69ad req-08e8540e-e5c8-4637-9894-cb1645fd69ad ] Request (ServersTestFqdnHostnames:test_create_server_with_fqdn_name): 200 GET http://10.180.1.21/compute/v2.1/servers/2cffbbd9-f0b8-46e1-b6db-b74fb2499d1a 0.076s
2025-02-11 15:26:29.303 62731 INFO tempest.lib.common.rest_client [req-e87bd541-afb1-468c-b719-77a79a2dd00d req-e87bd541-afb1-468c-b719-77a79a2dd00d ] Request (ServerDiskConfigTestJSON:test_rebuild_server_with_manual_disk_config): 200 GET http://10.180.1.21/compute/v2.1/servers/a16193af-410e-4bf6-bb06-a97791cf6060 0.062s
2025-02-11 15:26:29.360 62733 INFO tempest.lib.common.rest_client [req-1d4d6e1b-acfb-4f43-b425-5db481f33a83 req-1d4d6e1b-acfb-4f43-b425-5db481f33a83 ] Request (FloatingIPsAssociationNegativeTestJSON:setUpClass): 200 GET http://10.180.1.21/compute/v2.1/servers/17498cb6-8b16-4a2e-96ae-c594966cee77 0.106s
2025-02-11 15:26:29.365 62755 INFO tempest.lib.common.rest_client [req-7fdb8795-0049-4374-972c-e6d034bfa776 req-7fdb8795-0049-4374-972c-e6d034bfa776 ] Request (ServerShowV257Test:tearDownClass): 200 GET http://10.180.1.21/compute/v2.1/servers/045e5f8f-edd5-425d-bccb-054d90db27d9 0.069s
2025-02-11 15:26:29.366 62733 INFO tempest.common.waiters [-] State transition "BUILD/networking" ==> "BUILD/spawning" after 68 second wait
2025-02-11 15:26:29.418 62763 INFO tempest.lib.common.rest_client [req-ed21af75-591b-4cb6-bad8-dae7c0ed5590 req-ed21af75-591b-4cb6-bad8-dae7c0ed5590 ] Request (ServersTestJSON:test_create_specify_keypair): 200 GET http://10.180.1.21/compute/v2.1/servers/0f48434f-859f-4910-883f-2f81be647bad 0.067s
2025-02-11 15:26:29.421 62723 INFO tempest.lib.common.rest_client [req-bdb9a4e6-fc89-4e17-9be9-ea3294e7bf18 req-bdb9a4e6-fc89-4e17-9be9-ea3294e7bf18 ] Request (ServersAdminNegativeTestJSON:tearDownClass): 200 GET http://10.180.1.21/compute/v2.1/servers/8e911bad-5408-4588-9865-912ce4457d34 0.091s
2025-02-11 15:26:29.462 62707 INFO tempest.lib.common.rest_client [req-dc05adfe-7d59-44f4-912f-94bdb8057717 req-dc05adfe-7d59-44f4-912f-94bdb8057717 ] Request (FloatingIPsAssociationTestJSON:setUpClass): 200 GET http://10.180.1.21/compute/v2.1/servers/3810ae49-3b9d-4c5f-b579-8abddc8d6c1a 0.085s
2025-02-11 15:26:29.473 62751 INFO tempest.lib.common.rest_client [req-c8e9157b-0bec-4171-93e3-7bbcf22540ba req-c8e9157b-0bec-4171-93e3-7bbcf22540ba ] Request (DeleteServersAdminTestJSON:test_delete_server_while_in_error_state): 200 GET http://10.180.1.21/compute/v2.1/servers/60535a30-4602-4063-94a4-30ed01266d5b 0.054s
2025-02-11 15:26:29.511 62709 INFO tempest.lib.common.rest_client [req-ab330f6f-da15-4cc7-bfae-f416997b9d66 req-ab330f6f-da15-4cc7-bfae-f416997b9d66 ] Request (ServersAdminTestJSON:test_inject_network_info): 200 GET http://10.180.1.21/compute/v2.1/servers/a10f5b03-c45b-4cc2-923f-3227665d236c 0.075s
2025-02-11 15:26:29.526 62701 INFO tempest.lib.common.rest_client [req-4e0e03db-f0a8-4663-9356-5d60ad9b6c17 req-4e0e03db-f0a8-4663-9356-5d60ad9b6c17 ] Request (InstanceActionsTestJSON:setUpClass): 200 GET http://10.180.1.21/compute/v2.1/servers/583138d1-f928-4e33-a443-11c627203c44 0.046s
2025-02-11 15:26:29.554 62737 INFO tempest.lib.common.rest_client [req-73bca11c-c244-4854-99a3-0de1bfdbe896 req-73bca11c-c244-4854-99a3-0de1bfdbe896 ] Request (MigrationsAdminTest:test_resize_server_revert_deleted_flavor): 200 GET http://10.180.1.21/compute/v2.1/servers/9604eadf-a027-46dd-989b-0d4b752f883a 0.073s
2025-02-11 15:26:29.616 62727 INFO tempest.lib.common.rest_client [req-a660ecce-74a6-4d31-b4bc-21722c37aa3b req-a660ecce-74a6-4d31-b4bc-21722c37aa3b ] Request (ImagesOneServerTestJSON:tearDownClass): 200 GET http://10.180.1.21/compute/v2.1/servers/0dd47ff3-5a5b-4c51-8e6a-fc11449f21be 0.053s
2025-02-11 15:26:29.713 62711 INFO tempest.lib.common.rest_client [req-0a798675-9b8c-484d-afa9-4fd2edff34db req-0a798675-9b8c-484d-afa9-4fd2edff34db ] Request (ServersAdmin275Test:tearDownClass): 404 GET http://10.180.1.21/compute/v2.1/servers/69569fa0-5175-453e-9875-9ef46c723da8 0.028s
2025-02-11 15:26:29.737 62759 INFO tempest.lib.common.rest_client [req-4002bbd2-0365-4b0d-847f-a543bedf5470 req-4002bbd2-0365-4b0d-847f-a543bedf5470 ] Request (ImagesTestJSON:test_create_image_from_stopped_server): 200 GET http://10.180.1.21/compute/v2.1/servers/0c01a974-2318-461b-965f-ba4932e3bea1 0.058s
2025-02-11 15:26:29.838 62711 INFO tempest.lib.common.rest_client [req-e1522c0b-620a-4982-b4d3-bf8ed8097e1d req-e1522c0b-620a-4982-b4d3-bf8ed8097e1d ] Request (ServersAdmin275Test:tearDownClass): 204 DELETE http://10.180.1.21/identity/v3/users/a548c5a488a14d70b82f89c9c8d42114 0.124s
2025-02-11 15:26:29.927 62711 INFO tempest.lib.common.rest_client [req-fc182641-4223-484d-93ce-14c75056bb69 req-fc182641-4223-484d-93ce-14c75056bb69 ] Request (ServersAdmin275Test:tearDownClass): 204 DELETE http://10.180.1.21/identity/v3/users/f56ef8b6503341858add07b2e09196ed 0.089s
2025-02-11 15:26:29.928 62711 INFO tempest.lib.common.dynamic_creds [-] Deleting project and security group for project: 5eafa6cf7d6446a88bfa673b1f577255
2025-02-11 15:26:29.996 62711 INFO tempest.lib.common.rest_client [req-603c80dc-fc0b-4f08-b9b2-4c0059eaf430 req-603c80dc-fc0b-4f08-b9b2-4c0059eaf430 ] Request (ServersAdmin275Test:tearDownClass): 201 POST http://10.180.1.21/identity/v3/auth/tokens 0.068s
2025-02-11 15:26:30.026 62713 INFO tempest.lib.common.rest_client [req-19ddeffe-82ec-4445-97d8-f6cbeafc24b3 req-19ddeffe-82ec-4445-97d8-f6cbeafc24b3 ] Request (ListServersNegativeTestJSON:setUpClass): 200 GET http://10.180.1.21/compute/v2.1/servers/330b5e35-3292-4df7-b288-547b158e671a 0.068s
2025-02-11 15:26:30.033 62713 INFO tempest.common.waiters [-] State transition "ACTIVE/deleting" ==> "DELETED/None" after 5 second wait
2025-02-11 15:26:30.090 62721 INFO tempest.lib.common.rest_client [req-85cab919-7b0e-42a5-aaaf-378c21d66a7b req-85cab919-7b0e-42a5-aaaf-378c21d66a7b ] Request (ServerRescueTestJSON:setUpClass): 200 GET http://10.180.1.21/compute/v2.1/servers/ca342da5-b6e7-4d00-be10-f7f3e6ff8b7c 0.078s
2025-02-11 15:26:30.131 62749 INFO tempest.lib.common.rest_client [req-c5885175-fe88-46f9-870b-5a906b9fc2ef req-c5885175-fe88-46f9-870b-5a906b9fc2ef ] Request (ServerRescueNegativeTestJSON:test_rescued_vm_attach_volume): 200 GET http://10.180.1.21/compute/v2.1/servers/152567ba-f24c-4674-b06e-98c76a3da324 0.124s
2025-02-11 15:26:30.174 62729 INFO tempest.lib.common.rest_client [req-162edb62-ea7e-4e0a-94b2-e1b98a613dfd req-162edb62-ea7e-4e0a-94b2-e1b98a613dfd ] Request (AttachVolumeNegativeTest:test_attach_attached_volume_to_different_server): 200 GET http://10.180.1.21/compute/v2.1/servers/67f05a2b-f323-4e4a-ac13-7f4745593be0 0.103s
2025-02-11 15:26:30.191 62711 INFO tempest.lib.common.rest_client [req-f084a356-1e30-4947-9645-defc83997b3e req-f084a356-1e30-4947-9645-defc83997b3e ] Request (ServersAdmin275Test:tearDownClass): 200 GET http://10.180.1.21:9696/networking/v2.0/security-groups?tenant_id=5eafa6cf7d6446a88bfa673b1f577255&name=default 0.194s
2025-02-11 15:26:30.195 62705 INFO tempest.lib.common.rest_client [req-bcd3a8b5-7b0f-4cd0-ad6c-0dc2ab22c8e8 req-bcd3a8b5-7b0f-4cd0-ad6c-0dc2ab22c8e8 ] Request (ImagesOneServerNegativeTestJSON:setUpClass): 200 GET http://10.180.1.21/compute/v2.1/servers/563840a8-8fa7-4bfa-9912-933c14e7076a 0.080s
2025-02-11 15:26:30.280 62761 INFO tempest.lib.common.rest_client [req-4cf063a1-019a-44a7-b94c-5b96b33014f1 req-4cf063a1-019a-44a7-b94c-5b96b33014f1 ] Request (ServersV294TestFqdnHostnames:setUpClass): 200 GET http://10.180.1.21/compute/v2.1/servers/8bd05dac-7aa2-44c5-8752-6045c01d213d 0.093s
2025-02-11 15:26:30.289 62761 INFO tempest.common.waiters [-] State transition "BUILD/scheduling" ==> "BUILD/None" after 57 second wait
2025-02-11 15:26:30.352 62757 INFO tempest.lib.common.rest_client [req-7c5292f2-4ede-43b6-a260-0796da136476 req-7c5292f2-4ede-43b6-a260-0796da136476 ] Request (ServersAaction247Test:test_create_backup): 200 GET http://10.180.1.21/compute/v2.1/servers/3f508af0-68a2-4898-b9ae-d84cdb8a4cd9 0.140s
