2025-02-11 15:25:32.582 62749 INFO tempest.lib.common.rest_client [req-aae943fe-3756-4282-bfce-5e7a8621c758 req-aae943fe-3756-4282-bfce-5e7a8621c758 ] Request (ServerRescueNegativeTestJSON:setUpClass): 200 GET http://10.180.1.21/compute/v2.1/servers/c2fee51e-3cc9-421c-bfe5-b324a5b14197 0.811s
2025-02-11 15:25:32.702 62741 INFO tempest.lib.common.rest_client [req-e9cf0b71-0ce2-428f-b2fe-677e6bbe1438 req-e9cf0b71-0ce2-428f-b2fe-677e6bbe1438 ] Request (ServersTestJSON:setUpClass): 200 GET http://10.180.1.21/compute/v2.1/servers/f28beb17-8455-49d3-8be0-7636b9abe4e8 0.870s
2025-02-11 15:25:32.709 62741 INFO tempest.common.waiters [-] State transition "BUILD/None" ==> "BUILD/spawning" after 36 second wait
2025-02-11 15:25:32.754 62713 INFO tempest.lib.common.rest_client [req-aa892a72-f1a3-44f2-a27e-09d8c0c32f61 req-aa892a72-f1a3-44f2-a27e-09d8c0c32f61 ] Request (ListServersNegativeTestJSON:setUpClass): 200 GET http://10.180.1.21/compute/v2.1/servers/330b5e35-3292-4df7-b288-547b158e671a 0.853s
2025-02-11 15:25:32.796 62761 INFO tempest.lib.common.rest_client [req-f45d6647-649d-404c-9849-a74a5cce8bda req-f45d6647-649d-404c-9849-a74a5cce8bda ] Request (ServersV294TestFqdnHostnames:setUpClass): 202 POST http://10.180.1.21/compute/v2.1/servers 1.159s
2025-02-11 15:25:32.806 62711 INFO tempest.lib.common.rest_client [req-f472dca1-221c-4829-958e-efee02f73696 req-f472dca1-221c-4829-958e-efee02f73696 ] Request (ServersAdmin275Test:test_rebuild_update_server_275): 200 GET http://10.180.1.21/compute/v2.1/servers/69569fa0-5175-453e-9875-9ef46c723da8 0.876s
2025-02-11 15:25:32.816 62711 INFO tempest.common.waiters [-] State transition "REBUILD/rebuilding" ==> "REBUILD/rebuild_spawning" after 3 second wait
2025-02-11 15:25:32.860 62759 INFO tempest.lib.common.rest_client [req-bbce2104-f9df-4652-8919-c70fcdbfbb41 req-bbce2104-f9df-4652-8919-c70fcdbfbb41 ] Request (ImagesTestJSON:test_create_image_from_stopped_server): 200 GET http://10.180.1.21/compute/v2.1/servers/0c01a974-2318-461b-965f-ba4932e3bea1 0.870s
2025-02-11 15:25:32.994 62705 INFO tempest.lib.common.rest_client [req-6e3b2ed3-d5e9-4d8d-bd34-78f7a4353245 req-6e3b2ed3-d5e9-4d8d-bd34-78f7a4353245 ] Request (ImagesNegativeTestJSON:test_create_image_from_deleted_server): 200 GET http://10.180.1.21/compute/v2.1/servers/184d0caa-85c2-426d-82e5-ac52e525fe74 0.770s
2025-02-11 15:25:33.057 62751 INFO tempest.lib.common.rest_client [req-815ae263-1e95-41cf-9716-aff384966b3d req-815ae263-1e95-41cf-9716-aff384966b3d ] Request (DeleteServersAdminTestJSON:test_delete_server_while_in_error_state): 200 GET http://10.180.1.21/compute/v2.1/servers/60535a30-4602-4063-94a4-30ed01266d5b 0.507s
2025-02-11 15:25:33.117 62757 INFO tempest.lib.common.rest_client [req-a36cdb84-dd81-4735-b1dc-4268a2f0e1e4 req-a36cdb84-dd81-4735-b1dc-4268a2f0e1e4 ] Request (ServerDiagnosticsV248Test:test_get_server_diagnostics): 200 GET http://10.180.1.21/compute/v2.1/servers/0d992155-24fa-4836-83c9-8f188f7d7efa 0.497s
2025-02-11 15:25:33.181 62745 INFO tempest.lib.common.rest_client [req-cb4f2245-4b25-42ac-8f1a-6a5b734bf6d2 req-cb4f2245-4b25-42ac-8f1a-6a5b734bf6d2 ] Request (ListImageFiltersTestJSON:setUpClass): 200 GET http://10.180.1.21/compute/v2.1/servers/f4d47cd8-1607-4e05-9e6a-3a1faf23ddbf 0.500s
2025-02-11 15:25:33.237 62717 INFO tempest.lib.common.rest_client [req-81685e9a-e66d-444d-af71-52e88c7dde64 req-81685e9a-e66d-444d-af71-52e88c7dde64 ] Request (ServersTestFqdnHostnames:test_create_server_with_fqdn_name): 200 GET http://10.180.1.21/compute/v2.1/servers/2cffbbd9-f0b8-46e1-b6db-b74fb2499d1a 0.473s
2025-02-11 15:25:33.295 62761 INFO tempest.lib.common.rest_client [req-ef4851cf-d36b-4b3c-966b-03cf18210042 req-ef4851cf-d36b-4b3c-966b-03cf18210042 ] Request (ServersV294TestFqdnHostnames:setUpClass): 200 GET http://10.180.1.21/compute/v2.1/servers/8bd05dac-7aa2-44c5-8752-6045c01d213d 0.497s
2025-02-11 15:25:33.355 62721 INFO tempest.lib.common.rest_client [req-ea82350f-05c7-4f6a-968d-22f7cdaacf4a req-ea82350f-05c7-4f6a-968d-22f7cdaacf4a ] Request (ServerRescueTestJSON:setUpClass): 200 GET http://10.180.1.21/compute/v2.1/servers/ca342da5-b6e7-4d00-be10-f7f3e6ff8b7c 0.527s
2025-02-11 15:25:33.378 62701 INFO tempest.lib.common.rest_client [req-e34b44af-1c8e-4ed5-87cf-70e2d55b5e06 req-e34b44af-1c8e-4ed5-87cf-70e2d55b5e06 ] Request (FloatingIPDetailsTestJSON:test_get_floating_ip_details): 200 POST http://10.180.1.21/compute/v2.1/os-floating-ips 1.391s
2025-02-11 15:25:33.432 62743 INFO tempest.lib.common.rest_client [req-56877729-92d9-4a1d-901d-fc0813432646 req-56877729-92d9-4a1d-901d-fc0813432646 ] Request (TenantUsagesTestJSON:tearDownClass): 200 GET http://10.180.1.21/compute/v2.1/servers/571a5250-8655-4f30-b193-919affbc1bd8 0.523s
2025-02-11 15:25:33.435 62729 INFO tempest.lib.common.rest_client [req-d479ac9a-1f35-4df7-bf04-3c5b3b113322 req-d479ac9a-1f35-4df7-bf04-3c5b3b113322 ] Request (AttachVolumeNegativeTest:test_attach_attached_volume_to_different_server): 200 GET http://10.180.1.21/compute/v2.1/servers/67f05a2b-f323-4e4a-ac13-7f4745593be0 0.466s
2025-02-11 15:25:33.499 62733 INFO tempest.lib.common.rest_client [req-16bc4df7-3f8b-4e1f-b8f1-bb9ad904af25 req-16bc4df7-3f8b-4e1f-b8f1-bb9ad904af25 ] Request (FloatingIPsAssociationNegativeTestJSON:setUpClass): 200 GET http://10.180.1.21/compute/v2.1/servers/17498cb6-8b16-4a2e-96ae-c594966cee77 0.438s
2025-02-11 15:25:33.537 62727 INFO tempest.lib.common.rest_client [req-654b5ccb-32f5-4cdc-8841-270b4c6d71ec req-654b5ccb-32f5-4cdc-8841-270b4c6d71ec ] Request (ImagesOneServerTestJSON:setUpClass): 200 GET http://10.180.1.21/compute/v2.1/servers/0dd47ff3-5a5b-4c51-8e6a-fc11449f21be 0.425s
2025-02-11 15:25:33.558 62709 INFO tempest.lib.common.rest_client [req-b4b65ac1-e7a8-4120-8b19-887fb0010290 req-b4b65ac1-e7a8-4120-8b19-887fb0010290 ] Request (ServersAdminTestJSON:test_create_server_with_scheduling_hint): 200 GET http://10.180.1.21/compute/v2.1/servers/2337e9a2-736c-4d58-ac2e-04c8ad813be4 0.440s
2025-02-11 15:25:33.602 62739 INFO tempest.lib.common.rest_client [req-47bf170c-5614-41b4-9b3a-d80321b19447 req-47bf170c-5614-41b4-9b3a-d80321b19447 ] Request (AttachInterfacesUnderV243Test:test_add_remove_fixed_ip): 200 GET http://10.180.1.21/compute/v2.1/servers/57eaad0a-ca55-4bff-bbd0-6155ecf1cb93 0.419s
2025-02-11 15:25:33.632 62731 INFO tempest.lib.common.rest_client [req-32964426-5bac-43d4-ac22-df02dc60bef0 req-32964426-5bac-43d4-ac22-df02dc60bef0 ] Request (ServerDiskConfigTestJSON:test_rebuild_server_with_manual_disk_config): 200 GET http://10.180.1.21/compute/v2.1/servers/a16193af-410e-4bf6-bb06-a97791cf6060 0.379s
2025-02-11 15:25:33.706 62707 INFO tempest.lib.common.rest_client [req-a81f3cec-067f-45c3-b0ea-5396e6d36e0f req-a81f3cec-067f-45c3-b0ea-5396e6d36e0f ] Request (FloatingIPsAssociationTestJSON:setUpClass): 200 GET http://10.180.1.21/compute/v2.1/servers/3810ae49-3b9d-4c5f-b579-8abddc8d6c1a 0.366s
2025-02-11 15:25:33.775 62719 INFO tempest.lib.common.rest_client [req-01c94c3f-1e0f-404e-a466-75582f79fc08 req-01c94c3f-1e0f-404e-a466-75582f79fc08 ] Request (ServerPasswordTestJSON:tearDownClass): 200 GET http://10.180.1.21/compute/v2.1/servers/eedadcc7-d02e-4a21-a43a-1dccde81b3b4 0.435s
2025-02-11 15:25:33.801 62737 INFO tempest.lib.common.rest_client [req-4fafdbe8-f57f-4007-aa9e-9f6f66e6fc8d req-4fafdbe8-f57f-4007-aa9e-9f6f66e6fc8d ] Request (MigrationsAdminTest:test_list_migrations_in_flavor_resize_situation): 200 GET http://10.180.1.21/compute/v2.1/servers/a8d56b8e-fa11-4844-ab65-a2e5d24b1e07 0.530s
2025-02-11 15:25:33.869 62763 INFO tempest.lib.common.rest_client [req-3a8a3a51-561f-422b-a56e-29f9a6538049 req-3a8a3a51-561f-422b-a56e-29f9a6538049 ] Request (ServersTestJSON:test_create_server_with_ipv6_addr_only): 200 GET http://10.180.1.21/compute/v2.1/servers/13db2c17-ccba-4336-929a-0d01202c5143 0.458s
2025-02-11 15:25:33.876 62763 INFO tempest.common.waiters [-] State transition "BUILD/None" ==> "BUILD/networking" after 35 second wait
2025-02-11 15:25:33.886 62701 INFO tempest.lib.common.rest_client [req-3d795bf9-55ef-4a20-9956-d491ea989a22 req-3d795bf9-55ef-4a20-9956-d491ea989a22 ] Request (FloatingIPDetailsTestJSON:test_get_floating_ip_details): 200 GET http://10.180.1.21/compute/v2.1/os-floating-ips/37b8add7-99ff-4ad9-a53a-721650d6239c 0.506s
2025-02-11 15:25:33.945 62755 INFO tempest.lib.common.rest_client [req-e07768cd-eedd-4436-afcb-df24ca5a4f26 req-e07768cd-eedd-4436-afcb-df24ca5a4f26 ] Request (ServerShowV257Test:test_rebuild_server): 200 GET http://10.180.1.21/compute/v2.1/servers/045e5f8f-edd5-425d-bccb-054d90db27d9 0.519s
2025-02-11 15:25:33.959 62723 INFO tempest.lib.common.rest_client [req-d4eb6381-b8d3-44ba-b9f3-16951cf0773c req-d4eb6381-b8d3-44ba-b9f3-16951cf0773c ] Request (ServersAdminNegativeTestJSON:tearDownClass): 200 GET http://10.180.1.21/compute/v2.1/servers/dd0ad4e3-a6e6-4258-b960-544984e24ebc 0.477s
2025-02-11 15:25:34.001 62735 INFO tempest.lib.common.rest_client [req-6e96d0c3-f61c-4147-a019-f179b3a46960 req-6e96d0c3-f61c-4147-a019-f179b3a46960 ] Request (ServersTestManualDisk:setUpClass): 200 GET http://10.180.1.21/compute/v2.1/servers/e51a0dd7-b5da-44cb-9cd8-62932aec3ad5 0.465s
2025-02-11 15:25:34.015 62749 INFO tempest.lib.common.rest_client [req-5fa0226f-5ba5-4c98-9eec-b213ebe2e638 req-5fa0226f-5ba5-4c98-9eec-b213ebe2e638 ] Request (ServerRescueNegativeTestJSON:setUpClass): 200 GET http://10.180.1.21/compute/v2.1/servers/c2fee51e-3cc9-421c-bfe5-b324a5b14197 0.421s
2025-02-11 15:25:34.070 62713 INFO tempest.lib.common.rest_client [req-7946cd36-5cc0-44ae-9bff-a18ac1877d32 req-7946cd36-5cc0-44ae-9bff-a18ac1877d32 ] Request (ListServersNegativeTestJSON:setUpClass): 200 GET http://10.180.1.21/compute/v2.1/servers/330b5e35-3292-4df7-b288-547b158e671a 0.308s
2025-02-11 15:25:34.072 62715 WARNING tempest.lib.common.ssh [-] Failed to establish authenticated ssh connection to cirros@10.180.180.252 ([Errno None] Unable to connect to port 22 on 10.180.180.252). Number attempts: 1. Retry after 2 seconds.: paramiko.ssh_exception.NoValidConnectionsError: [Errno None] Unable to connect to port 22 on 10.180.180.252
2025-02-11 15:25:34.104 62741 INFO tempest.lib.common.rest_client [req-d09dea07-2dd9-4de2-86a0-2df7dbcba2a4 req-d09dea07-2dd9-4de2-86a0-2df7dbcba2a4 ] Request (ServersTestJSON:setUpClass): 200 GET http://10.180.1.21/compute/v2.1/servers/f28beb17-8455-49d3-8be0-7636b9abe4e8 0.394s
2025-02-11 15:25:34.124 62711 INFO tempest.lib.common.rest_client [req-163f6c67-ec4c-4ac8-8214-d9b026c54c3d req-163f6c67-ec4c-4ac8-8214-d9b026c54c3d ] Request (ServersAdmin275Test:test_rebuild_update_server_275): 200 GET http://10.180.1.21/compute/v2.1/servers/69569fa0-5175-453e-9875-9ef46c723da8 0.306s
2025-02-11 15:25:34.172 62759 INFO tempest.lib.common.rest_client [req-a3db59fd-7e44-49ce-ae29-e42612c02de5 req-a3db59fd-7e44-49ce-ae29-e42612c02de5 ] Request (ImagesTestJSON:test_create_image_from_stopped_server): 200 GET http://10.180.1.21/compute/v2.1/servers/0c01a974-2318-461b-965f-ba4932e3bea1 0.305s
2025-02-11 15:25:34.339 62705 INFO tempest.lib.common.rest_client [req-56aa1a47-5778-46fa-b261-5b7e8a69f3dd req-56aa1a47-5778-46fa-b261-5b7e8a69f3dd ] Request (ImagesNegativeTestJSON:test_create_image_from_deleted_server): 200 GET http://10.180.1.21/compute/v2.1/servers/184d0caa-85c2-426d-82e5-ac52e525fe74 0.329s
2025-02-11 15:25:34.436 62751 INFO tempest.lib.common.rest_client [req-d767c889-6b2f-4d55-8873-65f297c44a36 req-d767c889-6b2f-4d55-8873-65f297c44a36 ] Request (DeleteServersAdminTestJSON:test_delete_server_while_in_error_state): 200 GET http://10.180.1.21/compute/v2.1/servers/60535a30-4602-4063-94a4-30ed01266d5b 0.360s
2025-02-11 15:25:34.501 62757 INFO tempest.lib.common.rest_client [req-a957125a-29c4-4911-9e5f-c756267798c2 req-a957125a-29c4-4911-9e5f-c756267798c2 ] Request (ServerDiagnosticsV248Test:test_get_server_diagnostics): 200 GET http://10.180.1.21/compute/v2.1/servers/0d992155-24fa-4836-83c9-8f188f7d7efa 0.368s
2025-02-11 15:25:34.509 62757 INFO tempest.common.waiters [-] State transition "BUILD/spawning" ==> "ACTIVE/None" after 42 second wait
2025-02-11 15:25:34.569 62745 INFO tempest.lib.common.rest_client [req-1514bc1c-5139-4b21-8f6d-fb85cc860e24 req-1514bc1c-5139-4b21-8f6d-fb85cc860e24 ] Request (ListImageFiltersTestJSON:setUpClass): 200 GET http://10.180.1.21/compute/v2.1/servers/f4d47cd8-1607-4e05-9e6a-3a1faf23ddbf 0.373s
2025-02-11 15:25:34.643 62717 INFO tempest.lib.common.rest_client [req-a2771733-d530-4f9b-b8b1-dd39b44f074b req-a2771733-d530-4f9b-b8b1-dd39b44f074b ] Request (ServersTestFqdnHostnames:test_create_server_with_fqdn_name): 200 GET http://10.180.1.21/compute/v2.1/servers/2cffbbd9-f0b8-46e1-b6db-b74fb2499d1a 0.396s
2025-02-11 15:25:34.730 62761 INFO tempest.lib.common.rest_client [req-b81358dd-5939-4090-bd03-2eaa302cbf92 req-b81358dd-5939-4090-bd03-2eaa302cbf92 ] Request (ServersV294TestFqdnHostnames:setUpClass): 200 GET http://10.180.1.21/compute/v2.1/servers/8bd05dac-7aa2-44c5-8752-6045c01d213d 0.423s
2025-02-11 15:25:34.755 62701 INFO tempest.lib.common.rest_client [req-efc9f22c-bc1a-48ab-92cf-f4faeb227d74 req-efc9f22c-bc1a-48ab-92cf-f4faeb227d74 ] Request (FloatingIPDetailsTestJSON:_run_cleanups): 202 DELETE http://10.180.1.21/compute/v2.1/os-floating-ips/37b8add7-99ff-4ad9-a53a-721650d6239c 0.867s
2025-02-11 15:25:34.775 62747 WARNING tempest.lib.common.ssh [-] Failed to establish authenticated ssh connection to cirros@10.180.180.230 ([Errno None] Unable to connect to port 22 on 10.180.180.230). Number attempts: 5. Retry after 6 seconds.: paramiko.ssh_exception.NoValidConnectionsError: [Errno None] Unable to connect to port 22 on 10.180.180.230
2025-02-11 15:25:34.809 62721 INFO tempest.lib.common.rest_client [req-024804db-7093-4b1f-976a-d532dd99f595 req-024804db-7093-4b1f-976a-d532dd99f595 ] Request (ServerRescueTestJSON:setUpClass): 200 GET http://10.180.1.21/compute/v2.1/servers/ca342da5-b6e7-4d00-be10-f7f3e6ff8b7c 0.443s
2025-02-11 15:25:34.837 62743 INFO tempest.lib.common.rest_client [req-a242847f-8bc0-4dba-8ce1-5516dfad5ffb req-a242847f-8bc0-4dba-8ce1-5516dfad5ffb ] Request (TenantUsagesTestJSON:tearDownClass): 200 GET http://10.180.1.21/compute/v2.1/servers/571a5250-8655-4f30-b193-919affbc1bd8 0.397s
2025-02-11 15:25:34.862 62729 INFO tempest.lib.common.rest_client [req-ff8c5d46-3a6c-45db-926d-8e6e0bd8be29 req-ff8c5d46-3a6c-45db-926d-8e6e0bd8be29 ] Request (AttachVolumeNegativeTest:test_attach_attached_volume_to_different_server): 200 GET http://10.180.1.21/compute/v2.1/servers/67f05a2b-f323-4e4a-ac13-7f4745593be0 0.416s
2025-02-11 15:25:34.895 62733 INFO tempest.lib.common.rest_client [req-0061f107-0223-4560-9077-6def9cb38c85 req-0061f107-0223-4560-9077-6def9cb38c85 ] Request (FloatingIPsAssociationNegativeTestJSON:setUpClass): 200 GET http://10.180.1.21/compute/v2.1/servers/17498cb6-8b16-4a2e-96ae-c594966cee77 0.389s
2025-02-11 15:25:35.061 62727 INFO tempest.lib.common.rest_client [req-247499e2-774c-4622-b78f-8ce71f1b6a7f req-247499e2-774c-4622-b78f-8ce71f1b6a7f ] Request (ImagesOneServerTestJSON:setUpClass): 200 GET http://10.180.1.21/compute/v2.1/servers/0dd47ff3-5a5b-4c51-8e6a-fc11449f21be 0.516s
2025-02-11 15:25:35.110 62709 INFO tempest.lib.common.rest_client [req-e41f71e4-aa83-4904-a39b-38078db2fc47 req-e41f71e4-aa83-4904-a39b-38078db2fc47 ] Request (ServersAdminTestJSON:test_create_server_with_scheduling_hint): 200 GET http://10.180.1.21/compute/v2.1/servers/2337e9a2-736c-4d58-ac2e-04c8ad813be4 0.540s
2025-02-11 15:25:35.164 62739 INFO tempest.lib.common.rest_client [req-827716a0-5b8d-4a67-8d0e-b258c5af6392 req-827716a0-5b8d-4a67-8d0e-b258c5af6392 ] Request (AttachInterfacesUnderV243Test:test_add_remove_fixed_ip): 200 GET http://10.180.1.21/compute/v2.1/servers/57eaad0a-ca55-4bff-bbd0-6155ecf1cb93 0.551s
2025-02-11 15:25:35.212 62731 INFO tempest.lib.common.rest_client [req-516ad475-6dbc-4e68-9a69-121626585d6c req-516ad475-6dbc-4e68-9a69-121626585d6c ] Request (ServerDiskConfigTestJSON:test_rebuild_server_with_manual_disk_config): 200 GET http://10.180.1.21/compute/v2.1/servers/a16193af-410e-4bf6-bb06-a97791cf6060 0.571s
2025-02-11 15:25:35.255 62707 INFO tempest.lib.common.rest_client [req-d82a3bfd-e7c8-470c-ace7-cb65bc3ab3ef req-d82a3bfd-e7c8-470c-ace7-cb65bc3ab3ef ] Request (FloatingIPsAssociationTestJSON:setUpClass): 200 GET http://10.180.1.21/compute/v2.1/servers/3810ae49-3b9d-4c5f-b579-8abddc8d6c1a 0.541s
2025-02-11 15:25:35.319 62701 INFO tempest.lib.common.rest_client [req-c8041888-62fa-464e-bfb2-4032c80b61a1 req-c8041888-62fa-464e-bfb2-4032c80b61a1 ] Request (FloatingIPDetailsTestJSON:test_list_floating_ips): 200 GET http://10.180.1.21/compute/v2.1/os-floating-ips 0.563s
2025-02-11 15:25:35.371 62719 INFO tempest.lib.common.rest_client [req-3ffe9082-ab83-46e9-b9eb-80de7480cab6 req-3ffe9082-ab83-46e9-b9eb-80de7480cab6 ] Request (ServerPasswordTestJSON:tearDownClass): 200 GET http://10.180.1.21/compute/v2.1/servers/eedadcc7-d02e-4a21-a43a-1dccde81b3b4 0.587s
2025-02-11 15:25:35.450 62737 INFO tempest.lib.common.rest_client [req-a3a5efb5-f5f3-445f-9677-4b801af23dbb req-a3a5efb5-f5f3-445f-9677-4b801af23dbb ] Request (MigrationsAdminTest:test_list_migrations_in_flavor_resize_situation): 200 GET http://10.180.1.21/compute/v2.1/servers/a8d56b8e-fa11-4844-ab65-a2e5d24b1e07 0.641s
2025-02-11 15:25:35.456 62757 INFO tempest.lib.common.rest_client [req-93688eac-4110-4b38-abe6-5d0ca2f17fde req-93688eac-4110-4b38-abe6-5d0ca2f17fde ] Request (ServerDiagnosticsV248Test:test_get_server_diagnostics): 200 GET http://10.180.1.21/compute/v2.1/servers/0d992155-24fa-4836-83c9-8f188f7d7efa/diagnostics 0.946s
2025-02-11 15:25:35.513 62755 INFO tempest.lib.common.rest_client [req-9886abe8-1477-4433-a55e-42141df331db req-9886abe8-1477-4433-a55e-42141df331db ] Request (ServerShowV257Test:test_rebuild_server): 200 GET http://10.180.1.21/compute/v2.1/servers/045e5f8f-edd5-425d-bccb-054d90db27d9 0.559s
2025-02-11 15:25:35.544 62763 INFO tempest.lib.common.rest_client [req-47983e15-1c46-4cdc-baf6-4c1d0826b2bd req-47983e15-1c46-4cdc-baf6-4c1d0826b2bd ] Request (ServersTestJSON:test_create_server_with_ipv6_addr_only): 200 GET http://10.180.1.21/compute/v2.1/servers/13db2c17-ccba-4336-929a-0d01202c5143 0.666s
2025-02-11 15:25:35.553 62763 INFO tempest.common.waiters [-] State transition "BUILD/networking" ==> "BUILD/spawning" after 37 second wait
2025-02-11 15:25:35.564 62723 INFO tempest.lib.common.rest_client [req-acbc7340-9575-4b11-a8dd-7a2c2fc37247 req-acbc7340-9575-4b11-a8dd-7a2c2fc37247 ] Request (ServersAdminNegativeTestJSON:tearDownClass): 200 GET http://10.180.1.21/compute/v2.1/servers/dd0ad4e3-a6e6-4258-b960-544984e24ebc 0.597s
2025-02-11 15:25:35.591 62735 INFO tempest.lib.common.rest_client [req-f38a0ec7-bd14-4d6e-9bcc-165ee11851b7 req-f38a0ec7-bd14-4d6e-9bcc-165ee11851b7 ] Request (ServersTestManualDisk:setUpClass): 200 GET http://10.180.1.21/compute/v2.1/servers/e51a0dd7-b5da-44cb-9cd8-62932aec3ad5 0.581s
2025-02-11 15:25:35.612 62749 INFO tempest.lib.common.rest_client [req-273950bf-43aa-4da6-b3f2-8fbfa66275e6 req-273950bf-43aa-4da6-b3f2-8fbfa66275e6 ] Request (ServerRescueNegativeTestJSON:setUpClass): 200 GET http://10.180.1.21/compute/v2.1/servers/c2fee51e-3cc9-421c-bfe5-b324a5b14197 0.589s
2025-02-11 15:25:35.650 62713 INFO tempest.lib.common.rest_client [req-64bda7b6-e30d-48f1-a73b-14c54276135c req-64bda7b6-e30d-48f1-a73b-14c54276135c ] Request (ListServersNegativeTestJSON:setUpClass): 200 GET http://10.180.1.21/compute/v2.1/servers/330b5e35-3292-4df7-b288-547b158e671a 0.572s
2025-02-11 15:25:35.720 62711 INFO tempest.lib.common.rest_client [req-3b0c9312-4a67-4e8d-ac6b-73556eb0ee5a req-3b0c9312-4a67-4e8d-ac6b-73556eb0ee5a ] Request (ServersAdmin275Test:test_rebuild_update_server_275): 200 GET http://10.180.1.21/compute/v2.1/servers/69569fa0-5175-453e-9875-9ef46c723da8 0.584s
2025-02-11 15:25:35.750 62741 INFO tempest.lib.common.rest_client [req-26e94d16-42e7-417b-8f5b-b2a935eac432 req-26e94d16-42e7-417b-8f5b-b2a935eac432 ] Request (ServersTestJSON:setUpClass): 200 GET http://10.180.1.21/compute/v2.1/servers/f28beb17-8455-49d3-8be0-7636b9abe4e8 0.637s
2025-02-11 15:25:35.789 62759 INFO tempest.lib.common.rest_client [req-5f772be7-c582-4707-af9c-b8dc59625d4b req-5f772be7-c582-4707-af9c-b8dc59625d4b ] Request (ImagesTestJSON:test_create_image_from_stopped_server): 200 GET http://10.180.1.21/compute/v2.1/servers/0c01a974-2318-461b-965f-ba4932e3bea1 0.604s
2025-02-11 15:25:35.991 62705 INFO tempest.lib.common.rest_client [req-79f663d4-1838-4751-a2f7-8235876c8141 req-79f663d4-1838-4751-a2f7-8235876c8141 ] Request (ImagesNegativeTestJSON:test_create_image_from_deleted_server): 200 GET http://10.180.1.21/compute/v2.1/servers/184d0caa-85c2-426d-82e5-ac52e525fe74 0.642s
2025-02-11 15:25:36.000 62705 INFO tempest.common.waiters [-] State transition "BUILD/spawning" ==> "ACTIVE/None" after 46 second wait
2025-02-11 15:25:36.049 62751 INFO tempest.lib.common.rest_client [req-736bb579-3958-415e-a2bb-059b099cad94 req-736bb579-3958-415e-a2bb-059b099cad94 ] Request (DeleteServersAdminTestJSON:test_delete_server_while_in_error_state): 200 GET http://10.180.1.21/compute/v2.1/servers/60535a30-4602-4063-94a4-30ed01266d5b 0.601s
2025-02-11 15:25:36.104 62745 INFO tempest.lib.common.rest_client [req-e109a72b-7521-4268-a564-d1f2e2a2476d req-e109a72b-7521-4268-a564-d1f2e2a2476d ] Request (ListImageFiltersTestJSON:setUpClass): 200 GET http://10.180.1.21/compute/v2.1/servers/f4d47cd8-1607-4e05-9e6a-3a1faf23ddbf 0.523s
2025-02-11 15:25:36.183 62703 WARNING tempest.lib.common.ssh [-] Failed to establish authenticated ssh connection to cirros@10.180.180.162 ([Errno None] Unable to connect to port 22 on 10.180.180.162). Number attempts: 3. Retry after 4 seconds.: paramiko.ssh_exception.NoValidConnectionsError: [Errno None] Unable to connect to port 22 on 10.180.180.162
2025-02-11 15:25:36.374 62717 INFO tempest.lib.common.rest_client [req-24f0b8e1-6c06-4812-af4b-a653aa9c1a7c req-24f0b8e1-6c06-4812-af4b-a653aa9c1a7c ] Request (ServersTestFqdnHostnames:test_create_server_with_fqdn_name): 200 GET http://10.180.1.21/compute/v2.1/servers/2cffbbd9-f0b8-46e1-b6db-b74fb2499d1a 0.715s
2025-02-11 15:25:36.411 62701 INFO tempest.lib.common.rest_client [req-b09088af-8b00-4aff-bba1-0da78c9f097d req-b09088af-8b00-4aff-bba1-0da78c9f097d ] Request (FloatingIPDetailsTestJSON:tearDownClass): 202 DELETE http://10.180.1.21/compute/v2.1/os-floating-ips/f7d4b0e7-fbc1-4f17-931b-5e5924f52025 1.088s
2025-02-11 15:25:36.446 62761 INFO tempest.lib.common.rest_client [req-2a58bf18-7295-4681-b767-f38a997e7d55 req-2a58bf18-7295-4681-b767-f38a997e7d55 ] Request (ServersV294TestFqdnHostnames:setUpClass): 200 GET http://10.180.1.21/compute/v2.1/servers/8bd05dac-7aa2-44c5-8752-6045c01d213d 0.706s
2025-02-11 15:25:36.476 62743 INFO tempest.lib.common.rest_client [req-2167face-57bf-4d12-8e33-7316ab72be76 req-2167face-57bf-4d12-8e33-7316ab72be76 ] Request (TenantUsagesTestJSON:tearDownClass): 404 GET http://10.180.1.21/compute/v2.1/servers/571a5250-8655-4f30-b193-919affbc1bd8 0.628s
2025-02-11 15:25:36.485 62721 INFO tempest.lib.common.rest_client [req-1bfde6f8-456d-42cf-91aa-630230dbe038 req-1bfde6f8-456d-42cf-91aa-630230dbe038 ] Request (ServerRescueTestJSON:setUpClass): 200 GET http://10.180.1.21/compute/v2.1/servers/ca342da5-b6e7-4d00-be10-f7f3e6ff8b7c 0.666s
2025-02-11 15:25:36.539 62729 INFO tempest.lib.common.rest_client [req-01fc22e9-789c-450f-ae7b-0b3978a7380e req-01fc22e9-789c-450f-ae7b-0b3978a7380e ] Request (AttachVolumeNegativeTest:test_attach_attached_volume_to_different_server): 200 GET http://10.180.1.21/compute/v2.1/servers/67f05a2b-f323-4e4a-ac13-7f4745593be0 0.669s
2025-02-11 15:25:36.548 62733 INFO tempest.lib.common.rest_client [req-41ff17ce-abc2-49af-b1b8-508ad441dbdf req-41ff17ce-abc2-49af-b1b8-508ad441dbdf ] Request (FloatingIPsAssociationNegativeTestJSON:setUpClass): 200 GET http://10.180.1.21/compute/v2.1/servers/17498cb6-8b16-4a2e-96ae-c594966cee77 0.644s
2025-02-11 15:25:36.578 62743 INFO tempest.lib.common.rest_client [req-bd58da81-95a9-4b03-9a49-b28c024f7eb2 req-bd58da81-95a9-4b03-9a49-b28c024f7eb2 ] Request (TenantUsagesTestJSON:tearDownClass): 204 DELETE http://10.180.1.21/identity/v3/users/fb0837588224498e840a5c23cff647b4 0.102s
2025-02-11 15:25:36.623 62705 INFO tempest.lib.common.rest_client [req-6558a48a-3638-402b-8d45-3e49b74dfbba req-6558a48a-3638-402b-8d45-3e49b74dfbba ] Request (ImagesNegativeTestJSON:test_create_image_from_deleted_server): 204 DELETE http://10.180.1.21/compute/v2.1/servers/184d0caa-85c2-426d-82e5-ac52e525fe74 0.623s
2025-02-11 15:25:36.695 62727 INFO tempest.lib.common.rest_client [req-af28f393-6d8f-4e05-a6f7-e9f10405293c req-af28f393-6d8f-4e05-a6f7-e9f10405293c ] Request (ImagesOneServerTestJSON:setUpClass): 200 GET http://10.180.1.21/compute/v2.1/servers/0dd47ff3-5a5b-4c51-8e6a-fc11449f21be 0.625s
2025-02-11 15:25:36.703 62709 INFO tempest.lib.common.rest_client [req-d9065516-5c66-4c4a-87f5-51a3fbad3387 req-d9065516-5c66-4c4a-87f5-51a3fbad3387 ] Request (ServersAdminTestJSON:test_create_server_with_scheduling_hint): 200 GET http://10.180.1.21/compute/v2.1/servers/2337e9a2-736c-4d58-ac2e-04c8ad813be4 0.585s
2025-02-11 15:25:36.712 62743 INFO tempest.lib.common.rest_client [req-e129ed1a-7269-44db-b4d2-6c37bdc719cb req-e129ed1a-7269-44db-b4d2-6c37bdc719cb ] Request (TenantUsagesTestJSON:tearDownClass): 204 DELETE http://10.180.1.21/identity/v3/users/557828bbc5034212b4381a56208a302d 0.133s
2025-02-11 15:25:36.712 62743 INFO tempest.lib.common.dynamic_creds [-] Deleting project and security group for project: 6740b84157374d51879d66ccf72c204e
2025-02-11 15:25:36.763 62739 INFO tempest.lib.common.rest_client [req-e6b45c8e-40ac-4b43-8457-bb3d8c65591f req-e6b45c8e-40ac-4b43-8457-bb3d8c65591f ] Request (AttachInterfacesUnderV243Test:test_add_remove_fixed_ip): 200 GET http://10.180.1.21/compute/v2.1/servers/57eaad0a-ca55-4bff-bbd0-6155ecf1cb93 0.589s
2025-02-11 15:25:36.768 62731 INFO tempest.lib.common.rest_client [req-5a33f540-d492-4898-96c8-863a1c424901 req-5a33f540-d492-4898-96c8-863a1c424901 ] Request (ServerDiskConfigTestJSON:test_rebuild_server_with_manual_disk_config): 200 GET http://10.180.1.21/compute/v2.1/servers/a16193af-410e-4bf6-bb06-a97791cf6060 0.547s
2025-02-11 15:25:36.775 62743 INFO tempest.lib.common.rest_client [req-88425618-26e0-4742-b2a8-6fa13ff5a5bd req-88425618-26e0-4742-b2a8-6fa13ff5a5bd ] Request (TenantUsagesTestJSON:tearDownClass): 201 POST http://10.180.1.21/identity/v3/auth/tokens 0.063s
2025-02-11 15:25:36.859 62719 INFO tempest.lib.common.rest_client [req-9fffb4c7-4618-42ff-8374-91e410fcb7b6 req-9fffb4c7-4618-42ff-8374-91e410fcb7b6 ] Request (ServerPasswordTestJSON:tearDownClass): 200 GET http://10.180.1.21/compute/v2.1/servers/eedadcc7-d02e-4a21-a43a-1dccde81b3b4 0.481s
2025-02-11 15:25:36.861 62707 INFO tempest.lib.common.rest_client [req-96f0c5a4-b0d7-40a2-b992-40d5e2036394 req-96f0c5a4-b0d7-40a2-b992-40d5e2036394 ] Request (FloatingIPsAssociationTestJSON:setUpClass): 200 GET http://10.180.1.21/compute/v2.1/servers/3810ae49-3b9d-4c5f-b579-8abddc8d6c1a 0.597s
2025-02-11 15:25:36.960 62743 INFO tempest.lib.common.rest_client [req-9e3843c9-5aad-4f2b-9bfb-e79ddeb7d181 req-9e3843c9-5aad-4f2b-9bfb-e79ddeb7d181 ] Request (TenantUsagesTestJSON:tearDownClass): 200 GET http://10.180.1.21:9696/networking/v2.0/security-groups?tenant_id=6740b84157374d51879d66ccf72c204e&name=default 0.184s
2025-02-11 15:25:36.972 62737 INFO tempest.lib.common.rest_client [req-cb485a5f-4976-4cd3-af8e-0e653d051964 req-cb485a5f-4976-4cd3-af8e-0e653d051964 ] Request (MigrationsAdminTest:test_list_migrations_in_flavor_resize_situation): 200 GET http://10.180.1.21/compute/v2.1/servers/a8d56b8e-fa11-4844-ab65-a2e5d24b1e07 0.513s
2025-02-11 15:25:37.033 62755 INFO tempest.lib.common.rest_client [req-7bdfe28a-aace-4dbc-9a00-8b37df197a25 req-7bdfe28a-aace-4dbc-9a00-8b37df197a25 ] Request (ServerShowV257Test:test_rebuild_server): 200 GET http://10.180.1.21/compute/v2.1/servers/045e5f8f-edd5-425d-bccb-054d90db27d9 0.510s
2025-02-11 15:25:37.042 62743 INFO tempest.lib.common.rest_client [req-25737e21-898e-44e6-aace-a43c5bff7e63 req-25737e21-898e-44e6-aace-a43c5bff7e63 ] Request (TenantUsagesTestJSON:tearDownClass): 204 DELETE http://10.180.1.21:9696/networking/v2.0/security-groups/01b991ad-3fe3-413e-b1ba-4861477b9a4f 0.082s
2025-02-11 15:25:37.115 62743 INFO tempest.lib.common.rest_client [req-f00eed23-98a4-44ca-b6cf-ad5c0184df41 req-f00eed23-98a4-44ca-b6cf-ad5c0184df41 ] Request (TenantUsagesTestJSON:tearDownClass): 204 DELETE http://10.180.1.21/identity/v3/projects/6740b84157374d51879d66ccf72c204e 0.072s
2025-02-11 15:25:37.115 62743 INFO tempest.lib.common.dynamic_creds [-] Deleting project and security group for project: 3d57565533a44cb2b6bbb1b626fc66f1
2025-02-11 15:25:37.143 62715 WARNING tempest.lib.common.ssh [-] Failed to establish authenticated ssh connection to cirros@10.180.180.252 ([Errno None] Unable to connect to port 22 on 10.180.180.252). Number attempts: 2. Retry after 3 seconds.: paramiko.ssh_exception.NoValidConnectionsError: [Errno None] Unable to connect to port 22 on 10.180.180.252
2025-02-11 15:25:37.144 62743 INFO tempest.lib.common.rest_client [req-6e1014f3-0f6d-4473-8139-ecfcd6cebd4c req-6e1014f3-0f6d-4473-8139-ecfcd6cebd4c ] Request (TenantUsagesTestJSON:tearDownClass): 200 GET http://10.180.1.21:9696/networking/v2.0/security-groups?tenant_id=3d57565533a44cb2b6bbb1b626fc66f1&name=default 0.028s
2025-02-11 15:25:37.158 62763 INFO tempest.lib.common.rest_client [req-73ce7e0c-d69a-44c4-8c9c-7fee9027b3eb req-73ce7e0c-d69a-44c4-8c9c-7fee9027b3eb ] Request (ServersTestJSON:test_create_server_with_ipv6_addr_only): 200 GET http://10.180.1.21/compute/v2.1/servers/13db2c17-ccba-4336-929a-0d01202c5143 0.604s
2025-02-11 15:25:37.214 62743 INFO tempest.lib.common.rest_client [req-b8925169-83fc-4357-802d-1a8c5b46f01d req-b8925169-83fc-4357-802d-1a8c5b46f01d ] Request (TenantUsagesTestJSON:tearDownClass): 204 DELETE http://10.180.1.21:9696/networking/v2.0/security-groups/b0cb95a7-d997-4c36-89fd-7a8627e0f333 0.070s
2025-02-11 15:25:37.217 62723 INFO tempest.lib.common.rest_client [req-15eb9f50-7224-4459-af72-39f253718bca req-15eb9f50-7224-4459-af72-39f253718bca ] Request (ServersAdminNegativeTestJSON:tearDownClass): 200 GET http://10.180.1.21/compute/v2.1/servers/dd0ad4e3-a6e6-4258-b960-544984e24ebc 0.645s
2025-02-11 15:25:37.268 62735 INFO tempest.lib.common.rest_client [req-741a244a-f7e4-4115-a5d5-350b66a0c41a req-741a244a-f7e4-4115-a5d5-350b66a0c41a ] Request (ServersTestManualDisk:setUpClass): 200 GET http://10.180.1.21/compute/v2.1/servers/e51a0dd7-b5da-44cb-9cd8-62932aec3ad5 0.666s
2025-02-11 15:25:37.288 62701 INFO tempest.lib.common.rest_client [req-cf17cbde-5adf-4fc2-a03d-1f68af6056bd req-cf17cbde-5adf-4fc2-a03d-1f68af6056bd ] Request (FloatingIPDetailsTestJSON:tearDownClass): 202 DELETE http://10.180.1.21/compute/v2.1/os-floating-ips/f6f77b26-eef8-4194-8568-568a832c1308 0.876s
2025-02-11 15:25:37.313 62743 INFO tempest.lib.common.rest_client [req-6b7432bb-d45b-4608-88d7-a8293c1e71d5 req-6b7432bb-d45b-4608-88d7-a8293c1e71d5 ] Request (TenantUsagesTestJSON:tearDownClass): 204 DELETE http://10.180.1.21/identity/v3/projects/3d57565533a44cb2b6bbb1b626fc66f1 0.098s
2025-02-11 15:25:37.350 62749 INFO tempest.lib.common.rest_client [req-3e9db610-f06d-4ead-8db4-c6d0ad223bb3 req-3e9db610-f06d-4ead-8db4-c6d0ad223bb3 ] Request (ServerRescueNegativeTestJSON:setUpClass): 200 GET http://10.180.1.21/compute/v2.1/servers/c2fee51e-3cc9-421c-bfe5-b324a5b14197 0.728s
2025-02-11 15:25:37.357 62749 INFO tempest.common.waiters [-] State transition "BUILD/scheduling" ==> "BUILD/None" after 33 second wait
2025-02-11 15:25:37.376 62743 INFO tempest.lib.common.rest_client [req-d56358ce-8c40-493b-a5aa-f6ddc66e42a6 req-d56358ce-8c40-493b-a5aa-f6ddc66e42a6 ] Request (ServerShowV263Test:setUpClass): 201 POST http://10.180.1.21/identity/v3/auth/tokens 0.061s
2025-02-11 15:25:37.406 62705 INFO tempest.lib.common.rest_client [req-7160268f-5e49-4bdd-a7e0-d78727de3b57 req-7160268f-5e49-4bdd-a7e0-d78727de3b57 ] Request (ImagesNegativeTestJSON:test_create_image_from_deleted_server): 200 GET http://10.180.1.21/compute/v2.1/servers/184d0caa-85c2-426d-82e5-ac52e525fe74 0.782s
2025-02-11 15:25:37.406 62743 INFO tempest.lib.common.rest_client [req-4954c842-fb2f-4af8-92df-709e76950e19 req-4954c842-fb2f-4af8-92df-709e76950e19 ] Request (ServerShowV263Test:setUpClass): 201 POST http://10.180.1.21/identity/v3/auth/tokens 0.027s
2025-02-11 15:25:37.409 62713 INFO tempest.lib.common.rest_client [req-2a3b3c35-5610-44a9-8ef9-8a7bc4b3edce req-2a3b3c35-5610-44a9-8ef9-8a7bc4b3edce ] Request (ListServersNegativeTestJSON:setUpClass): 200 GET http://10.180.1.21/compute/v2.1/servers/330b5e35-3292-4df7-b288-547b158e671a 0.751s
2025-02-11 15:25:37.416 62713 INFO tempest.common.waiters [-] State transition "BUILD/scheduling" ==> "BUILD/None" after 28 second wait
2025-02-11 15:25:37.430 62743 INFO tempest.lib.common.rest_client [req-c87a1779-d087-481b-934a-2aabf1136ce5 req-c87a1779-d087-481b-934a-2aabf1136ce5 ] Request (ServerShowV263Test:setUpClass): 200 GET http://10.180.1.21/identity/v3/domains?name=Default 0.023s
2025-02-11 15:25:37.456 62743 INFO tempest.lib.common.rest_client [req-3b296488-fcc1-4b39-8617-976864373dbf req-3b296488-fcc1-4b39-8617-976864373dbf ] Request (ServerShowV263Test:setUpClass): 201 POST http://10.180.1.21/identity/v3/projects 0.026s
2025-02-11 15:25:37.462 62711 INFO tempest.lib.common.rest_client [req-10f2ef59-5429-45f4-b2aa-95fb9cfaf0df req-10f2ef59-5429-45f4-b2aa-95fb9cfaf0df ] Request (ServersAdmin275Test:test_rebuild_update_server_275): 200 GET http://10.180.1.21/compute/v2.1/servers/69569fa0-5175-453e-9875-9ef46c723da8 0.731s
2025-02-11 15:25:37.512 62759 INFO tempest.lib.common.rest_client [req-af2a09fe-5219-4f0a-8d0f-e97c8ef6ff9f req-af2a09fe-5219-4f0a-8d0f-e97c8ef6ff9f ] Request (ImagesTestJSON:test_create_image_from_stopped_server): 200 GET http://10.180.1.21/compute/v2.1/servers/0c01a974-2318-461b-965f-ba4932e3bea1 0.712s
2025-02-11 15:25:37.514 62743 INFO tempest.lib.common.rest_client [req-254efb35-c5d6-4990-8c76-64c19a0ee1b2 req-254efb35-c5d6-4990-8c76-64c19a0ee1b2 ] Request (ServerShowV263Test:setUpClass): 201 POST http://10.180.1.21/identity/v3/users 0.057s
2025-02-11 15:25:37.538 62743 INFO tempest.lib.common.rest_client [req-20f80bb5-2ae9-4664-b888-9bf5b00348d4 req-20f80bb5-2ae9-4664-b888-9bf5b00348d4 ] Request (ServerShowV263Test:setUpClass): 200 GET http://10.180.1.21/identity/v3/roles 0.023s
2025-02-11 15:25:37.567 62741 INFO tempest.lib.common.rest_client [req-7ec9e466-c14c-48c6-a89e-5013954a6a4d req-7ec9e466-c14c-48c6-a89e-5013954a6a4d ] Request (ServersTestJSON:setUpClass): 200 GET http://10.180.1.21/compute/v2.1/servers/f28beb17-8455-49d3-8be0-7636b9abe4e8 0.809s
2025-02-11 15:25:37.567 62751 INFO tempest.lib.common.rest_client [req-a7ad67ce-62f7-405c-92f7-a3fa1d14ae41 req-a7ad67ce-62f7-405c-92f7-a3fa1d14ae41 ] Request (DeleteServersAdminTestJSON:test_delete_server_while_in_error_state): 200 GET http://10.180.1.21/compute/v2.1/servers/60535a30-4602-4063-94a4-30ed01266d5b 0.509s
2025-02-11 15:25:37.569 62743 INFO tempest.lib.common.rest_client [req-7126be0a-887b-4d1b-af76-0d1929a5ff05 req-7126be0a-887b-4d1b-af76-0d1929a5ff05 ] Request (ServerShowV263Test:setUpClass): 204 PUT http://10.180.1.21/identity/v3/projects/3049882d2dc64a7ca94ee896bf9747ae/users/8b0ee6955a5c42e6ba0d486cb07c52f6/roles/aaa3e2f882e74882a6b6c25db5a20eba 0.030s
2025-02-11 15:25:37.569 62743 INFO tempest.lib.common.dynamic_creds [-] Dynamic test user 8b0ee6955a5c42e6ba0d486cb07c52f6 is created with scope project and roles: ['member']
2025-02-11 15:25:37.569 62743 INFO tempest.lib.common.dynamic_creds [-] Acquired dynamic creds: credentials: Credentials: {'domain_id': 'default', 'domain_name': 'Default', 'username': 'tempest-ServerShowV263Test-637375571-project-member', 'project_domain_id': 'default', 'project_domain_name': 'Default', 'project_id': '3049882d2dc64a7ca94ee896bf9747ae', 'project_name': 'tempest-ServerShowV263Test-637375571', 'tenant_id': '3049882d2dc64a7ca94ee896bf9747ae', 'tenant_name': 'tempest-ServerShowV263Test-637375571', 'user_domain_id': 'default', 'user_domain_name': 'Default', 'user_id': '8b0ee6955a5c42e6ba0d486cb07c52f6', 'system': None}, Network: None, Subnet: None, Router: None
2025-02-11 15:25:37.569 62743 INFO tempest.lib.common.dynamic_creds [-] Created isolated network resources for: credentials: Credentials: {'domain_id': 'default', 'domain_name': 'Default', 'username': 'tempest-ServerShowV263Test-637375571-project-member', 'project_domain_id': 'default', 'project_domain_name': 'Default', 'project_id': '3049882d2dc64a7ca94ee896bf9747ae', 'project_name': 'tempest-ServerShowV263Test-637375571', 'tenant_id': '3049882d2dc64a7ca94ee896bf9747ae', 'tenant_name': 'tempest-ServerShowV263Test-637375571', 'user_domain_id': 'default', 'user_domain_name': 'Default', 'user_id': '8b0ee6955a5c42e6ba0d486cb07c52f6', 'system': None}, Network: None, Subnet: None, Router: None
2025-02-11 15:25:37.634 62745 INFO tempest.lib.common.rest_client [req-1ecb45c9-8b6a-44f7-8a79-f59523d7d78a req-1ecb45c9-8b6a-44f7-8a79-f59523d7d78a ] Request (ListImageFiltersTestJSON:setUpClass): 200 GET http://10.180.1.21/compute/v2.1/servers/f4d47cd8-1607-4e05-9e6a-3a1faf23ddbf 0.520s
2025-02-11 15:25:37.677 62743 INFO tempest.lib.common.rest_client [req-f3676185-6688-4866-ad54-326e4d923474 req-f3676185-6688-4866-ad54-326e4d923474 ] Request (ServerShowV263Test:setUpClass): 201 POST http://10.180.1.21/identity/v3/auth/tokens 0.105s
2025-02-11 15:25:37.708 62717 INFO tempest.lib.common.rest_client [req-83bfe024-e091-493f-9e7c-ac7aceabf2ec req-83bfe024-e091-493f-9e7c-ac7aceabf2ec ] Request (ServersTestFqdnHostnames:test_create_server_with_fqdn_name): 200 GET http://10.180.1.21/compute/v2.1/servers/2cffbbd9-f0b8-46e1-b6db-b74fb2499d1a 0.324s
2025-02-11 15:25:37.733 62743 INFO tempest.lib.common.rest_client [req-384cadfb-3b63-4130-9c6a-d4146b614dce req-384cadfb-3b63-4130-9c6a-d4146b614dce ] Request (ServerShowV263Test:setUpClass): 200 GET http://10.180.1.21/identity/v3/projects/3049882d2dc64a7ca94ee896bf9747ae 0.054s
2025-02-11 15:25:37.733 62743 INFO tempest.lib.common.dynamic_creds [-] Using the existing project 3049882d2dc64a7ca94ee896bf9747ae for scope project and roles: ['reader']
2025-02-11 15:25:37.772 62743 INFO tempest.lib.common.rest_client [req-bd6af3a1-9622-45c5-81b6-b6b84346f6c5 req-bd6af3a1-9622-45c5-81b6-b6b84346f6c5 ] Request (ServerShowV263Test:setUpClass): 201 POST http://10.180.1.21/identity/v3/users 0.039s
2025-02-11 15:25:37.790 62761 INFO tempest.lib.common.rest_client [req-e13ec68e-f392-46a5-afff-ec9a86dc0ac7 req-e13ec68e-f392-46a5-afff-ec9a86dc0ac7 ] Request (ServersV294TestFqdnHostnames:setUpClass): 200 GET http://10.180.1.21/compute/v2.1/servers/8bd05dac-7aa2-44c5-8752-6045c01d213d 0.331s
2025-02-11 15:25:37.798 62743 INFO tempest.lib.common.rest_client [req-a6155813-aa30-4bd9-abea-f0253cc997c7 req-a6155813-aa30-4bd9-abea-f0253cc997c7 ] Request (ServerShowV263Test:setUpClass): 200 GET http://10.180.1.21/identity/v3/roles 0.026s
2025-02-11 15:25:37.827 62743 INFO tempest.lib.common.rest_client [req-7d5631e7-ca59-4a93-a15f-5e6e01fbce98 req-7d5631e7-ca59-4a93-a15f-5e6e01fbce98 ] Request (ServerShowV263Test:setUpClass): 204 PUT http://10.180.1.21/identity/v3/projects/3049882d2dc64a7ca94ee896bf9747ae/users/29324d2fbdd84b78b19571d313ad01b0/roles/6584344128394ddf910bc5a75f7ede15 0.029s
2025-02-11 15:25:37.828 62743 INFO tempest.lib.common.dynamic_creds [-] Dynamic test user 29324d2fbdd84b78b19571d313ad01b0 is created with scope project and roles: ['reader']
2025-02-11 15:25:37.828 62743 INFO tempest.lib.common.dynamic_creds [-] Acquired dynamic creds: credentials: Credentials: {'domain_id': 'default', 'domain_name': 'Default', 'username': 'tempest-ServerShowV263Test-637375571-project-reader', 'project_domain_id': 'default', 'project_domain_name': 'Default', 'project_id': '3049882d2dc64a7ca94ee896bf9747ae', 'project_name': 'tempest-ServerShowV263Test-637375571', 'tenant_id': '3049882d2dc64a7ca94ee896bf9747ae', 'tenant_name': 'tempest-ServerShowV263Test-637375571', 'user_domain_id': 'default', 'user_domain_name': 'Default', 'user_id': '29324d2fbdd84b78b19571d313ad01b0', 'system': None}, Network: None, Subnet: None, Router: None
2025-02-11 15:25:37.828 62743 INFO tempest.lib.common.dynamic_creds [-] Network resources are not created for requested scope: project and credentials: Credentials: {'domain_id': 'default', 'domain_name': 'Default', 'username': 'tempest-ServerShowV263Test-637375571-project-reader', 'project_domain_id': 'default', 'project_domain_name': 'Default', 'project_id': '3049882d2dc64a7ca94ee896bf9747ae', 'project_name': 'tempest-ServerShowV263Test-637375571', 'tenant_id': '3049882d2dc64a7ca94ee896bf9747ae', 'tenant_name': 'tempest-ServerShowV263Test-637375571', 'user_domain_id': 'default', 'user_domain_name': 'Default', 'user_id': '29324d2fbdd84b78b19571d313ad01b0', 'system': None}, Network: None, Subnet: None, Router: None
2025-02-11 15:25:37.844 62721 INFO tempest.lib.common.rest_client [req-fcbfc4f6-4e63-4146-8c84-e84b6bfb4294 req-fcbfc4f6-4e63-4146-8c84-e84b6bfb4294 ] Request (ServerRescueTestJSON:setUpClass): 200 GET http://10.180.1.21/compute/v2.1/servers/ca342da5-b6e7-4d00-be10-f7f3e6ff8b7c 0.349s
2025-02-11 15:25:37.893 62743 INFO tempest.lib.common.rest_client [req-88edd352-6d04-4614-8f8c-c0962a7160fd req-88edd352-6d04-4614-8f8c-c0962a7160fd ] Request (ServerShowV263Test:setUpClass): 201 POST http://10.180.1.21/identity/v3/auth/tokens 0.062s
2025-02-11 15:25:37.903 62729 INFO tempest.lib.common.rest_client [req-4980fe52-d36e-424b-ad70-1fedf29c3f1a req-4980fe52-d36e-424b-ad70-1fedf29c3f1a ] Request (AttachVolumeNegativeTest:test_attach_attached_volume_to_different_server): 200 GET http://10.180.1.21/compute/v2.1/servers/67f05a2b-f323-4e4a-ac13-7f4745593be0 0.353s
2025-02-11 15:25:37.973 62733 INFO tempest.lib.common.rest_client [req-1261a4a3-bd86-4d8d-9b08-c6faae4587a9 req-1261a4a3-bd86-4d8d-9b08-c6faae4587a9 ] Request (FloatingIPsAssociationNegativeTestJSON:setUpClass): 200 GET http://10.180.1.21/compute/v2.1/servers/17498cb6-8b16-4a2e-96ae-c594966cee77 0.414s
2025-02-11 15:25:38.007 62701 INFO tempest.lib.common.rest_client [req-6a3e1155-c1f3-4e09-bcd3-800e1ae02f78 req-6a3e1155-c1f3-4e09-bcd3-800e1ae02f78 ] Request (FloatingIPDetailsTestJSON:tearDownClass): 202 DELETE http://10.180.1.21/compute/v2.1/os-floating-ips/1a44053c-c509-42ab-9fcf-462a97f37fdd 0.718s
2025-02-11 15:25:38.029 62743 INFO tempest.lib.common.rest_client [req-19c78681-2f41-4c2c-a122-1074451d0805 req-19c78681-2f41-4c2c-a122-1074451d0805 ] Request (ServerShowV263Test:tearDownClass): 204 DELETE http://10.180.1.21/identity/v3/users/8b0ee6955a5c42e6ba0d486cb07c52f6 0.127s
2025-02-11 15:25:38.059 62709 INFO tempest.lib.common.rest_client [req-a442c47c-052f-4335-91c5-abe4ff847210 req-a442c47c-052f-4335-91c5-abe4ff847210 ] Request (ServersAdminTestJSON:test_create_server_with_scheduling_hint): 200 GET http://10.180.1.21/compute/v2.1/servers/2337e9a2-736c-4d58-ac2e-04c8ad813be4 0.344s
2025-02-11 15:25:38.090 62727 INFO tempest.lib.common.rest_client [req-61105db4-2eed-4c27-891c-b5919e7fe026 req-61105db4-2eed-4c27-891c-b5919e7fe026 ] Request (ImagesOneServerTestJSON:setUpClass): 200 GET http://10.180.1.21/compute/v2.1/servers/0dd47ff3-5a5b-4c51-8e6a-fc11449f21be 0.386s
2025-02-11 15:25:38.115 62739 INFO tempest.lib.common.rest_client [req-13c52ab0-1f36-4782-b68a-48a101e6f4e4 req-13c52ab0-1f36-4782-b68a-48a101e6f4e4 ] Request (AttachInterfacesUnderV243Test:test_add_remove_fixed_ip): 200 GET http://10.180.1.21/compute/v2.1/servers/57eaad0a-ca55-4bff-bbd0-6155ecf1cb93 0.341s
2025-02-11 15:25:38.121 62743 INFO tempest.lib.common.rest_client [req-0a4fa935-0a78-486e-a39c-b8955b89d1fc req-0a4fa935-0a78-486e-a39c-b8955b89d1fc ] Request (ServerShowV263Test:tearDownClass): 204 DELETE http://10.180.1.21/identity/v3/users/29324d2fbdd84b78b19571d313ad01b0 0.091s
2025-02-11 15:25:38.121 62743 INFO tempest.lib.common.dynamic_creds [-] Deleting project and security group for project: 3049882d2dc64a7ca94ee896bf9747ae
2025-02-11 15:25:38.147 62731 INFO tempest.lib.common.rest_client [req-27bb7a63-3ed6-4ee0-b3eb-454254e2b93d req-27bb7a63-3ed6-4ee0-b3eb-454254e2b93d ] Request (ServerDiskConfigTestJSON:test_rebuild_server_with_manual_disk_config): 200 GET http://10.180.1.21/compute/v2.1/servers/a16193af-410e-4bf6-bb06-a97791cf6060 0.370s
2025-02-11 15:25:38.161 62707 INFO tempest.lib.common.rest_client [req-cb0e24df-debc-47e5-a757-d814a64aed87 req-cb0e24df-debc-47e5-a757-d814a64aed87 ] Request (FloatingIPsAssociationTestJSON:setUpClass): 200 GET http://10.180.1.21/compute/v2.1/servers/3810ae49-3b9d-4c5f-b579-8abddc8d6c1a 0.292s
2025-02-11 15:25:38.187 62743 INFO tempest.lib.common.rest_client [req-21965194-8155-4b76-b551-10d3befcbc8f req-21965194-8155-4b76-b551-10d3befcbc8f ] Request (ServerShowV263Test:tearDownClass): 201 POST http://10.180.1.21/identity/v3/auth/tokens 0.065s
2025-02-11 15:25:38.203 62719 INFO tempest.lib.common.rest_client [req-f6f20887-5ec1-4547-9c45-6d75ac9c1049 req-f6f20887-5ec1-4547-9c45-6d75ac9c1049 ] Request (ServerPasswordTestJSON:tearDownClass): 200 GET http://10.180.1.21/compute/v2.1/servers/eedadcc7-d02e-4a21-a43a-1dccde81b3b4 0.330s
2025-02-11 15:25:38.259 62755 INFO tempest.lib.common.rest_client [req-41a61e58-ff76-48b9-9335-f1c3315dc6af req-41a61e58-ff76-48b9-9335-f1c3315dc6af ] Request (ServerShowV257Test:test_rebuild_server): 200 GET http://10.180.1.21/compute/v2.1/servers/045e5f8f-edd5-425d-bccb-054d90db27d9 0.215s
2025-02-11 15:25:38.263 62737 INFO tempest.lib.common.rest_client [req-0e2cfdf5-5f9a-4074-ae68-7f8aa6763f5e req-0e2cfdf5-5f9a-4074-ae68-7f8aa6763f5e ] Request (MigrationsAdminTest:test_list_migrations_in_flavor_resize_situation): 200 GET http://10.180.1.21/compute/v2.1/servers/a8d56b8e-fa11-4844-ab65-a2e5d24b1e07 0.281s
2025-02-11 15:25:38.327 62723 INFO tempest.lib.common.rest_client [req-fd43892f-70df-4c92-911c-d722b40b0de3 req-fd43892f-70df-4c92-911c-d722b40b0de3 ] Request (ServersAdminNegativeTestJSON:tearDownClass): 200 GET http://10.180.1.21/compute/v2.1/servers/dd0ad4e3-a6e6-4258-b960-544984e24ebc 0.100s
2025-02-11 15:25:38.383 62735 INFO tempest.lib.common.rest_client [req-418299ca-1fa5-4215-8f53-7066d00fb312 req-418299ca-1fa5-4215-8f53-7066d00fb312 ] Request (ServersTestManualDisk:setUpClass): 200 GET http://10.180.1.21/compute/v2.1/servers/e51a0dd7-b5da-44cb-9cd8-62932aec3ad5 0.104s
2025-02-11 15:25:38.396 62743 INFO tempest.lib.common.rest_client [req-547e9e9b-f830-46b7-ac38-978366494ac0 req-547e9e9b-f830-46b7-ac38-978366494ac0 ] Request (ServerShowV263Test:tearDownClass): 200 GET http://10.180.1.21:9696/networking/v2.0/security-groups?tenant_id=3049882d2dc64a7ca94ee896bf9747ae&name=default 0.209s
2025-02-11 15:25:38.405 62763 INFO tempest.lib.common.rest_client [req-4523ac91-d422-4a79-94bd-65a8f158700a req-4523ac91-d422-4a79-94bd-65a8f158700a ] Request (ServersTestJSON:test_create_server_with_ipv6_addr_only): 200 GET http://10.180.1.21/compute/v2.1/servers/13db2c17-ccba-4336-929a-0d01202c5143 0.237s
2025-02-11 15:25:38.455 62749 INFO tempest.lib.common.rest_client [req-cdaea9f5-458c-4fbe-bd7a-0cb8b52624d4 req-cdaea9f5-458c-4fbe-bd7a-0cb8b52624d4 ] Request (ServerRescueNegativeTestJSON:setUpClass): 200 GET http://10.180.1.21/compute/v2.1/servers/c2fee51e-3cc9-421c-bfe5-b324a5b14197 0.097s
2025-02-11 15:25:38.523 62743 INFO tempest.lib.common.rest_client [req-e6544091-f5b3-4cea-9152-ab80af336bd2 req-e6544091-f5b3-4cea-9152-ab80af336bd2 ] Request (ServerShowV263Test:tearDownClass): 204 DELETE http://10.180.1.21:9696/networking/v2.0/security-groups/618c1846-76ff-44c8-9743-7b64c4c5f75c 0.126s
2025-02-11 15:25:38.529 62713 INFO tempest.lib.common.rest_client [req-dd111e1d-2387-454d-ab4b-f64673bbe1a5 req-dd111e1d-2387-454d-ab4b-f64673bbe1a5 ] Request (ListServersNegativeTestJSON:setUpClass): 200 GET http://10.180.1.21/compute/v2.1/servers/330b5e35-3292-4df7-b288-547b158e671a 0.113s
2025-02-11 15:25:38.558 62705 INFO tempest.lib.common.rest_client [req-67b46b09-dc7e-40f5-8bfd-6872440fdf11 req-67b46b09-dc7e-40f5-8bfd-6872440fdf11 ] Request (ImagesNegativeTestJSON:test_create_image_from_deleted_server): 200 GET http://10.180.1.21/compute/v2.1/servers/184d0caa-85c2-426d-82e5-ac52e525fe74 0.143s
2025-02-11 15:25:38.604 62743 INFO tempest.lib.common.rest_client [req-b05013ac-6e8e-4a17-a18c-98b96e79407e req-b05013ac-6e8e-4a17-a18c-98b96e79407e ] Request (ServerShowV263Test:tearDownClass): 204 DELETE http://10.180.1.21/identity/v3/projects/3049882d2dc64a7ca94ee896bf9747ae 0.080s
2025-02-11 15:25:38.617 62711 INFO tempest.lib.common.rest_client [req-9d8ebee5-509e-4d96-b17f-6ff608f1f025 req-9d8ebee5-509e-4d96-b17f-6ff608f1f025 ] Request (ServersAdmin275Test:test_rebuild_update_server_275): 200 GET http://10.180.1.21/compute/v2.1/servers/69569fa0-5175-453e-9875-9ef46c723da8 0.144s
2025-02-11 15:25:38.630 62759 INFO tempest.lib.common.rest_client [req-a6c0ce9d-6f7c-4459-872b-156bcc5e0cf5 req-a6c0ce9d-6f7c-4459-872b-156bcc5e0cf5 ] Request (ImagesTestJSON:test_create_image_from_stopped_server): 200 GET http://10.180.1.21/compute/v2.1/servers/0c01a974-2318-461b-965f-ba4932e3bea1 0.105s
2025-02-11 15:25:38.707 62751 INFO tempest.lib.common.rest_client [req-52b8e2d1-b6d3-4f6b-9626-fa8c1691560a req-52b8e2d1-b6d3-4f6b-9626-fa8c1691560a ] Request (DeleteServersAdminTestJSON:test_delete_server_while_in_error_state): 200 GET http://10.180.1.21/compute/v2.1/servers/60535a30-4602-4063-94a4-30ed01266d5b 0.133s
2025-02-11 15:25:38.765 62741 INFO tempest.lib.common.rest_client [req-487a0921-eba9-4db8-9910-2e72d455d38b req-487a0921-eba9-4db8-9910-2e72d455d38b ] Request (ServersTestJSON:setUpClass): 200 GET http://10.180.1.21/compute/v2.1/servers/f28beb17-8455-49d3-8be0-7636b9abe4e8 0.190s
