2025-02-11 15:24:28.083 62743 INFO tempest.lib.common.rest_client [req-4e0eef3a-ae0b-414c-ba87-c7001b143020 req-4e0eef3a-ae0b-414c-ba87-c7001b143020 ] Request (QuotasSecurityGroupAdminNegativeTest:setUpClass): 201 POST http://10.180.1.21/identity/v3/auth/tokens 0.077s
2025-02-11 15:24:28.084 62743 WARNING tempest.lib.common.rest_client [-] Deprecated: "tenant_id" property is deprecated for removal, use "project_id" instead
2025-02-11 15:24:28.214 62743 INFO tempest.lib.common.rest_client [req-78d543fd-0e79-486c-8dea-59584ae1306f req-78d543fd-0e79-486c-8dea-59584ae1306f ] Request (QuotasSecurityGroupAdminNegativeTest:tearDownClass): 204 DELETE http://10.180.1.21/identity/v3/users/adbe92f63c3f42d39aff42417f7e2bac 0.127s
2025-02-11 15:24:28.350 62763 INFO tempest.lib.common.rest_client [req-8d388b14-8252-4637-a3c1-152a21e5fb3f req-8d388b14-8252-4637-a3c1-152a21e5fb3f ] Request (ServersTestJSON:test_create_server_specify_multibyte_character_name): 202 POST http://10.180.1.21/compute/v2.1/servers 4.051s
2025-02-11 15:24:28.359 62743 INFO tempest.lib.common.rest_client [req-eec28c3b-13cb-48e4-a5dc-b6cb4ff26a74 req-eec28c3b-13cb-48e4-a5dc-b6cb4ff26a74 ] Request (QuotasSecurityGroupAdminNegativeTest:tearDownClass): 204 DELETE http://10.180.1.21/identity/v3/users/d2fec1dba70b4ac99b38bab6a7c9c666 0.145s
2025-02-11 15:24:28.359 62743 INFO tempest.lib.common.dynamic_creds [-] Deleting project and security group for project: b1151a463043491ba3a6c3bf94bc0742
2025-02-11 15:24:28.406 62739 INFO tempest.lib.common.rest_client [req-e32c53b8-0605-400e-b0b7-b0c54bf28cdc req-e32c53b8-0605-400e-b0b7-b0c54bf28cdc ] Request (FlavorsAccessTestJSON:test_flavor_access_add_remove): 200 GET http://10.180.1.21/compute/v2.1/flavors/detail 3.063s
2025-02-11 15:24:28.438 62761 INFO tempest.lib.common.rest_client [req-131c140c-e909-4f1a-ac7f-d5db6790e588 req-131c140c-e909-4f1a-ac7f-d5db6790e588 ] Request (FlavorsAdminTestJSON:test_create_flavor_verify_entry_in_list_details): 200 GET http://10.180.1.21/compute/v2.1/flavors/detail 3.069s
2025-02-11 15:24:28.453 62735 INFO tempest.lib.common.rest_client [req-1961bf5d-a1cd-4e9a-9e99-c4ea1875ac74 req-1961bf5d-a1cd-4e9a-9e99-c4ea1875ac74 ] Request (FlavorsExtraSpecsTestJSON:test_flavor_non_admin_get_specific_key): 200 GET http://10.180.1.21/compute/v2.1/flavors/733805533/os-extra_specs/hw:numa_nodes 3.061s
2025-02-11 15:24:28.463 62743 INFO tempest.lib.common.rest_client [req-db245c1e-e870-4be5-9af9-284213c98b68 req-db245c1e-e870-4be5-9af9-284213c98b68 ] Request (QuotasSecurityGroupAdminNegativeTest:tearDownClass): 201 POST http://10.180.1.21/identity/v3/auth/tokens 0.102s
2025-02-11 15:24:28.597 62709 INFO tempest.lib.common.rest_client [req-7281767b-608b-4157-a5ef-24be64515387 req-7281767b-608b-4157-a5ef-24be64515387 ] Request (ServersAdminTestJSON:setUpClass): 202 POST http://10.180.1.21/compute/v2.1/servers 3.488s
2025-02-11 15:24:28.648 62753 INFO tempest.lib.common.rest_client [req-5084f333-f825-4a3c-aba8-99399af7287c req-5084f333-f825-4a3c-aba8-99399af7287c ] Request (VolumesAssistedSnapshotsTest:test_volume_assisted_snapshot_create_delete): 202 POST http://10.180.1.21/volume/v3/volumes 0.563s
2025-02-11 15:24:28.671 62741 INFO tempest.lib.common.rest_client [req-6bf9a284-27b3-47de-b8c5-f41a83b96f82 req-6bf9a284-27b3-47de-b8c5-f41a83b96f82 ] Request (TenantUsagesNegativeTestJSON:test_get_usage_tenant_with_empty_tenant_id): 404 GET http://10.180.1.21/compute/v2.1/os-simple-tenant-usage/?start=2025-02-10T15%3A24%3A25.486349&end=2025-02-12T15%3A24%3A25.486349 3.184s
2025-02-11 15:24:28.674 62741 WARNING tempest.lib.common.rest_client [-] Deprecated: "tenant_id" property is deprecated for removal, use "project_id" instead
2025-02-11 15:24:28.683 62757 INFO tempest.lib.common.rest_client [req-32e9bb85-e6e1-4784-8a16-a0eddd88eb1c req-32e9bb85-e6e1-4784-8a16-a0eddd88eb1c ] Request (HostsAdminNegativeTestJSON:test_show_host_detail_with_non_admin_user): 403 GET http://10.180.1.21/compute/v2.1/os-hosts/devstack 2.864s
2025-02-11 15:24:28.735 62753 INFO tempest.lib.common.rest_client [req-81cd4d91-cc1a-4614-97a0-bc2aebe5b5c7 req-81cd4d91-cc1a-4614-97a0-bc2aebe5b5c7 ] Request (VolumesAssistedSnapshotsTest:test_volume_assisted_snapshot_create_delete): 200 GET http://10.180.1.21/volume/v3/volumes/665dea38-a0be-4a97-be00-22d6a9018fe3 0.079s
2025-02-11 15:24:28.789 62745 INFO tempest.lib.common.rest_client [req-991ab9b4-551f-4675-bea9-b954025219d3 req-991ab9b4-551f-4675-bea9-b954025219d3 ] Request (InstanceUsageAuditLogTestJSON:test_get_instance_usage_audit_log): 200 GET http://10.180.1.21/compute/v2.1/os-instance_usage_audit_log/2025-02-11%2015%3A24%3A26 2.750s
2025-02-11 15:24:28.811 62703 INFO tempest.lib.common.rest_client [req-e1aacdaf-0b61-4c3f-95c5-52b418687365 req-e1aacdaf-0b61-4c3f-95c5-52b418687365 ] Request (ServersWithSpecificFlavorTestJSON:test_verify_created_server_ephemeral_disk): 200 GET http://10.180.1.21/compute/v2.1/flavors/42/os-extra_specs 2.637s
2025-02-11 15:24:28.975 62715 INFO tempest.lib.common.rest_client [req-cd95d3dd-611d-45b8-a9ab-d6c3bf87e535 req-cd95d3dd-611d-45b8-a9ab-d6c3bf87e535 ] Request (VolumesAdminNegativeTest:setUpClass): 201 POST http://10.180.1.21:9696/networking/v2.0/routers 3.009s
2025-02-11 15:24:28.975 62727 INFO tempest.lib.common.rest_client [req-492718fa-bf00-4d2d-ab28-09f615f73d55 req-492718fa-bf00-4d2d-ab28-09f615f73d55 ] Request (QuotasAdminNegativeTest:test_create_server_when_instances_quota_is_full): 200 PUT http://10.180.1.21/compute/v2.1/os-quota-sets/b2128890604c415d9eac0a47e9347280 2.214s
2025-02-11 15:24:28.988 62743 INFO tempest.lib.common.rest_client [req-23e2f308-90b6-452b-af7b-9de3de21d6fc req-23e2f308-90b6-452b-af7b-9de3de21d6fc ] Request (QuotasSecurityGroupAdminNegativeTest:tearDownClass): 200 GET http://10.180.1.21:9696/networking/v2.0/security-groups?tenant_id=b1151a463043491ba3a6c3bf94bc0742&name=default 0.524s
2025-02-11 15:24:29.054 62727 INFO tempest.lib.common.rest_client [req-d136f46d-3404-4758-ba78-9d82132954b2 req-d136f46d-3404-4758-ba78-9d82132954b2 ] Request (QuotasAdminNegativeTest:test_create_server_when_instances_quota_is_full): 201 POST http://10.180.1.21/identity/v3/auth/tokens 0.071s
2025-02-11 15:24:29.055 62727 INFO tempest.lib.common.fixed_network [-] (QuotasAdminNegativeTest:test_create_server_when_instances_quota_is_full) Found network None available for tenant
2025-02-11 15:24:29.083 62755 INFO tempest.lib.common.rest_client [req-30520778-2118-4462-ac34-54e334a9e0b2 req-30520778-2118-4462-ac34-54e334a9e0b2 ] Request (SecurityGroupRulesNegativeTestJSON:test_create_security_group_rule_with_invalid_from_port): 200 POST http://10.180.1.21/compute/v2.1/os-security-groups 3.279s
2025-02-11 15:24:29.230 62743 INFO tempest.lib.common.rest_client [req-39f9cc92-ee73-4af4-96e2-c8b6a31167cc req-39f9cc92-ee73-4af4-96e2-c8b6a31167cc ] Request (QuotasSecurityGroupAdminNegativeTest:tearDownClass): 204 DELETE http://10.180.1.21:9696/networking/v2.0/security-groups/6e522aa4-a697-4091-9d65-5cae2493590d 0.242s
2025-02-11 15:24:29.330 62743 INFO tempest.lib.common.rest_client [req-49ee8249-ab00-4057-bb18-ec489c5de4af req-49ee8249-ab00-4057-bb18-ec489c5de4af ] Request (QuotasSecurityGroupAdminNegativeTest:tearDownClass): 204 DELETE http://10.180.1.21/identity/v3/projects/b1151a463043491ba3a6c3bf94bc0742 0.100s
2025-02-11 15:24:29.331 62743 INFO tempest.lib.common.dynamic_creds [-] Deleting project and security group for project: f5caecfa97e54442b8e2d7e8ab0db352
2025-02-11 15:24:29.373 62737 INFO tempest.lib.common.rest_client [req-b6df8002-e2e3-4437-bc94-1a52a267b7b5 req-b6df8002-e2e3-4437-bc94-1a52a267b7b5 ] Request (MigrationsAdminTest:test_list_migrations_in_flavor_resize_situation): 200 GET http://10.180.1.21/compute/v2.1/servers/a8d56b8e-fa11-4844-ab65-a2e5d24b1e07 2.457s
2025-02-11 15:24:29.409 62733 INFO tempest.lib.common.rest_client [req-1550c452-effb-417e-a402-2bc815d0bb82 req-1550c452-effb-417e-a402-2bc815d0bb82 ] Request (AggregatesAdminNegativeTestJSON:_run_cleanups): 200 DELETE http://10.180.1.21/compute/v2.1/os-aggregates/1 2.429s
2025-02-11 15:24:29.449 62731 INFO tempest.lib.common.rest_client [req-4c4bb30b-71b1-4f0e-988f-7c1c86cb2f09 req-4c4bb30b-71b1-4f0e-988f-7c1c86cb2f09 ] Request (ServerDiskConfigTestJSON:setUpClass): 201 POST http://10.180.1.21:9696/networking/v2.0/routers 2.010s
2025-02-11 15:24:29.525 62701 INFO tempest.lib.common.rest_client [req-2b3ea24b-6380-4387-bcd0-1e82a862e017 req-2b3ea24b-6380-4387-bcd0-1e82a862e017 ] Request (ServerExternalEventsTest:test_create_server_external_events): 200 GET http://10.180.1.21/compute/v2.1/servers/9659a2dd-f1da-4a8e-a740-1ec01f96940c 2.516s
2025-02-11 15:24:29.555 62759 INFO tempest.lib.common.rest_client [req-00553146-1edd-4bcd-bcde-94aa70ff1024 req-00553146-1edd-4bcd-bcde-94aa70ff1024 ] Request (FlavorsAccessNegativeTestJSON:_run_cleanups): 202 DELETE http://10.180.1.21/compute/v2.1/flavors/1963801560 2.316s
2025-02-11 15:24:29.588 62719 INFO tempest.lib.common.rest_client [req-c9a4959e-f6b9-4368-b807-f7724bf37734 req-c9a4959e-f6b9-4368-b807-f7724bf37734 ] Request (KeyPairsV210TestJSON:_run_cleanups): 204 DELETE http://10.180.1.21/compute/v2.1/os-keypairs/tempest-KeyPairsV210TestJSON-keypair-702151754 2.327s
2025-02-11 15:24:29.717 62743 INFO tempest.lib.common.rest_client [req-3552b926-7240-4038-b48e-e42bb098f0ec req-3552b926-7240-4038-b48e-e42bb098f0ec ] Request (QuotasSecurityGroupAdminNegativeTest:tearDownClass): 200 GET http://10.180.1.21:9696/networking/v2.0/security-groups?tenant_id=f5caecfa97e54442b8e2d7e8ab0db352&name=default 0.386s
2025-02-11 15:24:29.785 62753 INFO tempest.lib.common.rest_client [req-0803b548-1225-42d1-810b-fe6cb699bd3a req-0803b548-1225-42d1-810b-fe6cb699bd3a ] Request (VolumesAssistedSnapshotsTest:test_volume_assisted_snapshot_create_delete): 200 GET http://10.180.1.21/volume/v3/volumes/665dea38-a0be-4a97-be00-22d6a9018fe3 0.042s
2025-02-11 15:24:29.792 62753 INFO tempest.common.waiters [-] volume 665dea38-a0be-4a97-be00-22d6a9018fe3 reached available after waiting for 1.792442 seconds
2025-02-11 15:24:29.992 62743 INFO tempest.lib.common.rest_client [req-ce77b7f8-24cf-41bc-95d8-5e0c4790034a req-ce77b7f8-24cf-41bc-95d8-5e0c4790034a ] Request (QuotasSecurityGroupAdminNegativeTest:tearDownClass): 204 DELETE http://10.180.1.21:9696/networking/v2.0/security-groups/5fb20d98-c458-45e8-9102-13089f4450ec 0.273s
2025-02-11 15:24:30.063 62723 INFO tempest.lib.common.rest_client [req-0a06bfc8-5db8-4cb1-b291-9171cbeaf4ec req-0a06bfc8-5db8-4cb1-b291-9171cbeaf4ec ] Request (ServersAdminNegativeTestJSON:setUpClass): 200 GET http://10.180.1.21/compute/v2.1/servers/8e911bad-5408-4588-9865-912ce4457d34 2.468s
2025-02-11 15:24:30.101 62713 INFO tempest.lib.common.rest_client [req-1069ab98-78ac-4360-b352-23cf38317c48 req-1069ab98-78ac-4360-b352-23cf38317c48 ] Request (HypervisorAdminNegativeTestJSON:test_show_hypervisor_with_non_admin_user): 200 GET http://10.180.1.21/compute/v2.1/os-hypervisors 2.398s
2025-02-11 15:24:30.112 62705 INFO tempest.lib.common.rest_client [req-e1d64306-8a8d-4336-afd0-9ab8614c6b3f req-e1d64306-8a8d-4336-afd0-9ab8614c6b3f ] Request (FloatingIPsTestJSON:test_delete_floating_ip): 202 DELETE http://10.180.1.21/compute/v2.1/os-floating-ips/312d5e6f-e591-4a03-b4bc-06b16d7427d3 3.255s
2025-02-11 15:24:30.121 62743 INFO tempest.lib.common.rest_client [req-a35bed0f-7803-44fc-84b6-83dfa7e2bf6f req-a35bed0f-7803-44fc-84b6-83dfa7e2bf6f ] Request (QuotasSecurityGroupAdminNegativeTest:tearDownClass): 204 DELETE http://10.180.1.21/identity/v3/projects/f5caecfa97e54442b8e2d7e8ab0db352 0.129s
2025-02-11 15:24:30.121 62749 INFO tempest.lib.common.rest_client [req-b5ea61c1-1554-4133-93c4-729f546f6c82 req-b5ea61c1-1554-4133-93c4-729f546f6c82 ] Request (HypervisorAdminNegativeUnderV252Test:test_show_servers_with_nonexistent_hypervisor): 404 GET http://10.180.1.21/compute/v2.1/os-hypervisors/728f97a8-16d1-403d-9e08-2b1a4c39a7d4/servers 2.402s
2025-02-11 15:24:30.165 62711 INFO tempest.lib.common.rest_client [req-2b888438-6c2b-47fd-af4e-5478d484a8b8 req-2b888438-6c2b-47fd-af4e-5478d484a8b8 ] Request (FlavorsV261TestJSON:_run_cleanups): 202 DELETE http://10.180.1.21/compute/v2.1/flavors/224203413 2.405s
2025-02-11 15:24:30.174 62717 INFO tempest.lib.common.rest_client [req-454feb17-5ef3-4226-b268-25909db1c362 req-454feb17-5ef3-4226-b268-25909db1c362 ] Request (SecurityGroupRulesTestJSON:setUpClass): 201 POST http://10.180.1.21:9696/networking/v2.0/routers 2.186s
2025-02-11 15:24:30.203 62725 INFO tempest.lib.common.rest_client [req-16adcc0c-220a-4a16-bae6-898d8f2cfe86 req-16adcc0c-220a-4a16-bae6-898d8f2cfe86 ] Request (FlavorsV255TestJSON:test_crud_flavor): 200 GET http://10.180.1.21/compute/v2.1/flavors/detail 2.271s
2025-02-11 15:24:30.223 62743 INFO tempest.lib.common.rest_client [req-e1f61ab0-c3b1-47f8-af41-58cdc19a190e req-e1f61ab0-c3b1-47f8-af41-58cdc19a190e ] Request (TenantUsagesTestJSON:setUpClass): 201 POST http://10.180.1.21/identity/v3/auth/tokens 0.101s
2025-02-11 15:24:30.273 62749 INFO tempest.lib.common.rest_client [req-67527e3a-5cbf-45bc-a1ed-5a1acb963f83 req-67527e3a-5cbf-45bc-a1ed-5a1acb963f83 ] Request (HypervisorAdminNegativeUnderV252Test:tearDownClass): 204 DELETE http://10.180.1.21/identity/v3/users/a02e8945d9d54d4fa3dcb6dfce624521 0.150s
2025-02-11 15:24:30.335 62743 INFO tempest.lib.common.rest_client [req-f31979fe-4e60-4798-b9e7-dd876cd73d24 req-f31979fe-4e60-4798-b9e7-dd876cd73d24 ] Request (TenantUsagesTestJSON:setUpClass): 201 POST http://10.180.1.21/identity/v3/auth/tokens 0.108s
2025-02-11 15:24:30.381 62749 INFO tempest.lib.common.rest_client [req-4ec02c82-4078-41af-a72b-eff1036efbd3 req-4ec02c82-4078-41af-a72b-eff1036efbd3 ] Request (HypervisorAdminNegativeUnderV252Test:tearDownClass): 204 DELETE http://10.180.1.21/identity/v3/users/86ad1f59b8754845b809c9c22161587a 0.107s
2025-02-11 15:24:30.381 62749 INFO tempest.lib.common.dynamic_creds [-] Deleting project and security group for project: 120b91ff027449d7ae2b3d566079c3f6
2025-02-11 15:24:30.396 62707 INFO tempest.lib.common.rest_client [req-44d5be41-4d10-4a85-8ece-11fd9ae288df req-44d5be41-4d10-4a85-8ece-11fd9ae288df ] Request (ServerDiagnosticsTest:test_get_server_diagnostics): 200 GET http://10.180.1.21/compute/v2.1/servers/8a2b209c-423c-446c-a769-f7d7820d46da 2.504s
2025-02-11 15:24:30.414 62743 INFO tempest.lib.common.rest_client [req-0a06f272-7dcc-4a65-aaed-1824d78d70cf req-0a06f272-7dcc-4a65-aaed-1824d78d70cf ] Request (TenantUsagesTestJSON:setUpClass): 200 GET http://10.180.1.21/identity/v3/domains?name=Default 0.079s
2025-02-11 15:24:30.423 62747 INFO tempest.lib.common.rest_client [req-3f0d2b49-d419-4d92-9edb-10d1950d2f77 req-3f0d2b49-d419-4d92-9edb-10d1950d2f77 ] Request (ServerActionsTestOtherB:setUpClass): 200 POST http://10.180.1.21/compute/v2.1/os-keypairs 2.402s
2025-02-11 15:24:30.447 62749 INFO tempest.lib.common.rest_client [req-d9a2157e-b13d-4389-9f32-073e796b526d req-d9a2157e-b13d-4389-9f32-073e796b526d ] Request (HypervisorAdminNegativeUnderV252Test:tearDownClass): 201 POST http://10.180.1.21/identity/v3/auth/tokens 0.066s
2025-02-11 15:24:30.476 62743 INFO tempest.lib.common.rest_client [req-8edea843-ab2d-4044-a0b4-45e29ee43a50 req-8edea843-ab2d-4044-a0b4-45e29ee43a50 ] Request (TenantUsagesTestJSON:setUpClass): 201 POST http://10.180.1.21/identity/v3/projects 0.061s
2025-02-11 15:24:30.568 62743 INFO tempest.lib.common.rest_client [req-7f16b6fd-2c96-4aa8-80a6-8932f545eba7 req-7f16b6fd-2c96-4aa8-80a6-8932f545eba7 ] Request (TenantUsagesTestJSON:setUpClass): 201 POST http://10.180.1.21/identity/v3/users 0.092s
2025-02-11 15:24:30.592 62743 INFO tempest.lib.common.rest_client [req-b2ba8b4d-d870-41fc-a673-8bee21eb2b4c req-b2ba8b4d-d870-41fc-a673-8bee21eb2b4c ] Request (TenantUsagesTestJSON:setUpClass): 200 GET http://10.180.1.21/identity/v3/roles 0.023s
2025-02-11 15:24:30.634 62743 INFO tempest.lib.common.rest_client [req-f499366d-427b-4dc8-88ef-95f47301006c req-f499366d-427b-4dc8-88ef-95f47301006c ] Request (TenantUsagesTestJSON:setUpClass): 204 PUT http://10.180.1.21/identity/v3/projects/3d57565533a44cb2b6bbb1b626fc66f1/users/fb0837588224498e840a5c23cff647b4/roles/aaa3e2f882e74882a6b6c25db5a20eba 0.041s
2025-02-11 15:24:30.634 62743 INFO tempest.lib.common.dynamic_creds [-] Dynamic test user fb0837588224498e840a5c23cff647b4 is created with scope project and roles: ['member']
2025-02-11 15:24:30.634 62743 INFO tempest.lib.common.dynamic_creds [-] Acquired dynamic creds: credentials: Credentials: {'domain_id': 'default', 'domain_name': 'Default', 'username': 'tempest-TenantUsagesTestJSON-356774607-project-member', 'project_domain_id': 'default', 'project_domain_name': 'Default', 'project_id': '3d57565533a44cb2b6bbb1b626fc66f1', 'project_name': 'tempest-TenantUsagesTestJSON-356774607', 'tenant_id': '3d57565533a44cb2b6bbb1b626fc66f1', 'tenant_name': 'tempest-TenantUsagesTestJSON-356774607', 'user_domain_id': 'default', 'user_domain_name': 'Default', 'user_id': 'fb0837588224498e840a5c23cff647b4', 'system': None}, Network: None, Subnet: None, Router: None
2025-02-11 15:24:30.634 62743 INFO tempest.lib.common.dynamic_creds [-] Created isolated network resources for: credentials: Credentials: {'domain_id': 'default', 'domain_name': 'Default', 'username': 'tempest-TenantUsagesTestJSON-356774607-project-member', 'project_domain_id': 'default', 'project_domain_name': 'Default', 'project_id': '3d57565533a44cb2b6bbb1b626fc66f1', 'project_name': 'tempest-TenantUsagesTestJSON-356774607', 'tenant_id': '3d57565533a44cb2b6bbb1b626fc66f1', 'tenant_name': 'tempest-TenantUsagesTestJSON-356774607', 'user_domain_id': 'default', 'user_domain_name': 'Default', 'user_id': 'fb0837588224498e840a5c23cff647b4', 'system': None}, Network: None, Subnet: None, Router: None
2025-02-11 15:24:30.639 62763 INFO tempest.lib.common.rest_client [req-04ff6ea8-0c25-4d49-a631-45e9e2a71b2f req-04ff6ea8-0c25-4d49-a631-45e9e2a71b2f ] Request (ServersTestJSON:test_create_server_specify_multibyte_character_name): 200 GET http://10.180.1.21/compute/v2.1/servers/2c93bdf1-aaf4-4e40-898a-634dc00d05e6 2.287s
2025-02-11 15:24:30.665 62739 INFO tempest.lib.common.rest_client [req-bd347f4f-8bd5-4075-8bc1-c317ec8f96c9 req-bd347f4f-8bd5-4075-8bc1-c317ec8f96c9 ] Request (FlavorsAccessTestJSON:_run_cleanups): 202 DELETE http://10.180.1.21/compute/v2.1/flavors/1745009526 2.245s
2025-02-11 15:24:30.685 62761 INFO tempest.lib.common.rest_client [req-a5876dfa-d7df-4e07-ae4a-3522461198a2 req-a5876dfa-d7df-4e07-ae4a-3522461198a2 ] Request (FlavorsAdminTestJSON:_run_cleanups): 202 DELETE http://10.180.1.21/compute/v2.1/flavors/1129999909 2.237s
2025-02-11 15:24:30.711 62735 INFO tempest.lib.common.rest_client [req-fdd934ff-7ea2-4915-a8ec-34b1d8e3cc8e req-fdd934ff-7ea2-4915-a8ec-34b1d8e3cc8e ] Request (FlavorsExtraSpecsTestJSON:test_flavor_set_get_update_show_unset_keys): 200 POST http://10.180.1.21/compute/v2.1/flavors/733805533/os-extra_specs 2.256s
2025-02-11 15:24:30.719 62747 INFO tempest.lib.common.rest_client [req-b7bc454f-fed6-4e74-bd69-8e32495ed68d req-b7bc454f-fed6-4e74-bd69-8e32495ed68d ] Request (ServerActionsTestOtherB:setUpClass): 201 POST http://10.180.1.21:9696/networking/v2.0/security-groups 0.292s
2025-02-11 15:24:30.742 62729 INFO tempest.lib.common.rest_client [req-018f5bb9-d978-48ca-acd1-97c4327ed830 req-018f5bb9-d978-48ca-acd1-97c4327ed830 ] Request (ServerDiagnosticsNegativeTest:test_get_server_diagnostics_by_non_admin): 200 GET http://10.180.1.21/compute/v2.1/servers/ab338058-13c8-4df9-ba55-fabe1952557d 2.653s
2025-02-11 15:24:30.752 62729 INFO tempest.common.waiters [-] State transition "BUILD/None" ==> "BUILD/spawning" after 10 second wait
2025-02-11 15:24:30.755 62743 INFO tempest.lib.common.rest_client [req-db9733fb-d913-438d-921f-2f76f575c9ed req-db9733fb-d913-438d-921f-2f76f575c9ed ] Request (TenantUsagesTestJSON:setUpClass): 201 POST http://10.180.1.21/identity/v3/auth/tokens 0.113s
2025-02-11 15:24:30.757 62741 INFO tempest.lib.common.rest_client [req-e9546beb-b895-4ba0-aaaf-d34ffa7e077e req-e9546beb-b895-4ba0-aaaf-d34ffa7e077e ] Request (TenantUsagesNegativeTestJSON:test_get_usage_tenant_with_invalid_date): 400 GET http://10.180.1.21/compute/v2.1/os-simple-tenant-usage/be59e25806fb4a5f8afe1d227f6f6d53?start=2025-02-12T15%3A24%3A25.486349&end=2025-02-10T15%3A24%3A25.486349 2.083s
2025-02-11 15:24:30.772 62757 INFO tempest.lib.common.rest_client [req-f1018c35-fd94-46e9-ad28-004c977995c1 req-f1018c35-fd94-46e9-ad28-004c977995c1 ] Request (HostsAdminNegativeTestJSON:test_show_host_detail_with_nonexistent_hostname): 404 GET http://10.180.1.21/compute/v2.1/os-hosts/nonexistent_hostname 2.087s
2025-02-11 15:24:30.819 62709 INFO tempest.lib.common.rest_client [req-da77254a-7411-46b8-a356-c10f070af0a6 req-da77254a-7411-46b8-a356-c10f070af0a6 ] Request (ServersAdminTestJSON:setUpClass): 200 GET http://10.180.1.21/compute/v2.1/servers/da16da02-25ab-46f9-9070-9fdde0b3a75e 2.220s
2025-02-11 15:24:30.840 62745 INFO tempest.lib.common.rest_client [req-1074c2f1-a881-432b-b518-a2eaae027b0d req-1074c2f1-a881-432b-b518-a2eaae027b0d ] Request (InstanceUsageAuditLogTestJSON:test_list_instance_usage_audit_logs): 200 GET http://10.180.1.21/compute/v2.1/os-instance_usage_audit_log 2.046s
2025-02-11 15:24:30.851 62743 INFO tempest.lib.common.rest_client [req-66b97595-5d82-4a01-b089-83ab53199b3d req-66b97595-5d82-4a01-b089-83ab53199b3d ] Request (TenantUsagesTestJSON:setUpClass): 201 POST http://10.180.1.21/identity/v3/projects 0.095s
2025-02-11 15:24:30.864 62703 INFO tempest.lib.common.rest_client [req-9d9ac3e0-a8d4-4562-8012-9ab8746cd6f7 req-9d9ac3e0-a8d4-4562-8012-9ab8746cd6f7 ] Request (ServersWithSpecificFlavorTestJSON:test_verify_created_server_ephemeral_disk): 200 POST http://10.180.1.21/compute/v2.1/flavors/1081965563/os-extra_specs 2.051s
2025-02-11 15:24:30.922 62743 INFO tempest.lib.common.rest_client [req-87c826f8-b46c-47a4-a964-21fd3a722387 req-87c826f8-b46c-47a4-a964-21fd3a722387 ] Request (TenantUsagesTestJSON:setUpClass): 201 POST http://10.180.1.21/identity/v3/users 0.071s
2025-02-11 15:24:30.938 62747 INFO tempest.lib.common.rest_client [req-92221e92-3b35-40a0-a6ea-bd44a222e1d2 req-92221e92-3b35-40a0-a6ea-bd44a222e1d2 ] Request (ServerActionsTestOtherB:setUpClass): 201 POST http://10.180.1.21:9696/networking/v2.0/security-group-rules 0.218s
2025-02-11 15:24:30.948 62743 INFO tempest.lib.common.rest_client [req-6d1f3cf5-185a-4fd2-b089-af3ed70fdfc7 req-6d1f3cf5-185a-4fd2-b089-af3ed70fdfc7 ] Request (TenantUsagesTestJSON:setUpClass): 200 GET http://10.180.1.21/identity/v3/roles 0.025s
2025-02-11 15:24:31.001 62745 INFO tempest.lib.common.rest_client [req-5c34676c-5908-4603-b778-a7bed01d38cb req-5c34676c-5908-4603-b778-a7bed01d38cb ] Request (InstanceUsageAuditLogTestJSON:tearDownClass): 204 DELETE http://10.180.1.21/identity/v3/users/a3096464016a4ef69882f50b8d34fc28 0.151s
2025-02-11 15:24:31.005 62743 INFO tempest.lib.common.rest_client [req-c5f69800-4b5e-404c-bfe1-b53801166584 req-c5f69800-4b5e-404c-bfe1-b53801166584 ] Request (TenantUsagesTestJSON:setUpClass): 204 PUT http://10.180.1.21/identity/v3/projects/6740b84157374d51879d66ccf72c204e/users/557828bbc5034212b4381a56208a302d/roles/014723f11a6b4d4296b9b2ed4c559f4e 0.056s
2025-02-11 15:24:31.072 62743 INFO tempest.lib.common.rest_client [req-ea1cd20a-f455-464f-bb6c-e37e35ad3da6 req-ea1cd20a-f455-464f-bb6c-e37e35ad3da6 ] Request (TenantUsagesTestJSON:setUpClass): 200 GET http://10.180.1.21/identity/v3/roles 0.067s
2025-02-11 15:24:31.092 62743 INFO tempest.lib.common.rest_client [req-eb09fa21-1c4a-436a-b354-9d861435698f req-eb09fa21-1c4a-436a-b354-9d861435698f ] Request (TenantUsagesTestJSON:setUpClass): 204 PUT http://10.180.1.21/identity/v3/projects/6740b84157374d51879d66ccf72c204e/users/557828bbc5034212b4381a56208a302d/roles/014723f11a6b4d4296b9b2ed4c559f4e 0.020s
2025-02-11 15:24:31.093 62743 INFO tempest.lib.common.dynamic_creds [-] Dynamic test user 557828bbc5034212b4381a56208a302d is created with scope project and roles: ['admin']
2025-02-11 15:24:31.093 62743 INFO tempest.lib.common.dynamic_creds [-] Acquired dynamic creds: credentials: Credentials: {'domain_id': 'default', 'domain_name': 'Default', 'username': 'tempest-TenantUsagesTestJSON-509376116-project-admin', 'project_domain_id': 'default', 'project_domain_name': 'Default', 'project_id': '6740b84157374d51879d66ccf72c204e', 'project_name': 'tempest-TenantUsagesTestJSON-509376116', 'tenant_id': '6740b84157374d51879d66ccf72c204e', 'tenant_name': 'tempest-TenantUsagesTestJSON-509376116', 'user_domain_id': 'default', 'user_domain_name': 'Default', 'user_id': '557828bbc5034212b4381a56208a302d', 'system': None}, Network: None, Subnet: None, Router: None
2025-02-11 15:24:31.094 62743 INFO tempest.lib.common.dynamic_creds [-] Created isolated network resources for: credentials: Credentials: {'domain_id': 'default', 'domain_name': 'Default', 'username': 'tempest-TenantUsagesTestJSON-509376116-project-admin', 'project_domain_id': 'default', 'project_domain_name': 'Default', 'project_id': '6740b84157374d51879d66ccf72c204e', 'project_name': 'tempest-TenantUsagesTestJSON-509376116', 'tenant_id': '6740b84157374d51879d66ccf72c204e', 'tenant_name': 'tempest-TenantUsagesTestJSON-509376116', 'user_domain_id': 'default', 'user_domain_name': 'Default', 'user_id': '557828bbc5034212b4381a56208a302d', 'system': None}, Network: None, Subnet: None, Router: None
2025-02-11 15:24:31.098 62747 INFO tempest.lib.common.rest_client [req-0aa88465-1b67-4481-9ec1-81850a6074be req-0aa88465-1b67-4481-9ec1-81850a6074be ] Request (ServerActionsTestOtherB:setUpClass): 201 POST http://10.180.1.21:9696/networking/v2.0/security-group-rules 0.160s
2025-02-11 15:24:31.113 62745 INFO tempest.lib.common.rest_client [req-d84a246f-542a-4a90-9144-8f7a31d8988b req-d84a246f-542a-4a90-9144-8f7a31d8988b ] Request (InstanceUsageAuditLogTestJSON:tearDownClass): 204 DELETE http://10.180.1.21/identity/v3/users/91438d64b5ba4f9187b83d9560ac96e6 0.111s
2025-02-11 15:24:31.113 62745 INFO tempest.lib.common.dynamic_creds [-] Deleting project and security group for project: a8d85addaa08470f962bac789104dd94
2025-02-11 15:24:31.166 62743 INFO tempest.lib.common.rest_client [req-069ff3a5-6fd1-4c1b-a955-7fd89b31e056 req-069ff3a5-6fd1-4c1b-a955-7fd89b31e056 ] Request (TenantUsagesTestJSON:setUpClass): 201 POST http://10.180.1.21/identity/v3/auth/tokens 0.067s
2025-02-11 15:24:31.175 62745 INFO tempest.lib.common.rest_client [req-7cfd493b-5d0c-41e3-bd69-ef0491f19c5d req-7cfd493b-5d0c-41e3-bd69-ef0491f19c5d ] Request (InstanceUsageAuditLogTestJSON:tearDownClass): 201 POST http://10.180.1.21/identity/v3/auth/tokens 0.061s
2025-02-11 15:24:31.221 62731 INFO tempest.lib.common.rest_client [req-35f875d6-5309-4e19-951a-e947c60043a8 req-35f875d6-5309-4e19-951a-e947c60043a8 ] Request (ServerDiskConfigTestJSON:setUpClass): 200 PUT http://10.180.1.21:9696/networking/v2.0/routers/2b5aa64d-2495-4c5e-946b-33f98aaa0962/add_router_interface 1.772s
2025-02-11 15:24:31.221 62731 INFO tempest.lib.common.dynamic_creds [-] Created isolated network resources for: credentials: Credentials: {'domain_id': 'default', 'domain_name': 'Default', 'username': 'tempest-ServerDiskConfigTestJSON-396945699-project-member', 'project_domain_id': 'default', 'project_domain_name': 'Default', 'project_id': '603ba5501c904542b6ff0935f620e6da', 'project_name': 'tempest-ServerDiskConfigTestJSON-396945699', 'tenant_id': '603ba5501c904542b6ff0935f620e6da', 'tenant_name': 'tempest-ServerDiskConfigTestJSON-396945699', 'user_domain_id': 'default', 'user_domain_name': 'Default', 'user_id': 'bda8cb7b1005458ca6fc7e5ca6882e6c', 'system': None}, Network: {'id': '946b090a-a04a-4dd4-8350-915e70f01177', 'name': 'tempest-ServerDiskConfigTestJSON-1989089220-network', 'tenant_id': '603ba5501c904542b6ff0935f620e6da', 'admin_state_up': True, 'mtu': 8950, 'status': 'ACTIVE', 'subnets': [], 'shared': False, 'project_id': '603ba5501c904542b6ff0935f620e6da', 'port_security_enabled': True, 'router:external': False, 'provider:network_type': 'vlan', 'provider:physical_network': 'default', 'provider:segmentation_id': 873, 'availability_zone_hints': [], 'availability_zones': [], 'ipv4_address_scope': None, 'ipv6_address_scope': None, 'description': '', 'tags': [], 'created_at': '2025-02-11T15:24:26Z', 'updated_at': '2025-02-11T15:24:26Z', 'revision_number': 1}, Subnet: {'id': '7331a5f1-e7a3-40f8-90be-5ea99c0fedfe', 'name': 'tempest-ServerDiskConfigTestJSON-1989089220-subnet', 'tenant_id': '603ba5501c904542b6ff0935f620e6da', 'network_id': '946b090a-a04a-4dd4-8350-915e70f01177', 'ip_version': 4, 'subnetpool_id': None, 'enable_dhcp': True, 'ipv6_ra_mode': None, 'ipv6_address_mode': None, 'gateway_ip': '192.168.128.1', 'cidr': '192.168.128.0/28', 'allocation_pools': [{'start': '192.168.128.2', 'end': '192.168.128.14'}], 'host_routes': [], 'dns_nameservers': [], 'description': '', 'router:external': False, 'service_types': [], 'tags': [], 'created_at': '2025-02-11T15:24:27Z', 'updated_at': '2025-02-11T15:24:27Z', 'revision_number': 0, 'project_id': '603ba5501c904542b6ff0935f620e6da'}, Router: {'id': '2b5aa64d-2495-4c5e-946b-33f98aaa0962', 'name': 'tempest-ServerDiskConfigTestJSON-1989089220-router', 'tenant_id': '603ba5501c904542b6ff0935f620e6da', 'admin_state_up': True, 'status': 'ACTIVE', 'external_gateway_info': {'network_id': '0f429931-01f7-45bf-bcc1-ffdd367dc278', 'external_fixed_ips': [{'subnet_id': '51b457e9-53ee-4c20-84b8-056c56205e64', 'ip_address': '10.180.180.165'}], 'enable_snat': True}, 'description': '', 'availability_zones': [], 'distributed': False, 'ha': False, 'availability_zone_hints': [], 'routes': [], 'flavor_id': None, 'tags': [], 'created_at': '2025-02-11T15:24:27Z', 'updated_at': '2025-02-11T15:24:28Z', 'revision_number': 2, 'project_id': '603ba5501c904542b6ff0935f620e6da'}
2025-02-11 15:24:31.227 62743 INFO tempest.lib.common.rest_client [req-15e1adb5-8d94-4efa-91f2-7b7b4a286763 req-15e1adb5-8d94-4efa-91f2-7b7b4a286763 ] Request (TenantUsagesTestJSON:setUpClass): 201 POST http://10.180.1.21/identity/v3/auth/tokens 0.057s
2025-02-11 15:24:31.228 62743 INFO tempest.lib.common.fixed_network [-] (TenantUsagesTestJSON:setUpClass) Found network None available for tenant
2025-02-11 15:24:31.287 62731 INFO tempest.lib.common.rest_client [req-d3008855-10d8-4a01-a1fb-0e3c77f69ef3 req-d3008855-10d8-4a01-a1fb-0e3c77f69ef3 ] Request (ServerDiskConfigTestJSON:setUpClass): 201 POST http://10.180.1.21/identity/v3/auth/tokens 0.063s
2025-02-11 15:24:31.325 62731 INFO tempest.lib.common.rest_client [req-cf1ac0e3-2958-41ae-bb89-baccafb7bce5 req-cf1ac0e3-2958-41ae-bb89-baccafb7bce5 ] Request (ServerDiskConfigTestJSON:test_rebuild_server_with_auto_disk_config): 201 POST http://10.180.1.21/identity/v3/auth/tokens 0.032s
2025-02-11 15:24:31.326 62731 INFO tempest.lib.common.fixed_network [-] (ServerDiskConfigTestJSON:test_rebuild_server_with_auto_disk_config) Found network {'id': '946b090a-a04a-4dd4-8350-915e70f01177', 'name': 'tempest-ServerDiskConfigTestJSON-1989089220-network', 'tenant_id': '603ba5501c904542b6ff0935f620e6da', 'admin_state_up': True, 'mtu': 8950, 'status': 'ACTIVE', 'subnets': [], 'shared': False, 'project_id': '603ba5501c904542b6ff0935f620e6da', 'port_security_enabled': True, 'router:external': False, 'provider:network_type': 'vlan', 'provider:physical_network': 'default', 'provider:segmentation_id': 873, 'availability_zone_hints': [], 'availability_zones': [], 'ipv4_address_scope': None, 'ipv6_address_scope': None, 'description': '', 'tags': [], 'created_at': '2025-02-11T15:24:26Z', 'updated_at': '2025-02-11T15:24:26Z', 'revision_number': 1} available for tenant
2025-02-11 15:24:31.336 62751 INFO tempest.lib.common.rest_client [req-5ce49255-d504-4908-8317-fb4fb147a361 req-5ce49255-d504-4908-8317-fb4fb147a361 ] Request (DeleteServersAdminTestJSON:test_admin_delete_servers_of_others): 200 GET http://10.180.1.21/compute/v2.1/servers/7b8c8c12-fcf3-4b54-ae22-3aead1344803 2.632s
2025-02-11 15:24:31.393 62749 INFO tempest.lib.common.rest_client [req-52edccd4-5e56-4668-a569-d76d938f752a req-52edccd4-5e56-4668-a569-d76d938f752a ] Request (HypervisorAdminNegativeUnderV252Test:tearDownClass): 200 GET http://10.180.1.21:9696/networking/v2.0/security-groups?tenant_id=120b91ff027449d7ae2b3d566079c3f6&name=default 0.945s
2025-02-11 15:24:31.418 62755 INFO tempest.lib.common.rest_client [req-e8ea0b91-f3bb-4c18-8353-41a64e2c0e6d req-e8ea0b91-f3bb-4c18-8353-41a64e2c0e6d ] Request (SecurityGroupRulesNegativeTestJSON:test_create_security_group_rule_with_invalid_from_port): 400 POST http://10.180.1.21/compute/v2.1/os-security-group-rules 2.330s
2025-02-11 15:24:31.444 62721 INFO tempest.lib.common.rest_client [req-056fe54c-ee7d-4f6f-9404-7f60b1e1dde0 req-056fe54c-ee7d-4f6f-9404-7f60b1e1dde0 ] Request (HostsAdminTestJSON:test_list_hosts_with_zone): 200 GET http://10.180.1.21/compute/v2.1/os-hosts 2.032s
2025-02-11 15:24:31.474 62745 INFO tempest.lib.common.rest_client [req-adda4282-5b07-434b-937f-caacae08133e req-adda4282-5b07-434b-937f-caacae08133e ] Request (InstanceUsageAuditLogTestJSON:tearDownClass): 200 GET http://10.180.1.21:9696/networking/v2.0/security-groups?tenant_id=a8d85addaa08470f962bac789104dd94&name=default 0.298s
2025-02-11 15:24:31.475 62733 INFO tempest.lib.common.rest_client [req-2e91c794-f689-4395-9c85-d227b074e793 req-2e91c794-f689-4395-9c85-d227b074e793 ] Request (AggregatesAdminNegativeTestJSON:test_aggregate_add_host_as_user): 200 POST http://10.180.1.21/compute/v2.1/os-aggregates 2.060s
2025-02-11 15:24:31.504 62759 INFO tempest.lib.common.rest_client [req-59f417bc-df2a-44d5-80d8-3cb805f4fdc8 req-59f417bc-df2a-44d5-80d8-3cb805f4fdc8 ] Request (FlavorsAccessNegativeTestJSON:_run_cleanups): 200 GET http://10.180.1.21/compute/v2.1/flavors/detail 1.948s
2025-02-11 15:24:31.507 62727 INFO tempest.lib.common.rest_client [req-15609434-55cd-47d5-9e9a-828cfddb31d4 req-15609434-55cd-47d5-9e9a-828cfddb31d4 ] Request (QuotasAdminNegativeTest:test_create_server_when_instances_quota_is_full): 403 POST http://10.180.1.21/compute/v2.1/servers 2.452s
2025-02-11 15:24:31.529 62719 INFO tempest.lib.common.rest_client [req-85eacd08-5deb-42b9-9c7e-23327298a66d req-85eacd08-5deb-42b9-9c7e-23327298a66d ] Request (KeyPairsV210TestJSON:_run_cleanups): 204 DELETE http://10.180.1.21/compute/v2.1/os-keypairs/tempest-keypair-1253519829?user_id=0f3c47e910fb40529d179b46b14abe42 1.941s
2025-02-11 15:24:31.560 62713 INFO tempest.lib.common.rest_client [req-cea9b5eb-c972-44d2-8772-4c73ba6d0c9c req-cea9b5eb-c972-44d2-8772-4c73ba6d0c9c ] Request (HypervisorAdminNegativeTestJSON:test_show_hypervisor_with_non_admin_user): 403 GET http://10.180.1.21/compute/v2.1/os-hypervisors/1 1.457s
2025-02-11 15:24:31.618 62749 INFO tempest.lib.common.rest_client [req-4203d9a0-33b5-48db-8b06-edcd8c0084d5 req-4203d9a0-33b5-48db-8b06-edcd8c0084d5 ] Request (HypervisorAdminNegativeUnderV252Test:tearDownClass): 204 DELETE http://10.180.1.21:9696/networking/v2.0/security-groups/9f97b42e-e56f-40b1-a901-b4c5dfe6cf7a 0.225s
2025-02-11 15:24:31.632 62705 INFO tempest.lib.common.rest_client [req-c2ad9bb3-7723-42f9-8ba0-5cc939eb2c2f req-c2ad9bb3-7723-42f9-8ba0-5cc939eb2c2f ] Request (FloatingIPsTestJSON:test_delete_floating_ip): 404 GET http://10.180.1.21/compute/v2.1/os-floating-ips/312d5e6f-e591-4a03-b4bc-06b16d7427d3 1.519s
2025-02-11 15:24:31.666 62711 INFO tempest.lib.common.rest_client [req-c8850934-c5f8-4e88-835e-49cdf0a6b789 req-c8850934-c5f8-4e88-835e-49cdf0a6b789 ] Request (FlavorsV261TestJSON:_run_cleanups): 200 GET http://10.180.1.21/compute/v2.1/flavors/detail 1.501s
2025-02-11 15:24:31.701 62725 INFO tempest.lib.common.rest_client [req-bc886919-c366-4169-b770-08092b2460f6 req-bc886919-c366-4169-b770-08092b2460f6 ] Request (FlavorsV255TestJSON:test_crud_flavor): 200 GET http://10.180.1.21/compute/v2.1/flavors 1.488s
2025-02-11 15:24:31.704 62753 INFO tempest.lib.common.rest_client [req-2c971495-a013-403f-91fc-28fd11db24f0 req-2c971495-a013-403f-91fc-28fd11db24f0 ] Request (VolumesAssistedSnapshotsTest:test_volume_assisted_snapshot_create_delete): 200 POST http://10.180.1.21/compute/v2.1/os-keypairs 1.910s
2025-02-11 15:24:31.760 62749 INFO tempest.lib.common.rest_client [req-ef668b47-2652-42b1-8c87-71e0af5f8f1f req-ef668b47-2652-42b1-8c87-71e0af5f8f1f ] Request (HypervisorAdminNegativeUnderV252Test:tearDownClass): 204 DELETE http://10.180.1.21/identity/v3/projects/120b91ff027449d7ae2b3d566079c3f6 0.142s
2025-02-11 15:24:31.761 62749 INFO tempest.lib.common.dynamic_creds [-] Deleting project and security group for project: dac41156347442939a0a504864997087
2025-02-11 15:24:31.840 62737 INFO tempest.lib.common.rest_client [req-43633753-eda7-4c7c-a6b8-df7a01369000 req-43633753-eda7-4c7c-a6b8-df7a01369000 ] Request (MigrationsAdminTest:test_list_migrations_in_flavor_resize_situation): 200 GET http://10.180.1.21/compute/v2.1/servers/a8d56b8e-fa11-4844-ab65-a2e5d24b1e07 1.458s
2025-02-11 15:24:31.850 62737 INFO tempest.common.waiters [-] State transition "BUILD/None" ==> "BUILD/spawning" after 9 second wait
2025-02-11 15:24:31.855 62701 INFO tempest.lib.common.rest_client [req-0ce7aec5-82aa-4f19-beb4-27f2b4658661 req-0ce7aec5-82aa-4f19-beb4-27f2b4658661 ] Request (ServerExternalEventsTest:test_create_server_external_events): 200 GET http://10.180.1.21/compute/v2.1/servers/9659a2dd-f1da-4a8e-a740-1ec01f96940c 1.314s
2025-02-11 15:24:31.866 62711 INFO tempest.lib.common.rest_client [req-90880099-828c-4afd-9aba-2cd549e4abc0 req-90880099-828c-4afd-9aba-2cd549e4abc0 ] Request (FlavorsV261TestJSON:tearDownClass): 204 DELETE http://10.180.1.21/identity/v3/users/b92a112b80244609a0ea48d79c50dfb7 0.184s
2025-02-11 15:24:31.869 62745 INFO tempest.lib.common.rest_client [req-b5f6d594-f5c4-4d30-b01c-ad6308a37c20 req-b5f6d594-f5c4-4d30-b01c-ad6308a37c20 ] Request (InstanceUsageAuditLogTestJSON:tearDownClass): 204 DELETE http://10.180.1.21:9696/networking/v2.0/security-groups/edd0ceab-1c74-4636-84ca-d3147f573894 0.395s
2025-02-11 15:24:31.872 62739 INFO tempest.lib.common.rest_client [req-7fb62c69-8726-4426-9d5d-0770ec8d2c32 req-7fb62c69-8726-4426-9d5d-0770ec8d2c32 ] Request (FlavorsAccessTestJSON:_run_cleanups): 200 GET http://10.180.1.21/compute/v2.1/flavors/detail 1.206s
2025-02-11 15:24:31.897 62735 INFO tempest.lib.common.rest_client [req-766c17d9-8bc3-4b2c-ad36-854e3fad54d9 req-766c17d9-8bc3-4b2c-ad36-854e3fad54d9 ] Request (FlavorsExtraSpecsTestJSON:test_flavor_set_get_update_show_unset_keys): 200 GET http://10.180.1.21/compute/v2.1/flavors/733805533/os-extra_specs 1.184s
2025-02-11 15:24:31.902 62761 INFO tempest.lib.common.rest_client [req-7028c6ac-b613-4b02-bbe8-fcdd579b55fb req-7028c6ac-b613-4b02-bbe8-fcdd579b55fb ] Request (FlavorsAdminTestJSON:_run_cleanups): 200 GET http://10.180.1.21/compute/v2.1/flavors/detail 1.217s
2025-02-11 15:24:31.906 62757 INFO tempest.lib.common.rest_client [req-71ec5ccc-ef3e-4382-84f3-3912bdd31c4f req-71ec5ccc-ef3e-4382-84f3-3912bdd31c4f ] Request (HostsAdminNegativeTestJSON:test_shutdown_host_with_non_admin_user): 403 GET http://10.180.1.21/compute/v2.1/os-hosts/devstack/shutdown 1.133s
2025-02-11 15:24:31.931 62703 INFO tempest.lib.common.rest_client [req-62feeced-4b6c-4d80-88c4-5f3ebf0b8fac req-62feeced-4b6c-4d80-88c4-5f3ebf0b8fac ] Request (ServersWithSpecificFlavorTestJSON:test_verify_created_server_ephemeral_disk): 200 POST http://10.180.1.21/compute/v2.1/flavors 1.065s
2025-02-11 15:24:32.021 62711 INFO tempest.lib.common.rest_client [req-1c02f53d-be1c-40ef-a94a-df1ee412619e req-1c02f53d-be1c-40ef-a94a-df1ee412619e ] Request (FlavorsV261TestJSON:tearDownClass): 204 DELETE http://10.180.1.21/identity/v3/users/b8ed96ded2ec42b1a6e7695265c6a65a 0.154s
2025-02-11 15:24:32.021 62711 INFO tempest.lib.common.dynamic_creds [-] Deleting project and security group for project: 4711abbfe27a4c0f83864894652273de
2025-02-11 15:24:32.044 62749 INFO tempest.lib.common.rest_client [req-6418605d-ccad-4df5-8113-2a06c3c31794 req-6418605d-ccad-4df5-8113-2a06c3c31794 ] Request (HypervisorAdminNegativeUnderV252Test:tearDownClass): 200 GET http://10.180.1.21:9696/networking/v2.0/security-groups?tenant_id=dac41156347442939a0a504864997087&name=default 0.283s
2025-02-11 15:24:32.068 62753 INFO tempest.lib.common.rest_client [req-51b0c73e-d500-4799-9241-80149d646e71 req-51b0c73e-d500-4799-9241-80149d646e71 ] Request (VolumesAssistedSnapshotsTest:test_volume_assisted_snapshot_create_delete): 201 POST http://10.180.1.21:9696/networking/v2.0/security-groups 0.362s
2025-02-11 15:24:32.069 62745 INFO tempest.lib.common.rest_client [req-a7c71ab3-e062-4059-b441-cdf0af340070 req-a7c71ab3-e062-4059-b441-cdf0af340070 ] Request (InstanceUsageAuditLogTestJSON:tearDownClass): 204 DELETE http://10.180.1.21/identity/v3/projects/a8d85addaa08470f962bac789104dd94 0.199s
2025-02-11 15:24:32.069 62745 INFO tempest.lib.common.dynamic_creds [-] Deleting project and security group for project: 694c1b2e9b6e42318d1c46e2f9ef411e
2025-02-11 15:24:32.111 62747 INFO tempest.lib.common.rest_client [req-b2889287-c28b-46b5-8c27-13028d3e2180 req-b2889287-c28b-46b5-8c27-13028d3e2180 ] Request (ServerActionsTestOtherB:setUpClass): 201 POST http://10.180.1.21:9696/networking/v2.0/floatingips 1.012s
2025-02-11 15:24:32.127 62711 INFO tempest.lib.common.rest_client [req-e112cdd0-0ae1-467e-b319-6534ec13ebb3 req-e112cdd0-0ae1-467e-b319-6534ec13ebb3 ] Request (FlavorsV261TestJSON:tearDownClass): 201 POST http://10.180.1.21/identity/v3/auth/tokens 0.105s
2025-02-11 15:24:32.148 62741 INFO tempest.lib.common.rest_client [req-63f0ddb9-c10f-4f58-92c8-ac30746e6892 req-63f0ddb9-c10f-4f58-92c8-ac30746e6892 ] Request (TenantUsagesNegativeTestJSON:test_list_usage_all_tenants_with_non_admin_user): 403 GET http://10.180.1.21/compute/v2.1/os-simple-tenant-usage?start=2025-02-10T15%3A24%3A25.486349&end=2025-02-12T15%3A24%3A25.486349&detailed=1 1.389s
2025-02-11 15:24:32.184 62747 INFO tempest.lib.common.rest_client [req-8fcb529b-05f4-4ddf-886a-cbcbc8c2d4cb req-8fcb529b-05f4-4ddf-886a-cbcbc8c2d4cb ] Request (ServerActionsTestOtherB:setUpClass): 201 POST http://10.180.1.21/identity/v3/auth/tokens 0.067s
2025-02-11 15:24:32.185 62747 INFO tempest.lib.common.fixed_network [-] (ServerActionsTestOtherB:setUpClass) Found network {'id': '257ad952-98f7-4f9d-803a-ebc613572141', 'name': 'tempest-ServerActionsTestOtherB-540006814-network', 'tenant_id': '2439f3d802f34027b12d50f242a54ba3', 'admin_state_up': True, 'mtu': 8950, 'status': 'ACTIVE', 'subnets': [], 'shared': False, 'project_id': '2439f3d802f34027b12d50f242a54ba3', 'port_security_enabled': True, 'router:external': False, 'provider:network_type': 'vlan', 'provider:physical_network': 'default', 'provider:segmentation_id': 786, 'availability_zone_hints': [], 'availability_zones': [], 'ipv4_address_scope': None, 'ipv6_address_scope': None, 'description': '', 'tags': [], 'created_at': '2025-02-11T15:24:24Z', 'updated_at': '2025-02-11T15:24:24Z', 'revision_number': 1} available for tenant
2025-02-11 15:24:32.226 62749 INFO tempest.lib.common.rest_client [req-f1642b5f-4c4d-46d3-9ef0-44041c06344f req-f1642b5f-4c4d-46d3-9ef0-44041c06344f ] Request (HypervisorAdminNegativeUnderV252Test:tearDownClass): 204 DELETE http://10.180.1.21:9696/networking/v2.0/security-groups/5ec4b776-31db-437f-b8af-127e66fe97a6 0.181s
2025-02-11 15:24:32.256 62723 INFO tempest.lib.common.rest_client [req-8bb56770-3143-4914-b1e7-19a6dfe75d37 req-8bb56770-3143-4914-b1e7-19a6dfe75d37 ] Request (ServersAdminNegativeTestJSON:setUpClass): 200 GET http://10.180.1.21/compute/v2.1/servers/8e911bad-5408-4588-9865-912ce4457d34 1.179s
2025-02-11 15:24:32.275 62741 INFO tempest.lib.common.rest_client [req-de60d627-55aa-4351-b09d-33dab1db477a req-de60d627-55aa-4351-b09d-33dab1db477a ] Request (TenantUsagesNegativeTestJSON:tearDownClass): 204 DELETE http://10.180.1.21/identity/v3/users/23642a7196b7438b82af00bc8e47de14 0.126s
2025-02-11 15:24:32.383 62711 INFO tempest.lib.common.rest_client [req-bd950afe-ec59-4328-988f-27e905ff5912 req-bd950afe-ec59-4328-988f-27e905ff5912 ] Request (FlavorsV261TestJSON:tearDownClass): 200 GET http://10.180.1.21:9696/networking/v2.0/security-groups?tenant_id=4711abbfe27a4c0f83864894652273de&name=default 0.255s
2025-02-11 15:24:32.384 62749 INFO tempest.lib.common.rest_client [req-b6716282-ee94-4a1a-96db-8b39a5b9e9df req-b6716282-ee94-4a1a-96db-8b39a5b9e9df ] Request (HypervisorAdminNegativeUnderV252Test:tearDownClass): 204 DELETE http://10.180.1.21/identity/v3/projects/dac41156347442939a0a504864997087 0.158s
2025-02-11 15:24:32.468 62753 INFO tempest.lib.common.rest_client [req-a1b87ec2-c768-402e-9937-9381689e58ad req-a1b87ec2-c768-402e-9937-9381689e58ad ] Request (VolumesAssistedSnapshotsTest:test_volume_assisted_snapshot_create_delete): 201 POST http://10.180.1.21:9696/networking/v2.0/security-group-rules 0.399s
2025-02-11 15:24:32.475 62749 INFO tempest.lib.common.rest_client [req-70a34c4a-b2f9-490c-888c-a65df5e52b9b req-70a34c4a-b2f9-490c-888c-a65df5e52b9b ] Request (QuotasAdminTestJSON:setUpClass): 201 POST http://10.180.1.21/identity/v3/auth/tokens 0.088s
2025-02-11 15:24:32.523 62741 INFO tempest.lib.common.rest_client [req-f147d9d8-f779-4448-9ba6-3ec736d2bb5c req-f147d9d8-f779-4448-9ba6-3ec736d2bb5c ] Request (TenantUsagesNegativeTestJSON:tearDownClass): 204 DELETE http://10.180.1.21/identity/v3/users/cd57e83472a94269af4a0e71602d2382 0.247s
2025-02-11 15:24:32.523 62741 INFO tempest.lib.common.dynamic_creds [-] Deleting project and security group for project: be59e25806fb4a5f8afe1d227f6f6d53
2025-02-11 15:24:32.536 62711 INFO tempest.lib.common.rest_client [req-7eb1ea5b-80a4-46bd-8ee9-fe67ef96b018 req-7eb1ea5b-80a4-46bd-8ee9-fe67ef96b018 ] Request (FlavorsV261TestJSON:tearDownClass): 204 DELETE http://10.180.1.21:9696/networking/v2.0/security-groups/677355f8-82cb-4e59-ba0e-e544a4c95be7 0.150s
2025-02-11 15:24:32.554 62749 INFO tempest.lib.common.rest_client [req-dd0ce792-06e7-45a9-9065-69ca9ed43c21 req-dd0ce792-06e7-45a9-9065-69ca9ed43c21 ] Request (QuotasAdminTestJSON:setUpClass): 201 POST http://10.180.1.21/identity/v3/auth/tokens 0.076s
2025-02-11 15:24:32.615 62741 INFO tempest.lib.common.rest_client [req-c4061d49-fa9c-4a61-805c-1adf557bbbff req-c4061d49-fa9c-4a61-805c-1adf557bbbff ] Request (TenantUsagesNegativeTestJSON:tearDownClass): 201 POST http://10.180.1.21/identity/v3/auth/tokens 0.091s
2025-02-11 15:24:32.639 62749 INFO tempest.lib.common.rest_client [req-48d6fa05-3399-44d4-8932-ce834bb99ba6 req-48d6fa05-3399-44d4-8932-ce834bb99ba6 ] Request (QuotasAdminTestJSON:setUpClass): 200 GET http://10.180.1.21/identity/v3/domains?name=Default 0.085s
2025-02-11 15:24:32.652 62745 INFO tempest.lib.common.rest_client [req-6173d7c2-bc6f-4787-b3b9-d058b1ea8c81 req-6173d7c2-bc6f-4787-b3b9-d058b1ea8c81 ] Request (InstanceUsageAuditLogTestJSON:tearDownClass): 200 GET http://10.180.1.21:9696/networking/v2.0/security-groups?tenant_id=694c1b2e9b6e42318d1c46e2f9ef411e&name=default 0.582s
2025-02-11 15:24:32.671 62711 INFO tempest.lib.common.rest_client [req-f7d5e38f-9522-4607-99b1-82f57ab4a67d req-f7d5e38f-9522-4607-99b1-82f57ab4a67d ] Request (FlavorsV261TestJSON:tearDownClass): 204 DELETE http://10.180.1.21/identity/v3/projects/4711abbfe27a4c0f83864894652273de 0.135s
2025-02-11 15:24:32.672 62711 INFO tempest.lib.common.dynamic_creds [-] Deleting project and security group for project: 157cc1526d0b4d518ccbdb74fdfe1ddb
2025-02-11 15:24:32.748 62749 INFO tempest.lib.common.rest_client [req-06ac8e89-0a91-486e-bdc5-da124e56647a req-06ac8e89-0a91-486e-bdc5-da124e56647a ] Request (QuotasAdminTestJSON:setUpClass): 201 POST http://10.180.1.21/identity/v3/projects 0.108s
2025-02-11 15:24:32.812 62749 INFO tempest.lib.common.rest_client [req-c2864439-9c76-40f0-a8b1-e89398a40453 req-c2864439-9c76-40f0-a8b1-e89398a40453 ] Request (QuotasAdminTestJSON:setUpClass): 201 POST http://10.180.1.21/identity/v3/users 0.063s
2025-02-11 15:24:32.846 62749 INFO tempest.lib.common.rest_client [req-701201ff-385a-4b2a-aa74-7faab670c94b req-701201ff-385a-4b2a-aa74-7faab670c94b ] Request (QuotasAdminTestJSON:setUpClass): 200 GET http://10.180.1.21/identity/v3/roles 0.033s
2025-02-11 15:24:32.854 62745 INFO tempest.lib.common.rest_client [req-af82ebd9-5c63-4732-a50d-a0f60693af1c req-af82ebd9-5c63-4732-a50d-a0f60693af1c ] Request (InstanceUsageAuditLogTestJSON:tearDownClass): 204 DELETE http://10.180.1.21:9696/networking/v2.0/security-groups/b7be694e-45c9-47db-ae4b-5b1db767cfd7 0.202s
2025-02-11 15:24:32.875 62743 INFO tempest.lib.common.rest_client [req-90d37cc7-aba3-457d-b2c1-b4dbabda8887 req-90d37cc7-aba3-457d-b2c1-b4dbabda8887 ] Request (TenantUsagesTestJSON:setUpClass): 202 POST http://10.180.1.21/compute/v2.1/servers 1.647s
2025-02-11 15:24:32.887 62749 INFO tempest.lib.common.rest_client [req-f8643c00-4063-4950-883a-eb782e48fa5e req-f8643c00-4063-4950-883a-eb782e48fa5e ] Request (QuotasAdminTestJSON:setUpClass): 204 PUT http://10.180.1.21/identity/v3/projects/0681b2f5814a46358e022b3d0dab41ab/users/1d06e915faa34655aa08311507dd3986/roles/aaa3e2f882e74882a6b6c25db5a20eba 0.041s
2025-02-11 15:24:32.888 62749 INFO tempest.lib.common.dynamic_creds [-] Dynamic test user 1d06e915faa34655aa08311507dd3986 is created with scope project and roles: ['member']
2025-02-11 15:24:32.888 62749 INFO tempest.lib.common.dynamic_creds [-] Acquired dynamic creds: credentials: Credentials: {'domain_id': 'default', 'domain_name': 'Default', 'username': 'tempest-QuotasAdminTestJSON-1321579939-project-member', 'project_domain_id': 'default', 'project_domain_name': 'Default', 'project_id': '0681b2f5814a46358e022b3d0dab41ab', 'project_name': 'tempest-QuotasAdminTestJSON-1321579939', 'tenant_id': '0681b2f5814a46358e022b3d0dab41ab', 'tenant_name': 'tempest-QuotasAdminTestJSON-1321579939', 'user_domain_id': 'default', 'user_domain_name': 'Default', 'user_id': '1d06e915faa34655aa08311507dd3986', 'system': None}, Network: None, Subnet: None, Router: None
