2025-02-11 15:25:02.595 62759 INFO tempest.lib.common.rest_client [req-6c21e25b-412e-47bf-bcc8-5baba507b5c2 req-6c21e25b-412e-47bf-bcc8-5baba507b5c2 ] Request (QuotaClassesAdmin257Test:setUpClass): 204 PUT http://10.180.1.21/identity/v3/projects/bdf97ac9b864409b80321bf10e81cfaf/users/d4b0c77dd11b4e34aa00f2bfa7728a2a/roles/014723f11a6b4d4296b9b2ed4c559f4e 0.030s
2025-02-11 15:25:02.596 62759 INFO tempest.lib.common.dynamic_creds [-] Dynamic test user d4b0c77dd11b4e34aa00f2bfa7728a2a is created with scope project and roles: ['admin']
2025-02-11 15:25:02.596 62759 INFO tempest.lib.common.dynamic_creds [-] Acquired dynamic creds: credentials: Credentials: {'domain_id': 'default', 'domain_name': 'Default', 'username': 'tempest-QuotaClassesAdmin257Test-1213756947-project-admin', 'project_domain_id': 'default', 'project_domain_name': 'Default', 'project_id': 'bdf97ac9b864409b80321bf10e81cfaf', 'project_name': 'tempest-QuotaClassesAdmin257Test-1213756947', 'tenant_id': 'bdf97ac9b864409b80321bf10e81cfaf', 'tenant_name': 'tempest-QuotaClassesAdmin257Test-1213756947', 'user_domain_id': 'default', 'user_domain_name': 'Default', 'user_id': 'd4b0c77dd11b4e34aa00f2bfa7728a2a', 'system': None}, Network: None, Subnet: None, Router: None
2025-02-11 15:25:02.596 62759 INFO tempest.lib.common.dynamic_creds [-] Created isolated network resources for: credentials: Credentials: {'domain_id': 'default', 'domain_name': 'Default', 'username': 'tempest-QuotaClassesAdmin257Test-1213756947-project-admin', 'project_domain_id': 'default', 'project_domain_name': 'Default', 'project_id': 'bdf97ac9b864409b80321bf10e81cfaf', 'project_name': 'tempest-QuotaClassesAdmin257Test-1213756947', 'tenant_id': 'bdf97ac9b864409b80321bf10e81cfaf', 'tenant_name': 'tempest-QuotaClassesAdmin257Test-1213756947', 'user_domain_id': 'default', 'user_domain_name': 'Default', 'user_id': 'd4b0c77dd11b4e34aa00f2bfa7728a2a', 'system': None}, Network: None, Subnet: None, Router: None
2025-02-11 15:25:02.602 62739 INFO tempest.lib.common.rest_client [req-6e8f0130-147b-4275-8144-d5ac6f449190 req-6e8f0130-147b-4275-8144-d5ac6f449190 ] Request (QuotasAdminTestV236:test_get_updated_quotas): 200 PUT http://10.180.1.21/compute/v2.1/os-quota-sets/a91aef13ba744f229375edee607d72bb 1.413s
2025-02-11 15:25:02.626 62763 INFO tempest.lib.common.rest_client [req-f7d603e0-f8ac-42c2-a222-d117253d6daf req-f7d603e0-f8ac-42c2-a222-d117253d6daf ] Request (ServersTestJSON:test_create_server_with_ipv6_addr_only): 200 GET http://10.180.1.21/compute/v2.1/servers/13db2c17-ccba-4336-929a-0d01202c5143 1.140s
2025-02-11 15:25:02.729 62755 INFO tempest.lib.common.rest_client [req-e75cd4d9-2586-49f4-9b5e-19c46412f343 req-e75cd4d9-2586-49f4-9b5e-19c46412f343 ] Request (ServerShowV257Test:test_rebuild_server): 200 GET http://10.180.1.21/compute/v2.1/servers/045e5f8f-edd5-425d-bccb-054d90db27d9 1.214s
2025-02-11 15:25:02.733 62745 INFO tempest.lib.common.rest_client [req-acad5942-0e65-4fd5-b04b-ca0e3024735d req-acad5942-0e65-4fd5-b04b-ca0e3024735d ] Request (FlavorsV2TestJSON:tearDownClass): 200 GET http://10.180.1.21:9696/networking/v2.0/security-groups?tenant_id=e291012ff6ba49a7bd6fca40db08c2f8&name=default 0.314s
2025-02-11 15:25:02.739 62705 INFO tempest.lib.common.rest_client [req-9d4321d6-89ab-466a-af65-899805ed1e75 req-9d4321d6-89ab-466a-af65-899805ed1e75 ] Request (ImagesNegativeTestJSON:test_create_image_from_deleted_server): 200 GET http://10.180.1.21/compute/v2.1/servers/184d0caa-85c2-426d-82e5-ac52e525fe74 1.202s
2025-02-11 15:25:02.769 62759 INFO tempest.lib.common.rest_client [req-51cb31a2-804f-4549-92ee-710dd4cac182 req-51cb31a2-804f-4549-92ee-710dd4cac182 ] Request (QuotaClassesAdmin257Test:setUpClass): 201 POST http://10.180.1.21/identity/v3/auth/tokens 0.169s
2025-02-11 15:25:02.784 62713 INFO tempest.lib.common.rest_client [req-4675b9a5-0250-44b1-b595-b2d611143345 req-4675b9a5-0250-44b1-b595-b2d611143345 ] Request (ListServersNegativeTestJSON:setUpClass): 201 POST http://10.180.1.21/identity/v3/users 0.196s
2025-02-11 15:25:02.805 62713 INFO tempest.lib.common.rest_client [req-f623eb49-57e5-41cd-b043-4567ae08983b req-f623eb49-57e5-41cd-b043-4567ae08983b ] Request (ListServersNegativeTestJSON:setUpClass): 200 GET http://10.180.1.21/identity/v3/roles 0.020s
2025-02-11 15:25:02.807 62701 INFO tempest.lib.common.rest_client [req-f41d6c62-5ac9-45f1-b5c1-31bd3771f11b req-f41d6c62-5ac9-45f1-b5c1-31bd3771f11b ] Request (ServerExternalEventsTest:tearDownClass): 200 GET http://10.180.1.21/compute/v2.1/servers/9659a2dd-f1da-4a8e-a740-1ec01f96940c 1.177s
2025-02-11 15:25:02.839 62713 INFO tempest.lib.common.rest_client [req-b448fa4e-7f78-45bd-a11c-057127189b47 req-b448fa4e-7f78-45bd-a11c-057127189b47 ] Request (ListServersNegativeTestJSON:setUpClass): 204 PUT http://10.180.1.21/identity/v3/projects/4aa6ead625714631984584d0292b4c40/users/bce611334e8242a1bcce747201fde0ee/roles/aaa3e2f882e74882a6b6c25db5a20eba 0.033s
2025-02-11 15:25:02.839 62713 INFO tempest.lib.common.dynamic_creds [-] Dynamic test user bce611334e8242a1bcce747201fde0ee is created with scope project and roles: ['member']
2025-02-11 15:25:02.840 62713 INFO tempest.lib.common.dynamic_creds [-] Acquired dynamic creds: credentials: Credentials: {'domain_id': 'default', 'domain_name': 'Default', 'username': 'tempest-ListServersNegativeTestJSON-841074668-project-member', 'project_domain_id': 'default', 'project_domain_name': 'Default', 'project_id': '4aa6ead625714631984584d0292b4c40', 'project_name': 'tempest-ListServersNegativeTestJSON-841074668', 'tenant_id': '4aa6ead625714631984584d0292b4c40', 'tenant_name': 'tempest-ListServersNegativeTestJSON-841074668', 'user_domain_id': 'default', 'user_domain_name': 'Default', 'user_id': 'bce611334e8242a1bcce747201fde0ee', 'system': None}, Network: None, Subnet: None, Router: None
2025-02-11 15:25:02.864 62741 INFO tempest.lib.common.rest_client [req-42803140-f6b8-4afb-9bf0-3faef48ab751 req-42803140-f6b8-4afb-9bf0-3faef48ab751 ] Request (ServersTestJSON:setUpClass): 200 GET http://10.180.1.21/compute/v2.1/servers/f28beb17-8455-49d3-8be0-7636b9abe4e8 1.161s
2025-02-11 15:25:02.874 62717 INFO tempest.lib.common.rest_client [req-71756644-25ed-46b4-a5eb-5ac6d77d2822 req-71756644-25ed-46b4-a5eb-5ac6d77d2822 ] Request (SecurityGroupRulesTestJSON:tearDownClass): 202 DELETE http://10.180.1.21/compute/v2.1/os-security-groups/b4774ef5-f111-4e91-96cf-58bcf65f2d62 1.175s
2025-02-11 15:25:02.877 62745 INFO tempest.lib.common.rest_client [req-ed684d83-2c9e-40dd-9751-52639d112c6a req-ed684d83-2c9e-40dd-9751-52639d112c6a ] Request (FlavorsV2TestJSON:tearDownClass): 204 DELETE http://10.180.1.21:9696/networking/v2.0/security-groups/3b062d6d-b0b4-4009-89b3-cb9dcba64887 0.143s
2025-02-11 15:25:02.888 62733 INFO tempest.lib.common.rest_client [req-e5fa654c-6db4-44b0-890f-c7abcbb186b3 req-e5fa654c-6db4-44b0-890f-c7abcbb186b3 ] Request (AggregatesAdminNegativeTestJSON:test_aggregate_remove_host_as_user): 200 POST http://10.180.1.21/compute/v2.1/os-aggregates 1.007s
2025-02-11 15:25:02.910 62713 INFO tempest.lib.common.rest_client [req-33bed27a-08c4-494d-9b95-4cab8deec0a1 req-33bed27a-08c4-494d-9b95-4cab8deec0a1 ] Request (ListServersNegativeTestJSON:setUpClass): 201 POST http://10.180.1.21/identity/v3/auth/tokens 0.070s
2025-02-11 15:25:02.968 62745 INFO tempest.lib.common.rest_client [req-7f5eb489-0f24-4b23-bc07-b4a67c578a94 req-7f5eb489-0f24-4b23-bc07-b4a67c578a94 ] Request (FlavorsV2TestJSON:tearDownClass): 204 DELETE http://10.180.1.21/identity/v3/projects/e291012ff6ba49a7bd6fca40db08c2f8 0.090s
2025-02-11 15:25:03.000 62747 INFO tempest.lib.common.rest_client [req-c2e88440-5a4b-491a-b05c-4a65c6ffd312 req-c2e88440-5a4b-491a-b05c-4a65c6ffd312 ] Request (ServerActionsTestOtherB:setUpClass): 200 GET http://10.180.1.21/compute/v2.1/servers/8a165d96-f503-4bc5-bff4-e6a85201e137 1.119s
2025-02-11 15:25:03.007 62747 INFO tempest.common.waiters [-] State transition "BUILD/spawning" ==> "ACTIVE/None" after 25 second wait
2025-02-11 15:25:03.009 62731 INFO tempest.lib.common.rest_client [req-4a0078b3-7190-477f-b266-33ec6ee69feb req-4a0078b3-7190-477f-b266-33ec6ee69feb ] Request (ServerDiskConfigTestJSON:test_rebuild_server_with_auto_disk_config): 200 GET http://10.180.1.21/compute/v2.1/servers/a170fd95-3f7f-4315-a063-b9d02a7a1af4 1.126s
2025-02-11 15:25:03.035 62745 INFO tempest.lib.common.rest_client [req-057cc5ed-0501-454d-92e4-533d8caf7c52 req-057cc5ed-0501-454d-92e4-533d8caf7c52 ] Request (ListImageFiltersTestJSON:setUpClass): 201 POST http://10.180.1.21/identity/v3/auth/tokens 0.065s
2025-02-11 15:25:03.070 62749 INFO tempest.lib.common.rest_client [req-0c2f21ff-20dc-43c8-855b-05b41f636957 req-0c2f21ff-20dc-43c8-855b-05b41f636957 ] Request (ServerRescueNegativeTestJSON:setUpClass): 200 GET http://10.180.1.21/compute/v2.1/servers/152567ba-f24c-4674-b06e-98c76a3da324 1.185s
2025-02-11 15:25:03.073 62745 INFO tempest.lib.common.rest_client [req-43524f62-4b65-425a-a01a-8fcf95f8f969 req-43524f62-4b65-425a-a01a-8fcf95f8f969 ] Request (ListImageFiltersTestJSON:setUpClass): 201 POST http://10.180.1.21/identity/v3/auth/tokens 0.033s
2025-02-11 15:25:03.075 62735 INFO tempest.lib.common.rest_client [req-8f4e53d1-645e-4054-89f6-ae0b9585fb2f req-8f4e53d1-645e-4054-89f6-ae0b9585fb2f ] Request (ServersTestManualDisk:setUpClass): 200 GET http://10.180.1.21/compute/v2.1/servers/e51a0dd7-b5da-44cb-9cd8-62932aec3ad5 1.107s
2025-02-11 15:25:03.110 62745 INFO tempest.lib.common.rest_client [req-fe034a83-1b2d-4423-9637-166ba6b16169 req-fe034a83-1b2d-4423-9637-166ba6b16169 ] Request (ListImageFiltersTestJSON:setUpClass): 200 GET http://10.180.1.21/identity/v3/domains?name=Default 0.036s
2025-02-11 15:25:03.142 62711 INFO tempest.lib.common.rest_client [req-5a5e92d2-d006-4fe2-807a-7c6552318d40 req-5a5e92d2-d006-4fe2-807a-7c6552318d40 ] Request (ServersAdmin275Test:test_rebuild_update_server_275): 200 GET http://10.180.1.21/compute/v2.1/servers/69569fa0-5175-453e-9875-9ef46c723da8 1.066s
2025-02-11 15:25:03.149 62749 INFO tempest.lib.common.rest_client [req-27989610-5814-4974-85f0-d1bfe90f9110 req-27989610-5814-4974-85f0-d1bfe90f9110 ] Request (ServerRescueNegativeTestJSON:setUpClass): 201 POST http://10.180.1.21/identity/v3/auth/tokens 0.069s
2025-02-11 15:25:03.149 62749 INFO tempest.lib.common.fixed_network [-] (ServerRescueNegativeTestJSON:setUpClass) Found network {'id': 'c69cd1de-2f22-4327-b936-2410e4165491', 'name': 'tempest-ServerRescueNegativeTestJSON-11143258-network', 'tenant_id': '5bed29fa2bc64a31b3324d7d0d01c61d', 'admin_state_up': True, 'mtu': 8950, 'status': 'ACTIVE', 'subnets': [], 'shared': False, 'project_id': '5bed29fa2bc64a31b3324d7d0d01c61d', 'port_security_enabled': True, 'router:external': False, 'provider:network_type': 'vlan', 'provider:physical_network': 'default', 'provider:segmentation_id': 694, 'availability_zone_hints': [], 'availability_zones': [], 'ipv4_address_scope': None, 'ipv6_address_scope': None, 'description': '', 'tags': [], 'created_at': '2025-02-11T15:24:57Z', 'updated_at': '2025-02-11T15:24:57Z', 'revision_number': 1} available for tenant
2025-02-11 15:25:03.152 62745 INFO tempest.lib.common.rest_client [req-fb5d82fd-5088-4b5d-a58a-81598cc6dd47 req-fb5d82fd-5088-4b5d-a58a-81598cc6dd47 ] Request (ListImageFiltersTestJSON:setUpClass): 201 POST http://10.180.1.21/identity/v3/projects 0.041s
2025-02-11 15:25:03.173 62743 INFO tempest.lib.common.rest_client [req-77c35acd-9bf5-42aa-9d1e-e2caef15f343 req-77c35acd-9bf5-42aa-9d1e-e2caef15f343 ] Request (TenantUsagesTestJSON:test_get_usage_tenant_with_non_admin_user): 200 GET http://10.180.1.21/compute/v2.1/os-simple-tenant-usage/3d57565533a44cb2b6bbb1b626fc66f1?start=2025-02-10T15%3A25%3A00.989807&end=2025-02-12T15%3A25%3A00.989807 1.039s
2025-02-11 15:25:03.232 62745 INFO tempest.lib.common.rest_client [req-7b0c42c3-591f-42ee-b969-b773eb5a0e31 req-7b0c42c3-591f-42ee-b969-b773eb5a0e31 ] Request (ListImageFiltersTestJSON:setUpClass): 201 POST http://10.180.1.21/identity/v3/users 0.079s
2025-02-11 15:25:03.234 62757 INFO tempest.lib.common.rest_client [req-6c3ccc3b-c409-4d2b-9d24-9cb60780853a req-6c3ccc3b-c409-4d2b-9d24-9cb60780853a ] Request (ServerDiagnosticsV248Test:test_get_server_diagnostics): 200 GET http://10.180.1.21/compute/v2.1/servers/0d992155-24fa-4836-83c9-8f188f7d7efa 1.089s
2025-02-11 15:25:03.241 62723 INFO tempest.lib.common.rest_client [req-2766fbdf-8172-48ed-ad13-2bd1e828ad28 req-2766fbdf-8172-48ed-ad13-2bd1e828ad28 ] Request (ServersAdminNegativeTestJSON:test_migrate_server_invalid_state): 200 GET http://10.180.1.21/compute/v2.1/servers/dd0ad4e3-a6e6-4258-b960-544984e24ebc 1.111s
2025-02-11 15:25:03.246 62757 INFO tempest.common.waiters [-] State transition "BUILD/scheduling" ==> "BUILD/None" after 11 second wait
2025-02-11 15:25:03.257 62745 INFO tempest.lib.common.rest_client [req-4a608a99-3e48-430f-a6b3-6b5a4ec0ac85 req-4a608a99-3e48-430f-a6b3-6b5a4ec0ac85 ] Request (ListImageFiltersTestJSON:setUpClass): 200 GET http://10.180.1.21/identity/v3/roles 0.025s
2025-02-11 15:25:03.260 62761 INFO tempest.lib.common.rest_client [req-2d3969ca-5830-44a3-9412-8f649c32d6a0 req-2d3969ca-5830-44a3-9412-8f649c32d6a0 ] Request (FlavorsAdminTestJSON:test_is_public_string_variations): 200 GET http://10.180.1.21/compute/v2.1/flavors/detail?is_public=f 1.103s
2025-02-11 15:25:03.289 62721 INFO tempest.lib.common.rest_client [req-51c03d9c-9d88-47d6-bfa1-6bb09240a9fe req-51c03d9c-9d88-47d6-bfa1-6bb09240a9fe ] Request (KeyPairsV2TestJSON:test_keypair_create_delete): 200 POST http://10.180.1.21/compute/v2.1/os-keypairs 1.115s
2025-02-11 15:25:03.290 62745 INFO tempest.lib.common.rest_client [req-413ce538-bcbe-4152-92a7-df60dd0dc20f req-413ce538-bcbe-4152-92a7-df60dd0dc20f ] Request (ListImageFiltersTestJSON:setUpClass): 204 PUT http://10.180.1.21/identity/v3/projects/2ba1830673394f88a05df80fdba83729/users/313394d2b7a24a20b12b72f37fd07c1f/roles/aaa3e2f882e74882a6b6c25db5a20eba 0.032s
2025-02-11 15:25:03.290 62745 INFO tempest.lib.common.dynamic_creds [-] Dynamic test user 313394d2b7a24a20b12b72f37fd07c1f is created with scope project and roles: ['member']
2025-02-11 15:25:03.291 62745 INFO tempest.lib.common.dynamic_creds [-] Acquired dynamic creds: credentials: Credentials: {'domain_id': 'default', 'domain_name': 'Default', 'username': 'tempest-ListImageFiltersTestJSON-643241444-project-member', 'project_domain_id': 'default', 'project_domain_name': 'Default', 'project_id': '2ba1830673394f88a05df80fdba83729', 'project_name': 'tempest-ListImageFiltersTestJSON-643241444', 'tenant_id': '2ba1830673394f88a05df80fdba83729', 'tenant_name': 'tempest-ListImageFiltersTestJSON-643241444', 'user_domain_id': 'default', 'user_domain_name': 'Default', 'user_id': '313394d2b7a24a20b12b72f37fd07c1f', 'system': None}, Network: None, Subnet: None, Router: None
2025-02-11 15:25:03.291 62745 INFO tempest.lib.common.dynamic_creds [-] Created isolated network resources for: credentials: Credentials: {'domain_id': 'default', 'domain_name': 'Default', 'username': 'tempest-ListImageFiltersTestJSON-643241444-project-member', 'project_domain_id': 'default', 'project_domain_name': 'Default', 'project_id': '2ba1830673394f88a05df80fdba83729', 'project_name': 'tempest-ListImageFiltersTestJSON-643241444', 'tenant_id': '2ba1830673394f88a05df80fdba83729', 'tenant_name': 'tempest-ListImageFiltersTestJSON-643241444', 'user_domain_id': 'default', 'user_domain_name': 'Default', 'user_id': '313394d2b7a24a20b12b72f37fd07c1f', 'system': None}, Network: None, Subnet: None, Router: None
2025-02-11 15:25:03.319 62713 INFO tempest.lib.common.rest_client [req-dc870dc6-59c6-42fa-b9b1-151ee70dbbb8 req-dc870dc6-59c6-42fa-b9b1-151ee70dbbb8 ] Request (ListServersNegativeTestJSON:setUpClass): 201 POST http://10.180.1.21:9696/networking/v2.0/networks 0.407s
2025-02-11 15:25:03.323 62751 INFO tempest.lib.common.rest_client [req-a5f45a58-0ee1-47b6-a74d-447d780241d2 req-a5f45a58-0ee1-47b6-a74d-447d780241d2 ] Request (DeleteServersAdminTestJSON:test_delete_server_while_in_error_state): 200 GET http://10.180.1.21/compute/v2.1/servers/60535a30-4602-4063-94a4-30ed01266d5b 1.114s
2025-02-11 15:25:03.367 62745 INFO tempest.lib.common.rest_client [req-a8857bc8-5236-4a52-99b0-5f294d8762a6 req-a8857bc8-5236-4a52-99b0-5f294d8762a6 ] Request (ListImageFiltersTestJSON:setUpClass): 201 POST http://10.180.1.21/identity/v3/auth/tokens 0.072s
2025-02-11 15:25:03.417 62703 INFO tempest.lib.common.rest_client [req-30f3efd5-e125-49f1-89b3-4e326192cbcc req-30f3efd5-e125-49f1-89b3-4e326192cbcc ] Request (ServersWithSpecificFlavorTestJSON:test_verify_created_server_ephemeral_disk): 200 GET http://10.180.1.21/compute/v2.1/servers/67d41910-54e1-48f1-b0d3-f34a62595ef2 1.149s
2025-02-11 15:25:03.431 62703 INFO tempest.common.waiters [-] State transition "BUILD/None" ==> "BUILD/block_device_mapping" after 19 second wait
2025-02-11 15:25:03.448 62739 INFO tempest.lib.common.rest_client [req-578ce497-42ec-4df5-b911-d612b0c65f83 req-578ce497-42ec-4df5-b911-d612b0c65f83 ] Request (QuotasAdminTestV236:test_get_updated_quotas): 200 GET http://10.180.1.21/compute/v2.1/os-quota-sets/a91aef13ba744f229375edee607d72bb/detail 0.844s
2025-02-11 15:25:03.458 62717 INFO tempest.lib.common.rest_client [req-a310bddc-26ff-4db6-9443-1c88de5629ff req-a310bddc-26ff-4db6-9443-1c88de5629ff ] Request (SecurityGroupRulesTestJSON:tearDownClass): 404 DELETE http://10.180.1.21/compute/v2.1/os-security-groups/6534085e-c706-45f5-841c-9cf8aca69000 0.583s
2025-02-11 15:25:03.479 62739 INFO tempest.lib.common.rest_client [req-1e71c5b8-5460-413b-b188-9766b4d5b31a req-1e71c5b8-5460-413b-b188-9766b4d5b31a ] Request (QuotasAdminTestV236:test_get_updated_quotas): 200 GET http://10.180.1.21/identity/v3/domains?name=Default 0.023s
2025-02-11 15:25:03.506 62739 INFO tempest.lib.common.rest_client [req-fdbe80d1-5814-4955-96a7-0658f539eb5d req-fdbe80d1-5814-4955-96a7-0658f539eb5d ] Request (QuotasAdminTestV236:test_get_updated_quotas): 201 POST http://10.180.1.21/identity/v3/users 0.026s
2025-02-11 15:25:03.521 62727 INFO tempest.lib.common.rest_client [req-448e2b66-567d-4438-9149-fe72e0204ecc req-448e2b66-567d-4438-9149-fe72e0204ecc ] Request (ImagesOneServerTestJSON:setUpClass): 200 GET http://10.180.1.21/compute/v2.1/servers/0dd47ff3-5a5b-4c51-8e6a-fc11449f21be 0.562s
2025-02-11 15:25:03.527 62739 INFO tempest.lib.common.rest_client [req-af1ceed8-cd57-4656-8bfd-a25c7fb4d68a req-af1ceed8-cd57-4656-8bfd-a25c7fb4d68a ] Request (QuotasAdminTestV236:test_get_updated_quotas): 200 GET http://10.180.1.21/identity/v3/domains?name=Default 0.020s
2025-02-11 15:25:03.567 62713 INFO tempest.lib.common.rest_client [req-d7327c99-532d-48b9-86e4-772cd494a191 req-d7327c99-532d-48b9-86e4-772cd494a191 ] Request (ListServersNegativeTestJSON:setUpClass): 201 POST http://10.180.1.21:9696/networking/v2.0/subnets 0.248s
2025-02-11 15:25:03.586 62733 INFO tempest.lib.common.rest_client [req-98d872b2-c8c1-4790-9825-fe3a254889d1 req-98d872b2-c8c1-4790-9825-fe3a254889d1 ] Request (AggregatesAdminNegativeTestJSON:test_aggregate_remove_host_as_user): 200 POST http://10.180.1.21/compute/v2.1/os-aggregates/7/action 0.696s
2025-02-11 15:25:03.604 62747 INFO tempest.lib.common.rest_client [req-cfb12a52-930a-427d-a479-952b91221896 req-cfb12a52-930a-427d-a479-952b91221896 ] Request (ServerActionsTestOtherB:setUpClass): 200 GET http://10.180.1.21/compute/v2.1/servers/8a165d96-f503-4bc5-bff4-e6a85201e137/os-interface 0.596s
2025-02-11 15:25:03.760 62753 INFO tempest.lib.common.rest_client [req-277eef75-e7fe-4bc5-8191-c33bea02bf66 req-277eef75-e7fe-4bc5-8191-c33bea02bf66 ] Request (VolumesAssistedSnapshotsTest:test_volume_assisted_snapshot_create_delete): 200 GET http://10.180.1.21/compute/v2.1/servers/14bb9b79-d224-4a64-861e-30dd919c5741 0.705s
2025-02-11 15:25:03.857 62731 INFO tempest.lib.common.rest_client [req-afd6576b-bf1a-4f44-b5ec-ed6fe2189672 req-afd6576b-bf1a-4f44-b5ec-ed6fe2189672 ] Request (ServerDiskConfigTestJSON:test_rebuild_server_with_auto_disk_config): 202 POST http://10.180.1.21/compute/v2.1/servers/a170fd95-3f7f-4315-a063-b9d02a7a1af4/action 0.839s
2025-02-11 15:25:03.858 62745 INFO tempest.lib.common.rest_client [req-34d92faa-9851-4b52-bfa0-6e228875decf req-34d92faa-9851-4b52-bfa0-6e228875decf ] Request (ListImageFiltersTestJSON:setUpClass): 201 POST http://10.180.1.21/image/v2/images 0.490s
2025-02-11 15:25:03.935 62729 INFO tempest.lib.common.rest_client [req-47632f0a-a813-458d-ada3-47caf0ac0e6e req-47632f0a-a813-458d-ada3-47caf0ac0e6e ] Request (ServerDiagnosticsNegativeTest:tearDownClass): 200 GET http://10.180.1.21/compute/v2.1/servers/ab338058-13c8-4df9-ba55-fabe1952557d 0.768s
2025-02-11 15:25:03.979 62743 INFO tempest.lib.common.rest_client [req-fae39390-32ef-44c2-a860-cde32f481477 req-fae39390-32ef-44c2-a860-cde32f481477 ] Request (TenantUsagesTestJSON:test_list_usage_all_tenants): 200 GET http://10.180.1.21/compute/v2.1/os-simple-tenant-usage?start=2025-02-10T15%3A25%3A00.989807&end=2025-02-12T15%3A25%3A00.989807&detailed=1 0.799s
2025-02-11 15:25:04.049 62709 INFO tempest.lib.common.rest_client [req-49114558-977b-45b8-8199-ee2af6383054 req-49114558-977b-45b8-8199-ee2af6383054 ] Request (ServersAdminTestJSON:test_create_server_with_scheduling_hint): 200 GET http://10.180.1.21/compute/v2.1/servers/2337e9a2-736c-4d58-ac2e-04c8ad813be4 0.809s
2025-02-11 15:25:04.066 62761 INFO tempest.lib.common.rest_client [req-da10583b-686a-4705-9a03-490c628ff99b req-da10583b-686a-4705-9a03-490c628ff99b ] Request (FlavorsAdminTestJSON:test_is_public_string_variations): 200 GET http://10.180.1.21/compute/v2.1/flavors/detail?is_public=false 0.799s
2025-02-11 15:25:04.087 62721 INFO tempest.lib.common.rest_client [req-bf74dffe-14cf-4de7-a866-b47e0e75c25d req-bf74dffe-14cf-4de7-a866-b47e0e75c25d ] Request (KeyPairsV2TestJSON:_run_cleanups): 202 DELETE http://10.180.1.21/compute/v2.1/os-keypairs/tempest-keypair-295015994 0.796s
2025-02-11 15:25:04.148 62749 INFO tempest.lib.common.rest_client [req-d625acf7-a3f7-4225-b538-0157ae11995e req-d625acf7-a3f7-4225-b538-0157ae11995e ] Request (ServerRescueNegativeTestJSON:setUpClass): 202 POST http://10.180.1.21/compute/v2.1/servers 0.998s
2025-02-11 15:25:04.155 62707 INFO tempest.lib.common.rest_client [req-b186d125-0de9-4209-a41c-5e67335d2e24 req-b186d125-0de9-4209-a41c-5e67335d2e24 ] Request (ServerDiagnosticsTest:tearDownClass): 200 GET http://10.180.1.21/compute/v2.1/servers/8a2b209c-423c-446c-a769-f7d7820d46da 0.833s
2025-02-11 15:25:04.301 62737 INFO tempest.lib.common.rest_client [req-bc03d967-8003-47de-b4c8-e6dd07d6f1bd req-bc03d967-8003-47de-b4c8-e6dd07d6f1bd ] Request (MigrationsAdminTest:test_list_migrations_in_flavor_resize_situation): 200 GET http://10.180.1.21/compute/v2.1/servers/a8d56b8e-fa11-4844-ab65-a2e5d24b1e07 0.877s
2025-02-11 15:25:04.337 62717 INFO tempest.lib.common.rest_client [req-527d96e2-8f71-43e2-989b-5c28364e366f req-527d96e2-8f71-43e2-989b-5c28364e366f ] Request (SecurityGroupRulesTestJSON:tearDownClass): 202 DELETE http://10.180.1.21/compute/v2.1/os-security-groups/bab046b2-3daa-4a23-b221-aa429905e591 0.878s
2025-02-11 15:25:04.362 62715 INFO tempest.lib.common.rest_client [req-efc91b6d-c700-4700-9d5f-4bbd89a4f60f req-efc91b6d-c700-4700-9d5f-4bbd89a4f60f ] Request (VolumesAdminNegativeTest:test_update_attached_volume_with_nonexistent_volume_in_body): 200 GET http://10.180.1.21/compute/v2.1/servers/80821717-f961-49c7-8b79-c152edfdfb94 0.867s
2025-02-11 15:25:04.417 62719 INFO tempest.lib.common.rest_client [req-b88c3c53-e501-4e0b-be47-63af4b51abad req-b88c3c53-e501-4e0b-be47-63af4b51abad ] Request (ServerPasswordTestJSON:setUpClass): 200 GET http://10.180.1.21/compute/v2.1/servers/eedadcc7-d02e-4a21-a43a-1dccde81b3b4 0.868s
2025-02-11 15:25:04.426 62733 INFO tempest.lib.common.rest_client [req-c94284dc-9458-40c7-b9f7-40cdc1c6655f req-c94284dc-9458-40c7-b9f7-40cdc1c6655f ] Request (AggregatesAdminNegativeTestJSON:test_aggregate_remove_host_as_user): 403 POST http://10.180.1.21/compute/v2.1/os-aggregates/7/action 0.838s
2025-02-11 15:25:04.444 62739 INFO tempest.lib.common.rest_client [req-9abb4d35-2a78-4060-8d67-0b9988c5926a req-9abb4d35-2a78-4060-8d67-0b9988c5926a ] Request (QuotasAdminTestV236:test_get_updated_quotas): 200 PUT http://10.180.1.21/compute/v2.1/os-quota-sets/a91aef13ba744f229375edee607d72bb?user_id=55a3f626d85c4e2f819f1f130d4d6aec 0.916s
2025-02-11 15:25:04.475 62763 INFO tempest.lib.common.rest_client [req-b9611e56-71da-4c6b-a56c-7564b86ad719 req-b9611e56-71da-4c6b-a56c-7564b86ad719 ] Request (ServersTestJSON:test_create_server_with_ipv6_addr_only): 200 GET http://10.180.1.21/compute/v2.1/servers/13db2c17-ccba-4336-929a-0d01202c5143 0.840s
2025-02-11 15:25:04.502 62755 INFO tempest.lib.common.rest_client [req-4a667fef-e09b-4ad9-af88-f9bc79b6c80c req-4a667fef-e09b-4ad9-af88-f9bc79b6c80c ] Request (ServerShowV257Test:test_rebuild_server): 200 GET http://10.180.1.21/compute/v2.1/servers/045e5f8f-edd5-425d-bccb-054d90db27d9 0.752s
2025-02-11 15:25:04.527 62705 INFO tempest.lib.common.rest_client [req-3b00b312-22be-4c5b-b606-5824eb1592ca req-3b00b312-22be-4c5b-b606-5824eb1592ca ] Request (ImagesNegativeTestJSON:test_create_image_from_deleted_server): 200 GET http://10.180.1.21/compute/v2.1/servers/184d0caa-85c2-426d-82e5-ac52e525fe74 0.774s
2025-02-11 15:25:04.580 62701 INFO tempest.lib.common.rest_client [req-8be9ec56-2c7b-4200-a3a5-0d0e8cf770aa req-8be9ec56-2c7b-4200-a3a5-0d0e8cf770aa ] Request (ServerExternalEventsTest:tearDownClass): 200 GET http://10.180.1.21/compute/v2.1/servers/9659a2dd-f1da-4a8e-a740-1ec01f96940c 0.765s
2025-02-11 15:25:04.639 62731 INFO tempest.lib.common.rest_client [req-4de32a50-34d0-4429-b506-58d564f53621 req-4de32a50-34d0-4429-b506-58d564f53621 ] Request (ServerDiskConfigTestJSON:test_rebuild_server_with_auto_disk_config): 200 GET http://10.180.1.21/compute/v2.1/servers/a170fd95-3f7f-4315-a063-b9d02a7a1af4 0.775s
2025-02-11 15:25:04.652 62741 INFO tempest.lib.common.rest_client [req-59ddeaa2-858b-46b5-a2bf-36d8576fc7dc req-59ddeaa2-858b-46b5-a2bf-36d8576fc7dc ] Request (ServersTestJSON:setUpClass): 200 GET http://10.180.1.21/compute/v2.1/servers/f28beb17-8455-49d3-8be0-7636b9abe4e8 0.775s
2025-02-11 15:25:04.659 62741 INFO tempest.common.waiters [-] State transition "BUILD/scheduling" ==> "BUILD/None" after 8 second wait
2025-02-11 15:25:04.666 62761 INFO tempest.lib.common.rest_client [req-86fcbb77-33e1-46ff-bca4-d9fb78a64731 req-86fcbb77-33e1-46ff-bca4-d9fb78a64731 ] Request (FlavorsAdminTestJSON:test_is_public_string_variations): 200 GET http://10.180.1.21/compute/v2.1/flavors/detail?is_public=no 0.596s
2025-02-11 15:25:04.719 62735 INFO tempest.lib.common.rest_client [req-f73c8f6c-57d4-45dd-ab48-6c9860a32347 req-f73c8f6c-57d4-45dd-ab48-6c9860a32347 ] Request (ServersTestManualDisk:setUpClass): 200 GET http://10.180.1.21/compute/v2.1/servers/e51a0dd7-b5da-44cb-9cd8-62932aec3ad5 0.634s
2025-02-11 15:25:04.719 62743 INFO tempest.lib.common.rest_client [req-f9314f72-f349-472c-b264-ce31fdcded7d req-f9314f72-f349-472c-b264-ce31fdcded7d ] Request (TenantUsagesTestJSON:tearDownClass): 204 DELETE http://10.180.1.21/compute/v2.1/servers/571a5250-8655-4f30-b193-919affbc1bd8 0.731s
2025-02-11 15:25:04.749 62721 INFO tempest.lib.common.rest_client [req-a72561af-1d85-4215-b18a-3818dce98d91 req-a72561af-1d85-4215-b18a-3818dce98d91 ] Request (KeyPairsV2TestJSON:test_keypair_create_with_pub_key): 200 POST http://10.180.1.21/compute/v2.1/os-keypairs 0.660s
2025-02-11 15:25:04.769 62749 INFO tempest.lib.common.rest_client [req-d15a284b-e1c7-4ddc-9c2d-0fcc276b0c90 req-d15a284b-e1c7-4ddc-9c2d-0fcc276b0c90 ] Request (ServerRescueNegativeTestJSON:setUpClass): 200 GET http://10.180.1.21/compute/v2.1/servers/c2fee51e-3cc9-421c-bfe5-b324a5b14197 0.618s
2025-02-11 15:25:04.808 62711 INFO tempest.lib.common.rest_client [req-2d6b5fde-4bd2-4b2f-9ba7-2564007d7f38 req-2d6b5fde-4bd2-4b2f-9ba7-2564007d7f38 ] Request (ServersAdmin275Test:test_rebuild_update_server_275): 200 GET http://10.180.1.21/compute/v2.1/servers/69569fa0-5175-453e-9875-9ef46c723da8 0.654s
2025-02-11 15:25:04.824 62757 INFO tempest.lib.common.rest_client [req-b20fe256-f276-4be3-9964-61341f4deb7d req-b20fe256-f276-4be3-9964-61341f4deb7d ] Request (ServerDiagnosticsV248Test:test_get_server_diagnostics): 200 GET http://10.180.1.21/compute/v2.1/servers/0d992155-24fa-4836-83c9-8f188f7d7efa 0.577s
2025-02-11 15:25:04.839 62747 INFO tempest.lib.common.rest_client [req-44223af9-bf7c-407f-ab1e-f0979c1c86dd req-44223af9-bf7c-407f-ab1e-f0979c1c86dd ] Request (ServerActionsTestOtherB:setUpClass): 200 PUT http://10.180.1.21:9696/networking/v2.0/floatingips/0af22f3f-e6d2-4636-bf1c-b1a80d95aa9d 1.233s
2025-02-11 15:25:04.840 62747 INFO tempest.lib.common.ssh [-] Creating ssh connection to '10.180.180.230:22' as 'cirros' with public key authentication
2025-02-11 15:25:04.897 62751 INFO tempest.lib.common.rest_client [req-79d02877-9dc8-4e5a-bebf-7f4fa3a06da8 req-79d02877-9dc8-4e5a-bebf-7f4fa3a06da8 ] Request (DeleteServersAdminTestJSON:test_delete_server_while_in_error_state): 200 GET http://10.180.1.21/compute/v2.1/servers/60535a30-4602-4063-94a4-30ed01266d5b 0.564s
2025-02-11 15:25:04.922 62723 INFO tempest.lib.common.rest_client [req-07439882-0e58-43cb-aa17-30e3497519fc req-07439882-0e58-43cb-aa17-30e3497519fc ] Request (ServersAdminNegativeTestJSON:test_migrate_server_invalid_state): 200 GET http://10.180.1.21/compute/v2.1/servers/dd0ad4e3-a6e6-4258-b960-544984e24ebc 0.668s
2025-02-11 15:25:05.026 62717 INFO tempest.lib.common.rest_client [req-86f1bbbf-ab3c-411f-b1f2-a2dccac10dc4 req-86f1bbbf-ab3c-411f-b1f2-a2dccac10dc4 ] Request (SecurityGroupRulesTestJSON:tearDownClass): 202 DELETE http://10.180.1.21/compute/v2.1/os-security-groups/319b4787-09ae-45f4-a0e8-c1f5b9b44061 0.688s
2025-02-11 15:25:05.058 62733 INFO tempest.lib.common.rest_client [req-3bc9ecfc-ab2f-4905-8fae-e5ae2ab30cb0 req-3bc9ecfc-ab2f-4905-8fae-e5ae2ab30cb0 ] Request (AggregatesAdminNegativeTestJSON:_run_cleanups): 200 POST http://10.180.1.21/compute/v2.1/os-aggregates/7/action 0.631s
2025-02-11 15:25:05.091 62713 INFO tempest.lib.common.rest_client [req-ffcc3380-c8ff-40c8-a3ac-26ff3ca0e4d2 req-ffcc3380-c8ff-40c8-a3ac-26ff3ca0e4d2 ] Request (ListServersNegativeTestJSON:setUpClass): 201 POST http://10.180.1.21:9696/networking/v2.0/routers 1.523s
2025-02-11 15:25:05.126 62739 INFO tempest.lib.common.rest_client [req-7f4d8095-59c0-43ec-ba2d-94ef14e33c83 req-7f4d8095-59c0-43ec-ba2d-94ef14e33c83 ] Request (QuotasAdminTestV236:test_get_updated_quotas): 200 GET http://10.180.1.21/compute/v2.1/os-quota-sets/a91aef13ba744f229375edee607d72bb?user_id=55a3f626d85c4e2f819f1f130d4d6aec 0.680s
2025-02-11 15:25:05.153 62703 INFO tempest.lib.common.rest_client [req-b7f3af4b-6043-44aa-bdde-6f45c1c1df19 req-b7f3af4b-6043-44aa-bdde-6f45c1c1df19 ] Request (ServersWithSpecificFlavorTestJSON:test_verify_created_server_ephemeral_disk): 200 GET http://10.180.1.21/compute/v2.1/servers/67d41910-54e1-48f1-b0d3-f34a62595ef2 0.719s
2025-02-11 15:25:05.166 62703 INFO tempest.common.waiters [-] State transition "BUILD/block_device_mapping" ==> "BUILD/spawning" after 21 second wait
2025-02-11 15:25:05.185 62761 INFO tempest.lib.common.rest_client [req-dd86e4d8-6d0e-437e-a5ba-23237f24ec62 req-dd86e4d8-6d0e-437e-a5ba-23237f24ec62 ] Request (FlavorsAdminTestJSON:test_is_public_string_variations): 200 GET http://10.180.1.21/compute/v2.1/flavors/detail?is_public=0 0.513s
2025-02-11 15:25:05.212 62727 INFO tempest.lib.common.rest_client [req-50b7c55b-d92b-4b4f-bc27-c94f3e6b4df6 req-50b7c55b-d92b-4b4f-bc27-c94f3e6b4df6 ] Request (ImagesOneServerTestJSON:setUpClass): 200 GET http://10.180.1.21/compute/v2.1/servers/0dd47ff3-5a5b-4c51-8e6a-fc11449f21be 0.678s
2025-02-11 15:25:05.223 62727 INFO tempest.common.waiters [-] State transition "BUILD/scheduling" ==> "BUILD/None" after 10 second wait
2025-02-11 15:25:05.235 62721 INFO tempest.lib.common.rest_client [req-c228a915-b7e7-4aae-a8d4-81d2da67afbc req-c228a915-b7e7-4aae-a8d4-81d2da67afbc ] Request (KeyPairsV2TestJSON:_run_cleanups): 202 DELETE http://10.180.1.21/compute/v2.1/os-keypairs/tempest-keypair-321626165 0.484s
2025-02-11 15:25:05.256 62739 INFO tempest.lib.common.rest_client [req-cf3e7caf-9639-484e-8408-dc772ca1cea7 req-cf3e7caf-9639-484e-8408-dc772ca1cea7 ] Request (QuotasAdminTestV236:_run_cleanups): 204 DELETE http://10.180.1.21/identity/v3/users/55a3f626d85c4e2f819f1f130d4d6aec 0.127s
2025-02-11 15:25:05.377 62743 INFO tempest.lib.common.rest_client [req-dca7a74a-3e77-47a5-a179-76f5c51e2901 req-dca7a74a-3e77-47a5-a179-76f5c51e2901 ] Request (TenantUsagesTestJSON:tearDownClass): 200 GET http://10.180.1.21/compute/v2.1/servers/571a5250-8655-4f30-b193-919affbc1bd8 0.657s
2025-02-11 15:25:05.401 62739 INFO tempest.lib.common.rest_client [req-b8347ebc-46c1-489c-942d-9f46a8308cd9 req-b8347ebc-46c1-489c-942d-9f46a8308cd9 ] Request (QuotasAdminTestV236:_run_cleanups): 204 DELETE http://10.180.1.21/identity/v3/projects/a91aef13ba744f229375edee607d72bb 0.142s
2025-02-11 15:25:05.409 62753 INFO tempest.lib.common.rest_client [req-20779708-f14e-4b06-809b-2736131cef01 req-20779708-f14e-4b06-809b-2736131cef01 ] Request (VolumesAssistedSnapshotsTest:test_volume_assisted_snapshot_create_delete): 200 GET http://10.180.1.21/compute/v2.1/servers/14bb9b79-d224-4a64-861e-30dd919c5741 0.635s
2025-02-11 15:25:05.509 62739 INFO tempest.lib.common.rest_client [req-76f1321e-9396-4fc1-a6b1-ecb97fc0ad1b req-76f1321e-9396-4fc1-a6b1-ecb97fc0ad1b ] Request (QuotasAdminTestV236:tearDownClass): 204 DELETE http://10.180.1.21/identity/v3/users/a00fd5d1fd714c9aadfd6788b4042554 0.102s
2025-02-11 15:25:05.530 62729 INFO tempest.lib.common.rest_client [req-bf389642-1b58-4e0f-8154-25491eaf9b25 req-bf389642-1b58-4e0f-8154-25491eaf9b25 ] Request (ServerDiagnosticsNegativeTest:tearDownClass): 200 GET http://10.180.1.21/compute/v2.1/servers/ab338058-13c8-4df9-ba55-fabe1952557d 0.586s
2025-02-11 15:25:05.564 62733 INFO tempest.lib.common.rest_client [req-ad83dd01-cc34-4e87-b14b-cc193384c117 req-ad83dd01-cc34-4e87-b14b-cc193384c117 ] Request (AggregatesAdminNegativeTestJSON:_run_cleanups): 200 DELETE http://10.180.1.21/compute/v2.1/os-aggregates/7 0.503s
2025-02-11 15:25:05.574 62717 INFO tempest.lib.common.rest_client [req-beca6ea5-df45-4e4d-88b7-5c8983adf9b4 req-beca6ea5-df45-4e4d-88b7-5c8983adf9b4 ] Request (SecurityGroupRulesTestJSON:tearDownClass): 202 DELETE http://10.180.1.21/compute/v2.1/os-security-groups/317ea34f-2161-4a4b-9779-5f319bdc2ce7 0.548s
2025-02-11 15:25:05.662 62709 INFO tempest.lib.common.rest_client [req-e453feab-c150-41d0-a359-ba25eaf94224 req-e453feab-c150-41d0-a359-ba25eaf94224 ] Request (ServersAdminTestJSON:test_create_server_with_scheduling_hint): 200 GET http://10.180.1.21/compute/v2.1/servers/2337e9a2-736c-4d58-ac2e-04c8ad813be4 0.593s
2025-02-11 15:25:05.685 62739 INFO tempest.lib.common.rest_client [req-b0dee128-67a9-4255-a470-10bbc950fe01 req-b0dee128-67a9-4255-a470-10bbc950fe01 ] Request (QuotasAdminTestV236:tearDownClass): 204 DELETE http://10.180.1.21/identity/v3/users/2590ad14e2e24576969c58c62cce3408 0.175s
2025-02-11 15:25:05.685 62739 INFO tempest.lib.common.dynamic_creds [-] Deleting project and security group for project: 0a39be3ef79f4e53a208753e9502a43a
2025-02-11 15:25:05.706 62761 INFO tempest.lib.common.rest_client [req-7d76f431-e24a-4bb6-b7b0-edb0b520ce33 req-7d76f431-e24a-4bb6-b7b0-edb0b520ce33 ] Request (FlavorsAdminTestJSON:test_is_public_string_variations): 200 GET http://10.180.1.21/compute/v2.1/flavors/detail?is_public=t 0.512s
2025-02-11 15:25:05.711 62707 INFO tempest.lib.common.rest_client [req-8600025d-f3f3-4dac-a845-9ae3f8657695 req-8600025d-f3f3-4dac-a845-9ae3f8657695 ] Request (ServerDiagnosticsTest:tearDownClass): 200 GET http://10.180.1.21/compute/v2.1/servers/8a2b209c-423c-446c-a769-f7d7820d46da 0.547s
2025-02-11 15:25:05.761 62721 INFO tempest.lib.common.rest_client [req-a916cff3-e64d-453e-8b57-cfb2c043e967 req-a916cff3-e64d-453e-8b57-cfb2c043e967 ] Request (KeyPairsV2TestJSON:test_keypairs_create_list_delete): 200 POST http://10.180.1.21/compute/v2.1/os-keypairs 0.524s
2025-02-11 15:25:05.771 62739 INFO tempest.lib.common.rest_client [req-89a3164c-5a7b-49ef-bb3d-86149ea3d917 req-89a3164c-5a7b-49ef-bb3d-86149ea3d917 ] Request (QuotasAdminTestV236:tearDownClass): 201 POST http://10.180.1.21/identity/v3/auth/tokens 0.086s
2025-02-11 15:25:05.848 62715 INFO tempest.lib.common.rest_client [req-52d87745-4242-4212-9f70-a302a48e96e0 req-52d87745-4242-4212-9f70-a302a48e96e0 ] Request (VolumesAdminNegativeTest:test_update_attached_volume_with_nonexistent_volume_in_body): 200 GET http://10.180.1.21/compute/v2.1/servers/80821717-f961-49c7-8b79-c152edfdfb94 0.471s
2025-02-11 15:25:05.869 62737 INFO tempest.lib.common.rest_client [req-7386aa04-742d-4d8e-b5f8-98f50214678a req-7386aa04-742d-4d8e-b5f8-98f50214678a ] Request (MigrationsAdminTest:test_list_migrations_in_flavor_resize_situation): 200 GET http://10.180.1.21/compute/v2.1/servers/a8d56b8e-fa11-4844-ab65-a2e5d24b1e07 0.548s
2025-02-11 15:25:05.942 62745 INFO tempest.lib.common.rest_client [req-dd6e67c7-91f0-472b-8f4f-bdecdb133437 req-dd6e67c7-91f0-472b-8f4f-bdecdb133437 ] Request (ListImageFiltersTestJSON:setUpClass): 204 PUT http://10.180.1.21/image/v2/images/4259534c-d75a-475f-89d5-f0d9a41ba689/file 1.083s
2025-02-11 15:25:05.979 62759 INFO tempest.lib.common.rest_client [req-499b5644-0eb3-4b84-9e28-eee8e815fcfe req-499b5644-0eb3-4b84-9e28-eee8e815fcfe ] Request (QuotaClassesAdmin257Test:test_update_default_quotas): 200 GET http://10.180.1.21/compute/v2.1/os-quota-class-sets/default 0.547s
2025-02-11 15:25:06.025 62739 INFO tempest.lib.common.rest_client [req-881f509b-684a-44a8-a548-8d1606d88897 req-881f509b-684a-44a8-a548-8d1606d88897 ] Request (QuotasAdminTestV236:tearDownClass): 200 GET http://10.180.1.21:9696/networking/v2.0/security-groups?tenant_id=0a39be3ef79f4e53a208753e9502a43a&name=default 0.253s
2025-02-11 15:25:06.046 62763 INFO tempest.lib.common.rest_client [req-2d57f589-15b0-4f8c-a5cc-036144b4cfc2 req-2d57f589-15b0-4f8c-a5cc-036144b4cfc2 ] Request (ServersTestJSON:test_create_server_with_ipv6_addr_only): 200 GET http://10.180.1.21/compute/v2.1/servers/13db2c17-ccba-4336-929a-0d01202c5143 0.562s
2025-02-11 15:25:06.120 62755 INFO tempest.lib.common.rest_client [req-0c28dda6-a2f9-48f6-8004-7d90fcb119ef req-0c28dda6-a2f9-48f6-8004-7d90fcb119ef ] Request (ServerShowV257Test:test_rebuild_server): 200 GET http://10.180.1.21/compute/v2.1/servers/045e5f8f-edd5-425d-bccb-054d90db27d9 0.604s
2025-02-11 15:25:06.132 62719 INFO tempest.lib.common.rest_client [req-9daa6b70-3a01-4e91-bf7f-43145b5a5be5 req-9daa6b70-3a01-4e91-bf7f-43145b5a5be5 ] Request (ServerPasswordTestJSON:setUpClass): 200 GET http://10.180.1.21/compute/v2.1/servers/eedadcc7-d02e-4a21-a43a-1dccde81b3b4 0.707s
2025-02-11 15:25:06.141 62719 INFO tempest.common.waiters [-] State transition "BUILD/None" ==> "BUILD/block_device_mapping" after 19 second wait
2025-02-11 15:25:06.163 62733 INFO tempest.lib.common.rest_client [req-dc5daa9f-9c68-41fd-af5c-97dc93abda0a req-dc5daa9f-9c68-41fd-af5c-97dc93abda0a ] Request (AggregatesAdminNegativeTestJSON:test_aggregate_remove_nonexistent_host): 200 POST http://10.180.1.21/compute/v2.1/os-aggregates 0.596s
2025-02-11 15:25:06.177 62705 INFO tempest.lib.common.rest_client [req-17b2a9a6-7f62-4410-a874-de751a760e8d req-17b2a9a6-7f62-4410-a874-de751a760e8d ] Request (ImagesNegativeTestJSON:test_create_image_from_deleted_server): 200 GET http://10.180.1.21/compute/v2.1/servers/184d0caa-85c2-426d-82e5-ac52e525fe74 0.638s
2025-02-11 15:25:06.244 62701 INFO tempest.lib.common.rest_client [req-100e9377-8a6b-4a4e-a666-f7af5db33506 req-100e9377-8a6b-4a4e-a666-f7af5db33506 ] Request (ServerExternalEventsTest:tearDownClass): 200 GET http://10.180.1.21/compute/v2.1/servers/9659a2dd-f1da-4a8e-a740-1ec01f96940c 0.654s
2025-02-11 15:25:06.257 62739 INFO tempest.lib.common.rest_client [req-5800e07d-2d1c-4585-8e06-0c2d418f424c req-5800e07d-2d1c-4585-8e06-0c2d418f424c ] Request (QuotasAdminTestV236:tearDownClass): 204 DELETE http://10.180.1.21:9696/networking/v2.0/security-groups/0b428091-ca96-4f9c-8da0-726354540d51 0.231s
2025-02-11 15:25:06.337 62739 INFO tempest.lib.common.rest_client [req-84fd7ebe-4df2-4d77-8176-c52797fb00f4 req-84fd7ebe-4df2-4d77-8176-c52797fb00f4 ] Request (QuotasAdminTestV236:tearDownClass): 204 DELETE http://10.180.1.21/identity/v3/projects/0a39be3ef79f4e53a208753e9502a43a 0.080s
2025-02-11 15:25:06.337 62739 INFO tempest.lib.common.dynamic_creds [-] Deleting project and security group for project: 8f428fb0a2a84608b8a618012da757cf
2025-02-11 15:25:06.367 62717 INFO tempest.lib.common.rest_client [req-4a6bbd8a-5086-49c3-b834-56d242674f6e req-4a6bbd8a-5086-49c3-b834-56d242674f6e ] Request (SecurityGroupRulesTestJSON:tearDownClass): 202 DELETE http://10.180.1.21/compute/v2.1/os-security-groups/3e4d3f30-f885-4c72-80b3-85add6684a45 0.792s
2025-02-11 15:25:06.385 62731 INFO tempest.lib.common.rest_client [req-2beb6d8e-1b5c-4dae-bf10-f54ada3c922a req-2beb6d8e-1b5c-4dae-bf10-f54ada3c922a ] Request (ServerDiskConfigTestJSON:test_rebuild_server_with_auto_disk_config): 200 GET http://10.180.1.21/compute/v2.1/servers/a170fd95-3f7f-4315-a063-b9d02a7a1af4 0.734s
2025-02-11 15:25:06.412 62761 INFO tempest.lib.common.rest_client [req-888a6de6-4f68-4df8-a368-d0af3f57fa25 req-888a6de6-4f68-4df8-a368-d0af3f57fa25 ] Request (FlavorsAdminTestJSON:test_is_public_string_variations): 200 GET http://10.180.1.21/compute/v2.1/flavors/detail?is_public=true 0.701s
2025-02-11 15:25:06.425 62741 INFO tempest.lib.common.rest_client [req-c8e44120-7bf8-48d1-9920-9a1e1f73cfbd req-c8e44120-7bf8-48d1-9920-9a1e1f73cfbd ] Request (ServersTestJSON:setUpClass): 200 GET http://10.180.1.21/compute/v2.1/servers/f28beb17-8455-49d3-8be0-7636b9abe4e8 0.764s
2025-02-11 15:25:06.471 62735 INFO tempest.lib.common.rest_client [req-645b2b11-69a2-4177-8ae7-59ff11ca0aff req-645b2b11-69a2-4177-8ae7-59ff11ca0aff ] Request (ServersTestManualDisk:setUpClass): 200 GET http://10.180.1.21/compute/v2.1/servers/e51a0dd7-b5da-44cb-9cd8-62932aec3ad5 0.741s
2025-02-11 15:25:06.479 62721 INFO tempest.lib.common.rest_client [req-e9abe874-f9ec-43e3-a67e-e4401cf5ec5c req-e9abe874-f9ec-43e3-a67e-e4401cf5ec5c ] Request (KeyPairsV2TestJSON:test_keypairs_create_list_delete): 200 POST http://10.180.1.21/compute/v2.1/os-keypairs 0.716s
2025-02-11 15:25:06.524 62749 INFO tempest.lib.common.rest_client [req-21aaf7bb-836d-40c8-863e-59971c00bc18 req-21aaf7bb-836d-40c8-863e-59971c00bc18 ] Request (ServerRescueNegativeTestJSON:setUpClass): 200 GET http://10.180.1.21/compute/v2.1/servers/c2fee51e-3cc9-421c-bfe5-b324a5b14197 0.740s
2025-02-11 15:25:06.543 62711 INFO tempest.lib.common.rest_client [req-f16232bd-c248-4b25-b724-5768ec8bf8c4 req-f16232bd-c248-4b25-b724-5768ec8bf8c4 ] Request (ServersAdmin275Test:test_rebuild_update_server_275): 200 GET http://10.180.1.21/compute/v2.1/servers/69569fa0-5175-453e-9875-9ef46c723da8 0.722s
2025-02-11 15:25:06.583 62757 INFO tempest.lib.common.rest_client [req-10033c1f-bfdc-4bb8-b03b-63f1e8b489d5 req-10033c1f-bfdc-4bb8-b03b-63f1e8b489d5 ] Request (ServerDiagnosticsV248Test:test_get_server_diagnostics): 200 GET http://10.180.1.21/compute/v2.1/servers/0d992155-24fa-4836-83c9-8f188f7d7efa 0.743s
2025-02-11 15:25:06.620 62751 INFO tempest.lib.common.rest_client [req-fe35c04a-65e5-4eb0-8225-164dfe90b94b req-fe35c04a-65e5-4eb0-8225-164dfe90b94b ] Request (DeleteServersAdminTestJSON:test_delete_server_while_in_error_state): 200 GET http://10.180.1.21/compute/v2.1/servers/60535a30-4602-4063-94a4-30ed01266d5b 0.713s
2025-02-11 15:25:06.643 62739 INFO tempest.lib.common.rest_client [req-99b7c1d3-33e8-410d-9769-f9c66fe5501d req-99b7c1d3-33e8-410d-9769-f9c66fe5501d ] Request (QuotasAdminTestV236:tearDownClass): 200 GET http://10.180.1.21:9696/networking/v2.0/security-groups?tenant_id=8f428fb0a2a84608b8a618012da757cf&name=default 0.306s
2025-02-11 15:25:06.658 62745 INFO tempest.lib.common.rest_client [req-a86a3570-4a32-4e92-be09-e9abf6d0ab32 req-a86a3570-4a32-4e92-be09-e9abf6d0ab32 ] Request (ListImageFiltersTestJSON:setUpClass): 200 GET http://10.180.1.21/compute/v2.1/images/4259534c-d75a-475f-89d5-f0d9a41ba689 0.716s
2025-02-11 15:25:06.709 62723 INFO tempest.lib.common.rest_client [req-66c5b78c-ee43-43ca-a00a-d984962bc7a4 req-66c5b78c-ee43-43ca-a00a-d984962bc7a4 ] Request (ServersAdminNegativeTestJSON:test_migrate_server_invalid_state): 200 GET http://10.180.1.21/compute/v2.1/servers/dd0ad4e3-a6e6-4258-b960-544984e24ebc 0.777s
2025-02-11 15:25:06.737 62733 INFO tempest.lib.common.rest_client [req-2ebb5213-a54e-477a-8d3d-a12c55f5522a req-2ebb5213-a54e-477a-8d3d-a12c55f5522a ] Request (AggregatesAdminNegativeTestJSON:test_aggregate_remove_nonexistent_host): 404 POST http://10.180.1.21/compute/v2.1/os-aggregates/8/action 0.572s
2025-02-11 15:25:06.739 62759 INFO tempest.lib.common.rest_client [req-385f2dd9-127c-422e-a06b-c3903150e776 req-385f2dd9-127c-422e-a06b-c3903150e776 ] Request (QuotaClassesAdmin257Test:test_update_default_quotas): 200 PUT http://10.180.1.21/compute/v2.1/os-quota-class-sets/default 0.758s
2025-02-11 15:25:06.782 62739 INFO tempest.lib.common.rest_client [req-d9a1ebc6-906e-4212-953a-31cf81027807 req-d9a1ebc6-906e-4212-953a-31cf81027807 ] Request (QuotasAdminTestV236:tearDownClass): 204 DELETE http://10.180.1.21:9696/networking/v2.0/security-groups/f0d516a7-e92a-410c-869f-6f65ca020ce8 0.138s
2025-02-11 15:25:06.809 62727 INFO tempest.lib.common.rest_client [req-6da38068-b5f2-43d0-890e-5bde99dbb174 req-6da38068-b5f2-43d0-890e-5bde99dbb174 ] Request (ImagesOneServerTestJSON:setUpClass): 200 GET http://10.180.1.21/compute/v2.1/servers/0dd47ff3-5a5b-4c51-8e6a-fc11449f21be 0.585s
2025-02-11 15:25:06.863 62713 INFO tempest.lib.common.rest_client [req-3b666909-6edc-4b24-b8d0-e71da271820a req-3b666909-6edc-4b24-b8d0-e71da271820a ] Request (ListServersNegativeTestJSON:setUpClass): 200 PUT http://10.180.1.21:9696/networking/v2.0/routers/a34b271e-5004-4544-9fe2-c8572c9d5241/add_router_interface 1.771s
2025-02-11 15:25:06.863 62713 INFO tempest.lib.common.dynamic_creds [-] Created isolated network resources for: credentials: Credentials: {'domain_id': 'default', 'domain_name': 'Default', 'username': 'tempest-ListServersNegativeTestJSON-841074668-project-member', 'project_domain_id': 'default', 'project_domain_name': 'Default', 'project_id': '4aa6ead625714631984584d0292b4c40', 'project_name': 'tempest-ListServersNegativeTestJSON-841074668', 'tenant_id': '4aa6ead625714631984584d0292b4c40', 'tenant_name': 'tempest-ListServersNegativeTestJSON-841074668', 'user_domain_id': 'default', 'user_domain_name': 'Default', 'user_id': 'bce611334e8242a1bcce747201fde0ee', 'system': None}, Network: {'id': '6d51bcbf-affc-49e9-92e2-e358b0aef6f9', 'name': 'tempest-ListServersNegativeTestJSON-252398505-network', 'tenant_id': '4aa6ead625714631984584d0292b4c40', 'admin_state_up': True, 'mtu': 8950, 'status': 'ACTIVE', 'subnets': [], 'shared': False, 'project_id': '4aa6ead625714631984584d0292b4c40', 'port_security_enabled': True, 'router:external': False, 'provider:network_type': 'vlan', 'provider:physical_network': 'default', 'provider:segmentation_id': 113, 'availability_zone_hints': [], 'availability_zones': [], 'ipv4_address_scope': None, 'ipv6_address_scope': None, 'description': '', 'tags': [], 'created_at': '2025-02-11T15:25:03Z', 'updated_at': '2025-02-11T15:25:03Z', 'revision_number': 1}, Subnet: {'id': '2b356547-4006-4414-aa3c-9a7fa1e3eea2', 'name': 'tempest-ListServersNegativeTestJSON-252398505-subnet', 'tenant_id': '4aa6ead625714631984584d0292b4c40', 'network_id': '6d51bcbf-affc-49e9-92e2-e358b0aef6f9', 'ip_version': 4, 'subnetpool_id': None, 'enable_dhcp': True, 'ipv6_ra_mode': None, 'ipv6_address_mode': None, 'gateway_ip': '192.168.128.1', 'cidr': '192.168.128.0/28', 'allocation_pools': [{'start': '192.168.128.2', 'end': '192.168.128.14'}], 'host_routes': [], 'dns_nameservers': [], 'description': '', 'router:external': False, 'service_types': [], 'tags': [], 'created_at': '2025-02-11T15:25:03Z', 'updated_at': '2025-02-11T15:25:03Z', 'revision_number': 0, 'project_id': '4aa6ead625714631984584d0292b4c40'}, Router: {'id': 'a34b271e-5004-4544-9fe2-c8572c9d5241', 'name': 'tempest-ListServersNegativeTestJSON-252398505-router', 'tenant_id': '4aa6ead625714631984584d0292b4c40', 'admin_state_up': True, 'status': 'ACTIVE', 'external_gateway_info': {'network_id': '0f429931-01f7-45bf-bcc1-ffdd367dc278', 'external_fixed_ips': [{'subnet_id': '51b457e9-53ee-4c20-84b8-056c56205e64', 'ip_address': '10.180.180.234'}], 'enable_snat': True}, 'description': '', 'availability_zones': [], 'distributed': False, 'ha': False, 'availability_zone_hints': [], 'routes': [], 'flavor_id': None, 'tags': [], 'created_at': '2025-02-11T15:25:03Z', 'updated_at': '2025-02-11T15:25:04Z', 'revision_number': 2, 'project_id': '4aa6ead625714631984584d0292b4c40'}
2025-02-11 15:25:06.879 62703 INFO tempest.lib.common.rest_client [req-e4518fc8-2974-483d-9463-768b89db3919 req-e4518fc8-2974-483d-9463-768b89db3919 ] Request (ServersWithSpecificFlavorTestJSON:test_verify_created_server_ephemeral_disk): 200 GET http://10.180.1.21/compute/v2.1/servers/67d41910-54e1-48f1-b0d3-f34a62595ef2 0.708s
2025-02-11 15:25:06.886 62739 INFO tempest.lib.common.rest_client [req-41ed655b-c1bc-45ef-934d-cace19346238 req-41ed655b-c1bc-45ef-934d-cace19346238 ] Request (QuotasAdminTestV236:tearDownClass): 204 DELETE http://10.180.1.21/identity/v3/projects/8f428fb0a2a84608b8a618012da757cf 0.104s
2025-02-11 15:25:06.939 62717 INFO tempest.lib.common.rest_client [req-02ebe82e-5bdc-4954-8028-69f29c964037 req-02ebe82e-5bdc-4954-8028-69f29c964037 ] Request (SecurityGroupRulesTestJSON:tearDownClass): 202 DELETE http://10.180.1.21/compute/v2.1/os-security-groups/7c6e1971-c9f9-46ad-94b7-a5dc4fc645f3 0.572s
2025-02-11 15:25:06.958 62739 INFO tempest.lib.common.rest_client [req-f734e94a-cf69-4cd3-8b50-d9a24f3c2427 req-f734e94a-cf69-4cd3-8b50-d9a24f3c2427 ] Request (AttachInterfacesUnderV243Test:setUpClass): 201 POST http://10.180.1.21/identity/v3/auth/tokens 0.070s
