2025-02-04 16:14:59.477 63623 INFO tempest.lib.common.rest_client [req-f1a547a3-5155-4015-8780-12115456982f req-f1a547a3-5155-4015-8780-12115456982f ] Request (FlavorsAdminTestJSON:test_create_list_flavor_without_extra_data): 200 GET http://10.180.1.21/compute/v2.1/flavors/detail 1.630s
2025-02-04 16:14:59.507 63631 INFO tempest.lib.common.rest_client [req-635c0c72-c0ce-4d1c-af8e-4212d60b4626 req-635c0c72-c0ce-4d1c-af8e-4212d60b4626 ] Request (ServersTestMultiNic:setUpClass): 201 POST http://10.180.1.21/identity/v3/auth/tokens 0.118s
2025-02-04 16:14:59.513 63605 INFO tempest.lib.common.rest_client [req-80fa2025-bda6-4837-82ea-9aa699a9705d req-80fa2025-bda6-4837-82ea-9aa699a9705d ] Request (ServerDiagnosticsTest:setUpClass): 201 POST http://10.180.1.21/identity/v3/projects 0.101s
2025-02-04 16:14:59.521 63577 INFO tempest.lib.common.rest_client [req-dd118a9d-3f4e-4a53-98cf-1ab11a00c7ed req-dd118a9d-3f4e-4a53-98cf-1ab11a00c7ed ] Request (ServerExternalEventsTest:test_create_server_external_events): 200 GET http://10.180.1.21/compute/v2.1/servers/0e1bea19-9be5-4cd0-b3dd-733227998bb2 1.591s
2025-02-04 16:14:59.537 63577 INFO tempest.common.waiters [-] State transition "BUILD/scheduling" ==> "BUILD/None" after 14 second wait
2025-02-04 16:14:59.564 63625 INFO tempest.lib.common.rest_client [req-66504df7-f8b2-4635-81a7-3141c57babca req-66504df7-f8b2-4635-81a7-3141c57babca ] Request (ServersAdminNegativeTestJSON:setUpClass): 200 GET http://10.180.1.21/compute/v2.1/servers/b75e845b-560f-43b4-a24a-5bebe8f72016 1.547s
2025-02-04 16:14:59.570 63603 INFO tempest.lib.common.rest_client [req-e78c7644-357d-4641-86f9-31b8ae8557f2 req-e78c7644-357d-4641-86f9-31b8ae8557f2 ] Request (FloatingIPsAssociationNegativeTestJSON:setUpClass): 201 POST http://10.180.1.21:9696/networking/v2.0/networks 0.569s
2025-02-04 16:14:59.597 63605 INFO tempest.lib.common.rest_client [req-29754bb0-e009-461f-abce-49e8baba8d0f req-29754bb0-e009-461f-abce-49e8baba8d0f ] Request (ServerDiagnosticsTest:setUpClass): 201 POST http://10.180.1.21/identity/v3/users 0.082s
2025-02-04 16:14:59.619 63595 INFO tempest.lib.common.rest_client [req-d473d182-0b4d-4d4d-ad8b-ddc16ccc3384 req-d473d182-0b4d-4d4d-ad8b-ddc16ccc3384 ] Request (ImagesOneServerTestJSON:setUpClass): 200 GET http://10.180.1.21/compute/v2.1/servers/586624a7-463d-4b4d-be96-b6219fc75283 1.542s
2025-02-04 16:14:59.623 63605 INFO tempest.lib.common.rest_client [req-b61087d5-b0ef-41f0-8606-e7ab6822ba8a req-b61087d5-b0ef-41f0-8606-e7ab6822ba8a ] Request (ServerDiagnosticsTest:setUpClass): 200 GET http://10.180.1.21/identity/v3/roles 0.026s
2025-02-04 16:14:59.633 63595 INFO tempest.common.waiters [-] State transition "BUILD/None" ==> "BUILD/networking" after 15 second wait
2025-02-04 16:14:59.643 63587 INFO tempest.lib.common.rest_client [req-c13a19e6-8c6b-4200-b192-987ef84d000d req-c13a19e6-8c6b-4200-b192-987ef84d000d ] Request (AttachInterfacesUnderV243Test:test_add_remove_fixed_ip): 200 GET http://10.180.1.21/compute/v2.1/servers/d9b10b0a-3e6a-45a0-a11a-4351e2a3463d 1.562s
2025-02-04 16:14:59.667 63629 INFO tempest.lib.common.rest_client [req-5cb385a1-c9d8-4f6e-b207-dc7650473731 req-5cb385a1-c9d8-4f6e-b207-dc7650473731 ] Request (QuotasSecurityGroupAdminNegativeTest:tearDownClass): 204 DELETE http://10.180.1.21:9696/networking/v2.0/security-groups/447855e5-ba56-4a67-81c2-7c8465f9ef9f 0.278s
2025-02-04 16:14:59.674 63605 INFO tempest.lib.common.rest_client [req-ba226b8b-09d5-4105-a25d-e89e172faec9 req-ba226b8b-09d5-4105-a25d-e89e172faec9 ] Request (ServerDiagnosticsTest:setUpClass): 204 PUT http://10.180.1.21/identity/v3/projects/6136f9f27ec54600867f93d148ead4d5/users/0380fa92b8544eff9df531ead7d7db07/roles/5051989e737a423792320632f1b704bd 0.050s
2025-02-04 16:14:59.765 63629 INFO tempest.lib.common.rest_client [req-fe88c363-c814-4b84-9ac9-7716874fc5a4 req-fe88c363-c814-4b84-9ac9-7716874fc5a4 ] Request (QuotasSecurityGroupAdminNegativeTest:tearDownClass): 204 DELETE http://10.180.1.21/identity/v3/projects/38725db093ad4685b941abf15e46620d 0.098s
2025-02-04 16:14:59.765 63629 INFO tempest.lib.common.dynamic_creds [-] Deleting project and security group for project: 60673c55070c4cf4be9bff62da4c3478
2025-02-04 16:14:59.792 63601 INFO tempest.lib.common.rest_client [req-99e5cd5e-6a2f-48a6-819b-0823946e5ea7 req-99e5cd5e-6a2f-48a6-819b-0823946e5ea7 ] Request (ServicesAdminNegativeV253TestJSON:test_disable_log_reason_with_invalid_service_id): 404 PUT http://10.180.1.21/compute/v2.1/os-services/f9fd7a83-342e-4689-bd2f-cfb997e0fde7 1.618s
2025-02-04 16:14:59.826 63605 INFO tempest.lib.common.rest_client [req-2f5b64ea-d62d-4e3b-b4b4-855f067e70f8 req-2f5b64ea-d62d-4e3b-b4b4-855f067e70f8 ] Request (ServerDiagnosticsTest:setUpClass): 200 GET http://10.180.1.21/identity/v3/roles 0.151s
2025-02-04 16:14:59.850 63605 INFO tempest.lib.common.rest_client [req-75bb4814-6a2d-47ee-be92-4fb8bd9843ba req-75bb4814-6a2d-47ee-be92-4fb8bd9843ba ] Request (ServerDiagnosticsTest:setUpClass): 204 PUT http://10.180.1.21/identity/v3/projects/6136f9f27ec54600867f93d148ead4d5/users/0380fa92b8544eff9df531ead7d7db07/roles/5051989e737a423792320632f1b704bd 0.023s
2025-02-04 16:14:59.850 63605 INFO tempest.lib.common.dynamic_creds [-] Dynamic test user 0380fa92b8544eff9df531ead7d7db07 is created with scope project and roles: ['admin']
2025-02-04 16:14:59.850 63605 INFO tempest.lib.common.dynamic_creds [-] Acquired dynamic creds: credentials: Credentials: {'domain_id': 'default', 'domain_name': 'Default', 'username': 'tempest-ServerDiagnosticsTest-1068676304-project-admin', 'project_domain_id': 'default', 'project_domain_name': 'Default', 'project_id': '6136f9f27ec54600867f93d148ead4d5', 'project_name': 'tempest-ServerDiagnosticsTest-1068676304', 'tenant_id': '6136f9f27ec54600867f93d148ead4d5', 'tenant_name': 'tempest-ServerDiagnosticsTest-1068676304', 'user_domain_id': 'default', 'user_domain_name': 'Default', 'user_id': '0380fa92b8544eff9df531ead7d7db07', 'system': None}, Network: None, Subnet: None, Router: None
2025-02-04 16:14:59.850 63605 INFO tempest.lib.common.dynamic_creds [-] Created isolated network resources for: credentials: Credentials: {'domain_id': 'default', 'domain_name': 'Default', 'username': 'tempest-ServerDiagnosticsTest-1068676304-project-admin', 'project_domain_id': 'default', 'project_domain_name': 'Default', 'project_id': '6136f9f27ec54600867f93d148ead4d5', 'project_name': 'tempest-ServerDiagnosticsTest-1068676304', 'tenant_id': '6136f9f27ec54600867f93d148ead4d5', 'tenant_name': 'tempest-ServerDiagnosticsTest-1068676304', 'user_domain_id': 'default', 'user_domain_name': 'Default', 'user_id': '0380fa92b8544eff9df531ead7d7db07', 'system': None}, Network: None, Subnet: None, Router: None
2025-02-04 16:14:59.894 63631 INFO tempest.lib.common.rest_client [req-9591c8b7-e646-4237-952a-93eb5fdfdde7 req-9591c8b7-e646-4237-952a-93eb5fdfdde7 ] Request (ServersTestMultiNic:test_verify_duplicate_network_nics): 201 POST http://10.180.1.21:9696/networking/v2.0/networks 0.385s
2025-02-04 16:14:59.933 63621 INFO tempest.lib.common.rest_client [req-7ae94381-9121-4956-aea9-754e14191385 req-7ae94381-9121-4956-aea9-754e14191385 ] Request (HypervisorAdminNegativeUnderV252Test:test_search_hypervisor_with_non_admin_user): 200 GET http://10.180.1.21/compute/v2.1/os-hypervisors 1.601s
2025-02-04 16:14:59.943 63605 INFO tempest.lib.common.rest_client [req-5a8fc252-09bb-44bf-9564-ca717fcb1543 req-5a8fc252-09bb-44bf-9564-ca717fcb1543 ] Request (ServerDiagnosticsTest:setUpClass): 201 POST http://10.180.1.21/identity/v3/auth/tokens 0.089s
2025-02-04 16:14:59.966 63637 INFO tempest.lib.common.rest_client [req-a3cb144f-bc6c-4acf-9a4d-806d18f12942 req-a3cb144f-bc6c-4acf-9a4d-806d18f12942 ] Request (AbsoluteLimitsNegativeTestJSON:test_max_metadata_exceed_limit): 403 POST http://10.180.1.21/compute/v2.1/servers 1.660s
2025-02-04 16:14:59.982 63629 INFO tempest.lib.common.rest_client [req-88761a55-f58e-4d68-9877-eadad87ce929 req-88761a55-f58e-4d68-9877-eadad87ce929 ] Request (QuotasSecurityGroupAdminNegativeTest:tearDownClass): 200 GET http://10.180.1.21:9696/networking/v2.0/security-groups?tenant_id=60673c55070c4cf4be9bff62da4c3478&name=default 0.216s
2025-02-04 16:15:00.015 63581 INFO tempest.lib.common.rest_client [req-533bea57-50d7-46de-97dd-7daf225ba5a8 req-533bea57-50d7-46de-97dd-7daf225ba5a8 ] Request (ServerDiagnosticsNegativeTest:test_get_server_diagnostics_by_non_admin): 403 GET http://10.180.1.21/compute/v2.1/servers/535272ba-b2d0-40e9-8856-244ed5c98a03/diagnostics 1.654s
2025-02-04 16:15:00.022 63605 INFO tempest.lib.common.rest_client [req-145a6a78-7cd1-46ee-b412-0c5562c4e58d req-145a6a78-7cd1-46ee-b412-0c5562c4e58d ] Request (ServerDiagnosticsTest:test_get_server_diagnostics): 201 POST http://10.180.1.21/identity/v3/auth/tokens 0.075s
2025-02-04 16:15:00.022 63605 INFO tempest.lib.common.fixed_network [-] (ServerDiagnosticsTest:test_get_server_diagnostics) Found network None available for tenant
2025-02-04 16:15:00.024 63603 INFO tempest.lib.common.rest_client [req-8089d861-f4f2-434a-8b8c-b956cbe4ba0f req-8089d861-f4f2-434a-8b8c-b956cbe4ba0f ] Request (FloatingIPsAssociationNegativeTestJSON:setUpClass): 201 POST http://10.180.1.21:9696/networking/v2.0/subnets 0.452s
2025-02-04 16:15:00.091 63591 INFO tempest.lib.common.rest_client [req-df0a1b12-777a-4416-ad0b-096fc22e568a req-df0a1b12-777a-4416-ad0b-096fc22e568a ] Request (ServersWithSpecificFlavorTestJSON:test_verify_created_server_ephemeral_disk): 200 GET http://10.180.1.21/compute/v2.1/servers/84f6a426-aa80-46a9-a5a9-0c6fb01d0ab6 1.723s
2025-02-04 16:15:00.111 63579 INFO tempest.lib.common.rest_client [req-6827b2cd-06c6-4e58-98e3-aca0edfdf403 req-6827b2cd-06c6-4e58-98e3-aca0edfdf403 ] Request (FlavorsAccessNegativeTestJSON:_run_cleanups): 200 POST http://10.180.1.21/compute/v2.1/flavors/788665023/action 1.759s
2025-02-04 16:15:00.187 63637 INFO tempest.lib.common.rest_client [req-afb6e92b-fa49-4830-bf5f-acb58a2fb499 req-afb6e92b-fa49-4830-bf5f-acb58a2fb499 ] Request (AbsoluteLimitsNegativeTestJSON:tearDownClass): 204 DELETE http://10.180.1.21/identity/v3/users/b86ac151e1514cb3aa144fddba38453f 0.220s
2025-02-04 16:15:00.188 63637 INFO tempest.lib.common.dynamic_creds [-] Deleting project and security group for project: af7693f88510433e8f9f3ab07fa93f52
2025-02-04 16:15:00.193 63629 INFO tempest.lib.common.rest_client [req-329eb8dc-6cb4-451f-83ab-03e894f0bd57 req-329eb8dc-6cb4-451f-83ab-03e894f0bd57 ] Request (QuotasSecurityGroupAdminNegativeTest:tearDownClass): 204 DELETE http://10.180.1.21:9696/networking/v2.0/security-groups/83a649ba-54ed-40cc-a5a4-e48dc846a79d 0.211s
2025-02-04 16:15:00.198 63593 INFO tempest.lib.common.rest_client [req-d395202d-7813-4229-a59b-eed620579e14 req-d395202d-7813-4229-a59b-eed620579e14 ] Request (QuotasAdminTestV257:test_get_updated_quotas): 200 GET http://10.180.1.21/identity/v3/domains?name=Default 0.183s
2025-02-04 16:15:00.209 63609 INFO tempest.lib.common.rest_client [req-613d5ff0-8773-41a1-b9ac-064729416de0 req-613d5ff0-8773-41a1-b9ac-064729416de0 ] Request (ServersAaction247Test:test_create_backup): 200 GET http://10.180.1.21/compute/v2.1/servers/099d6c93-4684-4394-9a91-fa1c055c9a60 1.251s
2025-02-04 16:15:00.262 63637 INFO tempest.lib.common.rest_client [req-e25a6a02-93a2-4de2-b4bf-bee205771cef req-e25a6a02-93a2-4de2-b4bf-bee205771cef ] Request (AbsoluteLimitsNegativeTestJSON:tearDownClass): 201 POST http://10.180.1.21/identity/v3/auth/tokens 0.074s
2025-02-04 16:15:00.325 63629 INFO tempest.lib.common.rest_client [req-a6b0db76-735e-425e-b209-553d9617d0da req-a6b0db76-735e-425e-b209-553d9617d0da ] Request (QuotasSecurityGroupAdminNegativeTest:tearDownClass): 204 DELETE http://10.180.1.21/identity/v3/projects/60673c55070c4cf4be9bff62da4c3478 0.131s
2025-02-04 16:15:00.326 63629 INFO tempest.test [-] raised in TestVolumeSwap.setUpClass. Invoking tearDownClass.
2025-02-04 16:15:00.345 63583 INFO tempest.lib.common.rest_client [req-ce245f69-7173-47ce-8eb7-e9770f8452c8 req-ce245f69-7173-47ce-8eb7-e9770f8452c8 ] Request (MigrationsAdminTest:test_list_migrations_in_flavor_resize_situation): 200 GET http://10.180.1.21/compute/v2.1/servers/d1cb9a44-ac61-41ee-b6c4-5611b6358f7e 1.532s
2025-02-04 16:15:00.352 63583 INFO tempest.common.waiters [-] State transition "BUILD/spawning" ==> "ACTIVE/None" after 23 second wait
2025-02-04 16:15:00.406 63639 INFO tempest.lib.common.rest_client [req-a521ba30-dba1-4070-9a83-215bff0f7484 req-a521ba30-dba1-4070-9a83-215bff0f7484 ] Request (FlavorsExtraSpecsNegativeTestJSON:test_flavor_non_admin_unset_keys): 200 POST http://10.180.1.21/compute/v2.1/flavors/852234175/os-extra_specs 1.101s
2025-02-04 16:15:00.411 63631 INFO tempest.lib.common.rest_client [req-2ab875fd-5f85-4063-90e3-1201fc6307bc req-2ab875fd-5f85-4063-90e3-1201fc6307bc ] Request (ServersTestMultiNic:test_verify_duplicate_network_nics): 201 POST http://10.180.1.21:9696/networking/v2.0/subnets 0.516s
2025-02-04 16:15:00.416 63593 INFO tempest.lib.common.rest_client [req-065ef796-074d-472a-9039-ad030ad2d6ca req-065ef796-074d-472a-9039-ad030ad2d6ca ] Request (QuotasAdminTestV257:test_get_updated_quotas): 201 POST http://10.180.1.21/identity/v3/projects 0.217s
2025-02-04 16:15:00.444 63597 INFO tempest.lib.common.rest_client [req-b8023783-cc79-44b2-804a-4e60f916eaaf req-b8023783-cc79-44b2-804a-4e60f916eaaf ] Request (TenantUsagesTestJSON:test_get_usage_tenant_with_non_admin_user): 200 GET http://10.180.1.21/compute/v2.1/os-simple-tenant-usage/d4765684d0e442e384022d869bc8d525?start=2025-02-03T16%3A14%3A57.464061&end=2025-02-05T16%3A14%3A57.464061 1.136s
2025-02-04 16:15:00.468 63585 INFO tempest.lib.common.rest_client [req-ab17f99c-0501-48cc-9adb-ff8e1bca3861 req-ab17f99c-0501-48cc-9adb-ff8e1bca3861 ] Request (KeyPairsV22TestJSON:_run_cleanups): 204 DELETE http://10.180.1.21/compute/v2.1/os-keypairs/tempest-keypair-1701826324 1.151s
2025-02-04 16:15:00.510 63613 INFO tempest.lib.common.rest_client [req-7de58e38-4f7d-4df1-b695-f1333b405231 req-7de58e38-4f7d-4df1-b695-f1333b405231 ] Request (AggregatesAdminNegativeTestJSON:test_aggregate_delete_as_user): 200 POST http://10.180.1.21/compute/v2.1/os-aggregates 1.173s
2025-02-04 16:15:00.511 63629 INFO tempest.lib.common.rest_client [req-2f8bc5e3-8278-4d63-9560-d4ac868156ac req-2f8bc5e3-8278-4d63-9560-d4ac868156ac ] Request (VolumesGetTestJSON:setUpClass): 201 POST http://10.180.1.21/identity/v3/auth/tokens 0.180s
2025-02-04 16:15:00.626 63585 INFO tempest.lib.common.rest_client [req-8d6257b0-1d46-429b-9cda-8a14af94c0bb req-8d6257b0-1d46-429b-9cda-8a14af94c0bb ] Request (KeyPairsV22TestJSON:tearDownClass): 204 DELETE http://10.180.1.21/identity/v3/users/d1945c5e68fa4385911e3b3a0066ff6c 0.156s
2025-02-04 16:15:00.626 63585 INFO tempest.lib.common.dynamic_creds [-] Deleting project and security group for project: 83db557e81624847acd4a8b573dadb8c
2025-02-04 16:15:00.653 63593 INFO tempest.lib.common.rest_client [req-79ffb337-eee0-40fc-9379-5fc6a6083069 req-79ffb337-eee0-40fc-9379-5fc6a6083069 ] Request (QuotasAdminTestV257:test_get_updated_quotas): 200 GET http://10.180.1.21/identity/v3/domains?name=Default 0.236s
2025-02-04 16:15:00.718 63629 INFO tempest.lib.common.rest_client [req-825c8a13-936a-4ec4-97b5-8c61e1e68789 req-825c8a13-936a-4ec4-97b5-8c61e1e68789 ] Request (VolumesGetTestJSON:setUpClass): 201 POST http://10.180.1.21/identity/v3/auth/tokens 0.202s
2025-02-04 16:15:00.722 63631 INFO tempest.lib.common.rest_client [req-0c9ef738-d3e3-469a-942f-aacbeb9497bf req-0c9ef738-d3e3-469a-942f-aacbeb9497bf ] Request (ServersTestMultiNic:test_verify_duplicate_network_nics): 201 POST http://10.180.1.21:9696/networking/v2.0/networks 0.310s
2025-02-04 16:15:00.728 63585 INFO tempest.lib.common.rest_client [req-f42465f3-0823-42b1-b723-0f96326b602b req-f42465f3-0823-42b1-b723-0f96326b602b ] Request (KeyPairsV22TestJSON:tearDownClass): 201 POST http://10.180.1.21/identity/v3/auth/tokens 0.102s
2025-02-04 16:15:00.752 63637 INFO tempest.lib.common.rest_client [req-e3418630-2f0f-493d-8bcd-4009f5a9b91d req-e3418630-2f0f-493d-8bcd-4009f5a9b91d ] Request (AbsoluteLimitsNegativeTestJSON:tearDownClass): 200 GET http://10.180.1.21:9696/networking/v2.0/security-groups?tenant_id=af7693f88510433e8f9f3ab07fa93f52&name=default 0.490s
2025-02-04 16:15:00.754 63629 INFO tempest.lib.common.rest_client [req-bd6577df-ac26-4c8a-8c6d-3ee65efd3b66 req-bd6577df-ac26-4c8a-8c6d-3ee65efd3b66 ] Request (VolumesGetTestJSON:setUpClass): 200 GET http://10.180.1.21/identity/v3/domains?name=Default 0.035s
2025-02-04 16:15:00.803 63629 INFO tempest.lib.common.rest_client [req-4f2b424f-c3c7-4fbd-8ec6-c8ce1fd557a0 req-4f2b424f-c3c7-4fbd-8ec6-c8ce1fd557a0 ] Request (VolumesGetTestJSON:setUpClass): 201 POST http://10.180.1.21/identity/v3/projects 0.048s
2025-02-04 16:15:00.880 63629 INFO tempest.lib.common.rest_client [req-0652c52d-2671-4375-aa74-86b6fba3f96b req-0652c52d-2671-4375-aa74-86b6fba3f96b ] Request (VolumesGetTestJSON:setUpClass): 201 POST http://10.180.1.21/identity/v3/users 0.077s
2025-02-04 16:15:00.920 63629 INFO tempest.lib.common.rest_client [req-7d041a68-0dc0-4ece-80fa-579dff62b484 req-7d041a68-0dc0-4ece-80fa-579dff62b484 ] Request (VolumesGetTestJSON:setUpClass): 200 GET http://10.180.1.21/identity/v3/roles 0.039s
2025-02-04 16:15:00.977 63629 INFO tempest.lib.common.rest_client [req-0463ba9a-f35e-432f-be9a-80f74ec8b4c5 req-0463ba9a-f35e-432f-be9a-80f74ec8b4c5 ] Request (VolumesGetTestJSON:setUpClass): 204 PUT http://10.180.1.21/identity/v3/projects/59032e64f1264d3da00c1e9f8b9112f7/users/155a94da17d64341896235b10c29cb07/roles/7881c831dcdb480c86a1e5361a2ec2b1 0.054s
2025-02-04 16:15:00.977 63629 INFO tempest.lib.common.dynamic_creds [-] Dynamic test user 155a94da17d64341896235b10c29cb07 is created with scope project and roles: ['member']
2025-02-04 16:15:00.978 63629 INFO tempest.lib.common.dynamic_creds [-] Acquired dynamic creds: credentials: Credentials: {'domain_id': 'default', 'domain_name': 'Default', 'username': 'tempest-VolumesGetTestJSON-441496366-project-member', 'project_domain_id': 'default', 'project_domain_name': 'Default', 'project_id': '59032e64f1264d3da00c1e9f8b9112f7', 'project_name': 'tempest-VolumesGetTestJSON-441496366', 'tenant_id': '59032e64f1264d3da00c1e9f8b9112f7', 'tenant_name': 'tempest-VolumesGetTestJSON-441496366', 'user_domain_id': 'default', 'user_domain_name': 'Default', 'user_id': '155a94da17d64341896235b10c29cb07', 'system': None}, Network: None, Subnet: None, Router: None
2025-02-04 16:15:00.978 63629 INFO tempest.lib.common.dynamic_creds [-] Created isolated network resources for: credentials: Credentials: {'domain_id': 'default', 'domain_name': 'Default', 'username': 'tempest-VolumesGetTestJSON-441496366-project-member', 'project_domain_id': 'default', 'project_domain_name': 'Default', 'project_id': '59032e64f1264d3da00c1e9f8b9112f7', 'project_name': 'tempest-VolumesGetTestJSON-441496366', 'tenant_id': '59032e64f1264d3da00c1e9f8b9112f7', 'tenant_name': 'tempest-VolumesGetTestJSON-441496366', 'user_domain_id': 'default', 'user_domain_name': 'Default', 'user_id': '155a94da17d64341896235b10c29cb07', 'system': None}, Network: None, Subnet: None, Router: None
2025-02-04 16:15:01.031 63607 INFO tempest.lib.common.rest_client [req-cab28a02-0739-4a9b-9c8e-1ef9d5840281 req-cab28a02-0739-4a9b-9c8e-1ef9d5840281 ] Request (SecurityGroupsTestAdminJSON:test_list_security_groups_list_all_tenants_filter): 200 POST http://10.180.1.21/compute/v2.1/os-security-groups 1.632s
2025-02-04 16:15:01.034 63635 INFO tempest.lib.common.rest_client [req-f10d6c00-ae98-4a1f-b775-b460a22f5d24 req-f10d6c00-ae98-4a1f-b775-b460a22f5d24 ] Request (ImagesOneServerNegativeTestJSON:setUpClass): 202 POST http://10.180.1.21/compute/v2.1/servers 1.892s
2025-02-04 16:15:01.060 63623 INFO tempest.lib.common.rest_client [req-1c70aa1b-bebe-4e60-b383-b9ddf43774ab req-1c70aa1b-bebe-4e60-b383-b9ddf43774ab ] Request (FlavorsAdminTestJSON:_run_cleanups): 202 DELETE http://10.180.1.21/compute/v2.1/flavors/14862686 1.574s
2025-02-04 16:15:01.100 63629 INFO tempest.lib.common.rest_client [req-94d66c63-9f02-468e-961b-315cafee7386 req-94d66c63-9f02-468e-961b-315cafee7386 ] Request (VolumesGetTestJSON:setUpClass): 201 POST http://10.180.1.21/identity/v3/auth/tokens 0.117s
2025-02-04 16:15:01.103 63631 INFO tempest.lib.common.rest_client [req-93fad5e4-750f-4d14-bb9f-add2923fb3d8 req-93fad5e4-750f-4d14-bb9f-add2923fb3d8 ] Request (ServersTestMultiNic:test_verify_duplicate_network_nics): 201 POST http://10.180.1.21:9696/networking/v2.0/subnets 0.380s
2025-02-04 16:15:01.131 63627 INFO tempest.lib.common.rest_client [req-b04cac00-ba93-4514-afe3-510270d9716c req-b04cac00-ba93-4514-afe3-510270d9716c ] Request (InstanceActionsTestJSON:setUpClass): 200 GET http://10.180.1.21/compute/v2.1/servers/9fbbc7c1-db19-4ff0-b2e0-b35fcc850441 1.631s
2025-02-04 16:15:01.137 63617 INFO tempest.lib.common.rest_client [req-9a91fd04-94a3-4bb1-af06-43dc83c7fe20 req-9a91fd04-94a3-4bb1-af06-43dc83c7fe20 ] Request (VolumesAssistedSnapshotsTest:test_volume_assisted_snapshot_create_delete): 200 GET http://10.180.1.21/compute/v2.1/servers/5fe433a6-f3de-43d2-a381-7a2c5a394c35 1.704s
2025-02-04 16:15:01.176 63631 INFO tempest.lib.common.rest_client [req-88de1849-a767-4549-abf3-8cb5c4b44508 req-88de1849-a767-4549-abf3-8cb5c4b44508 ] Request (ServersTestMultiNic:test_verify_duplicate_network_nics): 201 POST http://10.180.1.21/identity/v3/auth/tokens 0.070s
2025-02-04 16:15:01.176 63631 INFO tempest.lib.common.fixed_network [-] (ServersTestMultiNic:test_verify_duplicate_network_nics) Found network {'id': '972a905a-45f2-478d-a4bc-bf84558aee8c', 'name': 'tempest-ServersTestMultiNic-352595544-network', 'tenant_id': '3b3606221d8f449db74ead1fd4346926', 'admin_state_up': True, 'mtu': 8950, 'status': 'ACTIVE', 'subnets': [], 'shared': False, 'project_id': '3b3606221d8f449db74ead1fd4346926', 'port_security_enabled': True, 'router:external': False, 'provider:network_type': 'vlan', 'provider:physical_network': 'default', 'provider:segmentation_id': 654, 'availability_zone_hints': [], 'availability_zones': [], 'ipv4_address_scope': None, 'ipv6_address_scope': None, 'description': '', 'tags': [], 'created_at': '2025-02-04T16:14:54Z', 'updated_at': '2025-02-04T16:14:54Z', 'revision_number': 1} available for tenant
2025-02-04 16:15:01.250 63611 INFO tempest.lib.common.rest_client [req-4edda76d-3f0b-4948-9c1f-7dffa2d9e385 req-4edda76d-3f0b-4948-9c1f-7dffa2d9e385 ] Request (ListServerFiltersTestJSON:setUpClass): 200 GET http://10.180.1.21/compute/v2.1/servers/44216086-3dde-4879-8e91-3dbd796e07cf 1.706s
2025-02-04 16:15:01.305 63637 INFO tempest.lib.common.rest_client [req-7faaacee-848d-41fb-8740-9c47020ba6c4 req-7faaacee-848d-41fb-8740-9c47020ba6c4 ] Request (AbsoluteLimitsNegativeTestJSON:tearDownClass): 204 DELETE http://10.180.1.21:9696/networking/v2.0/security-groups/8bf2ea05-6453-48af-bcb2-828fe1c09036 0.552s
2025-02-04 16:15:01.334 63589 INFO tempest.lib.common.rest_client [req-ea385e04-621b-42ff-a940-4bb8cbc0a72b req-ea385e04-621b-42ff-a940-4bb8cbc0a72b ] Request (DeleteServersAdminTestJSON:test_admin_delete_servers_of_others): 200 GET http://10.180.1.21/compute/v2.1/servers/ed2923a0-e12e-4a3f-ba23-09e83ec21367 1.664s
2025-02-04 16:15:01.347 63589 INFO tempest.common.waiters [-] State transition "ACTIVE/deleting" ==> "DELETED/None" after 3 second wait
2025-02-04 16:15:01.354 63633 INFO tempest.lib.common.rest_client [req-c2b6d20b-334c-49aa-a7a0-bdf0545c662c req-c2b6d20b-334c-49aa-a7a0-bdf0545c662c ] Request (FloatingIPsAssociationTestJSON:setUpClass): 200 GET http://10.180.1.21/compute/v2.1/servers/d524fb17-62cf-42e9-a93f-0066614314a5 1.722s
2025-02-04 16:15:01.366 63585 INFO tempest.lib.common.rest_client [req-847318b3-b6a2-4943-b80d-e8c1bcecb5ec req-847318b3-b6a2-4943-b80d-e8c1bcecb5ec ] Request (KeyPairsV22TestJSON:tearDownClass): 200 GET http://10.180.1.21:9696/networking/v2.0/security-groups?tenant_id=83db557e81624847acd4a8b573dadb8c&name=default 0.637s
2025-02-04 16:15:01.374 63601 INFO tempest.lib.common.rest_client [req-f5cb3263-cf23-49cc-b5ce-98f4db48abb8 req-f5cb3263-cf23-49cc-b5ce-98f4db48abb8 ] Request (ServicesAdminNegativeV253TestJSON:test_disable_service_with_invalid_service_id): 404 PUT http://10.180.1.21/compute/v2.1/os-services/f9fd7a83-342e-4689-bd2f-cfb997e0fde7 1.579s
2025-02-04 16:15:01.403 63599 INFO tempest.lib.common.rest_client [req-33a33597-aa1f-4aae-89f8-dafcfb35135a req-33a33597-aa1f-4aae-89f8-dafcfb35135a ] Request (AttachInterfacesV270Test:test_create_get_list_interfaces): 200 GET http://10.180.1.21/compute/v2.1/servers/81ec8a31-1a26-41e0-aab1-dc4c9bc12523 1.650s
2025-02-04 16:15:01.413 63599 INFO tempest.common.waiters [-] State transition "BUILD/None" ==> "BUILD/networking" after 17 second wait
2025-02-04 16:15:01.445 63637 INFO tempest.lib.common.rest_client [req-ba388689-70cc-472a-ab92-22f390d58f91 req-ba388689-70cc-472a-ab92-22f390d58f91 ] Request (AbsoluteLimitsNegativeTestJSON:tearDownClass): 204 DELETE http://10.180.1.21/identity/v3/projects/af7693f88510433e8f9f3ab07fa93f52 0.139s
2025-02-04 16:15:01.451 63619 INFO tempest.lib.common.rest_client [req-70b4cdc1-55f1-4105-af95-5d584655c47e req-70b4cdc1-55f1-4105-af95-5d584655c47e ] Request (ServersAdminTestJSON:setUpClass): 200 GET http://10.180.1.21/compute/v2.1/servers/ab5784bb-000b-4f56-bd35-65a04620b36f 1.616s
2025-02-04 16:15:01.552 63585 INFO tempest.lib.common.rest_client [req-4c9dc4cc-6437-4eff-8a29-69aced8eae05 req-4c9dc4cc-6437-4eff-8a29-69aced8eae05 ] Request (KeyPairsV22TestJSON:tearDownClass): 204 DELETE http://10.180.1.21:9696/networking/v2.0/security-groups/2efc9ce9-6753-4d19-8c73-f0035b54f059 0.186s
2025-02-04 16:15:01.556 63637 INFO tempest.lib.common.rest_client [req-e13441c1-4661-4a81-b5a6-b42b86102c47 req-e13441c1-4661-4a81-b5a6-b42b86102c47 ] Request (SecurityGroupsTestJSON:setUpClass): 201 POST http://10.180.1.21/identity/v3/auth/tokens 0.109s
2025-02-04 16:15:01.585 63581 INFO tempest.lib.common.rest_client [req-56e04c66-6599-4afc-927e-407171515925 req-56e04c66-6599-4afc-927e-407171515925 ] Request (ServerDiagnosticsNegativeTest:tearDownClass): 204 DELETE http://10.180.1.21/compute/v2.1/servers/535272ba-b2d0-40e9-8856-244ed5c98a03 1.569s
2025-02-04 16:15:01.610 63621 INFO tempest.lib.common.rest_client [req-841f9d94-2f9c-493b-b71f-150a02488d2f req-841f9d94-2f9c-493b-b71f-150a02488d2f ] Request (HypervisorAdminNegativeUnderV252Test:test_search_hypervisor_with_non_admin_user): 403 GET http://10.180.1.21/compute/v2.1/os-hypervisors/domain-c8.fc996f14-c53b-4953-92e3-bdfa48f5cc28/search 1.674s
2025-02-04 16:15:01.635 63585 INFO tempest.lib.common.rest_client [req-2961aa8f-cf9f-4267-a677-40c3bb1a8c48 req-2961aa8f-cf9f-4267-a677-40c3bb1a8c48 ] Request (KeyPairsV22TestJSON:tearDownClass): 204 DELETE http://10.180.1.21/identity/v3/projects/83db557e81624847acd4a8b573dadb8c 0.082s
2025-02-04 16:15:01.636 63579 INFO tempest.lib.common.rest_client [req-bff48241-47da-4764-8875-8c40cd86f8c9 req-bff48241-47da-4764-8875-8c40cd86f8c9 ] Request (FlavorsAccessNegativeTestJSON:_run_cleanups): 202 DELETE http://10.180.1.21/compute/v2.1/flavors/788665023 1.523s
2025-02-04 16:15:01.663 63637 INFO tempest.lib.common.rest_client [req-31516f14-0ffd-4d80-be04-30f5a170cfcf req-31516f14-0ffd-4d80-be04-30f5a170cfcf ] Request (SecurityGroupsTestJSON:setUpClass): 201 POST http://10.180.1.21/identity/v3/auth/tokens 0.104s
2025-02-04 16:15:01.687 63585 INFO tempest.lib.common.rest_client [req-12d23f68-9ed9-4eac-a2d6-ac796edd9c6c req-12d23f68-9ed9-4eac-a2d6-ac796edd9c6c ] Request (ServerActionsTestOtherA:setUpClass): 201 POST http://10.180.1.21/identity/v3/auth/tokens 0.050s
2025-02-04 16:15:01.702 63603 INFO tempest.lib.common.rest_client [req-478b3c07-6c97-4221-ab13-f217e301f6db req-478b3c07-6c97-4221-ab13-f217e301f6db ] Request (FloatingIPsAssociationNegativeTestJSON:setUpClass): 201 POST http://10.180.1.21:9696/networking/v2.0/routers 1.677s
2025-02-04 16:15:01.716 63637 INFO tempest.lib.common.rest_client [req-974e78c8-7ea2-44b2-b3cb-3fcbde83e772 req-974e78c8-7ea2-44b2-b3cb-3fcbde83e772 ] Request (SecurityGroupsTestJSON:setUpClass): 200 GET http://10.180.1.21/identity/v3/domains?name=Default 0.053s
2025-02-04 16:15:01.743 63637 INFO tempest.lib.common.rest_client [req-6ae69d1b-bd56-47da-ace4-e76c08359d8a req-6ae69d1b-bd56-47da-ace4-e76c08359d8a ] Request (SecurityGroupsTestJSON:setUpClass): 201 POST http://10.180.1.21/identity/v3/projects 0.026s
2025-02-04 16:15:01.797 63637 INFO tempest.lib.common.rest_client [req-fdeabfbc-cca8-4226-b494-1621747b168b req-fdeabfbc-cca8-4226-b494-1621747b168b ] Request (SecurityGroupsTestJSON:setUpClass): 201 POST http://10.180.1.21/identity/v3/users 0.054s
2025-02-04 16:15:01.806 63585 INFO tempest.lib.common.rest_client [req-22f788ff-ada9-4ff7-b239-642c3025581a req-22f788ff-ada9-4ff7-b239-642c3025581a ] Request (ServerActionsTestOtherA:setUpClass): 201 POST http://10.180.1.21/identity/v3/auth/tokens 0.070s
2025-02-04 16:15:01.821 63637 INFO tempest.lib.common.rest_client [req-fc8bed37-04c1-4d29-a836-6d3ca4cfbf71 req-fc8bed37-04c1-4d29-a836-6d3ca4cfbf71 ] Request (SecurityGroupsTestJSON:setUpClass): 200 GET http://10.180.1.21/identity/v3/roles 0.023s
2025-02-04 16:15:01.835 63585 INFO tempest.lib.common.rest_client [req-c807abfa-cb05-489a-9fad-91725c69660f req-c807abfa-cb05-489a-9fad-91725c69660f ] Request (ServerActionsTestOtherA:setUpClass): 200 GET http://10.180.1.21/identity/v3/domains?name=Default 0.028s
2025-02-04 16:15:01.850 63583 INFO tempest.lib.common.rest_client [req-66138229-6a1d-4c8d-a2f2-9341f7cbc054 req-66138229-6a1d-4c8d-a2f2-9341f7cbc054 ] Request (MigrationsAdminTest:test_list_migrations_in_flavor_resize_situation): 202 POST http://10.180.1.21/compute/v2.1/servers/d1cb9a44-ac61-41ee-b6c4-5611b6358f7e/action 1.497s
2025-02-04 16:15:01.853 63639 INFO tempest.lib.common.rest_client [req-57122516-4f89-4e50-99e1-97da16eae6f2 req-57122516-4f89-4e50-99e1-97da16eae6f2 ] Request (FlavorsExtraSpecsNegativeTestJSON:test_flavor_non_admin_unset_keys): 403 DELETE http://10.180.1.21/compute/v2.1/flavors/852234175/os-extra_specs/hw:numa_nodes 1.446s
2025-02-04 16:15:01.857 63637 INFO tempest.lib.common.rest_client [req-d6940048-83f5-43f4-837a-200dabfad549 req-d6940048-83f5-43f4-837a-200dabfad549 ] Request (SecurityGroupsTestJSON:setUpClass): 204 PUT http://10.180.1.21/identity/v3/projects/7e6e23ea710841b3902fbaad494a6c7e/users/a3b573917b444d6ba38da0c1b248a55b/roles/7881c831dcdb480c86a1e5361a2ec2b1 0.036s
2025-02-04 16:15:01.857 63637 INFO tempest.lib.common.dynamic_creds [-] Dynamic test user a3b573917b444d6ba38da0c1b248a55b is created with scope project and roles: ['member']
2025-02-04 16:15:01.857 63637 INFO tempest.lib.common.dynamic_creds [-] Acquired dynamic creds: credentials: Credentials: {'domain_id': 'default', 'domain_name': 'Default', 'username': 'tempest-SecurityGroupsTestJSON-1247123572-project-member', 'project_domain_id': 'default', 'project_domain_name': 'Default', 'project_id': '7e6e23ea710841b3902fbaad494a6c7e', 'project_name': 'tempest-SecurityGroupsTestJSON-1247123572', 'tenant_id': '7e6e23ea710841b3902fbaad494a6c7e', 'tenant_name': 'tempest-SecurityGroupsTestJSON-1247123572', 'user_domain_id': 'default', 'user_domain_name': 'Default', 'user_id': 'a3b573917b444d6ba38da0c1b248a55b', 'system': None}, Network: None, Subnet: None, Router: None
2025-02-04 16:15:01.869 63585 INFO tempest.lib.common.rest_client [req-1c0d544c-5bf9-4605-a558-778e39ad0d1b req-1c0d544c-5bf9-4605-a558-778e39ad0d1b ] Request (ServerActionsTestOtherA:setUpClass): 201 POST http://10.180.1.21/identity/v3/projects 0.032s
2025-02-04 16:15:01.892 63597 INFO tempest.lib.common.rest_client [req-117f9136-3f00-4aa2-9645-0e777b6d7c8c req-117f9136-3f00-4aa2-9645-0e777b6d7c8c ] Request (TenantUsagesTestJSON:test_list_usage_all_tenants): 200 GET http://10.180.1.21/compute/v2.1/os-simple-tenant-usage?start=2025-02-03T16%3A14%3A57.464061&end=2025-02-05T16%3A14%3A57.464061&detailed=1 1.440s
2025-02-04 16:15:01.896 63613 INFO tempest.lib.common.rest_client [req-3b8667cf-6660-4723-8c58-120785a61c63 req-3b8667cf-6660-4723-8c58-120785a61c63 ] Request (AggregatesAdminNegativeTestJSON:test_aggregate_delete_as_user): 403 DELETE http://10.180.1.21/compute/v2.1/os-aggregates/5 1.372s
2025-02-04 16:15:01.917 63637 INFO tempest.lib.common.rest_client [req-43c5b665-2b89-44bf-8b62-4b3d86e49ab3 req-43c5b665-2b89-44bf-8b62-4b3d86e49ab3 ] Request (SecurityGroupsTestJSON:setUpClass): 201 POST http://10.180.1.21/identity/v3/auth/tokens 0.059s
2025-02-04 16:15:01.935 63585 INFO tempest.lib.common.rest_client [req-3811fce9-399e-4877-8e8d-aa0e0e5c33c0 req-3811fce9-399e-4877-8e8d-aa0e0e5c33c0 ] Request (ServerActionsTestOtherA:setUpClass): 201 POST http://10.180.1.21/identity/v3/users 0.066s
2025-02-04 16:15:01.955 63577 INFO tempest.lib.common.rest_client [req-d1a7ff95-1afc-408e-9fbd-c08f067d3e9f req-d1a7ff95-1afc-408e-9fbd-c08f067d3e9f ] Request (ServerExternalEventsTest:test_create_server_external_events): 200 GET http://10.180.1.21/compute/v2.1/servers/0e1bea19-9be5-4cd0-b3dd-733227998bb2 1.417s
2025-02-04 16:15:01.978 63605 INFO tempest.lib.common.rest_client [req-c5e1faf1-3406-4a17-afd2-80a938168556 req-c5e1faf1-3406-4a17-afd2-80a938168556 ] Request (ServerDiagnosticsTest:test_get_server_diagnostics): 202 POST http://10.180.1.21/compute/v2.1/servers 1.955s
2025-02-04 16:15:02.008 63625 INFO tempest.lib.common.rest_client [req-1fa4c599-77e9-4b8e-85ee-97d079bafd97 req-1fa4c599-77e9-4b8e-85ee-97d079bafd97 ] Request (ServersAdminNegativeTestJSON:setUpClass): 200 GET http://10.180.1.21/compute/v2.1/servers/b75e845b-560f-43b4-a24a-5bebe8f72016 1.434s
2025-02-04 16:15:02.011 63585 INFO tempest.lib.common.rest_client [req-01b7685d-ba52-49f6-8fa3-b96db5d980ae req-01b7685d-ba52-49f6-8fa3-b96db5d980ae ] Request (ServerActionsTestOtherA:setUpClass): 200 GET http://10.180.1.21/identity/v3/roles 0.076s
2025-02-04 16:15:02.072 63585 INFO tempest.lib.common.rest_client [req-f36619ae-1412-4d1d-abc1-a4bb73b16775 req-f36619ae-1412-4d1d-abc1-a4bb73b16775 ] Request (ServerActionsTestOtherA:setUpClass): 204 PUT http://10.180.1.21/identity/v3/projects/0cc112fd26644b7abedda679fb222d48/users/b84218f973b34596acdb302a46392745/roles/7881c831dcdb480c86a1e5361a2ec2b1 0.061s
2025-02-04 16:15:02.074 63585 INFO tempest.lib.common.dynamic_creds [-] Dynamic test user b84218f973b34596acdb302a46392745 is created with scope project and roles: ['member']
2025-02-04 16:15:02.074 63585 INFO tempest.lib.common.dynamic_creds [-] Acquired dynamic creds: credentials: Credentials: {'domain_id': 'default', 'domain_name': 'Default', 'username': 'tempest-ServerActionsTestOtherA-1060685235-project-member', 'project_domain_id': 'default', 'project_domain_name': 'Default', 'project_id': '0cc112fd26644b7abedda679fb222d48', 'project_name': 'tempest-ServerActionsTestOtherA-1060685235', 'tenant_id': '0cc112fd26644b7abedda679fb222d48', 'tenant_name': 'tempest-ServerActionsTestOtherA-1060685235', 'user_domain_id': 'default', 'user_domain_name': 'Default', 'user_id': 'b84218f973b34596acdb302a46392745', 'system': None}, Network: None, Subnet: None, Router: None
2025-02-04 16:15:02.140 63585 INFO tempest.lib.common.rest_client [req-c852e21a-c0b6-4f8d-bc7c-4632a2fee7a5 req-c852e21a-c0b6-4f8d-bc7c-4632a2fee7a5 ] Request (ServerActionsTestOtherA:setUpClass): 201 POST http://10.180.1.21/identity/v3/auth/tokens 0.065s
2025-02-04 16:15:02.165 63595 INFO tempest.lib.common.rest_client [req-75fa9d66-aca9-46a4-a028-cca063b5c066 req-75fa9d66-aca9-46a4-a028-cca063b5c066 ] Request (ImagesOneServerTestJSON:setUpClass): 200 GET http://10.180.1.21/compute/v2.1/servers/586624a7-463d-4b4d-be96-b6219fc75283 1.531s
2025-02-04 16:15:02.174 63595 INFO tempest.common.waiters [-] State transition "BUILD/networking" ==> "BUILD/spawning" after 18 second wait
2025-02-04 16:15:02.243 63587 INFO tempest.lib.common.rest_client [req-3718ad0c-d63c-4caa-afd9-015a567310ad req-3718ad0c-d63c-4caa-afd9-015a567310ad ] Request (AttachInterfacesUnderV243Test:test_add_remove_fixed_ip): 200 GET http://10.180.1.21/compute/v2.1/servers/d9b10b0a-3e6a-45a0-a11a-4351e2a3463d 1.586s
2025-02-04 16:15:02.254 63587 INFO tempest.common.waiters [-] State transition "BUILD/scheduling" ==> "BUILD/None" after 12 second wait
2025-02-04 16:15:02.268 63593 INFO tempest.lib.common.rest_client [req-a66ab9be-4b95-4e6b-aa85-d99539414463 req-a66ab9be-4b95-4e6b-aa85-d99539414463 ] Request (QuotasAdminTestV257:test_get_updated_quotas): 200 PUT http://10.180.1.21/compute/v2.1/os-quota-sets/bb62e79e01f34b94a7d384e2685aa093 1.614s
2025-02-04 16:15:02.339 63635 INFO tempest.lib.common.rest_client [req-5b454cdb-fffe-4807-9542-23d306aaaf5c req-5b454cdb-fffe-4807-9542-23d306aaaf5c ] Request (ImagesOneServerNegativeTestJSON:setUpClass): 200 GET http://10.180.1.21/compute/v2.1/servers/334f10fc-b465-4f28-a6e3-919b4342bb0f 1.303s
2025-02-04 16:15:02.371 63623 INFO tempest.lib.common.rest_client [req-6346d44c-6893-4906-aed5-b013de50085f req-6346d44c-6893-4906-aed5-b013de50085f ] Request (FlavorsAdminTestJSON:_run_cleanups): 200 GET http://10.180.1.21/compute/v2.1/flavors/detail 1.310s
2025-02-04 16:15:02.416 63637 INFO tempest.lib.common.rest_client [req-4fdc94a8-862e-4280-8687-0594e48e81be req-4fdc94a8-862e-4280-8687-0594e48e81be ] Request (SecurityGroupsTestJSON:setUpClass): 201 POST http://10.180.1.21:9696/networking/v2.0/networks 0.498s
2025-02-04 16:15:02.667 63585 INFO tempest.lib.common.rest_client [req-23981950-d9bc-4a7b-aae9-376a06674645 req-23981950-d9bc-4a7b-aae9-376a06674645 ] Request (ServerActionsTestOtherA:setUpClass): 201 POST http://10.180.1.21:9696/networking/v2.0/networks 0.526s
2025-02-04 16:15:02.829 63637 INFO tempest.lib.common.rest_client [req-c568a868-1f91-42e7-9079-f5b29595916a req-c568a868-1f91-42e7-9079-f5b29595916a ] Request (SecurityGroupsTestJSON:setUpClass): 201 POST http://10.180.1.21:9696/networking/v2.0/subnets 0.412s
2025-02-04 16:15:02.964 63629 INFO tempest.lib.common.rest_client [req-d66c0546-2610-496d-a759-be14a4886fbb req-d66c0546-2610-496d-a759-be14a4886fbb ] Request (VolumesGetTestJSON:test_volume_create_get_delete): 200 POST http://10.180.1.21/compute/v2.1/os-volumes 1.862s
2025-02-04 16:15:03.036 63591 INFO tempest.lib.common.rest_client [req-6c21bf2e-ba0e-405c-862c-f9d6196096a5 req-6c21bf2e-ba0e-405c-862c-f9d6196096a5 ] Request (ServersWithSpecificFlavorTestJSON:test_verify_created_server_ephemeral_disk): 200 GET http://10.180.1.21/compute/v2.1/servers/84f6a426-aa80-46a9-a5a9-0c6fb01d0ab6 1.930s
2025-02-04 16:15:03.067 63607 INFO tempest.lib.common.rest_client [req-8a746433-cd17-4d8c-a79b-c8daa6de25d0 req-8a746433-cd17-4d8c-a79b-c8daa6de25d0 ] Request (SecurityGroupsTestAdminJSON:test_list_security_groups_list_all_tenants_filter): 200 POST http://10.180.1.21/compute/v2.1/os-security-groups 2.030s
2025-02-04 16:15:03.169 63609 INFO tempest.lib.common.rest_client [req-9bad0524-1595-4683-9960-fa1f5304cc82 req-9bad0524-1595-4683-9960-fa1f5304cc82 ] Request (ServersAaction247Test:test_create_backup): 200 GET http://10.180.1.21/compute/v2.1/servers/099d6c93-4684-4394-9a91-fa1c055c9a60 1.945s
2025-02-04 16:15:03.185 63609 INFO tempest.common.waiters [-] State transition "BUILD/spawning" ==> "ACTIVE/None" after 25 second wait
2025-02-04 16:15:03.195 63601 INFO tempest.lib.common.rest_client [req-b46921a7-c618-4d17-b43c-c064f414c79a req-b46921a7-c618-4d17-b43c-c064f414c79a ] Request (ServicesAdminNegativeV253TestJSON:test_enable_service_with_invalid_service_id): 404 PUT http://10.180.1.21/compute/v2.1/os-services/f9fd7a83-342e-4689-bd2f-cfb997e0fde7 1.817s
2025-02-04 16:15:03.557 63585 INFO tempest.lib.common.rest_client [req-69a20040-db96-4c69-955d-62afb8eb42dd req-69a20040-db96-4c69-955d-62afb8eb42dd ] Request (ServerActionsTestOtherA:setUpClass): 201 POST http://10.180.1.21:9696/networking/v2.0/subnets 0.889s
2025-02-04 16:15:03.669 63581 INFO tempest.lib.common.rest_client [req-8116cf79-c87f-4e3b-9822-023c87ee7855 req-8116cf79-c87f-4e3b-9822-023c87ee7855 ] Request (ServerDiagnosticsNegativeTest:tearDownClass): 200 GET http://10.180.1.21/compute/v2.1/servers/535272ba-b2d0-40e9-8856-244ed5c98a03 2.082s
2025-02-04 16:15:03.685 63621 INFO tempest.lib.common.rest_client [req-1d4e6a60-b85f-498d-831b-f3e52fc11e8c req-1d4e6a60-b85f-498d-831b-f3e52fc11e8c ] Request (HypervisorAdminNegativeUnderV252Test:test_search_nonexistent_hypervisor): 404 GET http://10.180.1.21/compute/v2.1/os-hypervisors/nonexistent_hypervisor_name/search 2.074s
2025-02-04 16:15:03.720 63579 INFO tempest.lib.common.rest_client [req-8c788b61-b638-43b7-a4ed-f10f2a079d23 req-8c788b61-b638-43b7-a4ed-f10f2a079d23 ] Request (FlavorsAccessNegativeTestJSON:_run_cleanups): 200 GET http://10.180.1.21/compute/v2.1/flavors/detail 2.084s
2025-02-04 16:15:03.755 63631 INFO tempest.lib.common.rest_client [req-6f2819fe-e4e8-45a7-8a80-ca49cc80b8cc req-6f2819fe-e4e8-45a7-8a80-ca49cc80b8cc ] Request (ServersTestMultiNic:test_verify_duplicate_network_nics): 202 POST http://10.180.1.21/compute/v2.1/servers 2.578s
2025-02-04 16:15:03.784 63639 INFO tempest.lib.common.rest_client [req-bfc53e09-eecd-475c-83f5-c70677630c43 req-bfc53e09-eecd-475c-83f5-c70677630c43 ] Request (FlavorsExtraSpecsNegativeTestJSON:test_flavor_non_admin_update_specific_key): 200 POST http://10.180.1.21/compute/v2.1/flavors/852234175/os-extra_specs 1.929s
2025-02-04 16:15:03.810 63613 INFO tempest.lib.common.rest_client [req-833883d4-670f-472a-a3b6-ac2c6ac03efb req-833883d4-670f-472a-a3b6-ac2c6ac03efb ] Request (AggregatesAdminNegativeTestJSON:_run_cleanups): 200 DELETE http://10.180.1.21/compute/v2.1/os-aggregates/5 1.913s
2025-02-04 16:15:03.962 63597 INFO tempest.lib.common.rest_client [req-d21ce759-5ffd-41b9-9645-8d9cf110cea7 req-d21ce759-5ffd-41b9-9645-8d9cf110cea7 ] Request (TenantUsagesTestJSON:tearDownClass): 204 DELETE http://10.180.1.21/compute/v2.1/servers/b1acc55d-81b7-4d05-a1a7-76ae79529931 2.064s
2025-02-04 16:15:04.019 63605 INFO tempest.lib.common.rest_client [req-04dba739-5c19-4ba7-bc9f-1070a1c659b8 req-04dba739-5c19-4ba7-bc9f-1070a1c659b8 ] Request (ServerDiagnosticsTest:test_get_server_diagnostics): 200 GET http://10.180.1.21/compute/v2.1/servers/3c874db9-bb34-4324-88d9-58498c8415b3 2.039s
2025-02-04 16:15:04.094 63627 INFO tempest.lib.common.rest_client [req-7224ec10-f4d8-46e5-86cc-083df53072c1 req-7224ec10-f4d8-46e5-86cc-083df53072c1 ] Request (InstanceActionsTestJSON:setUpClass): 200 GET http://10.180.1.21/compute/v2.1/servers/9fbbc7c1-db19-4ff0-b2e0-b35fcc850441 1.952s
2025-02-04 16:15:04.103 63627 INFO tempest.common.waiters [-] State transition "BUILD/scheduling" ==> "BUILD/None" after 13 second wait
2025-02-04 16:15:04.127 63583 INFO tempest.lib.common.rest_client [req-1e282310-0f59-4656-95a7-e633daf4ca8e req-1e282310-0f59-4656-95a7-e633daf4ca8e ] Request (MigrationsAdminTest:test_list_migrations_in_flavor_resize_situation): 200 GET http://10.180.1.21/compute/v2.1/servers/d1cb9a44-ac61-41ee-b6c4-5611b6358f7e 2.277s
2025-02-04 16:15:04.150 63603 INFO tempest.lib.common.rest_client [req-3004f700-9789-497c-a46e-8b3b9499cbe2 req-3004f700-9789-497c-a46e-8b3b9499cbe2 ] Request (FloatingIPsAssociationNegativeTestJSON:setUpClass): 200 PUT http://10.180.1.21:9696/networking/v2.0/routers/ade3d187-1478-4765-ace6-b2a02819ef11/add_router_interface 2.448s
2025-02-04 16:15:04.150 63603 INFO tempest.lib.common.dynamic_creds [-] Created isolated network resources for: credentials: Credentials: {'domain_id': 'default', 'domain_name': 'Default', 'username': 'tempest-FloatingIPsAssociationNegativeTestJSON-433254131-project-member', 'project_domain_id': 'default', 'project_domain_name': 'Default', 'project_id': '31cfbf35b74141c1816af3f24bcfcd68', 'project_name': 'tempest-FloatingIPsAssociationNegativeTestJSON-433254131', 'tenant_id': '31cfbf35b74141c1816af3f24bcfcd68', 'tenant_name': 'tempest-FloatingIPsAssociationNegativeTestJSON-433254131', 'user_domain_id': 'default', 'user_domain_name': 'Default', 'user_id': '94594ab17c9d445384dca2a750beeb19', 'system': None}, Network: {'id': '9e34a8d6-5292-47b1-bb94-212053542c7a', 'name': 'tempest-FloatingIPsAssociationNegativeTestJSON-1999907272-network', 'tenant_id': '31cfbf35b74141c1816af3f24bcfcd68', 'admin_state_up': True, 'mtu': 8950, 'status': 'ACTIVE', 'subnets': [], 'shared': False, 'project_id': '31cfbf35b74141c1816af3f24bcfcd68', 'port_security_enabled': True, 'router:external': False, 'provider:network_type': 'vlan', 'provider:physical_network': 'default', 'provider:segmentation_id': 71, 'availability_zone_hints': [], 'availability_zones': [], 'ipv4_address_scope': None, 'ipv6_address_scope': None, 'description': '', 'tags': [], 'created_at': '2025-02-04T16:14:59Z', 'updated_at': '2025-02-04T16:14:59Z', 'revision_number': 1}, Subnet: {'id': 'a2fd6a1e-a1f6-488f-b448-1f1c73d592f1', 'name': 'tempest-FloatingIPsAssociationNegativeTestJSON-1999907272-subnet', 'tenant_id': '31cfbf35b74141c1816af3f24bcfcd68', 'network_id': '9e34a8d6-5292-47b1-bb94-212053542c7a', 'ip_version': 4, 'subnetpool_id': None, 'enable_dhcp': True, 'ipv6_ra_mode': None, 'ipv6_address_mode': None, 'gateway_ip': '192.168.128.1', 'cidr': '192.168.128.0/28', 'allocation_pools': [{'start': '192.168.128.2', 'end': '192.168.128.14'}], 'host_routes': [], 'dns_nameservers': [], 'description': '', 'router:external': False, 'service_types': [], 'tags': [], 'created_at': '2025-02-04T16:14:59Z', 'updated_at': '2025-02-04T16:14:59Z', 'revision_number': 0, 'project_id': '31cfbf35b74141c1816af3f24bcfcd68'}, Router: {'id': 'ade3d187-1478-4765-ace6-b2a02819ef11', 'name': 'tempest-FloatingIPsAssociationNegativeTestJSON-1999907272-router', 'tenant_id': '31cfbf35b74141c1816af3f24bcfcd68', 'admin_state_up': True, 'status': 'ACTIVE', 'external_gateway_info': {'network_id': 'b0016085-4033-47dd-9bdb-5c2cfad7c104', 'external_fixed_ips': [{'subnet_id': '5bda8bcb-61b1-42fa-be13-3f7d45bb4deb', 'ip_address': '10.180.180.225'}], 'enable_snat': True}, 'description': '', 'availability_zones': [], 'distributed': False, 'ha': False, 'availability_zone_hints': [], 'routes': [], 'flavor_id': None, 'tags': [], 'created_at': '2025-02-04T16:15:00Z', 'updated_at': '2025-02-04T16:15:01Z', 'revision_number': 2, 'project_id': '31cfbf35b74141c1816af3f24bcfcd68'}
2025-02-04 16:15:04.191 63617 INFO tempest.lib.common.rest_client [req-a4c18d83-958a-423d-bd44-3d397f69a76f req-a4c18d83-958a-423d-bd44-3d397f69a76f ] Request (VolumesAssistedSnapshotsTest:test_volume_assisted_snapshot_create_delete): 200 GET http://10.180.1.21/compute/v2.1/servers/5fe433a6-f3de-43d2-a381-7a2c5a394c35 2.045s
2025-02-04 16:15:04.253 63603 INFO tempest.lib.common.rest_client [req-67085917-835f-4e0c-87fc-b8152f97a50e req-67085917-835f-4e0c-87fc-b8152f97a50e ] Request (FloatingIPsAssociationNegativeTestJSON:setUpClass): 201 POST http://10.180.1.21/identity/v3/auth/tokens 0.100s
2025-02-04 16:15:04.257 63593 INFO tempest.lib.common.rest_client [req-aa78b662-e165-4d17-bb85-a7c7a503ad37 req-aa78b662-e165-4d17-bb85-a7c7a503ad37 ] Request (QuotasAdminTestV257:test_get_updated_quotas): 200 GET http://10.180.1.21/compute/v2.1/os-quota-sets/bb62e79e01f34b94a7d384e2685aa093/detail 1.988s
2025-02-04 16:15:04.287 63593 INFO tempest.lib.common.rest_client [req-95a75242-7fcb-4f83-bca3-b0e96c534aa4 req-95a75242-7fcb-4f83-bca3-b0e96c534aa4 ] Request (QuotasAdminTestV257:test_get_updated_quotas): 200 GET http://10.180.1.21/identity/v3/domains?name=Default 0.026s
2025-02-04 16:15:04.299 63603 INFO tempest.lib.common.rest_client [req-603eed90-eab6-47c2-b90a-143bc8107587 req-603eed90-eab6-47c2-b90a-143bc8107587 ] Request (FloatingIPsAssociationNegativeTestJSON:setUpClass): 201 POST http://10.180.1.21/identity/v3/auth/tokens 0.039s
2025-02-04 16:15:04.299 63603 INFO tempest.lib.common.fixed_network [-] (FloatingIPsAssociationNegativeTestJSON:setUpClass) Found network {'id': '9e34a8d6-5292-47b1-bb94-212053542c7a', 'name': 'tempest-FloatingIPsAssociationNegativeTestJSON-1999907272-network', 'tenant_id': '31cfbf35b74141c1816af3f24bcfcd68', 'admin_state_up': True, 'mtu': 8950, 'status': 'ACTIVE', 'subnets': [], 'shared': False, 'project_id': '31cfbf35b74141c1816af3f24bcfcd68', 'port_security_enabled': True, 'router:external': False, 'provider:network_type': 'vlan', 'provider:physical_network': 'default', 'provider:segmentation_id': 71, 'availability_zone_hints': [], 'availability_zones': [], 'ipv4_address_scope': None, 'ipv6_address_scope': None, 'description': '', 'tags': [], 'created_at': '2025-02-04T16:14:59Z', 'updated_at': '2025-02-04T16:14:59Z', 'revision_number': 1} available for tenant
2025-02-04 16:15:04.317 63593 INFO tempest.lib.common.rest_client [req-0ee8f33e-92a7-4cad-874e-ec82ab300ccb req-0ee8f33e-92a7-4cad-874e-ec82ab300ccb ] Request (QuotasAdminTestV257:test_get_updated_quotas): 201 POST http://10.180.1.21/identity/v3/users 0.029s
2025-02-04 16:15:04.343 63611 INFO tempest.lib.common.rest_client [req-8e48daa7-eeae-47d4-80d6-da88a032d8f4 req-8e48daa7-eeae-47d4-80d6-da88a032d8f4 ] Request (ListServerFiltersTestJSON:setUpClass): 200 GET http://10.180.1.21/compute/v2.1/servers/44216086-3dde-4879-8e91-3dbd796e07cf 2.085s
2025-02-04 16:15:04.344 63589 INFO tempest.lib.common.rest_client [req-aec6c25c-3116-4fba-822a-99829e0d55d4 req-aec6c25c-3116-4fba-822a-99829e0d55d4 ] Request (DeleteServersAdminTestJSON:test_admin_delete_servers_of_others): 200 GET http://10.180.1.21/compute/v2.1/servers/ed2923a0-e12e-4a3f-ba23-09e83ec21367 1.994s
2025-02-04 16:15:04.344 63593 INFO tempest.lib.common.rest_client [req-db92721a-f52c-453a-9284-53ff38fe4926 req-db92721a-f52c-453a-9284-53ff38fe4926 ] Request (QuotasAdminTestV257:test_get_updated_quotas): 200 GET http://10.180.1.21/identity/v3/domains?name=Default 0.027s
2025-02-04 16:15:04.368 63623 INFO tempest.lib.common.rest_client [req-61a103bb-d88d-4b8b-a59f-a16bfa4f491a req-61a103bb-d88d-4b8b-a59f-a16bfa4f491a ] Request (FlavorsAdminTestJSON:test_create_server_with_non_public_flavor): 200 POST http://10.180.1.21/compute/v2.1/flavors 1.988s
