2025-02-04 16:16:02.825 63637 INFO tempest.lib.common.rest_client [req-b6e57622-b74b-478d-a878-99c863c64f93 req-b6e57622-b74b-478d-a878-99c863c64f93 ] Request (SecurityGroupsTestJSON:test_list_security_groups_by_server): 200 GET http://10.180.1.21/compute/v2.1/servers/14618266-8f55-46c7-9d42-04dfbe7165d4 0.757s
2025-02-04 16:16:02.834 63637 INFO tempest.common.waiters [-] State transition "BUILD/spawning" ==> "ACTIVE/None" after 49 second wait
2025-02-04 16:16:02.850 63601 INFO tempest.lib.common.rest_client [req-605d60dd-4715-47dc-80b2-02f76867b86e req-605d60dd-4715-47dc-80b2-02f76867b86e ] Request (AttachVolumeNegativeTest:test_attach_attached_volume_to_different_server): 200 GET http://10.180.1.21/compute/v2.1/servers/05f51648-73be-4989-8574-57bc8eb882b2 0.622s
2025-02-04 16:16:02.887 63577 INFO tempest.lib.common.rest_client [req-8752f9d7-c451-4e11-a3f7-5f681dcc67fb req-8752f9d7-c451-4e11-a3f7-5f681dcc67fb ] Request (ServersAdmin275Test:test_rebuild_update_server_275): 200 GET http://10.180.1.21/compute/v2.1/servers/f5985e13-7c49-4c38-b9c9-4c23c52a1f4e 0.591s
2025-02-04 16:16:02.957 63607 INFO tempest.lib.common.rest_client [req-55cd986c-b0bb-46a1-9cf8-2310615fc3ab req-55cd986c-b0bb-46a1-9cf8-2310615fc3ab ] Request (InstanceActionsNegativeTestJSON:setUpClass): 200 GET http://10.180.1.21/compute/v2.1/servers/9d5c6605-ce4f-4db3-9f9e-74d6d06c7c12 0.609s
2025-02-04 16:16:03.010 63627 INFO tempest.lib.common.rest_client [req-794932f4-7205-4d37-bb4a-ef97325fcf3b req-794932f4-7205-4d37-bb4a-ef97325fcf3b ] Request (InstanceActionsTestJSON:tearDownClass): 200 GET http://10.180.1.21/compute/v2.1/servers/9fbbc7c1-db19-4ff0-b2e0-b35fcc850441 0.592s
2025-02-04 16:16:03.161 63631 INFO tempest.lib.common.rest_client [req-b24b16c5-f75b-4ef9-a8d8-bab6c8cf8c84 req-b24b16c5-f75b-4ef9-a8d8-bab6c8cf8c84 ] Request (ServersTestMultiNic:test_verify_duplicate_network_nics): 200 GET http://10.180.1.21/compute/v2.1/servers/7da03876-abb8-4716-89db-150c83bb5062 0.584s
2025-02-04 16:16:03.276 63591 WARNING tempest.lib.common.ssh [-] Failed to establish authenticated ssh connection to cirros@10.180.180.243 ([Errno None] Unable to connect to port 22 on 10.180.180.243). Number attempts: 4. Retry after 5 seconds.: paramiko.ssh_exception.NoValidConnectionsError: [Errno None] Unable to connect to port 22 on 10.180.180.243
2025-02-04 16:16:03.403 63603 INFO tempest.lib.common.rest_client [req-cbdfd216-ed26-4385-ac4a-bac8eb679ea6 req-cbdfd216-ed26-4385-ac4a-bac8eb679ea6 ] Request (FloatingIPsAssociationNegativeTestJSON:test_associate_ip_to_server_with_floating_ip): 200 POST http://10.180.1.21/compute/v2.1/os-floating-ips 1.084s
2025-02-04 16:16:03.514 63635 INFO tempest.lib.common.rest_client [req-d4968218-375f-4423-916c-7dd96a3f3a4d req-d4968218-375f-4423-916c-7dd96a3f3a4d ] Request (ImagesOneServerNegativeTestJSON:tearDown): 200 GET http://10.180.1.21/compute/v2.1/servers/334f10fc-b465-4f28-a6e3-919b4342bb0f 0.528s
2025-02-04 16:16:03.569 63579 INFO tempest.lib.common.rest_client [req-b22e50a7-6b68-4773-a09b-7ca19088d06a req-b22e50a7-6b68-4773-a09b-7ca19088d06a ] Request (ServersTestFqdnHostnames:test_create_server_with_fqdn_name): 200 GET http://10.180.1.21/compute/v2.1/servers/38234f24-c2a7-4190-8f54-f953f587d474 0.504s
2025-02-04 16:16:03.600 63637 INFO tempest.lib.common.rest_client [req-0a6e8fcb-8ce2-41e5-8152-56069c8dedd6 req-0a6e8fcb-8ce2-41e5-8152-56069c8dedd6 ] Request (SecurityGroupsTestJSON:test_list_security_groups_by_server): 202 POST http://10.180.1.21/compute/v2.1/servers/14618266-8f55-46c7-9d42-04dfbe7165d4/action 0.766s
2025-02-04 16:16:03.624 63599 INFO tempest.lib.common.rest_client [req-cae8be5c-6f84-40ef-a28d-1dbc70332979 req-cae8be5c-6f84-40ef-a28d-1dbc70332979 ] Request (ServersTestBootFromVolume:setUpClass): 200 GET http://10.180.1.21/volume/v3/volumes/4a97b8fc-afc3-47f8-a694-c0dca5b8daa6 0.032s
2025-02-04 16:16:03.654 63613 INFO tempest.lib.common.rest_client [req-72dbf45a-6229-4d5a-84a6-e6312be16bcb req-72dbf45a-6229-4d5a-84a6-e6312be16bcb ] Request (ServersTestManualDisk:setUpClass): 200 GET http://10.180.1.21/compute/v2.1/servers/5a0fb955-d6d5-429f-9925-244d7a943bab 0.417s
2025-02-04 16:16:03.662 63613 INFO tempest.common.waiters [-] State transition "BUILD/scheduling" ==> "BUILD/None" after 26 second wait
2025-02-04 16:16:03.694 63583 INFO tempest.lib.common.rest_client [req-175369df-fa2a-4f27-9409-cc768cc08ecb req-175369df-fa2a-4f27-9409-cc768cc08ecb ] Request (MigrationsAdminTest:test_list_migrations_in_flavor_resize_situation): 200 GET http://10.180.1.21/compute/v2.1/servers/d1cb9a44-ac61-41ee-b6c4-5611b6358f7e 0.519s
2025-02-04 16:16:03.701 63593 INFO tempest.lib.common.rest_client [req-e86a44ae-3c8e-4475-8a43-f2888571d8a9 req-e86a44ae-3c8e-4475-8a43-f2888571d8a9 ] Request (VolumesAdminNegativeTest:test_update_attached_volume_with_nonexistent_volume_in_body): 200 GET http://10.180.1.21/compute/v2.1/servers/cf19fd4d-d960-46bf-a86b-3760b5d0bfee 0.420s
2025-02-04 16:16:03.739 63619 INFO tempest.lib.common.rest_client [req-91f3f6f3-cd69-4f30-a086-327d8fc2acd5 req-91f3f6f3-cd69-4f30-a086-327d8fc2acd5 ] Request (ServersAdminTestJSON:test_create_server_with_scheduling_hint): 200 GET http://10.180.1.21/compute/v2.1/servers/a1039d78-54b2-4777-8dd2-43221a89528c 0.401s
2025-02-04 16:16:03.746 63619 INFO tempest.common.waiters [-] State transition "BUILD/None" ==> "BUILD/networking" after 41 second wait
2025-02-04 16:16:03.835 63595 INFO tempest.lib.common.rest_client [req-ee6aeea3-4e1a-407f-befa-ec2f157236e3 req-ee6aeea3-4e1a-407f-befa-ec2f157236e3 ] Request (ImagesOneServerTestJSON:tearDownClass): 200 GET http://10.180.1.21/compute/v2.1/servers/586624a7-463d-4b4d-be96-b6219fc75283 0.420s
2025-02-04 16:16:03.941 63585 INFO tempest.lib.common.rest_client [req-005939d4-23e3-411e-a3f7-c348ab14f492 req-005939d4-23e3-411e-a3f7-c348ab14f492 ] Request (ServerActionsTestOtherA:setUpClass): 200 GET http://10.180.1.21/compute/v2.1/servers/eae2ab94-da4e-45c4-a185-a245dd609514 0.486s
2025-02-04 16:16:04.005 63633 INFO tempest.lib.common.rest_client [req-605e2e02-20dc-4db4-a920-c18be1b06789 req-605e2e02-20dc-4db4-a920-c18be1b06789 ] Request (FloatingIPsAssociationTestJSON:test_associate_already_associated_floating_ip): 200 GET http://10.180.1.21/compute/v2.1/servers/ee17b483-2b67-4714-b8ef-781a358f7fce 0.537s
2025-02-04 16:16:04.078 63639 INFO tempest.lib.common.rest_client [req-301e2758-3510-45f0-86e9-1215cda6015f req-301e2758-3510-45f0-86e9-1215cda6015f ] Request (ServerAddressesTestJSON:setUpClass): 200 GET http://10.180.1.21/compute/v2.1/servers/9060d6e7-7559-460a-a2b4-9d8ab720f96a 0.571s
2025-02-04 16:16:04.156 63609 INFO tempest.lib.common.rest_client [req-5b5b5466-af0c-445a-9e27-d16bb9e5ad06 req-5b5b5466-af0c-445a-9e27-d16bb9e5ad06 ] Request (ServersNegativeTestMultiTenantJSON:setUpClass): 200 GET http://10.180.1.21/compute/v2.1/servers/fc79ec3c-aa00-466e-b660-ac43d2361bbc 0.624s
2025-02-04 16:16:04.220 63623 INFO tempest.lib.common.rest_client [req-482b4851-7484-4ce6-a5f8-7133ccc4cf84 req-482b4851-7484-4ce6-a5f8-7133ccc4cf84 ] Request (ServerMetadataNegativeTestJSON:setUpClass): 200 GET http://10.180.1.21/compute/v2.1/servers/64e84161-5eff-406a-af5b-6f9f104cebae 0.658s
2025-02-04 16:16:04.228 63603 INFO tempest.lib.common.rest_client [req-60d611e1-0991-489f-b7d8-acb4a0ef824b req-60d611e1-0991-489f-b7d8-acb4a0ef824b ] Request (FloatingIPsAssociationNegativeTestJSON:test_associate_ip_to_server_with_floating_ip): 400 POST http://10.180.1.21/compute/v2.1/servers/b6b0258f-4070-4ca1-b322-b4680b81b27e/action 0.823s
2025-02-04 16:16:04.302 63611 INFO tempest.lib.common.rest_client [req-18a9eb84-6de1-4232-a703-aec98c00668f req-18a9eb84-6de1-4232-a703-aec98c00668f ] Request (ListServerFiltersTestJSON:tearDownClass): 200 GET http://10.180.1.21/compute/v2.1/servers/44216086-3dde-4879-8e91-3dbd796e07cf 0.669s
2025-02-04 16:16:04.446 63589 INFO tempest.lib.common.rest_client [req-1108f7c9-43c8-40d1-82cd-991b65ad0646 req-1108f7c9-43c8-40d1-82cd-991b65ad0646 ] Request (DeleteServersAdminTestJSON:test_delete_server_while_in_error_state): 200 GET http://10.180.1.21/compute/v2.1/servers/93c5a022-f4c9-4247-b584-3d6050e47dca 0.768s
2025-02-04 16:16:04.509 63597 INFO tempest.lib.common.rest_client [req-dacc7861-3509-4ad3-bca9-1d72198cfa67 req-dacc7861-3509-4ad3-bca9-1d72198cfa67 ] Request (ListImageFiltersTestJSON:setUpClass): 200 GET http://10.180.1.21/compute/v2.1/servers/877174d8-a4d9-4c03-bd61-81f9e541cd22 0.823s
2025-02-04 16:16:04.556 63617 WARNING tempest.lib.common.ssh [-] Failed to establish authenticated ssh connection to cirros@10.180.180.249 ([Errno None] Unable to connect to port 22 on 10.180.180.249). Number attempts: 6. Retry after 7 seconds.: paramiko.ssh_exception.NoValidConnectionsError: [Errno None] Unable to connect to port 22 on 10.180.180.249
2025-02-04 16:16:04.582 63625 INFO tempest.lib.common.rest_client [req-5591e4a6-49ac-4793-a40b-054aec02e7a3 req-5591e4a6-49ac-4793-a40b-054aec02e7a3 ] Request (ServersAdminNegativeTestJSON:test_migrate_server_invalid_state): 200 GET http://10.180.1.21/compute/v2.1/servers/1d59ae97-3d8f-4926-bc59-ec290cef74ab 0.847s
2025-02-04 16:16:04.632 63615 INFO tempest.lib.common.rest_client [req-8ffeb65d-9680-4ff3-ac0e-bde9de8248c4 req-8ffeb65d-9680-4ff3-ac0e-bde9de8248c4 ] Request (ImagesNegativeTestJSON:test_create_image_from_deleted_server): 200 GET http://10.180.1.21/compute/v2.1/servers/7d4802a6-50d2-4ac2-bca0-1e8a07618e98 0.889s
2025-02-04 16:16:04.659 63599 INFO tempest.lib.common.rest_client [req-f789a876-56d6-4faa-8e8d-bdfa5bb5a087 req-f789a876-56d6-4faa-8e8d-bdfa5bb5a087 ] Request (ServersTestBootFromVolume:setUpClass): 200 GET http://10.180.1.21/volume/v3/volumes/4a97b8fc-afc3-47f8-a694-c0dca5b8daa6 0.028s
2025-02-04 16:16:04.697 63605 INFO tempest.lib.common.rest_client [req-8ff8a69b-e8ec-4ceb-bb14-dc389a46e948 req-8ff8a69b-e8ec-4ceb-bb14-dc389a46e948 ] Request (ServerDiagnosticsTest:tearDownClass): 200 GET http://10.180.1.21/compute/v2.1/servers/3c874db9-bb34-4324-88d9-58498c8415b3 0.898s
2025-02-04 16:16:04.754 63601 INFO tempest.lib.common.rest_client [req-fc67c89d-3281-460c-8b11-9cfe4876c13d req-fc67c89d-3281-460c-8b11-9cfe4876c13d ] Request (AttachVolumeNegativeTest:test_attach_attached_volume_to_different_server): 200 GET http://10.180.1.21/compute/v2.1/servers/05f51648-73be-4989-8574-57bc8eb882b2 0.889s
2025-02-04 16:16:04.818 63577 INFO tempest.lib.common.rest_client [req-bafdcc0a-f190-4005-b413-af75ac2c64dc req-bafdcc0a-f190-4005-b413-af75ac2c64dc ] Request (ServersAdmin275Test:test_rebuild_update_server_275): 200 GET http://10.180.1.21/compute/v2.1/servers/f5985e13-7c49-4c38-b9c9-4c23c52a1f4e 0.922s
2025-02-04 16:16:04.868 63607 INFO tempest.lib.common.rest_client [req-e715d17f-f4d8-4d7c-8407-333531f90fdf req-e715d17f-f4d8-4d7c-8407-333531f90fdf ] Request (InstanceActionsNegativeTestJSON:setUpClass): 200 GET http://10.180.1.21/compute/v2.1/servers/9d5c6605-ce4f-4db3-9f9e-74d6d06c7c12 0.902s
2025-02-04 16:16:04.919 63627 INFO tempest.lib.common.rest_client [req-8544e756-8f45-4e5c-af27-0fc8da62f412 req-8544e756-8f45-4e5c-af27-0fc8da62f412 ] Request (InstanceActionsTestJSON:tearDownClass): 200 GET http://10.180.1.21/compute/v2.1/servers/9fbbc7c1-db19-4ff0-b2e0-b35fcc850441 0.901s
2025-02-04 16:16:05.079 63631 INFO tempest.lib.common.rest_client [req-709ecc34-5170-49cd-aa3b-c8845ff72640 req-709ecc34-5170-49cd-aa3b-c8845ff72640 ] Request (ServersTestMultiNic:test_verify_duplicate_network_nics): 200 GET http://10.180.1.21/compute/v2.1/servers/7da03876-abb8-4716-89db-150c83bb5062 0.897s
2025-02-04 16:16:05.093 63631 INFO tempest.common.waiters [-] State transition "BUILD/spawning" ==> "ACTIVE/None" after 60 second wait
2025-02-04 16:16:05.152 63637 INFO tempest.lib.common.rest_client [req-477fe4ef-0f39-443c-90c6-0eec63a71965 req-477fe4ef-0f39-443c-90c6-0eec63a71965 ] Request (SecurityGroupsTestJSON:test_list_security_groups_by_server): 202 POST http://10.180.1.21/compute/v2.1/servers/14618266-8f55-46c7-9d42-04dfbe7165d4/action 1.551s
2025-02-04 16:16:05.283 63635 INFO tempest.lib.common.rest_client [req-4dd53215-0b7d-4a76-a74d-ff271f3d0740 req-4dd53215-0b7d-4a76-a74d-ff271f3d0740 ] Request (ImagesOneServerNegativeTestJSON:tearDown): 200 GET http://10.180.1.21/compute/v2.1/servers/334f10fc-b465-4f28-a6e3-919b4342bb0f 0.759s
2025-02-04 16:16:05.329 63579 INFO tempest.lib.common.rest_client [req-0724b905-91c7-4a49-923b-6be05d3dca50 req-0724b905-91c7-4a49-923b-6be05d3dca50 ] Request (ServersTestFqdnHostnames:test_create_server_with_fqdn_name): 200 GET http://10.180.1.21/compute/v2.1/servers/38234f24-c2a7-4190-8f54-f953f587d474 0.752s
2025-02-04 16:16:05.377 63613 INFO tempest.lib.common.rest_client [req-d69d7802-4e3a-478c-8e3d-c3d2e21d6bc7 req-d69d7802-4e3a-478c-8e3d-c3d2e21d6bc7 ] Request (ServersTestManualDisk:setUpClass): 200 GET http://10.180.1.21/compute/v2.1/servers/5a0fb955-d6d5-429f-9925-244d7a943bab 0.714s
2025-02-04 16:16:05.396 63603 INFO tempest.lib.common.rest_client [req-5d03175b-9cf1-412c-b787-7721a3d02930 req-5d03175b-9cf1-412c-b787-7721a3d02930 ] Request (FloatingIPsAssociationNegativeTestJSON:_run_cleanups): 202 DELETE http://10.180.1.21/compute/v2.1/os-floating-ips/fb52db1f-90d2-48af-a788-45d98d9fcff4 1.168s
2025-02-04 16:16:05.446 63593 INFO tempest.lib.common.rest_client [req-acd3ce1c-ab75-49e3-850d-3b0d8fbae80b req-acd3ce1c-ab75-49e3-850d-3b0d8fbae80b ] Request (VolumesAdminNegativeTest:test_update_attached_volume_with_nonexistent_volume_in_body): 200 GET http://10.180.1.21/compute/v2.1/servers/cf19fd4d-d960-46bf-a86b-3760b5d0bfee 0.738s
2025-02-04 16:16:05.510 63583 INFO tempest.lib.common.rest_client [req-a37d4828-e634-4e21-baae-e3a49eb71cb6 req-a37d4828-e634-4e21-baae-e3a49eb71cb6 ] Request (MigrationsAdminTest:test_list_migrations_in_flavor_resize_situation): 200 GET http://10.180.1.21/compute/v2.1/servers/d1cb9a44-ac61-41ee-b6c4-5611b6358f7e 0.807s
2025-02-04 16:16:05.551 63619 INFO tempest.lib.common.rest_client [req-6c618dd9-a392-4753-abc2-eff27ab29a12 req-6c618dd9-a392-4753-abc2-eff27ab29a12 ] Request (ServersAdminTestJSON:test_create_server_with_scheduling_hint): 200 GET http://10.180.1.21/compute/v2.1/servers/a1039d78-54b2-4777-8dd2-43221a89528c 0.804s
2025-02-04 16:16:05.560 63619 INFO tempest.common.waiters [-] State transition "BUILD/networking" ==> "BUILD/spawning" after 43 second wait
2025-02-04 16:16:05.568 63595 INFO tempest.lib.common.rest_client [req-6dc1840b-0ae7-4500-aa76-01336afc1034 req-6dc1840b-0ae7-4500-aa76-01336afc1034 ] Request (ImagesOneServerTestJSON:tearDownClass): 200 GET http://10.180.1.21/compute/v2.1/servers/586624a7-463d-4b4d-be96-b6219fc75283 0.722s
2025-02-04 16:16:05.623 63633 INFO tempest.lib.common.rest_client [req-70ebd03f-6aa0-47cc-902c-6e0fcd2befca req-70ebd03f-6aa0-47cc-902c-6e0fcd2befca ] Request (FloatingIPsAssociationTestJSON:test_associate_already_associated_floating_ip): 200 GET http://10.180.1.21/compute/v2.1/servers/ee17b483-2b67-4714-b8ef-781a358f7fce 0.610s
2025-02-04 16:16:05.660 63631 INFO tempest.lib.common.rest_client [req-d662c120-c11c-4fd7-a8a8-834998db0a24 req-d662c120-c11c-4fd7-a8a8-834998db0a24 ] Request (ServersTestMultiNic:test_verify_duplicate_network_nics): 200 GET http://10.180.1.21/compute/v2.1/servers/7da03876-abb8-4716-89db-150c83bb5062/ips 0.567s
2025-02-04 16:16:05.706 63585 INFO tempest.lib.common.rest_client [req-dbc6f6fa-a0f7-4846-8d32-1ed21cf9a155 req-dbc6f6fa-a0f7-4846-8d32-1ed21cf9a155 ] Request (ServerActionsTestOtherA:setUpClass): 200 GET http://10.180.1.21/compute/v2.1/servers/eae2ab94-da4e-45c4-a185-a245dd609514 0.757s
2025-02-04 16:16:05.716 63599 INFO tempest.lib.common.rest_client [req-b819ff93-9d2b-41db-9809-d81e2b048df1 req-b819ff93-9d2b-41db-9809-d81e2b048df1 ] Request (ServersTestBootFromVolume:setUpClass): 200 GET http://10.180.1.21/volume/v3/volumes/4a97b8fc-afc3-47f8-a694-c0dca5b8daa6 0.047s
2025-02-04 16:16:05.730 63639 INFO tempest.lib.common.rest_client [req-2dab5d53-cf7f-488e-816d-0b08da48607a req-2dab5d53-cf7f-488e-816d-0b08da48607a ] Request (ServerAddressesTestJSON:setUpClass): 200 GET http://10.180.1.21/compute/v2.1/servers/9060d6e7-7559-460a-a2b4-9d8ab720f96a 0.636s
2025-02-04 16:16:05.787 63609 INFO tempest.lib.common.rest_client [req-26ba5ca9-3312-41aa-99c7-78a6fa7b908f req-26ba5ca9-3312-41aa-99c7-78a6fa7b908f ] Request (ServersNegativeTestMultiTenantJSON:setUpClass): 200 GET http://10.180.1.21/compute/v2.1/servers/fc79ec3c-aa00-466e-b660-ac43d2361bbc 0.616s
2025-02-04 16:16:05.847 63623 INFO tempest.lib.common.rest_client [req-3ffd327f-762e-4a54-9eac-615cbf3f27a4 req-3ffd327f-762e-4a54-9eac-615cbf3f27a4 ] Request (ServerMetadataNegativeTestJSON:setUpClass): 200 GET http://10.180.1.21/compute/v2.1/servers/64e84161-5eff-406a-af5b-6f9f104cebae 0.618s
2025-02-04 16:16:05.861 63637 INFO tempest.lib.common.rest_client [req-0fe8e692-6310-4ab2-a5da-d6a1762c77ec req-0fe8e692-6310-4ab2-a5da-d6a1762c77ec ] Request (SecurityGroupsTestJSON:test_list_security_groups_by_server): 200 GET http://10.180.1.21/compute/v2.1/servers/14618266-8f55-46c7-9d42-04dfbe7165d4/os-security-groups 0.708s
2025-02-04 16:16:05.910 63611 INFO tempest.lib.common.rest_client [req-f40791d1-e51c-4ba2-97ef-b2f4a513bdbb req-f40791d1-e51c-4ba2-97ef-b2f4a513bdbb ] Request (ListServerFiltersTestJSON:tearDownClass): 200 GET http://10.180.1.21/compute/v2.1/servers/44216086-3dde-4879-8e91-3dbd796e07cf 0.596s
2025-02-04 16:16:06.094 63589 INFO tempest.lib.common.rest_client [req-a608f58c-bf49-4602-94f2-cb0a33df9484 req-a608f58c-bf49-4602-94f2-cb0a33df9484 ] Request (DeleteServersAdminTestJSON:test_delete_server_while_in_error_state): 200 GET http://10.180.1.21/compute/v2.1/servers/93c5a022-f4c9-4247-b584-3d6050e47dca 0.639s
2025-02-04 16:16:06.163 63597 INFO tempest.lib.common.rest_client [req-085dbe0a-d5d4-4b93-8676-1985159f7943 req-085dbe0a-d5d4-4b93-8676-1985159f7943 ] Request (ListImageFiltersTestJSON:setUpClass): 200 GET http://10.180.1.21/compute/v2.1/servers/877174d8-a4d9-4c03-bd61-81f9e541cd22 0.645s
2025-02-04 16:16:06.232 63625 INFO tempest.lib.common.rest_client [req-fc15f9f2-f16f-4211-9976-878150929e90 req-fc15f9f2-f16f-4211-9976-878150929e90 ] Request (ServersAdminNegativeTestJSON:test_migrate_server_invalid_state): 200 GET http://10.180.1.21/compute/v2.1/servers/1d59ae97-3d8f-4926-bc59-ec290cef74ab 0.641s
2025-02-04 16:16:06.325 63615 INFO tempest.lib.common.rest_client [req-673d0191-6b93-42a5-b8c1-db1cc1cb7e21 req-673d0191-6b93-42a5-b8c1-db1cc1cb7e21 ] Request (ImagesNegativeTestJSON:test_create_image_from_deleted_server): 200 GET http://10.180.1.21/compute/v2.1/servers/7d4802a6-50d2-4ac2-bca0-1e8a07618e98 0.676s
2025-02-04 16:16:06.404 63631 INFO tempest.lib.common.rest_client [req-fb4ca2d4-f180-4a69-8f07-d9068577c721 req-fb4ca2d4-f180-4a69-8f07-d9068577c721 ] Request (ServersTestMultiNic:_run_cleanups): 204 DELETE http://10.180.1.21/compute/v2.1/servers/7da03876-abb8-4716-89db-150c83bb5062 0.741s
2025-02-04 16:16:06.479 63605 INFO tempest.lib.common.rest_client [req-56878106-5c99-4d65-abbc-f01db540739f req-56878106-5c99-4d65-abbc-f01db540739f ] Request (ServerDiagnosticsTest:tearDownClass): 200 GET http://10.180.1.21/compute/v2.1/servers/3c874db9-bb34-4324-88d9-58498c8415b3 0.773s
2025-02-04 16:16:06.541 63601 INFO tempest.lib.common.rest_client [req-080ca16d-c0fc-4075-8b56-56da94999530 req-080ca16d-c0fc-4075-8b56-56da94999530 ] Request (AttachVolumeNegativeTest:test_attach_attached_volume_to_different_server): 200 GET http://10.180.1.21/compute/v2.1/servers/05f51648-73be-4989-8574-57bc8eb882b2 0.770s
2025-02-04 16:16:06.604 63577 INFO tempest.lib.common.rest_client [req-1fa1c6d3-eed3-4a44-ad89-73edabaf9915 req-1fa1c6d3-eed3-4a44-ad89-73edabaf9915 ] Request (ServersAdmin275Test:test_rebuild_update_server_275): 200 GET http://10.180.1.21/compute/v2.1/servers/f5985e13-7c49-4c38-b9c9-4c23c52a1f4e 0.772s
2025-02-04 16:16:06.718 63637 INFO tempest.lib.common.rest_client [req-fa23bfba-9447-4826-bf0f-91d663f30ccc req-fa23bfba-9447-4826-bf0f-91d663f30ccc ] Request (SecurityGroupsTestJSON:test_security_group_create_get_delete): 200 POST http://10.180.1.21/compute/v2.1/os-security-groups 0.852s
2025-02-04 16:16:06.766 63599 INFO tempest.lib.common.rest_client [req-81132dfd-ad79-4fe6-9611-ada5aca02d61 req-81132dfd-ad79-4fe6-9611-ada5aca02d61 ] Request (ServersTestBootFromVolume:setUpClass): 200 GET http://10.180.1.21/volume/v3/volumes/4a97b8fc-afc3-47f8-a694-c0dca5b8daa6 0.036s
2025-02-04 16:16:06.800 63607 INFO tempest.lib.common.rest_client [req-9cbe20e0-1f07-41dc-9dd4-1b05f1eb58f3 req-9cbe20e0-1f07-41dc-9dd4-1b05f1eb58f3 ] Request (InstanceActionsNegativeTestJSON:setUpClass): 200 GET http://10.180.1.21/compute/v2.1/servers/9d5c6605-ce4f-4db3-9f9e-74d6d06c7c12 0.925s
2025-02-04 16:16:06.887 63627 INFO tempest.lib.common.rest_client [req-1114f83c-f13e-4802-aeec-95deea40ddd3 req-1114f83c-f13e-4802-aeec-95deea40ddd3 ] Request (InstanceActionsTestJSON:tearDownClass): 200 GET http://10.180.1.21/compute/v2.1/servers/9fbbc7c1-db19-4ff0-b2e0-b35fcc850441 0.958s
2025-02-04 16:16:06.988 63587 WARNING tempest.lib.common.ssh [-] Failed to establish authenticated ssh connection to cirros@10.180.180.163 ([Errno None] Unable to connect to port 22 on 10.180.180.163). Number attempts: 5. Retry after 6 seconds.: paramiko.ssh_exception.NoValidConnectionsError: [Errno None] Unable to connect to port 22 on 10.180.180.163
2025-02-04 16:16:07.084 63635 INFO tempest.lib.common.rest_client [req-66f5a1d9-409d-4857-82cc-6584fa28ec72 req-66f5a1d9-409d-4857-82cc-6584fa28ec72 ] Request (ImagesOneServerNegativeTestJSON:tearDown): 200 GET http://10.180.1.21/compute/v2.1/servers/334f10fc-b465-4f28-a6e3-919b4342bb0f 0.793s
2025-02-04 16:16:07.090 63635 INFO tempest.common.waiters [-] State transition "ACTIVE/image_uploading" ==> "ACTIVE/None" after 9 second wait
2025-02-04 16:16:07.134 63603 INFO tempest.lib.common.rest_client [req-cd4e9e01-9ee5-4f73-88fc-d89eb8e04fa1 req-cd4e9e01-9ee5-4f73-88fc-d89eb8e04fa1 ] Request (FloatingIPsAssociationNegativeTestJSON:_run_cleanups): 202 POST http://10.180.1.21/compute/v2.1/servers/b6b0258f-4070-4ca1-b322-b4680b81b27e/action 1.737s
2025-02-04 16:16:07.146 63579 INFO tempest.lib.common.rest_client [req-0745da4f-827e-4635-a37e-3cc630125a19 req-0745da4f-827e-4635-a37e-3cc630125a19 ] Request (ServersTestFqdnHostnames:test_create_server_with_fqdn_name): 200 GET http://10.180.1.21/compute/v2.1/servers/38234f24-c2a7-4190-8f54-f953f587d474 0.806s
2025-02-04 16:16:07.154 63579 INFO tempest.common.waiters [-] State transition "BUILD/scheduling" ==> "BUILD/None" after 27 second wait
2025-02-04 16:16:07.196 63613 INFO tempest.lib.common.rest_client [req-876e876a-6b8f-4652-9ead-34283f157374 req-876e876a-6b8f-4652-9ead-34283f157374 ] Request (ServersTestManualDisk:setUpClass): 200 GET http://10.180.1.21/compute/v2.1/servers/5a0fb955-d6d5-429f-9925-244d7a943bab 0.811s
2025-02-04 16:16:07.248 63593 INFO tempest.lib.common.rest_client [req-be1f3745-7335-433e-9690-94abfbd1d4c7 req-be1f3745-7335-433e-9690-94abfbd1d4c7 ] Request (VolumesAdminNegativeTest:test_update_attached_volume_with_nonexistent_volume_in_body): 200 GET http://10.180.1.21/compute/v2.1/servers/cf19fd4d-d960-46bf-a86b-3760b5d0bfee 0.793s
2025-02-04 16:16:07.295 63631 INFO tempest.lib.common.rest_client [req-cc4f14c4-531a-4252-b461-b886358d61d2 req-cc4f14c4-531a-4252-b461-b886358d61d2 ] Request (ServersTestMultiNic:_run_cleanups): 200 GET http://10.180.1.21/compute/v2.1/servers/7da03876-abb8-4716-89db-150c83bb5062 0.890s
2025-02-04 16:16:07.378 63583 INFO tempest.lib.common.rest_client [req-1adae7fe-4a20-4108-981c-f0c13584502f req-1adae7fe-4a20-4108-981c-f0c13584502f ] Request (MigrationsAdminTest:test_list_migrations_in_flavor_resize_situation): 200 GET http://10.180.1.21/compute/v2.1/servers/d1cb9a44-ac61-41ee-b6c4-5611b6358f7e 0.857s
2025-02-04 16:16:07.412 63619 INFO tempest.lib.common.rest_client [req-675045d6-54f0-498c-852d-7e65130cdfca req-675045d6-54f0-498c-852d-7e65130cdfca ] Request (ServersAdminTestJSON:test_create_server_with_scheduling_hint): 200 GET http://10.180.1.21/compute/v2.1/servers/a1039d78-54b2-4777-8dd2-43221a89528c 0.850s
2025-02-04 16:16:07.460 63595 INFO tempest.lib.common.rest_client [req-d3a91ef9-cadc-4b89-8489-e51237cca5dd req-d3a91ef9-cadc-4b89-8489-e51237cca5dd ] Request (ImagesOneServerTestJSON:tearDownClass): 200 GET http://10.180.1.21/compute/v2.1/servers/586624a7-463d-4b4d-be96-b6219fc75283 0.883s
2025-02-04 16:16:07.469 63633 INFO tempest.lib.common.rest_client [req-e7eeb6ba-8221-43ea-a9ee-ed5850c8b314 req-e7eeb6ba-8221-43ea-a9ee-ed5850c8b314 ] Request (FloatingIPsAssociationTestJSON:test_associate_already_associated_floating_ip): 200 GET http://10.180.1.21/compute/v2.1/servers/ee17b483-2b67-4714-b8ef-781a358f7fce 0.836s
2025-02-04 16:16:07.471 63595 INFO tempest.common.waiters [-] State transition "ACTIVE/deleting" ==> "DELETED/None" after 5 second wait
2025-02-04 16:16:07.530 63637 INFO tempest.lib.common.rest_client [req-ccc2c5d1-f90e-4c7f-af4c-9c6836d54c61 req-ccc2c5d1-f90e-4c7f-af4c-9c6836d54c61 ] Request (SecurityGroupsTestJSON:test_security_group_create_get_delete): 200 GET http://10.180.1.21/compute/v2.1/os-security-groups/3073b00a-9bd1-46d1-8ff7-90d53581253e 0.809s
2025-02-04 16:16:07.632 63585 INFO tempest.lib.common.rest_client [req-b3e7b155-08f5-495c-957d-98345c791815 req-b3e7b155-08f5-495c-957d-98345c791815 ] Request (ServerActionsTestOtherA:setUpClass): 200 GET http://10.180.1.21/compute/v2.1/servers/eae2ab94-da4e-45c4-a185-a245dd609514 0.916s
2025-02-04 16:16:07.671 63639 INFO tempest.lib.common.rest_client [req-6d09bb24-13bb-4441-b1a3-26b6d7d6ed7c req-6d09bb24-13bb-4441-b1a3-26b6d7d6ed7c ] Request (ServerAddressesTestJSON:setUpClass): 200 GET http://10.180.1.21/compute/v2.1/servers/9060d6e7-7559-460a-a2b4-9d8ab720f96a 0.932s
2025-02-04 16:16:07.678 63639 INFO tempest.common.waiters [-] State transition "BUILD/None" ==> "BUILD/spawning" after 44 second wait
2025-02-04 16:16:07.680 63609 INFO tempest.lib.common.rest_client [req-02fe02fe-0596-4250-ad83-7d96ab0c37ca req-02fe02fe-0596-4250-ad83-7d96ab0c37ca ] Request (ServersNegativeTestMultiTenantJSON:setUpClass): 200 GET http://10.180.1.21/compute/v2.1/servers/fc79ec3c-aa00-466e-b660-ac43d2361bbc 0.881s
2025-02-04 16:16:07.721 63623 INFO tempest.lib.common.rest_client [req-9ba0c41c-7ccb-41f7-9593-91e3e8f967b7 req-9ba0c41c-7ccb-41f7-9593-91e3e8f967b7 ] Request (ServerMetadataNegativeTestJSON:setUpClass): 200 GET http://10.180.1.21/compute/v2.1/servers/64e84161-5eff-406a-af5b-6f9f104cebae 0.867s
2025-02-04 16:16:07.737 63611 INFO tempest.lib.common.rest_client [req-0f5f8c99-a86b-477c-95ef-6db1ce208226 req-0f5f8c99-a86b-477c-95ef-6db1ce208226 ] Request (ListServerFiltersTestJSON:tearDownClass): 200 GET http://10.180.1.21/compute/v2.1/servers/44216086-3dde-4879-8e91-3dbd796e07cf 0.819s
2025-02-04 16:16:07.788 63635 INFO tempest.lib.common.rest_client [req-e75158a5-f928-434a-a488-f29d6e137bb8 req-e75158a5-f928-434a-a488-f29d6e137bb8 ] Request (ImagesOneServerNegativeTestJSON:_run_cleanups): 204 DELETE http://10.180.1.21/compute/v2.1/servers/334f10fc-b465-4f28-a6e3-919b4342bb0f 0.697s
2025-02-04 16:16:07.807 63599 INFO tempest.lib.common.rest_client [req-d2fbd55a-16a6-4f29-904d-a4b46c477d5e req-d2fbd55a-16a6-4f29-904d-a4b46c477d5e ] Request (ServersTestBootFromVolume:setUpClass): 200 GET http://10.180.1.21/volume/v3/volumes/4a97b8fc-afc3-47f8-a694-c0dca5b8daa6 0.031s
2025-02-04 16:16:07.826 63589 INFO tempest.lib.common.rest_client [req-3a8c77ef-908d-4f48-8cc3-e5ee33ce4d3f req-3a8c77ef-908d-4f48-8cc3-e5ee33ce4d3f ] Request (DeleteServersAdminTestJSON:test_delete_server_while_in_error_state): 200 GET http://10.180.1.21/compute/v2.1/servers/93c5a022-f4c9-4247-b584-3d6050e47dca 0.721s
2025-02-04 16:16:07.870 63597 INFO tempest.lib.common.rest_client [req-74d2bcd0-c0e4-4507-93cd-56a9cf1ee944 req-74d2bcd0-c0e4-4507-93cd-56a9cf1ee944 ] Request (ListImageFiltersTestJSON:setUpClass): 200 GET http://10.180.1.21/compute/v2.1/servers/877174d8-a4d9-4c03-bd61-81f9e541cd22 0.692s
2025-02-04 16:16:07.911 63625 INFO tempest.lib.common.rest_client [req-7fab0fe8-63fa-408e-8855-6363b0112167 req-7fab0fe8-63fa-408e-8855-6363b0112167 ] Request (ServersAdminNegativeTestJSON:test_migrate_server_invalid_state): 200 GET http://10.180.1.21/compute/v2.1/servers/1d59ae97-3d8f-4926-bc59-ec290cef74ab 0.667s
2025-02-04 16:16:07.953 63615 INFO tempest.lib.common.rest_client [req-9829d920-e723-4603-8e5e-24118afe92a1 req-9829d920-e723-4603-8e5e-24118afe92a1 ] Request (ImagesNegativeTestJSON:test_create_image_from_deleted_server): 200 GET http://10.180.1.21/compute/v2.1/servers/7d4802a6-50d2-4ac2-bca0-1e8a07618e98 0.618s
2025-02-04 16:16:08.007 63605 INFO tempest.lib.common.rest_client [req-c388db9b-cb4d-47c1-8584-fd14b3dc80f0 req-c388db9b-cb4d-47c1-8584-fd14b3dc80f0 ] Request (ServerDiagnosticsTest:tearDownClass): 200 GET http://10.180.1.21/compute/v2.1/servers/3c874db9-bb34-4324-88d9-58498c8415b3 0.516s
2025-02-04 16:16:08.097 63603 INFO tempest.lib.common.rest_client [req-99306a94-aa43-4a3e-8867-a386710545f1 req-99306a94-aa43-4a3e-8867-a386710545f1 ] Request (FloatingIPsAssociationNegativeTestJSON:_run_cleanups): 202 DELETE http://10.180.1.21/compute/v2.1/os-floating-ips/6895edf0-782f-4c3a-8f80-9cd91afd9832 0.963s
2025-02-04 16:16:08.106 63637 INFO tempest.lib.common.rest_client [req-d2a917fd-559e-457e-b0af-82d2a7715ffa req-d2a917fd-559e-457e-b0af-82d2a7715ffa ] Request (SecurityGroupsTestJSON:test_security_group_create_get_delete): 202 DELETE http://10.180.1.21/compute/v2.1/os-security-groups/3073b00a-9bd1-46d1-8ff7-90d53581253e 0.570s
2025-02-04 16:16:08.146 63601 INFO tempest.lib.common.rest_client [req-f8f4fe36-318d-4fac-b991-c494d7da1547 req-f8f4fe36-318d-4fac-b991-c494d7da1547 ] Request (AttachVolumeNegativeTest:test_attach_attached_volume_to_different_server): 200 GET http://10.180.1.21/compute/v2.1/servers/05f51648-73be-4989-8574-57bc8eb882b2 0.595s
2025-02-04 16:16:08.172 63577 INFO tempest.lib.common.rest_client [req-baee5ebd-8031-42dc-95c2-24504bf3bb6e req-baee5ebd-8031-42dc-95c2-24504bf3bb6e ] Request (ServersAdmin275Test:test_rebuild_update_server_275): 200 GET http://10.180.1.21/compute/v2.1/servers/f5985e13-7c49-4c38-b9c9-4c23c52a1f4e 0.557s
2025-02-04 16:16:08.229 63607 INFO tempest.lib.common.rest_client [req-fde435b6-54d1-498f-bab3-5d4e9766a8b8 req-fde435b6-54d1-498f-bab3-5d4e9766a8b8 ] Request (InstanceActionsNegativeTestJSON:setUpClass): 200 GET http://10.180.1.21/compute/v2.1/servers/9d5c6605-ce4f-4db3-9f9e-74d6d06c7c12 0.421s
2025-02-04 16:16:08.289 63627 INFO tempest.lib.common.rest_client [req-fbcc57b6-4358-4c1e-86ec-859405840a75 req-fbcc57b6-4358-4c1e-86ec-859405840a75 ] Request (InstanceActionsTestJSON:tearDownClass): 200 GET http://10.180.1.21/compute/v2.1/servers/9fbbc7c1-db19-4ff0-b2e0-b35fcc850441 0.391s
2025-02-04 16:16:08.298 63603 INFO tempest.lib.common.rest_client [req-8296f703-9950-43d6-9b27-5b31a65b0cde req-8296f703-9950-43d6-9b27-5b31a65b0cde ] Request (FloatingIPsAssociationNegativeTestJSON:test_associate_ip_to_server_without_passing_floating_ip): 400 POST http://10.180.1.21/compute/v2.1/servers/b6b0258f-4070-4ca1-b322-b4680b81b27e/action 0.199s
2025-02-04 16:16:08.310 63635 INFO tempest.lib.common.rest_client [req-e2cab036-6efe-4a6b-b9d9-b2283bd15450 req-e2cab036-6efe-4a6b-b9d9-b2283bd15450 ] Request (ImagesOneServerNegativeTestJSON:_run_cleanups): 200 GET http://10.180.1.21/compute/v2.1/servers/334f10fc-b465-4f28-a6e3-919b4342bb0f 0.522s
2025-02-04 16:16:08.315 63637 INFO tempest.lib.common.rest_client [req-2e4dc452-bc66-4bbe-accb-bb7cc6197c74 req-2e4dc452-bc66-4bbe-accb-bb7cc6197c74 ] Request (SecurityGroupsTestJSON:test_security_group_create_get_delete): 404 GET http://10.180.1.21/compute/v2.1/os-security-groups/3073b00a-9bd1-46d1-8ff7-90d53581253e 0.209s
2025-02-04 16:16:08.367 63579 INFO tempest.lib.common.rest_client [req-6ad716b2-5aed-4b19-872c-0f06dbab64fb req-6ad716b2-5aed-4b19-872c-0f06dbab64fb ] Request (ServersTestFqdnHostnames:test_create_server_with_fqdn_name): 200 GET http://10.180.1.21/compute/v2.1/servers/38234f24-c2a7-4190-8f54-f953f587d474 0.212s
2025-02-04 16:16:08.372 63613 INFO tempest.lib.common.rest_client [req-74ab9478-e45e-4922-90be-043842ef4bff req-74ab9478-e45e-4922-90be-043842ef4bff ] Request (ServersTestManualDisk:setUpClass): 200 GET http://10.180.1.21/compute/v2.1/servers/5a0fb955-d6d5-429f-9925-244d7a943bab 0.159s
2025-02-04 16:16:08.427 63593 INFO tempest.lib.common.rest_client [req-9c3eb053-3ae3-4895-9cdf-0f7e887012f2 req-9c3eb053-3ae3-4895-9cdf-0f7e887012f2 ] Request (VolumesAdminNegativeTest:test_update_attached_volume_with_nonexistent_volume_in_body): 200 GET http://10.180.1.21/compute/v2.1/servers/cf19fd4d-d960-46bf-a86b-3760b5d0bfee 0.171s
2025-02-04 16:16:08.518 63603 INFO tempest.lib.common.rest_client [req-f991cc3b-4eef-4d53-bdf5-1bb5e115cec1 req-f991cc3b-4eef-4d53-bdf5-1bb5e115cec1 ] Request (FloatingIPsAssociationNegativeTestJSON:test_associate_nonexistent_floating_ip): 404 POST http://10.180.1.21/compute/v2.1/servers/b6b0258f-4070-4ca1-b322-b4680b81b27e/action 0.218s
2025-02-04 16:16:08.568 63631 INFO tempest.lib.common.rest_client [req-5c96701b-d812-4510-b439-8188d0c9256e req-5c96701b-d812-4510-b439-8188d0c9256e ] Request (ServersTestMultiNic:_run_cleanups): 200 GET http://10.180.1.21/compute/v2.1/servers/7da03876-abb8-4716-89db-150c83bb5062 0.264s
2025-02-04 16:16:08.691 63583 INFO tempest.lib.common.rest_client [req-b2321c50-d251-468a-9e2b-35e4a0453b75 req-b2321c50-d251-468a-9e2b-35e4a0453b75 ] Request (MigrationsAdminTest:test_list_migrations_in_flavor_resize_situation): 200 GET http://10.180.1.21/compute/v2.1/servers/d1cb9a44-ac61-41ee-b6c4-5611b6358f7e 0.305s
2025-02-04 16:16:08.695 63637 INFO tempest.lib.common.rest_client [req-a20ca45a-ac44-46e9-96d8-7b5f0bf53567 req-a20ca45a-ac44-46e9-96d8-7b5f0bf53567 ] Request (SecurityGroupsTestJSON:test_security_groups_create_list_delete): 200 POST http://10.180.1.21/compute/v2.1/os-security-groups 0.378s
2025-02-04 16:16:08.786 63595 INFO tempest.lib.common.rest_client [req-b0be50cd-3fbc-490e-a12a-e51f10033778 req-b0be50cd-3fbc-490e-a12a-e51f10033778 ] Request (ImagesOneServerTestJSON:tearDownClass): 200 GET http://10.180.1.21/compute/v2.1/servers/586624a7-463d-4b4d-be96-b6219fc75283 0.314s
2025-02-04 16:16:08.828 63619 INFO tempest.lib.common.rest_client [req-5deba94b-6abc-4214-ac16-94ac9c079839 req-5deba94b-6abc-4214-ac16-94ac9c079839 ] Request (ServersAdminTestJSON:test_create_server_with_scheduling_hint): 200 GET http://10.180.1.21/compute/v2.1/servers/a1039d78-54b2-4777-8dd2-43221a89528c 0.408s
2025-02-04 16:16:08.852 63599 INFO tempest.lib.common.rest_client [req-c9a40d43-0f19-4c52-8716-10a5adf08759 req-c9a40d43-0f19-4c52-8716-10a5adf08759 ] Request (ServersTestBootFromVolume:setUpClass): 200 GET http://10.180.1.21/volume/v3/volumes/4a97b8fc-afc3-47f8-a694-c0dca5b8daa6 0.038s
2025-02-04 16:16:08.852 63603 INFO tempest.lib.common.rest_client [req-c554fe68-a599-42af-9c39-d516ae3b669a req-c554fe68-a599-42af-9c39-d516ae3b669a ] Request (FloatingIPsAssociationNegativeTestJSON:test_dissociate_nonexistent_floating_ip): 404 POST http://10.180.1.21/compute/v2.1/servers/b6b0258f-4070-4ca1-b322-b4680b81b27e/action 0.333s
2025-02-04 16:16:08.862 63633 INFO tempest.lib.common.rest_client [req-1e1fc6b2-815a-4638-94e8-47ba03fbdee8 req-1e1fc6b2-815a-4638-94e8-47ba03fbdee8 ] Request (FloatingIPsAssociationTestJSON:test_associate_already_associated_floating_ip): 200 GET http://10.180.1.21/compute/v2.1/servers/ee17b483-2b67-4714-b8ef-781a358f7fce 0.379s
2025-02-04 16:16:09.026 63639 INFO tempest.lib.common.rest_client [req-0c8ca78e-daea-498b-8b1e-203aeba98d9f req-0c8ca78e-daea-498b-8b1e-203aeba98d9f ] Request (ServerAddressesTestJSON:setUpClass): 200 GET http://10.180.1.21/compute/v2.1/servers/9060d6e7-7559-460a-a2b4-9d8ab720f96a 0.346s
2025-02-04 16:16:09.034 63585 INFO tempest.lib.common.rest_client [req-dd02ef73-6556-4a54-bb8b-6ec94806dbaf req-dd02ef73-6556-4a54-bb8b-6ec94806dbaf ] Request (ServerActionsTestOtherA:setUpClass): 200 GET http://10.180.1.21/compute/v2.1/servers/eae2ab94-da4e-45c4-a185-a245dd609514 0.393s
2025-02-04 16:16:09.086 63609 INFO tempest.lib.common.rest_client [req-28b139ca-4a6d-4593-ade7-7eb3f9a2efac req-28b139ca-4a6d-4593-ade7-7eb3f9a2efac ] Request (ServersNegativeTestMultiTenantJSON:setUpClass): 200 GET http://10.180.1.21/compute/v2.1/servers/fc79ec3c-aa00-466e-b660-ac43d2361bbc 0.399s
2025-02-04 16:16:09.142 63623 INFO tempest.lib.common.rest_client [req-dc8b82a7-68ac-46a2-baa3-b3e6c5dbb017 req-dc8b82a7-68ac-46a2-baa3-b3e6c5dbb017 ] Request (ServerMetadataNegativeTestJSON:setUpClass): 200 GET http://10.180.1.21/compute/v2.1/servers/64e84161-5eff-406a-af5b-6f9f104cebae 0.413s
2025-02-04 16:16:09.210 63611 INFO tempest.lib.common.rest_client [req-2b81f2e3-4fec-40ab-81d0-a2a003ca829c req-2b81f2e3-4fec-40ab-81d0-a2a003ca829c ] Request (ListServerFiltersTestJSON:tearDownClass): 200 GET http://10.180.1.21/compute/v2.1/servers/44216086-3dde-4879-8e91-3dbd796e07cf 0.466s
2025-02-04 16:16:09.267 63637 INFO tempest.lib.common.rest_client [req-58e446f8-ff94-494a-af98-e1afe01d18ae req-58e446f8-ff94-494a-af98-e1afe01d18ae ] Request (SecurityGroupsTestJSON:test_security_groups_create_list_delete): 200 POST http://10.180.1.21/compute/v2.1/os-security-groups 0.567s
2025-02-04 16:16:09.354 63589 INFO tempest.lib.common.rest_client [req-d840d05e-554f-4bd5-823c-f4a2c879e7ca req-d840d05e-554f-4bd5-823c-f4a2c879e7ca ] Request (DeleteServersAdminTestJSON:test_delete_server_while_in_error_state): 200 GET http://10.180.1.21/compute/v2.1/servers/93c5a022-f4c9-4247-b584-3d6050e47dca 0.519s
2025-02-04 16:16:09.376 63603 INFO tempest.lib.common.rest_client [req-0aae0a19-db62-49be-91b4-a9381ff15ca4 req-0aae0a19-db62-49be-91b4-a9381ff15ca4 ] Request (FloatingIPsAssociationNegativeTestJSON:tearDownClass): 204 DELETE http://10.180.1.21/compute/v2.1/servers/b6b0258f-4070-4ca1-b322-b4680b81b27e 0.521s
2025-02-04 16:16:09.440 63625 INFO tempest.lib.common.rest_client [req-1387702a-15df-43a0-ae46-79f0b1a8ea30 req-1387702a-15df-43a0-ae46-79f0b1a8ea30 ] Request (ServersAdminNegativeTestJSON:test_migrate_server_invalid_state): 200 GET http://10.180.1.21/compute/v2.1/servers/1d59ae97-3d8f-4926-bc59-ec290cef74ab 0.520s
2025-02-04 16:16:09.507 63615 INFO tempest.lib.common.rest_client [req-6cdf5dc3-72b8-4f05-8ab5-849b3918ca88 req-6cdf5dc3-72b8-4f05-8ab5-849b3918ca88 ] Request (ImagesNegativeTestJSON:test_create_image_from_deleted_server): 200 GET http://10.180.1.21/compute/v2.1/servers/7d4802a6-50d2-4ac2-bca0-1e8a07618e98 0.546s
2025-02-04 16:16:09.576 63605 INFO tempest.lib.common.rest_client [req-7cfdd80f-6fd9-4898-a21e-26a59d837576 req-7cfdd80f-6fd9-4898-a21e-26a59d837576 ] Request (ServerDiagnosticsTest:tearDownClass): 200 GET http://10.180.1.21/compute/v2.1/servers/3c874db9-bb34-4324-88d9-58498c8415b3 0.561s
2025-02-04 16:16:09.628 63601 INFO tempest.lib.common.rest_client [req-b1242d4a-34eb-41b3-b433-ebec0b1aa7ed req-b1242d4a-34eb-41b3-b433-ebec0b1aa7ed ] Request (AttachVolumeNegativeTest:test_attach_attached_volume_to_different_server): 200 GET http://10.180.1.21/compute/v2.1/servers/05f51648-73be-4989-8574-57bc8eb882b2 0.474s
2025-02-04 16:16:09.667 63597 INFO tempest.lib.common.rest_client [req-039bbe88-d535-41ec-9a94-693956ba01cf req-039bbe88-d535-41ec-9a94-693956ba01cf ] Request (ListImageFiltersTestJSON:setUpClass): 200 GET http://10.180.1.21/compute/v2.1/servers/877174d8-a4d9-4c03-bd61-81f9e541cd22 0.787s
2025-02-04 16:16:09.686 63577 INFO tempest.lib.common.rest_client [req-e1609ad9-cf67-400c-af0d-d4b39f71f99b req-e1609ad9-cf67-400c-af0d-d4b39f71f99b ] Request (ServersAdmin275Test:test_rebuild_update_server_275): 200 GET http://10.180.1.21/compute/v2.1/servers/f5985e13-7c49-4c38-b9c9-4c23c52a1f4e 0.495s
2025-02-04 16:16:09.732 63607 INFO tempest.lib.common.rest_client [req-387cf8a4-0184-4f8e-b201-3b6204c63d07 req-387cf8a4-0184-4f8e-b201-3b6204c63d07 ] Request (InstanceActionsNegativeTestJSON:setUpClass): 200 GET http://10.180.1.21/compute/v2.1/servers/9d5c6605-ce4f-4db3-9f9e-74d6d06c7c12 0.493s
2025-02-04 16:16:09.750 63627 INFO tempest.lib.common.rest_client [req-604e9afa-896d-4114-8634-fa18ffe55928 req-604e9afa-896d-4114-8634-fa18ffe55928 ] Request (InstanceActionsTestJSON:tearDownClass): 404 GET http://10.180.1.21/compute/v2.1/servers/9fbbc7c1-db19-4ff0-b2e0-b35fcc850441 0.451s
2025-02-04 16:16:09.790 63637 INFO tempest.lib.common.rest_client [req-6ed5672b-6f17-4cae-a1c6-e517e3158bf2 req-6ed5672b-6f17-4cae-a1c6-e517e3158bf2 ] Request (SecurityGroupsTestJSON:test_security_groups_create_list_delete): 200 POST http://10.180.1.21/compute/v2.1/os-security-groups 0.518s
2025-02-04 16:16:09.897 63599 INFO tempest.lib.common.rest_client [req-b5a096f2-2bdd-4a8b-b128-e09ce44bd16a req-b5a096f2-2bdd-4a8b-b128-e09ce44bd16a ] Request (ServersTestBootFromVolume:setUpClass): 200 GET http://10.180.1.21/volume/v3/volumes/4a97b8fc-afc3-47f8-a694-c0dca5b8daa6 0.037s
2025-02-04 16:16:09.931 63603 INFO tempest.lib.common.rest_client [req-e27c4068-e61a-4924-9acb-0570f3e80bca req-e27c4068-e61a-4924-9acb-0570f3e80bca ] Request (FloatingIPsAssociationNegativeTestJSON:tearDownClass): 200 GET http://10.180.1.21/compute/v2.1/servers/b6b0258f-4070-4ca1-b322-b4680b81b27e 0.555s
2025-02-04 16:16:09.978 63613 INFO tempest.lib.common.rest_client [req-d0c71360-4c92-4dbb-ba4d-93373b2e5afd req-d0c71360-4c92-4dbb-ba4d-93373b2e5afd ] Request (ServersTestManualDisk:setUpClass): 200 GET http://10.180.1.21/compute/v2.1/servers/5a0fb955-d6d5-429f-9925-244d7a943bab 0.598s
2025-02-04 16:16:10.027 63579 INFO tempest.lib.common.rest_client [req-ef65dfd3-df5c-414c-9267-fdb1e5e0727d req-ef65dfd3-df5c-414c-9267-fdb1e5e0727d ] Request (ServersTestFqdnHostnames:test_create_server_with_fqdn_name): 200 GET http://10.180.1.21/compute/v2.1/servers/38234f24-c2a7-4190-8f54-f953f587d474 0.649s
2025-02-04 16:16:10.075 63593 INFO tempest.lib.common.rest_client [req-7639272a-7115-41c8-a4cc-c540dbde5676 req-7639272a-7115-41c8-a4cc-c540dbde5676 ] Request (VolumesAdminNegativeTest:test_update_attached_volume_with_nonexistent_volume_in_body): 200 GET http://10.180.1.21/compute/v2.1/servers/cf19fd4d-d960-46bf-a86b-3760b5d0bfee 0.638s
2025-02-04 16:16:10.128 63631 INFO tempest.lib.common.rest_client [req-dc0dcc7a-031f-4153-b16d-64918f8f7c8e req-dc0dcc7a-031f-4153-b16d-64918f8f7c8e ] Request (ServersTestMultiNic:_run_cleanups): 200 GET http://10.180.1.21/compute/v2.1/servers/7da03876-abb8-4716-89db-150c83bb5062 0.547s
2025-02-04 16:16:10.170 63635 INFO tempest.lib.common.rest_client [req-540f36e5-ec11-4922-9e0f-b61a0d3023c9 req-540f36e5-ec11-4922-9e0f-b61a0d3023c9 ] Request (ImagesOneServerNegativeTestJSON:_run_cleanups): 200 GET http://10.180.1.21/compute/v2.1/servers/334f10fc-b465-4f28-a6e3-919b4342bb0f 0.848s
2025-02-04 16:16:10.249 63583 INFO tempest.lib.common.rest_client [req-b2a56e13-185f-4c36-83e0-e52fbe2189d2 req-b2a56e13-185f-4c36-83e0-e52fbe2189d2 ] Request (MigrationsAdminTest:test_list_migrations_in_flavor_resize_situation): 200 GET http://10.180.1.21/compute/v2.1/servers/d1cb9a44-ac61-41ee-b6c4-5611b6358f7e 0.547s
2025-02-04 16:16:10.315 63595 INFO tempest.lib.common.rest_client [req-6ed98896-b150-4164-8a8f-062c95513c0d req-6ed98896-b150-4164-8a8f-062c95513c0d ] Request (ImagesOneServerTestJSON:tearDownClass): 200 GET http://10.180.1.21/compute/v2.1/servers/586624a7-463d-4b4d-be96-b6219fc75283 0.521s
2025-02-04 16:16:10.394 63637 INFO tempest.lib.common.rest_client [req-4904764c-2b02-4987-8a29-84875e445dd1 req-4904764c-2b02-4987-8a29-84875e445dd1 ] Request (SecurityGroupsTestJSON:test_security_groups_create_list_delete): 200 GET http://10.180.1.21/compute/v2.1/os-security-groups 0.601s
2025-02-04 16:16:10.462 63633 INFO tempest.lib.common.rest_client [req-f35c09aa-1c79-42f6-ae7e-72c90ddc4a14 req-f35c09aa-1c79-42f6-ae7e-72c90ddc4a14 ] Request (FloatingIPsAssociationTestJSON:test_associate_already_associated_floating_ip): 200 GET http://10.180.1.21/compute/v2.1/servers/ee17b483-2b67-4714-b8ef-781a358f7fce 0.591s
2025-02-04 16:16:10.486 63619 INFO tempest.lib.common.rest_client [req-3dde6a99-8fc3-45d3-8896-4118554d8de7 req-3dde6a99-8fc3-45d3-8896-4118554d8de7 ] Request (ServersAdminTestJSON:test_create_server_with_scheduling_hint): 200 GET http://10.180.1.21/compute/v2.1/servers/a1039d78-54b2-4777-8dd2-43221a89528c 0.648s
2025-02-04 16:16:10.623 63639 INFO tempest.lib.common.rest_client [req-4fff6722-f3c0-4286-8299-26c46d37e39e req-4fff6722-f3c0-4286-8299-26c46d37e39e ] Request (ServerAddressesTestJSON:setUpClass): 200 GET http://10.180.1.21/compute/v2.1/servers/9060d6e7-7559-460a-a2b4-9d8ab720f96a 0.581s
2025-02-04 16:16:10.636 63585 INFO tempest.lib.common.rest_client [req-26c450a2-812b-41e7-8063-a8c8917ad03a req-26c450a2-812b-41e7-8063-a8c8917ad03a ] Request (ServerActionsTestOtherA:setUpClass): 200 GET http://10.180.1.21/compute/v2.1/servers/eae2ab94-da4e-45c4-a185-a245dd609514 0.589s
2025-02-04 16:16:10.690 63609 INFO tempest.lib.common.rest_client [req-eb9911d5-e47f-446b-9bf4-ad8ee5e9cd05 req-eb9911d5-e47f-446b-9bf4-ad8ee5e9cd05 ] Request (ServersNegativeTestMultiTenantJSON:setUpClass): 200 GET http://10.180.1.21/compute/v2.1/servers/fc79ec3c-aa00-466e-b660-ac43d2361bbc 0.591s
2025-02-04 16:16:10.709 63623 INFO tempest.lib.common.rest_client [req-4ab8435c-4797-4a43-b2e1-a4bdf7b6d6e9 req-4ab8435c-4797-4a43-b2e1-a4bdf7b6d6e9 ] Request (ServerMetadataNegativeTestJSON:setUpClass): 200 GET http://10.180.1.21/compute/v2.1/servers/64e84161-5eff-406a-af5b-6f9f104cebae 0.556s
2025-02-04 16:16:10.778 63611 INFO tempest.lib.common.rest_client [req-2a1fee36-745c-47c1-9814-00dd3cfbe8e3 req-2a1fee36-745c-47c1-9814-00dd3cfbe8e3 ] Request (ListServerFiltersTestJSON:tearDownClass): 200 GET http://10.180.1.21/compute/v2.1/servers/44216086-3dde-4879-8e91-3dbd796e07cf 0.554s
2025-02-04 16:16:10.888 63637 INFO tempest.lib.common.rest_client [req-8469eaac-4b1d-49be-86f9-9bffface2d52 req-8469eaac-4b1d-49be-86f9-9bffface2d52 ] Request (SecurityGroupsTestJSON:test_security_groups_create_list_delete): 202 DELETE http://10.180.1.21/compute/v2.1/os-security-groups/bd791257-a128-468e-80f3-24cc382f18dd 0.486s
2025-02-04 16:16:10.933 63589 INFO tempest.lib.common.rest_client [req-cf624354-1283-4163-9c44-9961f1301193 req-cf624354-1283-4163-9c44-9961f1301193 ] Request (DeleteServersAdminTestJSON:test_delete_server_while_in_error_state): 200 GET http://10.180.1.21/compute/v2.1/servers/93c5a022-f4c9-4247-b584-3d6050e47dca 0.567s
2025-02-04 16:16:10.940 63625 INFO tempest.lib.common.rest_client [req-ced3780f-8f3d-45f1-8e54-e3226142080b req-ced3780f-8f3d-45f1-8e54-e3226142080b ] Request (ServersAdminNegativeTestJSON:test_migrate_server_invalid_state): 200 GET http://10.180.1.21/compute/v2.1/servers/1d59ae97-3d8f-4926-bc59-ec290cef74ab 0.492s
2025-02-04 16:16:10.944 63589 INFO tempest.common.waiters [-] State transition "BUILD/spawning" ==> "ACTIVE/None" after 50 second wait
2025-02-04 16:16:10.948 63599 INFO tempest.lib.common.rest_client [req-1a08a782-a587-4895-b808-f53e0498b225 req-1a08a782-a587-4895-b808-f53e0498b225 ] Request (ServersTestBootFromVolume:setUpClass): 200 GET http://10.180.1.21/volume/v3/volumes/4a97b8fc-afc3-47f8-a694-c0dca5b8daa6 0.041s
2025-02-04 16:16:10.988 63615 INFO tempest.lib.common.rest_client [req-1c46cd31-96ac-4aa9-a15b-602e5473353b req-1c46cd31-96ac-4aa9-a15b-602e5473353b ] Request (ImagesNegativeTestJSON:test_create_image_from_deleted_server): 200 GET http://10.180.1.21/compute/v2.1/servers/7d4802a6-50d2-4ac2-bca0-1e8a07618e98 0.472s
2025-02-04 16:16:11.005 63605 INFO tempest.lib.common.rest_client [req-0644ec08-f54e-4056-be46-5f1f81a0dc5e req-0644ec08-f54e-4056-be46-5f1f81a0dc5e ] Request (ServerDiagnosticsTest:tearDownClass): 200 GET http://10.180.1.21/compute/v2.1/servers/3c874db9-bb34-4324-88d9-58498c8415b3 0.419s
2025-02-04 16:16:11.055 63601 INFO tempest.lib.common.rest_client [req-0ff876e4-0c6c-483c-9450-bdfbcb319c68 req-0ff876e4-0c6c-483c-9450-bdfbcb319c68 ] Request (AttachVolumeNegativeTest:test_attach_attached_volume_to_different_server): 200 GET http://10.180.1.21/compute/v2.1/servers/05f51648-73be-4989-8574-57bc8eb882b2 0.415s
2025-02-04 16:16:11.062 63597 INFO tempest.lib.common.rest_client [req-25fc25cd-5cab-496c-ba13-f3d7f331f474 req-25fc25cd-5cab-496c-ba13-f3d7f331f474 ] Request (ListImageFiltersTestJSON:setUpClass): 200 GET http://10.180.1.21/compute/v2.1/servers/877174d8-a4d9-4c03-bd61-81f9e541cd22 0.387s
2025-02-04 16:16:11.115 63607 INFO tempest.lib.common.rest_client [req-7db1cc90-a25f-446a-b983-26df30bba27c req-7db1cc90-a25f-446a-b983-26df30bba27c ] Request (InstanceActionsNegativeTestJSON:setUpClass): 200 GET http://10.180.1.21/compute/v2.1/servers/9d5c6605-ce4f-4db3-9f9e-74d6d06c7c12 0.375s
2025-02-04 16:16:11.121 63577 INFO tempest.lib.common.rest_client [req-87721afa-470a-4ac0-ad19-e2d581b343c2 req-87721afa-470a-4ac0-ad19-e2d581b343c2 ] Request (ServersAdmin275Test:test_rebuild_update_server_275): 200 GET http://10.180.1.21/compute/v2.1/servers/f5985e13-7c49-4c38-b9c9-4c23c52a1f4e 0.423s
2025-02-04 16:16:11.135 63637 INFO tempest.lib.common.rest_client [req-90cde17f-ca8a-4dc8-b834-b62b57c41c58 req-90cde17f-ca8a-4dc8-b834-b62b57c41c58 ] Request (SecurityGroupsTestJSON:test_security_groups_create_list_delete): 404 GET http://10.180.1.21/compute/v2.1/os-security-groups/bd791257-a128-468e-80f3-24cc382f18dd 0.247s
2025-02-04 16:16:11.146 63627 INFO tempest.lib.common.rest_client [req-a0ff8efe-c610-41de-a2ba-f01abfecaf0f req-a0ff8efe-c610-41de-a2ba-f01abfecaf0f ] Request (InstanceActionsTestJSON:tearDownClass): 200 PUT http://10.180.1.21:9696/networking/v2.0/routers/988b9c5f-52ea-4329-9f67-b936cc1d9207/remove_router_interface 1.395s
2025-02-04 16:16:11.189 63589 INFO tempest.lib.common.rest_client [req-2646c0a7-9455-48c5-b56a-b9e356ffcf4f req-2646c0a7-9455-48c5-b56a-b9e356ffcf4f ] Request (DeleteServersAdminTestJSON:test_delete_server_while_in_error_state): 202 POST http://10.180.1.21/compute/v2.1/servers/93c5a022-f4c9-4247-b584-3d6050e47dca/action 0.244s
