2025-02-04 16:15:19.748 63593 INFO tempest.lib.common.dynamic_creds [-] Created isolated network resources for: credentials: Credentials: {'domain_id': 'default', 'domain_name': 'Default', 'username': 'tempest-VolumesAdminNegativeTest-1274053067-project-admin', 'project_domain_id': 'default', 'project_domain_name': 'Default', 'project_id': '46c40c248fea4d599a8e440701f7c80d', 'project_name': 'tempest-VolumesAdminNegativeTest-1274053067', 'tenant_id': '46c40c248fea4d599a8e440701f7c80d', 'tenant_name': 'tempest-VolumesAdminNegativeTest-1274053067', 'user_domain_id': 'default', 'user_domain_name': 'Default', 'user_id': '4230594e43a145afa6971ac22fdef7be', 'system': None}, Network: {'id': '912fc5bc-8a41-4ef8-be8b-0a6b12ea7765', 'name': 'tempest-VolumesAdminNegativeTest-1134835040-network', 'tenant_id': '46c40c248fea4d599a8e440701f7c80d', 'admin_state_up': True, 'mtu': 8950, 'status': 'ACTIVE', 'subnets': [], 'shared': False, 'project_id': '46c40c248fea4d599a8e440701f7c80d', 'port_security_enabled': True, 'router:external': False, 'provider:network_type': 'vlan', 'provider:physical_network': 'default', 'provider:segmentation_id': 571, 'availability_zone_hints': [], 'availability_zones': [], 'ipv4_address_scope': None, 'ipv6_address_scope': None, 'description': '', 'tags': [], 'created_at': '2025-02-04T16:15:15Z', 'updated_at': '2025-02-04T16:15:15Z', 'revision_number': 1}, Subnet: {'id': 'f5681a50-b5f5-4641-b182-0cc573ff9fd0', 'name': 'tempest-VolumesAdminNegativeTest-1134835040-subnet', 'tenant_id': '46c40c248fea4d599a8e440701f7c80d', 'network_id': '912fc5bc-8a41-4ef8-be8b-0a6b12ea7765', 'ip_version': 4, 'subnetpool_id': None, 'enable_dhcp': True, 'ipv6_ra_mode': None, 'ipv6_address_mode': None, 'gateway_ip': '192.168.128.1', 'cidr': '192.168.128.0/28', 'allocation_pools': [{'start': '192.168.128.2', 'end': '192.168.128.14'}], 'host_routes': [], 'dns_nameservers': [], 'description': '', 'router:external': False, 'service_types': [], 'tags': [], 'created_at': '2025-02-04T16:15:15Z', 'updated_at': '2025-02-04T16:15:15Z', 'revision_number': 0, 'project_id': '46c40c248fea4d599a8e440701f7c80d'}, Router: {'id': 'eb5229a5-3595-4f3b-a875-19f664633da5', 'name': 'tempest-VolumesAdminNegativeTest-1134835040-router', 'tenant_id': '46c40c248fea4d599a8e440701f7c80d', 'admin_state_up': True, 'status': 'ACTIVE', 'external_gateway_info': {'network_id': 'b0016085-4033-47dd-9bdb-5c2cfad7c104', 'external_fixed_ips': [{'subnet_id': '5bda8bcb-61b1-42fa-be13-3f7d45bb4deb', 'ip_address': '10.180.180.219'}], 'enable_snat': True}, 'description': '', 'availability_zones': [], 'distributed': False, 'ha': False, 'availability_zone_hints': [], 'routes': [], 'flavor_id': None, 'tags': [], 'created_at': '2025-02-04T16:15:15Z', 'updated_at': '2025-02-04T16:15:16Z', 'revision_number': 2, 'project_id': '46c40c248fea4d599a8e440701f7c80d'}
2025-02-04 16:15:19.763 63595 INFO tempest.lib.common.rest_client [req-45179313-bd69-4272-8b25-6e3cdd2c0c82 req-45179313-bd69-4272-8b25-6e3cdd2c0c82 ] Request (ImagesOneServerTestJSON:test_create_delete_image): 200 GET http://10.180.1.21/compute/v2.1/images/72abc261-7b23-4105-b237-37bacccab2bd 2.201s
2025-02-04 16:15:19.832 63619 INFO tempest.lib.common.rest_client [req-102e9ec3-1885-4b08-bbe6-7d0124b6fc22 req-102e9ec3-1885-4b08-bbe6-7d0124b6fc22 ] Request (ServersAdminTestJSON:test_create_server_with_scheduling_hint): 201 POST http://10.180.1.21/identity/v3/auth/tokens 0.092s
2025-02-04 16:15:19.833 63619 INFO tempest.lib.common.fixed_network [-] (ServersAdminTestJSON:test_create_server_with_scheduling_hint) Found network {'id': '80a14db6-b156-4db8-bffc-d26945d5c4ff', 'name': 'tempest-ServersAdminTestJSON-1212426729-network', 'tenant_id': 'fbd2901687cc4bd3b7e78d780e2e7a75', 'admin_state_up': True, 'mtu': 8950, 'status': 'ACTIVE', 'subnets': [], 'shared': False, 'project_id': 'fbd2901687cc4bd3b7e78d780e2e7a75', 'port_security_enabled': True, 'router:external': False, 'provider:network_type': 'vlan', 'provider:physical_network': 'default', 'provider:segmentation_id': 599, 'availability_zone_hints': [], 'availability_zones': [], 'ipv4_address_scope': None, 'ipv6_address_scope': None, 'description': '', 'tags': [], 'created_at': '2025-02-04T16:14:25Z', 'updated_at': '2025-02-04T16:14:25Z', 'revision_number': 1} available for tenant
2025-02-04 16:15:19.850 63583 INFO tempest.lib.common.rest_client [req-c61775a5-41b6-4744-9108-a4c656432c50 req-c61775a5-41b6-4744-9108-a4c656432c50 ] Request (MigrationsAdminTest:test_list_migrations_in_flavor_resize_situation): 200 GET http://10.180.1.21/compute/v2.1/servers/d1cb9a44-ac61-41ee-b6c4-5611b6358f7e 2.367s
2025-02-04 16:15:19.857 63633 INFO tempest.lib.common.rest_client [req-c9651316-a19e-45b5-b53a-dbded661a5d9 req-c9651316-a19e-45b5-b53a-dbded661a5d9 ] Request (FloatingIPsAssociationTestJSON:setUpClass): 200 GET http://10.180.1.21/compute/v2.1/servers/d524fb17-62cf-42e9-a93f-0066614314a5 2.201s
2025-02-04 16:15:19.876 63593 INFO tempest.lib.common.rest_client [req-5746369d-4522-4970-bb15-e39832cb54d6 req-5746369d-4522-4970-bb15-e39832cb54d6 ] Request (VolumesAdminNegativeTest:setUpClass): 201 POST http://10.180.1.21/identity/v3/auth/tokens 0.124s
2025-02-04 16:15:19.890 63623 INFO tempest.lib.common.rest_client [req-30fe5947-a672-414b-a6d3-434899decd5f req-30fe5947-a672-414b-a6d3-434899decd5f ] Request (FlavorsAdminTestJSON:test_is_public_string_variations): 200 GET http://10.180.1.21/compute/v2.1/flavors/detail?is_public=t 2.092s
2025-02-04 16:15:19.963 63585 INFO tempest.lib.common.rest_client [req-c119cd2f-fccb-469e-bdf3-ff57e2bea450 req-c119cd2f-fccb-469e-bdf3-ff57e2bea450 ] Request (ServerActionsTestOtherA:setUpClass): 200 GET http://10.180.1.21/compute/v2.1/servers/eae2ab94-da4e-45c4-a185-a245dd609514 1.837s
2025-02-04 16:15:20.040 63601 INFO tempest.lib.common.rest_client [req-9bf7e0f6-309b-45b1-9109-053ca20dc0fb req-9bf7e0f6-309b-45b1-9109-053ca20dc0fb ] Request (ComputeTenantNetworksTest:test_list_show_tenant_networks): 200 GET http://10.180.1.21/compute/v2.1/os-tenant-networks/836390ae-c08f-4636-90f9-bc7cf2ba624a 1.665s
2025-02-04 16:15:20.086 63617 INFO tempest.lib.common.rest_client [req-b8292436-8ba0-4a34-9b3e-df000c8bc1ab req-b8292436-8ba0-4a34-9b3e-df000c8bc1ab ] Request (VolumesAssistedSnapshotsTest:test_volume_assisted_snapshot_create_delete): 200 GET http://10.180.1.21/compute/v2.1/servers/5fe433a6-f3de-43d2-a381-7a2c5a394c35 2.013s
2025-02-04 16:15:20.149 63589 INFO tempest.lib.common.rest_client [req-054b8665-5dbd-42c7-80b7-c741d01b5076 req-054b8665-5dbd-42c7-80b7-c741d01b5076 ] Request (DeleteServersAdminTestJSON:test_delete_server_while_in_error_state): 200 GET http://10.180.1.21/compute/v2.1/servers/93c5a022-f4c9-4247-b584-3d6050e47dca 1.430s
2025-02-04 16:15:20.215 63625 INFO tempest.lib.common.rest_client [req-22690744-7869-4069-bf8e-18b826ffe6e1 req-22690744-7869-4069-bf8e-18b826ffe6e1 ] Request (ServersAdminNegativeTestJSON:setUpClass): 200 GET http://10.180.1.21/compute/v2.1/servers/b75e845b-560f-43b4-a24a-5bebe8f72016 1.423s
2025-02-04 16:15:20.253 63577 INFO tempest.lib.common.rest_client [req-385146c6-15f7-46e5-9f87-a29fcf635d61 req-385146c6-15f7-46e5-9f87-a29fcf635d61 ] Request (ServerExternalEventsTest:test_create_server_external_events): 200 GET http://10.180.1.21/compute/v2.1/servers/0e1bea19-9be5-4cd0-b3dd-733227998bb2 1.587s
2025-02-04 16:15:20.306 63599 INFO tempest.lib.common.rest_client [req-3965d18d-05cb-48cb-9143-590d744da75f req-3965d18d-05cb-48cb-9143-590d744da75f ] Request (AttachInterfacesV270Test:tearDownClass): 204 DELETE http://10.180.1.21/compute/v2.1/servers/81ec8a31-1a26-41e0-aab1-dc4c9bc12523 1.449s
2025-02-04 16:15:20.322 63601 INFO tempest.lib.common.rest_client [req-3e325f73-4184-4c9f-bff2-26b626731c01 req-3e325f73-4184-4c9f-bff2-26b626731c01 ] Request (ComputeTenantNetworksTest:tearDownClass): 204 DELETE http://10.180.1.21:9696/networking/v2.0/networks/836390ae-c08f-4636-90f9-bc7cf2ba624a 0.278s
2025-02-04 16:15:20.364 63603 INFO tempest.lib.common.rest_client [req-351d516a-7237-46a4-a57e-0443cd5c9c4b req-351d516a-7237-46a4-a57e-0443cd5c9c4b ] Request (FloatingIPsAssociationNegativeTestJSON:setUpClass): 200 GET http://10.180.1.21/compute/v2.1/servers/b6b0258f-4070-4ca1-b322-b4680b81b27e 1.491s
2025-02-04 16:15:20.395 63613 INFO tempest.lib.common.rest_client [req-675078e5-4cca-4c30-b81d-f75ecc750a4d req-675078e5-4cca-4c30-b81d-f75ecc750a4d ] Request (AggregatesAdminNegativeTestJSON:_run_cleanups): 200 DELETE http://10.180.1.21/compute/v2.1/os-aggregates/7 1.390s
2025-02-04 16:15:20.417 63601 INFO tempest.lib.common.rest_client [req-ef3ea7a8-ac19-4659-b88e-c820ede0fbd0 req-ef3ea7a8-ac19-4659-b88e-c820ede0fbd0 ] Request (ComputeTenantNetworksTest:tearDownClass): 204 DELETE http://10.180.1.21/identity/v3/users/0300b267b6454e42bc0a46d32eee9193 0.094s
2025-02-04 16:15:20.417 63601 INFO tempest.lib.common.dynamic_creds [-] Deleting project and security group for project: bf39cfd5343b49619afcea4ea9c11102
2025-02-04 16:15:20.471 63635 INFO tempest.lib.common.rest_client [req-3c9ce0c0-7a43-433f-9c52-06469718f12c req-3c9ce0c0-7a43-433f-9c52-06469718f12c ] Request (ImagesOneServerNegativeTestJSON:setUpClass): 200 GET http://10.180.1.21/compute/v2.1/servers/334f10fc-b465-4f28-a6e3-919b4342bb0f 1.427s
2025-02-04 16:15:20.519 63601 INFO tempest.lib.common.rest_client [req-b4313a96-33ef-445f-b42a-e3459d1554b7 req-b4313a96-33ef-445f-b42a-e3459d1554b7 ] Request (ComputeTenantNetworksTest:tearDownClass): 200 GET http://10.180.1.21:9696/networking/v2.0/security-groups?tenant_id=bf39cfd5343b49619afcea4ea9c11102&name=default 0.101s
2025-02-04 16:15:20.537 63587 INFO tempest.lib.common.rest_client [req-f3112ec9-dacc-4086-9752-c7715fd9e24e req-f3112ec9-dacc-4086-9752-c7715fd9e24e ] Request (AttachInterfacesUnderV243Test:test_add_remove_fixed_ip): 200 GET http://10.180.1.21/compute/v2.1/servers/d9b10b0a-3e6a-45a0-a11a-4351e2a3463d 1.586s
2025-02-04 16:15:20.546 63587 INFO tempest.common.waiters [-] State transition "BUILD/None" ==> "BUILD/block_device_mapping" after 30 second wait
2025-02-04 16:15:20.562 63591 INFO tempest.lib.common.rest_client [req-f8bc9787-c8c1-4ba5-bac6-6611118d1300 req-f8bc9787-c8c1-4ba5-bac6-6611118d1300 ] Request (ServersWithSpecificFlavorTestJSON:test_verify_created_server_ephemeral_disk): 200 GET http://10.180.1.21/compute/v2.1/servers/84f6a426-aa80-46a9-a5a9-0c6fb01d0ab6 1.443s
2025-02-04 16:15:20.612 63631 INFO tempest.lib.common.rest_client [req-b370ef7a-fa78-47c0-b61d-2341048c20cc req-b370ef7a-fa78-47c0-b61d-2341048c20cc ] Request (ServersTestMultiNic:test_verify_duplicate_network_nics): 200 GET http://10.180.1.21/compute/v2.1/servers/7da03876-abb8-4716-89db-150c83bb5062 1.428s
2025-02-04 16:15:20.726 63611 INFO tempest.lib.common.rest_client [req-f9416aaa-ee8d-451d-bb25-5c397156127c req-f9416aaa-ee8d-451d-bb25-5c397156127c ] Request (ListServerFiltersTestJSON:test_list_servers_filter_by_active_status): 200 GET http://10.180.1.21/compute/v2.1/servers?status=active 1.230s
2025-02-04 16:15:20.728 63579 INFO tempest.lib.common.rest_client [req-2c66e14d-dae1-4830-9200-98ac7e24bbe7 req-2c66e14d-dae1-4830-9200-98ac7e24bbe7 ] Request (SecurityGroupsNegativeTestJSON:test_delete_security_group_without_passing_id): 404 DELETE http://10.180.1.21/compute/v2.1/os-security-groups/ 1.152s
2025-02-04 16:15:20.818 63621 INFO tempest.lib.common.rest_client [req-35c9c287-96ed-4d8c-aaa1-83ef9fe84100 req-35c9c287-96ed-4d8c-aaa1-83ef9fe84100 ] Request (QuotasTestJSON:test_get_quotas): 200 GET http://10.180.1.21/compute/v2.1/os-quota-sets/91b588ef84304b408d3a22f01a8e2a39 1.193s
2025-02-04 16:15:20.819 63607 INFO tempest.lib.common.rest_client [req-e06f69db-0ebf-4783-9636-dee0b5c5fade req-e06f69db-0ebf-4783-9636-dee0b5c5fade ] Request (InstanceActionsNegativeTestJSON:setUpClass): 200 PUT http://10.180.1.21:9696/networking/v2.0/routers/847db74e-ae58-4eb1-9e18-b99cc67a17b8/add_router_interface 1.416s
2025-02-04 16:15:20.819 63607 INFO tempest.lib.common.dynamic_creds [-] Created isolated network resources for: credentials: Credentials: {'domain_id': 'default', 'domain_name': 'Default', 'username': 'tempest-InstanceActionsNegativeTestJSON-2063273586-project-member', 'project_domain_id': 'default', 'project_domain_name': 'Default', 'project_id': '15ebed279281496db7140f23eebb7f9c', 'project_name': 'tempest-InstanceActionsNegativeTestJSON-2063273586', 'tenant_id': '15ebed279281496db7140f23eebb7f9c', 'tenant_name': 'tempest-InstanceActionsNegativeTestJSON-2063273586', 'user_domain_id': 'default', 'user_domain_name': 'Default', 'user_id': '949bf8cd8ab245c2926731d36a3897f7', 'system': None}, Network: {'id': 'a133fbbb-0814-4d63-ad91-2cbd4fa8f87c', 'name': 'tempest-InstanceActionsNegativeTestJSON-370256724-network', 'tenant_id': '15ebed279281496db7140f23eebb7f9c', 'admin_state_up': True, 'mtu': 8950, 'status': 'ACTIVE', 'subnets': [], 'shared': False, 'project_id': '15ebed279281496db7140f23eebb7f9c', 'port_security_enabled': True, 'router:external': False, 'provider:network_type': 'vlan', 'provider:physical_network': 'default', 'provider:segmentation_id': 684, 'availability_zone_hints': [], 'availability_zones': [], 'ipv4_address_scope': None, 'ipv6_address_scope': None, 'description': '', 'tags': [], 'created_at': '2025-02-04T16:15:17Z', 'updated_at': '2025-02-04T16:15:17Z', 'revision_number': 1}, Subnet: {'id': '762eea4e-d066-4418-8073-87b1ec93122f', 'name': 'tempest-InstanceActionsNegativeTestJSON-370256724-subnet', 'tenant_id': '15ebed279281496db7140f23eebb7f9c', 'network_id': 'a133fbbb-0814-4d63-ad91-2cbd4fa8f87c', 'ip_version': 4, 'subnetpool_id': None, 'enable_dhcp': True, 'ipv6_ra_mode': None, 'ipv6_address_mode': None, 'gateway_ip': '192.168.128.1', 'cidr': '192.168.128.0/28', 'allocation_pools': [{'start': '192.168.128.2', 'end': '192.168.128.14'}], 'host_routes': [], 'dns_nameservers': [], 'description': '', 'router:external': False, 'service_types': [], 'tags': [], 'created_at': '2025-02-04T16:15:17Z', 'updated_at': '2025-02-04T16:15:17Z', 'revision_number': 0, 'project_id': '15ebed279281496db7140f23eebb7f9c'}, Router: {'id': '847db74e-ae58-4eb1-9e18-b99cc67a17b8', 'name': 'tempest-InstanceActionsNegativeTestJSON-370256724-router', 'tenant_id': '15ebed279281496db7140f23eebb7f9c', 'admin_state_up': True, 'status': 'ACTIVE', 'external_gateway_info': {'network_id': 'b0016085-4033-47dd-9bdb-5c2cfad7c104', 'external_fixed_ips': [{'subnet_id': '5bda8bcb-61b1-42fa-be13-3f7d45bb4deb', 'ip_address': '10.180.180.180'}], 'enable_snat': True}, 'description': '', 'availability_zones': [], 'distributed': False, 'ha': False, 'availability_zone_hints': [], 'routes': [], 'flavor_id': None, 'tags': [], 'created_at': '2025-02-04T16:15:18Z', 'updated_at': '2025-02-04T16:15:18Z', 'revision_number': 2, 'project_id': '15ebed279281496db7140f23eebb7f9c'}
2025-02-04 16:15:20.825 63601 INFO tempest.lib.common.rest_client [req-32cca6d4-afd4-491c-b4f3-a195bcf3f2ab req-32cca6d4-afd4-491c-b4f3-a195bcf3f2ab ] Request (ComputeTenantNetworksTest:tearDownClass): 204 DELETE http://10.180.1.21:9696/networking/v2.0/security-groups/75e55b9c-aea6-46f8-9b39-7eb9d8f6090a 0.306s
2025-02-04 16:15:20.886 63637 INFO tempest.lib.common.rest_client [req-e4733488-706e-4a45-8fea-90dbf3a73dd4 req-e4733488-706e-4a45-8fea-90dbf3a73dd4 ] Request (SecurityGroupsTestJSON:test_list_security_groups_by_server): 200 GET http://10.180.1.21/compute/v2.1/servers/14618266-8f55-46c7-9d42-04dfbe7165d4 1.094s
2025-02-04 16:15:20.895 63607 INFO tempest.lib.common.rest_client [req-c7c0591d-0e88-457f-bc37-a32cfd4bf7d0 req-c7c0591d-0e88-457f-bc37-a32cfd4bf7d0 ] Request (InstanceActionsNegativeTestJSON:setUpClass): 201 POST http://10.180.1.21/identity/v3/auth/tokens 0.069s
2025-02-04 16:15:20.953 63607 INFO tempest.lib.common.rest_client [req-39918ea9-74fa-4770-819a-4de2bba52297 req-39918ea9-74fa-4770-819a-4de2bba52297 ] Request (InstanceActionsNegativeTestJSON:setUpClass): 201 POST http://10.180.1.21/identity/v3/auth/tokens 0.054s
2025-02-04 16:15:20.954 63607 INFO tempest.lib.common.fixed_network [-] (InstanceActionsNegativeTestJSON:setUpClass) Found network {'id': 'a133fbbb-0814-4d63-ad91-2cbd4fa8f87c', 'name': 'tempest-InstanceActionsNegativeTestJSON-370256724-network', 'tenant_id': '15ebed279281496db7140f23eebb7f9c', 'admin_state_up': True, 'mtu': 8950, 'status': 'ACTIVE', 'subnets': [], 'shared': False, 'project_id': '15ebed279281496db7140f23eebb7f9c', 'port_security_enabled': True, 'router:external': False, 'provider:network_type': 'vlan', 'provider:physical_network': 'default', 'provider:segmentation_id': 684, 'availability_zone_hints': [], 'availability_zones': [], 'ipv4_address_scope': None, 'ipv6_address_scope': None, 'description': '', 'tags': [], 'created_at': '2025-02-04T16:15:17Z', 'updated_at': '2025-02-04T16:15:17Z', 'revision_number': 1} available for tenant
2025-02-04 16:15:20.986 63601 INFO tempest.lib.common.rest_client [req-3aa9560d-5323-408b-be6c-e9ff27d58ff1 req-3aa9560d-5323-408b-be6c-e9ff27d58ff1 ] Request (ComputeTenantNetworksTest:tearDownClass): 204 DELETE http://10.180.1.21/identity/v3/projects/bf39cfd5343b49619afcea4ea9c11102 0.160s
2025-02-04 16:15:21.099 63601 INFO tempest.lib.common.rest_client [req-504b5762-3fbd-47b0-a75a-a52452f6c885 req-504b5762-3fbd-47b0-a75a-a52452f6c885 ] Request (AttachVolumeNegativeTest:setUpClass): 201 POST http://10.180.1.21/identity/v3/auth/tokens 0.112s
2025-02-04 16:15:21.140 63601 INFO tempest.lib.common.rest_client [req-45b6ff69-8e49-4060-8523-d9552459f9c4 req-45b6ff69-8e49-4060-8523-d9552459f9c4 ] Request (AttachVolumeNegativeTest:setUpClass): 201 POST http://10.180.1.21/identity/v3/auth/tokens 0.038s
2025-02-04 16:15:21.185 63601 INFO tempest.lib.common.rest_client [req-232b1eed-9b1e-4594-826c-58e5d8b85995 req-232b1eed-9b1e-4594-826c-58e5d8b85995 ] Request (AttachVolumeNegativeTest:setUpClass): 200 GET http://10.180.1.21/identity/v3/domains?name=Default 0.044s
2025-02-04 16:15:21.240 63601 INFO tempest.lib.common.rest_client [req-0c5db70e-ff4a-42ae-8368-cba384aa0376 req-0c5db70e-ff4a-42ae-8368-cba384aa0376 ] Request (AttachVolumeNegativeTest:setUpClass): 201 POST http://10.180.1.21/identity/v3/projects 0.054s
2025-02-04 16:15:21.291 63615 INFO tempest.lib.common.rest_client [req-d89d8094-bffa-4727-80ea-e70881012b19 req-d89d8094-bffa-4727-80ea-e70881012b19 ] Request (FloatingIPsNegativeTestJSON:setUpClass): 200 PUT http://10.180.1.21:9696/networking/v2.0/routers/32c49e3e-d3ba-4979-933a-9418b637659c/add_router_interface 2.401s
2025-02-04 16:15:21.291 63615 INFO tempest.lib.common.dynamic_creds [-] Created isolated network resources for: credentials: Credentials: {'domain_id': 'default', 'domain_name': 'Default', 'username': 'tempest-FloatingIPsNegativeTestJSON-1075758463-project-member', 'project_domain_id': 'default', 'project_domain_name': 'Default', 'project_id': '767e851e09574216b9f274b2ce5b934d', 'project_name': 'tempest-FloatingIPsNegativeTestJSON-1075758463', 'tenant_id': '767e851e09574216b9f274b2ce5b934d', 'tenant_name': 'tempest-FloatingIPsNegativeTestJSON-1075758463', 'user_domain_id': 'default', 'user_domain_name': 'Default', 'user_id': 'd095995321cb4a069277ee079de670f0', 'system': None}, Network: {'id': '4d96a077-28ad-4739-a00b-c51a489e33e1', 'name': 'tempest-FloatingIPsNegativeTestJSON-904763311-network', 'tenant_id': '767e851e09574216b9f274b2ce5b934d', 'admin_state_up': True, 'mtu': 8950, 'status': 'ACTIVE', 'subnets': [], 'shared': False, 'project_id': '767e851e09574216b9f274b2ce5b934d', 'port_security_enabled': True, 'router:external': False, 'provider:network_type': 'vlan', 'provider:physical_network': 'default', 'provider:segmentation_id': 100, 'availability_zone_hints': [], 'availability_zones': [], 'ipv4_address_scope': None, 'ipv6_address_scope': None, 'description': '', 'tags': [], 'created_at': '2025-02-04T16:15:16Z', 'updated_at': '2025-02-04T16:15:16Z', 'revision_number': 1}, Subnet: {'id': '4e4b84d9-363a-4cf6-8beb-334c6e1d4fb1', 'name': 'tempest-FloatingIPsNegativeTestJSON-904763311-subnet', 'tenant_id': '767e851e09574216b9f274b2ce5b934d', 'network_id': '4d96a077-28ad-4739-a00b-c51a489e33e1', 'ip_version': 4, 'subnetpool_id': None, 'enable_dhcp': True, 'ipv6_ra_mode': None, 'ipv6_address_mode': None, 'gateway_ip': '192.168.128.1', 'cidr': '192.168.128.0/28', 'allocation_pools': [{'start': '192.168.128.2', 'end': '192.168.128.14'}], 'host_routes': [], 'dns_nameservers': [], 'description': '', 'router:external': False, 'service_types': [], 'tags': [], 'created_at': '2025-02-04T16:15:16Z', 'updated_at': '2025-02-04T16:15:16Z', 'revision_number': 0, 'project_id': '767e851e09574216b9f274b2ce5b934d'}, Router: {'id': '32c49e3e-d3ba-4979-933a-9418b637659c', 'name': 'tempest-FloatingIPsNegativeTestJSON-904763311-router', 'tenant_id': '767e851e09574216b9f274b2ce5b934d', 'admin_state_up': True, 'status': 'ACTIVE', 'external_gateway_info': {'network_id': 'b0016085-4033-47dd-9bdb-5c2cfad7c104', 'external_fixed_ips': [{'subnet_id': '5bda8bcb-61b1-42fa-be13-3f7d45bb4deb', 'ip_address': '10.180.180.222'}], 'enable_snat': True}, 'description': '', 'availability_zones': [], 'distributed': False, 'ha': False, 'availability_zone_hints': [], 'routes': [], 'flavor_id': None, 'tags': [], 'created_at': '2025-02-04T16:15:17Z', 'updated_at': '2025-02-04T16:15:18Z', 'revision_number': 2, 'project_id': '767e851e09574216b9f274b2ce5b934d'}
2025-02-04 16:15:21.317 63619 INFO tempest.lib.common.rest_client [req-f66ad828-87d2-4182-b3b5-cfad0c823d75 req-f66ad828-87d2-4182-b3b5-cfad0c823d75 ] Request (ServersAdminTestJSON:test_create_server_with_scheduling_hint): 202 POST http://10.180.1.21/compute/v2.1/servers 1.483s
2025-02-04 16:15:21.341 63601 INFO tempest.lib.common.rest_client [req-c40a0b13-77c1-4220-970b-0c84a49cce08 req-c40a0b13-77c1-4220-970b-0c84a49cce08 ] Request (AttachVolumeNegativeTest:setUpClass): 201 POST http://10.180.1.21/identity/v3/users 0.101s
2025-02-04 16:15:21.385 63639 INFO tempest.lib.common.rest_client [req-1699b7f7-d3e0-4e02-8b21-98dff717a76c req-1699b7f7-d3e0-4e02-8b21-98dff717a76c ] Request (ServerAddressesTestJSON:setUpClass): 202 POST http://10.180.1.21/compute/v2.1/servers 2.152s
2025-02-04 16:15:21.391 63615 INFO tempest.lib.common.rest_client [req-4e8e88b9-3721-48af-8013-dad5bbd08239 req-4e8e88b9-3721-48af-8013-dad5bbd08239 ] Request (FloatingIPsNegativeTestJSON:setUpClass): 201 POST http://10.180.1.21/identity/v3/auth/tokens 0.096s
2025-02-04 16:15:21.411 63623 INFO tempest.lib.common.rest_client [req-bd53bfe1-0e2c-4e7d-ba51-988952e72e32 req-bd53bfe1-0e2c-4e7d-ba51-988952e72e32 ] Request (FlavorsAdminTestJSON:test_is_public_string_variations): 200 GET http://10.180.1.21/compute/v2.1/flavors/detail?is_public=true 1.514s
2025-02-04 16:15:21.412 63601 INFO tempest.lib.common.rest_client [req-1187e39a-d07d-4038-87d8-ac4c79d3e654 req-1187e39a-d07d-4038-87d8-ac4c79d3e654 ] Request (AttachVolumeNegativeTest:setUpClass): 200 GET http://10.180.1.21/identity/v3/roles 0.070s
2025-02-04 16:15:21.449 63601 INFO tempest.lib.common.rest_client [req-42642959-c349-44d8-90cd-0a673507a1ef req-42642959-c349-44d8-90cd-0a673507a1ef ] Request (AttachVolumeNegativeTest:setUpClass): 204 PUT http://10.180.1.21/identity/v3/projects/8e5c121feb874d558975aa56cb177081/users/4c3639f383c64f3aa59f0fabd19f8c77/roles/7881c831dcdb480c86a1e5361a2ec2b1 0.036s
2025-02-04 16:15:21.449 63601 INFO tempest.lib.common.dynamic_creds [-] Dynamic test user 4c3639f383c64f3aa59f0fabd19f8c77 is created with scope project and roles: ['member']
2025-02-04 16:15:21.449 63601 INFO tempest.lib.common.dynamic_creds [-] Acquired dynamic creds: credentials: Credentials: {'domain_id': 'default', 'domain_name': 'Default', 'username': 'tempest-AttachVolumeNegativeTest-1142768759-project-member', 'project_domain_id': 'default', 'project_domain_name': 'Default', 'project_id': '8e5c121feb874d558975aa56cb177081', 'project_name': 'tempest-AttachVolumeNegativeTest-1142768759', 'tenant_id': '8e5c121feb874d558975aa56cb177081', 'tenant_name': 'tempest-AttachVolumeNegativeTest-1142768759', 'user_domain_id': 'default', 'user_domain_name': 'Default', 'user_id': '4c3639f383c64f3aa59f0fabd19f8c77', 'system': None}, Network: None, Subnet: None, Router: None
2025-02-04 16:15:21.518 63593 INFO tempest.lib.common.rest_client [req-96dfe6df-77a5-42d6-b1e2-1ed00c1a378b req-96dfe6df-77a5-42d6-b1e2-1ed00c1a378b ] Request (VolumesAdminNegativeTest:test_update_attached_volume_with_nonexistent_volume_in_body): 200 POST http://10.180.1.21/compute/v2.1/os-keypairs 1.639s
2025-02-04 16:15:21.528 63597 INFO tempest.lib.common.rest_client [req-52706e61-959b-4d9a-b910-66523e493c84 req-52706e61-959b-4d9a-b910-66523e493c84 ] Request (TenantUsagesTestJSON:tearDownClass): 200 GET http://10.180.1.21/compute/v2.1/servers/b1acc55d-81b7-4d05-a1a7-76ae79529931 1.550s
2025-02-04 16:15:21.548 63601 INFO tempest.lib.common.rest_client [req-06bad407-71be-443b-b1ce-dfce5fb4d896 req-06bad407-71be-443b-b1ce-dfce5fb4d896 ] Request (AttachVolumeNegativeTest:setUpClass): 201 POST http://10.180.1.21/identity/v3/auth/tokens 0.098s
2025-02-04 16:15:21.605 63627 INFO tempest.lib.common.rest_client [req-3eca7d6b-5ad0-468f-896d-261f85f079ff req-3eca7d6b-5ad0-468f-896d-261f85f079ff ] Request (InstanceActionsTestJSON:setUpClass): 200 GET http://10.180.1.21/compute/v2.1/servers/9fbbc7c1-db19-4ff0-b2e0-b35fcc850441 1.379s
2025-02-04 16:15:21.609 63581 INFO tempest.lib.common.rest_client [req-93c9d323-ab63-43ff-ba3e-330f729d1244 req-93c9d323-ab63-43ff-ba3e-330f729d1244 ] Request (ServerDiagnosticsNegativeTest:tearDownClass): 200 GET http://10.180.1.21/compute/v2.1/servers/535272ba-b2d0-40e9-8856-244ed5c98a03 1.544s
2025-02-04 16:15:21.671 63605 INFO tempest.lib.common.rest_client [req-bc5a7b3b-2ede-4ad3-b81f-8d0d62494fc5 req-bc5a7b3b-2ede-4ad3-b81f-8d0d62494fc5 ] Request (ServerDiagnosticsTest:test_get_server_diagnostics): 200 GET http://10.180.1.21/compute/v2.1/servers/3c874db9-bb34-4324-88d9-58498c8415b3 1.322s
2025-02-04 16:15:21.695 63613 INFO tempest.lib.common.rest_client [req-a8f00244-7326-4755-8b99-2ab44dabbce0 req-a8f00244-7326-4755-8b99-2ab44dabbce0 ] Request (AggregatesAdminNegativeTestJSON:test_aggregate_remove_nonexistent_host): 200 POST http://10.180.1.21/compute/v2.1/os-aggregates 1.299s
2025-02-04 16:15:21.736 63593 INFO tempest.lib.common.rest_client [req-9b1b2e89-124e-4038-b387-9045e33573e8 req-9b1b2e89-124e-4038-b387-9045e33573e8 ] Request (VolumesAdminNegativeTest:test_update_attached_volume_with_nonexistent_volume_in_body): 201 POST http://10.180.1.21:9696/networking/v2.0/security-groups 0.217s
2025-02-04 16:15:21.770 63609 INFO tempest.lib.common.rest_client [req-5f86d9bd-cb1a-4b61-8969-48cdbebf7d33 req-5f86d9bd-cb1a-4b61-8969-48cdbebf7d33 ] Request (ServersAaction247Test:tearDownClass): 200 GET http://10.180.1.21/compute/v2.1/servers/099d6c93-4684-4394-9a91-fa1c055c9a60 1.303s
2025-02-04 16:15:21.843 63599 INFO tempest.lib.common.rest_client [req-c90c68f4-7db4-4110-9fb8-351f24cf5f40 req-c90c68f4-7db4-4110-9fb8-351f24cf5f40 ] Request (AttachInterfacesV270Test:tearDownClass): 200 GET http://10.180.1.21/compute/v2.1/servers/81ec8a31-1a26-41e0-aab1-dc4c9bc12523 1.536s
2025-02-04 16:15:21.857 63593 INFO tempest.lib.common.rest_client [req-ff57db69-f61c-4a76-9638-49cf5ffae217 req-ff57db69-f61c-4a76-9638-49cf5ffae217 ] Request (VolumesAdminNegativeTest:test_update_attached_volume_with_nonexistent_volume_in_body): 201 POST http://10.180.1.21:9696/networking/v2.0/security-group-rules 0.121s
2025-02-04 16:15:21.866 63611 INFO tempest.lib.common.rest_client [req-9e6d7e2d-0835-4c1e-8fc3-0a287574bf66 req-9e6d7e2d-0835-4c1e-8fc3-0a287574bf66 ] Request (ListServerFiltersTestJSON:test_list_servers_filter_by_exceed_limit): 200 GET http://10.180.1.21/compute/v2.1/servers?limit=100000 1.137s
2025-02-04 16:15:21.908 63595 INFO tempest.lib.common.rest_client [req-61272a92-640a-40a1-b407-c705c8c6b31b req-61272a92-640a-40a1-b407-c705c8c6b31b ] Request (ImagesOneServerTestJSON:test_create_delete_image): 200 GET http://10.180.1.21/compute/v2.1/images/72abc261-7b23-4105-b237-37bacccab2bd 1.138s
2025-02-04 16:15:21.951 63579 INFO tempest.lib.common.rest_client [req-3533c0f4-1c4c-43a6-b8fe-3e3c761ed342 req-3533c0f4-1c4c-43a6-b8fe-3e3c761ed342 ] Request (SecurityGroupsNegativeTestJSON:test_delete_the_default_security_group): 200 GET http://10.180.1.21/compute/v2.1/os-security-groups 1.220s
2025-02-04 16:15:22.033 63633 INFO tempest.lib.common.rest_client [req-01ba25f2-5a8b-41d9-b200-34631be55a20 req-01ba25f2-5a8b-41d9-b200-34631be55a20 ] Request (FloatingIPsAssociationTestJSON:setUpClass): 200 GET http://10.180.1.21/compute/v2.1/servers/d524fb17-62cf-42e9-a93f-0066614314a5 1.168s
2025-02-04 16:15:22.090 63621 INFO tempest.lib.common.rest_client [req-3addd2e0-a528-4883-b3f2-0fb932ccc498 req-3addd2e0-a528-4883-b3f2-0fb932ccc498 ] Request (QuotasTestJSON:test_get_quotas): 200 GET http://10.180.1.21/compute/v2.1/os-quota-sets/91b588ef84304b408d3a22f01a8e2a39?user_id=368618e6283b4e04b77aa751a181bfdc 1.270s
2025-02-04 16:15:22.193 63601 INFO tempest.lib.common.rest_client [req-6da54428-bf1e-4b3d-af6f-89c63648a5b4 req-6da54428-bf1e-4b3d-af6f-89c63648a5b4 ] Request (AttachVolumeNegativeTest:setUpClass): 201 POST http://10.180.1.21:9696/networking/v2.0/networks 0.645s
2025-02-04 16:15:22.198 63621 INFO tempest.lib.common.rest_client [req-9d3778ae-705a-490b-8cc5-337cb1d01f44 req-9d3778ae-705a-490b-8cc5-337cb1d01f44 ] Request (QuotasTestJSON:tearDownClass): 204 DELETE http://10.180.1.21/identity/v3/users/368618e6283b4e04b77aa751a181bfdc 0.099s
2025-02-04 16:15:22.199 63621 INFO tempest.lib.common.dynamic_creds [-] Deleting project and security group for project: 91b588ef84304b408d3a22f01a8e2a39
2025-02-04 16:15:22.239 63583 INFO tempest.lib.common.rest_client [req-ceafc048-8e34-4629-81d5-cb9f2d48e30b req-ceafc048-8e34-4629-81d5-cb9f2d48e30b ] Request (MigrationsAdminTest:test_list_migrations_in_flavor_resize_situation): 200 GET http://10.180.1.21/compute/v2.1/servers/d1cb9a44-ac61-41ee-b6c4-5611b6358f7e 1.368s
2025-02-04 16:15:22.249 63593 INFO tempest.lib.common.rest_client [req-3ec7fe50-0355-4409-a7a3-c7c96ef78e4c req-3ec7fe50-0355-4409-a7a3-c7c96ef78e4c ] Request (VolumesAdminNegativeTest:test_update_attached_volume_with_nonexistent_volume_in_body): 201 POST http://10.180.1.21:9696/networking/v2.0/security-group-rules 0.391s
2025-02-04 16:15:22.262 63621 INFO tempest.lib.common.rest_client [req-0d59e5de-deed-4fff-aaf7-e1c2ca944640 req-0d59e5de-deed-4fff-aaf7-e1c2ca944640 ] Request (QuotasTestJSON:tearDownClass): 201 POST http://10.180.1.21/identity/v3/auth/tokens 0.063s
2025-02-04 16:15:22.319 63585 INFO tempest.lib.common.rest_client [req-d38484f2-9862-44ef-87e9-0f5fa4c9b05a req-d38484f2-9862-44ef-87e9-0f5fa4c9b05a ] Request (ServerActionsTestOtherA:setUpClass): 200 GET http://10.180.1.21/compute/v2.1/servers/eae2ab94-da4e-45c4-a185-a245dd609514 1.347s
2025-02-04 16:15:22.583 63621 INFO tempest.lib.common.rest_client [req-0a5a0fd6-bcd3-489e-8804-e389e7851e09 req-0a5a0fd6-bcd3-489e-8804-e389e7851e09 ] Request (QuotasTestJSON:tearDownClass): 200 GET http://10.180.1.21:9696/networking/v2.0/security-groups?tenant_id=91b588ef84304b408d3a22f01a8e2a39&name=default 0.320s
2025-02-04 16:15:22.669 63617 INFO tempest.lib.common.rest_client [req-3eebbc4d-766a-407f-94b7-f5508ca602bf req-3eebbc4d-766a-407f-94b7-f5508ca602bf ] Request (VolumesAssistedSnapshotsTest:test_volume_assisted_snapshot_create_delete): 200 GET http://10.180.1.21/compute/v2.1/servers/5fe433a6-f3de-43d2-a381-7a2c5a394c35 1.574s
2025-02-04 16:15:22.682 63617 INFO tempest.common.waiters [-] State transition "BUILD/spawning" ==> "ACTIVE/None" after 34 second wait
2025-02-04 16:15:22.748 63607 INFO tempest.lib.common.rest_client [req-e8672251-6e74-4871-8962-8b22e9a39bd5 req-e8672251-6e74-4871-8962-8b22e9a39bd5 ] Request (InstanceActionsNegativeTestJSON:setUpClass): 202 POST http://10.180.1.21/compute/v2.1/servers 1.793s
2025-02-04 16:15:22.759 63589 INFO tempest.lib.common.rest_client [req-2d785e26-bd59-4df3-9672-61fa8e91e9e7 req-2d785e26-bd59-4df3-9672-61fa8e91e9e7 ] Request (DeleteServersAdminTestJSON:test_delete_server_while_in_error_state): 200 GET http://10.180.1.21/compute/v2.1/servers/93c5a022-f4c9-4247-b584-3d6050e47dca 1.601s
2025-02-04 16:15:22.807 63601 INFO tempest.lib.common.rest_client [req-a7e24498-cf0d-47b2-aef9-d9439aa8e570 req-a7e24498-cf0d-47b2-aef9-d9439aa8e570 ] Request (AttachVolumeNegativeTest:setUpClass): 201 POST http://10.180.1.21:9696/networking/v2.0/subnets 0.613s
2025-02-04 16:15:22.832 63625 INFO tempest.lib.common.rest_client [req-f7e77c14-4791-484c-81f7-2814b1b5f926 req-f7e77c14-4791-484c-81f7-2814b1b5f926 ] Request (ServersAdminNegativeTestJSON:setUpClass): 200 GET http://10.180.1.21/compute/v2.1/servers/b75e845b-560f-43b4-a24a-5bebe8f72016 1.605s
2025-02-04 16:15:22.884 63621 INFO tempest.lib.common.rest_client [req-9ee6fc6f-7e58-4e07-a1d0-4e38e7024504 req-9ee6fc6f-7e58-4e07-a1d0-4e38e7024504 ] Request (QuotasTestJSON:tearDownClass): 204 DELETE http://10.180.1.21:9696/networking/v2.0/security-groups/c280e3c0-8fbc-4fde-b49d-98810e9a4dd6 0.300s
2025-02-04 16:15:22.910 63619 INFO tempest.lib.common.rest_client [req-88551685-7487-40b8-83ff-9c93f1bc8e36 req-88551685-7487-40b8-83ff-9c93f1bc8e36 ] Request (ServersAdminTestJSON:test_create_server_with_scheduling_hint): 200 GET http://10.180.1.21/compute/v2.1/servers/a1039d78-54b2-4777-8dd2-43221a89528c 1.591s
2025-02-04 16:15:22.965 63603 INFO tempest.lib.common.rest_client [req-48ade54c-a2a0-4f2b-ace9-89789d831466 req-48ade54c-a2a0-4f2b-ace9-89789d831466 ] Request (FloatingIPsAssociationNegativeTestJSON:setUpClass): 200 GET http://10.180.1.21/compute/v2.1/servers/b6b0258f-4070-4ca1-b322-b4680b81b27e 1.589s
2025-02-04 16:15:22.975 63603 INFO tempest.common.waiters [-] State transition "BUILD/scheduling" ==> "BUILD/None" after 15 second wait
2025-02-04 16:15:23.025 63621 INFO tempest.lib.common.rest_client [req-6998c38b-3124-471a-bd21-7bfa96efdc76 req-6998c38b-3124-471a-bd21-7bfa96efdc76 ] Request (QuotasTestJSON:tearDownClass): 204 DELETE http://10.180.1.21/identity/v3/projects/91b588ef84304b408d3a22f01a8e2a39 0.141s
2025-02-04 16:15:23.044 63639 INFO tempest.lib.common.rest_client [req-b9f255fb-d870-42ba-8f16-6f49178bb651 req-b9f255fb-d870-42ba-8f16-6f49178bb651 ] Request (ServerAddressesTestJSON:setUpClass): 200 GET http://10.180.1.21/compute/v2.1/servers/9060d6e7-7559-460a-a2b4-9d8ab720f96a 1.657s
2025-02-04 16:15:23.222 63615 INFO tempest.lib.common.rest_client [req-ea2399e7-a58f-4727-a7da-c9a5f1ff03a1 req-ea2399e7-a58f-4727-a7da-c9a5f1ff03a1 ] Request (FloatingIPsNegativeTestJSON:setUpClass): 200 GET http://10.180.1.21/compute/v2.1/os-floating-ips 1.829s
2025-02-04 16:15:23.247 63577 INFO tempest.lib.common.rest_client [req-969c6ba5-8132-4690-9207-1bbea944f27b req-969c6ba5-8132-4690-9207-1bbea944f27b ] Request (ServerExternalEventsTest:test_create_server_external_events): 200 GET http://10.180.1.21/compute/v2.1/servers/0e1bea19-9be5-4cd0-b3dd-733227998bb2 1.983s
2025-02-04 16:15:23.254 63623 INFO tempest.lib.common.rest_client [req-99c0bfbb-cb3a-49ff-bf28-be073c247cfc req-99c0bfbb-cb3a-49ff-bf28-be073c247cfc ] Request (FlavorsAdminTestJSON:test_is_public_string_variations): 200 GET http://10.180.1.21/compute/v2.1/flavors/detail?is_public=yes 1.833s
2025-02-04 16:15:23.256 63577 INFO tempest.common.waiters [-] State transition "BUILD/spawning" ==> "ACTIVE/None" after 38 second wait
2025-02-04 16:15:23.350 63635 INFO tempest.lib.common.rest_client [req-78e594e3-ba62-4de3-877d-6dd5e51bb391 req-78e594e3-ba62-4de3-877d-6dd5e51bb391 ] Request (ImagesOneServerNegativeTestJSON:setUpClass): 200 GET http://10.180.1.21/compute/v2.1/servers/334f10fc-b465-4f28-a6e3-919b4342bb0f 1.865s
2025-02-04 16:15:23.378 63587 INFO tempest.lib.common.rest_client [req-6451292c-447d-40b1-9eee-1418f20e746e req-6451292c-447d-40b1-9eee-1418f20e746e ] Request (AttachInterfacesUnderV243Test:test_add_remove_fixed_ip): 200 GET http://10.180.1.21/compute/v2.1/servers/d9b10b0a-3e6a-45a0-a11a-4351e2a3463d 1.828s
2025-02-04 16:15:23.393 63587 INFO tempest.common.waiters [-] State transition "BUILD/block_device_mapping" ==> "BUILD/spawning" after 33 second wait
2025-02-04 16:15:23.427 63591 INFO tempest.lib.common.rest_client [req-7f1b149b-ae46-436a-96eb-03ebbfdb6932 req-7f1b149b-ae46-436a-96eb-03ebbfdb6932 ] Request (ServersWithSpecificFlavorTestJSON:test_verify_created_server_ephemeral_disk): 200 GET http://10.180.1.21/compute/v2.1/servers/84f6a426-aa80-46a9-a5a9-0c6fb01d0ab6 1.851s
2025-02-04 16:15:23.435 63631 INFO tempest.lib.common.rest_client [req-98d26705-ea68-46d9-8584-b895a2296dbb req-98d26705-ea68-46d9-8584-b895a2296dbb ] Request (ServersTestMultiNic:test_verify_duplicate_network_nics): 200 GET http://10.180.1.21/compute/v2.1/servers/7da03876-abb8-4716-89db-150c83bb5062 1.813s
2025-02-04 16:15:23.464 63613 INFO tempest.lib.common.rest_client [req-97985d3e-fd7d-4f2b-af53-fb05cd8ba81b req-97985d3e-fd7d-4f2b-af53-fb05cd8ba81b ] Request (AggregatesAdminNegativeTestJSON:test_aggregate_remove_nonexistent_host): 404 POST http://10.180.1.21/compute/v2.1/os-aggregates/8/action 1.765s
2025-02-04 16:15:23.496 63611 INFO tempest.lib.common.rest_client [req-341375b8-c1dd-41e3-89df-d50a923707ed req-341375b8-c1dd-41e3-89df-d50a923707ed ] Request (ListServerFiltersTestJSON:test_list_servers_filter_by_exceed_limit): 200 GET http://10.180.1.21/compute/v2.1/servers 1.627s
2025-02-04 16:15:23.554 63637 INFO tempest.lib.common.rest_client [req-eb0c88ad-61dc-4835-9ad3-7f7c5fc373c5 req-eb0c88ad-61dc-4835-9ad3-7f7c5fc373c5 ] Request (SecurityGroupsTestJSON:test_list_security_groups_by_server): 200 GET http://10.180.1.21/compute/v2.1/servers/14618266-8f55-46c7-9d42-04dfbe7165d4 1.658s
2025-02-04 16:15:23.571 63637 INFO tempest.common.waiters [-] State transition "BUILD/scheduling" ==> "BUILD/None" after 10 second wait
2025-02-04 16:15:23.590 63579 INFO tempest.lib.common.rest_client [req-319fa6fa-2dfe-46d8-817f-b8dc8856e8de req-319fa6fa-2dfe-46d8-817f-b8dc8856e8de ] Request (SecurityGroupsNegativeTestJSON:test_delete_the_default_security_group): 400 DELETE http://10.180.1.21/compute/v2.1/os-security-groups/26228de2-fcfe-47fe-8918-4696728ad41b 1.635s
2025-02-04 16:15:23.640 63597 INFO tempest.lib.common.rest_client [req-74cd44b2-c330-49ed-8d1a-0d95f7c56d0f req-74cd44b2-c330-49ed-8d1a-0d95f7c56d0f ] Request (TenantUsagesTestJSON:tearDownClass): 200 GET http://10.180.1.21/compute/v2.1/servers/b1acc55d-81b7-4d05-a1a7-76ae79529931 1.101s
2025-02-04 16:15:23.713 63581 INFO tempest.lib.common.rest_client [req-67c9a38c-f374-4fec-b887-f6fd598f8622 req-67c9a38c-f374-4fec-b887-f6fd598f8622 ] Request (ServerDiagnosticsNegativeTest:tearDownClass): 200 GET http://10.180.1.21/compute/v2.1/servers/535272ba-b2d0-40e9-8856-244ed5c98a03 1.091s
2025-02-04 16:15:23.716 63627 INFO tempest.lib.common.rest_client [req-01b0b9ac-1b53-429d-9535-ddedfc4ab389 req-01b0b9ac-1b53-429d-9535-ddedfc4ab389 ] Request (InstanceActionsTestJSON:setUpClass): 200 GET http://10.180.1.21/compute/v2.1/servers/9fbbc7c1-db19-4ff0-b2e0-b35fcc850441 1.100s
2025-02-04 16:15:23.725 63627 INFO tempest.common.waiters [-] State transition "BUILD/None" ==> "BUILD/spawning" after 32 second wait
2025-02-04 16:15:23.778 63605 INFO tempest.lib.common.rest_client [req-757cc4cf-e371-4f60-97fd-6793d334483c req-757cc4cf-e371-4f60-97fd-6793d334483c ] Request (ServerDiagnosticsTest:test_get_server_diagnostics): 200 GET http://10.180.1.21/compute/v2.1/servers/3c874db9-bb34-4324-88d9-58498c8415b3 1.094s
2025-02-04 16:15:23.827 63593 INFO tempest.lib.common.rest_client [req-b7104f40-63ec-4dda-a442-2c575e1040d8 req-b7104f40-63ec-4dda-a442-2c575e1040d8 ] Request (VolumesAdminNegativeTest:test_update_attached_volume_with_nonexistent_volume_in_body): 201 POST http://10.180.1.21:9696/networking/v2.0/floatingips 1.577s
2025-02-04 16:15:23.837 63617 INFO tempest.lib.common.rest_client [req-81bf6519-7247-41dd-a7ff-5c79d8944abe req-81bf6519-7247-41dd-a7ff-5c79d8944abe ] Request (VolumesAssistedSnapshotsTest:test_volume_assisted_snapshot_create_delete): 200 GET http://10.180.1.21/compute/v2.1/servers/5fe433a6-f3de-43d2-a381-7a2c5a394c35/os-interface 1.154s
2025-02-04 16:15:23.838 63607 INFO tempest.lib.common.rest_client [req-f2644351-e157-4f3a-b400-02f22b5cb902 req-f2644351-e157-4f3a-b400-02f22b5cb902 ] Request (InstanceActionsNegativeTestJSON:setUpClass): 200 GET http://10.180.1.21/compute/v2.1/servers/9d5c6605-ce4f-4db3-9f9e-74d6d06c7c12 1.089s
2025-02-04 16:15:23.910 63593 INFO tempest.lib.common.rest_client [req-98fe8791-320c-4f99-9a60-bf45958879bd req-98fe8791-320c-4f99-9a60-bf45958879bd ] Request (VolumesAdminNegativeTest:test_update_attached_volume_with_nonexistent_volume_in_body): 201 POST http://10.180.1.21/identity/v3/auth/tokens 0.079s
2025-02-04 16:15:23.910 63593 INFO tempest.lib.common.fixed_network [-] (VolumesAdminNegativeTest:test_update_attached_volume_with_nonexistent_volume_in_body) Found network {'id': 'b2bf50a3-ca12-44fa-a711-878c513f92ae', 'name': 'tempest-VolumesAdminNegativeTest-203028835-network', 'tenant_id': '6132158e5646470e81f75bdedecce2a9', 'admin_state_up': True, 'mtu': 8950, 'status': 'ACTIVE', 'subnets': [], 'shared': False, 'project_id': '6132158e5646470e81f75bdedecce2a9', 'port_security_enabled': True, 'router:external': False, 'provider:network_type': 'vlan', 'provider:physical_network': 'default', 'provider:segmentation_id': 391, 'availability_zone_hints': [], 'availability_zones': [], 'ipv4_address_scope': None, 'ipv6_address_scope': None, 'description': '', 'tags': [], 'created_at': '2025-02-04T16:15:10Z', 'updated_at': '2025-02-04T16:15:10Z', 'revision_number': 1} available for tenant
2025-02-04 16:15:23.917 63609 INFO tempest.lib.common.rest_client [req-c3bd8955-532e-4abf-a043-36330076a6c6 req-c3bd8955-532e-4abf-a043-36330076a6c6 ] Request (ServersAaction247Test:tearDownClass): 200 GET http://10.180.1.21/compute/v2.1/servers/099d6c93-4684-4394-9a91-fa1c055c9a60 1.133s
2025-02-04 16:15:23.950 63599 INFO tempest.lib.common.rest_client [req-c7603ae2-26b5-4a10-b963-659a96e7f4b1 req-c7603ae2-26b5-4a10-b963-659a96e7f4b1 ] Request (AttachInterfacesV270Test:tearDownClass): 200 GET http://10.180.1.21/compute/v2.1/servers/81ec8a31-1a26-41e0-aab1-dc4c9bc12523 1.093s
2025-02-04 16:15:23.952 63595 INFO tempest.lib.common.rest_client [req-6fef589f-ccf7-4ab9-aee0-d4b9fcbf72bb req-6fef589f-ccf7-4ab9-aee0-d4b9fcbf72bb ] Request (ImagesOneServerTestJSON:test_create_delete_image): 200 GET http://10.180.1.21/compute/v2.1/images/72abc261-7b23-4105-b237-37bacccab2bd 1.039s
2025-02-04 16:15:23.991 63615 INFO tempest.lib.common.rest_client [req-7b136d22-c24f-445b-85b1-f24106bd9c5c req-7b136d22-c24f-445b-85b1-f24106bd9c5c ] Request (FloatingIPsNegativeTestJSON:test_allocate_floating_ip_from_nonexistent_pool): 404 POST http://10.180.1.21/compute/v2.1/os-floating-ips 0.758s
2025-02-04 16:15:24.012 63633 INFO tempest.lib.common.rest_client [req-fdd77eab-65fe-40f3-aaa5-2881f0681908 req-fdd77eab-65fe-40f3-aaa5-2881f0681908 ] Request (FloatingIPsAssociationTestJSON:setUpClass): 200 GET http://10.180.1.21/compute/v2.1/servers/d524fb17-62cf-42e9-a93f-0066614314a5 0.968s
2025-02-04 16:15:24.124 63577 INFO tempest.lib.common.rest_client [req-9117f1e0-b301-4cf5-b575-5b8523c9ce2e req-9117f1e0-b301-4cf5-b575-5b8523c9ce2e ] Request (ServerExternalEventsTest:test_create_server_external_events): 200 POST http://10.180.1.21/compute/v2.1/os-server-external-events 0.867s
2025-02-04 16:15:24.152 63623 INFO tempest.lib.common.rest_client [req-c4962810-13ca-4115-871f-0a69629a7df3 req-c4962810-13ca-4115-871f-0a69629a7df3 ] Request (FlavorsAdminTestJSON:test_is_public_string_variations): 200 GET http://10.180.1.21/compute/v2.1/flavors/detail?is_public=1 0.889s
2025-02-04 16:15:24.155 63583 INFO tempest.lib.common.rest_client [req-cf7d172a-0cad-4700-951d-08ca96ce18d8 req-cf7d172a-0cad-4700-951d-08ca96ce18d8 ] Request (MigrationsAdminTest:test_list_migrations_in_flavor_resize_situation): 200 GET http://10.180.1.21/compute/v2.1/servers/d1cb9a44-ac61-41ee-b6c4-5611b6358f7e 0.902s
2025-02-04 16:15:24.179 63613 INFO tempest.lib.common.rest_client [req-f6e5ad3d-0555-4a74-9146-491ea3307e80 req-f6e5ad3d-0555-4a74-9146-491ea3307e80 ] Request (AggregatesAdminNegativeTestJSON:_run_cleanups): 200 DELETE http://10.180.1.21/compute/v2.1/os-aggregates/8 0.715s
2025-02-04 16:15:24.211 63585 INFO tempest.lib.common.rest_client [req-24ce0c5b-2264-4358-babb-e758ca9f2819 req-24ce0c5b-2264-4358-babb-e758ca9f2819 ] Request (ServerActionsTestOtherA:setUpClass): 200 GET http://10.180.1.21/compute/v2.1/servers/eae2ab94-da4e-45c4-a185-a245dd609514 0.882s
2025-02-04 16:15:24.252 63579 INFO tempest.lib.common.rest_client [req-4696d0e8-1362-4b16-8e65-c03dc2ccd55c req-4696d0e8-1362-4b16-8e65-c03dc2ccd55c ] Request (SecurityGroupsNegativeTestJSON:test_security_group_get_nonexistent_group): 404 GET http://10.180.1.21/compute/v2.1/os-security-groups/2008ce4b-55a0-4550-8d66-dbd551130b5b 0.660s
2025-02-04 16:15:24.283 63611 INFO tempest.lib.common.rest_client [req-5ec4d372-0f44-46d0-8d62-d7f2f85d4d93 req-5ec4d372-0f44-46d0-8d62-d7f2f85d4d93 ] Request (ListServerFiltersTestJSON:test_list_servers_filter_by_flavor): 200 GET http://10.180.1.21/compute/v2.1/servers?flavor=84 0.781s
2025-02-04 16:15:24.297 63613 INFO tempest.lib.common.rest_client [req-ab4d3747-322f-48be-9be1-d68ea79c8fcb req-ab4d3747-322f-48be-9be1-d68ea79c8fcb ] Request (AggregatesAdminNegativeTestJSON:tearDownClass): 204 DELETE http://10.180.1.21/identity/v3/users/7dbec54991ec49979826868b10ceaf80 0.116s
2025-02-04 16:15:24.337 63625 INFO tempest.lib.common.rest_client [req-1a3b9032-c223-4b89-ba97-5514080adf0e req-1a3b9032-c223-4b89-ba97-5514080adf0e ] Request (ServersAdminNegativeTestJSON:setUpClass): 200 GET http://10.180.1.21/compute/v2.1/servers/b75e845b-560f-43b4-a24a-5bebe8f72016 0.489s
2025-02-04 16:15:24.382 63601 INFO tempest.lib.common.rest_client [req-368d7a9f-0d6a-48ef-bacb-61540c20d58a req-368d7a9f-0d6a-48ef-bacb-61540c20d58a ] Request (AttachVolumeNegativeTest:setUpClass): 201 POST http://10.180.1.21:9696/networking/v2.0/routers 1.573s
2025-02-04 16:15:24.390 63613 INFO tempest.lib.common.rest_client [req-d0eebc1a-7202-426d-939c-fa87ca4dd1bd req-d0eebc1a-7202-426d-939c-fa87ca4dd1bd ] Request (AggregatesAdminNegativeTestJSON:tearDownClass): 204 DELETE http://10.180.1.21/identity/v3/users/3f6409ccc7c340e29dbf0bc79d71bd1e 0.092s
2025-02-04 16:15:24.390 63613 INFO tempest.lib.common.dynamic_creds [-] Deleting project and security group for project: 689521a500594bc4968b90535865b252
2025-02-04 16:15:24.454 63613 INFO tempest.lib.common.rest_client [req-333faeb3-5547-486e-95eb-428ed9f2eff6 req-333faeb3-5547-486e-95eb-428ed9f2eff6 ] Request (AggregatesAdminNegativeTestJSON:tearDownClass): 201 POST http://10.180.1.21/identity/v3/auth/tokens 0.064s
2025-02-04 16:15:24.497 63589 INFO tempest.lib.common.rest_client [req-932080bf-1e18-4ac6-a803-e79881f54fd5 req-932080bf-1e18-4ac6-a803-e79881f54fd5 ] Request (DeleteServersAdminTestJSON:test_delete_server_while_in_error_state): 200 GET http://10.180.1.21/compute/v2.1/servers/93c5a022-f4c9-4247-b584-3d6050e47dca 0.722s
2025-02-04 16:15:24.582 63619 INFO tempest.lib.common.rest_client [req-0e9e046f-ae72-489d-a3fa-b813f6736dbb req-0e9e046f-ae72-489d-a3fa-b813f6736dbb ] Request (ServersAdminTestJSON:test_create_server_with_scheduling_hint): 200 GET http://10.180.1.21/compute/v2.1/servers/a1039d78-54b2-4777-8dd2-43221a89528c 0.659s
2025-02-04 16:15:24.658 63603 INFO tempest.lib.common.rest_client [req-5d18c9fe-c58a-43af-9732-e3f74e3dae29 req-5d18c9fe-c58a-43af-9732-e3f74e3dae29 ] Request (FloatingIPsAssociationNegativeTestJSON:setUpClass): 200 GET http://10.180.1.21/compute/v2.1/servers/b6b0258f-4070-4ca1-b322-b4680b81b27e 0.681s
2025-02-04 16:15:24.704 63615 INFO tempest.lib.common.rest_client [req-4d62254c-14e8-4670-b850-658f3523e383 req-4d62254c-14e8-4670-b850-658f3523e383 ] Request (FloatingIPsNegativeTestJSON:test_delete_nonexistent_floating_ip): 404 DELETE http://10.180.1.21/compute/v2.1/os-floating-ips/96ac3231-47bf-4791-80d0-0162312ff4a9 0.711s
2025-02-04 16:15:24.785 63639 INFO tempest.lib.common.rest_client [req-8a4d903d-c820-4681-8201-f5da5bc77cab req-8a4d903d-c820-4681-8201-f5da5bc77cab ] Request (ServerAddressesTestJSON:setUpClass): 200 GET http://10.180.1.21/compute/v2.1/servers/9060d6e7-7559-460a-a2b4-9d8ab720f96a 0.732s
2025-02-04 16:15:24.878 63577 INFO tempest.lib.common.rest_client [req-28a12267-5e83-4c7d-ae84-520b1a8eae37 req-28a12267-5e83-4c7d-ae84-520b1a8eae37 ] Request (ServerExternalEventsTest:tearDownClass): 204 DELETE http://10.180.1.21/compute/v2.1/servers/0e1bea19-9be5-4cd0-b3dd-733227998bb2 0.751s
2025-02-04 16:15:24.902 63623 INFO tempest.lib.common.rest_client [req-b722f9ed-4d94-4b4b-a627-fff0d428cab7 req-b722f9ed-4d94-4b4b-a627-fff0d428cab7 ] Request (FlavorsAdminTestJSON:_run_cleanups): 202 DELETE http://10.180.1.21/compute/v2.1/flavors/1383581805 0.744s
2025-02-04 16:15:24.937 63579 INFO tempest.lib.common.rest_client [req-8daf4117-1697-480d-9259-1177548d4738 req-8daf4117-1697-480d-9259-1177548d4738 ] Request (SecurityGroupsNegativeTestJSON:test_update_non_existent_security_group): 404 PUT http://10.180.1.21/compute/v2.1/os-security-groups/100cce32-9afa-468d-928c-f0153d61cff2 0.683s
2025-02-04 16:15:24.937 63613 INFO tempest.lib.common.rest_client [req-746c0bfa-12aa-46e0-9dd7-007cf31285bc req-746c0bfa-12aa-46e0-9dd7-007cf31285bc ] Request (AggregatesAdminNegativeTestJSON:tearDownClass): 200 GET http://10.180.1.21:9696/networking/v2.0/security-groups?tenant_id=689521a500594bc4968b90535865b252&name=default 0.482s
2025-02-04 16:15:24.977 63611 INFO tempest.lib.common.rest_client [req-fd0a2e87-dead-4963-a57c-8da935ea11bc req-fd0a2e87-dead-4963-a57c-8da935ea11bc ] Request (ListServerFiltersTestJSON:test_list_servers_filter_by_limit): 200 GET http://10.180.1.21/compute/v2.1/servers?limit=1 0.689s
