2025-02-04 16:16:39.071 63635 INFO tempest.lib.common.rest_client [req-89a78c0b-580b-4e3a-9a65-89d3fefb9582 req-89a78c0b-580b-4e3a-9a65-89d3fefb9582 ] Request (ImagesOneServerNegativeTestJSON:_run_cleanups): 200 GET http://10.180.1.21/compute/v2.1/servers/334f10fc-b465-4f28-a6e3-919b4342bb0f 0.086s
2025-02-04 16:16:39.079 63631 INFO tempest.lib.common.rest_client [req-3ce9eb93-4a71-40ac-bf99-add7569a8a53 req-3ce9eb93-4a71-40ac-bf99-add7569a8a53 ] Request (ServersTestMultiNic:test_verify_multiple_nics_order): 201 POST http://10.180.1.21/identity/v3/auth/tokens 0.099s
2025-02-04 16:16:39.079 63631 INFO tempest.lib.common.fixed_network [-] (ServersTestMultiNic:test_verify_multiple_nics_order) Found network {'id': '972a905a-45f2-478d-a4bc-bf84558aee8c', 'name': 'tempest-ServersTestMultiNic-352595544-network', 'tenant_id': '3b3606221d8f449db74ead1fd4346926', 'admin_state_up': True, 'mtu': 8950, 'status': 'ACTIVE', 'subnets': [], 'shared': False, 'project_id': '3b3606221d8f449db74ead1fd4346926', 'port_security_enabled': True, 'router:external': False, 'provider:network_type': 'vlan', 'provider:physical_network': 'default', 'provider:segmentation_id': 654, 'availability_zone_hints': [], 'availability_zones': [], 'ipv4_address_scope': None, 'ipv6_address_scope': None, 'description': '', 'tags': [], 'created_at': '2025-02-04T16:14:54Z', 'updated_at': '2025-02-04T16:14:54Z', 'revision_number': 1} available for tenant
2025-02-04 16:16:39.370 63579 INFO tempest.lib.common.rest_client [req-ff65a7ce-3b45-47cf-90a9-ffa63a4795b5 req-ff65a7ce-3b45-47cf-90a9-ffa63a4795b5 ] Request (ServersTestFqdnHostnames:test_create_server_with_fqdn_name): 200 GET http://10.180.1.21/compute/v2.1/servers/38234f24-c2a7-4190-8f54-f953f587d474 0.294s
2025-02-04 16:16:39.434 63609 INFO tempest.lib.common.rest_client [req-d0ad20b3-43d7-47e5-bc1e-e17ffa460e7d req-d0ad20b3-43d7-47e5-bc1e-e17ffa460e7d ] Request (ServersNegativeTestMultiTenantJSON:setUpClass): 200 GET http://10.180.1.21/compute/v2.1/servers/fc79ec3c-aa00-466e-b660-ac43d2361bbc 0.356s
2025-02-04 16:16:39.496 63623 INFO tempest.lib.common.rest_client [req-1858aae9-3815-4cd0-8fb3-2e5e032560c0 req-1858aae9-3815-4cd0-8fb3-2e5e032560c0 ] Request (ServerMetadataNegativeTestJSON:setUpClass): 200 GET http://10.180.1.21/compute/v2.1/servers/64e84161-5eff-406a-af5b-6f9f104cebae 0.351s
2025-02-04 16:16:39.576 63607 INFO tempest.lib.common.rest_client [req-6cf1f3cb-011e-46d1-8306-35d4a5d6649f req-6cf1f3cb-011e-46d1-8306-35d4a5d6649f ] Request (InstanceActionsNegativeTestJSON:tearDownClass): 200 GET http://10.180.1.21/compute/v2.1/servers/9d5c6605-ce4f-4db3-9f9e-74d6d06c7c12 0.428s
2025-02-04 16:16:39.656 63637 INFO tempest.lib.common.rest_client [req-97e0f707-9ac9-435a-ab6d-36abf0a89f98 req-97e0f707-9ac9-435a-ab6d-36abf0a89f98 ] Request (SecurityGroupsTestJSON:test_server_security_groups): 200 GET http://10.180.1.21/compute/v2.1/servers/01f5e2d4-430a-4cb0-8478-7f152441a2c0 0.440s
2025-02-04 16:16:39.756 63631 INFO tempest.lib.common.rest_client [req-02d31d9d-bd4b-4dc2-af41-5da1e852bae7 req-02d31d9d-bd4b-4dc2-af41-5da1e852bae7 ] Request (ServersTestMultiNic:test_verify_multiple_nics_order): 202 POST http://10.180.1.21/compute/v2.1/servers 0.676s
2025-02-04 16:16:39.822 63625 INFO tempest.lib.common.rest_client [req-a762b6b8-d6e6-4b92-94b0-d38f75e51833 req-a762b6b8-d6e6-4b92-94b0-d38f75e51833 ] Request (ServersAdminNegativeTestJSON:test_migrate_server_invalid_state): 200 GET http://10.180.1.21/compute/v2.1/servers/1d59ae97-3d8f-4926-bc59-ec290cef74ab 0.527s
2025-02-04 16:16:39.888 63589 INFO tempest.lib.common.rest_client [req-49ed4c82-162f-45c6-a832-0ab728a3df7b req-49ed4c82-162f-45c6-a832-0ab728a3df7b ] Request (DeleteServersAdminTestJSON:test_delete_server_while_in_error_state): 200 GET http://10.180.1.21/compute/v2.1/servers/93c5a022-f4c9-4247-b584-3d6050e47dca 0.557s
2025-02-04 16:16:39.938 63615 INFO tempest.lib.common.rest_client [req-321b8a14-ae90-46ae-bed9-100445b22d88 req-321b8a14-ae90-46ae-bed9-100445b22d88 ] Request (ImagesNegativeTestJSON:test_create_image_from_deleted_server): 200 GET http://10.180.1.21/compute/v2.1/servers/7d4802a6-50d2-4ac2-bca0-1e8a07618e98 0.660s
2025-02-04 16:16:40.005 63619 INFO tempest.lib.common.rest_client [req-89d46a48-8abd-44e6-8ab4-ac6f5be20654 req-89d46a48-8abd-44e6-8ab4-ac6f5be20654 ] Request (ServersAdminTestJSON:test_inject_network_info): 200 GET http://10.180.1.21/compute/v2.1/servers/f575abe2-fba7-4c4f-9a5b-4a092b8d2c04 0.608s
2025-02-04 16:16:40.095 63599 INFO tempest.lib.common.rest_client [req-8acff678-0b8a-402c-b206-0550bd1705eb req-8acff678-0b8a-402c-b206-0550bd1705eb ] Request (ServersTestBootFromVolume:setUpClass): 200 GET http://10.180.1.21/compute/v2.1/servers/77396720-1683-4848-876c-d292e6b4441a 0.666s
2025-02-04 16:16:40.136 63595 INFO tempest.lib.common.rest_client [req-0eebae89-0202-48c0-8713-cdaac210050c req-0eebae89-0202-48c0-8713-cdaac210050c ] Request (ServersTestJSON:setUpClass): 200 PUT http://10.180.1.21:9696/networking/v2.0/routers/31b9e937-7bd1-48ff-ac18-4351676e8218/add_router_interface 1.540s
2025-02-04 16:16:40.136 63595 INFO tempest.lib.common.dynamic_creds [-] Created isolated network resources for: credentials: Credentials: {'domain_id': 'default', 'domain_name': 'Default', 'username': 'tempest-ServersTestJSON-1422565208-project-member', 'project_domain_id': 'default', 'project_domain_name': 'Default', 'project_id': 'c195b911ddd94efaa7ac8c24a902b293', 'project_name': 'tempest-ServersTestJSON-1422565208', 'tenant_id': 'c195b911ddd94efaa7ac8c24a902b293', 'tenant_name': 'tempest-ServersTestJSON-1422565208', 'user_domain_id': 'default', 'user_domain_name': 'Default', 'user_id': '967c68a4b89040788b1e8c16e900d3cf', 'system': None}, Network: {'id': '2b44804b-5746-4ea6-99db-20ea1b42aba1', 'name': 'tempest-ServersTestJSON-1494239024-network', 'tenant_id': 'c195b911ddd94efaa7ac8c24a902b293', 'admin_state_up': True, 'mtu': 8950, 'status': 'ACTIVE', 'subnets': [], 'shared': False, 'project_id': 'c195b911ddd94efaa7ac8c24a902b293', 'port_security_enabled': True, 'router:external': False, 'provider:network_type': 'vlan', 'provider:physical_network': 'default', 'provider:segmentation_id': 308, 'availability_zone_hints': [], 'availability_zones': [], 'ipv4_address_scope': None, 'ipv6_address_scope': None, 'description': '', 'tags': [], 'created_at': '2025-02-04T16:16:37Z', 'updated_at': '2025-02-04T16:16:37Z', 'revision_number': 1}, Subnet: {'id': '4446d128-a810-49a7-9f41-f14c9ebfd275', 'name': 'tempest-ServersTestJSON-1494239024-subnet', 'tenant_id': 'c195b911ddd94efaa7ac8c24a902b293', 'network_id': '2b44804b-5746-4ea6-99db-20ea1b42aba1', 'ip_version': 4, 'subnetpool_id': None, 'enable_dhcp': True, 'ipv6_ra_mode': None, 'ipv6_address_mode': None, 'gateway_ip': '192.168.128.1', 'cidr': '192.168.128.0/28', 'allocation_pools': [{'start': '192.168.128.2', 'end': '192.168.128.14'}], 'host_routes': [], 'dns_nameservers': [], 'description': '', 'router:external': False, 'service_types': [], 'tags': [], 'created_at': '2025-02-04T16:16:37Z', 'updated_at': '2025-02-04T16:16:37Z', 'revision_number': 0, 'project_id': 'c195b911ddd94efaa7ac8c24a902b293'}, Router: {'id': '31b9e937-7bd1-48ff-ac18-4351676e8218', 'name': 'tempest-ServersTestJSON-1494239024-router', 'tenant_id': 'c195b911ddd94efaa7ac8c24a902b293', 'admin_state_up': True, 'status': 'ACTIVE', 'external_gateway_info': {'network_id': 'b0016085-4033-47dd-9bdb-5c2cfad7c104', 'external_fixed_ips': [{'subnet_id': '5bda8bcb-61b1-42fa-be13-3f7d45bb4deb', 'ip_address': '10.180.180.233'}], 'enable_snat': True}, 'description': '', 'availability_zones': [], 'distributed': False, 'ha': False, 'availability_zone_hints': [], 'routes': [], 'flavor_id': None, 'tags': [], 'created_at': '2025-02-04T16:16:37Z', 'updated_at': '2025-02-04T16:16:38Z', 'revision_number': 2, 'project_id': 'c195b911ddd94efaa7ac8c24a902b293'}
2025-02-04 16:16:40.145 63627 INFO tempest.lib.common.rest_client [req-cf25e015-feed-4c4b-99c5-ef66644d655a req-cf25e015-feed-4c4b-99c5-ef66644d655a ] Request (ServerShowV247Test:test_update_rebuild_list_server): 200 GET http://10.180.1.21/compute/v2.1/servers/ea7c78e7-f3dc-42fd-bde2-12a4859b8170 0.768s
2025-02-04 16:16:40.170 63597 INFO tempest.lib.common.rest_client [req-ed537065-070f-4196-83af-2c0744bc96d4 req-ed537065-070f-4196-83af-2c0744bc96d4 ] Request (ListImageFiltersTestJSON:setUpClass): 200 GET http://10.180.1.21/compute/v2.1/servers/877174d8-a4d9-4c03-bd61-81f9e541cd22 0.713s
2025-02-04 16:16:40.232 63639 INFO tempest.lib.common.rest_client [req-cf824342-88c3-4489-b3d2-8d7fbe931725 req-cf824342-88c3-4489-b3d2-8d7fbe931725 ] Request (ServerAddressesTestJSON:tearDownClass): 200 GET http://10.180.1.21/compute/v2.1/servers/9060d6e7-7559-460a-a2b4-9d8ab720f96a 0.730s
2025-02-04 16:16:40.244 63577 INFO tempest.lib.common.rest_client [req-ee607778-a55c-41b0-aa11-aac05dd57240 req-ee607778-a55c-41b0-aa11-aac05dd57240 ] Request (ServersAdmin275Test:test_rebuild_update_server_275): 200 GET http://10.180.1.21/compute/v2.1/servers/f5985e13-7c49-4c38-b9c9-4c23c52a1f4e 0.723s
2025-02-04 16:16:40.251 63595 INFO tempest.lib.common.rest_client [req-d3f743a2-0802-4973-9370-07f24ffb084f req-d3f743a2-0802-4973-9370-07f24ffb084f ] Request (ServersTestJSON:setUpClass): 201 POST http://10.180.1.21/identity/v3/auth/tokens 0.109s
2025-02-04 16:16:40.330 63603 INFO tempest.lib.common.rest_client [req-a3b9ea44-c968-442e-ba36-0fe64c4425d0 req-a3b9ea44-c968-442e-ba36-0fe64c4425d0 ] Request (FloatingIPsAssociationNegativeTestJSON:tearDownClass): 200 GET http://10.180.1.21/compute/v2.1/servers/b6b0258f-4070-4ca1-b322-b4680b81b27e 0.679s
2025-02-04 16:16:40.331 63605 INFO tempest.lib.common.rest_client [req-44407287-acd4-4d49-a4a7-64a6edd22dbf req-44407287-acd4-4d49-a4a7-64a6edd22dbf ] Request (MultipleCreateTestJSON:test_multiple_create): 200 GET http://10.180.1.21/compute/v2.1/servers/e139538b-3363-4c4f-b1ea-b4e98e2528ee 0.657s
2025-02-04 16:16:40.373 63631 INFO tempest.lib.common.rest_client [req-fa5e0606-2121-4a7c-b74d-f4acb0ca8f5c req-fa5e0606-2121-4a7c-b74d-f4acb0ca8f5c ] Request (ServersTestMultiNic:test_verify_multiple_nics_order): 200 GET http://10.180.1.21/compute/v2.1/servers/38afe872-ec16-4ee0-a555-45f407f1a150 0.616s
2025-02-04 16:16:40.405 63611 INFO tempest.lib.common.rest_client [req-de298fd0-6e50-41af-a24b-d13127c018c1 req-de298fd0-6e50-41af-a24b-d13127c018c1 ] Request (ListServerFiltersTestJSON:tearDownClass): 200 GET http://10.180.1.21/compute/v2.1/servers/c6d38585-2785-48b2-b220-80cd664e9010 0.569s
2025-02-04 16:16:40.467 63583 INFO tempest.lib.common.rest_client [req-6a7b2f16-b04d-41dd-841d-319006ea7bd9 req-6a7b2f16-b04d-41dd-841d-319006ea7bd9 ] Request (MigrationsAdminTest:test_resize_server_revert_deleted_flavor): 200 GET http://10.180.1.21/compute/v2.1/servers/9b45195e-aa35-45d4-a8d1-2460610897dd 0.526s
2025-02-04 16:16:40.524 63633 INFO tempest.lib.common.rest_client [req-a79d1668-ef21-4414-8f63-efe895dbdeb2 req-a79d1668-ef21-4414-8f63-efe895dbdeb2 ] Request (FloatingIPsAssociationTestJSON:test_associate_already_associated_floating_ip): 200 GET http://10.180.1.21/compute/v2.1/servers/ee17b483-2b67-4714-b8ef-781a358f7fce 0.631s
2025-02-04 16:16:40.533 63633 INFO tempest.common.waiters [-] State transition "BUILD/networking" ==> "BUILD/spawning" after 53 second wait
2025-02-04 16:16:40.586 63613 INFO tempest.lib.common.rest_client [req-da47f6aa-7af4-44d2-8ac3-281fa734a4b9 req-da47f6aa-7af4-44d2-8ac3-281fa734a4b9 ] Request (ServersTestManualDisk:setUpClass): 200 GET http://10.180.1.21/compute/v2.1/servers/5a0fb955-d6d5-429f-9925-244d7a943bab 0.562s
2025-02-04 16:16:40.587 63635 INFO tempest.lib.common.rest_client [req-e187c71a-cebb-4c9a-a747-505dc13d465c req-e187c71a-cebb-4c9a-a747-505dc13d465c ] Request (ImagesOneServerNegativeTestJSON:_run_cleanups): 200 GET http://10.180.1.21/compute/v2.1/servers/334f10fc-b465-4f28-a6e3-919b4342bb0f 0.505s
2025-02-04 16:16:40.593 63613 INFO tempest.common.waiters [-] State transition "BUILD/spawning" ==> "ACTIVE/None" after 63 second wait
2025-02-04 16:16:40.686 63579 INFO tempest.lib.common.rest_client [req-110167e5-6193-48b3-9f80-f37128f7c828 req-110167e5-6193-48b3-9f80-f37128f7c828 ] Request (ServersTestFqdnHostnames:test_create_server_with_fqdn_name): 200 GET http://10.180.1.21/compute/v2.1/servers/38234f24-c2a7-4190-8f54-f953f587d474 0.308s
2025-02-04 16:16:40.695 63595 INFO tempest.lib.common.rest_client [req-00094f0e-cb2e-49ff-b414-7e98f13dc620 req-00094f0e-cb2e-49ff-b414-7e98f13dc620 ] Request (ServersTestJSON:setUpClass): 200 POST http://10.180.1.21/compute/v2.1/os-keypairs 0.442s
2025-02-04 16:16:40.741 63609 INFO tempest.lib.common.rest_client [req-24c71882-a6b7-42cb-8079-7faea23b7ba9 req-24c71882-a6b7-42cb-8079-7faea23b7ba9 ] Request (ServersNegativeTestMultiTenantJSON:setUpClass): 200 GET http://10.180.1.21/compute/v2.1/servers/fc79ec3c-aa00-466e-b660-ac43d2361bbc 0.294s
2025-02-04 16:16:40.741 63623 INFO tempest.lib.common.rest_client [req-851be509-5111-4e5d-9ad9-daf6ea5f5dd8 req-851be509-5111-4e5d-9ad9-daf6ea5f5dd8 ] Request (ServerMetadataNegativeTestJSON:setUpClass): 200 GET http://10.180.1.21/compute/v2.1/servers/64e84161-5eff-406a-af5b-6f9f104cebae 0.236s
2025-02-04 16:16:40.804 63607 INFO tempest.lib.common.rest_client [req-0f6789e4-9239-4b4c-b3be-0432a6b2670b req-0f6789e4-9239-4b4c-b3be-0432a6b2670b ] Request (InstanceActionsNegativeTestJSON:tearDownClass): 200 GET http://10.180.1.21/compute/v2.1/servers/9d5c6605-ce4f-4db3-9f9e-74d6d06c7c12 0.210s
2025-02-04 16:16:40.844 63595 INFO tempest.lib.common.rest_client [req-bf9cc806-e2bb-4aba-b034-198ae6c3867b req-bf9cc806-e2bb-4aba-b034-198ae6c3867b ] Request (ServersTestJSON:setUpClass): 201 POST http://10.180.1.21:9696/networking/v2.0/security-groups 0.147s
2025-02-04 16:16:40.856 63637 INFO tempest.lib.common.rest_client [req-280c43d0-0a72-42bd-8dd0-a8151139ff79 req-280c43d0-0a72-42bd-8dd0-a8151139ff79 ] Request (SecurityGroupsTestJSON:test_server_security_groups): 200 GET http://10.180.1.21/compute/v2.1/servers/01f5e2d4-430a-4cb0-8478-7f152441a2c0 0.186s
2025-02-04 16:16:40.869 63613 INFO tempest.lib.common.rest_client [req-46045157-67d8-44f3-b045-4e234c5e7b1e req-46045157-67d8-44f3-b045-4e234c5e7b1e ] Request (ServersTestManualDisk:setUpClass): 200 GET http://10.180.1.21/compute/v2.1/servers/5a0fb955-d6d5-429f-9925-244d7a943bab/os-interface 0.274s
2025-02-04 16:16:40.907 63625 INFO tempest.lib.common.rest_client [req-d6aa945e-8cd9-40b6-9da2-cf2de5e3b8a7 req-d6aa945e-8cd9-40b6-9da2-cf2de5e3b8a7 ] Request (ServersAdminNegativeTestJSON:test_migrate_server_invalid_state): 200 GET http://10.180.1.21/compute/v2.1/servers/1d59ae97-3d8f-4926-bc59-ec290cef74ab 0.073s
2025-02-04 16:16:40.934 63595 INFO tempest.lib.common.rest_client [req-ada900a7-4cff-41bc-bbb9-6784a952b92a req-ada900a7-4cff-41bc-bbb9-6784a952b92a ] Request (ServersTestJSON:setUpClass): 201 POST http://10.180.1.21:9696/networking/v2.0/security-group-rules 0.089s
2025-02-04 16:16:40.967 63589 INFO tempest.lib.common.rest_client [req-3ec9e680-f90e-424c-9842-26db3a9d02c0 req-3ec9e680-f90e-424c-9842-26db3a9d02c0 ] Request (DeleteServersAdminTestJSON:test_delete_server_while_in_error_state): 200 GET http://10.180.1.21/compute/v2.1/servers/93c5a022-f4c9-4247-b584-3d6050e47dca 0.069s
2025-02-04 16:16:41.021 63615 INFO tempest.lib.common.rest_client [req-713b61aa-7a36-496c-855e-7ce3d1c5be46 req-713b61aa-7a36-496c-855e-7ce3d1c5be46 ] Request (ImagesNegativeTestJSON:test_create_image_from_deleted_server): 200 GET http://10.180.1.21/compute/v2.1/servers/7d4802a6-50d2-4ac2-bca0-1e8a07618e98 0.076s
2025-02-04 16:16:41.029 63615 INFO tempest.common.waiters [-] State transition "ACTIVE/deleting" ==> "DELETED/None" after 4 second wait
2025-02-04 16:16:41.034 63595 INFO tempest.lib.common.rest_client [req-6780ba98-6abf-4780-8943-77d951bf7304 req-6780ba98-6abf-4780-8943-77d951bf7304 ] Request (ServersTestJSON:setUpClass): 201 POST http://10.180.1.21:9696/networking/v2.0/security-group-rules 0.100s
2025-02-04 16:16:41.077 63619 INFO tempest.lib.common.rest_client [req-46d099b9-71cb-49fd-81c3-b0d08283a497 req-46d099b9-71cb-49fd-81c3-b0d08283a497 ] Request (ServersAdminTestJSON:test_inject_network_info): 200 GET http://10.180.1.21/compute/v2.1/servers/f575abe2-fba7-4c4f-9a5b-4a092b8d2c04 0.060s
2025-02-04 16:16:41.172 63599 INFO tempest.lib.common.rest_client [req-942165cc-25cf-43d6-826f-b0f2d21008a7 req-942165cc-25cf-43d6-826f-b0f2d21008a7 ] Request (ServersTestBootFromVolume:setUpClass): 200 GET http://10.180.1.21/compute/v2.1/servers/77396720-1683-4848-876c-d292e6b4441a 0.060s
2025-02-04 16:16:41.226 63627 INFO tempest.lib.common.rest_client [req-db5947ac-edf5-459c-97bf-6b44e0c24ab5 req-db5947ac-edf5-459c-97bf-6b44e0c24ab5 ] Request (ServerShowV247Test:test_update_rebuild_list_server): 200 GET http://10.180.1.21/compute/v2.1/servers/ea7c78e7-f3dc-42fd-bde2-12a4859b8170 0.063s
2025-02-04 16:16:41.254 63597 INFO tempest.lib.common.rest_client [req-6fbe249f-4d71-4e35-98e6-1fac7bcaccf6 req-6fbe249f-4d71-4e35-98e6-1fac7bcaccf6 ] Request (ListImageFiltersTestJSON:setUpClass): 200 GET http://10.180.1.21/compute/v2.1/servers/877174d8-a4d9-4c03-bd61-81f9e541cd22 0.075s
2025-02-04 16:16:41.334 63639 INFO tempest.lib.common.rest_client [req-2372b871-d124-4afe-ae1e-5b9efea824c9 req-2372b871-d124-4afe-ae1e-5b9efea824c9 ] Request (ServerAddressesTestJSON:tearDownClass): 200 GET http://10.180.1.21/compute/v2.1/servers/9060d6e7-7559-460a-a2b4-9d8ab720f96a 0.090s
2025-02-04 16:16:41.336 63577 INFO tempest.lib.common.rest_client [req-1c1fec4e-0399-42a1-85f0-3a28fb000ae4 req-1c1fec4e-0399-42a1-85f0-3a28fb000ae4 ] Request (ServersAdmin275Test:test_rebuild_update_server_275): 200 GET http://10.180.1.21/compute/v2.1/servers/f5985e13-7c49-4c38-b9c9-4c23c52a1f4e 0.070s
2025-02-04 16:16:41.365 63613 INFO tempest.lib.common.rest_client [req-0a5c70f5-ef8e-4577-95a7-60448b307400 req-0a5c70f5-ef8e-4577-95a7-60448b307400 ] Request (ServersTestManualDisk:setUpClass): 200 PUT http://10.180.1.21:9696/networking/v2.0/floatingips/5c52eb74-f52c-4f2b-933b-13cff3eae66a 0.494s
2025-02-04 16:16:41.393 63605 INFO tempest.lib.common.rest_client [req-cfd42e27-6ef2-431c-b019-8318eff740f8 req-cfd42e27-6ef2-431c-b019-8318eff740f8 ] Request (MultipleCreateTestJSON:test_multiple_create): 200 GET http://10.180.1.21/compute/v2.1/servers/e139538b-3363-4c4f-b1ea-b4e98e2528ee 0.054s
2025-02-04 16:16:41.424 63603 INFO tempest.lib.common.rest_client [req-dd321849-1fd1-4021-903e-e4307b3e9cdb req-dd321849-1fd1-4021-903e-e4307b3e9cdb ] Request (FloatingIPsAssociationNegativeTestJSON:tearDownClass): 200 GET http://10.180.1.21/compute/v2.1/servers/b6b0258f-4070-4ca1-b322-b4680b81b27e 0.081s
2025-02-04 16:16:41.484 63613 INFO tempest.lib.common.rest_client [req-46843964-c732-4d02-b8b8-de77b271fa50 req-46843964-c732-4d02-b8b8-de77b271fa50 ] Request (ServersTestManualDisk:setUpClass): 200 GET http://10.180.1.21/compute/v2.1/servers/5a0fb955-d6d5-429f-9925-244d7a943bab 0.119s
2025-02-04 16:16:41.495 63613 INFO tempest.lib.common.ssh [-] Creating ssh connection to '10.180.180.231:22' as 'cirros' with public key authentication
2025-02-04 16:16:41.500 63631 INFO tempest.lib.common.rest_client [req-3f11106f-60d1-482f-b1c6-510393f48173 req-3f11106f-60d1-482f-b1c6-510393f48173 ] Request (ServersTestMultiNic:test_verify_multiple_nics_order): 200 GET http://10.180.1.21/compute/v2.1/servers/38afe872-ec16-4ee0-a555-45f407f1a150 0.116s
2025-02-04 16:16:41.567 63583 INFO tempest.lib.common.rest_client [req-912fe31f-9605-4001-bf5e-c5e73f354d7c req-912fe31f-9605-4001-bf5e-c5e73f354d7c ] Request (MigrationsAdminTest:test_resize_server_revert_deleted_flavor): 200 GET http://10.180.1.21/compute/v2.1/servers/9b45195e-aa35-45d4-a8d1-2460610897dd 0.089s
2025-02-04 16:16:41.577 63583 INFO tempest.common.waiters [-] State transition "BUILD/scheduling" ==> "BUILD/None" after 26 second wait
2025-02-04 16:16:41.579 63611 INFO tempest.lib.common.rest_client [req-d9058ec5-8430-4b99-9c6b-7a3ae81d92df req-d9058ec5-8430-4b99-9c6b-7a3ae81d92df ] Request (ListServerFiltersTestJSON:tearDownClass): 200 GET http://10.180.1.21/compute/v2.1/servers/c6d38585-2785-48b2-b220-80cd664e9010 0.163s
2025-02-04 16:16:41.612 63595 INFO tempest.lib.common.rest_client [req-0cfbd599-ef30-4289-b146-0f1a53ac3b3c req-0cfbd599-ef30-4289-b146-0f1a53ac3b3c ] Request (ServersTestJSON:setUpClass): 201 POST http://10.180.1.21:9696/networking/v2.0/floatingips 0.578s
2025-02-04 16:16:41.653 63595 INFO tempest.lib.common.rest_client [req-88f5c7b6-fc23-4762-9b8d-d2fdaef98570 req-88f5c7b6-fc23-4762-9b8d-d2fdaef98570 ] Request (ServersTestJSON:setUpClass): 201 POST http://10.180.1.21/identity/v3/auth/tokens 0.037s
2025-02-04 16:16:41.653 63595 INFO tempest.lib.common.fixed_network [-] (ServersTestJSON:setUpClass) Found network {'id': '2b44804b-5746-4ea6-99db-20ea1b42aba1', 'name': 'tempest-ServersTestJSON-1494239024-network', 'tenant_id': 'c195b911ddd94efaa7ac8c24a902b293', 'admin_state_up': True, 'mtu': 8950, 'status': 'ACTIVE', 'subnets': [], 'shared': False, 'project_id': 'c195b911ddd94efaa7ac8c24a902b293', 'port_security_enabled': True, 'router:external': False, 'provider:network_type': 'vlan', 'provider:physical_network': 'default', 'provider:segmentation_id': 308, 'availability_zone_hints': [], 'availability_zones': [], 'ipv4_address_scope': None, 'ipv6_address_scope': None, 'description': '', 'tags': [], 'created_at': '2025-02-04T16:16:37Z', 'updated_at': '2025-02-04T16:16:37Z', 'revision_number': 1} available for tenant
2025-02-04 16:16:41.661 63635 INFO tempest.lib.common.rest_client [req-8c3a496a-f607-49ef-ae4f-92c749eab1f0 req-8c3a496a-f607-49ef-ae4f-92c749eab1f0 ] Request (ImagesOneServerNegativeTestJSON:_run_cleanups): 200 GET http://10.180.1.21/compute/v2.1/servers/334f10fc-b465-4f28-a6e3-919b4342bb0f 0.066s
2025-02-04 16:16:41.710 63633 INFO tempest.lib.common.rest_client [req-7e216181-339d-434b-b541-09f18f40e6af req-7e216181-339d-434b-b541-09f18f40e6af ] Request (FloatingIPsAssociationTestJSON:test_associate_already_associated_floating_ip): 200 GET http://10.180.1.21/compute/v2.1/servers/ee17b483-2b67-4714-b8ef-781a358f7fce 0.176s
2025-02-04 16:16:41.841 63579 INFO tempest.lib.common.rest_client [req-ee6263bc-23a8-40b3-bcd5-ae564ba845cf req-ee6263bc-23a8-40b3-bcd5-ae564ba845cf ] Request (ServersTestFqdnHostnames:test_create_server_with_fqdn_name): 200 GET http://10.180.1.21/compute/v2.1/servers/38234f24-c2a7-4190-8f54-f953f587d474 0.148s
2025-02-04 16:16:41.893 63623 INFO tempest.lib.common.rest_client [req-f05e3ab9-05d6-4f10-bb1c-88f87b3657ac req-f05e3ab9-05d6-4f10-bb1c-88f87b3657ac ] Request (ServerMetadataNegativeTestJSON:setUpClass): 200 GET http://10.180.1.21/compute/v2.1/servers/64e84161-5eff-406a-af5b-6f9f104cebae 0.140s
2025-02-04 16:16:41.950 63609 INFO tempest.lib.common.rest_client [req-810adb22-90dd-45b4-b3a1-9e5a62bfd344 req-810adb22-90dd-45b4-b3a1-9e5a62bfd344 ] Request (ServersNegativeTestMultiTenantJSON:setUpClass): 200 GET http://10.180.1.21/compute/v2.1/servers/fc79ec3c-aa00-466e-b660-ac43d2361bbc 0.196s
2025-02-04 16:16:41.957 63609 INFO tempest.common.waiters [-] State transition "BUILD/None" ==> "BUILD/networking" after 54 second wait
2025-02-04 16:16:42.010 63607 INFO tempest.lib.common.rest_client [req-95637d42-83bc-445c-9496-61b4a2d27dcf req-95637d42-83bc-445c-9496-61b4a2d27dcf ] Request (InstanceActionsNegativeTestJSON:tearDownClass): 200 GET http://10.180.1.21/compute/v2.1/servers/9d5c6605-ce4f-4db3-9f9e-74d6d06c7c12 0.198s
2025-02-04 16:16:42.067 63637 INFO tempest.lib.common.rest_client [req-35321cf9-019f-418d-806d-5398b3852b06 req-35321cf9-019f-418d-806d-5398b3852b06 ] Request (SecurityGroupsTestJSON:test_server_security_groups): 200 GET http://10.180.1.21/compute/v2.1/servers/01f5e2d4-430a-4cb0-8478-7f152441a2c0 0.200s
2025-02-04 16:16:42.086 63595 INFO tempest.lib.common.rest_client [req-15218500-4e51-49e9-8a56-3a1bdd15c059 req-15218500-4e51-49e9-8a56-3a1bdd15c059 ] Request (ServersTestJSON:setUpClass): 202 POST http://10.180.1.21/compute/v2.1/servers 0.431s
2025-02-04 16:16:42.141 63625 INFO tempest.lib.common.rest_client [req-c283f4ce-caba-44f2-8d57-5b8ff479b6b0 req-c283f4ce-caba-44f2-8d57-5b8ff479b6b0 ] Request (ServersAdminNegativeTestJSON:test_migrate_server_invalid_state): 200 GET http://10.180.1.21/compute/v2.1/servers/1d59ae97-3d8f-4926-bc59-ec290cef74ab 0.227s
2025-02-04 16:16:42.168 63589 INFO tempest.lib.common.rest_client [req-e86cb853-a76c-4e75-adec-9a3b8461b73f req-e86cb853-a76c-4e75-adec-9a3b8461b73f ] Request (DeleteServersAdminTestJSON:test_delete_server_while_in_error_state): 200 GET http://10.180.1.21/compute/v2.1/servers/93c5a022-f4c9-4247-b584-3d6050e47dca 0.189s
2025-02-04 16:16:42.208 63615 INFO tempest.lib.common.rest_client [req-d0d4c32a-b2c3-4248-ba9d-f8725015aed8 req-d0d4c32a-b2c3-4248-ba9d-f8725015aed8 ] Request (ImagesNegativeTestJSON:test_create_image_from_deleted_server): 200 GET http://10.180.1.21/compute/v2.1/servers/7d4802a6-50d2-4ac2-bca0-1e8a07618e98 0.177s
2025-02-04 16:16:42.240 63619 INFO tempest.lib.common.rest_client [req-e7de66b4-e30e-4560-9a09-553043b7f9bf req-e7de66b4-e30e-4560-9a09-553043b7f9bf ] Request (ServersAdminTestJSON:test_inject_network_info): 200 GET http://10.180.1.21/compute/v2.1/servers/f575abe2-fba7-4c4f-9a5b-4a092b8d2c04 0.154s
2025-02-04 16:16:42.261 63595 INFO tempest.lib.common.rest_client [req-f8a7ef7d-a7fb-47a3-81b0-c906f3e46a3e req-f8a7ef7d-a7fb-47a3-81b0-c906f3e46a3e ] Request (ServersTestJSON:setUpClass): 200 GET http://10.180.1.21/compute/v2.1/servers/02506b07-c1eb-46f9-a0bc-2cafa25d31da 0.173s
2025-02-04 16:16:42.304 63599 INFO tempest.lib.common.rest_client [req-32c5e1cf-c46f-482e-a2f8-5eb94d27fdd0 req-32c5e1cf-c46f-482e-a2f8-5eb94d27fdd0 ] Request (ServersTestBootFromVolume:setUpClass): 200 GET http://10.180.1.21/compute/v2.1/servers/77396720-1683-4848-876c-d292e6b4441a 0.124s
2025-02-04 16:16:42.340 63627 INFO tempest.lib.common.rest_client [req-46d2d273-9cd0-470d-a4fb-592b78aff643 req-46d2d273-9cd0-470d-a4fb-592b78aff643 ] Request (ServerShowV247Test:test_update_rebuild_list_server): 200 GET http://10.180.1.21/compute/v2.1/servers/ea7c78e7-f3dc-42fd-bde2-12a4859b8170 0.105s
2025-02-04 16:16:42.378 63597 INFO tempest.lib.common.rest_client [req-217a1224-7638-466a-bdab-cf08bbef95da req-217a1224-7638-466a-bdab-cf08bbef95da ] Request (ListImageFiltersTestJSON:setUpClass): 200 GET http://10.180.1.21/compute/v2.1/servers/877174d8-a4d9-4c03-bd61-81f9e541cd22 0.108s
2025-02-04 16:16:42.435 63639 INFO tempest.lib.common.rest_client [req-b9fbd24b-da2d-4a8d-9449-59d464590df4 req-b9fbd24b-da2d-4a8d-9449-59d464590df4 ] Request (ServerAddressesTestJSON:tearDownClass): 200 GET http://10.180.1.21/compute/v2.1/servers/9060d6e7-7559-460a-a2b4-9d8ab720f96a 0.089s
2025-02-04 16:16:42.449 63577 INFO tempest.lib.common.rest_client [req-e0caa8d4-215b-4203-be6b-0c053bc44af9 req-e0caa8d4-215b-4203-be6b-0c053bc44af9 ] Request (ServersAdmin275Test:test_rebuild_update_server_275): 200 GET http://10.180.1.21/compute/v2.1/servers/f5985e13-7c49-4c38-b9c9-4c23c52a1f4e 0.102s
2025-02-04 16:16:42.500 63605 INFO tempest.lib.common.rest_client [req-2c6bb16c-b7ab-4686-8fc3-9840f3e87ed5 req-2c6bb16c-b7ab-4686-8fc3-9840f3e87ed5 ] Request (MultipleCreateTestJSON:test_multiple_create): 200 GET http://10.180.1.21/compute/v2.1/servers/e139538b-3363-4c4f-b1ea-b4e98e2528ee 0.097s
2025-02-04 16:16:42.517 63603 INFO tempest.lib.common.rest_client [req-ee374f92-f7d8-4068-9e38-a9bed050c48c req-ee374f92-f7d8-4068-9e38-a9bed050c48c ] Request (FloatingIPsAssociationNegativeTestJSON:tearDownClass): 200 GET http://10.180.1.21/compute/v2.1/servers/b6b0258f-4070-4ca1-b322-b4680b81b27e 0.080s
2025-02-04 16:16:42.583 63631 INFO tempest.lib.common.rest_client [req-484f0961-907b-4471-a457-eb7ecea8f4c1 req-484f0961-907b-4471-a457-eb7ecea8f4c1 ] Request (ServersTestMultiNic:test_verify_multiple_nics_order): 200 GET http://10.180.1.21/compute/v2.1/servers/38afe872-ec16-4ee0-a555-45f407f1a150 0.075s
2025-02-04 16:16:42.666 63583 INFO tempest.lib.common.rest_client [req-d69df113-5e48-4cfa-a665-5d07e4f91ccf req-d69df113-5e48-4cfa-a665-5d07e4f91ccf ] Request (MigrationsAdminTest:test_resize_server_revert_deleted_flavor): 200 GET http://10.180.1.21/compute/v2.1/servers/9b45195e-aa35-45d4-a8d1-2460610897dd 0.088s
2025-02-04 16:16:42.670 63611 INFO tempest.lib.common.rest_client [req-b2823dee-7f48-4c54-9652-00efac154553 req-b2823dee-7f48-4c54-9652-00efac154553 ] Request (ListServerFiltersTestJSON:tearDownClass): 200 GET http://10.180.1.21/compute/v2.1/servers/c6d38585-2785-48b2-b220-80cd664e9010 0.082s
2025-02-04 16:16:42.767 63635 INFO tempest.lib.common.rest_client [req-8e8f4843-d597-4afc-8a03-bcb968c217bc req-8e8f4843-d597-4afc-8a03-bcb968c217bc ] Request (ImagesOneServerNegativeTestJSON:_run_cleanups): 200 GET http://10.180.1.21/compute/v2.1/servers/334f10fc-b465-4f28-a6e3-919b4342bb0f 0.095s
2025-02-04 16:16:42.870 63633 INFO tempest.lib.common.rest_client [req-f57a23a9-2345-43de-a269-5d7d8aa77e92 req-f57a23a9-2345-43de-a269-5d7d8aa77e92 ] Request (FloatingIPsAssociationTestJSON:test_associate_already_associated_floating_ip): 200 GET http://10.180.1.21/compute/v2.1/servers/ee17b483-2b67-4714-b8ef-781a358f7fce 0.151s
2025-02-04 16:16:42.967 63623 INFO tempest.lib.common.rest_client [req-be4153da-7455-4905-9487-b89e6868f1e7 req-be4153da-7455-4905-9487-b89e6868f1e7 ] Request (ServerMetadataNegativeTestJSON:setUpClass): 200 GET http://10.180.1.21/compute/v2.1/servers/64e84161-5eff-406a-af5b-6f9f104cebae 0.066s
2025-02-04 16:16:43.005 63579 INFO tempest.lib.common.rest_client [req-f67750c7-9883-4d46-90a0-109248990ca5 req-f67750c7-9883-4d46-90a0-109248990ca5 ] Request (ServersTestFqdnHostnames:test_create_server_with_fqdn_name): 200 GET http://10.180.1.21/compute/v2.1/servers/38234f24-c2a7-4190-8f54-f953f587d474 0.153s
2025-02-04 16:16:43.014 63579 INFO tempest.common.waiters [-] State transition "BUILD/spawning" ==> "ACTIVE/None" after 63 second wait
2025-02-04 16:16:43.092 63609 INFO tempest.lib.common.rest_client [req-edae2d83-d459-4d66-8447-1f62716aa0cf req-edae2d83-d459-4d66-8447-1f62716aa0cf ] Request (ServersNegativeTestMultiTenantJSON:setUpClass): 200 GET http://10.180.1.21/compute/v2.1/servers/fc79ec3c-aa00-466e-b660-ac43d2361bbc 0.134s
2025-02-04 16:16:43.099 63579 INFO tempest.lib.common.rest_client [req-a8ea8843-8e49-441a-8a71-231843e422fc req-a8ea8843-8e49-441a-8a71-231843e422fc ] Request (ServersTestFqdnHostnames:test_create_server_with_fqdn_name): 200 GET http://10.180.1.21/compute/v2.1/servers/38234f24-c2a7-4190-8f54-f953f587d474/os-interface 0.085s
2025-02-04 16:16:43.100 63609 INFO tempest.common.waiters [-] State transition "BUILD/networking" ==> "BUILD/block_device_mapping" after 56 second wait
2025-02-04 16:16:43.163 63607 INFO tempest.lib.common.rest_client [req-ba4b6253-2cff-4769-9b87-9c0158a35fa4 req-ba4b6253-2cff-4769-9b87-9c0158a35fa4 ] Request (InstanceActionsNegativeTestJSON:tearDownClass): 200 GET http://10.180.1.21/compute/v2.1/servers/9d5c6605-ce4f-4db3-9f9e-74d6d06c7c12 0.142s
2025-02-04 16:16:43.174 63637 INFO tempest.lib.common.rest_client [req-79d52f00-710b-4725-913e-b72a5842959e req-79d52f00-710b-4725-913e-b72a5842959e ] Request (SecurityGroupsTestJSON:test_server_security_groups): 200 GET http://10.180.1.21/compute/v2.1/servers/01f5e2d4-430a-4cb0-8478-7f152441a2c0 0.098s
2025-02-04 16:16:43.224 63625 INFO tempest.lib.common.rest_client [req-33416c8d-49e0-482e-95ac-c2eaabbf79b2 req-33416c8d-49e0-482e-95ac-c2eaabbf79b2 ] Request (ServersAdminNegativeTestJSON:test_migrate_server_invalid_state): 200 GET http://10.180.1.21/compute/v2.1/servers/1d59ae97-3d8f-4926-bc59-ec290cef74ab 0.074s
2025-02-04 16:16:43.264 63589 INFO tempest.lib.common.rest_client [req-f79fce9d-cca0-4412-8b65-e2b2072058ed req-f79fce9d-cca0-4412-8b65-e2b2072058ed ] Request (DeleteServersAdminTestJSON:test_delete_server_while_in_error_state): 200 GET http://10.180.1.21/compute/v2.1/servers/93c5a022-f4c9-4247-b584-3d6050e47dca 0.081s
2025-02-04 16:16:43.292 63615 INFO tempest.lib.common.rest_client [req-b8c67864-b996-443c-ae39-eb1ebbbad180 req-b8c67864-b996-443c-ae39-eb1ebbbad180 ] Request (ImagesNegativeTestJSON:test_create_image_from_deleted_server): 200 GET http://10.180.1.21/compute/v2.1/servers/7d4802a6-50d2-4ac2-bca0-1e8a07618e98 0.076s
2025-02-04 16:16:43.340 63595 INFO tempest.lib.common.rest_client [req-c0830d40-00ed-4ec9-a054-d8ed7d41a77f req-c0830d40-00ed-4ec9-a054-d8ed7d41a77f ] Request (ServersTestJSON:setUpClass): 200 GET http://10.180.1.21/compute/v2.1/servers/02506b07-c1eb-46f9-a0bc-2cafa25d31da 0.069s
2025-02-04 16:16:43.345 63619 INFO tempest.lib.common.rest_client [req-ed928e7c-0581-4aa8-88fa-857710726609 req-ed928e7c-0581-4aa8-88fa-857710726609 ] Request (ServersAdminTestJSON:test_inject_network_info): 200 GET http://10.180.1.21/compute/v2.1/servers/f575abe2-fba7-4c4f-9a5b-4a092b8d2c04 0.095s
2025-02-04 16:16:43.407 63599 INFO tempest.lib.common.rest_client [req-6fb68664-1cae-4ee1-a786-29e5e2e73540 req-6fb68664-1cae-4ee1-a786-29e5e2e73540 ] Request (ServersTestBootFromVolume:setUpClass): 200 GET http://10.180.1.21/compute/v2.1/servers/77396720-1683-4848-876c-d292e6b4441a 0.093s
2025-02-04 16:16:43.418 63627 INFO tempest.lib.common.rest_client [req-30454d3d-cac6-4d31-9b28-c21d8deb3138 req-30454d3d-cac6-4d31-9b28-c21d8deb3138 ] Request (ServerShowV247Test:test_update_rebuild_list_server): 200 GET http://10.180.1.21/compute/v2.1/servers/ea7c78e7-f3dc-42fd-bde2-12a4859b8170 0.061s
2025-02-04 16:16:43.455 63597 INFO tempest.lib.common.rest_client [req-cd70b6d1-abb9-457a-8bf5-692a3c9e747f req-cd70b6d1-abb9-457a-8bf5-692a3c9e747f ] Request (ListImageFiltersTestJSON:setUpClass): 200 GET http://10.180.1.21/compute/v2.1/servers/877174d8-a4d9-4c03-bd61-81f9e541cd22 0.060s
2025-02-04 16:16:43.469 63585 WARNING tempest.lib.common.ssh [-] Failed to establish authenticated ssh connection to cirros@10.180.180.172 ([Errno None] Unable to connect to port 22 on 10.180.180.172). Number attempts: 5. Retry after 6 seconds.: paramiko.ssh_exception.NoValidConnectionsError: [Errno None] Unable to connect to port 22 on 10.180.180.172
2025-02-04 16:16:43.540 63639 INFO tempest.lib.common.rest_client [req-b4973e6b-b907-4ef0-b42a-75b97cee5d51 req-b4973e6b-b907-4ef0-b42a-75b97cee5d51 ] Request (ServerAddressesTestJSON:tearDownClass): 200 GET http://10.180.1.21/compute/v2.1/servers/9060d6e7-7559-460a-a2b4-9d8ab720f96a 0.091s
2025-02-04 16:16:43.551 63577 INFO tempest.lib.common.rest_client [req-3b87b4b4-bbc0-4b42-bd9b-671ead95a4a0 req-3b87b4b4-bbc0-4b42-bd9b-671ead95a4a0 ] Request (ServersAdmin275Test:test_rebuild_update_server_275): 200 GET http://10.180.1.21/compute/v2.1/servers/f5985e13-7c49-4c38-b9c9-4c23c52a1f4e 0.085s
2025-02-04 16:16:43.596 63591 WARNING tempest.lib.common.ssh [-] Failed to establish authenticated ssh connection to cirros@10.180.180.243 ([Errno None] Unable to connect to port 22 on 10.180.180.243). Number attempts: 8. Retry after 9 seconds.: paramiko.ssh_exception.NoValidConnectionsError: [Errno None] Unable to connect to port 22 on 10.180.180.243
2025-02-04 16:16:43.604 63605 INFO tempest.lib.common.rest_client [req-f9bbcdbb-bf94-4344-9c7f-9f1ce24e0cca req-f9bbcdbb-bf94-4344-9c7f-9f1ce24e0cca ] Request (MultipleCreateTestJSON:test_multiple_create): 200 GET http://10.180.1.21/compute/v2.1/servers/e139538b-3363-4c4f-b1ea-b4e98e2528ee 0.097s
2025-02-04 16:16:43.620 63603 INFO tempest.lib.common.rest_client [req-114e6238-694d-439c-8281-d4782a1f152a req-114e6238-694d-439c-8281-d4782a1f152a ] Request (FloatingIPsAssociationNegativeTestJSON:tearDownClass): 200 GET http://10.180.1.21/compute/v2.1/servers/b6b0258f-4070-4ca1-b322-b4680b81b27e 0.092s
2025-02-04 16:16:43.658 63631 INFO tempest.lib.common.rest_client [req-67878196-80aa-49a1-b316-ecb2739d890a req-67878196-80aa-49a1-b316-ecb2739d890a ] Request (ServersTestMultiNic:test_verify_multiple_nics_order): 200 GET http://10.180.1.21/compute/v2.1/servers/38afe872-ec16-4ee0-a555-45f407f1a150 0.063s
2025-02-04 16:16:43.696 63579 INFO tempest.lib.common.rest_client [req-553bf0d9-c4d7-4014-a8ed-f453fc9cd3a0 req-553bf0d9-c4d7-4014-a8ed-f453fc9cd3a0 ] Request (ServersTestFqdnHostnames:test_create_server_with_fqdn_name): 200 PUT http://10.180.1.21:9696/networking/v2.0/floatingips/b9c9639a-7807-4e2f-a6a4-3e57478f4ca9 0.595s
2025-02-04 16:16:43.698 63579 INFO tempest.lib.common.ssh [-] Creating ssh connection to '10.180.180.235:22' as 'cirros' with public key authentication
2025-02-04 16:16:43.735 63583 INFO tempest.lib.common.rest_client [req-51e8bbca-c09b-46dd-9f54-da2ef7d1e3c8 req-51e8bbca-c09b-46dd-9f54-da2ef7d1e3c8 ] Request (MigrationsAdminTest:test_resize_server_revert_deleted_flavor): 200 GET http://10.180.1.21/compute/v2.1/servers/9b45195e-aa35-45d4-a8d1-2460610897dd 0.058s
2025-02-04 16:16:43.746 63611 INFO tempest.lib.common.rest_client [req-99092039-6614-41eb-bf44-027927424f1b req-99092039-6614-41eb-bf44-027927424f1b ] Request (ListServerFiltersTestJSON:tearDownClass): 200 GET http://10.180.1.21/compute/v2.1/servers/c6d38585-2785-48b2-b220-80cd664e9010 0.064s
2025-02-04 16:16:43.839 63635 INFO tempest.lib.common.rest_client [req-20f1a404-381d-4a0a-859b-a0fdf8a82cff req-20f1a404-381d-4a0a-859b-a0fdf8a82cff ] Request (ImagesOneServerNegativeTestJSON:_run_cleanups): 200 GET http://10.180.1.21/compute/v2.1/servers/334f10fc-b465-4f28-a6e3-919b4342bb0f 0.057s
2025-02-04 16:16:43.989 63633 INFO tempest.lib.common.rest_client [req-9631079b-b313-4632-9401-b983275f0889 req-9631079b-b313-4632-9401-b983275f0889 ] Request (FloatingIPsAssociationTestJSON:test_associate_already_associated_floating_ip): 200 GET http://10.180.1.21/compute/v2.1/servers/ee17b483-2b67-4714-b8ef-781a358f7fce 0.105s
2025-02-04 16:16:44.033 63623 INFO tempest.lib.common.rest_client [req-ea660853-d123-42c1-8751-d5e4479e6689 req-ea660853-d123-42c1-8751-d5e4479e6689 ] Request (ServerMetadataNegativeTestJSON:setUpClass): 200 GET http://10.180.1.21/compute/v2.1/servers/64e84161-5eff-406a-af5b-6f9f104cebae 0.057s
2025-02-04 16:16:44.171 63601 WARNING tempest.lib.common.ssh [-] Failed to establish authenticated ssh connection to cirros@10.180.180.190 ([Errno None] Unable to connect to port 22 on 10.180.180.190). Number attempts: 2. Retry after 3 seconds.: paramiko.ssh_exception.NoValidConnectionsError: [Errno None] Unable to connect to port 22 on 10.180.180.190
2025-02-04 16:16:44.223 63609 INFO tempest.lib.common.rest_client [req-f7e5e895-a64e-4b82-bb9b-20391f61054f req-f7e5e895-a64e-4b82-bb9b-20391f61054f ] Request (ServersNegativeTestMultiTenantJSON:setUpClass): 200 GET http://10.180.1.21/compute/v2.1/servers/fc79ec3c-aa00-466e-b660-ac43d2361bbc 0.122s
2025-02-04 16:16:44.231 63609 INFO tempest.common.waiters [-] State transition "BUILD/block_device_mapping" ==> "BUILD/spawning" after 57 second wait
2025-02-04 16:16:44.248 63607 INFO tempest.lib.common.rest_client [req-9a238dd5-3ea6-4f5f-89e6-1cfb5017d944 req-9a238dd5-3ea6-4f5f-89e6-1cfb5017d944 ] Request (InstanceActionsNegativeTestJSON:tearDownClass): 200 GET http://10.180.1.21/compute/v2.1/servers/9d5c6605-ce4f-4db3-9f9e-74d6d06c7c12 0.076s
2025-02-04 16:16:44.305 63637 INFO tempest.lib.common.rest_client [req-e7d81570-6e7c-433d-9efe-17d1a6129c9a req-e7d81570-6e7c-433d-9efe-17d1a6129c9a ] Request (SecurityGroupsTestJSON:test_server_security_groups): 200 GET http://10.180.1.21/compute/v2.1/servers/01f5e2d4-430a-4cb0-8478-7f152441a2c0 0.124s
2025-02-04 16:16:44.310 63625 INFO tempest.lib.common.rest_client [req-37ddb37b-ccdd-4950-8a84-4cd090042f36 req-37ddb37b-ccdd-4950-8a84-4cd090042f36 ] Request (ServersAdminNegativeTestJSON:test_migrate_server_invalid_state): 200 GET http://10.180.1.21/compute/v2.1/servers/1d59ae97-3d8f-4926-bc59-ec290cef74ab 0.072s
2025-02-04 16:16:44.377 63589 INFO tempest.lib.common.rest_client [req-96bdbaa9-b227-482d-a71c-a80f0f773cba req-96bdbaa9-b227-482d-a71c-a80f0f773cba ] Request (DeleteServersAdminTestJSON:test_delete_server_while_in_error_state): 200 GET http://10.180.1.21/compute/v2.1/servers/93c5a022-f4c9-4247-b584-3d6050e47dca 0.103s
2025-02-04 16:16:44.386 63615 INFO tempest.lib.common.rest_client [req-63a0ce0f-8504-45a5-a2de-0d01ca689f69 req-63a0ce0f-8504-45a5-a2de-0d01ca689f69 ] Request (ImagesNegativeTestJSON:test_create_image_from_deleted_server): 200 GET http://10.180.1.21/compute/v2.1/servers/7d4802a6-50d2-4ac2-bca0-1e8a07618e98 0.086s
2025-02-04 16:16:44.431 63595 INFO tempest.lib.common.rest_client [req-da7189d0-6ca3-4533-a36c-224934841f9c req-da7189d0-6ca3-4533-a36c-224934841f9c ] Request (ServersTestJSON:setUpClass): 200 GET http://10.180.1.21/compute/v2.1/servers/02506b07-c1eb-46f9-a0bc-2cafa25d31da 0.081s
2025-02-04 16:16:44.443 63619 INFO tempest.lib.common.rest_client [req-712a4891-c7c0-480b-862e-bf6afa60f220 req-712a4891-c7c0-480b-862e-bf6afa60f220 ] Request (ServersAdminTestJSON:test_inject_network_info): 200 GET http://10.180.1.21/compute/v2.1/servers/f575abe2-fba7-4c4f-9a5b-4a092b8d2c04 0.087s
2025-02-04 16:16:44.454 63619 INFO tempest.common.waiters [-] State transition "BUILD/scheduling" ==> "BUILD/None" after 28 second wait
2025-02-04 16:16:44.507 63599 INFO tempest.lib.common.rest_client [req-9322b2a0-9c96-414a-8c53-878df4f541b2 req-9322b2a0-9c96-414a-8c53-878df4f541b2 ] Request (ServersTestBootFromVolume:setUpClass): 200 GET http://10.180.1.21/compute/v2.1/servers/77396720-1683-4848-876c-d292e6b4441a 0.091s
2025-02-04 16:16:44.512 63627 INFO tempest.lib.common.rest_client [req-2ec917b1-9810-4d4d-8a24-832cf546a32c req-2ec917b1-9810-4d4d-8a24-832cf546a32c ] Request (ServerShowV247Test:test_update_rebuild_list_server): 200 GET http://10.180.1.21/compute/v2.1/servers/ea7c78e7-f3dc-42fd-bde2-12a4859b8170 0.083s
2025-02-04 16:16:44.566 63597 INFO tempest.lib.common.rest_client [req-df2bd1f6-fa4d-4ab7-a884-1176ea66c0ff req-df2bd1f6-fa4d-4ab7-a884-1176ea66c0ff ] Request (ListImageFiltersTestJSON:setUpClass): 200 GET http://10.180.1.21/compute/v2.1/servers/877174d8-a4d9-4c03-bd61-81f9e541cd22 0.101s
2025-02-04 16:16:44.610 63639 INFO tempest.lib.common.rest_client [req-238950b1-6975-4986-8165-d0d4812292d2 req-238950b1-6975-4986-8165-d0d4812292d2 ] Request (ServerAddressesTestJSON:tearDownClass): 200 GET http://10.180.1.21/compute/v2.1/servers/9060d6e7-7559-460a-a2b4-9d8ab720f96a 0.061s
2025-02-04 16:16:44.621 63577 INFO tempest.lib.common.rest_client [req-5f87ed92-8ed9-4d64-9151-e697239e4085 req-5f87ed92-8ed9-4d64-9151-e697239e4085 ] Request (ServersAdmin275Test:test_rebuild_update_server_275): 200 GET http://10.180.1.21/compute/v2.1/servers/f5985e13-7c49-4c38-b9c9-4c23c52a1f4e 0.057s
2025-02-04 16:16:44.650 63603 INFO tempest.lib.common.rest_client [req-537faa22-f193-4920-a52d-f7a398affe4c req-537faa22-f193-4920-a52d-f7a398affe4c ] Request (FloatingIPsAssociationNegativeTestJSON:tearDownClass): 404 GET http://10.180.1.21/compute/v2.1/servers/b6b0258f-4070-4ca1-b322-b4680b81b27e 0.023s
2025-02-04 16:16:44.658 63605 INFO tempest.lib.common.rest_client [req-99256ece-bbfd-41e7-98ff-1ca2ef9e9691 req-99256ece-bbfd-41e7-98ff-1ca2ef9e9691 ] Request (MultipleCreateTestJSON:test_multiple_create): 200 GET http://10.180.1.21/compute/v2.1/servers/e139538b-3363-4c4f-b1ea-b4e98e2528ee 0.046s
2025-02-04 16:16:44.723 63631 INFO tempest.lib.common.rest_client [req-0f94b21c-67e6-47d4-8458-02270123fd5e req-0f94b21c-67e6-47d4-8458-02270123fd5e ] Request (ServersTestMultiNic:test_verify_multiple_nics_order): 200 GET http://10.180.1.21/compute/v2.1/servers/38afe872-ec16-4ee0-a555-45f407f1a150 0.057s
2025-02-04 16:16:44.796 63583 INFO tempest.lib.common.rest_client [req-937bd5b0-9740-49ab-98d6-d3f951c637dd req-937bd5b0-9740-49ab-98d6-d3f951c637dd ] Request (MigrationsAdminTest:test_resize_server_revert_deleted_flavor): 200 GET http://10.180.1.21/compute/v2.1/servers/9b45195e-aa35-45d4-a8d1-2460610897dd 0.052s
2025-02-04 16:16:44.815 63611 INFO tempest.lib.common.rest_client [req-6c117270-25fd-47c7-aca9-1ec52c95ba12 req-6c117270-25fd-47c7-aca9-1ec52c95ba12 ] Request (ListServerFiltersTestJSON:tearDownClass): 200 GET http://10.180.1.21/compute/v2.1/servers/c6d38585-2785-48b2-b220-80cd664e9010 0.061s
2025-02-04 16:16:44.915 63635 INFO tempest.lib.common.rest_client [req-27c1235e-310c-4429-affb-020b2a82e271 req-27c1235e-310c-4429-affb-020b2a82e271 ] Request (ImagesOneServerNegativeTestJSON:_run_cleanups): 200 GET http://10.180.1.21/compute/v2.1/servers/334f10fc-b465-4f28-a6e3-919b4342bb0f 0.067s
2025-02-04 16:16:45.067 63593 WARNING tempest.lib.common.ssh [-] Failed to establish authenticated ssh connection to cirros@10.180.180.141 ([Errno None] Unable to connect to port 22 on 10.180.180.141). Number attempts: 3. Retry after 4 seconds.: paramiko.ssh_exception.NoValidConnectionsError: [Errno None] Unable to connect to port 22 on 10.180.180.141
2025-02-04 16:16:45.102 63633 INFO tempest.lib.common.rest_client [req-5ebbc2db-667c-4d64-8e24-0a79c9af1134 req-5ebbc2db-667c-4d64-8e24-0a79c9af1134 ] Request (FloatingIPsAssociationTestJSON:test_associate_already_associated_floating_ip): 200 GET http://10.180.1.21/compute/v2.1/servers/ee17b483-2b67-4714-b8ef-781a358f7fce 0.105s
2025-02-04 16:16:45.109 63623 INFO tempest.lib.common.rest_client [req-267151fd-4654-472c-93b3-ff066f9e60f4 req-267151fd-4654-472c-93b3-ff066f9e60f4 ] Request (ServerMetadataNegativeTestJSON:setUpClass): 200 GET http://10.180.1.21/compute/v2.1/servers/64e84161-5eff-406a-af5b-6f9f104cebae 0.066s
2025-02-04 16:16:45.324 63607 INFO tempest.lib.common.rest_client [req-7d59b50e-caae-4056-a4c0-cc0338384782 req-7d59b50e-caae-4056-a4c0-cc0338384782 ] Request (InstanceActionsNegativeTestJSON:tearDownClass): 200 GET http://10.180.1.21/compute/v2.1/servers/9d5c6605-ce4f-4db3-9f9e-74d6d06c7c12 0.063s
2025-02-04 16:16:45.365 63609 INFO tempest.lib.common.rest_client [req-3f5c5b50-34bb-4483-8f63-656dd98e03a3 req-3f5c5b50-34bb-4483-8f63-656dd98e03a3 ] Request (ServersNegativeTestMultiTenantJSON:setUpClass): 200 GET http://10.180.1.21/compute/v2.1/servers/fc79ec3c-aa00-466e-b660-ac43d2361bbc 0.132s
2025-02-04 16:16:45.390 63637 INFO tempest.lib.common.rest_client [req-e9b0efe7-3c72-4624-840e-35b291a204fb req-e9b0efe7-3c72-4624-840e-35b291a204fb ] Request (SecurityGroupsTestJSON:test_server_security_groups): 200 GET http://10.180.1.21/compute/v2.1/servers/01f5e2d4-430a-4cb0-8478-7f152441a2c0 0.074s
2025-02-04 16:16:45.415 63625 INFO tempest.lib.common.rest_client [req-cb719070-e03e-4f73-bb2e-850fc3f4a891 req-cb719070-e03e-4f73-bb2e-850fc3f4a891 ] Request (ServersAdminNegativeTestJSON:test_migrate_server_invalid_state): 200 GET http://10.180.1.21/compute/v2.1/servers/1d59ae97-3d8f-4926-bc59-ec290cef74ab 0.095s
2025-02-04 16:16:45.453 63589 INFO tempest.lib.common.rest_client [req-4afddd08-0f4b-4b9a-afb4-868d50d0bde8 req-4afddd08-0f4b-4b9a-afb4-868d50d0bde8 ] Request (DeleteServersAdminTestJSON:test_delete_server_while_in_error_state): 200 GET http://10.180.1.21/compute/v2.1/servers/93c5a022-f4c9-4247-b584-3d6050e47dca 0.065s
2025-02-04 16:16:45.467 63615 INFO tempest.lib.common.rest_client [req-61254090-3d9f-4aa8-9c18-b45f07b744b8 req-61254090-3d9f-4aa8-9c18-b45f07b744b8 ] Request (ImagesNegativeTestJSON:test_create_image_from_deleted_server): 200 GET http://10.180.1.21/compute/v2.1/servers/7d4802a6-50d2-4ac2-bca0-1e8a07618e98 0.070s
2025-02-04 16:16:45.518 63619 INFO tempest.lib.common.rest_client [req-f794e2c9-abd9-42cc-b6da-bf630594e39d req-f794e2c9-abd9-42cc-b6da-bf630594e39d ] Request (ServersAdminTestJSON:test_inject_network_info): 200 GET http://10.180.1.21/compute/v2.1/servers/f575abe2-fba7-4c4f-9a5b-4a092b8d2c04 0.062s
2025-02-04 16:16:45.526 63595 INFO tempest.lib.common.rest_client [req-c7987830-8e07-4804-9420-266714b6bf35 req-c7987830-8e07-4804-9420-266714b6bf35 ] Request (ServersTestJSON:setUpClass): 200 GET http://10.180.1.21/compute/v2.1/servers/02506b07-c1eb-46f9-a0bc-2cafa25d31da 0.086s
2025-02-04 16:16:45.580 63613 WARNING tempest.lib.common.ssh [-] Failed to establish authenticated ssh connection to cirros@10.180.180.231 ([Errno None] Unable to connect to port 22 on 10.180.180.231). Number attempts: 1. Retry after 2 seconds.: paramiko.ssh_exception.NoValidConnectionsError: [Errno None] Unable to connect to port 22 on 10.180.180.231
2025-02-04 16:16:45.582 63599 INFO tempest.lib.common.rest_client [req-b4b3558a-3d32-4aa0-ab35-287fd90653ae req-b4b3558a-3d32-4aa0-ab35-287fd90653ae ] Request (ServersTestBootFromVolume:setUpClass): 200 GET http://10.180.1.21/compute/v2.1/servers/77396720-1683-4848-876c-d292e6b4441a 0.066s
2025-02-04 16:16:45.587 63627 INFO tempest.lib.common.rest_client [req-47b3f43e-0964-4e26-9934-08b9c5708bbd req-47b3f43e-0964-4e26-9934-08b9c5708bbd ] Request (ServerShowV247Test:test_update_rebuild_list_server): 200 GET http://10.180.1.21/compute/v2.1/servers/ea7c78e7-f3dc-42fd-bde2-12a4859b8170 0.065s
2025-02-04 16:16:45.636 63597 INFO tempest.lib.common.rest_client [req-3b4fc6ff-76b7-47e8-ba66-662d78cdd529 req-3b4fc6ff-76b7-47e8-ba66-662d78cdd529 ] Request (ListImageFiltersTestJSON:setUpClass): 200 GET http://10.180.1.21/compute/v2.1/servers/877174d8-a4d9-4c03-bd61-81f9e541cd22 0.062s
2025-02-04 16:16:45.671 63603 INFO tempest.lib.common.rest_client [req-957d9394-b411-45c2-b316-2c65c7e0e420 req-957d9394-b411-45c2-b316-2c65c7e0e420 ] Request (FloatingIPsAssociationNegativeTestJSON:tearDownClass): 200 PUT http://10.180.1.21:9696/networking/v2.0/routers/ade3d187-1478-4765-ace6-b2a02819ef11/remove_router_interface 1.020s
2025-02-04 16:16:45.685 63639 INFO tempest.lib.common.rest_client [req-1e89402d-f5a8-4c85-b662-f063cdd0c804 req-1e89402d-f5a8-4c85-b662-f063cdd0c804 ] Request (ServerAddressesTestJSON:tearDownClass): 200 GET http://10.180.1.21/compute/v2.1/servers/9060d6e7-7559-460a-a2b4-9d8ab720f96a 0.068s
2025-02-04 16:16:45.699 63577 INFO tempest.lib.common.rest_client [req-adb40513-f8f1-450d-b628-a5f3cceeb757 req-adb40513-f8f1-450d-b628-a5f3cceeb757 ] Request (ServersAdmin275Test:test_rebuild_update_server_275): 200 GET http://10.180.1.21/compute/v2.1/servers/f5985e13-7c49-4c38-b9c9-4c23c52a1f4e 0.067s
