2025-02-04 16:14:42.218 63587 INFO tempest.lib.common.rest_client [req-79a62f90-f094-4d37-a90e-dc85fe2f8bbe req-79a62f90-f094-4d37-a90e-dc85fe2f8bbe ] Request (AttachInterfacesUnderV243Test:setUpClass): 201 POST http://10.180.1.21:9696/networking/v2.0/routers 1.715s
2025-02-04 16:14:42.252 63627 INFO tempest.lib.common.rest_client [req-23ed1000-de05-4060-bfb4-e365c8436363 req-23ed1000-de05-4060-bfb4-e365c8436363 ] Request (InstanceActionsTestJSON:setUpClass): 201 POST http://10.180.1.21/identity/v3/auth/tokens 0.067s
2025-02-04 16:14:42.362 63627 INFO tempest.lib.common.rest_client [req-a231bb3b-a36e-40dc-9235-a071677ebe5f req-a231bb3b-a36e-40dc-9235-a071677ebe5f ] Request (InstanceActionsTestJSON:setUpClass): 201 POST http://10.180.1.21/identity/v3/auth/tokens 0.043s
2025-02-04 16:14:42.406 63627 INFO tempest.lib.common.rest_client [req-5e1fff91-6574-4aef-acdb-c125eaf859f0 req-5e1fff91-6574-4aef-acdb-c125eaf859f0 ] Request (InstanceActionsTestJSON:setUpClass): 200 GET http://10.180.1.21/identity/v3/domains?name=Default 0.044s
2025-02-04 16:14:42.426 63613 INFO tempest.lib.common.rest_client [req-3515e965-5e76-4e56-838d-a18625b478e6 req-3515e965-5e76-4e56-838d-a18625b478e6 ] Request (AggregatesAdminNegativeTestJSON:_run_cleanups): 200 POST http://10.180.1.21/compute/v2.1/os-aggregates/1/action 2.439s
2025-02-04 16:14:42.444 63617 INFO tempest.lib.common.rest_client [req-14a67a48-7ebd-4664-9ceb-60a32ad59c28 req-14a67a48-7ebd-4664-9ceb-60a32ad59c28 ] Request (VolumesAssistedSnapshotsTest:test_volume_assisted_snapshot_create_delete): 200 GET http://10.180.1.21/volume/v3/volumes/fcc4ccba-c9c9-4537-b241-656c05887aab 0.057s
2025-02-04 16:14:42.453 63633 INFO tempest.lib.common.rest_client [req-a16f6524-6c3a-4955-bc83-c88d00dac2b5 req-a16f6524-6c3a-4955-bc83-c88d00dac2b5 ] Request (HypervisorAdminTestJSON:tearDownClass): 200 GET http://10.180.1.21:9696/networking/v2.0/security-groups?tenant_id=7ad587fb290046708b7217803aa971ee&name=default 0.300s
2025-02-04 16:14:42.457 63617 INFO tempest.common.waiters [-] volume fcc4ccba-c9c9-4537-b241-656c05887aab reached available after waiting for 1.457948 seconds
2025-02-04 16:14:42.471 63627 INFO tempest.lib.common.rest_client [req-44e79e4d-d0d4-40d1-82c4-d0f633803f60 req-44e79e4d-d0d4-40d1-82c4-d0f633803f60 ] Request (InstanceActionsTestJSON:setUpClass): 201 POST http://10.180.1.21/identity/v3/projects 0.065s
2025-02-04 16:14:42.480 63631 INFO tempest.lib.common.rest_client [req-0f8f7731-0696-4106-b2de-19d72dc09f84 req-0f8f7731-0696-4106-b2de-19d72dc09f84 ] Request (KeyPairsV2TestJSON:test_keypairs_create_list_delete): 200 POST http://10.180.1.21/compute/v2.1/os-keypairs 2.468s
2025-02-04 16:14:42.555 63627 INFO tempest.lib.common.rest_client [req-dbd5827e-50a0-48d7-8dbd-bf1d04fc046a req-dbd5827e-50a0-48d7-8dbd-bf1d04fc046a ] Request (InstanceActionsTestJSON:setUpClass): 201 POST http://10.180.1.21/identity/v3/users 0.082s
2025-02-04 16:14:42.578 63627 INFO tempest.lib.common.rest_client [req-63f70f08-0cfd-4c94-841c-2d91150df273 req-63f70f08-0cfd-4c94-841c-2d91150df273 ] Request (InstanceActionsTestJSON:setUpClass): 200 GET http://10.180.1.21/identity/v3/roles 0.023s
2025-02-04 16:14:42.615 63627 INFO tempest.lib.common.rest_client [req-d972c37f-6c22-4a62-9ae3-1d40361d4a99 req-d972c37f-6c22-4a62-9ae3-1d40361d4a99 ] Request (InstanceActionsTestJSON:setUpClass): 204 PUT http://10.180.1.21/identity/v3/projects/a62a3d42e1f3416aacebfe756ce8e795/users/3871da0da4c84c7597e8425bea9a6f7b/roles/7881c831dcdb480c86a1e5361a2ec2b1 0.036s
2025-02-04 16:14:42.615 63627 INFO tempest.lib.common.dynamic_creds [-] Dynamic test user 3871da0da4c84c7597e8425bea9a6f7b is created with scope project and roles: ['member']
2025-02-04 16:14:42.615 63627 INFO tempest.lib.common.dynamic_creds [-] Acquired dynamic creds: credentials: Credentials: {'domain_id': 'default', 'domain_name': 'Default', 'username': 'tempest-InstanceActionsTestJSON-698806364-project-member', 'project_domain_id': 'default', 'project_domain_name': 'Default', 'project_id': 'a62a3d42e1f3416aacebfe756ce8e795', 'project_name': 'tempest-InstanceActionsTestJSON-698806364', 'tenant_id': 'a62a3d42e1f3416aacebfe756ce8e795', 'tenant_name': 'tempest-InstanceActionsTestJSON-698806364', 'user_domain_id': 'default', 'user_domain_name': 'Default', 'user_id': '3871da0da4c84c7597e8425bea9a6f7b', 'system': None}, Network: None, Subnet: None, Router: None
2025-02-04 16:14:42.650 63625 INFO tempest.lib.common.rest_client [req-23d86eb7-c561-4036-b9e1-8eec4eee3b86 req-23d86eb7-c561-4036-b9e1-8eec4eee3b86 ] Request (KeyPairsV210TestJSON:test_admin_manage_keypairs_for_other_users): 201 POST http://10.180.1.21/compute/v2.1/os-keypairs 2.543s
2025-02-04 16:14:42.681 63627 INFO tempest.lib.common.rest_client [req-e7aaad26-3c41-4109-99f2-d7a6b290846e req-e7aaad26-3c41-4109-99f2-d7a6b290846e ] Request (InstanceActionsTestJSON:setUpClass): 201 POST http://10.180.1.21/identity/v3/auth/tokens 0.064s
2025-02-04 16:14:42.889 63635 INFO tempest.lib.common.rest_client [req-cc236f2e-1d6a-4f05-af10-eb53e8f7e2f3 req-cc236f2e-1d6a-4f05-af10-eb53e8f7e2f3 ] Request (FloatingIPsTestJSON:test_delete_floating_ip): 200 POST http://10.180.1.21/compute/v2.1/os-floating-ips 3.655s
2025-02-04 16:14:42.896 63633 INFO tempest.lib.common.rest_client [req-a4ae9370-1db9-46f2-b6ec-da1aa2aeea9f req-a4ae9370-1db9-46f2-b6ec-da1aa2aeea9f ] Request (HypervisorAdminTestJSON:tearDownClass): 204 DELETE http://10.180.1.21:9696/networking/v2.0/security-groups/24455dbc-beb7-4b03-80b2-0c575e897247 0.443s
2025-02-04 16:14:42.907 63579 INFO tempest.lib.common.rest_client [req-44b0c0a4-cf01-4010-acfa-cec54bff9445 req-44b0c0a4-cf01-4010-acfa-cec54bff9445 ] Request (FlavorsAccessNegativeTestJSON:_run_cleanups): 202 DELETE http://10.180.1.21/compute/v2.1/flavors/2114656437 2.560s
2025-02-04 16:14:42.977 63597 INFO tempest.lib.common.rest_client [req-3a063294-bb40-4940-bbce-af8941fe365f req-3a063294-bb40-4940-bbce-af8941fe365f ] Request (TenantUsagesTestJSON:setUpClass): 200 GET http://10.180.1.21/compute/v2.1/servers/b1acc55d-81b7-4d05-a1a7-76ae79529931 2.634s
2025-02-04 16:14:42.988 63615 INFO tempest.lib.common.rest_client [req-0a613416-336f-4d83-880d-271dabf957e0 req-0a613416-336f-4d83-880d-271dabf957e0 ] Request (HypervisorAdminNegativeTestJSON:test_get_nonexistent_hypervisor_uptime): 404 GET http://10.180.1.21/compute/v2.1/os-hypervisors/67db3308-a88a-487f-bd1f-1fae91fac37c/uptime 2.299s
2025-02-04 16:14:42.994 63633 INFO tempest.lib.common.rest_client [req-1d7d8f50-19fd-4036-ada7-6b6a70eddf92 req-1d7d8f50-19fd-4036-ada7-6b6a70eddf92 ] Request (HypervisorAdminTestJSON:tearDownClass): 204 DELETE http://10.180.1.21/identity/v3/projects/7ad587fb290046708b7217803aa971ee 0.096s
2025-02-04 16:14:42.995 63597 INFO tempest.common.waiters [-] State transition "BUILD/None" ==> "BUILD/spawning" after 6 second wait
2025-02-04 16:14:43.086 63633 INFO tempest.lib.common.rest_client [req-7618c25e-8f98-4e2a-95ca-b282026d1675 req-7618c25e-8f98-4e2a-95ca-b282026d1675 ] Request (HypervisorAdminUnderV252Test:setUpClass): 201 POST http://10.180.1.21/identity/v3/auth/tokens 0.089s
2025-02-04 16:14:43.125 63633 INFO tempest.lib.common.rest_client [req-93f47fdf-7114-4147-8aa0-42e8015372d0 req-93f47fdf-7114-4147-8aa0-42e8015372d0 ] Request (HypervisorAdminUnderV252Test:setUpClass): 201 POST http://10.180.1.21/identity/v3/auth/tokens 0.036s
2025-02-04 16:14:43.144 63627 INFO tempest.lib.common.rest_client [req-89c337ec-e1e6-45ac-bcb9-f52bbd59f450 req-89c337ec-e1e6-45ac-bcb9-f52bbd59f450 ] Request (InstanceActionsTestJSON:setUpClass): 201 POST http://10.180.1.21:9696/networking/v2.0/networks 0.462s
2025-02-04 16:14:43.161 63633 INFO tempest.lib.common.rest_client [req-33926fb3-68d4-4572-a867-7dd3ec06245e req-33926fb3-68d4-4572-a867-7dd3ec06245e ] Request (HypervisorAdminUnderV252Test:setUpClass): 200 GET http://10.180.1.21/identity/v3/domains?name=Default 0.036s
2025-02-04 16:14:43.200 63633 INFO tempest.lib.common.rest_client [req-539c5e8c-d387-4d48-87fb-f59d9f3c4834 req-539c5e8c-d387-4d48-87fb-f59d9f3c4834 ] Request (HypervisorAdminUnderV252Test:setUpClass): 201 POST http://10.180.1.21/identity/v3/projects 0.036s
2025-02-04 16:14:43.266 63633 INFO tempest.lib.common.rest_client [req-11b6df82-e711-42b0-a852-4f2f9796d44c req-11b6df82-e711-42b0-a852-4f2f9796d44c ] Request (HypervisorAdminUnderV252Test:setUpClass): 201 POST http://10.180.1.21/identity/v3/users 0.066s
2025-02-04 16:14:43.293 63633 INFO tempest.lib.common.rest_client [req-50c72454-d937-4b06-93e7-c5dffe520056 req-50c72454-d937-4b06-93e7-c5dffe520056 ] Request (HypervisorAdminUnderV252Test:setUpClass): 200 GET http://10.180.1.21/identity/v3/roles 0.027s
2025-02-04 16:14:43.325 63633 INFO tempest.lib.common.rest_client [req-f1845ac7-674e-4d12-91cf-70f70529efb1 req-f1845ac7-674e-4d12-91cf-70f70529efb1 ] Request (HypervisorAdminUnderV252Test:setUpClass): 204 PUT http://10.180.1.21/identity/v3/projects/57d29778b493498eaecca757a823c948/users/e26ae4b3eba543998dfc34aeafd57d5d/roles/7881c831dcdb480c86a1e5361a2ec2b1 0.031s
2025-02-04 16:14:43.325 63633 INFO tempest.lib.common.dynamic_creds [-] Dynamic test user e26ae4b3eba543998dfc34aeafd57d5d is created with scope project and roles: ['member']
2025-02-04 16:14:43.326 63633 INFO tempest.lib.common.dynamic_creds [-] Acquired dynamic creds: credentials: Credentials: {'domain_id': 'default', 'domain_name': 'Default', 'username': 'tempest-HypervisorAdminUnderV252Test-1842535166-project-member', 'project_domain_id': 'default', 'project_domain_name': 'Default', 'project_id': '57d29778b493498eaecca757a823c948', 'project_name': 'tempest-HypervisorAdminUnderV252Test-1842535166', 'tenant_id': '57d29778b493498eaecca757a823c948', 'tenant_name': 'tempest-HypervisorAdminUnderV252Test-1842535166', 'user_domain_id': 'default', 'user_domain_name': 'Default', 'user_id': 'e26ae4b3eba543998dfc34aeafd57d5d', 'system': None}, Network: None, Subnet: None, Router: None
2025-02-04 16:14:43.326 63633 INFO tempest.lib.common.dynamic_creds [-] Created isolated network resources for: credentials: Credentials: {'domain_id': 'default', 'domain_name': 'Default', 'username': 'tempest-HypervisorAdminUnderV252Test-1842535166-project-member', 'project_domain_id': 'default', 'project_domain_name': 'Default', 'project_id': '57d29778b493498eaecca757a823c948', 'project_name': 'tempest-HypervisorAdminUnderV252Test-1842535166', 'tenant_id': '57d29778b493498eaecca757a823c948', 'tenant_name': 'tempest-HypervisorAdminUnderV252Test-1842535166', 'user_domain_id': 'default', 'user_domain_name': 'Default', 'user_id': 'e26ae4b3eba543998dfc34aeafd57d5d', 'system': None}, Network: None, Subnet: None, Router: None
2025-02-04 16:14:43.413 63633 INFO tempest.lib.common.rest_client [req-2488a57e-344c-4c28-8e28-a0752ac2797f req-2488a57e-344c-4c28-8e28-a0752ac2797f ] Request (HypervisorAdminUnderV252Test:setUpClass): 201 POST http://10.180.1.21/identity/v3/auth/tokens 0.083s
2025-02-04 16:14:43.489 63633 INFO tempest.lib.common.rest_client [req-a9ab73bf-93d6-40b7-9feb-8c6be90543e3 req-a9ab73bf-93d6-40b7-9feb-8c6be90543e3 ] Request (HypervisorAdminUnderV252Test:setUpClass): 201 POST http://10.180.1.21/identity/v3/projects 0.075s
2025-02-04 16:14:43.558 63633 INFO tempest.lib.common.rest_client [req-ad5dd4bb-5f54-4f34-8819-f80796779950 req-ad5dd4bb-5f54-4f34-8819-f80796779950 ] Request (HypervisorAdminUnderV252Test:setUpClass): 201 POST http://10.180.1.21/identity/v3/users 0.068s
2025-02-04 16:14:43.580 63599 INFO tempest.lib.common.rest_client [req-64bca248-3e52-4c60-a79e-aaf84ab5aadc req-64bca248-3e52-4c60-a79e-aaf84ab5aadc ] Request (AttachInterfacesV270Test:test_create_get_list_interfaces): 202 POST http://10.180.1.21/compute/v2.1/servers 2.974s
2025-02-04 16:14:43.598 63633 INFO tempest.lib.common.rest_client [req-5695ab61-d275-49c5-a5fc-f7b8d1ee73f6 req-5695ab61-d275-49c5-a5fc-f7b8d1ee73f6 ] Request (HypervisorAdminUnderV252Test:setUpClass): 200 GET http://10.180.1.21/identity/v3/roles 0.040s
2025-02-04 16:14:43.634 63633 INFO tempest.lib.common.rest_client [req-718dac35-9ef9-4cfe-8acb-3570508111b7 req-718dac35-9ef9-4cfe-8acb-3570508111b7 ] Request (HypervisorAdminUnderV252Test:setUpClass): 204 PUT http://10.180.1.21/identity/v3/projects/8e05b85a90d74fd8845dfb12c323069d/users/e8d8bf3dbe324c1ea02231534d9a5e02/roles/5051989e737a423792320632f1b704bd 0.035s
2025-02-04 16:14:43.699 63619 INFO tempest.lib.common.rest_client [req-20e57117-5e44-4657-9838-01da526e4505 req-20e57117-5e44-4657-9838-01da526e4505 ] Request (ServersAdminTestJSON:setUpClass): 202 POST http://10.180.1.21/compute/v2.1/servers 3.001s
2025-02-04 16:14:43.704 63633 INFO tempest.lib.common.rest_client [req-d18996f4-c8de-4248-9d13-5d53eb3a49db req-d18996f4-c8de-4248-9d13-5d53eb3a49db ] Request (HypervisorAdminUnderV252Test:setUpClass): 200 GET http://10.180.1.21/identity/v3/roles 0.067s
2025-02-04 16:14:43.722 63581 INFO tempest.lib.common.rest_client [req-f98d384a-a5eb-4f08-9e59-5e27533774f2 req-f98d384a-a5eb-4f08-9e59-5e27533774f2 ] Request (ServerDiagnosticsNegativeTest:test_get_server_diagnostics_by_non_admin): 200 GET http://10.180.1.21/compute/v2.1/servers/535272ba-b2d0-40e9-8856-244ed5c98a03 2.789s
2025-02-04 16:14:43.736 63581 INFO tempest.common.waiters [-] State transition "BUILD/None" ==> "BUILD/spawning" after 7 second wait
2025-02-04 16:14:43.741 63633 INFO tempest.lib.common.rest_client [req-c1ecf173-7723-439e-a00b-25fa2e74a453 req-c1ecf173-7723-439e-a00b-25fa2e74a453 ] Request (HypervisorAdminUnderV252Test:setUpClass): 204 PUT http://10.180.1.21/identity/v3/projects/8e05b85a90d74fd8845dfb12c323069d/users/e8d8bf3dbe324c1ea02231534d9a5e02/roles/5051989e737a423792320632f1b704bd 0.036s
2025-02-04 16:14:43.741 63633 INFO tempest.lib.common.dynamic_creds [-] Dynamic test user e8d8bf3dbe324c1ea02231534d9a5e02 is created with scope project and roles: ['admin']
2025-02-04 16:14:43.741 63633 INFO tempest.lib.common.dynamic_creds [-] Acquired dynamic creds: credentials: Credentials: {'domain_id': 'default', 'domain_name': 'Default', 'username': 'tempest-HypervisorAdminUnderV252Test-148019922-project-admin', 'project_domain_id': 'default', 'project_domain_name': 'Default', 'project_id': '8e05b85a90d74fd8845dfb12c323069d', 'project_name': 'tempest-HypervisorAdminUnderV252Test-148019922', 'tenant_id': '8e05b85a90d74fd8845dfb12c323069d', 'tenant_name': 'tempest-HypervisorAdminUnderV252Test-148019922', 'user_domain_id': 'default', 'user_domain_name': 'Default', 'user_id': 'e8d8bf3dbe324c1ea02231534d9a5e02', 'system': None}, Network: None, Subnet: None, Router: None
2025-02-04 16:14:43.741 63633 INFO tempest.lib.common.dynamic_creds [-] Created isolated network resources for: credentials: Credentials: {'domain_id': 'default', 'domain_name': 'Default', 'username': 'tempest-HypervisorAdminUnderV252Test-148019922-project-admin', 'project_domain_id': 'default', 'project_domain_name': 'Default', 'project_id': '8e05b85a90d74fd8845dfb12c323069d', 'project_name': 'tempest-HypervisorAdminUnderV252Test-148019922', 'tenant_id': '8e05b85a90d74fd8845dfb12c323069d', 'tenant_name': 'tempest-HypervisorAdminUnderV252Test-148019922', 'user_domain_id': 'default', 'user_domain_name': 'Default', 'user_id': 'e8d8bf3dbe324c1ea02231534d9a5e02', 'system': None}, Network: None, Subnet: None, Router: None
2025-02-04 16:14:43.750 63607 INFO tempest.lib.common.rest_client [req-03784762-a48c-46b2-a7ce-e734197524b1 req-03784762-a48c-46b2-a7ce-e734197524b1 ] Request (FlavorsV255TestJSON:_run_cleanups): 202 DELETE http://10.180.1.21/compute/v2.1/flavors/1385367578 2.624s
2025-02-04 16:14:43.752 63627 INFO tempest.lib.common.rest_client [req-07add9d6-eb81-4dc8-a9e0-1d091758cf2b req-07add9d6-eb81-4dc8-a9e0-1d091758cf2b ] Request (InstanceActionsTestJSON:setUpClass): 201 POST http://10.180.1.21:9696/networking/v2.0/subnets 0.603s
2025-02-04 16:14:43.775 63591 INFO tempest.lib.common.rest_client [req-b4c2625f-bd7a-45a8-b10f-a0a395bb02ac req-b4c2625f-bd7a-45a8-b10f-a0a395bb02ac ] Request (ServersWithSpecificFlavorTestJSON:test_verify_created_server_ephemeral_disk): 200 POST http://10.180.1.21/compute/v2.1/flavors/770877261/os-extra_specs 2.633s
2025-02-04 16:14:43.791 63639 INFO tempest.lib.common.rest_client [req-995d9745-3d58-4073-9f63-3e719976ebbb req-995d9745-3d58-4073-9f63-3e719976ebbb ] Request (FlavorsAccessTestJSON:_run_cleanups): 202 DELETE http://10.180.1.21/compute/v2.1/flavors/349469434 2.517s
2025-02-04 16:14:43.807 63623 INFO tempest.lib.common.rest_client [req-c90ce88c-2838-4d81-a362-e18d3180af43 req-c90ce88c-2838-4d81-a362-e18d3180af43 ] Request (FlavorsAdminTestJSON:_run_cleanups): 202 DELETE http://10.180.1.21/compute/v2.1/flavors/914459623 2.495s
2025-02-04 16:14:43.825 63637 INFO tempest.lib.common.rest_client [req-aefd6bef-b861-44f7-b9c2-04315f169177 req-aefd6bef-b861-44f7-b9c2-04315f169177 ] Request (ServicesAdminNegativeTestJSON:test_get_service_with_valid_service_and_invalid_host): 200 GET http://10.180.1.21/compute/v2.1/os-services?host=xxx&binary=nova-scheduler 2.502s
2025-02-04 16:14:43.828 63587 INFO tempest.lib.common.rest_client [req-f2b0597f-2e9a-4049-acbf-ea0acb101ed4 req-f2b0597f-2e9a-4049-acbf-ea0acb101ed4 ] Request (AttachInterfacesUnderV243Test:setUpClass): 200 PUT http://10.180.1.21:9696/networking/v2.0/routers/fd47a04d-5d8b-47ff-a5b7-f2fa1c9d56eb/add_router_interface 1.609s
2025-02-04 16:14:43.829 63587 INFO tempest.lib.common.dynamic_creds [-] Created isolated network resources for: credentials: Credentials: {'domain_id': 'default', 'domain_name': 'Default', 'username': 'tempest-AttachInterfacesUnderV243Test-108008458-project-member', 'project_domain_id': 'default', 'project_domain_name': 'Default', 'project_id': 'a1075c693d4341eeaeac0e2de0c2c962', 'project_name': 'tempest-AttachInterfacesUnderV243Test-108008458', 'tenant_id': 'a1075c693d4341eeaeac0e2de0c2c962', 'tenant_name': 'tempest-AttachInterfacesUnderV243Test-108008458', 'user_domain_id': 'default', 'user_domain_name': 'Default', 'user_id': 'f159bcabb7084872b057ce681f5608d3', 'system': None}, Network: {'id': '4bf055a3-d5d9-40b4-be08-92d6174bfefd', 'name': 'tempest-AttachInterfacesUnderV243Test-1975906922-network', 'tenant_id': 'a1075c693d4341eeaeac0e2de0c2c962', 'admin_state_up': True, 'mtu': 8950, 'status': 'ACTIVE', 'subnets': [], 'shared': False, 'project_id': 'a1075c693d4341eeaeac0e2de0c2c962', 'port_security_enabled': True, 'router:external': False, 'provider:network_type': 'vlan', 'provider:physical_network': 'default', 'provider:segmentation_id': 296, 'availability_zone_hints': [], 'availability_zones': [], 'ipv4_address_scope': None, 'ipv6_address_scope': None, 'description': '', 'tags': [], 'created_at': '2025-02-04T16:14:40Z', 'updated_at': '2025-02-04T16:14:40Z', 'revision_number': 1}, Subnet: {'id': 'b45e0a0e-947f-4d87-a867-bfab1d833d98', 'name': 'tempest-AttachInterfacesUnderV243Test-1975906922-subnet', 'tenant_id': 'a1075c693d4341eeaeac0e2de0c2c962', 'network_id': '4bf055a3-d5d9-40b4-be08-92d6174bfefd', 'ip_version': 4, 'subnetpool_id': None, 'enable_dhcp': True, 'ipv6_ra_mode': None, 'ipv6_address_mode': None, 'gateway_ip': '192.168.128.1', 'cidr': '192.168.128.0/28', 'allocation_pools': [{'start': '192.168.128.2', 'end': '192.168.128.14'}], 'host_routes': [], 'dns_nameservers': [], 'description': '', 'router:external': False, 'service_types': [], 'tags': [], 'created_at': '2025-02-04T16:14:40Z', 'updated_at': '2025-02-04T16:14:40Z', 'revision_number': 0, 'project_id': 'a1075c693d4341eeaeac0e2de0c2c962'}, Router: {'id': 'fd47a04d-5d8b-47ff-a5b7-f2fa1c9d56eb', 'name': 'tempest-AttachInterfacesUnderV243Test-1975906922-router', 'tenant_id': 'a1075c693d4341eeaeac0e2de0c2c962', 'admin_state_up': True, 'status': 'ACTIVE', 'external_gateway_info': {'network_id': 'b0016085-4033-47dd-9bdb-5c2cfad7c104', 'external_fixed_ips': [{'subnet_id': '5bda8bcb-61b1-42fa-be13-3f7d45bb4deb', 'ip_address': '10.180.180.146'}], 'enable_snat': True}, 'description': '', 'availability_zones': [], 'distributed': False, 'ha': False, 'availability_zone_hints': [], 'routes': [], 'flavor_id': None, 'tags': [], 'created_at': '2025-02-04T16:14:40Z', 'updated_at': '2025-02-04T16:14:41Z', 'revision_number': 2, 'project_id': 'a1075c693d4341eeaeac0e2de0c2c962'}
2025-02-04 16:14:43.840 63605 INFO tempest.lib.common.rest_client [req-a21ccef0-774e-4c51-96df-8489360069da req-a21ccef0-774e-4c51-96df-8489360069da ] Request (QuotasAdminTestJSON:test_delete_quota): 202 DELETE http://10.180.1.21/compute/v2.1/os-quota-sets/b797441b3aad4b81860b77005b067d56 2.517s
2025-02-04 16:14:43.842 63633 INFO tempest.lib.common.rest_client [req-00e92157-5c62-439e-8211-c5df03cc5dab req-00e92157-5c62-439e-8211-c5df03cc5dab ] Request (HypervisorAdminUnderV252Test:setUpClass): 201 POST http://10.180.1.21/identity/v3/auth/tokens 0.097s
2025-02-04 16:14:43.860 63621 INFO tempest.lib.common.rest_client [req-b42f41db-dbad-4465-acef-bb22958de3b4 req-b42f41db-dbad-4465-acef-bb22958de3b4 ] Request (FlavorsExtraSpecsTestJSON:test_flavor_set_get_update_show_unset_keys): 200 POST http://10.180.1.21/compute/v2.1/flavors/65614910/os-extra_specs 2.523s
2025-02-04 16:14:43.874 63629 INFO tempest.lib.common.rest_client [req-fe9bac8e-c3e6-4853-a9ad-b2faa1fcac6b req-fe9bac8e-c3e6-4853-a9ad-b2faa1fcac6b ] Request (QuotasAdminNegativeTest:test_create_server_when_instances_quota_is_full): 200 GET http://10.180.1.21/compute/v2.1/os-quota-sets/0d80235e73db462e965dcdfd0df901a2 2.769s
2025-02-04 16:14:43.911 63587 INFO tempest.lib.common.rest_client [req-1bd161e6-499d-4a1c-94f1-17fb053c1f98 req-1bd161e6-499d-4a1c-94f1-17fb053c1f98 ] Request (AttachInterfacesUnderV243Test:setUpClass): 201 POST http://10.180.1.21/identity/v3/auth/tokens 0.077s
2025-02-04 16:14:44.040 63589 INFO tempest.lib.common.rest_client [req-a6d272a6-8abc-405f-9c4d-a01a16da6084 req-a6d272a6-8abc-405f-9c4d-a01a16da6084 ] Request (DeleteServersAdminTestJSON:test_admin_delete_servers_of_others): 200 GET http://10.180.1.21/compute/v2.1/servers/ed2923a0-e12e-4a3f-ba23-09e83ec21367 2.349s
2025-02-04 16:14:44.163 63577 INFO tempest.lib.common.rest_client [req-c337d478-bfc7-475c-9bf2-03293a09af04 req-c337d478-bfc7-475c-9bf2-03293a09af04 ] Request (ServerExternalEventsTest:test_create_server_external_events): 202 POST http://10.180.1.21/compute/v2.1/servers 2.805s
2025-02-04 16:14:44.222 63595 INFO tempest.lib.common.rest_client [req-9d0a4b38-5bf3-4e56-b35c-b2fc3043811b req-9d0a4b38-5bf3-4e56-b35c-b2fc3043811b ] Request (ImagesOneServerTestJSON:setUpClass): 200 GET http://10.180.1.21/compute/v2.1/servers/586624a7-463d-4b4d-be96-b6219fc75283 2.345s
2025-02-04 16:14:44.229 63601 INFO tempest.lib.common.rest_client [req-2dba92f8-da13-49d8-87dd-24135e3382d6 req-2dba92f8-da13-49d8-87dd-24135e3382d6 ] Request (HostsAdminNegativeTestJSON:test_shutdown_host_with_non_admin_user): 403 GET http://10.180.1.21/compute/v2.1/os-hosts/devstack/shutdown 2.337s
2025-02-04 16:14:44.293 63603 INFO tempest.lib.common.rest_client [req-8ea58f2c-f2ca-4004-b2f1-8bb22447d3c5 req-8ea58f2c-f2ca-4004-b2f1-8bb22447d3c5 ] Request (NetworksTest:test_get_network): 200 GET http://10.180.1.21/compute/v2.1/os-networks 2.489s
2025-02-04 16:14:44.345 63585 INFO tempest.lib.common.rest_client [req-ca44daaf-d5b8-4c02-8020-722b47eda612 req-ca44daaf-d5b8-4c02-8020-722b47eda612 ] Request (KeyPairsV22TestJSON:test_keypairs_create_list_delete): 201 POST http://10.180.1.21/compute/v2.1/os-keypairs 2.286s
2025-02-04 16:14:44.373 63613 INFO tempest.lib.common.rest_client [req-a8e59b78-57d4-4f5f-be3d-0611c8c8c360 req-a8e59b78-57d4-4f5f-be3d-0611c8c8c360 ] Request (AggregatesAdminNegativeTestJSON:_run_cleanups): 200 DELETE http://10.180.1.21/compute/v2.1/os-aggregates/1 1.943s
2025-02-04 16:14:44.378 63583 INFO tempest.lib.common.rest_client [req-c1a5e3d3-3b2f-4f72-a7ae-6d7d55b1ce9f req-c1a5e3d3-3b2f-4f72-a7ae-6d7d55b1ce9f ] Request (MigrationsAdminTest:test_list_migrations_in_flavor_resize_situation): 200 GET http://10.180.1.21/compute/v2.1/servers/d1cb9a44-ac61-41ee-b6c4-5611b6358f7e 2.133s
2025-02-04 16:14:44.440 63631 INFO tempest.lib.common.rest_client [req-b84222ed-59bb-4379-8544-fe6a235d0fc0 req-b84222ed-59bb-4379-8544-fe6a235d0fc0 ] Request (KeyPairsV2TestJSON:test_keypairs_create_list_delete): 200 POST http://10.180.1.21/compute/v2.1/os-keypairs 1.957s
2025-02-04 16:14:44.499 63625 INFO tempest.lib.common.rest_client [req-1eb3e3c3-c72e-46df-9b19-223fdedead03 req-1eb3e3c3-c72e-46df-9b19-223fdedead03 ] Request (KeyPairsV210TestJSON:test_admin_manage_keypairs_for_other_users): 201 POST http://10.180.1.21/compute/v2.1/os-keypairs 1.846s
2025-02-04 16:14:44.536 63617 INFO tempest.lib.common.rest_client [req-26c7acb6-17f1-4c21-9323-cd7affbdeed3 req-26c7acb6-17f1-4c21-9323-cd7affbdeed3 ] Request (VolumesAssistedSnapshotsTest:test_volume_assisted_snapshot_create_delete): 200 POST http://10.180.1.21/compute/v2.1/os-keypairs 2.077s
2025-02-04 16:14:44.584 63579 INFO tempest.lib.common.rest_client [req-93b9018c-4ad1-4629-bdc4-c83f9534bd54 req-93b9018c-4ad1-4629-bdc4-c83f9534bd54 ] Request (FlavorsAccessNegativeTestJSON:_run_cleanups): 200 GET http://10.180.1.21/compute/v2.1/flavors/detail 1.676s
2025-02-04 16:14:44.672 63609 INFO tempest.lib.common.rest_client [req-9601fe2b-0b49-4fe4-a060-03aa53673f91 req-9601fe2b-0b49-4fe4-a060-03aa53673f91 ] Request (ServersAaction247Test:test_create_backup): 200 GET http://10.180.1.21/compute/v2.1/servers/099d6c93-4684-4394-9a91-fa1c055c9a60 1.703s
2025-02-04 16:14:44.695 63615 INFO tempest.lib.common.rest_client [req-20876ce8-7cc8-4a46-99c3-42a7a2e07c38 req-20876ce8-7cc8-4a46-99c3-42a7a2e07c38 ] Request (HypervisorAdminNegativeTestJSON:test_show_hypervisor_with_non_admin_user): 200 GET http://10.180.1.21/compute/v2.1/os-hypervisors 1.706s
2025-02-04 16:14:44.753 63611 INFO tempest.lib.common.rest_client [req-9fcc10ab-518b-43f0-8c68-0cb11daa33ae req-9fcc10ab-518b-43f0-8c68-0cb11daa33ae ] Request (ListServerFiltersTestJSON:setUpClass): 200 GET http://10.180.1.21/compute/v2.1/servers/44216086-3dde-4879-8e91-3dbd796e07cf 1.729s
2025-02-04 16:14:44.850 63599 INFO tempest.lib.common.rest_client [req-9aa5b796-56c6-42f2-98ab-abdecc5c5ebe req-9aa5b796-56c6-42f2-98ab-abdecc5c5ebe ] Request (AttachInterfacesV270Test:test_create_get_list_interfaces): 200 GET http://10.180.1.21/compute/v2.1/servers/81ec8a31-1a26-41e0-aab1-dc4c9bc12523 1.268s
2025-02-04 16:14:44.911 63619 INFO tempest.lib.common.rest_client [req-72501286-3d3e-426d-aaff-66d91e8bc647 req-72501286-3d3e-426d-aaff-66d91e8bc647 ] Request (ServersAdminTestJSON:setUpClass): 200 GET http://10.180.1.21/compute/v2.1/servers/ab5784bb-000b-4f56-bd35-65a04620b36f 1.210s
2025-02-04 16:14:44.937 63607 INFO tempest.lib.common.rest_client [req-e0e44212-1230-4240-b769-39d539ea5d9f req-e0e44212-1230-4240-b769-39d539ea5d9f ] Request (FlavorsV255TestJSON:_run_cleanups): 200 GET http://10.180.1.21/compute/v2.1/flavors/detail 1.186s
2025-02-04 16:14:44.957 63591 INFO tempest.lib.common.rest_client [req-d4ab3800-f18d-421f-8ca3-64780ba8f645 req-d4ab3800-f18d-421f-8ca3-64780ba8f645 ] Request (ServersWithSpecificFlavorTestJSON:test_verify_created_server_ephemeral_disk): 200 POST http://10.180.1.21/compute/v2.1/flavors 1.181s
2025-02-04 16:14:44.986 63639 INFO tempest.lib.common.rest_client [req-32cb2f11-15ab-487f-8b2c-fae70181c8ed req-32cb2f11-15ab-487f-8b2c-fae70181c8ed ] Request (FlavorsAccessTestJSON:_run_cleanups): 200 GET http://10.180.1.21/compute/v2.1/flavors/detail 1.194s
2025-02-04 16:14:45.013 63623 INFO tempest.lib.common.rest_client [req-a488e177-b0a9-4a2c-9c6e-ab2a091c78bd req-a488e177-b0a9-4a2c-9c6e-ab2a091c78bd ] Request (FlavorsAdminTestJSON:_run_cleanups): 200 GET http://10.180.1.21/compute/v2.1/flavors/detail 1.205s
2025-02-04 16:14:45.022 63617 INFO tempest.lib.common.rest_client [req-c3531ff9-2490-4e70-845d-39ca8ac414c4 req-c3531ff9-2490-4e70-845d-39ca8ac414c4 ] Request (VolumesAssistedSnapshotsTest:test_volume_assisted_snapshot_create_delete): 201 POST http://10.180.1.21:9696/networking/v2.0/security-groups 0.485s
2025-02-04 16:14:45.076 63637 INFO tempest.lib.common.rest_client [req-f3574e69-7ba3-4025-abcd-15c835ee5212 req-f3574e69-7ba3-4025-abcd-15c835ee5212 ] Request (ServicesAdminNegativeTestJSON:test_list_services_with_non_admin_user): 403 GET http://10.180.1.21/compute/v2.1/os-services 1.244s
2025-02-04 16:14:45.129 63607 INFO tempest.lib.common.rest_client [req-b6993ff8-60a5-42fb-9f44-2be827c2ed9f req-b6993ff8-60a5-42fb-9f44-2be827c2ed9f ] Request (FlavorsV255TestJSON:tearDownClass): 204 DELETE http://10.180.1.21/identity/v3/users/c9c2796871ea4c269407964656bc699a 0.179s
2025-02-04 16:14:45.190 63637 INFO tempest.lib.common.rest_client [req-6f7d0729-caf2-412c-ad69-9aff6a928b6a req-6f7d0729-caf2-412c-ad69-9aff6a928b6a ] Request (ServicesAdminNegativeTestJSON:tearDownClass): 204 DELETE http://10.180.1.21/identity/v3/users/7a102c0f4d5b451295f27b9d7ed592ab 0.112s
2025-02-04 16:14:45.277 63607 INFO tempest.lib.common.rest_client [req-dcc2906d-62bd-4509-9c6d-1daa323eeda4 req-dcc2906d-62bd-4509-9c6d-1daa323eeda4 ] Request (FlavorsV255TestJSON:tearDownClass): 204 DELETE http://10.180.1.21/identity/v3/users/e1d12fdfb15843018133ce8a6bce0390 0.147s
2025-02-04 16:14:45.278 63607 INFO tempest.lib.common.dynamic_creds [-] Deleting project and security group for project: d69764732cfc4aabb9edcbe6fb076693
2025-02-04 16:14:45.305 63617 INFO tempest.lib.common.rest_client [req-2f4116c2-3d2f-4345-aaf4-28462a1e2ee2 req-2f4116c2-3d2f-4345-aaf4-28462a1e2ee2 ] Request (VolumesAssistedSnapshotsTest:test_volume_assisted_snapshot_create_delete): 201 POST http://10.180.1.21:9696/networking/v2.0/security-group-rules 0.282s
2025-02-04 16:14:45.328 63605 INFO tempest.lib.common.rest_client [req-900ec59a-8300-4ec3-9e5c-2934be4a3c47 req-900ec59a-8300-4ec3-9e5c-2934be4a3c47 ] Request (QuotasAdminTestJSON:test_delete_quota): 200 GET http://10.180.1.21/compute/v2.1/os-quota-sets/b797441b3aad4b81860b77005b067d56 1.488s
2025-02-04 16:14:45.345 63607 INFO tempest.lib.common.rest_client [req-67227962-c469-43a7-83be-550fd4286140 req-67227962-c469-43a7-83be-550fd4286140 ] Request (FlavorsV255TestJSON:tearDownClass): 201 POST http://10.180.1.21/identity/v3/auth/tokens 0.067s
2025-02-04 16:14:45.371 63637 INFO tempest.lib.common.rest_client [req-9cf21282-7763-45e7-afdd-96c48d7a710d req-9cf21282-7763-45e7-afdd-96c48d7a710d ] Request (ServicesAdminNegativeTestJSON:tearDownClass): 204 DELETE http://10.180.1.21/identity/v3/users/167aa47a42b147d7adc7b4253606eed4 0.180s
2025-02-04 16:14:45.371 63637 INFO tempest.lib.common.dynamic_creds [-] Deleting project and security group for project: 447bb197a226409d849141808ead4be4
2025-02-04 16:14:45.415 63617 INFO tempest.lib.common.rest_client [req-da4b45af-fc18-4aee-8be0-05bd1f0da22f req-da4b45af-fc18-4aee-8be0-05bd1f0da22f ] Request (VolumesAssistedSnapshotsTest:test_volume_assisted_snapshot_create_delete): 201 POST http://10.180.1.21:9696/networking/v2.0/security-group-rules 0.109s
2025-02-04 16:14:45.475 63605 INFO tempest.lib.common.rest_client [req-5a1d4586-6846-46c0-8049-999874ab9fe6 req-5a1d4586-6846-46c0-8049-999874ab9fe6 ] Request (QuotasAdminTestJSON:_run_cleanups): 204 DELETE http://10.180.1.21/identity/v3/projects/b797441b3aad4b81860b77005b067d56 0.145s
2025-02-04 16:14:45.506 63635 INFO tempest.lib.common.rest_client [req-f457e999-731b-41ae-bbfa-8488ba3b77a2 req-f457e999-731b-41ae-bbfa-8488ba3b77a2 ] Request (FloatingIPsTestJSON:test_delete_floating_ip): 202 DELETE http://10.180.1.21/compute/v2.1/os-floating-ips/64cc9c7f-d172-4034-a2e3-1c859e19c8bf 2.612s
2025-02-04 16:14:45.514 63627 INFO tempest.lib.common.rest_client [req-5a005fe0-e07c-4ba4-ad57-8c093b511a2f req-5a005fe0-e07c-4ba4-ad57-8c093b511a2f ] Request (InstanceActionsTestJSON:setUpClass): 201 POST http://10.180.1.21:9696/networking/v2.0/routers 1.761s
2025-02-04 16:14:45.526 63621 INFO tempest.lib.common.rest_client [req-44e5610a-c3d9-405a-bf0c-c9a9f5ec2a77 req-44e5610a-c3d9-405a-bf0c-c9a9f5ec2a77 ] Request (FlavorsExtraSpecsTestJSON:test_flavor_set_get_update_show_unset_keys): 200 GET http://10.180.1.21/compute/v2.1/flavors/65614910/os-extra_specs 1.664s
2025-02-04 16:14:45.530 63633 INFO tempest.lib.common.rest_client [req-f692578d-1d49-46e9-88e2-44557dc905fc req-f692578d-1d49-46e9-88e2-44557dc905fc ] Request (HypervisorAdminUnderV252Test:test_get_hypervisor_show_servers): 200 GET http://10.180.1.21/compute/v2.1/os-hypervisors 1.687s
2025-02-04 16:14:45.558 63637 INFO tempest.lib.common.rest_client [req-b3795139-9d54-4c23-9edb-a216cff20787 req-b3795139-9d54-4c23-9edb-a216cff20787 ] Request (ServicesAdminNegativeTestJSON:tearDownClass): 201 POST http://10.180.1.21/identity/v3/auth/tokens 0.186s
2025-02-04 16:14:45.679 63587 INFO tempest.lib.common.rest_client [req-3c32250e-f4f0-4195-9242-bfa741fc5c6b req-3c32250e-f4f0-4195-9242-bfa741fc5c6b ] Request (ValidationResourcesFixture:setUp): 200 POST http://10.180.1.21/compute/v2.1/os-keypairs 1.765s
2025-02-04 16:14:45.705 63629 INFO tempest.lib.common.rest_client [req-31c6968e-2e2c-4862-9c56-05a59d38f678 req-31c6968e-2e2c-4862-9c56-05a59d38f678 ] Request (QuotasAdminNegativeTest:test_create_server_when_instances_quota_is_full): 200 PUT http://10.180.1.21/compute/v2.1/os-quota-sets/0d80235e73db462e965dcdfd0df901a2 1.821s
2025-02-04 16:14:45.771 63577 INFO tempest.lib.common.rest_client [req-1b826234-11d7-40e0-bb95-d52a20ee013b req-1b826234-11d7-40e0-bb95-d52a20ee013b ] Request (ServerExternalEventsTest:test_create_server_external_events): 200 GET http://10.180.1.21/compute/v2.1/servers/0e1bea19-9be5-4cd0-b3dd-733227998bb2 1.606s
2025-02-04 16:14:45.776 63629 INFO tempest.lib.common.rest_client [req-890e5848-9327-49aa-9971-27184644c83a req-890e5848-9327-49aa-9971-27184644c83a ] Request (QuotasAdminNegativeTest:test_create_server_when_instances_quota_is_full): 201 POST http://10.180.1.21/identity/v3/auth/tokens 0.065s
2025-02-04 16:14:45.776 63629 INFO tempest.lib.common.fixed_network [-] (QuotasAdminNegativeTest:test_create_server_when_instances_quota_is_full) Found network None available for tenant
2025-02-04 16:14:45.782 63601 INFO tempest.lib.common.rest_client [req-d1267d41-c54e-461f-a757-87842c96f1ad req-d1267d41-c54e-461f-a757-87842c96f1ad ] Request (HostsAdminNegativeTestJSON:test_shutdown_nonexistent_host): 404 GET http://10.180.1.21/compute/v2.1/os-hosts/nonexistent_hostname/shutdown 1.551s
2025-02-04 16:14:45.790 63637 INFO tempest.lib.common.rest_client [req-48d28420-6ba2-4542-b31e-b57995b6a6ca req-48d28420-6ba2-4542-b31e-b57995b6a6ca ] Request (ServicesAdminNegativeTestJSON:tearDownClass): 200 GET http://10.180.1.21:9696/networking/v2.0/security-groups?tenant_id=447bb197a226409d849141808ead4be4&name=default 0.232s
2025-02-04 16:14:45.845 63607 INFO tempest.lib.common.rest_client [req-04ab0ab0-334b-44ee-a1ac-035d31b2ad57 req-04ab0ab0-334b-44ee-a1ac-035d31b2ad57 ] Request (FlavorsV255TestJSON:tearDownClass): 200 GET http://10.180.1.21:9696/networking/v2.0/security-groups?tenant_id=d69764732cfc4aabb9edcbe6fb076693&name=default 0.500s
2025-02-04 16:14:45.905 63603 INFO tempest.lib.common.rest_client [req-715e09a1-fc95-4a15-9919-ecd76b02a492 req-715e09a1-fc95-4a15-9919-ecd76b02a492 ] Request (NetworksTest:test_get_network): 200 GET http://10.180.1.21/compute/v2.1/os-networks/b0016085-4033-47dd-9bdb-5c2cfad7c104 1.611s
2025-02-04 16:14:45.928 63587 INFO tempest.lib.common.rest_client [req-a14e2c04-6ec4-492d-af47-e06fddb5ac51 req-a14e2c04-6ec4-492d-af47-e06fddb5ac51 ] Request (ValidationResourcesFixture:setUp): 201 POST http://10.180.1.21:9696/networking/v2.0/security-groups 0.242s
2025-02-04 16:14:45.940 63585 INFO tempest.lib.common.rest_client [req-df8bbffc-ba41-4cde-9821-9f3726047511 req-df8bbffc-ba41-4cde-9821-9f3726047511 ] Request (KeyPairsV22TestJSON:test_keypairs_create_list_delete): 201 POST http://10.180.1.21/compute/v2.1/os-keypairs 1.593s
2025-02-04 16:14:45.962 63597 INFO tempest.lib.common.rest_client [req-6854cec6-9e79-4826-9b2b-8ccd2b9eb87e req-6854cec6-9e79-4826-9b2b-8ccd2b9eb87e ] Request (TenantUsagesTestJSON:setUpClass): 200 GET http://10.180.1.21/compute/v2.1/servers/b1acc55d-81b7-4d05-a1a7-76ae79529931 1.965s
2025-02-04 16:14:45.976 63613 INFO tempest.lib.common.rest_client [req-1dc8ed9f-58ee-4a51-9440-e47f1354e14e req-1dc8ed9f-58ee-4a51-9440-e47f1354e14e ] Request (AggregatesAdminNegativeTestJSON:test_aggregate_add_host_as_user): 200 POST http://10.180.1.21/compute/v2.1/os-aggregates 1.596s
2025-02-04 16:14:45.990 63625 INFO tempest.lib.common.rest_client [req-802e5f14-6dfb-4694-85ce-757147777012 req-802e5f14-6dfb-4694-85ce-757147777012 ] Request (KeyPairsV210TestJSON:test_admin_manage_keypairs_for_other_users): 200 GET http://10.180.1.21/compute/v2.1/os-keypairs/tempest-keypair-858708298?user_id=0f5a43d4521a49c7a50c72e9da3de2e3 1.489s
2025-02-04 16:14:45.995 63631 INFO tempest.lib.common.rest_client [req-d1784a03-d0f8-4328-85df-45a1eec01397 req-d1784a03-d0f8-4328-85df-45a1eec01397 ] Request (KeyPairsV2TestJSON:test_keypairs_create_list_delete): 200 POST http://10.180.1.21/compute/v2.1/os-keypairs 1.553s
2025-02-04 16:14:46.003 63615 INFO tempest.lib.common.rest_client [req-bd75938b-8c78-4197-bc92-768b024e70c3 req-bd75938b-8c78-4197-bc92-768b024e70c3 ] Request (HypervisorAdminNegativeTestJSON:test_show_hypervisor_with_non_admin_user): 403 GET http://10.180.1.21/compute/v2.1/os-hypervisors/1 1.304s
2025-02-04 16:14:46.008 63637 INFO tempest.lib.common.rest_client [req-e45d8888-0737-4ed6-a25d-8325ead68f1e req-e45d8888-0737-4ed6-a25d-8325ead68f1e ] Request (ServicesAdminNegativeTestJSON:tearDownClass): 204 DELETE http://10.180.1.21:9696/networking/v2.0/security-groups/eb91efb5-28db-4212-9e54-72b4a55c123f 0.217s
2025-02-04 16:14:46.011 63579 INFO tempest.lib.common.rest_client [req-06380b07-f43d-41c6-b695-ad9848fcc964 req-06380b07-f43d-41c6-b695-ad9848fcc964 ] Request (FlavorsAccessNegativeTestJSON:test_flavor_access_list_with_public_flavor): 200 POST http://10.180.1.21/compute/v2.1/flavors 1.414s
2025-02-04 16:14:46.024 63591 INFO tempest.lib.common.rest_client [req-76780d1f-abbc-4a00-8ba7-09e75d46958e req-76780d1f-abbc-4a00-8ba7-09e75d46958e ] Request (ServersWithSpecificFlavorTestJSON:test_verify_created_server_ephemeral_disk): 200 GET http://10.180.1.21/compute/v2.1/flavors/42/os-extra_specs 1.064s
2025-02-04 16:14:46.038 63639 INFO tempest.lib.common.rest_client [req-954d9ab9-b244-40bd-b780-2d8732dd8655 req-954d9ab9-b244-40bd-b780-2d8732dd8655 ] Request (FlavorsAccessTestJSON:test_flavor_access_list_with_private_flavor): 200 POST http://10.180.1.21/compute/v2.1/flavors 1.036s
2025-02-04 16:14:46.041 63607 INFO tempest.lib.common.rest_client [req-11500966-7e86-4844-81e4-50010483b6bb req-11500966-7e86-4844-81e4-50010483b6bb ] Request (FlavorsV255TestJSON:tearDownClass): 204 DELETE http://10.180.1.21:9696/networking/v2.0/security-groups/4feb8a00-1e77-461d-8c3a-3f156050a494 0.195s
2025-02-04 16:14:46.063 63587 INFO tempest.lib.common.rest_client [req-d3a7ddd9-5167-4ad3-a74f-572ade895f7e req-d3a7ddd9-5167-4ad3-a74f-572ade895f7e ] Request (ValidationResourcesFixture:setUp): 201 POST http://10.180.1.21:9696/networking/v2.0/security-group-rules 0.134s
2025-02-04 16:14:46.065 63623 INFO tempest.lib.common.rest_client [req-b4c7b3c7-c6e8-4091-9fae-7dc99fdba266 req-b4c7b3c7-c6e8-4091-9fae-7dc99fdba266 ] Request (FlavorsAdminTestJSON:test_create_flavor_with_int_id): 200 POST http://10.180.1.21/compute/v2.1/flavors 1.040s
2025-02-04 16:14:46.093 63637 INFO tempest.lib.common.rest_client [req-dc475819-6914-4889-90a3-bcba3a9b8519 req-dc475819-6914-4889-90a3-bcba3a9b8519 ] Request (ServicesAdminNegativeTestJSON:tearDownClass): 204 DELETE http://10.180.1.21/identity/v3/projects/447bb197a226409d849141808ead4be4 0.085s
2025-02-04 16:14:46.094 63637 INFO tempest.lib.common.dynamic_creds [-] Deleting project and security group for project: 31433d8c2d8f451296890ad1d1ff462a
2025-02-04 16:14:46.134 63607 INFO tempest.lib.common.rest_client [req-c08f75c3-d548-4679-92b8-fbd41522167a req-c08f75c3-d548-4679-92b8-fbd41522167a ] Request (FlavorsV255TestJSON:tearDownClass): 204 DELETE http://10.180.1.21/identity/v3/projects/d69764732cfc4aabb9edcbe6fb076693 0.092s
2025-02-04 16:14:46.135 63607 INFO tempest.lib.common.dynamic_creds [-] Deleting project and security group for project: 8ac95e61045147348e1f78d70f35b40e
2025-02-04 16:14:46.179 63581 INFO tempest.lib.common.rest_client [req-3b73ff01-5154-43f7-b078-62c7cb55560a req-3b73ff01-5154-43f7-b078-62c7cb55560a ] Request (ServerDiagnosticsNegativeTest:test_get_server_diagnostics_by_non_admin): 200 GET http://10.180.1.21/compute/v2.1/servers/535272ba-b2d0-40e9-8856-244ed5c98a03 1.441s
2025-02-04 16:14:46.236 63617 INFO tempest.lib.common.rest_client [req-e24f9a4d-c1f6-455f-9182-111385e785aa req-e24f9a4d-c1f6-455f-9182-111385e785aa ] Request (VolumesAssistedSnapshotsTest:test_volume_assisted_snapshot_create_delete): 201 POST http://10.180.1.21:9696/networking/v2.0/floatingips 0.820s
2025-02-04 16:14:46.246 63595 INFO tempest.lib.common.rest_client [req-640850d9-d1b5-4c10-ba0b-ec92ce968c42 req-640850d9-d1b5-4c10-ba0b-ec92ce968c42 ] Request (ImagesOneServerTestJSON:setUpClass): 200 GET http://10.180.1.21/compute/v2.1/servers/586624a7-463d-4b4d-be96-b6219fc75283 1.015s
2025-02-04 16:14:46.282 63587 INFO tempest.lib.common.rest_client [req-1a05c579-48e0-4141-824c-b6477549b47f req-1a05c579-48e0-4141-824c-b6477549b47f ] Request (ValidationResourcesFixture:setUp): 201 POST http://10.180.1.21:9696/networking/v2.0/security-group-rules 0.219s
2025-02-04 16:14:46.305 63617 INFO tempest.lib.common.rest_client [req-e0ce0644-4e62-4cd6-b3d9-6d46e28cae0e req-e0ce0644-4e62-4cd6-b3d9-6d46e28cae0e ] Request (VolumesAssistedSnapshotsTest:test_volume_assisted_snapshot_create_delete): 201 POST http://10.180.1.21/identity/v3/auth/tokens 0.066s
2025-02-04 16:14:46.305 63617 INFO tempest.lib.common.fixed_network [-] (VolumesAssistedSnapshotsTest:test_volume_assisted_snapshot_create_delete) Found network {'id': 'b54d5c70-2a7b-4886-9c4a-fac5992d33d9', 'name': 'tempest-VolumesAssistedSnapshotsTest-1305122017-network', 'tenant_id': 'c6105452a84f4bff9ae0aac4b9cf2926', 'admin_state_up': True, 'mtu': 8950, 'status': 'ACTIVE', 'subnets': [], 'shared': False, 'project_id': 'c6105452a84f4bff9ae0aac4b9cf2926', 'port_security_enabled': True, 'router:external': False, 'provider:network_type': 'vlan', 'provider:physical_network': 'default', 'provider:segmentation_id': 838, 'availability_zone_hints': [], 'availability_zones': [], 'ipv4_address_scope': None, 'ipv6_address_scope': None, 'description': '', 'tags': [], 'created_at': '2025-02-04T16:14:24Z', 'updated_at': '2025-02-04T16:14:24Z', 'revision_number': 1} available for tenant
2025-02-04 16:14:46.316 63583 INFO tempest.lib.common.rest_client [req-fb0195b5-55f7-49d5-9649-78d467e8ac11 req-fb0195b5-55f7-49d5-9649-78d467e8ac11 ] Request (MigrationsAdminTest:test_list_migrations_in_flavor_resize_situation): 200 GET http://10.180.1.21/compute/v2.1/servers/d1cb9a44-ac61-41ee-b6c4-5611b6358f7e 0.922s
2025-02-04 16:14:46.361 63589 INFO tempest.lib.common.rest_client [req-e18868b0-ce15-4c70-98a2-e71549636bc4 req-e18868b0-ce15-4c70-98a2-e71549636bc4 ] Request (DeleteServersAdminTestJSON:test_admin_delete_servers_of_others): 200 GET http://10.180.1.21/compute/v2.1/servers/ed2923a0-e12e-4a3f-ba23-09e83ec21367 1.312s
2025-02-04 16:14:46.385 63637 INFO tempest.lib.common.rest_client [req-4fa9d79e-295a-479c-b58b-a4df3a37f7f3 req-4fa9d79e-295a-479c-b58b-a4df3a37f7f3 ] Request (ServicesAdminNegativeTestJSON:tearDownClass): 200 GET http://10.180.1.21:9696/networking/v2.0/security-groups?tenant_id=31433d8c2d8f451296890ad1d1ff462a&name=default 0.291s
2025-02-04 16:14:46.412 63635 INFO tempest.lib.common.rest_client [req-054800e2-19cf-4e7e-9d99-cd929c69e4ee req-054800e2-19cf-4e7e-9d99-cd929c69e4ee ] Request (FloatingIPsTestJSON:test_delete_floating_ip): 404 GET http://10.180.1.21/compute/v2.1/os-floating-ips/64cc9c7f-d172-4034-a2e3-1c859e19c8bf 0.906s
2025-02-04 16:14:46.431 63607 INFO tempest.lib.common.rest_client [req-49670436-e18b-4f8c-a1fe-00a6b80b777c req-49670436-e18b-4f8c-a1fe-00a6b80b777c ] Request (FlavorsV255TestJSON:tearDownClass): 200 GET http://10.180.1.21:9696/networking/v2.0/security-groups?tenant_id=8ac95e61045147348e1f78d70f35b40e&name=default 0.296s
2025-02-04 16:14:46.439 63605 INFO tempest.lib.common.rest_client [req-faac71a8-412a-4386-9df4-914648ff42fb req-faac71a8-412a-4386-9df4-914648ff42fb ] Request (QuotasAdminTestJSON:test_get_default_quotas): 200 GET http://10.180.1.21/compute/v2.1/os-quota-sets/f5988d28b1ff4ba8b3d99472bdd8dd0b/defaults 0.956s
2025-02-04 16:14:46.453 63621 INFO tempest.lib.common.rest_client [req-1c2387bc-471c-4de0-bd4e-c9d4b07e2607 req-1c2387bc-471c-4de0-bd4e-c9d4b07e2607 ] Request (FlavorsExtraSpecsTestJSON:test_flavor_set_get_update_show_unset_keys): 200 PUT http://10.180.1.21/compute/v2.1/flavors/65614910/os-extra_specs/hw:numa_nodes 0.926s
2025-02-04 16:14:46.495 63605 INFO tempest.lib.common.rest_client [req-98406e7b-5515-4a03-b183-86c3aa4a945d req-98406e7b-5515-4a03-b183-86c3aa4a945d ] Request (QuotasAdminTestJSON:test_get_updated_quotas): 200 GET http://10.180.1.21/identity/v3/domains?name=Default 0.050s
2025-02-04 16:14:46.511 63633 INFO tempest.lib.common.rest_client [req-683cb72c-6ef3-4984-8368-3b9f153d443c req-683cb72c-6ef3-4984-8368-3b9f153d443c ] Request (HypervisorAdminUnderV252Test:test_get_hypervisor_show_servers): 200 GET http://10.180.1.21/compute/v2.1/os-hypervisors/domain-c8.fc996f14-c53b-4953-92e3-bdfa48f5cc28/servers 0.979s
2025-02-04 16:14:46.541 63609 INFO tempest.lib.common.rest_client [req-69e8f522-2104-4d1d-8709-3fb909c08cb4 req-69e8f522-2104-4d1d-8709-3fb909c08cb4 ] Request (ServersAaction247Test:test_create_backup): 200 GET http://10.180.1.21/compute/v2.1/servers/099d6c93-4684-4394-9a91-fa1c055c9a60 0.853s
2025-02-04 16:14:46.583 63605 INFO tempest.lib.common.rest_client [req-903c4159-c468-46f6-8cfc-b884b840897b req-903c4159-c468-46f6-8cfc-b884b840897b ] Request (QuotasAdminTestJSON:test_get_updated_quotas): 201 POST http://10.180.1.21/identity/v3/projects 0.087s
2025-02-04 16:14:46.590 63611 INFO tempest.lib.common.rest_client [req-96ed3c23-39fc-4de6-8d2e-63e8a284241a req-96ed3c23-39fc-4de6-8d2e-63e8a284241a ] Request (ListServerFiltersTestJSON:setUpClass): 200 GET http://10.180.1.21/compute/v2.1/servers/44216086-3dde-4879-8e91-3dbd796e07cf 0.827s
2025-02-04 16:14:46.597 63601 INFO tempest.lib.common.rest_client [req-2099e1ad-55d2-4baa-b9da-57cc4f087994 req-2099e1ad-55d2-4baa-b9da-57cc4f087994 ] Request (HostsAdminNegativeTestJSON:test_startup_host_with_non_admin_user): 403 GET http://10.180.1.21/compute/v2.1/os-hosts/devstack/startup 0.813s
2025-02-04 16:14:46.663 63605 INFO tempest.lib.common.rest_client [req-fe8f92ee-dc05-4156-abca-968201ebcb3b req-fe8f92ee-dc05-4156-abca-968201ebcb3b ] Request (QuotasAdminTestJSON:test_get_updated_quotas): 200 GET http://10.180.1.21/identity/v3/domains?name=Default 0.079s
2025-02-04 16:14:46.810 63629 INFO tempest.lib.common.rest_client [req-6718a01f-2a00-46a4-ad64-b19e2470c606 req-6718a01f-2a00-46a4-ad64-b19e2470c606 ] Request (QuotasAdminNegativeTest:test_create_server_when_instances_quota_is_full): 403 POST http://10.180.1.21/compute/v2.1/servers 1.034s
2025-02-04 16:14:46.820 63637 INFO tempest.lib.common.rest_client [req-22ea5e5c-4753-4054-8f17-5e649ca0453e req-22ea5e5c-4753-4054-8f17-5e649ca0453e ] Request (ServicesAdminNegativeTestJSON:tearDownClass): 204 DELETE http://10.180.1.21:9696/networking/v2.0/security-groups/e66f653d-a958-45a3-b392-e3a9c6f5cf68 0.435s
2025-02-04 16:14:46.825 63599 INFO tempest.lib.common.rest_client [req-78a3480d-607e-48f0-abd7-5f74e4e5ea9c req-78a3480d-607e-48f0-abd7-5f74e4e5ea9c ] Request (AttachInterfacesV270Test:test_create_get_list_interfaces): 200 GET http://10.180.1.21/compute/v2.1/servers/81ec8a31-1a26-41e0-aab1-dc4c9bc12523 0.961s
2025-02-04 16:14:46.871 63607 INFO tempest.lib.common.rest_client [req-a5917bd1-60cc-4ce3-b6f8-80cc1f865fde req-a5917bd1-60cc-4ce3-b6f8-80cc1f865fde ] Request (FlavorsV255TestJSON:tearDownClass): 204 DELETE http://10.180.1.21:9696/networking/v2.0/security-groups/1ea7c2a0-da0e-4b0e-95b0-f7321c471e76 0.440s
2025-02-04 16:14:46.907 63619 INFO tempest.lib.common.rest_client [req-7636f794-bcf7-48a0-8c54-a24498e35951 req-7636f794-bcf7-48a0-8c54-a24498e35951 ] Request (ServersAdminTestJSON:setUpClass): 200 GET http://10.180.1.21/compute/v2.1/servers/ab5784bb-000b-4f56-bd35-65a04620b36f 0.986s
2025-02-04 16:14:46.921 63585 INFO tempest.lib.common.rest_client [req-5b69904b-4ae9-4300-bf9f-a0af99107b30 req-5b69904b-4ae9-4300-bf9f-a0af99107b30 ] Request (KeyPairsV22TestJSON:test_keypairs_create_list_delete): 200 GET http://10.180.1.21/compute/v2.1/os-keypairs 0.979s
2025-02-04 16:14:46.954 63637 INFO tempest.lib.common.rest_client [req-51fb6fbf-f980-4020-979d-79787d5689b3 req-51fb6fbf-f980-4020-979d-79787d5689b3 ] Request (ServicesAdminNegativeTestJSON:tearDownClass): 204 DELETE http://10.180.1.21/identity/v3/projects/31433d8c2d8f451296890ad1d1ff462a 0.133s
2025-02-04 16:14:47.005 63607 INFO tempest.lib.common.rest_client [req-fb94c38b-8c48-440f-a3dd-d6ff952b294e req-fb94c38b-8c48-440f-a3dd-d6ff952b294e ] Request (FlavorsV255TestJSON:tearDownClass): 204 DELETE http://10.180.1.21/identity/v3/projects/8ac95e61045147348e1f78d70f35b40e 0.134s
2025-02-04 16:14:47.026 63603 INFO tempest.lib.common.rest_client [req-9519f809-d8fc-4434-9eb3-206fbf7dc945 req-9519f809-d8fc-4434-9eb3-206fbf7dc945 ] Request (NetworksTest:test_list_all_networks): 200 GET http://10.180.1.21/compute/v2.1/os-networks 1.120s
2025-02-04 16:14:47.062 63625 INFO tempest.lib.common.rest_client [req-b9268b0a-3375-44f5-9e41-27d360f9711d req-b9268b0a-3375-44f5-9e41-27d360f9711d ] Request (KeyPairsV210TestJSON:test_admin_manage_keypairs_for_other_users): 201 POST http://10.180.1.21/compute/v2.1/os-keypairs 1.068s
2025-02-04 16:14:47.071 63637 INFO tempest.lib.common.rest_client [req-678e0298-0c76-429e-a10c-3ed64ebb17d2 req-678e0298-0c76-429e-a10c-3ed64ebb17d2 ] Request (AbsoluteLimitsNegativeTestJSON:setUpClass): 201 POST http://10.180.1.21/identity/v3/auth/tokens 0.113s
