2025-02-04 16:16:45.740 63605 INFO tempest.lib.common.rest_client [req-c9715896-43a0-4099-a350-d5533c1c7278 req-c9715896-43a0-4099-a350-d5533c1c7278 ] Request (MultipleCreateTestJSON:test_multiple_create): 200 GET http://10.180.1.21/compute/v2.1/servers/e139538b-3363-4c4f-b1ea-b4e98e2528ee 0.075s
2025-02-04 16:16:45.785 63631 INFO tempest.lib.common.rest_client [req-2866623c-a54e-4be0-bac2-0816e8c0e28f req-2866623c-a54e-4be0-bac2-0816e8c0e28f ] Request (ServersTestMultiNic:test_verify_multiple_nics_order): 200 GET http://10.180.1.21/compute/v2.1/servers/38afe872-ec16-4ee0-a555-45f407f1a150 0.054s
2025-02-04 16:16:45.899 63611 INFO tempest.lib.common.rest_client [req-d7db2cae-5f0a-472a-a10f-fc98bfe18fba req-d7db2cae-5f0a-472a-a10f-fc98bfe18fba ] Request (ListServerFiltersTestJSON:tearDownClass): 200 GET http://10.180.1.21/compute/v2.1/servers/c6d38585-2785-48b2-b220-80cd664e9010 0.071s
2025-02-04 16:16:45.975 63583 INFO tempest.lib.common.rest_client [req-a8112ae6-569b-47d8-8e0d-b3819c90ec64 req-a8112ae6-569b-47d8-8e0d-b3819c90ec64 ] Request (MigrationsAdminTest:test_resize_server_revert_deleted_flavor): 200 GET http://10.180.1.21/compute/v2.1/servers/9b45195e-aa35-45d4-a8d1-2460610897dd 0.170s
2025-02-04 16:16:45.987 63635 INFO tempest.lib.common.rest_client [req-2404d8fd-9047-4df8-a6af-68ce2091a829 req-2404d8fd-9047-4df8-a6af-68ce2091a829 ] Request (ImagesOneServerNegativeTestJSON:_run_cleanups): 200 GET http://10.180.1.21/compute/v2.1/servers/334f10fc-b465-4f28-a6e3-919b4342bb0f 0.064s
2025-02-04 16:16:46.183 63623 INFO tempest.lib.common.rest_client [req-12a03844-e16b-4b8a-ba83-b4d1eda6b32f req-12a03844-e16b-4b8a-ba83-b4d1eda6b32f ] Request (ServerMetadataNegativeTestJSON:setUpClass): 200 GET http://10.180.1.21/compute/v2.1/servers/64e84161-5eff-406a-af5b-6f9f104cebae 0.066s
2025-02-04 16:16:46.265 63633 INFO tempest.lib.common.rest_client [req-a5bae39a-8d19-4718-be85-5ba46e273ea8 req-a5bae39a-8d19-4718-be85-5ba46e273ea8 ] Request (FloatingIPsAssociationTestJSON:test_associate_already_associated_floating_ip): 200 GET http://10.180.1.21/compute/v2.1/servers/ee17b483-2b67-4714-b8ef-781a358f7fce 0.155s
2025-02-04 16:16:46.284 63603 INFO tempest.lib.common.rest_client [req-7eab45de-3733-42ab-822d-00def3c82304 req-7eab45de-3733-42ab-822d-00def3c82304 ] Request (FloatingIPsAssociationNegativeTestJSON:tearDownClass): 204 DELETE http://10.180.1.21:9696/networking/v2.0/routers/ade3d187-1478-4765-ace6-b2a02819ef11 0.612s
2025-02-04 16:16:46.396 63607 INFO tempest.lib.common.rest_client [req-03599ab9-223f-4b15-ac9b-d9f45635e2ed req-03599ab9-223f-4b15-ac9b-d9f45635e2ed ] Request (InstanceActionsNegativeTestJSON:tearDownClass): 200 GET http://10.180.1.21/compute/v2.1/servers/9d5c6605-ce4f-4db3-9f9e-74d6d06c7c12 0.062s
2025-02-04 16:16:46.419 63603 INFO tempest.lib.common.rest_client [req-7a604a9e-9667-4008-9be8-cac550a0f99c req-7a604a9e-9667-4008-9be8-cac550a0f99c ] Request (FloatingIPsAssociationNegativeTestJSON:tearDownClass): 204 DELETE http://10.180.1.21:9696/networking/v2.0/subnets/a2fd6a1e-a1f6-488f-b448-1f1c73d592f1 0.134s
2025-02-04 16:16:46.449 63637 INFO tempest.lib.common.rest_client [req-0ac0355a-d147-4e42-b116-3e8fa09fd64c req-0ac0355a-d147-4e42-b116-3e8fa09fd64c ] Request (SecurityGroupsTestJSON:test_server_security_groups): 200 GET http://10.180.1.21/compute/v2.1/servers/01f5e2d4-430a-4cb0-8478-7f152441a2c0 0.052s
2025-02-04 16:16:46.504 63625 INFO tempest.lib.common.rest_client [req-ae15598a-0d4e-41ad-82c1-08656106a04a req-ae15598a-0d4e-41ad-82c1-08656106a04a ] Request (ServersAdminNegativeTestJSON:test_migrate_server_invalid_state): 200 GET http://10.180.1.21/compute/v2.1/servers/1d59ae97-3d8f-4926-bc59-ec290cef74ab 0.080s
2025-02-04 16:16:46.541 63609 INFO tempest.lib.common.rest_client [req-3329287f-2485-45c6-b085-5f1dc9a77ae2 req-3329287f-2485-45c6-b085-5f1dc9a77ae2 ] Request (ServersNegativeTestMultiTenantJSON:setUpClass): 200 GET http://10.180.1.21/compute/v2.1/servers/fc79ec3c-aa00-466e-b660-ac43d2361bbc 0.166s
2025-02-04 16:16:46.576 63589 INFO tempest.lib.common.rest_client [req-3fd75978-92ee-40ad-a880-49a19ec62325 req-3fd75978-92ee-40ad-a880-49a19ec62325 ] Request (DeleteServersAdminTestJSON:test_delete_server_while_in_error_state): 200 GET http://10.180.1.21/compute/v2.1/servers/93c5a022-f4c9-4247-b584-3d6050e47dca 0.114s
2025-02-04 16:16:46.623 63615 INFO tempest.lib.common.rest_client [req-8ff6e5df-cc2a-43de-895d-3a02ca1f94fb req-8ff6e5df-cc2a-43de-895d-3a02ca1f94fb ] Request (ImagesNegativeTestJSON:test_create_image_from_deleted_server): 200 GET http://10.180.1.21/compute/v2.1/servers/7d4802a6-50d2-4ac2-bca0-1e8a07618e98 0.148s
2025-02-04 16:16:46.638 63619 INFO tempest.lib.common.rest_client [req-24f82c39-00d1-432e-990f-578c5b0c82d9 req-24f82c39-00d1-432e-990f-578c5b0c82d9 ] Request (ServersAdminTestJSON:test_inject_network_info): 200 GET http://10.180.1.21/compute/v2.1/servers/f575abe2-fba7-4c4f-9a5b-4a092b8d2c04 0.108s
2025-02-04 16:16:46.686 63595 INFO tempest.lib.common.rest_client [req-df162c0a-e85b-4e53-9eb5-cee6f27c24c1 req-df162c0a-e85b-4e53-9eb5-cee6f27c24c1 ] Request (ServersTestJSON:setUpClass): 200 GET http://10.180.1.21/compute/v2.1/servers/02506b07-c1eb-46f9-a0bc-2cafa25d31da 0.150s
2025-02-04 16:16:46.707 63599 INFO tempest.lib.common.rest_client [req-cbd39380-f761-46c0-b479-d7adb89f7701 req-cbd39380-f761-46c0-b479-d7adb89f7701 ] Request (ServersTestBootFromVolume:setUpClass): 200 GET http://10.180.1.21/compute/v2.1/servers/77396720-1683-4848-876c-d292e6b4441a 0.115s
2025-02-04 16:16:46.757 63627 INFO tempest.lib.common.rest_client [req-b1b1b8e7-389e-4661-977d-31269addfc59 req-b1b1b8e7-389e-4661-977d-31269addfc59 ] Request (ServerShowV247Test:test_update_rebuild_list_server): 200 GET http://10.180.1.21/compute/v2.1/servers/ea7c78e7-f3dc-42fd-bde2-12a4859b8170 0.161s
2025-02-04 16:16:46.780 63597 INFO tempest.lib.common.rest_client [req-8a849069-cd80-4fcb-b234-d78ebe526dc2 req-8a849069-cd80-4fcb-b234-d78ebe526dc2 ] Request (ListImageFiltersTestJSON:setUpClass): 200 GET http://10.180.1.21/compute/v2.1/servers/877174d8-a4d9-4c03-bd61-81f9e541cd22 0.135s
2025-02-04 16:16:46.816 63603 INFO tempest.lib.common.rest_client [req-4657d396-d42c-40d8-8437-2576cfaf47d7 req-4657d396-d42c-40d8-8437-2576cfaf47d7 ] Request (FloatingIPsAssociationNegativeTestJSON:tearDownClass): 204 DELETE http://10.180.1.21:9696/networking/v2.0/networks/9e34a8d6-5292-47b1-bb94-212053542c7a 0.397s
2025-02-04 16:16:46.834 63639 INFO tempest.lib.common.rest_client [req-4e19f6c2-b307-4d1a-a2e0-814deb0a6204 req-4e19f6c2-b307-4d1a-a2e0-814deb0a6204 ] Request (ServerAddressesTestJSON:tearDownClass): 200 GET http://10.180.1.21/compute/v2.1/servers/9060d6e7-7559-460a-a2b4-9d8ab720f96a 0.138s
2025-02-04 16:16:46.852 63577 INFO tempest.lib.common.rest_client [req-49b4c389-a842-4762-a7d8-ba2f0af69fe3 req-49b4c389-a842-4762-a7d8-ba2f0af69fe3 ] Request (ServersAdmin275Test:test_rebuild_update_server_275): 200 GET http://10.180.1.21/compute/v2.1/servers/f5985e13-7c49-4c38-b9c9-4c23c52a1f4e 0.142s
2025-02-04 16:16:46.892 63605 INFO tempest.lib.common.rest_client [req-a115017e-2ae6-4792-b3d0-65098f000f6a req-a115017e-2ae6-4792-b3d0-65098f000f6a ] Request (MultipleCreateTestJSON:test_multiple_create): 200 GET http://10.180.1.21/compute/v2.1/servers/e139538b-3363-4c4f-b1ea-b4e98e2528ee 0.142s
2025-02-04 16:16:46.915 63631 INFO tempest.lib.common.rest_client [req-c3738568-568b-4e6b-a007-15dd167da064 req-c3738568-568b-4e6b-a007-15dd167da064 ] Request (ServersTestMultiNic:test_verify_multiple_nics_order): 200 GET http://10.180.1.21/compute/v2.1/servers/38afe872-ec16-4ee0-a555-45f407f1a150 0.115s
2025-02-04 16:16:46.919 63603 INFO tempest.lib.common.rest_client [req-73552c5c-5d00-4d68-bd59-e7fa1ee0dfef req-73552c5c-5d00-4d68-bd59-e7fa1ee0dfef ] Request (FloatingIPsAssociationNegativeTestJSON:tearDownClass): 204 DELETE http://10.180.1.21/identity/v3/users/94594ab17c9d445384dca2a750beeb19 0.102s
2025-02-04 16:16:46.919 63603 INFO tempest.lib.common.dynamic_creds [-] Deleting project and security group for project: 31cfbf35b74141c1816af3f24bcfcd68
2025-02-04 16:16:46.956 63603 INFO tempest.lib.common.rest_client [req-48f2e766-a3d2-41f1-b969-65553bc29bc3 req-48f2e766-a3d2-41f1-b969-65553bc29bc3 ] Request (FloatingIPsAssociationNegativeTestJSON:tearDownClass): 200 GET http://10.180.1.21:9696/networking/v2.0/security-groups?tenant_id=31cfbf35b74141c1816af3f24bcfcd68&name=default 0.037s
2025-02-04 16:16:46.982 63611 INFO tempest.lib.common.rest_client [req-c34647ad-341f-4582-8d71-71d559c3fd9d req-c34647ad-341f-4582-8d71-71d559c3fd9d ] Request (ListServerFiltersTestJSON:tearDownClass): 200 GET http://10.180.1.21/compute/v2.1/servers/c6d38585-2785-48b2-b220-80cd664e9010 0.074s
2025-02-04 16:16:47.020 63635 INFO tempest.lib.common.rest_client [req-8889cf00-ddaf-445a-b62c-a30e6841ea07 req-8889cf00-ddaf-445a-b62c-a30e6841ea07 ] Request (ImagesOneServerNegativeTestJSON:_run_cleanups): 404 GET http://10.180.1.21/compute/v2.1/servers/334f10fc-b465-4f28-a6e3-919b4342bb0f 0.024s
2025-02-04 16:16:47.051 63583 INFO tempest.lib.common.rest_client [req-a2382287-96b9-4d1d-9a51-b8fab1c9830d req-a2382287-96b9-4d1d-9a51-b8fab1c9830d ] Request (MigrationsAdminTest:test_resize_server_revert_deleted_flavor): 200 GET http://10.180.1.21/compute/v2.1/servers/9b45195e-aa35-45d4-a8d1-2460610897dd 0.067s
2025-02-04 16:16:47.060 63635 INFO tempest.lib.common.rest_client [req-ec937186-b1cc-4923-8bab-6443a2784892 req-ec937186-b1cc-4923-8bab-6443a2784892 ] Request (ImagesOneServerNegativeTestJSON:_run_cleanups): 200 POST http://10.180.1.21/compute/v2.1/os-keypairs 0.039s
2025-02-04 16:16:47.091 63603 INFO tempest.lib.common.rest_client [req-841f89a7-5138-41dd-a138-3f00a0212c6f req-841f89a7-5138-41dd-a138-3f00a0212c6f ] Request (FloatingIPsAssociationNegativeTestJSON:tearDownClass): 204 DELETE http://10.180.1.21:9696/networking/v2.0/security-groups/80713a6a-e2c0-4f39-a769-7206f7fa42b2 0.133s
2025-02-04 16:16:47.224 63635 INFO tempest.lib.common.rest_client [req-d4fdad43-ce1e-441f-bb45-ae1c4a5dfeb6 req-d4fdad43-ce1e-441f-bb45-ae1c4a5dfeb6 ] Request (ImagesOneServerNegativeTestJSON:_run_cleanups): 201 POST http://10.180.1.21:9696/networking/v2.0/security-groups 0.162s
2025-02-04 16:16:47.233 63603 INFO tempest.lib.common.rest_client [req-e6096d7c-b15a-4bfd-80c6-e387e48d2d3e req-e6096d7c-b15a-4bfd-80c6-e387e48d2d3e ] Request (FloatingIPsAssociationNegativeTestJSON:tearDownClass): 204 DELETE http://10.180.1.21/identity/v3/projects/31cfbf35b74141c1816af3f24bcfcd68 0.142s
2025-02-04 16:16:47.259 63623 INFO tempest.lib.common.rest_client [req-6b8d9a3d-aa82-4ecf-b5ef-74326eea0bb7 req-6b8d9a3d-aa82-4ecf-b5ef-74326eea0bb7 ] Request (ServerMetadataNegativeTestJSON:setUpClass): 200 GET http://10.180.1.21/compute/v2.1/servers/64e84161-5eff-406a-af5b-6f9f104cebae 0.060s
2025-02-04 16:16:47.294 63603 INFO tempest.lib.common.rest_client [req-8e3db9ab-fa2f-4070-adaa-3b28019ef5c4 req-8e3db9ab-fa2f-4070-adaa-3b28019ef5c4 ] Request (AttachInterfacesTestJSON:setUpClass): 201 POST http://10.180.1.21/identity/v3/auth/tokens 0.059s
2025-02-04 16:16:47.322 63635 INFO tempest.lib.common.rest_client [req-6ac5bd2d-f99f-4728-a63d-6a57cd6a2fd8 req-6ac5bd2d-f99f-4728-a63d-6a57cd6a2fd8 ] Request (ImagesOneServerNegativeTestJSON:_run_cleanups): 201 POST http://10.180.1.21:9696/networking/v2.0/security-group-rules 0.097s
2025-02-04 16:16:47.323 63603 INFO tempest.lib.common.rest_client [req-10d96066-fca6-4806-9203-5af0a4a03abe req-10d96066-fca6-4806-9203-5af0a4a03abe ] Request (AttachInterfacesTestJSON:setUpClass): 201 POST http://10.180.1.21/identity/v3/auth/tokens 0.027s
2025-02-04 16:16:47.348 63603 INFO tempest.lib.common.rest_client [req-27bc40cf-2bc1-4943-a46b-36c55f6dbe82 req-27bc40cf-2bc1-4943-a46b-36c55f6dbe82 ] Request (AttachInterfacesTestJSON:setUpClass): 200 GET http://10.180.1.21/identity/v3/domains?name=Default 0.025s
2025-02-04 16:16:47.377 63603 INFO tempest.lib.common.rest_client [req-dfd30543-ba4c-4718-929e-cbc2ff66f886 req-dfd30543-ba4c-4718-929e-cbc2ff66f886 ] Request (AttachInterfacesTestJSON:setUpClass): 201 POST http://10.180.1.21/identity/v3/projects 0.028s
2025-02-04 16:16:47.384 63633 INFO tempest.lib.common.rest_client [req-a04e667d-0637-4d21-b4cd-eeb334736149 req-a04e667d-0637-4d21-b4cd-eeb334736149 ] Request (FloatingIPsAssociationTestJSON:test_associate_already_associated_floating_ip): 200 GET http://10.180.1.21/compute/v2.1/servers/ee17b483-2b67-4714-b8ef-781a358f7fce 0.111s
2025-02-04 16:16:47.410 63635 INFO tempest.lib.common.rest_client [req-c1a7e996-700d-4a91-9892-3dd5231480ab req-c1a7e996-700d-4a91-9892-3dd5231480ab ] Request (ImagesOneServerNegativeTestJSON:_run_cleanups): 201 POST http://10.180.1.21:9696/networking/v2.0/security-group-rules 0.087s
2025-02-04 16:16:47.443 63603 INFO tempest.lib.common.rest_client [req-19abaf31-2074-4b36-a59e-bd22523f6735 req-19abaf31-2074-4b36-a59e-bd22523f6735 ] Request (AttachInterfacesTestJSON:setUpClass): 201 POST http://10.180.1.21/identity/v3/users 0.064s
2025-02-04 16:16:47.464 63603 INFO tempest.lib.common.rest_client [req-b1bb1268-1aac-4c4f-b7b6-91b6235b07c9 req-b1bb1268-1aac-4c4f-b7b6-91b6235b07c9 ] Request (AttachInterfacesTestJSON:setUpClass): 200 GET http://10.180.1.21/identity/v3/roles 0.020s
2025-02-04 16:16:47.478 63607 INFO tempest.lib.common.rest_client [req-c38dad24-b548-4b65-963e-5b32a1bfd9fc req-c38dad24-b548-4b65-963e-5b32a1bfd9fc ] Request (InstanceActionsNegativeTestJSON:tearDownClass): 200 GET http://10.180.1.21/compute/v2.1/servers/9d5c6605-ce4f-4db3-9f9e-74d6d06c7c12 0.074s
2025-02-04 16:16:47.499 63603 INFO tempest.lib.common.rest_client [req-f17d729d-33dd-461e-9adb-62c514ce0d33 req-f17d729d-33dd-461e-9adb-62c514ce0d33 ] Request (AttachInterfacesTestJSON:setUpClass): 204 PUT http://10.180.1.21/identity/v3/projects/2147a1e9788d4345b9f561c682dcba6d/users/8e483d46951f4d4e9a9419be33fe8d4d/roles/7881c831dcdb480c86a1e5361a2ec2b1 0.035s
2025-02-04 16:16:47.500 63603 INFO tempest.lib.common.dynamic_creds [-] Dynamic test user 8e483d46951f4d4e9a9419be33fe8d4d is created with scope project and roles: ['member']
2025-02-04 16:16:47.500 63603 INFO tempest.lib.common.dynamic_creds [-] Acquired dynamic creds: credentials: Credentials: {'domain_id': 'default', 'domain_name': 'Default', 'username': 'tempest-AttachInterfacesTestJSON-1349497819-project-member', 'project_domain_id': 'default', 'project_domain_name': 'Default', 'project_id': '2147a1e9788d4345b9f561c682dcba6d', 'project_name': 'tempest-AttachInterfacesTestJSON-1349497819', 'tenant_id': '2147a1e9788d4345b9f561c682dcba6d', 'tenant_name': 'tempest-AttachInterfacesTestJSON-1349497819', 'user_domain_id': 'default', 'user_domain_name': 'Default', 'user_id': '8e483d46951f4d4e9a9419be33fe8d4d', 'system': None}, Network: None, Subnet: None, Router: None
2025-02-04 16:16:47.516 63637 INFO tempest.lib.common.rest_client [req-a71cbaed-1fae-4080-8f1d-2eb1808693b8 req-a71cbaed-1fae-4080-8f1d-2eb1808693b8 ] Request (SecurityGroupsTestJSON:test_server_security_groups): 200 GET http://10.180.1.21/compute/v2.1/servers/01f5e2d4-430a-4cb0-8478-7f152441a2c0 0.059s
2025-02-04 16:16:47.573 63603 INFO tempest.lib.common.rest_client [req-5613f00c-7800-42ba-97a5-d8c4a52989d5 req-5613f00c-7800-42ba-97a5-d8c4a52989d5 ] Request (AttachInterfacesTestJSON:setUpClass): 201 POST http://10.180.1.21/identity/v3/auth/tokens 0.073s
2025-02-04 16:16:47.588 63625 INFO tempest.lib.common.rest_client [req-36b5e02b-0653-495a-9912-20973e4b1de3 req-36b5e02b-0653-495a-9912-20973e4b1de3 ] Request (ServersAdminNegativeTestJSON:test_migrate_server_invalid_state): 200 GET http://10.180.1.21/compute/v2.1/servers/1d59ae97-3d8f-4926-bc59-ec290cef74ab 0.075s
2025-02-04 16:16:47.663 63589 INFO tempest.lib.common.rest_client [req-0bcca648-224b-4435-9c62-b77b05fb4f59 req-0bcca648-224b-4435-9c62-b77b05fb4f59 ] Request (DeleteServersAdminTestJSON:test_delete_server_while_in_error_state): 200 GET http://10.180.1.21/compute/v2.1/servers/93c5a022-f4c9-4247-b584-3d6050e47dca 0.077s
2025-02-04 16:16:47.726 63609 INFO tempest.lib.common.rest_client [req-89cc3ca4-e7d7-4c71-89c6-479a2ba704c3 req-89cc3ca4-e7d7-4c71-89c6-479a2ba704c3 ] Request (ServersNegativeTestMultiTenantJSON:setUpClass): 200 GET http://10.180.1.21/compute/v2.1/servers/fc79ec3c-aa00-466e-b660-ac43d2361bbc 0.172s
2025-02-04 16:16:47.735 63615 INFO tempest.lib.common.rest_client [req-2c4b22b6-ae53-4e6e-8f8e-e253e2442d5d req-2c4b22b6-ae53-4e6e-8f8e-e253e2442d5d ] Request (ImagesNegativeTestJSON:test_create_image_from_deleted_server): 200 GET http://10.180.1.21/compute/v2.1/servers/7d4802a6-50d2-4ac2-bca0-1e8a07618e98 0.104s
2025-02-04 16:16:47.796 63619 INFO tempest.lib.common.rest_client [req-b50e6bcd-f2b7-4e75-8c3c-b59ce8a209a4 req-b50e6bcd-f2b7-4e75-8c3c-b59ce8a209a4 ] Request (ServersAdminTestJSON:test_inject_network_info): 200 GET http://10.180.1.21/compute/v2.1/servers/f575abe2-fba7-4c4f-9a5b-4a092b8d2c04 0.147s
2025-02-04 16:16:47.799 63595 INFO tempest.lib.common.rest_client [req-76a9a43f-84a4-4fe9-9eda-36d5b7aa5c54 req-76a9a43f-84a4-4fe9-9eda-36d5b7aa5c54 ] Request (ServersTestJSON:setUpClass): 200 GET http://10.180.1.21/compute/v2.1/servers/02506b07-c1eb-46f9-a0bc-2cafa25d31da 0.104s
2025-02-04 16:16:47.823 63579 WARNING tempest.lib.common.ssh [-] Failed to establish authenticated ssh connection to cirros@10.180.180.235 ([Errno None] Unable to connect to port 22 on 10.180.180.235). Number attempts: 1. Retry after 2 seconds.: paramiko.ssh_exception.NoValidConnectionsError: [Errno None] Unable to connect to port 22 on 10.180.180.235
2025-02-04 16:16:47.865 63627 INFO tempest.lib.common.rest_client [req-697cb987-34b6-4bb5-88a3-843d1658f1d1 req-697cb987-34b6-4bb5-88a3-843d1658f1d1 ] Request (ServerShowV247Test:test_update_rebuild_list_server): 200 GET http://10.180.1.21/compute/v2.1/servers/ea7c78e7-f3dc-42fd-bde2-12a4859b8170 0.092s
2025-02-04 16:16:47.868 63599 INFO tempest.lib.common.rest_client [req-6fbe181c-32be-4040-a026-bbeca24a27be req-6fbe181c-32be-4040-a026-bbeca24a27be ] Request (ServersTestBootFromVolume:setUpClass): 200 GET http://10.180.1.21/compute/v2.1/servers/77396720-1683-4848-876c-d292e6b4441a 0.152s
2025-02-04 16:16:47.914 63603 INFO tempest.lib.common.rest_client [req-4d4c4cbb-d2eb-4e83-b004-eb393cf3fa7a req-4d4c4cbb-d2eb-4e83-b004-eb393cf3fa7a ] Request (AttachInterfacesTestJSON:setUpClass): 201 POST http://10.180.1.21:9696/networking/v2.0/networks 0.341s
2025-02-04 16:16:47.944 63597 INFO tempest.lib.common.rest_client [req-d58cbbad-91fa-476d-b3f1-9f48ac7fade8 req-d58cbbad-91fa-476d-b3f1-9f48ac7fade8 ] Request (ListImageFiltersTestJSON:setUpClass): 200 GET http://10.180.1.21/compute/v2.1/servers/877174d8-a4d9-4c03-bd61-81f9e541cd22 0.153s
2025-02-04 16:16:47.958 63635 INFO tempest.lib.common.rest_client [req-ec1aee1b-93ce-4447-b48e-f48fc7280627 req-ec1aee1b-93ce-4447-b48e-f48fc7280627 ] Request (ImagesOneServerNegativeTestJSON:_run_cleanups): 201 POST http://10.180.1.21:9696/networking/v2.0/floatingips 0.548s
2025-02-04 16:16:47.965 63639 INFO tempest.lib.common.rest_client [req-eca58e74-b073-4f6b-a140-2fb2d57c07eb req-eca58e74-b073-4f6b-a140-2fb2d57c07eb ] Request (ServerAddressesTestJSON:tearDownClass): 200 GET http://10.180.1.21/compute/v2.1/servers/9060d6e7-7559-460a-a2b4-9d8ab720f96a 0.122s
2025-02-04 16:16:47.996 63577 INFO tempest.lib.common.rest_client [req-4f81c67a-3afd-44f5-9416-9cdbd922f528 req-4f81c67a-3afd-44f5-9416-9cdbd922f528 ] Request (ServersAdmin275Test:test_rebuild_update_server_275): 200 GET http://10.180.1.21/compute/v2.1/servers/f5985e13-7c49-4c38-b9c9-4c23c52a1f4e 0.128s
2025-02-04 16:16:48.015 63605 INFO tempest.lib.common.rest_client [req-3c7d193b-9143-42a0-8a0d-fa1698f2a5d3 req-3c7d193b-9143-42a0-8a0d-fa1698f2a5d3 ] Request (MultipleCreateTestJSON:test_multiple_create): 200 GET http://10.180.1.21/compute/v2.1/servers/e139538b-3363-4c4f-b1ea-b4e98e2528ee 0.115s
2025-02-04 16:16:48.019 63635 INFO tempest.lib.common.rest_client [req-4dec63da-1f4e-4917-8cd6-524ab38a2dff req-4dec63da-1f4e-4917-8cd6-524ab38a2dff ] Request (ImagesOneServerNegativeTestJSON:_run_cleanups): 201 POST http://10.180.1.21/identity/v3/auth/tokens 0.057s
2025-02-04 16:16:48.020 63635 INFO tempest.lib.common.fixed_network [-] (ImagesOneServerNegativeTestJSON:_run_cleanups) Found network {'id': 'ed6c3b54-cad5-409d-9dae-826a33d6a892', 'name': 'tempest-ImagesOneServerNegativeTestJSON-837473625-network', 'tenant_id': '25f7d7c691404bbf97a0b07129088370', 'admin_state_up': True, 'mtu': 8950, 'status': 'ACTIVE', 'subnets': [], 'shared': False, 'project_id': '25f7d7c691404bbf97a0b07129088370', 'port_security_enabled': True, 'router:external': False, 'provider:network_type': 'vlan', 'provider:physical_network': 'default', 'provider:segmentation_id': 335, 'availability_zone_hints': [], 'availability_zones': [], 'ipv4_address_scope': None, 'ipv6_address_scope': None, 'description': '', 'tags': [], 'created_at': '2025-02-04T16:14:54Z', 'updated_at': '2025-02-04T16:14:54Z', 'revision_number': 1} available for tenant
2025-02-04 16:16:48.044 63631 INFO tempest.lib.common.rest_client [req-54f53e86-6125-4a6b-a0b2-0182539091a6 req-54f53e86-6125-4a6b-a0b2-0182539091a6 ] Request (ServersTestMultiNic:test_verify_multiple_nics_order): 200 GET http://10.180.1.21/compute/v2.1/servers/38afe872-ec16-4ee0-a555-45f407f1a150 0.119s
2025-02-04 16:16:48.073 63611 INFO tempest.lib.common.rest_client [req-ed698b25-e67b-414b-b8be-8e479593dffe req-ed698b25-e67b-414b-b8be-8e479593dffe ] Request (ListServerFiltersTestJSON:tearDownClass): 200 GET http://10.180.1.21/compute/v2.1/servers/c6d38585-2785-48b2-b220-80cd664e9010 0.083s
2025-02-04 16:16:48.104 63603 INFO tempest.lib.common.rest_client [req-19004ece-c667-49df-9394-9cbc7db2181e req-19004ece-c667-49df-9394-9cbc7db2181e ] Request (AttachInterfacesTestJSON:setUpClass): 201 POST http://10.180.1.21:9696/networking/v2.0/subnets 0.189s
2025-02-04 16:16:48.123 63583 INFO tempest.lib.common.rest_client [req-93c4ee69-3532-4312-820f-ce9f33f761ca req-93c4ee69-3532-4312-820f-ce9f33f761ca ] Request (MigrationsAdminTest:test_resize_server_revert_deleted_flavor): 200 GET http://10.180.1.21/compute/v2.1/servers/9b45195e-aa35-45d4-a8d1-2460610897dd 0.063s
2025-02-04 16:16:48.248 63587 WARNING tempest.lib.common.ssh [-] Failed to establish authenticated ssh connection to cirros@10.180.180.163 ([Errno None] Unable to connect to port 22 on 10.180.180.163). Number attempts: 9. Retry after 10 seconds.: paramiko.ssh_exception.NoValidConnectionsError: [Errno None] Unable to connect to port 22 on 10.180.180.163
2025-02-04 16:16:48.321 63623 INFO tempest.lib.common.rest_client [req-a9c4966e-bcae-4e06-9b31-bbda680bc744 req-a9c4966e-bcae-4e06-9b31-bbda680bc744 ] Request (ServerMetadataNegativeTestJSON:setUpClass): 200 GET http://10.180.1.21/compute/v2.1/servers/64e84161-5eff-406a-af5b-6f9f104cebae 0.053s
2025-02-04 16:16:48.497 63635 INFO tempest.lib.common.rest_client [req-cca76dd1-ff9b-4553-b7a5-4b773d06b720 req-cca76dd1-ff9b-4553-b7a5-4b773d06b720 ] Request (ImagesOneServerNegativeTestJSON:_run_cleanups): 202 POST http://10.180.1.21/compute/v2.1/servers 0.476s
2025-02-04 16:16:48.505 63633 INFO tempest.lib.common.rest_client [req-8ea7271d-9b1b-4cd8-b6f1-066a6ed2b765 req-8ea7271d-9b1b-4cd8-b6f1-066a6ed2b765 ] Request (FloatingIPsAssociationTestJSON:test_associate_already_associated_floating_ip): 200 GET http://10.180.1.21/compute/v2.1/servers/ee17b483-2b67-4714-b8ef-781a358f7fce 0.113s
2025-02-04 16:16:48.523 63617 WARNING tempest.lib.common.ssh [-] Failed to establish authenticated ssh connection to cirros@10.180.180.249 ([Errno None] Unable to connect to port 22 on 10.180.180.249). Number attempts: 10. Retry after 11 seconds.: paramiko.ssh_exception.NoValidConnectionsError: [Errno None] Unable to connect to port 22 on 10.180.180.249
2025-02-04 16:16:48.553 63635 INFO tempest.lib.common.rest_client [req-a808ba8e-99da-477d-89f5-cfe9e00285c5 req-a808ba8e-99da-477d-89f5-cfe9e00285c5 ] Request (ImagesOneServerNegativeTestJSON:_run_cleanups): 200 GET http://10.180.1.21/compute/v2.1/servers/6952e379-f83f-469a-a4d2-ba1072fd37f6 0.054s
2025-02-04 16:16:48.574 63607 INFO tempest.lib.common.rest_client [req-fd25dbe1-8e04-4ea1-aef7-8590bd8091b8 req-fd25dbe1-8e04-4ea1-aef7-8590bd8091b8 ] Request (InstanceActionsNegativeTestJSON:tearDownClass): 200 GET http://10.180.1.21/compute/v2.1/servers/9d5c6605-ce4f-4db3-9f9e-74d6d06c7c12 0.088s
2025-02-04 16:16:48.600 63637 INFO tempest.lib.common.rest_client [req-d4c96b0b-1557-4f3f-8630-a6bcf8a792a9 req-d4c96b0b-1557-4f3f-8630-a6bcf8a792a9 ] Request (SecurityGroupsTestJSON:test_server_security_groups): 200 GET http://10.180.1.21/compute/v2.1/servers/01f5e2d4-430a-4cb0-8478-7f152441a2c0 0.074s
2025-02-04 16:16:48.651 63613 WARNING tempest.lib.common.ssh [-] Failed to establish authenticated ssh connection to cirros@10.180.180.231 ([Errno None] Unable to connect to port 22 on 10.180.180.231). Number attempts: 2. Retry after 3 seconds.: paramiko.ssh_exception.NoValidConnectionsError: [Errno None] Unable to connect to port 22 on 10.180.180.231
2025-02-04 16:16:48.654 63625 INFO tempest.lib.common.rest_client [req-4b868338-7d85-438d-ab07-747178b89b9c req-4b868338-7d85-438d-ab07-747178b89b9c ] Request (ServersAdminNegativeTestJSON:test_migrate_server_invalid_state): 200 GET http://10.180.1.21/compute/v2.1/servers/1d59ae97-3d8f-4926-bc59-ec290cef74ab 0.053s
2025-02-04 16:16:48.695 63589 INFO tempest.lib.common.rest_client [req-ce9121e7-2fde-4348-98ae-53d246cd5eb3 req-ce9121e7-2fde-4348-98ae-53d246cd5eb3 ] Request (DeleteServersAdminTestJSON:test_delete_server_while_in_error_state): 404 GET http://10.180.1.21/compute/v2.1/servers/93c5a022-f4c9-4247-b584-3d6050e47dca 0.021s
2025-02-04 16:16:48.715 63589 INFO tempest.lib.common.rest_client [req-d9a73e84-0ad0-471f-b9e8-5a499e0ffb71 req-d9a73e84-0ad0-471f-b9e8-5a499e0ffb71 ] Request (DeleteServersAdminTestJSON:tearDownClass): 404 DELETE http://10.180.1.21/compute/v2.1/servers/93c5a022-f4c9-4247-b584-3d6050e47dca 0.018s
2025-02-04 16:16:48.735 63589 INFO tempest.lib.common.rest_client [req-2375c6d3-1d53-4e61-9116-7fbcdf1f56d6 req-2375c6d3-1d53-4e61-9116-7fbcdf1f56d6 ] Request (DeleteServersAdminTestJSON:tearDownClass): 404 GET http://10.180.1.21/compute/v2.1/servers/93c5a022-f4c9-4247-b584-3d6050e47dca 0.020s
2025-02-04 16:16:48.757 63589 INFO tempest.lib.common.rest_client [req-65391299-81a4-4bfa-bbe0-f9b9fdc1d15e req-65391299-81a4-4bfa-bbe0-f9b9fdc1d15e ] Request (DeleteServersAdminTestJSON:tearDownClass): 404 DELETE http://10.180.1.21/compute/v2.1/servers/ed2923a0-e12e-4a3f-ba23-09e83ec21367 0.022s
2025-02-04 16:16:48.809 63615 INFO tempest.lib.common.rest_client [req-02d9c7ed-a52c-43fb-bbc3-27de08105dcf req-02d9c7ed-a52c-43fb-bbc3-27de08105dcf ] Request (ImagesNegativeTestJSON:test_create_image_from_deleted_server): 200 GET http://10.180.1.21/compute/v2.1/servers/7d4802a6-50d2-4ac2-bca0-1e8a07618e98 0.065s
2025-02-04 16:16:48.831 63589 INFO tempest.lib.common.rest_client [req-60c2a0a1-ce2e-4031-b7d8-c83a6f1fcb43 req-60c2a0a1-ce2e-4031-b7d8-c83a6f1fcb43 ] Request (DeleteServersAdminTestJSON:tearDownClass): 404 GET http://10.180.1.21/compute/v2.1/servers/ed2923a0-e12e-4a3f-ba23-09e83ec21367 0.073s
2025-02-04 16:16:48.882 63619 INFO tempest.lib.common.rest_client [req-3a11a943-18f3-4cd6-9c28-134c6b4eacd3 req-3a11a943-18f3-4cd6-9c28-134c6b4eacd3 ] Request (ServersAdminTestJSON:test_inject_network_info): 200 GET http://10.180.1.21/compute/v2.1/servers/f575abe2-fba7-4c4f-9a5b-4a092b8d2c04 0.076s
2025-02-04 16:16:48.913 63589 INFO tempest.lib.common.rest_client [req-14cfd4b2-6098-43c3-a2fd-ebb659b59cdc req-14cfd4b2-6098-43c3-a2fd-ebb659b59cdc ] Request (DeleteServersAdminTestJSON:tearDownClass): 204 DELETE http://10.180.1.21/identity/v3/users/be08caa901bb4f8590e0bff15e620086 0.081s
2025-02-04 16:16:48.934 63609 INFO tempest.lib.common.rest_client [req-46d463b0-1188-43f8-9d2d-a865476113ce req-46d463b0-1188-43f8-9d2d-a865476113ce ] Request (ServersNegativeTestMultiTenantJSON:setUpClass): 200 GET http://10.180.1.21/compute/v2.1/servers/fc79ec3c-aa00-466e-b660-ac43d2361bbc 0.198s
2025-02-04 16:16:48.936 63595 INFO tempest.lib.common.rest_client [req-3fc4cc2b-2442-4ad0-b237-73b18933f392 req-3fc4cc2b-2442-4ad0-b237-73b18933f392 ] Request (ServersTestJSON:setUpClass): 200 GET http://10.180.1.21/compute/v2.1/servers/02506b07-c1eb-46f9-a0bc-2cafa25d31da 0.126s
2025-02-04 16:16:48.944 63603 INFO tempest.lib.common.rest_client [req-bd1f8fc4-4ee9-4b06-ae56-d0043aa130bd req-bd1f8fc4-4ee9-4b06-ae56-d0043aa130bd ] Request (AttachInterfacesTestJSON:setUpClass): 201 POST http://10.180.1.21:9696/networking/v2.0/routers 0.839s
2025-02-04 16:16:48.990 63627 INFO tempest.lib.common.rest_client [req-4833efe1-e713-4487-bfe9-8c46c4a50796 req-4833efe1-e713-4487-bfe9-8c46c4a50796 ] Request (ServerShowV247Test:test_update_rebuild_list_server): 200 GET http://10.180.1.21/compute/v2.1/servers/ea7c78e7-f3dc-42fd-bde2-12a4859b8170 0.110s
2025-02-04 16:16:48.999 63599 INFO tempest.lib.common.rest_client [req-2963fb1f-ecd5-4348-a72d-79410a4c7770 req-2963fb1f-ecd5-4348-a72d-79410a4c7770 ] Request (ServersTestBootFromVolume:setUpClass): 200 GET http://10.180.1.21/compute/v2.1/servers/77396720-1683-4848-876c-d292e6b4441a 0.121s
2025-02-04 16:16:49.039 63589 INFO tempest.lib.common.rest_client [req-6111fa98-c06c-4479-887f-f3d84b14aa2a req-6111fa98-c06c-4479-887f-f3d84b14aa2a ] Request (DeleteServersAdminTestJSON:tearDownClass): 204 DELETE http://10.180.1.21/identity/v3/users/242e5b81b4f74fc4ae4e42010e80216d 0.125s
2025-02-04 16:16:49.039 63589 INFO tempest.lib.common.dynamic_creds [-] Deleting project and security group for project: ba4cef0340aa48ec89df8b9cb2a80fd8
2025-02-04 16:16:49.046 63597 INFO tempest.lib.common.rest_client [req-addee639-39af-465a-90bb-1c646099cf1a req-addee639-39af-465a-90bb-1c646099cf1a ] Request (ListImageFiltersTestJSON:setUpClass): 200 GET http://10.180.1.21/compute/v2.1/servers/877174d8-a4d9-4c03-bd61-81f9e541cd22 0.093s
2025-02-04 16:16:49.073 63639 INFO tempest.lib.common.rest_client [req-ba90e22e-ebfc-49fb-ac10-1ee51d44d6c0 req-ba90e22e-ebfc-49fb-ac10-1ee51d44d6c0 ] Request (ServerAddressesTestJSON:tearDownClass): 200 GET http://10.180.1.21/compute/v2.1/servers/9060d6e7-7559-460a-a2b4-9d8ab720f96a 0.101s
2025-02-04 16:16:49.108 63577 INFO tempest.lib.common.rest_client [req-7287ade8-4454-4231-9e4c-ff615b6b71d8 req-7287ade8-4454-4231-9e4c-ff615b6b71d8 ] Request (ServersAdmin275Test:test_rebuild_update_server_275): 200 GET http://10.180.1.21/compute/v2.1/servers/f5985e13-7c49-4c38-b9c9-4c23c52a1f4e 0.100s
2025-02-04 16:16:49.118 63589 INFO tempest.lib.common.rest_client [req-baab8177-2db2-45d4-857b-6b2f4e0f1255 req-baab8177-2db2-45d4-857b-6b2f4e0f1255 ] Request (DeleteServersAdminTestJSON:tearDownClass): 201 POST http://10.180.1.21/identity/v3/auth/tokens 0.079s
2025-02-04 16:16:49.134 63605 INFO tempest.lib.common.rest_client [req-d7fda328-1032-4ff6-8329-38d30d96ec4a req-d7fda328-1032-4ff6-8329-38d30d96ec4a ] Request (MultipleCreateTestJSON:test_multiple_create): 200 GET http://10.180.1.21/compute/v2.1/servers/e139538b-3363-4c4f-b1ea-b4e98e2528ee 0.110s
2025-02-04 16:16:49.163 63631 INFO tempest.lib.common.rest_client [req-258b575a-c6ab-4278-b412-9c59125792b9 req-258b575a-c6ab-4278-b412-9c59125792b9 ] Request (ServersTestMultiNic:test_verify_multiple_nics_order): 200 GET http://10.180.1.21/compute/v2.1/servers/38afe872-ec16-4ee0-a555-45f407f1a150 0.110s
2025-02-04 16:16:49.211 63611 INFO tempest.lib.common.rest_client [req-1b11bca6-0e67-4fba-b768-4dff62c91d89 req-1b11bca6-0e67-4fba-b768-4dff62c91d89 ] Request (ListServerFiltersTestJSON:tearDownClass): 200 GET http://10.180.1.21/compute/v2.1/servers/c6d38585-2785-48b2-b220-80cd664e9010 0.128s
2025-02-04 16:16:49.230 63583 INFO tempest.lib.common.rest_client [req-4ac2f392-0e34-4d3d-9cfa-0f1f061c29a8 req-4ac2f392-0e34-4d3d-9cfa-0f1f061c29a8 ] Request (MigrationsAdminTest:test_resize_server_revert_deleted_flavor): 200 GET http://10.180.1.21/compute/v2.1/servers/9b45195e-aa35-45d4-a8d1-2460610897dd 0.098s
2025-02-04 16:16:49.240 63589 INFO tempest.lib.common.rest_client [req-cd77c7ba-a7a0-48c2-aa4f-c9b34a11adab req-cd77c7ba-a7a0-48c2-aa4f-c9b34a11adab ] Request (DeleteServersAdminTestJSON:tearDownClass): 200 GET http://10.180.1.21:9696/networking/v2.0/security-groups?tenant_id=ba4cef0340aa48ec89df8b9cb2a80fd8&name=default 0.122s
2025-02-04 16:16:49.327 63589 INFO tempest.lib.common.rest_client [req-3c81e7aa-ba93-4f9c-af51-ec13fb357ba9 req-3c81e7aa-ba93-4f9c-af51-ec13fb357ba9 ] Request (DeleteServersAdminTestJSON:tearDownClass): 204 DELETE http://10.180.1.21:9696/networking/v2.0/security-groups/0dec4645-41d7-4e22-b0fc-2f9449436b64 0.086s
2025-02-04 16:16:49.395 63589 INFO tempest.lib.common.rest_client [req-a4f14de2-a573-4ddb-8447-48cafdc233c6 req-a4f14de2-a573-4ddb-8447-48cafdc233c6 ] Request (DeleteServersAdminTestJSON:tearDownClass): 204 DELETE http://10.180.1.21/identity/v3/projects/ba4cef0340aa48ec89df8b9cb2a80fd8 0.067s
2025-02-04 16:16:49.395 63589 INFO tempest.lib.common.dynamic_creds [-] Deleting project and security group for project: 5a5a631f642e4876bbb20aa63a11e7be
2025-02-04 16:16:49.401 63623 INFO tempest.lib.common.rest_client [req-0ef830d2-908d-478c-8fe1-34a7f5b1a577 req-0ef830d2-908d-478c-8fe1-34a7f5b1a577 ] Request (ServerMetadataNegativeTestJSON:setUpClass): 200 GET http://10.180.1.21/compute/v2.1/servers/64e84161-5eff-406a-af5b-6f9f104cebae 0.073s
2025-02-04 16:16:49.573 63589 INFO tempest.lib.common.rest_client [req-fa47f8ee-2ca4-4b9c-8887-525fcf6c1aa2 req-fa47f8ee-2ca4-4b9c-8887-525fcf6c1aa2 ] Request (DeleteServersAdminTestJSON:tearDownClass): 200 GET http://10.180.1.21:9696/networking/v2.0/security-groups?tenant_id=5a5a631f642e4876bbb20aa63a11e7be&name=default 0.177s
2025-02-04 16:16:49.646 63635 INFO tempest.lib.common.rest_client [req-0d5affab-9ed0-432b-b701-7b7761da5179 req-0d5affab-9ed0-432b-b701-7b7761da5179 ] Request (ImagesOneServerNegativeTestJSON:_run_cleanups): 200 GET http://10.180.1.21/compute/v2.1/servers/6952e379-f83f-469a-a4d2-ba1072fd37f6 0.085s
2025-02-04 16:16:49.653 63633 INFO tempest.lib.common.rest_client [req-cacd2ba0-7c23-4fe9-a831-8334eeeee821 req-cacd2ba0-7c23-4fe9-a831-8334eeeee821 ] Request (FloatingIPsAssociationTestJSON:test_associate_already_associated_floating_ip): 200 GET http://10.180.1.21/compute/v2.1/servers/ee17b483-2b67-4714-b8ef-781a358f7fce 0.139s
2025-02-04 16:16:49.713 63637 INFO tempest.lib.common.rest_client [req-13bf8d31-9eba-4682-8c55-078ea7c63c0e req-13bf8d31-9eba-4682-8c55-078ea7c63c0e ] Request (SecurityGroupsTestJSON:test_server_security_groups): 200 GET http://10.180.1.21/compute/v2.1/servers/01f5e2d4-430a-4cb0-8478-7f152441a2c0 0.103s
2025-02-04 16:16:49.728 63607 INFO tempest.lib.common.rest_client [req-dd266e44-c701-4d70-880e-ef65b11b7fb3 req-dd266e44-c701-4d70-880e-ef65b11b7fb3 ] Request (InstanceActionsNegativeTestJSON:tearDownClass): 200 GET http://10.180.1.21/compute/v2.1/servers/9d5c6605-ce4f-4db3-9f9e-74d6d06c7c12 0.143s
2025-02-04 16:16:49.758 63589 INFO tempest.lib.common.rest_client [req-c48519fd-37f3-42ef-9d3d-520dd0000a7c req-c48519fd-37f3-42ef-9d3d-520dd0000a7c ] Request (DeleteServersAdminTestJSON:tearDownClass): 204 DELETE http://10.180.1.21:9696/networking/v2.0/security-groups/705b1b7c-9fd2-4133-84ee-81f8ae44aa4b 0.185s
2025-02-04 16:16:49.764 63625 INFO tempest.lib.common.rest_client [req-1449bd65-836d-4e73-894c-9dfba9d2fdf6 req-1449bd65-836d-4e73-894c-9dfba9d2fdf6 ] Request (ServersAdminNegativeTestJSON:test_migrate_server_invalid_state): 200 GET http://10.180.1.21/compute/v2.1/servers/1d59ae97-3d8f-4926-bc59-ec290cef74ab 0.103s
2025-02-04 16:16:49.875 63589 INFO tempest.lib.common.rest_client [req-2c524cb0-c526-4b54-8b8c-32f700232968 req-2c524cb0-c526-4b54-8b8c-32f700232968 ] Request (DeleteServersAdminTestJSON:tearDownClass): 204 DELETE http://10.180.1.21/identity/v3/projects/5a5a631f642e4876bbb20aa63a11e7be 0.116s
2025-02-04 16:16:49.876 63589 INFO tempest.test [-] raised in LiveMigrationTest.setUpClass. Invoking tearDownClass.
2025-02-04 16:16:49.877 63589 INFO tempest.test [-] raised in LiveMigrationNegativeTest.setUpClass. Invoking tearDownClass.
2025-02-04 16:16:49.898 63615 INFO tempest.lib.common.rest_client [req-93b1e06f-abbc-4518-9fd4-997877111ffc req-93b1e06f-abbc-4518-9fd4-997877111ffc ] Request (ImagesNegativeTestJSON:test_create_image_from_deleted_server): 200 GET http://10.180.1.21/compute/v2.1/servers/7d4802a6-50d2-4ac2-bca0-1e8a07618e98 0.081s
2025-02-04 16:16:49.959 63619 INFO tempest.lib.common.rest_client [req-d5ddb4cb-a644-4f71-a46c-f8a0e640c064 req-d5ddb4cb-a644-4f71-a46c-f8a0e640c064 ] Request (ServersAdminTestJSON:test_inject_network_info): 200 GET http://10.180.1.21/compute/v2.1/servers/f575abe2-fba7-4c4f-9a5b-4a092b8d2c04 0.068s
2025-02-04 16:16:49.969 63589 INFO tempest.lib.common.rest_client [req-35d2ebf1-0223-4ba0-b9df-253148e1a7e3 req-35d2ebf1-0223-4ba0-b9df-253148e1a7e3 ] Request (ServerDiagnosticsV248Test:setUpClass): 201 POST http://10.180.1.21/identity/v3/auth/tokens 0.089s
2025-02-04 16:16:49.973 63603 INFO tempest.lib.common.rest_client [req-7f504ba8-ae9a-4aaa-b8ff-c5623ed8b0b9 req-7f504ba8-ae9a-4aaa-b8ff-c5623ed8b0b9 ] Request (AttachInterfacesTestJSON:setUpClass): 200 PUT http://10.180.1.21:9696/networking/v2.0/routers/e85dc8e4-5196-426e-8c76-66b6b185a59d/add_router_interface 1.029s
2025-02-04 16:16:49.974 63603 INFO tempest.lib.common.dynamic_creds [-] Created isolated network resources for: credentials: Credentials: {'domain_id': 'default', 'domain_name': 'Default', 'username': 'tempest-AttachInterfacesTestJSON-1349497819-project-member', 'project_domain_id': 'default', 'project_domain_name': 'Default', 'project_id': '2147a1e9788d4345b9f561c682dcba6d', 'project_name': 'tempest-AttachInterfacesTestJSON-1349497819', 'tenant_id': '2147a1e9788d4345b9f561c682dcba6d', 'tenant_name': 'tempest-AttachInterfacesTestJSON-1349497819', 'user_domain_id': 'default', 'user_domain_name': 'Default', 'user_id': '8e483d46951f4d4e9a9419be33fe8d4d', 'system': None}, Network: {'id': 'd0e7abcc-19b4-4bfa-aad5-9325eea82286', 'name': 'tempest-AttachInterfacesTestJSON-460452321-network', 'tenant_id': '2147a1e9788d4345b9f561c682dcba6d', 'admin_state_up': True, 'mtu': 8950, 'status': 'ACTIVE', 'subnets': [], 'shared': False, 'project_id': '2147a1e9788d4345b9f561c682dcba6d', 'port_security_enabled': True, 'router:external': False, 'provider:network_type': 'vlan', 'provider:physical_network': 'default', 'provider:segmentation_id': 388, 'availability_zone_hints': [], 'availability_zones': [], 'ipv4_address_scope': None, 'ipv6_address_scope': None, 'description': '', 'tags': [], 'created_at': '2025-02-04T16:16:47Z', 'updated_at': '2025-02-04T16:16:47Z', 'revision_number': 1}, Subnet: {'id': '66d827ab-d6d0-4a88-9182-7a10a22c70a1', 'name': 'tempest-AttachInterfacesTestJSON-460452321-subnet', 'tenant_id': '2147a1e9788d4345b9f561c682dcba6d', 'network_id': 'd0e7abcc-19b4-4bfa-aad5-9325eea82286', 'ip_version': 4, 'subnetpool_id': None, 'enable_dhcp': True, 'ipv6_ra_mode': None, 'ipv6_address_mode': None, 'gateway_ip': '192.168.128.1', 'cidr': '192.168.128.0/28', 'allocation_pools': [{'start': '192.168.128.2', 'end': '192.168.128.14'}], 'host_routes': [], 'dns_nameservers': [], 'description': '', 'router:external': False, 'service_types': [], 'tags': [], 'created_at': '2025-02-04T16:16:47Z', 'updated_at': '2025-02-04T16:16:47Z', 'revision_number': 0, 'project_id': '2147a1e9788d4345b9f561c682dcba6d'}, Router: {'id': 'e85dc8e4-5196-426e-8c76-66b6b185a59d', 'name': 'tempest-AttachInterfacesTestJSON-460452321-router', 'tenant_id': '2147a1e9788d4345b9f561c682dcba6d', 'admin_state_up': True, 'status': 'ACTIVE', 'external_gateway_info': {'network_id': 'b0016085-4033-47dd-9bdb-5c2cfad7c104', 'external_fixed_ips': [{'subnet_id': '5bda8bcb-61b1-42fa-be13-3f7d45bb4deb', 'ip_address': '10.180.180.254'}], 'enable_snat': True}, 'description': '', 'availability_zones': [], 'distributed': False, 'ha': False, 'availability_zone_hints': [], 'routes': [], 'flavor_id': None, 'tags': [], 'created_at': '2025-02-04T16:16:48Z', 'updated_at': '2025-02-04T16:16:48Z', 'revision_number': 2, 'project_id': '2147a1e9788d4345b9f561c682dcba6d'}
2025-02-04 16:16:50.016 63589 INFO tempest.lib.common.rest_client [req-ff675fe8-d0fc-407e-81a9-73868d5b5b3b req-ff675fe8-d0fc-407e-81a9-73868d5b5b3b ] Request (ServerDiagnosticsV248Test:setUpClass): 201 POST http://10.180.1.21/identity/v3/auth/tokens 0.041s
2025-02-04 16:16:50.028 63595 INFO tempest.lib.common.rest_client [req-c20548cb-357f-4be4-8c49-d10f4347ceca req-c20548cb-357f-4be4-8c49-d10f4347ceca ] Request (ServersTestJSON:setUpClass): 200 GET http://10.180.1.21/compute/v2.1/servers/02506b07-c1eb-46f9-a0bc-2cafa25d31da 0.082s
2025-02-04 16:16:50.045 63589 INFO tempest.lib.common.rest_client [req-4ed17747-def8-4c1b-aa75-6b81b47dd0d3 req-4ed17747-def8-4c1b-aa75-6b81b47dd0d3 ] Request (ServerDiagnosticsV248Test:setUpClass): 200 GET http://10.180.1.21/identity/v3/domains?name=Default 0.029s
2025-02-04 16:16:50.067 63603 INFO tempest.lib.common.rest_client [req-be4166d5-2096-4747-9c6c-937cf254e0a2 req-be4166d5-2096-4747-9c6c-937cf254e0a2 ] Request (AttachInterfacesTestJSON:setUpClass): 201 POST http://10.180.1.21/identity/v3/auth/tokens 0.088s
2025-02-04 16:16:50.079 63589 INFO tempest.lib.common.rest_client [req-6a069af5-6e96-4138-a55e-f96a54a0f570 req-6a069af5-6e96-4138-a55e-f96a54a0f570 ] Request (ServerDiagnosticsV248Test:setUpClass): 201 POST http://10.180.1.21/identity/v3/projects 0.033s
2025-02-04 16:16:50.081 63609 INFO tempest.lib.common.rest_client [req-e61e3f18-8ceb-4723-9289-400352f7b90f req-e61e3f18-8ceb-4723-9289-400352f7b90f ] Request (ServersNegativeTestMultiTenantJSON:setUpClass): 200 GET http://10.180.1.21/compute/v2.1/servers/fc79ec3c-aa00-466e-b660-ac43d2361bbc 0.136s
2025-02-04 16:16:50.094 63627 INFO tempest.lib.common.rest_client [req-deeae7c3-adaa-415b-a176-59f918c2640a req-deeae7c3-adaa-415b-a176-59f918c2640a ] Request (ServerShowV247Test:test_update_rebuild_list_server): 200 GET http://10.180.1.21/compute/v2.1/servers/ea7c78e7-f3dc-42fd-bde2-12a4859b8170 0.091s
2025-02-04 16:16:50.140 63599 INFO tempest.lib.common.rest_client [req-a270ac99-274a-4435-9140-9d70405cc8e3 req-a270ac99-274a-4435-9140-9d70405cc8e3 ] Request (ServersTestBootFromVolume:setUpClass): 200 GET http://10.180.1.21/compute/v2.1/servers/77396720-1683-4848-876c-d292e6b4441a 0.131s
2025-02-04 16:16:50.152 63597 INFO tempest.lib.common.rest_client [req-4e746b89-9223-49b1-b92c-024ef18697d8 req-4e746b89-9223-49b1-b92c-024ef18697d8 ] Request (ListImageFiltersTestJSON:setUpClass): 200 GET http://10.180.1.21/compute/v2.1/servers/877174d8-a4d9-4c03-bd61-81f9e541cd22 0.095s
2025-02-04 16:16:50.156 63589 INFO tempest.lib.common.rest_client [req-56098afc-18ab-4bdc-840a-345711d12446 req-56098afc-18ab-4bdc-840a-345711d12446 ] Request (ServerDiagnosticsV248Test:setUpClass): 201 POST http://10.180.1.21/identity/v3/users 0.077s
2025-02-04 16:16:50.177 63589 INFO tempest.lib.common.rest_client [req-12086d3a-0ea0-4e99-aefc-a801d133e9c5 req-12086d3a-0ea0-4e99-aefc-a801d133e9c5 ] Request (ServerDiagnosticsV248Test:setUpClass): 200 GET http://10.180.1.21/identity/v3/roles 0.020s
2025-02-04 16:16:50.200 63589 INFO tempest.lib.common.rest_client [req-70185a5e-6a2d-4ebd-9698-73172e9ce22c req-70185a5e-6a2d-4ebd-9698-73172e9ce22c ] Request (ServerDiagnosticsV248Test:setUpClass): 204 PUT http://10.180.1.21/identity/v3/projects/ec0dd31711c64e898a119993e1c8002a/users/5f272654e61f4e13b753fba30459fb9f/roles/7881c831dcdb480c86a1e5361a2ec2b1 0.023s
2025-02-04 16:16:50.200 63589 INFO tempest.lib.common.dynamic_creds [-] Dynamic test user 5f272654e61f4e13b753fba30459fb9f is created with scope project and roles: ['member']
2025-02-04 16:16:50.201 63589 INFO tempest.lib.common.dynamic_creds [-] Acquired dynamic creds: credentials: Credentials: {'domain_id': 'default', 'domain_name': 'Default', 'username': 'tempest-ServerDiagnosticsV248Test-1989743300-project-member', 'project_domain_id': 'default', 'project_domain_name': 'Default', 'project_id': 'ec0dd31711c64e898a119993e1c8002a', 'project_name': 'tempest-ServerDiagnosticsV248Test-1989743300', 'tenant_id': 'ec0dd31711c64e898a119993e1c8002a', 'tenant_name': 'tempest-ServerDiagnosticsV248Test-1989743300', 'user_domain_id': 'default', 'user_domain_name': 'Default', 'user_id': '5f272654e61f4e13b753fba30459fb9f', 'system': None}, Network: None, Subnet: None, Router: None
2025-02-04 16:16:50.201 63589 INFO tempest.lib.common.dynamic_creds [-] Created isolated network resources for: credentials: Credentials: {'domain_id': 'default', 'domain_name': 'Default', 'username': 'tempest-ServerDiagnosticsV248Test-1989743300-project-member', 'project_domain_id': 'default', 'project_domain_name': 'Default', 'project_id': 'ec0dd31711c64e898a119993e1c8002a', 'project_name': 'tempest-ServerDiagnosticsV248Test-1989743300', 'tenant_id': 'ec0dd31711c64e898a119993e1c8002a', 'tenant_name': 'tempest-ServerDiagnosticsV248Test-1989743300', 'user_domain_id': 'default', 'user_domain_name': 'Default', 'user_id': '5f272654e61f4e13b753fba30459fb9f', 'system': None}, Network: None, Subnet: None, Router: None
2025-02-04 16:16:50.205 63639 INFO tempest.lib.common.rest_client [req-ef4dca78-03c6-45a0-9fd1-28df461ee599 req-ef4dca78-03c6-45a0-9fd1-28df461ee599 ] Request (ServerAddressesTestJSON:tearDownClass): 200 GET http://10.180.1.21/compute/v2.1/servers/9060d6e7-7559-460a-a2b4-9d8ab720f96a 0.122s
2025-02-04 16:16:50.256 63577 INFO tempest.lib.common.rest_client [req-ce77440e-443a-45b5-b64f-3f24ef1b8dea req-ce77440e-443a-45b5-b64f-3f24ef1b8dea ] Request (ServersAdmin275Test:test_rebuild_update_server_275): 200 GET http://10.180.1.21/compute/v2.1/servers/f5985e13-7c49-4c38-b9c9-4c23c52a1f4e 0.137s
2025-02-04 16:16:50.266 63589 INFO tempest.lib.common.rest_client [req-ec052abe-237f-4066-ba33-d320fa9f2a51 req-ec052abe-237f-4066-ba33-d320fa9f2a51 ] Request (ServerDiagnosticsV248Test:setUpClass): 201 POST http://10.180.1.21/identity/v3/auth/tokens 0.063s
2025-02-04 16:16:50.266 63603 INFO tempest.lib.common.rest_client [req-25178085-2df4-4377-b777-3d01f2eaf3c4 req-25178085-2df4-4377-b777-3d01f2eaf3c4 ] Request (ValidationResourcesFixture:setUp): 200 POST http://10.180.1.21/compute/v2.1/os-keypairs 0.197s
2025-02-04 16:16:50.304 63605 INFO tempest.lib.common.rest_client [req-6f507010-009a-41e5-9419-49ce6e95e4dc req-6f507010-009a-41e5-9419-49ce6e95e4dc ] Request (MultipleCreateTestJSON:test_multiple_create): 200 GET http://10.180.1.21/compute/v2.1/servers/e139538b-3363-4c4f-b1ea-b4e98e2528ee 0.160s
2025-02-04 16:16:50.319 63631 INFO tempest.lib.common.rest_client [req-98989306-1bdc-4a4b-91fb-18c1804fd89c req-98989306-1bdc-4a4b-91fb-18c1804fd89c ] Request (ServersTestMultiNic:test_verify_multiple_nics_order): 200 GET http://10.180.1.21/compute/v2.1/servers/38afe872-ec16-4ee0-a555-45f407f1a150 0.147s
2025-02-04 16:16:50.329 63589 INFO tempest.lib.common.rest_client [req-7a49ee43-5694-43bf-987a-cd8d4d23f039 req-7a49ee43-5694-43bf-987a-cd8d4d23f039 ] Request (ServerDiagnosticsV248Test:setUpClass): 201 POST http://10.180.1.21/identity/v3/projects 0.062s
2025-02-04 16:16:50.365 63611 INFO tempest.lib.common.rest_client [req-d24be7da-8ede-4456-a5e7-124ff7b2a099 req-d24be7da-8ede-4456-a5e7-124ff7b2a099 ] Request (ListServerFiltersTestJSON:tearDownClass): 200 GET http://10.180.1.21/compute/v2.1/servers/c6d38585-2785-48b2-b220-80cd664e9010 0.144s
2025-02-04 16:16:50.378 63583 INFO tempest.lib.common.rest_client [req-791499a1-7d00-4ebf-ac46-ce8cbedbbc0f req-791499a1-7d00-4ebf-ac46-ce8cbedbbc0f ] Request (MigrationsAdminTest:test_resize_server_revert_deleted_flavor): 200 GET http://10.180.1.21/compute/v2.1/servers/9b45195e-aa35-45d4-a8d1-2460610897dd 0.139s
2025-02-04 16:16:50.389 63589 INFO tempest.lib.common.rest_client [req-2d22c120-ee62-4678-8bf8-8494f7a1d7d8 req-2d22c120-ee62-4678-8bf8-8494f7a1d7d8 ] Request (ServerDiagnosticsV248Test:setUpClass): 201 POST http://10.180.1.21/identity/v3/users 0.059s
2025-02-04 16:16:50.391 63603 INFO tempest.lib.common.rest_client [req-32ca7a35-f5de-42ce-a590-5a4a3bba23b3 req-32ca7a35-f5de-42ce-a590-5a4a3bba23b3 ] Request (ValidationResourcesFixture:setUp): 201 POST http://10.180.1.21:9696/networking/v2.0/security-groups 0.123s
2025-02-04 16:16:50.409 63589 INFO tempest.lib.common.rest_client [req-5ec6dcd5-2eb7-48a7-bf0d-5497c4125bc7 req-5ec6dcd5-2eb7-48a7-bf0d-5497c4125bc7 ] Request (ServerDiagnosticsV248Test:setUpClass): 200 GET http://10.180.1.21/identity/v3/roles 0.020s
2025-02-04 16:16:50.436 63589 INFO tempest.lib.common.rest_client [req-d1923acf-a018-4b72-8df9-a1a27cdb7932 req-d1923acf-a018-4b72-8df9-a1a27cdb7932 ] Request (ServerDiagnosticsV248Test:setUpClass): 204 PUT http://10.180.1.21/identity/v3/projects/f14f244eca784160b51c65e7efa88033/users/9a11a82adee342f6813c64f764941b65/roles/5051989e737a423792320632f1b704bd 0.026s
2025-02-04 16:16:50.469 63623 INFO tempest.lib.common.rest_client [req-b166229d-769f-43ac-8463-39723ef1856b req-b166229d-769f-43ac-8463-39723ef1856b ] Request (ServerMetadataNegativeTestJSON:setUpClass): 200 GET http://10.180.1.21/compute/v2.1/servers/64e84161-5eff-406a-af5b-6f9f104cebae 0.059s
2025-02-04 16:16:50.469 63603 INFO tempest.lib.common.rest_client [req-86c73358-ed79-48fb-9587-1dba03e45d3a req-86c73358-ed79-48fb-9587-1dba03e45d3a ] Request (ValidationResourcesFixture:setUp): 201 POST http://10.180.1.21:9696/networking/v2.0/security-group-rules 0.077s
2025-02-04 16:16:50.503 63589 INFO tempest.lib.common.rest_client [req-848a7226-3765-4799-b99d-c3a141985216 req-848a7226-3765-4799-b99d-c3a141985216 ] Request (ServerDiagnosticsV248Test:setUpClass): 200 GET http://10.180.1.21/identity/v3/roles 0.067s
