2025-02-04 16:17:05.193 63607 INFO tempest.lib.common.rest_client [req-80f56e6f-a39c-4a4b-a220-5ce5d0c2555b req-80f56e6f-a39c-4a4b-a220-5ce5d0c2555b ] Request (InstanceActionsNegativeTestJSON:tearDownClass): 204 DELETE http://10.180.1.21:9696/networking/v2.0/subnets/762eea4e-d066-4418-8073-87b1ec93122f 0.237s
2025-02-04 16:17:05.199 63605 INFO tempest.lib.common.rest_client [req-a46ff4eb-dcb4-44a5-b3de-b3dd8c50cd95 req-a46ff4eb-dcb4-44a5-b3de-b3dd8c50cd95 ] Request (MultipleCreateTestJSON:test_multiple_create): 200 GET http://10.180.1.21/compute/v2.1/servers/e139538b-3363-4c4f-b1ea-b4e98e2528ee 0.391s
2025-02-04 16:17:05.204 63577 INFO tempest.lib.common.rest_client [req-777212ac-b8f0-45b8-9854-3523bbad1e83 req-777212ac-b8f0-45b8-9854-3523bbad1e83 ] Request (ServersAdmin275Test:test_rebuild_update_server_275): 200 GET http://10.180.1.21/compute/v2.1/servers/f5985e13-7c49-4c38-b9c9-4c23c52a1f4e 0.157s
2025-02-04 16:17:05.240 63597 INFO tempest.lib.common.rest_client [req-3bb43c25-b846-46ab-8f94-ae5108be675d req-3bb43c25-b846-46ab-8f94-ae5108be675d ] Request (ListImageFiltersTestJSON:setUpClass): 200 GET http://10.180.1.21/compute/v2.1/images/d3f57d49-7421-45ce-b9e3-e8ee531d173a 0.140s
2025-02-04 16:17:05.263 63631 INFO tempest.lib.common.rest_client [req-e9a0b681-927a-46c8-98a2-f205f468600e req-e9a0b681-927a-46c8-98a2-f205f468600e ] Request (ServersTestMultiNic:test_verify_multiple_nics_order): 200 GET http://10.180.1.21/compute/v2.1/servers/38afe872-ec16-4ee0-a555-45f407f1a150 0.165s
2025-02-04 16:17:05.302 63583 INFO tempest.lib.common.rest_client [req-ade376e9-1901-4504-a50a-a5b1f566df0f req-ade376e9-1901-4504-a50a-a5b1f566df0f ] Request (MigrationsAdminTest:test_resize_server_revert_deleted_flavor): 200 GET http://10.180.1.21/compute/v2.1/servers/9b45195e-aa35-45d4-a8d1-2460610897dd 0.119s
2025-02-04 16:17:05.344 63623 INFO tempest.lib.common.rest_client [req-4cce9ffb-83b5-4146-9b46-c6c5a18199b4 req-4cce9ffb-83b5-4146-9b46-c6c5a18199b4 ] Request (ServerMetadataNegativeTestJSON:setUpClass): 200 GET http://10.180.1.21/compute/v2.1/servers/64e84161-5eff-406a-af5b-6f9f104cebae 0.048s
2025-02-04 16:17:05.370 63633 INFO tempest.lib.common.rest_client [req-777812a6-ba68-4215-9569-38a431c627f1 req-777812a6-ba68-4215-9569-38a431c627f1 ] Request (FloatingIPsAssociationTestJSON:tearDownClass): 200 GET http://10.180.1.21/compute/v2.1/servers/ee17b483-2b67-4714-b8ef-781a358f7fce 0.065s
2025-02-04 16:17:05.440 63607 INFO tempest.lib.common.rest_client [req-d3eed417-1040-43ca-a131-fabd740e210c req-d3eed417-1040-43ca-a131-fabd740e210c ] Request (InstanceActionsNegativeTestJSON:tearDownClass): 204 DELETE http://10.180.1.21:9696/networking/v2.0/networks/a133fbbb-0814-4d63-ad91-2cbd4fa8f87c 0.246s
2025-02-04 16:17:05.509 63609 INFO tempest.lib.common.rest_client [req-9eb37db2-d62b-4ae2-a352-3e643b94efbc req-9eb37db2-d62b-4ae2-a352-3e643b94efbc ] Request (ServersNegativeTestMultiTenantJSON:tearDownClass): 200 GET http://10.180.1.21/compute/v2.1/servers/fc79ec3c-aa00-466e-b660-ac43d2361bbc 0.055s
2025-02-04 16:17:05.543 63607 INFO tempest.lib.common.rest_client [req-40cca364-b2f3-4a37-90b2-61439d182e02 req-40cca364-b2f3-4a37-90b2-61439d182e02 ] Request (InstanceActionsNegativeTestJSON:tearDownClass): 204 DELETE http://10.180.1.21/identity/v3/users/949bf8cd8ab245c2926731d36a3897f7 0.102s
2025-02-04 16:17:05.543 63607 INFO tempest.lib.common.dynamic_creds [-] Deleting project and security group for project: 15ebed279281496db7140f23eebb7f9c
2025-02-04 16:17:05.557 63637 INFO tempest.lib.common.rest_client [req-59185b83-2b8c-4b28-a34c-21ee566391cf req-59185b83-2b8c-4b28-a34c-21ee566391cf ] Request (SecurityGroupsTestJSON:test_server_security_groups): 200 GET http://10.180.1.21/compute/v2.1/servers/01f5e2d4-430a-4cb0-8478-7f152441a2c0 0.055s
2025-02-04 16:17:05.578 63607 INFO tempest.lib.common.rest_client [req-3d91d2f8-ba5f-4681-8681-cc2d2c66defc req-3d91d2f8-ba5f-4681-8681-cc2d2c66defc ] Request (InstanceActionsNegativeTestJSON:tearDownClass): 200 GET http://10.180.1.21:9696/networking/v2.0/security-groups?tenant_id=15ebed279281496db7140f23eebb7f9c&name=default 0.035s
2025-02-04 16:17:05.661 63635 INFO tempest.lib.common.rest_client [req-8ae815f4-43da-4528-a77f-a3b71d9cc424 req-8ae815f4-43da-4528-a77f-a3b71d9cc424 ] Request (ImagesOneServerNegativeTestJSON:_run_cleanups): 200 GET http://10.180.1.21/compute/v2.1/servers/6952e379-f83f-469a-a4d2-ba1072fd37f6 0.055s
2025-02-04 16:17:05.661 63611 INFO tempest.lib.common.rest_client [req-5f73788c-b1f6-41cf-b5b4-657ef76df9b8 req-5f73788c-b1f6-41cf-b5b4-657ef76df9b8 ] Request (ListServerFiltersTestJSON:tearDownClass): 200 GET http://10.180.1.21/compute/v2.1/servers/77b8038e-198c-494f-9d58-92b8d2551a3e 0.082s
2025-02-04 16:17:05.671 63607 INFO tempest.lib.common.rest_client [req-5335c947-5250-483a-8a02-c2d08e99c938 req-5335c947-5250-483a-8a02-c2d08e99c938 ] Request (InstanceActionsNegativeTestJSON:tearDownClass): 204 DELETE http://10.180.1.21:9696/networking/v2.0/security-groups/8bbb0d4d-e270-4ad5-9241-e505e0a6b49b 0.093s
2025-02-04 16:17:05.766 63607 INFO tempest.lib.common.rest_client [req-fcb7fbe3-f06a-4a1b-a0b6-83c9da37bffc req-fcb7fbe3-f06a-4a1b-a0b6-83c9da37bffc ] Request (InstanceActionsNegativeTestJSON:tearDownClass): 204 DELETE http://10.180.1.21/identity/v3/projects/15ebed279281496db7140f23eebb7f9c 0.095s
2025-02-04 16:17:05.825 63607 INFO tempest.lib.common.rest_client [req-924181e7-eb37-4d53-a6bd-cccb37c4b95b req-924181e7-eb37-4d53-a6bd-cccb37c4b95b ] Request (ServersNegativeTestJSON:setUpClass): 201 POST http://10.180.1.21/identity/v3/auth/tokens 0.057s
2025-02-04 16:17:05.842 63625 INFO tempest.lib.common.rest_client [req-0958c499-d6fc-4aa9-b865-6d4a60b4fc20 req-0958c499-d6fc-4aa9-b865-6d4a60b4fc20 ] Request (ServersAdminNegativeTestJSON:test_migrate_server_invalid_state): 200 GET http://10.180.1.21/compute/v2.1/servers/1d59ae97-3d8f-4926-bc59-ec290cef74ab 0.096s
2025-02-04 16:17:05.853 63607 INFO tempest.lib.common.rest_client [req-54d69c02-af00-441c-97ff-30144aa92b6c req-54d69c02-af00-441c-97ff-30144aa92b6c ] Request (ServersNegativeTestJSON:setUpClass): 201 POST http://10.180.1.21/identity/v3/auth/tokens 0.026s
2025-02-04 16:17:05.865 63589 INFO tempest.lib.common.rest_client [req-93b06dfc-156c-4768-bae0-9e723eb7b2e3 req-93b06dfc-156c-4768-bae0-9e723eb7b2e3 ] Request (ServerDiagnosticsV248Test:test_get_server_diagnostics): 200 GET http://10.180.1.21/compute/v2.1/servers/ccdb87cc-389c-411f-b8ec-05a4bbaf21f9 0.055s
2025-02-04 16:17:05.880 63607 INFO tempest.lib.common.rest_client [req-20f56d40-b9c2-4af9-9f14-8899f2cf8479 req-20f56d40-b9c2-4af9-9f14-8899f2cf8479 ] Request (ServersNegativeTestJSON:setUpClass): 200 GET http://10.180.1.21/identity/v3/domains?name=Default 0.026s
2025-02-04 16:17:05.908 63607 INFO tempest.lib.common.rest_client [req-acb1c295-704b-4fe0-bdb9-905571bde8ff req-acb1c295-704b-4fe0-bdb9-905571bde8ff ] Request (ServersNegativeTestJSON:setUpClass): 201 POST http://10.180.1.21/identity/v3/projects 0.028s
2025-02-04 16:17:05.946 63615 INFO tempest.lib.common.rest_client [req-c64cd7be-c738-4e9d-a119-9dd09f33af73 req-c64cd7be-c738-4e9d-a119-9dd09f33af73 ] Request (ImagesNegativeTestJSON:test_create_image_from_deleted_server): 200 GET http://10.180.1.21/compute/v2.1/servers/7d4802a6-50d2-4ac2-bca0-1e8a07618e98 0.066s
2025-02-04 16:17:05.968 63617 INFO tempest.lib.common.rest_client [req-bd764ed6-859a-4900-b93c-6597f3645f65 req-bd764ed6-859a-4900-b93c-6597f3645f65 ] Request (VolumesAssistedSnapshotsTest:test_volume_assisted_snapshot_create_delete): 200 GET http://10.180.1.21/volume/v3/volumes/fcc4ccba-c9c9-4537-b241-656c05887aab 0.034s
2025-02-04 16:17:05.974 63607 INFO tempest.lib.common.rest_client [req-ed43d765-fec1-482c-a167-e9e1dea36ab3 req-ed43d765-fec1-482c-a167-e9e1dea36ab3 ] Request (ServersNegativeTestJSON:setUpClass): 201 POST http://10.180.1.21/identity/v3/users 0.065s
2025-02-04 16:17:05.992 63591 WARNING tempest.lib.common.ssh [-] Failed to establish authenticated ssh connection to cirros@10.180.180.243 ([Errno None] Unable to connect to port 22 on 10.180.180.243). Number attempts: 10. Retry after 11 seconds.: paramiko.ssh_exception.NoValidConnectionsError: [Errno None] Unable to connect to port 22 on 10.180.180.243
2025-02-04 16:17:05.994 63619 INFO tempest.lib.common.rest_client [req-98b55fe4-305a-4562-ae02-2b033f4eb8dd req-98b55fe4-305a-4562-ae02-2b033f4eb8dd ] Request (ServersAdminTestJSON:test_inject_network_info): 200 GET http://10.180.1.21/compute/v2.1/servers/f575abe2-fba7-4c4f-9a5b-4a092b8d2c04 0.052s
2025-02-04 16:17:05.996 63607 INFO tempest.lib.common.rest_client [req-a6243fa1-a75d-4fae-bcf0-45a66f71a533 req-a6243fa1-a75d-4fae-bcf0-45a66f71a533 ] Request (ServersNegativeTestJSON:setUpClass): 200 GET http://10.180.1.21/identity/v3/roles 0.022s
2025-02-04 16:17:06.021 63607 INFO tempest.lib.common.rest_client [req-8f21ff71-ef94-4f6e-aa90-b96f2a908d33 req-8f21ff71-ef94-4f6e-aa90-b96f2a908d33 ] Request (ServersNegativeTestJSON:setUpClass): 204 PUT http://10.180.1.21/identity/v3/projects/9991737908f44320bd4930ed4dbbccdd/users/69fa344e134342b584d02b374dbc4f12/roles/7881c831dcdb480c86a1e5361a2ec2b1 0.024s
2025-02-04 16:17:06.021 63607 INFO tempest.lib.common.dynamic_creds [-] Dynamic test user 69fa344e134342b584d02b374dbc4f12 is created with scope project and roles: ['member']
2025-02-04 16:17:06.021 63607 INFO tempest.lib.common.dynamic_creds [-] Acquired dynamic creds: credentials: Credentials: {'domain_id': 'default', 'domain_name': 'Default', 'username': 'tempest-ServersNegativeTestJSON-1625878857-project-member', 'project_domain_id': 'default', 'project_domain_name': 'Default', 'project_id': '9991737908f44320bd4930ed4dbbccdd', 'project_name': 'tempest-ServersNegativeTestJSON-1625878857', 'tenant_id': '9991737908f44320bd4930ed4dbbccdd', 'tenant_name': 'tempest-ServersNegativeTestJSON-1625878857', 'user_domain_id': 'default', 'user_domain_name': 'Default', 'user_id': '69fa344e134342b584d02b374dbc4f12', 'system': None}, Network: None, Subnet: None, Router: None
2025-02-04 16:17:06.061 63603 INFO tempest.lib.common.rest_client [req-e11d8a5c-b651-4aff-bb58-b7aa16ecb143 req-e11d8a5c-b651-4aff-bb58-b7aa16ecb143 ] Request (AttachInterfacesTestJSON:test_create_list_show_delete_interfaces_by_fixed_ip): 200 GET http://10.180.1.21/compute/v2.1/servers/67c72ba6-2ba1-4494-add1-f86cc7163ed9 0.051s
2025-02-04 16:17:06.073 63607 INFO tempest.lib.common.rest_client [req-30187600-bd4b-4e88-8ed4-a45a88081b9f req-30187600-bd4b-4e88-8ed4-a45a88081b9f ] Request (ServersNegativeTestJSON:setUpClass): 201 POST http://10.180.1.21/identity/v3/auth/tokens 0.051s
2025-02-04 16:17:06.120 63595 INFO tempest.lib.common.rest_client [req-20fd8c89-f686-48fd-8166-90eb80f6ef05 req-20fd8c89-f686-48fd-8166-90eb80f6ef05 ] Request (ServersTestJSON:setUpClass): 200 GET http://10.180.1.21/compute/v2.1/servers/02506b07-c1eb-46f9-a0bc-2cafa25d31da 0.050s
2025-02-04 16:17:06.191 63599 INFO tempest.lib.common.rest_client [req-6afea1ad-665d-45c8-ab19-30a6641ff70b req-6afea1ad-665d-45c8-ab19-30a6641ff70b ] Request (ServersTestBootFromVolume:setUpClass): 200 GET http://10.180.1.21/compute/v2.1/servers/77396720-1683-4848-876c-d292e6b4441a 0.051s
2025-02-04 16:17:06.215 63627 INFO tempest.lib.common.rest_client [req-bf770dea-8d5a-4676-a311-952060a1a44c req-bf770dea-8d5a-4676-a311-952060a1a44c ] Request (ServerShowV247Test:test_update_rebuild_list_server): 200 GET http://10.180.1.21/compute/v2.1/servers/ea7c78e7-f3dc-42fd-bde2-12a4859b8170 0.051s
2025-02-04 16:17:06.269 63605 INFO tempest.lib.common.rest_client [req-19931bf3-dd99-438b-89cb-77769699246c req-19931bf3-dd99-438b-89cb-77769699246c ] Request (MultipleCreateTestJSON:test_multiple_create): 200 GET http://10.180.1.21/compute/v2.1/servers/e139538b-3363-4c4f-b1ea-b4e98e2528ee 0.061s
2025-02-04 16:17:06.281 63577 INFO tempest.lib.common.rest_client [req-8a1620cd-1fee-46cc-8695-4a71ef01768e req-8a1620cd-1fee-46cc-8695-4a71ef01768e ] Request (ServersAdmin275Test:test_rebuild_update_server_275): 200 GET http://10.180.1.21/compute/v2.1/servers/f5985e13-7c49-4c38-b9c9-4c23c52a1f4e 0.062s
2025-02-04 16:17:06.291 63577 INFO tempest.common.waiters [-] State transition "BUILD/None" ==> "BUILD/networking" after 67 second wait
2025-02-04 16:17:06.301 63597 INFO tempest.lib.common.rest_client [req-37fef900-bef4-4fb4-98ba-6c5af0d60486 req-37fef900-bef4-4fb4-98ba-6c5af0d60486 ] Request (ListImageFiltersTestJSON:setUpClass): 200 GET http://10.180.1.21/compute/v2.1/images/d3f57d49-7421-45ce-b9e3-e8ee531d173a 0.057s
2025-02-04 16:17:06.321 63607 INFO tempest.lib.common.rest_client [req-bad50bd7-c929-483d-a48c-145698d4088d req-bad50bd7-c929-483d-a48c-145698d4088d ] Request (ServersNegativeTestJSON:setUpClass): 201 POST http://10.180.1.21:9696/networking/v2.0/networks 0.247s
2025-02-04 16:17:06.332 63631 INFO tempest.lib.common.rest_client [req-26bae46f-f352-4117-ad1f-2f693313ca3f req-26bae46f-f352-4117-ad1f-2f693313ca3f ] Request (ServersTestMultiNic:test_verify_multiple_nics_order): 200 GET http://10.180.1.21/compute/v2.1/servers/38afe872-ec16-4ee0-a555-45f407f1a150 0.060s
2025-02-04 16:17:06.369 63583 INFO tempest.lib.common.rest_client [req-56f74a50-e6c9-4be1-9246-ff720afd4b4e req-56f74a50-e6c9-4be1-9246-ff720afd4b4e ] Request (MigrationsAdminTest:test_resize_server_revert_deleted_flavor): 200 GET http://10.180.1.21/compute/v2.1/servers/9b45195e-aa35-45d4-a8d1-2460610897dd 0.060s
2025-02-04 16:17:06.418 63623 INFO tempest.lib.common.rest_client [req-12f95c25-4f9d-45bb-af24-da210fc95a98 req-12f95c25-4f9d-45bb-af24-da210fc95a98 ] Request (ServerMetadataNegativeTestJSON:setUpClass): 200 GET http://10.180.1.21/compute/v2.1/servers/64e84161-5eff-406a-af5b-6f9f104cebae 0.065s
2025-02-04 16:17:06.445 63633 INFO tempest.lib.common.rest_client [req-b19a5e35-8d23-4c17-abca-1e44c247e28b req-b19a5e35-8d23-4c17-abca-1e44c247e28b ] Request (FloatingIPsAssociationTestJSON:tearDownClass): 200 GET http://10.180.1.21/compute/v2.1/servers/ee17b483-2b67-4714-b8ef-781a358f7fce 0.066s
2025-02-04 16:17:06.580 63609 INFO tempest.lib.common.rest_client [req-dafc2982-12ac-487a-b920-02cb45b52f9b req-dafc2982-12ac-487a-b920-02cb45b52f9b ] Request (ServersNegativeTestMultiTenantJSON:tearDownClass): 200 GET http://10.180.1.21/compute/v2.1/servers/fc79ec3c-aa00-466e-b660-ac43d2361bbc 0.063s
2025-02-04 16:17:06.626 63607 INFO tempest.lib.common.rest_client [req-1096e91a-66c4-4a7d-b474-fcb89f298ab1 req-1096e91a-66c4-4a7d-b474-fcb89f298ab1 ] Request (ServersNegativeTestJSON:setUpClass): 201 POST http://10.180.1.21:9696/networking/v2.0/subnets 0.304s
2025-02-04 16:17:06.630 63637 INFO tempest.lib.common.rest_client [req-ccdef484-ee20-4e17-a1fd-5405b46d8f04 req-ccdef484-ee20-4e17-a1fd-5405b46d8f04 ] Request (SecurityGroupsTestJSON:test_server_security_groups): 200 GET http://10.180.1.21/compute/v2.1/servers/01f5e2d4-430a-4cb0-8478-7f152441a2c0 0.063s
2025-02-04 16:17:06.727 63635 INFO tempest.lib.common.rest_client [req-3feb2aa0-2c0a-44fc-95c8-2476a4f581ce req-3feb2aa0-2c0a-44fc-95c8-2476a4f581ce ] Request (ImagesOneServerNegativeTestJSON:_run_cleanups): 200 GET http://10.180.1.21/compute/v2.1/servers/6952e379-f83f-469a-a4d2-ba1072fd37f6 0.058s
2025-02-04 16:17:06.747 63611 INFO tempest.lib.common.rest_client [req-c2ac358c-3ca2-4f24-a4a9-32cd7435e85a req-c2ac358c-3ca2-4f24-a4a9-32cd7435e85a ] Request (ListServerFiltersTestJSON:tearDownClass): 200 GET http://10.180.1.21/compute/v2.1/servers/77b8038e-198c-494f-9d58-92b8d2551a3e 0.077s
2025-02-04 16:17:06.944 63589 INFO tempest.lib.common.rest_client [req-e97b3609-812b-41c7-9f51-da9fcbca6eac req-e97b3609-812b-41c7-9f51-da9fcbca6eac ] Request (ServerDiagnosticsV248Test:test_get_server_diagnostics): 200 GET http://10.180.1.21/compute/v2.1/servers/ccdb87cc-389c-411f-b8ec-05a4bbaf21f9 0.070s
2025-02-04 16:17:06.952 63625 INFO tempest.lib.common.rest_client [req-14765db5-56de-408b-8527-663972333377 req-14765db5-56de-408b-8527-663972333377 ] Request (ServersAdminNegativeTestJSON:test_migrate_server_invalid_state): 200 GET http://10.180.1.21/compute/v2.1/servers/1d59ae97-3d8f-4926-bc59-ec290cef74ab 0.102s
2025-02-04 16:17:06.957 63601 WARNING tempest.lib.common.ssh [-] Failed to establish authenticated ssh connection to cirros@10.180.180.190 ([Errno None] Unable to connect to port 22 on 10.180.180.190). Number attempts: 5. Retry after 6 seconds.: paramiko.ssh_exception.NoValidConnectionsError: [Errno None] Unable to connect to port 22 on 10.180.180.190
2025-02-04 16:17:07.004 63617 INFO tempest.lib.common.rest_client [req-2e459809-2ef7-4363-b8ba-96e39c3e72cc req-2e459809-2ef7-4363-b8ba-96e39c3e72cc ] Request (VolumesAssistedSnapshotsTest:test_volume_assisted_snapshot_create_delete): 200 GET http://10.180.1.21/volume/v3/volumes/fcc4ccba-c9c9-4537-b241-656c05887aab 0.029s
2025-02-04 16:17:07.069 63619 INFO tempest.lib.common.rest_client [req-371b39a8-85ac-4c02-a144-be0b5338242e req-371b39a8-85ac-4c02-a144-be0b5338242e ] Request (ServersAdminTestJSON:test_inject_network_info): 200 GET http://10.180.1.21/compute/v2.1/servers/f575abe2-fba7-4c4f-9a5b-4a092b8d2c04 0.066s
2025-02-04 16:17:07.120 63603 INFO tempest.lib.common.rest_client [req-370a0469-25c5-4d31-bebb-8bcb3ebba094 req-370a0469-25c5-4d31-bebb-8bcb3ebba094 ] Request (AttachInterfacesTestJSON:test_create_list_show_delete_interfaces_by_fixed_ip): 200 GET http://10.180.1.21/compute/v2.1/servers/67c72ba6-2ba1-4494-add1-f86cc7163ed9 0.052s
2025-02-04 16:17:07.191 63595 INFO tempest.lib.common.rest_client [req-e9d03dda-87f7-42e2-b277-415a8271481a req-e9d03dda-87f7-42e2-b277-415a8271481a ] Request (ServersTestJSON:setUpClass): 200 GET http://10.180.1.21/compute/v2.1/servers/02506b07-c1eb-46f9-a0bc-2cafa25d31da 0.062s
2025-02-04 16:17:07.244 63615 INFO tempest.lib.common.rest_client [req-5ca6d21a-05e1-4e38-8bac-be43a3943e2f req-5ca6d21a-05e1-4e38-8bac-be43a3943e2f ] Request (ImagesNegativeTestJSON:test_create_image_from_deleted_server): 200 GET http://10.180.1.21/compute/v2.1/servers/7d4802a6-50d2-4ac2-bca0-1e8a07618e98 0.290s
2025-02-04 16:17:07.254 63599 INFO tempest.lib.common.rest_client [req-1de9abaf-ab3f-463b-96cc-79c700e8bed7 req-1de9abaf-ab3f-463b-96cc-79c700e8bed7 ] Request (ServersTestBootFromVolume:setUpClass): 200 GET http://10.180.1.21/compute/v2.1/servers/77396720-1683-4848-876c-d292e6b4441a 0.053s
2025-02-04 16:17:07.307 63627 INFO tempest.lib.common.rest_client [req-81f8edf0-d3a0-47dd-af57-ff9f3a9626bb req-81f8edf0-d3a0-47dd-af57-ff9f3a9626bb ] Request (ServerShowV247Test:test_update_rebuild_list_server): 200 GET http://10.180.1.21/compute/v2.1/servers/ea7c78e7-f3dc-42fd-bde2-12a4859b8170 0.082s
2025-02-04 16:17:07.331 63605 INFO tempest.lib.common.rest_client [req-740b6002-33fa-4711-9e7d-534d20257706 req-740b6002-33fa-4711-9e7d-534d20257706 ] Request (MultipleCreateTestJSON:test_multiple_create): 200 GET http://10.180.1.21/compute/v2.1/servers/e139538b-3363-4c4f-b1ea-b4e98e2528ee 0.055s
2025-02-04 16:17:07.367 63577 INFO tempest.lib.common.rest_client [req-e51ad8d7-9e07-4e1f-bfc0-593dc2e5e56e req-e51ad8d7-9e07-4e1f-bfc0-593dc2e5e56e ] Request (ServersAdmin275Test:test_rebuild_update_server_275): 200 GET http://10.180.1.21/compute/v2.1/servers/f5985e13-7c49-4c38-b9c9-4c23c52a1f4e 0.075s
2025-02-04 16:17:07.374 63597 INFO tempest.lib.common.rest_client [req-ed4b19b2-f04e-44e9-bc04-9aa19b1e3367 req-ed4b19b2-f04e-44e9-bc04-9aa19b1e3367 ] Request (ListImageFiltersTestJSON:setUpClass): 200 GET http://10.180.1.21/compute/v2.1/images/d3f57d49-7421-45ce-b9e3-e8ee531d173a 0.068s
2025-02-04 16:17:07.378 63577 INFO tempest.common.waiters [-] State transition "BUILD/networking" ==> "BUILD/block_device_mapping" after 68 second wait
2025-02-04 16:17:07.425 63631 INFO tempest.lib.common.rest_client [req-61e2bae5-5019-4d17-858d-671def72e535 req-61e2bae5-5019-4d17-858d-671def72e535 ] Request (ServersTestMultiNic:test_verify_multiple_nics_order): 200 GET http://10.180.1.21/compute/v2.1/servers/38afe872-ec16-4ee0-a555-45f407f1a150 0.083s
2025-02-04 16:17:07.436 63583 INFO tempest.lib.common.rest_client [req-b83dd065-e689-44b9-897c-80d418e4d0f7 req-b83dd065-e689-44b9-897c-80d418e4d0f7 ] Request (MigrationsAdminTest:test_resize_server_revert_deleted_flavor): 200 GET http://10.180.1.21/compute/v2.1/servers/9b45195e-aa35-45d4-a8d1-2460610897dd 0.058s
2025-02-04 16:17:07.480 63623 INFO tempest.lib.common.rest_client [req-f1b462b5-685d-4e39-9cb6-65ccbcaac7fc req-f1b462b5-685d-4e39-9cb6-65ccbcaac7fc ] Request (ServerMetadataNegativeTestJSON:setUpClass): 200 GET http://10.180.1.21/compute/v2.1/servers/64e84161-5eff-406a-af5b-6f9f104cebae 0.055s
2025-02-04 16:17:07.514 63633 INFO tempest.lib.common.rest_client [req-4a0122a2-3fe8-4e33-a6f0-1bf264858da6 req-4a0122a2-3fe8-4e33-a6f0-1bf264858da6 ] Request (FloatingIPsAssociationTestJSON:tearDownClass): 200 GET http://10.180.1.21/compute/v2.1/servers/ee17b483-2b67-4714-b8ef-781a358f7fce 0.061s
2025-02-04 16:17:07.594 63607 INFO tempest.lib.common.rest_client [req-c0062110-e445-472a-8737-cd96ed7d4e4e req-c0062110-e445-472a-8737-cd96ed7d4e4e ] Request (ServersNegativeTestJSON:setUpClass): 201 POST http://10.180.1.21:9696/networking/v2.0/routers 0.967s
2025-02-04 16:17:07.667 63609 INFO tempest.lib.common.rest_client [req-4a7b3603-ed12-4dce-bdd0-1ff20bf7b4c3 req-4a7b3603-ed12-4dce-bdd0-1ff20bf7b4c3 ] Request (ServersNegativeTestMultiTenantJSON:tearDownClass): 200 GET http://10.180.1.21/compute/v2.1/servers/fc79ec3c-aa00-466e-b660-ac43d2361bbc 0.076s
2025-02-04 16:17:07.695 63637 INFO tempest.lib.common.rest_client [req-1d759600-bdd8-4f94-ae3f-9da438c62ed2 req-1d759600-bdd8-4f94-ae3f-9da438c62ed2 ] Request (SecurityGroupsTestJSON:test_server_security_groups): 200 GET http://10.180.1.21/compute/v2.1/servers/01f5e2d4-430a-4cb0-8478-7f152441a2c0 0.056s
2025-02-04 16:17:07.793 63635 INFO tempest.lib.common.rest_client [req-aad50397-afe8-4095-a634-0dfaea89a6a8 req-aad50397-afe8-4095-a634-0dfaea89a6a8 ] Request (ImagesOneServerNegativeTestJSON:_run_cleanups): 200 GET http://10.180.1.21/compute/v2.1/servers/6952e379-f83f-469a-a4d2-ba1072fd37f6 0.056s
2025-02-04 16:17:07.823 63611 INFO tempest.lib.common.rest_client [req-571b63c1-a0d0-431f-b57d-d8f2d88ed8e9 req-571b63c1-a0d0-431f-b57d-d8f2d88ed8e9 ] Request (ListServerFiltersTestJSON:tearDownClass): 200 GET http://10.180.1.21/compute/v2.1/servers/77b8038e-198c-494f-9d58-92b8d2551a3e 0.069s
2025-02-04 16:17:08.027 63589 INFO tempest.lib.common.rest_client [req-5175f435-2081-454a-ab91-e858a0a5cb89 req-5175f435-2081-454a-ab91-e858a0a5cb89 ] Request (ServerDiagnosticsV248Test:test_get_server_diagnostics): 200 GET http://10.180.1.21/compute/v2.1/servers/ccdb87cc-389c-411f-b8ec-05a4bbaf21f9 0.067s
2025-02-04 16:17:08.046 63617 INFO tempest.lib.common.rest_client [req-b0446f9a-2bc6-46b8-90c7-839d79b26bfd req-b0446f9a-2bc6-46b8-90c7-839d79b26bfd ] Request (VolumesAssistedSnapshotsTest:test_volume_assisted_snapshot_create_delete): 200 GET http://10.180.1.21/volume/v3/volumes/fcc4ccba-c9c9-4537-b241-656c05887aab 0.034s
2025-02-04 16:17:08.105 63625 INFO tempest.lib.common.rest_client [req-d8045e11-92b8-4ffb-98a5-93f2d5b49eb6 req-d8045e11-92b8-4ffb-98a5-93f2d5b49eb6 ] Request (ServersAdminNegativeTestJSON:test_migrate_server_invalid_state): 200 GET http://10.180.1.21/compute/v2.1/servers/1d59ae97-3d8f-4926-bc59-ec290cef74ab 0.138s
2025-02-04 16:17:08.136 63619 INFO tempest.lib.common.rest_client [req-a905f65e-e565-4a7e-9cdb-0232cf22701e req-a905f65e-e565-4a7e-9cdb-0232cf22701e ] Request (ServersAdminTestJSON:test_inject_network_info): 200 GET http://10.180.1.21/compute/v2.1/servers/f575abe2-fba7-4c4f-9a5b-4a092b8d2c04 0.056s
2025-02-04 16:17:08.191 63603 INFO tempest.lib.common.rest_client [req-78ab8e3b-954a-4f92-857a-b95b4aa41639 req-78ab8e3b-954a-4f92-857a-b95b4aa41639 ] Request (AttachInterfacesTestJSON:test_create_list_show_delete_interfaces_by_fixed_ip): 200 GET http://10.180.1.21/compute/v2.1/servers/67c72ba6-2ba1-4494-add1-f86cc7163ed9 0.063s
2025-02-04 16:17:08.262 63595 INFO tempest.lib.common.rest_client [req-b930420b-3538-4f38-b32d-02cb2ea48559 req-b930420b-3538-4f38-b32d-02cb2ea48559 ] Request (ServersTestJSON:setUpClass): 200 GET http://10.180.1.21/compute/v2.1/servers/02506b07-c1eb-46f9-a0bc-2cafa25d31da 0.058s
2025-02-04 16:17:08.310 63615 INFO tempest.lib.common.rest_client [req-ddbf7e85-ba67-41cd-8932-0b2df434c63f req-ddbf7e85-ba67-41cd-8932-0b2df434c63f ] Request (ImagesNegativeTestJSON:test_create_image_from_deleted_server): 200 GET http://10.180.1.21/compute/v2.1/servers/7d4802a6-50d2-4ac2-bca0-1e8a07618e98 0.058s
2025-02-04 16:17:08.318 63599 INFO tempest.lib.common.rest_client [req-2dd59296-0c63-451f-9786-a99a6cc01771 req-2dd59296-0c63-451f-9786-a99a6cc01771 ] Request (ServersTestBootFromVolume:setUpClass): 200 GET http://10.180.1.21/compute/v2.1/servers/77396720-1683-4848-876c-d292e6b4441a 0.054s
2025-02-04 16:17:08.373 63627 INFO tempest.lib.common.rest_client [req-5c66eac4-70cf-4565-831c-1e7dbd812e59 req-5c66eac4-70cf-4565-831c-1e7dbd812e59 ] Request (ServerShowV247Test:test_update_rebuild_list_server): 200 GET http://10.180.1.21/compute/v2.1/servers/ea7c78e7-f3dc-42fd-bde2-12a4859b8170 0.057s
2025-02-04 16:17:08.397 63605 INFO tempest.lib.common.rest_client [req-6b49f07b-24fd-42cc-84cd-86c48f4d5cb7 req-6b49f07b-24fd-42cc-84cd-86c48f4d5cb7 ] Request (MultipleCreateTestJSON:test_multiple_create): 200 GET http://10.180.1.21/compute/v2.1/servers/e139538b-3363-4c4f-b1ea-b4e98e2528ee 0.054s
2025-02-04 16:17:08.435 63577 INFO tempest.lib.common.rest_client [req-6ae44c59-ac1a-4443-b3a3-1ad3b684948c req-6ae44c59-ac1a-4443-b3a3-1ad3b684948c ] Request (ServersAdmin275Test:test_rebuild_update_server_275): 200 GET http://10.180.1.21/compute/v2.1/servers/f5985e13-7c49-4c38-b9c9-4c23c52a1f4e 0.056s
2025-02-04 16:17:08.436 63597 INFO tempest.lib.common.rest_client [req-706c2116-bd41-4147-ac8f-fff5b9b540e6 req-706c2116-bd41-4147-ac8f-fff5b9b540e6 ] Request (ListImageFiltersTestJSON:setUpClass): 200 GET http://10.180.1.21/compute/v2.1/images/d3f57d49-7421-45ce-b9e3-e8ee531d173a 0.058s
2025-02-04 16:17:08.439 63607 INFO tempest.lib.common.rest_client [req-7e586b4e-bada-4bc7-9e65-9203ac35d256 req-7e586b4e-bada-4bc7-9e65-9203ac35d256 ] Request (ServersNegativeTestJSON:setUpClass): 200 PUT http://10.180.1.21:9696/networking/v2.0/routers/824acd98-d904-4a84-b4ef-01b602ce14f1/add_router_interface 0.844s
2025-02-04 16:17:08.439 63607 INFO tempest.lib.common.dynamic_creds [-] Created isolated network resources for: credentials: Credentials: {'domain_id': 'default', 'domain_name': 'Default', 'username': 'tempest-ServersNegativeTestJSON-1625878857-project-member', 'project_domain_id': 'default', 'project_domain_name': 'Default', 'project_id': '9991737908f44320bd4930ed4dbbccdd', 'project_name': 'tempest-ServersNegativeTestJSON-1625878857', 'tenant_id': '9991737908f44320bd4930ed4dbbccdd', 'tenant_name': 'tempest-ServersNegativeTestJSON-1625878857', 'user_domain_id': 'default', 'user_domain_name': 'Default', 'user_id': '69fa344e134342b584d02b374dbc4f12', 'system': None}, Network: {'id': '17ec7c71-0040-4cc7-90ec-354ec4ec9c3d', 'name': 'tempest-ServersNegativeTestJSON-125465579-network', 'tenant_id': '9991737908f44320bd4930ed4dbbccdd', 'admin_state_up': True, 'mtu': 8950, 'status': 'ACTIVE', 'subnets': [], 'shared': False, 'project_id': '9991737908f44320bd4930ed4dbbccdd', 'port_security_enabled': True, 'router:external': False, 'provider:network_type': 'vlan', 'provider:physical_network': 'default', 'provider:segmentation_id': 543, 'availability_zone_hints': [], 'availability_zones': [], 'ipv4_address_scope': None, 'ipv6_address_scope': None, 'description': '', 'tags': [], 'created_at': '2025-02-04T16:17:06Z', 'updated_at': '2025-02-04T16:17:06Z', 'revision_number': 1}, Subnet: {'id': 'fa9de17c-1ace-48a7-a5a5-cf232b32b286', 'name': 'tempest-ServersNegativeTestJSON-125465579-subnet', 'tenant_id': '9991737908f44320bd4930ed4dbbccdd', 'network_id': '17ec7c71-0040-4cc7-90ec-354ec4ec9c3d', 'ip_version': 4, 'subnetpool_id': None, 'enable_dhcp': True, 'ipv6_ra_mode': None, 'ipv6_address_mode': None, 'gateway_ip': '192.168.128.1', 'cidr': '192.168.128.0/28', 'allocation_pools': [{'start': '192.168.128.2', 'end': '192.168.128.14'}], 'host_routes': [], 'dns_nameservers': [], 'description': '', 'router:external': False, 'service_types': [], 'tags': [], 'created_at': '2025-02-04T16:17:06Z', 'updated_at': '2025-02-04T16:17:06Z', 'revision_number': 0, 'project_id': '9991737908f44320bd4930ed4dbbccdd'}, Router: {'id': '824acd98-d904-4a84-b4ef-01b602ce14f1', 'name': 'tempest-ServersNegativeTestJSON-125465579-router', 'tenant_id': '9991737908f44320bd4930ed4dbbccdd', 'admin_state_up': True, 'status': 'ACTIVE', 'external_gateway_info': {'network_id': 'b0016085-4033-47dd-9bdb-5c2cfad7c104', 'external_fixed_ips': [{'subnet_id': '5bda8bcb-61b1-42fa-be13-3f7d45bb4deb', 'ip_address': '10.180.180.198'}], 'enable_snat': True}, 'description': '', 'availability_zones': [], 'distributed': False, 'ha': False, 'availability_zone_hints': [], 'routes': [], 'flavor_id': None, 'tags': [], 'created_at': '2025-02-04T16:17:06Z', 'updated_at': '2025-02-04T16:17:07Z', 'revision_number': 2, 'project_id': '9991737908f44320bd4930ed4dbbccdd'}
2025-02-04 16:17:08.446 63577 INFO tempest.common.waiters [-] State transition "BUILD/block_device_mapping" ==> "BUILD/spawning" after 69 second wait
2025-02-04 16:17:08.486 63631 INFO tempest.lib.common.rest_client [req-35087803-cba0-41e3-86e8-9a6ce88ddef4 req-35087803-cba0-41e3-86e8-9a6ce88ddef4 ] Request (ServersTestMultiNic:test_verify_multiple_nics_order): 200 GET http://10.180.1.21/compute/v2.1/servers/38afe872-ec16-4ee0-a555-45f407f1a150 0.048s
2025-02-04 16:17:08.495 63583 INFO tempest.lib.common.rest_client [req-069b5b10-caba-4d5f-8d4b-d374d7a71df3 req-069b5b10-caba-4d5f-8d4b-d374d7a71df3 ] Request (MigrationsAdminTest:test_resize_server_revert_deleted_flavor): 200 GET http://10.180.1.21/compute/v2.1/servers/9b45195e-aa35-45d4-a8d1-2460610897dd 0.052s
2025-02-04 16:17:08.514 63607 INFO tempest.lib.common.rest_client [req-06dd7004-2f76-4b2a-8645-d049bb56ff27 req-06dd7004-2f76-4b2a-8645-d049bb56ff27 ] Request (ServersNegativeTestJSON:setUpClass): 201 POST http://10.180.1.21/identity/v3/auth/tokens 0.071s
2025-02-04 16:17:08.541 63623 INFO tempest.lib.common.rest_client [req-650433d9-de30-4cb4-a747-89f017b4a102 req-650433d9-de30-4cb4-a747-89f017b4a102 ] Request (ServerMetadataNegativeTestJSON:setUpClass): 200 GET http://10.180.1.21/compute/v2.1/servers/64e84161-5eff-406a-af5b-6f9f104cebae 0.049s
2025-02-04 16:17:08.542 63607 INFO tempest.lib.common.rest_client [req-40022e59-5f3a-434f-83c6-f728fa29903f req-40022e59-5f3a-434f-83c6-f728fa29903f ] Request (ServersNegativeTestJSON:setUpClass): 201 POST http://10.180.1.21/identity/v3/auth/tokens 0.025s
2025-02-04 16:17:08.543 63607 INFO tempest.lib.common.fixed_network [-] (ServersNegativeTestJSON:setUpClass) Found network {'id': '17ec7c71-0040-4cc7-90ec-354ec4ec9c3d', 'name': 'tempest-ServersNegativeTestJSON-125465579-network', 'tenant_id': '9991737908f44320bd4930ed4dbbccdd', 'admin_state_up': True, 'mtu': 8950, 'status': 'ACTIVE', 'subnets': [], 'shared': False, 'project_id': '9991737908f44320bd4930ed4dbbccdd', 'port_security_enabled': True, 'router:external': False, 'provider:network_type': 'vlan', 'provider:physical_network': 'default', 'provider:segmentation_id': 543, 'availability_zone_hints': [], 'availability_zones': [], 'ipv4_address_scope': None, 'ipv6_address_scope': None, 'description': '', 'tags': [], 'created_at': '2025-02-04T16:17:06Z', 'updated_at': '2025-02-04T16:17:06Z', 'revision_number': 1} available for tenant
2025-02-04 16:17:08.602 63633 INFO tempest.lib.common.rest_client [req-51399af7-7d61-40f9-b9ff-f0260e9e8445 req-51399af7-7d61-40f9-b9ff-f0260e9e8445 ] Request (FloatingIPsAssociationTestJSON:tearDownClass): 200 GET http://10.180.1.21/compute/v2.1/servers/ee17b483-2b67-4714-b8ef-781a358f7fce 0.077s
2025-02-04 16:17:08.738 63609 INFO tempest.lib.common.rest_client [req-2c344f09-2f94-427e-9276-975ac37a41c1 req-2c344f09-2f94-427e-9276-975ac37a41c1 ] Request (ServersNegativeTestMultiTenantJSON:tearDownClass): 200 GET http://10.180.1.21/compute/v2.1/servers/fc79ec3c-aa00-466e-b660-ac43d2361bbc 0.063s
2025-02-04 16:17:08.790 63637 INFO tempest.lib.common.rest_client [req-bd208add-f116-4a5d-b776-da0a5e114912 req-bd208add-f116-4a5d-b776-da0a5e114912 ] Request (SecurityGroupsTestJSON:test_server_security_groups): 200 GET http://10.180.1.21/compute/v2.1/servers/01f5e2d4-430a-4cb0-8478-7f152441a2c0 0.086s
2025-02-04 16:17:08.867 63635 INFO tempest.lib.common.rest_client [req-4d7522b3-e59d-47d5-a3e1-58393d0a21a3 req-4d7522b3-e59d-47d5-a3e1-58393d0a21a3 ] Request (ImagesOneServerNegativeTestJSON:_run_cleanups): 200 GET http://10.180.1.21/compute/v2.1/servers/6952e379-f83f-469a-a4d2-ba1072fd37f6 0.060s
2025-02-04 16:17:08.946 63611 INFO tempest.lib.common.rest_client [req-e08e454f-a233-4859-a7d7-13aadd073011 req-e08e454f-a233-4859-a7d7-13aadd073011 ] Request (ListServerFiltersTestJSON:tearDownClass): 200 GET http://10.180.1.21/compute/v2.1/servers/77b8038e-198c-494f-9d58-92b8d2551a3e 0.114s
2025-02-04 16:17:08.965 63607 INFO tempest.lib.common.rest_client [req-ccfddc7d-8a19-4471-b304-10f64f175aa1 req-ccfddc7d-8a19-4471-b304-10f64f175aa1 ] Request (ServersNegativeTestJSON:setUpClass): 202 POST http://10.180.1.21/compute/v2.1/servers 0.421s
2025-02-04 16:17:09.025 63607 INFO tempest.lib.common.rest_client [req-599b6908-5811-44cc-aa96-9e850afad5f2 req-599b6908-5811-44cc-aa96-9e850afad5f2 ] Request (ServersNegativeTestJSON:setUpClass): 200 GET http://10.180.1.21/compute/v2.1/servers/93332739-3e6a-4ba1-9cba-e397ae34e458 0.058s
2025-02-04 16:17:09.091 63617 INFO tempest.lib.common.rest_client [req-d4aa8939-5f85-4993-8df6-8c9f15178813 req-d4aa8939-5f85-4993-8df6-8c9f15178813 ] Request (VolumesAssistedSnapshotsTest:test_volume_assisted_snapshot_create_delete): 200 GET http://10.180.1.21/volume/v3/volumes/fcc4ccba-c9c9-4537-b241-656c05887aab 0.037s
2025-02-04 16:17:09.098 63617 INFO tempest.common.waiters [-] Attachment e49df952-1cfb-4a25-9650-cac401ee1056 created for volume fcc4ccba-c9c9-4537-b241-656c05887aab to server 5fe433a6-f3de-43d2-a381-7a2c5a394c35 after waiting for 8.098835 seconds
2025-02-04 16:17:09.132 63589 INFO tempest.lib.common.rest_client [req-2e12571b-1938-4639-9a77-426e797276de req-2e12571b-1938-4639-9a77-426e797276de ] Request (ServerDiagnosticsV248Test:test_get_server_diagnostics): 200 GET http://10.180.1.21/compute/v2.1/servers/ccdb87cc-389c-411f-b8ec-05a4bbaf21f9 0.083s
2025-02-04 16:17:09.134 63617 INFO tempest.lib.common.rest_client [req-9ea2cbdf-ab68-49f2-83f6-480131ff9e84 req-9ea2cbdf-ab68-49f2-83f6-480131ff9e84 ] Request (VolumesAssistedSnapshotsTest:test_volume_assisted_snapshot_create_delete): 200 GET http://10.180.1.21/volume/v3/volumes/fcc4ccba-c9c9-4537-b241-656c05887aab 0.035s
2025-02-04 16:17:09.141 63617 INFO tempest.common.waiters [-] volume fcc4ccba-c9c9-4537-b241-656c05887aab reached in-use after waiting for 0.141359 seconds
2025-02-04 16:17:09.281 63617 INFO tempest.lib.common.rest_client [req-e602e02a-c181-464e-8e26-826d4d119186 req-e602e02a-c181-464e-8e26-826d4d119186 ] Request (VolumesAssistedSnapshotsTest:test_volume_assisted_snapshot_create_delete): 200 POST http://10.180.1.21/compute/v2.1/os-assisted-volume-snapshots 0.139s
2025-02-04 16:17:09.282 63625 INFO tempest.lib.common.rest_client [req-3a3a3d5c-555a-4fcd-9842-8a94567e71c1 req-3a3a3d5c-555a-4fcd-9842-8a94567e71c1 ] Request (ServersAdminNegativeTestJSON:test_migrate_server_invalid_state): 200 GET http://10.180.1.21/compute/v2.1/servers/1d59ae97-3d8f-4926-bc59-ec290cef74ab 0.170s
2025-02-04 16:17:09.331 63603 INFO tempest.lib.common.rest_client [req-2be50309-4410-4b15-8bac-152a60b6179d req-2be50309-4410-4b15-8bac-152a60b6179d ] Request (AttachInterfacesTestJSON:test_create_list_show_delete_interfaces_by_fixed_ip): 200 GET http://10.180.1.21/compute/v2.1/servers/67c72ba6-2ba1-4494-add1-f86cc7163ed9 0.133s
2025-02-04 16:17:09.357 63619 INFO tempest.lib.common.rest_client [req-f3eecb1f-8160-43bb-8752-ed5c82c1e8cd req-f3eecb1f-8160-43bb-8752-ed5c82c1e8cd ] Request (ServersAdminTestJSON:test_inject_network_info): 200 GET http://10.180.1.21/compute/v2.1/servers/f575abe2-fba7-4c4f-9a5b-4a092b8d2c04 0.202s
2025-02-04 16:17:09.375 63617 INFO tempest.lib.common.rest_client [req-7eb91d28-99f3-4fce-ade7-cbb49e631711 req-7eb91d28-99f3-4fce-ade7-cbb49e631711 ] Request (VolumesAssistedSnapshotsTest:test_volume_assisted_snapshot_create_delete): 204 DELETE http://10.180.1.21/compute/v2.1/os-assisted-volume-snapshots/None?delete_info=%7B%22volume_id%22%3A+%22fcc4ccba-c9c9-4537-b241-656c05887aab%22%7D 0.093s
2025-02-04 16:17:09.382 63595 INFO tempest.lib.common.rest_client [req-dc0bcb74-23f9-4efe-9ba9-d5de2e6319b1 req-dc0bcb74-23f9-4efe-9ba9-d5de2e6319b1 ] Request (ServersTestJSON:setUpClass): 200 GET http://10.180.1.21/compute/v2.1/servers/02506b07-c1eb-46f9-a0bc-2cafa25d31da 0.109s
2025-02-04 16:17:09.411 63617 INFO tempest.lib.common.rest_client [req-18515d11-cc73-40d1-b670-4ab441a1e6c4 req-18515d11-cc73-40d1-b670-4ab441a1e6c4 ] Request (VolumesAssistedSnapshotsTest:_run_cleanups): 200 GET http://10.180.1.21/volume/v3/volumes/fcc4ccba-c9c9-4537-b241-656c05887aab 0.036s
2025-02-04 16:17:09.434 63599 INFO tempest.lib.common.rest_client [req-ad576386-6fd7-4ca1-8b5e-c557135584e2 req-ad576386-6fd7-4ca1-8b5e-c557135584e2 ] Request (ServersTestBootFromVolume:setUpClass): 200 GET http://10.180.1.21/compute/v2.1/servers/77396720-1683-4848-876c-d292e6b4441a 0.100s
2025-02-04 16:17:09.436 63615 INFO tempest.lib.common.rest_client [req-c8228dc9-f1a2-4dd0-9c8e-f1ea4ee09ad0 req-c8228dc9-f1a2-4dd0-9c8e-f1ea4ee09ad0 ] Request (ImagesNegativeTestJSON:test_create_image_from_deleted_server): 200 GET http://10.180.1.21/compute/v2.1/servers/7d4802a6-50d2-4ac2-bca0-1e8a07618e98 0.119s
2025-02-04 16:17:09.496 63627 INFO tempest.lib.common.rest_client [req-d19f575c-215a-458b-8732-fb7f52660275 req-d19f575c-215a-458b-8732-fb7f52660275 ] Request (ServerShowV247Test:test_update_rebuild_list_server): 200 GET http://10.180.1.21/compute/v2.1/servers/ea7c78e7-f3dc-42fd-bde2-12a4859b8170 0.112s
2025-02-04 16:17:09.498 63605 INFO tempest.lib.common.rest_client [req-0b5a9a12-505b-4c7a-8d9a-c870247a6658 req-0b5a9a12-505b-4c7a-8d9a-c870247a6658 ] Request (MultipleCreateTestJSON:test_multiple_create): 200 GET http://10.180.1.21/compute/v2.1/servers/e139538b-3363-4c4f-b1ea-b4e98e2528ee 0.093s
2025-02-04 16:17:09.547 63597 INFO tempest.lib.common.rest_client [req-62f02450-6a10-431d-b42b-b60dffd94057 req-62f02450-6a10-431d-b42b-b60dffd94057 ] Request (ListImageFiltersTestJSON:setUpClass): 200 GET http://10.180.1.21/compute/v2.1/images/d3f57d49-7421-45ce-b9e3-e8ee531d173a 0.106s
2025-02-04 16:17:09.615 63577 INFO tempest.lib.common.rest_client [req-12cf4ce6-2b93-4e93-ae5c-6af1d05f5e6b req-12cf4ce6-2b93-4e93-ae5c-6af1d05f5e6b ] Request (ServersAdmin275Test:test_rebuild_update_server_275): 200 GET http://10.180.1.21/compute/v2.1/servers/f5985e13-7c49-4c38-b9c9-4c23c52a1f4e 0.169s
2025-02-04 16:17:09.668 63617 INFO tempest.lib.common.rest_client [req-34ced621-11b8-4208-97dc-d6965bb52f74 req-34ced621-11b8-4208-97dc-d6965bb52f74 ] Request (VolumesAssistedSnapshotsTest:_run_cleanups): 202 DELETE http://10.180.1.21/compute/v2.1/servers/5fe433a6-f3de-43d2-a381-7a2c5a394c35/os-volume_attachments/fcc4ccba-c9c9-4537-b241-656c05887aab 0.249s
2025-02-04 16:17:09.677 63631 INFO tempest.lib.common.rest_client [req-ae4a18c8-a39c-4042-bba5-0cec5fba6908 req-ae4a18c8-a39c-4042-bba5-0cec5fba6908 ] Request (ServersTestMultiNic:test_verify_multiple_nics_order): 200 GET http://10.180.1.21/compute/v2.1/servers/38afe872-ec16-4ee0-a555-45f407f1a150 0.182s
2025-02-04 16:17:09.733 63583 INFO tempest.lib.common.rest_client [req-9182b2e2-7631-4151-bfef-945b55b5752b req-9182b2e2-7631-4151-bfef-945b55b5752b ] Request (MigrationsAdminTest:test_resize_server_revert_deleted_flavor): 200 GET http://10.180.1.21/compute/v2.1/servers/9b45195e-aa35-45d4-a8d1-2460610897dd 0.229s
2025-02-04 16:17:09.803 63633 INFO tempest.lib.common.rest_client [req-212e8fbf-f3bf-4f21-9de0-6b6986735011 req-212e8fbf-f3bf-4f21-9de0-6b6986735011 ] Request (FloatingIPsAssociationTestJSON:tearDownClass): 200 GET http://10.180.1.21/compute/v2.1/servers/ee17b483-2b67-4714-b8ef-781a358f7fce 0.193s
2025-02-04 16:17:09.814 63623 INFO tempest.lib.common.rest_client [req-23116eed-4d9e-4f84-886a-b612bf83b611 req-23116eed-4d9e-4f84-886a-b612bf83b611 ] Request (ServerMetadataNegativeTestJSON:setUpClass): 200 GET http://10.180.1.21/compute/v2.1/servers/64e84161-5eff-406a-af5b-6f9f104cebae 0.265s
2025-02-04 16:17:09.825 63623 INFO tempest.common.waiters [-] State transition "BUILD/None" ==> "BUILD/block_device_mapping" after 70 second wait
2025-02-04 16:17:09.863 63617 INFO tempest.lib.common.rest_client [req-c493da5f-d680-4be8-8821-bb2acaf40366 req-c493da5f-d680-4be8-8821-bb2acaf40366 ] Request (VolumesAssistedSnapshotsTest:_run_cleanups): 200 GET http://10.180.1.21/compute/v2.1/servers/5fe433a6-f3de-43d2-a381-7a2c5a394c35/os-volume_attachments 0.195s
2025-02-04 16:17:09.881 63609 INFO tempest.lib.common.rest_client [req-9729080d-b997-4df0-9bd4-f85fdda44e4c req-9729080d-b997-4df0-9bd4-f85fdda44e4c ] Request (ServersNegativeTestMultiTenantJSON:tearDownClass): 200 GET http://10.180.1.21/compute/v2.1/servers/fc79ec3c-aa00-466e-b660-ac43d2361bbc 0.132s
2025-02-04 16:17:09.927 63637 INFO tempest.lib.common.rest_client [req-ba166983-36b1-4213-b075-255deb90c239 req-ba166983-36b1-4213-b075-255deb90c239 ] Request (SecurityGroupsTestJSON:test_server_security_groups): 200 GET http://10.180.1.21/compute/v2.1/servers/01f5e2d4-430a-4cb0-8478-7f152441a2c0 0.124s
2025-02-04 16:17:09.931 63635 INFO tempest.lib.common.rest_client [req-eeff5eee-397f-4b00-ae21-21e07e74de99 req-eeff5eee-397f-4b00-ae21-21e07e74de99 ] Request (ImagesOneServerNegativeTestJSON:_run_cleanups): 200 GET http://10.180.1.21/compute/v2.1/servers/6952e379-f83f-469a-a4d2-ba1072fd37f6 0.055s
2025-02-04 16:17:10.020 63611 INFO tempest.lib.common.rest_client [req-01ff7636-73fd-4902-959f-0023c580db47 req-01ff7636-73fd-4902-959f-0023c580db47 ] Request (ListServerFiltersTestJSON:tearDownClass): 200 GET http://10.180.1.21/compute/v2.1/servers/77b8038e-198c-494f-9d58-92b8d2551a3e 0.065s
2025-02-04 16:17:10.090 63607 INFO tempest.lib.common.rest_client [req-7a2d73ab-98e5-412f-b5ea-656e4227578f req-7a2d73ab-98e5-412f-b5ea-656e4227578f ] Request (ServersNegativeTestJSON:setUpClass): 200 GET http://10.180.1.21/compute/v2.1/servers/93332739-3e6a-4ba1-9cba-e397ae34e458 0.057s
2025-02-04 16:17:10.212 63589 INFO tempest.lib.common.rest_client [req-22abd2f7-60cb-4898-979c-bfc791b4fadc req-22abd2f7-60cb-4898-979c-bfc791b4fadc ] Request (ServerDiagnosticsV248Test:test_get_server_diagnostics): 200 GET http://10.180.1.21/compute/v2.1/servers/ccdb87cc-389c-411f-b8ec-05a4bbaf21f9 0.064s
2025-02-04 16:17:10.277 63587 WARNING tempest.lib.common.ssh [-] Failed to establish authenticated ssh connection to cirros@10.180.180.163 ([Errno None] Unable to connect to port 22 on 10.180.180.163). Number attempts: 11. Retry after 12 seconds.: paramiko.ssh_exception.NoValidConnectionsError: [Errno None] Unable to connect to port 22 on 10.180.180.163
2025-02-04 16:17:10.396 63603 INFO tempest.lib.common.rest_client [req-4e5ad9d8-a2d4-4bc1-8d6e-9600170c6c99 req-4e5ad9d8-a2d4-4bc1-8d6e-9600170c6c99 ] Request (AttachInterfacesTestJSON:test_create_list_show_delete_interfaces_by_fixed_ip): 200 GET http://10.180.1.21/compute/v2.1/servers/67c72ba6-2ba1-4494-add1-f86cc7163ed9 0.056s
2025-02-04 16:17:10.405 63625 INFO tempest.lib.common.rest_client [req-abc370a5-af6a-48e7-b686-84be87eb1c82 req-abc370a5-af6a-48e7-b686-84be87eb1c82 ] Request (ServersAdminNegativeTestJSON:test_migrate_server_invalid_state): 200 GET http://10.180.1.21/compute/v2.1/servers/1d59ae97-3d8f-4926-bc59-ec290cef74ab 0.110s
2025-02-04 16:17:10.456 63619 INFO tempest.lib.common.rest_client [req-ed3ecdcf-9081-48c3-ab7f-1d3326a01f49 req-ed3ecdcf-9081-48c3-ab7f-1d3326a01f49 ] Request (ServersAdminTestJSON:test_inject_network_info): 200 GET http://10.180.1.21/compute/v2.1/servers/f575abe2-fba7-4c4f-9a5b-4a092b8d2c04 0.090s
2025-02-04 16:17:10.458 63595 INFO tempest.lib.common.rest_client [req-1cf53a4f-3627-4a89-8438-c73cab0514b8 req-1cf53a4f-3627-4a89-8438-c73cab0514b8 ] Request (ServersTestJSON:setUpClass): 200 GET http://10.180.1.21/compute/v2.1/servers/02506b07-c1eb-46f9-a0bc-2cafa25d31da 0.067s
2025-02-04 16:17:10.508 63599 INFO tempest.lib.common.rest_client [req-93f951e9-6138-42eb-8df5-cdfd93cf3ce2 req-93f951e9-6138-42eb-8df5-cdfd93cf3ce2 ] Request (ServersTestBootFromVolume:setUpClass): 200 GET http://10.180.1.21/compute/v2.1/servers/77396720-1683-4848-876c-d292e6b4441a 0.061s
2025-02-04 16:17:10.518 63615 INFO tempest.lib.common.rest_client [req-daec73a2-fbea-4550-9a09-447fe35021de req-daec73a2-fbea-4550-9a09-447fe35021de ] Request (ImagesNegativeTestJSON:test_create_image_from_deleted_server): 200 GET http://10.180.1.21/compute/v2.1/servers/7d4802a6-50d2-4ac2-bca0-1e8a07618e98 0.072s
2025-02-04 16:17:10.573 63605 INFO tempest.lib.common.rest_client [req-a5c57669-00a2-47fc-b4b8-7246b967082b req-a5c57669-00a2-47fc-b4b8-7246b967082b ] Request (MultipleCreateTestJSON:test_multiple_create): 200 GET http://10.180.1.21/compute/v2.1/servers/e139538b-3363-4c4f-b1ea-b4e98e2528ee 0.068s
2025-02-04 16:17:10.575 63627 INFO tempest.lib.common.rest_client [req-045b13b9-4f65-4b91-98ce-1acf280af274 req-045b13b9-4f65-4b91-98ce-1acf280af274 ] Request (ServerShowV247Test:test_update_rebuild_list_server): 200 GET http://10.180.1.21/compute/v2.1/servers/ea7c78e7-f3dc-42fd-bde2-12a4859b8170 0.065s
2025-02-04 16:17:10.614 63597 INFO tempest.lib.common.rest_client [req-7f2c8c5f-ab81-43fc-a651-46d59c0a4e6f req-7f2c8c5f-ab81-43fc-a651-46d59c0a4e6f ] Request (ListImageFiltersTestJSON:setUpClass): 200 GET http://10.180.1.21/compute/v2.1/images/d3f57d49-7421-45ce-b9e3-e8ee531d173a 0.060s
2025-02-04 16:17:10.702 63577 INFO tempest.lib.common.rest_client [req-2d871b84-813f-41cc-b6f0-4fa13c866233 req-2d871b84-813f-41cc-b6f0-4fa13c866233 ] Request (ServersAdmin275Test:test_rebuild_update_server_275): 200 GET http://10.180.1.21/compute/v2.1/servers/f5985e13-7c49-4c38-b9c9-4c23c52a1f4e 0.076s
2025-02-04 16:17:10.755 63631 INFO tempest.lib.common.rest_client [req-9310bc98-b91f-4226-9651-ccde81b3b22c req-9310bc98-b91f-4226-9651-ccde81b3b22c ] Request (ServersTestMultiNic:test_verify_multiple_nics_order): 200 GET http://10.180.1.21/compute/v2.1/servers/38afe872-ec16-4ee0-a555-45f407f1a150 0.067s
2025-02-04 16:17:10.810 63583 INFO tempest.lib.common.rest_client [req-999a2320-e8db-412d-b1fd-a4568b72c1c8 req-999a2320-e8db-412d-b1fd-a4568b72c1c8 ] Request (MigrationsAdminTest:test_resize_server_revert_deleted_flavor): 200 GET http://10.180.1.21/compute/v2.1/servers/9b45195e-aa35-45d4-a8d1-2460610897dd 0.066s
2025-02-04 16:17:10.861 63593 WARNING tempest.lib.common.ssh [-] Failed to establish authenticated ssh connection to cirros@10.180.180.141 ([Errno None] Unable to connect to port 22 on 10.180.180.141). Number attempts: 6. Retry after 7 seconds.: paramiko.ssh_exception.NoValidConnectionsError: [Errno None] Unable to connect to port 22 on 10.180.180.141
2025-02-04 16:17:10.888 63633 INFO tempest.lib.common.rest_client [req-75eb8cae-30dc-4055-afd0-4cc7c0ad3459 req-75eb8cae-30dc-4055-afd0-4cc7c0ad3459 ] Request (FloatingIPsAssociationTestJSON:tearDownClass): 200 GET http://10.180.1.21/compute/v2.1/servers/ee17b483-2b67-4714-b8ef-781a358f7fce 0.074s
2025-02-04 16:17:10.922 63617 INFO tempest.lib.common.rest_client [req-6a0f0020-2710-4026-bf97-f65be375636d req-6a0f0020-2710-4026-bf97-f65be375636d ] Request (VolumesAssistedSnapshotsTest:_run_cleanups): 200 GET http://10.180.1.21/compute/v2.1/servers/5fe433a6-f3de-43d2-a381-7a2c5a394c35/os-volume_attachments 0.056s
2025-02-04 16:17:10.992 63609 INFO tempest.lib.common.rest_client [req-64737638-cdeb-4d99-a187-faa00cbc8333 req-64737638-cdeb-4d99-a187-faa00cbc8333 ] Request (ServersNegativeTestMultiTenantJSON:tearDownClass): 200 GET http://10.180.1.21/compute/v2.1/servers/fc79ec3c-aa00-466e-b660-ac43d2361bbc 0.098s
2025-02-04 16:17:10.998 63623 INFO tempest.lib.common.rest_client [req-d8c3624c-45fe-4058-9824-c96ebb1569f0 req-d8c3624c-45fe-4058-9824-c96ebb1569f0 ] Request (ServerMetadataNegativeTestJSON:setUpClass): 200 GET http://10.180.1.21/compute/v2.1/servers/64e84161-5eff-406a-af5b-6f9f104cebae 0.171s
2025-02-04 16:17:11.013 63623 INFO tempest.common.waiters [-] State transition "BUILD/block_device_mapping" ==> "BUILD/spawning" after 72 second wait
2025-02-04 16:17:11.059 63637 INFO tempest.lib.common.rest_client [req-763befbb-bbe7-4d6b-9690-09dff22da48b req-763befbb-bbe7-4d6b-9690-09dff22da48b ] Request (SecurityGroupsTestJSON:test_server_security_groups): 200 GET http://10.180.1.21/compute/v2.1/servers/01f5e2d4-430a-4cb0-8478-7f152441a2c0 0.122s
2025-02-04 16:17:11.059 63635 INFO tempest.lib.common.rest_client [req-e46075a2-9552-43a9-a0c5-5d340f9b8f42 req-e46075a2-9552-43a9-a0c5-5d340f9b8f42 ] Request (ImagesOneServerNegativeTestJSON:_run_cleanups): 200 GET http://10.180.1.21/compute/v2.1/servers/6952e379-f83f-469a-a4d2-ba1072fd37f6 0.119s
2025-02-04 16:17:11.127 63611 INFO tempest.lib.common.rest_client [req-1ecd2230-93c0-4353-8c8b-48f9560c27f3 req-1ecd2230-93c0-4353-8c8b-48f9560c27f3 ] Request (ListServerFiltersTestJSON:tearDownClass): 200 GET http://10.180.1.21/compute/v2.1/servers/77b8038e-198c-494f-9d58-92b8d2551a3e 0.093s
2025-02-04 16:17:11.156 63607 INFO tempest.lib.common.rest_client [req-78d72f16-ced4-43e4-b9db-088b4a370d7f req-78d72f16-ced4-43e4-b9db-088b4a370d7f ] Request (ServersNegativeTestJSON:setUpClass): 200 GET http://10.180.1.21/compute/v2.1/servers/93332739-3e6a-4ba1-9cba-e397ae34e458 0.057s
