2025-02-04 16:15:34.484 63623 INFO tempest.lib.common.rest_client [req-c86d8147-77f6-4bc3-9974-5fef084a3fe4 req-c86d8147-77f6-4bc3-9974-5fef084a3fe4 ] Request (TenantUsagesNegativeTestJSON:setUpClass): 201 POST http://10.180.1.21/identity/v3/auth/tokens 0.041s
2025-02-04 16:15:34.508 63587 INFO tempest.lib.common.rest_client [req-1b014892-000c-472d-a2b6-06bb64e9d2c5 req-1b014892-000c-472d-a2b6-06bb64e9d2c5 ] Request (AttachInterfacesUnderV243Test:test_add_remove_fixed_ip): 200 GET http://10.180.1.21/compute/v2.1/servers/d9b10b0a-3e6a-45a0-a11a-4351e2a3463d 0.817s
2025-02-04 16:15:34.516 63623 INFO tempest.lib.common.rest_client [req-44b12797-d0ef-4750-a86e-5ba5998ef102 req-44b12797-d0ef-4750-a86e-5ba5998ef102 ] Request (TenantUsagesNegativeTestJSON:setUpClass): 200 GET http://10.180.1.21/identity/v3/domains?name=Default 0.031s
2025-02-04 16:15:34.517 63587 INFO tempest.common.waiters [-] State transition "BUILD/spawning" ==> "ACTIVE/None" after 44 second wait
2025-02-04 16:15:34.560 63623 INFO tempest.lib.common.rest_client [req-89345e70-87dc-42bd-a6e6-b85cb3772079 req-89345e70-87dc-42bd-a6e6-b85cb3772079 ] Request (TenantUsagesNegativeTestJSON:setUpClass): 201 POST http://10.180.1.21/identity/v3/projects 0.043s
2025-02-04 16:15:34.634 63623 INFO tempest.lib.common.rest_client [req-b678ed57-863d-4aae-a7c6-e64b06acfb00 req-b678ed57-863d-4aae-a7c6-e64b06acfb00 ] Request (TenantUsagesNegativeTestJSON:setUpClass): 201 POST http://10.180.1.21/identity/v3/users 0.072s
2025-02-04 16:15:34.671 63623 INFO tempest.lib.common.rest_client [req-13965c81-4bee-4f0a-a2b3-f2be7aceb340 req-13965c81-4bee-4f0a-a2b3-f2be7aceb340 ] Request (TenantUsagesNegativeTestJSON:setUpClass): 200 GET http://10.180.1.21/identity/v3/roles 0.036s
2025-02-04 16:15:34.713 63623 INFO tempest.lib.common.rest_client [req-91065375-340d-4bf4-85e4-26791a245863 req-91065375-340d-4bf4-85e4-26791a245863 ] Request (TenantUsagesNegativeTestJSON:setUpClass): 204 PUT http://10.180.1.21/identity/v3/projects/0d6e7d093a2a4c9da6615f951b8e3780/users/f50ae71b504b4353a1a4689f58eb3fb4/roles/7881c831dcdb480c86a1e5361a2ec2b1 0.042s
2025-02-04 16:15:34.714 63623 INFO tempest.lib.common.dynamic_creds [-] Dynamic test user f50ae71b504b4353a1a4689f58eb3fb4 is created with scope project and roles: ['member']
2025-02-04 16:15:34.714 63623 INFO tempest.lib.common.dynamic_creds [-] Acquired dynamic creds: credentials: Credentials: {'domain_id': 'default', 'domain_name': 'Default', 'username': 'tempest-TenantUsagesNegativeTestJSON-7400096-project-member', 'project_domain_id': 'default', 'project_domain_name': 'Default', 'project_id': '0d6e7d093a2a4c9da6615f951b8e3780', 'project_name': 'tempest-TenantUsagesNegativeTestJSON-7400096', 'tenant_id': '0d6e7d093a2a4c9da6615f951b8e3780', 'tenant_name': 'tempest-TenantUsagesNegativeTestJSON-7400096', 'user_domain_id': 'default', 'user_domain_name': 'Default', 'user_id': 'f50ae71b504b4353a1a4689f58eb3fb4', 'system': None}, Network: None, Subnet: None, Router: None
2025-02-04 16:15:34.714 63623 INFO tempest.lib.common.dynamic_creds [-] Created isolated network resources for: credentials: Credentials: {'domain_id': 'default', 'domain_name': 'Default', 'username': 'tempest-TenantUsagesNegativeTestJSON-7400096-project-member', 'project_domain_id': 'default', 'project_domain_name': 'Default', 'project_id': '0d6e7d093a2a4c9da6615f951b8e3780', 'project_name': 'tempest-TenantUsagesNegativeTestJSON-7400096', 'tenant_id': '0d6e7d093a2a4c9da6615f951b8e3780', 'tenant_name': 'tempest-TenantUsagesNegativeTestJSON-7400096', 'user_domain_id': 'default', 'user_domain_name': 'Default', 'user_id': 'f50ae71b504b4353a1a4689f58eb3fb4', 'system': None}, Network: None, Subnet: None, Router: None
2025-02-04 16:15:34.753 63613 INFO tempest.lib.common.rest_client [req-0a6c49b4-c10d-45c7-a83b-31190c3c6b57 req-0a6c49b4-c10d-45c7-a83b-31190c3c6b57 ] Request (ServersTestManualDisk:setUpClass): 201 POST http://10.180.1.21:9696/networking/v2.0/floatingips 1.271s
2025-02-04 16:15:34.771 63627 INFO tempest.lib.common.rest_client [req-de9e4fbf-70f6-4d4c-ae5f-416689549df0 req-de9e4fbf-70f6-4d4c-ae5f-416689549df0 ] Request (InstanceActionsTestJSON:setUpClass): 200 GET http://10.180.1.21/compute/v2.1/servers/9fbbc7c1-db19-4ff0-b2e0-b35fcc850441 0.721s
2025-02-04 16:15:34.787 63627 INFO tempest.common.waiters [-] State transition "BUILD/spawning" ==> "ACTIVE/None" after 43 second wait
2025-02-04 16:15:34.816 63613 INFO tempest.lib.common.rest_client [req-be01a779-dfd6-465c-82fa-2553fbad4894 req-be01a779-dfd6-465c-82fa-2553fbad4894 ] Request (ServersTestManualDisk:setUpClass): 201 POST http://10.180.1.21/identity/v3/auth/tokens 0.059s
2025-02-04 16:15:34.816 63613 INFO tempest.lib.common.fixed_network [-] (ServersTestManualDisk:setUpClass) Found network {'id': '214e8c30-1d7d-4e76-9aea-5a41039ad4a4', 'name': 'tempest-ServersTestManualDisk-1467241130-network', 'tenant_id': '24c9f9c7a7584d0ab6d760d58451a6b7', 'admin_state_up': True, 'mtu': 8950, 'status': 'ACTIVE', 'subnets': [], 'shared': False, 'project_id': '24c9f9c7a7584d0ab6d760d58451a6b7', 'port_security_enabled': True, 'router:external': False, 'provider:network_type': 'vlan', 'provider:physical_network': 'default', 'provider:segmentation_id': 701, 'availability_zone_hints': [], 'availability_zones': [], 'ipv4_address_scope': None, 'ipv6_address_scope': None, 'description': '', 'tags': [], 'created_at': '2025-02-04T16:15:26Z', 'updated_at': '2025-02-04T16:15:26Z', 'revision_number': 1} available for tenant
2025-02-04 16:15:34.827 63623 INFO tempest.lib.common.rest_client [req-09c09bfb-f141-4dbb-8697-4ba512f4e511 req-09c09bfb-f141-4dbb-8697-4ba512f4e511 ] Request (TenantUsagesNegativeTestJSON:setUpClass): 201 POST http://10.180.1.21/identity/v3/auth/tokens 0.109s
2025-02-04 16:15:34.887 63577 INFO tempest.lib.common.rest_client [req-ec745a04-4f9c-4955-92b9-7f76a821a0f4 req-ec745a04-4f9c-4955-92b9-7f76a821a0f4 ] Request (ServerExternalEventsTest:tearDownClass): 200 GET http://10.180.1.21/compute/v2.1/servers/0e1bea19-9be5-4cd0-b3dd-733227998bb2 0.774s
2025-02-04 16:15:34.916 63623 INFO tempest.lib.common.rest_client [req-d5ffd5cc-7c79-4191-b04f-114f69f2f4f8 req-d5ffd5cc-7c79-4191-b04f-114f69f2f4f8 ] Request (TenantUsagesNegativeTestJSON:setUpClass): 201 POST http://10.180.1.21/identity/v3/projects 0.089s
2025-02-04 16:15:34.996 63623 INFO tempest.lib.common.rest_client [req-70efd505-d417-40bf-ac49-abe89dea262b req-70efd505-d417-40bf-ac49-abe89dea262b ] Request (TenantUsagesNegativeTestJSON:setUpClass): 201 POST http://10.180.1.21/identity/v3/users 0.079s
2025-02-04 16:15:35.026 63623 INFO tempest.lib.common.rest_client [req-ecc158e3-d8c3-4c57-b2a2-7d9539568ae8 req-ecc158e3-d8c3-4c57-b2a2-7d9539568ae8 ] Request (TenantUsagesNegativeTestJSON:setUpClass): 200 GET http://10.180.1.21/identity/v3/roles 0.029s
2025-02-04 16:15:35.061 63623 INFO tempest.lib.common.rest_client [req-63e5b0ba-e4ab-4bc8-a14e-208c79f4a10e req-63e5b0ba-e4ab-4bc8-a14e-208c79f4a10e ] Request (TenantUsagesNegativeTestJSON:setUpClass): 204 PUT http://10.180.1.21/identity/v3/projects/16ba722ffe41401cb5d59ca72ab9eea6/users/809d937745f94a578909fa376f409546/roles/5051989e737a423792320632f1b704bd 0.035s
2025-02-04 16:15:35.086 63633 INFO tempest.lib.common.rest_client [req-6511bfba-0eca-470f-9820-c868fea0814f req-6511bfba-0eca-470f-9820-c868fea0814f ] Request (FloatingIPsAssociationTestJSON:setUpClass): 200 GET http://10.180.1.21/compute/v2.1/servers/d524fb17-62cf-42e9-a93f-0066614314a5 0.927s
2025-02-04 16:15:35.132 63623 INFO tempest.lib.common.rest_client [req-3dc5c7a3-4035-4e72-b311-6b3603958dee req-3dc5c7a3-4035-4e72-b311-6b3603958dee ] Request (TenantUsagesNegativeTestJSON:setUpClass): 200 GET http://10.180.1.21/identity/v3/roles 0.070s
2025-02-04 16:15:35.146 63593 INFO tempest.lib.common.rest_client [req-1f5d1461-0c44-4451-9feb-715f35023399 req-1f5d1461-0c44-4451-9feb-715f35023399 ] Request (VolumesAdminNegativeTest:test_update_attached_volume_with_nonexistent_volume_in_body): 200 GET http://10.180.1.21/compute/v2.1/servers/cf19fd4d-d960-46bf-a86b-3760b5d0bfee 0.968s
2025-02-04 16:15:35.166 63623 INFO tempest.lib.common.rest_client [req-bc1a9f47-96fe-4677-80d7-d5ed79438246 req-bc1a9f47-96fe-4677-80d7-d5ed79438246 ] Request (TenantUsagesNegativeTestJSON:setUpClass): 204 PUT http://10.180.1.21/identity/v3/projects/16ba722ffe41401cb5d59ca72ab9eea6/users/809d937745f94a578909fa376f409546/roles/5051989e737a423792320632f1b704bd 0.033s
2025-02-04 16:15:35.166 63623 INFO tempest.lib.common.dynamic_creds [-] Dynamic test user 809d937745f94a578909fa376f409546 is created with scope project and roles: ['admin']
2025-02-04 16:15:35.166 63623 INFO tempest.lib.common.dynamic_creds [-] Acquired dynamic creds: credentials: Credentials: {'domain_id': 'default', 'domain_name': 'Default', 'username': 'tempest-TenantUsagesNegativeTestJSON-1609005761-project-admin', 'project_domain_id': 'default', 'project_domain_name': 'Default', 'project_id': '16ba722ffe41401cb5d59ca72ab9eea6', 'project_name': 'tempest-TenantUsagesNegativeTestJSON-1609005761', 'tenant_id': '16ba722ffe41401cb5d59ca72ab9eea6', 'tenant_name': 'tempest-TenantUsagesNegativeTestJSON-1609005761', 'user_domain_id': 'default', 'user_domain_name': 'Default', 'user_id': '809d937745f94a578909fa376f409546', 'system': None}, Network: None, Subnet: None, Router: None
2025-02-04 16:15:35.166 63623 INFO tempest.lib.common.dynamic_creds [-] Created isolated network resources for: credentials: Credentials: {'domain_id': 'default', 'domain_name': 'Default', 'username': 'tempest-TenantUsagesNegativeTestJSON-1609005761-project-admin', 'project_domain_id': 'default', 'project_domain_name': 'Default', 'project_id': '16ba722ffe41401cb5d59ca72ab9eea6', 'project_name': 'tempest-TenantUsagesNegativeTestJSON-1609005761', 'tenant_id': '16ba722ffe41401cb5d59ca72ab9eea6', 'tenant_name': 'tempest-TenantUsagesNegativeTestJSON-1609005761', 'user_domain_id': 'default', 'user_domain_name': 'Default', 'user_id': '809d937745f94a578909fa376f409546', 'system': None}, Network: None, Subnet: None, Router: None
2025-02-04 16:15:35.192 63595 INFO tempest.lib.common.rest_client [req-9aafff38-3a38-45ff-a344-b5984d74e8d5 req-9aafff38-3a38-45ff-a344-b5984d74e8d5 ] Request (ImagesOneServerTestJSON:test_create_delete_image): 200 GET http://10.180.1.21/compute/v2.1/images/8ebd5f76-b764-4077-809c-696b4e973e48 0.993s
2025-02-04 16:15:35.249 63579 INFO tempest.lib.common.rest_client [req-21927d45-35a7-41c9-b362-8392390310a0 req-21927d45-35a7-41c9-b362-8392390310a0 ] Request (ServersTestFqdnHostnames:setUpClass): 200 PUT http://10.180.1.21:9696/networking/v2.0/routers/50adf21a-3e0b-4f2a-a5e4-8c6de1e7b9a6/add_router_interface 2.103s
2025-02-04 16:15:35.250 63579 INFO tempest.lib.common.dynamic_creds [-] Created isolated network resources for: credentials: Credentials: {'domain_id': 'default', 'domain_name': 'Default', 'username': 'tempest-ServersTestFqdnHostnames-937575044-project-member', 'project_domain_id': 'default', 'project_domain_name': 'Default', 'project_id': 'd18ae1f434da49998395b3a968df08f2', 'project_name': 'tempest-ServersTestFqdnHostnames-937575044', 'tenant_id': 'd18ae1f434da49998395b3a968df08f2', 'tenant_name': 'tempest-ServersTestFqdnHostnames-937575044', 'user_domain_id': 'default', 'user_domain_name': 'Default', 'user_id': 'b96dae19ef014efcb736594d04b8ed79', 'system': None}, Network: {'id': 'fe361ae7-b1e8-42ae-837d-a84f2d7fb8b0', 'name': 'tempest-ServersTestFqdnHostnames-23802702-network', 'tenant_id': 'd18ae1f434da49998395b3a968df08f2', 'admin_state_up': True, 'mtu': 8950, 'status': 'ACTIVE', 'subnets': [], 'shared': False, 'project_id': 'd18ae1f434da49998395b3a968df08f2', 'port_security_enabled': True, 'router:external': False, 'provider:network_type': 'vlan', 'provider:physical_network': 'default', 'provider:segmentation_id': 860, 'availability_zone_hints': [], 'availability_zones': [], 'ipv4_address_scope': None, 'ipv6_address_scope': None, 'description': '', 'tags': [], 'created_at': '2025-02-04T16:15:30Z', 'updated_at': '2025-02-04T16:15:30Z', 'revision_number': 1}, Subnet: {'id': 'd90a0830-7f9d-400e-be98-c35f2a6d2da2', 'name': 'tempest-ServersTestFqdnHostnames-23802702-subnet', 'tenant_id': 'd18ae1f434da49998395b3a968df08f2', 'network_id': 'fe361ae7-b1e8-42ae-837d-a84f2d7fb8b0', 'ip_version': 4, 'subnetpool_id': None, 'enable_dhcp': True, 'ipv6_ra_mode': None, 'ipv6_address_mode': None, 'gateway_ip': '192.168.128.1', 'cidr': '192.168.128.0/28', 'allocation_pools': [{'start': '192.168.128.2', 'end': '192.168.128.14'}], 'host_routes': [], 'dns_nameservers': [], 'description': '', 'router:external': False, 'service_types': [], 'tags': [], 'created_at': '2025-02-04T16:15:31Z', 'updated_at': '2025-02-04T16:15:31Z', 'revision_number': 0, 'project_id': 'd18ae1f434da49998395b3a968df08f2'}, Router: {'id': '50adf21a-3e0b-4f2a-a5e4-8c6de1e7b9a6', 'name': 'tempest-ServersTestFqdnHostnames-23802702-router', 'tenant_id': 'd18ae1f434da49998395b3a968df08f2', 'admin_state_up': True, 'status': 'ACTIVE', 'external_gateway_info': {'network_id': 'b0016085-4033-47dd-9bdb-5c2cfad7c104', 'external_fixed_ips': [{'subnet_id': '5bda8bcb-61b1-42fa-be13-3f7d45bb4deb', 'ip_address': '10.180.180.229'}], 'enable_snat': True}, 'description': '', 'availability_zones': [], 'distributed': False, 'ha': False, 'availability_zone_hints': [], 'routes': [], 'flavor_id': None, 'tags': [], 'created_at': '2025-02-04T16:15:31Z', 'updated_at': '2025-02-04T16:15:32Z', 'revision_number': 2, 'project_id': 'd18ae1f434da49998395b3a968df08f2'}
2025-02-04 16:15:35.255 63585 INFO tempest.lib.common.rest_client [req-d8f74a56-3d1e-457c-b094-20fe96779225 req-d8f74a56-3d1e-457c-b094-20fe96779225 ] Request (ServerActionsTestOtherA:setUpClass): 200 GET http://10.180.1.21/compute/v2.1/servers/eae2ab94-da4e-45c4-a185-a245dd609514 1.014s
2025-02-04 16:15:35.256 63623 INFO tempest.lib.common.rest_client [req-f17fda4b-661e-4326-9337-3d28b8def0ca req-f17fda4b-661e-4326-9337-3d28b8def0ca ] Request (TenantUsagesNegativeTestJSON:setUpClass): 201 POST http://10.180.1.21/identity/v3/auth/tokens 0.087s
2025-02-04 16:15:35.257 63615 INFO tempest.lib.common.rest_client [req-33be1744-6767-47e4-9531-9031ddd1b8b2 req-33be1744-6767-47e4-9531-9031ddd1b8b2 ] Request (ImagesNegativeTestJSON:test_create_image_from_deleted_server): 202 POST http://10.180.1.21/compute/v2.1/servers 1.341s
2025-02-04 16:15:35.271 63585 INFO tempest.common.waiters [-] State transition "BUILD/scheduling" ==> "BUILD/None" after 21 second wait
2025-02-04 16:15:35.299 63597 INFO tempest.lib.common.rest_client [req-54d01c9d-05e1-44ef-b9b5-0413d2df1ce4 req-54d01c9d-05e1-44ef-b9b5-0413d2df1ce4 ] Request (ImagesDeleteNegativeTestJSON:test_delete_non_existent_image): 404 DELETE http://10.180.1.21/compute/v2.1/images/cfec8d5a-a7a4-456c-b16b-3ec9987a147a 0.937s
2025-02-04 16:15:35.352 63579 INFO tempest.lib.common.rest_client [req-96be2a11-cdba-4b0d-a5d1-04507b146911 req-96be2a11-cdba-4b0d-a5d1-04507b146911 ] Request (ServersTestFqdnHostnames:setUpClass): 201 POST http://10.180.1.21/identity/v3/auth/tokens 0.095s
2025-02-04 16:15:35.372 63619 INFO tempest.lib.common.rest_client [req-68c92c39-a300-49ce-b4f8-f29f36f79f82 req-68c92c39-a300-49ce-b4f8-f29f36f79f82 ] Request (ServersAdminTestJSON:test_create_server_with_scheduling_hint): 200 GET http://10.180.1.21/compute/v2.1/servers/a1039d78-54b2-4777-8dd2-43221a89528c 1.002s
2025-02-04 16:15:35.425 63597 INFO tempest.lib.common.rest_client [req-a3e6a6eb-9971-4ac7-928e-2b786eaa1246 req-a3e6a6eb-9971-4ac7-928e-2b786eaa1246 ] Request (ImagesDeleteNegativeTestJSON:tearDownClass): 204 DELETE http://10.180.1.21/identity/v3/users/c72d936472e840ec901e8c62c8b3275e 0.124s
2025-02-04 16:15:35.426 63597 INFO tempest.lib.common.dynamic_creds [-] Deleting project and security group for project: 617db603bc854abba373c38fd77e0890
2025-02-04 16:15:35.430 63625 INFO tempest.lib.common.rest_client [req-3faa0a58-a717-472d-bed7-f12c5d3f3403 req-3faa0a58-a717-472d-bed7-f12c5d3f3403 ] Request (ServersAdminNegativeTestJSON:setUpClass): 200 GET http://10.180.1.21/compute/v2.1/servers/b75e845b-560f-43b4-a24a-5bebe8f72016 1.134s
2025-02-04 16:15:35.444 63625 INFO tempest.common.waiters [-] State transition "BUILD/None" ==> "BUILD/block_device_mapping" after 36 second wait
2025-02-04 16:15:35.444 63581 INFO tempest.lib.common.rest_client [req-13cc0eab-5fff-4049-a370-1ad83c4b2c60 req-13cc0eab-5fff-4049-a370-1ad83c4b2c60 ] Request (KeyPairsNegativeTestJSON:test_create_keypair_with_empty_name_string): 400 POST http://10.180.1.21/compute/v2.1/os-keypairs 0.957s
2025-02-04 16:15:35.453 63589 INFO tempest.lib.common.rest_client [req-7deebaa5-66cd-4db3-82c3-cc06faee3892 req-7deebaa5-66cd-4db3-82c3-cc06faee3892 ] Request (DeleteServersAdminTestJSON:test_delete_server_while_in_error_state): 200 GET http://10.180.1.21/compute/v2.1/servers/93c5a022-f4c9-4247-b584-3d6050e47dca 1.054s
2025-02-04 16:15:35.461 63589 INFO tempest.common.waiters [-] State transition "BUILD/scheduling" ==> "BUILD/None" after 15 second wait
2025-02-04 16:15:35.519 63597 INFO tempest.lib.common.rest_client [req-6044e0f9-5490-4a47-861d-a183957826bd req-6044e0f9-5490-4a47-861d-a183957826bd ] Request (ImagesDeleteNegativeTestJSON:tearDownClass): 201 POST http://10.180.1.21/identity/v3/auth/tokens 0.093s
2025-02-04 16:15:35.546 63587 INFO tempest.lib.common.rest_client [req-5925d523-a92f-4dad-99f7-4f1f3f276864 req-5925d523-a92f-4dad-99f7-4f1f3f276864 ] Request (AttachInterfacesUnderV243Test:test_add_remove_fixed_ip): 200 GET http://10.180.1.21/compute/v2.1/servers/d9b10b0a-3e6a-45a0-a11a-4351e2a3463d/os-interface 1.028s
2025-02-04 16:15:35.617 63639 INFO tempest.lib.common.rest_client [req-ee1da713-be74-4b99-81e0-ceeb6f3d6b1a req-ee1da713-be74-4b99-81e0-ceeb6f3d6b1a ] Request (ServerAddressesTestJSON:setUpClass): 200 GET http://10.180.1.21/compute/v2.1/servers/9060d6e7-7559-460a-a2b4-9d8ab720f96a 1.017s
2025-02-04 16:15:35.657 63611 INFO tempest.lib.common.rest_client [req-4d243245-5f8f-433c-91f3-2fc284618e79 req-4d243245-5f8f-433c-91f3-2fc284618e79 ] Request (ListServerFiltersTestJSON:test_list_servers_filter_by_shutoff_status): 200 GET http://10.180.1.21/compute/v2.1/servers/77b8038e-198c-494f-9d58-92b8d2551a3e 1.112s
2025-02-04 16:15:35.672 63603 INFO tempest.lib.common.rest_client [req-0c0d36e6-e13c-4945-b92c-cc16d4d58e69 req-0c0d36e6-e13c-4945-b92c-cc16d4d58e69 ] Request (FloatingIPsAssociationNegativeTestJSON:setUpClass): 200 GET http://10.180.1.21/compute/v2.1/servers/b6b0258f-4070-4ca1-b322-b4680b81b27e 1.013s
2025-02-04 16:15:35.726 63635 INFO tempest.lib.common.rest_client [req-bdbdc7be-88e2-4b83-9453-080f4253b052 req-bdbdc7be-88e2-4b83-9453-080f4253b052 ] Request (ImagesOneServerNegativeTestJSON:setUpClass): 200 GET http://10.180.1.21/compute/v2.1/servers/334f10fc-b465-4f28-a6e3-919b4342bb0f 0.945s
2025-02-04 16:15:35.733 63631 INFO tempest.lib.common.rest_client [req-6301463a-0f75-424b-9435-e6abeacf958c req-6301463a-0f75-424b-9435-e6abeacf958c ] Request (ServersTestMultiNic:test_verify_duplicate_network_nics): 200 GET http://10.180.1.21/compute/v2.1/servers/7da03876-abb8-4716-89db-150c83bb5062 1.018s
2025-02-04 16:15:35.763 63627 INFO tempest.lib.common.rest_client [req-d8165f16-5b2c-4432-bf67-83e636f3c4b2 req-d8165f16-5b2c-4432-bf67-83e636f3c4b2 ] Request (InstanceActionsTestJSON:test_get_instance_action): 200 GET http://10.180.1.21/compute/v2.1/servers/9fbbc7c1-db19-4ff0-b2e0-b35fcc850441/os-instance-actions/req-6f90f862-5331-4b44-9e10-f9dd141a9d55 0.975s
2025-02-04 16:15:35.830 63597 INFO tempest.lib.common.rest_client [req-af4060dc-8473-4fcd-87b9-8c0d374a462a req-af4060dc-8473-4fcd-87b9-8c0d374a462a ] Request (ImagesDeleteNegativeTestJSON:tearDownClass): 200 GET http://10.180.1.21:9696/networking/v2.0/security-groups?tenant_id=617db603bc854abba373c38fd77e0890&name=default 0.311s
2025-02-04 16:15:35.877 63601 INFO tempest.lib.common.rest_client [req-a62e6ea1-aaf1-4788-8584-6438b8ebe003 req-a62e6ea1-aaf1-4788-8584-6438b8ebe003 ] Request (AttachVolumeNegativeTest:test_attach_attached_volume_to_different_server): 200 GET http://10.180.1.21/compute/v2.1/servers/05f51648-73be-4989-8574-57bc8eb882b2 1.027s
2025-02-04 16:15:35.944 63637 INFO tempest.lib.common.rest_client [req-fd71e61b-1f28-4bfd-9c08-7d448c729b3c req-fd71e61b-1f28-4bfd-9c08-7d448c729b3c ] Request (SecurityGroupsTestJSON:test_list_security_groups_by_server): 200 GET http://10.180.1.21/compute/v2.1/servers/14618266-8f55-46c7-9d42-04dfbe7165d4 0.997s
2025-02-04 16:15:36.107 63597 INFO tempest.lib.common.rest_client [req-0b01fbca-8340-43ce-8980-bedbc8a6dc99 req-0b01fbca-8340-43ce-8980-bedbc8a6dc99 ] Request (ImagesDeleteNegativeTestJSON:tearDownClass): 204 DELETE http://10.180.1.21:9696/networking/v2.0/security-groups/04bd881d-36d0-41a8-a5c5-839bd902aa75 0.276s
2025-02-04 16:15:36.130 63583 INFO tempest.lib.common.rest_client [req-ae7941ac-baaa-48d7-b082-45d69db7d2f1 req-ae7941ac-baaa-48d7-b082-45d69db7d2f1 ] Request (MigrationsAdminTest:test_list_migrations_in_flavor_resize_situation): 200 GET http://10.180.1.21/compute/v2.1/servers/d1cb9a44-ac61-41ee-b6c4-5611b6358f7e 1.158s
2025-02-04 16:15:36.198 63597 INFO tempest.lib.common.rest_client [req-fd23f940-b552-481b-a9a6-1e8c46186461 req-fd23f940-b552-481b-a9a6-1e8c46186461 ] Request (ImagesDeleteNegativeTestJSON:tearDownClass): 204 DELETE http://10.180.1.21/identity/v3/projects/617db603bc854abba373c38fd77e0890 0.090s
2025-02-04 16:15:36.296 63597 INFO tempest.lib.common.rest_client [req-7fcfdc2d-ca85-4f41-bc0e-8d3ecac78948 req-7fcfdc2d-ca85-4f41-bc0e-8d3ecac78948 ] Request (ListImageFiltersTestJSON:setUpClass): 201 POST http://10.180.1.21/identity/v3/auth/tokens 0.096s
2025-02-04 16:15:36.296 63591 INFO tempest.lib.common.rest_client [req-ae63868f-8564-4819-962e-193acfc435b5 req-ae63868f-8564-4819-962e-193acfc435b5 ] Request (ServersWithSpecificFlavorTestJSON:test_verify_created_server_ephemeral_disk): 200 GET http://10.180.1.21/compute/v2.1/servers/84f6a426-aa80-46a9-a5a9-0c6fb01d0ab6 1.152s
2025-02-04 16:15:36.311 63595 INFO tempest.lib.common.rest_client [req-eed8eb3b-bd51-4581-ad5c-f8e32afbd573 req-eed8eb3b-bd51-4581-ad5c-f8e32afbd573 ] Request (ImagesOneServerTestJSON:test_create_delete_image): 200 GET http://10.180.1.21/compute/v2.1/flavors/42 1.115s
2025-02-04 16:15:36.339 63597 INFO tempest.lib.common.rest_client [req-d47ce214-a3e7-4edb-9a39-026511a011db req-d47ce214-a3e7-4edb-9a39-026511a011db ] Request (ListImageFiltersTestJSON:setUpClass): 201 POST http://10.180.1.21/identity/v3/auth/tokens 0.040s
2025-02-04 16:15:36.342 63587 INFO tempest.lib.common.rest_client [req-fcc79db9-ab81-4acc-a524-628047f2338c req-fcc79db9-ab81-4acc-a524-628047f2338c ] Request (AttachInterfacesUnderV243Test:test_add_remove_fixed_ip): 200 PUT http://10.180.1.21:9696/networking/v2.0/floatingips/24c5886a-3375-4f2a-87ef-97d2d5739371 0.794s
2025-02-04 16:15:36.356 63613 INFO tempest.lib.common.rest_client [req-958c9f6c-e425-4057-88fe-c8006f1912a7 req-958c9f6c-e425-4057-88fe-c8006f1912a7 ] Request (ServersTestManualDisk:setUpClass): 202 POST http://10.180.1.21/compute/v2.1/servers 1.536s
2025-02-04 16:15:36.362 63605 INFO tempest.lib.common.rest_client [req-3d3cf598-f7a8-4c54-8d5f-9be074f6d4ed req-3d3cf598-f7a8-4c54-8d5f-9be074f6d4ed ] Request (ServerDiagnosticsTest:test_get_server_diagnostics): 200 GET http://10.180.1.21/compute/v2.1/servers/3c874db9-bb34-4324-88d9-58498c8415b3 1.153s
2025-02-04 16:15:36.369 63597 INFO tempest.lib.common.rest_client [req-6c13f119-606d-4939-b358-16d2f8342e26 req-6c13f119-606d-4939-b358-16d2f8342e26 ] Request (ListImageFiltersTestJSON:setUpClass): 200 GET http://10.180.1.21/identity/v3/domains?name=Default 0.030s
2025-02-04 16:15:36.400 63597 INFO tempest.lib.common.rest_client [req-95ebca73-60fd-4220-829c-3df0c666ca41 req-95ebca73-60fd-4220-829c-3df0c666ca41 ] Request (ListImageFiltersTestJSON:setUpClass): 201 POST http://10.180.1.21/identity/v3/projects 0.030s
2025-02-04 16:15:36.409 63615 INFO tempest.lib.common.rest_client [req-6e410f22-dcc8-4219-ab18-0a710d49a036 req-6e410f22-dcc8-4219-ab18-0a710d49a036 ] Request (ImagesNegativeTestJSON:test_create_image_from_deleted_server): 200 GET http://10.180.1.21/compute/v2.1/servers/7d4802a6-50d2-4ac2-bca0-1e8a07618e98 1.150s
2025-02-04 16:15:36.457 63607 INFO tempest.lib.common.rest_client [req-20fac244-2804-4faa-bd95-652dcc658418 req-20fac244-2804-4faa-bd95-652dcc658418 ] Request (InstanceActionsNegativeTestJSON:setUpClass): 200 GET http://10.180.1.21/compute/v2.1/servers/9d5c6605-ce4f-4db3-9f9e-74d6d06c7c12 1.178s
2025-02-04 16:15:36.465 63597 INFO tempest.lib.common.rest_client [req-aa769a27-de91-4587-b7c8-1ae3554f3981 req-aa769a27-de91-4587-b7c8-1ae3554f3981 ] Request (ListImageFiltersTestJSON:setUpClass): 201 POST http://10.180.1.21/identity/v3/users 0.065s
2025-02-04 16:15:36.529 63623 INFO tempest.lib.common.rest_client [req-b94286a2-bce6-4e3d-a158-2bec11a769d8 req-b94286a2-bce6-4e3d-a158-2bec11a769d8 ] Request (TenantUsagesNegativeTestJSON:test_get_usage_tenant_with_empty_tenant_id): 404 GET http://10.180.1.21/compute/v2.1/os-simple-tenant-usage/?start=2025-02-03T16%3A15%3A35.257587&end=2025-02-05T16%3A15%3A35.257587 1.271s
2025-02-04 16:15:36.530 63623 WARNING tempest.lib.common.rest_client [-] Deprecated: "tenant_id" property is deprecated for removal, use "project_id" instead
2025-02-04 16:15:36.545 63597 INFO tempest.lib.common.rest_client [req-b2cb5a89-9aff-4dbd-ab6c-3ce2b28f1022 req-b2cb5a89-9aff-4dbd-ab6c-3ce2b28f1022 ] Request (ListImageFiltersTestJSON:setUpClass): 200 GET http://10.180.1.21/identity/v3/roles 0.079s
2025-02-04 16:15:36.558 63609 INFO tempest.lib.common.rest_client [req-64bf4a8b-9887-4a78-9834-0cf4d0d4b300 req-64bf4a8b-9887-4a78-9834-0cf4d0d4b300 ] Request (ServersAaction247Test:tearDownClass): 404 GET http://10.180.1.21/compute/v2.1/servers/099d6c93-4684-4394-9a91-fa1c055c9a60 1.196s
2025-02-04 16:15:36.577 63579 INFO tempest.lib.common.rest_client [req-8266a568-7fa5-4479-87d1-d75aaf10179b req-8266a568-7fa5-4479-87d1-d75aaf10179b ] Request (ServersTestFqdnHostnames:test_create_server_with_fqdn_name): 200 POST http://10.180.1.21/compute/v2.1/os-keypairs 1.220s
2025-02-04 16:15:36.578 63597 INFO tempest.lib.common.rest_client [req-75000ce9-679b-4cab-8aa9-7d29d70dc75a req-75000ce9-679b-4cab-8aa9-7d29d70dc75a ] Request (ListImageFiltersTestJSON:setUpClass): 204 PUT http://10.180.1.21/identity/v3/projects/60e21d7616ef4af2a9fc79d5b89fc40a/users/123e989b3a064f11b24ccafce2734c73/roles/7881c831dcdb480c86a1e5361a2ec2b1 0.032s
2025-02-04 16:15:36.579 63597 INFO tempest.lib.common.dynamic_creds [-] Dynamic test user 123e989b3a064f11b24ccafce2734c73 is created with scope project and roles: ['member']
2025-02-04 16:15:36.579 63597 INFO tempest.lib.common.dynamic_creds [-] Acquired dynamic creds: credentials: Credentials: {'domain_id': 'default', 'domain_name': 'Default', 'username': 'tempest-ListImageFiltersTestJSON-452439761-project-member', 'project_domain_id': 'default', 'project_domain_name': 'Default', 'project_id': '60e21d7616ef4af2a9fc79d5b89fc40a', 'project_name': 'tempest-ListImageFiltersTestJSON-452439761', 'tenant_id': '60e21d7616ef4af2a9fc79d5b89fc40a', 'tenant_name': 'tempest-ListImageFiltersTestJSON-452439761', 'user_domain_id': 'default', 'user_domain_name': 'Default', 'user_id': '123e989b3a064f11b24ccafce2734c73', 'system': None}, Network: None, Subnet: None, Router: None
2025-02-04 16:15:36.579 63597 INFO tempest.lib.common.dynamic_creds [-] Created isolated network resources for: credentials: Credentials: {'domain_id': 'default', 'domain_name': 'Default', 'username': 'tempest-ListImageFiltersTestJSON-452439761-project-member', 'project_domain_id': 'default', 'project_domain_name': 'Default', 'project_id': '60e21d7616ef4af2a9fc79d5b89fc40a', 'project_name': 'tempest-ListImageFiltersTestJSON-452439761', 'tenant_id': '60e21d7616ef4af2a9fc79d5b89fc40a', 'tenant_name': 'tempest-ListImageFiltersTestJSON-452439761', 'user_domain_id': 'default', 'user_domain_name': 'Default', 'user_id': '123e989b3a064f11b24ccafce2734c73', 'system': None}, Network: None, Subnet: None, Router: None
2025-02-04 16:15:36.589 63581 INFO tempest.lib.common.rest_client [req-0b4a7dc9-d908-46ba-a322-6ccbcdb4688f req-0b4a7dc9-d908-46ba-a322-6ccbcdb4688f ] Request (KeyPairsNegativeTestJSON:test_create_keypair_with_empty_public_key): 400 POST http://10.180.1.21/compute/v2.1/os-keypairs 1.142s
2025-02-04 16:15:36.632 63609 INFO tempest.lib.common.rest_client [req-b77eabff-1ab6-4402-a328-e6a968742445 req-b77eabff-1ab6-4402-a328-e6a968742445 ] Request (ServersAaction247Test:tearDownClass): 204 DELETE http://10.180.1.21/identity/v3/users/7f7311b3f18b4018830ef533da5f34f2 0.073s
2025-02-04 16:15:36.632 63609 INFO tempest.lib.common.dynamic_creds [-] Deleting project and security group for project: 740f89838e004492a930bacf29311138
2025-02-04 16:15:36.648 63599 INFO tempest.lib.common.rest_client [req-9765b293-d492-4ed5-8f81-25fda9a8b523 req-9765b293-d492-4ed5-8f81-25fda9a8b523 ] Request (AttachInterfacesV270Test:tearDownClass): 200 GET http://10.180.1.21/compute/v2.1/servers/81ec8a31-1a26-41e0-aab1-dc4c9bc12523 1.173s
2025-02-04 16:15:36.662 63627 INFO tempest.lib.common.rest_client [req-91d8166c-d836-4630-82b7-1483af795fda req-91d8166c-d836-4630-82b7-1483af795fda ] Request (InstanceActionsTestJSON:test_list_instance_actions): 202 POST http://10.180.1.21/compute/v2.1/servers/9fbbc7c1-db19-4ff0-b2e0-b35fcc850441/action 0.895s
2025-02-04 16:15:36.673 63597 INFO tempest.lib.common.rest_client [req-34dd3e5a-be7e-4a8e-9f42-29e76758a910 req-34dd3e5a-be7e-4a8e-9f42-29e76758a910 ] Request (ListImageFiltersTestJSON:setUpClass): 201 POST http://10.180.1.21/identity/v3/auth/tokens 0.088s
2025-02-04 16:15:36.699 63609 INFO tempest.lib.common.rest_client [req-4666dfb2-0085-427b-b74e-169f25478ccb req-4666dfb2-0085-427b-b74e-169f25478ccb ] Request (ServersAaction247Test:tearDownClass): 201 POST http://10.180.1.21/identity/v3/auth/tokens 0.066s
2025-02-04 16:15:36.708 63577 INFO tempest.lib.common.rest_client [req-fd311ae6-71e4-47cc-bc9c-dfb5e5c44816 req-fd311ae6-71e4-47cc-bc9c-dfb5e5c44816 ] Request (ServerExternalEventsTest:tearDownClass): 200 GET http://10.180.1.21/compute/v2.1/servers/0e1bea19-9be5-4cd0-b3dd-733227998bb2 0.806s
2025-02-04 16:15:36.766 63593 INFO tempest.lib.common.rest_client [req-1af160f0-7230-46dd-9a53-4cabfd68a198 req-1af160f0-7230-46dd-9a53-4cabfd68a198 ] Request (VolumesAdminNegativeTest:test_update_attached_volume_with_nonexistent_volume_in_body): 200 GET http://10.180.1.21/compute/v2.1/servers/cf19fd4d-d960-46bf-a86b-3760b5d0bfee 0.608s
2025-02-04 16:15:36.775 63579 INFO tempest.lib.common.rest_client [req-a33fd1e1-53f7-4236-98f6-01de83969232 req-a33fd1e1-53f7-4236-98f6-01de83969232 ] Request (ServersTestFqdnHostnames:test_create_server_with_fqdn_name): 201 POST http://10.180.1.21:9696/networking/v2.0/security-groups 0.196s
2025-02-04 16:15:36.823 63585 INFO tempest.lib.common.rest_client [req-bdb8fd7d-b1e5-4e6d-9f6f-c4b0847c4b44 req-bdb8fd7d-b1e5-4e6d-9f6f-c4b0847c4b44 ] Request (ServerActionsTestOtherA:setUpClass): 200 GET http://10.180.1.21/compute/v2.1/servers/eae2ab94-da4e-45c4-a185-a245dd609514 0.548s
2025-02-04 16:15:36.850 63633 INFO tempest.lib.common.rest_client [req-397272f2-09ad-4d3f-9cab-38657726cea3 req-397272f2-09ad-4d3f-9cab-38657726cea3 ] Request (FloatingIPsAssociationTestJSON:setUpClass): 200 GET http://10.180.1.21/compute/v2.1/servers/d524fb17-62cf-42e9-a93f-0066614314a5 0.756s
2025-02-04 16:15:36.903 63609 INFO tempest.lib.common.rest_client [req-381fab62-84b3-45a1-ad5a-033c7d139f8c req-381fab62-84b3-45a1-ad5a-033c7d139f8c ] Request (ServersAaction247Test:tearDownClass): 200 GET http://10.180.1.21:9696/networking/v2.0/security-groups?tenant_id=740f89838e004492a930bacf29311138&name=default 0.203s
2025-02-04 16:15:36.962 63579 INFO tempest.lib.common.rest_client [req-90cfb75f-85af-4e0e-8938-7e10ffcd4331 req-90cfb75f-85af-4e0e-8938-7e10ffcd4331 ] Request (ServersTestFqdnHostnames:test_create_server_with_fqdn_name): 201 POST http://10.180.1.21:9696/networking/v2.0/security-group-rules 0.187s
2025-02-04 16:15:36.978 63595 INFO tempest.lib.common.rest_client [req-60a81069-d698-4670-b5fb-2b268090e7d4 req-60a81069-d698-4670-b5fb-2b268090e7d4 ] Request (ImagesOneServerTestJSON:test_create_delete_image): 204 DELETE http://10.180.1.21/compute/v2.1/images/72abc261-7b23-4105-b237-37bacccab2bd 0.665s
2025-02-04 16:15:37.002 63587 INFO tempest.lib.common.rest_client [req-1d714d7e-72cc-4220-bfb3-be14111a43aa req-1d714d7e-72cc-4220-bfb3-be14111a43aa ] Request (AttachInterfacesUnderV243Test:test_add_remove_fixed_ip): 200 GET http://10.180.1.21/compute/v2.1/servers/d9b10b0a-3e6a-45a0-a11a-4351e2a3463d 0.659s
2025-02-04 16:15:37.013 63587 INFO tempest.lib.common.ssh [-] Creating ssh connection to '10.180.180.163:22' as 'cirros' with public key authentication
2025-02-04 16:15:37.043 63613 INFO tempest.lib.common.rest_client [req-a0564517-190f-41d9-a8ca-88b28a0bd998 req-a0564517-190f-41d9-a8ca-88b28a0bd998 ] Request (ServersTestManualDisk:setUpClass): 200 GET http://10.180.1.21/compute/v2.1/servers/5a0fb955-d6d5-429f-9925-244d7a943bab 0.685s
2025-02-04 16:15:37.073 63619 INFO tempest.lib.common.rest_client [req-01f72431-9e11-409c-a7ea-5e530578cece req-01f72431-9e11-409c-a7ea-5e530578cece ] Request (ServersAdminTestJSON:test_create_server_with_scheduling_hint): 200 GET http://10.180.1.21/compute/v2.1/servers/a1039d78-54b2-4777-8dd2-43221a89528c 0.682s
2025-02-04 16:15:37.092 63579 INFO tempest.lib.common.rest_client [req-90fd085f-41ba-4a93-983b-c3126a6dfd80 req-90fd085f-41ba-4a93-983b-c3126a6dfd80 ] Request (ServersTestFqdnHostnames:test_create_server_with_fqdn_name): 201 POST http://10.180.1.21:9696/networking/v2.0/security-group-rules 0.129s
2025-02-04 16:15:37.127 63609 INFO tempest.lib.common.rest_client [req-5f13c901-4215-48b7-b1e3-f7c87f274a93 req-5f13c901-4215-48b7-b1e3-f7c87f274a93 ] Request (ServersAaction247Test:tearDownClass): 204 DELETE http://10.180.1.21:9696/networking/v2.0/security-groups/137dc015-de1a-4c9d-9e0d-70c6023308a1 0.224s
2025-02-04 16:15:37.146 63589 INFO tempest.lib.common.rest_client [req-c01eb3aa-079c-478e-885a-55be2e5c8878 req-c01eb3aa-079c-478e-885a-55be2e5c8878 ] Request (DeleteServersAdminTestJSON:test_delete_server_while_in_error_state): 200 GET http://10.180.1.21/compute/v2.1/servers/93c5a022-f4c9-4247-b584-3d6050e47dca 0.684s
2025-02-04 16:15:37.152 63623 INFO tempest.lib.common.rest_client [req-2d23927a-b447-459c-9988-f6cf27d42f75 req-2d23927a-b447-459c-9988-f6cf27d42f75 ] Request (TenantUsagesNegativeTestJSON:test_get_usage_tenant_with_invalid_date): 400 GET http://10.180.1.21/compute/v2.1/os-simple-tenant-usage/0d6e7d093a2a4c9da6615f951b8e3780?start=2025-02-05T16%3A15%3A35.257587&end=2025-02-03T16%3A15%3A35.257587 0.621s
2025-02-04 16:15:37.200 63581 INFO tempest.lib.common.rest_client [req-f15374a9-508f-4778-82f7-8f09054cb4d0 req-f15374a9-508f-4778-82f7-8f09054cb4d0 ] Request (KeyPairsNegativeTestJSON:test_create_keypair_with_long_keynames): 400 POST http://10.180.1.21/compute/v2.1/os-keypairs 0.608s
2025-02-04 16:15:37.237 63609 INFO tempest.lib.common.rest_client [req-9b4e7e2c-dc28-4751-97d4-d0cb1fa4570b req-9b4e7e2c-dc28-4751-97d4-d0cb1fa4570b ] Request (ServersAaction247Test:tearDownClass): 204 DELETE http://10.180.1.21/identity/v3/projects/740f89838e004492a930bacf29311138 0.110s
2025-02-04 16:15:37.240 63609 INFO tempest.test [-] raised in ServerPersonalityTestJSON.setUpClass. Invoking tearDownClass.
2025-02-04 16:15:37.245 63625 INFO tempest.lib.common.rest_client [req-1e997529-0c4b-4e19-b3b2-74274c9b19bd req-1e997529-0c4b-4e19-b3b2-74274c9b19bd ] Request (ServersAdminNegativeTestJSON:setUpClass): 200 GET http://10.180.1.21/compute/v2.1/servers/b75e845b-560f-43b4-a24a-5bebe8f72016 0.799s
2025-02-04 16:15:37.257 63625 INFO tempest.common.waiters [-] State transition "BUILD/block_device_mapping" ==> "BUILD/spawning" after 38 second wait
2025-02-04 16:15:37.289 63639 INFO tempest.lib.common.rest_client [req-9ad397e7-4a93-4bc5-9d99-35cf59c83e1b req-9ad397e7-4a93-4bc5-9d99-35cf59c83e1b ] Request (ServerAddressesTestJSON:setUpClass): 200 GET http://10.180.1.21/compute/v2.1/servers/9060d6e7-7559-460a-a2b4-9d8ab720f96a 0.663s
2025-02-04 16:15:37.330 63609 INFO tempest.lib.common.rest_client [req-d6ecc87d-de06-4df2-b3df-66dff2d35470 req-d6ecc87d-de06-4df2-b3df-66dff2d35470 ] Request (ServersNegativeTestMultiTenantJSON:setUpClass): 201 POST http://10.180.1.21/identity/v3/auth/tokens 0.089s
2025-02-04 16:15:37.365 63609 INFO tempest.lib.common.rest_client [req-8ae0bb82-6152-4548-8a02-15dc07642875 req-8ae0bb82-6152-4548-8a02-15dc07642875 ] Request (ServersNegativeTestMultiTenantJSON:setUpClass): 201 POST http://10.180.1.21/identity/v3/auth/tokens 0.032s
2025-02-04 16:15:37.379 63627 INFO tempest.lib.common.rest_client [req-ffe2a120-69da-4749-9766-f5a762589bb8 req-ffe2a120-69da-4749-9766-f5a762589bb8 ] Request (InstanceActionsTestJSON:test_list_instance_actions): 200 GET http://10.180.1.21/compute/v2.1/servers/9fbbc7c1-db19-4ff0-b2e0-b35fcc850441 0.716s
2025-02-04 16:15:37.388 63609 INFO tempest.lib.common.rest_client [req-419533ab-fd26-4bbe-b36c-4cb5d7dd4626 req-419533ab-fd26-4bbe-b36c-4cb5d7dd4626 ] Request (ServersNegativeTestMultiTenantJSON:setUpClass): 200 GET http://10.180.1.21/identity/v3/domains?name=Default 0.022s
2025-02-04 16:15:37.418 63609 INFO tempest.lib.common.rest_client [req-75e8c38a-7ede-4847-b7e3-d59ae075798c req-75e8c38a-7ede-4847-b7e3-d59ae075798c ] Request (ServersNegativeTestMultiTenantJSON:setUpClass): 201 POST http://10.180.1.21/identity/v3/projects 0.029s
2025-02-04 16:15:37.426 63597 INFO tempest.lib.common.rest_client [req-dd39641d-949f-45e8-a19a-3a7f2e85e89a req-dd39641d-949f-45e8-a19a-3a7f2e85e89a ] Request (ListImageFiltersTestJSON:setUpClass): 201 POST http://10.180.1.21/image/v2/images 0.751s
2025-02-04 16:15:37.428 63603 INFO tempest.lib.common.rest_client [req-d02b49c7-1549-40a7-abb2-a51937b61404 req-d02b49c7-1549-40a7-abb2-a51937b61404 ] Request (FloatingIPsAssociationNegativeTestJSON:setUpClass): 200 GET http://10.180.1.21/compute/v2.1/servers/b6b0258f-4070-4ca1-b322-b4680b81b27e 0.748s
2025-02-04 16:15:37.490 63609 INFO tempest.lib.common.rest_client [req-a40d138a-a068-4aad-9643-368dd4e3ca7c req-a40d138a-a068-4aad-9643-368dd4e3ca7c ] Request (ServersNegativeTestMultiTenantJSON:setUpClass): 201 POST http://10.180.1.21/identity/v3/users 0.071s
2025-02-04 16:15:37.494 63635 INFO tempest.lib.common.rest_client [req-ccb59d60-bd52-4002-9a3c-76588fa5cfbc req-ccb59d60-bd52-4002-9a3c-76588fa5cfbc ] Request (ImagesOneServerNegativeTestJSON:setUpClass): 200 GET http://10.180.1.21/compute/v2.1/servers/334f10fc-b465-4f28-a6e3-919b4342bb0f 0.759s
2025-02-04 16:15:37.527 63609 INFO tempest.lib.common.rest_client [req-cc50b4f4-b375-4467-a333-39c0ed154430 req-cc50b4f4-b375-4467-a333-39c0ed154430 ] Request (ServersNegativeTestMultiTenantJSON:setUpClass): 200 GET http://10.180.1.21/identity/v3/roles 0.037s
2025-02-04 16:15:37.558 63631 INFO tempest.lib.common.rest_client [req-b3b14435-94f4-4045-a0b0-769562555c8e req-b3b14435-94f4-4045-a0b0-769562555c8e ] Request (ServersTestMultiNic:test_verify_duplicate_network_nics): 200 GET http://10.180.1.21/compute/v2.1/servers/7da03876-abb8-4716-89db-150c83bb5062 0.815s
2025-02-04 16:15:37.569 63609 INFO tempest.lib.common.rest_client [req-40801de6-2d6f-4680-ac43-0c7596a4155e req-40801de6-2d6f-4680-ac43-0c7596a4155e ] Request (ServersNegativeTestMultiTenantJSON:setUpClass): 204 PUT http://10.180.1.21/identity/v3/projects/d8bf60f1376047a291c50881b7a06eef/users/23f2fb7f6cec4d5c91a3afc698f49804/roles/7881c831dcdb480c86a1e5361a2ec2b1 0.041s
2025-02-04 16:15:37.569 63609 INFO tempest.lib.common.dynamic_creds [-] Dynamic test user 23f2fb7f6cec4d5c91a3afc698f49804 is created with scope project and roles: ['member']
2025-02-04 16:15:37.569 63609 INFO tempest.lib.common.dynamic_creds [-] Acquired dynamic creds: credentials: Credentials: {'domain_id': 'default', 'domain_name': 'Default', 'username': 'tempest-ServersNegativeTestMultiTenantJSON-1012517606-project-member', 'project_domain_id': 'default', 'project_domain_name': 'Default', 'project_id': 'd8bf60f1376047a291c50881b7a06eef', 'project_name': 'tempest-ServersNegativeTestMultiTenantJSON-1012517606', 'tenant_id': 'd8bf60f1376047a291c50881b7a06eef', 'tenant_name': 'tempest-ServersNegativeTestMultiTenantJSON-1012517606', 'user_domain_id': 'default', 'user_domain_name': 'Default', 'user_id': '23f2fb7f6cec4d5c91a3afc698f49804', 'system': None}, Network: None, Subnet: None, Router: None
2025-02-04 16:15:37.614 63601 INFO tempest.lib.common.rest_client [req-287b8c13-b334-46db-896d-f2ec95989e5f req-287b8c13-b334-46db-896d-f2ec95989e5f ] Request (AttachVolumeNegativeTest:test_attach_attached_volume_to_different_server): 200 GET http://10.180.1.21/compute/v2.1/servers/05f51648-73be-4989-8574-57bc8eb882b2 0.728s
2025-02-04 16:15:37.636 63609 INFO tempest.lib.common.rest_client [req-cd38cf52-e8a5-461f-b2a7-882cd64d2196 req-cd38cf52-e8a5-461f-b2a7-882cd64d2196 ] Request (ServersNegativeTestMultiTenantJSON:setUpClass): 201 POST http://10.180.1.21/identity/v3/auth/tokens 0.066s
2025-02-04 16:15:37.652 63611 INFO tempest.lib.common.rest_client [req-80e758a1-1e88-408f-b207-02200848122e req-80e758a1-1e88-408f-b207-02200848122e ] Request (ListServerFiltersTestJSON:test_list_servers_filter_by_shutoff_status): 200 GET http://10.180.1.21/compute/v2.1/servers/77b8038e-198c-494f-9d58-92b8d2551a3e 0.987s
2025-02-04 16:15:37.663 63637 INFO tempest.lib.common.rest_client [req-ba640b14-53ba-43c2-9d9c-10dae1a0e1aa req-ba640b14-53ba-43c2-9d9c-10dae1a0e1aa ] Request (SecurityGroupsTestJSON:test_list_security_groups_by_server): 200 GET http://10.180.1.21/compute/v2.1/servers/14618266-8f55-46c7-9d42-04dfbe7165d4 0.710s
2025-02-04 16:15:37.664 63611 INFO tempest.common.waiters [-] State transition "SHUTOFF/powering-on" ==> "ACTIVE/None" after 5 second wait
2025-02-04 16:15:37.684 63595 INFO tempest.lib.common.rest_client [req-fad679b6-7f12-454d-bf01-52fde73f6db0 req-fad679b6-7f12-454d-bf01-52fde73f6db0 ] Request (ImagesOneServerTestJSON:test_create_delete_image): 404 GET http://10.180.1.21/compute/v2.1/images/72abc261-7b23-4105-b237-37bacccab2bd 0.705s
2025-02-04 16:15:37.774 63623 INFO tempest.lib.common.rest_client [req-4db09665-d6ec-4560-a05f-66d34d8a741b req-4db09665-d6ec-4560-a05f-66d34d8a741b ] Request (TenantUsagesNegativeTestJSON:test_list_usage_all_tenants_with_non_admin_user): 403 GET http://10.180.1.21/compute/v2.1/os-simple-tenant-usage?start=2025-02-03T16%3A15%3A35.257587&end=2025-02-05T16%3A15%3A35.257587&detailed=1 0.620s
2025-02-04 16:15:37.799 63583 INFO tempest.lib.common.rest_client [req-9bdd5f0a-abb0-45b9-b153-cf0a5c32302b req-9bdd5f0a-abb0-45b9-b153-cf0a5c32302b ] Request (MigrationsAdminTest:test_list_migrations_in_flavor_resize_situation): 200 GET http://10.180.1.21/compute/v2.1/servers/d1cb9a44-ac61-41ee-b6c4-5611b6358f7e 0.654s
2025-02-04 16:15:37.810 63583 INFO tempest.common.waiters [-] State transition "RESIZE/resize_migrating" ==> "RESIZE/resize_migrated" after 33 second wait
2025-02-04 16:15:37.823 63581 INFO tempest.lib.common.rest_client [req-5566bd2d-c713-40e5-a87f-3f8dea1aa513 req-5566bd2d-c713-40e5-a87f-3f8dea1aa513 ] Request (KeyPairsNegativeTestJSON:test_keypair_create_with_invalid_pub_key): 400 POST http://10.180.1.21/compute/v2.1/os-keypairs 0.622s
2025-02-04 16:15:37.857 63623 INFO tempest.lib.common.rest_client [req-4950f44e-1590-457a-8d48-2cc29072fdbf req-4950f44e-1590-457a-8d48-2cc29072fdbf ] Request (TenantUsagesNegativeTestJSON:tearDownClass): 204 DELETE http://10.180.1.21/identity/v3/users/f50ae71b504b4353a1a4689f58eb3fb4 0.081s
2025-02-04 16:15:37.889 63605 INFO tempest.lib.common.rest_client [req-a2cde870-057d-4cd7-9588-743addcc9cb6 req-a2cde870-057d-4cd7-9588-743addcc9cb6 ] Request (ServerDiagnosticsTest:test_get_server_diagnostics): 200 GET http://10.180.1.21/compute/v2.1/servers/3c874db9-bb34-4324-88d9-58498c8415b3 0.515s
2025-02-04 16:15:37.945 63623 INFO tempest.lib.common.rest_client [req-114ef38f-e89b-457e-84ff-68889d1f01d6 req-114ef38f-e89b-457e-84ff-68889d1f01d6 ] Request (TenantUsagesNegativeTestJSON:tearDownClass): 204 DELETE http://10.180.1.21/identity/v3/users/809d937745f94a578909fa376f409546 0.087s
2025-02-04 16:15:37.945 63623 INFO tempest.lib.common.dynamic_creds [-] Deleting project and security group for project: 0d6e7d093a2a4c9da6615f951b8e3780
2025-02-04 16:15:37.956 63615 INFO tempest.lib.common.rest_client [req-bc1fc484-ccbe-4f93-9989-62c8213c065c req-bc1fc484-ccbe-4f93-9989-62c8213c065c ] Request (ImagesNegativeTestJSON:test_create_image_from_deleted_server): 200 GET http://10.180.1.21/compute/v2.1/servers/7d4802a6-50d2-4ac2-bca0-1e8a07618e98 0.537s
2025-02-04 16:15:37.960 63609 INFO tempest.lib.common.rest_client [req-f034c271-7674-486a-9a98-0a7f8903a825 req-f034c271-7674-486a-9a98-0a7f8903a825 ] Request (ServersNegativeTestMultiTenantJSON:setUpClass): 201 POST http://10.180.1.21:9696/networking/v2.0/networks 0.324s
2025-02-04 16:15:38.006 63623 INFO tempest.lib.common.rest_client [req-52fe10a6-1f1d-405a-8506-36ef5fd0d420 req-52fe10a6-1f1d-405a-8506-36ef5fd0d420 ] Request (TenantUsagesNegativeTestJSON:tearDownClass): 201 POST http://10.180.1.21/identity/v3/auth/tokens 0.061s
2025-02-04 16:15:38.019 63591 INFO tempest.lib.common.rest_client [req-16ec9c20-184e-42b0-8cc5-59971306ad8f req-16ec9c20-184e-42b0-8cc5-59971306ad8f ] Request (ServersWithSpecificFlavorTestJSON:test_verify_created_server_ephemeral_disk): 200 GET http://10.180.1.21/compute/v2.1/servers/84f6a426-aa80-46a9-a5a9-0c6fb01d0ab6 0.710s
2025-02-04 16:15:38.021 63607 INFO tempest.lib.common.rest_client [req-1091ea0c-35a4-4c76-9bed-498fbc1f7cb7 req-1091ea0c-35a4-4c76-9bed-498fbc1f7cb7 ] Request (InstanceActionsNegativeTestJSON:setUpClass): 200 GET http://10.180.1.21/compute/v2.1/servers/9d5c6605-ce4f-4db3-9f9e-74d6d06c7c12 0.548s
2025-02-04 16:15:38.030 63611 INFO tempest.lib.common.rest_client [req-17183df9-f190-42bf-b63f-f43de0872041 req-17183df9-f190-42bf-b63f-f43de0872041 ] Request (ListServerFiltersTestJSON:test_list_servers_filter_by_zero_limit): 200 GET http://10.180.1.21/compute/v2.1/servers?limit=0 0.365s
2025-02-04 16:15:38.075 63579 INFO tempest.lib.common.rest_client [req-1976302a-d97d-4566-ae4c-f1423ad3f316 req-1976302a-d97d-4566-ae4c-f1423ad3f316 ] Request (ServersTestFqdnHostnames:test_create_server_with_fqdn_name): 201 POST http://10.180.1.21:9696/networking/v2.0/floatingips 0.980s
2025-02-04 16:15:38.123 63599 INFO tempest.lib.common.rest_client [req-e85b291d-a36f-4880-a7db-e25bea7c75c5 req-e85b291d-a36f-4880-a7db-e25bea7c75c5 ] Request (AttachInterfacesV270Test:tearDownClass): 200 GET http://10.180.1.21/compute/v2.1/servers/81ec8a31-1a26-41e0-aab1-dc4c9bc12523 0.452s
2025-02-04 16:15:38.134 63579 INFO tempest.lib.common.rest_client [req-f0df9618-d64b-4e52-9e2e-a594989c27b1 req-f0df9618-d64b-4e52-9e2e-a594989c27b1 ] Request (ServersTestFqdnHostnames:test_create_server_with_fqdn_name): 201 POST http://10.180.1.21/identity/v3/auth/tokens 0.056s
2025-02-04 16:15:38.134 63579 INFO tempest.lib.common.fixed_network [-] (ServersTestFqdnHostnames:test_create_server_with_fqdn_name) Found network {'id': 'fe361ae7-b1e8-42ae-837d-a84f2d7fb8b0', 'name': 'tempest-ServersTestFqdnHostnames-23802702-network', 'tenant_id': 'd18ae1f434da49998395b3a968df08f2', 'admin_state_up': True, 'mtu': 8950, 'status': 'ACTIVE', 'subnets': [], 'shared': False, 'project_id': 'd18ae1f434da49998395b3a968df08f2', 'port_security_enabled': True, 'router:external': False, 'provider:network_type': 'vlan', 'provider:physical_network': 'default', 'provider:segmentation_id': 860, 'availability_zone_hints': [], 'availability_zones': [], 'ipv4_address_scope': None, 'ipv6_address_scope': None, 'description': '', 'tags': [], 'created_at': '2025-02-04T16:15:30Z', 'updated_at': '2025-02-04T16:15:30Z', 'revision_number': 1} available for tenant
2025-02-04 16:15:38.214 63577 INFO tempest.lib.common.rest_client [req-7efd5ef3-ba12-4859-8b6b-e30d49334983 req-7efd5ef3-ba12-4859-8b6b-e30d49334983 ] Request (ServerExternalEventsTest:tearDownClass): 200 GET http://10.180.1.21/compute/v2.1/servers/0e1bea19-9be5-4cd0-b3dd-733227998bb2 0.495s
2025-02-04 16:15:38.289 63593 INFO tempest.lib.common.rest_client [req-ba9847e2-d49f-4a68-b138-98acd7c54683 req-ba9847e2-d49f-4a68-b138-98acd7c54683 ] Request (VolumesAdminNegativeTest:test_update_attached_volume_with_nonexistent_volume_in_body): 200 GET http://10.180.1.21/compute/v2.1/servers/cf19fd4d-d960-46bf-a86b-3760b5d0bfee 0.513s
2025-02-04 16:15:38.302 63581 INFO tempest.lib.common.rest_client [req-04963991-5725-4df4-b739-8ea2df9627e2 req-04963991-5725-4df4-b739-8ea2df9627e2 ] Request (KeyPairsNegativeTestJSON:test_keypair_delete_nonexistent_key): 404 DELETE http://10.180.1.21/compute/v2.1/os-keypairs/tempest-keypair-non-existent-1531703119 0.478s
2025-02-04 16:15:38.370 63581 INFO tempest.lib.common.rest_client [req-c384f1ea-9089-46bf-ba11-b07ee7f442b6 req-c384f1ea-9089-46bf-ba11-b07ee7f442b6 ] Request (KeyPairsNegativeTestJSON:tearDownClass): 204 DELETE http://10.180.1.21/identity/v3/users/25076ed8b4b449fba29c877f493452e2 0.063s
2025-02-04 16:15:38.370 63581 INFO tempest.lib.common.dynamic_creds [-] Deleting project and security group for project: c88d2bdae33e4385a5f5977a6e4a8f86
2025-02-04 16:15:38.382 63585 INFO tempest.lib.common.rest_client [req-20453654-9688-4fd2-bca7-2a5bf543d1f2 req-20453654-9688-4fd2-bca7-2a5bf543d1f2 ] Request (ServerActionsTestOtherA:setUpClass): 200 GET http://10.180.1.21/compute/v2.1/servers/eae2ab94-da4e-45c4-a185-a245dd609514 0.539s
2025-02-04 16:15:38.439 63581 INFO tempest.lib.common.rest_client [req-7215b996-981e-41bb-ad6f-22b6c11f7c32 req-7215b996-981e-41bb-ad6f-22b6c11f7c32 ] Request (KeyPairsNegativeTestJSON:tearDownClass): 201 POST http://10.180.1.21/identity/v3/auth/tokens 0.068s
