2025-02-04 16:42:30.277 62487 INFO tempest.lib.common.dynamic_creds [-] Acquired dynamic creds: credentials: Credentials: {'domain_id': 'default', 'domain_name': 'Default', 'username': 'tempest-FlavorsExtraSpecsTestJSON-82935585-project-admin', 'project_domain_id': 'default', 'project_domain_name': 'Default', 'project_id': '18a8290965524d52a0d5e7f11c7c1147', 'project_name': 'tempest-FlavorsExtraSpecsTestJSON-82935585', 'tenant_id': '18a8290965524d52a0d5e7f11c7c1147', 'tenant_name': 'tempest-FlavorsExtraSpecsTestJSON-82935585', 'user_domain_id': 'default', 'user_domain_name': 'Default', 'user_id': 'aad4c48ef2d74aa9986e975135af0b47', 'system': None}, Network: None, Subnet: None, Router: None
2025-02-04 16:42:30.277 62487 INFO tempest.lib.common.dynamic_creds [-] Created isolated network resources for: credentials: Credentials: {'domain_id': 'default', 'domain_name': 'Default', 'username': 'tempest-FlavorsExtraSpecsTestJSON-82935585-project-admin', 'project_domain_id': 'default', 'project_domain_name': 'Default', 'project_id': '18a8290965524d52a0d5e7f11c7c1147', 'project_name': 'tempest-FlavorsExtraSpecsTestJSON-82935585', 'tenant_id': '18a8290965524d52a0d5e7f11c7c1147', 'tenant_name': 'tempest-FlavorsExtraSpecsTestJSON-82935585', 'user_domain_id': 'default', 'user_domain_name': 'Default', 'user_id': 'aad4c48ef2d74aa9986e975135af0b47', 'system': None}, Network: None, Subnet: None, Router: None
2025-02-04 16:42:30.281 62471 INFO tempest.common.waiters [-] State transition "BUILD/scheduling" ==> "BUILD/None" after 21 second wait
2025-02-04 16:42:30.313 62497 INFO tempest.lib.common.rest_client [req-1e61d451-4055-46dd-9a68-0df8d87d7944 req-1e61d451-4055-46dd-9a68-0df8d87d7944 ] Request (ServerGroup264TestJSON:setUpClass): 201 POST http://10.180.1.21:9696/networking/v2.0/subnets 0.425s
2025-02-04 16:42:30.319 62469 INFO tempest.lib.common.rest_client [req-3c123114-6e6f-437a-8ebc-a5bc21ee5c6a req-3c123114-6e6f-437a-8ebc-a5bc21ee5c6a ] Request (QuotasAdminTestV257:test_get_updated_quotas): 200 GET http://10.180.1.21/compute/v2.1/os-quota-sets/184032cf3f694980af893c31deb10904/detail 0.643s
2025-02-04 16:42:30.356 62487 INFO tempest.lib.common.rest_client [req-ebc9855d-9834-419b-8fdd-1d4f8645bd18 req-ebc9855d-9834-419b-8fdd-1d4f8645bd18 ] Request (FlavorsExtraSpecsTestJSON:setUpClass): 201 POST http://10.180.1.21/identity/v3/auth/tokens 0.076s
2025-02-04 16:42:30.382 62469 INFO tempest.lib.common.rest_client [req-9b4b28bb-607e-4e92-808b-35258db1c98a req-9b4b28bb-607e-4e92-808b-35258db1c98a ] Request (QuotasAdminTestV257:test_get_updated_quotas): 200 GET http://10.180.1.21/identity/v3/domains?name=Default 0.053s
2025-02-04 16:42:30.391 62481 INFO tempest.lib.common.rest_client [req-2bb7a3c5-2830-4563-b92e-57fca6922774 req-2bb7a3c5-2830-4563-b92e-57fca6922774 ] Request (ServersWithSpecificFlavorTestJSON:test_verify_created_server_ephemeral_disk): 200 GET http://10.180.1.21/compute/v2.1/servers/d6456961-ac87-45c8-a4b4-8a5fcff5a376 0.547s
2025-02-04 16:42:30.416 62469 INFO tempest.lib.common.rest_client [req-70f2d581-b62d-4cac-afc8-e818820e5bad req-70f2d581-b62d-4cac-afc8-e818820e5bad ] Request (QuotasAdminTestV257:test_get_updated_quotas): 201 POST http://10.180.1.21/identity/v3/users 0.033s
2025-02-04 16:42:30.445 62513 INFO tempest.lib.common.rest_client [req-05ea0ec8-6f79-4ae4-881a-7e4c22d86a4c req-05ea0ec8-6f79-4ae4-881a-7e4c22d86a4c ] Request (SecurityGroupsTestJSON:test_server_security_groups): 200 POST http://10.180.1.21/compute/v2.1/os-security-groups 0.614s
2025-02-04 16:42:30.447 62469 INFO tempest.lib.common.rest_client [req-d843f320-2489-44de-8229-33c4a7391687 req-d843f320-2489-44de-8229-33c4a7391687 ] Request (QuotasAdminTestV257:test_get_updated_quotas): 200 GET http://10.180.1.21/identity/v3/domains?name=Default 0.030s
2025-02-04 16:42:30.493 62485 INFO tempest.lib.common.rest_client [req-ea7d2a99-e7cb-4174-9c6e-31f9a324b88b req-ea7d2a99-e7cb-4174-9c6e-31f9a324b88b ] Request (InstanceActionsNegativeTestJSON:tearDownClass): 200 GET http://10.180.1.21/compute/v2.1/servers/174a0e1d-6bb8-4eec-b7dd-fba7c894eda3 0.570s
2025-02-04 16:42:30.512 62475 INFO tempest.lib.common.rest_client [req-cf02e338-a06b-4753-b302-a79920e5040b req-cf02e338-a06b-4753-b302-a79920e5040b ] Request (ServersAdmin275Test:test_rebuild_update_server_275): 200 GET http://10.180.1.21/compute/v2.1/servers/3837c53d-0ae7-4f40-9c64-c352717ace8e 0.574s
2025-02-04 16:42:30.540 62511 INFO tempest.lib.common.rest_client [req-14da3195-80d8-4e6a-9d23-727a1cd8f9a2 req-14da3195-80d8-4e6a-9d23-727a1cd8f9a2 ] Request (InstanceActionsTestJSON:test_list_instance_actions): 200 GET http://10.180.1.21/compute/v2.1/servers/e3ca3a65-1287-4bd2-b350-bd35860f1613/os-instance-actions 0.598s
2025-02-04 16:42:30.571 62515 INFO tempest.lib.common.rest_client [req-a59b5b40-9678-411e-86e3-2332e7dd93d2 req-a59b5b40-9678-411e-86e3-2332e7dd93d2 ] Request (ImagesOneServerTestJSON:setUpClass): 200 GET http://10.180.1.21/compute/v2.1/servers/b60e63ef-c64f-4c24-96dd-09b3128c43d8 0.567s
2025-02-04 16:42:30.637 62499 INFO tempest.lib.common.rest_client [req-224daf73-e5a6-428e-b5fc-505718a2e888 req-224daf73-e5a6-428e-b5fc-505718a2e888 ] Request (DeleteServersAdminTestJSON:test_admin_delete_servers_of_others): 200 GET http://10.180.1.21/compute/v2.1/servers/fa20c5ec-ebc4-4c9a-a94a-2f6c9dd18a97 0.625s
2025-02-04 16:42:30.658 62453 INFO tempest.lib.common.rest_client [req-42377c27-953b-42c8-9dd6-3655dfdb3e7e req-42377c27-953b-42c8-9dd6-3655dfdb3e7e ] Request (KeyPairsV22TestJSON:_run_cleanups): 204 DELETE http://10.180.1.21/compute/v2.1/os-keypairs/tempest-keypair-359561674 0.641s
2025-02-04 16:42:30.735 62467 INFO tempest.lib.common.rest_client [req-763be5f6-6b75-432b-8e26-4bef319544ad req-763be5f6-6b75-432b-8e26-4bef319544ad ] Request (ServersNegativeTestMultiTenantJSON:setUp): 200 GET http://10.180.1.21/compute/v2.1/servers/61efc1e0-c83b-4f6f-8223-b0b93a1e393d 0.731s
2025-02-04 16:42:30.753 62501 INFO tempest.lib.common.rest_client [req-d0d03cae-fcba-4af1-a1cb-9e7f92b21d6c req-d0d03cae-fcba-4af1-a1cb-9e7f92b21d6c ] Request (TenantUsagesTestJSON:tearDownClass): 200 GET http://10.180.1.21/compute/v2.1/servers/6e36e9a4-d53a-453b-8bc9-f5b4a916ef9f 0.674s
2025-02-04 16:42:30.784 62459 INFO tempest.lib.common.rest_client [req-5876e8aa-1956-4a43-9847-4af29a52729a req-5876e8aa-1956-4a43-9847-4af29a52729a ] Request (ValidationResourcesFixture:setUp): 201 POST http://10.180.1.21:9696/networking/v2.0/floatingips 0.574s
2025-02-04 16:42:30.786 62453 INFO tempest.lib.common.rest_client [req-cbfb4304-c2b9-4263-93e5-7e9863c6e1b5 req-cbfb4304-c2b9-4263-93e5-7e9863c6e1b5 ] Request (KeyPairsV22TestJSON:tearDownClass): 204 DELETE http://10.180.1.21/identity/v3/users/ce63709a175842949a4321fbfbc115cf 0.125s
2025-02-04 16:42:30.786 62453 INFO tempest.lib.common.dynamic_creds [-] Deleting project and security group for project: 425293bcd1b745d1ae508ffce8e9f031
2025-02-04 16:42:30.807 62505 INFO tempest.lib.common.rest_client [req-bed301bb-9094-453d-8863-4d25b2577dc3 req-bed301bb-9094-453d-8863-4d25b2577dc3 ] Request (ServersAdminTestJSON:test_create_server_with_scheduling_hint): 200 GET http://10.180.1.21/compute/v2.1/servers/3b754c22-40a3-4580-b68c-2a2032fa4ce6 0.708s
2025-02-04 16:42:30.859 62453 INFO tempest.lib.common.rest_client [req-543cb84e-e024-4d5e-8366-f132b213e685 req-543cb84e-e024-4d5e-8366-f132b213e685 ] Request (KeyPairsV22TestJSON:tearDownClass): 201 POST http://10.180.1.21/identity/v3/auth/tokens 0.073s
2025-02-04 16:42:30.921 62459 INFO tempest.lib.common.rest_client [req-9183c272-d821-425b-a3b6-1dfd69825a23 req-9183c272-d821-425b-a3b6-1dfd69825a23 ] Request (AttachInterfacesUnderV243Test:test_add_remove_fixed_ip): 201 POST http://10.180.1.21/identity/v3/auth/tokens 0.130s
2025-02-04 16:42:30.921 62459 INFO tempest.lib.common.fixed_network [-] (AttachInterfacesUnderV243Test:test_add_remove_fixed_ip) Found network {'id': '216f424a-17a8-49db-a58e-1daf8a34bf9e', 'name': 'tempest-AttachInterfacesUnderV243Test-1531249337-network', 'tenant_id': '179dd721b59740c29e96eb639c1e1741', 'admin_state_up': True, 'mtu': 8950, 'status': 'ACTIVE', 'subnets': [], 'shared': False, 'project_id': '179dd721b59740c29e96eb639c1e1741', 'port_security_enabled': True, 'router:external': False, 'provider:network_type': 'vlan', 'provider:physical_network': 'default', 'provider:segmentation_id': 519, 'availability_zone_hints': [], 'availability_zones': [], 'ipv4_address_scope': None, 'ipv6_address_scope': None, 'description': '', 'tags': [], 'created_at': '2025-02-04T16:42:23Z', 'updated_at': '2025-02-04T16:42:23Z', 'revision_number': 1} available for tenant
2025-02-04 16:42:30.929 62479 INFO tempest.lib.common.rest_client [req-7a7a1356-35b5-40ab-aa97-166e66de7c5c req-7a7a1356-35b5-40ab-aa97-166e66de7c5c ] Request (ListServersNegativeTestJSON:test_list_servers_by_limits_greater_than_actual_count): 200 GET http://10.180.1.21/compute/v2.1/servers?limit=102 0.774s
2025-02-04 16:42:30.954 62457 INFO tempest.lib.common.rest_client [req-97c6439b-9231-40c6-8c7c-8f8a1110ae2e req-97c6439b-9231-40c6-8c7c-8f8a1110ae2e ] Request (ServerActionsTestJSON:setUpClass): 200 POST http://10.180.1.21/compute/v2.1/os-keypairs 0.817s
2025-02-04 16:42:31.049 62473 INFO tempest.lib.common.rest_client [req-e62866af-418a-4c9e-bcda-e9139bf12017 req-e62866af-418a-4c9e-bcda-e9139bf12017 ] Request (ServersTestBootFromVolume:setUpClass): 200 GET http://10.180.1.21/compute/v2.1/servers/9ffd2937-5684-4155-a792-dc471683e55b 0.781s
2025-02-04 16:42:31.130 62453 INFO tempest.lib.common.rest_client [req-c1e3b427-095f-4d88-ad68-c1c4b00aca28 req-c1e3b427-095f-4d88-ad68-c1c4b00aca28 ] Request (KeyPairsV22TestJSON:tearDownClass): 200 GET http://10.180.1.21:9696/networking/v2.0/security-groups?tenant_id=425293bcd1b745d1ae508ffce8e9f031&name=default 0.270s
2025-02-04 16:42:31.135 62487 INFO tempest.lib.common.rest_client [req-d776246e-afb7-477f-be9e-eb1af96e5b50 req-d776246e-afb7-477f-be9e-eb1af96e5b50 ] Request (FlavorsExtraSpecsTestJSON:setUpClass): 200 POST http://10.180.1.21/compute/v2.1/flavors 0.778s
2025-02-04 16:42:31.150 62457 INFO tempest.lib.common.rest_client [req-4713bc0d-de25-4a1e-8fb4-7fbedaf60da7 req-4713bc0d-de25-4a1e-8fb4-7fbedaf60da7 ] Request (ServerActionsTestJSON:setUpClass): 201 POST http://10.180.1.21:9696/networking/v2.0/security-groups 0.193s
2025-02-04 16:42:31.193 62509 INFO tempest.lib.common.rest_client [req-7a9463dd-337d-4514-8d5e-d3373c9a27bf req-7a9463dd-337d-4514-8d5e-d3373c9a27bf ] Request (ServerDiagnosticsV248Test:tearDownClass): 200 GET http://10.180.1.21/compute/v2.1/servers/e77d47f9-e316-45ef-83fe-81fca36f2825 1.004s
2025-02-04 16:42:31.209 62491 INFO tempest.lib.common.rest_client [req-2b7d3009-64d2-4ff2-b58a-2eed6ded9d03 req-2b7d3009-64d2-4ff2-b58a-2eed6ded9d03 ] Request (VolumesAdminNegativeTest:setUpClass): 200 PUT http://10.180.1.21:9696/networking/v2.0/routers/6cdf0ea1-04f3-425e-907e-9161d14f0c0c/add_router_interface 1.816s
2025-02-04 16:42:31.209 62491 INFO tempest.lib.common.dynamic_creds [-] Created isolated network resources for: credentials: Credentials: {'domain_id': 'default', 'domain_name': 'Default', 'username': 'tempest-VolumesAdminNegativeTest-655773806-project-admin', 'project_domain_id': 'default', 'project_domain_name': 'Default', 'project_id': '037b72e2975743cc920a058015bda751', 'project_name': 'tempest-VolumesAdminNegativeTest-655773806', 'tenant_id': '037b72e2975743cc920a058015bda751', 'tenant_name': 'tempest-VolumesAdminNegativeTest-655773806', 'user_domain_id': 'default', 'user_domain_name': 'Default', 'user_id': '4e1f63ded51944e8835f47ed34a783f5', 'system': None}, Network: {'id': 'a488d8ad-ab0a-4632-b3cf-e8c68a1d1e09', 'name': 'tempest-VolumesAdminNegativeTest-925075685-network', 'tenant_id': '037b72e2975743cc920a058015bda751', 'admin_state_up': True, 'mtu': 8950, 'status': 'ACTIVE', 'subnets': [], 'shared': False, 'project_id': '037b72e2975743cc920a058015bda751', 'port_security_enabled': True, 'router:external': False, 'provider:network_type': 'vlan', 'provider:physical_network': 'default', 'provider:segmentation_id': 758, 'availability_zone_hints': [], 'availability_zones': [], 'ipv4_address_scope': None, 'ipv6_address_scope': None, 'description': '', 'tags': [], 'created_at': '2025-02-04T16:42:27Z', 'updated_at': '2025-02-04T16:42:27Z', 'revision_number': 1}, Subnet: {'id': 'b88afed4-460b-4f18-8a29-5ef2ecc169b1', 'name': 'tempest-VolumesAdminNegativeTest-925075685-subnet', 'tenant_id': '037b72e2975743cc920a058015bda751', 'network_id': 'a488d8ad-ab0a-4632-b3cf-e8c68a1d1e09', 'ip_version': 4, 'subnetpool_id': None, 'enable_dhcp': True, 'ipv6_ra_mode': None, 'ipv6_address_mode': None, 'gateway_ip': '192.168.128.1', 'cidr': '192.168.128.0/28', 'allocation_pools': [{'start': '192.168.128.2', 'end': '192.168.128.14'}], 'host_routes': [], 'dns_nameservers': [], 'description': '', 'router:external': False, 'service_types': [], 'tags': [], 'created_at': '2025-02-04T16:42:27Z', 'updated_at': '2025-02-04T16:42:27Z', 'revision_number': 0, 'project_id': '037b72e2975743cc920a058015bda751'}, Router: {'id': '6cdf0ea1-04f3-425e-907e-9161d14f0c0c', 'name': 'tempest-VolumesAdminNegativeTest-925075685-router', 'tenant_id': '037b72e2975743cc920a058015bda751', 'admin_state_up': True, 'status': 'ACTIVE', 'external_gateway_info': {'network_id': '3e17c52d-a4e9-4b60-930b-5a41779bd21a', 'external_fixed_ips': [{'subnet_id': 'f24e2ef0-935c-42ec-b156-f376a8f04af9', 'ip_address': '10.180.180.199'}], 'enable_snat': True}, 'description': '', 'availability_zones': [], 'distributed': False, 'ha': False, 'availability_zone_hints': [], 'routes': [], 'flavor_id': None, 'tags': [], 'created_at': '2025-02-04T16:42:28Z', 'updated_at': '2025-02-04T16:42:29Z', 'revision_number': 2, 'project_id': '037b72e2975743cc920a058015bda751'}
2025-02-04 16:42:31.260 62483 INFO tempest.lib.common.rest_client [req-b4799891-82b2-4233-9ca2-7c1df6ecdc07 req-b4799891-82b2-4233-9ca2-7c1df6ecdc07 ] Request (VolumesAssistedSnapshotsTest:test_volume_assisted_snapshot_create_delete): 200 GET http://10.180.1.21/compute/v2.1/servers/fadd9b66-0b47-4694-96dd-2ae88fc35b76 0.821s
2025-02-04 16:42:31.270 62483 INFO tempest.common.waiters [-] State transition "BUILD/None" ==> "BUILD/networking" after 40 second wait
2025-02-04 16:42:31.290 62491 INFO tempest.lib.common.rest_client [req-ba6f2826-d4c8-402f-a778-462a87e81bbe req-ba6f2826-d4c8-402f-a778-462a87e81bbe ] Request (VolumesAdminNegativeTest:setUpClass): 201 POST http://10.180.1.21/identity/v3/auth/tokens 0.078s
2025-02-04 16:42:31.354 62453 INFO tempest.lib.common.rest_client [req-6919baea-e143-4aa0-a0a6-8f8e5d183933 req-6919baea-e143-4aa0-a0a6-8f8e5d183933 ] Request (KeyPairsV22TestJSON:tearDownClass): 204 DELETE http://10.180.1.21:9696/networking/v2.0/security-groups/9614f547-9495-4eac-a111-39527565f80f 0.224s
2025-02-04 16:42:31.368 62457 INFO tempest.lib.common.rest_client [req-0b394cdf-348b-4141-ab4a-e04fdbad6c33 req-0b394cdf-348b-4141-ab4a-e04fdbad6c33 ] Request (ServerActionsTestJSON:setUpClass): 201 POST http://10.180.1.21:9696/networking/v2.0/security-group-rules 0.217s
2025-02-04 16:42:31.387 62463 INFO tempest.lib.common.rest_client [req-b8e9b64b-7048-4410-a94a-9d58444bb063 req-b8e9b64b-7048-4410-a94a-9d58444bb063 ] Request (ServerDiskConfigTestJSON:test_rebuild_server_with_auto_disk_config): 200 GET http://10.180.1.21/compute/v2.1/servers/542181a5-325f-4f45-be66-f28929f5a323 0.951s
2025-02-04 16:42:31.496 62453 INFO tempest.lib.common.rest_client [req-e38609c2-234d-47e1-8a87-553c1f877218 req-e38609c2-234d-47e1-8a87-553c1f877218 ] Request (KeyPairsV22TestJSON:tearDownClass): 204 DELETE http://10.180.1.21/identity/v3/projects/425293bcd1b745d1ae508ffce8e9f031 0.141s
2025-02-04 16:42:31.565 62457 INFO tempest.lib.common.rest_client [req-273ea027-911f-43b8-9a18-507547c07e98 req-273ea027-911f-43b8-9a18-507547c07e98 ] Request (ServerActionsTestJSON:setUpClass): 201 POST http://10.180.1.21:9696/networking/v2.0/security-group-rules 0.197s
2025-02-04 16:42:31.609 62453 INFO tempest.lib.common.rest_client [req-cd9c9c90-8887-4e6c-866d-d6c0db731965 req-cd9c9c90-8887-4e6c-866d-d6c0db731965 ] Request (ServersNegativeTestJSON:setUpClass): 201 POST http://10.180.1.21/identity/v3/auth/tokens 0.111s
2025-02-04 16:42:31.621 62513 INFO tempest.lib.common.rest_client [req-5a3a8cce-2b82-46c0-b1db-ac12c45ce335 req-5a3a8cce-2b82-46c0-b1db-ac12c45ce335 ] Request (SecurityGroupsTestJSON:test_server_security_groups): 200 POST http://10.180.1.21/compute/v2.1/os-security-groups 1.170s
2025-02-04 16:42:31.632 62469 INFO tempest.lib.common.rest_client [req-b2c91ce2-abb9-42b8-a2d0-3440a8511344 req-b2c91ce2-abb9-42b8-a2d0-3440a8511344 ] Request (QuotasAdminTestV257:test_get_updated_quotas): 200 PUT http://10.180.1.21/compute/v2.1/os-quota-sets/184032cf3f694980af893c31deb10904?user_id=41f72cc87f3c4980aa0de64770e2659b 1.182s
2025-02-04 16:42:31.680 62453 INFO tempest.lib.common.rest_client [req-2b5bee31-4203-43f3-8bae-734abec86da7 req-2b5bee31-4203-43f3-8bae-734abec86da7 ] Request (ServersNegativeTestJSON:setUpClass): 201 POST http://10.180.1.21/identity/v3/auth/tokens 0.067s
2025-02-04 16:42:31.699 62477 WARNING tempest.lib.common.ssh [-] Failed to establish authenticated ssh connection to cirros@10.180.180.167 ([Errno None] Unable to connect to port 22 on 10.180.180.167). Number attempts: 3. Retry after 4 seconds.: paramiko.ssh_exception.NoValidConnectionsError: [Errno None] Unable to connect to port 22 on 10.180.180.167
2025-02-04 16:42:31.720 62513 INFO tempest.lib.common.rest_client [req-20cead75-056a-4fd1-bef9-e9faf197abcd req-20cead75-056a-4fd1-bef9-e9faf197abcd ] Request (SecurityGroupsTestJSON:test_server_security_groups): 201 POST http://10.180.1.21/identity/v3/auth/tokens 0.088s
2025-02-04 16:42:31.720 62513 INFO tempest.lib.common.fixed_network [-] (SecurityGroupsTestJSON:test_server_security_groups) Found network {'id': 'd3d3fadd-3a6a-405e-8f29-63f30d641d87', 'name': 'tempest-SecurityGroupsTestJSON-414581805-network', 'tenant_id': '543fb15c66e54c1992e658334bffb1b6', 'admin_state_up': True, 'mtu': 8950, 'status': 'ACTIVE', 'subnets': [], 'shared': False, 'project_id': '543fb15c66e54c1992e658334bffb1b6', 'port_security_enabled': True, 'router:external': False, 'provider:network_type': 'vlan', 'provider:physical_network': 'default', 'provider:segmentation_id': 273, 'availability_zone_hints': [], 'availability_zones': [], 'ipv4_address_scope': None, 'ipv6_address_scope': None, 'description': '', 'tags': [], 'created_at': '2025-02-04T16:41:22Z', 'updated_at': '2025-02-04T16:41:22Z', 'revision_number': 1} available for tenant
2025-02-04 16:42:31.722 62465 INFO tempest.lib.common.rest_client [req-29686b02-bf89-4298-9172-9f658a5d0984 req-29686b02-bf89-4298-9172-9f658a5d0984 ] Request (ServerDiagnosticsNegativeTest:tearDownClass): 200 GET http://10.180.1.21/compute/v2.1/servers/3950405b-22fe-436c-91c3-2a5f9b4779e9 1.203s
2025-02-04 16:42:31.724 62497 INFO tempest.lib.common.rest_client [req-fe5d575a-f129-4288-b46e-5a8111696ff3 req-fe5d575a-f129-4288-b46e-5a8111696ff3 ] Request (ServerGroup264TestJSON:setUpClass): 201 POST http://10.180.1.21:9696/networking/v2.0/routers 1.411s
2025-02-04 16:42:31.737 62465 INFO tempest.common.waiters [-] State transition "ACTIVE/deleting" ==> "DELETED/None" after 5 second wait
2025-02-04 16:42:31.742 62453 INFO tempest.lib.common.rest_client [req-99da0783-91b5-4ad2-91f5-08ba92a7d98e req-99da0783-91b5-4ad2-91f5-08ba92a7d98e ] Request (ServersNegativeTestJSON:setUpClass): 200 GET http://10.180.1.21/identity/v3/domains?name=Default 0.062s
2025-02-04 16:42:31.743 62511 INFO tempest.lib.common.rest_client [req-0f6deced-d663-43c8-b6cf-8e4e21f469c2 req-0f6deced-d663-43c8-b6cf-8e4e21f469c2 ] Request (InstanceActionsTestJSON:tearDownClass): 204 DELETE http://10.180.1.21/compute/v2.1/servers/e3ca3a65-1287-4bd2-b350-bd35860f1613 1.200s
2025-02-04 16:42:31.782 62453 INFO tempest.lib.common.rest_client [req-d06f676f-5cc9-4170-9820-ac4c3badb3fb req-d06f676f-5cc9-4170-9820-ac4c3badb3fb ] Request (ServersNegativeTestJSON:setUpClass): 201 POST http://10.180.1.21/identity/v3/projects 0.040s
2025-02-04 16:42:31.900 62453 INFO tempest.lib.common.rest_client [req-c73ce05c-5cdb-4321-8e3b-3407a0b719e1 req-c73ce05c-5cdb-4321-8e3b-3407a0b719e1 ] Request (ServersNegativeTestJSON:setUpClass): 201 POST http://10.180.1.21/identity/v3/users 0.117s
2025-02-04 16:42:31.945 62453 INFO tempest.lib.common.rest_client [req-61ba5bcd-0f89-462e-bc5b-9ae62fdc608d req-61ba5bcd-0f89-462e-bc5b-9ae62fdc608d ] Request (ServersNegativeTestJSON:setUpClass): 200 GET http://10.180.1.21/identity/v3/roles 0.045s
2025-02-04 16:42:31.974 62453 INFO tempest.lib.common.rest_client [req-8a7f4d7e-f887-4edf-be8f-6ba688946a36 req-8a7f4d7e-f887-4edf-be8f-6ba688946a36 ] Request (ServersNegativeTestJSON:setUpClass): 204 PUT http://10.180.1.21/identity/v3/projects/93e7f50399284552ae29aec33d176d95/users/48c9203559b3424fa0b72f63d3dcf7ac/roles/6bf3a5ffc63c43718135c387e4392b31 0.028s
2025-02-04 16:42:31.975 62453 INFO tempest.lib.common.dynamic_creds [-] Dynamic test user 48c9203559b3424fa0b72f63d3dcf7ac is created with scope project and roles: ['member']
2025-02-04 16:42:31.975 62453 INFO tempest.lib.common.dynamic_creds [-] Acquired dynamic creds: credentials: Credentials: {'domain_id': 'default', 'domain_name': 'Default', 'username': 'tempest-ServersNegativeTestJSON-741346973-project-member', 'project_domain_id': 'default', 'project_domain_name': 'Default', 'project_id': '93e7f50399284552ae29aec33d176d95', 'project_name': 'tempest-ServersNegativeTestJSON-741346973', 'tenant_id': '93e7f50399284552ae29aec33d176d95', 'tenant_name': 'tempest-ServersNegativeTestJSON-741346973', 'user_domain_id': 'default', 'user_domain_name': 'Default', 'user_id': '48c9203559b3424fa0b72f63d3dcf7ac', 'system': None}, Network: None, Subnet: None, Router: None
2025-02-04 16:42:31.978 62495 INFO tempest.lib.common.rest_client [req-b8cec918-21d2-40ca-9b64-165ff28e8ac2 req-b8cec918-21d2-40ca-9b64-165ff28e8ac2 ] Request (MigrationsAdminTest:test_list_migrations_in_flavor_resize_situation): 200 GET http://10.180.1.21/compute/v2.1/servers/c433d091-5d97-4757-8cb1-5b8de3e643b3 1.304s
2025-02-04 16:42:31.997 62467 INFO tempest.lib.common.rest_client [req-981d1b8e-a7a9-4a6a-92ff-97b6939abadb req-981d1b8e-a7a9-4a6a-92ff-97b6939abadb ] Request (ServersNegativeTestMultiTenantJSON:test_delete_a_server_of_another_tenant): 404 DELETE http://10.180.1.21/compute/v2.1/servers/61efc1e0-c83b-4f6f-8223-b0b93a1e393d 1.254s
2025-02-04 16:42:32.008 62479 INFO tempest.lib.common.rest_client [req-93fc4826-9b17-42a8-8bb4-0a37dbc0ed5b req-93fc4826-9b17-42a8-8bb4-0a37dbc0ed5b ] Request (ListServersNegativeTestJSON:test_list_servers_by_limits_pass_negative_value): 400 GET http://10.180.1.21/compute/v2.1/servers?limit=-1 1.074s
2025-02-04 16:42:32.053 62453 INFO tempest.lib.common.rest_client [req-696479d1-2b8e-4946-b7d3-6aa824700c7e req-696479d1-2b8e-4946-b7d3-6aa824700c7e ] Request (ServersNegativeTestJSON:setUpClass): 201 POST http://10.180.1.21/identity/v3/auth/tokens 0.078s
2025-02-04 16:42:32.073 62503 INFO tempest.lib.common.rest_client [req-f935eb04-47af-490f-b855-2077e0fa7b15 req-f935eb04-47af-490f-b855-2077e0fa7b15 ] Request (ServerShowV247Test:test_update_rebuild_list_server): 200 GET http://10.180.1.21/compute/v2.1/servers/744161c8-9035-4da3-99c2-c7929bbc2669 1.061s
2025-02-04 16:42:32.142 62493 INFO tempest.lib.common.rest_client [req-4f8fee4f-466d-4aa2-a8b8-46180e61cf44 req-4f8fee4f-466d-4aa2-a8b8-46180e61cf44 ] Request (ImagesOneServerNegativeTestJSON:setUpClass): 200 GET http://10.180.1.21/compute/v2.1/servers/b5a9a89d-073d-4a54-b657-7d61984c4b44 1.067s
2025-02-04 16:42:32.207 62461 INFO tempest.lib.common.rest_client [req-3c19efa5-4fa5-4766-a698-018e8d616adf req-3c19efa5-4fa5-4766-a698-018e8d616adf ] Request (ServersAdminNegativeTestJSON:test_migrate_server_invalid_state): 200 GET http://10.180.1.21/compute/v2.1/servers/71c5aada-84ef-466e-830d-e9d0c83f7d91 1.124s
2025-02-04 16:42:32.233 62487 INFO tempest.lib.common.rest_client [req-33c765e0-e80b-4bea-a57d-2e42e7354a84 req-33c765e0-e80b-4bea-a57d-2e42e7354a84 ] Request (FlavorsExtraSpecsTestJSON:test_flavor_non_admin_get_all_keys): 200 POST http://10.180.1.21/compute/v2.1/flavors/930433998/os-extra_specs 1.095s
2025-02-04 16:42:32.285 62507 INFO tempest.lib.common.rest_client [req-243875d0-aab3-4c1a-9155-0681f3af2ce0 req-243875d0-aab3-4c1a-9155-0681f3af2ce0 ] Request (ServerRescueTestJSON:setUpClass): 200 GET http://10.180.1.21/compute/v2.1/servers/6cdf32dc-6bc1-4892-9529-ebb4c7f27be6 1.065s
2025-02-04 16:42:32.341 62471 INFO tempest.lib.common.rest_client [req-c99a74f3-faa0-4664-a665-25eb1192f65b req-c99a74f3-faa0-4664-a665-25eb1192f65b ] Request (AttachInterfacesTestJSON:test_create_list_show_delete_interfaces_by_fixed_ip): 200 GET http://10.180.1.21/compute/v2.1/servers/e4029453-3d83-4dab-926a-9a09fa94dbb9 1.057s
2025-02-04 16:42:32.370 62457 INFO tempest.lib.common.rest_client [req-878685ed-8d2e-4bc4-8a17-6356d9f14ef9 req-878685ed-8d2e-4bc4-8a17-6356d9f14ef9 ] Request (ServerActionsTestJSON:setUpClass): 201 POST http://10.180.1.21:9696/networking/v2.0/floatingips 0.804s
2025-02-04 16:42:32.457 62457 INFO tempest.lib.common.rest_client [req-a1239239-7d58-469d-848c-ba16ac4f8e9e req-a1239239-7d58-469d-848c-ba16ac4f8e9e ] Request (ServerActionsTestJSON:setUpClass): 201 POST http://10.180.1.21/identity/v3/auth/tokens 0.082s
2025-02-04 16:42:32.458 62457 INFO tempest.lib.common.fixed_network [-] (ServerActionsTestJSON:setUpClass) Found network {'id': '41f69a0f-8b5d-4254-b050-5747c052b325', 'name': 'tempest-ServerActionsTestJSON-1722485910-network', 'tenant_id': '0d05750f53a84aeda370c5507279438a', 'admin_state_up': True, 'mtu': 8950, 'status': 'ACTIVE', 'subnets': [], 'shared': False, 'project_id': '0d05750f53a84aeda370c5507279438a', 'port_security_enabled': True, 'router:external': False, 'provider:network_type': 'vlan', 'provider:physical_network': 'default', 'provider:segmentation_id': 905, 'availability_zone_hints': [], 'availability_zones': [], 'ipv4_address_scope': None, 'ipv6_address_scope': None, 'description': '', 'tags': [], 'created_at': '2025-02-04T16:42:24Z', 'updated_at': '2025-02-04T16:42:25Z', 'revision_number': 1} available for tenant
2025-02-04 16:42:32.482 62491 INFO tempest.lib.common.rest_client [req-55c7e8c6-4a9b-463e-bbdf-0b369ffc3052 req-55c7e8c6-4a9b-463e-bbdf-0b369ffc3052 ] Request (VolumesAdminNegativeTest:test_update_attached_volume_with_nonexistent_volume_in_body): 200 POST http://10.180.1.21/compute/v2.1/os-keypairs 1.190s
2025-02-04 16:42:32.554 62481 INFO tempest.lib.common.rest_client [req-fdea5d00-ff97-4c82-b5a8-b1db61cbbc43 req-fdea5d00-ff97-4c82-b5a8-b1db61cbbc43 ] Request (ServersWithSpecificFlavorTestJSON:test_verify_created_server_ephemeral_disk): 200 GET http://10.180.1.21/compute/v2.1/servers/d6456961-ac87-45c8-a4b4-8a5fcff5a376 1.154s
2025-02-04 16:42:32.572 62453 INFO tempest.lib.common.rest_client [req-04da1678-2afe-4398-90fc-4896e09cb7f1 req-04da1678-2afe-4398-90fc-4896e09cb7f1 ] Request (ServersNegativeTestJSON:setUpClass): 201 POST http://10.180.1.21:9696/networking/v2.0/networks 0.518s
2025-02-04 16:42:32.630 62485 INFO tempest.lib.common.rest_client [req-b6a97e9b-92e6-4c09-b0d1-3bcecbed4ab1 req-b6a97e9b-92e6-4c09-b0d1-3bcecbed4ab1 ] Request (InstanceActionsNegativeTestJSON:tearDownClass): 200 GET http://10.180.1.21/compute/v2.1/servers/174a0e1d-6bb8-4eec-b7dd-fba7c894eda3 1.122s
2025-02-04 16:42:32.673 62491 INFO tempest.lib.common.rest_client [req-b9786ce3-5247-474b-a404-641a33e7a289 req-b9786ce3-5247-474b-a404-641a33e7a289 ] Request (VolumesAdminNegativeTest:test_update_attached_volume_with_nonexistent_volume_in_body): 201 POST http://10.180.1.21:9696/networking/v2.0/security-groups 0.188s
2025-02-04 16:42:32.673 62459 INFO tempest.lib.common.rest_client [req-2e24015a-700d-4d4c-8549-116ae8b20781 req-2e24015a-700d-4d4c-8549-116ae8b20781 ] Request (AttachInterfacesUnderV243Test:test_add_remove_fixed_ip): 202 POST http://10.180.1.21/compute/v2.1/servers 1.751s
2025-02-04 16:42:32.709 62475 INFO tempest.lib.common.rest_client [req-ac3dab60-d6da-4ad9-81a2-995ac2456872 req-ac3dab60-d6da-4ad9-81a2-995ac2456872 ] Request (ServersAdmin275Test:test_rebuild_update_server_275): 200 GET http://10.180.1.21/compute/v2.1/servers/3837c53d-0ae7-4f40-9c64-c352717ace8e 1.180s
2025-02-04 16:42:32.743 62515 INFO tempest.lib.common.rest_client [req-378f560a-f147-4e36-8872-26023d9c62d1 req-378f560a-f147-4e36-8872-26023d9c62d1 ] Request (ImagesOneServerTestJSON:setUpClass): 200 GET http://10.180.1.21/compute/v2.1/servers/b60e63ef-c64f-4c24-96dd-09b3128c43d8 1.159s
2025-02-04 16:42:32.848 62469 INFO tempest.lib.common.rest_client [req-688b148d-2e5b-4061-9925-de9f8abfcff4 req-688b148d-2e5b-4061-9925-de9f8abfcff4 ] Request (QuotasAdminTestV257:test_get_updated_quotas): 200 GET http://10.180.1.21/compute/v2.1/os-quota-sets/184032cf3f694980af893c31deb10904?user_id=41f72cc87f3c4980aa0de64770e2659b 1.215s
2025-02-04 16:42:32.852 62499 INFO tempest.lib.common.rest_client [req-7570c246-1a96-4dd5-9151-8d1553f48861 req-7570c246-1a96-4dd5-9151-8d1553f48861 ] Request (DeleteServersAdminTestJSON:test_admin_delete_servers_of_others): 200 GET http://10.180.1.21/compute/v2.1/servers/fa20c5ec-ebc4-4c9a-a94a-2f6c9dd18a97 1.204s
2025-02-04 16:42:32.869 62453 INFO tempest.lib.common.rest_client [req-84df3028-5030-40f2-ac68-22084fd9bd17 req-84df3028-5030-40f2-ac68-22084fd9bd17 ] Request (ServersNegativeTestJSON:setUpClass): 201 POST http://10.180.1.21:9696/networking/v2.0/subnets 0.297s
2025-02-04 16:42:32.911 62491 INFO tempest.lib.common.rest_client [req-7b8115b3-17c6-45c0-90fe-2a445131d660 req-7b8115b3-17c6-45c0-90fe-2a445131d660 ] Request (VolumesAdminNegativeTest:test_update_attached_volume_with_nonexistent_volume_in_body): 201 POST http://10.180.1.21:9696/networking/v2.0/security-group-rules 0.237s
2025-02-04 16:42:32.962 62469 INFO tempest.lib.common.rest_client [req-d4ca705a-c3a8-4a05-96bf-4e0273f5fa47 req-d4ca705a-c3a8-4a05-96bf-4e0273f5fa47 ] Request (QuotasAdminTestV257:_run_cleanups): 204 DELETE http://10.180.1.21/identity/v3/users/41f72cc87f3c4980aa0de64770e2659b 0.111s
2025-02-04 16:42:33.049 62511 INFO tempest.lib.common.rest_client [req-c1457b4b-9c07-4721-8a50-478d622972a3 req-c1457b4b-9c07-4721-8a50-478d622972a3 ] Request (InstanceActionsTestJSON:tearDownClass): 200 GET http://10.180.1.21/compute/v2.1/servers/e3ca3a65-1287-4bd2-b350-bd35860f1613 1.306s
2025-02-04 16:42:33.075 62469 INFO tempest.lib.common.rest_client [req-ce1cc860-d346-4c4c-903b-1ac47dd383b1 req-ce1cc860-d346-4c4c-903b-1ac47dd383b1 ] Request (QuotasAdminTestV257:_run_cleanups): 204 DELETE http://10.180.1.21/identity/v3/projects/184032cf3f694980af893c31deb10904 0.113s
2025-02-04 16:42:33.115 62501 INFO tempest.lib.common.rest_client [req-d36f1f8e-8a24-42bf-b2ac-173002493bd9 req-d36f1f8e-8a24-42bf-b2ac-173002493bd9 ] Request (TenantUsagesTestJSON:tearDownClass): 200 GET http://10.180.1.21/compute/v2.1/servers/6e36e9a4-d53a-453b-8bc9-f5b4a916ef9f 1.348s
2025-02-04 16:42:33.119 62491 INFO tempest.lib.common.rest_client [req-69f61ab6-0b9a-4fc1-920c-310bb2feb205 req-69f61ab6-0b9a-4fc1-920c-310bb2feb205 ] Request (VolumesAdminNegativeTest:test_update_attached_volume_with_nonexistent_volume_in_body): 201 POST http://10.180.1.21:9696/networking/v2.0/security-group-rules 0.208s
2025-02-04 16:42:33.173 62505 INFO tempest.lib.common.rest_client [req-bbc30f66-aaf7-4446-9a8a-9bd26226b005 req-bbc30f66-aaf7-4446-9a8a-9bd26226b005 ] Request (ServersAdminTestJSON:test_create_server_with_scheduling_hint): 200 GET http://10.180.1.21/compute/v2.1/servers/3b754c22-40a3-4580-b68c-2a2032fa4ce6 1.356s
2025-02-04 16:42:33.220 62469 INFO tempest.lib.common.rest_client [req-497486fb-7105-4ecd-83e0-8de6a9b165a4 req-497486fb-7105-4ecd-83e0-8de6a9b165a4 ] Request (QuotasAdminTestV257:tearDownClass): 204 DELETE http://10.180.1.21/identity/v3/users/0804cdd8b299411ab3dc054f9acb2fef 0.144s
2025-02-04 16:42:33.333 62469 INFO tempest.lib.common.rest_client [req-bfcfb2d2-6e48-444c-9faf-0baf6b2d9e68 req-bfcfb2d2-6e48-444c-9faf-0baf6b2d9e68 ] Request (QuotasAdminTestV257:tearDownClass): 204 DELETE http://10.180.1.21/identity/v3/users/1a509bc367a040fc861f144a01d8b48e 0.112s
2025-02-04 16:42:33.333 62469 INFO tempest.lib.common.dynamic_creds [-] Deleting project and security group for project: 2ae424a6506548e6be661ebb61c9c7c9
2025-02-04 16:42:33.352 62467 INFO tempest.lib.common.rest_client [req-a9f1b109-5556-4512-920d-7d2ee268ff1c req-a9f1b109-5556-4512-920d-7d2ee268ff1c ] Request (ServersNegativeTestMultiTenantJSON:setUp): 200 GET http://10.180.1.21/compute/v2.1/servers/61efc1e0-c83b-4f6f-8223-b0b93a1e393d 1.347s
2025-02-04 16:42:33.358 62479 INFO tempest.lib.common.rest_client [req-18607fad-226d-4746-ae93-1ad2b126c191 req-18607fad-226d-4746-ae93-1ad2b126c191 ] Request (ListServersNegativeTestJSON:test_list_servers_by_limits_pass_string): 400 GET http://10.180.1.21/compute/v2.1/servers?limit=testing 1.347s
2025-02-04 16:42:33.380 62497 INFO tempest.lib.common.rest_client [req-1aafdb61-109f-44ad-bcf7-3054632d2b07 req-1aafdb61-109f-44ad-bcf7-3054632d2b07 ] Request (ServerGroup264TestJSON:setUpClass): 200 PUT http://10.180.1.21:9696/networking/v2.0/routers/c66d7981-8ad8-44bb-bd12-94f6bd335a79/add_router_interface 1.655s
2025-02-04 16:42:33.381 62497 INFO tempest.lib.common.dynamic_creds [-] Created isolated network resources for: credentials: Credentials: {'domain_id': 'default', 'domain_name': 'Default', 'username': 'tempest-ServerGroup264TestJSON-1062009311-project-member', 'project_domain_id': 'default', 'project_domain_name': 'Default', 'project_id': '6707edf0fc8446f29ea970eb64fd8118', 'project_name': 'tempest-ServerGroup264TestJSON-1062009311', 'tenant_id': '6707edf0fc8446f29ea970eb64fd8118', 'tenant_name': 'tempest-ServerGroup264TestJSON-1062009311', 'user_domain_id': 'default', 'user_domain_name': 'Default', 'user_id': '3d2a214dfcd6408a88b53cb6de20f587', 'system': None}, Network: {'id': 'c0fee058-965e-495b-a363-bac7c86af3d5', 'name': 'tempest-ServerGroup264TestJSON-217203279-network', 'tenant_id': '6707edf0fc8446f29ea970eb64fd8118', 'admin_state_up': True, 'mtu': 8950, 'status': 'ACTIVE', 'subnets': [], 'shared': False, 'project_id': '6707edf0fc8446f29ea970eb64fd8118', 'port_security_enabled': True, 'router:external': False, 'provider:network_type': 'vlan', 'provider:physical_network': 'default', 'provider:segmentation_id': 775, 'availability_zone_hints': [], 'availability_zones': [], 'ipv4_address_scope': None, 'ipv6_address_scope': None, 'description': '', 'tags': [], 'created_at': '2025-02-04T16:42:29Z', 'updated_at': '2025-02-04T16:42:29Z', 'revision_number': 1}, Subnet: {'id': '05dd4399-8e28-44d8-9a5b-86ad47273456', 'name': 'tempest-ServerGroup264TestJSON-217203279-subnet', 'tenant_id': '6707edf0fc8446f29ea970eb64fd8118', 'network_id': 'c0fee058-965e-495b-a363-bac7c86af3d5', 'ip_version': 4, 'subnetpool_id': None, 'enable_dhcp': True, 'ipv6_ra_mode': None, 'ipv6_address_mode': None, 'gateway_ip': '192.168.128.1', 'cidr': '192.168.128.0/28', 'allocation_pools': [{'start': '192.168.128.2', 'end': '192.168.128.14'}], 'host_routes': [], 'dns_nameservers': [], 'description': '', 'router:external': False, 'service_types': [], 'tags': [], 'created_at': '2025-02-04T16:42:29Z', 'updated_at': '2025-02-04T16:42:29Z', 'revision_number': 0, 'project_id': '6707edf0fc8446f29ea970eb64fd8118'}, Router: {'id': 'c66d7981-8ad8-44bb-bd12-94f6bd335a79', 'name': 'tempest-ServerGroup264TestJSON-217203279-router', 'tenant_id': '6707edf0fc8446f29ea970eb64fd8118', 'admin_state_up': True, 'status': 'ACTIVE', 'external_gateway_info': {'network_id': '3e17c52d-a4e9-4b60-930b-5a41779bd21a', 'external_fixed_ips': [{'subnet_id': 'f24e2ef0-935c-42ec-b156-f376a8f04af9', 'ip_address': '10.180.180.229'}], 'enable_snat': True}, 'description': '', 'availability_zones': [], 'distributed': False, 'ha': False, 'availability_zone_hints': [], 'routes': [], 'flavor_id': None, 'tags': [], 'created_at': '2025-02-04T16:42:30Z', 'updated_at': '2025-02-04T16:42:31Z', 'revision_number': 2, 'project_id': '6707edf0fc8446f29ea970eb64fd8118'}
2025-02-04 16:42:33.412 62469 INFO tempest.lib.common.rest_client [req-5c2d0981-31cc-4943-b2e3-253590cd4465 req-5c2d0981-31cc-4943-b2e3-253590cd4465 ] Request (QuotasAdminTestV257:tearDownClass): 201 POST http://10.180.1.21/identity/v3/auth/tokens 0.078s
2025-02-04 16:42:33.419 62473 INFO tempest.lib.common.rest_client [req-098caf29-4b98-4fe9-9b2f-8685849a1d53 req-098caf29-4b98-4fe9-9b2f-8685849a1d53 ] Request (ServersTestBootFromVolume:setUpClass): 200 GET http://10.180.1.21/compute/v2.1/servers/9ffd2937-5684-4155-a792-dc471683e55b 1.359s
2025-02-04 16:42:33.471 62513 INFO tempest.lib.common.rest_client [req-679dca0b-d5a9-4f55-9921-6ca1299bb4ce req-679dca0b-d5a9-4f55-9921-6ca1299bb4ce ] Request (SecurityGroupsTestJSON:test_server_security_groups): 202 POST http://10.180.1.21/compute/v2.1/servers 1.751s
2025-02-04 16:42:33.494 62497 INFO tempest.lib.common.rest_client [req-9e5db891-462c-4b68-8210-c7345cdf8a0d req-9e5db891-462c-4b68-8210-c7345cdf8a0d ] Request (ServerGroup264TestJSON:setUpClass): 201 POST http://10.180.1.21/identity/v3/auth/tokens 0.106s
2025-02-04 16:42:33.542 62509 INFO tempest.lib.common.rest_client [req-99a126b1-8e4a-49f1-9b8b-283f8566ba1e req-99a126b1-8e4a-49f1-9b8b-283f8566ba1e ] Request (ServerDiagnosticsV248Test:tearDownClass): 200 GET http://10.180.1.21/compute/v2.1/servers/e77d47f9-e316-45ef-83fe-81fca36f2825 1.331s
2025-02-04 16:42:33.636 62487 INFO tempest.lib.common.rest_client [req-c2d3ffb2-cc2c-4c00-8ec3-4bc426607d70 req-c2d3ffb2-cc2c-4c00-8ec3-4bc426607d70 ] Request (FlavorsExtraSpecsTestJSON:test_flavor_non_admin_get_all_keys): 200 GET http://10.180.1.21/compute/v2.1/flavors/930433998/os-extra_specs 1.402s
2025-02-04 16:42:33.721 62491 INFO tempest.lib.common.rest_client [req-3242b662-4345-4f6d-abcc-ad8e9dd2679b req-3242b662-4345-4f6d-abcc-ad8e9dd2679b ] Request (VolumesAdminNegativeTest:test_update_attached_volume_with_nonexistent_volume_in_body): 201 POST http://10.180.1.21:9696/networking/v2.0/floatingips 0.601s
2025-02-04 16:42:33.764 62483 INFO tempest.lib.common.rest_client [req-f5e21ede-497e-4fb5-b027-e076dcca8bbc req-f5e21ede-497e-4fb5-b027-e076dcca8bbc ] Request (VolumesAssistedSnapshotsTest:test_volume_assisted_snapshot_create_delete): 200 GET http://10.180.1.21/compute/v2.1/servers/fadd9b66-0b47-4694-96dd-2ae88fc35b76 1.492s
2025-02-04 16:42:33.777 62483 INFO tempest.common.waiters [-] State transition "BUILD/networking" ==> "BUILD/spawning" after 42 second wait
2025-02-04 16:42:33.794 62469 INFO tempest.lib.common.rest_client [req-71005038-c45b-4a24-944a-7e73ce73db3d req-71005038-c45b-4a24-944a-7e73ce73db3d ] Request (QuotasAdminTestV257:tearDownClass): 200 GET http://10.180.1.21:9696/networking/v2.0/security-groups?tenant_id=2ae424a6506548e6be661ebb61c9c7c9&name=default 0.382s
2025-02-04 16:42:33.795 62463 INFO tempest.lib.common.rest_client [req-c98ad676-4815-4f32-8926-1124e7405291 req-c98ad676-4815-4f32-8926-1124e7405291 ] Request (ServerDiskConfigTestJSON:test_rebuild_server_with_auto_disk_config): 200 GET http://10.180.1.21/compute/v2.1/servers/542181a5-325f-4f45-be66-f28929f5a323 1.401s
2025-02-04 16:42:33.804 62463 INFO tempest.common.waiters [-] State transition "BUILD/spawning" ==> "ACTIVE/None" after 45 second wait
2025-02-04 16:42:33.813 62491 INFO tempest.lib.common.rest_client [req-75894129-fbe2-4535-a8a4-6a0e4cd5cb2a req-75894129-fbe2-4535-a8a4-6a0e4cd5cb2a ] Request (VolumesAdminNegativeTest:test_update_attached_volume_with_nonexistent_volume_in_body): 201 POST http://10.180.1.21/identity/v3/auth/tokens 0.086s
2025-02-04 16:42:33.814 62491 INFO tempest.lib.common.fixed_network [-] (VolumesAdminNegativeTest:test_update_attached_volume_with_nonexistent_volume_in_body) Found network {'id': '76f30a58-3f1b-4450-8540-2017e7b41569', 'name': 'tempest-VolumesAdminNegativeTest-304924321-network', 'tenant_id': 'a129a593f0da405ebc811dec1c5f9647', 'admin_state_up': True, 'mtu': 8950, 'status': 'ACTIVE', 'subnets': [], 'shared': False, 'project_id': 'a129a593f0da405ebc811dec1c5f9647', 'port_security_enabled': True, 'router:external': False, 'provider:network_type': 'vlan', 'provider:physical_network': 'default', 'provider:segmentation_id': 422, 'availability_zone_hints': [], 'availability_zones': [], 'ipv4_address_scope': None, 'ipv6_address_scope': None, 'description': '', 'tags': [], 'created_at': '2025-02-04T16:42:23Z', 'updated_at': '2025-02-04T16:42:23Z', 'revision_number': 1} available for tenant
2025-02-04 16:42:33.866 62459 INFO tempest.lib.common.rest_client [req-413f287d-883d-41b8-86b5-72cde7e6cf0e req-413f287d-883d-41b8-86b5-72cde7e6cf0e ] Request (AttachInterfacesUnderV243Test:test_add_remove_fixed_ip): 200 GET http://10.180.1.21/compute/v2.1/servers/5bdbadb9-e221-4ba8-a537-2d60e9024702 1.191s
2025-02-04 16:42:33.914 62469 INFO tempest.lib.common.rest_client [req-01958650-7cb6-43e6-a928-ca2913003b62 req-01958650-7cb6-43e6-a928-ca2913003b62 ] Request (QuotasAdminTestV257:tearDownClass): 204 DELETE http://10.180.1.21:9696/networking/v2.0/security-groups/70d48ac5-30bd-4a41-9636-538f3001efe0 0.119s
2025-02-04 16:42:33.959 62465 INFO tempest.lib.common.rest_client [req-927bb42a-3659-4ced-8e67-e6865c91e0a6 req-927bb42a-3659-4ced-8e67-e6865c91e0a6 ] Request (ServerDiagnosticsNegativeTest:tearDownClass): 200 GET http://10.180.1.21/compute/v2.1/servers/3950405b-22fe-436c-91c3-2a5f9b4779e9 1.222s
2025-02-04 16:42:34.012 62469 INFO tempest.lib.common.rest_client [req-6152e49c-3a98-4730-a8a1-65524b31a081 req-6152e49c-3a98-4730-a8a1-65524b31a081 ] Request (QuotasAdminTestV257:tearDownClass): 204 DELETE http://10.180.1.21/identity/v3/projects/2ae424a6506548e6be661ebb61c9c7c9 0.097s
2025-02-04 16:42:34.012 62469 INFO tempest.lib.common.dynamic_creds [-] Deleting project and security group for project: 2d1f14abd04d44b0afa3c7f51e2e7505
2025-02-04 16:42:34.161 62453 INFO tempest.lib.common.rest_client [req-a25ca4e8-133e-4913-9d16-5ec4edefd67c req-a25ca4e8-133e-4913-9d16-5ec4edefd67c ] Request (ServersNegativeTestJSON:setUpClass): 201 POST http://10.180.1.21:9696/networking/v2.0/routers 1.291s
2025-02-04 16:42:34.193 62495 INFO tempest.lib.common.rest_client [req-54acca9c-6578-4e56-b9ac-5694d9d47217 req-54acca9c-6578-4e56-b9ac-5694d9d47217 ] Request (MigrationsAdminTest:test_list_migrations_in_flavor_resize_situation): 200 GET http://10.180.1.21/compute/v2.1/servers/c433d091-5d97-4757-8cb1-5b8de3e643b3 1.206s
2025-02-04 16:42:34.268 62469 INFO tempest.lib.common.rest_client [req-6bf0cc52-2b08-4730-b009-3ed6626239aa req-6bf0cc52-2b08-4730-b009-3ed6626239aa ] Request (QuotasAdminTestV257:tearDownClass): 200 GET http://10.180.1.21:9696/networking/v2.0/security-groups?tenant_id=2d1f14abd04d44b0afa3c7f51e2e7505&name=default 0.255s
2025-02-04 16:42:34.274 62503 INFO tempest.lib.common.rest_client [req-d158c8bd-a2f0-4256-87b9-80338597959a req-d158c8bd-a2f0-4256-87b9-80338597959a ] Request (ServerShowV247Test:test_update_rebuild_list_server): 200 GET http://10.180.1.21/compute/v2.1/servers/744161c8-9035-4da3-99c2-c7929bbc2669 1.182s
2025-02-04 16:42:34.335 62493 INFO tempest.lib.common.rest_client [req-3e6920f4-edcc-463c-a9f1-7def9baffac1 req-3e6920f4-edcc-463c-a9f1-7def9baffac1 ] Request (ImagesOneServerNegativeTestJSON:setUpClass): 200 GET http://10.180.1.21/compute/v2.1/servers/b5a9a89d-073d-4a54-b657-7d61984c4b44 1.178s
2025-02-04 16:42:34.408 62461 INFO tempest.lib.common.rest_client [req-862d55a8-a514-42eb-8118-9173146bd879 req-862d55a8-a514-42eb-8118-9173146bd879 ] Request (ServersAdminNegativeTestJSON:test_migrate_server_invalid_state): 200 GET http://10.180.1.21/compute/v2.1/servers/71c5aada-84ef-466e-830d-e9d0c83f7d91 1.192s
2025-02-04 16:42:34.436 62469 INFO tempest.lib.common.rest_client [req-66c51621-aae3-451b-9e40-8780b1a30184 req-66c51621-aae3-451b-9e40-8780b1a30184 ] Request (QuotasAdminTestV257:tearDownClass): 204 DELETE http://10.180.1.21:9696/networking/v2.0/security-groups/b100cf6b-9d28-47a2-aec3-70822ad0d8d9 0.168s
2025-02-04 16:42:34.461 62457 INFO tempest.lib.common.rest_client [req-038de2f7-61a2-4351-b5d9-bfeae824d4fd req-038de2f7-61a2-4351-b5d9-bfeae824d4fd ] Request (ServerActionsTestJSON:setUpClass): 202 POST http://10.180.1.21/compute/v2.1/servers 2.002s
2025-02-04 16:42:34.470 62507 INFO tempest.lib.common.rest_client [req-add85708-dc37-44a2-8294-cb36d2a7ef03 req-add85708-dc37-44a2-8294-cb36d2a7ef03 ] Request (ServerRescueTestJSON:setUpClass): 200 GET http://10.180.1.21/compute/v2.1/servers/6cdf32dc-6bc1-4892-9529-ebb4c7f27be6 1.175s
2025-02-04 16:42:34.485 62479 INFO tempest.lib.common.rest_client [req-d570d018-d794-460f-81b1-d54d30091dca req-d570d018-d794-460f-81b1-d54d30091dca ] Request (ListServersNegativeTestJSON:test_list_servers_by_non_existing_flavor): 200 GET http://10.180.1.21/compute/v2.1/servers?flavor=non_existing_flavor 1.125s
2025-02-04 16:42:34.505 62467 INFO tempest.lib.common.rest_client [req-6b42583d-78e9-401b-8ac1-d160319f4ebe req-6b42583d-78e9-401b-8ac1-d160319f4ebe ] Request (ServersNegativeTestMultiTenantJSON:test_update_server_of_another_tenant): 404 PUT http://10.180.1.21/compute/v2.1/servers/61efc1e0-c83b-4f6f-8223-b0b93a1e393d 1.142s
2025-02-04 16:42:34.523 62471 INFO tempest.lib.common.rest_client [req-ccd5644a-5ded-4a9e-a4cd-f7ce6fb9b103 req-ccd5644a-5ded-4a9e-a4cd-f7ce6fb9b103 ] Request (AttachInterfacesTestJSON:test_create_list_show_delete_interfaces_by_fixed_ip): 200 GET http://10.180.1.21/compute/v2.1/servers/e4029453-3d83-4dab-926a-9a09fa94dbb9 1.172s
2025-02-04 16:42:34.585 62513 INFO tempest.lib.common.rest_client [req-52a559e6-ae36-418d-b0f5-5c2be0a4ea08 req-52a559e6-ae36-418d-b0f5-5c2be0a4ea08 ] Request (SecurityGroupsTestJSON:test_server_security_groups): 200 GET http://10.180.1.21/compute/v2.1/servers/914ddb59-3ddd-499c-8181-76bd7f90b0f5 1.112s
2025-02-04 16:42:34.589 62469 INFO tempest.lib.common.rest_client [req-2f6c818a-5e1e-484b-b037-f05553163aef req-2f6c818a-5e1e-484b-b037-f05553163aef ] Request (QuotasAdminTestV257:tearDownClass): 204 DELETE http://10.180.1.21/identity/v3/projects/2d1f14abd04d44b0afa3c7f51e2e7505 0.152s
2025-02-04 16:42:34.654 62469 INFO tempest.lib.common.rest_client [req-98c3c37a-a726-4896-a82d-4ddb1b220410 req-98c3c37a-a726-4896-a82d-4ddb1b220410 ] Request (FloatingIPsNegativeTestJSON:setUpClass): 201 POST http://10.180.1.21/identity/v3/auth/tokens 0.060s
2025-02-04 16:42:34.655 62481 INFO tempest.lib.common.rest_client [req-c1540e4e-2761-4796-bde9-a032ae52609e req-c1540e4e-2761-4796-bde9-a032ae52609e ] Request (ServersWithSpecificFlavorTestJSON:test_verify_created_server_ephemeral_disk): 200 GET http://10.180.1.21/compute/v2.1/servers/d6456961-ac87-45c8-a4b4-8a5fcff5a376 1.089s
2025-02-04 16:42:34.682 62487 INFO tempest.lib.common.rest_client [req-79447cbd-203f-4b38-b987-d265a2336b6f req-79447cbd-203f-4b38-b987-d265a2336b6f ] Request (FlavorsExtraSpecsTestJSON:test_flavor_non_admin_get_specific_key): 200 POST http://10.180.1.21/compute/v2.1/flavors/930433998/os-extra_specs 1.044s
2025-02-04 16:42:34.706 62469 INFO tempest.lib.common.rest_client [req-7c7cc4b0-ea22-4840-a0c7-1a239e83dc0f req-7c7cc4b0-ea22-4840-a0c7-1a239e83dc0f ] Request (FloatingIPsNegativeTestJSON:setUpClass): 201 POST http://10.180.1.21/identity/v3/auth/tokens 0.049s
2025-02-04 16:42:34.744 62469 INFO tempest.lib.common.rest_client [req-498f2212-2f7c-425a-8030-177f5d9511b0 req-498f2212-2f7c-425a-8030-177f5d9511b0 ] Request (FloatingIPsNegativeTestJSON:setUpClass): 200 GET http://10.180.1.21/identity/v3/domains?name=Default 0.038s
2025-02-04 16:42:34.757 62497 INFO tempest.lib.common.rest_client [req-9683386d-b625-4990-bd42-2d2410cd593c req-9683386d-b625-4990-bd42-2d2410cd593c ] Request (ServerGroup264TestJSON:test_create_get_server_group): 200 POST http://10.180.1.21/compute/v2.1/os-server-groups 1.257s
2025-02-04 16:42:34.762 62485 INFO tempest.lib.common.rest_client [req-4ceca0d3-e7de-4acd-b75f-a85dcc62f677 req-4ceca0d3-e7de-4acd-b75f-a85dcc62f677 ] Request (InstanceActionsNegativeTestJSON:tearDownClass): 200 GET http://10.180.1.21/compute/v2.1/servers/174a0e1d-6bb8-4eec-b7dd-fba7c894eda3 1.118s
2025-02-04 16:42:34.787 62469 INFO tempest.lib.common.rest_client [req-518ad57d-11b8-46e9-9c64-0f57b78a3c63 req-518ad57d-11b8-46e9-9c64-0f57b78a3c63 ] Request (FloatingIPsNegativeTestJSON:setUpClass): 201 POST http://10.180.1.21/identity/v3/projects 0.042s
2025-02-04 16:42:34.833 62515 INFO tempest.lib.common.rest_client [req-067d3c03-8b45-49f6-9079-08512b6006f8 req-067d3c03-8b45-49f6-9079-08512b6006f8 ] Request (ImagesOneServerTestJSON:setUpClass): 200 GET http://10.180.1.21/compute/v2.1/servers/b60e63ef-c64f-4c24-96dd-09b3128c43d8 1.076s
2025-02-04 16:42:34.835 62475 INFO tempest.lib.common.rest_client [req-52d4fd5a-a5a4-4925-9a49-48ddc5031408 req-52d4fd5a-a5a4-4925-9a49-48ddc5031408 ] Request (ServersAdmin275Test:test_rebuild_update_server_275): 200 GET http://10.180.1.21/compute/v2.1/servers/3837c53d-0ae7-4f40-9c64-c352717ace8e 1.112s
2025-02-04 16:42:34.861 62469 INFO tempest.lib.common.rest_client [req-a6c046f1-41c8-4db3-b728-8fe5f894eacd req-a6c046f1-41c8-4db3-b728-8fe5f894eacd ] Request (FloatingIPsNegativeTestJSON:setUpClass): 201 POST http://10.180.1.21/identity/v3/users 0.073s
2025-02-04 16:42:34.896 62469 INFO tempest.lib.common.rest_client [req-b3f1b052-1491-42e3-89b7-6d15a91850e3 req-b3f1b052-1491-42e3-89b7-6d15a91850e3 ] Request (FloatingIPsNegativeTestJSON:setUpClass): 200 GET http://10.180.1.21/identity/v3/roles 0.035s
2025-02-04 16:42:34.933 62469 INFO tempest.lib.common.rest_client [req-286d75eb-6e75-45a7-92df-328ad6bfe63f req-286d75eb-6e75-45a7-92df-328ad6bfe63f ] Request (FloatingIPsNegativeTestJSON:setUpClass): 204 PUT http://10.180.1.21/identity/v3/projects/2c094cd3e0764b12abaf43021fd5ec20/users/967b57975c7849f485d4bf7ef4172471/roles/6bf3a5ffc63c43718135c387e4392b31 0.036s
