2025-02-04 16:42:58.833 62505 INFO tempest.lib.common.rest_client [req-4d7204f5-e59d-4b6d-82f0-3b309594286d req-4d7204f5-e59d-4b6d-82f0-3b309594286d ] Request (ServersAdminTestJSON:test_create_server_with_scheduling_hint): 200 GET http://10.180.1.21/compute/v2.1/servers/3b754c22-40a3-4580-b68c-2a2032fa4ce6 0.075s
2025-02-04 16:42:58.902 62467 INFO tempest.lib.common.rest_client [req-a36aed7c-7627-4378-9a3d-e68b5b7cc93f req-a36aed7c-7627-4378-9a3d-e68b5b7cc93f ] Request (ServersNegativeTestMultiTenantJSON:tearDownClass): 200 GET http://10.180.1.21/compute/v2.1/servers/61efc1e0-c83b-4f6f-8223-b0b93a1e393d 0.090s
2025-02-04 16:42:58.986 62511 INFO tempest.lib.common.rest_client [req-94683242-4e93-43ca-a458-f42d603bbe67 req-94683242-4e93-43ca-a458-f42d603bbe67 ] Request (InstanceActionsTestJSON:tearDownClass): 200 GET http://10.180.1.21/compute/v2.1/servers/e3ca3a65-1287-4bd2-b350-bd35860f1613 0.118s
2025-02-04 16:42:58.995 62495 INFO tempest.lib.common.rest_client [req-02ee3ee6-a61c-4d8f-9503-b53c67c4d2cf req-02ee3ee6-a61c-4d8f-9503-b53c67c4d2cf ] Request (MigrationsAdminTest:test_list_migrations_in_flavor_resize_situation): 200 GET http://10.180.1.21/compute/v2.1/servers/c433d091-5d97-4757-8cb1-5b8de3e643b3 0.179s
2025-02-04 16:42:59.044 62457 INFO tempest.lib.common.rest_client [req-7e6a246c-f293-4ff7-aedd-2df3ff69b64b req-7e6a246c-f293-4ff7-aedd-2df3ff69b64b ] Request (ServerActionsTestJSON:setUpClass): 200 GET http://10.180.1.21/compute/v2.1/servers/e1896db5-a141-41cb-9b57-193a21929bf2 0.173s
2025-02-04 16:42:59.071 62463 INFO tempest.lib.common.rest_client [req-39660ee8-7576-4a32-8a98-08d6a822edad req-39660ee8-7576-4a32-8a98-08d6a822edad ] Request (ServerDiskConfigTestJSON:test_rebuild_server_with_manual_disk_config): 200 GET http://10.180.1.21/compute/v2.1/servers/92af2777-1c19-4941-9c96-ff365aaa561a 0.157s
2025-02-04 16:42:59.108 62473 INFO tempest.lib.common.rest_client [req-605e4544-b76c-46e4-9a3a-ddb1b8b8b575 req-605e4544-b76c-46e4-9a3a-ddb1b8b8b575 ] Request (ServersTestBootFromVolume:setUpClass): 200 GET http://10.180.1.21/compute/v2.1/servers/9ffd2937-5684-4155-a792-dc471683e55b 0.189s
2025-02-04 16:42:59.136 62459 INFO tempest.lib.common.rest_client [req-511f141c-f342-4684-9928-0723485a0b48 req-511f141c-f342-4684-9928-0723485a0b48 ] Request (AttachInterfacesUnderV243Test:test_add_remove_fixed_ip): 200 GET http://10.180.1.21/compute/v2.1/servers/5bdbadb9-e221-4ba8-a537-2d60e9024702 0.179s
2025-02-04 16:42:59.180 62461 INFO tempest.lib.common.rest_client [req-29a19562-40b3-45f8-990e-497fc6d0a202 req-29a19562-40b3-45f8-990e-497fc6d0a202 ] Request (ServersAdminNegativeTestJSON:tearDownClass): 200 GET http://10.180.1.21/compute/v2.1/servers/71c5aada-84ef-466e-830d-e9d0c83f7d91 0.064s
2025-02-04 16:42:59.201 62475 INFO tempest.lib.common.rest_client [req-f8880a0a-0666-451b-a0d8-610f47e1f5c7 req-f8880a0a-0666-451b-a0d8-610f47e1f5c7 ] Request (ServersAdmin275Test:test_rebuild_update_server_275): 200 GET http://10.180.1.21/compute/v2.1/servers/3837c53d-0ae7-4f40-9c64-c352717ace8e 0.072s
2025-02-04 16:42:59.233 62453 INFO tempest.lib.common.rest_client [req-456957a5-61df-4c66-929d-5acd5bfbd4ea req-456957a5-61df-4c66-929d-5acd5bfbd4ea ] Request (ServersNegativeTestJSON:setUpClass): 200 GET http://10.180.1.21/compute/v2.1/servers/5a634095-dad5-4b90-8905-196b1452ef19 0.069s
2025-02-04 16:42:59.262 62503 INFO tempest.lib.common.rest_client [req-3acfd4bb-a66b-4190-9299-c7602f6dd6fc req-3acfd4bb-a66b-4190-9299-c7602f6dd6fc ] Request (ServerShowV247Test:test_update_rebuild_list_server): 200 GET http://10.180.1.21/compute/v2.1/servers/744161c8-9035-4da3-99c2-c7929bbc2669 0.066s
2025-02-04 16:42:59.309 62465 INFO tempest.lib.common.rest_client [req-fa4aa4f1-869e-4948-90c7-5fec3d752544 req-fa4aa4f1-869e-4948-90c7-5fec3d752544 ] Request (ServerDiagnosticsNegativeTest:tearDownClass): 200 GET http://10.180.1.21/compute/v2.1/servers/3950405b-22fe-436c-91c3-2a5f9b4779e9 0.090s
2025-02-04 16:42:59.372 62479 INFO tempest.lib.common.rest_client [req-0758545b-fb1c-47c2-878e-9677469f6764 req-0758545b-fb1c-47c2-878e-9677469f6764 ] Request (ListServersNegativeTestJSON:tearDownClass): 200 GET http://10.180.1.21/compute/v2.1/servers/f4b98389-d22d-4c33-850c-84d366fdff60 0.060s
2025-02-04 16:42:59.409 62493 INFO tempest.lib.common.rest_client [req-642949c3-35bc-4be9-8402-2e2c30e61164 req-642949c3-35bc-4be9-8402-2e2c30e61164 ] Request (ImagesOneServerNegativeTestJSON:setUpClass): 200 GET http://10.180.1.21/compute/v2.1/servers/b5a9a89d-073d-4a54-b657-7d61984c4b44 0.108s
2025-02-04 16:42:59.426 62493 INFO tempest.common.waiters [-] State transition "BUILD/networking" ==> "BUILD/spawning" after 54 second wait
2025-02-04 16:42:59.469 62507 INFO tempest.lib.common.rest_client [req-bec75921-34c7-4762-b7e9-5d0e4454df72 req-bec75921-34c7-4762-b7e9-5d0e4454df72 ] Request (ServerRescueTestJSON:setUpClass): 200 GET http://10.180.1.21/compute/v2.1/servers/6cdf32dc-6bc1-4892-9529-ebb4c7f27be6 0.060s
2025-02-04 16:42:59.517 62513 INFO tempest.lib.common.rest_client [req-e7497f0c-91bd-4708-8da1-17045c835825 req-e7497f0c-91bd-4708-8da1-17045c835825 ] Request (SecurityGroupsTestJSON:test_server_security_groups): 200 GET http://10.180.1.21/compute/v2.1/servers/914ddb59-3ddd-499c-8181-76bd7f90b0f5 0.076s
2025-02-04 16:42:59.632 62499 INFO tempest.lib.common.rest_client [req-52b321f9-8409-4a14-b42c-77b349f60e7b req-52b321f9-8409-4a14-b42c-77b349f60e7b ] Request (DeleteServersAdminTestJSON:test_delete_server_while_in_error_state): 200 GET http://10.180.1.21/compute/v2.1/servers/42e69190-caad-4602-9ecd-33cbb5381f81 0.054s
2025-02-04 16:42:59.664 62491 INFO tempest.lib.common.rest_client [req-23462163-8689-4d7e-bf6c-6ca6f631c63d req-23462163-8689-4d7e-bf6c-6ca6f631c63d ] Request (VolumesAdminNegativeTest:test_update_attached_volume_with_nonexistent_volume_in_body): 200 GET http://10.180.1.21/compute/v2.1/servers/aa4c0608-6490-472f-8867-60d5ef2cd306 0.291s
2025-02-04 16:42:59.735 62515 INFO tempest.lib.common.rest_client [req-ba700a8f-fd5f-4172-ba11-028ca9f16d56 req-ba700a8f-fd5f-4172-ba11-028ca9f16d56 ] Request (ImagesOneServerTestJSON:setUpClass): 200 GET http://10.180.1.21/compute/v2.1/servers/b60e63ef-c64f-4c24-96dd-09b3128c43d8 0.064s
2025-02-04 16:42:59.788 62469 INFO tempest.lib.common.rest_client [req-5458b7c2-2f78-4f70-a225-9d75ce5e8596 req-5458b7c2-2f78-4f70-a225-9d75ce5e8596 ] Request (ServersTestJSON:setUpClass): 200 GET http://10.180.1.21/compute/v2.1/servers/00a3ea06-f1c6-4221-8704-f6eb1f966e12 0.059s
2025-02-04 16:42:59.792 62471 INFO tempest.lib.common.rest_client [req-f0ad4f47-4eda-4dc6-972d-9aa1bdba2d2a req-f0ad4f47-4eda-4dc6-972d-9aa1bdba2d2a ] Request (AttachInterfacesTestJSON:test_create_list_show_delete_interfaces_by_fixed_ip): 200 GET http://10.180.1.21/compute/v2.1/servers/e4029453-3d83-4dab-926a-9a09fa94dbb9 0.059s
2025-02-04 16:42:59.841 62501 INFO tempest.lib.common.rest_client [req-9b321313-c18d-4940-923c-bbc49859e843 req-9b321313-c18d-4940-923c-bbc49859e843 ] Request (FloatingIPsAssociationTestJSON:setUpClass): 200 GET http://10.180.1.21/compute/v2.1/servers/08705d00-016c-46fb-9ede-84761442cfb0 0.059s
2025-02-04 16:42:59.910 62505 INFO tempest.lib.common.rest_client [req-bcbbc3c3-3a4d-4f1f-a002-acf3bc9174b4 req-bcbbc3c3-3a4d-4f1f-a002-acf3bc9174b4 ] Request (ServersAdminTestJSON:test_create_server_with_scheduling_hint): 200 GET http://10.180.1.21/compute/v2.1/servers/3b754c22-40a3-4580-b68c-2a2032fa4ce6 0.061s
2025-02-04 16:42:59.982 62467 INFO tempest.lib.common.rest_client [req-a8568132-fe1b-4bed-9a29-ff5e521ef8c1 req-a8568132-fe1b-4bed-9a29-ff5e521ef8c1 ] Request (ServersNegativeTestMultiTenantJSON:tearDownClass): 200 GET http://10.180.1.21/compute/v2.1/servers/61efc1e0-c83b-4f6f-8223-b0b93a1e393d 0.072s
2025-02-04 16:42:59.986 62481 WARNING tempest.lib.common.ssh [-] Failed to establish authenticated ssh connection to cirros@10.180.180.238 ([Errno None] Unable to connect to port 22 on 10.180.180.238). Number attempts: 2. Retry after 3 seconds.: paramiko.ssh_exception.NoValidConnectionsError: [Errno None] Unable to connect to port 22 on 10.180.180.238
2025-02-04 16:43:00.005 62509 INFO tempest.lib.common.rest_client [req-67e9c787-32ab-452f-9e2c-951264cb329d req-67e9c787-32ab-452f-9e2c-951264cb329d ] Request (ImagesNegativeTestJSON:setUpClass): 200 PUT http://10.180.1.21:9696/networking/v2.0/routers/17e5536a-8281-400c-8578-5882a3aea881/add_router_interface 1.231s
2025-02-04 16:43:00.005 62509 INFO tempest.lib.common.dynamic_creds [-] Created isolated network resources for: credentials: Credentials: {'domain_id': 'default', 'domain_name': 'Default', 'username': 'tempest-ImagesNegativeTestJSON-915889887-project-member', 'project_domain_id': 'default', 'project_domain_name': 'Default', 'project_id': '12b4c8b274db4eacae0f354637185cd6', 'project_name': 'tempest-ImagesNegativeTestJSON-915889887', 'tenant_id': '12b4c8b274db4eacae0f354637185cd6', 'tenant_name': 'tempest-ImagesNegativeTestJSON-915889887', 'user_domain_id': 'default', 'user_domain_name': 'Default', 'user_id': '1ed29606375c46dd89addbae8570cbba', 'system': None}, Network: {'id': 'c05884cb-3b2f-4075-8cbd-0efb69745340', 'name': 'tempest-ImagesNegativeTestJSON-685189709-network', 'tenant_id': '12b4c8b274db4eacae0f354637185cd6', 'admin_state_up': True, 'mtu': 8950, 'status': 'ACTIVE', 'subnets': [], 'shared': False, 'project_id': '12b4c8b274db4eacae0f354637185cd6', 'port_security_enabled': True, 'router:external': False, 'provider:network_type': 'vlan', 'provider:physical_network': 'default', 'provider:segmentation_id': 618, 'availability_zone_hints': [], 'availability_zones': [], 'ipv4_address_scope': None, 'ipv6_address_scope': None, 'description': '', 'tags': [], 'created_at': '2025-02-04T16:42:57Z', 'updated_at': '2025-02-04T16:42:57Z', 'revision_number': 1}, Subnet: {'id': '9b4591d4-1ce5-480c-9cdf-83ee7b8d947c', 'name': 'tempest-ImagesNegativeTestJSON-685189709-subnet', 'tenant_id': '12b4c8b274db4eacae0f354637185cd6', 'network_id': 'c05884cb-3b2f-4075-8cbd-0efb69745340', 'ip_version': 4, 'subnetpool_id': None, 'enable_dhcp': True, 'ipv6_ra_mode': None, 'ipv6_address_mode': None, 'gateway_ip': '192.168.128.1', 'cidr': '192.168.128.0/28', 'allocation_pools': [{'start': '192.168.128.2', 'end': '192.168.128.14'}], 'host_routes': [], 'dns_nameservers': [], 'description': '', 'router:external': False, 'service_types': [], 'tags': [], 'created_at': '2025-02-04T16:42:57Z', 'updated_at': '2025-02-04T16:42:57Z', 'revision_number': 0, 'project_id': '12b4c8b274db4eacae0f354637185cd6'}, Router: {'id': '17e5536a-8281-400c-8578-5882a3aea881', 'name': 'tempest-ImagesNegativeTestJSON-685189709-router', 'tenant_id': '12b4c8b274db4eacae0f354637185cd6', 'admin_state_up': True, 'status': 'ACTIVE', 'external_gateway_info': {'network_id': '3e17c52d-a4e9-4b60-930b-5a41779bd21a', 'external_fixed_ips': [{'subnet_id': 'f24e2ef0-935c-42ec-b156-f376a8f04af9', 'ip_address': '10.180.180.195'}], 'enable_snat': True}, 'description': '', 'availability_zones': [], 'distributed': False, 'ha': False, 'availability_zone_hints': [], 'routes': [], 'flavor_id': None, 'tags': [], 'created_at': '2025-02-04T16:42:57Z', 'updated_at': '2025-02-04T16:42:58Z', 'revision_number': 2, 'project_id': '12b4c8b274db4eacae0f354637185cd6'}
2025-02-04 16:43:00.059 62511 INFO tempest.lib.common.rest_client [req-a1cf8fb7-da15-4872-966c-a5e5e01279b1 req-a1cf8fb7-da15-4872-966c-a5e5e01279b1 ] Request (InstanceActionsTestJSON:tearDownClass): 200 GET http://10.180.1.21/compute/v2.1/servers/e3ca3a65-1287-4bd2-b350-bd35860f1613 0.061s
2025-02-04 16:43:00.087 62509 INFO tempest.lib.common.rest_client [req-65693804-16a0-48d1-a5d9-2f7d265f00cc req-65693804-16a0-48d1-a5d9-2f7d265f00cc ] Request (ImagesNegativeTestJSON:setUpClass): 201 POST http://10.180.1.21/identity/v3/auth/tokens 0.079s
2025-02-04 16:43:00.105 62457 INFO tempest.lib.common.rest_client [req-eadd7ad6-f002-4380-b6a3-be6a4bbe9792 req-eadd7ad6-f002-4380-b6a3-be6a4bbe9792 ] Request (ServerActionsTestJSON:setUpClass): 200 GET http://10.180.1.21/compute/v2.1/servers/e1896db5-a141-41cb-9b57-193a21929bf2 0.054s
2025-02-04 16:43:00.119 62509 INFO tempest.lib.common.rest_client [req-ac628f3f-f11d-42db-9743-bcde9341932e req-ac628f3f-f11d-42db-9743-bcde9341932e ] Request (ImagesNegativeTestJSON:test_create_image_from_deleted_server): 201 POST http://10.180.1.21/identity/v3/auth/tokens 0.028s
2025-02-04 16:43:00.119 62509 INFO tempest.lib.common.fixed_network [-] (ImagesNegativeTestJSON:test_create_image_from_deleted_server) Found network {'id': 'c05884cb-3b2f-4075-8cbd-0efb69745340', 'name': 'tempest-ImagesNegativeTestJSON-685189709-network', 'tenant_id': '12b4c8b274db4eacae0f354637185cd6', 'admin_state_up': True, 'mtu': 8950, 'status': 'ACTIVE', 'subnets': [], 'shared': False, 'project_id': '12b4c8b274db4eacae0f354637185cd6', 'port_security_enabled': True, 'router:external': False, 'provider:network_type': 'vlan', 'provider:physical_network': 'default', 'provider:segmentation_id': 618, 'availability_zone_hints': [], 'availability_zones': [], 'ipv4_address_scope': None, 'ipv6_address_scope': None, 'description': '', 'tags': [], 'created_at': '2025-02-04T16:42:57Z', 'updated_at': '2025-02-04T16:42:57Z', 'revision_number': 1} available for tenant
2025-02-04 16:43:00.148 62495 INFO tempest.lib.common.rest_client [req-4414b9e9-9ea1-4726-af8e-8ada3e031e13 req-4414b9e9-9ea1-4726-af8e-8ada3e031e13 ] Request (MigrationsAdminTest:test_list_migrations_in_flavor_resize_situation): 200 GET http://10.180.1.21/compute/v2.1/servers/c433d091-5d97-4757-8cb1-5b8de3e643b3 0.136s
2025-02-04 16:43:00.152 62463 INFO tempest.lib.common.rest_client [req-ba83006e-7247-4c7a-a35b-227cc37292c6 req-ba83006e-7247-4c7a-a35b-227cc37292c6 ] Request (ServerDiskConfigTestJSON:test_rebuild_server_with_manual_disk_config): 200 GET http://10.180.1.21/compute/v2.1/servers/92af2777-1c19-4941-9c96-ff365aaa561a 0.065s
2025-02-04 16:43:00.195 62473 INFO tempest.lib.common.rest_client [req-382f29a6-c345-40cf-8b38-35ce6d30aafc req-382f29a6-c345-40cf-8b38-35ce6d30aafc ] Request (ServersTestBootFromVolume:setUpClass): 200 GET http://10.180.1.21/compute/v2.1/servers/9ffd2937-5684-4155-a792-dc471683e55b 0.080s
2025-02-04 16:43:00.249 62459 INFO tempest.lib.common.rest_client [req-75c88572-9297-45ad-a39a-5583a8f00a06 req-75c88572-9297-45ad-a39a-5583a8f00a06 ] Request (AttachInterfacesUnderV243Test:test_add_remove_fixed_ip): 200 GET http://10.180.1.21/compute/v2.1/servers/5bdbadb9-e221-4ba8-a537-2d60e9024702 0.103s
2025-02-04 16:43:00.313 62461 INFO tempest.lib.common.rest_client [req-53a76512-f089-4ff4-9f75-168ce62b54c9 req-53a76512-f089-4ff4-9f75-168ce62b54c9 ] Request (ServersAdminNegativeTestJSON:tearDownClass): 200 GET http://10.180.1.21/compute/v2.1/servers/71c5aada-84ef-466e-830d-e9d0c83f7d91 0.124s
2025-02-04 16:43:00.368 62475 INFO tempest.lib.common.rest_client [req-d3727ac2-5ab2-4b02-920e-62907b4f2a5b req-d3727ac2-5ab2-4b02-920e-62907b4f2a5b ] Request (ServersAdmin275Test:test_rebuild_update_server_275): 200 GET http://10.180.1.21/compute/v2.1/servers/3837c53d-0ae7-4f40-9c64-c352717ace8e 0.147s
2025-02-04 16:43:00.422 62453 INFO tempest.lib.common.rest_client [req-5af2329d-cb46-432c-9a83-6e5ea5ba2399 req-5af2329d-cb46-432c-9a83-6e5ea5ba2399 ] Request (ServersNegativeTestJSON:setUpClass): 200 GET http://10.180.1.21/compute/v2.1/servers/5a634095-dad5-4b90-8905-196b1452ef19 0.181s
2025-02-04 16:43:00.475 62503 INFO tempest.lib.common.rest_client [req-4ef85773-d8fb-4293-ae12-8b296db4b161 req-4ef85773-d8fb-4293-ae12-8b296db4b161 ] Request (ServerShowV247Test:test_update_rebuild_list_server): 200 GET http://10.180.1.21/compute/v2.1/servers/744161c8-9035-4da3-99c2-c7929bbc2669 0.201s
2025-02-04 16:43:00.528 62465 INFO tempest.lib.common.rest_client [req-c15871e9-2d93-40ea-9b15-41baba15563d req-c15871e9-2d93-40ea-9b15-41baba15563d ] Request (ServerDiagnosticsNegativeTest:tearDownClass): 200 GET http://10.180.1.21/compute/v2.1/servers/3950405b-22fe-436c-91c3-2a5f9b4779e9 0.208s
2025-02-04 16:43:00.600 62479 INFO tempest.lib.common.rest_client [req-06f7981f-aed4-4b68-95da-cc1efa27eeed req-06f7981f-aed4-4b68-95da-cc1efa27eeed ] Request (ListServersNegativeTestJSON:tearDownClass): 200 GET http://10.180.1.21/compute/v2.1/servers/f4b98389-d22d-4c33-850c-84d366fdff60 0.213s
2025-02-04 16:43:00.719 62509 INFO tempest.lib.common.rest_client [req-9e9e5d8b-d53a-4e75-8be5-5cfc497e9ca9 req-9e9e5d8b-d53a-4e75-8be5-5cfc497e9ca9 ] Request (ImagesNegativeTestJSON:test_create_image_from_deleted_server): 202 POST http://10.180.1.21/compute/v2.1/servers 0.599s
2025-02-04 16:43:00.736 62493 INFO tempest.lib.common.rest_client [req-c9887489-6b6d-4614-ac32-cef592ee9d1b req-c9887489-6b6d-4614-ac32-cef592ee9d1b ] Request (ImagesOneServerNegativeTestJSON:setUpClass): 200 GET http://10.180.1.21/compute/v2.1/servers/b5a9a89d-073d-4a54-b657-7d61984c4b44 0.309s
2025-02-04 16:43:00.796 62507 INFO tempest.lib.common.rest_client [req-b3121b42-5943-4823-8abc-44e36457e0b7 req-b3121b42-5943-4823-8abc-44e36457e0b7 ] Request (ServerRescueTestJSON:setUpClass): 200 GET http://10.180.1.21/compute/v2.1/servers/6cdf32dc-6bc1-4892-9529-ebb4c7f27be6 0.316s
2025-02-04 16:43:00.796 62513 INFO tempest.lib.common.rest_client [req-955520d6-983a-4ca6-acd4-61caec0cf685 req-955520d6-983a-4ca6-acd4-61caec0cf685 ] Request (SecurityGroupsTestJSON:test_server_security_groups): 200 GET http://10.180.1.21/compute/v2.1/servers/914ddb59-3ddd-499c-8181-76bd7f90b0f5 0.269s
2025-02-04 16:43:00.804 62507 INFO tempest.common.waiters [-] State transition "BUILD/None" ==> "BUILD/networking" after 53 second wait
2025-02-04 16:43:00.846 62499 INFO tempest.lib.common.rest_client [req-9ce9057c-b1cc-479e-aa12-c8bbea0e38d0 req-9ce9057c-b1cc-479e-aa12-c8bbea0e38d0 ] Request (DeleteServersAdminTestJSON:test_delete_server_while_in_error_state): 200 GET http://10.180.1.21/compute/v2.1/servers/42e69190-caad-4602-9ecd-33cbb5381f81 0.206s
2025-02-04 16:43:00.870 62491 INFO tempest.lib.common.rest_client [req-b0d5299b-45c4-4cf4-a389-bfe78c459a39 req-b0d5299b-45c4-4cf4-a389-bfe78c459a39 ] Request (VolumesAdminNegativeTest:test_update_attached_volume_with_nonexistent_volume_in_body): 200 GET http://10.180.1.21/compute/v2.1/servers/aa4c0608-6490-472f-8867-60d5ef2cd306 0.198s
2025-02-04 16:43:00.898 62509 INFO tempest.lib.common.rest_client [req-7fcc8599-a18f-436f-822d-70e7e2bf47f5 req-7fcc8599-a18f-436f-822d-70e7e2bf47f5 ] Request (ImagesNegativeTestJSON:test_create_image_from_deleted_server): 200 GET http://10.180.1.21/compute/v2.1/servers/1bdbc274-c72a-4baf-b6a1-7a96117eb3c3 0.176s
2025-02-04 16:43:00.928 62515 INFO tempest.lib.common.rest_client [req-4b8b558b-97cb-4825-ab31-18822ca47cb2 req-4b8b558b-97cb-4825-ab31-18822ca47cb2 ] Request (ImagesOneServerTestJSON:setUpClass): 200 GET http://10.180.1.21/compute/v2.1/servers/b60e63ef-c64f-4c24-96dd-09b3128c43d8 0.181s
2025-02-04 16:43:00.950 62469 INFO tempest.lib.common.rest_client [req-527a7556-8d56-444e-9809-7d90762d91a1 req-527a7556-8d56-444e-9809-7d90762d91a1 ] Request (ServersTestJSON:setUpClass): 200 GET http://10.180.1.21/compute/v2.1/servers/00a3ea06-f1c6-4221-8704-f6eb1f966e12 0.155s
2025-02-04 16:43:00.975 62471 INFO tempest.lib.common.rest_client [req-bf478737-b793-427d-853d-4f4a6faf70ab req-bf478737-b793-427d-853d-4f4a6faf70ab ] Request (AttachInterfacesTestJSON:test_create_list_show_delete_interfaces_by_fixed_ip): 200 GET http://10.180.1.21/compute/v2.1/servers/e4029453-3d83-4dab-926a-9a09fa94dbb9 0.173s
2025-02-04 16:43:01.004 62501 INFO tempest.lib.common.rest_client [req-fe068d80-ff33-438c-94d5-87d1281c22d5 req-fe068d80-ff33-438c-94d5-87d1281c22d5 ] Request (FloatingIPsAssociationTestJSON:setUpClass): 200 GET http://10.180.1.21/compute/v2.1/servers/08705d00-016c-46fb-9ede-84761442cfb0 0.149s
2025-02-04 16:43:01.028 62505 INFO tempest.lib.common.rest_client [req-1f5af632-704c-4135-9759-07741df4cc6c req-1f5af632-704c-4135-9759-07741df4cc6c ] Request (ServersAdminTestJSON:test_create_server_with_scheduling_hint): 200 GET http://10.180.1.21/compute/v2.1/servers/3b754c22-40a3-4580-b68c-2a2032fa4ce6 0.105s
2025-02-04 16:43:01.064 62467 INFO tempest.lib.common.rest_client [req-37fa6cad-5447-4b15-918d-b440964f271d req-37fa6cad-5447-4b15-918d-b440964f271d ] Request (ServersNegativeTestMultiTenantJSON:tearDownClass): 200 GET http://10.180.1.21/compute/v2.1/servers/61efc1e0-c83b-4f6f-8223-b0b93a1e393d 0.071s
2025-02-04 16:43:01.132 62511 INFO tempest.lib.common.rest_client [req-e22ef8bc-986a-441d-8d24-5471624a8fa5 req-e22ef8bc-986a-441d-8d24-5471624a8fa5 ] Request (InstanceActionsTestJSON:tearDownClass): 200 GET http://10.180.1.21/compute/v2.1/servers/e3ca3a65-1287-4bd2-b350-bd35860f1613 0.064s
2025-02-04 16:43:01.169 62457 INFO tempest.lib.common.rest_client [req-0d4a6e5d-f8ed-4248-9637-789277977f17 req-0d4a6e5d-f8ed-4248-9637-789277977f17 ] Request (ServerActionsTestJSON:setUpClass): 200 GET http://10.180.1.21/compute/v2.1/servers/e1896db5-a141-41cb-9b57-193a21929bf2 0.056s
2025-02-04 16:43:01.177 62457 INFO tempest.common.waiters [-] State transition "BUILD/scheduling" ==> "BUILD/None" after 26 second wait
2025-02-04 16:43:01.216 62463 INFO tempest.lib.common.rest_client [req-0e47fcd8-16c7-4b88-be43-b4287c15f771 req-0e47fcd8-16c7-4b88-be43-b4287c15f771 ] Request (ServerDiskConfigTestJSON:test_rebuild_server_with_manual_disk_config): 200 GET http://10.180.1.21/compute/v2.1/servers/92af2777-1c19-4941-9c96-ff365aaa561a 0.055s
2025-02-04 16:43:01.263 62473 INFO tempest.lib.common.rest_client [req-32f583ea-260f-4c55-90d2-6300e1288c43 req-32f583ea-260f-4c55-90d2-6300e1288c43 ] Request (ServersTestBootFromVolume:setUpClass): 200 GET http://10.180.1.21/compute/v2.1/servers/9ffd2937-5684-4155-a792-dc471683e55b 0.059s
2025-02-04 16:43:01.312 62459 INFO tempest.lib.common.rest_client [req-af057860-2dd9-4d34-89be-8625efc861fc req-af057860-2dd9-4d34-89be-8625efc861fc ] Request (AttachInterfacesUnderV243Test:test_add_remove_fixed_ip): 200 GET http://10.180.1.21/compute/v2.1/servers/5bdbadb9-e221-4ba8-a537-2d60e9024702 0.048s
2025-02-04 16:43:01.352 62495 INFO tempest.lib.common.rest_client [req-b246ee14-296e-42ad-b828-2e15c0328427 req-b246ee14-296e-42ad-b828-2e15c0328427 ] Request (MigrationsAdminTest:test_list_migrations_in_flavor_resize_situation): 200 GET http://10.180.1.21/compute/v2.1/servers/c433d091-5d97-4757-8cb1-5b8de3e643b3 0.196s
2025-02-04 16:43:01.385 62461 INFO tempest.lib.common.rest_client [req-6809e0a5-94d9-4563-9c48-499d4aa8b345 req-6809e0a5-94d9-4563-9c48-499d4aa8b345 ] Request (ServersAdminNegativeTestJSON:tearDownClass): 200 GET http://10.180.1.21/compute/v2.1/servers/71c5aada-84ef-466e-830d-e9d0c83f7d91 0.065s
2025-02-04 16:43:01.454 62475 INFO tempest.lib.common.rest_client [req-9cc48d2b-bc3f-490f-8334-6b0b542fed88 req-9cc48d2b-bc3f-490f-8334-6b0b542fed88 ] Request (ServersAdmin275Test:test_rebuild_update_server_275): 200 GET http://10.180.1.21/compute/v2.1/servers/3837c53d-0ae7-4f40-9c64-c352717ace8e 0.072s
2025-02-04 16:43:01.485 62453 INFO tempest.lib.common.rest_client [req-7ecc11d8-481c-45a4-8b5d-486573446f68 req-7ecc11d8-481c-45a4-8b5d-486573446f68 ] Request (ServersNegativeTestJSON:setUpClass): 200 GET http://10.180.1.21/compute/v2.1/servers/5a634095-dad5-4b90-8905-196b1452ef19 0.055s
2025-02-04 16:43:01.551 62503 INFO tempest.lib.common.rest_client [req-fa2a4ebc-2c1f-40e6-95bd-d67771461fb2 req-fa2a4ebc-2c1f-40e6-95bd-d67771461fb2 ] Request (ServerShowV247Test:test_update_rebuild_list_server): 200 GET http://10.180.1.21/compute/v2.1/servers/744161c8-9035-4da3-99c2-c7929bbc2669 0.061s
2025-02-04 16:43:01.560 62503 INFO tempest.common.waiters [-] State transition "BUILD/spawning" ==> "ACTIVE/None" after 57 second wait
2025-02-04 16:43:01.599 62465 INFO tempest.lib.common.rest_client [req-c60410d6-3fd0-416f-8c25-0217f7f32211 req-c60410d6-3fd0-416f-8c25-0217f7f32211 ] Request (ServerDiagnosticsNegativeTest:tearDownClass): 200 GET http://10.180.1.21/compute/v2.1/servers/3950405b-22fe-436c-91c3-2a5f9b4779e9 0.063s
2025-02-04 16:43:01.677 62479 INFO tempest.lib.common.rest_client [req-ec19e7c2-5e7d-4500-ac27-fe1b502283d0 req-ec19e7c2-5e7d-4500-ac27-fe1b502283d0 ] Request (ListServersNegativeTestJSON:tearDownClass): 200 GET http://10.180.1.21/compute/v2.1/servers/f4b98389-d22d-4c33-850c-84d366fdff60 0.067s
2025-02-04 16:43:01.736 62503 INFO tempest.lib.common.rest_client [req-aab29d21-785e-4bcd-90a1-034cd6f7e9db req-aab29d21-785e-4bcd-90a1-034cd6f7e9db ] Request (ServerShowV247Test:test_update_rebuild_list_server): 202 POST http://10.180.1.21/compute/v2.1/servers/744161c8-9035-4da3-99c2-c7929bbc2669/action 0.176s
2025-02-04 16:43:01.818 62503 INFO tempest.lib.common.rest_client [req-a37839ec-4ee4-4792-9dd2-97b3719987a7 req-a37839ec-4ee4-4792-9dd2-97b3719987a7 ] Request (ServerShowV247Test:test_update_rebuild_list_server): 200 GET http://10.180.1.21/compute/v2.1/servers/744161c8-9035-4da3-99c2-c7929bbc2669 0.075s
2025-02-04 16:43:01.858 62493 INFO tempest.lib.common.rest_client [req-e619de0f-24f7-4127-aea9-b338587cd23a req-e619de0f-24f7-4127-aea9-b338587cd23a ] Request (ImagesOneServerNegativeTestJSON:setUpClass): 200 GET http://10.180.1.21/compute/v2.1/servers/b5a9a89d-073d-4a54-b657-7d61984c4b44 0.113s
2025-02-04 16:43:01.898 62513 INFO tempest.lib.common.rest_client [req-8b6c3088-4eb3-4e42-8de3-e61327c37593 req-8b6c3088-4eb3-4e42-8de3-e61327c37593 ] Request (SecurityGroupsTestJSON:test_server_security_groups): 200 GET http://10.180.1.21/compute/v2.1/servers/914ddb59-3ddd-499c-8181-76bd7f90b0f5 0.094s
2025-02-04 16:43:01.953 62507 INFO tempest.lib.common.rest_client [req-ff13b84d-b89f-49a2-8b95-d37dd2648a33 req-ff13b84d-b89f-49a2-8b95-d37dd2648a33 ] Request (ServerRescueTestJSON:setUpClass): 200 GET http://10.180.1.21/compute/v2.1/servers/6cdf32dc-6bc1-4892-9529-ebb4c7f27be6 0.149s
2025-02-04 16:43:01.961 62499 INFO tempest.lib.common.rest_client [req-9d2ed9ca-b3de-4451-b87b-cea33166f572 req-9d2ed9ca-b3de-4451-b87b-cea33166f572 ] Request (DeleteServersAdminTestJSON:test_delete_server_while_in_error_state): 200 GET http://10.180.1.21/compute/v2.1/servers/42e69190-caad-4602-9ecd-33cbb5381f81 0.104s
2025-02-04 16:43:01.962 62507 INFO tempest.common.waiters [-] State transition "BUILD/networking" ==> "BUILD/spawning" after 54 second wait
2025-02-04 16:43:02.000 62491 INFO tempest.lib.common.rest_client [req-bc258117-055d-4d30-b359-8a0bec28f3a1 req-bc258117-055d-4d30-b359-8a0bec28f3a1 ] Request (VolumesAdminNegativeTest:test_update_attached_volume_with_nonexistent_volume_in_body): 200 GET http://10.180.1.21/compute/v2.1/servers/aa4c0608-6490-472f-8867-60d5ef2cd306 0.117s
2025-02-04 16:43:02.012 62509 INFO tempest.lib.common.rest_client [req-713ca3cc-680a-435a-9d89-9022d471141b req-713ca3cc-680a-435a-9d89-9022d471141b ] Request (ImagesNegativeTestJSON:test_create_image_from_deleted_server): 200 GET http://10.180.1.21/compute/v2.1/servers/1bdbc274-c72a-4baf-b6a1-7a96117eb3c3 0.105s
2025-02-04 16:43:02.056 62515 INFO tempest.lib.common.rest_client [req-8e7f8de1-8e14-4a27-86fa-ad5405feadb6 req-8e7f8de1-8e14-4a27-86fa-ad5405feadb6 ] Request (ImagesOneServerTestJSON:setUpClass): 200 GET http://10.180.1.21/compute/v2.1/servers/b60e63ef-c64f-4c24-96dd-09b3128c43d8 0.120s
2025-02-04 16:43:02.065 62469 INFO tempest.lib.common.rest_client [req-e1760c77-42b4-469e-810c-1593ac4b1ce1 req-e1760c77-42b4-469e-810c-1593ac4b1ce1 ] Request (ServersTestJSON:setUpClass): 200 GET http://10.180.1.21/compute/v2.1/servers/00a3ea06-f1c6-4221-8704-f6eb1f966e12 0.107s
2025-02-04 16:43:02.112 62471 INFO tempest.lib.common.rest_client [req-21d3b317-d31e-4a3b-b304-65b22dafdf3f req-21d3b317-d31e-4a3b-b304-65b22dafdf3f ] Request (AttachInterfacesTestJSON:test_create_list_show_delete_interfaces_by_fixed_ip): 200 GET http://10.180.1.21/compute/v2.1/servers/e4029453-3d83-4dab-926a-9a09fa94dbb9 0.124s
2025-02-04 16:43:02.116 62501 INFO tempest.lib.common.rest_client [req-bbc1b027-4517-4b0d-a51d-ed80dc45395d req-bbc1b027-4517-4b0d-a51d-ed80dc45395d ] Request (FloatingIPsAssociationTestJSON:setUpClass): 200 GET http://10.180.1.21/compute/v2.1/servers/08705d00-016c-46fb-9ede-84761442cfb0 0.099s
2025-02-04 16:43:02.161 62505 INFO tempest.lib.common.rest_client [req-be870940-887f-479e-8ba6-9dc4aeea9b8b req-be870940-887f-479e-8ba6-9dc4aeea9b8b ] Request (ServersAdminTestJSON:test_create_server_with_scheduling_hint): 200 GET http://10.180.1.21/compute/v2.1/servers/3b754c22-40a3-4580-b68c-2a2032fa4ce6 0.126s
2025-02-04 16:43:02.170 62467 INFO tempest.lib.common.rest_client [req-d8bd32f9-b277-47f4-a115-1402d6ba0e6f req-d8bd32f9-b277-47f4-a115-1402d6ba0e6f ] Request (ServersNegativeTestMultiTenantJSON:tearDownClass): 200 GET http://10.180.1.21/compute/v2.1/servers/61efc1e0-c83b-4f6f-8223-b0b93a1e393d 0.097s
2025-02-04 16:43:02.213 62511 INFO tempest.lib.common.rest_client [req-b791c644-acf5-4cd9-903c-a5fe79298d89 req-b791c644-acf5-4cd9-903c-a5fe79298d89 ] Request (InstanceActionsTestJSON:tearDownClass): 200 GET http://10.180.1.21/compute/v2.1/servers/e3ca3a65-1287-4bd2-b350-bd35860f1613 0.072s
2025-02-04 16:43:02.224 62457 INFO tempest.lib.common.rest_client [req-0b408b9e-53e6-4adb-9874-53ca8767f9ef req-0b408b9e-53e6-4adb-9874-53ca8767f9ef ] Request (ServerActionsTestJSON:setUpClass): 200 GET http://10.180.1.21/compute/v2.1/servers/e1896db5-a141-41cb-9b57-193a21929bf2 0.046s
2025-02-04 16:43:02.274 62463 INFO tempest.lib.common.rest_client [req-bbf466ad-7b56-40ef-9baf-b775f539965d req-bbf466ad-7b56-40ef-9baf-b775f539965d ] Request (ServerDiskConfigTestJSON:test_rebuild_server_with_manual_disk_config): 200 GET http://10.180.1.21/compute/v2.1/servers/92af2777-1c19-4941-9c96-ff365aaa561a 0.046s
2025-02-04 16:43:02.323 62473 INFO tempest.lib.common.rest_client [req-4faadc4c-5943-4503-8243-1b6e5c78b1ad req-4faadc4c-5943-4503-8243-1b6e5c78b1ad ] Request (ServersTestBootFromVolume:setUpClass): 200 GET http://10.180.1.21/compute/v2.1/servers/9ffd2937-5684-4155-a792-dc471683e55b 0.049s
2025-02-04 16:43:02.364 62459 INFO tempest.lib.common.rest_client [req-d7fae93c-4b7b-4de7-97ef-8972d4d45c77 req-d7fae93c-4b7b-4de7-97ef-8972d4d45c77 ] Request (AttachInterfacesUnderV243Test:test_add_remove_fixed_ip): 200 GET http://10.180.1.21/compute/v2.1/servers/5bdbadb9-e221-4ba8-a537-2d60e9024702 0.045s
2025-02-04 16:43:02.445 62461 INFO tempest.lib.common.rest_client [req-15657f2b-77db-40af-95fc-29f95a7b7ecf req-15657f2b-77db-40af-95fc-29f95a7b7ecf ] Request (ServersAdminNegativeTestJSON:tearDownClass): 200 GET http://10.180.1.21/compute/v2.1/servers/71c5aada-84ef-466e-830d-e9d0c83f7d91 0.053s
2025-02-04 16:43:02.452 62495 INFO tempest.lib.common.rest_client [req-af78680d-5fdf-4e68-aa2f-9c4d93bc8e62 req-af78680d-5fdf-4e68-aa2f-9c4d93bc8e62 ] Request (MigrationsAdminTest:test_list_migrations_in_flavor_resize_situation): 200 GET http://10.180.1.21/compute/v2.1/servers/c433d091-5d97-4757-8cb1-5b8de3e643b3 0.091s
2025-02-04 16:43:02.513 62475 INFO tempest.lib.common.rest_client [req-a3ab8f0f-8b8c-4480-b36d-e74565f7b228 req-a3ab8f0f-8b8c-4480-b36d-e74565f7b228 ] Request (ServersAdmin275Test:test_rebuild_update_server_275): 200 GET http://10.180.1.21/compute/v2.1/servers/3837c53d-0ae7-4f40-9c64-c352717ace8e 0.050s
2025-02-04 16:43:02.551 62453 INFO tempest.lib.common.rest_client [req-838d88ed-58bd-46cf-8494-affeb1af1fba req-838d88ed-58bd-46cf-8494-affeb1af1fba ] Request (ServersNegativeTestJSON:setUpClass): 200 GET http://10.180.1.21/compute/v2.1/servers/5a634095-dad5-4b90-8905-196b1452ef19 0.052s
2025-02-04 16:43:02.630 62465 INFO tempest.lib.common.rest_client [req-63ca0b6b-811d-4f84-ad33-a6bbf09f87f8 req-63ca0b6b-811d-4f84-ad33-a6bbf09f87f8 ] Request (ServerDiagnosticsNegativeTest:tearDownClass): 404 GET http://10.180.1.21/compute/v2.1/servers/3950405b-22fe-436c-91c3-2a5f9b4779e9 0.023s
2025-02-04 16:43:02.701 62465 INFO tempest.lib.common.rest_client [req-9f21caa8-3ebc-4a3d-96eb-596fca177a0b req-9f21caa8-3ebc-4a3d-96eb-596fca177a0b ] Request (ServerDiagnosticsNegativeTest:tearDownClass): 204 DELETE http://10.180.1.21/identity/v3/users/04c938e430d043ceae4f605f970683e1 0.070s
2025-02-04 16:43:02.758 62479 INFO tempest.lib.common.rest_client [req-cb065c09-fd00-492f-b5d8-9ef29d6ab7a1 req-cb065c09-fd00-492f-b5d8-9ef29d6ab7a1 ] Request (ListServersNegativeTestJSON:tearDownClass): 200 GET http://10.180.1.21/compute/v2.1/servers/f4b98389-d22d-4c33-850c-84d366fdff60 0.072s
2025-02-04 16:43:02.800 62465 INFO tempest.lib.common.rest_client [req-4882727a-9208-411d-9b2b-8b3c665d5f3f req-4882727a-9208-411d-9b2b-8b3c665d5f3f ] Request (ServerDiagnosticsNegativeTest:tearDownClass): 204 DELETE http://10.180.1.21/identity/v3/users/748ab964fa764a9fb42d7458d6f31e89 0.099s
2025-02-04 16:43:02.801 62465 INFO tempest.lib.common.dynamic_creds [-] Deleting project and security group for project: 02e664e76cc74fb08dad83396f402b39
2025-02-04 16:43:02.854 62465 INFO tempest.lib.common.rest_client [req-655f17f1-e256-4655-b470-cd20c1fb4a05 req-655f17f1-e256-4655-b470-cd20c1fb4a05 ] Request (ServerDiagnosticsNegativeTest:tearDownClass): 201 POST http://10.180.1.21/identity/v3/auth/tokens 0.053s
2025-02-04 16:43:02.893 62503 INFO tempest.lib.common.rest_client [req-4c884483-4483-4e59-8205-c76c72c547d6 req-4c884483-4483-4e59-8205-c76c72c547d6 ] Request (ServerShowV247Test:test_update_rebuild_list_server): 200 GET http://10.180.1.21/compute/v2.1/servers/744161c8-9035-4da3-99c2-c7929bbc2669 0.063s
2025-02-04 16:43:02.953 62513 INFO tempest.lib.common.rest_client [req-d21d6822-fa1b-466d-b807-f4a9fe5124ca req-d21d6822-fa1b-466d-b807-f4a9fe5124ca ] Request (SecurityGroupsTestJSON:test_server_security_groups): 200 GET http://10.180.1.21/compute/v2.1/servers/914ddb59-3ddd-499c-8181-76bd7f90b0f5 0.048s
2025-02-04 16:43:02.960 62465 INFO tempest.lib.common.rest_client [req-0911841e-56e4-4ce0-9904-3beddedf35a5 req-0911841e-56e4-4ce0-9904-3beddedf35a5 ] Request (ServerDiagnosticsNegativeTest:tearDownClass): 200 GET http://10.180.1.21:9696/networking/v2.0/security-groups?tenant_id=02e664e76cc74fb08dad83396f402b39&name=default 0.105s
2025-02-04 16:43:02.981 62493 INFO tempest.lib.common.rest_client [req-2f149347-ac8e-44fa-9e4e-28464a1091a7 req-2f149347-ac8e-44fa-9e4e-28464a1091a7 ] Request (ImagesOneServerNegativeTestJSON:setUpClass): 200 GET http://10.180.1.21/compute/v2.1/servers/b5a9a89d-073d-4a54-b657-7d61984c4b44 0.115s
2025-02-04 16:43:03.024 62499 INFO tempest.lib.common.rest_client [req-f7adf190-64f4-4c35-9d99-4ee004529d64 req-f7adf190-64f4-4c35-9d99-4ee004529d64 ] Request (DeleteServersAdminTestJSON:test_delete_server_while_in_error_state): 200 GET http://10.180.1.21/compute/v2.1/servers/42e69190-caad-4602-9ecd-33cbb5381f81 0.054s
2025-02-04 16:43:03.073 62491 INFO tempest.lib.common.rest_client [req-ab8cde16-f588-4284-8fc2-956975e5c36a req-ab8cde16-f588-4284-8fc2-956975e5c36a ] Request (VolumesAdminNegativeTest:test_update_attached_volume_with_nonexistent_volume_in_body): 200 GET http://10.180.1.21/compute/v2.1/servers/aa4c0608-6490-472f-8867-60d5ef2cd306 0.065s
2025-02-04 16:43:03.081 62491 INFO tempest.common.waiters [-] State transition "BUILD/scheduling" ==> "BUILD/None" after 27 second wait
2025-02-04 16:43:03.093 62465 INFO tempest.lib.common.rest_client [req-8c7d0e71-c151-4947-aca4-87667fafc683 req-8c7d0e71-c151-4947-aca4-87667fafc683 ] Request (ServerDiagnosticsNegativeTest:tearDownClass): 204 DELETE http://10.180.1.21:9696/networking/v2.0/security-groups/af8966f8-98a4-4044-9f19-d20ba84e3847 0.133s
2025-02-04 16:43:03.118 62509 INFO tempest.lib.common.rest_client [req-0c26e66f-6ab7-455f-a96f-1fd1fa5c218a req-0c26e66f-6ab7-455f-a96f-1fd1fa5c218a ] Request (ImagesNegativeTestJSON:test_create_image_from_deleted_server): 200 GET http://10.180.1.21/compute/v2.1/servers/1bdbc274-c72a-4baf-b6a1-7a96117eb3c3 0.097s
2025-02-04 16:43:03.119 62507 INFO tempest.lib.common.rest_client [req-d3027bc4-ee19-4fed-8d67-11a3cddc09e1 req-d3027bc4-ee19-4fed-8d67-11a3cddc09e1 ] Request (ServerRescueTestJSON:setUpClass): 200 GET http://10.180.1.21/compute/v2.1/servers/6cdf32dc-6bc1-4892-9529-ebb4c7f27be6 0.156s
2025-02-04 16:43:03.155 62465 INFO tempest.lib.common.rest_client [req-f05b5a47-33bd-4cc6-8b1b-ffff0a1643fa req-f05b5a47-33bd-4cc6-8b1b-ffff0a1643fa ] Request (ServerDiagnosticsNegativeTest:tearDownClass): 204 DELETE http://10.180.1.21/identity/v3/projects/02e664e76cc74fb08dad83396f402b39 0.062s
2025-02-04 16:43:03.156 62465 INFO tempest.lib.common.dynamic_creds [-] Deleting project and security group for project: baa3a4b09c12415c99a16d320971c017
2025-02-04 16:43:03.164 62515 INFO tempest.lib.common.rest_client [req-7546c232-e519-4b7a-a1ad-d3e1a1cf94af req-7546c232-e519-4b7a-a1ad-d3e1a1cf94af ] Request (ImagesOneServerTestJSON:setUpClass): 200 GET http://10.180.1.21/compute/v2.1/servers/b60e63ef-c64f-4c24-96dd-09b3128c43d8 0.099s
2025-02-04 16:43:03.168 62469 INFO tempest.lib.common.rest_client [req-688756c3-8cfb-4dcb-9258-837be7869853 req-688756c3-8cfb-4dcb-9258-837be7869853 ] Request (ServersTestJSON:setUpClass): 200 GET http://10.180.1.21/compute/v2.1/servers/00a3ea06-f1c6-4221-8704-f6eb1f966e12 0.093s
2025-02-04 16:43:03.214 62501 INFO tempest.lib.common.rest_client [req-cd5c81fd-c296-4006-87de-f12a14ef0fca req-cd5c81fd-c296-4006-87de-f12a14ef0fca ] Request (FloatingIPsAssociationTestJSON:setUpClass): 200 GET http://10.180.1.21/compute/v2.1/servers/08705d00-016c-46fb-9ede-84761442cfb0 0.088s
2025-02-04 16:43:03.214 62471 INFO tempest.lib.common.rest_client [req-bb2b1f44-0665-4f27-a240-3ec35975116d req-bb2b1f44-0665-4f27-a240-3ec35975116d ] Request (AttachInterfacesTestJSON:test_create_list_show_delete_interfaces_by_fixed_ip): 200 GET http://10.180.1.21/compute/v2.1/servers/e4029453-3d83-4dab-926a-9a09fa94dbb9 0.091s
2025-02-04 16:43:03.266 62505 INFO tempest.lib.common.rest_client [req-0a10c206-0039-4abf-b0d3-14591a7e3616 req-0a10c206-0039-4abf-b0d3-14591a7e3616 ] Request (ServersAdminTestJSON:test_create_server_with_scheduling_hint): 200 GET http://10.180.1.21/compute/v2.1/servers/3b754c22-40a3-4580-b68c-2a2032fa4ce6 0.097s
2025-02-04 16:43:03.267 62467 INFO tempest.lib.common.rest_client [req-9ae65325-fc36-4aa6-949e-34b74a2dc52b req-9ae65325-fc36-4aa6-949e-34b74a2dc52b ] Request (ServersNegativeTestMultiTenantJSON:tearDownClass): 200 GET http://10.180.1.21/compute/v2.1/servers/61efc1e0-c83b-4f6f-8223-b0b93a1e393d 0.089s
2025-02-04 16:43:03.274 62465 INFO tempest.lib.common.rest_client [req-89319e91-5ae4-4714-9254-ad3952809421 req-89319e91-5ae4-4714-9254-ad3952809421 ] Request (ServerDiagnosticsNegativeTest:tearDownClass): 200 GET http://10.180.1.21:9696/networking/v2.0/security-groups?tenant_id=baa3a4b09c12415c99a16d320971c017&name=default 0.118s
2025-02-04 16:43:03.317 62457 INFO tempest.lib.common.rest_client [req-69bd63fe-6b36-498c-89c6-693f4ff71862 req-69bd63fe-6b36-498c-89c6-693f4ff71862 ] Request (ServerActionsTestJSON:setUpClass): 200 GET http://10.180.1.21/compute/v2.1/servers/e1896db5-a141-41cb-9b57-193a21929bf2 0.085s
2025-02-04 16:43:03.324 62511 INFO tempest.lib.common.rest_client [req-71b16d6a-1746-40d2-9a07-97d2ee365338 req-71b16d6a-1746-40d2-9a07-97d2ee365338 ] Request (InstanceActionsTestJSON:tearDownClass): 200 GET http://10.180.1.21/compute/v2.1/servers/e3ca3a65-1287-4bd2-b350-bd35860f1613 0.101s
2025-02-04 16:43:03.363 62463 INFO tempest.lib.common.rest_client [req-1f36c916-9646-4b79-bb6e-877bbf754753 req-1f36c916-9646-4b79-bb6e-877bbf754753 ] Request (ServerDiskConfigTestJSON:test_rebuild_server_with_manual_disk_config): 200 GET http://10.180.1.21/compute/v2.1/servers/92af2777-1c19-4941-9c96-ff365aaa561a 0.080s
2025-02-04 16:43:03.390 62473 INFO tempest.lib.common.rest_client [req-d3eee2ec-a878-49c1-b05f-57bf06a7c53c req-d3eee2ec-a878-49c1-b05f-57bf06a7c53c ] Request (ServersTestBootFromVolume:setUpClass): 200 GET http://10.180.1.21/compute/v2.1/servers/9ffd2937-5684-4155-a792-dc471683e55b 0.060s
2025-02-04 16:43:03.404 62465 INFO tempest.lib.common.rest_client [req-7470a6eb-474f-43fc-ba33-647743a016b2 req-7470a6eb-474f-43fc-ba33-647743a016b2 ] Request (ServerDiagnosticsNegativeTest:tearDownClass): 204 DELETE http://10.180.1.21:9696/networking/v2.0/security-groups/68b0eab0-edfd-4593-bea2-8ff940afd586 0.129s
2025-02-04 16:43:03.436 62459 INFO tempest.lib.common.rest_client [req-554c925d-50a7-4687-8ccd-7753818029e4 req-554c925d-50a7-4687-8ccd-7753818029e4 ] Request (AttachInterfacesUnderV243Test:test_add_remove_fixed_ip): 200 GET http://10.180.1.21/compute/v2.1/servers/5bdbadb9-e221-4ba8-a537-2d60e9024702 0.064s
2025-02-04 16:43:03.502 62465 INFO tempest.lib.common.rest_client [req-6635f808-4d90-49d5-9908-18c62c73f987 req-6635f808-4d90-49d5-9908-18c62c73f987 ] Request (ServerDiagnosticsNegativeTest:tearDownClass): 204 DELETE http://10.180.1.21/identity/v3/projects/baa3a4b09c12415c99a16d320971c017 0.097s
2025-02-04 16:43:03.524 62461 INFO tempest.lib.common.rest_client [req-d7a0c8ac-ea26-421a-85e9-38a7b11f5fa5 req-d7a0c8ac-ea26-421a-85e9-38a7b11f5fa5 ] Request (ServersAdminNegativeTestJSON:tearDownClass): 200 GET http://10.180.1.21/compute/v2.1/servers/71c5aada-84ef-466e-830d-e9d0c83f7d91 0.069s
2025-02-04 16:43:03.567 62495 INFO tempest.lib.common.rest_client [req-b58f2d85-905f-4649-9f6c-13d49eaf33e9 req-b58f2d85-905f-4649-9f6c-13d49eaf33e9 ] Request (MigrationsAdminTest:test_list_migrations_in_flavor_resize_situation): 200 GET http://10.180.1.21/compute/v2.1/servers/c433d091-5d97-4757-8cb1-5b8de3e643b3 0.106s
2025-02-04 16:43:03.574 62465 INFO tempest.lib.common.rest_client [req-222fecc6-343e-4ec8-abb4-1991eac3b751 req-222fecc6-343e-4ec8-abb4-1991eac3b751 ] Request (FlavorsV2TestJSON:setUpClass): 201 POST http://10.180.1.21/identity/v3/auth/tokens 0.071s
2025-02-04 16:43:03.586 62475 INFO tempest.lib.common.rest_client [req-d660c02f-94e9-486a-a8c1-55ebf24a0ade req-d660c02f-94e9-486a-a8c1-55ebf24a0ade ] Request (ServersAdmin275Test:test_rebuild_update_server_275): 200 GET http://10.180.1.21/compute/v2.1/servers/3837c53d-0ae7-4f40-9c64-c352717ace8e 0.063s
2025-02-04 16:43:03.599 62475 INFO tempest.common.waiters [-] State transition "REBUILD/rebuild_spawning" ==> "ACTIVE/None" after 11 second wait
2025-02-04 16:43:03.607 62465 INFO tempest.lib.common.rest_client [req-cb82acf5-3457-473f-9281-bddf3475b85e req-cb82acf5-3457-473f-9281-bddf3475b85e ] Request (FlavorsV2TestJSON:setUpClass): 201 POST http://10.180.1.21/identity/v3/auth/tokens 0.028s
2025-02-04 16:43:03.621 62453 INFO tempest.lib.common.rest_client [req-5136498e-6a38-4f74-a567-304f737cfb48 req-5136498e-6a38-4f74-a567-304f737cfb48 ] Request (ServersNegativeTestJSON:setUpClass): 200 GET http://10.180.1.21/compute/v2.1/servers/5a634095-dad5-4b90-8905-196b1452ef19 0.060s
2025-02-04 16:43:03.635 62465 INFO tempest.lib.common.rest_client [req-f057205f-95e2-4bba-b9ea-1477e0e6395c req-f057205f-95e2-4bba-b9ea-1477e0e6395c ] Request (FlavorsV2TestJSON:setUpClass): 200 GET http://10.180.1.21/identity/v3/domains?name=Default 0.028s
2025-02-04 16:43:03.664 62465 INFO tempest.lib.common.rest_client [req-6bf02989-d947-45b7-8530-daeb7b415f9c req-6bf02989-d947-45b7-8530-daeb7b415f9c ] Request (FlavorsV2TestJSON:setUpClass): 201 POST http://10.180.1.21/identity/v3/projects 0.029s
2025-02-04 16:43:03.722 62465 INFO tempest.lib.common.rest_client [req-d590e383-e0e4-414b-8200-156ddda2a5ee req-d590e383-e0e4-414b-8200-156ddda2a5ee ] Request (FlavorsV2TestJSON:setUpClass): 201 POST http://10.180.1.21/identity/v3/users 0.057s
2025-02-04 16:43:03.742 62465 INFO tempest.lib.common.rest_client [req-836bff4e-14ce-4887-9868-0c0406e36441 req-836bff4e-14ce-4887-9868-0c0406e36441 ] Request (FlavorsV2TestJSON:setUpClass): 200 GET http://10.180.1.21/identity/v3/roles 0.019s
2025-02-04 16:43:03.767 62465 INFO tempest.lib.common.rest_client [req-0cc1d789-2c8d-4245-a06e-b83ba13d772f req-0cc1d789-2c8d-4245-a06e-b83ba13d772f ] Request (FlavorsV2TestJSON:setUpClass): 204 PUT http://10.180.1.21/identity/v3/projects/23784110e32044ffa25bf5810adb7d27/users/02f6d1bbb539479a936e269da4ce93c5/roles/6bf3a5ffc63c43718135c387e4392b31 0.024s
2025-02-04 16:43:03.767 62465 INFO tempest.lib.common.dynamic_creds [-] Dynamic test user 02f6d1bbb539479a936e269da4ce93c5 is created with scope project and roles: ['member']
2025-02-04 16:43:03.768 62465 INFO tempest.lib.common.dynamic_creds [-] Acquired dynamic creds: credentials: Credentials: {'domain_id': 'default', 'domain_name': 'Default', 'username': 'tempest-FlavorsV2TestJSON-1281977084-project-member', 'project_domain_id': 'default', 'project_domain_name': 'Default', 'project_id': '23784110e32044ffa25bf5810adb7d27', 'project_name': 'tempest-FlavorsV2TestJSON-1281977084', 'tenant_id': '23784110e32044ffa25bf5810adb7d27', 'tenant_name': 'tempest-FlavorsV2TestJSON-1281977084', 'user_domain_id': 'default', 'user_domain_name': 'Default', 'user_id': '02f6d1bbb539479a936e269da4ce93c5', 'system': None}, Network: None, Subnet: None, Router: None
2025-02-04 16:43:03.768 62465 INFO tempest.lib.common.dynamic_creds [-] Created isolated network resources for: credentials: Credentials: {'domain_id': 'default', 'domain_name': 'Default', 'username': 'tempest-FlavorsV2TestJSON-1281977084-project-member', 'project_domain_id': 'default', 'project_domain_name': 'Default', 'project_id': '23784110e32044ffa25bf5810adb7d27', 'project_name': 'tempest-FlavorsV2TestJSON-1281977084', 'tenant_id': '23784110e32044ffa25bf5810adb7d27', 'tenant_name': 'tempest-FlavorsV2TestJSON-1281977084', 'user_domain_id': 'default', 'user_domain_name': 'Default', 'user_id': '02f6d1bbb539479a936e269da4ce93c5', 'system': None}, Network: None, Subnet: None, Router: None
2025-02-04 16:43:03.838 62479 INFO tempest.lib.common.rest_client [req-692d953d-b06a-45db-90c5-a6ea8a64a1a7 req-692d953d-b06a-45db-90c5-a6ea8a64a1a7 ] Request (ListServersNegativeTestJSON:tearDownClass): 200 GET http://10.180.1.21/compute/v2.1/servers/f4b98389-d22d-4c33-850c-84d366fdff60 0.066s
2025-02-04 16:43:03.844 62465 INFO tempest.lib.common.rest_client [req-6e03615a-4b33-454c-a4a2-9b7838c091c2 req-6e03615a-4b33-454c-a4a2-9b7838c091c2 ] Request (FlavorsV2TestJSON:setUpClass): 201 POST http://10.180.1.21/identity/v3/auth/tokens 0.073s
2025-02-04 16:43:03.916 62465 INFO tempest.lib.common.rest_client [req-eb742e7b-788d-4333-ba9e-50a2840ed71b req-eb742e7b-788d-4333-ba9e-50a2840ed71b ] Request (FlavorsV2TestJSON:test_get_flavor): 200 GET http://10.180.1.21/compute/v2.1/flavors/42 0.071s
2025-02-04 16:43:03.957 62475 INFO tempest.lib.common.rest_client [req-fc5feb04-eb9b-4e4b-bfae-d347ab3969c7 req-fc5feb04-eb9b-4e4b-bfae-d347ab3969c7 ] Request (ServersAdmin275Test:test_rebuild_update_server_275): 202 POST http://10.180.1.21/compute/v2.1/servers/3837c53d-0ae7-4f40-9c64-c352717ace8e/action 0.357s
2025-02-04 16:43:03.963 62503 INFO tempest.lib.common.rest_client [req-40da93fb-25ec-4fa6-93a5-abf9d6a59178 req-40da93fb-25ec-4fa6-93a5-abf9d6a59178 ] Request (ServerShowV247Test:test_update_rebuild_list_server): 200 GET http://10.180.1.21/compute/v2.1/servers/744161c8-9035-4da3-99c2-c7929bbc2669 0.061s
2025-02-04 16:43:03.978 62465 INFO tempest.lib.common.rest_client [req-2cf82d0d-3ade-4be8-a300-2e63fcca4380 req-2cf82d0d-3ade-4be8-a300-2e63fcca4380 ] Request (FlavorsV2TestJSON:test_list_flavors): 200 GET http://10.180.1.21/compute/v2.1/flavors 0.058s
2025-02-04 16:43:04.007 62513 INFO tempest.lib.common.rest_client [req-b71e2d71-4bd7-48c7-9818-d5b67168e428 req-b71e2d71-4bd7-48c7-9818-d5b67168e428 ] Request (SecurityGroupsTestJSON:test_server_security_groups): 200 GET http://10.180.1.21/compute/v2.1/servers/914ddb59-3ddd-499c-8181-76bd7f90b0f5 0.046s
2025-02-04 16:43:04.023 62465 INFO tempest.lib.common.rest_client [req-4ef3d2c6-f557-4f3e-9fbe-a1b3f2354772 req-4ef3d2c6-f557-4f3e-9fbe-a1b3f2354772 ] Request (FlavorsV2TestJSON:test_list_flavors): 200 GET http://10.180.1.21/compute/v2.1/flavors/42 0.041s
2025-02-04 16:43:04.118 62493 INFO tempest.lib.common.rest_client [req-605b71f0-d602-404c-ad9b-90579ed82417 req-605b71f0-d602-404c-ad9b-90579ed82417 ] Request (ImagesOneServerNegativeTestJSON:setUpClass): 200 GET http://10.180.1.21/compute/v2.1/servers/b5a9a89d-073d-4a54-b657-7d61984c4b44 0.129s
2025-02-04 16:43:04.137 62465 INFO tempest.lib.common.rest_client [req-f6a7a06b-fdb1-404b-b966-583060b39986 req-f6a7a06b-fdb1-404b-b966-583060b39986 ] Request (FlavorsV2TestJSON:test_list_flavors_detailed_filter_by_min_disk): 200 GET http://10.180.1.21/compute/v2.1/flavors/42 0.110s
2025-02-04 16:43:04.181 62499 INFO tempest.lib.common.rest_client [req-e4d0942a-452f-4bf0-baa0-05cd3b6c6c8f req-e4d0942a-452f-4bf0-baa0-05cd3b6c6c8f ] Request (DeleteServersAdminTestJSON:test_delete_server_while_in_error_state): 200 GET http://10.180.1.21/compute/v2.1/servers/42e69190-caad-4602-9ecd-33cbb5381f81 0.150s
2025-02-04 16:43:04.230 62491 INFO tempest.lib.common.rest_client [req-aca04d39-520e-4682-b81e-e50dcb579c86 req-aca04d39-520e-4682-b81e-e50dcb579c86 ] Request (VolumesAdminNegativeTest:test_update_attached_volume_with_nonexistent_volume_in_body): 200 GET http://10.180.1.21/compute/v2.1/servers/aa4c0608-6490-472f-8867-60d5ef2cd306 0.147s
2025-02-04 16:43:04.266 62475 INFO tempest.lib.common.rest_client [req-789571f1-5de4-4d82-a197-482196f86d4c req-789571f1-5de4-4d82-a197-482196f86d4c ] Request (ServersAdmin275Test:_run_cleanups): 200 GET http://10.180.1.21/compute/v2.1/servers/3837c53d-0ae7-4f40-9c64-c352717ace8e 0.299s
2025-02-04 16:43:04.273 62509 INFO tempest.lib.common.rest_client [req-51211cb1-3a33-4ca4-b9a1-9cb0a057c0d9 req-51211cb1-3a33-4ca4-b9a1-9cb0a057c0d9 ] Request (ImagesNegativeTestJSON:test_create_image_from_deleted_server): 200 GET http://10.180.1.21/compute/v2.1/servers/1bdbc274-c72a-4baf-b6a1-7a96117eb3c3 0.147s
2025-02-04 16:43:04.297 62465 INFO tempest.lib.common.rest_client [req-fd7be0c2-3192-4027-998d-a5415f2d7217 req-fd7be0c2-3192-4027-998d-a5415f2d7217 ] Request (FlavorsV2TestJSON:test_list_flavors_detailed_filter_by_min_disk): 200 GET http://10.180.1.21/compute/v2.1/flavors/detail?minDisk=2 0.158s
