2025-02-04 16:42:22.936 62495 INFO tempest.lib.common.rest_client [req-abdfa684-5c9e-41cc-90a4-824d014a8d59 req-abdfa684-5c9e-41cc-90a4-824d014a8d59 ] Request (MigrationsAdminTest:test_list_migrations_in_flavor_resize_situation): 200 GET http://10.180.1.21/compute/v2.1/servers/c433d091-5d97-4757-8cb1-5b8de3e643b3 0.844s
2025-02-04 16:42:22.972 62511 INFO tempest.lib.common.rest_client [req-e4ed5091-9b7e-4240-97a5-085107c92360 req-e4ed5091-9b7e-4240-97a5-085107c92360 ] Request (InstanceActionsTestJSON:test_get_instance_action): 200 GET http://10.180.1.21/compute/v2.1/servers/e3ca3a65-1287-4bd2-b350-bd35860f1613/os-instance-actions/req-123e7027-ea94-4a44-bed9-7035e6ab7c68 0.795s
2025-02-04 16:42:22.983 62467 INFO tempest.lib.common.rest_client [req-7fadaa13-d57a-4ab0-8c09-26fbf5761295 req-7fadaa13-d57a-4ab0-8c09-26fbf5761295 ] Request (ServersNegativeTestMultiTenantJSON:setUpClass): 200 GET http://10.180.1.21/compute/v2.1/servers/61efc1e0-c83b-4f6f-8223-b0b93a1e393d 0.937s
2025-02-04 16:42:22.991 62491 INFO tempest.lib.common.rest_client [req-4873f4a4-d2c3-44e6-b3a6-81d39035e390 req-4873f4a4-d2c3-44e6-b3a6-81d39035e390 ] Request (HypervisorAdminNegativeTestJSON:tearDownClass): 204 DELETE http://10.180.1.21/identity/v3/projects/4fafb9343daf4700b15fed99058070b5 0.085s
2025-02-04 16:42:23.005 62459 INFO tempest.lib.common.rest_client [req-17588830-b3e8-4734-b689-6998c3500481 req-17588830-b3e8-4734-b689-6998c3500481 ] Request (ImagesDeleteNegativeTestJSON:tearDownClass): 204 DELETE http://10.180.1.21:9696/networking/v2.0/security-groups/8d8838af-59e8-4e07-933f-2eb528333078 0.286s
2025-02-04 16:42:23.006 62487 INFO tempest.lib.common.rest_client [req-12deb7b3-853c-47e4-93d3-22fb55677b69 req-12deb7b3-853c-47e4-93d3-22fb55677b69 ] Request (FlavorsAdminTestJSON:test_list_non_public_flavor): 200 GET http://10.180.1.21/compute/v2.1/flavors/detail 0.807s
2025-02-04 16:42:23.014 62455 INFO tempest.lib.common.rest_client [req-8605a526-135a-44e4-b756-5eef45a3ad98 req-8605a526-135a-44e4-b756-5eef45a3ad98 ] Request (AZV2TestJSON:tearDownClass): 200 GET http://10.180.1.21:9696/networking/v2.0/security-groups?tenant_id=fabd4885b17b48f5a94fd897b6945890&name=default 0.169s
2025-02-04 16:42:23.064 62491 INFO tempest.lib.common.rest_client [req-e91b88c6-e778-4bdb-a3ef-f4f299833ae3 req-e91b88c6-e778-4bdb-a3ef-f4f299833ae3 ] Request (VolumesAdminNegativeTest:setUpClass): 201 POST http://10.180.1.21/identity/v3/auth/tokens 0.071s
2025-02-04 16:42:23.076 62503 INFO tempest.lib.common.rest_client [req-59ceeed3-6863-453b-8c98-80d70f31339e req-59ceeed3-6863-453b-8c98-80d70f31339e ] Request (ServerShowV247Test:test_update_rebuild_list_server): 200 GET http://10.180.1.21/compute/v2.1/servers/744161c8-9035-4da3-99c2-c7929bbc2669 0.724s
2025-02-04 16:42:23.079 62479 INFO tempest.lib.common.rest_client [req-88a811f6-463d-4581-867c-b5ac36f41085 req-88a811f6-463d-4581-867c-b5ac36f41085 ] Request (ListServersNegativeTestJSON:setUpClass): 200 GET http://10.180.1.21/compute/v2.1/servers/de928602-9c69-45f7-956a-af2d73893f77 0.787s
2025-02-04 16:42:23.093 62459 INFO tempest.lib.common.rest_client [req-dd08479a-046d-40f7-a368-1a31c5d5de3b req-dd08479a-046d-40f7-a368-1a31c5d5de3b ] Request (ImagesDeleteNegativeTestJSON:tearDownClass): 204 DELETE http://10.180.1.21/identity/v3/projects/f7793557f1b34241b4a3d54c1a51b343 0.087s
2025-02-04 16:42:23.130 62493 INFO tempest.lib.common.rest_client [req-26fc9f7f-06d7-4ac4-b6d4-41f7f76d2749 req-26fc9f7f-06d7-4ac4-b6d4-41f7f76d2749 ] Request (ImagesOneServerNegativeTestJSON:setUpClass): 200 GET http://10.180.1.21/compute/v2.1/servers/b5a9a89d-073d-4a54-b657-7d61984c4b44 0.751s
2025-02-04 16:42:23.132 62455 INFO tempest.lib.common.rest_client [req-ab8b71b8-ad15-44fd-bdfa-3d7f96465d97 req-ab8b71b8-ad15-44fd-bdfa-3d7f96465d97 ] Request (AZV2TestJSON:tearDownClass): 204 DELETE http://10.180.1.21:9696/networking/v2.0/security-groups/8e3ac9ad-5cf9-4c51-bc89-a4a522a097eb 0.115s
2025-02-04 16:42:23.146 62493 INFO tempest.common.waiters [-] State transition "BUILD/scheduling" ==> "BUILD/None" after 18 second wait
2025-02-04 16:42:23.146 62461 INFO tempest.lib.common.rest_client [req-f61c08a8-05a0-49f6-b94e-25d3df61b904 req-f61c08a8-05a0-49f6-b94e-25d3df61b904 ] Request (ServersAdminNegativeTestJSON:test_migrate_server_invalid_state): 200 GET http://10.180.1.21/compute/v2.1/servers/71c5aada-84ef-466e-830d-e9d0c83f7d91 0.739s
2025-02-04 16:42:23.149 62491 INFO tempest.lib.common.rest_client [req-6f2c75de-3b3d-43d7-abd0-3ff67d8a1e4d req-6f2c75de-3b3d-43d7-abd0-3ff67d8a1e4d ] Request (VolumesAdminNegativeTest:setUpClass): 201 POST http://10.180.1.21/identity/v3/auth/tokens 0.081s
2025-02-04 16:42:23.167 62459 INFO tempest.lib.common.rest_client [req-5fa8ca29-5da3-435a-bdaa-be2227fda5ac req-5fa8ca29-5da3-435a-bdaa-be2227fda5ac ] Request (AttachInterfacesUnderV243Test:setUpClass): 201 POST http://10.180.1.21/identity/v3/auth/tokens 0.072s
2025-02-04 16:42:23.201 62455 INFO tempest.lib.common.rest_client [req-7547e3cd-b714-4cab-bfd4-447f5b1fe346 req-7547e3cd-b714-4cab-bfd4-447f5b1fe346 ] Request (AZV2TestJSON:tearDownClass): 204 DELETE http://10.180.1.21/identity/v3/projects/fabd4885b17b48f5a94fd897b6945890 0.069s
2025-02-04 16:42:23.259 62491 INFO tempest.lib.common.rest_client [req-8e978184-8f8e-4d71-8dae-3a1f285bd446 req-8e978184-8f8e-4d71-8dae-3a1f285bd446 ] Request (VolumesAdminNegativeTest:setUpClass): 200 GET http://10.180.1.21/identity/v3/domains?name=Default 0.110s
2025-02-04 16:42:23.269 62457 INFO tempest.lib.common.rest_client [req-c29038c7-71d9-4e91-8595-f9036f1a3ff3 req-c29038c7-71d9-4e91-8595-f9036f1a3ff3 ] Request (SecurityGroupRulesNegativeTestJSON:tearDownClass): 204 DELETE http://10.180.1.21:9696/networking/v2.0/routers/8ba83d4f-6955-4ef8-ae2d-fd4449092621 0.982s
2025-02-04 16:42:23.285 62459 INFO tempest.lib.common.rest_client [req-82a9f3b3-2753-42d7-82a7-8b74c03809d3 req-82a9f3b3-2753-42d7-82a7-8b74c03809d3 ] Request (AttachInterfacesUnderV243Test:setUpClass): 201 POST http://10.180.1.21/identity/v3/auth/tokens 0.115s
2025-02-04 16:42:23.320 62469 INFO tempest.lib.common.rest_client [req-ba3e4208-4bd0-4b70-8f37-a1feabf88492 req-ba3e4208-4bd0-4b70-8f37-a1feabf88492 ] Request (QuotaClassesAdminTestJSON:test_update_default_quotas): 200 GET http://10.180.1.21/compute/v2.1/os-quota-class-sets/default 0.897s
2025-02-04 16:42:23.339 62491 INFO tempest.lib.common.rest_client [req-f912166d-f7fa-461e-80db-04d2adde3881 req-f912166d-f7fa-461e-80db-04d2adde3881 ] Request (VolumesAdminNegativeTest:setUpClass): 201 POST http://10.180.1.21/identity/v3/projects 0.079s
2025-02-04 16:42:23.385 62507 INFO tempest.lib.common.rest_client [req-1db1baa0-79eb-4cda-978e-b9b6bd2498ad req-1db1baa0-79eb-4cda-978e-b9b6bd2498ad ] Request (ServerRescueTestJSON:setUpClass): 200 GET http://10.180.1.21/compute/v2.1/servers/6cdf32dc-6bc1-4892-9529-ebb4c7f27be6 0.932s
2025-02-04 16:42:23.392 62497 INFO tempest.lib.common.rest_client [req-cb15cb6c-5a63-4d9a-b269-5ef6be8de415 req-cb15cb6c-5a63-4d9a-b269-5ef6be8de415 ] Request (QuotasAdminNegativeTest:test_create_server_when_memory_quota_is_full): 200 GET http://10.180.1.21/compute/v2.1/os-quota-sets/263e7ed21ea64a1baaf71fba6766a040 0.983s
2025-02-04 16:42:23.398 62459 INFO tempest.lib.common.rest_client [req-7766675b-e390-4226-9130-5a4a82cbe61d req-7766675b-e390-4226-9130-5a4a82cbe61d ] Request (AttachInterfacesUnderV243Test:setUpClass): 200 GET http://10.180.1.21/identity/v3/domains?name=Default 0.112s
2025-02-04 16:42:23.402 62457 INFO tempest.lib.common.rest_client [req-a21e3bd5-0e1f-4159-ba62-5d95e2af37f5 req-a21e3bd5-0e1f-4159-ba62-5d95e2af37f5 ] Request (SecurityGroupRulesNegativeTestJSON:tearDownClass): 204 DELETE http://10.180.1.21:9696/networking/v2.0/subnets/a58b01ee-abca-4ef6-9d90-e31ae73d4bed 0.133s
2025-02-04 16:42:23.403 62491 INFO tempest.lib.common.rest_client [req-20a39d4f-84ee-4358-991f-799c07831177 req-20a39d4f-84ee-4358-991f-799c07831177 ] Request (VolumesAdminNegativeTest:setUpClass): 201 POST http://10.180.1.21/identity/v3/users 0.064s
2025-02-04 16:42:23.426 62491 INFO tempest.lib.common.rest_client [req-da5d1c9e-13f2-4cac-83e9-d166722c4867 req-da5d1c9e-13f2-4cac-83e9-d166722c4867 ] Request (VolumesAdminNegativeTest:setUpClass): 200 GET http://10.180.1.21/identity/v3/roles 0.022s
2025-02-04 16:42:23.433 62459 INFO tempest.lib.common.rest_client [req-8eea2d99-aa79-40c5-b584-2da7eebaf68d req-8eea2d99-aa79-40c5-b584-2da7eebaf68d ] Request (AttachInterfacesUnderV243Test:setUpClass): 201 POST http://10.180.1.21/identity/v3/projects 0.035s
2025-02-04 16:42:23.450 62471 INFO tempest.lib.common.rest_client [req-9d395deb-bc74-4f90-9a9d-59ad08bc8ab6 req-9d395deb-bc74-4f90-9a9d-59ad08bc8ab6 ] Request (AttachInterfacesTestJSON:test_create_list_show_delete_interfaces_by_fixed_ip): 200 GET http://10.180.1.21/compute/v2.1/servers/e4029453-3d83-4dab-926a-9a09fa94dbb9 0.972s
2025-02-04 16:42:23.457 62481 INFO tempest.lib.common.rest_client [req-75854b77-808c-45c2-b272-caea5d55aa88 req-75854b77-808c-45c2-b272-caea5d55aa88 ] Request (ServersWithSpecificFlavorTestJSON:test_verify_created_server_ephemeral_disk): 200 GET http://10.180.1.21/compute/v2.1/servers/d6456961-ac87-45c8-a4b4-8a5fcff5a376 0.931s
2025-02-04 16:42:23.498 62491 INFO tempest.lib.common.rest_client [req-b7508f9a-ac83-4d87-b340-c92e5ab9fee0 req-b7508f9a-ac83-4d87-b340-c92e5ab9fee0 ] Request (VolumesAdminNegativeTest:setUpClass): 204 PUT http://10.180.1.21/identity/v3/projects/a129a593f0da405ebc811dec1c5f9647/users/d268c838773f4a7799546a99e74069cc/roles/6bf3a5ffc63c43718135c387e4392b31 0.072s
2025-02-04 16:42:23.499 62491 INFO tempest.lib.common.dynamic_creds [-] Dynamic test user d268c838773f4a7799546a99e74069cc is created with scope project and roles: ['member']
2025-02-04 16:42:23.499 62491 INFO tempest.lib.common.dynamic_creds [-] Acquired dynamic creds: credentials: Credentials: {'domain_id': 'default', 'domain_name': 'Default', 'username': 'tempest-VolumesAdminNegativeTest-1498912913-project-member', 'project_domain_id': 'default', 'project_domain_name': 'Default', 'project_id': 'a129a593f0da405ebc811dec1c5f9647', 'project_name': 'tempest-VolumesAdminNegativeTest-1498912913', 'tenant_id': 'a129a593f0da405ebc811dec1c5f9647', 'tenant_name': 'tempest-VolumesAdminNegativeTest-1498912913', 'user_domain_id': 'default', 'user_domain_name': 'Default', 'user_id': 'd268c838773f4a7799546a99e74069cc', 'system': None}, Network: None, Subnet: None, Router: None
2025-02-04 16:42:23.506 62459 INFO tempest.lib.common.rest_client [req-8358083b-aaa5-432a-9ec9-20ca52f4ded8 req-8358083b-aaa5-432a-9ec9-20ca52f4ded8 ] Request (AttachInterfacesUnderV243Test:setUpClass): 201 POST http://10.180.1.21/identity/v3/users 0.072s
2025-02-04 16:42:23.512 62485 INFO tempest.lib.common.rest_client [req-c63fac2b-b386-470f-956a-610a8fbe103a req-c63fac2b-b386-470f-956a-610a8fbe103a ] Request (InstanceActionsNegativeTestJSON:tearDownClass): 200 GET http://10.180.1.21/compute/v2.1/servers/174a0e1d-6bb8-4eec-b7dd-fba7c894eda3 0.907s
2025-02-04 16:42:23.522 62475 INFO tempest.lib.common.rest_client [req-e6e3008f-cf6b-4efd-bb00-b509fe4ce66b req-e6e3008f-cf6b-4efd-bb00-b509fe4ce66b ] Request (ServersAdmin275Test:test_rebuild_update_server_275): 200 GET http://10.180.1.21/compute/v2.1/servers/3837c53d-0ae7-4f40-9c64-c352717ace8e 0.853s
2025-02-04 16:42:23.525 62453 INFO tempest.lib.common.rest_client [req-36154d5d-f347-4f3c-842d-d94f8a620f2b req-36154d5d-f347-4f3c-842d-d94f8a620f2b ] Request (KeyPairsV22TestJSON:test_keypairs_create_list_delete): 200 GET http://10.180.1.21/compute/v2.1/os-keypairs 0.777s
2025-02-04 16:42:23.559 62459 INFO tempest.lib.common.rest_client [req-cc8e48b9-c4b8-47df-935f-ab8f162678c3 req-cc8e48b9-c4b8-47df-935f-ab8f162678c3 ] Request (AttachInterfacesUnderV243Test:setUpClass): 200 GET http://10.180.1.21/identity/v3/roles 0.052s
2025-02-04 16:42:23.574 62491 INFO tempest.lib.common.rest_client [req-cdff5232-72f1-4688-86ca-e90b1abf90d7 req-cdff5232-72f1-4688-86ca-e90b1abf90d7 ] Request (VolumesAdminNegativeTest:setUpClass): 201 POST http://10.180.1.21/identity/v3/auth/tokens 0.074s
2025-02-04 16:42:23.582 62499 INFO tempest.lib.common.rest_client [req-92c359c8-b18e-4315-a6b7-e065a1f2044a req-92c359c8-b18e-4315-a6b7-e065a1f2044a ] Request (DeleteServersAdminTestJSON:test_admin_delete_servers_of_others): 200 GET http://10.180.1.21/compute/v2.1/servers/fa20c5ec-ebc4-4c9a-a94a-2f6c9dd18a97 0.816s
2025-02-04 16:42:23.585 62505 INFO tempest.lib.common.rest_client [req-9ca4af31-059d-45cd-a0e4-2f2b7587901f req-9ca4af31-059d-45cd-a0e4-2f2b7587901f ] Request (ServersAdminTestJSON:test_create_server_with_scheduling_hint): 200 GET http://10.180.1.21/compute/v2.1/servers/3b754c22-40a3-4580-b68c-2a2032fa4ce6 0.804s
2025-02-04 16:42:23.590 62459 INFO tempest.lib.common.rest_client [req-6e83e4c2-3f10-4448-8ae7-236fb56c89a6 req-6e83e4c2-3f10-4448-8ae7-236fb56c89a6 ] Request (AttachInterfacesUnderV243Test:setUpClass): 204 PUT http://10.180.1.21/identity/v3/projects/179dd721b59740c29e96eb639c1e1741/users/da875e2de3cc4c6685e6e838bbb1693a/roles/6bf3a5ffc63c43718135c387e4392b31 0.031s
2025-02-04 16:42:23.591 62459 INFO tempest.lib.common.dynamic_creds [-] Dynamic test user da875e2de3cc4c6685e6e838bbb1693a is created with scope project and roles: ['member']
2025-02-04 16:42:23.591 62459 INFO tempest.lib.common.dynamic_creds [-] Acquired dynamic creds: credentials: Credentials: {'domain_id': 'default', 'domain_name': 'Default', 'username': 'tempest-AttachInterfacesUnderV243Test-1876525509-project-member', 'project_domain_id': 'default', 'project_domain_name': 'Default', 'project_id': '179dd721b59740c29e96eb639c1e1741', 'project_name': 'tempest-AttachInterfacesUnderV243Test-1876525509', 'tenant_id': '179dd721b59740c29e96eb639c1e1741', 'tenant_name': 'tempest-AttachInterfacesUnderV243Test-1876525509', 'user_domain_id': 'default', 'user_domain_name': 'Default', 'user_id': 'da875e2de3cc4c6685e6e838bbb1693a', 'system': None}, Network: None, Subnet: None, Router: None
2025-02-04 16:42:23.644 62515 INFO tempest.lib.common.rest_client [req-aaf6e09d-4e19-416a-b341-a840842f27ed req-aaf6e09d-4e19-416a-b341-a840842f27ed ] Request (ImagesOneServerTestJSON:setUpClass): 200 GET http://10.180.1.21/compute/v2.1/servers/b60e63ef-c64f-4c24-96dd-09b3128c43d8 0.781s
2025-02-04 16:42:23.674 62459 INFO tempest.lib.common.rest_client [req-0831b923-0a8d-49c4-9cf7-2a381cf4c55b req-0831b923-0a8d-49c4-9cf7-2a381cf4c55b ] Request (AttachInterfacesUnderV243Test:setUpClass): 201 POST http://10.180.1.21/identity/v3/auth/tokens 0.083s
2025-02-04 16:42:23.727 62501 INFO tempest.lib.common.rest_client [req-a00b7c29-63b0-408c-95bb-3f02acbda194 req-a00b7c29-63b0-408c-95bb-3f02acbda194 ] Request (TenantUsagesTestJSON:tearDownClass): 200 GET http://10.180.1.21/compute/v2.1/servers/6e36e9a4-d53a-453b-8bc9-f5b4a916ef9f 0.791s
2025-02-04 16:42:23.781 62513 INFO tempest.lib.common.rest_client [req-afc4f52e-7d59-46e1-98fc-2bbf21f6342d req-afc4f52e-7d59-46e1-98fc-2bbf21f6342d ] Request (SecurityGroupsTestJSON:test_security_groups_create_list_delete): 200 POST http://10.180.1.21/compute/v2.1/os-security-groups 0.959s
2025-02-04 16:42:23.788 62457 INFO tempest.lib.common.rest_client [req-8bd83088-a952-490c-a078-394f37e0b03a req-8bd83088-a952-490c-a078-394f37e0b03a ] Request (SecurityGroupRulesNegativeTestJSON:tearDownClass): 204 DELETE http://10.180.1.21:9696/networking/v2.0/networks/b7c4c795-cc78-4e27-a2b4-a6be727220af 0.385s
2025-02-04 16:42:23.805 62511 INFO tempest.lib.common.rest_client [req-63c8a762-9dac-4785-9e9a-b296ded7188e req-63c8a762-9dac-4785-9e9a-b296ded7188e ] Request (InstanceActionsTestJSON:test_list_instance_actions): 202 POST http://10.180.1.21/compute/v2.1/servers/e3ca3a65-1287-4bd2-b350-bd35860f1613/action 0.829s
2025-02-04 16:42:23.817 62487 INFO tempest.lib.common.rest_client [req-73b71d37-ee71-4d16-b150-67c148503590 req-73b71d37-ee71-4d16-b150-67c148503590 ] Request (FlavorsAdminTestJSON:test_list_non_public_flavor): 200 GET http://10.180.1.21/compute/v2.1/flavors/detail 0.805s
2025-02-04 16:42:23.872 62457 INFO tempest.lib.common.rest_client [req-4e8ba0d6-140b-4911-b2df-861dedaf49d3 req-4e8ba0d6-140b-4911-b2df-861dedaf49d3 ] Request (SecurityGroupRulesNegativeTestJSON:tearDownClass): 204 DELETE http://10.180.1.21/identity/v3/users/6ac4dd71158840d3b14e29499380165b 0.084s
2025-02-04 16:42:23.872 62457 INFO tempest.lib.common.dynamic_creds [-] Deleting project and security group for project: 81220fff510847378551f752801385b8
2025-02-04 16:42:23.899 62509 INFO tempest.lib.common.rest_client [req-16b5e239-5744-41f8-8dd2-0926a6c7c758 req-16b5e239-5744-41f8-8dd2-0926a6c7c758 ] Request (ServerDiagnosticsV248Test:tearDownClass): 200 GET http://10.180.1.21/compute/v2.1/servers/e77d47f9-e316-45ef-83fe-81fca36f2825 0.884s
2025-02-04 16:42:23.946 62457 INFO tempest.lib.common.rest_client [req-5fe39900-9391-4b9e-ab51-b09756a47d8b req-5fe39900-9391-4b9e-ab51-b09756a47d8b ] Request (SecurityGroupRulesNegativeTestJSON:tearDownClass): 200 GET http://10.180.1.21:9696/networking/v2.0/security-groups?tenant_id=81220fff510847378551f752801385b8&name=default 0.073s
2025-02-04 16:42:24.026 62469 INFO tempest.lib.common.rest_client [req-5ab87c8d-39d3-4245-83ac-1d40bfd810b2 req-5ab87c8d-39d3-4245-83ac-1d40bfd810b2 ] Request (QuotaClassesAdminTestJSON:test_update_default_quotas): 200 PUT http://10.180.1.21/compute/v2.1/os-quota-class-sets/default 0.704s
2025-02-04 16:42:24.034 62491 INFO tempest.lib.common.rest_client [req-cc0be0ae-a4d9-40fc-a447-d1e1796c5171 req-cc0be0ae-a4d9-40fc-a447-d1e1796c5171 ] Request (VolumesAdminNegativeTest:setUpClass): 201 POST http://10.180.1.21:9696/networking/v2.0/networks 0.459s
2025-02-04 16:42:24.074 62463 INFO tempest.lib.common.rest_client [req-300962b2-7b53-4ba4-aae9-d37bcf6be7c9 req-300962b2-7b53-4ba4-aae9-d37bcf6be7c9 ] Request (ServerDiskConfigTestJSON:test_rebuild_server_with_auto_disk_config): 200 GET http://10.180.1.21/compute/v2.1/servers/542181a5-325f-4f45-be66-f28929f5a323 0.893s
2025-02-04 16:42:24.080 62459 INFO tempest.lib.common.rest_client [req-60813e06-37e5-4b17-a677-cf2eafce1d11 req-60813e06-37e5-4b17-a677-cf2eafce1d11 ] Request (AttachInterfacesUnderV243Test:setUpClass): 201 POST http://10.180.1.21:9696/networking/v2.0/networks 0.405s
2025-02-04 16:42:24.145 62457 INFO tempest.lib.common.rest_client [req-928d0a5e-6e13-4a2c-9d6d-3e7c3ceda222 req-928d0a5e-6e13-4a2c-9d6d-3e7c3ceda222 ] Request (SecurityGroupRulesNegativeTestJSON:tearDownClass): 204 DELETE http://10.180.1.21:9696/networking/v2.0/security-groups/82d49cf6-c349-4fad-bf34-0d6c0a95b238 0.198s
2025-02-04 16:42:24.217 62497 INFO tempest.lib.common.rest_client [req-a2406ecb-d71d-4268-842d-f3078a764b19 req-a2406ecb-d71d-4268-842d-f3078a764b19 ] Request (QuotasAdminNegativeTest:test_create_server_when_memory_quota_is_full): 200 PUT http://10.180.1.21/compute/v2.1/os-quota-sets/263e7ed21ea64a1baaf71fba6766a040 0.823s
2025-02-04 16:42:24.275 62491 INFO tempest.lib.common.rest_client [req-4e4a3b56-a714-47c0-b4a4-e475a124e54b req-4e4a3b56-a714-47c0-b4a4-e475a124e54b ] Request (VolumesAdminNegativeTest:setUpClass): 201 POST http://10.180.1.21:9696/networking/v2.0/subnets 0.240s
2025-02-04 16:42:24.282 62457 INFO tempest.lib.common.rest_client [req-8a565b71-5851-4cb5-999b-3b3f5b24d0f0 req-8a565b71-5851-4cb5-999b-3b3f5b24d0f0 ] Request (SecurityGroupRulesNegativeTestJSON:tearDownClass): 204 DELETE http://10.180.1.21/identity/v3/projects/81220fff510847378551f752801385b8 0.136s
2025-02-04 16:42:24.285 62473 INFO tempest.lib.common.rest_client [req-7f6ae3ed-c40a-4f19-8316-e7ba9d9f6872 req-7f6ae3ed-c40a-4f19-8316-e7ba9d9f6872 ] Request (ServersTestBootFromVolume:setUpClass): 200 GET http://10.180.1.21/compute/v2.1/servers/9ffd2937-5684-4155-a792-dc471683e55b 0.804s
2025-02-04 16:42:24.294 62465 INFO tempest.lib.common.rest_client [req-6345937f-1903-428d-8304-f2ce4ab3c602 req-6345937f-1903-428d-8304-f2ce4ab3c602 ] Request (ServerDiagnosticsNegativeTest:test_get_server_diagnostics_by_non_admin): 200 GET http://10.180.1.21/compute/v2.1/servers/3950405b-22fe-436c-91c3-2a5f9b4779e9 0.874s
2025-02-04 16:42:24.302 62465 INFO tempest.common.waiters [-] State transition "BUILD/spawning" ==> "ACTIVE/None" after 38 second wait
2025-02-04 16:42:24.312 62453 INFO tempest.lib.common.rest_client [req-2fdc910d-39e6-41de-8ff8-4961a3b7d3ae req-2fdc910d-39e6-41de-8ff8-4961a3b7d3ae ] Request (KeyPairsV22TestJSON:_run_cleanups): 204 DELETE http://10.180.1.21/compute/v2.1/os-keypairs/tempest-KeyPairsV22TestJSON-keypair-1533465317 0.785s
2025-02-04 16:42:24.364 62457 INFO tempest.lib.common.rest_client [req-b2a2ec98-5710-45a2-8e89-4ea0fb8dd0be req-b2a2ec98-5710-45a2-8e89-4ea0fb8dd0be ] Request (ServerActionsTestJSON:setUpClass): 201 POST http://10.180.1.21/identity/v3/auth/tokens 0.080s
2025-02-04 16:42:24.374 62483 INFO tempest.lib.common.rest_client [req-e02cf5eb-4a1e-4cc8-84cd-c5d412366de2 req-e02cf5eb-4a1e-4cc8-84cd-c5d412366de2 ] Request (VolumesAssistedSnapshotsTest:test_volume_assisted_snapshot_create_delete): 200 GET http://10.180.1.21/compute/v2.1/servers/fadd9b66-0b47-4694-96dd-2ae88fc35b76 0.659s
2025-02-04 16:42:24.390 62459 INFO tempest.lib.common.rest_client [req-a5d19058-c08f-417a-b55c-36e999c93650 req-a5d19058-c08f-417a-b55c-36e999c93650 ] Request (AttachInterfacesUnderV243Test:setUpClass): 201 POST http://10.180.1.21:9696/networking/v2.0/subnets 0.309s
2025-02-04 16:42:24.404 62457 INFO tempest.lib.common.rest_client [req-786391c6-a15e-4ede-a4c2-2f09873a5650 req-786391c6-a15e-4ede-a4c2-2f09873a5650 ] Request (ServerActionsTestJSON:setUpClass): 201 POST http://10.180.1.21/identity/v3/auth/tokens 0.036s
2025-02-04 16:42:24.432 62457 INFO tempest.lib.common.rest_client [req-460a9672-6a3a-45d5-8c12-1dc4ef076e94 req-460a9672-6a3a-45d5-8c12-1dc4ef076e94 ] Request (ServerActionsTestJSON:setUpClass): 200 GET http://10.180.1.21/identity/v3/domains?name=Default 0.026s
2025-02-04 16:42:24.447 62497 INFO tempest.lib.common.rest_client [req-30c5cf9a-b0fc-4b9e-9e7b-2c32136fec14 req-30c5cf9a-b0fc-4b9e-9e7b-2c32136fec14 ] Request (QuotasAdminNegativeTest:test_create_server_when_memory_quota_is_full): 201 POST http://10.180.1.21/identity/v3/auth/tokens 0.225s
2025-02-04 16:42:24.447 62497 INFO tempest.lib.common.fixed_network [-] (QuotasAdminNegativeTest:test_create_server_when_memory_quota_is_full) Found network None available for tenant
2025-02-04 16:42:24.466 62457 INFO tempest.lib.common.rest_client [req-d9382594-b393-45d9-bba5-09a0ad4f3677 req-d9382594-b393-45d9-bba5-09a0ad4f3677 ] Request (ServerActionsTestJSON:setUpClass): 201 POST http://10.180.1.21/identity/v3/projects 0.033s
2025-02-04 16:42:24.493 62513 INFO tempest.lib.common.rest_client [req-53707b03-3002-48ce-b34a-91df35af3739 req-53707b03-3002-48ce-b34a-91df35af3739 ] Request (SecurityGroupsTestJSON:test_security_groups_create_list_delete): 200 GET http://10.180.1.21/compute/v2.1/os-security-groups 0.708s
2025-02-04 16:42:24.520 62487 INFO tempest.lib.common.rest_client [req-e4c683d7-7bc5-4ef6-8895-2a08d287876c req-e4c683d7-7bc5-4ef6-8895-2a08d287876c ] Request (FlavorsAdminTestJSON:_run_cleanups): 202 DELETE http://10.180.1.21/compute/v2.1/flavors/1425623325 0.696s
2025-02-04 16:42:24.547 62457 INFO tempest.lib.common.rest_client [req-1c7f9f29-cf72-44be-a4d6-6f867581775f req-1c7f9f29-cf72-44be-a4d6-6f867581775f ] Request (ServerActionsTestJSON:setUpClass): 201 POST http://10.180.1.21/identity/v3/users 0.081s
2025-02-04 16:42:24.560 62511 INFO tempest.lib.common.rest_client [req-b90f429c-e1ca-44b8-aa79-c34dd4d2c04e req-b90f429c-e1ca-44b8-aa79-c34dd4d2c04e ] Request (InstanceActionsTestJSON:test_list_instance_actions): 200 GET http://10.180.1.21/compute/v2.1/servers/e3ca3a65-1287-4bd2-b350-bd35860f1613 0.754s
2025-02-04 16:42:24.574 62457 INFO tempest.lib.common.rest_client [req-5615ee1c-6b37-47ae-bdf2-ea27c96e8a14 req-5615ee1c-6b37-47ae-bdf2-ea27c96e8a14 ] Request (ServerActionsTestJSON:setUpClass): 200 GET http://10.180.1.21/identity/v3/roles 0.027s
2025-02-04 16:42:24.609 62457 INFO tempest.lib.common.rest_client [req-e5957121-7a12-4da1-8966-49d9c2cf52e6 req-e5957121-7a12-4da1-8966-49d9c2cf52e6 ] Request (ServerActionsTestJSON:setUpClass): 204 PUT http://10.180.1.21/identity/v3/projects/0d05750f53a84aeda370c5507279438a/users/8f1eee52848f4ec9958a2f069e1abe83/roles/6bf3a5ffc63c43718135c387e4392b31 0.033s
2025-02-04 16:42:24.609 62457 INFO tempest.lib.common.dynamic_creds [-] Dynamic test user 8f1eee52848f4ec9958a2f069e1abe83 is created with scope project and roles: ['member']
2025-02-04 16:42:24.609 62457 INFO tempest.lib.common.dynamic_creds [-] Acquired dynamic creds: credentials: Credentials: {'domain_id': 'default', 'domain_name': 'Default', 'username': 'tempest-ServerActionsTestJSON-1480902365-project-member', 'project_domain_id': 'default', 'project_domain_name': 'Default', 'project_id': '0d05750f53a84aeda370c5507279438a', 'project_name': 'tempest-ServerActionsTestJSON-1480902365', 'tenant_id': '0d05750f53a84aeda370c5507279438a', 'tenant_name': 'tempest-ServerActionsTestJSON-1480902365', 'user_domain_id': 'default', 'user_domain_name': 'Default', 'user_id': '8f1eee52848f4ec9958a2f069e1abe83', 'system': None}, Network: None, Subnet: None, Router: None
2025-02-04 16:42:24.687 62457 INFO tempest.lib.common.rest_client [req-d099f07c-f37c-4f08-bc30-1e9b93d504f0 req-d099f07c-f37c-4f08-bc30-1e9b93d504f0 ] Request (ServerActionsTestJSON:setUpClass): 201 POST http://10.180.1.21/identity/v3/auth/tokens 0.077s
2025-02-04 16:42:24.732 62495 INFO tempest.lib.common.rest_client [req-f8c9696a-0067-4882-924a-168cec4c947b req-f8c9696a-0067-4882-924a-168cec4c947b ] Request (MigrationsAdminTest:test_list_migrations_in_flavor_resize_situation): 200 GET http://10.180.1.21/compute/v2.1/servers/c433d091-5d97-4757-8cb1-5b8de3e643b3 0.779s
2025-02-04 16:42:24.735 62467 INFO tempest.lib.common.rest_client [req-cbd1170b-c250-4955-a3a6-5c3942fe4b69 req-cbd1170b-c250-4955-a3a6-5c3942fe4b69 ] Request (ServersNegativeTestMultiTenantJSON:setUpClass): 200 GET http://10.180.1.21/compute/v2.1/servers/61efc1e0-c83b-4f6f-8223-b0b93a1e393d 0.738s
2025-02-04 16:42:24.746 62469 INFO tempest.lib.common.rest_client [req-dcd54c83-8061-4b41-9412-8b9081224a55 req-dcd54c83-8061-4b41-9412-8b9081224a55 ] Request (QuotaClassesAdminTestJSON:test_update_default_quotas): 200 GET http://10.180.1.21/compute/v2.1/os-quota-class-sets/default 0.716s
2025-02-04 16:42:24.812 62503 INFO tempest.lib.common.rest_client [req-7e665db1-08e4-4fdb-8f5d-cad89efb28fb req-7e665db1-08e4-4fdb-8f5d-cad89efb28fb ] Request (ServerShowV247Test:test_update_rebuild_list_server): 200 GET http://10.180.1.21/compute/v2.1/servers/744161c8-9035-4da3-99c2-c7929bbc2669 0.722s
2025-02-04 16:42:24.832 62479 INFO tempest.lib.common.rest_client [req-18549576-4583-4972-8254-c4344c0b0f16 req-18549576-4583-4972-8254-c4344c0b0f16 ] Request (ListServersNegativeTestJSON:setUpClass): 200 GET http://10.180.1.21/compute/v2.1/servers/de928602-9c69-45f7-956a-af2d73893f77 0.744s
2025-02-04 16:42:24.876 62493 INFO tempest.lib.common.rest_client [req-e9d8bfa8-b691-40fd-b84b-e0abc672a293 req-e9d8bfa8-b691-40fd-b84b-e0abc672a293 ] Request (ImagesOneServerNegativeTestJSON:setUpClass): 200 GET http://10.180.1.21/compute/v2.1/servers/b5a9a89d-073d-4a54-b657-7d61984c4b44 0.729s
2025-02-04 16:42:24.898 62461 INFO tempest.lib.common.rest_client [req-dc581396-9ea2-4f68-9b15-72ccce08c959 req-dc581396-9ea2-4f68-9b15-72ccce08c959 ] Request (ServersAdminNegativeTestJSON:test_migrate_server_invalid_state): 200 GET http://10.180.1.21/compute/v2.1/servers/71c5aada-84ef-466e-830d-e9d0c83f7d91 0.738s
2025-02-04 16:42:24.909 62465 INFO tempest.lib.common.rest_client [req-98dccd52-bccd-4c34-8e32-594edee1cca6 req-98dccd52-bccd-4c34-8e32-594edee1cca6 ] Request (ServerDiagnosticsNegativeTest:test_get_server_diagnostics_by_non_admin): 403 GET http://10.180.1.21/compute/v2.1/servers/3950405b-22fe-436c-91c3-2a5f9b4779e9/diagnostics 0.606s
2025-02-04 16:42:24.915 62453 INFO tempest.lib.common.rest_client [req-8ea3fd22-b35c-4578-bea7-f63748e4e387 req-8ea3fd22-b35c-4578-bea7-f63748e4e387 ] Request (KeyPairsV22TestJSON:_run_cleanups): 204 DELETE http://10.180.1.21/compute/v2.1/os-keypairs/tempest-KeyPairsV22TestJSON-keypair-1918539167 0.601s
2025-02-04 16:42:24.975 62507 INFO tempest.lib.common.rest_client [req-7e8d8603-fb51-4dc0-900f-6b40bb4026fe req-7e8d8603-fb51-4dc0-900f-6b40bb4026fe ] Request (ServerRescueTestJSON:setUpClass): 200 GET http://10.180.1.21/compute/v2.1/servers/6cdf32dc-6bc1-4892-9529-ebb4c7f27be6 0.575s
2025-02-04 16:42:24.990 62507 INFO tempest.common.waiters [-] State transition "BUILD/scheduling" ==> "BUILD/None" after 17 second wait
2025-02-04 16:42:25.043 62471 INFO tempest.lib.common.rest_client [req-8fca4b67-39a9-4afa-b3bf-c8432f95d645 req-8fca4b67-39a9-4afa-b3bf-c8432f95d645 ] Request (AttachInterfacesTestJSON:test_create_list_show_delete_interfaces_by_fixed_ip): 200 GET http://10.180.1.21/compute/v2.1/servers/e4029453-3d83-4dab-926a-9a09fa94dbb9 0.579s
2025-02-04 16:42:25.106 62477 WARNING tempest.lib.common.ssh [-] Failed to establish authenticated ssh connection to cirros@10.180.180.167 ([Errno None] Unable to connect to port 22 on 10.180.180.167). Number attempts: 2. Retry after 3 seconds.: paramiko.ssh_exception.NoValidConnectionsError: [Errno None] Unable to connect to port 22 on 10.180.180.167
2025-02-04 16:42:25.112 62481 INFO tempest.lib.common.rest_client [req-783960bb-41ad-42e8-8883-3306f7d26f74 req-783960bb-41ad-42e8-8883-3306f7d26f74 ] Request (ServersWithSpecificFlavorTestJSON:test_verify_created_server_ephemeral_disk): 200 GET http://10.180.1.21/compute/v2.1/servers/d6456961-ac87-45c8-a4b4-8a5fcff5a376 0.644s
2025-02-04 16:42:25.152 62457 INFO tempest.lib.common.rest_client [req-636acc14-d370-4e61-ac61-c5258a90ed40 req-636acc14-d370-4e61-ac61-c5258a90ed40 ] Request (ServerActionsTestJSON:setUpClass): 201 POST http://10.180.1.21:9696/networking/v2.0/networks 0.465s
2025-02-04 16:42:25.156 62497 INFO tempest.lib.common.rest_client [req-55c65dc0-60e0-40f3-a5ca-5bb4072a622c req-55c65dc0-60e0-40f3-a5ca-5bb4072a622c ] Request (QuotasAdminNegativeTest:test_create_server_when_memory_quota_is_full): 403 POST http://10.180.1.21/compute/v2.1/servers 0.708s
2025-02-04 16:42:25.180 62487 INFO tempest.lib.common.rest_client [req-c5442ff3-e507-465c-95a6-f6297bfb27c1 req-c5442ff3-e507-465c-95a6-f6297bfb27c1 ] Request (FlavorsAdminTestJSON:_run_cleanups): 200 GET http://10.180.1.21/compute/v2.1/flavors/detail 0.659s
2025-02-04 16:42:25.249 62485 INFO tempest.lib.common.rest_client [req-17773075-c5c6-4eea-91f0-5b7d7a18364a req-17773075-c5c6-4eea-91f0-5b7d7a18364a ] Request (InstanceActionsNegativeTestJSON:tearDownClass): 200 GET http://10.180.1.21/compute/v2.1/servers/174a0e1d-6bb8-4eec-b7dd-fba7c894eda3 0.727s
2025-02-04 16:42:25.283 62513 INFO tempest.lib.common.rest_client [req-414b3438-85b0-4ced-b253-808a5a36b5f6 req-414b3438-85b0-4ced-b253-808a5a36b5f6 ] Request (SecurityGroupsTestJSON:test_security_groups_create_list_delete): 202 DELETE http://10.180.1.21/compute/v2.1/os-security-groups/82319596-ad08-4d8e-824d-f2d66933d103 0.786s
2025-02-04 16:42:25.328 62475 INFO tempest.lib.common.rest_client [req-8c55d164-a076-4f46-ab12-de45de34f1c9 req-8c55d164-a076-4f46-ab12-de45de34f1c9 ] Request (ServersAdmin275Test:test_rebuild_update_server_275): 200 GET http://10.180.1.21/compute/v2.1/servers/3837c53d-0ae7-4f40-9c64-c352717ace8e 0.791s
2025-02-04 16:42:25.352 62499 INFO tempest.lib.common.rest_client [req-6579fa82-170c-4661-af7b-574db3e0bff8 req-6579fa82-170c-4661-af7b-574db3e0bff8 ] Request (DeleteServersAdminTestJSON:test_admin_delete_servers_of_others): 200 GET http://10.180.1.21/compute/v2.1/servers/fa20c5ec-ebc4-4c9a-a94a-2f6c9dd18a97 0.754s
2025-02-04 16:42:25.371 62491 INFO tempest.lib.common.rest_client [req-1a984315-2230-4bd8-aaf8-65688d941d18 req-1a984315-2230-4bd8-aaf8-65688d941d18 ] Request (VolumesAdminNegativeTest:setUpClass): 201 POST http://10.180.1.21:9696/networking/v2.0/routers 1.096s
2025-02-04 16:42:25.408 62505 INFO tempest.lib.common.rest_client [req-42114663-7a74-4faf-bb1f-d766d0e508af req-42114663-7a74-4faf-bb1f-d766d0e508af ] Request (ServersAdminTestJSON:test_create_server_with_scheduling_hint): 200 GET http://10.180.1.21/compute/v2.1/servers/3b754c22-40a3-4580-b68c-2a2032fa4ce6 0.809s
2025-02-04 16:42:25.409 62515 INFO tempest.lib.common.rest_client [req-085d9ea3-0439-4428-9598-f7f28797d751 req-085d9ea3-0439-4428-9598-f7f28797d751 ] Request (ImagesOneServerTestJSON:setUpClass): 200 GET http://10.180.1.21/compute/v2.1/servers/b60e63ef-c64f-4c24-96dd-09b3128c43d8 0.753s
2025-02-04 16:42:25.476 62469 INFO tempest.lib.common.rest_client [req-4ffe6651-cbbc-4dbf-838d-795f7437089c req-4ffe6651-cbbc-4dbf-838d-795f7437089c ] Request (QuotaClassesAdminTestJSON:_run_cleanups): 200 PUT http://10.180.1.21/compute/v2.1/os-quota-class-sets/default 0.726s
2025-02-04 16:42:25.499 62501 INFO tempest.lib.common.rest_client [req-bc8ca799-d8c5-411f-90f5-e01c2763fb9e req-bc8ca799-d8c5-411f-90f5-e01c2763fb9e ] Request (TenantUsagesTestJSON:tearDownClass): 200 GET http://10.180.1.21/compute/v2.1/servers/6e36e9a4-d53a-453b-8bc9-f5b4a916ef9f 0.762s
2025-02-04 16:42:25.557 62509 INFO tempest.lib.common.rest_client [req-ed8ad79f-397d-4723-9e00-479cd65593eb req-ed8ad79f-397d-4723-9e00-479cd65593eb ] Request (ServerDiagnosticsV248Test:tearDownClass): 200 GET http://10.180.1.21/compute/v2.1/servers/e77d47f9-e316-45ef-83fe-81fca36f2825 0.647s
2025-02-04 16:42:25.575 62453 INFO tempest.lib.common.rest_client [req-f7242a7d-a83c-4675-b067-76753f4999cb req-f7242a7d-a83c-4675-b067-76753f4999cb ] Request (KeyPairsV22TestJSON:_run_cleanups): 204 DELETE http://10.180.1.21/compute/v2.1/os-keypairs/tempest-KeyPairsV22TestJSON-keypair-976294902 0.659s
2025-02-04 16:42:25.579 62469 INFO tempest.lib.common.rest_client [req-c3b27112-4d3d-4ea3-b9e7-de79d7d73adf req-c3b27112-4d3d-4ea3-b9e7-de79d7d73adf ] Request (QuotaClassesAdminTestJSON:tearDownClass): 204 DELETE http://10.180.1.21/identity/v3/users/9d1d4c929c844ee79b374f84e01be6b9 0.100s
2025-02-04 16:42:25.583 62457 INFO tempest.lib.common.rest_client [req-ee89e1c5-66e8-4b82-92c4-7fdaac599634 req-ee89e1c5-66e8-4b82-92c4-7fdaac599634 ] Request (ServerActionsTestJSON:setUpClass): 201 POST http://10.180.1.21:9696/networking/v2.0/subnets 0.430s
2025-02-04 16:42:25.591 62465 INFO tempest.lib.common.rest_client [req-57b95aba-cac0-4d9b-9ec1-95589118006c req-57b95aba-cac0-4d9b-9ec1-95589118006c ] Request (ServerDiagnosticsNegativeTest:tearDownClass): 204 DELETE http://10.180.1.21/compute/v2.1/servers/3950405b-22fe-436c-91c3-2a5f9b4779e9 0.680s
2025-02-04 16:42:25.715 62469 INFO tempest.lib.common.rest_client [req-0ca7b869-92d8-4fb1-9691-452967c88fd0 req-0ca7b869-92d8-4fb1-9691-452967c88fd0 ] Request (QuotaClassesAdminTestJSON:tearDownClass): 204 DELETE http://10.180.1.21/identity/v3/users/ccbb4ba5f85e4333bbff3bb8cbd70ef5 0.135s
2025-02-04 16:42:25.715 62469 INFO tempest.lib.common.dynamic_creds [-] Deleting project and security group for project: 48823b4bd7124dbe86c24787824385cc
2025-02-04 16:42:25.725 62459 INFO tempest.lib.common.rest_client [req-c8f0d433-518b-46cc-8570-016296a238f1 req-c8f0d433-518b-46cc-8570-016296a238f1 ] Request (AttachInterfacesUnderV243Test:setUpClass): 201 POST http://10.180.1.21:9696/networking/v2.0/routers 1.334s
2025-02-04 16:42:25.799 62469 INFO tempest.lib.common.rest_client [req-21e418c4-9f79-44bd-93c5-a52eb9c966b6 req-21e418c4-9f79-44bd-93c5-a52eb9c966b6 ] Request (QuotaClassesAdminTestJSON:tearDownClass): 201 POST http://10.180.1.21/identity/v3/auth/tokens 0.084s
2025-02-04 16:42:25.817 62463 INFO tempest.lib.common.rest_client [req-5e894b97-0085-4591-a30c-b440550fa603 req-5e894b97-0085-4591-a30c-b440550fa603 ] Request (ServerDiskConfigTestJSON:test_rebuild_server_with_auto_disk_config): 200 GET http://10.180.1.21/compute/v2.1/servers/542181a5-325f-4f45-be66-f28929f5a323 0.732s
2025-02-04 16:42:25.902 62487 INFO tempest.lib.common.rest_client [req-a992c5f9-aaa2-43e5-8162-c8b08234a557 req-a992c5f9-aaa2-43e5-8162-c8b08234a557 ] Request (FlavorsAdminTestJSON:test_list_public_flavor_with_other_user): 200 POST http://10.180.1.21/compute/v2.1/flavors 0.714s
2025-02-04 16:42:25.937 62513 INFO tempest.lib.common.rest_client [req-4d5cedc2-97c7-4323-84ba-5f3bac6dd5f8 req-4d5cedc2-97c7-4323-84ba-5f3bac6dd5f8 ] Request (SecurityGroupsTestJSON:test_security_groups_create_list_delete): 404 GET http://10.180.1.21/compute/v2.1/os-security-groups/82319596-ad08-4d8e-824d-f2d66933d103 0.653s
2025-02-04 16:42:25.961 62497 INFO tempest.lib.common.rest_client [req-fff4db2a-85f0-4cb3-a9cc-17976360ee32 req-fff4db2a-85f0-4cb3-a9cc-17976360ee32 ] Request (QuotasAdminNegativeTest:_run_cleanups): 200 PUT http://10.180.1.21/compute/v2.1/os-quota-sets/263e7ed21ea64a1baaf71fba6766a040 0.804s
2025-02-04 16:42:26.032 62473 INFO tempest.lib.common.rest_client [req-ca7e3b39-a52b-4d63-b331-4747a1b4fd98 req-ca7e3b39-a52b-4d63-b331-4747a1b4fd98 ] Request (ServersTestBootFromVolume:setUpClass): 200 GET http://10.180.1.21/compute/v2.1/servers/9ffd2937-5684-4155-a792-dc471683e55b 0.737s
2025-02-04 16:42:26.042 62483 INFO tempest.lib.common.rest_client [req-a5adc9a5-1146-4674-a00d-fba96ba6ff9a req-a5adc9a5-1146-4674-a00d-fba96ba6ff9a ] Request (VolumesAssistedSnapshotsTest:test_volume_assisted_snapshot_create_delete): 200 GET http://10.180.1.21/compute/v2.1/servers/fadd9b66-0b47-4694-96dd-2ae88fc35b76 0.660s
2025-02-04 16:42:26.074 62453 INFO tempest.lib.common.rest_client [req-2f0a2498-0b5a-4ee9-b62f-6fc7ffbc3933 req-2f0a2498-0b5a-4ee9-b62f-6fc7ffbc3933 ] Request (KeyPairsV22TestJSON:test_keypairsv22_create_list_show): 201 POST http://10.180.1.21/compute/v2.1/os-keypairs 0.497s
2025-02-04 16:42:26.248 62465 INFO tempest.lib.common.rest_client [req-0958dae9-60f8-4d99-b5b9-36105926543e req-0958dae9-60f8-4d99-b5b9-36105926543e ] Request (ServerDiagnosticsNegativeTest:tearDownClass): 200 GET http://10.180.1.21/compute/v2.1/servers/3950405b-22fe-436c-91c3-2a5f9b4779e9 0.656s
2025-02-04 16:42:26.353 62469 INFO tempest.lib.common.rest_client [req-c2bc4788-9a68-4171-bee4-c1c0fbe4f6d1 req-c2bc4788-9a68-4171-bee4-c1c0fbe4f6d1 ] Request (QuotaClassesAdminTestJSON:tearDownClass): 200 GET http://10.180.1.21:9696/networking/v2.0/security-groups?tenant_id=48823b4bd7124dbe86c24787824385cc&name=default 0.554s
2025-02-04 16:42:26.469 62511 INFO tempest.lib.common.rest_client [req-799bded4-b80f-4acc-9da3-b0be2b2499a2 req-799bded4-b80f-4acc-9da3-b0be2b2499a2 ] Request (InstanceActionsTestJSON:test_list_instance_actions): 200 GET http://10.180.1.21/compute/v2.1/servers/e3ca3a65-1287-4bd2-b350-bd35860f1613 0.898s
2025-02-04 16:42:26.562 62469 INFO tempest.lib.common.rest_client [req-8531c710-1ac5-47b3-a9d9-b65a7f2249ff req-8531c710-1ac5-47b3-a9d9-b65a7f2249ff ] Request (QuotaClassesAdminTestJSON:tearDownClass): 204 DELETE http://10.180.1.21:9696/networking/v2.0/security-groups/111c45fd-d0fe-422b-94da-6d7ed341cc97 0.209s
2025-02-04 16:42:26.622 62495 INFO tempest.lib.common.rest_client [req-3b55e726-0119-4ed0-a1ab-d010759818b4 req-3b55e726-0119-4ed0-a1ab-d010759818b4 ] Request (MigrationsAdminTest:test_list_migrations_in_flavor_resize_situation): 200 GET http://10.180.1.21/compute/v2.1/servers/c433d091-5d97-4757-8cb1-5b8de3e643b3 0.876s
2025-02-04 16:42:26.672 62469 INFO tempest.lib.common.rest_client [req-dba2feef-0d11-4dc3-bdd8-e2560b962748 req-dba2feef-0d11-4dc3-bdd8-e2560b962748 ] Request (QuotaClassesAdminTestJSON:tearDownClass): 204 DELETE http://10.180.1.21/identity/v3/projects/48823b4bd7124dbe86c24787824385cc 0.108s
2025-02-04 16:42:26.672 62469 INFO tempest.lib.common.dynamic_creds [-] Deleting project and security group for project: a6bf296a1b0641228b16fb354002ee07
2025-02-04 16:42:26.706 62467 INFO tempest.lib.common.rest_client [req-e8615142-4b88-4e0d-b206-2052c06e6ecd req-e8615142-4b88-4e0d-b206-2052c06e6ecd ] Request (ServersNegativeTestMultiTenantJSON:setUpClass): 200 GET http://10.180.1.21/compute/v2.1/servers/61efc1e0-c83b-4f6f-8223-b0b93a1e393d 0.962s
2025-02-04 16:42:26.710 62503 INFO tempest.lib.common.rest_client [req-e1d89218-a6be-4688-ac67-e64e476b63f8 req-e1d89218-a6be-4688-ac67-e64e476b63f8 ] Request (ServerShowV247Test:test_update_rebuild_list_server): 200 GET http://10.180.1.21/compute/v2.1/servers/744161c8-9035-4da3-99c2-c7929bbc2669 0.889s
2025-02-04 16:42:26.780 62493 INFO tempest.lib.common.rest_client [req-3df02511-b9b0-4cf5-88d7-508c5022bf87 req-3df02511-b9b0-4cf5-88d7-508c5022bf87 ] Request (ImagesOneServerNegativeTestJSON:setUpClass): 200 GET http://10.180.1.21/compute/v2.1/servers/b5a9a89d-073d-4a54-b657-7d61984c4b44 0.892s
2025-02-04 16:42:26.811 62487 INFO tempest.lib.common.rest_client [req-ef0eee6d-87bd-40e6-8630-c028c948228b req-ef0eee6d-87bd-40e6-8630-c028c948228b ] Request (FlavorsAdminTestJSON:test_list_public_flavor_with_other_user): 200 GET http://10.180.1.21/compute/v2.1/flavors/detail 0.905s
2025-02-04 16:42:26.816 62479 INFO tempest.lib.common.rest_client [req-462b1147-a32a-4ff1-a46b-a592c94b2db9 req-462b1147-a32a-4ff1-a46b-a592c94b2db9 ] Request (ListServersNegativeTestJSON:setUpClass): 200 GET http://10.180.1.21/compute/v2.1/servers/de928602-9c69-45f7-956a-af2d73893f77 0.970s
2025-02-04 16:42:26.872 62461 INFO tempest.lib.common.rest_client [req-fdfa5a81-40db-48de-8fd1-99170a87c76b req-fdfa5a81-40db-48de-8fd1-99170a87c76b ] Request (ServersAdminNegativeTestJSON:test_migrate_server_invalid_state): 200 GET http://10.180.1.21/compute/v2.1/servers/71c5aada-84ef-466e-830d-e9d0c83f7d91 0.964s
2025-02-04 16:42:26.881 62497 INFO tempest.lib.common.rest_client [req-8f87613d-337f-418b-acca-3e2c83d91405 req-8f87613d-337f-418b-acca-3e2c83d91405 ] Request (QuotasAdminNegativeTest:test_update_quota_normal_user): 403 PUT http://10.180.1.21/compute/v2.1/os-quota-sets/263e7ed21ea64a1baaf71fba6766a040 0.914s
2025-02-04 16:42:26.912 62491 INFO tempest.lib.common.rest_client [req-1d97f315-c21f-4c81-a1e7-6f69333b4251 req-1d97f315-c21f-4c81-a1e7-6f69333b4251 ] Request (VolumesAdminNegativeTest:setUpClass): 200 PUT http://10.180.1.21:9696/networking/v2.0/routers/2784be76-06c3-4d0e-b6f3-e64f3a8a9a11/add_router_interface 1.540s
2025-02-04 16:42:26.912 62491 INFO tempest.lib.common.dynamic_creds [-] Created isolated network resources for: credentials: Credentials: {'domain_id': 'default', 'domain_name': 'Default', 'username': 'tempest-VolumesAdminNegativeTest-1498912913-project-member', 'project_domain_id': 'default', 'project_domain_name': 'Default', 'project_id': 'a129a593f0da405ebc811dec1c5f9647', 'project_name': 'tempest-VolumesAdminNegativeTest-1498912913', 'tenant_id': 'a129a593f0da405ebc811dec1c5f9647', 'tenant_name': 'tempest-VolumesAdminNegativeTest-1498912913', 'user_domain_id': 'default', 'user_domain_name': 'Default', 'user_id': 'd268c838773f4a7799546a99e74069cc', 'system': None}, Network: {'id': '76f30a58-3f1b-4450-8540-2017e7b41569', 'name': 'tempest-VolumesAdminNegativeTest-304924321-network', 'tenant_id': 'a129a593f0da405ebc811dec1c5f9647', 'admin_state_up': True, 'mtu': 8950, 'status': 'ACTIVE', 'subnets': [], 'shared': False, 'project_id': 'a129a593f0da405ebc811dec1c5f9647', 'port_security_enabled': True, 'router:external': False, 'provider:network_type': 'vlan', 'provider:physical_network': 'default', 'provider:segmentation_id': 422, 'availability_zone_hints': [], 'availability_zones': [], 'ipv4_address_scope': None, 'ipv6_address_scope': None, 'description': '', 'tags': [], 'created_at': '2025-02-04T16:42:23Z', 'updated_at': '2025-02-04T16:42:23Z', 'revision_number': 1}, Subnet: {'id': '58161218-a9a7-4242-82f6-6b822435fcfc', 'name': 'tempest-VolumesAdminNegativeTest-304924321-subnet', 'tenant_id': 'a129a593f0da405ebc811dec1c5f9647', 'network_id': '76f30a58-3f1b-4450-8540-2017e7b41569', 'ip_version': 4, 'subnetpool_id': None, 'enable_dhcp': True, 'ipv6_ra_mode': None, 'ipv6_address_mode': None, 'gateway_ip': '192.168.128.1', 'cidr': '192.168.128.0/28', 'allocation_pools': [{'start': '192.168.128.2', 'end': '192.168.128.14'}], 'host_routes': [], 'dns_nameservers': [], 'description': '', 'router:external': False, 'service_types': [], 'tags': [], 'created_at': '2025-02-04T16:42:24Z', 'updated_at': '2025-02-04T16:42:24Z', 'revision_number': 0, 'project_id': 'a129a593f0da405ebc811dec1c5f9647'}, Router: {'id': '2784be76-06c3-4d0e-b6f3-e64f3a8a9a11', 'name': 'tempest-VolumesAdminNegativeTest-304924321-router', 'tenant_id': 'a129a593f0da405ebc811dec1c5f9647', 'admin_state_up': True, 'status': 'ACTIVE', 'external_gateway_info': {'network_id': '3e17c52d-a4e9-4b60-930b-5a41779bd21a', 'external_fixed_ips': [{'subnet_id': 'f24e2ef0-935c-42ec-b156-f376a8f04af9', 'ip_address': '10.180.180.133'}], 'enable_snat': True}, 'description': '', 'availability_zones': [], 'distributed': False, 'ha': False, 'availability_zone_hints': [], 'routes': [], 'flavor_id': None, 'tags': [], 'created_at': '2025-02-04T16:42:24Z', 'updated_at': '2025-02-04T16:42:24Z', 'revision_number': 2, 'project_id': 'a129a593f0da405ebc811dec1c5f9647'}
2025-02-04 16:42:26.943 62507 INFO tempest.lib.common.rest_client [req-bf2514cb-5570-4b03-a564-36f7e4160a2f req-bf2514cb-5570-4b03-a564-36f7e4160a2f ] Request (ServerRescueTestJSON:setUpClass): 200 GET http://10.180.1.21/compute/v2.1/servers/6cdf32dc-6bc1-4892-9529-ebb4c7f27be6 0.953s
2025-02-04 16:42:27.006 62471 INFO tempest.lib.common.rest_client [req-0c410ef6-70f0-4f51-8d7b-922b6c1065e9 req-0c410ef6-70f0-4f51-8d7b-922b6c1065e9 ] Request (AttachInterfacesTestJSON:test_create_list_show_delete_interfaces_by_fixed_ip): 200 GET http://10.180.1.21/compute/v2.1/servers/e4029453-3d83-4dab-926a-9a09fa94dbb9 0.955s
2025-02-04 16:42:27.013 62497 INFO tempest.lib.common.rest_client [req-07ac47db-65d3-42a5-8602-50b4e9842cd2 req-07ac47db-65d3-42a5-8602-50b4e9842cd2 ] Request (QuotasAdminNegativeTest:tearDownClass): 204 DELETE http://10.180.1.21/identity/v3/users/03ebb7c397cd476387744eb92d9effad 0.129s
2025-02-04 16:42:27.018 62453 INFO tempest.lib.common.rest_client [req-31957fb0-8249-43f8-b070-49863fc3cf80 req-31957fb0-8249-43f8-b070-49863fc3cf80 ] Request (KeyPairsV22TestJSON:test_keypairsv22_create_list_show): 200 GET http://10.180.1.21/compute/v2.1/os-keypairs/tempest-keypair-930224385 0.942s
2025-02-04 16:42:27.045 62491 INFO tempest.lib.common.rest_client [req-e9a27194-ffd7-415b-9853-00499636861e req-e9a27194-ffd7-415b-9853-00499636861e ] Request (VolumesAdminNegativeTest:setUpClass): 201 POST http://10.180.1.21/identity/v3/auth/tokens 0.129s
2025-02-04 16:42:27.048 62469 INFO tempest.lib.common.rest_client [req-a33b618f-702a-4247-90dd-3c304ae433da req-a33b618f-702a-4247-90dd-3c304ae433da ] Request (QuotaClassesAdminTestJSON:tearDownClass): 200 GET http://10.180.1.21:9696/networking/v2.0/security-groups?tenant_id=a6bf296a1b0641228b16fb354002ee07&name=default 0.376s
2025-02-04 16:42:27.081 62481 INFO tempest.lib.common.rest_client [req-ca879d0b-1d53-458f-833c-624ccd05ca99 req-ca879d0b-1d53-458f-833c-624ccd05ca99 ] Request (ServersWithSpecificFlavorTestJSON:test_verify_created_server_ephemeral_disk): 200 GET http://10.180.1.21/compute/v2.1/servers/d6456961-ac87-45c8-a4b4-8a5fcff5a376 0.956s
2025-02-04 16:42:27.088 62491 INFO tempest.lib.common.rest_client [req-67cc325d-bf69-4d99-88c7-37a86bebea3a req-67cc325d-bf69-4d99-88c7-37a86bebea3a ] Request (VolumesAdminNegativeTest:setUpClass): 201 POST http://10.180.1.21/identity/v3/projects 0.042s
2025-02-04 16:42:27.114 62497 INFO tempest.lib.common.rest_client [req-07a9d12c-6b2d-4746-bdac-254f30b3fa1c req-07a9d12c-6b2d-4746-bdac-254f30b3fa1c ] Request (QuotasAdminNegativeTest:tearDownClass): 204 DELETE http://10.180.1.21/identity/v3/users/040b36354cc44ebe8b38d3cd1bb3b5c6 0.100s
2025-02-04 16:42:27.114 62497 INFO tempest.lib.common.dynamic_creds [-] Deleting project and security group for project: 263e7ed21ea64a1baaf71fba6766a040
2025-02-04 16:42:27.137 62485 INFO tempest.lib.common.rest_client [req-c16d2334-a66f-48f3-9dbf-02f15ca240fd req-c16d2334-a66f-48f3-9dbf-02f15ca240fd ] Request (InstanceActionsNegativeTestJSON:tearDownClass): 200 GET http://10.180.1.21/compute/v2.1/servers/174a0e1d-6bb8-4eec-b7dd-fba7c894eda3 0.876s
2025-02-04 16:42:27.175 62491 INFO tempest.lib.common.rest_client [req-ddc3eca3-341b-4c64-a106-0fcd8f90fe4b req-ddc3eca3-341b-4c64-a106-0fcd8f90fe4b ] Request (VolumesAdminNegativeTest:setUpClass): 201 POST http://10.180.1.21/identity/v3/users 0.086s
2025-02-04 16:42:27.178 62497 INFO tempest.lib.common.rest_client [req-6a20a003-c7d9-4dde-961c-85534eba738d req-6a20a003-c7d9-4dde-961c-85534eba738d ] Request (QuotasAdminNegativeTest:tearDownClass): 201 POST http://10.180.1.21/identity/v3/auth/tokens 0.064s
2025-02-04 16:42:27.191 62513 INFO tempest.lib.common.rest_client [req-4ff1401c-aa8d-406d-a462-8295e0c94b91 req-4ff1401c-aa8d-406d-a462-8295e0c94b91 ] Request (SecurityGroupsTestJSON:test_security_groups_create_list_delete): 202 DELETE http://10.180.1.21/compute/v2.1/os-security-groups/688a468a-7123-4a7a-8795-40ed220a6cb6 1.252s
2025-02-04 16:42:27.214 62475 INFO tempest.lib.common.rest_client [req-04cedc0f-0886-4d1d-b83e-3207679bb51e req-04cedc0f-0886-4d1d-b83e-3207679bb51e ] Request (ServersAdmin275Test:test_rebuild_update_server_275): 200 GET http://10.180.1.21/compute/v2.1/servers/3837c53d-0ae7-4f40-9c64-c352717ace8e 0.872s
2025-02-04 16:42:27.224 62491 INFO tempest.lib.common.rest_client [req-b8ef4c28-822c-405a-b481-c8035d3140c9 req-b8ef4c28-822c-405a-b481-c8035d3140c9 ] Request (VolumesAdminNegativeTest:setUpClass): 200 GET http://10.180.1.21/identity/v3/roles 0.049s
2025-02-04 16:42:27.263 62491 INFO tempest.lib.common.rest_client [req-b5489046-e639-459c-8e25-a531f7884f9d req-b5489046-e639-459c-8e25-a531f7884f9d ] Request (VolumesAdminNegativeTest:setUpClass): 204 PUT http://10.180.1.21/identity/v3/projects/037b72e2975743cc920a058015bda751/users/4e1f63ded51944e8835f47ed34a783f5/roles/217690d82a7b4a4fa6f894a2da6dfb45 0.038s
