2025-02-04 16:42:48.102 62491 INFO tempest.lib.common.rest_client [req-d2ad8946-209c-400e-8f52-b6c5c25f3899 req-d2ad8946-209c-400e-8f52-b6c5c25f3899 ] Request (VolumesAdminNegativeTest:test_update_attached_volume_with_nonexistent_volume_in_body): 200 GET http://10.180.1.21/compute/v2.1/servers/aa4c0608-6490-472f-8867-60d5ef2cd306 0.370s
2025-02-04 16:42:48.127 62487 INFO tempest.lib.common.rest_client [req-40b72deb-2dbe-421c-9fcd-2a5d578d532e req-40b72deb-2dbe-421c-9fcd-2a5d578d532e ] Request (QuotasAdminTestJSON:_run_cleanups): 204 DELETE http://10.180.1.21/identity/v3/projects/cabf4490dc074afd8e4781c841ef0a8c 0.082s
2025-02-04 16:42:48.148 62507 INFO tempest.lib.common.rest_client [req-260f53e4-e20d-470f-ba92-afa3a6435743 req-260f53e4-e20d-470f-ba92-afa3a6435743 ] Request (ServerRescueTestJSON:setUpClass): 200 GET http://10.180.1.21/compute/v2.1/servers/6cdf32dc-6bc1-4892-9529-ebb4c7f27be6 0.363s
2025-02-04 16:42:48.167 62513 INFO tempest.lib.common.rest_client [req-75204b00-2828-47a8-a9db-cfba80a4791e req-75204b00-2828-47a8-a9db-cfba80a4791e ] Request (SecurityGroupsTestJSON:test_server_security_groups): 200 GET http://10.180.1.21/compute/v2.1/servers/914ddb59-3ddd-499c-8181-76bd7f90b0f5 0.280s
2025-02-04 16:42:48.204 62471 INFO tempest.lib.common.rest_client [req-6548121d-2f8c-41a9-9af5-83f272305f86 req-6548121d-2f8c-41a9-9af5-83f272305f86 ] Request (AttachInterfacesTestJSON:test_create_list_show_delete_interfaces_by_fixed_ip): 200 GET http://10.180.1.21/compute/v2.1/servers/e4029453-3d83-4dab-926a-9a09fa94dbb9 0.311s
2025-02-04 16:42:48.235 62499 INFO tempest.lib.common.rest_client [req-8c0c4bb6-feb3-4c53-b274-e8917ac3cb27 req-8c0c4bb6-feb3-4c53-b274-e8917ac3cb27 ] Request (DeleteServersAdminTestJSON:test_delete_server_while_in_error_state): 200 GET http://10.180.1.21/compute/v2.1/servers/42e69190-caad-4602-9ecd-33cbb5381f81 0.293s
2025-02-04 16:42:48.265 62515 INFO tempest.lib.common.rest_client [req-d2f01934-8dba-48d9-b8dc-b886c209a5f3 req-d2f01934-8dba-48d9-b8dc-b886c209a5f3 ] Request (ImagesOneServerTestJSON:setUpClass): 200 GET http://10.180.1.21/compute/v2.1/servers/b60e63ef-c64f-4c24-96dd-09b3128c43d8 0.254s
2025-02-04 16:42:48.387 62487 INFO tempest.lib.common.rest_client [req-b7df9f30-4167-4d56-a7ca-1693ede14768 req-b7df9f30-4167-4d56-a7ca-1693ede14768 ] Request (QuotasAdminTestJSON:test_get_default_quotas): 200 GET http://10.180.1.21/compute/v2.1/os-quota-sets/4f3a7a592d4f4640b3fdb7229a6c7f1b/defaults 0.258s
2025-02-04 16:42:48.415 62487 INFO tempest.lib.common.rest_client [req-43c4cbf0-cccf-4cfd-a44b-a9e4db53d322 req-43c4cbf0-cccf-4cfd-a44b-a9e4db53d322 ] Request (QuotasAdminTestJSON:test_get_updated_quotas): 200 GET http://10.180.1.21/identity/v3/domains?name=Default 0.025s
2025-02-04 16:42:48.454 62487 INFO tempest.lib.common.rest_client [req-e0ebc121-1cf6-476f-9bc5-67e1d694d7e9 req-e0ebc121-1cf6-476f-9bc5-67e1d694d7e9 ] Request (QuotasAdminTestJSON:test_get_updated_quotas): 201 POST http://10.180.1.21/identity/v3/projects 0.039s
2025-02-04 16:42:48.498 62461 INFO tempest.lib.common.rest_client [req-14869c77-5668-463f-a6bf-7568bf883b47 req-14869c77-5668-463f-a6bf-7568bf883b47 ] Request (ServersAdminNegativeTestJSON:test_migrate_server_invalid_state): 200 GET http://10.180.1.21/compute/v2.1/servers/71c5aada-84ef-466e-830d-e9d0c83f7d91 0.343s
2025-02-04 16:42:48.519 62487 INFO tempest.lib.common.rest_client [req-61abb7f1-f4f3-467d-805c-9a8aa09271ed req-61abb7f1-f4f3-467d-805c-9a8aa09271ed ] Request (QuotasAdminTestJSON:test_get_updated_quotas): 200 GET http://10.180.1.21/identity/v3/domains?name=Default 0.064s
2025-02-04 16:42:48.536 62475 INFO tempest.lib.common.rest_client [req-fdc91ab7-0e89-4cf2-9606-cc182af048ec req-fdc91ab7-0e89-4cf2-9606-cc182af048ec ] Request (ServersAdmin275Test:test_rebuild_update_server_275): 200 GET http://10.180.1.21/compute/v2.1/servers/3837c53d-0ae7-4f40-9c64-c352717ace8e 0.473s
2025-02-04 16:42:48.575 62467 INFO tempest.lib.common.rest_client [req-67366daf-4b3c-42a0-a04e-d54fb321d299 req-67366daf-4b3c-42a0-a04e-d54fb321d299 ] Request (ServersNegativeTestMultiTenantJSON:tearDownClass): 200 GET http://10.180.1.21/compute/v2.1/servers/61efc1e0-c83b-4f6f-8223-b0b93a1e393d 0.330s
2025-02-04 16:42:48.598 62483 WARNING tempest.lib.common.ssh [-] Failed to establish authenticated ssh connection to cirros@10.180.180.177 ([Errno None] Unable to connect to port 22 on 10.180.180.177). Number attempts: 1. Retry after 2 seconds.: paramiko.ssh_exception.NoValidConnectionsError: [Errno None] Unable to connect to port 22 on 10.180.180.177
2025-02-04 16:42:48.603 62501 INFO tempest.lib.common.rest_client [req-b372e8e0-fcbc-4659-82fa-7f209c068f58 req-b372e8e0-fcbc-4659-82fa-7f209c068f58 ] Request (FloatingIPsAssociationTestJSON:setUpClass): 200 GET http://10.180.1.21/compute/v2.1/servers/08705d00-016c-46fb-9ede-84761442cfb0 0.296s
2025-02-04 16:42:48.618 62505 INFO tempest.lib.common.rest_client [req-57dc96c1-68c9-472c-bd5d-1abe49250c81 req-57dc96c1-68c9-472c-bd5d-1abe49250c81 ] Request (ServersAdminTestJSON:test_create_server_with_scheduling_hint): 200 GET http://10.180.1.21/compute/v2.1/servers/3b754c22-40a3-4580-b68c-2a2032fa4ce6 0.127s
2025-02-04 16:42:48.623 62469 INFO tempest.lib.common.rest_client [req-28b6981d-cfa0-4cb1-b218-599c31806932 req-28b6981d-cfa0-4cb1-b218-599c31806932 ] Request (ServersTestJSON:setUpClass): 200 PUT http://10.180.1.21:9696/networking/v2.0/routers/06d3caf2-155f-437d-af56-39b11aa30c1f/add_router_interface 1.551s
2025-02-04 16:42:48.623 62469 INFO tempest.lib.common.dynamic_creds [-] Created isolated network resources for: credentials: Credentials: {'domain_id': 'default', 'domain_name': 'Default', 'username': 'tempest-ServersTestJSON-1517035565-project-member', 'project_domain_id': 'default', 'project_domain_name': 'Default', 'project_id': '5face6a68ee64654ba661c561ee59d47', 'project_name': 'tempest-ServersTestJSON-1517035565', 'tenant_id': '5face6a68ee64654ba661c561ee59d47', 'tenant_name': 'tempest-ServersTestJSON-1517035565', 'user_domain_id': 'default', 'user_domain_name': 'Default', 'user_id': '0b7a5482225d46ec95b0b357b829f3e8', 'system': None}, Network: {'id': '1bb7bb51-882d-4527-b46d-6c71b22e82e8', 'name': 'tempest-ServersTestJSON-2076157808-network', 'tenant_id': '5face6a68ee64654ba661c561ee59d47', 'admin_state_up': True, 'mtu': 8950, 'status': 'ACTIVE', 'subnets': [], 'shared': False, 'project_id': '5face6a68ee64654ba661c561ee59d47', 'port_security_enabled': True, 'router:external': False, 'provider:network_type': 'vlan', 'provider:physical_network': 'default', 'provider:segmentation_id': 666, 'availability_zone_hints': [], 'availability_zones': [], 'ipv4_address_scope': None, 'ipv6_address_scope': None, 'description': '', 'tags': [], 'created_at': '2025-02-04T16:42:45Z', 'updated_at': '2025-02-04T16:42:45Z', 'revision_number': 1}, Subnet: {'id': '26647074-0024-415c-a867-c0c84f52e471', 'name': 'tempest-ServersTestJSON-2076157808-subnet', 'tenant_id': '5face6a68ee64654ba661c561ee59d47', 'network_id': '1bb7bb51-882d-4527-b46d-6c71b22e82e8', 'ip_version': 4, 'subnetpool_id': None, 'enable_dhcp': True, 'ipv6_ra_mode': None, 'ipv6_address_mode': None, 'gateway_ip': '192.168.128.1', 'cidr': '192.168.128.0/28', 'allocation_pools': [{'start': '192.168.128.2', 'end': '192.168.128.14'}], 'host_routes': [], 'dns_nameservers': [], 'description': '', 'router:external': False, 'service_types': [], 'tags': [], 'created_at': '2025-02-04T16:42:45Z', 'updated_at': '2025-02-04T16:42:45Z', 'revision_number': 0, 'project_id': '5face6a68ee64654ba661c561ee59d47'}, Router: {'id': '06d3caf2-155f-437d-af56-39b11aa30c1f', 'name': 'tempest-ServersTestJSON-2076157808-router', 'tenant_id': '5face6a68ee64654ba661c561ee59d47', 'admin_state_up': True, 'status': 'ACTIVE', 'external_gateway_info': {'network_id': '3e17c52d-a4e9-4b60-930b-5a41779bd21a', 'external_fixed_ips': [{'subnet_id': 'f24e2ef0-935c-42ec-b156-f376a8f04af9', 'ip_address': '10.180.180.203'}], 'enable_snat': True}, 'description': '', 'availability_zones': [], 'distributed': False, 'ha': False, 'availability_zone_hints': [], 'routes': [], 'flavor_id': None, 'tags': [], 'created_at': '2025-02-04T16:42:46Z', 'updated_at': '2025-02-04T16:42:46Z', 'revision_number': 2, 'project_id': '5face6a68ee64654ba661c561ee59d47'}
2025-02-04 16:42:48.688 62511 INFO tempest.lib.common.rest_client [req-6d26b1b4-a3a1-477c-ac99-f62b4dce248e req-6d26b1b4-a3a1-477c-ac99-f62b4dce248e ] Request (InstanceActionsTestJSON:tearDownClass): 200 GET http://10.180.1.21/compute/v2.1/servers/e3ca3a65-1287-4bd2-b350-bd35860f1613 0.129s
2025-02-04 16:42:48.719 62469 INFO tempest.lib.common.rest_client [req-48eb1314-2d6e-4dfc-8e5b-51ec119c6bfb req-48eb1314-2d6e-4dfc-8e5b-51ec119c6bfb ] Request (ServersTestJSON:setUpClass): 201 POST http://10.180.1.21/identity/v3/auth/tokens 0.091s
2025-02-04 16:42:48.738 62487 INFO tempest.lib.common.rest_client [req-d8852e86-b9c0-4253-800c-9e72c79911fe req-d8852e86-b9c0-4253-800c-9e72c79911fe ] Request (QuotasAdminTestJSON:test_get_updated_quotas): 200 PUT http://10.180.1.21/compute/v2.1/os-quota-sets/5cf09ae3b5c845118835451edcabf99d 0.218s
2025-02-04 16:42:48.791 62457 INFO tempest.lib.common.rest_client [req-1790168f-c967-4cf6-b0d4-0c33e0612a31 req-1790168f-c967-4cf6-b0d4-0c33e0612a31 ] Request (ServerActionsTestJSON:setUpClass): 200 GET http://10.180.1.21/compute/v2.1/servers/e1896db5-a141-41cb-9b57-193a21929bf2 0.114s
2025-02-04 16:42:48.807 62495 INFO tempest.lib.common.rest_client [req-a7be0e38-00d8-40b2-bfec-69677d014a87 req-a7be0e38-00d8-40b2-bfec-69677d014a87 ] Request (MigrationsAdminTest:test_list_migrations_in_flavor_resize_situation): 200 GET http://10.180.1.21/compute/v2.1/servers/c433d091-5d97-4757-8cb1-5b8de3e643b3 0.225s
2025-02-04 16:42:48.877 62469 INFO tempest.lib.common.rest_client [req-07f35ee3-f0e1-40e6-a9b2-67683227a3ac req-07f35ee3-f0e1-40e6-a9b2-67683227a3ac ] Request (ServersTestJSON:setUpClass): 200 POST http://10.180.1.21/compute/v2.1/os-keypairs 0.157s
2025-02-04 16:42:48.930 62463 INFO tempest.lib.common.rest_client [req-48dfb9db-7c7e-456c-8b6d-b4c80807b3c2 req-48dfb9db-7c7e-456c-8b6d-b4c80807b3c2 ] Request (ServerDiskConfigTestJSON:test_rebuild_server_with_manual_disk_config): 200 GET http://10.180.1.21/compute/v2.1/servers/92af2777-1c19-4941-9c96-ff365aaa561a 0.200s
2025-02-04 16:42:48.960 62481 INFO tempest.lib.common.rest_client [req-e2a40fcf-c6dc-479b-aa4e-5164d4d5c41a req-e2a40fcf-c6dc-479b-aa4e-5164d4d5c41a ] Request (ServersWithSpecificFlavorTestJSON:test_verify_created_server_ephemeral_disk): 200 GET http://10.180.1.21/compute/v2.1/servers/d6456961-ac87-45c8-a4b4-8a5fcff5a376 0.279s
2025-02-04 16:42:48.979 62487 INFO tempest.lib.common.rest_client [req-124afa42-9432-4648-8fde-592993ffd044 req-124afa42-9432-4648-8fde-592993ffd044 ] Request (QuotasAdminTestJSON:test_get_updated_quotas): 200 GET http://10.180.1.21/compute/v2.1/os-quota-sets/5cf09ae3b5c845118835451edcabf99d/detail 0.239s
2025-02-04 16:42:49.015 62487 INFO tempest.lib.common.rest_client [req-3f3ac9df-f259-4324-a454-26f2939ee79b req-3f3ac9df-f259-4324-a454-26f2939ee79b ] Request (QuotasAdminTestJSON:test_get_updated_quotas): 200 GET http://10.180.1.21/identity/v3/domains?name=Default 0.030s
2025-02-04 16:42:49.017 62473 INFO tempest.lib.common.rest_client [req-570482fa-4aec-4d9b-81bf-9b662d421e85 req-570482fa-4aec-4d9b-81bf-9b662d421e85 ] Request (ServersTestBootFromVolume:setUpClass): 200 GET http://10.180.1.21/compute/v2.1/servers/9ffd2937-5684-4155-a792-dc471683e55b 0.266s
2025-02-04 16:42:49.040 62469 INFO tempest.lib.common.rest_client [req-9fc1b244-8ae6-474e-a47d-5ee6c3ea7e75 req-9fc1b244-8ae6-474e-a47d-5ee6c3ea7e75 ] Request (ServersTestJSON:setUpClass): 201 POST http://10.180.1.21:9696/networking/v2.0/security-groups 0.161s
2025-02-04 16:42:49.044 62459 INFO tempest.lib.common.rest_client [req-8c03e4da-3d45-4ddd-b511-2396d6e23748 req-8c03e4da-3d45-4ddd-b511-2396d6e23748 ] Request (AttachInterfacesUnderV243Test:test_add_remove_fixed_ip): 200 GET http://10.180.1.21/compute/v2.1/servers/5bdbadb9-e221-4ba8-a537-2d60e9024702 0.232s
2025-02-04 16:42:49.054 62487 INFO tempest.lib.common.rest_client [req-561f77e6-fd51-4e6f-8c2f-af9653b0f678 req-561f77e6-fd51-4e6f-8c2f-af9653b0f678 ] Request (QuotasAdminTestJSON:test_get_updated_quotas): 201 POST http://10.180.1.21/identity/v3/users 0.039s
2025-02-04 16:42:49.081 62487 INFO tempest.lib.common.rest_client [req-4f7d53e3-7546-43b5-a51d-25339ff9ebe6 req-4f7d53e3-7546-43b5-a51d-25339ff9ebe6 ] Request (QuotasAdminTestJSON:test_get_updated_quotas): 200 GET http://10.180.1.21/identity/v3/domains?name=Default 0.026s
2025-02-04 16:42:49.088 62509 INFO tempest.lib.common.rest_client [req-b746de0b-1b94-430c-9cd5-0ba0143217fa req-b746de0b-1b94-430c-9cd5-0ba0143217fa ] Request (ServerDiagnosticsV248Test:tearDownClass): 200 GET http://10.180.1.21/compute/v2.1/servers/e77d47f9-e316-45ef-83fe-81fca36f2825 0.246s
2025-02-04 16:42:49.101 62453 INFO tempest.lib.common.rest_client [req-a8ce570f-f38f-46bd-b093-a8fd0e708a34 req-a8ce570f-f38f-46bd-b093-a8fd0e708a34 ] Request (ServersNegativeTestJSON:setUpClass): 200 GET http://10.180.1.21/compute/v2.1/servers/5a634095-dad5-4b90-8905-196b1452ef19 0.221s
2025-02-04 16:42:49.146 62469 INFO tempest.lib.common.rest_client [req-9535041e-d6a0-4ae6-9550-0f057d87912b req-9535041e-d6a0-4ae6-9550-0f057d87912b ] Request (ServersTestJSON:setUpClass): 201 POST http://10.180.1.21:9696/networking/v2.0/security-group-rules 0.105s
2025-02-04 16:42:49.151 62503 INFO tempest.lib.common.rest_client [req-cabb51cd-3c7b-49c2-9723-028c5936ef82 req-cabb51cd-3c7b-49c2-9723-028c5936ef82 ] Request (ServerShowV247Test:test_update_rebuild_list_server): 200 GET http://10.180.1.21/compute/v2.1/servers/744161c8-9035-4da3-99c2-c7929bbc2669 0.172s
2025-02-04 16:42:49.155 62465 INFO tempest.lib.common.rest_client [req-0c6d3651-09ed-4108-819f-d0d87a0b1e05 req-0c6d3651-09ed-4108-819f-d0d87a0b1e05 ] Request (ServerDiagnosticsNegativeTest:tearDownClass): 200 GET http://10.180.1.21/compute/v2.1/servers/3950405b-22fe-436c-91c3-2a5f9b4779e9 0.245s
2025-02-04 16:42:49.242 62479 INFO tempest.lib.common.rest_client [req-67912b15-7c9c-47b0-9845-bb6abdf04910 req-67912b15-7c9c-47b0-9845-bb6abdf04910 ] Request (ListServersNegativeTestJSON:tearDownClass): 200 GET http://10.180.1.21/compute/v2.1/servers/f4b98389-d22d-4c33-850c-84d366fdff60 0.210s
2025-02-04 16:42:49.252 62487 INFO tempest.lib.common.rest_client [req-a2d9aff0-b4b8-4382-8891-69add037f7d0 req-a2d9aff0-b4b8-4382-8891-69add037f7d0 ] Request (QuotasAdminTestJSON:test_get_updated_quotas): 200 PUT http://10.180.1.21/compute/v2.1/os-quota-sets/5cf09ae3b5c845118835451edcabf99d?user_id=0c8c073bdbca466498e72dca390d70b0 0.171s
2025-02-04 16:42:49.303 62491 INFO tempest.lib.common.rest_client [req-08ae5a1e-0f85-425d-aaa1-f51a25c1f928 req-08ae5a1e-0f85-425d-aaa1-f51a25c1f928 ] Request (VolumesAdminNegativeTest:test_update_attached_volume_with_nonexistent_volume_in_body): 200 GET http://10.180.1.21/compute/v2.1/servers/aa4c0608-6490-472f-8867-60d5ef2cd306 0.187s
2025-02-04 16:42:49.318 62493 INFO tempest.lib.common.rest_client [req-1aaefa89-22c0-48eb-b00a-4d0086ae959a req-1aaefa89-22c0-48eb-b00a-4d0086ae959a ] Request (ImagesOneServerNegativeTestJSON:setUpClass): 200 GET http://10.180.1.21/compute/v2.1/servers/b5a9a89d-073d-4a54-b657-7d61984c4b44 0.224s
2025-02-04 16:42:49.366 62507 INFO tempest.lib.common.rest_client [req-ac2d5e95-431e-4b0f-a1af-08d26e291901 req-ac2d5e95-431e-4b0f-a1af-08d26e291901 ] Request (ServerRescueTestJSON:setUpClass): 200 GET http://10.180.1.21/compute/v2.1/servers/6cdf32dc-6bc1-4892-9529-ebb4c7f27be6 0.207s
2025-02-04 16:42:49.389 62513 INFO tempest.lib.common.rest_client [req-6298a57d-0a7c-4310-9c7e-9cc76263f0b3 req-6298a57d-0a7c-4310-9c7e-9cc76263f0b3 ] Request (SecurityGroupsTestJSON:test_server_security_groups): 200 GET http://10.180.1.21/compute/v2.1/servers/914ddb59-3ddd-499c-8181-76bd7f90b0f5 0.209s
2025-02-04 16:42:49.402 62469 INFO tempest.lib.common.rest_client [req-db754072-f197-42a8-9896-a26dfe937a19 req-db754072-f197-42a8-9896-a26dfe937a19 ] Request (ServersTestJSON:setUpClass): 201 POST http://10.180.1.21:9696/networking/v2.0/security-group-rules 0.255s
2025-02-04 16:42:49.420 62471 INFO tempest.lib.common.rest_client [req-a8105736-a531-4833-8d62-44343c3e872e req-a8105736-a531-4833-8d62-44343c3e872e ] Request (AttachInterfacesTestJSON:test_create_list_show_delete_interfaces_by_fixed_ip): 200 GET http://10.180.1.21/compute/v2.1/servers/e4029453-3d83-4dab-926a-9a09fa94dbb9 0.203s
2025-02-04 16:42:49.454 62499 INFO tempest.lib.common.rest_client [req-3e6feeed-99de-40a4-b570-f0f601b82805 req-3e6feeed-99de-40a4-b570-f0f601b82805 ] Request (DeleteServersAdminTestJSON:test_delete_server_while_in_error_state): 200 GET http://10.180.1.21/compute/v2.1/servers/42e69190-caad-4602-9ecd-33cbb5381f81 0.205s
2025-02-04 16:42:49.466 62487 INFO tempest.lib.common.rest_client [req-a0c9a166-2bc3-42cb-84bd-2b2d6d1f7844 req-a0c9a166-2bc3-42cb-84bd-2b2d6d1f7844 ] Request (QuotasAdminTestJSON:test_get_updated_quotas): 200 GET http://10.180.1.21/compute/v2.1/os-quota-sets/5cf09ae3b5c845118835451edcabf99d?user_id=0c8c073bdbca466498e72dca390d70b0 0.210s
2025-02-04 16:42:49.510 62515 INFO tempest.lib.common.rest_client [req-e7ea96ac-1bc6-4a37-9657-829e074ec1ee req-e7ea96ac-1bc6-4a37-9657-829e074ec1ee ] Request (ImagesOneServerTestJSON:setUpClass): 200 GET http://10.180.1.21/compute/v2.1/servers/b60e63ef-c64f-4c24-96dd-09b3128c43d8 0.236s
2025-02-04 16:42:49.555 62487 INFO tempest.lib.common.rest_client [req-4849e654-791e-4e01-afbb-2ca63bf7a5e2 req-4849e654-791e-4e01-afbb-2ca63bf7a5e2 ] Request (QuotasAdminTestJSON:_run_cleanups): 204 DELETE http://10.180.1.21/identity/v3/users/0c8c073bdbca466498e72dca390d70b0 0.086s
2025-02-04 16:42:49.628 62475 INFO tempest.lib.common.rest_client [req-f73266f3-bd4e-4ffc-ab84-06d93dcacbd5 req-f73266f3-bd4e-4ffc-ab84-06d93dcacbd5 ] Request (ServersAdmin275Test:test_rebuild_update_server_275): 200 GET http://10.180.1.21/compute/v2.1/servers/3837c53d-0ae7-4f40-9c64-c352717ace8e 0.080s
2025-02-04 16:42:49.679 62461 INFO tempest.lib.common.rest_client [req-43d8053b-4b59-49d8-9d41-ece0113f53f8 req-43d8053b-4b59-49d8-9d41-ece0113f53f8 ] Request (ServersAdminNegativeTestJSON:test_migrate_server_invalid_state): 200 GET http://10.180.1.21/compute/v2.1/servers/71c5aada-84ef-466e-830d-e9d0c83f7d91 0.170s
2025-02-04 16:42:49.682 62487 INFO tempest.lib.common.rest_client [req-cec7549e-b0e9-4118-9e07-6fe336208869 req-cec7549e-b0e9-4118-9e07-6fe336208869 ] Request (QuotasAdminTestJSON:_run_cleanups): 204 DELETE http://10.180.1.21/identity/v3/projects/5cf09ae3b5c845118835451edcabf99d 0.127s
2025-02-04 16:42:49.687 62461 INFO tempest.common.waiters [-] State transition "BUILD/spawning" ==> "ACTIVE/None" after 52 second wait
2025-02-04 16:42:49.715 62467 INFO tempest.lib.common.rest_client [req-0fe98b15-cc1c-43c8-bd85-c2741de7647a req-0fe98b15-cc1c-43c8-bd85-c2741de7647a ] Request (ServersNegativeTestMultiTenantJSON:tearDownClass): 200 GET http://10.180.1.21/compute/v2.1/servers/61efc1e0-c83b-4f6f-8223-b0b93a1e393d 0.129s
2025-02-04 16:42:49.733 62501 INFO tempest.lib.common.rest_client [req-26ebe864-014a-46b7-85fe-2146da0cc21e req-26ebe864-014a-46b7-85fe-2146da0cc21e ] Request (FloatingIPsAssociationTestJSON:setUpClass): 200 GET http://10.180.1.21/compute/v2.1/servers/08705d00-016c-46fb-9ede-84761442cfb0 0.116s
2025-02-04 16:42:49.761 62505 INFO tempest.lib.common.rest_client [req-0349101b-87ee-429e-9ec7-107b8f477543 req-0349101b-87ee-429e-9ec7-107b8f477543 ] Request (ServersAdminTestJSON:test_create_server_with_scheduling_hint): 200 GET http://10.180.1.21/compute/v2.1/servers/3b754c22-40a3-4580-b68c-2a2032fa4ce6 0.134s
2025-02-04 16:42:49.846 62461 INFO tempest.lib.common.rest_client [req-d0dcd9a7-7cbc-4938-8796-5131f0e089d3 req-d0dcd9a7-7cbc-4938-8796-5131f0e089d3 ] Request (ServersAdminNegativeTestJSON:test_migrate_server_invalid_state): 202 POST http://10.180.1.21/compute/v2.1/servers/71c5aada-84ef-466e-830d-e9d0c83f7d91/action 0.158s
2025-02-04 16:42:49.874 62487 INFO tempest.lib.common.rest_client [req-d398a382-7246-4535-84b2-a6a9213077f9 req-d398a382-7246-4535-84b2-a6a9213077f9 ] Request (QuotasAdminTestJSON:test_update_all_quota_resources_for_tenant): 200 GET http://10.180.1.21/compute/v2.1/os-quota-sets/4f3a7a592d4f4640b3fdb7229a6c7f1b/defaults 0.189s
2025-02-04 16:42:49.929 62511 INFO tempest.lib.common.rest_client [req-d836851c-d545-4cbd-bf28-6698edb542c6 req-d836851c-d545-4cbd-bf28-6698edb542c6 ] Request (InstanceActionsTestJSON:tearDownClass): 200 GET http://10.180.1.21/compute/v2.1/servers/e3ca3a65-1287-4bd2-b350-bd35860f1613 0.230s
2025-02-04 16:42:49.946 62457 INFO tempest.lib.common.rest_client [req-b989b504-032a-419e-8812-1001c84b65fb req-b989b504-032a-419e-8812-1001c84b65fb ] Request (ServerActionsTestJSON:setUpClass): 200 GET http://10.180.1.21/compute/v2.1/servers/e1896db5-a141-41cb-9b57-193a21929bf2 0.145s
2025-02-04 16:42:49.995 62469 INFO tempest.lib.common.rest_client [req-a141b04b-4427-4116-b3bb-d3985c735ecd req-a141b04b-4427-4116-b3bb-d3985c735ecd ] Request (ServersTestJSON:setUpClass): 201 POST http://10.180.1.21:9696/networking/v2.0/floatingips 0.593s
2025-02-04 16:42:50.059 62469 INFO tempest.lib.common.rest_client [req-a8807a0b-0abe-476c-bcaa-c60823304df9 req-a8807a0b-0abe-476c-bcaa-c60823304df9 ] Request (ServersTestJSON:setUpClass): 201 POST http://10.180.1.21/identity/v3/auth/tokens 0.059s
2025-02-04 16:42:50.059 62469 INFO tempest.lib.common.fixed_network [-] (ServersTestJSON:setUpClass) Found network {'id': '1bb7bb51-882d-4527-b46d-6c71b22e82e8', 'name': 'tempest-ServersTestJSON-2076157808-network', 'tenant_id': '5face6a68ee64654ba661c561ee59d47', 'admin_state_up': True, 'mtu': 8950, 'status': 'ACTIVE', 'subnets': [], 'shared': False, 'project_id': '5face6a68ee64654ba661c561ee59d47', 'port_security_enabled': True, 'router:external': False, 'provider:network_type': 'vlan', 'provider:physical_network': 'default', 'provider:segmentation_id': 666, 'availability_zone_hints': [], 'availability_zones': [], 'ipv4_address_scope': None, 'ipv6_address_scope': None, 'description': '', 'tags': [], 'created_at': '2025-02-04T16:42:45Z', 'updated_at': '2025-02-04T16:42:45Z', 'revision_number': 1} available for tenant
2025-02-04 16:42:50.063 62495 INFO tempest.lib.common.rest_client [req-075c31e3-0d6a-4f25-9d21-9f4c51ae5324 req-075c31e3-0d6a-4f25-9d21-9f4c51ae5324 ] Request (MigrationsAdminTest:test_list_migrations_in_flavor_resize_situation): 200 GET http://10.180.1.21/compute/v2.1/servers/c433d091-5d97-4757-8cb1-5b8de3e643b3 0.245s
2025-02-04 16:42:50.072 62495 INFO tempest.common.waiters [-] State transition "RESIZE/resize_finish" ==> "VERIFY_RESIZE/None" after 44 second wait
2025-02-04 16:42:50.151 62461 INFO tempest.lib.common.rest_client [req-cd243856-3233-4bb1-8566-7b2af7c2cedf req-cd243856-3233-4bb1-8566-7b2af7c2cedf ] Request (ServersAdminNegativeTestJSON:test_migrate_server_invalid_state): 200 GET http://10.180.1.21/compute/v2.1/servers/71c5aada-84ef-466e-830d-e9d0c83f7d91 0.303s
2025-02-04 16:42:50.199 62487 INFO tempest.lib.common.rest_client [req-e9d194bf-9f1f-4f68-8221-4b456999e93e req-e9d194bf-9f1f-4f68-8221-4b456999e93e ] Request (QuotasAdminTestJSON:test_update_all_quota_resources_for_tenant): 200 PUT http://10.180.1.21/compute/v2.1/os-quota-sets/4f3a7a592d4f4640b3fdb7229a6c7f1b 0.322s
2025-02-04 16:42:50.203 62463 INFO tempest.lib.common.rest_client [req-6aa44981-a061-461b-ad29-e64f080f2108 req-6aa44981-a061-461b-ad29-e64f080f2108 ] Request (ServerDiskConfigTestJSON:test_rebuild_server_with_manual_disk_config): 200 GET http://10.180.1.21/compute/v2.1/servers/92af2777-1c19-4941-9c96-ff365aaa561a 0.265s
2025-02-04 16:42:50.245 62473 INFO tempest.lib.common.rest_client [req-2999c962-0612-4322-a1ac-f60132df0fb9 req-2999c962-0612-4322-a1ac-f60132df0fb9 ] Request (ServersTestBootFromVolume:setUpClass): 200 GET http://10.180.1.21/compute/v2.1/servers/9ffd2937-5684-4155-a792-dc471683e55b 0.219s
2025-02-04 16:42:50.293 62459 INFO tempest.lib.common.rest_client [req-7d0ffbc1-acdd-49f2-8d7c-56a520c1e0d7 req-7d0ffbc1-acdd-49f2-8d7c-56a520c1e0d7 ] Request (AttachInterfacesUnderV243Test:test_add_remove_fixed_ip): 200 GET http://10.180.1.21/compute/v2.1/servers/5bdbadb9-e221-4ba8-a537-2d60e9024702 0.240s
2025-02-04 16:42:50.293 62481 INFO tempest.lib.common.rest_client [req-e8d0cb59-9893-41e4-a009-090712576247 req-e8d0cb59-9893-41e4-a009-090712576247 ] Request (ServersWithSpecificFlavorTestJSON:test_verify_created_server_ephemeral_disk): 200 GET http://10.180.1.21/compute/v2.1/servers/d6456961-ac87-45c8-a4b4-8a5fcff5a376 0.323s
2025-02-04 16:42:50.348 62495 INFO tempest.lib.common.rest_client [req-31ee3459-a9f8-4ac1-afa2-0090f075af59 req-31ee3459-a9f8-4ac1-afa2-0090f075af59 ] Request (MigrationsAdminTest:test_list_migrations_in_flavor_resize_situation): 204 POST http://10.180.1.21/compute/v2.1/servers/c433d091-5d97-4757-8cb1-5b8de3e643b3/action 0.275s
2025-02-04 16:42:50.411 62509 INFO tempest.lib.common.rest_client [req-f853b4c7-da49-4ef4-85e3-ef252b4ae81c req-f853b4c7-da49-4ef4-85e3-ef252b4ae81c ] Request (ServerDiagnosticsV248Test:tearDownClass): 200 GET http://10.180.1.21/compute/v2.1/servers/e77d47f9-e316-45ef-83fe-81fca36f2825 0.311s
2025-02-04 16:42:50.463 62453 INFO tempest.lib.common.rest_client [req-2c69b2eb-e7da-4e2a-b3fd-613d1e56539c req-2c69b2eb-e7da-4e2a-b3fd-613d1e56539c ] Request (ServersNegativeTestJSON:setUpClass): 200 GET http://10.180.1.21/compute/v2.1/servers/5a634095-dad5-4b90-8905-196b1452ef19 0.350s
2025-02-04 16:42:50.526 62503 INFO tempest.lib.common.rest_client [req-fd854e10-4ac1-43d7-bd69-bd01fbea1b05 req-fd854e10-4ac1-43d7-bd69-bd01fbea1b05 ] Request (ServerShowV247Test:test_update_rebuild_list_server): 200 GET http://10.180.1.21/compute/v2.1/servers/744161c8-9035-4da3-99c2-c7929bbc2669 0.365s
2025-02-04 16:42:50.592 62465 INFO tempest.lib.common.rest_client [req-2252e4c9-23fd-4ca3-bed1-e8e8c4c211e2 req-2252e4c9-23fd-4ca3-bed1-e8e8c4c211e2 ] Request (ServerDiagnosticsNegativeTest:tearDownClass): 200 GET http://10.180.1.21/compute/v2.1/servers/3950405b-22fe-436c-91c3-2a5f9b4779e9 0.424s
2025-02-04 16:42:50.710 62469 INFO tempest.lib.common.rest_client [req-6282319b-8bd2-4ae1-b4a2-d91f5001daac req-6282319b-8bd2-4ae1-b4a2-d91f5001daac ] Request (ServersTestJSON:setUpClass): 202 POST http://10.180.1.21/compute/v2.1/servers 0.650s
2025-02-04 16:42:50.801 62479 INFO tempest.lib.common.rest_client [req-aa475f46-45b9-4057-9429-ffeb67b0a04c req-aa475f46-45b9-4057-9429-ffeb67b0a04c ] Request (ListServersNegativeTestJSON:tearDownClass): 200 GET http://10.180.1.21/compute/v2.1/servers/f4b98389-d22d-4c33-850c-84d366fdff60 0.545s
2025-02-04 16:42:50.805 62487 INFO tempest.lib.common.rest_client [req-d875c8c0-1834-4a70-9077-7ba60dfa1f11 req-d875c8c0-1834-4a70-9077-7ba60dfa1f11 ] Request (QuotasAdminTestJSON:_run_cleanups): 200 PUT http://10.180.1.21/compute/v2.1/os-quota-sets/4f3a7a592d4f4640b3fdb7229a6c7f1b 0.604s
2025-02-04 16:42:50.867 62493 INFO tempest.lib.common.rest_client [req-aa7282c9-fce2-44d0-8c44-012ad1cb9d61 req-aa7282c9-fce2-44d0-8c44-012ad1cb9d61 ] Request (ImagesOneServerNegativeTestJSON:setUpClass): 200 GET http://10.180.1.21/compute/v2.1/servers/b5a9a89d-073d-4a54-b657-7d61984c4b44 0.540s
2025-02-04 16:42:50.876 62491 INFO tempest.lib.common.rest_client [req-62c126a6-bb2e-482a-bc27-c6e72ff7d13b req-62c126a6-bb2e-482a-bc27-c6e72ff7d13b ] Request (VolumesAdminNegativeTest:test_update_attached_volume_with_nonexistent_volume_in_body): 200 GET http://10.180.1.21/compute/v2.1/servers/aa4c0608-6490-472f-8867-60d5ef2cd306 0.561s
2025-02-04 16:42:50.936 62507 INFO tempest.lib.common.rest_client [req-74122908-b476-4a2f-afc5-a74a8d37d130 req-74122908-b476-4a2f-afc5-a74a8d37d130 ] Request (ServerRescueTestJSON:setUpClass): 200 GET http://10.180.1.21/compute/v2.1/servers/6cdf32dc-6bc1-4892-9529-ebb4c7f27be6 0.553s
2025-02-04 16:42:50.962 62487 INFO tempest.lib.common.rest_client [req-6eea994d-b018-447a-85cf-06afc7fc95a5 req-6eea994d-b018-447a-85cf-06afc7fc95a5 ] Request (QuotasAdminTestJSON:tearDownClass): 204 DELETE http://10.180.1.21/identity/v3/users/a175e139f72c4b5683ac67a9f780bf6f 0.146s
2025-02-04 16:42:50.986 62513 INFO tempest.lib.common.rest_client [req-a91c9954-ca20-49d8-8dc4-2a0583214ace req-a91c9954-ca20-49d8-8dc4-2a0583214ace ] Request (SecurityGroupsTestJSON:test_server_security_groups): 200 GET http://10.180.1.21/compute/v2.1/servers/914ddb59-3ddd-499c-8181-76bd7f90b0f5 0.588s
2025-02-04 16:42:50.994 62495 INFO tempest.lib.common.rest_client [req-cb8f7000-0868-430d-b661-5ba5aedb1f60 req-cb8f7000-0868-430d-b661-5ba5aedb1f60 ] Request (MigrationsAdminTest:test_list_migrations_in_flavor_resize_situation): 200 GET http://10.180.1.21/compute/v2.1/servers/c433d091-5d97-4757-8cb1-5b8de3e643b3 0.645s
2025-02-04 16:42:51.039 62471 INFO tempest.lib.common.rest_client [req-b394eecc-f7c1-4e32-a337-ae7c89078fd7 req-b394eecc-f7c1-4e32-a337-ae7c89078fd7 ] Request (AttachInterfacesTestJSON:test_create_list_show_delete_interfaces_by_fixed_ip): 200 GET http://10.180.1.21/compute/v2.1/servers/e4029453-3d83-4dab-926a-9a09fa94dbb9 0.605s
2025-02-04 16:42:51.058 62499 INFO tempest.lib.common.rest_client [req-e324cd49-d43d-45f6-ad23-92f5d3c446f3 req-e324cd49-d43d-45f6-ad23-92f5d3c446f3 ] Request (DeleteServersAdminTestJSON:test_delete_server_while_in_error_state): 200 GET http://10.180.1.21/compute/v2.1/servers/42e69190-caad-4602-9ecd-33cbb5381f81 0.593s
2025-02-04 16:42:51.078 62487 INFO tempest.lib.common.rest_client [req-4a9d0a2d-2768-4e5c-8e38-a890853afff1 req-4a9d0a2d-2768-4e5c-8e38-a890853afff1 ] Request (QuotasAdminTestJSON:tearDownClass): 204 DELETE http://10.180.1.21/identity/v3/users/03b73cd1a023499e9817b8bd26aca504 0.116s
2025-02-04 16:42:51.079 62487 INFO tempest.lib.common.dynamic_creds [-] Deleting project and security group for project: e1261e96a40445bc81131e5b3cf8a86c
2025-02-04 16:42:51.089 62515 INFO tempest.lib.common.rest_client [req-44440d69-9430-4417-a6d6-fc236f346c73 req-44440d69-9430-4417-a6d6-fc236f346c73 ] Request (ImagesOneServerTestJSON:setUpClass): 200 GET http://10.180.1.21/compute/v2.1/servers/b60e63ef-c64f-4c24-96dd-09b3128c43d8 0.567s
2025-02-04 16:42:51.135 62475 INFO tempest.lib.common.rest_client [req-e90edfb2-4bec-4a44-9c05-9d08e69c583e req-e90edfb2-4bec-4a44-9c05-9d08e69c583e ] Request (ServersAdmin275Test:test_rebuild_update_server_275): 200 GET http://10.180.1.21/compute/v2.1/servers/3837c53d-0ae7-4f40-9c64-c352717ace8e 0.484s
2025-02-04 16:42:51.139 62469 INFO tempest.lib.common.rest_client [req-1e85d47f-5ed2-4d91-8faa-8d819e7c0141 req-1e85d47f-5ed2-4d91-8faa-8d819e7c0141 ] Request (ServersTestJSON:setUpClass): 200 GET http://10.180.1.21/compute/v2.1/servers/00a3ea06-f1c6-4221-8704-f6eb1f966e12 0.426s
2025-02-04 16:42:51.152 62487 INFO tempest.lib.common.rest_client [req-9d1b20f1-c3b6-4bf5-a5f6-a4154a222c02 req-9d1b20f1-c3b6-4bf5-a5f6-a4154a222c02 ] Request (QuotasAdminTestJSON:tearDownClass): 201 POST http://10.180.1.21/identity/v3/auth/tokens 0.073s
2025-02-04 16:42:51.189 62501 INFO tempest.lib.common.rest_client [req-ff6df2f4-e733-47bc-995b-85d42a6068c6 req-ff6df2f4-e733-47bc-995b-85d42a6068c6 ] Request (FloatingIPsAssociationTestJSON:setUpClass): 200 GET http://10.180.1.21/compute/v2.1/servers/08705d00-016c-46fb-9ede-84761442cfb0 0.442s
2025-02-04 16:42:51.195 62467 INFO tempest.lib.common.rest_client [req-eaf4306c-63de-4028-b81d-5d38c210593a req-eaf4306c-63de-4028-b81d-5d38c210593a ] Request (ServersNegativeTestMultiTenantJSON:tearDownClass): 200 GET http://10.180.1.21/compute/v2.1/servers/61efc1e0-c83b-4f6f-8223-b0b93a1e393d 0.472s
2025-02-04 16:42:51.245 62505 INFO tempest.lib.common.rest_client [req-b0739df0-40ff-4330-be3e-c2425aa5baa3 req-b0739df0-40ff-4330-be3e-c2425aa5baa3 ] Request (ServersAdminTestJSON:test_create_server_with_scheduling_hint): 200 GET http://10.180.1.21/compute/v2.1/servers/3b754c22-40a3-4580-b68c-2a2032fa4ce6 0.475s
2025-02-04 16:42:51.253 62505 INFO tempest.common.waiters [-] State transition "BUILD/scheduling" ==> "BUILD/None" after 31 second wait
2025-02-04 16:42:51.272 62511 INFO tempest.lib.common.rest_client [req-a15f98cd-6474-4a6c-b2e8-7bb8eeae80d6 req-a15f98cd-6474-4a6c-b2e8-7bb8eeae80d6 ] Request (InstanceActionsTestJSON:tearDownClass): 200 GET http://10.180.1.21/compute/v2.1/servers/e3ca3a65-1287-4bd2-b350-bd35860f1613 0.330s
2025-02-04 16:42:51.304 62457 INFO tempest.lib.common.rest_client [req-08b3790c-0fdc-434b-a757-3f7d345fa4ed req-08b3790c-0fdc-434b-a757-3f7d345fa4ed ] Request (ServerActionsTestJSON:setUpClass): 200 GET http://10.180.1.21/compute/v2.1/servers/e1896db5-a141-41cb-9b57-193a21929bf2 0.348s
2025-02-04 16:42:51.348 62463 INFO tempest.lib.common.rest_client [req-ba81f23a-0b29-4e14-9f7c-9976a4d188d6 req-ba81f23a-0b29-4e14-9f7c-9976a4d188d6 ] Request (ServerDiskConfigTestJSON:test_rebuild_server_with_manual_disk_config): 200 GET http://10.180.1.21/compute/v2.1/servers/92af2777-1c19-4941-9c96-ff365aaa561a 0.136s
2025-02-04 16:42:51.393 62473 INFO tempest.lib.common.rest_client [req-97f16c24-553c-4253-8a19-0097b8eceafe req-97f16c24-553c-4253-8a19-0097b8eceafe ] Request (ServersTestBootFromVolume:setUpClass): 200 GET http://10.180.1.21/compute/v2.1/servers/9ffd2937-5684-4155-a792-dc471683e55b 0.135s
2025-02-04 16:42:51.401 62487 INFO tempest.lib.common.rest_client [req-649ec48b-64a2-4ef8-ac76-da62143e5d02 req-649ec48b-64a2-4ef8-ac76-da62143e5d02 ] Request (QuotasAdminTestJSON:tearDownClass): 200 GET http://10.180.1.21:9696/networking/v2.0/security-groups?tenant_id=e1261e96a40445bc81131e5b3cf8a86c&name=default 0.249s
2025-02-04 16:42:51.401 62461 INFO tempest.lib.common.rest_client [req-a46a752a-452b-49cd-ab9c-6c45b52487aa req-a46a752a-452b-49cd-ab9c-6c45b52487aa ] Request (ServersAdminNegativeTestJSON:test_migrate_server_invalid_state): 200 GET http://10.180.1.21/compute/v2.1/servers/71c5aada-84ef-466e-830d-e9d0c83f7d91 0.241s
2025-02-04 16:42:51.451 62459 INFO tempest.lib.common.rest_client [req-2c00e56c-5c87-4299-aa55-8398d7d49b08 req-2c00e56c-5c87-4299-aa55-8398d7d49b08 ] Request (AttachInterfacesUnderV243Test:test_add_remove_fixed_ip): 200 GET http://10.180.1.21/compute/v2.1/servers/5bdbadb9-e221-4ba8-a537-2d60e9024702 0.150s
2025-02-04 16:42:51.490 62487 INFO tempest.lib.common.rest_client [req-2a3f6549-5789-4ec3-8409-9e64782a3e6e req-2a3f6549-5789-4ec3-8409-9e64782a3e6e ] Request (QuotasAdminTestJSON:tearDownClass): 204 DELETE http://10.180.1.21:9696/networking/v2.0/security-groups/083a6584-bb3d-4fea-82cc-9e6e5e2d16b3 0.089s
2025-02-04 16:42:51.494 62481 INFO tempest.lib.common.rest_client [req-85a0c5ef-3e94-42a2-b28a-e9347d76c751 req-85a0c5ef-3e94-42a2-b28a-e9347d76c751 ] Request (ServersWithSpecificFlavorTestJSON:test_verify_created_server_ephemeral_disk): 200 GET http://10.180.1.21/compute/v2.1/servers/d6456961-ac87-45c8-a4b4-8a5fcff5a376 0.193s
2025-02-04 16:42:51.501 62481 INFO tempest.common.waiters [-] State transition "BUILD/spawning" ==> "ACTIVE/None" after 54 second wait
2025-02-04 16:42:51.510 62509 INFO tempest.lib.common.rest_client [req-295407e2-edab-452e-8b50-a4a557f5d65f req-295407e2-edab-452e-8b50-a4a557f5d65f ] Request (ServerDiagnosticsV248Test:tearDownClass): 200 GET http://10.180.1.21/compute/v2.1/servers/e77d47f9-e316-45ef-83fe-81fca36f2825 0.090s
2025-02-04 16:42:51.546 62453 INFO tempest.lib.common.rest_client [req-abe69c0d-3431-4e3c-8c32-fe4bc7666557 req-abe69c0d-3431-4e3c-8c32-fe4bc7666557 ] Request (ServersNegativeTestJSON:setUpClass): 200 GET http://10.180.1.21/compute/v2.1/servers/5a634095-dad5-4b90-8905-196b1452ef19 0.073s
2025-02-04 16:42:51.580 62487 INFO tempest.lib.common.rest_client [req-c95ce8f0-e5de-474a-a7cd-0a3caaa89bc8 req-c95ce8f0-e5de-474a-a7cd-0a3caaa89bc8 ] Request (QuotasAdminTestJSON:tearDownClass): 204 DELETE http://10.180.1.21/identity/v3/projects/e1261e96a40445bc81131e5b3cf8a86c 0.089s
2025-02-04 16:42:51.580 62487 INFO tempest.lib.common.dynamic_creds [-] Deleting project and security group for project: 4f3a7a592d4f4640b3fdb7229a6c7f1b
2025-02-04 16:42:51.601 62503 INFO tempest.lib.common.rest_client [req-ee13fb6b-99d0-4c9a-9650-085551356019 req-ee13fb6b-99d0-4c9a-9650-085551356019 ] Request (ServerShowV247Test:test_update_rebuild_list_server): 200 GET http://10.180.1.21/compute/v2.1/servers/744161c8-9035-4da3-99c2-c7929bbc2669 0.062s
2025-02-04 16:42:51.616 62481 INFO tempest.lib.common.rest_client [req-f1d6144c-c21f-474d-8316-589ef8a43ab5 req-f1d6144c-c21f-474d-8316-589ef8a43ab5 ] Request (ServersWithSpecificFlavorTestJSON:test_verify_created_server_ephemeral_disk): 200 GET http://10.180.1.21/compute/v2.1/servers/d6456961-ac87-45c8-a4b4-8a5fcff5a376/os-interface 0.113s
2025-02-04 16:42:51.665 62465 INFO tempest.lib.common.rest_client [req-dba049b8-e83e-4348-9e06-286d83a661f2 req-dba049b8-e83e-4348-9e06-286d83a661f2 ] Request (ServerDiagnosticsNegativeTest:tearDownClass): 200 GET http://10.180.1.21/compute/v2.1/servers/3950405b-22fe-436c-91c3-2a5f9b4779e9 0.063s
2025-02-04 16:42:51.667 62483 WARNING tempest.lib.common.ssh [-] Failed to establish authenticated ssh connection to cirros@10.180.180.177 ([Errno None] Unable to connect to port 22 on 10.180.180.177). Number attempts: 2. Retry after 3 seconds.: paramiko.ssh_exception.NoValidConnectionsError: [Errno None] Unable to connect to port 22 on 10.180.180.177
2025-02-04 16:42:51.902 62479 INFO tempest.lib.common.rest_client [req-66216ba1-ac8e-4fe1-adf0-7c347555bb38 req-66216ba1-ac8e-4fe1-adf0-7c347555bb38 ] Request (ListServersNegativeTestJSON:tearDownClass): 200 GET http://10.180.1.21/compute/v2.1/servers/f4b98389-d22d-4c33-850c-84d366fdff60 0.092s
2025-02-04 16:42:51.941 62493 INFO tempest.lib.common.rest_client [req-f812a664-780e-43d0-bd9d-bcbfea317850 req-f812a664-780e-43d0-bd9d-bcbfea317850 ] Request (ImagesOneServerNegativeTestJSON:setUpClass): 200 GET http://10.180.1.21/compute/v2.1/servers/b5a9a89d-073d-4a54-b657-7d61984c4b44 0.064s
2025-02-04 16:42:51.976 62491 INFO tempest.lib.common.rest_client [req-0454c007-530a-480c-aa12-be0df1c73d21 req-0454c007-530a-480c-aa12-be0df1c73d21 ] Request (VolumesAdminNegativeTest:test_update_attached_volume_with_nonexistent_volume_in_body): 200 GET http://10.180.1.21/compute/v2.1/servers/aa4c0608-6490-472f-8867-60d5ef2cd306 0.089s
2025-02-04 16:42:51.978 62487 INFO tempest.lib.common.rest_client [req-c5935ecf-3df9-4672-831e-887cd80046cc req-c5935ecf-3df9-4672-831e-887cd80046cc ] Request (QuotasAdminTestJSON:tearDownClass): 200 GET http://10.180.1.21:9696/networking/v2.0/security-groups?tenant_id=4f3a7a592d4f4640b3fdb7229a6c7f1b&name=default 0.397s
2025-02-04 16:42:52.014 62507 INFO tempest.lib.common.rest_client [req-30e32f78-c0ed-4382-b723-720c99ffce5a req-30e32f78-c0ed-4382-b723-720c99ffce5a ] Request (ServerRescueTestJSON:setUpClass): 200 GET http://10.180.1.21/compute/v2.1/servers/6cdf32dc-6bc1-4892-9529-ebb4c7f27be6 0.065s
2025-02-04 16:42:52.054 62513 INFO tempest.lib.common.rest_client [req-41de554c-c9c3-41a7-be11-58733e872f0c req-41de554c-c9c3-41a7-be11-58733e872f0c ] Request (SecurityGroupsTestJSON:test_server_security_groups): 200 GET http://10.180.1.21/compute/v2.1/servers/914ddb59-3ddd-499c-8181-76bd7f90b0f5 0.061s
2025-02-04 16:42:52.121 62495 INFO tempest.lib.common.rest_client [req-3a903596-1eb6-4a29-96f7-d66fcf1c716d req-3a903596-1eb6-4a29-96f7-d66fcf1c716d ] Request (MigrationsAdminTest:test_list_migrations_in_flavor_resize_situation): 200 GET http://10.180.1.21/compute/v2.1/servers/c433d091-5d97-4757-8cb1-5b8de3e643b3 0.117s
2025-02-04 16:42:52.140 62471 INFO tempest.lib.common.rest_client [req-ab2e33a1-43e0-4e08-8961-d8f664cb37a9 req-ab2e33a1-43e0-4e08-8961-d8f664cb37a9 ] Request (AttachInterfacesTestJSON:test_create_list_show_delete_interfaces_by_fixed_ip): 200 GET http://10.180.1.21/compute/v2.1/servers/e4029453-3d83-4dab-926a-9a09fa94dbb9 0.088s
2025-02-04 16:42:52.181 62499 INFO tempest.lib.common.rest_client [req-c24aafaf-6eeb-432d-bd79-5cb812ef2518 req-c24aafaf-6eeb-432d-bd79-5cb812ef2518 ] Request (DeleteServersAdminTestJSON:test_delete_server_while_in_error_state): 200 GET http://10.180.1.21/compute/v2.1/servers/42e69190-caad-4602-9ecd-33cbb5381f81 0.114s
2025-02-04 16:42:52.196 62487 INFO tempest.lib.common.rest_client [req-c2a32de4-c4b0-4dd1-888c-11f5d7aefdfa req-c2a32de4-c4b0-4dd1-888c-11f5d7aefdfa ] Request (QuotasAdminTestJSON:tearDownClass): 204 DELETE http://10.180.1.21:9696/networking/v2.0/security-groups/4649db90-3f4f-4bd9-98d6-81aa5248216f 0.218s
2025-02-04 16:42:52.203 62515 INFO tempest.lib.common.rest_client [req-116061eb-4667-4a3b-aca8-f87a8fed0839 req-116061eb-4667-4a3b-aca8-f87a8fed0839 ] Request (ImagesOneServerTestJSON:setUpClass): 200 GET http://10.180.1.21/compute/v2.1/servers/b60e63ef-c64f-4c24-96dd-09b3128c43d8 0.099s
2025-02-04 16:42:52.252 62475 INFO tempest.lib.common.rest_client [req-77d52a93-06d8-42df-8def-3b9253687d7d req-77d52a93-06d8-42df-8def-3b9253687d7d ] Request (ServersAdmin275Test:test_rebuild_update_server_275): 200 GET http://10.180.1.21/compute/v2.1/servers/3837c53d-0ae7-4f40-9c64-c352717ace8e 0.105s
2025-02-04 16:42:52.262 62475 INFO tempest.common.waiters [-] State transition "BUILD/spawning" ==> "ACTIVE/None" after 51 second wait
2025-02-04 16:42:52.273 62469 INFO tempest.lib.common.rest_client [req-89840536-eaba-4896-8ee2-1b6aa7e5b5e4 req-89840536-eaba-4896-8ee2-1b6aa7e5b5e4 ] Request (ServersTestJSON:setUpClass): 200 GET http://10.180.1.21/compute/v2.1/servers/00a3ea06-f1c6-4221-8704-f6eb1f966e12 0.124s
2025-02-04 16:42:52.303 62501 INFO tempest.lib.common.rest_client [req-a409cc1f-b781-42f3-88a4-29ad755f68ed req-a409cc1f-b781-42f3-88a4-29ad755f68ed ] Request (FloatingIPsAssociationTestJSON:setUpClass): 200 GET http://10.180.1.21/compute/v2.1/servers/08705d00-016c-46fb-9ede-84761442cfb0 0.099s
2025-02-04 16:42:52.321 62487 INFO tempest.lib.common.rest_client [req-0dada4aa-e1dd-421e-a89d-29f723fb4caa req-0dada4aa-e1dd-421e-a89d-29f723fb4caa ] Request (QuotasAdminTestJSON:tearDownClass): 204 DELETE http://10.180.1.21/identity/v3/projects/4f3a7a592d4f4640b3fdb7229a6c7f1b 0.124s
2025-02-04 16:42:52.344 62467 INFO tempest.lib.common.rest_client [req-1b9796c5-f6b3-4646-9635-c0c7f4e3125a req-1b9796c5-f6b3-4646-9635-c0c7f4e3125a ] Request (ServersNegativeTestMultiTenantJSON:tearDownClass): 200 GET http://10.180.1.21/compute/v2.1/servers/61efc1e0-c83b-4f6f-8223-b0b93a1e393d 0.132s
2025-02-04 16:42:52.361 62505 INFO tempest.lib.common.rest_client [req-4e78c64a-b876-440b-b474-fcff7ab79d6c req-4e78c64a-b876-440b-b474-fcff7ab79d6c ] Request (ServersAdminTestJSON:test_create_server_with_scheduling_hint): 200 GET http://10.180.1.21/compute/v2.1/servers/3b754c22-40a3-4580-b68c-2a2032fa4ce6 0.107s
2025-02-04 16:42:52.419 62511 INFO tempest.lib.common.rest_client [req-bb95b868-13c1-4428-88ed-c2ecb17ef15f req-bb95b868-13c1-4428-88ed-c2ecb17ef15f ] Request (InstanceActionsTestJSON:tearDownClass): 200 GET http://10.180.1.21/compute/v2.1/servers/e3ca3a65-1287-4bd2-b350-bd35860f1613 0.132s
2025-02-04 16:42:52.471 62457 INFO tempest.lib.common.rest_client [req-092b0a6c-267b-4899-ad23-9d8ea70dbe59 req-092b0a6c-267b-4899-ad23-9d8ea70dbe59 ] Request (ServerActionsTestJSON:setUpClass): 200 GET http://10.180.1.21/compute/v2.1/servers/e1896db5-a141-41cb-9b57-193a21929bf2 0.157s
2025-02-04 16:42:52.518 62463 INFO tempest.lib.common.rest_client [req-ffdcce48-b674-40b7-9995-fe44d35eee3f req-ffdcce48-b674-40b7-9995-fe44d35eee3f ] Request (ServerDiskConfigTestJSON:test_rebuild_server_with_manual_disk_config): 200 GET http://10.180.1.21/compute/v2.1/servers/92af2777-1c19-4941-9c96-ff365aaa561a 0.157s
2025-02-04 16:42:52.541 62475 INFO tempest.lib.common.rest_client [req-f2b800fc-e706-4c3a-a6be-addee97d3b4b req-f2b800fc-e706-4c3a-a6be-addee97d3b4b ] Request (ServersAdmin275Test:test_rebuild_update_server_275): 202 POST http://10.180.1.21/compute/v2.1/servers/3837c53d-0ae7-4f40-9c64-c352717ace8e/action 0.278s
2025-02-04 16:42:52.569 62481 INFO tempest.lib.common.rest_client [req-01b83351-1fa0-46cd-9f41-8dae4826b8d6 req-01b83351-1fa0-46cd-9f41-8dae4826b8d6 ] Request (ServersWithSpecificFlavorTestJSON:test_verify_created_server_ephemeral_disk): 200 PUT http://10.180.1.21:9696/networking/v2.0/floatingips/97e4c0b7-49bf-4a37-a0ff-5557839989d7 0.950s
2025-02-04 16:42:52.574 62473 INFO tempest.lib.common.rest_client [req-e107f758-565f-4f87-aafd-d359586f8696 req-e107f758-565f-4f87-aafd-d359586f8696 ] Request (ServersTestBootFromVolume:setUpClass): 200 GET http://10.180.1.21/compute/v2.1/servers/9ffd2937-5684-4155-a792-dc471683e55b 0.171s
2025-02-04 16:42:52.627 62459 INFO tempest.lib.common.rest_client [req-b772721b-0f14-4735-81b1-451f18f7c8f9 req-b772721b-0f14-4735-81b1-451f18f7c8f9 ] Request (AttachInterfacesUnderV243Test:test_add_remove_fixed_ip): 200 GET http://10.180.1.21/compute/v2.1/servers/5bdbadb9-e221-4ba8-a537-2d60e9024702 0.166s
2025-02-04 16:42:52.638 62461 INFO tempest.lib.common.rest_client [req-50677fba-b18f-45d4-bda6-9977c1fa23b3 req-50677fba-b18f-45d4-bda6-9977c1fa23b3 ] Request (ServersAdminNegativeTestJSON:test_migrate_server_invalid_state): 200 GET http://10.180.1.21/compute/v2.1/servers/71c5aada-84ef-466e-830d-e9d0c83f7d91 0.227s
2025-02-04 16:42:52.648 62461 INFO tempest.common.waiters [-] State transition "ACTIVE/suspending" ==> "SUSPENDED/None" after 2 second wait
2025-02-04 16:42:52.685 62509 INFO tempest.lib.common.rest_client [req-7526f11a-86e0-431a-8e9e-fe7d9114149d req-7526f11a-86e0-431a-8e9e-fe7d9114149d ] Request (ServerDiagnosticsV248Test:tearDownClass): 200 GET http://10.180.1.21/compute/v2.1/servers/e77d47f9-e316-45ef-83fe-81fca36f2825 0.162s
2025-02-04 16:42:52.700 62475 INFO tempest.lib.common.rest_client [req-6a5a05bd-58ba-458f-974a-98bd973e2136 req-6a5a05bd-58ba-458f-974a-98bd973e2136 ] Request (ServersAdmin275Test:test_rebuild_update_server_275): 200 GET http://10.180.1.21/compute/v2.1/servers/3837c53d-0ae7-4f40-9c64-c352717ace8e 0.149s
2025-02-04 16:42:52.736 62453 INFO tempest.lib.common.rest_client [req-d0a766d4-365f-4a5a-b5e7-e8b7070636fb req-d0a766d4-365f-4a5a-b5e7-e8b7070636fb ] Request (ServersNegativeTestJSON:setUpClass): 200 GET http://10.180.1.21/compute/v2.1/servers/5a634095-dad5-4b90-8905-196b1452ef19 0.180s
2025-02-04 16:42:52.784 62503 INFO tempest.lib.common.rest_client [req-3fe1d13d-71e1-470f-b21b-538564693728 req-3fe1d13d-71e1-470f-b21b-538564693728 ] Request (ServerShowV247Test:test_update_rebuild_list_server): 200 GET http://10.180.1.21/compute/v2.1/servers/744161c8-9035-4da3-99c2-c7929bbc2669 0.167s
2025-02-04 16:42:52.826 62481 INFO tempest.lib.common.rest_client [req-10ec5e5c-cec2-4ac9-964d-b558f39bda85 req-10ec5e5c-cec2-4ac9-964d-b558f39bda85 ] Request (ServersWithSpecificFlavorTestJSON:test_verify_created_server_ephemeral_disk): 200 GET http://10.180.1.21/compute/v2.1/servers/d6456961-ac87-45c8-a4b4-8a5fcff5a376 0.256s
2025-02-04 16:42:52.835 62481 INFO tempest.lib.common.ssh [-] Creating ssh connection to '10.180.180.238:22' as 'cirros' with public key authentication
2025-02-04 16:42:52.849 62461 INFO tempest.lib.common.rest_client [req-6195e206-41be-447e-85a7-176d53a163a0 req-6195e206-41be-447e-85a7-176d53a163a0 ] Request (ServersAdminNegativeTestJSON:test_migrate_server_invalid_state): 409 POST http://10.180.1.21/compute/v2.1/servers/71c5aada-84ef-466e-830d-e9d0c83f7d91/action 0.200s
2025-02-04 16:42:52.858 62461 INFO tempest.lib.common.rest_client [req-a9352780-aa1f-4435-9f3f-006317d0a55d req-a9352780-aa1f-4435-9f3f-006317d0a55d ] Request (ServersAdminNegativeTestJSON:test_reset_state_server_invalid_state): 400 POST http://10.180.1.21/compute/v2.1/servers/6e1362d1-8cd8-42ad-aabc-21febdeb5f7d/action 0.007s
2025-02-04 16:42:52.872 62461 INFO tempest.lib.common.rest_client [req-86611bf0-ea67-4625-aa48-a63e81ea4af9 req-86611bf0-ea67-4625-aa48-a63e81ea4af9 ] Request (ServersAdminNegativeTestJSON:test_reset_state_server_invalid_type): 400 POST http://10.180.1.21/compute/v2.1/servers/6e1362d1-8cd8-42ad-aabc-21febdeb5f7d/action 0.012s
2025-02-04 16:42:52.880 62461 INFO tempest.lib.common.rest_client [req-0c9908a0-1bc2-4f82-acee-c15b8a3954ce req-0c9908a0-1bc2-4f82-acee-c15b8a3954ce ] Request (ServersAdminNegativeTestJSON:test_reset_state_server_nonexistent_server): 404 POST http://10.180.1.21/compute/v2.1/servers/999/action 0.007s
2025-02-04 16:42:52.882 62465 INFO tempest.lib.common.rest_client [req-162d2778-7764-48d7-95c5-a605fd8161be req-162d2778-7764-48d7-95c5-a605fd8161be ] Request (ServerDiagnosticsNegativeTest:tearDownClass): 200 GET http://10.180.1.21/compute/v2.1/servers/3950405b-22fe-436c-91c3-2a5f9b4779e9 0.208s
2025-02-04 16:42:52.966 62479 INFO tempest.lib.common.rest_client [req-99e3ce11-7206-4be8-b786-9ce7f4e77747 req-99e3ce11-7206-4be8-b786-9ce7f4e77747 ] Request (ListServersNegativeTestJSON:tearDownClass): 200 GET http://10.180.1.21/compute/v2.1/servers/f4b98389-d22d-4c33-850c-84d366fdff60 0.053s
2025-02-04 16:42:52.994 62461 INFO tempest.lib.common.rest_client [req-51b25119-c150-4f01-b809-2d9d0f9821d7 req-51b25119-c150-4f01-b809-2d9d0f9821d7 ] Request (ServersAdminNegativeTestJSON:test_resize_server_using_overlimit_ram): 200 GET http://10.180.1.21/compute/v2.1/os-quota-sets/2a645a8055b04d82a73c85442a2828b0 0.112s
2025-02-04 16:42:53.010 62493 INFO tempest.lib.common.rest_client [req-3266054d-bc36-4a75-bbea-6112dc2f78b6 req-3266054d-bc36-4a75-bbea-6112dc2f78b6 ] Request (ImagesOneServerNegativeTestJSON:setUpClass): 200 GET http://10.180.1.21/compute/v2.1/servers/b5a9a89d-073d-4a54-b657-7d61984c4b44 0.061s
2025-02-04 16:42:53.025 62461 INFO tempest.lib.common.rest_client [req-363bf5b2-2476-40cb-a76d-47cee82e17c1 req-363bf5b2-2476-40cb-a76d-47cee82e17c1 ] Request (ServersAdminNegativeTestJSON:test_resize_server_using_overlimit_ram): 200 POST http://10.180.1.21/compute/v2.1/flavors 0.029s
