2025-02-04 16:42:04.814 62467 INFO tempest.common.waiters [-] State transition "BUILD/scheduling" ==> "BUILD/None" after 17 second wait
2025-02-04 16:42:04.850 62507 INFO tempest.lib.common.rest_client [req-812305b9-96ad-46ac-8da6-2cfe99a43a2d req-812305b9-96ad-46ac-8da6-2cfe99a43a2d ] Request (ServerRescueTestJSON:setUpClass): 201 POST http://10.180.1.21/identity/v3/auth/tokens 0.144s
2025-02-04 16:42:04.854 62489 INFO tempest.lib.common.rest_client [req-d3edb0ec-c4f6-4d77-9e3f-fb15a4a61b9a req-d3edb0ec-c4f6-4d77-9e3f-fb15a4a61b9a ] Request (HypervisorAdminNegativeUnderV252Test:tearDownClass): 204 DELETE http://10.180.1.21/identity/v3/users/63635b4f611548d1ad7e9c9d6bfc5a2c 0.220s
2025-02-04 16:42:04.871 62453 INFO tempest.lib.common.rest_client [req-bdfd559f-0e7b-4e23-baf0-15b1fbea72b7 req-bdfd559f-0e7b-4e23-baf0-15b1fbea72b7 ] Request (FloatingIPDetailsNegativeTestJSON:setUpClass): 201 POST http://10.180.1.21:9696/networking/v2.0/networks 0.749s
2025-02-04 16:42:04.946 62503 INFO tempest.lib.common.rest_client [req-a82d14a9-92f0-41dc-a5c5-a83553912b92 req-a82d14a9-92f0-41dc-a5c5-a83553912b92 ] Request (ServerShowV247Test:test_update_rebuild_list_server): 200 GET http://10.180.1.21/compute/v2.1/servers/744161c8-9035-4da3-99c2-c7929bbc2669 1.660s
2025-02-04 16:42:05.041 62489 INFO tempest.lib.common.rest_client [req-231cb329-5a37-4fd0-9d51-0b38ac75e0bc req-231cb329-5a37-4fd0-9d51-0b38ac75e0bc ] Request (HypervisorAdminNegativeUnderV252Test:tearDownClass): 204 DELETE http://10.180.1.21/identity/v3/users/8267b2b8a3e34ec1815386ace5f501ec 0.186s
2025-02-04 16:42:05.041 62489 INFO tempest.lib.common.dynamic_creds [-] Deleting project and security group for project: 357c4db1b73142c4ae3179b3afd2932f
2025-02-04 16:42:05.120 62455 INFO tempest.lib.common.rest_client [req-adb10265-0557-4a2e-9d2b-784e0b28ced8 req-adb10265-0557-4a2e-9d2b-784e0b28ced8 ] Request (ServicesAdminTestJSON:test_get_service_by_host_name): 200 GET http://10.180.1.21/compute/v2.1/os-services 1.881s
2025-02-04 16:42:05.150 62507 INFO tempest.lib.common.rest_client [req-836b63b3-4e2a-48ab-80ee-f363cef013c8 req-836b63b3-4e2a-48ab-80ee-f363cef013c8 ] Request (ServerRescueTestJSON:setUpClass): 201 POST http://10.180.1.21/identity/v3/auth/tokens 0.289s
2025-02-04 16:42:05.151 62507 INFO tempest.lib.common.fixed_network [-] (ServerRescueTestJSON:setUpClass) Found network {'id': 'e3bf7bcb-ed35-4c7f-b378-9d3384f226b4', 'name': 'tempest-ServerRescueTestJSON-1029131963-network', 'tenant_id': '82e31263cfa140d192649e97203fccb0', 'admin_state_up': True, 'mtu': 8950, 'status': 'ACTIVE', 'subnets': [], 'shared': False, 'project_id': '82e31263cfa140d192649e97203fccb0', 'port_security_enabled': True, 'router:external': False, 'provider:network_type': 'vlan', 'provider:physical_network': 'default', 'provider:segmentation_id': 708, 'availability_zone_hints': [], 'availability_zones': [], 'ipv4_address_scope': None, 'ipv6_address_scope': None, 'description': '', 'tags': [], 'created_at': '2025-02-04T16:41:59Z', 'updated_at': '2025-02-04T16:41:59Z', 'revision_number': 1} available for tenant
2025-02-04 16:42:05.232 62489 INFO tempest.lib.common.rest_client [req-b83e7c74-bd07-4d35-b9d5-c9304cf7fe00 req-b83e7c74-bd07-4d35-b9d5-c9304cf7fe00 ] Request (HypervisorAdminNegativeUnderV252Test:tearDownClass): 201 POST http://10.180.1.21/identity/v3/auth/tokens 0.191s
2025-02-04 16:42:05.269 62471 INFO tempest.lib.common.rest_client [req-88c91d2d-820b-4a7f-a084-0e5d65b57d0c req-88c91d2d-820b-4a7f-a084-0e5d65b57d0c ] Request (ValidationResourcesFixture:setUp): 200 POST http://10.180.1.21/compute/v2.1/os-keypairs 1.844s
2025-02-04 16:42:05.444 62489 INFO tempest.lib.common.rest_client [req-fb6987db-a6d2-48bc-8a1e-a8cba26f75fd req-fb6987db-a6d2-48bc-8a1e-a8cba26f75fd ] Request (HypervisorAdminNegativeUnderV252Test:tearDownClass): 200 GET http://10.180.1.21:9696/networking/v2.0/security-groups?tenant_id=357c4db1b73142c4ae3179b3afd2932f&name=default 0.212s
2025-02-04 16:42:05.489 62495 INFO tempest.lib.common.rest_client [req-9abaddbd-ffaf-4e84-9f0e-9104220c9793 req-9abaddbd-ffaf-4e84-9f0e-9104220c9793 ] Request (MigrationsAdminTest:test_list_migrations_in_flavor_resize_situation): 202 POST http://10.180.1.21/compute/v2.1/servers/c433d091-5d97-4757-8cb1-5b8de3e643b3/action 1.738s
2025-02-04 16:42:05.547 62489 INFO tempest.lib.common.rest_client [req-fca915f3-793f-48be-b58f-0837d70a3913 req-fca915f3-793f-48be-b58f-0837d70a3913 ] Request (HypervisorAdminNegativeUnderV252Test:tearDownClass): 204 DELETE http://10.180.1.21:9696/networking/v2.0/security-groups/d145f759-e372-4bcb-8d48-cf406928e7db 0.102s
2025-02-04 16:42:05.549 62493 INFO tempest.lib.common.rest_client [req-c1f2fd03-2575-4abf-92f6-7c63e50f55c1 req-c1f2fd03-2575-4abf-92f6-7c63e50f55c1 ] Request (ImagesOneServerNegativeTestJSON:setUpClass): 200 GET http://10.180.1.21/compute/v2.1/servers/b5a9a89d-073d-4a54-b657-7d61984c4b44 1.681s
2025-02-04 16:42:05.573 62513 INFO tempest.lib.common.rest_client [req-a6b6ba0b-95a4-49b5-9880-d1f2753d1b4c req-a6b6ba0b-95a4-49b5-9880-d1f2753d1b4c ] Request (SecurityGroupsTestJSON:test_list_security_groups_by_server): 200 GET http://10.180.1.21/compute/v2.1/servers/08ca16d3-b8b5-4170-81b6-7fb0f7b063db 2.073s
2025-02-04 16:42:05.603 62491 INFO tempest.lib.common.rest_client [req-889107a2-541e-4ef3-8030-5a735a20575f req-889107a2-541e-4ef3-8030-5a735a20575f ] Request (FlavorsAccessNegativeTestJSON:_run_cleanups): 202 DELETE http://10.180.1.21/compute/v2.1/flavors/834613908 1.598s
2025-02-04 16:42:05.628 62461 INFO tempest.lib.common.rest_client [req-d60b3db4-c262-420e-a199-1ce65b5960aa req-d60b3db4-c262-420e-a199-1ce65b5960aa ] Request (ServersAdminNegativeTestJSON:test_migrate_server_invalid_state): 200 GET http://10.180.1.21/compute/v2.1/servers/71c5aada-84ef-466e-830d-e9d0c83f7d91 1.745s
2025-02-04 16:42:05.643 62501 INFO tempest.lib.common.rest_client [req-86abb12c-15b2-4f53-8dd6-788b87db8064 req-86abb12c-15b2-4f53-8dd6-788b87db8064 ] Request (TenantUsagesTestJSON:test_get_usage_tenant_with_non_admin_user): 200 GET http://10.180.1.21/compute/v2.1/os-simple-tenant-usage/7c52d7437ba041bc868d1b048fef8cca?start=2025-02-03T16%3A42%3A01.976221&end=2025-02-05T16%3A42%3A01.976221 1.438s
2025-02-04 16:42:05.667 62489 INFO tempest.lib.common.rest_client [req-98928f36-5de1-4327-9d91-530841e17ae4 req-98928f36-5de1-4327-9d91-530841e17ae4 ] Request (HypervisorAdminNegativeUnderV252Test:tearDownClass): 204 DELETE http://10.180.1.21/identity/v3/projects/357c4db1b73142c4ae3179b3afd2932f 0.119s
2025-02-04 16:42:05.667 62489 INFO tempest.lib.common.dynamic_creds [-] Deleting project and security group for project: be69e9c95661455eb54b33627fd70e68
2025-02-04 16:42:05.774 62471 INFO tempest.lib.common.rest_client [req-96ad845a-92f1-45d0-b1f1-4273c86d2360 req-96ad845a-92f1-45d0-b1f1-4273c86d2360 ] Request (ValidationResourcesFixture:setUp): 201 POST http://10.180.1.21:9696/networking/v2.0/security-groups 0.502s
2025-02-04 16:42:05.818 62473 INFO tempest.lib.common.rest_client [req-a9848f50-efb0-4ab8-b5f4-d298f6677e6b req-a9848f50-efb0-4ab8-b5f4-d298f6677e6b ] Request (ServersTestBootFromVolume:setUpClass): 200 GET http://10.180.1.21/volume/v3/volumes/c928feae-37f6-49d8-97c9-2adbbb028ebd 0.030s
2025-02-04 16:42:05.879 62457 INFO tempest.lib.common.rest_client [req-57a753fb-c114-47a1-98aa-e811fa4f0507 req-57a753fb-c114-47a1-98aa-e811fa4f0507 ] Request (SecurityGroupRulesNegativeTestJSON:_run_cleanups): 202 DELETE http://10.180.1.21/compute/v2.1/os-security-group-rules/68cf460c-7dd2-4d4b-81cc-03fe69b32805 1.663s
2025-02-04 16:42:05.884 62453 INFO tempest.lib.common.rest_client [req-e70d5b51-b718-4ec9-804a-aeee0440f507 req-e70d5b51-b718-4ec9-804a-aeee0440f507 ] Request (FloatingIPDetailsNegativeTestJSON:setUpClass): 201 POST http://10.180.1.21:9696/networking/v2.0/subnets 1.012s
2025-02-04 16:42:05.886 62489 INFO tempest.lib.common.rest_client [req-93448da5-ede8-45e0-bc4a-ed71f58f7fa6 req-93448da5-ede8-45e0-bc4a-ed71f58f7fa6 ] Request (HypervisorAdminNegativeUnderV252Test:tearDownClass): 200 GET http://10.180.1.21:9696/networking/v2.0/security-groups?tenant_id=be69e9c95661455eb54b33627fd70e68&name=default 0.218s
2025-02-04 16:42:05.891 62469 INFO tempest.lib.common.rest_client [req-33c0cce9-293f-40e3-9175-4470f74580ae req-33c0cce9-293f-40e3-9175-4470f74580ae ] Request (AggregatesAdminNegativeTestJSON:test_aggregate_delete_as_user): 403 DELETE http://10.180.1.21/compute/v2.1/os-aggregates/5 1.579s
2025-02-04 16:42:05.947 62485 INFO tempest.lib.common.rest_client [req-41280258-55c3-4d3f-8b83-3fd430898ff0 req-41280258-55c3-4d3f-8b83-3fd430898ff0 ] Request (InstanceActionsNegativeTestJSON:setUpClass): 200 GET http://10.180.1.21/compute/v2.1/servers/174a0e1d-6bb8-4eec-b7dd-fba7c894eda3 1.661s
2025-02-04 16:42:05.956 62485 INFO tempest.common.waiters [-] State transition "BUILD/spawning" ==> "ACTIVE/None" after 29 second wait
2025-02-04 16:42:05.968 62481 INFO tempest.lib.common.rest_client [req-ffe562d5-ecee-4101-83b1-1c38c3ea58a6 req-ffe562d5-ecee-4101-83b1-1c38c3ea58a6 ] Request (ServersWithSpecificFlavorTestJSON:test_verify_created_server_ephemeral_disk): 200 GET http://10.180.1.21/compute/v2.1/servers/d6456961-ac87-45c8-a4b4-8a5fcff5a376 1.558s
2025-02-04 16:42:06.001 62487 INFO tempest.lib.common.rest_client [req-01750995-b0dd-4116-8e56-869d85928b47 req-01750995-b0dd-4116-8e56-869d85928b47 ] Request (FlavorsAdminTestJSON:_run_cleanups): 200 GET http://10.180.1.21/compute/v2.1/flavors/detail 1.394s
2025-02-04 16:42:06.009 62497 INFO tempest.lib.common.rest_client [req-21383bee-5564-42cf-a215-3d8851e8ab78 req-21383bee-5564-42cf-a215-3d8851e8ab78 ] Request (HostsAdminNegativeTestJSON:test_shutdown_host_with_non_admin_user): 403 GET http://10.180.1.21/compute/v2.1/os-hosts/devstack/shutdown 1.387s
2025-02-04 16:42:06.025 62471 INFO tempest.lib.common.rest_client [req-cb06eafd-c749-40f4-8c8c-d7768169e2f9 req-cb06eafd-c749-40f4-8c8c-d7768169e2f9 ] Request (ValidationResourcesFixture:setUp): 201 POST http://10.180.1.21:9696/networking/v2.0/security-group-rules 0.251s
2025-02-04 16:42:06.054 62515 INFO tempest.lib.common.rest_client [req-53c22429-ebea-4794-b2b7-917c85cc852a req-53c22429-ebea-4794-b2b7-917c85cc852a ] Request (ImagesMetadataNegativeTestJSON:test_delete_nonexistent_image_metadata_item): 404 DELETE http://10.180.1.21/compute/v2.1/images/be81c4e1-bece-416c-af52-f6097aff0564/metadata/os_distro 1.562s
2025-02-04 16:42:06.079 62455 INFO tempest.lib.common.rest_client [req-dbde986f-995b-41d6-9974-136c818dcb8f req-dbde986f-995b-41d6-9974-136c818dcb8f ] Request (ServicesAdminTestJSON:test_get_service_by_host_name): 200 GET http://10.180.1.21/compute/v2.1/os-services?host=devstack 0.956s
2025-02-04 16:42:06.280 62471 INFO tempest.lib.common.rest_client [req-64a0439c-b081-4fdd-b8a7-8a81dee4c0c6 req-64a0439c-b081-4fdd-b8a7-8a81dee4c0c6 ] Request (ValidationResourcesFixture:setUp): 201 POST http://10.180.1.21:9696/networking/v2.0/security-group-rules 0.254s
2025-02-04 16:42:06.299 62489 INFO tempest.lib.common.rest_client [req-fc578e34-55ea-4fa6-a42f-cc6f1bbac010 req-fc578e34-55ea-4fa6-a42f-cc6f1bbac010 ] Request (HypervisorAdminNegativeUnderV252Test:tearDownClass): 204 DELETE http://10.180.1.21:9696/networking/v2.0/security-groups/bfcebb9a-d249-4da1-a4cc-92c74da7655f 0.413s
2025-02-04 16:42:06.329 62477 INFO tempest.lib.common.rest_client [req-055b9144-2a10-4aa8-b390-afcb7e463b1c req-055b9144-2a10-4aa8-b390-afcb7e463b1c ] Request (ServerActionsTestOtherA:setUpClass): 200 GET http://10.180.1.21/compute/v2.1/servers/44784d47-aecd-4c78-9e8d-86cfbed53406 1.266s
2025-02-04 16:42:06.432 62489 INFO tempest.lib.common.rest_client [req-5993ef03-c2b0-410a-a32d-328443ca924d req-5993ef03-c2b0-410a-a32d-328443ca924d ] Request (HypervisorAdminNegativeUnderV252Test:tearDownClass): 204 DELETE http://10.180.1.21/identity/v3/projects/be69e9c95661455eb54b33627fd70e68 0.132s
2025-02-04 16:42:06.433 62489 INFO tempest.test [-] raised in ServerStableDeviceRescueTestIDE.setUpClass. Invoking tearDownClass.
2025-02-04 16:42:06.540 62499 INFO tempest.lib.common.rest_client [req-ea141278-72de-4a15-94be-efd0dcaf65c6 req-ea141278-72de-4a15-94be-efd0dcaf65c6 ] Request (DeleteServersAdminTestJSON:test_admin_delete_servers_of_others): 200 GET http://10.180.1.21/compute/v2.1/servers/fa20c5ec-ebc4-4c9a-a94a-2f6c9dd18a97 1.358s
2025-02-04 16:42:06.626 62475 INFO tempest.lib.common.rest_client [req-84e23fbd-37ab-4cf2-af45-09cbde1c3572 req-84e23fbd-37ab-4cf2-af45-09cbde1c3572 ] Request (ServersAdmin275Test:test_rebuild_update_server_275): 200 GET http://10.180.1.21/compute/v2.1/servers/3837c53d-0ae7-4f40-9c64-c352717ace8e 1.335s
2025-02-04 16:42:06.709 62459 INFO tempest.lib.common.rest_client [req-5140696a-8233-42ca-8647-d417ac04eaa3 req-5140696a-8233-42ca-8647-d417ac04eaa3 ] Request (ServerDiagnosticsTest:tearDownClass): 200 GET http://10.180.1.21/compute/v2.1/servers/1ede7f1d-8dbe-4f5d-a7ac-d53913268f23 1.410s
2025-02-04 16:42:06.796 62511 INFO tempest.lib.common.rest_client [req-1560b9c3-642e-4f59-9ba7-f3803139cfd7 req-1560b9c3-642e-4f59-9ba7-f3803139cfd7 ] Request (InstanceActionsTestJSON:setUpClass): 200 GET http://10.180.1.21/compute/v2.1/servers/e3ca3a65-1287-4bd2-b350-bd35860f1613 1.402s
2025-02-04 16:42:06.808 62507 INFO tempest.lib.common.rest_client [req-b03f6011-3c9a-4e24-9b7c-0e6705b6491d req-b03f6011-3c9a-4e24-9b7c-0e6705b6491d ] Request (ServerRescueTestJSON:setUpClass): 202 POST http://10.180.1.21/compute/v2.1/servers 1.654s
2025-02-04 16:42:06.865 62473 INFO tempest.lib.common.rest_client [req-f4b1ba70-ed99-41c9-a57d-12290e3f542a req-f4b1ba70-ed99-41c9-a57d-12290e3f542a ] Request (ServersTestBootFromVolume:setUpClass): 200 GET http://10.180.1.21/volume/v3/volumes/c928feae-37f6-49d8-97c9-2adbbb028ebd 0.036s
2025-02-04 16:42:06.974 62495 INFO tempest.lib.common.rest_client [req-b0804b64-3421-4210-ad62-34d6aad9ab33 req-b0804b64-3421-4210-ad62-34d6aad9ab33 ] Request (MigrationsAdminTest:test_list_migrations_in_flavor_resize_situation): 200 GET http://10.180.1.21/compute/v2.1/servers/c433d091-5d97-4757-8cb1-5b8de3e643b3 1.484s
2025-02-04 16:42:07.013 62505 INFO tempest.lib.common.rest_client [req-9c8c28e1-5044-4781-a593-f73e1d9068ef req-9c8c28e1-5044-4781-a593-f73e1d9068ef ] Request (ServersAdminTestJSON:setUpClass): 200 GET http://10.180.1.21/compute/v2.1/servers/34eac04e-922b-49f6-a705-27d4dd92df3c 1.553s
2025-02-04 16:42:07.024 62505 INFO tempest.common.waiters [-] State transition "BUILD/networking" ==> "BUILD/spawning" after 22 second wait
2025-02-04 16:42:07.040 62463 INFO tempest.lib.common.rest_client [req-e948243d-9cbe-4ba4-a7a5-56f846e66bba req-e948243d-9cbe-4ba4-a7a5-56f846e66bba ] Request (ServerDiskConfigTestJSON:test_rebuild_server_with_auto_disk_config): 200 GET http://10.180.1.21/compute/v2.1/servers/542181a5-325f-4f45-be66-f28929f5a323 1.514s
2025-02-04 16:42:07.068 62465 INFO tempest.lib.common.rest_client [req-56395654-57b3-45f3-aa2b-25e279809941 req-56395654-57b3-45f3-aa2b-25e279809941 ] Request (ServerDiagnosticsNegativeTest:test_get_server_diagnostics_by_non_admin): 200 GET http://10.180.1.21/compute/v2.1/servers/3950405b-22fe-436c-91c3-2a5f9b4779e9 1.480s
2025-02-04 16:42:07.070 62491 INFO tempest.lib.common.rest_client [req-be2a9453-2259-4687-a5dc-16d0c9e28780 req-be2a9453-2259-4687-a5dc-16d0c9e28780 ] Request (FlavorsAccessNegativeTestJSON:_run_cleanups): 200 GET http://10.180.1.21/compute/v2.1/flavors/detail 1.466s
2025-02-04 16:42:07.091 62471 INFO tempest.lib.common.rest_client [req-70a395e7-9111-48b3-a29f-a9b0e188bfca req-70a395e7-9111-48b3-a29f-a9b0e188bfca ] Request (ValidationResourcesFixture:setUp): 201 POST http://10.180.1.21:9696/networking/v2.0/floatingips 0.811s
2025-02-04 16:42:07.112 62501 INFO tempest.lib.common.rest_client [req-1c924786-c441-4c27-9783-38130353f236 req-1c924786-c441-4c27-9783-38130353f236 ] Request (TenantUsagesTestJSON:test_list_usage_all_tenants): 200 GET http://10.180.1.21/compute/v2.1/os-simple-tenant-usage?start=2025-02-03T16%3A42%3A01.976221&end=2025-02-05T16%3A42%3A01.976221&detailed=1 1.461s
2025-02-04 16:42:07.124 62453 INFO tempest.lib.common.rest_client [req-1178e65f-3f37-42b5-babe-3ad261db79ae req-1178e65f-3f37-42b5-babe-3ad261db79ae ] Request (FloatingIPDetailsNegativeTestJSON:setUpClass): 201 POST http://10.180.1.21:9696/networking/v2.0/routers 1.239s
2025-02-04 16:42:07.142 62483 INFO tempest.lib.common.rest_client [req-0f5f2baa-c3ce-46e2-91a1-61c694dd9ce7 req-0f5f2baa-c3ce-46e2-91a1-61c694dd9ce7 ] Request (VolumesAssistedSnapshotsTest:test_volume_assisted_snapshot_create_delete): 200 GET http://10.180.1.21/compute/v2.1/servers/fadd9b66-0b47-4694-96dd-2ae88fc35b76 1.419s
2025-02-04 16:42:07.154 62483 INFO tempest.common.waiters [-] State transition "BUILD/scheduling" ==> "BUILD/None" after 16 second wait
2025-02-04 16:42:07.187 62471 INFO tempest.lib.common.rest_client [req-5b6ec331-40e8-4efe-ab10-0f0cadacfb79 req-5b6ec331-40e8-4efe-ab10-0f0cadacfb79 ] Request (AttachInterfacesTestJSON:test_create_list_show_delete_interfaces_by_fixed_ip): 201 POST http://10.180.1.21/identity/v3/auth/tokens 0.091s
2025-02-04 16:42:07.188 62471 INFO tempest.lib.common.fixed_network [-] (AttachInterfacesTestJSON:test_create_list_show_delete_interfaces_by_fixed_ip) Found network {'id': 'fef92ccf-c8f0-4466-894a-77357af919b8', 'name': 'tempest-AttachInterfacesTestJSON-741641017-network', 'tenant_id': '421a568b4a5440f393b0b162387b69e1', 'admin_state_up': True, 'mtu': 8950, 'status': 'ACTIVE', 'subnets': [], 'shared': False, 'project_id': '421a568b4a5440f393b0b162387b69e1', 'port_security_enabled': True, 'router:external': False, 'provider:network_type': 'vlan', 'provider:physical_network': 'default', 'provider:segmentation_id': 36, 'availability_zone_hints': [], 'availability_zones': [], 'ipv4_address_scope': None, 'ipv6_address_scope': None, 'description': '', 'tags': [], 'created_at': '2025-02-04T16:41:56Z', 'updated_at': '2025-02-04T16:41:56Z', 'revision_number': 1} available for tenant
2025-02-04 16:42:07.194 62479 INFO tempest.lib.common.rest_client [req-ebd07ad4-4609-4b0f-9f7e-5b4d7368fa1f req-ebd07ad4-4609-4b0f-9f7e-5b4d7368fa1f ] Request (ListServersNegativeTestJSON:setUpClass): 200 GET http://10.180.1.21/compute/v2.1/servers/de928602-9c69-45f7-956a-af2d73893f77 1.386s
2025-02-04 16:42:07.201 62479 INFO tempest.common.waiters [-] State transition "ACTIVE/deleting" ==> "DELETED/None" after 3 second wait
2025-02-04 16:42:07.208 62467 INFO tempest.lib.common.rest_client [req-86161baa-dd33-4201-a8c1-1bb6a3704d0b req-86161baa-dd33-4201-a8c1-1bb6a3704d0b ] Request (ServersNegativeTestMultiTenantJSON:setUpClass): 200 GET http://10.180.1.21/compute/v2.1/servers/61efc1e0-c83b-4f6f-8223-b0b93a1e393d 1.393s
2025-02-04 16:42:07.239 62469 INFO tempest.lib.common.rest_client [req-a564d5f8-0fed-4d10-9e5b-72d9c0a5ec7c req-a564d5f8-0fed-4d10-9e5b-72d9c0a5ec7c ] Request (AggregatesAdminNegativeTestJSON:_run_cleanups): 200 DELETE http://10.180.1.21/compute/v2.1/os-aggregates/5 1.347s
2025-02-04 16:42:07.320 62485 INFO tempest.lib.common.rest_client [req-b2aff42e-2a02-4a3c-bd6d-6ba1828a4edc req-b2aff42e-2a02-4a3c-bd6d-6ba1828a4edc ] Request (InstanceActionsNegativeTestJSON:test_get_instance_action_invalid_request): 404 GET http://10.180.1.21/compute/v2.1/servers/174a0e1d-6bb8-4eec-b7dd-fba7c894eda3/os-instance-actions/999 1.362s
2025-02-04 16:42:07.382 62503 INFO tempest.lib.common.rest_client [req-9d5ba924-1320-48b2-ab96-9d149a03e2a8 req-9d5ba924-1320-48b2-ab96-9d149a03e2a8 ] Request (ServerShowV247Test:test_update_rebuild_list_server): 200 GET http://10.180.1.21/compute/v2.1/servers/744161c8-9035-4da3-99c2-c7929bbc2669 1.421s
2025-02-04 16:42:07.394 62497 INFO tempest.lib.common.rest_client [req-2cf16d8f-b1aa-4a48-8d7d-1b15b275d54a req-2cf16d8f-b1aa-4a48-8d7d-1b15b275d54a ] Request (HostsAdminNegativeTestJSON:test_shutdown_nonexistent_host): 404 GET http://10.180.1.21/compute/v2.1/os-hosts/nonexistent_hostname/shutdown 1.383s
2025-02-04 16:42:07.412 62487 INFO tempest.lib.common.rest_client [req-f7f05ab0-e631-4fc6-83da-bc2290be0948 req-f7f05ab0-e631-4fc6-83da-bc2290be0948 ] Request (FlavorsAdminTestJSON:test_create_server_with_non_public_flavor): 200 POST http://10.180.1.21/compute/v2.1/flavors 1.401s
2025-02-04 16:42:07.431 62457 INFO tempest.lib.common.rest_client [req-31bf246d-9b2e-4b0d-b09a-036703d99428 req-31bf246d-9b2e-4b0d-b09a-036703d99428 ] Request (SecurityGroupRulesNegativeTestJSON:test_create_security_group_rule_with_invalid_from_port): 200 POST http://10.180.1.21/compute/v2.1/os-security-groups 1.551s
2025-02-04 16:42:07.435 62515 INFO tempest.lib.common.rest_client [req-34a60ecc-5f35-47bd-b034-a821d7ebb2ba req-34a60ecc-5f35-47bd-b034-a821d7ebb2ba ] Request (ImagesMetadataNegativeTestJSON:test_get_nonexistent_image_metadata_item): 404 GET http://10.180.1.21/compute/v2.1/images/8b6364d4-4ac8-44d6-8082-97e1b3c1a20c/metadata/os_version 1.379s
2025-02-04 16:42:07.472 62455 INFO tempest.lib.common.rest_client [req-9cbd3acb-6001-42c5-bd8c-b3842d259126 req-9cbd3acb-6001-42c5-bd8c-b3842d259126 ] Request (ServicesAdminTestJSON:test_get_service_by_service_binary_name): 200 GET http://10.180.1.21/compute/v2.1/os-services?binary=nova-compute 1.387s
2025-02-04 16:42:07.547 62493 INFO tempest.lib.common.rest_client [req-1eef6bb0-54c2-48ea-be7f-5c17fe541700 req-1eef6bb0-54c2-48ea-be7f-5c17fe541700 ] Request (ImagesOneServerNegativeTestJSON:setUpClass): 200 GET http://10.180.1.21/compute/v2.1/servers/b5a9a89d-073d-4a54-b657-7d61984c4b44 0.983s
2025-02-04 16:42:07.610 62461 INFO tempest.lib.common.rest_client [req-f17f60ae-6c26-4b42-8fa8-a05e4d1458cd req-f17f60ae-6c26-4b42-8fa8-a05e4d1458cd ] Request (ServersAdminNegativeTestJSON:test_migrate_server_invalid_state): 200 GET http://10.180.1.21/compute/v2.1/servers/71c5aada-84ef-466e-830d-e9d0c83f7d91 0.965s
2025-02-04 16:42:07.688 62513 INFO tempest.lib.common.rest_client [req-52a68d06-7e52-48b1-8dd1-a33d08274f4e req-52a68d06-7e52-48b1-8dd1-a33d08274f4e ] Request (SecurityGroupsTestJSON:test_list_security_groups_by_server): 200 GET http://10.180.1.21/compute/v2.1/servers/08ca16d3-b8b5-4170-81b6-7fb0f7b063db 1.100s
2025-02-04 16:42:07.700 62507 INFO tempest.lib.common.rest_client [req-8eeeaf07-66df-4cfb-a0ad-c71715cafd78 req-8eeeaf07-66df-4cfb-a0ad-c71715cafd78 ] Request (ServerRescueTestJSON:setUpClass): 200 GET http://10.180.1.21/compute/v2.1/servers/6cdf32dc-6bc1-4892-9529-ebb4c7f27be6 0.886s
2025-02-04 16:42:07.732 62491 INFO tempest.lib.common.rest_client [req-6c920c65-98ec-4dc6-b51d-02d984ade42e req-6c920c65-98ec-4dc6-b51d-02d984ade42e ] Request (FlavorsAccessNegativeTestJSON:test_remove_flavor_access_not_found): 200 POST http://10.180.1.21/compute/v2.1/flavors 0.657s
2025-02-04 16:42:07.785 62481 INFO tempest.lib.common.rest_client [req-9bacecd7-21da-4080-8f31-6b99c8602f2c req-9bacecd7-21da-4080-8f31-6b99c8602f2c ] Request (ServersWithSpecificFlavorTestJSON:test_verify_created_server_ephemeral_disk): 200 GET http://10.180.1.21/compute/v2.1/servers/d6456961-ac87-45c8-a4b4-8a5fcff5a376 0.806s
2025-02-04 16:42:07.869 62501 INFO tempest.lib.common.rest_client [req-33b18de3-471c-4e00-99a6-82eaebf25f9d req-33b18de3-471c-4e00-99a6-82eaebf25f9d ] Request (TenantUsagesTestJSON:tearDownClass): 204 DELETE http://10.180.1.21/compute/v2.1/servers/6e36e9a4-d53a-453b-8bc9-f5b4a916ef9f 0.751s
2025-02-04 16:42:07.888 62469 INFO tempest.lib.common.rest_client [req-2e4f51af-552b-42dc-88cb-7740f5540aae req-2e4f51af-552b-42dc-88cb-7740f5540aae ] Request (AggregatesAdminNegativeTestJSON:test_aggregate_delete_with_invalid_id): 404 DELETE http://10.180.1.21/compute/v2.1/os-aggregates/-1 0.647s
2025-02-04 16:42:07.899 62485 INFO tempest.lib.common.rest_client [req-0eb0aac4-0b8a-4ffd-9c9c-66166cb856c3 req-0eb0aac4-0b8a-4ffd-9c9c-66166cb856c3 ] Request (InstanceActionsNegativeTestJSON:test_list_instance_actions_non_existent_server): 404 GET http://10.180.1.21/compute/v2.1/servers/f1f54866-42a5-4021-a0ba-9cc726245d40/os-instance-actions 0.577s
2025-02-04 16:42:07.917 62473 INFO tempest.lib.common.rest_client [req-95f75b88-152d-4485-b321-4bf71ed63e16 req-95f75b88-152d-4485-b321-4bf71ed63e16 ] Request (ServersTestBootFromVolume:setUpClass): 200 GET http://10.180.1.21/volume/v3/volumes/c928feae-37f6-49d8-97c9-2adbbb028ebd 0.041s
2025-02-04 16:42:08.138 62477 INFO tempest.lib.common.rest_client [req-acac06d6-6885-4d41-84ae-10bd04a03cf3 req-acac06d6-6885-4d41-84ae-10bd04a03cf3 ] Request (ServerActionsTestOtherA:setUpClass): 200 GET http://10.180.1.21/compute/v2.1/servers/44784d47-aecd-4c78-9e8d-86cfbed53406 0.800s
2025-02-04 16:42:08.148 62497 INFO tempest.lib.common.rest_client [req-f3e2ea16-40c4-46f0-90c6-6eb5202cd7cf req-f3e2ea16-40c4-46f0-90c6-6eb5202cd7cf ] Request (HostsAdminNegativeTestJSON:test_startup_host_with_non_admin_user): 403 GET http://10.180.1.21/compute/v2.1/os-hosts/devstack/startup 0.752s
2025-02-04 16:42:08.165 62487 INFO tempest.lib.common.rest_client [req-df9c4cc0-7185-41a9-9cd9-46c86e799ee4 req-df9c4cc0-7185-41a9-9cd9-46c86e799ee4 ] Request (FlavorsAdminTestJSON:test_create_server_with_non_public_flavor): 400 POST http://10.180.1.21/compute/v2.1/servers 0.749s
2025-02-04 16:42:08.205 62457 INFO tempest.lib.common.rest_client [req-b659e0f0-f676-4cf2-86c0-d907dd27fc2c req-b659e0f0-f676-4cf2-86c0-d907dd27fc2c ] Request (SecurityGroupRulesNegativeTestJSON:test_create_security_group_rule_with_invalid_from_port): 400 POST http://10.180.1.21/compute/v2.1/os-security-group-rules 0.768s
2025-02-04 16:42:08.231 62515 INFO tempest.lib.common.rest_client [req-98349831-263b-4d3a-b10e-779ca155046f req-98349831-263b-4d3a-b10e-779ca155046f ] Request (ImagesMetadataNegativeTestJSON:test_list_nonexistent_image_metadata): 404 GET http://10.180.1.21/compute/v2.1/images/46c411f6-5562-45e7-94c1-d31ff480ab94/metadata 0.794s
2025-02-04 16:42:08.260 62455 INFO tempest.lib.common.rest_client [req-823ebd90-9cb9-46f1-abd5-a1f92e240c29 req-823ebd90-9cb9-46f1-abd5-a1f92e240c29 ] Request (ServicesAdminTestJSON:test_list_services): 200 GET http://10.180.1.21/compute/v2.1/os-services 0.784s
2025-02-04 16:42:08.371 62499 INFO tempest.lib.common.rest_client [req-9cfec7a9-accd-4939-a70d-0d247cd5cba7 req-9cfec7a9-accd-4939-a70d-0d247cd5cba7 ] Request (DeleteServersAdminTestJSON:test_admin_delete_servers_of_others): 200 GET http://10.180.1.21/compute/v2.1/servers/fa20c5ec-ebc4-4c9a-a94a-2f6c9dd18a97 0.817s
2025-02-04 16:42:08.433 62455 INFO tempest.lib.common.rest_client [req-6432eea7-246d-4d9c-b969-c4e7799f56f9 req-6432eea7-246d-4d9c-b969-c4e7799f56f9 ] Request (ServicesAdminTestJSON:tearDownClass): 204 DELETE http://10.180.1.21/identity/v3/users/bb7b653857da4737ac289174937a1e5d 0.169s
2025-02-04 16:42:08.453 62475 INFO tempest.lib.common.rest_client [req-a8ceb1c7-d019-475f-9cb2-d35d8060b7cd req-a8ceb1c7-d019-475f-9cb2-d35d8060b7cd ] Request (ServersAdmin275Test:test_rebuild_update_server_275): 200 GET http://10.180.1.21/compute/v2.1/servers/3837c53d-0ae7-4f40-9c64-c352717ace8e 0.813s
2025-02-04 16:42:08.523 62459 INFO tempest.lib.common.rest_client [req-90e7980c-a804-4b4b-b474-191cd7ab794f req-90e7980c-a804-4b4b-b474-191cd7ab794f ] Request (ServerDiagnosticsTest:tearDownClass): 200 GET http://10.180.1.21/compute/v2.1/servers/1ede7f1d-8dbe-4f5d-a7ac-d53913268f23 0.801s
2025-02-04 16:42:08.547 62455 INFO tempest.lib.common.rest_client [req-18e864dd-d2a9-475e-95aa-71299b2a21f7 req-18e864dd-d2a9-475e-95aa-71299b2a21f7 ] Request (ServicesAdminTestJSON:tearDownClass): 204 DELETE http://10.180.1.21/identity/v3/users/8efc35710df74ff4b2617ff7ad1224b7 0.114s
2025-02-04 16:42:08.547 62455 INFO tempest.lib.common.dynamic_creds [-] Deleting project and security group for project: acba143f27854da7811910f6d8f8d70e
2025-02-04 16:42:08.621 62455 INFO tempest.lib.common.rest_client [req-b85fc43e-13ce-4ca8-85f7-369f8e9dcd37 req-b85fc43e-13ce-4ca8-85f7-369f8e9dcd37 ] Request (ServicesAdminTestJSON:tearDownClass): 201 POST http://10.180.1.21/identity/v3/auth/tokens 0.073s
2025-02-04 16:42:08.662 62471 INFO tempest.lib.common.rest_client [req-fd0481e4-a814-4cfd-8e3a-74cad0477615 req-fd0481e4-a814-4cfd-8e3a-74cad0477615 ] Request (AttachInterfacesTestJSON:test_create_list_show_delete_interfaces_by_fixed_ip): 202 POST http://10.180.1.21/compute/v2.1/servers 1.473s
2025-02-04 16:42:08.736 62491 INFO tempest.lib.common.rest_client [req-56891897-5ee9-47da-9157-50f74487ac41 req-56891897-5ee9-47da-9157-50f74487ac41 ] Request (FlavorsAccessNegativeTestJSON:test_remove_flavor_access_not_found): 404 POST http://10.180.1.21/compute/v2.1/flavors/786679853/action 0.999s
2025-02-04 16:42:08.761 62511 INFO tempest.lib.common.rest_client [req-28760b6d-faf1-4dbf-b445-886cc5bbf58c req-28760b6d-faf1-4dbf-b445-886cc5bbf58c ] Request (InstanceActionsTestJSON:setUpClass): 200 GET http://10.180.1.21/compute/v2.1/servers/e3ca3a65-1287-4bd2-b350-bd35860f1613 0.954s
2025-02-04 16:42:08.805 62469 INFO tempest.lib.common.rest_client [req-f912bf0b-785b-4bdb-b30f-945b9b16caa5 req-f912bf0b-785b-4bdb-b30f-945b9b16caa5 ] Request (AggregatesAdminNegativeTestJSON:test_aggregate_get_details_as_user): 200 POST http://10.180.1.21/compute/v2.1/os-aggregates 0.916s
2025-02-04 16:42:08.832 62453 INFO tempest.lib.common.rest_client [req-a9562486-6462-4867-a562-563119cf09eb req-a9562486-6462-4867-a562-563119cf09eb ] Request (FloatingIPDetailsNegativeTestJSON:setUpClass): 200 PUT http://10.180.1.21:9696/networking/v2.0/routers/68bad969-a1df-473e-abb3-5c0c7876e05a/add_router_interface 1.708s
2025-02-04 16:42:08.833 62453 INFO tempest.lib.common.dynamic_creds [-] Created isolated network resources for: credentials: Credentials: {'domain_id': 'default', 'domain_name': 'Default', 'username': 'tempest-FloatingIPDetailsNegativeTestJSON-1824924656-project-member', 'project_domain_id': 'default', 'project_domain_name': 'Default', 'project_id': 'f53d6cfcbb6642d987e0fa1b3f8a416d', 'project_name': 'tempest-FloatingIPDetailsNegativeTestJSON-1824924656', 'tenant_id': 'f53d6cfcbb6642d987e0fa1b3f8a416d', 'tenant_name': 'tempest-FloatingIPDetailsNegativeTestJSON-1824924656', 'user_domain_id': 'default', 'user_domain_name': 'Default', 'user_id': 'e26429c7b9fc47e5a0de8d7a900fbdec', 'system': None}, Network: {'id': '136b5dcb-e4a5-4945-8f5e-8536527263d5', 'name': 'tempest-FloatingIPDetailsNegativeTestJSON-1905610610-network', 'tenant_id': 'f53d6cfcbb6642d987e0fa1b3f8a416d', 'admin_state_up': True, 'mtu': 8950, 'status': 'ACTIVE', 'subnets': [], 'shared': False, 'project_id': 'f53d6cfcbb6642d987e0fa1b3f8a416d', 'port_security_enabled': True, 'router:external': False, 'provider:network_type': 'vlan', 'provider:physical_network': 'default', 'provider:segmentation_id': 280, 'availability_zone_hints': [], 'availability_zones': [], 'ipv4_address_scope': None, 'ipv6_address_scope': None, 'description': '', 'tags': [], 'created_at': '2025-02-04T16:42:04Z', 'updated_at': '2025-02-04T16:42:04Z', 'revision_number': 1}, Subnet: {'id': '77fd8de1-8a97-4560-a806-29d659c80b08', 'name': 'tempest-FloatingIPDetailsNegativeTestJSON-1905610610-subnet', 'tenant_id': 'f53d6cfcbb6642d987e0fa1b3f8a416d', 'network_id': '136b5dcb-e4a5-4945-8f5e-8536527263d5', 'ip_version': 4, 'subnetpool_id': None, 'enable_dhcp': True, 'ipv6_ra_mode': None, 'ipv6_address_mode': None, 'gateway_ip': '192.168.128.1', 'cidr': '192.168.128.0/28', 'allocation_pools': [{'start': '192.168.128.2', 'end': '192.168.128.14'}], 'host_routes': [], 'dns_nameservers': [], 'description': '', 'router:external': False, 'service_types': [], 'tags': [], 'created_at': '2025-02-04T16:42:05Z', 'updated_at': '2025-02-04T16:42:05Z', 'revision_number': 0, 'project_id': 'f53d6cfcbb6642d987e0fa1b3f8a416d'}, Router: {'id': '68bad969-a1df-473e-abb3-5c0c7876e05a', 'name': 'tempest-FloatingIPDetailsNegativeTestJSON-1905610610-router', 'tenant_id': 'f53d6cfcbb6642d987e0fa1b3f8a416d', 'admin_state_up': True, 'status': 'ACTIVE', 'external_gateway_info': {'network_id': '3e17c52d-a4e9-4b60-930b-5a41779bd21a', 'external_fixed_ips': [{'subnet_id': 'f24e2ef0-935c-42ec-b156-f376a8f04af9', 'ip_address': '10.180.180.200'}], 'enable_snat': True}, 'description': '', 'availability_zones': [], 'distributed': False, 'ha': False, 'availability_zone_hints': [], 'routes': [], 'flavor_id': None, 'tags': [], 'created_at': '2025-02-04T16:42:05Z', 'updated_at': '2025-02-04T16:42:06Z', 'revision_number': 2, 'project_id': 'f53d6cfcbb6642d987e0fa1b3f8a416d'}
2025-02-04 16:42:08.888 62455 INFO tempest.lib.common.rest_client [req-c15779dc-4bda-451c-899e-3da7cb44a0ad req-c15779dc-4bda-451c-899e-3da7cb44a0ad ] Request (ServicesAdminTestJSON:tearDownClass): 200 GET http://10.180.1.21:9696/networking/v2.0/security-groups?tenant_id=acba143f27854da7811910f6d8f8d70e&name=default 0.267s
2025-02-04 16:42:08.908 62485 INFO tempest.lib.common.rest_client [req-1ff52323-f539-4f48-8363-e6dddfa975ef req-1ff52323-f539-4f48-8363-e6dddfa975ef ] Request (InstanceActionsNegativeTestJSON:tearDownClass): 204 DELETE http://10.180.1.21/compute/v2.1/servers/174a0e1d-6bb8-4eec-b7dd-fba7c894eda3 1.006s
2025-02-04 16:42:08.938 62453 INFO tempest.lib.common.rest_client [req-29ad0492-a2c1-4402-9366-ad7de9668746 req-29ad0492-a2c1-4402-9366-ad7de9668746 ] Request (FloatingIPDetailsNegativeTestJSON:setUpClass): 201 POST http://10.180.1.21/identity/v3/auth/tokens 0.102s
2025-02-04 16:42:08.961 62473 INFO tempest.lib.common.rest_client [req-2840029f-83c2-44fe-bf92-73c2e1e2e1b9 req-2840029f-83c2-44fe-bf92-73c2e1e2e1b9 ] Request (ServersTestBootFromVolume:setUpClass): 200 GET http://10.180.1.21/volume/v3/volumes/c928feae-37f6-49d8-97c9-2adbbb028ebd 0.031s
2025-02-04 16:42:08.989 62501 INFO tempest.lib.common.rest_client [req-092d553f-f070-4546-a063-595bb6bb9d34 req-092d553f-f070-4546-a063-595bb6bb9d34 ] Request (TenantUsagesTestJSON:tearDownClass): 200 GET http://10.180.1.21/compute/v2.1/servers/6e36e9a4-d53a-453b-8bc9-f5b4a916ef9f 1.119s
2025-02-04 16:42:09.009 62455 INFO tempest.lib.common.rest_client [req-5c512ec2-b7fe-4773-9e68-d727f43c8e78 req-5c512ec2-b7fe-4773-9e68-d727f43c8e78 ] Request (ServicesAdminTestJSON:tearDownClass): 204 DELETE http://10.180.1.21:9696/networking/v2.0/security-groups/79c31c44-5a04-4025-ab51-d368941095f6 0.121s
2025-02-04 16:42:09.019 62495 INFO tempest.lib.common.rest_client [req-dc0c76ae-5d1b-4d60-ac70-32d73f23322e req-dc0c76ae-5d1b-4d60-ac70-32d73f23322e ] Request (MigrationsAdminTest:test_list_migrations_in_flavor_resize_situation): 200 GET http://10.180.1.21/compute/v2.1/servers/c433d091-5d97-4757-8cb1-5b8de3e643b3 1.032s
2025-02-04 16:42:09.073 62463 INFO tempest.lib.common.rest_client [req-e8dae4ab-a654-412c-aa40-b451c9180d90 req-e8dae4ab-a654-412c-aa40-b451c9180d90 ] Request (ServerDiskConfigTestJSON:test_rebuild_server_with_auto_disk_config): 200 GET http://10.180.1.21/compute/v2.1/servers/542181a5-325f-4f45-be66-f28929f5a323 1.024s
2025-02-04 16:42:09.082 62455 INFO tempest.lib.common.rest_client [req-45e6d9c4-6dd9-4e96-ac5d-bd53aac4bcd3 req-45e6d9c4-6dd9-4e96-ac5d-bd53aac4bcd3 ] Request (ServicesAdminTestJSON:tearDownClass): 204 DELETE http://10.180.1.21/identity/v3/projects/acba143f27854da7811910f6d8f8d70e 0.072s
2025-02-04 16:42:09.083 62455 INFO tempest.lib.common.dynamic_creds [-] Deleting project and security group for project: 68f514396b754bc899f1764ea723b44b
2025-02-04 16:42:09.125 62505 INFO tempest.lib.common.rest_client [req-30d9dfac-9dbc-4d1a-b0cc-f2d0a8cb919f req-30d9dfac-9dbc-4d1a-b0cc-f2d0a8cb919f ] Request (ServersAdminTestJSON:setUpClass): 200 GET http://10.180.1.21/compute/v2.1/servers/34eac04e-922b-49f6-a705-27d4dd92df3c 1.100s
2025-02-04 16:42:09.134 62465 INFO tempest.lib.common.rest_client [req-017a944d-d08f-40cf-bae6-4717acebff23 req-017a944d-d08f-40cf-bae6-4717acebff23 ] Request (ServerDiagnosticsNegativeTest:test_get_server_diagnostics_by_non_admin): 200 GET http://10.180.1.21/compute/v2.1/servers/3950405b-22fe-436c-91c3-2a5f9b4779e9 1.057s
2025-02-04 16:42:09.144 62497 INFO tempest.lib.common.rest_client [req-7760e55c-8821-4296-a304-d9659087a5c1 req-7760e55c-8821-4296-a304-d9659087a5c1 ] Request (HostsAdminNegativeTestJSON:test_startup_nonexistent_host): 404 GET http://10.180.1.21/compute/v2.1/os-hosts/nonexistent_hostname/startup 0.994s
2025-02-04 16:42:09.169 62487 INFO tempest.lib.common.rest_client [req-06d50c86-a73e-4232-9e12-cdb0912dc0b6 req-06d50c86-a73e-4232-9e12-cdb0912dc0b6 ] Request (FlavorsAdminTestJSON:_run_cleanups): 202 DELETE http://10.180.1.21/compute/v2.1/flavors/1647198948 1.003s
2025-02-04 16:42:09.204 62483 INFO tempest.lib.common.rest_client [req-3d9cca50-a1dd-4293-b40b-8486b80dc8dc req-3d9cca50-a1dd-4293-b40b-8486b80dc8dc ] Request (VolumesAssistedSnapshotsTest:test_volume_assisted_snapshot_create_delete): 200 GET http://10.180.1.21/compute/v2.1/servers/fadd9b66-0b47-4694-96dd-2ae88fc35b76 1.047s
2025-02-04 16:42:09.212 62457 INFO tempest.lib.common.rest_client [req-9f3c6a0b-e32b-4068-8178-5f7360ec7073 req-9f3c6a0b-e32b-4068-8178-5f7360ec7073 ] Request (SecurityGroupRulesNegativeTestJSON:test_create_security_group_rule_with_invalid_id): 400 POST http://10.180.1.21/compute/v2.1/os-security-group-rules 1.006s
2025-02-04 16:42:09.229 62455 INFO tempest.lib.common.rest_client [req-69efe862-8d72-4dc7-985d-03172a7bcf75 req-69efe862-8d72-4dc7-985d-03172a7bcf75 ] Request (ServicesAdminTestJSON:tearDownClass): 200 GET http://10.180.1.21:9696/networking/v2.0/security-groups?tenant_id=68f514396b754bc899f1764ea723b44b&name=default 0.145s
2025-02-04 16:42:09.237 62479 INFO tempest.lib.common.rest_client [req-018face4-5f18-4b2a-987c-81968ec94e28 req-018face4-5f18-4b2a-987c-81968ec94e28 ] Request (ListServersNegativeTestJSON:setUpClass): 200 GET http://10.180.1.21/compute/v2.1/servers/de928602-9c69-45f7-956a-af2d73893f77 1.035s
2025-02-04 16:42:09.257 62515 INFO tempest.lib.common.rest_client [req-7165f3b1-72e0-488d-b4f2-4722349608fc req-7165f3b1-72e0-488d-b4f2-4722349608fc ] Request (ImagesMetadataNegativeTestJSON:test_set_nonexistent_image_metadata): 404 PUT http://10.180.1.21/compute/v2.1/images/1045080d-a920-458f-8dfe-5236a37f05f1/metadata 1.023s
2025-02-04 16:42:09.272 62467 INFO tempest.lib.common.rest_client [req-54bb1d50-f789-45bc-acd9-ed008410e80a req-54bb1d50-f789-45bc-acd9-ed008410e80a ] Request (ServersNegativeTestMultiTenantJSON:setUpClass): 200 GET http://10.180.1.21/compute/v2.1/servers/61efc1e0-c83b-4f6f-8223-b0b93a1e393d 1.056s
2025-02-04 16:42:09.324 62503 INFO tempest.lib.common.rest_client [req-d14b2f68-0396-4b93-bb61-ea8ba76be145 req-d14b2f68-0396-4b93-bb61-ea8ba76be145 ] Request (ServerShowV247Test:test_update_rebuild_list_server): 200 GET http://10.180.1.21/compute/v2.1/servers/744161c8-9035-4da3-99c2-c7929bbc2669 0.931s
2025-02-04 16:42:09.337 62493 INFO tempest.lib.common.rest_client [req-9722b26f-c8c2-42f9-b584-11dcd57cd67e req-9722b26f-c8c2-42f9-b584-11dcd57cd67e ] Request (ImagesOneServerNegativeTestJSON:setUpClass): 200 GET http://10.180.1.21/compute/v2.1/servers/b5a9a89d-073d-4a54-b657-7d61984c4b44 0.775s
2025-02-04 16:42:09.357 62455 INFO tempest.lib.common.rest_client [req-53a8ff4b-a85e-4208-8166-4ceb7b0f1016 req-53a8ff4b-a85e-4208-8166-4ceb7b0f1016 ] Request (ServicesAdminTestJSON:tearDownClass): 204 DELETE http://10.180.1.21:9696/networking/v2.0/security-groups/aa29f43a-f06e-4b9d-8d02-559dbfe26afb 0.128s
2025-02-04 16:42:09.393 62461 INFO tempest.lib.common.rest_client [req-0f013386-7989-42f1-917b-fa12533083e5 req-0f013386-7989-42f1-917b-fa12533083e5 ] Request (ServersAdminNegativeTestJSON:test_migrate_server_invalid_state): 200 GET http://10.180.1.21/compute/v2.1/servers/71c5aada-84ef-466e-830d-e9d0c83f7d91 0.773s
2025-02-04 16:42:09.463 62455 INFO tempest.lib.common.rest_client [req-4fc977f8-4100-4f97-a76b-32f200eba1b9 req-4fc977f8-4100-4f97-a76b-32f200eba1b9 ] Request (ServicesAdminTestJSON:tearDownClass): 204 DELETE http://10.180.1.21/identity/v3/projects/68f514396b754bc899f1764ea723b44b 0.105s
2025-02-04 16:42:09.503 62513 INFO tempest.lib.common.rest_client [req-36247b15-922d-417b-bfec-c830748c4fc5 req-36247b15-922d-417b-bfec-c830748c4fc5 ] Request (SecurityGroupsTestJSON:test_list_security_groups_by_server): 200 GET http://10.180.1.21/compute/v2.1/servers/08ca16d3-b8b5-4170-81b6-7fb0f7b063db 0.805s
2025-02-04 16:42:09.542 62455 INFO tempest.lib.common.rest_client [req-b3550ec7-451a-4ef5-bfbd-9bc9b55491ca req-b3550ec7-451a-4ef5-bfbd-9bc9b55491ca ] Request (ServicesAdminNegativeV253TestJSON:setUpClass): 201 POST http://10.180.1.21/identity/v3/auth/tokens 0.077s
2025-02-04 16:42:09.558 62507 INFO tempest.lib.common.rest_client [req-51c109c6-7e36-4b15-942e-7bbcbafa33b6 req-51c109c6-7e36-4b15-942e-7bbcbafa33b6 ] Request (ServerRescueTestJSON:setUpClass): 200 GET http://10.180.1.21/compute/v2.1/servers/6cdf32dc-6bc1-4892-9529-ebb4c7f27be6 0.847s
2025-02-04 16:42:09.568 62471 INFO tempest.lib.common.rest_client [req-6fb79876-5505-491b-b142-d4c15305c5c8 req-6fb79876-5505-491b-b142-d4c15305c5c8 ] Request (AttachInterfacesTestJSON:test_create_list_show_delete_interfaces_by_fixed_ip): 200 GET http://10.180.1.21/compute/v2.1/servers/e4029453-3d83-4dab-926a-9a09fa94dbb9 0.902s
2025-02-04 16:42:09.575 62491 INFO tempest.lib.common.rest_client [req-9b21152f-c895-4f45-b04f-66e999af38b6 req-9b21152f-c895-4f45-b04f-66e999af38b6 ] Request (FlavorsAccessNegativeTestJSON:_run_cleanups): 202 DELETE http://10.180.1.21/compute/v2.1/flavors/786679853 0.838s
2025-02-04 16:42:09.587 62469 INFO tempest.lib.common.rest_client [req-5f0b2369-b48c-4168-880c-b367fa54cc77 req-5f0b2369-b48c-4168-880c-b367fa54cc77 ] Request (AggregatesAdminNegativeTestJSON:test_aggregate_get_details_as_user): 403 GET http://10.180.1.21/compute/v2.1/os-aggregates/6 0.780s
2025-02-04 16:42:09.588 62455 INFO tempest.lib.common.rest_client [req-d2c45440-37c8-498b-8262-1f8fb91f4999 req-d2c45440-37c8-498b-8262-1f8fb91f4999 ] Request (ServicesAdminNegativeV253TestJSON:setUpClass): 201 POST http://10.180.1.21/identity/v3/auth/tokens 0.044s
2025-02-04 16:42:09.628 62455 INFO tempest.lib.common.rest_client [req-85acbdca-7556-49be-8536-d8d2771f8b93 req-85acbdca-7556-49be-8536-d8d2771f8b93 ] Request (ServicesAdminNegativeV253TestJSON:setUpClass): 200 GET http://10.180.1.21/identity/v3/domains?name=Default 0.040s
2025-02-04 16:42:09.639 62481 INFO tempest.lib.common.rest_client [req-7c576016-7f5d-400a-b35d-8797225b907f req-7c576016-7f5d-400a-b35d-8797225b907f ] Request (ServersWithSpecificFlavorTestJSON:test_verify_created_server_ephemeral_disk): 200 GET http://10.180.1.21/compute/v2.1/servers/d6456961-ac87-45c8-a4b4-8a5fcff5a376 0.840s
2025-02-04 16:42:09.672 62455 INFO tempest.lib.common.rest_client [req-750cd421-c17d-46bd-b4d1-e633eb164bae req-750cd421-c17d-46bd-b4d1-e633eb164bae ] Request (ServicesAdminNegativeV253TestJSON:setUpClass): 201 POST http://10.180.1.21/identity/v3/projects 0.043s
2025-02-04 16:42:09.750 62455 INFO tempest.lib.common.rest_client [req-3b55f874-0cde-4ba2-90eb-8555885bc838 req-3b55f874-0cde-4ba2-90eb-8555885bc838 ] Request (ServicesAdminNegativeV253TestJSON:setUpClass): 201 POST http://10.180.1.21/identity/v3/users 0.077s
2025-02-04 16:42:09.774 62455 INFO tempest.lib.common.rest_client [req-7dccf9fa-6270-4dc9-b239-00fad2680c88 req-7dccf9fa-6270-4dc9-b239-00fad2680c88 ] Request (ServicesAdminNegativeV253TestJSON:setUpClass): 200 GET http://10.180.1.21/identity/v3/roles 0.024s
2025-02-04 16:42:09.776 62485 INFO tempest.lib.common.rest_client [req-9735737c-dbd2-4384-9304-ffd4912ad980 req-9735737c-dbd2-4384-9304-ffd4912ad980 ] Request (InstanceActionsNegativeTestJSON:tearDownClass): 200 GET http://10.180.1.21/compute/v2.1/servers/174a0e1d-6bb8-4eec-b7dd-fba7c894eda3 0.868s
2025-02-04 16:42:09.782 62497 INFO tempest.lib.common.rest_client [req-a61e542f-5a9a-4f72-a878-33ae8d9b324a req-a61e542f-5a9a-4f72-a878-33ae8d9b324a ] Request (HostsAdminNegativeTestJSON:test_update_host_with_invalid_maintenance_mode): 400 PUT http://10.180.1.21/compute/v2.1/os-hosts/devstack 0.636s
2025-02-04 16:42:09.802 62455 INFO tempest.lib.common.rest_client [req-a366c23d-f0e2-49d3-8ddd-7c7579a6b4e9 req-a366c23d-f0e2-49d3-8ddd-7c7579a6b4e9 ] Request (ServicesAdminNegativeV253TestJSON:setUpClass): 204 PUT http://10.180.1.21/identity/v3/projects/b21527c566fc4c7dba4ba508dd1677e6/users/ed7ac9b1c5af4a89b475c557a2f16425/roles/6bf3a5ffc63c43718135c387e4392b31 0.027s
2025-02-04 16:42:09.802 62455 INFO tempest.lib.common.dynamic_creds [-] Dynamic test user ed7ac9b1c5af4a89b475c557a2f16425 is created with scope project and roles: ['member']
2025-02-04 16:42:09.802 62455 INFO tempest.lib.common.dynamic_creds [-] Acquired dynamic creds: credentials: Credentials: {'domain_id': 'default', 'domain_name': 'Default', 'username': 'tempest-ServicesAdminNegativeV253TestJSON-67218894-project-member', 'project_domain_id': 'default', 'project_domain_name': 'Default', 'project_id': 'b21527c566fc4c7dba4ba508dd1677e6', 'project_name': 'tempest-ServicesAdminNegativeV253TestJSON-67218894', 'tenant_id': 'b21527c566fc4c7dba4ba508dd1677e6', 'tenant_name': 'tempest-ServicesAdminNegativeV253TestJSON-67218894', 'user_domain_id': 'default', 'user_domain_name': 'Default', 'user_id': 'ed7ac9b1c5af4a89b475c557a2f16425', 'system': None}, Network: None, Subnet: None, Router: None
2025-02-04 16:42:09.803 62455 INFO tempest.lib.common.dynamic_creds [-] Created isolated network resources for: credentials: Credentials: {'domain_id': 'default', 'domain_name': 'Default', 'username': 'tempest-ServicesAdminNegativeV253TestJSON-67218894-project-member', 'project_domain_id': 'default', 'project_domain_name': 'Default', 'project_id': 'b21527c566fc4c7dba4ba508dd1677e6', 'project_name': 'tempest-ServicesAdminNegativeV253TestJSON-67218894', 'tenant_id': 'b21527c566fc4c7dba4ba508dd1677e6', 'tenant_name': 'tempest-ServicesAdminNegativeV253TestJSON-67218894', 'user_domain_id': 'default', 'user_domain_name': 'Default', 'user_id': 'ed7ac9b1c5af4a89b475c557a2f16425', 'system': None}, Network: None, Subnet: None, Router: None
2025-02-04 16:42:09.837 62453 INFO tempest.lib.common.rest_client [req-bd74d747-7338-4082-b9fa-4828fb60687c req-bd74d747-7338-4082-b9fa-4828fb60687c ] Request (FloatingIPDetailsNegativeTestJSON:test_get_nonexistent_floating_ip_details): 404 GET http://10.180.1.21/compute/v2.1/os-floating-ips/c579568c-03a8-41b1-8849-5496631c0ebd 0.898s
2025-02-04 16:42:09.871 62487 INFO tempest.lib.common.rest_client [req-8ba6d065-877a-4537-9c16-85f6789e1e63 req-8ba6d065-877a-4537-9c16-85f6789e1e63 ] Request (FlavorsAdminTestJSON:_run_cleanups): 200 GET http://10.180.1.21/compute/v2.1/flavors/detail 0.701s
2025-02-04 16:42:09.897 62455 INFO tempest.lib.common.rest_client [req-ec1fab5f-e610-4771-8c08-64591c8ed340 req-ec1fab5f-e610-4771-8c08-64591c8ed340 ] Request (ServicesAdminNegativeV253TestJSON:setUpClass): 201 POST http://10.180.1.21/identity/v3/auth/tokens 0.092s
2025-02-04 16:42:09.948 62477 INFO tempest.lib.common.rest_client [req-df9cfbc1-bfb4-4086-8292-fe5a20b43eb2 req-df9cfbc1-bfb4-4086-8292-fe5a20b43eb2 ] Request (ServerActionsTestOtherA:setUpClass): 200 GET http://10.180.1.21/compute/v2.1/servers/44784d47-aecd-4c78-9e8d-86cfbed53406 0.799s
2025-02-04 16:42:09.968 62455 INFO tempest.lib.common.rest_client [req-77da233e-6c21-4b47-a5fc-7ced10b438c4 req-77da233e-6c21-4b47-a5fc-7ced10b438c4 ] Request (ServicesAdminNegativeV253TestJSON:setUpClass): 201 POST http://10.180.1.21/identity/v3/projects 0.070s
2025-02-04 16:42:09.973 62515 INFO tempest.lib.common.rest_client [req-455ed778-147b-487e-9e1c-8742b3e28ebe req-455ed778-147b-487e-9e1c-8742b3e28ebe ] Request (ImagesMetadataNegativeTestJSON:test_set_nonexistent_image_metadata_item): 404 PUT http://10.180.1.21/compute/v2.1/images/75b282ed-57cc-4605-8039-12db1fc2470a/metadata/os_distro 0.713s
2025-02-04 16:42:10.007 62473 INFO tempest.lib.common.rest_client [req-a3e744ba-05db-424d-9eac-326194386bf1 req-a3e744ba-05db-424d-9eac-326194386bf1 ] Request (ServersTestBootFromVolume:setUpClass): 200 GET http://10.180.1.21/volume/v3/volumes/c928feae-37f6-49d8-97c9-2adbbb028ebd 0.036s
2025-02-04 16:42:10.043 62455 INFO tempest.lib.common.rest_client [req-441e6cd0-77bc-4121-9bfd-9332ecfcdc41 req-441e6cd0-77bc-4121-9bfd-9332ecfcdc41 ] Request (ServicesAdminNegativeV253TestJSON:setUpClass): 201 POST http://10.180.1.21/identity/v3/users 0.075s
2025-02-04 16:42:10.066 62455 INFO tempest.lib.common.rest_client [req-609d5b28-b61d-4aae-be56-8ad07e4ac53f req-609d5b28-b61d-4aae-be56-8ad07e4ac53f ] Request (ServicesAdminNegativeV253TestJSON:setUpClass): 200 GET http://10.180.1.21/identity/v3/roles 0.022s
2025-02-04 16:42:10.098 62455 INFO tempest.lib.common.rest_client [req-11b71a19-0313-44b2-8f3c-b9ee1b499713 req-11b71a19-0313-44b2-8f3c-b9ee1b499713 ] Request (ServicesAdminNegativeV253TestJSON:setUpClass): 204 PUT http://10.180.1.21/identity/v3/projects/3dbe1747ba2146ca8da2b06f4e9aee9c/users/210d8f95bd25477badd848bfd62b41f1/roles/217690d82a7b4a4fa6f894a2da6dfb45 0.031s
2025-02-04 16:42:10.107 62457 INFO tempest.lib.common.rest_client [req-d8371169-a637-4558-acf5-5920ab686108 req-d8371169-a637-4558-acf5-5920ab686108 ] Request (SecurityGroupRulesNegativeTestJSON:test_create_security_group_rule_with_invalid_ip_protocol): 200 POST http://10.180.1.21/compute/v2.1/os-security-groups 0.892s
2025-02-04 16:42:10.158 62499 INFO tempest.lib.common.rest_client [req-db672037-3c02-41db-b74b-d43a2833cedd req-db672037-3c02-41db-b74b-d43a2833cedd ] Request (DeleteServersAdminTestJSON:test_admin_delete_servers_of_others): 200 GET http://10.180.1.21/compute/v2.1/servers/fa20c5ec-ebc4-4c9a-a94a-2f6c9dd18a97 0.773s
2025-02-04 16:42:10.167 62499 INFO tempest.common.waiters [-] State transition "BUILD/spawning" ==> "ACTIVE/None" after 33 second wait
2025-02-04 16:42:10.173 62455 INFO tempest.lib.common.rest_client [req-0b6259fe-666a-4455-8292-21bcaaccaa6e req-0b6259fe-666a-4455-8292-21bcaaccaa6e ] Request (ServicesAdminNegativeV253TestJSON:setUpClass): 200 GET http://10.180.1.21/identity/v3/roles 0.074s
