2025-02-20 03:35:35.137 63793 INFO tempest.lib.common.rest_client [req-aabbd866-1a54-4f4f-953c-12996710392e req-aabbd866-1a54-4f4f-953c-12996710392e ] Request (ServerMetadataNegativeTestJSON:setUpClass): 200 GET http://10.180.1.21/compute/v2.1/servers/0ddb2492-4f7f-468c-a2ca-0370a838c650 1.327s
2025-02-20 03:35:35.166 63785 INFO tempest.lib.common.rest_client [req-57b7f54c-2a87-4e00-9c9c-191c7f1eb87f req-57b7f54c-2a87-4e00-9c9c-191c7f1eb87f ] Request (AggregatesAdminNegativeTestJSON:_run_cleanups): 200 DELETE http://10.180.1.21/compute/v2.1/os-aggregates/4 1.346s
2025-02-20 03:35:35.196 63835 INFO tempest.lib.common.rest_client [req-056df1c8-ba2f-4011-936d-2c5c36cba6d0 req-056df1c8-ba2f-4011-936d-2c5c36cba6d0 ] Request (FlavorsAdminTestJSON:test_create_list_flavor_without_extra_data): 200 POST http://10.180.1.21/compute/v2.1/flavors 1.341s
2025-02-20 03:35:35.210 63797 INFO tempest.lib.common.rest_client [req-efc00d8a-abb5-4cb4-9204-62edccc1cb2b req-efc00d8a-abb5-4cb4-9204-62edccc1cb2b ] Request (FlavorsExtraSpecsNegativeTestJSON:tearDownClass): 202 DELETE http://10.180.1.21/compute/v2.1/flavors/1597275779 1.352s
2025-02-20 03:35:35.247 63781 INFO tempest.lib.common.rest_client [req-358eec81-4e3f-415a-b765-9e2a4b1e54a6 req-358eec81-4e3f-415a-b765-9e2a4b1e54a6 ] Request (KeyPairsV2TestJSON:test_keypairs_create_list_delete): 200 POST http://10.180.1.21/compute/v2.1/os-keypairs 1.387s
2025-02-20 03:35:35.251 63827 INFO tempest.lib.common.rest_client [req-dec454d9-d009-4255-a169-a539f0088d76 req-dec454d9-d009-4255-a169-a539f0088d76 ] Request (FloatingIPsAssociationTestJSON:setUpClass): 201 POST http://10.180.1.21:9696/networking/v2.0/subnets 0.436s
2025-02-20 03:35:35.286 63799 INFO tempest.lib.common.rest_client [req-cd45404f-e5f5-46c2-8a15-de818bb12443 req-cd45404f-e5f5-46c2-8a15-de818bb12443 ] Request (ServerRescueTestJSONUnderV235:setUpClass): 200 GET http://10.180.1.21/compute/v2.1/servers/e271acf6-87b6-48aa-a90a-d6fecbe9b363 1.512s
2025-02-20 03:35:35.301 63823 INFO tempest.lib.common.rest_client [req-6079a080-eb8c-48ab-9cd5-904aff0a40dd req-6079a080-eb8c-48ab-9cd5-904aff0a40dd ] Request (HypervisorAdminTestJSON:test_get_hypervisor_stats): 200 GET http://10.180.1.21/compute/v2.1/os-hypervisors/statistics 1.267s
2025-02-20 03:35:35.345 63787 INFO tempest.lib.common.rest_client [req-b3124008-51a6-490f-9176-17312f77baba req-b3124008-51a6-490f-9176-17312f77baba ] Request (QuotasAdminTestV257:tearDownClass): 204 DELETE http://10.180.1.21:9696/networking/v2.0/security-groups/256a9627-a36f-44c0-a643-63efaead780c 0.215s
2025-02-20 03:35:35.430 63811 INFO tempest.lib.common.rest_client [req-71792610-42ee-488c-8672-6c7894b26955 req-71792610-42ee-488c-8672-6c7894b26955 ] Request (ServersTestBootFromVolume:setUpClass): 200 GET http://10.180.1.21/compute/v2.1/servers/75d593d3-56de-42e7-bd65-a4616fa1c5c3 1.457s
2025-02-20 03:35:35.438 63823 INFO tempest.lib.common.rest_client [req-5d91480a-3f4d-4a4e-b421-9c2607c27062 req-5d91480a-3f4d-4a4e-b421-9c2607c27062 ] Request (HypervisorAdminTestJSON:tearDownClass): 204 DELETE http://10.180.1.21/identity/v3/users/9b1ae92dcf0d435d9651334fe8f02ace 0.133s
2025-02-20 03:35:35.473 63787 INFO tempest.lib.common.rest_client [req-694ca83b-39e5-472b-adad-7b179a7451a3 req-694ca83b-39e5-472b-adad-7b179a7451a3 ] Request (QuotasAdminTestV257:tearDownClass): 204 DELETE http://10.180.1.21/identity/v3/projects/7a2c81c046954bef94b494e91c9c0b94 0.127s
2025-02-20 03:35:35.503 63831 INFO tempest.lib.common.rest_client [req-2a79009e-0817-4aa1-8293-cccb068c6f98 req-2a79009e-0817-4aa1-8293-cccb068c6f98 ] Request (ServersTestJSON:test_create_server_specify_multibyte_character_name): 200 GET http://10.180.1.21/compute/v2.1/servers/9aa9a51f-2b57-4c4a-b5e4-9bd85388dde7 1.407s
2025-02-20 03:35:35.508 63821 INFO tempest.lib.common.rest_client [req-84921a24-7cbb-402f-9381-c86d44fb346e req-84921a24-7cbb-402f-9381-c86d44fb346e ] Request (ServerAddressesNegativeTestJSON:test_list_server_addresses_invalid_server_id): 404 GET http://10.180.1.21/compute/v2.1/servers/999/ips 1.316s
2025-02-20 03:35:35.545 63787 INFO tempest.lib.common.rest_client [req-01929c0d-7add-4804-bec3-bee5a1f16edd req-01929c0d-7add-4804-bec3-bee5a1f16edd ] Request (QuotasSecurityGroupAdminNegativeTest:setUpClass): 201 POST http://10.180.1.21/identity/v3/auth/tokens 0.070s
2025-02-20 03:35:35.566 63791 INFO tempest.lib.common.rest_client [req-04384d4e-1f1d-4e5b-b570-0c49dcf9cc74 req-04384d4e-1f1d-4e5b-b570-0c49dcf9cc74 ] Request (SecurityGroupsTestJSON:test_list_security_groups_by_server): 200 GET http://10.180.1.21/compute/v2.1/servers/ad2361d7-e63a-4873-9051-32a43b062a2b 1.077s
2025-02-20 03:35:35.578 63823 INFO tempest.lib.common.rest_client [req-84007ef3-41d3-47cf-8a7e-7da255f85550 req-84007ef3-41d3-47cf-8a7e-7da255f85550 ] Request (HypervisorAdminTestJSON:tearDownClass): 204 DELETE http://10.180.1.21/identity/v3/users/3003d7cc4d27412d8d84acfc7f61bbce 0.139s
2025-02-20 03:35:35.578 63823 INFO tempest.lib.common.dynamic_creds [-] Deleting project and security group for project: f87391518563460480dde6540763825a
2025-02-20 03:35:35.624 63825 INFO tempest.lib.common.rest_client [req-3857b4ed-d2db-464f-8acb-a9cf3b836e49 req-3857b4ed-d2db-464f-8acb-a9cf3b836e49 ] Request (InstanceActionsTestJSON:setUpClass): 200 GET http://10.180.1.21/compute/v2.1/servers/c11de26f-12a3-4dba-8a5c-a3ae740dbc50 1.463s
2025-02-20 03:35:35.635 63787 INFO tempest.lib.common.rest_client [req-60ea0a08-9bb0-4fd4-9925-45437e555a8b req-60ea0a08-9bb0-4fd4-9925-45437e555a8b ] Request (QuotasSecurityGroupAdminNegativeTest:setUpClass): 201 POST http://10.180.1.21/identity/v3/auth/tokens 0.086s
2025-02-20 03:35:35.636 63825 INFO tempest.common.waiters [-] State transition "BUILD/None" ==> "BUILD/spawning" after 9 second wait
2025-02-20 03:35:35.637 63823 INFO tempest.lib.common.rest_client [req-a79614e3-ce8d-432f-947e-f106eb7df222 req-a79614e3-ce8d-432f-947e-f106eb7df222 ] Request (HypervisorAdminTestJSON:tearDownClass): 201 POST http://10.180.1.21/identity/v3/auth/tokens 0.058s
2025-02-20 03:35:35.661 63787 INFO tempest.lib.common.rest_client [req-e3509956-0887-4ade-8df8-43d9f74b7f5d req-e3509956-0887-4ade-8df8-43d9f74b7f5d ] Request (QuotasSecurityGroupAdminNegativeTest:setUpClass): 200 GET http://10.180.1.21/identity/v3/domains?name=Default 0.025s
2025-02-20 03:35:35.673 63833 INFO tempest.lib.common.rest_client [req-f80e2f4e-a167-4c0d-a99a-47a2c357eb08 req-f80e2f4e-a167-4c0d-a99a-47a2c357eb08 ] Request (TenantUsagesTestJSON:tearDownClass): 200 GET http://10.180.1.21/compute/v2.1/servers/10f5d483-8500-49c5-9101-2318b3d0981b 1.014s
2025-02-20 03:35:35.696 63787 INFO tempest.lib.common.rest_client [req-2d56eb6c-6939-4093-ab93-62ff5f0a5f22 req-2d56eb6c-6939-4093-ab93-62ff5f0a5f22 ] Request (QuotasSecurityGroupAdminNegativeTest:setUpClass): 201 POST http://10.180.1.21/identity/v3/projects 0.034s
2025-02-20 03:35:35.758 63787 INFO tempest.lib.common.rest_client [req-5265709c-8e5d-417e-ad16-84f81f07181b req-5265709c-8e5d-417e-ad16-84f81f07181b ] Request (QuotasSecurityGroupAdminNegativeTest:setUpClass): 201 POST http://10.180.1.21/identity/v3/users 0.061s
2025-02-20 03:35:35.785 63787 INFO tempest.lib.common.rest_client [req-3f173bc1-9b2c-4faa-8a34-e18090674445 req-3f173bc1-9b2c-4faa-8a34-e18090674445 ] Request (QuotasSecurityGroupAdminNegativeTest:setUpClass): 200 GET http://10.180.1.21/identity/v3/roles 0.027s
2025-02-20 03:35:35.799 63783 INFO tempest.lib.common.rest_client [req-1d35a1ca-b163-459d-afab-94aee302119e req-1d35a1ca-b163-459d-afab-94aee302119e ] Request (MigrationsAdminTest:test_list_migrations_in_flavor_resize_situation): 200 GET http://10.180.1.21/compute/v2.1/servers/8cef03c0-9244-441f-ba53-6d053fcaf825 1.046s
2025-02-20 03:35:35.818 63787 INFO tempest.lib.common.rest_client [req-c9d05e26-8a8a-46dd-af89-0a71e625e4c2 req-c9d05e26-8a8a-46dd-af89-0a71e625e4c2 ] Request (QuotasSecurityGroupAdminNegativeTest:setUpClass): 204 PUT http://10.180.1.21/identity/v3/projects/26944b97f0df422c807227e285ed8b13/users/4a610cdf52114d059eff0f12df87fc56/roles/4c3a86add97c42bca2cd34155a853183 0.032s
2025-02-20 03:35:35.818 63787 INFO tempest.lib.common.dynamic_creds [-] Dynamic test user 4a610cdf52114d059eff0f12df87fc56 is created with scope project and roles: ['member']
2025-02-20 03:35:35.818 63787 INFO tempest.lib.common.dynamic_creds [-] Acquired dynamic creds: credentials: Credentials: {'domain_id': 'default', 'domain_name': 'Default', 'username': 'tempest-QuotasSecurityGroupAdminNegativeTest-1763681530-project-member', 'project_domain_id': 'default', 'project_domain_name': 'Default', 'project_id': '26944b97f0df422c807227e285ed8b13', 'project_name': 'tempest-QuotasSecurityGroupAdminNegativeTest-1763681530', 'tenant_id': '26944b97f0df422c807227e285ed8b13', 'tenant_name': 'tempest-QuotasSecurityGroupAdminNegativeTest-1763681530', 'user_domain_id': 'default', 'user_domain_name': 'Default', 'user_id': '4a610cdf52114d059eff0f12df87fc56', 'system': None}, Network: None, Subnet: None, Router: None
2025-02-20 03:35:35.818 63787 INFO tempest.lib.common.dynamic_creds [-] Created isolated network resources for: credentials: Credentials: {'domain_id': 'default', 'domain_name': 'Default', 'username': 'tempest-QuotasSecurityGroupAdminNegativeTest-1763681530-project-member', 'project_domain_id': 'default', 'project_domain_name': 'Default', 'project_id': '26944b97f0df422c807227e285ed8b13', 'project_name': 'tempest-QuotasSecurityGroupAdminNegativeTest-1763681530', 'tenant_id': '26944b97f0df422c807227e285ed8b13', 'tenant_name': 'tempest-QuotasSecurityGroupAdminNegativeTest-1763681530', 'user_domain_id': 'default', 'user_domain_name': 'Default', 'user_id': '4a610cdf52114d059eff0f12df87fc56', 'system': None}, Network: None, Subnet: None, Router: None
2025-02-20 03:35:35.866 63777 INFO tempest.lib.common.rest_client [req-3d129959-c074-41aa-86e0-d65ff05e8d5f req-3d129959-c074-41aa-86e0-d65ff05e8d5f ] Request (ServersTestManualDisk:setUpClass): 200 GET http://10.180.1.21/compute/v2.1/servers/d24d0229-c85f-4b75-980a-8a82b4946306 1.041s
2025-02-20 03:35:35.906 63787 INFO tempest.lib.common.rest_client [req-667ded8d-9648-4543-aa0f-95c5189f1176 req-667ded8d-9648-4543-aa0f-95c5189f1176 ] Request (QuotasSecurityGroupAdminNegativeTest:setUpClass): 201 POST http://10.180.1.21/identity/v3/auth/tokens 0.083s
2025-02-20 03:35:35.952 63829 INFO tempest.lib.common.rest_client [req-375b9a67-48d6-4922-ace7-769c381b97cc req-375b9a67-48d6-4922-ace7-769c381b97cc ] Request (ServersAdmin275Test:test_rebuild_update_server_275): 200 GET http://10.180.1.21/compute/v2.1/servers/789f39b5-4dc7-46be-911a-327b21298830 1.009s
2025-02-20 03:35:35.965 63829 INFO tempest.common.waiters [-] State transition "REBUILD/rebuild_spawning" ==> "ACTIVE/None" after 7 second wait
2025-02-20 03:35:36.009 63787 INFO tempest.lib.common.rest_client [req-85f045f1-547e-4ad0-a89e-87b17c22ee71 req-85f045f1-547e-4ad0-a89e-87b17c22ee71 ] Request (QuotasSecurityGroupAdminNegativeTest:setUpClass): 201 POST http://10.180.1.21/identity/v3/projects 0.103s
2025-02-20 03:35:36.031 63823 INFO tempest.lib.common.rest_client [req-2d404b19-28c4-4555-aeb2-aea84009b38e req-2d404b19-28c4-4555-aeb2-aea84009b38e ] Request (HypervisorAdminTestJSON:tearDownClass): 200 GET http://10.180.1.21:9696/networking/v2.0/security-groups?tenant_id=f87391518563460480dde6540763825a&name=default 0.394s
2025-02-20 03:35:36.045 63819 INFO tempest.lib.common.rest_client [req-a13c8573-3111-4b52-94ab-3e71d1321291 req-a13c8573-3111-4b52-94ab-3e71d1321291 ] Request (ServerDiagnosticsV248Test:tearDownClass): 200 GET http://10.180.1.21/compute/v2.1/servers/342a920f-66a8-4dfa-9d21-09bf2de34085 1.090s
2025-02-20 03:35:36.118 63801 INFO tempest.lib.common.rest_client [req-083685d3-c259-4670-9884-222fb804b161 req-083685d3-c259-4670-9884-222fb804b161 ] Request (VolumesAdminNegativeTest:test_update_attached_volume_with_nonexistent_volume_in_body): 200 GET http://10.180.1.21/compute/v2.1/servers/7723b9ca-51aa-4b9b-ba33-8682435d3837 1.109s
2025-02-20 03:35:36.121 63787 INFO tempest.lib.common.rest_client [req-a398bec9-2b5d-4562-9de4-66c5a44faa1f req-a398bec9-2b5d-4562-9de4-66c5a44faa1f ] Request (QuotasSecurityGroupAdminNegativeTest:setUpClass): 201 POST http://10.180.1.21/identity/v3/users 0.111s
2025-02-20 03:35:36.152 63787 INFO tempest.lib.common.rest_client [req-1b4a43c8-f3ab-4689-900a-be2f83ecb122 req-1b4a43c8-f3ab-4689-900a-be2f83ecb122 ] Request (QuotasSecurityGroupAdminNegativeTest:setUpClass): 200 GET http://10.180.1.21/identity/v3/roles 0.030s
2025-02-20 03:35:36.200 63787 INFO tempest.lib.common.rest_client [req-d8b52581-b109-4464-912a-ae7e2361300e req-d8b52581-b109-4464-912a-ae7e2361300e ] Request (QuotasSecurityGroupAdminNegativeTest:setUpClass): 204 PUT http://10.180.1.21/identity/v3/projects/5e24ca98ddfe44209f5cce9066008a66/users/0bb94e1b849044bdb694507be7b0c137/roles/bbb6f4bb72694421a62d36592ecafae8 0.048s
2025-02-20 03:35:36.211 63805 INFO tempest.lib.common.rest_client [req-919e0e59-2529-461d-b209-36f9d57830d0 req-919e0e59-2529-461d-b209-36f9d57830d0 ] Request (ServersAdminTestJSON:setUpClass): 200 GET http://10.180.1.21/compute/v2.1/servers/41944323-41e3-4417-b802-682f2af01de5 1.195s
2025-02-20 03:35:36.216 63789 INFO tempest.lib.common.rest_client [req-87b44285-5f6b-4007-85cf-0492d1db316c req-87b44285-5f6b-4007-85cf-0492d1db316c ] Request (FlavorsAccessNegativeTestJSON:test_flavor_non_admin_remove): 403 POST http://10.180.1.21/compute/v2.1/flavors/183214194/action 1.169s
2025-02-20 03:35:36.257 63795 INFO tempest.lib.common.rest_client [req-763ad56b-ec53-462a-98f3-67261a44b317 req-763ad56b-ec53-462a-98f3-67261a44b317 ] Request (ImagesTestJSON:test_create_image_from_stopped_server): 200 GET http://10.180.1.21/compute/v2.1/images/b89d7009-e650-42fc-8165-5896d0399ea4 1.181s
2025-02-20 03:35:36.313 63787 INFO tempest.lib.common.rest_client [req-5cd0700f-5dd1-4f3b-bf34-8390c3bc4b9b req-5cd0700f-5dd1-4f3b-bf34-8390c3bc4b9b ] Request (QuotasSecurityGroupAdminNegativeTest:setUpClass): 200 GET http://10.180.1.21/identity/v3/roles 0.112s
2025-02-20 03:35:36.332 63815 INFO tempest.lib.common.rest_client [req-5374f6a2-ff88-4da1-b3a8-cd79288fcff4 req-5374f6a2-ff88-4da1-b3a8-cd79288fcff4 ] Request (MultipleCreateTestJSON:test_multiple_create): 200 GET http://10.180.1.21/compute/v2.1/servers/b6a94ad9-8006-42ac-86c1-1596dd00b832 1.242s
2025-02-20 03:35:36.338 63787 INFO tempest.lib.common.rest_client [req-d9805e86-bee0-4b7b-a4b1-d0cac7857589 req-d9805e86-bee0-4b7b-a4b1-d0cac7857589 ] Request (QuotasSecurityGroupAdminNegativeTest:setUpClass): 204 PUT http://10.180.1.21/identity/v3/projects/5e24ca98ddfe44209f5cce9066008a66/users/0bb94e1b849044bdb694507be7b0c137/roles/bbb6f4bb72694421a62d36592ecafae8 0.024s
2025-02-20 03:35:36.338 63787 INFO tempest.lib.common.dynamic_creds [-] Dynamic test user 0bb94e1b849044bdb694507be7b0c137 is created with scope project and roles: ['admin']
2025-02-20 03:35:36.338 63787 INFO tempest.lib.common.dynamic_creds [-] Acquired dynamic creds: credentials: Credentials: {'domain_id': 'default', 'domain_name': 'Default', 'username': 'tempest-QuotasSecurityGroupAdminNegativeTest-300820252-project-admin', 'project_domain_id': 'default', 'project_domain_name': 'Default', 'project_id': '5e24ca98ddfe44209f5cce9066008a66', 'project_name': 'tempest-QuotasSecurityGroupAdminNegativeTest-300820252', 'tenant_id': '5e24ca98ddfe44209f5cce9066008a66', 'tenant_name': 'tempest-QuotasSecurityGroupAdminNegativeTest-300820252', 'user_domain_id': 'default', 'user_domain_name': 'Default', 'user_id': '0bb94e1b849044bdb694507be7b0c137', 'system': None}, Network: None, Subnet: None, Router: None
2025-02-20 03:35:36.339 63787 INFO tempest.lib.common.dynamic_creds [-] Created isolated network resources for: credentials: Credentials: {'domain_id': 'default', 'domain_name': 'Default', 'username': 'tempest-QuotasSecurityGroupAdminNegativeTest-300820252-project-admin', 'project_domain_id': 'default', 'project_domain_name': 'Default', 'project_id': '5e24ca98ddfe44209f5cce9066008a66', 'project_name': 'tempest-QuotasSecurityGroupAdminNegativeTest-300820252', 'tenant_id': '5e24ca98ddfe44209f5cce9066008a66', 'tenant_name': 'tempest-QuotasSecurityGroupAdminNegativeTest-300820252', 'user_domain_id': 'default', 'user_domain_name': 'Default', 'user_id': '0bb94e1b849044bdb694507be7b0c137', 'system': None}, Network: None, Subnet: None, Router: None
2025-02-20 03:35:36.395 63817 INFO tempest.lib.common.rest_client [req-41ed94ae-9657-4ec2-83a9-603036697bd0 req-41ed94ae-9657-4ec2-83a9-603036697bd0 ] Request (DeleteServersAdminTestJSON:test_delete_server_while_in_error_state): 200 GET http://10.180.1.21/compute/v2.1/servers/a277d989-e34f-4c7b-9bb0-187254ceaad1 1.240s
2025-02-20 03:35:36.447 63779 INFO tempest.lib.common.rest_client [req-69ba2eff-14b4-414e-b23f-8075058fd2ab req-69ba2eff-14b4-414e-b23f-8075058fd2ab ] Request (ServerDiagnosticsTest:test_get_server_diagnostics): 200 GET http://10.180.1.21/compute/v2.1/servers/0e2cf45e-a763-4555-8c4f-4f7eb5781b63 1.286s
2025-02-20 03:35:36.447 63787 INFO tempest.lib.common.rest_client [req-64ec3743-68b0-494a-9bb0-b1dd20464bc7 req-64ec3743-68b0-494a-9bb0-b1dd20464bc7 ] Request (QuotasSecurityGroupAdminNegativeTest:setUpClass): 201 POST http://10.180.1.21/identity/v3/auth/tokens 0.104s
2025-02-20 03:35:36.478 63785 INFO tempest.lib.common.rest_client [req-5cd7b236-c844-4370-bb9a-487b335b2f20 req-5cd7b236-c844-4370-bb9a-487b335b2f20 ] Request (AggregatesAdminNegativeTestJSON:test_aggregate_delete_as_user): 200 POST http://10.180.1.21/compute/v2.1/os-aggregates 1.310s
2025-02-20 03:35:36.490 63835 INFO tempest.lib.common.rest_client [req-4b12a0d3-e3f3-42f4-b141-90383a93d265 req-4b12a0d3-e3f3-42f4-b141-90383a93d265 ] Request (FlavorsAdminTestJSON:test_create_list_flavor_without_extra_data): 200 GET http://10.180.1.21/compute/v2.1/flavors/844107828 1.292s
2025-02-20 03:35:36.512 63797 INFO tempest.lib.common.rest_client [req-a57bb0e4-99ad-4c3e-8822-8b12d3c408dc req-a57bb0e4-99ad-4c3e-8822-8b12d3c408dc ] Request (FlavorsExtraSpecsNegativeTestJSON:tearDownClass): 200 GET http://10.180.1.21/compute/v2.1/flavors/detail 1.301s
2025-02-20 03:35:36.514 63823 INFO tempest.lib.common.rest_client [req-ec18b3c1-ee35-474d-b1db-ac21fe974a5e req-ec18b3c1-ee35-474d-b1db-ac21fe974a5e ] Request (HypervisorAdminTestJSON:tearDownClass): 204 DELETE http://10.180.1.21:9696/networking/v2.0/security-groups/a75d9b17-cfab-4c0f-af38-c573c1a7dec1 0.483s
2025-02-20 03:35:36.527 63781 INFO tempest.lib.common.rest_client [req-26e41787-c8f0-444c-955a-88b38d00a060 req-26e41787-c8f0-444c-955a-88b38d00a060 ] Request (KeyPairsV2TestJSON:test_keypairs_create_list_delete): 200 GET http://10.180.1.21/compute/v2.1/os-keypairs 1.278s
2025-02-20 03:35:36.569 63787 INFO tempest.lib.common.rest_client [req-fd4d0bdb-318b-4457-990b-337a3ef24925 req-fd4d0bdb-318b-4457-990b-337a3ef24925 ] Request (QuotasSecurityGroupAdminNegativeTest:tearDownClass): 204 DELETE http://10.180.1.21/identity/v3/users/4a610cdf52114d059eff0f12df87fc56 0.117s
2025-02-20 03:35:36.630 63807 INFO tempest.lib.common.rest_client [req-3d23a4e8-1f3c-416c-ab6e-4bc10080cdbf req-3d23a4e8-1f3c-416c-ab6e-4bc10080cdbf ] Request (FloatingIPDetailsTestJSON:tearDownClass): 202 DELETE http://10.180.1.21/compute/v2.1/os-floating-ips/1df24db6-2eae-4acb-9277-a0c2962a8716 1.882s
2025-02-20 03:35:36.639 63823 INFO tempest.lib.common.rest_client [req-7e157b94-0b50-4981-8089-04999b97f970 req-7e157b94-0b50-4981-8089-04999b97f970 ] Request (HypervisorAdminTestJSON:tearDownClass): 204 DELETE http://10.180.1.21/identity/v3/projects/f87391518563460480dde6540763825a 0.125s
2025-02-20 03:35:36.640 63823 INFO tempest.lib.common.dynamic_creds [-] Deleting project and security group for project: 66dd38d91cf44e2f83cc74069119e33e
2025-02-20 03:35:36.712 63797 INFO tempest.lib.common.rest_client [req-2fb7010f-f630-47f3-8de6-a499560f9ab3 req-2fb7010f-f630-47f3-8de6-a499560f9ab3 ] Request (FlavorsExtraSpecsNegativeTestJSON:tearDownClass): 204 DELETE http://10.180.1.21/identity/v3/users/c62ec1a57cf24b35bc3dcad476e08a31 0.195s
2025-02-20 03:35:36.734 63821 INFO tempest.lib.common.rest_client [req-0fcd9889-a7b9-47d1-8b7a-6c45888e5cd6 req-0fcd9889-a7b9-47d1-8b7a-6c45888e5cd6 ] Request (ServerAddressesNegativeTestJSON:tearDownClass): 204 DELETE http://10.180.1.21/compute/v2.1/servers/10a0ca96-2813-4712-8afa-4b2b28a643c7 1.223s
2025-02-20 03:35:36.778 63787 INFO tempest.lib.common.rest_client [req-7595862d-c03a-4061-a61a-2b46546f7799 req-7595862d-c03a-4061-a61a-2b46546f7799 ] Request (QuotasSecurityGroupAdminNegativeTest:tearDownClass): 204 DELETE http://10.180.1.21/identity/v3/users/0bb94e1b849044bdb694507be7b0c137 0.208s
2025-02-20 03:35:36.779 63787 INFO tempest.lib.common.dynamic_creds [-] Deleting project and security group for project: 26944b97f0df422c807227e285ed8b13
2025-02-20 03:35:36.780 63775 INFO tempest.lib.common.rest_client [req-b213e5b4-6404-4361-8b3d-cc62b5812a7a req-b213e5b4-6404-4361-8b3d-cc62b5812a7a ] Request (ServersWithSpecificFlavorTestJSON:test_verify_created_server_ephemeral_disk): 200 GET http://10.180.1.21/compute/v2.1/servers/018c84f0-c033-4202-9f56-bf9507dd08a3 1.366s
2025-02-20 03:35:36.842 63787 INFO tempest.lib.common.rest_client [req-6cf37af4-a824-4809-a8e3-b65bead1d4bb req-6cf37af4-a824-4809-a8e3-b65bead1d4bb ] Request (QuotasSecurityGroupAdminNegativeTest:tearDownClass): 201 POST http://10.180.1.21/identity/v3/auth/tokens 0.063s
2025-02-20 03:35:36.858 63797 INFO tempest.lib.common.rest_client [req-9c54c363-2471-40f9-8a96-58f9bc41962e req-9c54c363-2471-40f9-8a96-58f9bc41962e ] Request (FlavorsExtraSpecsNegativeTestJSON:tearDownClass): 204 DELETE http://10.180.1.21/identity/v3/users/b5e0ab24a40c40b7b1c245ffbbf2bce0 0.146s
2025-02-20 03:35:36.859 63797 INFO tempest.lib.common.dynamic_creds [-] Deleting project and security group for project: 0f058ad8e2744dac87078d254b608e6a
2025-02-20 03:35:36.862 63813 INFO tempest.lib.common.rest_client [req-f0e82258-e607-4792-9b56-7760aed90f89 req-f0e82258-e607-4792-9b56-7760aed90f89 ] Request (ServersAdminNegativeTestJSON:test_migrate_server_invalid_state): 200 GET http://10.180.1.21/compute/v2.1/servers/fb2550b6-54c2-4d3f-86dc-0b9c3b04606c 1.161s
2025-02-20 03:35:36.917 63809 INFO tempest.lib.common.rest_client [req-47edf06c-fd9e-462c-9fc0-c8152a9175ae req-47edf06c-fd9e-462c-9fc0-c8152a9175ae ] Request (ServerDiskConfigTestJSON:test_rebuild_server_with_auto_disk_config): 200 GET http://10.180.1.21/compute/v2.1/servers/77ac6be0-9bcc-48f3-af38-64c92b6a5b08 1.281s
2025-02-20 03:35:36.931 63797 INFO tempest.lib.common.rest_client [req-dcfde3cf-c16d-4ac8-b5d6-dfeec11e9dff req-dcfde3cf-c16d-4ac8-b5d6-dfeec11e9dff ] Request (FlavorsExtraSpecsNegativeTestJSON:tearDownClass): 201 POST http://10.180.1.21/identity/v3/auth/tokens 0.072s
2025-02-20 03:35:36.953 63823 INFO tempest.lib.common.rest_client [req-3fa3b398-7e3b-4c91-b6de-9ae88569d7ca req-3fa3b398-7e3b-4c91-b6de-9ae88569d7ca ] Request (HypervisorAdminTestJSON:tearDownClass): 200 GET http://10.180.1.21:9696/networking/v2.0/security-groups?tenant_id=66dd38d91cf44e2f83cc74069119e33e&name=default 0.313s
2025-02-20 03:35:37.192 63773 INFO tempest.lib.common.rest_client [req-b37ae98c-7d43-40ac-a560-43c1515d2fd1 req-b37ae98c-7d43-40ac-a560-43c1515d2fd1 ] Request (AttachInterfacesV270Test:test_create_get_list_interfaces): 200 GET http://10.180.1.21/compute/v2.1/servers/9c1ba69d-41ea-40e3-b9fc-d5ffe0ae5bd5 1.323s
2025-02-20 03:35:37.205 63773 INFO tempest.common.waiters [-] State transition "BUILD/spawning" ==> "ACTIVE/None" after 26 second wait
2025-02-20 03:35:37.210 63803 INFO tempest.lib.common.rest_client [req-d611d0b0-8008-421a-97d0-3e1f02a2f79b req-d611d0b0-8008-421a-97d0-3e1f02a2f79b ] Request (VolumesAssistedSnapshotsTest:test_volume_assisted_snapshot_create_delete): 200 GET http://10.180.1.21/compute/v2.1/servers/5c7098ea-9a5a-4efc-87b7-793667f871d2 1.315s
2025-02-20 03:35:37.215 63823 INFO tempest.lib.common.rest_client [req-0562e71e-2c38-4eb8-a7f7-73d0576213cd req-0562e71e-2c38-4eb8-a7f7-73d0576213cd ] Request (HypervisorAdminTestJSON:tearDownClass): 204 DELETE http://10.180.1.21:9696/networking/v2.0/security-groups/ee0436d3-5b21-4fdb-9d4f-2b9c7219c56e 0.262s
2025-02-20 03:35:37.223 63827 INFO tempest.lib.common.rest_client [req-0d0d5120-4f27-47f8-a534-5c663b84201f req-0d0d5120-4f27-47f8-a534-5c663b84201f ] Request (FloatingIPsAssociationTestJSON:setUpClass): 201 POST http://10.180.1.21:9696/networking/v2.0/routers 1.972s
2025-02-20 03:35:37.229 63787 INFO tempest.lib.common.rest_client [req-b492a6b9-e3de-4729-a39c-ea39491d3cdf req-b492a6b9-e3de-4729-a39c-ea39491d3cdf ] Request (QuotasSecurityGroupAdminNegativeTest:tearDownClass): 200 GET http://10.180.1.21:9696/networking/v2.0/security-groups?tenant_id=26944b97f0df422c807227e285ed8b13&name=default 0.386s
2025-02-20 03:35:37.309 63823 INFO tempest.lib.common.rest_client [req-9a215071-8ad4-4be3-a343-976560351aba req-9a215071-8ad4-4be3-a343-976560351aba ] Request (HypervisorAdminTestJSON:tearDownClass): 204 DELETE http://10.180.1.21/identity/v3/projects/66dd38d91cf44e2f83cc74069119e33e 0.093s
2025-02-20 03:35:37.326 63793 INFO tempest.lib.common.rest_client [req-a9e18192-a024-4814-8db4-a18e3d5c9f1b req-a9e18192-a024-4814-8db4-a18e3d5c9f1b ] Request (ServerMetadataNegativeTestJSON:setUpClass): 200 GET http://10.180.1.21/compute/v2.1/servers/0ddb2492-4f7f-468c-a2ca-0370a838c650 1.176s
2025-02-20 03:35:37.401 63823 INFO tempest.lib.common.rest_client [req-0687be31-4085-4105-b674-e71b59ccdbe7 req-0687be31-4085-4105-b674-e71b59ccdbe7 ] Request (FlavorsV2TestJSON:setUpClass): 201 POST http://10.180.1.21/identity/v3/auth/tokens 0.089s
2025-02-20 03:35:37.430 63797 INFO tempest.lib.common.rest_client [req-5f7507db-f23f-4c66-89b7-3511baba5e08 req-5f7507db-f23f-4c66-89b7-3511baba5e08 ] Request (FlavorsExtraSpecsNegativeTestJSON:tearDownClass): 200 GET http://10.180.1.21:9696/networking/v2.0/security-groups?tenant_id=0f058ad8e2744dac87078d254b608e6a&name=default 0.499s
2025-02-20 03:35:37.451 63823 INFO tempest.lib.common.rest_client [req-ef843446-b399-41ca-a924-f4d634b90e01 req-ef843446-b399-41ca-a924-f4d634b90e01 ] Request (FlavorsV2TestJSON:setUpClass): 201 POST http://10.180.1.21/identity/v3/auth/tokens 0.048s
2025-02-20 03:35:37.490 63823 INFO tempest.lib.common.rest_client [req-5df291de-415e-48a0-9b73-684d8535db11 req-5df291de-415e-48a0-9b73-684d8535db11 ] Request (FlavorsV2TestJSON:setUpClass): 200 GET http://10.180.1.21/identity/v3/domains?name=Default 0.038s
2025-02-20 03:35:37.515 63789 INFO tempest.lib.common.rest_client [req-f60bb632-b819-48c7-9ba0-0d0221fc5598 req-f60bb632-b819-48c7-9ba0-0d0221fc5598 ] Request (FlavorsAccessNegativeTestJSON:_run_cleanups): 200 POST http://10.180.1.21/compute/v2.1/flavors/183214194/action 1.298s
2025-02-20 03:35:37.535 63823 INFO tempest.lib.common.rest_client [req-a183e1d4-e4f6-44af-9ca9-35d306f7738d req-a183e1d4-e4f6-44af-9ca9-35d306f7738d ] Request (FlavorsV2TestJSON:setUpClass): 201 POST http://10.180.1.21/identity/v3/projects 0.044s
2025-02-20 03:35:37.596 63797 INFO tempest.lib.common.rest_client [req-f75329e2-eacb-4308-8f40-bf02e48658f9 req-f75329e2-eacb-4308-8f40-bf02e48658f9 ] Request (FlavorsExtraSpecsNegativeTestJSON:tearDownClass): 204 DELETE http://10.180.1.21:9696/networking/v2.0/security-groups/63517500-451f-4376-8204-bcd83ced1582 0.165s
2025-02-20 03:35:37.615 63787 INFO tempest.lib.common.rest_client [req-60ac703e-49ab-4ae1-adde-03b4e0e03782 req-60ac703e-49ab-4ae1-adde-03b4e0e03782 ] Request (QuotasSecurityGroupAdminNegativeTest:tearDownClass): 204 DELETE http://10.180.1.21:9696/networking/v2.0/security-groups/acbaabed-024c-4b1b-899a-e3b5e5ce7613 0.384s
2025-02-20 03:35:37.644 63823 INFO tempest.lib.common.rest_client [req-6b3bd88c-e0c5-449c-88fd-0583b37ce6ea req-6b3bd88c-e0c5-449c-88fd-0583b37ce6ea ] Request (FlavorsV2TestJSON:setUpClass): 201 POST http://10.180.1.21/identity/v3/users 0.109s
2025-02-20 03:35:37.717 63787 INFO tempest.lib.common.rest_client [req-35e3066a-daf3-4f3e-95c2-220e15563dfb req-35e3066a-daf3-4f3e-95c2-220e15563dfb ] Request (QuotasSecurityGroupAdminNegativeTest:tearDownClass): 204 DELETE http://10.180.1.21/identity/v3/projects/26944b97f0df422c807227e285ed8b13 0.101s
2025-02-20 03:35:37.718 63787 INFO tempest.lib.common.dynamic_creds [-] Deleting project and security group for project: 5e24ca98ddfe44209f5cce9066008a66
2025-02-20 03:35:37.718 63829 INFO tempest.lib.common.rest_client [req-91463bd5-51e2-48ed-b659-68f57864d3df req-91463bd5-51e2-48ed-b659-68f57864d3df ] Request (ServersAdmin275Test:test_rebuild_update_server_275): 202 POST http://10.180.1.21/compute/v2.1/servers/789f39b5-4dc7-46be-911a-327b21298830/action 1.752s
2025-02-20 03:35:37.735 63797 INFO tempest.lib.common.rest_client [req-2b777408-72d7-403b-8077-09e3918665bb req-2b777408-72d7-403b-8077-09e3918665bb ] Request (FlavorsExtraSpecsNegativeTestJSON:tearDownClass): 204 DELETE http://10.180.1.21/identity/v3/projects/0f058ad8e2744dac87078d254b608e6a 0.138s
2025-02-20 03:35:37.735 63797 INFO tempest.lib.common.dynamic_creds [-] Deleting project and security group for project: bd954af9338e492d8fe82532c320e71f
2025-02-20 03:35:37.825 63799 INFO tempest.lib.common.rest_client [req-90edd305-b9c3-405e-a336-61a0bed04684 req-90edd305-b9c3-405e-a336-61a0bed04684 ] Request (ServerRescueTestJSONUnderV235:setUpClass): 200 GET http://10.180.1.21/compute/v2.1/servers/e271acf6-87b6-48aa-a90a-d6fecbe9b363 1.527s
2025-02-20 03:35:37.833 63785 INFO tempest.lib.common.rest_client [req-48e9d43f-db36-412d-9ffa-48e8b0403df4 req-48e9d43f-db36-412d-9ffa-48e8b0403df4 ] Request (AggregatesAdminNegativeTestJSON:test_aggregate_delete_as_user): 403 DELETE http://10.180.1.21/compute/v2.1/os-aggregates/5 1.350s
2025-02-20 03:35:37.860 63823 INFO tempest.lib.common.rest_client [req-1ffa2931-9d65-4cef-b4a8-5e21349b0249 req-1ffa2931-9d65-4cef-b4a8-5e21349b0249 ] Request (FlavorsV2TestJSON:setUpClass): 200 GET http://10.180.1.21/identity/v3/roles 0.215s
2025-02-20 03:35:37.917 63823 INFO tempest.lib.common.rest_client [req-8e88c0ca-2567-4381-b0dc-ef00a0fe4232 req-8e88c0ca-2567-4381-b0dc-ef00a0fe4232 ] Request (FlavorsV2TestJSON:setUpClass): 204 PUT http://10.180.1.21/identity/v3/projects/bee0ae5695184c648d19f72ec0389475/users/cd05bef3157444fb8f40182fe508ec84/roles/4c3a86add97c42bca2cd34155a853183 0.056s
2025-02-20 03:35:37.917 63823 INFO tempest.lib.common.dynamic_creds [-] Dynamic test user cd05bef3157444fb8f40182fe508ec84 is created with scope project and roles: ['member']
2025-02-20 03:35:37.918 63823 INFO tempest.lib.common.dynamic_creds [-] Acquired dynamic creds: credentials: Credentials: {'domain_id': 'default', 'domain_name': 'Default', 'username': 'tempest-FlavorsV2TestJSON-537783954-project-member', 'project_domain_id': 'default', 'project_domain_name': 'Default', 'project_id': 'bee0ae5695184c648d19f72ec0389475', 'project_name': 'tempest-FlavorsV2TestJSON-537783954', 'tenant_id': 'bee0ae5695184c648d19f72ec0389475', 'tenant_name': 'tempest-FlavorsV2TestJSON-537783954', 'user_domain_id': 'default', 'user_domain_name': 'Default', 'user_id': 'cd05bef3157444fb8f40182fe508ec84', 'system': None}, Network: None, Subnet: None, Router: None
2025-02-20 03:35:37.918 63823 INFO tempest.lib.common.dynamic_creds [-] Created isolated network resources for: credentials: Credentials: {'domain_id': 'default', 'domain_name': 'Default', 'username': 'tempest-FlavorsV2TestJSON-537783954-project-member', 'project_domain_id': 'default', 'project_domain_name': 'Default', 'project_id': 'bee0ae5695184c648d19f72ec0389475', 'project_name': 'tempest-FlavorsV2TestJSON-537783954', 'tenant_id': 'bee0ae5695184c648d19f72ec0389475', 'tenant_name': 'tempest-FlavorsV2TestJSON-537783954', 'user_domain_id': 'default', 'user_domain_name': 'Default', 'user_id': 'cd05bef3157444fb8f40182fe508ec84', 'system': None}, Network: None, Subnet: None, Router: None
2025-02-20 03:35:37.985 63835 INFO tempest.lib.common.rest_client [req-6303963b-bc9c-401c-8868-be0bc360a424 req-6303963b-bc9c-401c-8868-be0bc360a424 ] Request (FlavorsAdminTestJSON:test_create_list_flavor_without_extra_data): 200 GET http://10.180.1.21/compute/v2.1/flavors/detail 1.492s
2025-02-20 03:35:38.019 63823 INFO tempest.lib.common.rest_client [req-eefdbbd1-b95a-4ac4-85d0-e13762a4f14a req-eefdbbd1-b95a-4ac4-85d0-e13762a4f14a ] Request (FlavorsV2TestJSON:setUpClass): 201 POST http://10.180.1.21/identity/v3/auth/tokens 0.095s
2025-02-20 03:35:38.066 63787 INFO tempest.lib.common.rest_client [req-5dce3ae6-88fa-4f2f-a45d-21baf2495a13 req-5dce3ae6-88fa-4f2f-a45d-21baf2495a13 ] Request (QuotasSecurityGroupAdminNegativeTest:tearDownClass): 200 GET http://10.180.1.21:9696/networking/v2.0/security-groups?tenant_id=5e24ca98ddfe44209f5cce9066008a66&name=default 0.348s
2025-02-20 03:35:38.073 63797 INFO tempest.lib.common.rest_client [req-450ef8a9-451a-4d01-a68b-35a568851b16 req-450ef8a9-451a-4d01-a68b-35a568851b16 ] Request (FlavorsExtraSpecsNegativeTestJSON:tearDownClass): 200 GET http://10.180.1.21:9696/networking/v2.0/security-groups?tenant_id=bd954af9338e492d8fe82532c320e71f&name=default 0.338s
2025-02-20 03:35:38.113 63811 INFO tempest.lib.common.rest_client [req-aeebdc30-74f8-46ff-a768-eda0d999fb88 req-aeebdc30-74f8-46ff-a768-eda0d999fb88 ] Request (ServersTestBootFromVolume:setUpClass): 200 GET http://10.180.1.21/compute/v2.1/servers/75d593d3-56de-42e7-bd65-a4616fa1c5c3 1.675s
2025-02-20 03:35:38.137 63781 INFO tempest.lib.common.rest_client [req-e5c49518-0f8d-456e-940e-a0b0cbd49332 req-e5c49518-0f8d-456e-940e-a0b0cbd49332 ] Request (KeyPairsV2TestJSON:_run_cleanups): 202 DELETE http://10.180.1.21/compute/v2.1/os-keypairs/tempest-KeyPairsV2TestJSON-keypair-1435139723 1.608s
2025-02-20 03:35:38.252 63791 INFO tempest.lib.common.rest_client [req-0908a4dc-09a3-4d61-8c3c-86a83e407ddf req-0908a4dc-09a3-4d61-8c3c-86a83e407ddf ] Request (SecurityGroupsTestJSON:test_list_security_groups_by_server): 200 GET http://10.180.1.21/compute/v2.1/servers/ad2361d7-e63a-4873-9051-32a43b062a2b 1.677s
2025-02-20 03:35:38.330 63797 INFO tempest.lib.common.rest_client [req-179e0d4f-08a9-4751-a018-afd801b989b9 req-179e0d4f-08a9-4751-a018-afd801b989b9 ] Request (FlavorsExtraSpecsNegativeTestJSON:tearDownClass): 204 DELETE http://10.180.1.21:9696/networking/v2.0/security-groups/9975fc1d-b507-4952-a8be-a6326bf23314 0.256s
2025-02-20 03:35:38.338 63787 INFO tempest.lib.common.rest_client [req-d7f0be43-20e4-4576-96b3-eebfaf19999b req-d7f0be43-20e4-4576-96b3-eebfaf19999b ] Request (QuotasSecurityGroupAdminNegativeTest:tearDownClass): 204 DELETE http://10.180.1.21:9696/networking/v2.0/security-groups/29b96801-232d-4942-a261-8bc26b32ed83 0.271s
2025-02-20 03:35:38.410 63825 INFO tempest.lib.common.rest_client [req-d5373976-ea30-4359-81de-6ee5ca1ab144 req-d5373976-ea30-4359-81de-6ee5ca1ab144 ] Request (InstanceActionsTestJSON:setUpClass): 200 GET http://10.180.1.21/compute/v2.1/servers/c11de26f-12a3-4dba-8a5c-a3ae740dbc50 1.773s
2025-02-20 03:35:38.464 63831 INFO tempest.lib.common.rest_client [req-d19e80e5-ec9d-4efb-840b-952df17639c0 req-d19e80e5-ec9d-4efb-840b-952df17639c0 ] Request (ServersTestJSON:test_create_server_specify_multibyte_character_name): 200 GET http://10.180.1.21/compute/v2.1/servers/9aa9a51f-2b57-4c4a-b5e4-9bd85388dde7 1.952s
2025-02-20 03:35:38.497 63797 INFO tempest.lib.common.rest_client [req-d291f35b-5e81-4855-bdde-bc7006d3c385 req-d291f35b-5e81-4855-bdde-bc7006d3c385 ] Request (FlavorsExtraSpecsNegativeTestJSON:tearDownClass): 204 DELETE http://10.180.1.21/identity/v3/projects/bd954af9338e492d8fe82532c320e71f 0.166s
2025-02-20 03:35:38.507 63833 INFO tempest.lib.common.rest_client [req-fb377d30-ecaa-45df-8366-dc578d868f62 req-fb377d30-ecaa-45df-8366-dc578d868f62 ] Request (TenantUsagesTestJSON:tearDownClass): 200 GET http://10.180.1.21/compute/v2.1/servers/10f5d483-8500-49c5-9101-2318b3d0981b 1.821s
2025-02-20 03:35:38.509 63787 INFO tempest.lib.common.rest_client [req-96657325-3bbd-4ae4-9a1d-1329f747ba2c req-96657325-3bbd-4ae4-9a1d-1329f747ba2c ] Request (QuotasSecurityGroupAdminNegativeTest:tearDownClass): 204 DELETE http://10.180.1.21/identity/v3/projects/5e24ca98ddfe44209f5cce9066008a66 0.170s
2025-02-20 03:35:38.516 63833 INFO tempest.common.waiters [-] State transition "ACTIVE/deleting" ==> "DELETED/None" after 5 second wait
2025-02-20 03:35:38.585 63787 INFO tempest.lib.common.rest_client [req-15e8b779-32d6-4244-bb8d-134feebd150c req-15e8b779-32d6-4244-bb8d-134feebd150c ] Request (ServerRescueNegativeTestJSON:setUpClass): 201 POST http://10.180.1.21/identity/v3/auth/tokens 0.075s
2025-02-20 03:35:38.587 63797 INFO tempest.lib.common.rest_client [req-11c7d91f-19d0-4691-871a-c0262a7171d8 req-11c7d91f-19d0-4691-871a-c0262a7171d8 ] Request (QuotasAdminTestV236:setUpClass): 201 POST http://10.180.1.21/identity/v3/auth/tokens 0.088s
2025-02-20 03:35:38.627 63787 INFO tempest.lib.common.rest_client [req-1c4a7295-d7ac-4039-b8e7-36fecc8a19df req-1c4a7295-d7ac-4039-b8e7-36fecc8a19df ] Request (ServerRescueNegativeTestJSON:setUpClass): 201 POST http://10.180.1.21/identity/v3/auth/tokens 0.039s
2025-02-20 03:35:38.642 63797 INFO tempest.lib.common.rest_client [req-f85a15b6-ddf8-4c9f-94d4-ee6397418d92 req-f85a15b6-ddf8-4c9f-94d4-ee6397418d92 ] Request (QuotasAdminTestV236:setUpClass): 201 POST http://10.180.1.21/identity/v3/auth/tokens 0.052s
2025-02-20 03:35:38.660 63787 INFO tempest.lib.common.rest_client [req-5fe752ff-03dc-45f2-a45b-5306d45bba33 req-5fe752ff-03dc-45f2-a45b-5306d45bba33 ] Request (ServerRescueNegativeTestJSON:setUpClass): 200 GET http://10.180.1.21/identity/v3/domains?name=Default 0.032s
2025-02-20 03:35:38.673 63783 INFO tempest.lib.common.rest_client [req-227d3821-e0ca-48f2-a176-ddab4ee33144 req-227d3821-e0ca-48f2-a176-ddab4ee33144 ] Request (MigrationsAdminTest:test_list_migrations_in_flavor_resize_situation): 200 GET http://10.180.1.21/compute/v2.1/servers/8cef03c0-9244-441f-ba53-6d053fcaf825 1.866s
2025-02-20 03:35:38.685 63797 INFO tempest.lib.common.rest_client [req-8b42cc2c-8a1f-4477-ae22-7f4b297dbca6 req-8b42cc2c-8a1f-4477-ae22-7f4b297dbca6 ] Request (QuotasAdminTestV236:setUpClass): 200 GET http://10.180.1.21/identity/v3/domains?name=Default 0.042s
2025-02-20 03:35:38.724 63787 INFO tempest.lib.common.rest_client [req-d6617f1b-e56d-41c7-bed6-d0472573dc0d req-d6617f1b-e56d-41c7-bed6-d0472573dc0d ] Request (ServerRescueNegativeTestJSON:setUpClass): 201 POST http://10.180.1.21/identity/v3/projects 0.063s
2025-02-20 03:35:38.732 63797 INFO tempest.lib.common.rest_client [req-782a2451-81c4-4f67-820e-747d58ab6e17 req-782a2451-81c4-4f67-820e-747d58ab6e17 ] Request (QuotasAdminTestV236:setUpClass): 201 POST http://10.180.1.21/identity/v3/projects 0.047s
2025-02-20 03:35:38.755 63821 INFO tempest.lib.common.rest_client [req-01d68333-2fbd-4f06-a46b-b2dff5888188 req-01d68333-2fbd-4f06-a46b-b2dff5888188 ] Request (ServerAddressesNegativeTestJSON:tearDownClass): 200 GET http://10.180.1.21/compute/v2.1/servers/10a0ca96-2813-4712-8afa-4b2b28a643c7 2.020s
2025-02-20 03:35:38.770 63777 INFO tempest.lib.common.rest_client [req-b68218c2-1df1-4abe-997c-4bf543aa2702 req-b68218c2-1df1-4abe-997c-4bf543aa2702 ] Request (ServersTestManualDisk:setUpClass): 200 GET http://10.180.1.21/compute/v2.1/servers/d24d0229-c85f-4b75-980a-8a82b4946306 1.892s
2025-02-20 03:35:38.779 63807 INFO tempest.lib.common.rest_client [req-41f49dde-8e4b-41c6-9540-6f16eef4d85d req-41f49dde-8e4b-41c6-9540-6f16eef4d85d ] Request (FloatingIPDetailsTestJSON:tearDownClass): 200 PUT http://10.180.1.21:9696/networking/v2.0/routers/54fbc991-6d5d-4a40-8a51-0dd82ce3aa67/remove_router_interface 2.149s
2025-02-20 03:35:38.794 63819 INFO tempest.lib.common.rest_client [req-32d97656-dca4-4219-92cf-44d80ceaa896 req-32d97656-dca4-4219-92cf-44d80ceaa896 ] Request (ServerDiagnosticsV248Test:tearDownClass): 404 GET http://10.180.1.21/compute/v2.1/servers/342a920f-66a8-4dfa-9d21-09bf2de34085 1.735s
2025-02-20 03:35:38.831 63797 INFO tempest.lib.common.rest_client [req-e30fca97-00a3-43c6-a9df-05a796a8d56d req-e30fca97-00a3-43c6-a9df-05a796a8d56d ] Request (QuotasAdminTestV236:setUpClass): 201 POST http://10.180.1.21/identity/v3/users 0.098s
2025-02-20 03:35:38.840 63787 INFO tempest.lib.common.rest_client [req-54a5be38-457b-4b63-8af2-6fd4d117d899 req-54a5be38-457b-4b63-8af2-6fd4d117d899 ] Request (ServerRescueNegativeTestJSON:setUpClass): 201 POST http://10.180.1.21/identity/v3/users 0.114s
2025-02-20 03:35:38.861 63801 INFO tempest.lib.common.rest_client [req-0625407e-78ff-4a05-9b26-a3ad176e08a1 req-0625407e-78ff-4a05-9b26-a3ad176e08a1 ] Request (VolumesAdminNegativeTest:test_update_attached_volume_with_nonexistent_volume_in_body): 200 GET http://10.180.1.21/compute/v2.1/servers/7723b9ca-51aa-4b9b-ba33-8682435d3837 1.731s
2025-02-20 03:35:38.869 63797 INFO tempest.lib.common.rest_client [req-124d9fa0-678d-451f-96a3-ed5dff40363c req-124d9fa0-678d-451f-96a3-ed5dff40363c ] Request (QuotasAdminTestV236:setUpClass): 200 GET http://10.180.1.21/identity/v3/roles 0.035s
2025-02-20 03:35:38.893 63787 INFO tempest.lib.common.rest_client [req-92e7dde2-b637-4f10-bb08-d9ce5cf7bceb req-92e7dde2-b637-4f10-bb08-d9ce5cf7bceb ] Request (ServerRescueNegativeTestJSON:setUpClass): 200 GET http://10.180.1.21/identity/v3/roles 0.053s
2025-02-20 03:35:38.924 63797 INFO tempest.lib.common.rest_client [req-dd4c6437-1208-4e1e-911e-413146456343 req-dd4c6437-1208-4e1e-911e-413146456343 ] Request (QuotasAdminTestV236:setUpClass): 204 PUT http://10.180.1.21/identity/v3/projects/d2f2269d95ce4319a4c495aabb6cf630/users/f64aa32a848a4268a6da00c6d2940510/roles/4c3a86add97c42bca2cd34155a853183 0.054s
2025-02-20 03:35:38.924 63797 INFO tempest.lib.common.dynamic_creds [-] Dynamic test user f64aa32a848a4268a6da00c6d2940510 is created with scope project and roles: ['member']
2025-02-20 03:35:38.925 63797 INFO tempest.lib.common.dynamic_creds [-] Acquired dynamic creds: credentials: Credentials: {'domain_id': 'default', 'domain_name': 'Default', 'username': 'tempest-QuotasAdminTestV236-1294486896-project-member', 'project_domain_id': 'default', 'project_domain_name': 'Default', 'project_id': 'd2f2269d95ce4319a4c495aabb6cf630', 'project_name': 'tempest-QuotasAdminTestV236-1294486896', 'tenant_id': 'd2f2269d95ce4319a4c495aabb6cf630', 'tenant_name': 'tempest-QuotasAdminTestV236-1294486896', 'user_domain_id': 'default', 'user_domain_name': 'Default', 'user_id': 'f64aa32a848a4268a6da00c6d2940510', 'system': None}, Network: None, Subnet: None, Router: None
2025-02-20 03:35:38.925 63797 INFO tempest.lib.common.dynamic_creds [-] Created isolated network resources for: credentials: Credentials: {'domain_id': 'default', 'domain_name': 'Default', 'username': 'tempest-QuotasAdminTestV236-1294486896-project-member', 'project_domain_id': 'default', 'project_domain_name': 'Default', 'project_id': 'd2f2269d95ce4319a4c495aabb6cf630', 'project_name': 'tempest-QuotasAdminTestV236-1294486896', 'tenant_id': 'd2f2269d95ce4319a4c495aabb6cf630', 'tenant_name': 'tempest-QuotasAdminTestV236-1294486896', 'user_domain_id': 'default', 'user_domain_name': 'Default', 'user_id': 'f64aa32a848a4268a6da00c6d2940510', 'system': None}, Network: None, Subnet: None, Router: None
2025-02-20 03:35:38.955 63819 INFO tempest.lib.common.rest_client [req-d01f7908-5ef9-47b9-b4cf-a8bb77d2bc87 req-d01f7908-5ef9-47b9-b4cf-a8bb77d2bc87 ] Request (ServerDiagnosticsV248Test:tearDownClass): 204 DELETE http://10.180.1.21/identity/v3/users/35604149b378444694898fa32b44f213 0.159s
2025-02-20 03:35:38.957 63805 INFO tempest.lib.common.rest_client [req-99896dc6-15d9-41a5-9f0a-f6d003d57cdd req-99896dc6-15d9-41a5-9f0a-f6d003d57cdd ] Request (ServersAdminTestJSON:setUpClass): 200 GET http://10.180.1.21/compute/v2.1/servers/41944323-41e3-4417-b802-682f2af01de5 1.732s
2025-02-20 03:35:38.966 63827 INFO tempest.lib.common.rest_client [req-a133700f-e413-449c-85f4-379399a0b907 req-a133700f-e413-449c-85f4-379399a0b907 ] Request (FloatingIPsAssociationTestJSON:setUpClass): 200 PUT http://10.180.1.21:9696/networking/v2.0/routers/f998ba2d-4258-4b5d-8ec4-cfa03a4e1677/add_router_interface 1.743s
2025-02-20 03:35:38.966 63827 INFO tempest.lib.common.dynamic_creds [-] Created isolated network resources for: credentials: Credentials: {'domain_id': 'default', 'domain_name': 'Default', 'username': 'tempest-FloatingIPsAssociationTestJSON-1855772178-project-member', 'project_domain_id': 'default', 'project_domain_name': 'Default', 'project_id': 'bd6ebc71705b4b4fa8e88dac4c22fff6', 'project_name': 'tempest-FloatingIPsAssociationTestJSON-1855772178', 'tenant_id': 'bd6ebc71705b4b4fa8e88dac4c22fff6', 'tenant_name': 'tempest-FloatingIPsAssociationTestJSON-1855772178', 'user_domain_id': 'default', 'user_domain_name': 'Default', 'user_id': '13125a808efa4c43ac26059e0c3a521e', 'system': None}, Network: {'id': '0550e8c2-73d3-40da-90fb-1e35c8daf7ae', 'name': 'tempest-FloatingIPsAssociationTestJSON-1754119598-network', 'tenant_id': 'bd6ebc71705b4b4fa8e88dac4c22fff6', 'admin_state_up': True, 'mtu': 8950, 'status': 'ACTIVE', 'subnets': [], 'shared': False, 'project_id': 'bd6ebc71705b4b4fa8e88dac4c22fff6', 'port_security_enabled': True, 'router:external': False, 'provider:network_type': 'vlan', 'provider:physical_network': 'default', 'provider:segmentation_id': 393, 'availability_zone_hints': [], 'availability_zones': [], 'ipv4_address_scope': None, 'ipv6_address_scope': None, 'description': '', 'tags': [], 'created_at': '2025-02-20T03:35:34Z', 'updated_at': '2025-02-20T03:35:34Z', 'revision_number': 1}, Subnet: {'id': 'cb4506eb-acad-47e6-868e-861076025ffa', 'name': 'tempest-FloatingIPsAssociationTestJSON-1754119598-subnet', 'tenant_id': 'bd6ebc71705b4b4fa8e88dac4c22fff6', 'network_id': '0550e8c2-73d3-40da-90fb-1e35c8daf7ae', 'ip_version': 4, 'subnetpool_id': None, 'enable_dhcp': True, 'ipv6_ra_mode': None, 'ipv6_address_mode': None, 'gateway_ip': '192.168.128.1', 'cidr': '192.168.128.0/28', 'allocation_pools': [{'start': '192.168.128.2', 'end': '192.168.128.14'}], 'host_routes': [], 'dns_nameservers': [], 'description': '', 'router:external': False, 'service_types': [], 'tags': [], 'created_at': '2025-02-20T03:35:34Z', 'updated_at': '2025-02-20T03:35:34Z', 'revision_number': 0, 'project_id': 'bd6ebc71705b4b4fa8e88dac4c22fff6'}, Router: {'id': 'f998ba2d-4258-4b5d-8ec4-cfa03a4e1677', 'name': 'tempest-FloatingIPsAssociationTestJSON-1754119598-router', 'tenant_id': 'bd6ebc71705b4b4fa8e88dac4c22fff6', 'admin_state_up': True, 'status': 'ACTIVE', 'external_gateway_info': {'network_id': 'a739891f-b508-4016-befa-dc0bc92ffd89', 'external_fixed_ips': [{'subnet_id': '5f581288-039f-4cb0-a0f7-2964a8a3aeb3', 'ip_address': '10.180.180.224'}], 'enable_snat': True}, 'description': '', 'availability_zones': [], 'distributed': False, 'ha': False, 'availability_zone_hints': [], 'routes': [], 'flavor_id': None, 'tags': [], 'created_at': '2025-02-20T03:35:35Z', 'updated_at': '2025-02-20T03:35:36Z', 'revision_number': 2, 'project_id': 'bd6ebc71705b4b4fa8e88dac4c22fff6'}
2025-02-20 03:35:38.967 63805 INFO tempest.common.waiters [-] State transition "BUILD/scheduling" ==> "BUILD/None" after 7 second wait
2025-02-20 03:35:38.994 63795 INFO tempest.lib.common.rest_client [req-ca677907-1c31-4a29-a644-65954fdb9e36 req-ca677907-1c31-4a29-a644-65954fdb9e36 ] Request (ImagesTestJSON:test_create_image_from_stopped_server): 200 GET http://10.180.1.21/compute/v2.1/images/b89d7009-e650-42fc-8165-5896d0399ea4 1.733s
2025-02-20 03:35:39.035 63787 INFO tempest.lib.common.rest_client [req-f0b01d42-d6d4-4ab3-bc48-d983e3834778 req-f0b01d42-d6d4-4ab3-bc48-d983e3834778 ] Request (ServerRescueNegativeTestJSON:setUpClass): 204 PUT http://10.180.1.21/identity/v3/projects/d0744c5fa04242659d645a8c61996366/users/92aa0007fc4342a984e6f3aa55dbb658/roles/4c3a86add97c42bca2cd34155a853183 0.141s
2025-02-20 03:35:39.035 63787 INFO tempest.lib.common.dynamic_creds [-] Dynamic test user 92aa0007fc4342a984e6f3aa55dbb658 is created with scope project and roles: ['member']
2025-02-20 03:35:39.035 63787 INFO tempest.lib.common.dynamic_creds [-] Acquired dynamic creds: credentials: Credentials: {'domain_id': 'default', 'domain_name': 'Default', 'username': 'tempest-ServerRescueNegativeTestJSON-1715309833-project-member', 'project_domain_id': 'default', 'project_domain_name': 'Default', 'project_id': 'd0744c5fa04242659d645a8c61996366', 'project_name': 'tempest-ServerRescueNegativeTestJSON-1715309833', 'tenant_id': 'd0744c5fa04242659d645a8c61996366', 'tenant_name': 'tempest-ServerRescueNegativeTestJSON-1715309833', 'user_domain_id': 'default', 'user_domain_name': 'Default', 'user_id': '92aa0007fc4342a984e6f3aa55dbb658', 'system': None}, Network: None, Subnet: None, Router: None
2025-02-20 03:35:39.055 63797 INFO tempest.lib.common.rest_client [req-472b752d-fb40-42cb-b11e-f41db76851be req-472b752d-fb40-42cb-b11e-f41db76851be ] Request (QuotasAdminTestV236:setUpClass): 201 POST http://10.180.1.21/identity/v3/auth/tokens 0.124s
2025-02-20 03:35:39.056 63815 INFO tempest.lib.common.rest_client [req-0eaa3a1b-7665-4607-9b43-8b015c63ee3a req-0eaa3a1b-7665-4607-9b43-8b015c63ee3a ] Request (MultipleCreateTestJSON:test_multiple_create): 200 GET http://10.180.1.21/compute/v2.1/servers/b6a94ad9-8006-42ac-86c1-1596dd00b832 1.713s
2025-02-20 03:35:39.130 63817 INFO tempest.lib.common.rest_client [req-a4f09a87-8ee9-4bd5-9299-126b3147abc6 req-a4f09a87-8ee9-4bd5-9299-126b3147abc6 ] Request (DeleteServersAdminTestJSON:test_delete_server_while_in_error_state): 200 GET http://10.180.1.21/compute/v2.1/servers/a277d989-e34f-4c7b-9bb0-187254ceaad1 1.726s
2025-02-20 03:35:39.150 63827 INFO tempest.lib.common.rest_client [req-4ac782e6-1618-44eb-99a2-2fe8103efed7 req-4ac782e6-1618-44eb-99a2-2fe8103efed7 ] Request (FloatingIPsAssociationTestJSON:setUpClass): 201 POST http://10.180.1.21/identity/v3/auth/tokens 0.176s
