2025-02-20 03:37:37.986 63781 INFO tempest.lib.common.rest_client [req-5001489e-a00f-4a5b-aa1f-1887d4551937 req-5001489e-a00f-4a5b-aa1f-1887d4551937 ] Request (ServerActionsTestJSON:setUpClass): 200 PUT http://10.180.1.21:9696/networking/v2.0/floatingips/29fb5253-f978-41d3-ab58-e29126eed84b 0.650s
2025-02-20 03:37:37.987 63781 INFO tempest.lib.common.ssh [-] Creating ssh connection to '10.180.180.159:22' as 'cirros' with public key authentication
2025-02-20 03:37:38.010 63813 INFO tempest.lib.common.rest_client [req-f419a7a0-cf7e-40ce-bb49-8b9dedf109c1 req-f419a7a0-cf7e-40ce-bb49-8b9dedf109c1 ] Request (FloatingIPsAssociationNegativeTestJSON:setUpClass): 200 GET http://10.180.1.21/compute/v2.1/servers/0dbf3213-c4ac-4ba7-98f6-27a9862c8276 0.295s
2025-02-20 03:37:38.029 63819 INFO tempest.lib.common.rest_client [req-8f139f9a-31aa-4675-8657-277e867a827c req-8f139f9a-31aa-4675-8657-277e867a827c ] Request (ServicesAdminTestJSON:test_get_service_by_service_binary_name): 200 GET http://10.180.1.21/compute/v2.1/os-services?binary=nova-compute 0.299s
2025-02-20 03:37:38.060 63795 INFO tempest.lib.common.rest_client [req-562dc5bc-dcb5-4c26-91ad-f744caac4239 req-562dc5bc-dcb5-4c26-91ad-f744caac4239 ] Request (ImagesTestJSON:test_create_image_from_suspended_server): 200 GET http://10.180.1.21/compute/v2.1/servers/9d7fa19c-74c4-45d3-a02a-605d47798726 0.385s
2025-02-20 03:37:38.086 63809 INFO tempest.lib.common.rest_client [req-3c8e2137-195a-4f39-b3f5-c92fddbac1f6 req-3c8e2137-195a-4f39-b3f5-c92fddbac1f6 ] Request (ServerDiskConfigTestJSON:test_resize_server_from_auto_to_manual): 200 GET http://10.180.1.21/compute/v2.1/servers/c3e435bc-8ac2-446b-aadd-cea9397cdc8d 0.352s
2025-02-20 03:37:38.115 63797 INFO tempest.lib.common.rest_client [req-042cee10-a85d-4704-83fc-0e7feaed2c1b req-042cee10-a85d-4704-83fc-0e7feaed2c1b ] Request (ServersNegativeTestMultiTenantJSON:setUpClass): 200 GET http://10.180.1.21/compute/v2.1/servers/a7ba1234-3d05-4ba5-b399-071a0bf16b59 0.300s
2025-02-20 03:37:38.122 63797 INFO tempest.common.waiters [-] State transition "BUILD/None" ==> "BUILD/networking" after 86 second wait
2025-02-20 03:37:38.134 63801 INFO tempest.lib.common.rest_client [req-992915bf-a2f0-4e8a-b5fe-3ca1efa65ff2 req-992915bf-a2f0-4e8a-b5fe-3ca1efa65ff2 ] Request (VolumesAdminNegativeTest:test_update_attached_volume_with_nonexistent_volume_in_body): 200 GET http://10.180.1.21/volume/v3/volumes/eda644f1-390d-45ac-bf9f-dd620d9364ae 0.033s
2025-02-20 03:37:38.145 63803 INFO tempest.lib.common.rest_client [req-85081690-7b9d-41c8-a2e6-ff536fee0695 req-85081690-7b9d-41c8-a2e6-ff536fee0695 ] Request (VolumesAssistedSnapshotsTest:_run_cleanups): 200 GET http://10.180.1.21/compute/v2.1/servers/5c7098ea-9a5a-4efc-87b7-793667f871d2/os-volume_attachments 0.186s
2025-02-20 03:37:38.162 63825 INFO tempest.lib.common.rest_client [req-48a3d1cd-c92c-4e1c-88cc-7cd5b95bcfce req-48a3d1cd-c92c-4e1c-88cc-7cd5b95bcfce ] Request (ListServerFiltersTestJSON:setUpClass): 200 GET http://10.180.1.21/compute/v2.1/servers/93f3657a-4a6e-41f8-82c2-0fca562de390 0.319s
2025-02-20 03:37:38.174 63803 INFO tempest.lib.common.rest_client [req-804168b6-6a39-44fd-8d59-8336569cc4ae req-804168b6-6a39-44fd-8d59-8336569cc4ae ] Request (VolumesAssistedSnapshotsTest:_run_cleanups): 200 GET http://10.180.1.21/volume/v3/volumes/77cc73ec-a88c-4d1b-a754-fb2989c49e9a 0.028s
2025-02-20 03:37:38.182 63803 INFO tempest.common.waiters [-] volume 77cc73ec-a88c-4d1b-a754-fb2989c49e9a reached available after waiting for 0.182904 seconds
2025-02-20 03:37:38.185 63819 INFO tempest.lib.common.rest_client [req-efbbebca-3914-4c6a-b0b8-3011b1e47907 req-efbbebca-3914-4c6a-b0b8-3011b1e47907 ] Request (ServicesAdminTestJSON:test_list_services): 200 GET http://10.180.1.21/compute/v2.1/os-services 0.153s
2025-02-20 03:37:38.228 63803 INFO tempest.lib.common.rest_client [req-54001726-d095-4c60-80c9-34fc73a48841 req-54001726-d095-4c60-80c9-34fc73a48841 ] Request (VolumesAssistedSnapshotsTest:_run_cleanups): 202 DELETE http://10.180.1.21/volume/v3/volumes/77cc73ec-a88c-4d1b-a754-fb2989c49e9a 0.045s
2025-02-20 03:37:38.231 63791 INFO tempest.lib.common.rest_client [req-8fb8d2ab-37fb-421e-9dcf-28506ab820e8 req-8fb8d2ab-37fb-421e-9dcf-28506ab820e8 ] Request (SecurityGroupsTestJSON:test_server_security_groups): 200 GET http://10.180.1.21/compute/v2.1/servers/386df198-88ca-4909-8131-7d88f0c2b84d 0.089s
2025-02-20 03:37:38.252 63803 INFO tempest.lib.common.rest_client [req-caf1622d-5bb9-482f-b11b-f339133d0f8f req-caf1622d-5bb9-482f-b11b-f339133d0f8f ] Request (VolumesAssistedSnapshotsTest:_run_cleanups): 200 GET http://10.180.1.21/volume/v3/volumes/77cc73ec-a88c-4d1b-a754-fb2989c49e9a 0.024s
2025-02-20 03:37:38.340 63773 INFO tempest.lib.common.rest_client [req-093e330a-a35c-4117-b7d2-c496f76b1c08 req-093e330a-a35c-4117-b7d2-c496f76b1c08 ] Request (ServersV294TestFqdnHostnames:setUpClass): 200 GET http://10.180.1.21/compute/v2.1/servers/6833c0a3-8fbd-4d15-b1bb-9a0da078b7ca 0.066s
2025-02-20 03:37:38.343 63819 INFO tempest.lib.common.rest_client [req-95ffe4fc-45f1-4c4f-a1d5-e405a178be15 req-95ffe4fc-45f1-4c4f-a1d5-e405a178be15 ] Request (ServicesAdminTestJSON:tearDownClass): 204 DELETE http://10.180.1.21/identity/v3/users/a3a0a9b59a2c4d8b913504017d85883d 0.154s
2025-02-20 03:37:38.346 63787 INFO tempest.lib.common.rest_client [req-9368cb3d-50d1-46e9-a739-2866f04b3d5e req-9368cb3d-50d1-46e9-a739-2866f04b3d5e ] Request (ServerRescueNegativeTestJSON:setUpClass): 200 GET http://10.180.1.21/compute/v2.1/servers/b55b2a94-6f1e-4442-a946-47fdc92673dc 0.144s
2025-02-20 03:37:38.400 63793 INFO tempest.lib.common.rest_client [req-0b282de7-fdd1-4fa6-892f-c8751df3514b req-0b282de7-fdd1-4fa6-892f-c8751df3514b ] Request (ServerShowV247Test:test_update_rebuild_list_server): 200 GET http://10.180.1.21/compute/v2.1/servers/0fc5eeed-2c67-44ef-abf1-6a97d865a4a5 0.077s
2025-02-20 03:37:38.452 63819 INFO tempest.lib.common.rest_client [req-19913200-d086-48f1-98fe-f87ec484dd1d req-19913200-d086-48f1-98fe-f87ec484dd1d ] Request (ServicesAdminTestJSON:tearDownClass): 204 DELETE http://10.180.1.21/identity/v3/users/c4de136dded841db97786d10760b8ee0 0.108s
2025-02-20 03:37:38.453 63819 INFO tempest.lib.common.dynamic_creds [-] Deleting project and security group for project: 297e93d665fc4f9db8ba62e9c0275642
2025-02-20 03:37:38.493 63811 INFO tempest.lib.common.rest_client [req-1db58ec4-f7cf-4632-9b4f-ef43c4d6fb69 req-1db58ec4-f7cf-4632-9b4f-ef43c4d6fb69 ] Request (ServersTestBootFromVolume:tearDownClass): 200 GET http://10.180.1.21/compute/v2.1/servers/75d593d3-56de-42e7-bd65-a4616fa1c5c3 0.074s
2025-02-20 03:37:38.535 63819 INFO tempest.lib.common.rest_client [req-b6a00728-313d-4c55-bf39-c1ca5b403214 req-b6a00728-313d-4c55-bf39-c1ca5b403214 ] Request (ServicesAdminTestJSON:tearDownClass): 201 POST http://10.180.1.21/identity/v3/auth/tokens 0.082s
2025-02-20 03:37:38.644 63783 INFO tempest.lib.common.rest_client [req-6ef22f35-9296-4bd3-9e29-d589f254e042 req-6ef22f35-9296-4bd3-9e29-d589f254e042 ] Request (MigrationsAdminTest:test_resize_server_revert_deleted_flavor): 200 GET http://10.180.1.21/compute/v2.1/servers/528f802c-2166-4ad3-9bdc-cb6a53bbebf3 0.069s
2025-02-20 03:37:38.702 63829 INFO tempest.lib.common.rest_client [req-521d8195-1ccf-4620-b592-ce2ef948a89d req-521d8195-1ccf-4620-b592-ce2ef948a89d ] Request (ImagesNegativeTestJSON:test_create_image_from_deleted_server): 200 GET http://10.180.1.21/compute/v2.1/servers/a8db37d2-5843-4839-8db6-e203b727284c 0.071s
2025-02-20 03:37:38.709 63829 INFO tempest.common.waiters [-] State transition "BUILD/scheduling" ==> "BUILD/None" after 59 second wait
2025-02-20 03:37:38.786 63785 INFO tempest.lib.common.rest_client [req-b32d7582-b88e-4848-afc9-addcaaf5eaee req-b32d7582-b88e-4848-afc9-addcaaf5eaee ] Request (ServerExternalEventsTest:test_create_server_external_events): 200 GET http://10.180.1.21/compute/v2.1/servers/4d035215-5bcf-4af2-b42a-6349d15c4060 0.193s
2025-02-20 03:37:38.798 63807 INFO tempest.lib.common.rest_client [req-99eabe8c-6134-40c9-b9f0-cb25a0314b56 req-99eabe8c-6134-40c9-b9f0-cb25a0314b56 ] Request (ServerPasswordTestJSON:tearDownClass): 200 GET http://10.180.1.21/compute/v2.1/servers/84d98c0f-9049-4e54-8dc2-3412cd5281d8 0.088s
2025-02-20 03:37:38.843 63819 INFO tempest.lib.common.rest_client [req-1e4d02f9-e8f8-4afc-b9d9-d072ec8c4ee7 req-1e4d02f9-e8f8-4afc-b9d9-d072ec8c4ee7 ] Request (ServicesAdminTestJSON:tearDownClass): 200 GET http://10.180.1.21:9696/networking/v2.0/security-groups?tenant_id=297e93d665fc4f9db8ba62e9c0275642&name=default 0.308s
2025-02-20 03:37:38.874 63827 INFO tempest.lib.common.rest_client [req-4be97bbd-ee8c-4b1b-8205-77cfc58ab371 req-4be97bbd-ee8c-4b1b-8205-77cfc58ab371 ] Request (FloatingIPsAssociationTestJSON:test_associate_already_associated_floating_ip): 200 GET http://10.180.1.21/compute/v2.1/servers/2a395b3b-02a7-4379-b080-2485d09bef01 0.080s
2025-02-20 03:37:38.932 63779 INFO tempest.lib.common.rest_client [req-6b54feae-f39d-4e76-b516-cff4babd391a req-6b54feae-f39d-4e76-b516-cff4babd391a ] Request (ServersNegativeTestJSON:setUpClass): 200 GET http://10.180.1.21/compute/v2.1/servers/566324d4-75c0-425e-811d-a6b047a2a9d9 0.084s
2025-02-20 03:37:38.998 63835 INFO tempest.lib.common.rest_client [req-9c7371f7-5ed6-4583-b76e-5845aecc1065 req-9c7371f7-5ed6-4583-b76e-5845aecc1065 ] Request (ServersTestJSON:setUpClass): 200 GET http://10.180.1.21/compute/v2.1/servers/0b3cc0ac-a0d6-40c9-b1c5-717ed9fce0df 0.103s
2025-02-20 03:37:39.052 63805 INFO tempest.lib.common.rest_client [req-b1d90e0c-f473-40a2-9627-afcfc0fe42cc req-b1d90e0c-f473-40a2-9627-afcfc0fe42cc ] Request (ServersAdminTestJSON:test_create_server_with_scheduling_hint): 200 GET http://10.180.1.21/compute/v2.1/servers/1167dfbd-8fab-4f8d-9f46-f3c55db69e5e 0.151s
2025-02-20 03:37:39.085 63819 INFO tempest.lib.common.rest_client [req-f7a81715-c9d2-4bdf-9a41-262dd13082d3 req-f7a81715-c9d2-4bdf-9a41-262dd13082d3 ] Request (ServicesAdminTestJSON:tearDownClass): 204 DELETE http://10.180.1.21:9696/networking/v2.0/security-groups/53543f81-7c2b-45e8-b93b-1e89d4a7502e 0.241s
2025-02-20 03:37:39.100 63789 INFO tempest.lib.common.rest_client [req-cde0fa86-b35c-43d6-8fcd-03c2d8cbfe35 req-cde0fa86-b35c-43d6-8fcd-03c2d8cbfe35 ] Request (ListImageFiltersTestJSON:setUpClass): 200 GET http://10.180.1.21/compute/v2.1/servers/08850916-b1c8-4924-a028-db8903ec8697 0.266s
2025-02-20 03:37:39.111 63815 INFO tempest.lib.common.rest_client [req-9d1e3351-849e-49a2-b63f-4aff03f17d39 req-9d1e3351-849e-49a2-b63f-4aff03f17d39 ] Request (MultipleCreateTestJSON:test_multiple_create_with_reservation_return): 200 GET http://10.180.1.21/compute/v2.1/servers/c3363ca3-22b7-4f9d-8550-372f8fe9ebe7 0.162s
2025-02-20 03:37:39.175 63831 INFO tempest.lib.common.rest_client [req-cd04de94-463f-4a60-9814-113353443852 req-cd04de94-463f-4a60-9814-113353443852 ] Request (ServersTestJSON:_run_cleanups): 200 GET http://10.180.1.21/compute/v2.1/servers/67af9e44-3811-4d65-9ca4-c179b5d52406 0.210s
2025-02-20 03:37:39.177 63813 INFO tempest.lib.common.rest_client [req-630a3a8d-a4fa-41e6-9ef5-b54a6508e4d3 req-630a3a8d-a4fa-41e6-9ef5-b54a6508e4d3 ] Request (FloatingIPsAssociationNegativeTestJSON:setUpClass): 200 GET http://10.180.1.21/compute/v2.1/servers/0dbf3213-c4ac-4ba7-98f6-27a9862c8276 0.160s
2025-02-20 03:37:39.185 63819 INFO tempest.lib.common.rest_client [req-3b05c569-c7f8-4a91-be6a-4eeff63ba16e req-3b05c569-c7f8-4a91-be6a-4eeff63ba16e ] Request (ServicesAdminTestJSON:tearDownClass): 204 DELETE http://10.180.1.21/identity/v3/projects/297e93d665fc4f9db8ba62e9c0275642 0.098s
2025-02-20 03:37:39.185 63819 INFO tempest.lib.common.dynamic_creds [-] Deleting project and security group for project: 58bd442aa44742e58d1b2450359ae9b9
2025-02-20 03:37:39.186 63801 INFO tempest.lib.common.rest_client [req-a158a73b-15a6-43f4-a226-24559bdcd4c2 req-a158a73b-15a6-43f4-a226-24559bdcd4c2 ] Request (VolumesAdminNegativeTest:test_update_attached_volume_with_nonexistent_volume_in_body): 200 GET http://10.180.1.21/volume/v3/volumes/eda644f1-390d-45ac-bf9f-dd620d9364ae 0.043s
2025-02-20 03:37:39.238 63809 INFO tempest.lib.common.rest_client [req-48a083b4-bded-466b-a65e-f2492e5bfbd9 req-48a083b4-bded-466b-a65e-f2492e5bfbd9 ] Request (ServerDiskConfigTestJSON:test_resize_server_from_auto_to_manual): 200 GET http://10.180.1.21/compute/v2.1/servers/c3e435bc-8ac2-446b-aadd-cea9397cdc8d 0.140s
2025-02-20 03:37:39.295 63803 INFO tempest.lib.common.rest_client [req-8f4d5670-0819-4ce0-b46c-c794fc9ee33c req-8f4d5670-0819-4ce0-b46c-c794fc9ee33c ] Request (VolumesAssistedSnapshotsTest:_run_cleanups): 200 GET http://10.180.1.21/volume/v3/volumes/77cc73ec-a88c-4d1b-a754-fb2989c49e9a 0.035s
2025-02-20 03:37:39.333 63795 INFO tempest.lib.common.rest_client [req-4f88b5ed-bd5a-4bba-a653-6447191a57c4 req-4f88b5ed-bd5a-4bba-a653-6447191a57c4 ] Request (ImagesTestJSON:test_create_image_from_suspended_server): 200 GET http://10.180.1.21/compute/v2.1/servers/9d7fa19c-74c4-45d3-a02a-605d47798726 0.265s
2025-02-20 03:37:39.344 63819 INFO tempest.lib.common.rest_client [req-2d095fc5-c26e-40d2-9827-19e04988b23e req-2d095fc5-c26e-40d2-9827-19e04988b23e ] Request (ServicesAdminTestJSON:tearDownClass): 200 GET http://10.180.1.21:9696/networking/v2.0/security-groups?tenant_id=58bd442aa44742e58d1b2450359ae9b9&name=default 0.158s
2025-02-20 03:37:39.397 63825 INFO tempest.lib.common.rest_client [req-f0eeb71c-9eea-4501-87eb-49fe31a20d27 req-f0eeb71c-9eea-4501-87eb-49fe31a20d27 ] Request (ListServerFiltersTestJSON:setUpClass): 200 GET http://10.180.1.21/compute/v2.1/servers/93f3657a-4a6e-41f8-82c2-0fca562de390 0.224s
2025-02-20 03:37:39.440 63797 INFO tempest.lib.common.rest_client [req-b751c0f1-2b0d-4ccb-a767-67620961f0a2 req-b751c0f1-2b0d-4ccb-a767-67620961f0a2 ] Request (ServersNegativeTestMultiTenantJSON:setUpClass): 200 GET http://10.180.1.21/compute/v2.1/servers/a7ba1234-3d05-4ba5-b399-071a0bf16b59 0.317s
2025-02-20 03:37:39.447 63797 INFO tempest.common.waiters [-] State transition "BUILD/networking" ==> "BUILD/spawning" after 87 second wait
2025-02-20 03:37:39.452 63791 INFO tempest.lib.common.rest_client [req-bbba37bf-51f4-45ab-9505-02d48c7927c7 req-bbba37bf-51f4-45ab-9505-02d48c7927c7 ] Request (SecurityGroupsTestJSON:test_server_security_groups): 200 GET http://10.180.1.21/compute/v2.1/servers/386df198-88ca-4909-8131-7d88f0c2b84d 0.208s
2025-02-20 03:37:39.470 63819 INFO tempest.lib.common.rest_client [req-7a65b906-d90e-4a5e-b026-f337783d1dcc req-7a65b906-d90e-4a5e-b026-f337783d1dcc ] Request (ServicesAdminTestJSON:tearDownClass): 204 DELETE http://10.180.1.21:9696/networking/v2.0/security-groups/04baea82-d45c-411d-afbf-60c137d13450 0.126s
2025-02-20 03:37:39.505 63773 INFO tempest.lib.common.rest_client [req-b605d7b8-4ad8-4d39-a0a8-e056b030651f req-b605d7b8-4ad8-4d39-a0a8-e056b030651f ] Request (ServersV294TestFqdnHostnames:setUpClass): 200 GET http://10.180.1.21/compute/v2.1/servers/6833c0a3-8fbd-4d15-b1bb-9a0da078b7ca 0.150s
2025-02-20 03:37:39.546 63787 INFO tempest.lib.common.rest_client [req-0c270d97-1bb9-4117-9d3c-bb340217f39f req-0c270d97-1bb9-4117-9d3c-bb340217f39f ] Request (ServerRescueNegativeTestJSON:setUpClass): 200 GET http://10.180.1.21/compute/v2.1/servers/b55b2a94-6f1e-4442-a946-47fdc92673dc 0.190s
2025-02-20 03:37:39.555 63793 INFO tempest.lib.common.rest_client [req-7acd3262-46af-4e9e-a941-c6a5de6973ae req-7acd3262-46af-4e9e-a941-c6a5de6973ae ] Request (ServerShowV247Test:test_update_rebuild_list_server): 200 GET http://10.180.1.21/compute/v2.1/servers/0fc5eeed-2c67-44ef-abf1-6a97d865a4a5 0.142s
2025-02-20 03:37:39.564 63819 INFO tempest.lib.common.rest_client [req-ff1540f6-20fd-4ef1-8868-fb80cd6f9a2c req-ff1540f6-20fd-4ef1-8868-fb80cd6f9a2c ] Request (ServicesAdminTestJSON:tearDownClass): 204 DELETE http://10.180.1.21/identity/v3/projects/58bd442aa44742e58d1b2450359ae9b9 0.094s
2025-02-20 03:37:39.604 63811 INFO tempest.lib.common.rest_client [req-8927169c-b927-42c1-97ee-661f03467886 req-8927169c-b927-42c1-97ee-661f03467886 ] Request (ServersTestBootFromVolume:tearDownClass): 200 GET http://10.180.1.21/compute/v2.1/servers/75d593d3-56de-42e7-bd65-a4616fa1c5c3 0.102s
2025-02-20 03:37:39.620 63819 INFO tempest.lib.common.rest_client [req-5dfc15c3-79a4-47ad-9f2c-627ee5f02b5c req-5dfc15c3-79a4-47ad-9f2c-627ee5f02b5c ] Request (KeyPairsNegativeTestJSON:setUpClass): 201 POST http://10.180.1.21/identity/v3/auth/tokens 0.054s
2025-02-20 03:37:39.647 63819 INFO tempest.lib.common.rest_client [req-ee4f6e8b-7fd6-40e8-8a0f-f9bcd4c51a03 req-ee4f6e8b-7fd6-40e8-8a0f-f9bcd4c51a03 ] Request (KeyPairsNegativeTestJSON:setUpClass): 201 POST http://10.180.1.21/identity/v3/auth/tokens 0.025s
2025-02-20 03:37:39.670 63819 INFO tempest.lib.common.rest_client [req-bb8f27a1-fbb6-4e1a-a0ff-92c2c1cc9730 req-bb8f27a1-fbb6-4e1a-a0ff-92c2c1cc9730 ] Request (KeyPairsNegativeTestJSON:setUpClass): 200 GET http://10.180.1.21/identity/v3/domains?name=Default 0.023s
2025-02-20 03:37:39.700 63819 INFO tempest.lib.common.rest_client [req-57418f75-6598-4c9e-8f0b-61b66ad7e656 req-57418f75-6598-4c9e-8f0b-61b66ad7e656 ] Request (KeyPairsNegativeTestJSON:setUpClass): 201 POST http://10.180.1.21/identity/v3/projects 0.029s
2025-02-20 03:37:39.709 63783 INFO tempest.lib.common.rest_client [req-3a08216b-8b81-44ed-a341-7a9ebe78da72 req-3a08216b-8b81-44ed-a341-7a9ebe78da72 ] Request (MigrationsAdminTest:test_resize_server_revert_deleted_flavor): 200 GET http://10.180.1.21/compute/v2.1/servers/528f802c-2166-4ad3-9bdc-cb6a53bbebf3 0.057s
2025-02-20 03:37:39.763 63829 INFO tempest.lib.common.rest_client [req-1f0e5288-1c92-4bc6-b56e-b5550e6414bd req-1f0e5288-1c92-4bc6-b56e-b5550e6414bd ] Request (ImagesNegativeTestJSON:test_create_image_from_deleted_server): 200 GET http://10.180.1.21/compute/v2.1/servers/a8db37d2-5843-4839-8db6-e203b727284c 0.053s
2025-02-20 03:37:39.772 63819 INFO tempest.lib.common.rest_client [req-4775e862-35c1-4f8b-9600-0336bbfee9f5 req-4775e862-35c1-4f8b-9600-0336bbfee9f5 ] Request (KeyPairsNegativeTestJSON:setUpClass): 201 POST http://10.180.1.21/identity/v3/users 0.071s
2025-02-20 03:37:39.798 63819 INFO tempest.lib.common.rest_client [req-ee51bcb8-2c89-4f6b-8aff-dde2676e9902 req-ee51bcb8-2c89-4f6b-8aff-dde2676e9902 ] Request (KeyPairsNegativeTestJSON:setUpClass): 200 GET http://10.180.1.21/identity/v3/roles 0.025s
2025-02-20 03:37:39.835 63819 INFO tempest.lib.common.rest_client [req-e1774436-9519-42b4-8f79-e7d3c8bbeec8 req-e1774436-9519-42b4-8f79-e7d3c8bbeec8 ] Request (KeyPairsNegativeTestJSON:setUpClass): 204 PUT http://10.180.1.21/identity/v3/projects/bb3ecc45aeea474b9a1fa4ef98639d1e/users/3eab8575499d4d00949dab947654ea40/roles/4c3a86add97c42bca2cd34155a853183 0.036s
2025-02-20 03:37:39.835 63819 INFO tempest.lib.common.dynamic_creds [-] Dynamic test user 3eab8575499d4d00949dab947654ea40 is created with scope project and roles: ['member']
2025-02-20 03:37:39.835 63819 INFO tempest.lib.common.dynamic_creds [-] Acquired dynamic creds: credentials: Credentials: {'domain_id': 'default', 'domain_name': 'Default', 'username': 'tempest-KeyPairsNegativeTestJSON-1688288050-project-member', 'project_domain_id': 'default', 'project_domain_name': 'Default', 'project_id': 'bb3ecc45aeea474b9a1fa4ef98639d1e', 'project_name': 'tempest-KeyPairsNegativeTestJSON-1688288050', 'tenant_id': 'bb3ecc45aeea474b9a1fa4ef98639d1e', 'tenant_name': 'tempest-KeyPairsNegativeTestJSON-1688288050', 'user_domain_id': 'default', 'user_domain_name': 'Default', 'user_id': '3eab8575499d4d00949dab947654ea40', 'system': None}, Network: None, Subnet: None, Router: None
2025-02-20 03:37:39.836 63819 INFO tempest.lib.common.dynamic_creds [-] Created isolated network resources for: credentials: Credentials: {'domain_id': 'default', 'domain_name': 'Default', 'username': 'tempest-KeyPairsNegativeTestJSON-1688288050-project-member', 'project_domain_id': 'default', 'project_domain_name': 'Default', 'project_id': 'bb3ecc45aeea474b9a1fa4ef98639d1e', 'project_name': 'tempest-KeyPairsNegativeTestJSON-1688288050', 'tenant_id': 'bb3ecc45aeea474b9a1fa4ef98639d1e', 'tenant_name': 'tempest-KeyPairsNegativeTestJSON-1688288050', 'user_domain_id': 'default', 'user_domain_name': 'Default', 'user_id': '3eab8575499d4d00949dab947654ea40', 'system': None}, Network: None, Subnet: None, Router: None
2025-02-20 03:37:39.872 63807 INFO tempest.lib.common.rest_client [req-c3bf939f-75b8-41dc-bf52-fd534b0168bb req-c3bf939f-75b8-41dc-bf52-fd534b0168bb ] Request (ServerPasswordTestJSON:tearDownClass): 200 GET http://10.180.1.21/compute/v2.1/servers/84d98c0f-9049-4e54-8dc2-3412cd5281d8 0.062s
2025-02-20 03:37:39.913 63819 INFO tempest.lib.common.rest_client [req-d2b38028-b847-49c3-a665-9f3a553d3cf9 req-d2b38028-b847-49c3-a665-9f3a553d3cf9 ] Request (KeyPairsNegativeTestJSON:setUpClass): 201 POST http://10.180.1.21/identity/v3/auth/tokens 0.072s
2025-02-20 03:37:39.921 63785 INFO tempest.lib.common.rest_client [req-4dfb9bd4-6598-4faf-a6bc-6a1372d37b0f req-4dfb9bd4-6598-4faf-a6bc-6a1372d37b0f ] Request (ServerExternalEventsTest:test_create_server_external_events): 200 GET http://10.180.1.21/compute/v2.1/servers/4d035215-5bcf-4af2-b42a-6349d15c4060 0.121s
2025-02-20 03:37:39.937 63827 INFO tempest.lib.common.rest_client [req-c5b38e68-16a2-4523-a631-ca70808ec08e req-c5b38e68-16a2-4523-a631-ca70808ec08e ] Request (FloatingIPsAssociationTestJSON:test_associate_already_associated_floating_ip): 200 GET http://10.180.1.21/compute/v2.1/servers/2a395b3b-02a7-4379-b080-2485d09bef01 0.054s
2025-02-20 03:37:39.980 63777 WARNING tempest.lib.common.ssh [-] Failed to establish authenticated ssh connection to cirros@10.180.180.230 ([Errno None] Unable to connect to port 22 on 10.180.180.230). Number attempts: 8. Retry after 9 seconds.: paramiko.ssh_exception.NoValidConnectionsError: [Errno None] Unable to connect to port 22 on 10.180.180.230
2025-02-20 03:37:39.989 63819 INFO tempest.lib.common.rest_client [req-302e99aa-5afc-48b4-9327-8974929de9a9 req-302e99aa-5afc-48b4-9327-8974929de9a9 ] Request (KeyPairsNegativeTestJSON:test_create_keypair_invalid_name): 400 POST http://10.180.1.21/compute/v2.1/os-keypairs 0.073s
2025-02-20 03:37:40.005 63779 INFO tempest.lib.common.rest_client [req-2435c377-c782-488e-9ad1-2e62d20c9350 req-2435c377-c782-488e-9ad1-2e62d20c9350 ] Request (ServersNegativeTestJSON:setUpClass): 200 GET http://10.180.1.21/compute/v2.1/servers/566324d4-75c0-425e-811d-a6b047a2a9d9 0.062s
2025-02-20 03:37:40.027 63819 INFO tempest.lib.common.rest_client [req-17dfdd4c-ae48-4bf9-87a7-4cf819402e36 req-17dfdd4c-ae48-4bf9-87a7-4cf819402e36 ] Request (KeyPairsNegativeTestJSON:test_create_keypair_when_public_key_bits_exceeds_maximum): 400 POST http://10.180.1.21/compute/v2.1/os-keypairs 0.036s
2025-02-20 03:37:40.064 63819 INFO tempest.lib.common.rest_client [req-01356fbb-b5af-4e63-960a-5960a240bb57 req-01356fbb-b5af-4e63-960a-5960a240bb57 ] Request (KeyPairsNegativeTestJSON:test_create_keypair_with_duplicate_name): 200 POST http://10.180.1.21/compute/v2.1/os-keypairs 0.035s
2025-02-20 03:37:40.067 63835 INFO tempest.lib.common.rest_client [req-a8d056bc-8103-484d-b9ed-fb484a904dd4 req-a8d056bc-8103-484d-b9ed-fb484a904dd4 ] Request (ServersTestJSON:setUpClass): 200 GET http://10.180.1.21/compute/v2.1/servers/0b3cc0ac-a0d6-40c9-b1c5-717ed9fce0df 0.058s
2025-02-20 03:37:40.093 63819 INFO tempest.lib.common.rest_client [req-28b531e0-b4cc-48fe-be4d-0d8d5b787855 req-28b531e0-b4cc-48fe-be4d-0d8d5b787855 ] Request (KeyPairsNegativeTestJSON:test_create_keypair_with_duplicate_name): 409 POST http://10.180.1.21/compute/v2.1/os-keypairs 0.027s
2025-02-20 03:37:40.108 63819 INFO tempest.lib.common.rest_client [req-075ec3e1-0f75-440f-925f-32da4ada3070 req-075ec3e1-0f75-440f-925f-32da4ada3070 ] Request (KeyPairsNegativeTestJSON:test_create_keypair_with_duplicate_name): 202 DELETE http://10.180.1.21/compute/v2.1/os-keypairs/tempest-keypair-1827193307 0.014s
2025-02-20 03:37:40.112 63805 INFO tempest.lib.common.rest_client [req-1a328e3f-7642-4583-8a22-4689aefe2c60 req-1a328e3f-7642-4583-8a22-4689aefe2c60 ] Request (ServersAdminTestJSON:test_create_server_with_scheduling_hint): 200 GET http://10.180.1.21/compute/v2.1/servers/1167dfbd-8fab-4f8d-9f46-f3c55db69e5e 0.052s
2025-02-20 03:37:40.117 63819 INFO tempest.lib.common.rest_client [req-ca3d6021-8532-4080-b858-dfdca1aaef0a req-ca3d6021-8532-4080-b858-dfdca1aaef0a ] Request (KeyPairsNegativeTestJSON:test_create_keypair_with_empty_name_string): 400 POST http://10.180.1.21/compute/v2.1/os-keypairs 0.006s
2025-02-20 03:37:40.161 63819 INFO tempest.lib.common.rest_client [req-37babd51-c10b-4267-948e-5e872e712938 req-37babd51-c10b-4267-948e-5e872e712938 ] Request (KeyPairsNegativeTestJSON:test_create_keypair_with_empty_public_key): 400 POST http://10.180.1.21/compute/v2.1/os-keypairs 0.043s
2025-02-20 03:37:40.203 63789 INFO tempest.lib.common.rest_client [req-a9fb2b9b-46b7-4154-bb64-f254ca024666 req-a9fb2b9b-46b7-4154-bb64-f254ca024666 ] Request (ListImageFiltersTestJSON:setUpClass): 200 GET http://10.180.1.21/compute/v2.1/servers/08850916-b1c8-4924-a028-db8903ec8697 0.093s
2025-02-20 03:37:40.212 63815 INFO tempest.lib.common.rest_client [req-79f6edae-907a-4212-a16c-c383bfc5017a req-79f6edae-907a-4212-a16c-c383bfc5017a ] Request (MultipleCreateTestJSON:test_multiple_create_with_reservation_return): 200 GET http://10.180.1.21/compute/v2.1/servers/c3363ca3-22b7-4f9d-8550-372f8fe9ebe7 0.088s
2025-02-20 03:37:40.211 63819 INFO tempest.lib.common.rest_client [req-f75a3290-2f78-4b52-8e95-88565cb4b859 req-f75a3290-2f78-4b52-8e95-88565cb4b859 ] Request (KeyPairsNegativeTestJSON:test_create_keypair_with_long_keynames): 400 POST http://10.180.1.21/compute/v2.1/os-keypairs 0.048s
2025-02-20 03:37:40.222 63801 INFO tempest.lib.common.rest_client [req-febc0538-8eba-4e22-9c1c-0ff9bb6b339f req-febc0538-8eba-4e22-9c1c-0ff9bb6b339f ] Request (VolumesAdminNegativeTest:test_update_attached_volume_with_nonexistent_volume_in_body): 200 GET http://10.180.1.21/volume/v3/volumes/eda644f1-390d-45ac-bf9f-dd620d9364ae 0.027s
2025-02-20 03:37:40.263 63813 INFO tempest.lib.common.rest_client [req-a31dbadb-e498-4a11-b973-4a00e1820d4c req-a31dbadb-e498-4a11-b973-4a00e1820d4c ] Request (FloatingIPsAssociationNegativeTestJSON:setUpClass): 200 GET http://10.180.1.21/compute/v2.1/servers/0dbf3213-c4ac-4ba7-98f6-27a9862c8276 0.076s
2025-02-20 03:37:40.276 63831 INFO tempest.lib.common.rest_client [req-f81b62a7-ddc8-47a9-bfb4-a469bc065c3e req-f81b62a7-ddc8-47a9-bfb4-a469bc065c3e ] Request (ServersTestJSON:_run_cleanups): 200 GET http://10.180.1.21/compute/v2.1/servers/67af9e44-3811-4d65-9ca4-c179b5d52406 0.090s
2025-02-20 03:37:40.294 63819 INFO tempest.lib.common.rest_client [req-ecb9834f-51ac-4bf5-b36d-430ce8fd1e2f req-ecb9834f-51ac-4bf5-b36d-430ce8fd1e2f ] Request (KeyPairsNegativeTestJSON:test_keypair_create_with_invalid_pub_key): 400 POST http://10.180.1.21/compute/v2.1/os-keypairs 0.081s
2025-02-20 03:37:40.308 63819 INFO tempest.lib.common.rest_client [req-9452cc9c-bc4a-4338-bbcb-25c0b4606b58 req-9452cc9c-bc4a-4338-bbcb-25c0b4606b58 ] Request (KeyPairsNegativeTestJSON:test_keypair_delete_nonexistent_key): 404 DELETE http://10.180.1.21/compute/v2.1/os-keypairs/tempest-keypair-non-existent-1193759021 0.013s
2025-02-20 03:37:40.323 63809 INFO tempest.lib.common.rest_client [req-60057835-e192-4a5d-9084-51738ceaf47a req-60057835-e192-4a5d-9084-51738ceaf47a ] Request (ServerDiskConfigTestJSON:test_resize_server_from_auto_to_manual): 200 GET http://10.180.1.21/compute/v2.1/servers/c3e435bc-8ac2-446b-aadd-cea9397cdc8d 0.077s
2025-02-20 03:37:40.329 63803 INFO tempest.lib.common.rest_client [req-97ef92e8-5fe3-4484-9ac3-a134ee71a21f req-97ef92e8-5fe3-4484-9ac3-a134ee71a21f ] Request (VolumesAssistedSnapshotsTest:_run_cleanups): 200 GET http://10.180.1.21/volume/v3/volumes/77cc73ec-a88c-4d1b-a754-fb2989c49e9a 0.025s
2025-02-20 03:37:40.411 63819 INFO tempest.lib.common.rest_client [req-f0903058-2423-4fcc-9789-dc3750c71679 req-f0903058-2423-4fcc-9789-dc3750c71679 ] Request (KeyPairsNegativeTestJSON:tearDownClass): 204 DELETE http://10.180.1.21/identity/v3/users/3eab8575499d4d00949dab947654ea40 0.097s
2025-02-20 03:37:40.411 63819 INFO tempest.lib.common.dynamic_creds [-] Deleting project and security group for project: bb3ecc45aeea474b9a1fa4ef98639d1e
2025-02-20 03:37:40.438 63795 INFO tempest.lib.common.rest_client [req-4ed6c76f-4515-487b-ba26-e8795a76f544 req-4ed6c76f-4515-487b-ba26-e8795a76f544 ] Request (ImagesTestJSON:test_create_image_from_suspended_server): 200 GET http://10.180.1.21/compute/v2.1/servers/9d7fa19c-74c4-45d3-a02a-605d47798726 0.092s
2025-02-20 03:37:40.446 63795 INFO tempest.common.waiters [-] State transition "ACTIVE/suspending" ==> "SUSPENDED/None" after 2 second wait
2025-02-20 03:37:40.465 63825 INFO tempest.lib.common.rest_client [req-1f529847-fc5d-4a26-8b84-e1aa5bc9ca1c req-1f529847-fc5d-4a26-8b84-e1aa5bc9ca1c ] Request (ListServerFiltersTestJSON:setUpClass): 200 GET http://10.180.1.21/compute/v2.1/servers/93f3657a-4a6e-41f8-82c2-0fca562de390 0.056s
2025-02-20 03:37:40.470 63819 INFO tempest.lib.common.rest_client [req-14494312-1f90-4a09-815d-f342533b4fcd req-14494312-1f90-4a09-815d-f342533b4fcd ] Request (KeyPairsNegativeTestJSON:tearDownClass): 201 POST http://10.180.1.21/identity/v3/auth/tokens 0.059s
2025-02-20 03:37:40.578 63797 INFO tempest.lib.common.rest_client [req-a3caa5b5-567b-4ff1-86e3-18ebd58e6b21 req-a3caa5b5-567b-4ff1-86e3-18ebd58e6b21 ] Request (ServersNegativeTestMultiTenantJSON:setUpClass): 200 GET http://10.180.1.21/compute/v2.1/servers/a7ba1234-3d05-4ba5-b399-071a0bf16b59 0.129s
2025-02-20 03:37:40.630 63791 INFO tempest.lib.common.rest_client [req-57939c01-3247-4f88-b0ac-21d7801fea36 req-57939c01-3247-4f88-b0ac-21d7801fea36 ] Request (SecurityGroupsTestJSON:test_server_security_groups): 200 GET http://10.180.1.21/compute/v2.1/servers/386df198-88ca-4909-8131-7d88f0c2b84d 0.168s
2025-02-20 03:37:40.655 63819 INFO tempest.lib.common.rest_client [req-ab76d905-1919-4c39-b0a5-c7d3ab08afcd req-ab76d905-1919-4c39-b0a5-c7d3ab08afcd ] Request (KeyPairsNegativeTestJSON:tearDownClass): 200 GET http://10.180.1.21:9696/networking/v2.0/security-groups?tenant_id=bb3ecc45aeea474b9a1fa4ef98639d1e&name=default 0.185s
2025-02-20 03:37:40.687 63773 INFO tempest.lib.common.rest_client [req-398d2a24-ab25-4099-a567-f0d159fce8b1 req-398d2a24-ab25-4099-a567-f0d159fce8b1 ] Request (ServersV294TestFqdnHostnames:setUpClass): 200 GET http://10.180.1.21/compute/v2.1/servers/6833c0a3-8fbd-4d15-b1bb-9a0da078b7ca 0.169s
2025-02-20 03:37:40.777 63819 INFO tempest.lib.common.rest_client [req-160fe8e4-983e-4600-b035-9b69fa0f3c93 req-160fe8e4-983e-4600-b035-9b69fa0f3c93 ] Request (KeyPairsNegativeTestJSON:tearDownClass): 204 DELETE http://10.180.1.21:9696/networking/v2.0/security-groups/827aa98f-07b7-456e-aa2f-37658efc22b3 0.121s
2025-02-20 03:37:40.869 63787 INFO tempest.lib.common.rest_client [req-9d264e22-3b1e-42ad-a30e-d747b5035c70 req-9d264e22-3b1e-42ad-a30e-d747b5035c70 ] Request (ServerRescueNegativeTestJSON:setUpClass): 200 GET http://10.180.1.21/compute/v2.1/servers/b55b2a94-6f1e-4442-a946-47fdc92673dc 0.315s
2025-02-20 03:37:40.878 63787 INFO tempest.common.waiters [-] State transition "ACTIVE/rescuing" ==> "RESCUE/None" after 8 second wait
2025-02-20 03:37:40.899 63819 INFO tempest.lib.common.rest_client [req-c32dcaaf-f543-4164-9eaf-23a0e2aa648d req-c32dcaaf-f543-4164-9eaf-23a0e2aa648d ] Request (KeyPairsNegativeTestJSON:tearDownClass): 204 DELETE http://10.180.1.21/identity/v3/projects/bb3ecc45aeea474b9a1fa4ef98639d1e 0.121s
2025-02-20 03:37:40.918 63795 INFO tempest.lib.common.rest_client [req-1cd5df45-2f4d-443a-bc44-699d73ea1861 req-1cd5df45-2f4d-443a-bc44-699d73ea1861 ] Request (ImagesTestJSON:test_create_image_from_suspended_server): 202 POST http://10.180.1.21/compute/v2.1/servers/9d7fa19c-74c4-45d3-a02a-605d47798726/action 0.472s
2025-02-20 03:37:40.939 63793 INFO tempest.lib.common.rest_client [req-70dcf6be-4ef6-43a1-9c0a-829ec29c4efd req-70dcf6be-4ef6-43a1-9c0a-829ec29c4efd ] Request (ServerShowV247Test:test_update_rebuild_list_server): 200 GET http://10.180.1.21/compute/v2.1/servers/0fc5eeed-2c67-44ef-abf1-6a97d865a4a5 0.373s
2025-02-20 03:37:41.008 63811 INFO tempest.lib.common.rest_client [req-57fa0902-fc7a-48dd-91ca-e47ad32f1fc0 req-57fa0902-fc7a-48dd-91ca-e47ad32f1fc0 ] Request (ServersTestBootFromVolume:tearDownClass): 200 GET http://10.180.1.21/compute/v2.1/servers/75d593d3-56de-42e7-bd65-a4616fa1c5c3 0.397s
2025-02-20 03:37:41.008 63783 INFO tempest.lib.common.rest_client [req-56cc0663-0b53-4aa5-a820-6a053f312630 req-56cc0663-0b53-4aa5-a820-6a053f312630 ] Request (MigrationsAdminTest:test_resize_server_revert_deleted_flavor): 200 GET http://10.180.1.21/compute/v2.1/servers/528f802c-2166-4ad3-9bdc-cb6a53bbebf3 0.292s
2025-02-20 03:37:41.071 63829 INFO tempest.lib.common.rest_client [req-7a51c045-6bdb-45f0-850c-b11033f071ce req-7a51c045-6bdb-45f0-850c-b11033f071ce ] Request (ImagesNegativeTestJSON:test_create_image_from_deleted_server): 200 GET http://10.180.1.21/compute/v2.1/servers/a8db37d2-5843-4839-8db6-e203b727284c 0.299s
2025-02-20 03:37:41.108 63787 INFO tempest.lib.common.rest_client [req-e98a6de2-7dc5-4250-9508-ef45f2cfbe81 req-e98a6de2-7dc5-4250-9508-ef45f2cfbe81 ] Request (ServerRescueNegativeTestJSON:setUpClass): 200 GET http://10.180.1.21/compute/v2.1/servers/4ab58f55-a02f-497f-aed7-7729edf196d0 0.229s
2025-02-20 03:37:41.139 63795 INFO tempest.lib.common.rest_client [req-2af1fb41-b727-4a92-aa43-d7aa33dddcac req-2af1fb41-b727-4a92-aa43-d7aa33dddcac ] Request (ImagesTestJSON:test_create_image_from_suspended_server): 200 GET http://10.180.1.21/compute/v2.1/images/133bb840-d96b-428c-936a-3953158fffcf 0.218s
2025-02-20 03:37:41.150 63807 INFO tempest.lib.common.rest_client [req-7cf8b0ea-775f-47a3-b194-400ac3679907 req-7cf8b0ea-775f-47a3-b194-400ac3679907 ] Request (ServerPasswordTestJSON:tearDownClass): 200 GET http://10.180.1.21/compute/v2.1/servers/84d98c0f-9049-4e54-8dc2-3412cd5281d8 0.269s
2025-02-20 03:37:41.202 63827 INFO tempest.lib.common.rest_client [req-b32ad996-1e9c-4e9b-8982-7fefbf9e4699 req-b32ad996-1e9c-4e9b-8982-7fefbf9e4699 ] Request (FloatingIPsAssociationTestJSON:test_associate_already_associated_floating_ip): 200 GET http://10.180.1.21/compute/v2.1/servers/2a395b3b-02a7-4379-b080-2485d09bef01 0.254s
2025-02-20 03:37:41.234 63785 INFO tempest.lib.common.rest_client [req-df82a9c8-e286-4f25-af2f-0afdbf691b85 req-df82a9c8-e286-4f25-af2f-0afdbf691b85 ] Request (ServerExternalEventsTest:test_create_server_external_events): 200 GET http://10.180.1.21/compute/v2.1/servers/4d035215-5bcf-4af2-b42a-6349d15c4060 0.304s
2025-02-20 03:37:41.253 63779 INFO tempest.lib.common.rest_client [req-e257ea99-c049-4db9-aab0-b4e709480d4d req-e257ea99-c049-4db9-aab0-b4e709480d4d ] Request (ServersNegativeTestJSON:setUpClass): 200 GET http://10.180.1.21/compute/v2.1/servers/566324d4-75c0-425e-811d-a6b047a2a9d9 0.240s
2025-02-20 03:37:41.263 63801 INFO tempest.lib.common.rest_client [req-4549a59f-eef8-473a-b32b-48b84ec17675 req-4549a59f-eef8-473a-b32b-48b84ec17675 ] Request (VolumesAdminNegativeTest:test_update_attached_volume_with_nonexistent_volume_in_body): 200 GET http://10.180.1.21/volume/v3/volumes/eda644f1-390d-45ac-bf9f-dd620d9364ae 0.034s
2025-02-20 03:37:41.265 63787 INFO tempest.lib.common.rest_client [req-f129d139-f4cc-4dd4-87a7-2b83dfab1794 req-f129d139-f4cc-4dd4-87a7-2b83dfab1794 ] Request (ServerRescueNegativeTestJSON:test_rescue_non_existent_server): 404 POST http://10.180.1.21/compute/v2.1/servers/4a37c120-5100-4f8f-9de1-cdcb31e15c02/action 0.146s
2025-02-20 03:37:41.302 63835 INFO tempest.lib.common.rest_client [req-e9e62e3d-d660-48d1-a035-9351883c9085 req-e9e62e3d-d660-48d1-a035-9351883c9085 ] Request (ServersTestJSON:setUpClass): 200 GET http://10.180.1.21/compute/v2.1/servers/0b3cc0ac-a0d6-40c9-b1c5-717ed9fce0df 0.227s
2025-02-20 03:37:41.360 63803 INFO tempest.lib.common.rest_client [req-c0f70a0a-3351-41e6-b6bd-0a5cea226dd6 req-c0f70a0a-3351-41e6-b6bd-0a5cea226dd6 ] Request (VolumesAssistedSnapshotsTest:_run_cleanups): 404 GET http://10.180.1.21/volume/v3/volumes/77cc73ec-a88c-4d1b-a754-fb2989c49e9a 0.024s
2025-02-20 03:37:41.415 63789 INFO tempest.lib.common.rest_client [req-eb471ed3-e166-4b06-ba30-4ad402ff0045 req-eb471ed3-e166-4b06-ba30-4ad402ff0045 ] Request (ListImageFiltersTestJSON:setUpClass): 200 GET http://10.180.1.21/compute/v2.1/servers/08850916-b1c8-4924-a028-db8903ec8697 0.202s
2025-02-20 03:37:41.426 63787 INFO tempest.lib.common.rest_client [req-607dc854-64bc-4977-84e5-4fdd3ee953ea req-607dc854-64bc-4977-84e5-4fdd3ee953ea ] Request (ServerRescueNegativeTestJSON:test_rescued_vm_attach_volume): 202 POST http://10.180.1.21/volume/v3/volumes 0.160s
2025-02-20 03:37:41.450 63805 INFO tempest.lib.common.rest_client [req-53be6f61-3d6e-4ba6-a84b-a9abdfbbe8a7 req-53be6f61-3d6e-4ba6-a84b-a9abdfbbe8a7 ] Request (ServersAdminTestJSON:test_create_server_with_scheduling_hint): 200 GET http://10.180.1.21/compute/v2.1/servers/1167dfbd-8fab-4f8d-9f46-f3c55db69e5e 0.331s
2025-02-20 03:37:41.459 63805 INFO tempest.common.waiters [-] State transition "BUILD/None" ==> "BUILD/networking" after 83 second wait
2025-02-20 03:37:41.473 63787 INFO tempest.lib.common.rest_client [req-f97b906a-82c8-44b2-8ef0-fb843c76a972 req-f97b906a-82c8-44b2-8ef0-fb843c76a972 ] Request (ServerRescueNegativeTestJSON:test_rescued_vm_attach_volume): 200 GET http://10.180.1.21/volume/v3/volumes/63c6c997-3d23-45a2-b4a9-707dd57b0e36 0.040s
2025-02-20 03:37:41.482 63815 INFO tempest.lib.common.rest_client [req-6032f66a-0681-424e-b61a-315cace75fb0 req-6032f66a-0681-424e-b61a-315cace75fb0 ] Request (MultipleCreateTestJSON:test_multiple_create_with_reservation_return): 200 GET http://10.180.1.21/compute/v2.1/servers/c3363ca3-22b7-4f9d-8550-372f8fe9ebe7 0.260s
2025-02-20 03:37:41.529 63813 INFO tempest.lib.common.rest_client [req-6a5ace78-77fb-40fd-8c12-c15b49c3c061 req-6a5ace78-77fb-40fd-8c12-c15b49c3c061 ] Request (FloatingIPsAssociationNegativeTestJSON:setUpClass): 200 GET http://10.180.1.21/compute/v2.1/servers/0dbf3213-c4ac-4ba7-98f6-27a9862c8276 0.258s
2025-02-20 03:37:41.569 63831 INFO tempest.lib.common.rest_client [req-95d65616-fbed-4fb2-a21f-7fd830533a7d req-95d65616-fbed-4fb2-a21f-7fd830533a7d ] Request (ServersTestJSON:_run_cleanups): 200 GET http://10.180.1.21/compute/v2.1/servers/67af9e44-3811-4d65-9ca4-c179b5d52406 0.281s
2025-02-20 03:37:41.649 63803 INFO tempest.lib.common.rest_client [req-b5cf5c8c-7604-49aa-9ede-b966adae886e req-b5cf5c8c-7604-49aa-9ede-b966adae886e ] Request (VolumesAssistedSnapshotsTest:tearDownClass): 204 DELETE http://10.180.1.21/compute/v2.1/servers/5c7098ea-9a5a-4efc-87b7-793667f871d2 0.283s
2025-02-20 03:37:41.701 63825 INFO tempest.lib.common.rest_client [req-ce2a0dda-a05f-44f5-a024-d536457e3f7e req-ce2a0dda-a05f-44f5-a024-d536457e3f7e ] Request (ListServerFiltersTestJSON:setUpClass): 200 GET http://10.180.1.21/compute/v2.1/servers/93f3657a-4a6e-41f8-82c2-0fca562de390 0.223s
2025-02-20 03:37:41.799 63809 INFO tempest.lib.common.rest_client [req-5fed7282-ef79-4a7f-8e06-647da59e92cd req-5fed7282-ef79-4a7f-8e06-647da59e92cd ] Request (ServerDiskConfigTestJSON:test_resize_server_from_auto_to_manual): 200 GET http://10.180.1.21/compute/v2.1/servers/c3e435bc-8ac2-446b-aadd-cea9397cdc8d 0.465s
2025-02-20 03:37:41.814 63797 INFO tempest.lib.common.rest_client [req-3bac188c-bbe0-459b-b142-69959be747ae req-3bac188c-bbe0-459b-b142-69959be747ae ] Request (ServersNegativeTestMultiTenantJSON:setUpClass): 200 GET http://10.180.1.21/compute/v2.1/servers/a7ba1234-3d05-4ba5-b399-071a0bf16b59 0.229s
2025-02-20 03:37:41.879 63791 INFO tempest.lib.common.rest_client [req-e0850cb8-bcfd-4c45-b675-1023bf83c13d req-e0850cb8-bcfd-4c45-b675-1023bf83c13d ] Request (SecurityGroupsTestJSON:test_server_security_groups): 200 GET http://10.180.1.21/compute/v2.1/servers/386df198-88ca-4909-8131-7d88f0c2b84d 0.239s
2025-02-20 03:37:41.942 63773 INFO tempest.lib.common.rest_client [req-ade58711-e8df-42f1-855c-7bea9df82fa6 req-ade58711-e8df-42f1-855c-7bea9df82fa6 ] Request (ServersV294TestFqdnHostnames:setUpClass): 200 GET http://10.180.1.21/compute/v2.1/servers/6833c0a3-8fbd-4d15-b1bb-9a0da078b7ca 0.244s
2025-02-20 03:37:42.010 63793 INFO tempest.lib.common.rest_client [req-807b4295-5837-40a6-a6a7-d0f01322cda2 req-807b4295-5837-40a6-a6a7-d0f01322cda2 ] Request (ServerShowV247Test:test_update_rebuild_list_server): 200 GET http://10.180.1.21/compute/v2.1/servers/0fc5eeed-2c67-44ef-abf1-6a97d865a4a5 0.061s
2025-02-20 03:37:42.070 63783 INFO tempest.lib.common.rest_client [req-a4d609f8-b989-40a8-89db-94aefb588fc2 req-a4d609f8-b989-40a8-89db-94aefb588fc2 ] Request (MigrationsAdminTest:test_resize_server_revert_deleted_flavor): 200 GET http://10.180.1.21/compute/v2.1/servers/528f802c-2166-4ad3-9bdc-cb6a53bbebf3 0.052s
2025-02-20 03:37:42.076 63781 WARNING tempest.lib.common.ssh [-] Failed to establish authenticated ssh connection to cirros@10.180.180.159 ([Errno None] Unable to connect to port 22 on 10.180.180.159). Number attempts: 1. Retry after 2 seconds.: paramiko.ssh_exception.NoValidConnectionsError: [Errno None] Unable to connect to port 22 on 10.180.180.159
2025-02-20 03:37:42.124 63811 INFO tempest.lib.common.rest_client [req-8bfcc428-92ca-4668-a89d-beb5e3c5dd7e req-8bfcc428-92ca-4668-a89d-beb5e3c5dd7e ] Request (ServersTestBootFromVolume:tearDownClass): 200 GET http://10.180.1.21/compute/v2.1/servers/75d593d3-56de-42e7-bd65-a4616fa1c5c3 0.103s
2025-02-20 03:37:42.172 63803 INFO tempest.lib.common.rest_client [req-5eaed394-0679-4ccc-b78c-bd7eb129f511 req-5eaed394-0679-4ccc-b78c-bd7eb129f511 ] Request (VolumesAssistedSnapshotsTest:tearDownClass): 200 GET http://10.180.1.21/compute/v2.1/servers/5c7098ea-9a5a-4efc-87b7-793667f871d2 0.522s
2025-02-20 03:37:42.173 63829 INFO tempest.lib.common.rest_client [req-6e39900b-4933-4b20-8f47-416aedb29931 req-6e39900b-4933-4b20-8f47-416aedb29931 ] Request (ImagesNegativeTestJSON:test_create_image_from_deleted_server): 200 GET http://10.180.1.21/compute/v2.1/servers/a8db37d2-5843-4839-8db6-e203b727284c 0.094s
2025-02-20 03:37:42.207 63795 INFO tempest.lib.common.rest_client [req-ec7a4154-025b-4f2c-91c4-3baa0ceb180c req-ec7a4154-025b-4f2c-91c4-3baa0ceb180c ] Request (ImagesTestJSON:test_create_image_from_suspended_server): 200 GET http://10.180.1.21/compute/v2.1/images/133bb840-d96b-428c-936a-3953158fffcf 0.065s
2025-02-20 03:37:42.260 63807 INFO tempest.lib.common.rest_client [req-5d034b14-95c5-483d-93e9-c1e24dd258a0 req-5d034b14-95c5-483d-93e9-c1e24dd258a0 ] Request (ServerPasswordTestJSON:tearDownClass): 200 GET http://10.180.1.21/compute/v2.1/servers/84d98c0f-9049-4e54-8dc2-3412cd5281d8 0.102s
2025-02-20 03:37:42.261 63827 INFO tempest.lib.common.rest_client [req-2ecb2bda-e0f8-4da4-8042-b4c47ad2690c req-2ecb2bda-e0f8-4da4-8042-b4c47ad2690c ] Request (FloatingIPsAssociationTestJSON:test_associate_already_associated_floating_ip): 200 GET http://10.180.1.21/compute/v2.1/servers/2a395b3b-02a7-4379-b080-2485d09bef01 0.048s
2025-02-20 03:37:42.302 63801 INFO tempest.lib.common.rest_client [req-15e692a1-ab9b-4025-bc44-daccc79fc188 req-15e692a1-ab9b-4025-bc44-daccc79fc188 ] Request (VolumesAdminNegativeTest:test_update_attached_volume_with_nonexistent_volume_in_body): 200 GET http://10.180.1.21/volume/v3/volumes/eda644f1-390d-45ac-bf9f-dd620d9364ae 0.028s
2025-02-20 03:37:42.310 63801 INFO tempest.common.waiters [-] Attachment 19e45f21-99d5-4307-ab67-bd2905aa58f1 created for volume eda644f1-390d-45ac-bf9f-dd620d9364ae to server 7723b9ca-51aa-4b9b-ba33-8682435d3837 after waiting for 10.310360 seconds
2025-02-20 03:37:42.310 63779 INFO tempest.lib.common.rest_client [req-99aa3f9c-17d7-4d06-8b45-290d55e0352a req-99aa3f9c-17d7-4d06-8b45-290d55e0352a ] Request (ServersNegativeTestJSON:setUpClass): 200 GET http://10.180.1.21/compute/v2.1/servers/566324d4-75c0-425e-811d-a6b047a2a9d9 0.049s
2025-02-20 03:37:42.334 63801 INFO tempest.lib.common.rest_client [req-40f38959-582f-450b-a3c0-b5b8d29af591 req-40f38959-582f-450b-a3c0-b5b8d29af591 ] Request (VolumesAdminNegativeTest:test_update_attached_volume_with_nonexistent_volume_in_body): 200 GET http://10.180.1.21/volume/v3/volumes/eda644f1-390d-45ac-bf9f-dd620d9364ae 0.024s
2025-02-20 03:37:42.341 63801 INFO tempest.common.waiters [-] volume eda644f1-390d-45ac-bf9f-dd620d9364ae reached in-use after waiting for 0.341244 seconds
2025-02-20 03:37:42.347 63785 INFO tempest.lib.common.rest_client [req-0c92f729-f6be-4503-ac56-d9641df1c98a req-0c92f729-f6be-4503-ac56-d9641df1c98a ] Request (ServerExternalEventsTest:test_create_server_external_events): 200 GET http://10.180.1.21/compute/v2.1/servers/4d035215-5bcf-4af2-b42a-6349d15c4060 0.097s
2025-02-20 03:37:42.357 63835 INFO tempest.lib.common.rest_client [req-bda56035-1239-4518-9824-1d4a534c2f8b req-bda56035-1239-4518-9824-1d4a534c2f8b ] Request (ServersTestJSON:setUpClass): 200 GET http://10.180.1.21/compute/v2.1/servers/0b3cc0ac-a0d6-40c9-b1c5-717ed9fce0df 0.048s
2025-02-20 03:37:42.512 63787 INFO tempest.lib.common.rest_client [req-89e4b24b-4591-4b3f-9cbb-6fb1dece7a85 req-89e4b24b-4591-4b3f-9cbb-6fb1dece7a85 ] Request (ServerRescueNegativeTestJSON:test_rescued_vm_attach_volume): 200 GET http://10.180.1.21/volume/v3/volumes/63c6c997-3d23-45a2-b4a9-707dd57b0e36 0.026s
2025-02-20 03:37:42.519 63787 INFO tempest.common.waiters [-] volume 63c6c997-3d23-45a2-b4a9-707dd57b0e36 reached available after waiting for 1.519636 seconds
2025-02-20 03:37:42.537 63801 INFO tempest.lib.common.rest_client [req-17341fd4-1933-46e7-b720-f4a9830e22ac req-17341fd4-1933-46e7-b720-f4a9830e22ac ] Request (VolumesAdminNegativeTest:test_update_attached_volume_with_nonexistent_volume_in_body): 400 PUT http://10.180.1.21/compute/v2.1/servers/7723b9ca-51aa-4b9b-ba33-8682435d3837/os-volume_attachments/eda644f1-390d-45ac-bf9f-dd620d9364ae 0.196s
2025-02-20 03:37:42.556 63789 INFO tempest.lib.common.rest_client [req-18191376-866a-4ec2-8b85-4323155dc856 req-18191376-866a-4ec2-8b85-4323155dc856 ] Request (ListImageFiltersTestJSON:setUpClass): 200 GET http://10.180.1.21/compute/v2.1/servers/08850916-b1c8-4924-a028-db8903ec8697 0.126s
2025-02-20 03:37:42.568 63801 INFO tempest.lib.common.rest_client [req-5aef719d-c251-4582-a093-d5e6244e72bd req-5aef719d-c251-4582-a093-d5e6244e72bd ] Request (VolumesAdminNegativeTest:_run_cleanups): 200 GET http://10.180.1.21/volume/v3/volumes/eda644f1-390d-45ac-bf9f-dd620d9364ae 0.030s
2025-02-20 03:37:42.611 63815 INFO tempest.lib.common.rest_client [req-bd8d5aa5-8120-4a00-8e06-2ae54b3ef401 req-bd8d5aa5-8120-4a00-8e06-2ae54b3ef401 ] Request (MultipleCreateTestJSON:test_multiple_create_with_reservation_return): 200 GET http://10.180.1.21/compute/v2.1/servers/c3363ca3-22b7-4f9d-8550-372f8fe9ebe7 0.110s
2025-02-20 03:37:42.662 63805 INFO tempest.lib.common.rest_client [req-5834f6c2-c41c-4607-846a-98b09639be05 req-5834f6c2-c41c-4607-846a-98b09639be05 ] Request (ServersAdminTestJSON:test_create_server_with_scheduling_hint): 200 GET http://10.180.1.21/compute/v2.1/servers/1167dfbd-8fab-4f8d-9f46-f3c55db69e5e 0.202s
2025-02-20 03:37:42.670 63805 INFO tempest.common.waiters [-] State transition "BUILD/networking" ==> "BUILD/spawning" after 84 second wait
2025-02-20 03:37:42.679 63787 INFO tempest.lib.common.rest_client [req-45787a8f-7e08-4f58-8554-f97c5364f7b6 req-45787a8f-7e08-4f58-8554-f97c5364f7b6 ] Request (ServerRescueNegativeTestJSON:test_rescued_vm_attach_volume): 200 POST http://10.180.1.21/compute/v2.1/servers/4ab58f55-a02f-497f-aed7-7729edf196d0/action 0.159s
2025-02-20 03:37:42.716 63813 INFO tempest.lib.common.rest_client [req-97d2a6b7-bdfe-4eca-ae45-64444efc69ab req-97d2a6b7-bdfe-4eca-ae45-64444efc69ab ] Request (FloatingIPsAssociationNegativeTestJSON:setUpClass): 200 GET http://10.180.1.21/compute/v2.1/servers/0dbf3213-c4ac-4ba7-98f6-27a9862c8276 0.176s
2025-02-20 03:37:42.800 63831 INFO tempest.lib.common.rest_client [req-3420fecb-607a-471f-8a7d-33286be9cde9 req-3420fecb-607a-471f-8a7d-33286be9cde9 ] Request (ServersTestJSON:_run_cleanups): 200 GET http://10.180.1.21/compute/v2.1/servers/67af9e44-3811-4d65-9ca4-c179b5d52406 0.223s
2025-02-20 03:37:42.850 63801 INFO tempest.lib.common.rest_client [req-fdd2b2b3-dc2f-442d-9328-f4f93dc909ac req-fdd2b2b3-dc2f-442d-9328-f4f93dc909ac ] Request (VolumesAdminNegativeTest:_run_cleanups): 202 DELETE http://10.180.1.21/compute/v2.1/servers/7723b9ca-51aa-4b9b-ba33-8682435d3837/os-volume_attachments/eda644f1-390d-45ac-bf9f-dd620d9364ae 0.274s
2025-02-20 03:37:42.912 63825 INFO tempest.lib.common.rest_client [req-67cc802f-43cf-4176-8434-058ce4fb8a1f req-67cc802f-43cf-4176-8434-058ce4fb8a1f ] Request (ListServerFiltersTestJSON:setUpClass): 200 GET http://10.180.1.21/compute/v2.1/servers/93f3657a-4a6e-41f8-82c2-0fca562de390 0.204s
2025-02-20 03:37:42.944 63787 INFO tempest.lib.common.rest_client [req-d22f8a6f-bf50-4e1b-abcf-fea710b434fd req-d22f8a6f-bf50-4e1b-abcf-fea710b434fd ] Request (ServerRescueNegativeTestJSON:test_rescued_vm_attach_volume): 200 GET http://10.180.1.21/compute/v2.1/servers/4ab58f55-a02f-497f-aed7-7729edf196d0 0.264s
2025-02-20 03:37:42.964 63809 INFO tempest.lib.common.rest_client [req-ee51734f-830f-4dc9-a909-90ba173b2e0a req-ee51734f-830f-4dc9-a909-90ba173b2e0a ] Request (ServerDiskConfigTestJSON:test_resize_server_from_auto_to_manual): 200 GET http://10.180.1.21/compute/v2.1/servers/c3e435bc-8ac2-446b-aadd-cea9397cdc8d 0.152s
2025-02-20 03:37:42.995 63801 INFO tempest.lib.common.rest_client [req-58c98c4d-bb5e-4df3-aaec-f6e7022fce8d req-58c98c4d-bb5e-4df3-aaec-f6e7022fce8d ] Request (VolumesAdminNegativeTest:_run_cleanups): 200 GET http://10.180.1.21/compute/v2.1/servers/7723b9ca-51aa-4b9b-ba33-8682435d3837/os-volume_attachments 0.144s
2025-02-20 03:37:43.051 63791 INFO tempest.lib.common.rest_client [req-e6655ca5-36fc-46c5-9720-801f3f42739c req-e6655ca5-36fc-46c5-9720-801f3f42739c ] Request (SecurityGroupsTestJSON:test_server_security_groups): 200 GET http://10.180.1.21/compute/v2.1/servers/386df198-88ca-4909-8131-7d88f0c2b84d 0.163s
