2025-02-20 03:37:13.745 63785 INFO tempest.lib.common.rest_client [req-5c32b8b1-addc-41e9-9a92-db1a22f29548 req-5c32b8b1-addc-41e9-9a92-db1a22f29548 ] Request (ServerExternalEventsTest:test_create_server_external_events): 200 GET http://10.180.1.21/compute/v2.1/servers/4d035215-5bcf-4af2-b42a-6349d15c4060 0.053s
2025-02-20 03:37:13.774 63793 INFO tempest.lib.common.rest_client [req-0223dbf0-3034-443d-a2c9-262334d6fda9 req-0223dbf0-3034-443d-a2c9-262334d6fda9 ] Request (ServerMetadataNegativeTestJSON:tearDownClass): 200 GET http://10.180.1.21/compute/v2.1/servers/0ddb2492-4f7f-468c-a2ca-0370a838c650 0.060s
2025-02-20 03:37:13.805 63789 INFO tempest.lib.common.rest_client [req-2f9ec2ee-e557-4c37-8e1e-ea164a2bda07 req-2f9ec2ee-e557-4c37-8e1e-ea164a2bda07 ] Request (ListImageFiltersTestJSON:setUpClass): 200 GET http://10.180.1.21/compute/v2.1/servers/08850916-b1c8-4924-a028-db8903ec8697 0.048s
2025-02-20 03:37:13.878 63779 INFO tempest.lib.common.rest_client [req-25a3a20b-b1b8-49c3-b253-3c0faa16193d req-25a3a20b-b1b8-49c3-b253-3c0faa16193d ] Request (ServerDiagnosticsTest:tearDownClass): 200 GET http://10.180.1.21/compute/v2.1/servers/0e2cf45e-a763-4555-8c4f-4f7eb5781b63 0.058s
2025-02-20 03:37:13.949 63783 INFO tempest.lib.common.rest_client [req-4d86f8c2-53a5-473b-95bc-e3de1418c74f req-4d86f8c2-53a5-473b-95bc-e3de1418c74f ] Request (MigrationsAdminTest:test_resize_server_revert_deleted_flavor): 200 GET http://10.180.1.21/compute/v2.1/servers/528f802c-2166-4ad3-9bdc-cb6a53bbebf3 0.050s
2025-02-20 03:37:14.032 63787 INFO tempest.lib.common.rest_client [req-568bd8b4-df8c-424f-83e5-3e703581f316 req-568bd8b4-df8c-424f-83e5-3e703581f316 ] Request (ServerRescueNegativeTestJSON:setUpClass): 200 GET http://10.180.1.21/compute/v2.1/servers/b55b2a94-6f1e-4442-a946-47fdc92673dc 0.056s
2025-02-20 03:37:14.101 63829 INFO tempest.lib.common.rest_client [req-fc7ef7ed-d7e2-4caf-be3e-c84259dec0f1 req-fc7ef7ed-d7e2-4caf-be3e-c84259dec0f1 ] Request (ImagesNegativeTestJSON:test_create_image_from_deleted_server): 200 GET http://10.180.1.21/compute/v2.1/servers/a8db37d2-5843-4839-8db6-e203b727284c 0.077s
2025-02-20 03:37:14.173 63781 INFO tempest.lib.common.rest_client [req-97d0461c-3009-478f-9c5f-592a8c978eb4 req-97d0461c-3009-478f-9c5f-592a8c978eb4 ] Request (ServerActionsTestJSON:setUpClass): 200 GET http://10.180.1.21/compute/v2.1/servers/6813e0d5-549a-4178-823e-99f839bfe700 0.072s
2025-02-20 03:37:14.218 63827 INFO tempest.lib.common.rest_client [req-81b05b85-970f-49ab-be94-5fdc8c301085 req-81b05b85-970f-49ab-be94-5fdc8c301085 ] Request (FloatingIPsAssociationTestJSON:test_associate_already_associated_floating_ip): 200 GET http://10.180.1.21/compute/v2.1/servers/2a395b3b-02a7-4379-b080-2485d09bef01 0.054s
2025-02-20 03:37:14.270 63835 INFO tempest.lib.common.rest_client [req-71e68711-26de-4d09-8934-19ec3cbc3465 req-71e68711-26de-4d09-8934-19ec3cbc3465 ] Request (ServersTestJSON:setUpClass): 200 GET http://10.180.1.21/compute/v2.1/servers/0b3cc0ac-a0d6-40c9-b1c5-717ed9fce0df 0.050s
2025-02-20 03:37:14.299 63809 INFO tempest.lib.common.rest_client [req-017d7617-6437-4b02-a479-ba68a2da9285 req-017d7617-6437-4b02-a479-ba68a2da9285 ] Request (ServerDiskConfigTestJSON:test_rebuild_server_with_manual_disk_config): 200 GET http://10.180.1.21/compute/v2.1/servers/1f38829c-e678-4e10-812a-de98286d49fe 0.096s
2025-02-20 03:37:14.319 63805 INFO tempest.lib.common.rest_client [req-e2c747f7-c267-4e44-8323-56d598a62b6d req-e2c747f7-c267-4e44-8323-56d598a62b6d ] Request (ServersAdminTestJSON:test_create_server_with_scheduling_hint): 200 GET http://10.180.1.21/compute/v2.1/servers/1167dfbd-8fab-4f8d-9f46-f3c55db69e5e 0.045s
2025-02-20 03:37:14.361 63777 WARNING tempest.lib.common.ssh [-] Failed to establish authenticated ssh connection to cirros@10.180.180.230 ([Errno None] Unable to connect to port 22 on 10.180.180.230). Number attempts: 5. Retry after 6 seconds.: paramiko.ssh_exception.NoValidConnectionsError: [Errno None] Unable to connect to port 22 on 10.180.180.230
2025-02-20 03:37:14.410 63815 INFO tempest.lib.common.rest_client [req-11c8d6bd-b3bd-46f4-aa75-d804e5e2b273 req-11c8d6bd-b3bd-46f4-aa75-d804e5e2b273 ] Request (MultipleCreateTestJSON:_run_cleanups): 200 GET http://10.180.1.21/compute/v2.1/servers/e431ae4a-badb-435b-8548-e0e295e1f6a1 0.055s
2025-02-20 03:37:14.455 63795 INFO tempest.lib.common.rest_client [req-87f5eaab-a789-4418-884e-36151f2b32ab req-87f5eaab-a789-4418-884e-36151f2b32ab ] Request (ImagesTestJSON:test_create_image_from_suspended_server): 200 GET http://10.180.1.21/compute/v2.1/servers/9d7fa19c-74c4-45d3-a02a-605d47798726 0.055s
2025-02-20 03:37:14.458 63807 INFO tempest.lib.common.rest_client [req-c078c559-2d76-4040-a4ce-1401ff2d469d req-c078c559-2d76-4040-a4ce-1401ff2d469d ] Request (ServerPasswordTestJSON:setUpClass): 200 GET http://10.180.1.21/compute/v2.1/servers/84d98c0f-9049-4e54-8dc2-3412cd5281d8 0.082s
2025-02-20 03:37:14.507 63813 INFO tempest.lib.common.rest_client [req-73848d95-7dd4-42bd-8730-d36c960c9e88 req-73848d95-7dd4-42bd-8730-d36c960c9e88 ] Request (FloatingIPsAssociationNegativeTestJSON:setUpClass): 200 GET http://10.180.1.21/compute/v2.1/servers/0dbf3213-c4ac-4ba7-98f6-27a9862c8276 0.050s
2025-02-20 03:37:14.513 63819 INFO tempest.lib.common.rest_client [req-95b3de42-f870-4912-9ad5-e2d5ca83a20a req-95b3de42-f870-4912-9ad5-e2d5ca83a20a ] Request (ServerDiagnosticsNegativeTest:tearDownClass): 200 GET http://10.180.1.21/compute/v2.1/servers/d3183d9c-2ca2-4de9-9d54-6af926d2fd75 0.052s
2025-02-20 03:37:14.551 63797 INFO tempest.lib.common.rest_client [req-e3b2a98a-705b-4c4f-a1c2-21c56d7f8b31 req-e3b2a98a-705b-4c4f-a1c2-21c56d7f8b31 ] Request (ServersNegativeTestMultiTenantJSON:setUpClass): 200 GET http://10.180.1.21/compute/v2.1/servers/a7ba1234-3d05-4ba5-b399-071a0bf16b59 0.047s
2025-02-20 03:37:14.619 63773 INFO tempest.lib.common.rest_client [req-94d07241-d8dc-45a3-8870-e950680fd437 req-94d07241-d8dc-45a3-8870-e950680fd437 ] Request (ServersV294TestFqdnHostnames:setUpClass): 200 GET http://10.180.1.21/compute/v2.1/servers/6833c0a3-8fbd-4d15-b1bb-9a0da078b7ca 0.055s
2025-02-20 03:37:14.624 63825 INFO tempest.lib.common.rest_client [req-88e57677-68ae-45aa-ae0d-40a20ef19d65 req-88e57677-68ae-45aa-ae0d-40a20ef19d65 ] Request (ListServerFiltersTestJSON:setUpClass): 200 GET http://10.180.1.21/compute/v2.1/servers/93f3657a-4a6e-41f8-82c2-0fca562de390 0.048s
2025-02-20 03:37:14.666 63791 INFO tempest.lib.common.rest_client [req-2a8669f1-638e-4f5d-ad61-525a10a6e5e7 req-2a8669f1-638e-4f5d-ad61-525a10a6e5e7 ] Request (SecurityGroupsTestJSON:test_server_security_groups): 200 GET http://10.180.1.21/compute/v2.1/servers/386df198-88ca-4909-8131-7d88f0c2b84d 0.047s
2025-02-20 03:37:14.801 63785 INFO tempest.lib.common.rest_client [req-ef98bb0f-715b-4854-a108-ba67f1f83493 req-ef98bb0f-715b-4854-a108-ba67f1f83493 ] Request (ServerExternalEventsTest:test_create_server_external_events): 200 GET http://10.180.1.21/compute/v2.1/servers/4d035215-5bcf-4af2-b42a-6349d15c4060 0.048s
2025-02-20 03:37:14.806 63831 INFO tempest.lib.common.rest_client [req-4ff9ec2e-7439-4a12-966b-f05673dcc6ad req-4ff9ec2e-7439-4a12-966b-f05673dcc6ad ] Request (ServersTestJSON:test_create_server_with_ipv6_addr_only): 200 GET http://10.180.1.21/compute/v2.1/servers/67af9e44-3811-4d65-9ca4-c179b5d52406 0.092s
2025-02-20 03:37:14.854 63793 INFO tempest.lib.common.rest_client [req-83ee3523-ada8-4330-abe8-9689b7d7ae9c req-83ee3523-ada8-4330-abe8-9689b7d7ae9c ] Request (ServerMetadataNegativeTestJSON:tearDownClass): 200 GET http://10.180.1.21/compute/v2.1/servers/0ddb2492-4f7f-468c-a2ca-0370a838c650 0.071s
2025-02-20 03:37:14.862 63789 INFO tempest.lib.common.rest_client [req-5844587e-4908-47f1-981e-b417145040ab req-5844587e-4908-47f1-981e-b417145040ab ] Request (ListImageFiltersTestJSON:setUpClass): 200 GET http://10.180.1.21/compute/v2.1/servers/08850916-b1c8-4924-a028-db8903ec8697 0.047s
2025-02-20 03:37:14.940 63779 INFO tempest.lib.common.rest_client [req-3dab7bd2-c548-4e3e-a2e4-8d23c8d3919a req-3dab7bd2-c548-4e3e-a2e4-8d23c8d3919a ] Request (ServerDiagnosticsTest:tearDownClass): 200 GET http://10.180.1.21/compute/v2.1/servers/0e2cf45e-a763-4555-8c4f-4f7eb5781b63 0.054s
2025-02-20 03:37:15.008 63783 INFO tempest.lib.common.rest_client [req-026b338b-a536-4908-ae6d-ab522c6af87b req-026b338b-a536-4908-ae6d-ab522c6af87b ] Request (MigrationsAdminTest:test_resize_server_revert_deleted_flavor): 200 GET http://10.180.1.21/compute/v2.1/servers/528f802c-2166-4ad3-9bdc-cb6a53bbebf3 0.051s
2025-02-20 03:37:15.085 63787 INFO tempest.lib.common.rest_client [req-ad9593eb-dc76-404a-b732-2c1e720bf6da req-ad9593eb-dc76-404a-b732-2c1e720bf6da ] Request (ServerRescueNegativeTestJSON:setUpClass): 200 GET http://10.180.1.21/compute/v2.1/servers/b55b2a94-6f1e-4442-a946-47fdc92673dc 0.045s
2025-02-20 03:37:15.162 63829 INFO tempest.lib.common.rest_client [req-dfbb9d15-551e-4ac0-ac0a-6bf6b89f0b65 req-dfbb9d15-551e-4ac0-ac0a-6bf6b89f0b65 ] Request (ImagesNegativeTestJSON:test_create_image_from_deleted_server): 200 GET http://10.180.1.21/compute/v2.1/servers/a8db37d2-5843-4839-8db6-e203b727284c 0.052s
2025-02-20 03:37:15.234 63781 INFO tempest.lib.common.rest_client [req-a27a1001-217e-4008-9ef1-59ad3e4a9ee7 req-a27a1001-217e-4008-9ef1-59ad3e4a9ee7 ] Request (ServerActionsTestJSON:setUpClass): 200 GET http://10.180.1.21/compute/v2.1/servers/6813e0d5-549a-4178-823e-99f839bfe700 0.051s
2025-02-20 03:37:15.275 63827 INFO tempest.lib.common.rest_client [req-800c0c09-4471-4e86-8ef2-fa346b89ef0e req-800c0c09-4471-4e86-8ef2-fa346b89ef0e ] Request (FloatingIPsAssociationTestJSON:test_associate_already_associated_floating_ip): 200 GET http://10.180.1.21/compute/v2.1/servers/2a395b3b-02a7-4379-b080-2485d09bef01 0.048s
2025-02-20 03:37:15.329 63835 INFO tempest.lib.common.rest_client [req-4db0d134-2137-4307-b789-0a52f5ac439c req-4db0d134-2137-4307-b789-0a52f5ac439c ] Request (ServersTestJSON:setUpClass): 200 GET http://10.180.1.21/compute/v2.1/servers/0b3cc0ac-a0d6-40c9-b1c5-717ed9fce0df 0.051s
2025-02-20 03:37:15.373 63805 INFO tempest.lib.common.rest_client [req-d258b757-e6df-4f99-8997-1aeeb606d93b req-d258b757-e6df-4f99-8997-1aeeb606d93b ] Request (ServersAdminTestJSON:test_create_server_with_scheduling_hint): 200 GET http://10.180.1.21/compute/v2.1/servers/1167dfbd-8fab-4f8d-9f46-f3c55db69e5e 0.046s
2025-02-20 03:37:15.397 63809 INFO tempest.lib.common.rest_client [req-01249996-1106-437f-9dfe-8f42f6a05095 req-01249996-1106-437f-9dfe-8f42f6a05095 ] Request (ServerDiskConfigTestJSON:test_rebuild_server_with_manual_disk_config): 200 GET http://10.180.1.21/compute/v2.1/servers/1f38829c-e678-4e10-812a-de98286d49fe 0.091s
2025-02-20 03:37:15.404 63809 INFO tempest.common.waiters [-] State transition "BUILD/spawning" ==> "ACTIVE/None" after 85 second wait
2025-02-20 03:37:15.485 63815 INFO tempest.lib.common.rest_client [req-4097b8df-6d7c-4a9b-b38a-e40893ac8d96 req-4097b8df-6d7c-4a9b-b38a-e40893ac8d96 ] Request (MultipleCreateTestJSON:_run_cleanups): 200 GET http://10.180.1.21/compute/v2.1/servers/e431ae4a-badb-435b-8548-e0e295e1f6a1 0.067s
2025-02-20 03:37:15.512 63809 INFO tempest.lib.common.rest_client [req-de8f5700-e491-4c44-9259-a0b2c6c79eb4 req-de8f5700-e491-4c44-9259-a0b2c6c79eb4 ] Request (ServerDiskConfigTestJSON:test_rebuild_server_with_manual_disk_config): 200 GET http://10.180.1.21/compute/v2.1/servers/1f38829c-e678-4e10-812a-de98286d49fe 0.107s
2025-02-20 03:37:15.540 63795 INFO tempest.lib.common.rest_client [req-4a5dbd03-79f2-4849-a046-7948e447a9bb req-4a5dbd03-79f2-4849-a046-7948e447a9bb ] Request (ImagesTestJSON:test_create_image_from_suspended_server): 200 GET http://10.180.1.21/compute/v2.1/servers/9d7fa19c-74c4-45d3-a02a-605d47798726 0.076s
2025-02-20 03:37:15.585 63813 INFO tempest.lib.common.rest_client [req-327c7f30-1fbb-43e7-b46b-9035ededc6bd req-327c7f30-1fbb-43e7-b46b-9035ededc6bd ] Request (FloatingIPsAssociationNegativeTestJSON:setUpClass): 200 GET http://10.180.1.21/compute/v2.1/servers/0dbf3213-c4ac-4ba7-98f6-27a9862c8276 0.070s
2025-02-20 03:37:15.599 63807 INFO tempest.lib.common.rest_client [req-ad786ff2-b600-42ba-949f-e8b7d7fe8d09 req-ad786ff2-b600-42ba-949f-e8b7d7fe8d09 ] Request (ServerPasswordTestJSON:setUpClass): 200 GET http://10.180.1.21/compute/v2.1/servers/84d98c0f-9049-4e54-8dc2-3412cd5281d8 0.134s
2025-02-20 03:37:15.607 63807 INFO tempest.common.waiters [-] State transition "BUILD/spawning" ==> "ACTIVE/None" after 86 second wait
2025-02-20 03:37:15.630 63809 INFO tempest.lib.common.rest_client [req-c4eef2b7-d830-40aa-afb7-332af7eeee0d req-c4eef2b7-d830-40aa-afb7-332af7eeee0d ] Request (ServerDiskConfigTestJSON:test_rebuild_server_with_manual_disk_config): 200 PUT http://10.180.1.21/compute/v2.1/servers/1f38829c-e678-4e10-812a-de98286d49fe 0.111s
2025-02-20 03:37:15.654 63819 INFO tempest.lib.common.rest_client [req-f5dc44cf-7164-4548-b547-0b2441ecbb89 req-f5dc44cf-7164-4548-b547-0b2441ecbb89 ] Request (ServerDiagnosticsNegativeTest:tearDownClass): 200 GET http://10.180.1.21/compute/v2.1/servers/d3183d9c-2ca2-4de9-9d54-6af926d2fd75 0.132s
2025-02-20 03:37:15.674 63797 INFO tempest.lib.common.rest_client [req-afd26902-0405-4457-a3ae-29438aa77d00 req-afd26902-0405-4457-a3ae-29438aa77d00 ] Request (ServersNegativeTestMultiTenantJSON:setUpClass): 200 GET http://10.180.1.21/compute/v2.1/servers/a7ba1234-3d05-4ba5-b399-071a0bf16b59 0.115s
2025-02-20 03:37:15.695 63807 INFO tempest.lib.common.rest_client [req-3312fb0f-e941-4ea7-92b7-5000510a0a7f req-3312fb0f-e941-4ea7-92b7-5000510a0a7f ] Request (ServerPasswordTestJSON:test_delete_server_password): 204 DELETE http://10.180.1.21/compute/v2.1/servers/84d98c0f-9049-4e54-8dc2-3412cd5281d8/os-server-password 0.087s
2025-02-20 03:37:15.742 63825 INFO tempest.lib.common.rest_client [req-64202247-93ce-4298-b999-1b93445d4250 req-64202247-93ce-4298-b999-1b93445d4250 ] Request (ListServerFiltersTestJSON:setUpClass): 200 GET http://10.180.1.21/compute/v2.1/servers/93f3657a-4a6e-41f8-82c2-0fca562de390 0.110s
2025-02-20 03:37:15.747 63773 INFO tempest.lib.common.rest_client [req-b091c69c-0071-4aba-9d90-07b74d1a2fa7 req-b091c69c-0071-4aba-9d90-07b74d1a2fa7 ] Request (ServersV294TestFqdnHostnames:setUpClass): 200 GET http://10.180.1.21/compute/v2.1/servers/6833c0a3-8fbd-4d15-b1bb-9a0da078b7ca 0.117s
2025-02-20 03:37:15.769 63775 WARNING tempest.lib.common.ssh [-] Failed to establish authenticated ssh connection to cirros@10.180.180.254 ([Errno None] Unable to connect to port 22 on 10.180.180.254). Number attempts: 10. Retry after 11 seconds.: paramiko.ssh_exception.NoValidConnectionsError: [Errno None] Unable to connect to port 22 on 10.180.180.254
2025-02-20 03:37:15.808 63791 INFO tempest.lib.common.rest_client [req-6dbaf64b-5ea8-441d-bfe5-318527570816 req-6dbaf64b-5ea8-441d-bfe5-318527570816 ] Request (SecurityGroupsTestJSON:test_server_security_groups): 200 GET http://10.180.1.21/compute/v2.1/servers/386df198-88ca-4909-8131-7d88f0c2b84d 0.135s
2025-02-20 03:37:15.829 63809 INFO tempest.lib.common.rest_client [req-5e405ec9-0b00-4dbc-93a6-b28749798cfb req-5e405ec9-0b00-4dbc-93a6-b28749798cfb ] Request (ServerDiskConfigTestJSON:test_rebuild_server_with_manual_disk_config): 200 GET http://10.180.1.21/compute/v2.1/servers/1f38829c-e678-4e10-812a-de98286d49fe 0.193s
2025-02-20 03:37:15.838 63807 INFO tempest.lib.common.rest_client [req-3dafa463-452f-4391-978c-4e31436b69fe req-3dafa463-452f-4391-978c-4e31436b69fe ] Request (ServerPasswordTestJSON:test_get_server_password): 200 GET http://10.180.1.21/compute/v2.1/servers/84d98c0f-9049-4e54-8dc2-3412cd5281d8/os-server-password 0.142s
2025-02-20 03:37:15.874 63785 INFO tempest.lib.common.rest_client [req-99cc3fcf-2e5a-4d54-b680-6eda8e7ac80e req-99cc3fcf-2e5a-4d54-b680-6eda8e7ac80e ] Request (ServerExternalEventsTest:test_create_server_external_events): 200 GET http://10.180.1.21/compute/v2.1/servers/4d035215-5bcf-4af2-b42a-6349d15c4060 0.066s
2025-02-20 03:37:15.925 63831 INFO tempest.lib.common.rest_client [req-71025eba-03e5-4ac9-8688-f1b2a86b64ee req-71025eba-03e5-4ac9-8688-f1b2a86b64ee ] Request (ServersTestJSON:test_create_server_with_ipv6_addr_only): 200 GET http://10.180.1.21/compute/v2.1/servers/67af9e44-3811-4d65-9ca4-c179b5d52406 0.111s
2025-02-20 03:37:15.940 63807 INFO tempest.lib.common.rest_client [req-48b16b99-5ae3-4c2c-b2cd-22cb71ecb680 req-48b16b99-5ae3-4c2c-b2cd-22cb71ecb680 ] Request (ServerPasswordTestJSON:tearDownClass): 204 DELETE http://10.180.1.21/compute/v2.1/servers/84d98c0f-9049-4e54-8dc2-3412cd5281d8 0.099s
2025-02-20 03:37:15.994 63793 INFO tempest.lib.common.rest_client [req-9ab3c1a6-2158-4a65-872f-fb83d3c9b10e req-9ab3c1a6-2158-4a65-872f-fb83d3c9b10e ] Request (ServerMetadataNegativeTestJSON:tearDownClass): 200 GET http://10.180.1.21/compute/v2.1/servers/0ddb2492-4f7f-468c-a2ca-0370a838c650 0.131s
2025-02-20 03:37:16.038 63789 INFO tempest.lib.common.rest_client [req-11913a89-ade6-4140-9369-d32bbda0473f req-11913a89-ade6-4140-9369-d32bbda0473f ] Request (ListImageFiltersTestJSON:setUpClass): 200 GET http://10.180.1.21/compute/v2.1/servers/08850916-b1c8-4924-a028-db8903ec8697 0.169s
2025-02-20 03:37:16.054 63809 INFO tempest.lib.common.rest_client [req-0eabf79f-dc45-4305-a0fa-f9845ed14c7c req-0eabf79f-dc45-4305-a0fa-f9845ed14c7c ] Request (ServerDiskConfigTestJSON:test_rebuild_server_with_manual_disk_config): 200 GET http://10.180.1.21/compute/v2.1/servers/1f38829c-e678-4e10-812a-de98286d49fe 0.213s
2025-02-20 03:37:16.105 63779 INFO tempest.lib.common.rest_client [req-d9563c87-6af9-47ab-9fc7-9fd78fa8adb0 req-d9563c87-6af9-47ab-9fc7-9fd78fa8adb0 ] Request (ServerDiagnosticsTest:tearDownClass): 200 GET http://10.180.1.21/compute/v2.1/servers/0e2cf45e-a763-4555-8c4f-4f7eb5781b63 0.158s
2025-02-20 03:37:16.117 63807 INFO tempest.lib.common.rest_client [req-ea2ddb97-3efe-469b-bf7d-f47a19beca5b req-ea2ddb97-3efe-469b-bf7d-f47a19beca5b ] Request (ServerPasswordTestJSON:tearDownClass): 200 GET http://10.180.1.21/compute/v2.1/servers/84d98c0f-9049-4e54-8dc2-3412cd5281d8 0.177s
2025-02-20 03:37:16.147 63783 INFO tempest.lib.common.rest_client [req-ecb5c4a3-63e3-4a90-af20-1cb6027431d6 req-ecb5c4a3-63e3-4a90-af20-1cb6027431d6 ] Request (MigrationsAdminTest:test_resize_server_revert_deleted_flavor): 200 GET http://10.180.1.21/compute/v2.1/servers/528f802c-2166-4ad3-9bdc-cb6a53bbebf3 0.132s
2025-02-20 03:37:16.197 63787 INFO tempest.lib.common.rest_client [req-f78328f2-f027-4299-99f5-f983901963de req-f78328f2-f027-4299-99f5-f983901963de ] Request (ServerRescueNegativeTestJSON:setUpClass): 200 GET http://10.180.1.21/compute/v2.1/servers/b55b2a94-6f1e-4442-a946-47fdc92673dc 0.104s
2025-02-20 03:37:16.250 63829 INFO tempest.lib.common.rest_client [req-a367f61e-90a2-49c6-a3f3-9d335824486d req-a367f61e-90a2-49c6-a3f3-9d335824486d ] Request (ImagesNegativeTestJSON:test_create_image_from_deleted_server): 200 GET http://10.180.1.21/compute/v2.1/servers/a8db37d2-5843-4839-8db6-e203b727284c 0.081s
2025-02-20 03:37:16.265 63809 INFO tempest.lib.common.rest_client [req-99f68320-f45d-4df1-bd85-8c5c38b73ebe req-99f68320-f45d-4df1-bd85-8c5c38b73ebe ] Request (ServerDiskConfigTestJSON:test_rebuild_server_with_manual_disk_config): 202 POST http://10.180.1.21/compute/v2.1/servers/1f38829c-e678-4e10-812a-de98286d49fe/action 0.204s
2025-02-20 03:37:16.293 63781 INFO tempest.lib.common.rest_client [req-1fdc7b4b-c61b-4f52-84e3-c3d61c0b7be1 req-1fdc7b4b-c61b-4f52-84e3-c3d61c0b7be1 ] Request (ServerActionsTestJSON:setUpClass): 200 GET http://10.180.1.21/compute/v2.1/servers/6813e0d5-549a-4178-823e-99f839bfe700 0.051s
2025-02-20 03:37:16.339 63827 INFO tempest.lib.common.rest_client [req-65d9b4ff-5545-4f4c-a10e-be11cc7eea21 req-65d9b4ff-5545-4f4c-a10e-be11cc7eea21 ] Request (FloatingIPsAssociationTestJSON:test_associate_already_associated_floating_ip): 200 GET http://10.180.1.21/compute/v2.1/servers/2a395b3b-02a7-4379-b080-2485d09bef01 0.056s
2025-02-20 03:37:16.357 63809 INFO tempest.lib.common.rest_client [req-c9e1e49f-3cc6-4cf8-be2c-f3cf1a414238 req-c9e1e49f-3cc6-4cf8-be2c-f3cf1a414238 ] Request (ServerDiskConfigTestJSON:test_rebuild_server_with_manual_disk_config): 200 GET http://10.180.1.21/compute/v2.1/servers/1f38829c-e678-4e10-812a-de98286d49fe 0.085s
2025-02-20 03:37:16.386 63835 INFO tempest.lib.common.rest_client [req-c4bd8110-89e0-4f36-8429-a35aafdcc653 req-c4bd8110-89e0-4f36-8429-a35aafdcc653 ] Request (ServersTestJSON:setUpClass): 200 GET http://10.180.1.21/compute/v2.1/servers/0b3cc0ac-a0d6-40c9-b1c5-717ed9fce0df 0.049s
2025-02-20 03:37:16.433 63805 INFO tempest.lib.common.rest_client [req-6c019238-2c7d-4ba1-9e4f-7fe86468e11f req-6c019238-2c7d-4ba1-9e4f-7fe86468e11f ] Request (ServersAdminTestJSON:test_create_server_with_scheduling_hint): 200 GET http://10.180.1.21/compute/v2.1/servers/1167dfbd-8fab-4f8d-9f46-f3c55db69e5e 0.053s
2025-02-20 03:37:16.440 63805 INFO tempest.common.waiters [-] State transition "BUILD/scheduling" ==> "BUILD/None" after 58 second wait
2025-02-20 03:37:16.554 63815 INFO tempest.lib.common.rest_client [req-c5a07912-a992-425c-b8c4-8dcb34c5cbdd req-c5a07912-a992-425c-b8c4-8dcb34c5cbdd ] Request (MultipleCreateTestJSON:_run_cleanups): 200 GET http://10.180.1.21/compute/v2.1/servers/e431ae4a-badb-435b-8548-e0e295e1f6a1 0.061s
2025-02-20 03:37:16.599 63795 INFO tempest.lib.common.rest_client [req-94f1f29d-895e-4668-b12f-bd39f1282bff req-94f1f29d-895e-4668-b12f-bd39f1282bff ] Request (ImagesTestJSON:test_create_image_from_suspended_server): 200 GET http://10.180.1.21/compute/v2.1/servers/9d7fa19c-74c4-45d3-a02a-605d47798726 0.050s
2025-02-20 03:37:16.642 63813 INFO tempest.lib.common.rest_client [req-7967ac8a-6b56-4009-9a35-2a2e35fb869e req-7967ac8a-6b56-4009-9a35-2a2e35fb869e ] Request (FloatingIPsAssociationNegativeTestJSON:setUpClass): 200 GET http://10.180.1.21/compute/v2.1/servers/0dbf3213-c4ac-4ba7-98f6-27a9862c8276 0.049s
2025-02-20 03:37:16.718 63819 INFO tempest.lib.common.rest_client [req-50ecbb9b-deb8-4926-8c8e-033c44c75cfc req-50ecbb9b-deb8-4926-8c8e-033c44c75cfc ] Request (ServerDiagnosticsNegativeTest:tearDownClass): 200 GET http://10.180.1.21/compute/v2.1/servers/d3183d9c-2ca2-4de9-9d54-6af926d2fd75 0.056s
2025-02-20 03:37:16.736 63797 INFO tempest.lib.common.rest_client [req-3be832f0-cb85-4d95-9bc9-f65212d8f880 req-3be832f0-cb85-4d95-9bc9-f65212d8f880 ] Request (ServersNegativeTestMultiTenantJSON:setUpClass): 200 GET http://10.180.1.21/compute/v2.1/servers/a7ba1234-3d05-4ba5-b399-071a0bf16b59 0.054s
2025-02-20 03:37:16.809 63825 INFO tempest.lib.common.rest_client [req-2aee1eab-6bc4-4d4a-a442-814825491eda req-2aee1eab-6bc4-4d4a-a442-814825491eda ] Request (ListServerFiltersTestJSON:setUpClass): 200 GET http://10.180.1.21/compute/v2.1/servers/93f3657a-4a6e-41f8-82c2-0fca562de390 0.057s
2025-02-20 03:37:16.815 63773 INFO tempest.lib.common.rest_client [req-2a3f7e57-4657-45a7-bb07-4c185d6b1932 req-2a3f7e57-4657-45a7-bb07-4c185d6b1932 ] Request (ServersV294TestFqdnHostnames:setUpClass): 200 GET http://10.180.1.21/compute/v2.1/servers/6833c0a3-8fbd-4d15-b1bb-9a0da078b7ca 0.057s
2025-02-20 03:37:16.880 63791 INFO tempest.lib.common.rest_client [req-4112dae7-0438-4bfe-91ce-c1430fae5f6d req-4112dae7-0438-4bfe-91ce-c1430fae5f6d ] Request (SecurityGroupsTestJSON:test_server_security_groups): 200 GET http://10.180.1.21/compute/v2.1/servers/386df198-88ca-4909-8131-7d88f0c2b84d 0.064s
2025-02-20 03:37:16.887 63791 INFO tempest.common.waiters [-] State transition "BUILD/scheduling" ==> "BUILD/None" after 55 second wait
2025-02-20 03:37:16.930 63785 INFO tempest.lib.common.rest_client [req-d5f07c56-c790-47bd-ac51-ecf1adeceade req-d5f07c56-c790-47bd-ac51-ecf1adeceade ] Request (ServerExternalEventsTest:test_create_server_external_events): 200 GET http://10.180.1.21/compute/v2.1/servers/4d035215-5bcf-4af2-b42a-6349d15c4060 0.048s
2025-02-20 03:37:17.069 63793 INFO tempest.lib.common.rest_client [req-b34a47ce-c660-44ef-973e-efc935bf62c6 req-b34a47ce-c660-44ef-973e-efc935bf62c6 ] Request (ServerMetadataNegativeTestJSON:tearDownClass): 200 GET http://10.180.1.21/compute/v2.1/servers/0ddb2492-4f7f-468c-a2ca-0370a838c650 0.068s
2025-02-20 03:37:17.081 63831 INFO tempest.lib.common.rest_client [req-4f868d1b-e562-4a98-9248-aa983149b770 req-4f868d1b-e562-4a98-9248-aa983149b770 ] Request (ServersTestJSON:test_create_server_with_ipv6_addr_only): 200 GET http://10.180.1.21/compute/v2.1/servers/67af9e44-3811-4d65-9ca4-c179b5d52406 0.147s
2025-02-20 03:37:17.113 63789 INFO tempest.lib.common.rest_client [req-af6804d2-b9f9-4f72-a31d-2592b9f92ee7 req-af6804d2-b9f9-4f72-a31d-2592b9f92ee7 ] Request (ListImageFiltersTestJSON:setUpClass): 200 GET http://10.180.1.21/compute/v2.1/servers/08850916-b1c8-4924-a028-db8903ec8697 0.066s
2025-02-20 03:37:17.169 63779 INFO tempest.lib.common.rest_client [req-088c1378-0014-490d-b1b0-0517c48138fb req-088c1378-0014-490d-b1b0-0517c48138fb ] Request (ServerDiagnosticsTest:tearDownClass): 200 GET http://10.180.1.21/compute/v2.1/servers/0e2cf45e-a763-4555-8c4f-4f7eb5781b63 0.056s
2025-02-20 03:37:17.216 63783 INFO tempest.lib.common.rest_client [req-1d61c6eb-b00c-4ad5-850f-1d6da460da20 req-1d61c6eb-b00c-4ad5-850f-1d6da460da20 ] Request (MigrationsAdminTest:test_resize_server_revert_deleted_flavor): 200 GET http://10.180.1.21/compute/v2.1/servers/528f802c-2166-4ad3-9bdc-cb6a53bbebf3 0.062s
2025-02-20 03:37:17.243 63807 INFO tempest.lib.common.rest_client [req-823fd2a9-fc7f-4450-a918-3674b0243c3b req-823fd2a9-fc7f-4450-a918-3674b0243c3b ] Request (ServerPasswordTestJSON:tearDownClass): 200 GET http://10.180.1.21/compute/v2.1/servers/84d98c0f-9049-4e54-8dc2-3412cd5281d8 0.119s
2025-02-20 03:37:17.262 63787 INFO tempest.lib.common.rest_client [req-b0f52098-9436-4ac0-9fd3-93ebaa8d44c1 req-b0f52098-9436-4ac0-9fd3-93ebaa8d44c1 ] Request (ServerRescueNegativeTestJSON:setUpClass): 200 GET http://10.180.1.21/compute/v2.1/servers/b55b2a94-6f1e-4442-a946-47fdc92673dc 0.051s
2025-02-20 03:37:17.312 63829 INFO tempest.lib.common.rest_client [req-401b1dac-b9fe-4e79-a959-2e6e803520e9 req-401b1dac-b9fe-4e79-a959-2e6e803520e9 ] Request (ImagesNegativeTestJSON:test_create_image_from_deleted_server): 200 GET http://10.180.1.21/compute/v2.1/servers/a8db37d2-5843-4839-8db6-e203b727284c 0.050s
2025-02-20 03:37:17.350 63781 INFO tempest.lib.common.rest_client [req-59b8bfa8-9d2a-4420-a25b-c33cbcbb8d83 req-59b8bfa8-9d2a-4420-a25b-c33cbcbb8d83 ] Request (ServerActionsTestJSON:setUpClass): 200 GET http://10.180.1.21/compute/v2.1/servers/6813e0d5-549a-4178-823e-99f839bfe700 0.048s
2025-02-20 03:37:17.397 63827 INFO tempest.lib.common.rest_client [req-c91f3469-1983-4a4c-8ea6-2c0690792c81 req-c91f3469-1983-4a4c-8ea6-2c0690792c81 ] Request (FloatingIPsAssociationTestJSON:test_associate_already_associated_floating_ip): 200 GET http://10.180.1.21/compute/v2.1/servers/2a395b3b-02a7-4379-b080-2485d09bef01 0.051s
2025-02-20 03:37:17.443 63835 INFO tempest.lib.common.rest_client [req-8c0f477f-0131-46ca-bb0a-21bc9f0ba554 req-8c0f477f-0131-46ca-bb0a-21bc9f0ba554 ] Request (ServersTestJSON:setUpClass): 200 GET http://10.180.1.21/compute/v2.1/servers/0b3cc0ac-a0d6-40c9-b1c5-717ed9fce0df 0.047s
2025-02-20 03:37:17.453 63809 INFO tempest.lib.common.rest_client [req-1a1a30ff-a12b-49b6-ae2e-f7ebc15b5db8 req-1a1a30ff-a12b-49b6-ae2e-f7ebc15b5db8 ] Request (ServerDiskConfigTestJSON:test_rebuild_server_with_manual_disk_config): 200 GET http://10.180.1.21/compute/v2.1/servers/1f38829c-e678-4e10-812a-de98286d49fe 0.088s
2025-02-20 03:37:17.489 63805 INFO tempest.lib.common.rest_client [req-7962dcad-4d2d-420c-a1d2-7a34c359f390 req-7962dcad-4d2d-420c-a1d2-7a34c359f390 ] Request (ServersAdminTestJSON:test_create_server_with_scheduling_hint): 200 GET http://10.180.1.21/compute/v2.1/servers/1167dfbd-8fab-4f8d-9f46-f3c55db69e5e 0.048s
2025-02-20 03:37:17.613 63815 INFO tempest.lib.common.rest_client [req-3246ff40-d42a-479e-abf4-eb1faab38d8e req-3246ff40-d42a-479e-abf4-eb1faab38d8e ] Request (MultipleCreateTestJSON:_run_cleanups): 200 GET http://10.180.1.21/compute/v2.1/servers/e431ae4a-badb-435b-8548-e0e295e1f6a1 0.052s
2025-02-20 03:37:17.656 63795 INFO tempest.lib.common.rest_client [req-390861db-8465-412f-b1c9-f0d4aafc6477 req-390861db-8465-412f-b1c9-f0d4aafc6477 ] Request (ImagesTestJSON:test_create_image_from_suspended_server): 200 GET http://10.180.1.21/compute/v2.1/servers/9d7fa19c-74c4-45d3-a02a-605d47798726 0.050s
2025-02-20 03:37:17.703 63813 INFO tempest.lib.common.rest_client [req-cc3d3e15-2190-47b7-a551-6143de402d26 req-cc3d3e15-2190-47b7-a551-6143de402d26 ] Request (FloatingIPsAssociationNegativeTestJSON:setUpClass): 200 GET http://10.180.1.21/compute/v2.1/servers/0dbf3213-c4ac-4ba7-98f6-27a9862c8276 0.053s
2025-02-20 03:37:17.787 63819 INFO tempest.lib.common.rest_client [req-c73dd114-b8d5-4c6c-9f5e-eb85824b8134 req-c73dd114-b8d5-4c6c-9f5e-eb85824b8134 ] Request (ServerDiagnosticsNegativeTest:tearDownClass): 200 GET http://10.180.1.21/compute/v2.1/servers/d3183d9c-2ca2-4de9-9d54-6af926d2fd75 0.061s
2025-02-20 03:37:17.791 63797 INFO tempest.lib.common.rest_client [req-959a75dc-6fd6-4e3a-b0c6-6b1703faaf9c req-959a75dc-6fd6-4e3a-b0c6-6b1703faaf9c ] Request (ServersNegativeTestMultiTenantJSON:setUpClass): 200 GET http://10.180.1.21/compute/v2.1/servers/a7ba1234-3d05-4ba5-b399-071a0bf16b59 0.045s
2025-02-20 03:37:17.872 63825 INFO tempest.lib.common.rest_client [req-e6849687-f468-43d6-baee-7f85c75b868f req-e6849687-f468-43d6-baee-7f85c75b868f ] Request (ListServerFiltersTestJSON:setUpClass): 200 GET http://10.180.1.21/compute/v2.1/servers/93f3657a-4a6e-41f8-82c2-0fca562de390 0.054s
2025-02-20 03:37:17.885 63773 INFO tempest.lib.common.rest_client [req-f61c9ac5-f525-439a-ab6e-ecfbd9344d05 req-f61c9ac5-f525-439a-ab6e-ecfbd9344d05 ] Request (ServersV294TestFqdnHostnames:setUpClass): 200 GET http://10.180.1.21/compute/v2.1/servers/6833c0a3-8fbd-4d15-b1bb-9a0da078b7ca 0.059s
2025-02-20 03:37:17.937 63791 INFO tempest.lib.common.rest_client [req-a05171f0-01f0-4577-bb95-cbf357f1020a req-a05171f0-01f0-4577-bb95-cbf357f1020a ] Request (SecurityGroupsTestJSON:test_server_security_groups): 200 GET http://10.180.1.21/compute/v2.1/servers/386df198-88ca-4909-8131-7d88f0c2b84d 0.049s
2025-02-20 03:37:17.988 63785 INFO tempest.lib.common.rest_client [req-eb104958-82ea-47ee-a660-535e1ef64e99 req-eb104958-82ea-47ee-a660-535e1ef64e99 ] Request (ServerExternalEventsTest:test_create_server_external_events): 200 GET http://10.180.1.21/compute/v2.1/servers/4d035215-5bcf-4af2-b42a-6349d15c4060 0.049s
2025-02-20 03:37:18.136 63793 INFO tempest.lib.common.rest_client [req-167fb103-9168-4717-86ac-2487babda8c5 req-167fb103-9168-4717-86ac-2487babda8c5 ] Request (ServerMetadataNegativeTestJSON:tearDownClass): 200 GET http://10.180.1.21/compute/v2.1/servers/0ddb2492-4f7f-468c-a2ca-0370a838c650 0.057s
2025-02-20 03:37:18.182 63789 INFO tempest.lib.common.rest_client [req-4c50375b-00c1-473b-9f5f-2608bd634a07 req-4c50375b-00c1-473b-9f5f-2608bd634a07 ] Request (ListImageFiltersTestJSON:setUpClass): 200 GET http://10.180.1.21/compute/v2.1/servers/08850916-b1c8-4924-a028-db8903ec8697 0.062s
2025-02-20 03:37:18.183 63831 INFO tempest.lib.common.rest_client [req-cc49003b-693d-4436-9fd5-041ffafdb06f req-cc49003b-693d-4436-9fd5-041ffafdb06f ] Request (ServersTestJSON:test_create_server_with_ipv6_addr_only): 200 GET http://10.180.1.21/compute/v2.1/servers/67af9e44-3811-4d65-9ca4-c179b5d52406 0.094s
2025-02-20 03:37:18.190 63831 INFO tempest.common.waiters [-] State transition "BUILD/spawning" ==> "ACTIVE/None" after 88 second wait
2025-02-20 03:37:18.242 63779 INFO tempest.lib.common.rest_client [req-b628cf20-c2f1-4643-a3eb-bdf2a0303745 req-b628cf20-c2f1-4643-a3eb-bdf2a0303745 ] Request (ServerDiagnosticsTest:tearDownClass): 200 GET http://10.180.1.21/compute/v2.1/servers/0e2cf45e-a763-4555-8c4f-4f7eb5781b63 0.065s
2025-02-20 03:37:18.285 63783 INFO tempest.lib.common.rest_client [req-ee4d9bf6-6693-454c-93aa-ea9fe1b06ae9 req-ee4d9bf6-6693-454c-93aa-ea9fe1b06ae9 ] Request (MigrationsAdminTest:test_resize_server_revert_deleted_flavor): 200 GET http://10.180.1.21/compute/v2.1/servers/528f802c-2166-4ad3-9bdc-cb6a53bbebf3 0.062s
2025-02-20 03:37:18.363 63807 INFO tempest.lib.common.rest_client [req-eb62e05b-3ff6-4c5e-99dc-cd15df499d5f req-eb62e05b-3ff6-4c5e-99dc-cd15df499d5f ] Request (ServerPasswordTestJSON:tearDownClass): 200 GET http://10.180.1.21/compute/v2.1/servers/84d98c0f-9049-4e54-8dc2-3412cd5281d8 0.112s
2025-02-20 03:37:18.395 63831 INFO tempest.lib.common.rest_client [req-7890641c-15bd-4f72-bd16-79becba8790b req-7890641c-15bd-4f72-bd16-79becba8790b ] Request (ServersTestJSON:test_create_server_with_ipv6_addr_only): 200 GET http://10.180.1.21/compute/v2.1/servers/67af9e44-3811-4d65-9ca4-c179b5d52406 0.204s
2025-02-20 03:37:18.405 63787 INFO tempest.lib.common.rest_client [req-de91187f-4041-4647-81d9-e8c8f673fda7 req-de91187f-4041-4647-81d9-e8c8f673fda7 ] Request (ServerRescueNegativeTestJSON:setUpClass): 200 GET http://10.180.1.21/compute/v2.1/servers/b55b2a94-6f1e-4442-a946-47fdc92673dc 0.136s
2025-02-20 03:37:18.445 63829 INFO tempest.lib.common.rest_client [req-b5d3b9c2-0e61-4254-ba3b-5f83effdb1db req-b5d3b9c2-0e61-4254-ba3b-5f83effdb1db ] Request (ImagesNegativeTestJSON:test_create_image_from_deleted_server): 200 GET http://10.180.1.21/compute/v2.1/servers/a8db37d2-5843-4839-8db6-e203b727284c 0.123s
2025-02-20 03:37:18.453 63781 INFO tempest.lib.common.rest_client [req-c2f94cd7-1dfd-438d-b1b6-2696cb12ced0 req-c2f94cd7-1dfd-438d-b1b6-2696cb12ced0 ] Request (ServerActionsTestJSON:setUpClass): 200 GET http://10.180.1.21/compute/v2.1/servers/6813e0d5-549a-4178-823e-99f839bfe700 0.095s
2025-02-20 03:37:18.501 63827 INFO tempest.lib.common.rest_client [req-4c39948d-5a6a-4e0d-9946-2b11af4c8c53 req-4c39948d-5a6a-4e0d-9946-2b11af4c8c53 ] Request (FloatingIPsAssociationTestJSON:test_associate_already_associated_floating_ip): 200 GET http://10.180.1.21/compute/v2.1/servers/2a395b3b-02a7-4379-b080-2485d09bef01 0.096s
2025-02-20 03:37:18.538 63831 INFO tempest.lib.common.rest_client [req-c6eab918-63fd-467c-9f52-e1d05f17fdc7 req-c6eab918-63fd-467c-9f52-e1d05f17fdc7 ] Request (ServersTestJSON:_run_cleanups): 204 DELETE http://10.180.1.21/compute/v2.1/servers/67af9e44-3811-4d65-9ca4-c179b5d52406 0.135s
2025-02-20 03:37:18.556 63835 INFO tempest.lib.common.rest_client [req-72b37d73-b46f-4a85-b32c-3469126d35bc req-72b37d73-b46f-4a85-b32c-3469126d35bc ] Request (ServersTestJSON:setUpClass): 200 GET http://10.180.1.21/compute/v2.1/servers/0b3cc0ac-a0d6-40c9-b1c5-717ed9fce0df 0.105s
2025-02-20 03:37:18.600 63805 INFO tempest.lib.common.rest_client [req-79db6944-dd67-4d8f-b561-d398b1873f24 req-79db6944-dd67-4d8f-b561-d398b1873f24 ] Request (ServersAdminTestJSON:test_create_server_with_scheduling_hint): 200 GET http://10.180.1.21/compute/v2.1/servers/1167dfbd-8fab-4f8d-9f46-f3c55db69e5e 0.102s
2025-02-20 03:37:18.630 63809 INFO tempest.lib.common.rest_client [req-dca1375b-a303-49c9-ae86-db0422d606fa req-dca1375b-a303-49c9-ae86-db0422d606fa ] Request (ServerDiskConfigTestJSON:test_rebuild_server_with_manual_disk_config): 200 GET http://10.180.1.21/compute/v2.1/servers/1f38829c-e678-4e10-812a-de98286d49fe 0.169s
2025-02-20 03:37:18.682 63815 INFO tempest.lib.common.rest_client [req-01c56ae3-71c2-42b7-836f-327fe4f54d43 req-01c56ae3-71c2-42b7-836f-327fe4f54d43 ] Request (MultipleCreateTestJSON:_run_cleanups): 200 GET http://10.180.1.21/compute/v2.1/servers/e431ae4a-badb-435b-8548-e0e295e1f6a1 0.060s
2025-02-20 03:37:18.682 63831 INFO tempest.lib.common.rest_client [req-279e1c13-587e-4cf7-b714-bdcc332ce9dd req-279e1c13-587e-4cf7-b714-bdcc332ce9dd ] Request (ServersTestJSON:_run_cleanups): 200 GET http://10.180.1.21/compute/v2.1/servers/67af9e44-3811-4d65-9ca4-c179b5d52406 0.144s
2025-02-20 03:37:18.732 63795 INFO tempest.lib.common.rest_client [req-3c6e5839-ef98-4c91-8128-aed79afc6a57 req-3c6e5839-ef98-4c91-8128-aed79afc6a57 ] Request (ImagesTestJSON:test_create_image_from_suspended_server): 200 GET http://10.180.1.21/compute/v2.1/servers/9d7fa19c-74c4-45d3-a02a-605d47798726 0.067s
2025-02-20 03:37:18.765 63813 INFO tempest.lib.common.rest_client [req-084c48a0-885c-4d3d-9ee4-d2420417bfaf req-084c48a0-885c-4d3d-9ee4-d2420417bfaf ] Request (FloatingIPsAssociationNegativeTestJSON:setUpClass): 200 GET http://10.180.1.21/compute/v2.1/servers/0dbf3213-c4ac-4ba7-98f6-27a9862c8276 0.055s
2025-02-20 03:37:18.848 63797 INFO tempest.lib.common.rest_client [req-36030993-2dc3-44af-85bf-30bf113b4949 req-36030993-2dc3-44af-85bf-30bf113b4949 ] Request (ServersNegativeTestMultiTenantJSON:setUpClass): 200 GET http://10.180.1.21/compute/v2.1/servers/a7ba1234-3d05-4ba5-b399-071a0bf16b59 0.049s
2025-02-20 03:37:18.852 63819 INFO tempest.lib.common.rest_client [req-e77f4162-f0bb-428b-80c5-827212a64b61 req-e77f4162-f0bb-428b-80c5-827212a64b61 ] Request (ServerDiagnosticsNegativeTest:tearDownClass): 200 GET http://10.180.1.21/compute/v2.1/servers/d3183d9c-2ca2-4de9-9d54-6af926d2fd75 0.057s
2025-02-20 03:37:18.931 63825 INFO tempest.lib.common.rest_client [req-39080b6d-f3bf-4d2a-94cd-6ca3a688b3ee req-39080b6d-f3bf-4d2a-94cd-6ca3a688b3ee ] Request (ListServerFiltersTestJSON:setUpClass): 200 GET http://10.180.1.21/compute/v2.1/servers/93f3657a-4a6e-41f8-82c2-0fca562de390 0.051s
2025-02-20 03:37:18.954 63773 INFO tempest.lib.common.rest_client [req-f1ab3907-c879-4448-a209-e62a03764097 req-f1ab3907-c879-4448-a209-e62a03764097 ] Request (ServersV294TestFqdnHostnames:setUpClass): 200 GET http://10.180.1.21/compute/v2.1/servers/6833c0a3-8fbd-4d15-b1bb-9a0da078b7ca 0.057s
2025-02-20 03:37:18.992 63791 INFO tempest.lib.common.rest_client [req-5bafbc6a-6bdb-451a-a83e-06b60925cbdb req-5bafbc6a-6bdb-451a-a83e-06b60925cbdb ] Request (SecurityGroupsTestJSON:test_server_security_groups): 200 GET http://10.180.1.21/compute/v2.1/servers/386df198-88ca-4909-8131-7d88f0c2b84d 0.046s
2025-02-20 03:37:19.044 63785 INFO tempest.lib.common.rest_client [req-4f79a52a-791f-4f61-8a30-1c2ec6d4a6c8 req-4f79a52a-791f-4f61-8a30-1c2ec6d4a6c8 ] Request (ServerExternalEventsTest:test_create_server_external_events): 200 GET http://10.180.1.21/compute/v2.1/servers/4d035215-5bcf-4af2-b42a-6349d15c4060 0.048s
2025-02-20 03:37:19.199 63793 INFO tempest.lib.common.rest_client [req-05436d4a-a6ce-4fba-9738-89eb292992c9 req-05436d4a-a6ce-4fba-9738-89eb292992c9 ] Request (ServerMetadataNegativeTestJSON:tearDownClass): 200 GET http://10.180.1.21/compute/v2.1/servers/0ddb2492-4f7f-468c-a2ca-0370a838c650 0.054s
2025-02-20 03:37:19.239 63789 INFO tempest.lib.common.rest_client [req-677a9287-d326-432b-bec0-752d37b3b34a req-677a9287-d326-432b-bec0-752d37b3b34a ] Request (ListImageFiltersTestJSON:setUpClass): 200 GET http://10.180.1.21/compute/v2.1/servers/08850916-b1c8-4924-a028-db8903ec8697 0.049s
2025-02-20 03:37:19.253 63811 INFO paramiko.transport [-] Connected (version 2.0, client dropbear_2020.81)
2025-02-20 03:37:19.308 63779 INFO tempest.lib.common.rest_client [req-ddbc7db3-de0b-475a-af82-4ea97a0233c5 req-ddbc7db3-de0b-475a-af82-4ea97a0233c5 ] Request (ServerDiagnosticsTest:tearDownClass): 200 GET http://10.180.1.21/compute/v2.1/servers/0e2cf45e-a763-4555-8c4f-4f7eb5781b63 0.058s
2025-02-20 03:37:19.343 63783 INFO tempest.lib.common.rest_client [req-5b45a1e3-394c-4e0a-a501-6342fc97612d req-5b45a1e3-394c-4e0a-a501-6342fc97612d ] Request (MigrationsAdminTest:test_resize_server_revert_deleted_flavor): 200 GET http://10.180.1.21/compute/v2.1/servers/528f802c-2166-4ad3-9bdc-cb6a53bbebf3 0.050s
2025-02-20 03:37:19.362 63811 INFO paramiko.transport [-] Authentication (publickey) successful!
2025-02-20 03:37:19.362 63811 INFO tempest.lib.common.ssh [-] ssh connection to cirros@10.180.180.185 successfully created
2025-02-20 03:37:19.425 63807 INFO tempest.lib.common.rest_client [req-57b89f83-fd63-484e-89b0-a107cf9e1683 req-57b89f83-fd63-484e-89b0-a107cf9e1683 ] Request (ServerPasswordTestJSON:tearDownClass): 200 GET http://10.180.1.21/compute/v2.1/servers/84d98c0f-9049-4e54-8dc2-3412cd5281d8 0.054s
2025-02-20 03:37:19.472 63787 INFO tempest.lib.common.rest_client [req-86cd670f-76ca-41ae-9891-4c567e04d01e req-86cd670f-76ca-41ae-9891-4c567e04d01e ] Request (ServerRescueNegativeTestJSON:setUpClass): 200 GET http://10.180.1.21/compute/v2.1/servers/b55b2a94-6f1e-4442-a946-47fdc92673dc 0.058s
2025-02-20 03:37:19.488 63811 INFO tempest.lib.common.rest_client [req-b213d2dd-a513-4fe7-b717-5ee861cc45f2 req-b213d2dd-a513-4fe7-b717-5ee861cc45f2 ] Request (ServersTestBootFromVolume:test_list_servers): 200 GET http://10.180.1.21/compute/v2.1/servers 0.115s
2025-02-20 03:37:19.530 63829 INFO tempest.lib.common.rest_client [req-ce13a812-45ff-4f1c-847c-805720cab07b req-ce13a812-45ff-4f1c-847c-805720cab07b ] Request (ImagesNegativeTestJSON:test_create_image_from_deleted_server): 200 GET http://10.180.1.21/compute/v2.1/servers/a8db37d2-5843-4839-8db6-e203b727284c 0.078s
2025-02-20 03:37:19.543 63781 INFO tempest.lib.common.rest_client [req-234df5d1-f031-4401-a7aa-89ad2bd44f9b req-234df5d1-f031-4401-a7aa-89ad2bd44f9b ] Request (ServerActionsTestJSON:setUpClass): 200 GET http://10.180.1.21/compute/v2.1/servers/6813e0d5-549a-4178-823e-99f839bfe700 0.083s
2025-02-20 03:37:19.590 63827 INFO tempest.lib.common.rest_client [req-397c6b0a-5b53-4d63-b085-9ba0e4bc2447 req-397c6b0a-5b53-4d63-b085-9ba0e4bc2447 ] Request (FloatingIPsAssociationTestJSON:test_associate_already_associated_floating_ip): 200 GET http://10.180.1.21/compute/v2.1/servers/2a395b3b-02a7-4379-b080-2485d09bef01 0.079s
2025-02-20 03:37:19.639 63835 INFO tempest.lib.common.rest_client [req-014b2937-09b5-4e17-96d1-650b693f2cae req-014b2937-09b5-4e17-96d1-650b693f2cae ] Request (ServersTestJSON:setUpClass): 200 GET http://10.180.1.21/compute/v2.1/servers/0b3cc0ac-a0d6-40c9-b1c5-717ed9fce0df 0.070s
2025-02-20 03:37:19.646 63835 INFO tempest.common.waiters [-] State transition "BUILD/scheduling" ==> "BUILD/None" after 56 second wait
2025-02-20 03:37:19.683 63805 INFO tempest.lib.common.rest_client [req-3b348d40-1dcc-4691-a435-89d0a918f307 req-3b348d40-1dcc-4691-a435-89d0a918f307 ] Request (ServersAdminTestJSON:test_create_server_with_scheduling_hint): 200 GET http://10.180.1.21/compute/v2.1/servers/1167dfbd-8fab-4f8d-9f46-f3c55db69e5e 0.075s
2025-02-20 03:37:19.708 63811 INFO tempest.lib.common.rest_client [req-e28fbb6d-a170-4bd4-9fb9-4e710a32c9ea req-e28fbb6d-a170-4bd4-9fb9-4e710a32c9ea ] Request (ServersTestBootFromVolume:test_list_servers_with_detail): 200 GET http://10.180.1.21/compute/v2.1/servers/detail 0.217s
2025-02-20 03:37:19.775 63809 INFO tempest.lib.common.rest_client [req-0a9f6787-5a61-4c7a-8ba0-04542347b242 req-0a9f6787-5a61-4c7a-8ba0-04542347b242 ] Request (ServerDiskConfigTestJSON:test_rebuild_server_with_manual_disk_config): 200 GET http://10.180.1.21/compute/v2.1/servers/1f38829c-e678-4e10-812a-de98286d49fe 0.136s
2025-02-20 03:37:19.781 63809 INFO tempest.common.waiters [-] State transition "REBUILD/rebuilding" ==> "REBUILD/rebuild_spawning" after 3 second wait
2025-02-20 03:37:19.838 63815 INFO tempest.lib.common.rest_client [req-e6703203-bd75-4f5e-ace1-c96bf1419cf5 req-e6703203-bd75-4f5e-ace1-c96bf1419cf5 ] Request (MultipleCreateTestJSON:_run_cleanups): 200 GET http://10.180.1.21/compute/v2.1/servers/e431ae4a-badb-435b-8548-e0e295e1f6a1 0.147s
2025-02-20 03:37:19.850 63831 INFO tempest.lib.common.rest_client [req-762b7039-b464-400e-aa30-c08b28eef3b2 req-762b7039-b464-400e-aa30-c08b28eef3b2 ] Request (ServersTestJSON:_run_cleanups): 200 GET http://10.180.1.21/compute/v2.1/servers/67af9e44-3811-4d65-9ca4-c179b5d52406 0.160s
2025-02-20 03:37:19.852 63811 INFO tempest.lib.common.rest_client [req-dbbee50c-b359-45f6-a61e-2d1de4e5a94f req-dbbee50c-b359-45f6-a61e-2d1de4e5a94f ] Request (ServersTestBootFromVolume:test_verify_created_server_vcpus): 200 GET http://10.180.1.21/compute/v2.1/flavors/42 0.134s
2025-02-20 03:37:19.855 63811 INFO tempest.lib.common.ssh [-] Creating ssh connection to '10.180.180.185:22' as 'cirros' with public key authentication
2025-02-20 03:37:19.858 63811 INFO paramiko.transport [-] Connected (version 2.0, client dropbear_2020.81)
2025-02-20 03:37:19.898 63795 INFO tempest.lib.common.rest_client [req-be01f473-d4d7-418d-9c99-ca521d006544 req-be01f473-d4d7-418d-9c99-ca521d006544 ] Request (ImagesTestJSON:test_create_image_from_suspended_server): 200 GET http://10.180.1.21/compute/v2.1/servers/9d7fa19c-74c4-45d3-a02a-605d47798726 0.155s
2025-02-20 03:37:19.898 63813 INFO tempest.lib.common.rest_client [req-d108382c-80bf-4789-aba8-3e221a9d62cd req-d108382c-80bf-4789-aba8-3e221a9d62cd ] Request (FloatingIPsAssociationNegativeTestJSON:setUpClass): 200 GET http://10.180.1.21/compute/v2.1/servers/0dbf3213-c4ac-4ba7-98f6-27a9862c8276 0.125s
2025-02-20 03:37:19.916 63811 INFO paramiko.transport [-] Authentication (publickey) successful!
2025-02-20 03:37:19.917 63811 INFO tempest.lib.common.ssh [-] ssh connection to cirros@10.180.180.185 successfully created
2025-02-20 03:37:19.947 63797 INFO tempest.lib.common.rest_client [req-d399ba5d-c704-4de1-abcf-dd3be3420786 req-d399ba5d-c704-4de1-abcf-dd3be3420786 ] Request (ServersNegativeTestMultiTenantJSON:setUpClass): 200 GET http://10.180.1.21/compute/v2.1/servers/a7ba1234-3d05-4ba5-b399-071a0bf16b59 0.090s
2025-02-20 03:37:19.950 63819 INFO tempest.lib.common.rest_client [req-91b858e5-3dbd-4b59-82c9-31bb635bb54e req-91b858e5-3dbd-4b59-82c9-31bb635bb54e ] Request (ServerDiagnosticsNegativeTest:tearDownClass): 200 GET http://10.180.1.21/compute/v2.1/servers/d3183d9c-2ca2-4de9-9d54-6af926d2fd75 0.090s
2025-02-20 03:37:20.001 63825 INFO tempest.lib.common.rest_client [req-b05c120b-5017-4da2-a727-bc9ca4626253 req-b05c120b-5017-4da2-a727-bc9ca4626253 ] Request (ListServerFiltersTestJSON:setUpClass): 200 GET http://10.180.1.21/compute/v2.1/servers/93f3657a-4a6e-41f8-82c2-0fca562de390 0.063s
2025-02-20 03:37:20.041 63811 INFO tempest.lib.common.rest_client [req-7f9280f5-c1c9-44d1-965b-929c5330bb14 req-7f9280f5-c1c9-44d1-965b-929c5330bb14 ] Request (ServersTestBootFromVolume:tearDownClass): 204 DELETE http://10.180.1.21/compute/v2.1/servers/75d593d3-56de-42e7-bd65-a4616fa1c5c3 0.117s
2025-02-20 03:37:20.066 63773 INFO tempest.lib.common.rest_client [req-6aff077d-ae21-4404-82a0-3c4a92bc7fee req-6aff077d-ae21-4404-82a0-3c4a92bc7fee ] Request (ServersV294TestFqdnHostnames:setUpClass): 200 GET http://10.180.1.21/compute/v2.1/servers/6833c0a3-8fbd-4d15-b1bb-9a0da078b7ca 0.103s
2025-02-20 03:37:20.088 63791 INFO tempest.lib.common.rest_client [req-08478df1-d42c-4cb0-97f6-2c75d4530093 req-08478df1-d42c-4cb0-97f6-2c75d4530093 ] Request (SecurityGroupsTestJSON:test_server_security_groups): 200 GET http://10.180.1.21/compute/v2.1/servers/386df198-88ca-4909-8131-7d88f0c2b84d 0.087s
2025-02-20 03:37:20.134 63785 INFO tempest.lib.common.rest_client [req-f4a6fd86-ec70-4180-b422-58aacfa148eb req-f4a6fd86-ec70-4180-b422-58aacfa148eb ] Request (ServerExternalEventsTest:test_create_server_external_events): 200 GET http://10.180.1.21/compute/v2.1/servers/4d035215-5bcf-4af2-b42a-6349d15c4060 0.083s
2025-02-20 03:37:20.175 63811 INFO tempest.lib.common.rest_client [req-adad911d-7799-44b4-957b-8bdee9294ad2 req-adad911d-7799-44b4-957b-8bdee9294ad2 ] Request (ServersTestBootFromVolume:tearDownClass): 200 GET http://10.180.1.21/compute/v2.1/servers/75d593d3-56de-42e7-bd65-a4616fa1c5c3 0.134s
2025-02-20 03:37:20.263 63793 INFO tempest.lib.common.rest_client [req-b6b725ec-c969-42be-9f64-0529121fbb51 req-b6b725ec-c969-42be-9f64-0529121fbb51 ] Request (ServerMetadataNegativeTestJSON:tearDownClass): 200 GET http://10.180.1.21/compute/v2.1/servers/0ddb2492-4f7f-468c-a2ca-0370a838c650 0.056s
2025-02-20 03:37:20.296 63789 INFO tempest.lib.common.rest_client [req-77970682-39fc-4b39-8ec2-dc9247d9ec52 req-77970682-39fc-4b39-8ec2-dc9247d9ec52 ] Request (ListImageFiltersTestJSON:setUpClass): 200 GET http://10.180.1.21/compute/v2.1/servers/08850916-b1c8-4924-a028-db8903ec8697 0.050s
2025-02-20 03:37:20.372 63779 INFO tempest.lib.common.rest_client [req-f6b91d6c-c81e-4871-9bc8-a63f7b238849 req-f6b91d6c-c81e-4871-9bc8-a63f7b238849 ] Request (ServerDiagnosticsTest:tearDownClass): 200 GET http://10.180.1.21/compute/v2.1/servers/0e2cf45e-a763-4555-8c4f-4f7eb5781b63 0.056s
2025-02-20 03:37:20.399 63783 INFO tempest.lib.common.rest_client [req-982dacde-5202-48c1-96f8-81417b2c9eb2 req-982dacde-5202-48c1-96f8-81417b2c9eb2 ] Request (MigrationsAdminTest:test_resize_server_revert_deleted_flavor): 200 GET http://10.180.1.21/compute/v2.1/servers/528f802c-2166-4ad3-9bdc-cb6a53bbebf3 0.049s
2025-02-20 03:37:20.489 63807 INFO tempest.lib.common.rest_client [req-23bfe066-1888-445e-b35a-e20161279199 req-23bfe066-1888-445e-b35a-e20161279199 ] Request (ServerPasswordTestJSON:tearDownClass): 200 GET http://10.180.1.21/compute/v2.1/servers/84d98c0f-9049-4e54-8dc2-3412cd5281d8 0.056s
2025-02-20 03:37:20.496 63807 INFO tempest.common.waiters [-] State transition "ACTIVE/deleting" ==> "DELETED/None" after 4 second wait
2025-02-20 03:37:20.528 63787 INFO tempest.lib.common.rest_client [req-e92eda82-0ab1-407a-a96a-4ad85532870f req-e92eda82-0ab1-407a-a96a-4ad85532870f ] Request (ServerRescueNegativeTestJSON:setUpClass): 200 GET http://10.180.1.21/compute/v2.1/servers/b55b2a94-6f1e-4442-a946-47fdc92673dc 0.048s
2025-02-20 03:37:20.588 63829 INFO tempest.lib.common.rest_client [req-a839bba0-3b87-4e7a-9be7-c9c4e137a78f req-a839bba0-3b87-4e7a-9be7-c9c4e137a78f ] Request (ImagesNegativeTestJSON:test_create_image_from_deleted_server): 200 GET http://10.180.1.21/compute/v2.1/servers/a8db37d2-5843-4839-8db6-e203b727284c 0.050s
2025-02-20 03:37:20.603 63781 INFO tempest.lib.common.rest_client [req-c1f84f71-1543-46a7-93f5-4fd4df4b8263 req-c1f84f71-1543-46a7-93f5-4fd4df4b8263 ] Request (ServerActionsTestJSON:setUpClass): 200 GET http://10.180.1.21/compute/v2.1/servers/6813e0d5-549a-4178-823e-99f839bfe700 0.052s
