2025-02-20 03:36:35.697 63791 INFO tempest.lib.common.rest_client [req-73ec82ae-8a12-4d5f-ac96-4d3ee9efe096 req-73ec82ae-8a12-4d5f-ac96-4d3ee9efe096 ] Request (SecurityGroupsTestJSON:test_server_security_groups): 200 GET http://10.180.1.21/compute/v2.1/servers/386df198-88ca-4909-8131-7d88f0c2b84d 0.113s
2025-02-20 03:36:35.705 63811 WARNING tempest.lib.common.ssh [-] Failed to establish authenticated ssh connection to cirros@10.180.180.185 ([Errno None] Unable to connect to port 22 on 10.180.180.185). Number attempts: 7. Retry after 8 seconds.: paramiko.ssh_exception.NoValidConnectionsError: [Errno None] Unable to connect to port 22 on 10.180.180.185
2025-02-20 03:36:35.719 63831 INFO tempest.lib.common.rest_client [req-37f2d98f-13a9-4cb6-a697-7083cd39e660 req-37f2d98f-13a9-4cb6-a697-7083cd39e660 ] Request (ServersTestJSON:test_create_server_with_ipv6_addr_only): 200 GET http://10.180.1.21/compute/v2.1/servers/67af9e44-3811-4d65-9ca4-c179b5d52406 0.103s
2025-02-20 03:36:35.741 63829 INFO tempest.lib.common.rest_client [req-8c69bbcc-249e-49f0-a6c4-4f2b714a8a18 req-8c69bbcc-249e-49f0-a6c4-4f2b714a8a18 ] Request (ImagesNegativeTestJSON:setUpClass): 201 POST http://10.180.1.21/identity/v3/auth/tokens 0.071s
2025-02-20 03:36:35.748 63797 INFO tempest.lib.common.rest_client [req-0e20a704-e9f1-475c-aab0-1df2ff70455b req-0e20a704-e9f1-475c-aab0-1df2ff70455b ] Request (ServersNegativeTestMultiTenantJSON:setUpClass): 200 GET http://10.180.1.21/compute/v2.1/servers/a7ba1234-3d05-4ba5-b399-071a0bf16b59 0.119s
2025-02-20 03:36:35.768 63789 INFO tempest.lib.common.rest_client [req-000f9c5b-c4fa-4c33-909a-547b54024d16 req-000f9c5b-c4fa-4c33-909a-547b54024d16 ] Request (ListImageFiltersTestJSON:setUpClass): 200 GET http://10.180.1.21/compute/v2.1/servers/08850916-b1c8-4924-a028-db8903ec8697 0.108s
2025-02-20 03:36:35.827 63825 INFO tempest.lib.common.rest_client [req-443377d1-ca8a-43e6-8da3-f32983394aa6 req-443377d1-ca8a-43e6-8da3-f32983394aa6 ] Request (InstanceActionsTestJSON:tearDownClass): 200 GET http://10.180.1.21/compute/v2.1/servers/c11de26f-12a3-4dba-8a5c-a3ae740dbc50 0.066s
2025-02-20 03:36:35.891 63779 INFO tempest.lib.common.rest_client [req-f7daebee-2ffa-4fd7-9d21-a3a654779025 req-f7daebee-2ffa-4fd7-9d21-a3a654779025 ] Request (ServerDiagnosticsTest:tearDownClass): 200 GET http://10.180.1.21/compute/v2.1/servers/0e2cf45e-a763-4555-8c4f-4f7eb5781b63 0.075s
2025-02-20 03:36:35.900 63815 INFO tempest.lib.common.rest_client [req-fc9033bd-9fe8-46f0-9b23-2806985f6b79 req-fc9033bd-9fe8-46f0-9b23-2806985f6b79 ] Request (MultipleCreateTestJSON:test_multiple_create): 200 GET http://10.180.1.21/compute/v2.1/servers/b6a94ad9-8006-42ac-86c1-1596dd00b832 0.093s
2025-02-20 03:36:35.907 63815 INFO tempest.common.waiters [-] State transition "BUILD/spawning" ==> "ACTIVE/None" after 61 second wait
2025-02-20 03:36:35.948 63807 INFO tempest.lib.common.rest_client [req-9e4de81c-ce1f-4913-b216-86535968b277 req-9e4de81c-ce1f-4913-b216-86535968b277 ] Request (ServerPasswordTestJSON:setUpClass): 200 GET http://10.180.1.21/compute/v2.1/servers/84d98c0f-9049-4e54-8dc2-3412cd5281d8 0.093s
2025-02-20 03:36:35.953 63827 INFO tempest.lib.common.rest_client [req-b76eee80-ab3c-4ad8-9862-501de3ac84fb req-b76eee80-ab3c-4ad8-9862-501de3ac84fb ] Request (FloatingIPsAssociationTestJSON:setUpClass): 200 GET http://10.180.1.21/compute/v2.1/servers/c3d18b34-69f8-498e-bd45-b6fa4e18ecae 0.052s
2025-02-20 03:36:36.099 63815 INFO tempest.lib.common.rest_client [req-5a8d5dd0-1b66-4bdf-bbc0-7f1661c7c1f8 req-5a8d5dd0-1b66-4bdf-bbc0-7f1661c7c1f8 ] Request (MultipleCreateTestJSON:test_multiple_create): 200 GET http://10.180.1.21/compute/v2.1/servers/e431ae4a-badb-435b-8548-e0e295e1f6a1 0.191s
2025-02-20 03:36:36.148 63829 INFO tempest.lib.common.rest_client [req-ddf51358-aa35-4c4b-bf2f-6b7c928cde0e req-ddf51358-aa35-4c4b-bf2f-6b7c928cde0e ] Request (ImagesNegativeTestJSON:setUpClass): 201 POST http://10.180.1.21:9696/networking/v2.0/networks 0.406s
2025-02-20 03:36:36.206 63815 INFO tempest.lib.common.rest_client [req-23b60d66-6b56-4ad8-af5d-681793acf6fb req-23b60d66-6b56-4ad8-af5d-681793acf6fb ] Request (MultipleCreateTestJSON:_run_cleanups): 204 DELETE http://10.180.1.21/compute/v2.1/servers/e431ae4a-badb-435b-8548-e0e295e1f6a1 0.099s
2025-02-20 03:36:36.270 63793 INFO tempest.lib.common.rest_client [req-b24f6956-4ee6-4a06-a283-16c05951df0d req-b24f6956-4ee6-4a06-a283-16c05951df0d ] Request (ServerMetadataNegativeTestJSON:tearDownClass): 200 GET http://10.180.1.21/compute/v2.1/servers/0ddb2492-4f7f-468c-a2ca-0370a838c650 0.149s
2025-02-20 03:36:36.297 63815 INFO tempest.lib.common.rest_client [req-30e5cb84-0b75-49f2-ab32-ab933d5ea185 req-30e5cb84-0b75-49f2-ab32-ab933d5ea185 ] Request (MultipleCreateTestJSON:_run_cleanups): 204 DELETE http://10.180.1.21/compute/v2.1/servers/b6a94ad9-8006-42ac-86c1-1596dd00b832 0.091s
2025-02-20 03:36:36.362 63785 INFO tempest.lib.common.rest_client [req-a29d28d5-9e95-4761-b6ba-166d380f61e4 req-a29d28d5-9e95-4761-b6ba-166d380f61e4 ] Request (ServerExternalEventsTest:test_create_server_external_events): 200 GET http://10.180.1.21/compute/v2.1/servers/4d035215-5bcf-4af2-b42a-6349d15c4060 0.053s
2025-02-20 03:36:36.406 63829 INFO tempest.lib.common.rest_client [req-275cb11c-8ff5-4537-981a-455229ed0c0c req-275cb11c-8ff5-4537-981a-455229ed0c0c ] Request (ImagesNegativeTestJSON:setUpClass): 201 POST http://10.180.1.21:9696/networking/v2.0/subnets 0.257s
2025-02-20 03:36:36.422 63815 INFO tempest.lib.common.rest_client [req-b9444ad8-6d94-4d88-b833-5843b6adfbb7 req-b9444ad8-6d94-4d88-b833-5843b6adfbb7 ] Request (MultipleCreateTestJSON:_run_cleanups): 200 GET http://10.180.1.21/compute/v2.1/servers/e431ae4a-badb-435b-8548-e0e295e1f6a1 0.124s
2025-02-20 03:36:36.465 63777 INFO tempest.lib.common.rest_client [req-55a03b4d-3f20-4063-8cf7-39c8ed846010 req-55a03b4d-3f20-4063-8cf7-39c8ed846010 ] Request (ServersTestManualDisk:setUpClass): 200 GET http://10.180.1.21/compute/v2.1/servers/d24d0229-c85f-4b75-980a-8a82b4946306 0.121s
2025-02-20 03:36:36.472 63781 INFO tempest.lib.common.rest_client [req-52c31e06-5c63-4a82-b099-137958c38af2 req-52c31e06-5c63-4a82-b099-137958c38af2 ] Request (ServerActionsTestJSON:setUpClass): 200 GET http://10.180.1.21/compute/v2.1/servers/6813e0d5-549a-4178-823e-99f839bfe700 0.074s
2025-02-20 03:36:36.529 63809 INFO tempest.lib.common.rest_client [req-10c53b71-9fd9-4904-81e4-47bd11c48917 req-10c53b71-9fd9-4904-81e4-47bd11c48917 ] Request (ServerDiskConfigTestJSON:test_rebuild_server_with_manual_disk_config): 200 GET http://10.180.1.21/compute/v2.1/servers/1f38829c-e678-4e10-812a-de98286d49fe 0.090s
2025-02-20 03:36:36.582 63783 INFO tempest.lib.common.rest_client [req-909e60ba-26d8-4fa7-b596-96586ab45f27 req-909e60ba-26d8-4fa7-b596-96586ab45f27 ] Request (MigrationsAdminTest:test_list_migrations_in_flavor_resize_situation): 200 GET http://10.180.1.21/compute/v2.1/servers/8cef03c0-9244-441f-ba53-6d053fcaf825 0.135s
2025-02-20 03:36:36.632 63799 INFO tempest.lib.common.rest_client [req-8bbefcd4-84c0-4388-8711-4e91665744b8 req-8bbefcd4-84c0-4388-8711-4e91665744b8 ] Request (ServerRescueTestJSONUnderV235:tearDownClass): 200 GET http://10.180.1.21/compute/v2.1/servers/e271acf6-87b6-48aa-a90a-d6fecbe9b363 0.119s
2025-02-20 03:36:36.674 63787 INFO tempest.lib.common.rest_client [req-b05ab4cf-8be5-4250-a092-bb4e7d23a436 req-b05ab4cf-8be5-4250-a092-bb4e7d23a436 ] Request (ServerRescueNegativeTestJSON:setUpClass): 200 GET http://10.180.1.21/compute/v2.1/servers/b55b2a94-6f1e-4442-a946-47fdc92673dc 0.131s
2025-02-20 03:36:36.749 63817 INFO tempest.lib.common.rest_client [req-f5dc0d54-b234-430c-89bb-33b046f9b632 req-f5dc0d54-b234-430c-89bb-33b046f9b632 ] Request (DeleteServersAdminTestJSON:test_delete_server_while_in_error_state): 200 GET http://10.180.1.21/compute/v2.1/servers/a277d989-e34f-4c7b-9bb0-187254ceaad1 0.183s
2025-02-20 03:36:36.781 63813 INFO tempest.lib.common.rest_client [req-e115ddfc-2d07-4bf9-8a8b-e1c38d1ead19 req-e115ddfc-2d07-4bf9-8a8b-e1c38d1ead19 ] Request (ServersAdminNegativeTestJSON:tearDownClass): 200 GET http://10.180.1.21/compute/v2.1/servers/ba89dd99-4420-4281-b623-688b6da5fd64 0.290s
2025-02-20 03:36:36.802 63835 INFO tempest.lib.common.rest_client [req-7c5e29ec-a4d7-45c3-8d33-e4ee944c819c req-7c5e29ec-a4d7-45c3-8d33-e4ee944c819c ] Request (ServersTestJSON:setUpClass): 200 GET http://10.180.1.21/compute/v2.1/servers/0b3cc0ac-a0d6-40c9-b1c5-717ed9fce0df 0.214s
2025-02-20 03:36:36.838 63773 INFO tempest.lib.common.rest_client [req-33ac6937-68b5-4c12-8c5f-b76ddf951a7e req-33ac6937-68b5-4c12-8c5f-b76ddf951a7e ] Request (ServersV294TestFqdnHostnames:setUpClass): 200 GET http://10.180.1.21/compute/v2.1/servers/6833c0a3-8fbd-4d15-b1bb-9a0da078b7ca 0.222s
2025-02-20 03:36:36.852 63795 INFO tempest.lib.common.rest_client [req-0c1592ae-66d6-41a1-a090-70128e8ea18c req-0c1592ae-66d6-41a1-a090-70128e8ea18c ] Request (ImagesTestJSON:test_create_image_from_suspended_server): 200 GET http://10.180.1.21/compute/v2.1/servers/9d7fa19c-74c4-45d3-a02a-605d47798726 0.217s
2025-02-20 03:36:36.858 63795 INFO tempest.common.waiters [-] State transition "BUILD/scheduling" ==> "BUILD/None" after 41 second wait
2025-02-20 03:36:36.890 63819 INFO tempest.lib.common.rest_client [req-038a0e94-ba38-494f-961e-612e551dae84 req-038a0e94-ba38-494f-961e-612e551dae84 ] Request (ServerDiagnosticsNegativeTest:test_get_server_diagnostics_by_non_admin): 200 GET http://10.180.1.21/compute/v2.1/servers/d3183d9c-2ca2-4de9-9d54-6af926d2fd75 0.227s
2025-02-20 03:36:36.897 63805 INFO tempest.lib.common.rest_client [req-37eec2dd-ca9d-4316-afde-7a6480d7dcbb req-37eec2dd-ca9d-4316-afde-7a6480d7dcbb ] Request (ServersAdminTestJSON:test_create_server_with_scheduling_hint): 200 GET http://10.180.1.21/compute/v2.1/servers/1167dfbd-8fab-4f8d-9f46-f3c55db69e5e 0.216s
2025-02-20 03:36:36.944 63831 INFO tempest.lib.common.rest_client [req-e40874da-5352-4be9-b3c3-5192db5c966e req-e40874da-5352-4be9-b3c3-5192db5c966e ] Request (ServersTestJSON:test_create_server_with_ipv6_addr_only): 200 GET http://10.180.1.21/compute/v2.1/servers/67af9e44-3811-4d65-9ca4-c179b5d52406 0.215s
2025-02-20 03:36:36.949 63791 INFO tempest.lib.common.rest_client [req-6f4e43d6-ffbb-4833-baa8-72529c058f89 req-6f4e43d6-ffbb-4833-baa8-72529c058f89 ] Request (SecurityGroupsTestJSON:test_server_security_groups): 200 GET http://10.180.1.21/compute/v2.1/servers/386df198-88ca-4909-8131-7d88f0c2b84d 0.240s
2025-02-20 03:36:36.990 63797 INFO tempest.lib.common.rest_client [req-fbcc4a13-a418-4750-9f5e-e80795c6de2f req-fbcc4a13-a418-4750-9f5e-e80795c6de2f ] Request (ServersNegativeTestMultiTenantJSON:setUpClass): 200 GET http://10.180.1.21/compute/v2.1/servers/a7ba1234-3d05-4ba5-b399-071a0bf16b59 0.234s
2025-02-20 03:36:36.992 63789 INFO tempest.lib.common.rest_client [req-1c6c27fd-669a-4aeb-baaf-8f87eaf1de23 req-1c6c27fd-669a-4aeb-baaf-8f87eaf1de23 ] Request (ListImageFiltersTestJSON:setUpClass): 200 GET http://10.180.1.21/compute/v2.1/servers/08850916-b1c8-4924-a028-db8903ec8697 0.216s
2025-02-20 03:36:37.047 63825 INFO tempest.lib.common.rest_client [req-e653a148-91d4-4197-bad3-d0f9d7358697 req-e653a148-91d4-4197-bad3-d0f9d7358697 ] Request (InstanceActionsTestJSON:tearDownClass): 200 GET http://10.180.1.21/compute/v2.1/servers/c11de26f-12a3-4dba-8a5c-a3ae740dbc50 0.210s
2025-02-20 03:36:37.067 63779 INFO tempest.lib.common.rest_client [req-9f7cd8d5-a0a7-488a-8ac8-981c39399ab1 req-9f7cd8d5-a0a7-488a-8ac8-981c39399ab1 ] Request (ServerDiagnosticsTest:tearDownClass): 200 GET http://10.180.1.21/compute/v2.1/servers/0e2cf45e-a763-4555-8c4f-4f7eb5781b63 0.167s
2025-02-20 03:36:37.100 63807 INFO tempest.lib.common.rest_client [req-3f397595-6d52-4a1e-a258-1bfa2759e2ce req-3f397595-6d52-4a1e-a258-1bfa2759e2ce ] Request (ServerPasswordTestJSON:setUpClass): 200 GET http://10.180.1.21/compute/v2.1/servers/84d98c0f-9049-4e54-8dc2-3412cd5281d8 0.142s
2025-02-20 03:36:37.115 63827 INFO tempest.lib.common.rest_client [req-8cc7bce6-af64-4894-8505-078eb48a30cc req-8cc7bce6-af64-4894-8505-078eb48a30cc ] Request (FloatingIPsAssociationTestJSON:setUpClass): 200 GET http://10.180.1.21/compute/v2.1/servers/c3d18b34-69f8-498e-bd45-b6fa4e18ecae 0.154s
2025-02-20 03:36:37.340 63793 INFO tempest.lib.common.rest_client [req-eb3bf7a5-b053-43e5-a2e3-e12af8e025f6 req-eb3bf7a5-b053-43e5-a2e3-e12af8e025f6 ] Request (ServerMetadataNegativeTestJSON:tearDownClass): 200 GET http://10.180.1.21/compute/v2.1/servers/0ddb2492-4f7f-468c-a2ca-0370a838c650 0.062s
2025-02-20 03:36:37.342 63829 INFO tempest.lib.common.rest_client [req-91e9f16f-f349-4ad0-b529-92dec1aab612 req-91e9f16f-f349-4ad0-b529-92dec1aab612 ] Request (ImagesNegativeTestJSON:setUpClass): 201 POST http://10.180.1.21:9696/networking/v2.0/routers 0.936s
2025-02-20 03:36:37.438 63785 INFO tempest.lib.common.rest_client [req-6af43f11-81b2-433f-850f-8395cf796152 req-6af43f11-81b2-433f-850f-8395cf796152 ] Request (ServerExternalEventsTest:test_create_server_external_events): 200 GET http://10.180.1.21/compute/v2.1/servers/4d035215-5bcf-4af2-b42a-6349d15c4060 0.066s
2025-02-20 03:36:37.539 63815 INFO tempest.lib.common.rest_client [req-52802c68-91c6-4694-9956-5d3b368619f1 req-52802c68-91c6-4694-9956-5d3b368619f1 ] Request (MultipleCreateTestJSON:_run_cleanups): 200 GET http://10.180.1.21/compute/v2.1/servers/e431ae4a-badb-435b-8548-e0e295e1f6a1 0.109s
2025-02-20 03:36:37.589 63781 INFO tempest.lib.common.rest_client [req-97fbbe7a-20a7-48e4-8cc4-7508b363528b req-97fbbe7a-20a7-48e4-8cc4-7508b363528b ] Request (ServerActionsTestJSON:setUpClass): 200 GET http://10.180.1.21/compute/v2.1/servers/6813e0d5-549a-4178-823e-99f839bfe700 0.105s
2025-02-20 03:36:37.640 63777 INFO tempest.lib.common.rest_client [req-fd4248a8-5c8d-4c23-aa76-a6e6c9c0b3a2 req-fd4248a8-5c8d-4c23-aa76-a6e6c9c0b3a2 ] Request (ServersTestManualDisk:setUpClass): 200 GET http://10.180.1.21/compute/v2.1/servers/d24d0229-c85f-4b75-980a-8a82b4946306 0.167s
2025-02-20 03:36:37.644 63809 INFO tempest.lib.common.rest_client [req-6cad4725-cb67-4511-8c82-d86ac9887693 req-6cad4725-cb67-4511-8c82-d86ac9887693 ] Request (ServerDiskConfigTestJSON:test_rebuild_server_with_manual_disk_config): 200 GET http://10.180.1.21/compute/v2.1/servers/1f38829c-e678-4e10-812a-de98286d49fe 0.101s
2025-02-20 03:36:37.712 63799 INFO tempest.lib.common.rest_client [req-3b56b61f-5730-4675-8118-521f9b04eb1e req-3b56b61f-5730-4675-8118-521f9b04eb1e ] Request (ServerRescueTestJSONUnderV235:tearDownClass): 200 GET http://10.180.1.21/compute/v2.1/servers/e271acf6-87b6-48aa-a90a-d6fecbe9b363 0.068s
2025-02-20 03:36:37.752 63783 INFO tempest.lib.common.rest_client [req-b7ecae2d-bfd7-4ffa-ad4e-8604964bb2c3 req-b7ecae2d-bfd7-4ffa-ad4e-8604964bb2c3 ] Request (MigrationsAdminTest:test_list_migrations_in_flavor_resize_situation): 200 GET http://10.180.1.21/compute/v2.1/servers/8cef03c0-9244-441f-ba53-6d053fcaf825 0.160s
2025-02-20 03:36:37.787 63787 INFO tempest.lib.common.rest_client [req-3918428d-761d-41e1-abce-445e4d4a31b7 req-3918428d-761d-41e1-abce-445e4d4a31b7 ] Request (ServerRescueNegativeTestJSON:setUpClass): 200 GET http://10.180.1.21/compute/v2.1/servers/b55b2a94-6f1e-4442-a946-47fdc92673dc 0.099s
2025-02-20 03:36:37.831 63817 INFO tempest.lib.common.rest_client [req-52b48abc-9c52-4601-8742-87a5f8ede11c req-52b48abc-9c52-4601-8742-87a5f8ede11c ] Request (DeleteServersAdminTestJSON:test_delete_server_while_in_error_state): 200 GET http://10.180.1.21/compute/v2.1/servers/a277d989-e34f-4c7b-9bb0-187254ceaad1 0.068s
2025-02-20 03:36:37.858 63813 INFO tempest.lib.common.rest_client [req-a0e84565-d7d8-4e3c-aaaa-eb3dcd0da778 req-a0e84565-d7d8-4e3c-aaaa-eb3dcd0da778 ] Request (ServersAdminNegativeTestJSON:tearDownClass): 200 GET http://10.180.1.21/compute/v2.1/servers/ba89dd99-4420-4281-b623-688b6da5fd64 0.063s
2025-02-20 03:36:37.889 63835 INFO tempest.lib.common.rest_client [req-a7064956-9355-435c-a7d4-2f27c74b9114 req-a7064956-9355-435c-a7d4-2f27c74b9114 ] Request (ServersTestJSON:setUpClass): 200 GET http://10.180.1.21/compute/v2.1/servers/0b3cc0ac-a0d6-40c9-b1c5-717ed9fce0df 0.080s
2025-02-20 03:36:37.914 63773 INFO tempest.lib.common.rest_client [req-eb8f9bc1-a298-4b47-bd62-0e1976c163c6 req-eb8f9bc1-a298-4b47-bd62-0e1976c163c6 ] Request (ServersV294TestFqdnHostnames:setUpClass): 200 GET http://10.180.1.21/compute/v2.1/servers/6833c0a3-8fbd-4d15-b1bb-9a0da078b7ca 0.064s
2025-02-20 03:36:37.944 63795 INFO tempest.lib.common.rest_client [req-f3c63550-3e6c-4b94-b8bb-afd799a05dcc req-f3c63550-3e6c-4b94-b8bb-afd799a05dcc ] Request (ImagesTestJSON:test_create_image_from_suspended_server): 200 GET http://10.180.1.21/compute/v2.1/servers/9d7fa19c-74c4-45d3-a02a-605d47798726 0.085s
2025-02-20 03:36:37.965 63819 INFO tempest.lib.common.rest_client [req-7553d1cf-d8c1-44e6-988f-5a90447f346f req-7553d1cf-d8c1-44e6-988f-5a90447f346f ] Request (ServerDiagnosticsNegativeTest:test_get_server_diagnostics_by_non_admin): 200 GET http://10.180.1.21/compute/v2.1/servers/d3183d9c-2ca2-4de9-9d54-6af926d2fd75 0.067s
2025-02-20 03:36:38.006 63805 INFO tempest.lib.common.rest_client [req-a524614f-76d6-4440-add1-12d2d5f6d553 req-a524614f-76d6-4440-add1-12d2d5f6d553 ] Request (ServersAdminTestJSON:test_create_server_with_scheduling_hint): 200 GET http://10.180.1.21/compute/v2.1/servers/1167dfbd-8fab-4f8d-9f46-f3c55db69e5e 0.101s
2025-02-20 03:36:38.011 63775 WARNING tempest.lib.common.ssh [-] Failed to establish authenticated ssh connection to cirros@10.180.180.254 ([Errno None] Unable to connect to port 22 on 10.180.180.254). Number attempts: 7. Retry after 8 seconds.: paramiko.ssh_exception.NoValidConnectionsError: [Errno None] Unable to connect to port 22 on 10.180.180.254
2025-02-20 03:36:38.021 63831 INFO tempest.lib.common.rest_client [req-a33780b0-24a8-411a-aacd-b6bc2cf1b481 req-a33780b0-24a8-411a-aacd-b6bc2cf1b481 ] Request (ServersTestJSON:test_create_server_with_ipv6_addr_only): 200 GET http://10.180.1.21/compute/v2.1/servers/67af9e44-3811-4d65-9ca4-c179b5d52406 0.066s
2025-02-20 03:36:38.061 63791 INFO tempest.lib.common.rest_client [req-9f929f3a-df0b-4b9a-8eb2-3ad7d3f50e1c req-9f929f3a-df0b-4b9a-8eb2-3ad7d3f50e1c ] Request (SecurityGroupsTestJSON:test_server_security_groups): 200 GET http://10.180.1.21/compute/v2.1/servers/386df198-88ca-4909-8131-7d88f0c2b84d 0.104s
2025-02-20 03:36:38.077 63797 INFO tempest.lib.common.rest_client [req-f79942ac-516f-44ba-8ade-3d219e117c4a req-f79942ac-516f-44ba-8ade-3d219e117c4a ] Request (ServersNegativeTestMultiTenantJSON:setUpClass): 200 GET http://10.180.1.21/compute/v2.1/servers/a7ba1234-3d05-4ba5-b399-071a0bf16b59 0.078s
2025-02-20 03:36:38.119 63789 INFO tempest.lib.common.rest_client [req-e9dbace6-1716-4096-803b-2d3ace6b116d req-e9dbace6-1716-4096-803b-2d3ace6b116d ] Request (ListImageFiltersTestJSON:setUpClass): 200 GET http://10.180.1.21/compute/v2.1/servers/08850916-b1c8-4924-a028-db8903ec8697 0.119s
2025-02-20 03:36:38.135 63825 INFO tempest.lib.common.rest_client [req-77019afc-3a2c-459d-a713-6cc918e34994 req-77019afc-3a2c-459d-a713-6cc918e34994 ] Request (InstanceActionsTestJSON:tearDownClass): 200 GET http://10.180.1.21/compute/v2.1/servers/c11de26f-12a3-4dba-8a5c-a3ae740dbc50 0.081s
2025-02-20 03:36:38.194 63779 INFO tempest.lib.common.rest_client [req-9734f0af-9fd9-4c5f-9d7a-50285f5c4ad3 req-9734f0af-9fd9-4c5f-9d7a-50285f5c4ad3 ] Request (ServerDiagnosticsTest:tearDownClass): 200 GET http://10.180.1.21/compute/v2.1/servers/0e2cf45e-a763-4555-8c4f-4f7eb5781b63 0.120s
2025-02-20 03:36:38.199 63807 INFO tempest.lib.common.rest_client [req-be534b11-182d-4f8a-a620-fe374046d2e9 req-be534b11-182d-4f8a-a620-fe374046d2e9 ] Request (ServerPasswordTestJSON:setUpClass): 200 GET http://10.180.1.21/compute/v2.1/servers/84d98c0f-9049-4e54-8dc2-3412cd5281d8 0.089s
2025-02-20 03:36:38.255 63827 INFO tempest.lib.common.rest_client [req-1d24b3fd-2e21-47de-b188-21085f03fa9c req-1d24b3fd-2e21-47de-b188-21085f03fa9c ] Request (FloatingIPsAssociationTestJSON:setUpClass): 200 GET http://10.180.1.21/compute/v2.1/servers/c3d18b34-69f8-498e-bd45-b6fa4e18ecae 0.129s
2025-02-20 03:36:38.287 63829 INFO tempest.lib.common.rest_client [req-8287e0f8-acec-4dab-950f-69662d6bca4d req-8287e0f8-acec-4dab-950f-69662d6bca4d ] Request (ImagesNegativeTestJSON:setUpClass): 200 PUT http://10.180.1.21:9696/networking/v2.0/routers/8d72a2dc-2d04-4bf9-8504-4d6176e75455/add_router_interface 0.944s
2025-02-20 03:36:38.287 63829 INFO tempest.lib.common.dynamic_creds [-] Created isolated network resources for: credentials: Credentials: {'domain_id': 'default', 'domain_name': 'Default', 'username': 'tempest-ImagesNegativeTestJSON-1690949820-project-member', 'project_domain_id': 'default', 'project_domain_name': 'Default', 'project_id': '1f7fdd9ad5f24e3ab63f224cf8c438bb', 'project_name': 'tempest-ImagesNegativeTestJSON-1690949820', 'tenant_id': '1f7fdd9ad5f24e3ab63f224cf8c438bb', 'tenant_name': 'tempest-ImagesNegativeTestJSON-1690949820', 'user_domain_id': 'default', 'user_domain_name': 'Default', 'user_id': '254885cce0dc4932a09235f936246ecd', 'system': None}, Network: {'id': '046df8c9-9ac1-4ff3-a2f8-d1fedf48969d', 'name': 'tempest-ImagesNegativeTestJSON-99830731-network', 'tenant_id': '1f7fdd9ad5f24e3ab63f224cf8c438bb', 'admin_state_up': True, 'mtu': 8950, 'status': 'ACTIVE', 'subnets': [], 'shared': False, 'project_id': '1f7fdd9ad5f24e3ab63f224cf8c438bb', 'port_security_enabled': True, 'router:external': False, 'provider:network_type': 'vlan', 'provider:physical_network': 'default', 'provider:segmentation_id': 241, 'availability_zone_hints': [], 'availability_zones': [], 'ipv4_address_scope': None, 'ipv6_address_scope': None, 'description': '', 'tags': [], 'created_at': '2025-02-20T03:36:35Z', 'updated_at': '2025-02-20T03:36:36Z', 'revision_number': 1}, Subnet: {'id': '1dbab783-2e79-4142-96a0-8ffe533fa227', 'name': 'tempest-ImagesNegativeTestJSON-99830731-subnet', 'tenant_id': '1f7fdd9ad5f24e3ab63f224cf8c438bb', 'network_id': '046df8c9-9ac1-4ff3-a2f8-d1fedf48969d', 'ip_version': 4, 'subnetpool_id': None, 'enable_dhcp': True, 'ipv6_ra_mode': None, 'ipv6_address_mode': None, 'gateway_ip': '192.168.128.1', 'cidr': '192.168.128.0/28', 'allocation_pools': [{'start': '192.168.128.2', 'end': '192.168.128.14'}], 'host_routes': [], 'dns_nameservers': [], 'description': '', 'router:external': False, 'service_types': [], 'tags': [], 'created_at': '2025-02-20T03:36:36Z', 'updated_at': '2025-02-20T03:36:36Z', 'revision_number': 0, 'project_id': '1f7fdd9ad5f24e3ab63f224cf8c438bb'}, Router: {'id': '8d72a2dc-2d04-4bf9-8504-4d6176e75455', 'name': 'tempest-ImagesNegativeTestJSON-99830731-router', 'tenant_id': '1f7fdd9ad5f24e3ab63f224cf8c438bb', 'admin_state_up': True, 'status': 'ACTIVE', 'external_gateway_info': {'network_id': 'a739891f-b508-4016-befa-dc0bc92ffd89', 'external_fixed_ips': [{'subnet_id': '5f581288-039f-4cb0-a0f7-2964a8a3aeb3', 'ip_address': '10.180.180.130'}], 'enable_snat': True}, 'description': '', 'availability_zones': [], 'distributed': False, 'ha': False, 'availability_zone_hints': [], 'routes': [], 'flavor_id': None, 'tags': [], 'created_at': '2025-02-20T03:36:36Z', 'updated_at': '2025-02-20T03:36:37Z', 'revision_number': 2, 'project_id': '1f7fdd9ad5f24e3ab63f224cf8c438bb'}
2025-02-20 03:36:38.377 63829 INFO tempest.lib.common.rest_client [req-32d497dd-dc2e-45a3-8b72-c9c1831a59dd req-32d497dd-dc2e-45a3-8b72-c9c1831a59dd ] Request (ImagesNegativeTestJSON:setUpClass): 201 POST http://10.180.1.21/identity/v3/auth/tokens 0.086s
2025-02-20 03:36:38.403 63793 INFO tempest.lib.common.rest_client [req-824eee21-0694-4399-b8d4-ff7de3f84a96 req-824eee21-0694-4399-b8d4-ff7de3f84a96 ] Request (ServerMetadataNegativeTestJSON:tearDownClass): 200 GET http://10.180.1.21/compute/v2.1/servers/0ddb2492-4f7f-468c-a2ca-0370a838c650 0.055s
2025-02-20 03:36:38.404 63829 INFO tempest.lib.common.rest_client [req-2a31601f-ab3a-437c-b545-f52aa59ae39c req-2a31601f-ab3a-437c-b545-f52aa59ae39c ] Request (ImagesNegativeTestJSON:test_create_image_from_deleted_server): 201 POST http://10.180.1.21/identity/v3/auth/tokens 0.024s
2025-02-20 03:36:38.405 63829 INFO tempest.lib.common.fixed_network [-] (ImagesNegativeTestJSON:test_create_image_from_deleted_server) Found network {'id': '046df8c9-9ac1-4ff3-a2f8-d1fedf48969d', 'name': 'tempest-ImagesNegativeTestJSON-99830731-network', 'tenant_id': '1f7fdd9ad5f24e3ab63f224cf8c438bb', 'admin_state_up': True, 'mtu': 8950, 'status': 'ACTIVE', 'subnets': [], 'shared': False, 'project_id': '1f7fdd9ad5f24e3ab63f224cf8c438bb', 'port_security_enabled': True, 'router:external': False, 'provider:network_type': 'vlan', 'provider:physical_network': 'default', 'provider:segmentation_id': 241, 'availability_zone_hints': [], 'availability_zones': [], 'ipv4_address_scope': None, 'ipv6_address_scope': None, 'description': '', 'tags': [], 'created_at': '2025-02-20T03:36:35Z', 'updated_at': '2025-02-20T03:36:36Z', 'revision_number': 1} available for tenant
2025-02-20 03:36:38.410 63793 INFO tempest.common.waiters [-] State transition "ACTIVE/deleting" ==> "DELETED/None" after 6 second wait
2025-02-20 03:36:38.496 63785 INFO tempest.lib.common.rest_client [req-b899f4d7-2c62-4ca3-8509-28c10ac78603 req-b899f4d7-2c62-4ca3-8509-28c10ac78603 ] Request (ServerExternalEventsTest:test_create_server_external_events): 200 GET http://10.180.1.21/compute/v2.1/servers/4d035215-5bcf-4af2-b42a-6349d15c4060 0.049s
2025-02-20 03:36:38.684 63815 INFO tempest.lib.common.rest_client [req-684a6248-1955-4064-9779-387eb195cf7a req-684a6248-1955-4064-9779-387eb195cf7a ] Request (MultipleCreateTestJSON:_run_cleanups): 200 GET http://10.180.1.21/compute/v2.1/servers/e431ae4a-badb-435b-8548-e0e295e1f6a1 0.135s
2025-02-20 03:36:38.753 63781 INFO tempest.lib.common.rest_client [req-ad450417-e54a-42d4-8ebe-09ed8bce2e1c req-ad450417-e54a-42d4-8ebe-09ed8bce2e1c ] Request (ServerActionsTestJSON:setUpClass): 200 GET http://10.180.1.21/compute/v2.1/servers/6813e0d5-549a-4178-823e-99f839bfe700 0.146s
2025-02-20 03:36:38.830 63829 INFO tempest.lib.common.rest_client [req-bcc86b24-fdc4-4af6-8dab-8327c5edfaf4 req-bcc86b24-fdc4-4af6-8dab-8327c5edfaf4 ] Request (ImagesNegativeTestJSON:test_create_image_from_deleted_server): 202 POST http://10.180.1.21/compute/v2.1/servers 0.425s
2025-02-20 03:36:38.898 63809 INFO tempest.lib.common.rest_client [req-05e1b3fb-5dd3-4e91-a9a8-4276826ec6d3 req-05e1b3fb-5dd3-4e91-a9a8-4276826ec6d3 ] Request (ServerDiskConfigTestJSON:test_rebuild_server_with_manual_disk_config): 200 GET http://10.180.1.21/compute/v2.1/servers/1f38829c-e678-4e10-812a-de98286d49fe 0.245s
2025-02-20 03:36:38.899 63777 INFO tempest.lib.common.rest_client [req-d0f5ecd4-e11a-4db8-800a-8295c929cd4a req-d0f5ecd4-e11a-4db8-800a-8295c929cd4a ] Request (ServersTestManualDisk:setUpClass): 200 GET http://10.180.1.21/compute/v2.1/servers/d24d0229-c85f-4b75-980a-8a82b4946306 0.251s
2025-02-20 03:36:38.991 63799 INFO tempest.lib.common.rest_client [req-223e1adc-0720-4bb7-9c48-74d94a14673c req-223e1adc-0720-4bb7-9c48-74d94a14673c ] Request (ServerRescueTestJSONUnderV235:tearDownClass): 200 GET http://10.180.1.21/compute/v2.1/servers/e271acf6-87b6-48aa-a90a-d6fecbe9b363 0.266s
2025-02-20 03:36:39.026 63783 INFO tempest.lib.common.rest_client [req-23194f09-f41f-460e-a55e-10a4d0c9929f req-23194f09-f41f-460e-a55e-10a4d0c9929f ] Request (MigrationsAdminTest:test_list_migrations_in_flavor_resize_situation): 200 GET http://10.180.1.21/compute/v2.1/servers/8cef03c0-9244-441f-ba53-6d053fcaf825 0.260s
2025-02-20 03:36:39.051 63787 INFO tempest.lib.common.rest_client [req-28cafbd7-0a45-4d2d-93e3-6791c40e3dbc req-28cafbd7-0a45-4d2d-93e3-6791c40e3dbc ] Request (ServerRescueNegativeTestJSON:setUpClass): 200 GET http://10.180.1.21/compute/v2.1/servers/b55b2a94-6f1e-4442-a946-47fdc92673dc 0.253s
2025-02-20 03:36:39.070 63829 INFO tempest.lib.common.rest_client [req-52a183ca-cdff-44f2-98f2-2265d7fb53b8 req-52a183ca-cdff-44f2-98f2-2265d7fb53b8 ] Request (ImagesNegativeTestJSON:test_create_image_from_deleted_server): 200 GET http://10.180.1.21/compute/v2.1/servers/a8db37d2-5843-4839-8db6-e203b727284c 0.238s
2025-02-20 03:36:39.107 63817 INFO tempest.lib.common.rest_client [req-6fa6b74a-6d37-4eb1-9701-dc8bc7fe7640 req-6fa6b74a-6d37-4eb1-9701-dc8bc7fe7640 ] Request (DeleteServersAdminTestJSON:test_delete_server_while_in_error_state): 200 GET http://10.180.1.21/compute/v2.1/servers/a277d989-e34f-4c7b-9bb0-187254ceaad1 0.263s
2025-02-20 03:36:39.128 63813 INFO tempest.lib.common.rest_client [req-8dd3024a-29bf-4497-9ba7-133ea9143209 req-8dd3024a-29bf-4497-9ba7-133ea9143209 ] Request (ServersAdminNegativeTestJSON:tearDownClass): 200 GET http://10.180.1.21/compute/v2.1/servers/ba89dd99-4420-4281-b623-688b6da5fd64 0.261s
2025-02-20 03:36:39.159 63835 INFO tempest.lib.common.rest_client [req-9f5b6f86-03d7-436c-8498-eeec894b1c61 req-9f5b6f86-03d7-436c-8498-eeec894b1c61 ] Request (ServersTestJSON:setUpClass): 200 GET http://10.180.1.21/compute/v2.1/servers/0b3cc0ac-a0d6-40c9-b1c5-717ed9fce0df 0.256s
2025-02-20 03:36:39.181 63773 INFO tempest.lib.common.rest_client [req-af8cc987-5797-43a7-a3c9-977737403da3 req-af8cc987-5797-43a7-a3c9-977737403da3 ] Request (ServersV294TestFqdnHostnames:setUpClass): 200 GET http://10.180.1.21/compute/v2.1/servers/6833c0a3-8fbd-4d15-b1bb-9a0da078b7ca 0.255s
2025-02-20 03:36:39.208 63795 INFO tempest.lib.common.rest_client [req-209040e0-4329-44a9-8b01-6a5a20a4d90b req-209040e0-4329-44a9-8b01-6a5a20a4d90b ] Request (ImagesTestJSON:test_create_image_from_suspended_server): 200 GET http://10.180.1.21/compute/v2.1/servers/9d7fa19c-74c4-45d3-a02a-605d47798726 0.255s
2025-02-20 03:36:39.231 63819 INFO tempest.lib.common.rest_client [req-15ad097e-d8f9-4233-b437-c83d3f7d4928 req-15ad097e-d8f9-4233-b437-c83d3f7d4928 ] Request (ServerDiagnosticsNegativeTest:test_get_server_diagnostics_by_non_admin): 200 GET http://10.180.1.21/compute/v2.1/servers/d3183d9c-2ca2-4de9-9d54-6af926d2fd75 0.258s
2025-02-20 03:36:39.253 63805 INFO tempest.lib.common.rest_client [req-9030722a-2b43-4eae-8801-ddb8433553a5 req-9030722a-2b43-4eae-8801-ddb8433553a5 ] Request (ServersAdminTestJSON:test_create_server_with_scheduling_hint): 200 GET http://10.180.1.21/compute/v2.1/servers/1167dfbd-8fab-4f8d-9f46-f3c55db69e5e 0.234s
2025-02-20 03:36:39.276 63831 INFO tempest.lib.common.rest_client [req-b12c4708-67da-4588-86dc-ed4f7a0b9efc req-b12c4708-67da-4588-86dc-ed4f7a0b9efc ] Request (ServersTestJSON:test_create_server_with_ipv6_addr_only): 200 GET http://10.180.1.21/compute/v2.1/servers/67af9e44-3811-4d65-9ca4-c179b5d52406 0.246s
2025-02-20 03:36:39.299 63791 INFO tempest.lib.common.rest_client [req-81f7c9e0-9150-4c13-8746-a39a4ef2079f req-81f7c9e0-9150-4c13-8746-a39a4ef2079f ] Request (SecurityGroupsTestJSON:test_server_security_groups): 200 GET http://10.180.1.21/compute/v2.1/servers/386df198-88ca-4909-8131-7d88f0c2b84d 0.227s
2025-02-20 03:36:39.328 63797 INFO tempest.lib.common.rest_client [req-94877521-171f-4e09-9df4-0512e2652cc3 req-94877521-171f-4e09-9df4-0512e2652cc3 ] Request (ServersNegativeTestMultiTenantJSON:setUpClass): 200 GET http://10.180.1.21/compute/v2.1/servers/a7ba1234-3d05-4ba5-b399-071a0bf16b59 0.242s
2025-02-20 03:36:39.348 63789 INFO tempest.lib.common.rest_client [req-358804f2-f512-4356-bd4c-87d11e9dfd77 req-358804f2-f512-4356-bd4c-87d11e9dfd77 ] Request (ListImageFiltersTestJSON:setUpClass): 200 GET http://10.180.1.21/compute/v2.1/servers/08850916-b1c8-4924-a028-db8903ec8697 0.220s
2025-02-20 03:36:39.394 63825 INFO tempest.lib.common.rest_client [req-2d05d237-4434-432d-bf19-503287d1a7f9 req-2d05d237-4434-432d-bf19-503287d1a7f9 ] Request (InstanceActionsTestJSON:tearDownClass): 200 GET http://10.180.1.21/compute/v2.1/servers/c11de26f-12a3-4dba-8a5c-a3ae740dbc50 0.248s
2025-02-20 03:36:39.408 63779 INFO tempest.lib.common.rest_client [req-191a8a5d-3edd-463d-adad-d4715f1a74b8 req-191a8a5d-3edd-463d-adad-d4715f1a74b8 ] Request (ServerDiagnosticsTest:tearDownClass): 200 GET http://10.180.1.21/compute/v2.1/servers/0e2cf45e-a763-4555-8c4f-4f7eb5781b63 0.201s
2025-02-20 03:36:39.452 63807 INFO tempest.lib.common.rest_client [req-132674fc-0901-491c-99a7-208f61f55e0a req-132674fc-0901-491c-99a7-208f61f55e0a ] Request (ServerPasswordTestJSON:setUpClass): 200 GET http://10.180.1.21/compute/v2.1/servers/84d98c0f-9049-4e54-8dc2-3412cd5281d8 0.242s
2025-02-20 03:36:39.460 63827 INFO tempest.lib.common.rest_client [req-47ed2d72-9dde-44e3-8387-fe54ece33072 req-47ed2d72-9dde-44e3-8387-fe54ece33072 ] Request (FloatingIPsAssociationTestJSON:setUpClass): 200 GET http://10.180.1.21/compute/v2.1/servers/c3d18b34-69f8-498e-bd45-b6fa4e18ecae 0.197s
2025-02-20 03:36:39.466 63827 INFO tempest.common.waiters [-] State transition "BUILD/None" ==> "BUILD/networking" after 56 second wait
2025-02-20 03:36:39.509 63793 INFO tempest.lib.common.rest_client [req-54ee6d67-ba58-4a89-b32f-d0d8272caa62 req-54ee6d67-ba58-4a89-b32f-d0d8272caa62 ] Request (ServerMetadataNegativeTestJSON:tearDownClass): 200 GET http://10.180.1.21/compute/v2.1/servers/0ddb2492-4f7f-468c-a2ca-0370a838c650 0.098s
2025-02-20 03:36:39.558 63785 INFO tempest.lib.common.rest_client [req-79d6ccf2-0dc5-4e55-92be-e79682176518 req-79d6ccf2-0dc5-4e55-92be-e79682176518 ] Request (ServerExternalEventsTest:test_create_server_external_events): 200 GET http://10.180.1.21/compute/v2.1/servers/4d035215-5bcf-4af2-b42a-6349d15c4060 0.053s
2025-02-20 03:36:39.833 63781 INFO tempest.lib.common.rest_client [req-f04997ad-1516-41a5-a59a-5aba335aaf0f req-f04997ad-1516-41a5-a59a-5aba335aaf0f ] Request (ServerActionsTestJSON:setUpClass): 200 GET http://10.180.1.21/compute/v2.1/servers/6813e0d5-549a-4178-823e-99f839bfe700 0.071s
2025-02-20 03:36:39.906 63815 INFO tempest.lib.common.rest_client [req-85bc6f14-e066-4c97-bd64-e5712d60ad9c req-85bc6f14-e066-4c97-bd64-e5712d60ad9c ] Request (MultipleCreateTestJSON:_run_cleanups): 200 GET http://10.180.1.21/compute/v2.1/servers/e431ae4a-badb-435b-8548-e0e295e1f6a1 0.214s
2025-02-20 03:36:39.965 63809 INFO tempest.lib.common.rest_client [req-5f761152-fab0-4e9e-8cf5-9584833a54f0 req-5f761152-fab0-4e9e-8cf5-9584833a54f0 ] Request (ServerDiskConfigTestJSON:test_rebuild_server_with_manual_disk_config): 200 GET http://10.180.1.21/compute/v2.1/servers/1f38829c-e678-4e10-812a-de98286d49fe 0.058s
2025-02-20 03:36:39.994 63801 WARNING tempest.lib.common.ssh [-] Failed to establish authenticated ssh connection to cirros@10.180.180.238 ([Errno None] Unable to connect to port 22 on 10.180.180.238). Number attempts: 3. Retry after 4 seconds.: paramiko.ssh_exception.NoValidConnectionsError: [Errno None] Unable to connect to port 22 on 10.180.180.238
2025-02-20 03:36:40.023 63777 INFO tempest.lib.common.rest_client [req-4d9157b1-0b84-47b9-bcb9-cefd8e551ea0 req-4d9157b1-0b84-47b9-bcb9-cefd8e551ea0 ] Request (ServersTestManualDisk:setUpClass): 200 GET http://10.180.1.21/compute/v2.1/servers/d24d0229-c85f-4b75-980a-8a82b4946306 0.114s
2025-02-20 03:36:40.058 63803 WARNING tempest.lib.common.ssh [-] Failed to establish authenticated ssh connection to cirros@10.180.180.246 ([Errno None] Unable to connect to port 22 on 10.180.180.246). Number attempts: 7. Retry after 8 seconds.: paramiko.ssh_exception.NoValidConnectionsError: [Errno None] Unable to connect to port 22 on 10.180.180.246
2025-02-20 03:36:40.065 63799 INFO tempest.lib.common.rest_client [req-03cea41d-9cf9-4fce-85c3-705ffb2abad0 req-03cea41d-9cf9-4fce-85c3-705ffb2abad0 ] Request (ServerRescueTestJSONUnderV235:tearDownClass): 200 GET http://10.180.1.21/compute/v2.1/servers/e271acf6-87b6-48aa-a90a-d6fecbe9b363 0.065s
2025-02-20 03:36:40.116 63787 INFO tempest.lib.common.rest_client [req-941bf491-c69b-4ab1-8648-deaa9c5fe465 req-941bf491-c69b-4ab1-8648-deaa9c5fe465 ] Request (ServerRescueNegativeTestJSON:setUpClass): 200 GET http://10.180.1.21/compute/v2.1/servers/b55b2a94-6f1e-4442-a946-47fdc92673dc 0.055s
2025-02-20 03:36:40.157 63783 INFO tempest.lib.common.rest_client [req-a776a47a-6749-44f7-adee-a06b6fd7958b req-a776a47a-6749-44f7-adee-a06b6fd7958b ] Request (MigrationsAdminTest:test_list_migrations_in_flavor_resize_situation): 200 GET http://10.180.1.21/compute/v2.1/servers/8cef03c0-9244-441f-ba53-6d053fcaf825 0.123s
2025-02-20 03:36:40.165 63829 INFO tempest.lib.common.rest_client [req-22b83602-b004-4bf2-89d1-405a56ac7573 req-22b83602-b004-4bf2-89d1-405a56ac7573 ] Request (ImagesNegativeTestJSON:test_create_image_from_deleted_server): 200 GET http://10.180.1.21/compute/v2.1/servers/a8db37d2-5843-4839-8db6-e203b727284c 0.087s
2025-02-20 03:36:40.223 63813 INFO tempest.lib.common.rest_client [req-93c15092-e168-42ef-a43f-7fe226e255d9 req-93c15092-e168-42ef-a43f-7fe226e255d9 ] Request (ServersAdminNegativeTestJSON:tearDownClass): 200 GET http://10.180.1.21/compute/v2.1/servers/ba89dd99-4420-4281-b623-688b6da5fd64 0.086s
2025-02-20 03:36:40.224 63817 INFO tempest.lib.common.rest_client [req-8f6d863e-01b8-4324-8e73-36c248cb4efc req-8f6d863e-01b8-4324-8e73-36c248cb4efc ] Request (DeleteServersAdminTestJSON:test_delete_server_while_in_error_state): 200 GET http://10.180.1.21/compute/v2.1/servers/a277d989-e34f-4c7b-9bb0-187254ceaad1 0.108s
2025-02-20 03:36:40.274 63835 INFO tempest.lib.common.rest_client [req-457ff795-e770-4617-be00-fab9b28e0b80 req-457ff795-e770-4617-be00-fab9b28e0b80 ] Request (ServersTestJSON:setUpClass): 200 GET http://10.180.1.21/compute/v2.1/servers/0b3cc0ac-a0d6-40c9-b1c5-717ed9fce0df 0.108s
2025-02-20 03:36:40.282 63773 INFO tempest.lib.common.rest_client [req-79fd6fb8-38ae-4628-860a-2fff2abdfda4 req-79fd6fb8-38ae-4628-860a-2fff2abdfda4 ] Request (ServersV294TestFqdnHostnames:setUpClass): 200 GET http://10.180.1.21/compute/v2.1/servers/6833c0a3-8fbd-4d15-b1bb-9a0da078b7ca 0.088s
2025-02-20 03:36:40.329 63819 INFO tempest.lib.common.rest_client [req-1d80326a-bfa0-4abf-b297-e85b7cb95fe3 req-1d80326a-bfa0-4abf-b297-e85b7cb95fe3 ] Request (ServerDiagnosticsNegativeTest:test_get_server_diagnostics_by_non_admin): 200 GET http://10.180.1.21/compute/v2.1/servers/d3183d9c-2ca2-4de9-9d54-6af926d2fd75 0.090s
2025-02-20 03:36:40.330 63795 INFO tempest.lib.common.rest_client [req-d8055d1d-4f5f-46c3-a9e6-4013f1f9c9f3 req-d8055d1d-4f5f-46c3-a9e6-4013f1f9c9f3 ] Request (ImagesTestJSON:test_create_image_from_suspended_server): 200 GET http://10.180.1.21/compute/v2.1/servers/9d7fa19c-74c4-45d3-a02a-605d47798726 0.114s
2025-02-20 03:36:40.383 63805 INFO tempest.lib.common.rest_client [req-9a839dba-805c-43be-b19f-9eff53b1c216 req-9a839dba-805c-43be-b19f-9eff53b1c216 ] Request (ServersAdminTestJSON:test_create_server_with_scheduling_hint): 200 GET http://10.180.1.21/compute/v2.1/servers/1167dfbd-8fab-4f8d-9f46-f3c55db69e5e 0.122s
2025-02-20 03:36:40.385 63831 INFO tempest.lib.common.rest_client [req-3d290eb0-4c42-4cf1-b111-7d8acdebd9c1 req-3d290eb0-4c42-4cf1-b111-7d8acdebd9c1 ] Request (ServersTestJSON:test_create_server_with_ipv6_addr_only): 200 GET http://10.180.1.21/compute/v2.1/servers/67af9e44-3811-4d65-9ca4-c179b5d52406 0.101s
2025-02-20 03:36:40.432 63797 INFO tempest.lib.common.rest_client [req-fccd95dc-9759-4357-b230-180f7d1fb907 req-fccd95dc-9759-4357-b230-180f7d1fb907 ] Request (ServersNegativeTestMultiTenantJSON:setUpClass): 200 GET http://10.180.1.21/compute/v2.1/servers/a7ba1234-3d05-4ba5-b399-071a0bf16b59 0.097s
2025-02-20 03:36:40.434 63791 INFO tempest.lib.common.rest_client [req-36e46c25-f429-4316-8869-0c508ab57071 req-36e46c25-f429-4316-8869-0c508ab57071 ] Request (SecurityGroupsTestJSON:test_server_security_groups): 200 GET http://10.180.1.21/compute/v2.1/servers/386df198-88ca-4909-8131-7d88f0c2b84d 0.124s
2025-02-20 03:36:40.479 63789 INFO tempest.lib.common.rest_client [req-0ff917a2-f42f-45e4-aea2-9b9866db1e24 req-0ff917a2-f42f-45e4-aea2-9b9866db1e24 ] Request (ListImageFiltersTestJSON:setUpClass): 200 GET http://10.180.1.21/compute/v2.1/servers/08850916-b1c8-4924-a028-db8903ec8697 0.115s
2025-02-20 03:36:40.503 63825 INFO tempest.lib.common.rest_client [req-c044d5b4-79fd-47c1-aea2-8dade69a2eda req-c044d5b4-79fd-47c1-aea2-8dade69a2eda ] Request (InstanceActionsTestJSON:tearDownClass): 200 GET http://10.180.1.21/compute/v2.1/servers/c11de26f-12a3-4dba-8a5c-a3ae740dbc50 0.099s
2025-02-20 03:36:40.533 63779 INFO tempest.lib.common.rest_client [req-b64febef-a7a8-49a8-b4cf-c28dc00e1f0b req-b64febef-a7a8-49a8-b4cf-c28dc00e1f0b ] Request (ServerDiagnosticsTest:tearDownClass): 200 GET http://10.180.1.21/compute/v2.1/servers/0e2cf45e-a763-4555-8c4f-4f7eb5781b63 0.117s
2025-02-20 03:36:40.546 63807 INFO tempest.lib.common.rest_client [req-7318abda-9a62-4f90-848d-86b87d70af20 req-7318abda-9a62-4f90-848d-86b87d70af20 ] Request (ServerPasswordTestJSON:setUpClass): 200 GET http://10.180.1.21/compute/v2.1/servers/84d98c0f-9049-4e54-8dc2-3412cd5281d8 0.085s
2025-02-20 03:36:40.602 63793 INFO tempest.lib.common.rest_client [req-6bb2c4a4-f2dc-426d-8623-888c6fb5e3e5 req-6bb2c4a4-f2dc-426d-8623-888c6fb5e3e5 ] Request (ServerMetadataNegativeTestJSON:tearDownClass): 200 GET http://10.180.1.21/compute/v2.1/servers/0ddb2492-4f7f-468c-a2ca-0370a838c650 0.086s
2025-02-20 03:36:40.642 63785 INFO tempest.lib.common.rest_client [req-74985c81-882f-4752-9736-9ab8645c7ca1 req-74985c81-882f-4752-9736-9ab8645c7ca1 ] Request (ServerExternalEventsTest:test_create_server_external_events): 200 GET http://10.180.1.21/compute/v2.1/servers/4d035215-5bcf-4af2-b42a-6349d15c4060 0.068s
2025-02-20 03:36:40.643 63827 INFO tempest.lib.common.rest_client [req-5bb4fea6-17bc-4f4d-9653-18f09e531f38 req-5bb4fea6-17bc-4f4d-9653-18f09e531f38 ] Request (FloatingIPsAssociationTestJSON:setUpClass): 200 GET http://10.180.1.21/compute/v2.1/servers/c3d18b34-69f8-498e-bd45-b6fa4e18ecae 0.176s
2025-02-20 03:36:40.650 63827 INFO tempest.common.waiters [-] State transition "BUILD/networking" ==> "BUILD/spawning" after 57 second wait
2025-02-20 03:36:40.900 63781 INFO tempest.lib.common.rest_client [req-e0a098f8-5bd1-4fb2-a6b7-8f2e7e7c4888 req-e0a098f8-5bd1-4fb2-a6b7-8f2e7e7c4888 ] Request (ServerActionsTestJSON:setUpClass): 200 GET http://10.180.1.21/compute/v2.1/servers/6813e0d5-549a-4178-823e-99f839bfe700 0.059s
2025-02-20 03:36:40.969 63815 INFO tempest.lib.common.rest_client [req-664f610e-fd43-4c04-ac4b-dea94493f707 req-664f610e-fd43-4c04-ac4b-dea94493f707 ] Request (MultipleCreateTestJSON:_run_cleanups): 200 GET http://10.180.1.21/compute/v2.1/servers/e431ae4a-badb-435b-8548-e0e295e1f6a1 0.051s
2025-02-20 03:36:40.976 63815 INFO tempest.common.waiters [-] State transition "ACTIVE/deleting" ==> "DELETED/None" after 4 second wait
2025-02-20 03:36:41.020 63809 INFO tempest.lib.common.rest_client [req-8fcab78d-9393-4e21-a501-e6faf8d15b14 req-8fcab78d-9393-4e21-a501-e6faf8d15b14 ] Request (ServerDiskConfigTestJSON:test_rebuild_server_with_manual_disk_config): 200 GET http://10.180.1.21/compute/v2.1/servers/1f38829c-e678-4e10-812a-de98286d49fe 0.046s
2025-02-20 03:36:41.124 63777 INFO tempest.lib.common.rest_client [req-4c694634-434d-44dc-83e8-0c5fea7e8721 req-4c694634-434d-44dc-83e8-0c5fea7e8721 ] Request (ServersTestManualDisk:setUpClass): 200 GET http://10.180.1.21/compute/v2.1/servers/d24d0229-c85f-4b75-980a-8a82b4946306 0.092s
2025-02-20 03:36:41.141 63799 INFO tempest.lib.common.rest_client [req-7c34db95-9767-4c83-b49a-cdf1a05122f4 req-7c34db95-9767-4c83-b49a-cdf1a05122f4 ] Request (ServerRescueTestJSONUnderV235:tearDownClass): 200 GET http://10.180.1.21/compute/v2.1/servers/e271acf6-87b6-48aa-a90a-d6fecbe9b363 0.057s
2025-02-20 03:36:41.169 63787 INFO tempest.lib.common.rest_client [req-2a8410e3-ceb2-4a21-a48e-4a10ae471326 req-2a8410e3-ceb2-4a21-a48e-4a10ae471326 ] Request (ServerRescueNegativeTestJSON:setUpClass): 200 GET http://10.180.1.21/compute/v2.1/servers/b55b2a94-6f1e-4442-a946-47fdc92673dc 0.045s
2025-02-20 03:36:41.224 63829 INFO tempest.lib.common.rest_client [req-95603ebf-de74-4186-8ca9-dc36ef9e31ee req-95603ebf-de74-4186-8ca9-dc36ef9e31ee ] Request (ImagesNegativeTestJSON:test_create_image_from_deleted_server): 200 GET http://10.180.1.21/compute/v2.1/servers/a8db37d2-5843-4839-8db6-e203b727284c 0.048s
2025-02-20 03:36:41.285 63783 INFO tempest.lib.common.rest_client [req-b14c350f-6d9d-4320-a006-c4117d0d52a9 req-b14c350f-6d9d-4320-a006-c4117d0d52a9 ] Request (MigrationsAdminTest:test_list_migrations_in_flavor_resize_situation): 200 GET http://10.180.1.21/compute/v2.1/servers/8cef03c0-9244-441f-ba53-6d053fcaf825 0.113s
2025-02-20 03:36:41.296 63817 INFO tempest.lib.common.rest_client [req-ce71a8fb-80eb-45dd-98af-d87c930f0b4a req-ce71a8fb-80eb-45dd-98af-d87c930f0b4a ] Request (DeleteServersAdminTestJSON:test_delete_server_while_in_error_state): 200 GET http://10.180.1.21/compute/v2.1/servers/a277d989-e34f-4c7b-9bb0-187254ceaad1 0.064s
2025-02-20 03:36:41.345 63813 INFO tempest.lib.common.rest_client [req-8afa5af2-45fb-41ab-9afc-325d45af7588 req-8afa5af2-45fb-41ab-9afc-325d45af7588 ] Request (ServersAdminNegativeTestJSON:tearDownClass): 200 GET http://10.180.1.21/compute/v2.1/servers/ba89dd99-4420-4281-b623-688b6da5fd64 0.109s
2025-02-20 03:36:41.349 63835 INFO tempest.lib.common.rest_client [req-aeb55820-a684-41e8-8fc2-86c580a55dde req-aeb55820-a684-41e8-8fc2-86c580a55dde ] Request (ServersTestJSON:setUpClass): 200 GET http://10.180.1.21/compute/v2.1/servers/0b3cc0ac-a0d6-40c9-b1c5-717ed9fce0df 0.067s
2025-02-20 03:36:41.393 63795 INFO tempest.lib.common.rest_client [req-43814bfd-aa46-45dc-bc49-378e6edbe446 req-43814bfd-aa46-45dc-bc49-378e6edbe446 ] Request (ImagesTestJSON:test_create_image_from_suspended_server): 200 GET http://10.180.1.21/compute/v2.1/servers/9d7fa19c-74c4-45d3-a02a-605d47798726 0.054s
2025-02-20 03:36:41.409 63773 INFO tempest.lib.common.rest_client [req-05a9bd64-8f8a-4a3f-bb8c-6c69d61793e9 req-05a9bd64-8f8a-4a3f-bb8c-6c69d61793e9 ] Request (ServersV294TestFqdnHostnames:setUpClass): 200 GET http://10.180.1.21/compute/v2.1/servers/6833c0a3-8fbd-4d15-b1bb-9a0da078b7ca 0.117s
2025-02-20 03:36:41.438 63819 INFO tempest.lib.common.rest_client [req-a4506211-8138-448f-91a4-c72d0c41521e req-a4506211-8138-448f-91a4-c72d0c41521e ] Request (ServerDiagnosticsNegativeTest:test_get_server_diagnostics_by_non_admin): 200 GET http://10.180.1.21/compute/v2.1/servers/d3183d9c-2ca2-4de9-9d54-6af926d2fd75 0.099s
2025-02-20 03:36:41.453 63805 INFO tempest.lib.common.rest_client [req-787f7f9c-10bf-48bf-9c90-8c20f8285a83 req-787f7f9c-10bf-48bf-9c90-8c20f8285a83 ] Request (ServersAdminTestJSON:test_create_server_with_scheduling_hint): 200 GET http://10.180.1.21/compute/v2.1/servers/1167dfbd-8fab-4f8d-9f46-f3c55db69e5e 0.061s
2025-02-20 03:36:41.483 63831 INFO tempest.lib.common.rest_client [req-6a633253-fc9f-44bf-9a6e-8097e94fc790 req-6a633253-fc9f-44bf-9a6e-8097e94fc790 ] Request (ServersTestJSON:test_create_server_with_ipv6_addr_only): 200 GET http://10.180.1.21/compute/v2.1/servers/67af9e44-3811-4d65-9ca4-c179b5d52406 0.087s
2025-02-20 03:36:41.498 63791 INFO tempest.lib.common.rest_client [req-8b29c9d8-e16a-421e-b2b2-0f413b58d31d req-8b29c9d8-e16a-421e-b2b2-0f413b58d31d ] Request (SecurityGroupsTestJSON:test_server_security_groups): 200 GET http://10.180.1.21/compute/v2.1/servers/386df198-88ca-4909-8131-7d88f0c2b84d 0.055s
2025-02-20 03:36:41.529 63797 INFO tempest.lib.common.rest_client [req-52e761ff-cacc-4af5-9a12-c09153e94f19 req-52e761ff-cacc-4af5-9a12-c09153e94f19 ] Request (ServersNegativeTestMultiTenantJSON:setUpClass): 200 GET http://10.180.1.21/compute/v2.1/servers/a7ba1234-3d05-4ba5-b399-071a0bf16b59 0.087s
2025-02-20 03:36:41.545 63789 INFO tempest.lib.common.rest_client [req-d130e6d9-2a30-4947-a2c4-79ed5c11bba9 req-d130e6d9-2a30-4947-a2c4-79ed5c11bba9 ] Request (ListImageFiltersTestJSON:setUpClass): 200 GET http://10.180.1.21/compute/v2.1/servers/08850916-b1c8-4924-a028-db8903ec8697 0.058s
2025-02-20 03:36:41.582 63825 INFO tempest.lib.common.rest_client [req-0368b4f4-b51e-4576-82e9-7f4ac1d48ddb req-0368b4f4-b51e-4576-82e9-7f4ac1d48ddb ] Request (InstanceActionsTestJSON:tearDownClass): 200 GET http://10.180.1.21/compute/v2.1/servers/c11de26f-12a3-4dba-8a5c-a3ae740dbc50 0.069s
2025-02-20 03:36:41.594 63779 INFO tempest.lib.common.rest_client [req-918bc9b5-fd9f-48af-a4ca-f214758b1d64 req-918bc9b5-fd9f-48af-a4ca-f214758b1d64 ] Request (ServerDiagnosticsTest:tearDownClass): 200 GET http://10.180.1.21/compute/v2.1/servers/0e2cf45e-a763-4555-8c4f-4f7eb5781b63 0.053s
2025-02-20 03:36:41.625 63807 INFO tempest.lib.common.rest_client [req-fd1f9259-b9e1-4c03-b2eb-0944872d986c req-fd1f9259-b9e1-4c03-b2eb-0944872d986c ] Request (ServerPasswordTestJSON:setUpClass): 200 GET http://10.180.1.21/compute/v2.1/servers/84d98c0f-9049-4e54-8dc2-3412cd5281d8 0.070s
2025-02-20 03:36:41.665 63793 INFO tempest.lib.common.rest_client [req-2d8121d1-f594-46b1-9071-1c04fb92d4b7 req-2d8121d1-f594-46b1-9071-1c04fb92d4b7 ] Request (ServerMetadataNegativeTestJSON:tearDownClass): 200 GET http://10.180.1.21/compute/v2.1/servers/0ddb2492-4f7f-468c-a2ca-0370a838c650 0.051s
2025-02-20 03:36:41.696 63785 INFO tempest.lib.common.rest_client [req-bd70e3b1-7ad8-42f3-bcf9-0d9ab4d829cb req-bd70e3b1-7ad8-42f3-bcf9-0d9ab4d829cb ] Request (ServerExternalEventsTest:test_create_server_external_events): 200 GET http://10.180.1.21/compute/v2.1/servers/4d035215-5bcf-4af2-b42a-6349d15c4060 0.046s
2025-02-20 03:36:41.744 63827 INFO tempest.lib.common.rest_client [req-ea3de494-deb3-47e4-bbbb-86f4c68bdeb4 req-ea3de494-deb3-47e4-bbbb-86f4c68bdeb4 ] Request (FloatingIPsAssociationTestJSON:setUpClass): 200 GET http://10.180.1.21/compute/v2.1/servers/c3d18b34-69f8-498e-bd45-b6fa4e18ecae 0.093s
2025-02-20 03:36:41.963 63781 INFO tempest.lib.common.rest_client [req-93abd0ea-4b5b-4d81-a12f-48f5c30c8e5c req-93abd0ea-4b5b-4d81-a12f-48f5c30c8e5c ] Request (ServerActionsTestJSON:setUpClass): 200 GET http://10.180.1.21/compute/v2.1/servers/6813e0d5-549a-4178-823e-99f839bfe700 0.054s
2025-02-20 03:36:42.037 63815 INFO tempest.lib.common.rest_client [req-ac0ac18e-c80a-488d-9205-49d2cfcd6c86 req-ac0ac18e-c80a-488d-9205-49d2cfcd6c86 ] Request (MultipleCreateTestJSON:_run_cleanups): 200 GET http://10.180.1.21/compute/v2.1/servers/e431ae4a-badb-435b-8548-e0e295e1f6a1 0.059s
