2025-02-20 03:37:43.057 63797 INFO tempest.lib.common.rest_client [req-7d7ccc78-a1e6-406d-b407-a5ce3acc9250 req-7d7ccc78-a1e6-406d-b407-a5ce3acc9250 ] Request (ServersNegativeTestMultiTenantJSON:setUpClass): 200 GET http://10.180.1.21/compute/v2.1/servers/a7ba1234-3d05-4ba5-b399-071a0bf16b59 0.235s
2025-02-20 03:37:43.110 63793 INFO tempest.lib.common.rest_client [req-31368687-736f-4516-8201-a4d53e542511 req-31368687-736f-4516-8201-a4d53e542511 ] Request (ServerShowV247Test:test_update_rebuild_list_server): 200 GET http://10.180.1.21/compute/v2.1/servers/0fc5eeed-2c67-44ef-abf1-6a97d865a4a5 0.089s
2025-02-20 03:37:43.110 63773 INFO tempest.lib.common.rest_client [req-5611b40b-0d1b-40f1-83c8-3bb3c9a7da46 req-5611b40b-0d1b-40f1-83c8-3bb3c9a7da46 ] Request (ServersV294TestFqdnHostnames:setUpClass): 200 GET http://10.180.1.21/compute/v2.1/servers/6833c0a3-8fbd-4d15-b1bb-9a0da078b7ca 0.158s
2025-02-20 03:37:43.157 63783 INFO tempest.lib.common.rest_client [req-7a777ef8-fa33-4e34-a9ad-71daf7c170b8 req-7a777ef8-fa33-4e34-a9ad-71daf7c170b8 ] Request (MigrationsAdminTest:test_resize_server_revert_deleted_flavor): 200 GET http://10.180.1.21/compute/v2.1/servers/528f802c-2166-4ad3-9bdc-cb6a53bbebf3 0.078s
2025-02-20 03:37:43.189 63811 INFO tempest.lib.common.rest_client [req-98a62476-9e10-460d-8952-657d32c4fd44 req-98a62476-9e10-460d-8952-657d32c4fd44 ] Request (ServersTestBootFromVolume:tearDownClass): 200 GET http://10.180.1.21/compute/v2.1/servers/75d593d3-56de-42e7-bd65-a4616fa1c5c3 0.058s
2025-02-20 03:37:43.247 63829 INFO tempest.lib.common.rest_client [req-2a2cbf0d-1f7a-4df6-acf3-28c617c9b85b req-2a2cbf0d-1f7a-4df6-acf3-28c617c9b85b ] Request (ImagesNegativeTestJSON:test_create_image_from_deleted_server): 200 GET http://10.180.1.21/compute/v2.1/servers/a8db37d2-5843-4839-8db6-e203b727284c 0.064s
2025-02-20 03:37:43.291 63795 INFO tempest.lib.common.rest_client [req-62f90e40-d97c-4ca9-98d2-2bae2fdf59ed req-62f90e40-d97c-4ca9-98d2-2bae2fdf59ed ] Request (ImagesTestJSON:test_create_image_from_suspended_server): 200 GET http://10.180.1.21/compute/v2.1/images/133bb840-d96b-428c-936a-3953158fffcf 0.079s
2025-02-20 03:37:43.295 63803 INFO tempest.lib.common.rest_client [req-ba0062b0-5d5d-463e-aa6e-c534549c245c req-ba0062b0-5d5d-463e-aa6e-c534549c245c ] Request (VolumesAssistedSnapshotsTest:tearDownClass): 200 GET http://10.180.1.21/compute/v2.1/servers/5c7098ea-9a5a-4efc-87b7-793667f871d2 0.109s
2025-02-20 03:37:43.348 63827 INFO tempest.lib.common.rest_client [req-187d5913-7c1d-426e-981c-b8b7402a486d req-187d5913-7c1d-426e-981c-b8b7402a486d ] Request (FloatingIPsAssociationTestJSON:test_associate_already_associated_floating_ip): 200 GET http://10.180.1.21/compute/v2.1/servers/2a395b3b-02a7-4379-b080-2485d09bef01 0.079s
2025-02-20 03:37:43.355 63807 INFO tempest.lib.common.rest_client [req-d6ea4bbc-68d1-4c72-a502-fa8c48f3aaae req-d6ea4bbc-68d1-4c72-a502-fa8c48f3aaae ] Request (ServerPasswordTestJSON:tearDownClass): 200 GET http://10.180.1.21/compute/v2.1/servers/84d98c0f-9049-4e54-8dc2-3412cd5281d8 0.087s
2025-02-20 03:37:43.357 63827 INFO tempest.common.waiters [-] State transition "BUILD/scheduling" ==> "BUILD/None" after 53 second wait
2025-02-20 03:37:43.399 63779 INFO tempest.lib.common.rest_client [req-d73a606a-e0c6-471c-bc29-3977dec5b4f4 req-d73a606a-e0c6-471c-bc29-3977dec5b4f4 ] Request (ServersNegativeTestJSON:setUpClass): 200 GET http://10.180.1.21/compute/v2.1/servers/566324d4-75c0-425e-811d-a6b047a2a9d9 0.080s
2025-02-20 03:37:43.453 63785 INFO tempest.lib.common.rest_client [req-9f2c8392-bb86-4cd8-88da-6bae3621da86 req-9f2c8392-bb86-4cd8-88da-6bae3621da86 ] Request (ServerExternalEventsTest:test_create_server_external_events): 200 GET http://10.180.1.21/compute/v2.1/servers/4d035215-5bcf-4af2-b42a-6349d15c4060 0.098s
2025-02-20 03:37:43.453 63835 INFO tempest.lib.common.rest_client [req-70e5e70b-2352-417c-b88c-959d766112d9 req-70e5e70b-2352-417c-b88c-959d766112d9 ] Request (ServersTestJSON:setUpClass): 200 GET http://10.180.1.21/compute/v2.1/servers/0b3cc0ac-a0d6-40c9-b1c5-717ed9fce0df 0.088s
2025-02-20 03:37:43.654 63789 INFO tempest.lib.common.rest_client [req-f5536a51-ace4-4062-8653-a35a7501fbdd req-f5536a51-ace4-4062-8653-a35a7501fbdd ] Request (ListImageFiltersTestJSON:setUpClass): 200 GET http://10.180.1.21/compute/v2.1/servers/08850916-b1c8-4924-a028-db8903ec8697 0.090s
2025-02-20 03:37:43.662 63789 INFO tempest.common.waiters [-] State transition "BUILD/spawning" ==> "ACTIVE/None" after 99 second wait
2025-02-20 03:37:43.672 63815 INFO tempest.lib.common.rest_client [req-fb85adb1-6555-4cc8-96d9-4280f01d8537 req-fb85adb1-6555-4cc8-96d9-4280f01d8537 ] Request (MultipleCreateTestJSON:test_multiple_create_with_reservation_return): 200 GET http://10.180.1.21/compute/v2.1/servers/c3363ca3-22b7-4f9d-8550-372f8fe9ebe7 0.054s
2025-02-20 03:37:43.788 63805 INFO tempest.lib.common.rest_client [req-821c20ec-be6a-41a6-a1d6-4ad317a1a572 req-821c20ec-be6a-41a6-a1d6-4ad317a1a572 ] Request (ServersAdminTestJSON:test_create_server_with_scheduling_hint): 200 GET http://10.180.1.21/compute/v2.1/servers/1167dfbd-8fab-4f8d-9f46-f3c55db69e5e 0.116s
2025-02-20 03:37:43.793 63789 INFO tempest.lib.common.rest_client [req-97b2de58-b152-4c3b-9346-34f5c1af06cf req-97b2de58-b152-4c3b-9346-34f5c1af06cf ] Request (ListImageFiltersTestJSON:setUpClass): 200 GET http://10.180.1.21/compute/v2.1/servers/86066194-99b3-402d-ab07-58131d33b1f5 0.131s
2025-02-20 03:37:43.863 63813 INFO tempest.lib.common.rest_client [req-b4a899a8-c152-4883-8363-bc826222115d req-b4a899a8-c152-4883-8363-bc826222115d ] Request (FloatingIPsAssociationNegativeTestJSON:setUpClass): 200 GET http://10.180.1.21/compute/v2.1/servers/0dbf3213-c4ac-4ba7-98f6-27a9862c8276 0.137s
2025-02-20 03:37:43.941 63831 INFO tempest.lib.common.rest_client [req-eac19ae9-9f07-4675-a410-babcc4191479 req-eac19ae9-9f07-4675-a410-babcc4191479 ] Request (ServersTestJSON:_run_cleanups): 200 GET http://10.180.1.21/compute/v2.1/servers/67af9e44-3811-4d65-9ca4-c179b5d52406 0.132s
2025-02-20 03:37:44.001 63825 INFO tempest.lib.common.rest_client [req-46a19e2e-7b04-4219-acea-2ae804863e87 req-46a19e2e-7b04-4219-acea-2ae804863e87 ] Request (ListServerFiltersTestJSON:setUpClass): 200 GET http://10.180.1.21/compute/v2.1/servers/93f3657a-4a6e-41f8-82c2-0fca562de390 0.079s
2025-02-20 03:37:44.131 63787 INFO tempest.lib.common.rest_client [req-8ead5890-2a08-434e-babb-45e20acba629 req-8ead5890-2a08-434e-babb-45e20acba629 ] Request (ServerRescueNegativeTestJSON:test_rescued_vm_attach_volume): 200 GET http://10.180.1.21/compute/v2.1/servers/4ab58f55-a02f-497f-aed7-7729edf196d0 0.178s
2025-02-20 03:37:44.186 63809 INFO tempest.lib.common.rest_client [req-716b621c-a45c-4b0f-a457-f477bc9d9968 req-716b621c-a45c-4b0f-a457-f477bc9d9968 ] Request (ServerDiskConfigTestJSON:test_resize_server_from_auto_to_manual): 200 GET http://10.180.1.21/compute/v2.1/servers/c3e435bc-8ac2-446b-aadd-cea9397cdc8d 0.212s
2025-02-20 03:37:44.221 63801 INFO tempest.lib.common.rest_client [req-8e532212-a6cb-4956-b25f-2d87e6c3dd87 req-8e532212-a6cb-4956-b25f-2d87e6c3dd87 ] Request (VolumesAdminNegativeTest:_run_cleanups): 200 GET http://10.180.1.21/compute/v2.1/servers/7723b9ca-51aa-4b9b-ba33-8682435d3837/os-volume_attachments 0.221s
2025-02-20 03:37:44.328 63789 INFO tempest.lib.common.rest_client [req-0a23b0a1-bcc0-48eb-8934-9db922e9e14d req-0a23b0a1-bcc0-48eb-8934-9db922e9e14d ] Request (ListImageFiltersTestJSON:setUpClass): 202 POST http://10.180.1.21/compute/v2.1/servers/86066194-99b3-402d-ab07-58131d33b1f5/action 0.523s
2025-02-20 03:37:44.349 63791 INFO tempest.lib.common.rest_client [req-956c3d36-ed3a-416e-9552-544391803827 req-956c3d36-ed3a-416e-9552-544391803827 ] Request (SecurityGroupsTestJSON:test_server_security_groups): 200 GET http://10.180.1.21/compute/v2.1/servers/386df198-88ca-4909-8131-7d88f0c2b84d 0.289s
2025-02-20 03:37:44.364 63791 INFO tempest.common.waiters [-] State transition "BUILD/None" ==> "BUILD/networking" after 83 second wait
2025-02-20 03:37:44.417 63793 INFO tempest.lib.common.rest_client [req-304b47a6-44d6-4521-b98d-92b16b8a04de req-304b47a6-44d6-4521-b98d-92b16b8a04de ] Request (ServerShowV247Test:test_update_rebuild_list_server): 200 GET http://10.180.1.21/compute/v2.1/servers/0fc5eeed-2c67-44ef-abf1-6a97d865a4a5 0.297s
2025-02-20 03:37:44.480 63773 INFO tempest.lib.common.rest_client [req-e8f5bd32-9547-41b6-9396-569f92c70f47 req-e8f5bd32-9547-41b6-9396-569f92c70f47 ] Request (ServersV294TestFqdnHostnames:setUpClass): 200 GET http://10.180.1.21/compute/v2.1/servers/6833c0a3-8fbd-4d15-b1bb-9a0da078b7ca 0.357s
2025-02-20 03:37:44.534 63783 INFO tempest.lib.common.rest_client [req-bd89d9cf-b7dc-4f6e-b50a-377f0cd24381 req-bd89d9cf-b7dc-4f6e-b50a-377f0cd24381 ] Request (MigrationsAdminTest:test_resize_server_revert_deleted_flavor): 200 GET http://10.180.1.21/compute/v2.1/servers/528f802c-2166-4ad3-9bdc-cb6a53bbebf3 0.370s
2025-02-20 03:37:44.568 63797 INFO tempest.lib.common.rest_client [req-3ec8c02b-969e-4f13-8328-dd23cec3f00f req-3ec8c02b-969e-4f13-8328-dd23cec3f00f ] Request (ServersNegativeTestMultiTenantJSON:setUpClass): 200 GET http://10.180.1.21/compute/v2.1/servers/a7ba1234-3d05-4ba5-b399-071a0bf16b59 0.502s
2025-02-20 03:37:44.607 63811 INFO tempest.lib.common.rest_client [req-0d3a5589-8882-4073-8b65-f804048f59c2 req-0d3a5589-8882-4073-8b65-f804048f59c2 ] Request (ServersTestBootFromVolume:tearDownClass): 200 GET http://10.180.1.21/compute/v2.1/servers/75d593d3-56de-42e7-bd65-a4616fa1c5c3 0.410s
2025-02-20 03:37:44.645 63795 INFO tempest.lib.common.rest_client [req-73def885-e42c-4389-a314-f7c0553bd65e req-73def885-e42c-4389-a314-f7c0553bd65e ] Request (ImagesTestJSON:test_create_image_from_suspended_server): 200 GET http://10.180.1.21/compute/v2.1/images/133bb840-d96b-428c-936a-3953158fffcf 0.350s
2025-02-20 03:37:44.657 63829 INFO tempest.lib.common.rest_client [req-3a555e9a-812c-451d-b82f-232450aadcdc req-3a555e9a-812c-451d-b82f-232450aadcdc ] Request (ImagesNegativeTestJSON:test_create_image_from_deleted_server): 200 GET http://10.180.1.21/compute/v2.1/servers/a8db37d2-5843-4839-8db6-e203b727284c 0.398s
2025-02-20 03:37:44.700 63789 INFO tempest.lib.common.rest_client [req-896aa714-63b4-450b-8eee-2390d4e4839b req-896aa714-63b4-450b-8eee-2390d4e4839b ] Request (ListImageFiltersTestJSON:setUpClass): 200 GET http://10.180.1.21/compute/v2.1/images/a3de8b59-b8fa-48d6-aede-a9312babfa55 0.371s
2025-02-20 03:37:44.714 63803 INFO tempest.lib.common.rest_client [req-51568d89-28b7-4b9e-b2a6-fc5c1ebe4907 req-51568d89-28b7-4b9e-b2a6-fc5c1ebe4907 ] Request (VolumesAssistedSnapshotsTest:tearDownClass): 200 GET http://10.180.1.21/compute/v2.1/servers/5c7098ea-9a5a-4efc-87b7-793667f871d2 0.408s
2025-02-20 03:37:44.761 63827 INFO tempest.lib.common.rest_client [req-27993c22-156d-4ded-bbb7-703a1e4cb0bf req-27993c22-156d-4ded-bbb7-703a1e4cb0bf ] Request (FloatingIPsAssociationTestJSON:test_associate_already_associated_floating_ip): 200 GET http://10.180.1.21/compute/v2.1/servers/2a395b3b-02a7-4379-b080-2485d09bef01 0.403s
2025-02-20 03:37:44.785 63807 INFO tempest.lib.common.rest_client [req-11bc5f73-c5c4-49ce-ad0a-aa612655ce27 req-11bc5f73-c5c4-49ce-ad0a-aa612655ce27 ] Request (ServerPasswordTestJSON:tearDownClass): 200 GET http://10.180.1.21/compute/v2.1/servers/84d98c0f-9049-4e54-8dc2-3412cd5281d8 0.420s
2025-02-20 03:37:44.817 63779 INFO tempest.lib.common.rest_client [req-039bfc91-84e3-4157-bb11-7b5dfd20b120 req-039bfc91-84e3-4157-bb11-7b5dfd20b120 ] Request (ServersNegativeTestJSON:setUpClass): 200 GET http://10.180.1.21/compute/v2.1/servers/566324d4-75c0-425e-811d-a6b047a2a9d9 0.410s
2025-02-20 03:37:44.873 63835 INFO tempest.lib.common.rest_client [req-7369ec9e-addf-4569-9bc3-e7e9613114d5 req-7369ec9e-addf-4569-9bc3-e7e9613114d5 ] Request (ServersTestJSON:setUpClass): 200 GET http://10.180.1.21/compute/v2.1/servers/0b3cc0ac-a0d6-40c9-b1c5-717ed9fce0df 0.410s
2025-02-20 03:37:44.920 63815 INFO tempest.lib.common.rest_client [req-c353e642-3b53-4717-9bf2-785fb8c3e2c2 req-c353e642-3b53-4717-9bf2-785fb8c3e2c2 ] Request (MultipleCreateTestJSON:test_multiple_create_with_reservation_return): 200 GET http://10.180.1.21/compute/v2.1/servers/c3363ca3-22b7-4f9d-8550-372f8fe9ebe7 0.241s
2025-02-20 03:37:44.930 63785 INFO tempest.lib.common.rest_client [req-51f7435d-01fa-4989-a32e-c2ec932b6a04 req-51f7435d-01fa-4989-a32e-c2ec932b6a04 ] Request (ServerExternalEventsTest:test_create_server_external_events): 200 GET http://10.180.1.21/compute/v2.1/servers/4d035215-5bcf-4af2-b42a-6349d15c4060 0.467s
2025-02-20 03:37:44.978 63813 INFO tempest.lib.common.rest_client [req-f71b9637-d572-4450-988e-c8f0ef862454 req-f71b9637-d572-4450-988e-c8f0ef862454 ] Request (FloatingIPsAssociationNegativeTestJSON:setUpClass): 200 GET http://10.180.1.21/compute/v2.1/servers/0dbf3213-c4ac-4ba7-98f6-27a9862c8276 0.105s
2025-02-20 03:37:45.011 63805 INFO tempest.lib.common.rest_client [req-17bf3f7b-f90d-4f22-b86a-973bdbdea853 req-17bf3f7b-f90d-4f22-b86a-973bdbdea853 ] Request (ServersAdminTestJSON:test_create_server_with_scheduling_hint): 200 GET http://10.180.1.21/compute/v2.1/servers/1167dfbd-8fab-4f8d-9f46-f3c55db69e5e 0.216s
2025-02-20 03:37:45.035 63831 INFO tempest.lib.common.rest_client [req-7c7e6978-e9de-4e0e-bcba-969583436d41 req-7c7e6978-e9de-4e0e-bcba-969583436d41 ] Request (ServersTestJSON:_run_cleanups): 200 GET http://10.180.1.21/compute/v2.1/servers/67af9e44-3811-4d65-9ca4-c179b5d52406 0.083s
2025-02-20 03:37:45.065 63825 INFO tempest.lib.common.rest_client [req-e521f280-cfc7-4350-89fb-04b7272cef81 req-e521f280-cfc7-4350-89fb-04b7272cef81 ] Request (ListServerFiltersTestJSON:setUpClass): 200 GET http://10.180.1.21/compute/v2.1/servers/93f3657a-4a6e-41f8-82c2-0fca562de390 0.054s
2025-02-20 03:37:45.263 63809 INFO tempest.lib.common.rest_client [req-d696c679-30c6-49cd-97f4-620f82789c5f req-d696c679-30c6-49cd-97f4-620f82789c5f ] Request (ServerDiskConfigTestJSON:test_resize_server_from_auto_to_manual): 200 GET http://10.180.1.21/compute/v2.1/servers/c3e435bc-8ac2-446b-aadd-cea9397cdc8d 0.069s
2025-02-20 03:37:45.268 63787 INFO tempest.lib.common.rest_client [req-1b34efa5-c949-4aa2-9027-587de851a8bf req-1b34efa5-c949-4aa2-9027-587de851a8bf ] Request (ServerRescueNegativeTestJSON:test_rescued_vm_attach_volume): 200 GET http://10.180.1.21/compute/v2.1/servers/4ab58f55-a02f-497f-aed7-7729edf196d0 0.115s
2025-02-20 03:37:45.297 63801 INFO tempest.lib.common.rest_client [req-e69bc814-e1be-4662-918d-637ae7f7670c req-e69bc814-e1be-4662-918d-637ae7f7670c ] Request (VolumesAdminNegativeTest:_run_cleanups): 200 GET http://10.180.1.21/compute/v2.1/servers/7723b9ca-51aa-4b9b-ba33-8682435d3837/os-volume_attachments 0.073s
2025-02-20 03:37:45.463 63791 INFO tempest.lib.common.rest_client [req-cd7f1173-bde7-436f-96e0-50f99b2a00fe req-cd7f1173-bde7-436f-96e0-50f99b2a00fe ] Request (SecurityGroupsTestJSON:test_server_security_groups): 200 GET http://10.180.1.21/compute/v2.1/servers/386df198-88ca-4909-8131-7d88f0c2b84d 0.097s
2025-02-20 03:37:45.470 63791 INFO tempest.common.waiters [-] State transition "BUILD/networking" ==> "BUILD/spawning" after 84 second wait
2025-02-20 03:37:45.482 63793 INFO tempest.lib.common.rest_client [req-4a79e5db-9fd1-429b-a264-e18c57827165 req-4a79e5db-9fd1-429b-a264-e18c57827165 ] Request (ServerShowV247Test:test_update_rebuild_list_server): 200 GET http://10.180.1.21/compute/v2.1/servers/0fc5eeed-2c67-44ef-abf1-6a97d865a4a5 0.055s
2025-02-20 03:37:45.549 63773 INFO tempest.lib.common.rest_client [req-ef37840b-7cfa-47c7-86c5-79ffebb1a75f req-ef37840b-7cfa-47c7-86c5-79ffebb1a75f ] Request (ServersV294TestFqdnHostnames:setUpClass): 200 GET http://10.180.1.21/compute/v2.1/servers/6833c0a3-8fbd-4d15-b1bb-9a0da078b7ca 0.058s
2025-02-20 03:37:45.599 63783 INFO tempest.lib.common.rest_client [req-ba9330fb-646d-41a8-88bb-1d6e2a177d12 req-ba9330fb-646d-41a8-88bb-1d6e2a177d12 ] Request (MigrationsAdminTest:test_resize_server_revert_deleted_flavor): 200 GET http://10.180.1.21/compute/v2.1/servers/528f802c-2166-4ad3-9bdc-cb6a53bbebf3 0.054s
2025-02-20 03:37:45.696 63811 INFO tempest.lib.common.rest_client [req-bdf41abf-dbb2-41df-a103-5157853e8108 req-bdf41abf-dbb2-41df-a103-5157853e8108 ] Request (ServersTestBootFromVolume:tearDownClass): 200 GET http://10.180.1.21/compute/v2.1/servers/75d593d3-56de-42e7-bd65-a4616fa1c5c3 0.074s
2025-02-20 03:37:45.734 63795 INFO tempest.lib.common.rest_client [req-f3875411-ba24-431c-8615-177765293331 req-f3875411-ba24-431c-8615-177765293331 ] Request (ImagesTestJSON:test_create_image_from_suspended_server): 200 GET http://10.180.1.21/compute/v2.1/images/133bb840-d96b-428c-936a-3953158fffcf 0.081s
2025-02-20 03:37:45.801 63829 INFO tempest.lib.common.rest_client [req-c802265f-05e6-4603-9790-fed95bb3ce8e req-c802265f-05e6-4603-9790-fed95bb3ce8e ] Request (ImagesNegativeTestJSON:test_create_image_from_deleted_server): 200 GET http://10.180.1.21/compute/v2.1/servers/a8db37d2-5843-4839-8db6-e203b727284c 0.127s
2025-02-20 03:37:45.815 63797 INFO tempest.lib.common.rest_client [req-009cf2b9-624c-427e-90a0-f49111d63cc1 req-009cf2b9-624c-427e-90a0-f49111d63cc1 ] Request (ServersNegativeTestMultiTenantJSON:setUpClass): 200 GET http://10.180.1.21/compute/v2.1/servers/a7ba1234-3d05-4ba5-b399-071a0bf16b59 0.237s
2025-02-20 03:37:45.842 63789 INFO tempest.lib.common.rest_client [req-c7a619c8-8c94-4ada-97b1-61f77d8a09d8 req-c7a619c8-8c94-4ada-97b1-61f77d8a09d8 ] Request (ListImageFiltersTestJSON:setUpClass): 200 GET http://10.180.1.21/compute/v2.1/images/a3de8b59-b8fa-48d6-aede-a9312babfa55 0.136s
2025-02-20 03:37:45.886 63803 INFO tempest.lib.common.rest_client [req-30f3bbc4-30a2-48e1-9cc0-b809a31babea req-30f3bbc4-30a2-48e1-9cc0-b809a31babea ] Request (VolumesAssistedSnapshotsTest:tearDownClass): 200 GET http://10.180.1.21/compute/v2.1/servers/5c7098ea-9a5a-4efc-87b7-793667f871d2 0.161s
2025-02-20 03:37:45.894 63803 INFO tempest.common.waiters [-] State transition "ACTIVE/deleting" ==> "DELETED/None" after 3 second wait
2025-02-20 03:37:45.915 63827 INFO tempest.lib.common.rest_client [req-6b68a1f1-699f-4179-8957-84b5ef8fabac req-6b68a1f1-699f-4179-8957-84b5ef8fabac ] Request (FloatingIPsAssociationTestJSON:test_associate_already_associated_floating_ip): 200 GET http://10.180.1.21/compute/v2.1/servers/2a395b3b-02a7-4379-b080-2485d09bef01 0.144s
2025-02-20 03:37:45.958 63807 INFO tempest.lib.common.rest_client [req-c7c97858-2f0e-46d3-ba9f-dca6f270c252 req-c7c97858-2f0e-46d3-ba9f-dca6f270c252 ] Request (ServerPasswordTestJSON:tearDownClass): 200 GET http://10.180.1.21/compute/v2.1/servers/84d98c0f-9049-4e54-8dc2-3412cd5281d8 0.160s
2025-02-20 03:37:45.978 63775 WARNING tempest.lib.common.ssh [-] Failed to establish authenticated ssh connection to cirros@10.180.180.254 ([Errno None] Unable to connect to port 22 on 10.180.180.254). Number attempts: 12. Retry after 13 seconds.: paramiko.ssh_exception.NoValidConnectionsError: [Errno None] Unable to connect to port 22 on 10.180.180.254
2025-02-20 03:37:45.993 63779 INFO tempest.lib.common.rest_client [req-44c6db74-9359-4c98-bf6e-cef791fe5740 req-44c6db74-9359-4c98-bf6e-cef791fe5740 ] Request (ServersNegativeTestJSON:setUpClass): 200 GET http://10.180.1.21/compute/v2.1/servers/566324d4-75c0-425e-811d-a6b047a2a9d9 0.163s
2025-02-20 03:37:46.008 63835 INFO tempest.lib.common.rest_client [req-bea30c39-ca1c-44f2-8387-bfb7ad22d9fb req-bea30c39-ca1c-44f2-8387-bfb7ad22d9fb ] Request (ServersTestJSON:setUpClass): 200 GET http://10.180.1.21/compute/v2.1/servers/0b3cc0ac-a0d6-40c9-b1c5-717ed9fce0df 0.127s
2025-02-20 03:37:46.037 63815 INFO tempest.lib.common.rest_client [req-e0297645-2289-4683-8349-792ba511a58e req-e0297645-2289-4683-8349-792ba511a58e ] Request (MultipleCreateTestJSON:test_multiple_create_with_reservation_return): 200 GET http://10.180.1.21/compute/v2.1/servers/c3363ca3-22b7-4f9d-8550-372f8fe9ebe7 0.108s
2025-02-20 03:37:46.083 63813 INFO tempest.lib.common.rest_client [req-61be0fcf-74c7-4c55-98e5-8c765dab6cf3 req-61be0fcf-74c7-4c55-98e5-8c765dab6cf3 ] Request (FloatingIPsAssociationNegativeTestJSON:setUpClass): 200 GET http://10.180.1.21/compute/v2.1/servers/0dbf3213-c4ac-4ba7-98f6-27a9862c8276 0.098s
2025-02-20 03:37:46.094 63785 INFO tempest.lib.common.rest_client [req-38b2aa7e-51e6-48a0-a440-f3162078eac2 req-38b2aa7e-51e6-48a0-a440-f3162078eac2 ] Request (ServerExternalEventsTest:test_create_server_external_events): 200 GET http://10.180.1.21/compute/v2.1/servers/4d035215-5bcf-4af2-b42a-6349d15c4060 0.154s
2025-02-20 03:37:46.151 63831 INFO tempest.lib.common.rest_client [req-6c8cdd1d-00f2-44c3-a5a6-5b2b107c9f28 req-6c8cdd1d-00f2-44c3-a5a6-5b2b107c9f28 ] Request (ServersTestJSON:_run_cleanups): 200 GET http://10.180.1.21/compute/v2.1/servers/67af9e44-3811-4d65-9ca4-c179b5d52406 0.107s
2025-02-20 03:37:46.171 63805 INFO tempest.lib.common.rest_client [req-4c78f3a5-135c-41e0-9886-710870452ac0 req-4c78f3a5-135c-41e0-9886-710870452ac0 ] Request (ServersAdminTestJSON:test_create_server_with_scheduling_hint): 200 GET http://10.180.1.21/compute/v2.1/servers/1167dfbd-8fab-4f8d-9f46-f3c55db69e5e 0.152s
2025-02-20 03:37:46.196 63825 INFO tempest.lib.common.rest_client [req-d693c927-4af7-4599-aecd-0f3ef556c3e6 req-d693c927-4af7-4599-aecd-0f3ef556c3e6 ] Request (ListServerFiltersTestJSON:setUpClass): 200 GET http://10.180.1.21/compute/v2.1/servers/93f3657a-4a6e-41f8-82c2-0fca562de390 0.122s
2025-02-20 03:37:46.331 63809 INFO tempest.lib.common.rest_client [req-978e7b4c-9ab1-4ab1-bca4-17041bcee219 req-978e7b4c-9ab1-4ab1-bca4-17041bcee219 ] Request (ServerDiskConfigTestJSON:test_resize_server_from_auto_to_manual): 200 GET http://10.180.1.21/compute/v2.1/servers/c3e435bc-8ac2-446b-aadd-cea9397cdc8d 0.053s
2025-02-20 03:37:46.357 63801 INFO tempest.lib.common.rest_client [req-93e6aa4c-d733-4c67-9d30-5cc23a286e7a req-93e6aa4c-d733-4c67-9d30-5cc23a286e7a ] Request (VolumesAdminNegativeTest:_run_cleanups): 200 GET http://10.180.1.21/compute/v2.1/servers/7723b9ca-51aa-4b9b-ba33-8682435d3837/os-volume_attachments 0.058s
2025-02-20 03:37:46.390 63787 INFO tempest.lib.common.rest_client [req-5ccb24c0-acef-4cac-a657-b7cdf28db525 req-5ccb24c0-acef-4cac-a657-b7cdf28db525 ] Request (ServerRescueNegativeTestJSON:test_rescued_vm_attach_volume): 200 GET http://10.180.1.21/compute/v2.1/servers/4ab58f55-a02f-497f-aed7-7729edf196d0 0.114s
2025-02-20 03:37:46.546 63793 INFO tempest.lib.common.rest_client [req-4d582dbc-5ed2-40e5-ac77-dab01ce4c6be req-4d582dbc-5ed2-40e5-ac77-dab01ce4c6be ] Request (ServerShowV247Test:test_update_rebuild_list_server): 200 GET http://10.180.1.21/compute/v2.1/servers/0fc5eeed-2c67-44ef-abf1-6a97d865a4a5 0.053s
2025-02-20 03:37:46.564 63791 INFO tempest.lib.common.rest_client [req-894f97ca-748c-42f3-932f-118dd39bb8c9 req-894f97ca-748c-42f3-932f-118dd39bb8c9 ] Request (SecurityGroupsTestJSON:test_server_security_groups): 200 GET http://10.180.1.21/compute/v2.1/servers/386df198-88ca-4909-8131-7d88f0c2b84d 0.092s
2025-02-20 03:37:46.619 63773 INFO tempest.lib.common.rest_client [req-6b6ba8b2-6b2b-4524-9005-aee96b16532d req-6b6ba8b2-6b2b-4524-9005-aee96b16532d ] Request (ServersV294TestFqdnHostnames:setUpClass): 200 GET http://10.180.1.21/compute/v2.1/servers/6833c0a3-8fbd-4d15-b1bb-9a0da078b7ca 0.059s
2025-02-20 03:37:46.674 63783 INFO tempest.lib.common.rest_client [req-0b43f10b-abfb-4fb7-80f2-b37e4d44d369 req-0b43f10b-abfb-4fb7-80f2-b37e4d44d369 ] Request (MigrationsAdminTest:test_resize_server_revert_deleted_flavor): 200 GET http://10.180.1.21/compute/v2.1/servers/528f802c-2166-4ad3-9bdc-cb6a53bbebf3 0.066s
2025-02-20 03:37:46.778 63795 INFO tempest.lib.common.rest_client [req-ce79d49f-fdef-4b96-a64c-ee45e9a5d142 req-ce79d49f-fdef-4b96-a64c-ee45e9a5d142 ] Request (ImagesTestJSON:test_create_image_from_suspended_server): 200 GET http://10.180.1.21/compute/v2.1/images/133bb840-d96b-428c-936a-3953158fffcf 0.040s
2025-02-20 03:37:46.780 63811 INFO tempest.lib.common.rest_client [req-e1375951-c5ed-4772-beb6-5196a2ab0e65 req-e1375951-c5ed-4772-beb6-5196a2ab0e65 ] Request (ServersTestBootFromVolume:tearDownClass): 200 GET http://10.180.1.21/compute/v2.1/servers/75d593d3-56de-42e7-bd65-a4616fa1c5c3 0.074s
2025-02-20 03:37:46.875 63829 INFO tempest.lib.common.rest_client [req-2df4bde2-aadb-4b0b-ab71-df61e09efe88 req-2df4bde2-aadb-4b0b-ab71-df61e09efe88 ] Request (ImagesNegativeTestJSON:test_create_image_from_deleted_server): 200 GET http://10.180.1.21/compute/v2.1/servers/a8db37d2-5843-4839-8db6-e203b727284c 0.065s
2025-02-20 03:37:46.907 63789 INFO tempest.lib.common.rest_client [req-25bae543-497b-46a0-98be-33adc0854222 req-25bae543-497b-46a0-98be-33adc0854222 ] Request (ListImageFiltersTestJSON:setUpClass): 200 GET http://10.180.1.21/compute/v2.1/images/a3de8b59-b8fa-48d6-aede-a9312babfa55 0.061s
2025-02-20 03:37:46.932 63797 INFO tempest.lib.common.rest_client [req-737d9337-9a29-4bc7-8fd7-e26fe95ffdd8 req-737d9337-9a29-4bc7-8fd7-e26fe95ffdd8 ] Request (ServersNegativeTestMultiTenantJSON:setUpClass): 200 GET http://10.180.1.21/compute/v2.1/servers/a7ba1234-3d05-4ba5-b399-071a0bf16b59 0.105s
2025-02-20 03:37:46.969 63803 INFO tempest.lib.common.rest_client [req-9bb2b46e-0acc-48c1-9324-976024d1815e req-9bb2b46e-0acc-48c1-9324-976024d1815e ] Request (VolumesAssistedSnapshotsTest:tearDownClass): 200 GET http://10.180.1.21/compute/v2.1/servers/5c7098ea-9a5a-4efc-87b7-793667f871d2 0.074s
2025-02-20 03:37:46.996 63827 INFO tempest.lib.common.rest_client [req-24c57d10-cc65-49d8-8f19-7773c3c6d8ee req-24c57d10-cc65-49d8-8f19-7773c3c6d8ee ] Request (FloatingIPsAssociationTestJSON:test_associate_already_associated_floating_ip): 200 GET http://10.180.1.21/compute/v2.1/servers/2a395b3b-02a7-4379-b080-2485d09bef01 0.071s
2025-02-20 03:37:47.037 63807 INFO tempest.lib.common.rest_client [req-60b5f4e1-4c0d-45c8-96aa-e7b740f99285 req-60b5f4e1-4c0d-45c8-96aa-e7b740f99285 ] Request (ServerPasswordTestJSON:tearDownClass): 200 GET http://10.180.1.21/compute/v2.1/servers/84d98c0f-9049-4e54-8dc2-3412cd5281d8 0.069s
2025-02-20 03:37:47.068 63779 INFO tempest.lib.common.rest_client [req-6a99f80f-5fa3-4e4e-9147-48e2e77b81e5 req-6a99f80f-5fa3-4e4e-9147-48e2e77b81e5 ] Request (ServersNegativeTestJSON:setUpClass): 200 GET http://10.180.1.21/compute/v2.1/servers/566324d4-75c0-425e-811d-a6b047a2a9d9 0.065s
2025-02-20 03:37:47.135 63815 INFO tempest.lib.common.rest_client [req-6b8263d1-d456-4a4e-b7f5-430be93bfc53 req-6b8263d1-d456-4a4e-b7f5-430be93bfc53 ] Request (MultipleCreateTestJSON:test_multiple_create_with_reservation_return): 200 GET http://10.180.1.21/compute/v2.1/servers/c3363ca3-22b7-4f9d-8550-372f8fe9ebe7 0.088s
2025-02-20 03:37:47.156 63835 INFO tempest.lib.common.rest_client [req-bc61704a-fd11-4cb7-a208-0e1ede8691ea req-bc61704a-fd11-4cb7-a208-0e1ede8691ea ] Request (ServersTestJSON:setUpClass): 200 GET http://10.180.1.21/compute/v2.1/servers/0b3cc0ac-a0d6-40c9-b1c5-717ed9fce0df 0.139s
2025-02-20 03:37:47.168 63835 INFO tempest.common.waiters [-] State transition "BUILD/None" ==> "BUILD/networking" after 84 second wait
2025-02-20 03:37:47.190 63813 INFO tempest.lib.common.rest_client [req-a11af86d-e13d-4b86-ae71-a6ffd29c1cc0 req-a11af86d-e13d-4b86-ae71-a6ffd29c1cc0 ] Request (FloatingIPsAssociationNegativeTestJSON:setUpClass): 200 GET http://10.180.1.21/compute/v2.1/servers/0dbf3213-c4ac-4ba7-98f6-27a9862c8276 0.099s
2025-02-20 03:37:47.246 63831 INFO tempest.lib.common.rest_client [req-05cc7546-ccda-415b-9668-14142b6cd9bd req-05cc7546-ccda-415b-9668-14142b6cd9bd ] Request (ServersTestJSON:_run_cleanups): 200 GET http://10.180.1.21/compute/v2.1/servers/67af9e44-3811-4d65-9ca4-c179b5d52406 0.084s
2025-02-20 03:37:47.270 63785 INFO tempest.lib.common.rest_client [req-18be393d-7326-46d7-b5fa-4b473cba5b68 req-18be393d-7326-46d7-b5fa-4b473cba5b68 ] Request (ServerExternalEventsTest:test_create_server_external_events): 200 GET http://10.180.1.21/compute/v2.1/servers/4d035215-5bcf-4af2-b42a-6349d15c4060 0.169s
2025-02-20 03:37:47.327 63825 INFO tempest.lib.common.rest_client [req-1d3495c2-9ffd-4f82-b25c-fcae3f685f79 req-1d3495c2-9ffd-4f82-b25c-fcae3f685f79 ] Request (ListServerFiltersTestJSON:setUpClass): 200 GET http://10.180.1.21/compute/v2.1/servers/93f3657a-4a6e-41f8-82c2-0fca562de390 0.123s
2025-02-20 03:37:47.349 63805 INFO tempest.lib.common.rest_client [req-8a85dae5-7e06-4a82-ac4d-ba31cf21aad0 req-8a85dae5-7e06-4a82-ac4d-ba31cf21aad0 ] Request (ServersAdminTestJSON:test_create_server_with_scheduling_hint): 200 GET http://10.180.1.21/compute/v2.1/servers/1167dfbd-8fab-4f8d-9f46-f3c55db69e5e 0.170s
2025-02-20 03:37:47.401 63809 INFO tempest.lib.common.rest_client [req-5bbc9fc8-f8a1-426a-8b71-93bc7a7a62a5 req-5bbc9fc8-f8a1-426a-8b71-93bc7a7a62a5 ] Request (ServerDiskConfigTestJSON:test_resize_server_from_auto_to_manual): 200 GET http://10.180.1.21/compute/v2.1/servers/c3e435bc-8ac2-446b-aadd-cea9397cdc8d 0.062s
2025-02-20 03:37:47.410 63801 INFO tempest.lib.common.rest_client [req-1b3f59c3-43a3-454a-8374-1782a11cc721 req-1b3f59c3-43a3-454a-8374-1782a11cc721 ] Request (VolumesAdminNegativeTest:_run_cleanups): 200 GET http://10.180.1.21/compute/v2.1/servers/7723b9ca-51aa-4b9b-ba33-8682435d3837/os-volume_attachments 0.050s
2025-02-20 03:37:47.440 63801 INFO tempest.lib.common.rest_client [req-6a89ca24-f68b-4c64-85ae-f8148200d9e0 req-6a89ca24-f68b-4c64-85ae-f8148200d9e0 ] Request (VolumesAdminNegativeTest:_run_cleanups): 200 GET http://10.180.1.21/volume/v3/volumes/eda644f1-390d-45ac-bf9f-dd620d9364ae 0.028s
2025-02-20 03:37:47.448 63801 INFO tempest.common.waiters [-] volume eda644f1-390d-45ac-bf9f-dd620d9364ae reached available after waiting for 0.448421 seconds
2025-02-20 03:37:47.493 63787 INFO tempest.lib.common.rest_client [req-2e86c00a-765e-4989-81bb-7c913e13b1b1 req-2e86c00a-765e-4989-81bb-7c913e13b1b1 ] Request (ServerRescueNegativeTestJSON:test_rescued_vm_attach_volume): 200 GET http://10.180.1.21/compute/v2.1/servers/4ab58f55-a02f-497f-aed7-7729edf196d0 0.095s
2025-02-20 03:37:47.517 63801 INFO tempest.lib.common.rest_client [req-f436c91f-4ba7-4118-8a2d-6dfc6ab6635c req-f436c91f-4ba7-4118-8a2d-6dfc6ab6635c ] Request (VolumesAdminNegativeTest:test_update_attached_volume_with_nonexistent_volume_in_uri): 201 POST http://10.180.1.21/identity/v3/auth/tokens 0.065s
2025-02-20 03:37:47.517 63801 INFO tempest.lib.common.fixed_network [-] (VolumesAdminNegativeTest:test_update_attached_volume_with_nonexistent_volume_in_uri) Found network {'id': 'b2fe4568-934a-467c-9568-2b17b3a525e3', 'name': 'tempest-VolumesAdminNegativeTest-828499694-network', 'tenant_id': 'd5f1f6b7ee10457390933a82a4d866f0', 'admin_state_up': True, 'mtu': 8950, 'status': 'ACTIVE', 'subnets': [], 'shared': False, 'project_id': 'd5f1f6b7ee10457390933a82a4d866f0', 'port_security_enabled': True, 'router:external': False, 'provider:network_type': 'vlan', 'provider:physical_network': 'default', 'provider:segmentation_id': 258, 'availability_zone_hints': [], 'availability_zones': [], 'ipv4_address_scope': None, 'ipv6_address_scope': None, 'description': '', 'tags': [], 'created_at': '2025-02-20T03:34:51Z', 'updated_at': '2025-02-20T03:34:51Z', 'revision_number': 1} available for tenant
2025-02-20 03:37:47.611 63793 INFO tempest.lib.common.rest_client [req-02649c3b-8469-40c9-b142-7891d3621b55 req-02649c3b-8469-40c9-b142-7891d3621b55 ] Request (ServerShowV247Test:test_update_rebuild_list_server): 200 GET http://10.180.1.21/compute/v2.1/servers/0fc5eeed-2c67-44ef-abf1-6a97d865a4a5 0.056s
2025-02-20 03:37:47.641 63781 WARNING tempest.lib.common.ssh [-] Failed to establish authenticated ssh connection to cirros@10.180.180.159 ([Errno None] Unable to connect to port 22 on 10.180.180.159). Number attempts: 2. Retry after 3 seconds.: paramiko.ssh_exception.NoValidConnectionsError: [Errno None] Unable to connect to port 22 on 10.180.180.159
2025-02-20 03:37:47.742 63791 INFO tempest.lib.common.rest_client [req-0be062a1-236e-4bb3-9487-8117a6a03900 req-0be062a1-236e-4bb3-9487-8117a6a03900 ] Request (SecurityGroupsTestJSON:test_server_security_groups): 200 GET http://10.180.1.21/compute/v2.1/servers/386df198-88ca-4909-8131-7d88f0c2b84d 0.169s
2025-02-20 03:37:47.810 63773 INFO tempest.lib.common.rest_client [req-5ccc0948-879e-464b-8860-d453625cc8c8 req-5ccc0948-879e-464b-8860-d453625cc8c8 ] Request (ServersV294TestFqdnHostnames:setUpClass): 200 GET http://10.180.1.21/compute/v2.1/servers/6833c0a3-8fbd-4d15-b1bb-9a0da078b7ca 0.181s
2025-02-20 03:37:47.867 63783 INFO tempest.lib.common.rest_client [req-96b1ef35-12e2-4388-b911-c874e639e0f0 req-96b1ef35-12e2-4388-b911-c874e639e0f0 ] Request (MigrationsAdminTest:test_resize_server_revert_deleted_flavor): 200 GET http://10.180.1.21/compute/v2.1/servers/528f802c-2166-4ad3-9bdc-cb6a53bbebf3 0.185s
2025-02-20 03:37:47.887 63801 INFO tempest.lib.common.rest_client [req-4c247050-2cb1-433c-8b4d-c820ac799df1 req-4c247050-2cb1-433c-8b4d-c820ac799df1 ] Request (VolumesAdminNegativeTest:test_update_attached_volume_with_nonexistent_volume_in_uri): 202 POST http://10.180.1.21/compute/v2.1/servers 0.369s
2025-02-20 03:37:47.911 63795 INFO tempest.lib.common.rest_client [req-6c61e0ff-3658-4cc7-8411-5297b8a785d8 req-6c61e0ff-3658-4cc7-8411-5297b8a785d8 ] Request (ImagesTestJSON:test_create_image_from_suspended_server): 200 GET http://10.180.1.21/compute/v2.1/images/133bb840-d96b-428c-936a-3953158fffcf 0.128s
2025-02-20 03:37:47.982 63811 INFO tempest.lib.common.rest_client [req-be72c2bd-c147-4e1c-a75f-29e6e5910db0 req-be72c2bd-c147-4e1c-a75f-29e6e5910db0 ] Request (ServersTestBootFromVolume:tearDownClass): 200 GET http://10.180.1.21/compute/v2.1/servers/75d593d3-56de-42e7-bd65-a4616fa1c5c3 0.195s
2025-02-20 03:37:47.983 63829 INFO tempest.lib.common.rest_client [req-e64e60ca-1915-4e20-bce5-9a0579890142 req-e64e60ca-1915-4e20-bce5-9a0579890142 ] Request (ImagesNegativeTestJSON:test_create_image_from_deleted_server): 200 GET http://10.180.1.21/compute/v2.1/servers/a8db37d2-5843-4839-8db6-e203b727284c 0.099s
2025-02-20 03:37:48.014 63789 INFO tempest.lib.common.rest_client [req-21a1cbf4-ee16-4007-9189-c96a0975efcf req-21a1cbf4-ee16-4007-9189-c96a0975efcf ] Request (ListImageFiltersTestJSON:setUpClass): 200 GET http://10.180.1.21/compute/v2.1/images/a3de8b59-b8fa-48d6-aede-a9312babfa55 0.101s
2025-02-20 03:37:48.022 63801 INFO tempest.lib.common.rest_client [req-93e6e4ba-4ce5-4c70-9515-bc412a4e8db4 req-93e6e4ba-4ce5-4c70-9515-bc412a4e8db4 ] Request (VolumesAdminNegativeTest:test_update_attached_volume_with_nonexistent_volume_in_uri): 200 GET http://10.180.1.21/compute/v2.1/servers/0161a9e1-493c-4826-8950-fdaa60c90ed2 0.133s
2025-02-20 03:37:48.103 63803 INFO tempest.lib.common.rest_client [req-43afa091-ce95-44aa-a150-878e44897ed9 req-43afa091-ce95-44aa-a150-878e44897ed9 ] Request (VolumesAssistedSnapshotsTest:tearDownClass): 200 GET http://10.180.1.21/compute/v2.1/servers/5c7098ea-9a5a-4efc-87b7-793667f871d2 0.125s
2025-02-20 03:37:48.141 63797 INFO tempest.lib.common.rest_client [req-3f8c1d59-af55-4eed-bc42-5721846a331f req-3f8c1d59-af55-4eed-bc42-5721846a331f ] Request (ServersNegativeTestMultiTenantJSON:setUpClass): 200 GET http://10.180.1.21/compute/v2.1/servers/a7ba1234-3d05-4ba5-b399-071a0bf16b59 0.201s
2025-02-20 03:37:48.168 63827 INFO tempest.lib.common.rest_client [req-7367e677-071e-4f83-820e-d93ab2015157 req-7367e677-071e-4f83-820e-d93ab2015157 ] Request (FloatingIPsAssociationTestJSON:test_associate_already_associated_floating_ip): 200 GET http://10.180.1.21/compute/v2.1/servers/2a395b3b-02a7-4379-b080-2485d09bef01 0.158s
2025-02-20 03:37:48.211 63807 INFO tempest.lib.common.rest_client [req-44ee24e8-f10e-4595-91cb-1f80b95d3e50 req-44ee24e8-f10e-4595-91cb-1f80b95d3e50 ] Request (ServerPasswordTestJSON:tearDownClass): 200 GET http://10.180.1.21/compute/v2.1/servers/84d98c0f-9049-4e54-8dc2-3412cd5281d8 0.164s
2025-02-20 03:37:48.221 63779 INFO tempest.lib.common.rest_client [req-0e70a565-4104-4194-8978-1ee4a97ee6ed req-0e70a565-4104-4194-8978-1ee4a97ee6ed ] Request (ServersNegativeTestJSON:setUpClass): 200 GET http://10.180.1.21/compute/v2.1/servers/566324d4-75c0-425e-811d-a6b047a2a9d9 0.139s
2025-02-20 03:37:48.267 63815 INFO tempest.lib.common.rest_client [req-d70802ae-93a7-4be9-b7fb-758a966564b4 req-d70802ae-93a7-4be9-b7fb-758a966564b4 ] Request (MultipleCreateTestJSON:test_multiple_create_with_reservation_return): 200 GET http://10.180.1.21/compute/v2.1/servers/c3363ca3-22b7-4f9d-8550-372f8fe9ebe7 0.122s
2025-02-20 03:37:48.321 63813 INFO tempest.lib.common.rest_client [req-d8a4d13e-4f8f-4bee-8f5f-1dc129b24f4c req-d8a4d13e-4f8f-4bee-8f5f-1dc129b24f4c ] Request (FloatingIPsAssociationNegativeTestJSON:setUpClass): 200 GET http://10.180.1.21/compute/v2.1/servers/0dbf3213-c4ac-4ba7-98f6-27a9862c8276 0.120s
2025-02-20 03:37:48.368 63835 INFO tempest.lib.common.rest_client [req-3e7be4ca-6bae-4520-9d8a-f92acb5b4336 req-3e7be4ca-6bae-4520-9d8a-f92acb5b4336 ] Request (ServersTestJSON:setUpClass): 200 GET http://10.180.1.21/compute/v2.1/servers/0b3cc0ac-a0d6-40c9-b1c5-717ed9fce0df 0.198s
2025-02-20 03:37:48.378 63835 INFO tempest.common.waiters [-] State transition "BUILD/networking" ==> "BUILD/spawning" after 85 second wait
2025-02-20 03:37:48.380 63831 INFO tempest.lib.common.rest_client [req-dc07a76f-9c7f-487c-aa41-a19d76f2c77c req-dc07a76f-9c7f-487c-aa41-a19d76f2c77c ] Request (ServersTestJSON:_run_cleanups): 200 GET http://10.180.1.21/compute/v2.1/servers/67af9e44-3811-4d65-9ca4-c179b5d52406 0.123s
2025-02-20 03:37:48.438 63825 INFO tempest.lib.common.rest_client [req-5652e3f5-1502-4bd8-be0c-c1299c122f43 req-5652e3f5-1502-4bd8-be0c-c1299c122f43 ] Request (ListServerFiltersTestJSON:setUpClass): 200 GET http://10.180.1.21/compute/v2.1/servers/93f3657a-4a6e-41f8-82c2-0fca562de390 0.103s
2025-02-20 03:37:48.470 63785 INFO tempest.lib.common.rest_client [req-27203c35-e34e-4c86-a401-895628521d02 req-27203c35-e34e-4c86-a401-895628521d02 ] Request (ServerExternalEventsTest:test_create_server_external_events): 200 GET http://10.180.1.21/compute/v2.1/servers/4d035215-5bcf-4af2-b42a-6349d15c4060 0.190s
2025-02-20 03:37:48.479 63785 INFO tempest.common.waiters [-] State transition "BUILD/spawning" ==> "ACTIVE/None" after 97 second wait
2025-02-20 03:37:48.539 63809 INFO tempest.lib.common.rest_client [req-ce182341-8728-4906-89d6-fba1f0986b25 req-ce182341-8728-4906-89d6-fba1f0986b25 ] Request (ServerDiskConfigTestJSON:test_resize_server_from_auto_to_manual): 200 GET http://10.180.1.21/compute/v2.1/servers/c3e435bc-8ac2-446b-aadd-cea9397cdc8d 0.129s
2025-02-20 03:37:48.627 63805 INFO tempest.lib.common.rest_client [req-3ae48734-ba7d-463b-8391-c950707aaae9 req-3ae48734-ba7d-463b-8391-c950707aaae9 ] Request (ServersAdminTestJSON:test_create_server_with_scheduling_hint): 200 GET http://10.180.1.21/compute/v2.1/servers/1167dfbd-8fab-4f8d-9f46-f3c55db69e5e 0.268s
2025-02-20 03:37:48.644 63785 INFO tempest.lib.common.rest_client [req-1ad1e4df-d447-493e-884b-cf5cb8433687 req-1ad1e4df-d447-493e-884b-cf5cb8433687 ] Request (ServerExternalEventsTest:test_create_server_external_events): 200 POST http://10.180.1.21/compute/v2.1/os-server-external-events 0.164s
2025-02-20 03:37:48.709 63793 INFO tempest.lib.common.rest_client [req-a79e6203-4aea-4ca9-a49c-aeb475fdba2d req-a79e6203-4aea-4ca9-a49c-aeb475fdba2d ] Request (ServerShowV247Test:test_update_rebuild_list_server): 200 GET http://10.180.1.21/compute/v2.1/servers/0fc5eeed-2c67-44ef-abf1-6a97d865a4a5 0.085s
2025-02-20 03:37:48.749 63787 INFO tempest.lib.common.rest_client [req-11cd6d60-36a3-4491-a517-ef55d40f3751 req-11cd6d60-36a3-4491-a517-ef55d40f3751 ] Request (ServerRescueNegativeTestJSON:test_rescued_vm_attach_volume): 200 GET http://10.180.1.21/compute/v2.1/servers/4ab58f55-a02f-497f-aed7-7729edf196d0 0.248s
2025-02-20 03:37:48.823 63785 INFO tempest.lib.common.rest_client [req-7408fa16-688d-4fb2-8f37-acfe06b35cba req-7408fa16-688d-4fb2-8f37-acfe06b35cba ] Request (ServerExternalEventsTest:tearDownClass): 204 DELETE http://10.180.1.21/compute/v2.1/servers/4d035215-5bcf-4af2-b42a-6349d15c4060 0.175s
2025-02-20 03:37:48.913 63773 INFO tempest.lib.common.rest_client [req-25f54e46-e9d2-4b80-a948-ec77a9bc49e2 req-25f54e46-e9d2-4b80-a948-ec77a9bc49e2 ] Request (ServersV294TestFqdnHostnames:setUpClass): 200 GET http://10.180.1.21/compute/v2.1/servers/6833c0a3-8fbd-4d15-b1bb-9a0da078b7ca 0.089s
2025-02-20 03:37:48.923 63791 INFO tempest.lib.common.rest_client [req-abf8e51f-2e15-4ec9-8070-fc1f11b1fb72 req-abf8e51f-2e15-4ec9-8070-fc1f11b1fb72 ] Request (SecurityGroupsTestJSON:test_server_security_groups): 200 GET http://10.180.1.21/compute/v2.1/servers/386df198-88ca-4909-8131-7d88f0c2b84d 0.171s
2025-02-20 03:37:48.991 63783 INFO tempest.lib.common.rest_client [req-cb478027-f1a2-4375-8a43-f251172c4aa6 req-cb478027-f1a2-4375-8a43-f251172c4aa6 ] Request (MigrationsAdminTest:test_resize_server_revert_deleted_flavor): 200 GET http://10.180.1.21/compute/v2.1/servers/528f802c-2166-4ad3-9bdc-cb6a53bbebf3 0.115s
2025-02-20 03:37:49.024 63785 INFO tempest.lib.common.rest_client [req-c46ae0ce-953c-4b83-8408-245d0d2bd7a1 req-c46ae0ce-953c-4b83-8408-245d0d2bd7a1 ] Request (ServerExternalEventsTest:tearDownClass): 200 GET http://10.180.1.21/compute/v2.1/servers/4d035215-5bcf-4af2-b42a-6349d15c4060 0.200s
2025-02-20 03:37:49.031 63795 INFO tempest.lib.common.rest_client [req-d078885d-cd9f-4c39-8899-60576e8db4d8 req-d078885d-cd9f-4c39-8899-60576e8db4d8 ] Request (ImagesTestJSON:test_create_image_from_suspended_server): 200 GET http://10.180.1.21/compute/v2.1/images/133bb840-d96b-428c-936a-3953158fffcf 0.113s
2025-02-20 03:37:49.092 63829 INFO tempest.lib.common.rest_client [req-e300adbb-e78a-42f1-ad3d-276c36a92535 req-e300adbb-e78a-42f1-ad3d-276c36a92535 ] Request (ImagesNegativeTestJSON:test_create_image_from_deleted_server): 200 GET http://10.180.1.21/compute/v2.1/servers/a8db37d2-5843-4839-8db6-e203b727284c 0.100s
2025-02-20 03:37:49.095 63811 INFO tempest.lib.common.rest_client [req-d28a20df-07fa-450d-9317-62d6063f328f req-d28a20df-07fa-450d-9317-62d6063f328f ] Request (ServersTestBootFromVolume:tearDownClass): 200 GET http://10.180.1.21/compute/v2.1/servers/75d593d3-56de-42e7-bd65-a4616fa1c5c3 0.104s
2025-02-20 03:37:49.124 63789 INFO tempest.lib.common.rest_client [req-9f296827-150d-49cd-82da-37cb7b0709b3 req-9f296827-150d-49cd-82da-37cb7b0709b3 ] Request (ListImageFiltersTestJSON:setUpClass): 200 GET http://10.180.1.21/compute/v2.1/images/a3de8b59-b8fa-48d6-aede-a9312babfa55 0.105s
2025-02-20 03:37:49.152 63801 INFO tempest.lib.common.rest_client [req-490dd56e-25cd-454d-ae1c-0e81f2f737fa req-490dd56e-25cd-454d-ae1c-0e81f2f737fa ] Request (VolumesAdminNegativeTest:test_update_attached_volume_with_nonexistent_volume_in_uri): 200 GET http://10.180.1.21/compute/v2.1/servers/0161a9e1-493c-4826-8950-fdaa60c90ed2 0.122s
2025-02-20 03:37:49.205 63803 INFO tempest.lib.common.rest_client [req-b6682d48-8149-4bfd-95cb-64352e4deec1 req-b6682d48-8149-4bfd-95cb-64352e4deec1 ] Request (VolumesAssistedSnapshotsTest:tearDownClass): 200 GET http://10.180.1.21/compute/v2.1/servers/5c7098ea-9a5a-4efc-87b7-793667f871d2 0.093s
2025-02-20 03:37:49.263 63797 INFO tempest.lib.common.rest_client [req-8ddfdea9-6f66-4c8f-9ab6-7e673c050ece req-8ddfdea9-6f66-4c8f-9ab6-7e673c050ece ] Request (ServersNegativeTestMultiTenantJSON:setUpClass): 200 GET http://10.180.1.21/compute/v2.1/servers/a7ba1234-3d05-4ba5-b399-071a0bf16b59 0.112s
2025-02-20 03:37:49.263 63827 INFO tempest.lib.common.rest_client [req-653f5bc3-81a1-4520-9661-f1c7aef300ec req-653f5bc3-81a1-4520-9661-f1c7aef300ec ] Request (FloatingIPsAssociationTestJSON:test_associate_already_associated_floating_ip): 200 GET http://10.180.1.21/compute/v2.1/servers/2a395b3b-02a7-4379-b080-2485d09bef01 0.086s
2025-02-20 03:37:49.291 63807 INFO tempest.lib.common.rest_client [req-eadc9a14-4fcb-4480-a48c-5c621e6c51f6 req-eadc9a14-4fcb-4480-a48c-5c621e6c51f6 ] Request (ServerPasswordTestJSON:tearDownClass): 404 GET http://10.180.1.21/compute/v2.1/servers/84d98c0f-9049-4e54-8dc2-3412cd5281d8 0.070s
2025-02-20 03:37:49.329 63779 INFO tempest.lib.common.rest_client [req-5f907f7c-6d4f-465b-b0a9-63338b6ede2a req-5f907f7c-6d4f-465b-b0a9-63338b6ede2a ] Request (ServersNegativeTestJSON:setUpClass): 200 GET http://10.180.1.21/compute/v2.1/servers/566324d4-75c0-425e-811d-a6b047a2a9d9 0.098s
2025-02-20 03:37:49.359 63815 INFO tempest.lib.common.rest_client [req-8da66b22-fcee-41e8-9042-fb4018d69d59 req-8da66b22-fcee-41e8-9042-fb4018d69d59 ] Request (MultipleCreateTestJSON:test_multiple_create_with_reservation_return): 200 GET http://10.180.1.21/compute/v2.1/servers/c3363ca3-22b7-4f9d-8550-372f8fe9ebe7 0.082s
2025-02-20 03:37:49.389 63813 INFO tempest.lib.common.rest_client [req-a6a6e764-e64e-470e-8d5c-5a77ebec90ab req-a6a6e764-e64e-470e-8d5c-5a77ebec90ab ] Request (FloatingIPsAssociationNegativeTestJSON:setUpClass): 200 GET http://10.180.1.21/compute/v2.1/servers/0dbf3213-c4ac-4ba7-98f6-27a9862c8276 0.058s
2025-02-20 03:37:49.464 63831 INFO tempest.lib.common.rest_client [req-7dabc0f9-8596-409f-9949-58ae1809cae2 req-7dabc0f9-8596-409f-9949-58ae1809cae2 ] Request (ServersTestJSON:_run_cleanups): 200 GET http://10.180.1.21/compute/v2.1/servers/67af9e44-3811-4d65-9ca4-c179b5d52406 0.077s
2025-02-20 03:37:49.508 63777 INFO paramiko.transport [-] Connected (version 2.0, client dropbear_2020.81)
2025-02-20 03:37:49.522 63825 INFO tempest.lib.common.rest_client [req-8bd789ac-70ce-48d9-a776-1764d5ac84b2 req-8bd789ac-70ce-48d9-a776-1764d5ac84b2 ] Request (ListServerFiltersTestJSON:setUpClass): 200 GET http://10.180.1.21/compute/v2.1/servers/93f3657a-4a6e-41f8-82c2-0fca562de390 0.074s
2025-02-20 03:37:49.529 63825 INFO tempest.common.waiters [-] State transition "BUILD/scheduling" ==> "BUILD/None" after 59 second wait
2025-02-20 03:37:49.555 63835 INFO tempest.lib.common.rest_client [req-20663f17-7ff4-4d77-a7a0-de08a22f70c5 req-20663f17-7ff4-4d77-a7a0-de08a22f70c5 ] Request (ServersTestJSON:setUpClass): 200 GET http://10.180.1.21/compute/v2.1/servers/0b3cc0ac-a0d6-40c9-b1c5-717ed9fce0df 0.176s
2025-02-20 03:37:49.615 63809 INFO tempest.lib.common.rest_client [req-55799533-c15a-4b58-bbcb-2b994ef44d7c req-55799533-c15a-4b58-bbcb-2b994ef44d7c ] Request (ServerDiskConfigTestJSON:test_resize_server_from_auto_to_manual): 200 GET http://10.180.1.21/compute/v2.1/servers/c3e435bc-8ac2-446b-aadd-cea9397cdc8d 0.067s
2025-02-20 03:37:49.615 63777 INFO paramiko.transport [-] Authentication (publickey) successful!
2025-02-20 03:37:49.616 63777 INFO tempest.lib.common.ssh [-] ssh connection to cirros@10.180.180.230 successfully created
2025-02-20 03:37:49.692 63777 INFO tempest.lib.common.rest_client [req-279ebdd6-ca7b-4996-b8f3-7c40ada3e0a7 req-279ebdd6-ca7b-4996-b8f3-7c40ada3e0a7 ] Request (ServersTestManualDisk:test_list_servers): 200 GET http://10.180.1.21/compute/v2.1/servers 0.064s
2025-02-20 03:37:49.748 63805 INFO tempest.lib.common.rest_client [req-f0b11cf2-b5fd-4c5d-ae98-da94aba224dc req-f0b11cf2-b5fd-4c5d-ae98-da94aba224dc ] Request (ServersAdminTestJSON:test_create_server_with_scheduling_hint): 200 GET http://10.180.1.21/compute/v2.1/servers/1167dfbd-8fab-4f8d-9f46-f3c55db69e5e 0.112s
2025-02-20 03:37:49.810 63793 INFO tempest.lib.common.rest_client [req-3ad0abb8-9e19-49e7-8503-ca5a4195eecd req-3ad0abb8-9e19-49e7-8503-ca5a4195eecd ] Request (ServerShowV247Test:test_update_rebuild_list_server): 200 GET http://10.180.1.21/compute/v2.1/servers/0fc5eeed-2c67-44ef-abf1-6a97d865a4a5 0.089s
2025-02-20 03:37:49.926 63787 INFO tempest.lib.common.rest_client [req-14f15264-8da2-4bff-8b03-0156f85f2be2 req-14f15264-8da2-4bff-8b03-0156f85f2be2 ] Request (ServerRescueNegativeTestJSON:test_rescued_vm_attach_volume): 200 GET http://10.180.1.21/compute/v2.1/servers/4ab58f55-a02f-497f-aed7-7729edf196d0 0.166s
2025-02-20 03:37:49.982 63777 INFO tempest.lib.common.rest_client [req-01be6a99-a242-494c-aecb-33d06ee9b811 req-01be6a99-a242-494c-aecb-33d06ee9b811 ] Request (ServersTestManualDisk:test_list_servers_with_detail): 200 GET http://10.180.1.21/compute/v2.1/servers/detail 0.286s
2025-02-20 03:37:50.002 63773 INFO tempest.lib.common.rest_client [req-ff1a8722-4b1b-4f96-9d93-57f6d8abe84c req-ff1a8722-4b1b-4f96-9d93-57f6d8abe84c ] Request (ServersV294TestFqdnHostnames:setUpClass): 200 GET http://10.180.1.21/compute/v2.1/servers/6833c0a3-8fbd-4d15-b1bb-9a0da078b7ca 0.078s
2025-02-20 03:37:50.017 63777 INFO tempest.lib.common.rest_client [req-39886965-2e0d-4cfe-9b75-90bf26b9f856 req-39886965-2e0d-4cfe-9b75-90bf26b9f856 ] Request (ServersTestManualDisk:test_verify_created_server_vcpus): 200 GET http://10.180.1.21/compute/v2.1/flavors/42 0.017s
2025-02-20 03:37:50.020 63777 INFO tempest.lib.common.ssh [-] Creating ssh connection to '10.180.180.230:22' as 'cirros' with public key authentication
2025-02-20 03:37:50.023 63777 INFO paramiko.transport [-] Connected (version 2.0, client dropbear_2020.81)
2025-02-20 03:37:50.079 63783 INFO tempest.lib.common.rest_client [req-400b30e7-b87d-4122-80ca-af38aef49f93 req-400b30e7-b87d-4122-80ca-af38aef49f93 ] Request (MigrationsAdminTest:test_resize_server_revert_deleted_flavor): 200 GET http://10.180.1.21/compute/v2.1/servers/528f802c-2166-4ad3-9bdc-cb6a53bbebf3 0.077s
2025-02-20 03:37:50.127 63777 INFO paramiko.transport [-] Authentication (publickey) successful!
2025-02-20 03:37:50.129 63777 INFO tempest.lib.common.ssh [-] ssh connection to cirros@10.180.180.230 successfully created
2025-02-20 03:37:50.185 63791 INFO tempest.lib.common.rest_client [req-e638fc47-4786-4b2a-b9ef-dc9c2d641bac req-e638fc47-4786-4b2a-b9ef-dc9c2d641bac ] Request (SecurityGroupsTestJSON:test_server_security_groups): 200 GET http://10.180.1.21/compute/v2.1/servers/386df198-88ca-4909-8131-7d88f0c2b84d 0.252s
2025-02-20 03:37:50.226 63795 INFO tempest.lib.common.rest_client [req-f0da8908-8e37-40fb-9a2e-1d6841e27980 req-f0da8908-8e37-40fb-9a2e-1d6841e27980 ] Request (ImagesTestJSON:test_create_image_from_suspended_server): 200 GET http://10.180.1.21/compute/v2.1/images/133bb840-d96b-428c-936a-3953158fffcf 0.191s
