2025-02-10 11:21:13.166 62999 WARNING tempest.lib.common.ssh [-] Failed to establish authenticated ssh connection to cirros@10.180.180.210 ([Errno None] Unable to connect to port 22 on 10.180.180.210). Number attempts: 3. Retry after 4 seconds.: paramiko.ssh_exception.NoValidConnectionsError: [Errno None] Unable to connect to port 22 on 10.180.180.210
2025-02-10 11:21:13.176 63009 INFO tempest.lib.common.rest_client [req-38044350-3033-48d4-917b-d2de7ba6eb85 req-38044350-3033-48d4-917b-d2de7ba6eb85 ] Request (ServersTestManualDisk:setUpClass): 200 GET http://10.180.1.21/compute/v2.1/servers/204e3516-e790-4b20-b9e4-9696b682b58d 1.398s
2025-02-10 11:21:13.212 63057 INFO tempest.lib.common.rest_client [req-76df3de9-0471-4a0c-9a81-ee5fcdf1f510 req-76df3de9-0471-4a0c-9a81-ee5fcdf1f510 ] Request (MultipleCreateTestJSON:setUpClass): 200 PUT http://10.180.1.21:9696/networking/v2.0/routers/416f7ba5-419f-4b6b-a10f-ca6eb9ca5c1b/add_router_interface 0.878s
2025-02-10 11:21:13.212 63057 INFO tempest.lib.common.dynamic_creds [-] Created isolated network resources for: credentials: Credentials: {'domain_id': 'default', 'domain_name': 'Default', 'username': 'tempest-MultipleCreateTestJSON-1237983888-project-member', 'project_domain_id': 'default', 'project_domain_name': 'Default', 'project_id': '7b668fd89c774354b5ca2517117b4c19', 'project_name': 'tempest-MultipleCreateTestJSON-1237983888', 'tenant_id': '7b668fd89c774354b5ca2517117b4c19', 'tenant_name': 'tempest-MultipleCreateTestJSON-1237983888', 'user_domain_id': 'default', 'user_domain_name': 'Default', 'user_id': '57ec271c7f2e41e584524b33cc55c19a', 'system': None}, Network: {'id': '6bdaef9e-ce23-4d0f-a4c7-90563f0bc334', 'name': 'tempest-MultipleCreateTestJSON-34661296-network', 'tenant_id': '7b668fd89c774354b5ca2517117b4c19', 'admin_state_up': True, 'mtu': 8950, 'status': 'ACTIVE', 'subnets': [], 'shared': False, 'project_id': '7b668fd89c774354b5ca2517117b4c19', 'port_security_enabled': True, 'router:external': False, 'provider:network_type': 'vlan', 'provider:physical_network': 'default', 'provider:segmentation_id': 662, 'availability_zone_hints': [], 'availability_zones': [], 'ipv4_address_scope': None, 'ipv6_address_scope': None, 'description': '', 'tags': [], 'created_at': '2025-02-10T11:21:11Z', 'updated_at': '2025-02-10T11:21:11Z', 'revision_number': 1}, Subnet: {'id': '81a768ca-0fa2-4981-9573-96c2b833d279', 'name': 'tempest-MultipleCreateTestJSON-34661296-subnet', 'tenant_id': '7b668fd89c774354b5ca2517117b4c19', 'network_id': '6bdaef9e-ce23-4d0f-a4c7-90563f0bc334', 'ip_version': 4, 'subnetpool_id': None, 'enable_dhcp': True, 'ipv6_ra_mode': None, 'ipv6_address_mode': None, 'gateway_ip': '192.168.128.1', 'cidr': '192.168.128.0/28', 'allocation_pools': [{'start': '192.168.128.2', 'end': '192.168.128.14'}], 'host_routes': [], 'dns_nameservers': [], 'description': '', 'router:external': False, 'service_types': [], 'tags': [], 'created_at': '2025-02-10T11:21:11Z', 'updated_at': '2025-02-10T11:21:11Z', 'revision_number': 0, 'project_id': '7b668fd89c774354b5ca2517117b4c19'}, Router: {'id': '416f7ba5-419f-4b6b-a10f-ca6eb9ca5c1b', 'name': 'tempest-MultipleCreateTestJSON-34661296-router', 'tenant_id': '7b668fd89c774354b5ca2517117b4c19', 'admin_state_up': True, 'status': 'ACTIVE', 'external_gateway_info': {'network_id': 'a3c9de26-5672-416e-b09a-e72aa56d2fb1', 'external_fixed_ips': [{'subnet_id': 'd75a514e-9e5a-499d-98a9-fd5714a9fe39', 'ip_address': '10.180.180.135'}], 'enable_snat': True}, 'description': '', 'availability_zones': [], 'distributed': False, 'ha': False, 'availability_zone_hints': [], 'routes': [], 'flavor_id': None, 'tags': [], 'created_at': '2025-02-10T11:21:11Z', 'updated_at': '2025-02-10T11:21:12Z', 'revision_number': 2, 'project_id': '7b668fd89c774354b5ca2517117b4c19'}
2025-02-10 11:21:13.293 63057 INFO tempest.lib.common.rest_client [req-9b4c09e0-3c5d-46ec-ae20-0d9a9114194f req-9b4c09e0-3c5d-46ec-ae20-0d9a9114194f ] Request (MultipleCreateTestJSON:setUpClass): 201 POST http://10.180.1.21/identity/v3/auth/tokens 0.076s
2025-02-10 11:21:13.326 63057 INFO tempest.lib.common.rest_client [req-abf55cab-1d4c-44b7-9a00-07467d341954 req-abf55cab-1d4c-44b7-9a00-07467d341954 ] Request (MultipleCreateTestJSON:test_multiple_create): 201 POST http://10.180.1.21/identity/v3/auth/tokens 0.028s
2025-02-10 11:21:13.326 63057 INFO tempest.lib.common.fixed_network [-] (MultipleCreateTestJSON:test_multiple_create) Found network {'id': '6bdaef9e-ce23-4d0f-a4c7-90563f0bc334', 'name': 'tempest-MultipleCreateTestJSON-34661296-network', 'tenant_id': '7b668fd89c774354b5ca2517117b4c19', 'admin_state_up': True, 'mtu': 8950, 'status': 'ACTIVE', 'subnets': [], 'shared': False, 'project_id': '7b668fd89c774354b5ca2517117b4c19', 'port_security_enabled': True, 'router:external': False, 'provider:network_type': 'vlan', 'provider:physical_network': 'default', 'provider:segmentation_id': 662, 'availability_zone_hints': [], 'availability_zones': [], 'ipv4_address_scope': None, 'ipv6_address_scope': None, 'description': '', 'tags': [], 'created_at': '2025-02-10T11:21:11Z', 'updated_at': '2025-02-10T11:21:11Z', 'revision_number': 1} available for tenant
2025-02-10 11:21:13.362 63037 INFO tempest.lib.common.rest_client [req-da15f327-cf6e-4ccc-8850-fb24ef940eb5 req-da15f327-cf6e-4ccc-8850-fb24ef940eb5 ] Request (ServerShowV254Test:test_rebuild_server): 202 POST http://10.180.1.21/compute/v2.1/servers 1.564s
2025-02-10 11:21:13.420 63029 INFO tempest.lib.common.rest_client [req-9e4102ca-191b-43a7-b292-a296e7c39726 req-9e4102ca-191b-43a7-b292-a296e7c39726 ] Request (ServersTestBootFromVolume:setUpClass): 200 GET http://10.180.1.21/compute/v2.1/servers/6c29480d-a846-4c48-a5c4-73f3aaa60198 1.593s
2025-02-10 11:21:13.480 63019 INFO tempest.lib.common.rest_client [req-23802600-8497-43d8-ab76-29d028c83d23 req-23802600-8497-43d8-ab76-29d028c83d23 ] Request (DeleteServersAdminTestJSON:test_delete_server_while_in_error_state): 200 GET http://10.180.1.21/compute/v2.1/servers/23c0eb52-da0c-4dec-876d-caafa43b4c9c 1.550s
2025-02-10 11:21:13.536 63033 INFO tempest.lib.common.rest_client [req-cae7d023-645f-4bed-98f7-232560fc628b req-cae7d023-645f-4bed-98f7-232560fc628b ] Request (ServerDiagnosticsV248Test:test_get_server_diagnostics): 200 GET http://10.180.1.21/compute/v2.1/servers/a42a058f-93d3-4351-b989-3f740c29ccc3 1.476s
2025-02-10 11:21:13.590 63051 INFO tempest.lib.common.rest_client [req-f4f598a1-55a1-4c58-b36e-ce7530db6904 req-f4f598a1-55a1-4c58-b36e-ce7530db6904 ] Request (ServersAdminTestJSON:test_inject_network_info): 200 GET http://10.180.1.21/compute/v2.1/servers/42845847-442b-4d76-955b-1862e762114f 1.196s
2025-02-10 11:21:13.627 63003 INFO tempest.lib.common.rest_client [req-06ec0cc2-576a-41d9-ad67-f5b67519d9bc req-06ec0cc2-576a-41d9-ad67-f5b67519d9bc ] Request (ImagesMetadataTestJSON:setUpClass): 200 GET http://10.180.1.21/compute/v2.1/images/1530f815-ef88-4494-9f89-e5da146c8f47 1.223s
2025-02-10 11:21:13.840 63013 INFO tempest.lib.common.rest_client [req-6046d557-6753-4e42-ae7f-fcca288a18b9 req-6046d557-6753-4e42-ae7f-fcca288a18b9 ] Request (ImagesOneServerTestJSON:test_create_image_specify_multibyte_character_image_name): 200 GET http://10.180.1.21/compute/v2.1/servers/bcc5d4ec-9218-4db5-b1e5-42dcd192c915 1.414s
2025-02-10 11:21:13.852 63013 INFO tempest.common.waiters [-] State transition "ACTIVE/image_uploading" ==> "ACTIVE/None" after 2 second wait
2025-02-10 11:21:13.908 63039 INFO tempest.lib.common.rest_client [req-839f3b19-04b2-4f6d-b878-74ca60615850 req-839f3b19-04b2-4f6d-b878-74ca60615850 ] Request (SecurityGroupsTestJSON:test_server_security_groups): 200 GET http://10.180.1.21/compute/v2.1/servers/ebffe39d-9cd1-4021-894e-5b6537a4632f 1.439s
2025-02-10 11:21:13.946 63043 INFO tempest.lib.common.rest_client [req-edbae1ff-f42a-442d-9bd5-672511e13b3e req-edbae1ff-f42a-442d-9bd5-672511e13b3e ] Request (ImagesNegativeTestJSON:test_create_image_from_deleted_server): 404 GET http://10.180.1.21/compute/v2.1/servers/5c8bfe41-7791-406a-bcc6-532673cc9475 1.458s
2025-02-10 11:21:14.000 63031 INFO tempest.lib.common.rest_client [req-71af8d5a-e479-47ff-8b0a-44c21eaac555 req-71af8d5a-e479-47ff-8b0a-44c21eaac555 ] Request (ImagesTestJSON:test_create_image_from_suspended_server): 200 GET http://10.180.1.21/compute/v2.1/servers/af2534f1-b352-4f9d-88b0-6c32ea4cbdeb 1.502s
2025-02-10 11:21:14.080 63059 INFO tempest.lib.common.rest_client [req-5038cc4e-5412-45b9-8149-6dff7297f8fc req-5038cc4e-5412-45b9-8149-6dff7297f8fc ] Request (ServerExternalEventsTest:tearDownClass): 200 GET http://10.180.1.21/compute/v2.1/servers/cb2a3d96-0163-47de-beb6-7519b75247fb 1.506s
2025-02-10 11:21:14.116 63011 INFO tempest.lib.common.rest_client [req-2d50791f-8028-4289-b114-f651d8a89989 req-2d50791f-8028-4289-b114-f651d8a89989 ] Request (KeyPairsV22TestJSON:test_keypairs_create_list_delete): 201 POST http://10.180.1.21/compute/v2.1/os-keypairs 1.425s
2025-02-10 11:21:14.163 63023 INFO tempest.lib.common.rest_client [req-ac22d0f3-3320-4b22-80ea-50bfeba4d64e req-ac22d0f3-3320-4b22-80ea-50bfeba4d64e ] Request (ServersAdminNegativeTestJSON:test_migrate_server_invalid_state): 200 GET http://10.180.1.21/compute/v2.1/servers/710a4cce-58c3-4332-8d00-4244209ee558 1.382s
2025-02-10 11:21:14.226 63017 INFO tempest.lib.common.rest_client [req-52b71aa3-fb14-42aa-9d73-bb4f04cf3ec1 req-52b71aa3-fb14-42aa-9d73-bb4f04cf3ec1 ] Request (ServersAdmin275Test:test_rebuild_update_server_275): 200 GET http://10.180.1.21/compute/v2.1/servers/a8706125-0bc4-42bb-8968-47edb39a1631 1.390s
2025-02-10 11:21:14.283 63001 INFO tempest.lib.common.rest_client [req-e4c8d18c-3d6c-4262-9ca2-222b35cd3195 req-e4c8d18c-3d6c-4262-9ca2-222b35cd3195 ] Request (ServerRescueNegativeTestJSON:setUpClass): 200 GET http://10.180.1.21/compute/v2.1/servers/834e64fc-b0cb-4903-ac84-b28d41dc4583 1.390s
2025-02-10 11:21:14.432 62997 INFO tempest.lib.common.rest_client [req-ee76c0bd-17cd-47de-b0fc-c9fb38f2e01c req-ee76c0bd-17cd-47de-b0fc-c9fb38f2e01c ] Request (ServerRescueTestJSONUnderV235:setUpClass): 200 GET http://10.180.1.21/compute/v2.1/servers/c6817a48-72cd-49f2-94c2-fad0a792b351 1.419s
2025-02-10 11:21:14.575 63015 WARNING tempest.lib.common.ssh [-] Failed to establish authenticated ssh connection to cirros@10.180.180.245 ([Errno None] Unable to connect to port 22 on 10.180.180.245). Number attempts: 5. Retry after 6 seconds.: paramiko.ssh_exception.NoValidConnectionsError: [Errno None] Unable to connect to port 22 on 10.180.180.245
2025-02-10 11:21:14.788 63057 INFO tempest.lib.common.rest_client [req-a96dee89-fbf9-45e3-ae77-a2003f6d4148 req-a96dee89-fbf9-45e3-ae77-a2003f6d4148 ] Request (MultipleCreateTestJSON:test_multiple_create): 202 POST http://10.180.1.21/compute/v2.1/servers 1.460s
2025-02-10 11:21:14.864 63037 INFO tempest.lib.common.rest_client [req-e295ef67-ce31-4000-a7b1-a0de35b345a9 req-e295ef67-ce31-4000-a7b1-a0de35b345a9 ] Request (ServerShowV254Test:test_rebuild_server): 200 GET http://10.180.1.21/compute/v2.1/servers/7dd84fc4-8361-4edf-baef-478818448642 1.501s
2025-02-10 11:21:14.944 63005 INFO tempest.lib.common.rest_client [req-4a810f8a-c14e-44cb-acd5-fe664a6c4407 req-4a810f8a-c14e-44cb-acd5-fe664a6c4407 ] Request (FloatingIPsAssociationNegativeTestJSON:tearDownClass): 200 GET http://10.180.1.21/compute/v2.1/servers/151267de-2916-4c2d-97a7-927a33a89b4b 1.395s
2025-02-10 11:21:15.071 63007 INFO tempest.lib.common.rest_client [req-b55b4df3-1c3b-48e4-9cc7-66e514e29b04 req-b55b4df3-1c3b-48e4-9cc7-66e514e29b04 ] Request (AttachInterfacesV270Test:test_create_get_list_interfaces): 400 POST http://10.180.1.21/compute/v2.1/servers/3bb74c9a-7261-4e45-904b-c5802d90880b/os-interface 4.492s
2025-02-10 11:21:15.197 63003 INFO tempest.lib.common.rest_client [req-bac5f30a-7b10-416b-943f-360b1674dbf7 req-bac5f30a-7b10-416b-943f-360b1674dbf7 ] Request (ImagesMetadataTestJSON:setUp): 200 PUT http://10.180.1.21/compute/v2.1/images/1530f815-ef88-4494-9f89-e5da146c8f47/metadata 1.566s
2025-02-10 11:21:15.283 63049 INFO tempest.lib.common.rest_client [req-04683532-a186-42c6-9f59-9a0f9c52e3dc req-04683532-a186-42c6-9f59-9a0f9c52e3dc ] Request (MigrationsAdminTest:test_list_migrations_in_flavor_resize_situation): 200 GET http://10.180.1.21/compute/v2.1/servers/199ee82a-84d4-4502-9fd0-48eb0322beaf 1.632s
2025-02-10 11:21:15.367 63041 INFO tempest.lib.common.rest_client [req-29804915-32c3-45b7-bb41-a31e8fdc2683 req-29804915-32c3-45b7-bb41-a31e8fdc2683 ] Request (AttachVolumeTestJSON:test_attach_detach_volume): 200 GET http://10.180.1.21/compute/v2.1/servers/5ebe9418-64b8-46a5-b556-115b7b93f322 1.563s
2025-02-10 11:21:15.391 63013 INFO tempest.lib.common.rest_client [req-44bd0732-4868-4b40-8758-43b4c473adf7 req-44bd0732-4868-4b40-8758-43b4c473adf7 ] Request (ImagesOneServerTestJSON:tearDownClass): 204 DELETE http://10.180.1.21/compute/v2.1/images/b377d70f-1eea-467f-a455-dd807bd140f5 1.537s
2025-02-10 11:21:15.420 63043 INFO tempest.lib.common.rest_client [req-9e461baa-1b95-44d8-9d11-628b7cd27713 req-9e461baa-1b95-44d8-9d11-628b7cd27713 ] Request (ImagesNegativeTestJSON:test_create_image_from_deleted_server): 404 POST http://10.180.1.21/compute/v2.1/servers/5c8bfe41-7791-406a-bcc6-532673cc9475/action 1.474s
2025-02-10 11:21:15.444 63027 INFO tempest.lib.common.rest_client [req-02bf766a-050d-49df-8958-46c214ddd37e req-02bf766a-050d-49df-8958-46c214ddd37e ] Request (ServerDiagnosticsNegativeTest:tearDownClass): 200 GET http://10.180.1.21/compute/v2.1/servers/994a1fb4-b5a7-4f6a-b02f-60ab3a79070f 1.503s
2025-02-10 11:21:15.494 63025 INFO tempest.lib.common.rest_client [req-48ee3f65-2203-4565-af3d-b84b8e97075e req-48ee3f65-2203-4565-af3d-b84b8e97075e ] Request (ServerDiagnosticsTest:test_get_server_diagnostics): 200 GET http://10.180.1.21/compute/v2.1/servers/e743f9d3-26be-484d-bbc4-f6a64d236a09 1.422s
2025-02-10 11:21:15.507 63035 INFO tempest.lib.common.rest_client [req-69a86df9-03ac-40e6-b611-8f88f28118c6 req-69a86df9-03ac-40e6-b611-8f88f28118c6 ] Request (ServerPasswordTestJSON:tearDownClass): 200 GET http://10.180.1.21/compute/v2.1/servers/d4d0eabc-e9f4-4a8c-9645-83f591476870 1.484s
2025-02-10 11:21:15.524 63011 INFO tempest.lib.common.rest_client [req-d61edef7-a9ee-40ee-b804-d09a32e70bee req-d61edef7-a9ee-40ee-b804-d09a32e70bee ] Request (KeyPairsV22TestJSON:test_keypairs_create_list_delete): 201 POST http://10.180.1.21/compute/v2.1/os-keypairs 1.406s
2025-02-10 11:21:15.574 63029 INFO tempest.lib.common.rest_client [req-f72e4da4-3f38-41fa-beaf-ed11e34c8287 req-f72e4da4-3f38-41fa-beaf-ed11e34c8287 ] Request (ServersTestBootFromVolume:setUpClass): 200 GET http://10.180.1.21/compute/v2.1/servers/6c29480d-a846-4c48-a5c4-73f3aaa60198 1.142s
2025-02-10 11:21:15.616 63009 INFO tempest.lib.common.rest_client [req-f592d296-aafb-49a6-93a1-f19ebc55c5dd req-f592d296-aafb-49a6-93a1-f19ebc55c5dd ] Request (ServersTestManualDisk:setUpClass): 200 GET http://10.180.1.21/compute/v2.1/servers/204e3516-e790-4b20-b9e4-9696b682b58d 1.431s
2025-02-10 11:21:15.630 63019 INFO tempest.lib.common.rest_client [req-7301913e-18b5-4d8b-8a89-45d15b866373 req-7301913e-18b5-4d8b-8a89-45d15b866373 ] Request (DeleteServersAdminTestJSON:test_delete_server_while_in_error_state): 200 GET http://10.180.1.21/compute/v2.1/servers/23c0eb52-da0c-4dec-876d-caafa43b4c9c 1.140s
2025-02-10 11:21:15.670 63033 INFO tempest.lib.common.rest_client [req-0ee59d83-0de8-435a-8aaa-1fc8a29f8407 req-0ee59d83-0de8-435a-8aaa-1fc8a29f8407 ] Request (ServerDiagnosticsV248Test:test_get_server_diagnostics): 200 GET http://10.180.1.21/compute/v2.1/servers/a42a058f-93d3-4351-b989-3f740c29ccc3 1.122s
2025-02-10 11:21:15.678 63051 INFO tempest.lib.common.rest_client [req-257aad28-c823-447b-a616-1d78a5323d10 req-257aad28-c823-447b-a616-1d78a5323d10 ] Request (ServersAdminTestJSON:test_inject_network_info): 200 GET http://10.180.1.21/compute/v2.1/servers/42845847-442b-4d76-955b-1862e762114f 1.078s
2025-02-10 11:21:15.724 63039 INFO tempest.lib.common.rest_client [req-e39f4337-4a1f-479c-a220-75d26c0b904f req-e39f4337-4a1f-479c-a220-75d26c0b904f ] Request (SecurityGroupsTestJSON:test_server_security_groups): 200 GET http://10.180.1.21/compute/v2.1/servers/ebffe39d-9cd1-4021-894e-5b6537a4632f 0.800s
2025-02-10 11:21:15.769 63057 INFO tempest.lib.common.rest_client [req-788d6689-131b-44a9-8e2c-6c12196173d0 req-788d6689-131b-44a9-8e2c-6c12196173d0 ] Request (MultipleCreateTestJSON:test_multiple_create): 200 GET http://10.180.1.21/compute/v2.1/servers 0.979s
2025-02-10 11:21:15.792 63031 INFO tempest.lib.common.rest_client [req-cf8ef770-dbc3-4b86-bf18-da9747f58796 req-cf8ef770-dbc3-4b86-bf18-da9747f58796 ] Request (ImagesTestJSON:test_create_image_from_suspended_server): 200 GET http://10.180.1.21/compute/v2.1/servers/af2534f1-b352-4f9d-88b0-6c32ea4cbdeb 0.780s
2025-02-10 11:21:15.804 63045 WARNING tempest.lib.common.ssh [-] Failed to establish authenticated ssh connection to cirros@10.180.180.172 ([Errno None] Unable to connect to port 22 on 10.180.180.172). Number attempts: 4. Retry after 5 seconds.: paramiko.ssh_exception.NoValidConnectionsError: [Errno None] Unable to connect to port 22 on 10.180.180.172
2025-02-10 11:21:15.845 63007 INFO tempest.lib.common.rest_client [req-66c95d5c-0c2a-4781-ac04-bfb0ca18548f req-66c95d5c-0c2a-4781-ac04-bfb0ca18548f ] Request (AttachInterfacesV270Test:tearDownClass): 204 DELETE http://10.180.1.21/compute/v2.1/servers/3bb74c9a-7261-4e45-904b-c5802d90880b 0.772s
2025-02-10 11:21:15.866 63059 INFO tempest.lib.common.rest_client [req-25863441-bbc6-427a-a80d-b4b479eabbf4 req-25863441-bbc6-427a-a80d-b4b479eabbf4 ] Request (ServerExternalEventsTest:tearDownClass): 200 GET http://10.180.1.21/compute/v2.1/servers/cb2a3d96-0163-47de-beb6-7519b75247fb 0.776s
2025-02-10 11:21:15.908 63023 INFO tempest.lib.common.rest_client [req-1953d49d-fd3e-448c-9fdb-a9ebc227254e req-1953d49d-fd3e-448c-9fdb-a9ebc227254e ] Request (ServersAdminNegativeTestJSON:test_migrate_server_invalid_state): 200 GET http://10.180.1.21/compute/v2.1/servers/710a4cce-58c3-4332-8d00-4244209ee558 0.737s
2025-02-10 11:21:15.972 63017 INFO tempest.lib.common.rest_client [req-47749e49-79a0-4a64-9846-40ad61d32f24 req-47749e49-79a0-4a64-9846-40ad61d32f24 ] Request (ServersAdmin275Test:test_rebuild_update_server_275): 200 GET http://10.180.1.21/compute/v2.1/servers/a8706125-0bc4-42bb-8968-47edb39a1631 0.732s
2025-02-10 11:21:16.028 63003 INFO tempest.lib.common.rest_client [req-d55585bb-7a13-4c99-970d-3b24dcf6a0f3 req-d55585bb-7a13-4c99-970d-3b24dcf6a0f3 ] Request (ImagesMetadataTestJSON:test_delete_image_metadata_item): 204 DELETE http://10.180.1.21/compute/v2.1/images/1530f815-ef88-4494-9f89-e5da146c8f47/metadata/os_version 0.830s
2025-02-10 11:21:16.035 63001 INFO tempest.lib.common.rest_client [req-5f8f9bca-0cc7-4af3-997e-8926e129d5e4 req-5f8f9bca-0cc7-4af3-997e-8926e129d5e4 ] Request (ServerRescueNegativeTestJSON:setUpClass): 200 GET http://10.180.1.21/compute/v2.1/servers/834e64fc-b0cb-4903-ac84-b28d41dc4583 0.744s
2025-02-10 11:21:16.043 63043 INFO tempest.lib.common.rest_client [req-b9a6c3cd-189e-4dea-bab0-51a819c752d8 req-b9a6c3cd-189e-4dea-bab0-51a819c752d8 ] Request (ImagesNegativeTestJSON:test_create_image_from_invalid_server): 404 POST http://10.180.1.21/compute/v2.1/servers/tempest-invalid-1049664936/action 0.621s
2025-02-10 11:21:16.049 63013 INFO tempest.lib.common.rest_client [req-f7d46d1e-ea51-4901-bc1a-ca2accb215a5 req-f7d46d1e-ea51-4901-bc1a-ca2accb215a5 ] Request (ImagesOneServerTestJSON:tearDownClass): 404 DELETE http://10.180.1.21/compute/v2.1/images/a87e606e-35fd-43e9-ab46-347b21aa596d 0.657s
2025-02-10 11:21:16.063 63011 INFO tempest.lib.common.rest_client [req-a771a1e3-1572-4223-a94b-65f77f763f86 req-a771a1e3-1572-4223-a94b-65f77f763f86 ] Request (KeyPairsV22TestJSON:test_keypairs_create_list_delete): 200 GET http://10.180.1.21/compute/v2.1/os-keypairs 0.537s
2025-02-10 11:21:16.114 63057 INFO tempest.lib.common.rest_client [req-332a8860-c919-43da-999f-07b5ec369fa8 req-332a8860-c919-43da-999f-07b5ec369fa8 ] Request (MultipleCreateTestJSON:test_multiple_create): 200 GET http://10.180.1.21/compute/v2.1/servers/1d66f43a-fe3a-42a0-86c6-3fa58ca90847 0.342s
2025-02-10 11:21:16.163 62997 INFO tempest.lib.common.rest_client [req-4508346b-4e58-4a02-9901-422d09bf7112 req-4508346b-4e58-4a02-9901-422d09bf7112 ] Request (ServerRescueTestJSONUnderV235:setUpClass): 200 GET http://10.180.1.21/compute/v2.1/servers/c6817a48-72cd-49f2-94c2-fad0a792b351 0.722s
2025-02-10 11:21:16.172 62997 INFO tempest.common.waiters [-] State transition "BUILD/spawning" ==> "ACTIVE/None" after 25 second wait
2025-02-10 11:21:16.228 63037 INFO tempest.lib.common.rest_client [req-ad464bf6-af20-412b-b7e2-25c099a1ac58 req-ad464bf6-af20-412b-b7e2-25c099a1ac58 ] Request (ServerShowV254Test:test_rebuild_server): 200 GET http://10.180.1.21/compute/v2.1/servers/7dd84fc4-8361-4edf-baef-478818448642 0.354s
2025-02-10 11:21:16.267 63007 INFO tempest.lib.common.rest_client [req-10c88dad-348a-43ee-97c3-bc6351e2c8bf req-10c88dad-348a-43ee-97c3-bc6351e2c8bf ] Request (AttachInterfacesV270Test:tearDownClass): 200 GET http://10.180.1.21/compute/v2.1/servers/3bb74c9a-7261-4e45-904b-c5802d90880b 0.422s
2025-02-10 11:21:16.295 63005 INFO tempest.lib.common.rest_client [req-c513e8be-2b62-4c14-a0b2-1849b39e7535 req-c513e8be-2b62-4c14-a0b2-1849b39e7535 ] Request (FloatingIPsAssociationNegativeTestJSON:tearDownClass): 200 GET http://10.180.1.21/compute/v2.1/servers/151267de-2916-4c2d-97a7-927a33a89b4b 0.342s
2025-02-10 11:21:16.299 63003 INFO tempest.lib.common.rest_client [req-4ecf1635-a7da-4ea9-b37a-d837941ce9a8 req-4ecf1635-a7da-4ea9-b37a-d837941ce9a8 ] Request (ImagesMetadataTestJSON:test_delete_image_metadata_item): 200 GET http://10.180.1.21/compute/v2.1/images/1530f815-ef88-4494-9f89-e5da146c8f47/metadata 0.270s
2025-02-10 11:21:16.302 63043 INFO tempest.lib.common.rest_client [req-458ff7c2-a76c-4b6d-bc11-30c36cac32c7 req-458ff7c2-a76c-4b6d-bc11-30c36cac32c7 ] Request (ImagesNegativeTestJSON:test_create_image_specify_uuid_35_characters_or_less): 404 POST http://10.180.1.21/compute/v2.1/servers/aaaaaaaaaaaaaaaaaaaaaaaaaaaaaaaaaaa/action 0.257s
2025-02-10 11:21:16.317 63011 INFO tempest.lib.common.rest_client [req-bb3d3a97-5c72-41dc-a1cd-a3578fa14474 req-bb3d3a97-5c72-41dc-a1cd-a3578fa14474 ] Request (KeyPairsV22TestJSON:_run_cleanups): 204 DELETE http://10.180.1.21/compute/v2.1/os-keypairs/tempest-KeyPairsV22TestJSON-keypair-1255099017 0.252s
2025-02-10 11:21:16.369 63013 INFO tempest.lib.common.rest_client [req-b590fff9-c603-4d17-bbf0-a75ed85ced60 req-b590fff9-c603-4d17-bbf0-a75ed85ced60 ] Request (ImagesOneServerTestJSON:tearDownClass): 204 DELETE http://10.180.1.21/compute/v2.1/servers/bcc5d4ec-9218-4db5-b1e5-42dcd192c915 0.319s
2025-02-10 11:21:16.418 62997 INFO tempest.lib.common.rest_client [req-52045edb-a213-4b24-a49b-26d9a33bad4f req-52045edb-a213-4b24-a49b-26d9a33bad4f ] Request (ServerRescueTestJSONUnderV235:setUpClass): 200 POST http://10.180.1.21/compute/v2.1/servers/c6817a48-72cd-49f2-94c2-fad0a792b351/action 0.245s
2025-02-10 11:21:16.480 63049 INFO tempest.lib.common.rest_client [req-41ee6202-0536-41ee-b94e-3e765721ec52 req-41ee6202-0536-41ee-b94e-3e765721ec52 ] Request (MigrationsAdminTest:test_list_migrations_in_flavor_resize_situation): 200 GET http://10.180.1.21/compute/v2.1/servers/199ee82a-84d4-4502-9fd0-48eb0322beaf 0.188s
2025-02-10 11:21:16.488 63043 INFO tempest.lib.common.rest_client [req-512c15a1-8fd4-4095-98b9-21857bc36315 req-512c15a1-8fd4-4095-98b9-21857bc36315 ] Request (ImagesNegativeTestJSON:test_create_image_specify_uuid_37_characters_or_more): 404 POST http://10.180.1.21/compute/v2.1/servers/aaaaaaaaaaaaaaaaaaaaaaaaaaaaaaaaaaaaa/action 0.184s
2025-02-10 11:21:16.510 63011 INFO tempest.lib.common.rest_client [req-52a3b660-0cf9-4de3-b25e-9e493db681a0 req-52a3b660-0cf9-4de3-b25e-9e493db681a0 ] Request (KeyPairsV22TestJSON:_run_cleanups): 204 DELETE http://10.180.1.21/compute/v2.1/os-keypairs/tempest-KeyPairsV22TestJSON-keypair-2065653654 0.192s
2025-02-10 11:21:16.631 63003 INFO tempest.lib.common.rest_client [req-9e0fbedb-4d17-492b-ac21-c0ef5b2af10b req-9e0fbedb-4d17-492b-ac21-c0ef5b2af10b ] Request (ImagesMetadataTestJSON:setUp): 200 PUT http://10.180.1.21/compute/v2.1/images/1530f815-ef88-4494-9f89-e5da146c8f47/metadata 0.329s
2025-02-10 11:21:16.638 63013 INFO tempest.lib.common.rest_client [req-d03d8b00-39ed-440d-b8dd-8c73a39aa2b3 req-d03d8b00-39ed-440d-b8dd-8c73a39aa2b3 ] Request (ImagesOneServerTestJSON:tearDownClass): 200 GET http://10.180.1.21/compute/v2.1/servers/bcc5d4ec-9218-4db5-b1e5-42dcd192c915 0.269s
2025-02-10 11:21:16.758 62997 INFO tempest.lib.common.rest_client [req-47d76bd6-5fdd-476a-b7f5-6b68e1635338 req-47d76bd6-5fdd-476a-b7f5-6b68e1635338 ] Request (ServerRescueTestJSONUnderV235:setUpClass): 200 GET http://10.180.1.21/compute/v2.1/servers/c6817a48-72cd-49f2-94c2-fad0a792b351 0.339s
2025-02-10 11:21:16.812 63041 INFO tempest.lib.common.rest_client [req-add21f16-3c36-4ad8-9d10-e6bac75f1d82 req-add21f16-3c36-4ad8-9d10-e6bac75f1d82 ] Request (AttachVolumeTestJSON:test_attach_detach_volume): 200 GET http://10.180.1.21/compute/v2.1/servers/5ebe9418-64b8-46a5-b556-115b7b93f322 0.437s
2025-02-10 11:21:16.813 63027 INFO tempest.lib.common.rest_client [req-220db309-f959-45a9-a69f-f8cdd6171c36 req-220db309-f959-45a9-a69f-f8cdd6171c36 ] Request (ServerDiagnosticsNegativeTest:tearDownClass): 200 GET http://10.180.1.21/compute/v2.1/servers/994a1fb4-b5a7-4f6a-b02f-60ab3a79070f 0.360s
2025-02-10 11:21:16.820 63027 INFO tempest.common.waiters [-] State transition "ACTIVE/deleting" ==> "DELETED/None" after 4 second wait
2025-02-10 11:21:16.829 63043 INFO tempest.lib.common.rest_client [req-bca855ba-27cd-4cc2-a8a8-1731810205c5 req-bca855ba-27cd-4cc2-a8a8-1731810205c5 ] Request (ImagesNegativeTestJSON:tearDownClass): 404 DELETE http://10.180.1.21/compute/v2.1/servers/5c8bfe41-7791-406a-bcc6-532673cc9475 0.338s
2025-02-10 11:21:16.841 63011 INFO tempest.lib.common.rest_client [req-21a7fd56-f62c-45e0-83f6-ce317bc8ab7b req-21a7fd56-f62c-45e0-83f6-ce317bc8ab7b ] Request (KeyPairsV22TestJSON:_run_cleanups): 204 DELETE http://10.180.1.21/compute/v2.1/os-keypairs/tempest-KeyPairsV22TestJSON-keypair-1588321055 0.331s
2025-02-10 11:21:16.860 63035 INFO tempest.lib.common.rest_client [req-d85a4c7d-e6de-4bb7-a371-f4e75e640dea req-d85a4c7d-e6de-4bb7-a371-f4e75e640dea ] Request (ServerPasswordTestJSON:tearDownClass): 404 GET http://10.180.1.21/compute/v2.1/servers/d4d0eabc-e9f4-4a8c-9645-83f591476870 0.345s
2025-02-10 11:21:16.860 63025 INFO tempest.lib.common.rest_client [req-39f19998-afa5-4499-92da-7c88d21ec314 req-39f19998-afa5-4499-92da-7c88d21ec314 ] Request (ServerDiagnosticsTest:test_get_server_diagnostics): 200 GET http://10.180.1.21/compute/v2.1/servers/e743f9d3-26be-484d-bbc4-f6a64d236a09 0.356s
2025-02-10 11:21:16.937 63029 INFO tempest.lib.common.rest_client [req-b1826ed5-8724-4df9-b0b4-d8110fc7f1b7 req-b1826ed5-8724-4df9-b0b4-d8110fc7f1b7 ] Request (ServersTestBootFromVolume:setUpClass): 200 GET http://10.180.1.21/compute/v2.1/servers/6c29480d-a846-4c48-a5c4-73f3aaa60198 0.349s
2025-02-10 11:21:16.970 63003 INFO tempest.lib.common.rest_client [req-1745d256-8f3b-4fd8-b68b-03edbb11b54a req-1745d256-8f3b-4fd8-b68b-03edbb11b54a ] Request (ImagesMetadataTestJSON:test_get_image_metadata_item): 200 GET http://10.180.1.21/compute/v2.1/images/1530f815-ef88-4494-9f89-e5da146c8f47/metadata/os_distro 0.338s
2025-02-10 11:21:17.035 63019 INFO tempest.lib.common.rest_client [req-6a9ce508-7562-458c-91da-4144f8a17cf7 req-6a9ce508-7562-458c-91da-4144f8a17cf7 ] Request (DeleteServersAdminTestJSON:test_delete_server_while_in_error_state): 200 GET http://10.180.1.21/compute/v2.1/servers/23c0eb52-da0c-4dec-876d-caafa43b4c9c 0.397s
2025-02-10 11:21:17.073 63009 INFO tempest.lib.common.rest_client [req-5534cf3b-e2cb-414c-a191-746d94d40035 req-5534cf3b-e2cb-414c-a191-746d94d40035 ] Request (ServersTestManualDisk:setUpClass): 200 GET http://10.180.1.21/compute/v2.1/servers/204e3516-e790-4b20-b9e4-9696b682b58d 0.449s
2025-02-10 11:21:17.092 63033 INFO tempest.lib.common.rest_client [req-9e41ee8e-ecea-4770-bc67-b11375cc6a8c req-9e41ee8e-ecea-4770-bc67-b11375cc6a8c ] Request (ServerDiagnosticsV248Test:test_get_server_diagnostics): 200 GET http://10.180.1.21/compute/v2.1/servers/a42a058f-93d3-4351-b989-3f740c29ccc3 0.412s
2025-02-10 11:21:17.295 63051 INFO tempest.lib.common.rest_client [req-aa46530a-0fc5-4723-ac33-c72c6a56025a req-aa46530a-0fc5-4723-ac33-c72c6a56025a ] Request (ServersAdminTestJSON:test_inject_network_info): 200 GET http://10.180.1.21/compute/v2.1/servers/42845847-442b-4d76-955b-1862e762114f 0.609s
2025-02-10 11:21:17.301 63051 INFO tempest.common.waiters [-] State transition "BUILD/scheduling" ==> "BUILD/None" after 8 second wait
2025-02-10 11:21:17.310 63039 INFO tempest.lib.common.rest_client [req-a92b08dc-b832-41b5-b7d5-c1b923fa73b4 req-a92b08dc-b832-41b5-b7d5-c1b923fa73b4 ] Request (SecurityGroupsTestJSON:test_server_security_groups): 200 GET http://10.180.1.21/compute/v2.1/servers/ebffe39d-9cd1-4021-894e-5b6537a4632f 0.579s
2025-02-10 11:21:17.329 63043 INFO tempest.lib.common.rest_client [req-26815e74-4f57-4f0b-94a3-0003f1b0fc1c req-26815e74-4f57-4f0b-94a3-0003f1b0fc1c ] Request (ImagesNegativeTestJSON:tearDownClass): 404 GET http://10.180.1.21/compute/v2.1/servers/5c8bfe41-7791-406a-bcc6-532673cc9475 0.500s
2025-02-10 11:21:17.343 63031 INFO tempest.lib.common.rest_client [req-20fb15a3-3bc7-42db-8471-516cd50c41ed req-20fb15a3-3bc7-42db-8471-516cd50c41ed ] Request (ImagesTestJSON:test_create_image_from_suspended_server): 200 GET http://10.180.1.21/compute/v2.1/servers/af2534f1-b352-4f9d-88b0-6c32ea4cbdeb 0.539s
2025-02-10 11:21:17.361 63011 INFO tempest.lib.common.rest_client [req-e2fe432b-dac8-4735-9ddc-e988b5aa14e9 req-e2fe432b-dac8-4735-9ddc-e988b5aa14e9 ] Request (KeyPairsV22TestJSON:test_keypairsv22_create_list_show): 201 POST http://10.180.1.21/compute/v2.1/os-keypairs 0.518s
2025-02-10 11:21:17.408 63059 INFO tempest.lib.common.rest_client [req-80ea1afc-7f6f-4271-9bc7-3f7d72e6e79d req-80ea1afc-7f6f-4271-9bc7-3f7d72e6e79d ] Request (ServerExternalEventsTest:tearDownClass): 200 GET http://10.180.1.21/compute/v2.1/servers/cb2a3d96-0163-47de-beb6-7519b75247fb 0.533s
2025-02-10 11:21:17.424 63023 INFO tempest.lib.common.rest_client [req-a2ecbf96-86ff-477a-868c-b1e97f77d847 req-a2ecbf96-86ff-477a-868c-b1e97f77d847 ] Request (ServersAdminNegativeTestJSON:test_migrate_server_invalid_state): 200 GET http://10.180.1.21/compute/v2.1/servers/710a4cce-58c3-4332-8d00-4244209ee558 0.504s
2025-02-10 11:21:17.499 63017 INFO tempest.lib.common.rest_client [req-b07f487b-0dd9-40c0-905c-904eaef71563 req-b07f487b-0dd9-40c0-905c-904eaef71563 ] Request (ServersAdmin275Test:test_rebuild_update_server_275): 200 GET http://10.180.1.21/compute/v2.1/servers/a8706125-0bc4-42bb-8968-47edb39a1631 0.515s
2025-02-10 11:21:17.576 63001 INFO tempest.lib.common.rest_client [req-20c67e09-519c-4e4d-a7a8-c14cdf5a334c req-20c67e09-519c-4e4d-a7a8-c14cdf5a334c ] Request (ServerRescueNegativeTestJSON:setUpClass): 200 GET http://10.180.1.21/compute/v2.1/servers/834e64fc-b0cb-4903-ac84-b28d41dc4583 0.533s
2025-02-10 11:21:17.577 63003 INFO tempest.lib.common.rest_client [req-a9b9ac08-ea27-4a89-b78c-ee27e5481f25 req-a9b9ac08-ea27-4a89-b78c-ee27e5481f25 ] Request (ImagesMetadataTestJSON:setUp): 200 PUT http://10.180.1.21/compute/v2.1/images/1530f815-ef88-4494-9f89-e5da146c8f47/metadata 0.605s
2025-02-10 11:21:17.657 63057 INFO tempest.lib.common.rest_client [req-8c1094ed-9389-46ec-ab2e-26772cf0c818 req-8c1094ed-9389-46ec-ab2e-26772cf0c818 ] Request (MultipleCreateTestJSON:test_multiple_create): 200 GET http://10.180.1.21/compute/v2.1/servers/1d66f43a-fe3a-42a0-86c6-3fa58ca90847 0.533s
2025-02-10 11:21:17.666 63037 INFO tempest.lib.common.rest_client [req-5ed18f19-1112-4c4a-b25e-3d31cd6535c1 req-5ed18f19-1112-4c4a-b25e-3d31cd6535c1 ] Request (ServerShowV254Test:test_rebuild_server): 200 GET http://10.180.1.21/compute/v2.1/servers/7dd84fc4-8361-4edf-baef-478818448642 0.418s
2025-02-10 11:21:17.747 63005 INFO tempest.lib.common.rest_client [req-ee88f5c5-dcd3-4d87-aa22-2b30993d8554 req-ee88f5c5-dcd3-4d87-aa22-2b30993d8554 ] Request (FloatingIPsAssociationNegativeTestJSON:tearDownClass): 200 GET http://10.180.1.21/compute/v2.1/servers/151267de-2916-4c2d-97a7-927a33a89b4b 0.441s
2025-02-10 11:21:17.755 63011 INFO tempest.lib.common.rest_client [req-dbe5311d-ecde-4933-b3f7-edcf06e4bcb1 req-dbe5311d-ecde-4933-b3f7-edcf06e4bcb1 ] Request (KeyPairsV22TestJSON:test_keypairsv22_create_list_show): 200 GET http://10.180.1.21/compute/v2.1/os-keypairs/tempest-keypair-1448083873 0.392s
2025-02-10 11:21:17.838 63047 WARNING tempest.lib.common.ssh [-] Failed to establish authenticated ssh connection to cirros@10.180.180.131 ([Errno None] Unable to connect to port 22 on 10.180.180.131). Number attempts: 6. Retry after 7 seconds.: paramiko.ssh_exception.NoValidConnectionsError: [Errno None] Unable to connect to port 22 on 10.180.180.131
2025-02-10 11:21:17.881 63007 INFO tempest.lib.common.rest_client [req-3e75aa38-88e4-4a7a-9d97-d2d76e65f47d req-3e75aa38-88e4-4a7a-9d97-d2d76e65f47d ] Request (AttachInterfacesV270Test:tearDownClass): 200 GET http://10.180.1.21/compute/v2.1/servers/3bb74c9a-7261-4e45-904b-c5802d90880b 0.599s
2025-02-10 11:21:17.916 63003 INFO tempest.lib.common.rest_client [req-c63b2942-efb6-440f-8b9d-eca3cd947970 req-c63b2942-efb6-440f-8b9d-eca3cd947970 ] Request (ImagesMetadataTestJSON:test_list_image_metadata): 200 GET http://10.180.1.21/compute/v2.1/images/1530f815-ef88-4494-9f89-e5da146c8f47/metadata 0.338s
2025-02-10 11:21:18.029 63021 WARNING tempest.lib.common.ssh [-] Failed to establish authenticated ssh connection to cirros@10.180.180.213 ([Errno None] Unable to connect to port 22 on 10.180.180.213). Number attempts: 5. Retry after 6 seconds.: paramiko.ssh_exception.NoValidConnectionsError: [Errno None] Unable to connect to port 22 on 10.180.180.213
2025-02-10 11:21:18.066 63043 INFO tempest.lib.common.rest_client [req-d3eeb4fa-bd08-467a-8517-07c501b9b080 req-d3eeb4fa-bd08-467a-8517-07c501b9b080 ] Request (ImagesNegativeTestJSON:tearDownClass): 200 PUT http://10.180.1.21:9696/networking/v2.0/routers/968164d8-4858-4358-b467-4581027d8da6/remove_router_interface 0.736s
2025-02-10 11:21:18.082 63049 INFO tempest.lib.common.rest_client [req-a3fe863a-3cb1-465c-beb3-bce5e35e1e44 req-a3fe863a-3cb1-465c-beb3-bce5e35e1e44 ] Request (MigrationsAdminTest:test_list_migrations_in_flavor_resize_situation): 200 GET http://10.180.1.21/compute/v2.1/servers/199ee82a-84d4-4502-9fd0-48eb0322beaf 0.589s
2025-02-10 11:21:18.092 63011 INFO tempest.lib.common.rest_client [req-4fb94e8c-dced-48b5-b842-815e4df95cb5 req-4fb94e8c-dced-48b5-b842-815e4df95cb5 ] Request (KeyPairsV22TestJSON:test_keypairsv22_create_list_show): 200 GET http://10.180.1.21/compute/v2.1/os-keypairs 0.334s
2025-02-10 11:21:18.129 63013 INFO tempest.lib.common.rest_client [req-4175f0a3-7423-41ec-a70d-edcbafb538ce req-4175f0a3-7423-41ec-a70d-edcbafb538ce ] Request (ImagesOneServerTestJSON:tearDownClass): 200 GET http://10.180.1.21/compute/v2.1/servers/bcc5d4ec-9218-4db5-b1e5-42dcd192c915 0.483s
2025-02-10 11:21:18.333 62997 INFO tempest.lib.common.rest_client [req-87baa04a-67e8-4efc-8132-1fa5d4e5dbec req-87baa04a-67e8-4efc-8132-1fa5d4e5dbec ] Request (ServerRescueTestJSONUnderV235:setUpClass): 200 GET http://10.180.1.21/compute/v2.1/servers/c6817a48-72cd-49f2-94c2-fad0a792b351 0.567s
2025-02-10 11:21:18.351 63041 INFO tempest.lib.common.rest_client [req-58bb4818-5f78-461a-99a8-1cca2d7d0691 req-58bb4818-5f78-461a-99a8-1cca2d7d0691 ] Request (AttachVolumeTestJSON:test_attach_detach_volume): 200 GET http://10.180.1.21/compute/v2.1/servers/5ebe9418-64b8-46a5-b556-115b7b93f322 0.531s
2025-02-10 11:21:18.430 63027 INFO tempest.lib.common.rest_client [req-c06dd45d-7b25-42d6-9a26-50649ca9dd5d req-c06dd45d-7b25-42d6-9a26-50649ca9dd5d ] Request (ServerDiagnosticsNegativeTest:tearDownClass): 200 GET http://10.180.1.21/compute/v2.1/servers/994a1fb4-b5a7-4f6a-b02f-60ab3a79070f 0.609s
2025-02-10 11:21:18.435 63025 INFO tempest.lib.common.rest_client [req-1c780da3-3540-456f-89c8-951893db66f9 req-1c780da3-3540-456f-89c8-951893db66f9 ] Request (ServerDiagnosticsTest:test_get_server_diagnostics): 200 GET http://10.180.1.21/compute/v2.1/servers/e743f9d3-26be-484d-bbc4-f6a64d236a09 0.565s
2025-02-10 11:21:18.522 63029 INFO tempest.lib.common.rest_client [req-d2fa16ed-09f2-4781-8229-e379d1f20c3b req-d2fa16ed-09f2-4781-8229-e379d1f20c3b ] Request (ServersTestBootFromVolume:setUpClass): 200 GET http://10.180.1.21/compute/v2.1/servers/6c29480d-a846-4c48-a5c4-73f3aaa60198 0.577s
2025-02-10 11:21:18.608 63003 INFO tempest.lib.common.rest_client [req-07130848-7bf6-44a7-82e5-7460a6fe5ab8 req-07130848-7bf6-44a7-82e5-7460a6fe5ab8 ] Request (ImagesMetadataTestJSON:setUp): 200 PUT http://10.180.1.21/compute/v2.1/images/1530f815-ef88-4494-9f89-e5da146c8f47/metadata 0.691s
2025-02-10 11:21:18.616 63019 INFO tempest.lib.common.rest_client [req-657c2c66-123d-4f63-a27f-b74200cee74c req-657c2c66-123d-4f63-a27f-b74200cee74c ] Request (DeleteServersAdminTestJSON:test_delete_server_while_in_error_state): 200 GET http://10.180.1.21/compute/v2.1/servers/23c0eb52-da0c-4dec-876d-caafa43b4c9c 0.571s
2025-02-10 11:21:18.618 63043 INFO tempest.lib.common.rest_client [req-01ad5006-f3be-4261-a494-3e6be5cc5b48 req-01ad5006-f3be-4261-a494-3e6be5cc5b48 ] Request (ImagesNegativeTestJSON:tearDownClass): 204 DELETE http://10.180.1.21:9696/networking/v2.0/routers/968164d8-4858-4358-b467-4581027d8da6 0.551s
2025-02-10 11:21:18.630 63011 INFO tempest.lib.common.rest_client [req-377132b1-2f85-40cd-89b8-0dc61d79bdc2 req-377132b1-2f85-40cd-89b8-0dc61d79bdc2 ] Request (KeyPairsV22TestJSON:_run_cleanups): 204 DELETE http://10.180.1.21/compute/v2.1/os-keypairs/tempest-keypair-1448083873 0.537s
2025-02-10 11:21:18.717 63033 INFO tempest.lib.common.rest_client [req-07d87d38-0269-4ea1-9bfd-ecdfd9dd185b req-07d87d38-0269-4ea1-9bfd-ecdfd9dd185b ] Request (ServerDiagnosticsV248Test:test_get_server_diagnostics): 200 GET http://10.180.1.21/compute/v2.1/servers/a42a058f-93d3-4351-b989-3f740c29ccc3 0.613s
2025-02-10 11:21:18.792 63051 INFO tempest.lib.common.rest_client [req-95bdfba8-14c3-47c7-ac62-628fced98553 req-95bdfba8-14c3-47c7-ac62-628fced98553 ] Request (ServersAdminTestJSON:test_inject_network_info): 200 GET http://10.180.1.21/compute/v2.1/servers/42845847-442b-4d76-955b-1862e762114f 0.490s
2025-02-10 11:21:18.812 63009 INFO tempest.lib.common.rest_client [req-b4503112-1703-4e31-976e-d54b72d413b5 req-b4503112-1703-4e31-976e-d54b72d413b5 ] Request (ServersTestManualDisk:setUpClass): 200 GET http://10.180.1.21/compute/v2.1/servers/204e3516-e790-4b20-b9e4-9696b682b58d 0.727s
2025-02-10 11:21:18.816 63035 INFO tempest.lib.common.rest_client [req-40084ea4-e70a-465b-a74e-8ef385ccc2fc req-40084ea4-e70a-465b-a74e-8ef385ccc2fc ] Request (ServerPasswordTestJSON:tearDownClass): 200 PUT http://10.180.1.21:9696/networking/v2.0/routers/41545cd5-caef-4da5-9db2-b092c962ad6d/remove_router_interface 1.955s
2025-02-10 11:21:18.825 63009 INFO tempest.common.waiters [-] State transition "BUILD/spawning" ==> "ACTIVE/None" after 26 second wait
2025-02-10 11:21:18.826 63043 INFO tempest.lib.common.rest_client [req-db82c9f1-fc21-49e9-8359-5c438e379d70 req-db82c9f1-fc21-49e9-8359-5c438e379d70 ] Request (ImagesNegativeTestJSON:tearDownClass): 204 DELETE http://10.180.1.21:9696/networking/v2.0/subnets/a323f044-cd6a-4ff4-a521-a252e297eea4 0.208s
2025-02-10 11:21:18.869 63039 INFO tempest.lib.common.rest_client [req-b29b5d16-a854-4dac-8831-2d190a90aeea req-b29b5d16-a854-4dac-8831-2d190a90aeea ] Request (SecurityGroupsTestJSON:test_server_security_groups): 200 GET http://10.180.1.21/compute/v2.1/servers/ebffe39d-9cd1-4021-894e-5b6537a4632f 0.551s
2025-02-10 11:21:18.893 63031 INFO tempest.lib.common.rest_client [req-9c3f29a6-8e6f-4a9f-9f3a-2e2c756b9794 req-9c3f29a6-8e6f-4a9f-9f3a-2e2c756b9794 ] Request (ImagesTestJSON:test_create_image_from_suspended_server): 200 GET http://10.180.1.21/compute/v2.1/servers/af2534f1-b352-4f9d-88b0-6c32ea4cbdeb 0.542s
2025-02-10 11:21:18.984 63059 INFO tempest.lib.common.rest_client [req-91d00f72-c4d5-48b6-9beb-0ebcd5cccd7d req-91d00f72-c4d5-48b6-9beb-0ebcd5cccd7d ] Request (ServerExternalEventsTest:tearDownClass): 200 GET http://10.180.1.21/compute/v2.1/servers/cb2a3d96-0163-47de-beb6-7519b75247fb 0.566s
2025-02-10 11:21:18.986 63023 INFO tempest.lib.common.rest_client [req-642ff1f6-77e8-49c3-ba9d-3a5121e88cdc req-642ff1f6-77e8-49c3-ba9d-3a5121e88cdc ] Request (ServersAdminNegativeTestJSON:test_migrate_server_invalid_state): 200 GET http://10.180.1.21/compute/v2.1/servers/710a4cce-58c3-4332-8d00-4244209ee558 0.553s
2025-02-10 11:21:18.996 63023 INFO tempest.common.waiters [-] State transition "BUILD/scheduling" ==> "BUILD/None" after 8 second wait
2025-02-10 11:21:19.070 63017 INFO tempest.lib.common.rest_client [req-e328dbd1-f5d9-498c-afc2-141e0c12c103 req-e328dbd1-f5d9-498c-afc2-141e0c12c103 ] Request (ServersAdmin275Test:test_rebuild_update_server_275): 200 GET http://10.180.1.21/compute/v2.1/servers/a8706125-0bc4-42bb-8968-47edb39a1631 0.556s
2025-02-10 11:21:19.074 63001 INFO tempest.lib.common.rest_client [req-e5d30c59-9b6c-457d-b742-595eed3923ef req-e5d30c59-9b6c-457d-b742-595eed3923ef ] Request (ServerRescueNegativeTestJSON:setUpClass): 200 GET http://10.180.1.21/compute/v2.1/servers/834e64fc-b0cb-4903-ac84-b28d41dc4583 0.485s
2025-02-10 11:21:19.264 63043 INFO tempest.lib.common.rest_client [req-b8ec022d-a67b-4678-9bc9-aa1867dd1ae1 req-b8ec022d-a67b-4678-9bc9-aa1867dd1ae1 ] Request (ImagesNegativeTestJSON:tearDownClass): 204 DELETE http://10.180.1.21:9696/networking/v2.0/networks/4c113cde-bf58-4b1f-8521-1e7454352789 0.437s
2025-02-10 11:21:19.328 63035 INFO tempest.lib.common.rest_client [req-7281c999-994d-498f-abf6-4961b8aa86ea req-7281c999-994d-498f-abf6-4961b8aa86ea ] Request (ServerPasswordTestJSON:tearDownClass): 204 DELETE http://10.180.1.21:9696/networking/v2.0/routers/41545cd5-caef-4da5-9db2-b092c962ad6d 0.512s
2025-02-10 11:21:19.364 63003 INFO tempest.lib.common.rest_client [req-9c3bcabd-9b23-4d08-98cd-a723b222b977 req-9c3bcabd-9b23-4d08-98cd-a723b222b977 ] Request (ImagesMetadataTestJSON:test_set_image_metadata): 200 PUT http://10.180.1.21/compute/v2.1/images/1530f815-ef88-4494-9f89-e5da146c8f47/metadata 0.754s
2025-02-10 11:21:19.404 63043 INFO tempest.lib.common.rest_client [req-35cd6ab2-88ee-43bb-be81-74dd9719f146 req-35cd6ab2-88ee-43bb-be81-74dd9719f146 ] Request (ImagesNegativeTestJSON:tearDownClass): 204 DELETE http://10.180.1.21/identity/v3/users/384d9f2984b74777b80c8eb49399c6f8 0.140s
2025-02-10 11:21:19.405 63043 INFO tempest.lib.common.dynamic_creds [-] Deleting project and security group for project: aa77a22a64f54827b675e1dfadcc007d
2025-02-10 11:21:19.438 63057 INFO tempest.lib.common.rest_client [req-1b064c2d-e1b7-46d4-8c16-deef465cb8d0 req-1b064c2d-e1b7-46d4-8c16-deef465cb8d0 ] Request (MultipleCreateTestJSON:test_multiple_create): 200 GET http://10.180.1.21/compute/v2.1/servers/1d66f43a-fe3a-42a0-86c6-3fa58ca90847 0.771s
2025-02-10 11:21:19.459 63043 INFO tempest.lib.common.rest_client [req-4b0344d5-57f3-4d88-9f2f-e305abb357bd req-4b0344d5-57f3-4d88-9f2f-e305abb357bd ] Request (ImagesNegativeTestJSON:tearDownClass): 200 GET http://10.180.1.21:9696/networking/v2.0/security-groups?tenant_id=aa77a22a64f54827b675e1dfadcc007d&name=default 0.054s
2025-02-10 11:21:19.482 63035 INFO tempest.lib.common.rest_client [req-5fa143a9-adde-4282-872e-13109c85e099 req-5fa143a9-adde-4282-872e-13109c85e099 ] Request (ServerPasswordTestJSON:tearDownClass): 204 DELETE http://10.180.1.21:9696/networking/v2.0/subnets/2a426f9b-ba8a-4dbc-9e43-e7dce3957551 0.152s
2025-02-10 11:21:19.484 63011 INFO tempest.lib.common.rest_client [req-41154422-1a4f-4025-9ab4-a558a5b55ab1 req-41154422-1a4f-4025-9ab4-a558a5b55ab1 ] Request (KeyPairsV22TestJSON:test_keypairsv22_create_list_show_with_type): 201 POST http://10.180.1.21/compute/v2.1/os-keypairs 0.850s
2025-02-10 11:21:19.517 63037 INFO tempest.lib.common.rest_client [req-1692d3a6-7390-4db3-982e-f78ec02c331b req-1692d3a6-7390-4db3-982e-f78ec02c331b ] Request (ServerShowV254Test:test_rebuild_server): 200 GET http://10.180.1.21/compute/v2.1/servers/7dd84fc4-8361-4edf-baef-478818448642 0.840s
2025-02-10 11:21:19.582 63005 INFO tempest.lib.common.rest_client [req-39084e03-f042-4b41-9a4c-7ecb18c08146 req-39084e03-f042-4b41-9a4c-7ecb18c08146 ] Request (FloatingIPsAssociationNegativeTestJSON:tearDownClass): 200 GET http://10.180.1.21/compute/v2.1/servers/151267de-2916-4c2d-97a7-927a33a89b4b 0.828s
2025-02-10 11:21:19.603 63009 INFO tempest.lib.common.rest_client [req-bf68b3de-6563-4d29-9a36-a8704b21fcaa req-bf68b3de-6563-4d29-9a36-a8704b21fcaa ] Request (ServersTestManualDisk:setUpClass): 200 GET http://10.180.1.21/compute/v2.1/servers/204e3516-e790-4b20-b9e4-9696b682b58d/os-interface 0.777s
2025-02-10 11:21:19.640 63043 INFO tempest.lib.common.rest_client [req-7fd85efb-fdfe-45bd-80fb-cc020bb4c0a6 req-7fd85efb-fdfe-45bd-80fb-cc020bb4c0a6 ] Request (ImagesNegativeTestJSON:tearDownClass): 204 DELETE http://10.180.1.21:9696/networking/v2.0/security-groups/b55682ba-e0da-4d6f-89fe-2e4b06e64864 0.181s
2025-02-10 11:21:19.644 63007 INFO tempest.lib.common.rest_client [req-2551d7e9-b005-420d-a3e3-542e399c3daf req-2551d7e9-b005-420d-a3e3-542e399c3daf ] Request (AttachInterfacesV270Test:tearDownClass): 200 GET http://10.180.1.21/compute/v2.1/servers/3bb74c9a-7261-4e45-904b-c5802d90880b 0.750s
2025-02-10 11:21:19.727 63013 INFO tempest.lib.common.rest_client [req-a9d59ad1-99df-47b3-820f-e827b17047f5 req-a9d59ad1-99df-47b3-820f-e827b17047f5 ] Request (ImagesOneServerTestJSON:tearDownClass): 200 GET http://10.180.1.21/compute/v2.1/servers/bcc5d4ec-9218-4db5-b1e5-42dcd192c915 0.587s
2025-02-10 11:21:19.767 63049 INFO tempest.lib.common.rest_client [req-e33e06c8-c42a-40fa-b3b8-8a0003bc5e57 req-e33e06c8-c42a-40fa-b3b8-8a0003bc5e57 ] Request (MigrationsAdminTest:test_list_migrations_in_flavor_resize_situation): 200 GET http://10.180.1.21/compute/v2.1/servers/199ee82a-84d4-4502-9fd0-48eb0322beaf 0.675s
2025-02-10 11:21:19.773 63043 INFO tempest.lib.common.rest_client [req-2204ffd5-5b0a-4475-baa5-ce7f426f3bc3 req-2204ffd5-5b0a-4475-baa5-ce7f426f3bc3 ] Request (ImagesNegativeTestJSON:tearDownClass): 204 DELETE http://10.180.1.21/identity/v3/projects/aa77a22a64f54827b675e1dfadcc007d 0.132s
2025-02-10 11:21:19.774 63043 INFO tempest.test [-] raised in ServerStableDeviceRescueTestIDE.setUpClass. Invoking tearDownClass.
2025-02-10 11:21:19.837 63035 INFO tempest.lib.common.rest_client [req-4dcf63b4-e33d-4bf8-974b-508c35f198bd req-4dcf63b4-e33d-4bf8-974b-508c35f198bd ] Request (ServerPasswordTestJSON:tearDownClass): 204 DELETE http://10.180.1.21:9696/networking/v2.0/networks/29d017aa-7284-4ebb-8161-5ca08c5402e0 0.355s
2025-02-10 11:21:19.923 62997 INFO tempest.lib.common.rest_client [req-cec87102-30ef-4fd6-b3fb-f8ba37fab12e req-cec87102-30ef-4fd6-b3fb-f8ba37fab12e ] Request (ServerRescueTestJSONUnderV235:setUpClass): 200 GET http://10.180.1.21/compute/v2.1/servers/c6817a48-72cd-49f2-94c2-fad0a792b351 0.580s
2025-02-10 11:21:19.926 63041 INFO tempest.lib.common.rest_client [req-8af9c96e-983d-420f-a278-8c091a500f25 req-8af9c96e-983d-420f-a278-8c091a500f25 ] Request (AttachVolumeTestJSON:test_attach_detach_volume): 200 GET http://10.180.1.21/compute/v2.1/servers/5ebe9418-64b8-46a5-b556-115b7b93f322 0.562s
2025-02-10 11:21:19.965 63003 INFO tempest.lib.common.rest_client [req-5d89c430-9ccb-4588-9dc7-a924205c88db req-5d89c430-9ccb-4588-9dc7-a924205c88db ] Request (ImagesMetadataTestJSON:test_set_image_metadata): 200 GET http://10.180.1.21/compute/v2.1/images/1530f815-ef88-4494-9f89-e5da146c8f47/metadata 0.598s
2025-02-10 11:21:19.971 63035 INFO tempest.lib.common.rest_client [req-507bf136-9ddd-4e76-a15a-e76d1d130e9a req-507bf136-9ddd-4e76-a15a-e76d1d130e9a ] Request (ServerPasswordTestJSON:tearDownClass): 204 DELETE http://10.180.1.21/identity/v3/users/f0f7b3fb5727493ea058d38554fc352c 0.134s
2025-02-10 11:21:19.971 63035 INFO tempest.lib.common.dynamic_creds [-] Deleting project and security group for project: 125cc60961014120a7df26979c5711a9
2025-02-10 11:21:20.007 63027 INFO tempest.lib.common.rest_client [req-de2a5715-c1f9-4ca1-8ba4-fc229d20fb12 req-de2a5715-c1f9-4ca1-8ba4-fc229d20fb12 ] Request (ServerDiagnosticsNegativeTest:tearDownClass): 200 GET http://10.180.1.21/compute/v2.1/servers/994a1fb4-b5a7-4f6a-b02f-60ab3a79070f 0.567s
2025-02-10 11:21:20.018 63011 INFO tempest.lib.common.rest_client [req-5dd44705-ef0e-4f93-bd11-571794831992 req-5dd44705-ef0e-4f93-bd11-571794831992 ] Request (KeyPairsV22TestJSON:test_keypairsv22_create_list_show_with_type): 200 GET http://10.180.1.21/compute/v2.1/os-keypairs/tempest-keypair-629438059 0.532s
2025-02-10 11:21:20.027 63035 INFO tempest.lib.common.rest_client [req-4bd69e8f-d058-40c5-89bf-e02ad88053af req-4bd69e8f-d058-40c5-89bf-e02ad88053af ] Request (ServerPasswordTestJSON:tearDownClass): 200 GET http://10.180.1.21:9696/networking/v2.0/security-groups?tenant_id=125cc60961014120a7df26979c5711a9&name=default 0.055s
2025-02-10 11:21:20.029 63025 INFO tempest.lib.common.rest_client [req-78010baa-2ff4-4953-9b75-aafc1e2000d6 req-78010baa-2ff4-4953-9b75-aafc1e2000d6 ] Request (ServerDiagnosticsTest:test_get_server_diagnostics): 200 GET http://10.180.1.21/compute/v2.1/servers/e743f9d3-26be-484d-bbc4-f6a64d236a09 0.582s
2025-02-10 11:21:20.084 63029 INFO tempest.lib.common.rest_client [req-a91e06af-5bf6-4662-88c6-a93e1629523e req-a91e06af-5bf6-4662-88c6-a93e1629523e ] Request (ServersTestBootFromVolume:setUpClass): 200 GET http://10.180.1.21/compute/v2.1/servers/6c29480d-a846-4c48-a5c4-73f3aaa60198 0.550s
