2025-02-10 11:22:02.081 63013 INFO tempest.lib.common.dynamic_creds [-] Created isolated network resources for: credentials: Credentials: {'domain_id': 'default', 'domain_name': 'Default', 'username': 'tempest-ServerActionsTestJSON-2084396373-project-member', 'project_domain_id': 'default', 'project_domain_name': 'Default', 'project_id': '71a9f692c5a5450b9ff807b8947ce148', 'project_name': 'tempest-ServerActionsTestJSON-2084396373', 'tenant_id': '71a9f692c5a5450b9ff807b8947ce148', 'tenant_name': 'tempest-ServerActionsTestJSON-2084396373', 'user_domain_id': 'default', 'user_domain_name': 'Default', 'user_id': '096da6fa1366404e8de2fa40c81a51ab', 'system': None}, Network: {'id': '9a17eff1-277c-4bfe-966c-614235fbc6ea', 'name': 'tempest-ServerActionsTestJSON-669017876-network', 'tenant_id': '71a9f692c5a5450b9ff807b8947ce148', 'admin_state_up': True, 'mtu': 8950, 'status': 'ACTIVE', 'subnets': [], 'shared': False, 'project_id': '71a9f692c5a5450b9ff807b8947ce148', 'port_security_enabled': True, 'router:external': False, 'provider:network_type': 'vlan', 'provider:physical_network': 'default', 'provider:segmentation_id': 148, 'availability_zone_hints': [], 'availability_zones': [], 'ipv4_address_scope': None, 'ipv6_address_scope': None, 'description': '', 'tags': [], 'created_at': '2025-02-10T11:21:59Z', 'updated_at': '2025-02-10T11:21:59Z', 'revision_number': 1}, Subnet: {'id': 'bba927b7-b158-486f-80c1-6cabf879dda5', 'name': 'tempest-ServerActionsTestJSON-669017876-subnet', 'tenant_id': '71a9f692c5a5450b9ff807b8947ce148', 'network_id': '9a17eff1-277c-4bfe-966c-614235fbc6ea', 'ip_version': 4, 'subnetpool_id': None, 'enable_dhcp': True, 'ipv6_ra_mode': None, 'ipv6_address_mode': None, 'gateway_ip': '192.168.128.1', 'cidr': '192.168.128.0/28', 'allocation_pools': [{'start': '192.168.128.2', 'end': '192.168.128.14'}], 'host_routes': [], 'dns_nameservers': [], 'description': '', 'router:external': False, 'service_types': [], 'tags': [], 'created_at': '2025-02-10T11:21:59Z', 'updated_at': '2025-02-10T11:21:59Z', 'revision_number': 0, 'project_id': '71a9f692c5a5450b9ff807b8947ce148'}, Router: {'id': '6f30ed32-e24e-47de-805d-e8688e17000d', 'name': 'tempest-ServerActionsTestJSON-669017876-router', 'tenant_id': '71a9f692c5a5450b9ff807b8947ce148', 'admin_state_up': True, 'status': 'ACTIVE', 'external_gateway_info': {'network_id': 'a3c9de26-5672-416e-b09a-e72aa56d2fb1', 'external_fixed_ips': [{'subnet_id': 'd75a514e-9e5a-499d-98a9-fd5714a9fe39', 'ip_address': '10.180.180.142'}], 'enable_snat': True}, 'description': '', 'availability_zones': [], 'distributed': False, 'ha': False, 'availability_zone_hints': [], 'routes': [], 'flavor_id': None, 'tags': [], 'created_at': '2025-02-10T11:21:59Z', 'updated_at': '2025-02-10T11:22:00Z', 'revision_number': 2, 'project_id': '71a9f692c5a5450b9ff807b8947ce148'}
2025-02-10 11:22:02.103 63017 INFO tempest.lib.common.rest_client [req-1582e426-dacc-4146-bbd3-36111a8b8347 req-1582e426-dacc-4146-bbd3-36111a8b8347 ] Request (ServersAdmin275Test:test_rebuild_update_server_275): 200 GET http://10.180.1.21/compute/v2.1/servers/a8706125-0bc4-42bb-8968-47edb39a1631 0.162s
2025-02-10 11:22:02.167 63057 INFO tempest.lib.common.rest_client [req-f6cea2d6-d452-46fe-afdf-b76d0fb430bb req-f6cea2d6-d452-46fe-afdf-b76d0fb430bb ] Request (MultipleCreateTestJSON:test_multiple_create): 200 GET http://10.180.1.21/compute/v2.1/servers/1d66f43a-fe3a-42a0-86c6-3fa58ca90847 0.195s
2025-02-10 11:22:02.189 63013 INFO tempest.lib.common.rest_client [req-fed120aa-76f8-4103-bcc5-b4621969311d req-fed120aa-76f8-4103-bcc5-b4621969311d ] Request (ServerActionsTestJSON:setUpClass): 201 POST http://10.180.1.21/identity/v3/auth/tokens 0.103s
2025-02-10 11:22:02.203 63039 INFO tempest.lib.common.rest_client [req-d7c5145d-1b93-4d83-8846-8b3889596d3e req-d7c5145d-1b93-4d83-8846-8b3889596d3e ] Request (SecurityGroupsTestJSON:test_server_security_groups): 200 GET http://10.180.1.21/compute/v2.1/servers/ebffe39d-9cd1-4021-894e-5b6537a4632f 0.298s
2025-02-10 11:22:02.233 63059 INFO tempest.lib.common.rest_client [req-3048f88a-8f6d-41a0-93ef-80aa0c0983a0 req-3048f88a-8f6d-41a0-93ef-80aa0c0983a0 ] Request (AttachInterfacesTestJSON:test_create_list_show_delete_interfaces_by_fixed_ip): 200 GET http://10.180.1.21/compute/v2.1/servers/c1260e22-5fe5-4006-b3af-6703e3f7ad7d 0.210s
2025-02-10 11:22:02.274 63027 INFO tempest.lib.common.rest_client [req-c3c2f4bb-52d7-4aa3-ad67-0d3830373513 req-c3c2f4bb-52d7-4aa3-ad67-0d3830373513 ] Request (VolumesAdminNegativeTest:test_update_attached_volume_with_nonexistent_volume_in_body): 200 GET http://10.180.1.21/compute/v2.1/servers/22e41608-3622-4e14-ab78-b9d704068900 0.194s
2025-02-10 11:22:02.352 63013 INFO tempest.lib.common.rest_client [req-8b5c18cc-2f90-4aee-b5d1-f3f5cfe40811 req-8b5c18cc-2f90-4aee-b5d1-f3f5cfe40811 ] Request (ServerActionsTestJSON:setUpClass): 200 POST http://10.180.1.21/compute/v2.1/os-keypairs 0.158s
2025-02-10 11:22:02.366 63025 INFO tempest.lib.common.rest_client [req-c9629f1d-43ae-4e56-9d9a-03ae999e26c1 req-c9629f1d-43ae-4e56-9d9a-03ae999e26c1 ] Request (ServerDiagnosticsTest:tearDownClass): 200 GET http://10.180.1.21/compute/v2.1/servers/e743f9d3-26be-484d-bbc4-f6a64d236a09 0.094s
2025-02-10 11:22:02.437 63037 INFO tempest.lib.common.rest_client [req-d1e550bf-11e6-451f-afb4-f42fc131412d req-d1e550bf-11e6-451f-afb4-f42fc131412d ] Request (ServerShowV254Test:test_rebuild_server): 200 GET http://10.180.1.21/compute/v2.1/servers/7dd84fc4-8361-4edf-baef-478818448642 0.093s
2025-02-10 11:22:02.447 63037 INFO tempest.common.waiters [-] State transition "BUILD/None" ==> "BUILD/networking" after 48 second wait
2025-02-10 11:22:02.492 63013 INFO tempest.lib.common.rest_client [req-6a953202-fcbb-4d98-a15f-bc32d1df57c8 req-6a953202-fcbb-4d98-a15f-bc32d1df57c8 ] Request (ServerActionsTestJSON:setUpClass): 201 POST http://10.180.1.21:9696/networking/v2.0/security-groups 0.138s
2025-02-10 11:22:02.528 63031 INFO tempest.lib.common.rest_client [req-653d0c80-fd52-49ab-8000-d5a0d40893d0 req-653d0c80-fd52-49ab-8000-d5a0d40893d0 ] Request (ImagesTestJSON:test_create_server_from_snapshot): 200 GET http://10.180.1.21/compute/v2.1/servers/b3deb642-4e36-4b45-81c3-395325bd6106 0.132s
2025-02-10 11:22:02.613 63013 INFO tempest.lib.common.rest_client [req-a6a6e5d5-4c10-49bd-ac48-9718c97a1d6b req-a6a6e5d5-4c10-49bd-ac48-9718c97a1d6b ] Request (ServerActionsTestJSON:setUpClass): 201 POST http://10.180.1.21:9696/networking/v2.0/security-group-rules 0.121s
2025-02-10 11:22:02.626 63011 INFO tempest.lib.common.rest_client [req-908c1eaa-ffb0-479a-ac9f-102095150e95 req-908c1eaa-ffb0-479a-ac9f-102095150e95 ] Request (DeleteServersTestJSON:test_delete_active_server): 200 GET http://10.180.1.21/compute/v2.1/servers/92ac37e0-64ff-4295-ae78-68c6ab45742c 0.154s
2025-02-10 11:22:02.661 63001 INFO tempest.lib.common.rest_client [req-8143e6df-9474-439e-b54f-5652b0b3e542 req-8143e6df-9474-439e-b54f-5652b0b3e542 ] Request (ServerRescueNegativeTestJSON:_run_cleanups): 200 GET http://10.180.1.21/compute/v2.1/servers/681316d4-efba-4601-a9c6-59b79bb226b7 0.273s
2025-02-10 11:22:02.702 63041 WARNING tempest.lib.common.ssh [-] Failed to establish authenticated ssh connection to cirros@10.180.180.226 ([Errno None] Unable to connect to port 22 on 10.180.180.226). Number attempts: 6. Retry after 7 seconds.: paramiko.ssh_exception.NoValidConnectionsError: [Errno None] Unable to connect to port 22 on 10.180.180.226
2025-02-10 11:22:02.719 63013 INFO tempest.lib.common.rest_client [req-130886b5-164e-4927-9a2a-ea52ee2ca993 req-130886b5-164e-4927-9a2a-ea52ee2ca993 ] Request (ServerActionsTestJSON:setUpClass): 201 POST http://10.180.1.21:9696/networking/v2.0/security-group-rules 0.105s
2025-02-10 11:22:02.735 62997 INFO tempest.lib.common.rest_client [req-18b12b47-be14-4af8-8c73-30ff4f24821c req-18b12b47-be14-4af8-8c73-30ff4f24821c ] Request (ServerRescueTestJSONUnderV235:tearDownClass): 200 GET http://10.180.1.21/compute/v2.1/servers/c6817a48-72cd-49f2-94c2-fad0a792b351 0.137s
2025-02-10 11:22:02.832 63029 WARNING tempest.lib.common.ssh [-] Failed to establish authenticated ssh connection to cirros@10.180.180.236 ([Errno None] Unable to connect to port 22 on 10.180.180.236). Number attempts: 1. Retry after 2 seconds.: paramiko.ssh_exception.NoValidConnectionsError: [Errno None] Unable to connect to port 22 on 10.180.180.236
2025-02-10 11:22:02.839 63045 INFO tempest.lib.common.rest_client [req-88df22a7-9e27-41e2-aac9-9ff110f3a3d4 req-88df22a7-9e27-41e2-aac9-9ff110f3a3d4 ] Request (ServersTestFqdnHostnames:tearDownClass): 200 GET http://10.180.1.21/compute/v2.1/servers/939bf798-eece-4e22-95c4-c5e62b979829 0.145s
2025-02-10 11:22:02.908 63023 INFO tempest.lib.common.rest_client [req-28f8b84d-581e-4b55-b95f-67529f54f5e8 req-28f8b84d-581e-4b55-b95f-67529f54f5e8 ] Request (ServersAdminNegativeTestJSON:test_migrate_server_invalid_state): 200 GET http://10.180.1.21/compute/v2.1/servers/710a4cce-58c3-4332-8d00-4244209ee558 0.307s
2025-02-10 11:22:02.932 63003 INFO tempest.lib.common.rest_client [req-77fa627f-de54-4f9e-a58b-990175126cd1 req-77fa627f-de54-4f9e-a58b-990175126cd1 ] Request (ServersTestJSON:test_create_server_specify_multibyte_character_name): 200 GET http://10.180.1.21/compute/v2.1/servers/c7a3405c-4926-45bc-ab5d-21869a656051 0.236s
2025-02-10 11:22:02.996 63049 INFO tempest.lib.common.rest_client [req-ab45d251-b733-4692-a3d2-925f1be03e84 req-ab45d251-b733-4692-a3d2-925f1be03e84 ] Request (MigrationsAdminTest:test_resize_server_revert_deleted_flavor): 200 GET http://10.180.1.21/compute/v2.1/servers/aee9d9e2-3e18-46b5-b0ee-f79d23d63c21 0.230s
2025-02-10 11:22:03.012 63019 INFO tempest.lib.common.rest_client [req-20b8352c-4ce3-4b2a-86db-885bbc7043a0 req-20b8352c-4ce3-4b2a-86db-885bbc7043a0 ] Request (ServersTestMultiNic:test_verify_duplicate_network_nics): 200 GET http://10.180.1.21/compute/v2.1/servers/9992c674-138a-41b7-8921-4a27dbd9d00a 0.230s
2025-02-10 11:22:03.101 63005 INFO tempest.lib.common.rest_client [req-be53de84-0650-4bdb-87a7-7f52fd3a8943 req-be53de84-0650-4bdb-87a7-7f52fd3a8943 ] Request (ServersV294TestFqdnHostnames:setUpClass): 200 GET http://10.180.1.21/compute/v2.1/servers/17221af2-96c6-4380-bbaa-ec426e1f88cf 0.165s
2025-02-10 11:22:03.121 63035 INFO tempest.lib.common.rest_client [req-a490df61-8e79-4e20-87d4-e3a93b4bb013 req-a490df61-8e79-4e20-87d4-e3a93b4bb013 ] Request (ServerShowV257Test:test_rebuild_server): 200 GET http://10.180.1.21/compute/v2.1/servers/fddb9aca-6c55-473e-979f-5eafb09256f1 0.251s
2025-02-10 11:22:03.176 63013 INFO tempest.lib.common.rest_client [req-1acf70b6-98dd-4864-8b4e-e9dca446fc7a req-1acf70b6-98dd-4864-8b4e-e9dca446fc7a ] Request (ServerActionsTestJSON:setUpClass): 201 POST http://10.180.1.21:9696/networking/v2.0/floatingips 0.456s
2025-02-10 11:22:03.217 63013 INFO tempest.lib.common.rest_client [req-3372a6ef-db82-482d-af4f-333650ff49a5 req-3372a6ef-db82-482d-af4f-333650ff49a5 ] Request (ServerActionsTestJSON:setUpClass): 201 POST http://10.180.1.21/identity/v3/auth/tokens 0.036s
2025-02-10 11:22:03.217 63013 INFO tempest.lib.common.fixed_network [-] (ServerActionsTestJSON:setUpClass) Found network {'id': '9a17eff1-277c-4bfe-966c-614235fbc6ea', 'name': 'tempest-ServerActionsTestJSON-669017876-network', 'tenant_id': '71a9f692c5a5450b9ff807b8947ce148', 'admin_state_up': True, 'mtu': 8950, 'status': 'ACTIVE', 'subnets': [], 'shared': False, 'project_id': '71a9f692c5a5450b9ff807b8947ce148', 'port_security_enabled': True, 'router:external': False, 'provider:network_type': 'vlan', 'provider:physical_network': 'default', 'provider:segmentation_id': 148, 'availability_zone_hints': [], 'availability_zones': [], 'ipv4_address_scope': None, 'ipv6_address_scope': None, 'description': '', 'tags': [], 'created_at': '2025-02-10T11:21:59Z', 'updated_at': '2025-02-10T11:21:59Z', 'revision_number': 1} available for tenant
2025-02-10 11:22:03.226 63033 INFO tempest.lib.common.rest_client [req-268be1dc-b812-48d3-999f-a647cb9a8132 req-268be1dc-b812-48d3-999f-a647cb9a8132 ] Request (ServerDiagnosticsV248Test:tearDownClass): 200 GET http://10.180.1.21/compute/v2.1/servers/a42a058f-93d3-4351-b989-3f740c29ccc3 0.209s
2025-02-10 11:22:03.299 63017 INFO tempest.lib.common.rest_client [req-77f2b6c6-3fa9-4b51-8083-ce4dae09a461 req-77f2b6c6-3fa9-4b51-8083-ce4dae09a461 ] Request (ServersAdmin275Test:test_rebuild_update_server_275): 200 GET http://10.180.1.21/compute/v2.1/servers/a8706125-0bc4-42bb-8968-47edb39a1631 0.181s
2025-02-10 11:22:03.302 63051 INFO tempest.lib.common.rest_client [req-2d7d49bc-470f-489d-b6db-1023c2d40f43 req-2d7d49bc-470f-489d-b6db-1023c2d40f43 ] Request (ServersAdminTestJSON:test_inject_network_info): 200 GET http://10.180.1.21/compute/v2.1/servers/42845847-442b-4d76-955b-1862e762114f 0.284s
2025-02-10 11:22:03.309 63017 INFO tempest.common.waiters [-] State transition "REBUILD/rebuild_spawning" ==> "ACTIVE/None" after 11 second wait
2025-02-10 11:22:03.313 63051 INFO tempest.common.waiters [-] State transition "BUILD/spawning" ==> "ACTIVE/None" after 54 second wait
2025-02-10 11:22:03.352 63057 INFO tempest.lib.common.rest_client [req-4686f441-e2f3-46dc-87b4-26726d9000e3 req-4686f441-e2f3-46dc-87b4-26726d9000e3 ] Request (MultipleCreateTestJSON:test_multiple_create): 200 GET http://10.180.1.21/compute/v2.1/servers/1d66f43a-fe3a-42a0-86c6-3fa58ca90847 0.173s
2025-02-10 11:22:03.459 63039 INFO tempest.lib.common.rest_client [req-be46663a-e577-4d36-942f-72e31af3ba06 req-be46663a-e577-4d36-942f-72e31af3ba06 ] Request (SecurityGroupsTestJSON:test_server_security_groups): 200 GET http://10.180.1.21/compute/v2.1/servers/ebffe39d-9cd1-4021-894e-5b6537a4632f 0.248s
2025-02-10 11:22:03.475 63007 INFO tempest.lib.common.rest_client [req-79ad0b47-e446-4bfe-9a42-951842745fa3 req-79ad0b47-e446-4bfe-9a42-951842745fa3 ] Request (InstanceActionsV221TestJSON:setUpClass): 200 PUT http://10.180.1.21:9696/networking/v2.0/routers/3f791492-bdd3-4a05-8202-c1828ae8c22f/add_router_interface 1.974s
2025-02-10 11:22:03.475 63007 INFO tempest.lib.common.dynamic_creds [-] Created isolated network resources for: credentials: Credentials: {'domain_id': 'default', 'domain_name': 'Default', 'username': 'tempest-InstanceActionsV221TestJSON-1202879001-project-member', 'project_domain_id': 'default', 'project_domain_name': 'Default', 'project_id': '0b889eecee254e4e9baef251b2f530f5', 'project_name': 'tempest-InstanceActionsV221TestJSON-1202879001', 'tenant_id': '0b889eecee254e4e9baef251b2f530f5', 'tenant_name': 'tempest-InstanceActionsV221TestJSON-1202879001', 'user_domain_id': 'default', 'user_domain_name': 'Default', 'user_id': 'cd60e81c672b4de1ac39f789911c1b46', 'system': None}, Network: {'id': '8e14db20-ce2d-40b1-9210-15e166125bd2', 'name': 'tempest-InstanceActionsV221TestJSON-1620236949-network', 'tenant_id': '0b889eecee254e4e9baef251b2f530f5', 'admin_state_up': True, 'mtu': 8950, 'status': 'ACTIVE', 'subnets': [], 'shared': False, 'project_id': '0b889eecee254e4e9baef251b2f530f5', 'port_security_enabled': True, 'router:external': False, 'provider:network_type': 'vlan', 'provider:physical_network': 'default', 'provider:segmentation_id': 552, 'availability_zone_hints': [], 'availability_zones': [], 'ipv4_address_scope': None, 'ipv6_address_scope': None, 'description': '', 'tags': [], 'created_at': '2025-02-10T11:21:59Z', 'updated_at': '2025-02-10T11:21:59Z', 'revision_number': 1}, Subnet: {'id': '0faceede-6371-4a51-b8ae-48c4c71f86ad', 'name': 'tempest-InstanceActionsV221TestJSON-1620236949-subnet', 'tenant_id': '0b889eecee254e4e9baef251b2f530f5', 'network_id': '8e14db20-ce2d-40b1-9210-15e166125bd2', 'ip_version': 4, 'subnetpool_id': None, 'enable_dhcp': True, 'ipv6_ra_mode': None, 'ipv6_address_mode': None, 'gateway_ip': '192.168.128.1', 'cidr': '192.168.128.0/28', 'allocation_pools': [{'start': '192.168.128.2', 'end': '192.168.128.14'}], 'host_routes': [], 'dns_nameservers': [], 'description': '', 'router:external': False, 'service_types': [], 'tags': [], 'created_at': '2025-02-10T11:21:59Z', 'updated_at': '2025-02-10T11:21:59Z', 'revision_number': 0, 'project_id': '0b889eecee254e4e9baef251b2f530f5'}, Router: {'id': '3f791492-bdd3-4a05-8202-c1828ae8c22f', 'name': 'tempest-InstanceActionsV221TestJSON-1620236949-router', 'tenant_id': '0b889eecee254e4e9baef251b2f530f5', 'admin_state_up': True, 'status': 'ACTIVE', 'external_gateway_info': {'network_id': 'a3c9de26-5672-416e-b09a-e72aa56d2fb1', 'external_fixed_ips': [{'subnet_id': 'd75a514e-9e5a-499d-98a9-fd5714a9fe39', 'ip_address': '10.180.180.143'}], 'enable_snat': True}, 'description': '', 'availability_zones': [], 'distributed': False, 'ha': False, 'availability_zone_hints': [], 'routes': [], 'flavor_id': None, 'tags': [], 'created_at': '2025-02-10T11:22:00Z', 'updated_at': '2025-02-10T11:22:01Z', 'revision_number': 2, 'project_id': '0b889eecee254e4e9baef251b2f530f5'}
2025-02-10 11:22:03.527 63059 INFO tempest.lib.common.rest_client [req-348437ac-1cff-4b70-9c21-e444f96284f9 req-348437ac-1cff-4b70-9c21-e444f96284f9 ] Request (AttachInterfacesTestJSON:test_create_list_show_delete_interfaces_by_fixed_ip): 200 GET http://10.180.1.21/compute/v2.1/servers/c1260e22-5fe5-4006-b3af-6703e3f7ad7d 0.284s
2025-02-10 11:22:03.572 63007 INFO tempest.lib.common.rest_client [req-764c5db9-8f4d-45a9-91b8-b3891a3baaa3 req-764c5db9-8f4d-45a9-91b8-b3891a3baaa3 ] Request (InstanceActionsV221TestJSON:setUpClass): 201 POST http://10.180.1.21/identity/v3/auth/tokens 0.094s
2025-02-10 11:22:03.593 63027 INFO tempest.lib.common.rest_client [req-d8bb3cfd-a387-4344-bd6d-4711d22b5946 req-d8bb3cfd-a387-4344-bd6d-4711d22b5946 ] Request (VolumesAdminNegativeTest:test_update_attached_volume_with_nonexistent_volume_in_body): 200 GET http://10.180.1.21/compute/v2.1/servers/22e41608-3622-4e14-ab78-b9d704068900 0.309s
2025-02-10 11:22:03.618 63007 INFO tempest.lib.common.rest_client [req-e52b8d0f-a8aa-4561-8a9c-de7f62705cc2 req-e52b8d0f-a8aa-4561-8a9c-de7f62705cc2 ] Request (InstanceActionsV221TestJSON:test_get_list_deleted_instance_actions): 201 POST http://10.180.1.21/identity/v3/auth/tokens 0.041s
2025-02-10 11:22:03.618 63007 INFO tempest.lib.common.fixed_network [-] (InstanceActionsV221TestJSON:test_get_list_deleted_instance_actions) Found network {'id': '8e14db20-ce2d-40b1-9210-15e166125bd2', 'name': 'tempest-InstanceActionsV221TestJSON-1620236949-network', 'tenant_id': '0b889eecee254e4e9baef251b2f530f5', 'admin_state_up': True, 'mtu': 8950, 'status': 'ACTIVE', 'subnets': [], 'shared': False, 'project_id': '0b889eecee254e4e9baef251b2f530f5', 'port_security_enabled': True, 'router:external': False, 'provider:network_type': 'vlan', 'provider:physical_network': 'default', 'provider:segmentation_id': 552, 'availability_zone_hints': [], 'availability_zones': [], 'ipv4_address_scope': None, 'ipv6_address_scope': None, 'description': '', 'tags': [], 'created_at': '2025-02-10T11:21:59Z', 'updated_at': '2025-02-10T11:21:59Z', 'revision_number': 1} available for tenant
2025-02-10 11:22:03.824 63013 INFO tempest.lib.common.rest_client [req-86f1c516-4d7c-4994-bd24-f5e6b3b49796 req-86f1c516-4d7c-4994-bd24-f5e6b3b49796 ] Request (ServerActionsTestJSON:setUpClass): 202 POST http://10.180.1.21/compute/v2.1/servers 0.605s
2025-02-10 11:22:03.962 63017 INFO tempest.lib.common.rest_client [req-aadbe5a7-9eeb-4942-9d20-d9367f36f818 req-aadbe5a7-9eeb-4942-9d20-d9367f36f818 ] Request (ServersAdmin275Test:test_rebuild_update_server_275): 202 POST http://10.180.1.21/compute/v2.1/servers/a8706125-0bc4-42bb-8968-47edb39a1631/action 0.653s
2025-02-10 11:22:03.991 63051 INFO tempest.lib.common.rest_client [req-b3077306-a5e4-4827-be47-790580c7f33d req-b3077306-a5e4-4827-be47-790580c7f33d ] Request (ServersAdminTestJSON:test_inject_network_info): 202 POST http://10.180.1.21/compute/v2.1/servers/42845847-442b-4d76-955b-1862e762114f/action 0.678s
2025-02-10 11:22:04.056 63025 INFO tempest.lib.common.rest_client [req-61387e21-b917-4b17-8433-bdf5967832b5 req-61387e21-b917-4b17-8433-bdf5967832b5 ] Request (ServerDiagnosticsTest:tearDownClass): 200 GET http://10.180.1.21/compute/v2.1/servers/e743f9d3-26be-484d-bbc4-f6a64d236a09 0.682s
2025-02-10 11:22:04.077 63037 INFO tempest.lib.common.rest_client [req-e654b0ab-93dd-41db-9b39-66ff32cb5d6d req-e654b0ab-93dd-41db-9b39-66ff32cb5d6d ] Request (ServerShowV254Test:test_rebuild_server): 200 GET http://10.180.1.21/compute/v2.1/servers/7dd84fc4-8361-4edf-baef-478818448642 0.628s
2025-02-10 11:22:04.087 63037 INFO tempest.common.waiters [-] State transition "BUILD/networking" ==> "BUILD/spawning" after 50 second wait
2025-02-10 11:22:04.112 63031 INFO tempest.lib.common.rest_client [req-bdb13e94-ab8a-4fa2-b92f-8867e360e5a8 req-bdb13e94-ab8a-4fa2-b92f-8867e360e5a8 ] Request (ImagesTestJSON:test_create_server_from_snapshot): 200 GET http://10.180.1.21/compute/v2.1/servers/b3deb642-4e36-4b45-81c3-395325bd6106 0.569s
2025-02-10 11:22:04.182 63011 INFO tempest.lib.common.rest_client [req-90a910e7-4cfa-4814-a880-c045f088e2f5 req-90a910e7-4cfa-4814-a880-c045f088e2f5 ] Request (DeleteServersTestJSON:test_delete_active_server): 200 GET http://10.180.1.21/compute/v2.1/servers/92ac37e0-64ff-4295-ae78-68c6ab45742c 0.544s
2025-02-10 11:22:04.566 63001 INFO tempest.lib.common.rest_client [req-575ec5f9-b60d-4aef-b84c-7972e0c58bfa req-575ec5f9-b60d-4aef-b84c-7972e0c58bfa ] Request (ServerRescueNegativeTestJSON:_run_cleanups): 200 GET http://10.180.1.21/compute/v2.1/servers/681316d4-efba-4601-a9c6-59b79bb226b7 0.892s
2025-02-10 11:22:04.666 62997 INFO tempest.lib.common.rest_client [req-67df1109-d29b-49a6-985e-0a66bfeec85c req-67df1109-d29b-49a6-985e-0a66bfeec85c ] Request (ServerRescueTestJSONUnderV235:tearDownClass): 200 GET http://10.180.1.21/compute/v2.1/servers/c6817a48-72cd-49f2-94c2-fad0a792b351 0.917s
2025-02-10 11:22:04.741 63013 INFO tempest.lib.common.rest_client [req-13aa436e-48be-4106-993e-33a5f8b8eaef req-13aa436e-48be-4106-993e-33a5f8b8eaef ] Request (ServerActionsTestJSON:setUpClass): 200 GET http://10.180.1.21/compute/v2.1/servers/7893af92-485c-4f90-89a5-15c557ca3b24 0.915s
2025-02-10 11:22:04.772 63045 INFO tempest.lib.common.rest_client [req-a09105cd-a660-41c7-9072-06ac4d6226ba req-a09105cd-a660-41c7-9072-06ac4d6226ba ] Request (ServersTestFqdnHostnames:tearDownClass): 404 GET http://10.180.1.21/compute/v2.1/servers/939bf798-eece-4e22-95c4-c5e62b979829 0.924s
2025-02-10 11:22:04.930 63007 INFO tempest.lib.common.rest_client [req-ebdcbf41-0fc2-420d-8ade-14b0f01a4e80 req-ebdcbf41-0fc2-420d-8ade-14b0f01a4e80 ] Request (InstanceActionsV221TestJSON:test_get_list_deleted_instance_actions): 202 POST http://10.180.1.21/compute/v2.1/servers 1.310s
2025-02-10 11:22:04.979 63023 INFO tempest.lib.common.rest_client [req-cb50a6ab-fd44-4523-ae2f-169dd69bad78 req-cb50a6ab-fd44-4523-ae2f-169dd69bad78 ] Request (ServersAdminNegativeTestJSON:test_migrate_server_invalid_state): 200 GET http://10.180.1.21/compute/v2.1/servers/710a4cce-58c3-4332-8d00-4244209ee558 1.056s
2025-02-10 11:22:04.987 63023 INFO tempest.common.waiters [-] State transition "BUILD/spawning" ==> "ACTIVE/None" after 54 second wait
2025-02-10 11:22:04.997 63003 INFO tempest.lib.common.rest_client [req-2f915e47-f079-49b0-8ac6-c9b702c833ef req-2f915e47-f079-49b0-8ac6-c9b702c833ef ] Request (ServersTestJSON:test_create_server_specify_multibyte_character_name): 200 GET http://10.180.1.21/compute/v2.1/servers/c7a3405c-4926-45bc-ab5d-21869a656051 1.052s
2025-02-10 11:22:05.085 63051 INFO tempest.lib.common.rest_client [req-a70fd5b3-8e26-4b20-a067-c599728ea2e6 req-a70fd5b3-8e26-4b20-a067-c599728ea2e6 ] Request (ServersAdminTestJSON:test_list_servers_by_admin): 200 GET http://10.180.1.21/compute/v2.1/servers/detail 1.092s
2025-02-10 11:22:05.088 63017 INFO tempest.lib.common.rest_client [req-fb74e5fd-95df-4314-9932-92c26883669e req-fb74e5fd-95df-4314-9932-92c26883669e ] Request (ServersAdmin275Test:_run_cleanups): 200 GET http://10.180.1.21/compute/v2.1/servers/a8706125-0bc4-42bb-8968-47edb39a1631 1.113s
2025-02-10 11:22:05.162 63049 INFO tempest.lib.common.rest_client [req-abcd4f75-dbc7-4a67-90fb-626cbcba3ee6 req-abcd4f75-dbc7-4a67-90fb-626cbcba3ee6 ] Request (MigrationsAdminTest:test_resize_server_revert_deleted_flavor): 200 GET http://10.180.1.21/compute/v2.1/servers/aee9d9e2-3e18-46b5-b0ee-f79d23d63c21 1.155s
2025-02-10 11:22:05.177 63019 INFO tempest.lib.common.rest_client [req-9280f370-5549-45e1-abb5-ff39d4433d35 req-9280f370-5549-45e1-abb5-ff39d4433d35 ] Request (ServersTestMultiNic:test_verify_duplicate_network_nics): 200 GET http://10.180.1.21/compute/v2.1/servers/9992c674-138a-41b7-8921-4a27dbd9d00a 1.155s
2025-02-10 11:22:05.233 63035 INFO tempest.lib.common.rest_client [req-caddeae5-bbdb-4838-8a9f-60e43899e005 req-caddeae5-bbdb-4838-8a9f-60e43899e005 ] Request (ServerShowV257Test:test_rebuild_server): 200 GET http://10.180.1.21/compute/v2.1/servers/fddb9aca-6c55-473e-979f-5eafb09256f1 1.096s
2025-02-10 11:22:05.325 63033 INFO tempest.lib.common.rest_client [req-367d6749-6d60-4698-92db-e658263f1895 req-367d6749-6d60-4698-92db-e658263f1895 ] Request (ServerDiagnosticsV248Test:tearDownClass): 200 GET http://10.180.1.21/compute/v2.1/servers/a42a058f-93d3-4351-b989-3f740c29ccc3 1.087s
2025-02-10 11:22:05.373 63057 INFO tempest.lib.common.rest_client [req-909b56a2-b8a1-41b4-ad53-d274cc4f7566 req-909b56a2-b8a1-41b4-ad53-d274cc4f7566 ] Request (MultipleCreateTestJSON:test_multiple_create): 200 GET http://10.180.1.21/compute/v2.1/servers/1d66f43a-fe3a-42a0-86c6-3fa58ca90847 1.013s
2025-02-10 11:22:05.452 63005 INFO tempest.lib.common.rest_client [req-31d75e12-a17a-4c40-a2ba-bf1f7d4f2c7d req-31d75e12-a17a-4c40-a2ba-bf1f7d4f2c7d ] Request (ServersV294TestFqdnHostnames:setUpClass): 200 GET http://10.180.1.21/compute/v2.1/servers/17221af2-96c6-4380-bbaa-ec426e1f88cf 1.335s
2025-02-10 11:22:05.506 63059 INFO tempest.lib.common.rest_client [req-dd86b6ea-d5ac-4b9d-8445-66e8c8000b3c req-dd86b6ea-d5ac-4b9d-8445-66e8c8000b3c ] Request (AttachInterfacesTestJSON:test_create_list_show_delete_interfaces_by_fixed_ip): 200 GET http://10.180.1.21/compute/v2.1/servers/c1260e22-5fe5-4006-b3af-6703e3f7ad7d 0.959s
2025-02-10 11:22:05.514 63059 INFO tempest.common.waiters [-] State transition "BUILD/scheduling" ==> "BUILD/None" after 28 second wait
2025-02-10 11:22:05.536 63039 INFO tempest.lib.common.rest_client [req-062d90b4-301c-4cf4-b184-2e006e3688a9 req-062d90b4-301c-4cf4-b184-2e006e3688a9 ] Request (SecurityGroupsTestJSON:test_server_security_groups): 200 GET http://10.180.1.21/compute/v2.1/servers/ebffe39d-9cd1-4021-894e-5b6537a4632f 1.061s
2025-02-10 11:22:05.552 63027 INFO tempest.lib.common.rest_client [req-01ea338b-6043-4cb4-a3dc-07b37ef1ce28 req-01ea338b-6043-4cb4-a3dc-07b37ef1ce28 ] Request (VolumesAdminNegativeTest:test_update_attached_volume_with_nonexistent_volume_in_body): 200 GET http://10.180.1.21/compute/v2.1/servers/22e41608-3622-4e14-ab78-b9d704068900 0.941s
2025-02-10 11:22:05.560 63045 INFO tempest.lib.common.rest_client [req-41ac6502-0d25-4373-85c2-6c08c9c34a12 req-41ac6502-0d25-4373-85c2-6c08c9c34a12 ] Request (ServersTestFqdnHostnames:tearDownClass): 202 DELETE http://10.180.1.21/compute/v2.1/os-keypairs/tempest-keypair-764947621 0.787s
2025-02-10 11:22:05.600 63007 INFO tempest.lib.common.rest_client [req-21ebae8c-b341-4b07-9ccf-03de2b217521 req-21ebae8c-b341-4b07-9ccf-03de2b217521 ] Request (InstanceActionsV221TestJSON:test_get_list_deleted_instance_actions): 200 GET http://10.180.1.21/compute/v2.1/servers/dd7326e8-82a9-4d41-b1d3-9699ff0ded76 0.667s
2025-02-10 11:22:05.664 63025 INFO tempest.lib.common.rest_client [req-258f25ae-fe3f-49c9-b624-2773c5dd0878 req-258f25ae-fe3f-49c9-b624-2773c5dd0878 ] Request (ServerDiagnosticsTest:tearDownClass): 200 GET http://10.180.1.21/compute/v2.1/servers/e743f9d3-26be-484d-bbc4-f6a64d236a09 0.595s
2025-02-10 11:22:05.664 63023 INFO tempest.lib.common.rest_client [req-96c33cd2-5a8f-4a60-8100-30f158e6976f req-96c33cd2-5a8f-4a60-8100-30f158e6976f ] Request (ServersAdminNegativeTestJSON:test_migrate_server_invalid_state): 202 POST http://10.180.1.21/compute/v2.1/servers/710a4cce-58c3-4332-8d00-4244209ee558/action 0.676s
2025-02-10 11:22:05.690 63045 INFO tempest.lib.common.rest_client [req-faee3384-5eee-44f9-89ce-dfcd78282f03 req-faee3384-5eee-44f9-89ce-dfcd78282f03 ] Request (ServersTestFqdnHostnames:tearDownClass): 204 DELETE http://10.180.1.21:9696/networking/v2.0/security-groups/cd10ab1b-f8a4-4c98-a282-b553b6cf0254 0.128s
2025-02-10 11:22:05.704 63045 INFO tempest.lib.common.rest_client [req-cbaba710-e585-4a80-b6ff-6bc0205ee95e req-cbaba710-e585-4a80-b6ff-6bc0205ee95e ] Request (ServersTestFqdnHostnames:tearDownClass): 404 GET http://10.180.1.21:9696/networking/v2.0/security-groups/cd10ab1b-f8a4-4c98-a282-b553b6cf0254 0.014s
2025-02-10 11:22:05.722 63037 INFO tempest.lib.common.rest_client [req-92ab071f-4398-48a3-b96a-aaaa6f3c454e req-92ab071f-4398-48a3-b96a-aaaa6f3c454e ] Request (ServerShowV254Test:test_rebuild_server): 200 GET http://10.180.1.21/compute/v2.1/servers/7dd84fc4-8361-4edf-baef-478818448642 0.632s
2025-02-10 11:22:05.764 63031 INFO tempest.lib.common.rest_client [req-97ffb48f-d63b-42ed-9918-98d2c8110f36 req-97ffb48f-d63b-42ed-9918-98d2c8110f36 ] Request (ImagesTestJSON:test_create_server_from_snapshot): 200 GET http://10.180.1.21/compute/v2.1/servers/b3deb642-4e36-4b45-81c3-395325bd6106 0.640s
2025-02-10 11:22:05.831 63011 INFO tempest.lib.common.rest_client [req-58907bf6-ea8d-401c-857d-d0e427a2f553 req-58907bf6-ea8d-401c-857d-d0e427a2f553 ] Request (DeleteServersTestJSON:test_delete_active_server): 200 GET http://10.180.1.21/compute/v2.1/servers/92ac37e0-64ff-4295-ae78-68c6ab45742c 0.639s
2025-02-10 11:22:05.877 63015 WARNING tempest.lib.common.ssh [-] Failed to establish authenticated ssh connection to cirros@10.180.180.245 ([Errno None] Unable to connect to port 22 on 10.180.180.245). Number attempts: 10. Retry after 11 seconds.: paramiko.ssh_exception.NoValidConnectionsError: [Errno None] Unable to connect to port 22 on 10.180.180.245
2025-02-10 11:22:05.902 63029 WARNING tempest.lib.common.ssh [-] Failed to establish authenticated ssh connection to cirros@10.180.180.236 ([Errno None] Unable to connect to port 22 on 10.180.180.236). Number attempts: 2. Retry after 3 seconds.: paramiko.ssh_exception.NoValidConnectionsError: [Errno None] Unable to connect to port 22 on 10.180.180.236
2025-02-10 11:22:05.931 63045 INFO tempest.lib.common.rest_client [req-8ea31c8d-ccc0-4809-8192-32ec27591082 req-8ea31c8d-ccc0-4809-8192-32ec27591082 ] Request (ServersTestFqdnHostnames:tearDownClass): 204 DELETE http://10.180.1.21:9696/networking/v2.0/floatingips/d2a70ef2-3d9b-4a4d-8696-1b1de3afc3d7 0.227s
2025-02-10 11:22:05.941 63001 INFO tempest.lib.common.rest_client [req-c984326d-b846-45b9-817a-57bbf7f9736e req-c984326d-b846-45b9-817a-57bbf7f9736e ] Request (ServerRescueNegativeTestJSON:_run_cleanups): 200 GET http://10.180.1.21/compute/v2.1/servers/681316d4-efba-4601-a9c6-59b79bb226b7 0.364s
2025-02-10 11:22:06.262 63023 INFO tempest.lib.common.rest_client [req-8c32af04-b0d7-47b6-b2d6-edb4b942c0f2 req-8c32af04-b0d7-47b6-b2d6-edb4b942c0f2 ] Request (ServersAdminNegativeTestJSON:test_migrate_server_invalid_state): 200 GET http://10.180.1.21/compute/v2.1/servers/710a4cce-58c3-4332-8d00-4244209ee558 0.598s
2025-02-10 11:22:06.293 63051 INFO tempest.lib.common.rest_client [req-58a8732c-3ff8-42af-8167-61503ef60c67 req-58a8732c-3ff8-42af-8167-61503ef60c67 ] Request (ServersAdminTestJSON:test_list_servers_by_admin_with_all_tenants): 200 GET http://10.180.1.21/compute/v2.1/servers/detail?all_tenants= 1.197s
2025-02-10 11:22:06.339 63051 WARNING tempest.lib.common.rest_client [-] Deprecated: "tenant_id" property is deprecated for removal, use "project_id" instead
2025-02-10 11:22:06.350 62997 INFO tempest.lib.common.rest_client [req-60428585-4b1c-41d8-b3e9-4a7d0ee426ad req-60428585-4b1c-41d8-b3e9-4a7d0ee426ad ] Request (ServerRescueTestJSONUnderV235:tearDownClass): 200 GET http://10.180.1.21/compute/v2.1/servers/c6817a48-72cd-49f2-94c2-fad0a792b351 0.672s
2025-02-10 11:22:06.365 63013 INFO tempest.lib.common.rest_client [req-b2062318-37d7-47fa-a66e-a465454a338a req-b2062318-37d7-47fa-a66e-a465454a338a ] Request (ServerActionsTestJSON:setUpClass): 200 GET http://10.180.1.21/compute/v2.1/servers/7893af92-485c-4f90-89a5-15c557ca3b24 0.615s
2025-02-10 11:22:06.403 63003 INFO tempest.lib.common.rest_client [req-1796d307-c737-4fb0-973d-37b2836cda67 req-1796d307-c737-4fb0-973d-37b2836cda67 ] Request (ServersTestJSON:test_create_server_specify_multibyte_character_name): 200 GET http://10.180.1.21/compute/v2.1/servers/c7a3405c-4926-45bc-ab5d-21869a656051 0.399s
2025-02-10 11:22:06.434 63017 INFO tempest.lib.common.rest_client [req-8382b4cc-cff0-473c-8ba5-4da5de9c5cc2 req-8382b4cc-cff0-473c-8ba5-4da5de9c5cc2 ] Request (ServersAdmin275Test:_run_cleanups): 200 GET http://10.180.1.21/compute/v2.1/servers/a8706125-0bc4-42bb-8968-47edb39a1631 0.334s
2025-02-10 11:22:06.460 63049 INFO tempest.lib.common.rest_client [req-3476714a-79b4-4e63-93ea-1febef9b1adb req-3476714a-79b4-4e63-93ea-1febef9b1adb ] Request (MigrationsAdminTest:test_resize_server_revert_deleted_flavor): 200 GET http://10.180.1.21/compute/v2.1/servers/aee9d9e2-3e18-46b5-b0ee-f79d23d63c21 0.289s
2025-02-10 11:22:06.471 63049 INFO tempest.common.waiters [-] State transition "BUILD/scheduling" ==> "BUILD/None" after 26 second wait
2025-02-10 11:22:06.499 63019 INFO tempest.lib.common.rest_client [req-c412a86e-fd1a-4196-bcf4-8218d7486af6 req-c412a86e-fd1a-4196-bcf4-8218d7486af6 ] Request (ServersTestMultiNic:test_verify_duplicate_network_nics): 200 GET http://10.180.1.21/compute/v2.1/servers/9992c674-138a-41b7-8921-4a27dbd9d00a 0.312s
2025-02-10 11:22:06.524 63035 INFO tempest.lib.common.rest_client [req-f77ecb8d-caee-417d-95ab-80fadd918271 req-f77ecb8d-caee-417d-95ab-80fadd918271 ] Request (ServerShowV257Test:test_rebuild_server): 200 GET http://10.180.1.21/compute/v2.1/servers/fddb9aca-6c55-473e-979f-5eafb09256f1 0.282s
2025-02-10 11:22:06.567 63051 INFO tempest.lib.common.rest_client [req-bd16c83c-e5fb-4347-8032-bc4e6e8b672d req-bd16c83c-e5fb-4347-8032-bc4e6e8b672d ] Request (ServersAdminTestJSON:test_list_servers_by_admin_with_specified_tenant): 200 GET http://10.180.1.21/compute/v2.1/servers/detail?tenant_id=264bb4dee6464c719bbdb84fa2715222 0.227s
2025-02-10 11:22:06.596 63033 INFO tempest.lib.common.rest_client [req-247ad57c-27a3-44c7-a7f4-ed1be3a6b5ce req-247ad57c-27a3-44c7-a7f4-ed1be3a6b5ce ] Request (ServerDiagnosticsV248Test:tearDownClass): 200 GET http://10.180.1.21/compute/v2.1/servers/a42a058f-93d3-4351-b989-3f740c29ccc3 0.255s
2025-02-10 11:22:06.628 63057 INFO tempest.lib.common.rest_client [req-1454a97e-2a1d-4510-a484-c026b2f7cb27 req-1454a97e-2a1d-4510-a484-c026b2f7cb27 ] Request (MultipleCreateTestJSON:test_multiple_create): 200 GET http://10.180.1.21/compute/v2.1/servers/1d66f43a-fe3a-42a0-86c6-3fa58ca90847 0.242s
2025-02-10 11:22:06.663 63005 INFO tempest.lib.common.rest_client [req-6159644b-141b-4368-b5a8-9a99d6433edd req-6159644b-141b-4368-b5a8-9a99d6433edd ] Request (ServersV294TestFqdnHostnames:setUpClass): 200 GET http://10.180.1.21/compute/v2.1/servers/17221af2-96c6-4380-bbaa-ec426e1f88cf 0.200s
2025-02-10 11:22:06.674 63045 INFO tempest.lib.common.rest_client [req-1a11a429-8a0b-41b4-9198-2289786f2b82 req-1a11a429-8a0b-41b4-9198-2289786f2b82 ] Request (ServersTestFqdnHostnames:tearDownClass): 200 PUT http://10.180.1.21:9696/networking/v2.0/routers/ab862e9d-7e68-457f-a0a5-5361d0be30c0/remove_router_interface 0.743s
2025-02-10 11:22:06.678 63059 INFO tempest.lib.common.rest_client [req-daa2ac9b-9fe7-4567-ac1d-6798250f66aa req-daa2ac9b-9fe7-4567-ac1d-6798250f66aa ] Request (AttachInterfacesTestJSON:test_create_list_show_delete_interfaces_by_fixed_ip): 200 GET http://10.180.1.21/compute/v2.1/servers/c1260e22-5fe5-4006-b3af-6703e3f7ad7d 0.162s
2025-02-10 11:22:06.738 63027 INFO tempest.lib.common.rest_client [req-2c7810cd-9bf6-459c-9b9a-6518eaab6a5e req-2c7810cd-9bf6-459c-9b9a-6518eaab6a5e ] Request (VolumesAdminNegativeTest:test_update_attached_volume_with_nonexistent_volume_in_body): 200 GET http://10.180.1.21/compute/v2.1/servers/22e41608-3622-4e14-ab78-b9d704068900 0.172s
2025-02-10 11:22:06.781 63039 INFO tempest.lib.common.rest_client [req-fbd75545-5782-4c1a-a3d5-5c38b50342a5 req-fbd75545-5782-4c1a-a3d5-5c38b50342a5 ] Request (SecurityGroupsTestJSON:test_server_security_groups): 200 GET http://10.180.1.21/compute/v2.1/servers/ebffe39d-9cd1-4021-894e-5b6537a4632f 0.237s
2025-02-10 11:22:06.830 63007 INFO tempest.lib.common.rest_client [req-04d72deb-072f-4e7b-bbf3-217316b55a80 req-04d72deb-072f-4e7b-bbf3-217316b55a80 ] Request (InstanceActionsV221TestJSON:test_get_list_deleted_instance_actions): 200 GET http://10.180.1.21/compute/v2.1/servers/dd7326e8-82a9-4d41-b1d3-9699ff0ded76 0.217s
2025-02-10 11:22:06.898 63025 INFO tempest.lib.common.rest_client [req-6491c433-5599-4d4e-87e5-ff1c9aa3dd2f req-6491c433-5599-4d4e-87e5-ff1c9aa3dd2f ] Request (ServerDiagnosticsTest:tearDownClass): 200 GET http://10.180.1.21/compute/v2.1/servers/e743f9d3-26be-484d-bbc4-f6a64d236a09 0.227s
2025-02-10 11:22:06.913 63051 INFO tempest.lib.common.rest_client [req-81096727-6335-4a8d-b272-4e501cb3ec02 req-81096727-6335-4a8d-b272-4e501cb3ec02 ] Request (ServersAdminTestJSON:test_list_servers_by_admin_with_specified_tenant): 200 GET http://10.180.1.21/compute/v2.1/servers/detail?all_tenants=&tenant_id=264bb4dee6464c719bbdb84fa2715222 0.339s
2025-02-10 11:22:06.976 63031 INFO tempest.lib.common.rest_client [req-54bc32b6-fec2-4a50-ba02-353b2c0f4e52 req-54bc32b6-fec2-4a50-ba02-353b2c0f4e52 ] Request (ImagesTestJSON:test_create_server_from_snapshot): 200 GET http://10.180.1.21/compute/v2.1/servers/b3deb642-4e36-4b45-81c3-395325bd6106 0.204s
2025-02-10 11:22:06.984 63037 INFO tempest.lib.common.rest_client [req-4d606f43-c9fb-49f4-95a2-b12f19a71f14 req-4d606f43-c9fb-49f4-95a2-b12f19a71f14 ] Request (ServerShowV254Test:test_rebuild_server): 200 GET http://10.180.1.21/compute/v2.1/servers/7dd84fc4-8361-4edf-baef-478818448642 0.252s
2025-02-10 11:22:07.021 63051 INFO tempest.lib.common.rest_client [req-55fd64a1-4ed5-4a88-a6db-8906b392597a req-55fd64a1-4ed5-4a88-a6db-8906b392597a ] Request (ServersAdminTestJSON:test_list_servers_by_admin_with_specified_tenant): 200 GET http://10.180.1.21/compute/v2.1/servers/detail?all_tenants=&tenant_id=59d6460825094116ad1b46dbe399455a 0.097s
2025-02-10 11:22:07.031 63011 INFO tempest.lib.common.rest_client [req-15d03ae9-f5b9-4af4-8039-2b6a29d1edab req-15d03ae9-f5b9-4af4-8039-2b6a29d1edab ] Request (DeleteServersTestJSON:test_delete_active_server): 200 GET http://10.180.1.21/compute/v2.1/servers/92ac37e0-64ff-4295-ae78-68c6ab45742c 0.191s
2025-02-10 11:22:07.037 63051 INFO tempest.lib.common.rest_client [req-c02d495f-641f-4552-8438-237a6596cbfc req-c02d495f-641f-4552-8438-237a6596cbfc ] Request (ServersAdminTestJSON:test_list_servers_detailed_filter_by_invalid_status): 200 GET http://10.180.1.21/compute/v2.1/servers/detail?status=invalid_status 0.008s
2025-02-10 11:22:07.058 63045 INFO tempest.lib.common.rest_client [req-1384ea93-7eaf-49c7-b88d-c9d80763b18c req-1384ea93-7eaf-49c7-b88d-c9d80763b18c ] Request (ServersTestFqdnHostnames:tearDownClass): 204 DELETE http://10.180.1.21:9696/networking/v2.0/routers/ab862e9d-7e68-457f-a0a5-5361d0be30c0 0.383s
2025-02-10 11:22:07.108 63051 INFO tempest.lib.common.rest_client [req-e25de49b-3b15-4beb-9666-5ba0e01ace25 req-e25de49b-3b15-4beb-9666-5ba0e01ace25 ] Request (ServersAdminTestJSON:test_list_servers_filter_by_error_status): 202 POST http://10.180.1.21/compute/v2.1/servers/d2addee2-9c77-4980-966b-74b9fe442850/action 0.060s
2025-02-10 11:22:07.202 63051 INFO tempest.lib.common.rest_client [req-2b14434e-33f7-438e-a4c8-e998c0fa11ce req-2b14434e-33f7-438e-a4c8-e998c0fa11ce ] Request (ServersAdminTestJSON:test_list_servers_filter_by_error_status): 200 GET http://10.180.1.21/compute/v2.1/servers?status=error 0.094s
2025-02-10 11:22:07.211 63045 INFO tempest.lib.common.rest_client [req-ff00ddbd-d925-4517-835c-6305b6f29025 req-ff00ddbd-d925-4517-835c-6305b6f29025 ] Request (ServersTestFqdnHostnames:tearDownClass): 204 DELETE http://10.180.1.21:9696/networking/v2.0/subnets/337a4d84-3282-40a4-beb0-65639756b794 0.153s
2025-02-10 11:22:07.221 63001 INFO tempest.lib.common.rest_client [req-0dd1371f-a10b-48eb-beeb-2b04d7f2fd34 req-0dd1371f-a10b-48eb-beeb-2b04d7f2fd34 ] Request (ServerRescueNegativeTestJSON:_run_cleanups): 200 GET http://10.180.1.21/compute/v2.1/servers/681316d4-efba-4601-a9c6-59b79bb226b7 0.268s
2025-02-10 11:22:07.265 63051 INFO tempest.lib.common.rest_client [req-ea8b225a-4bc4-4cbb-ae83-5f7ccc78620a req-ea8b225a-4bc4-4cbb-ae83-5f7ccc78620a ] Request (ServersAdminTestJSON:test_list_servers_filter_by_error_status): 202 POST http://10.180.1.21/compute/v2.1/servers/d2addee2-9c77-4980-966b-74b9fe442850/action 0.060s
2025-02-10 11:22:07.441 63051 INFO tempest.lib.common.rest_client [req-cd206d3c-633f-475e-a68f-a291d7873bdc req-cd206d3c-633f-475e-a68f-a291d7873bdc ] Request (ServersAdminTestJSON:test_list_servers_filter_by_error_status): 200 GET http://10.180.1.21/compute/v2.1/servers/d2addee2-9c77-4980-966b-74b9fe442850 0.175s
2025-02-10 11:22:07.460 63045 INFO tempest.lib.common.rest_client [req-6882e505-74ad-4bf6-98d3-432f3eff9c66 req-6882e505-74ad-4bf6-98d3-432f3eff9c66 ] Request (ServersTestFqdnHostnames:tearDownClass): 204 DELETE http://10.180.1.21:9696/networking/v2.0/networks/26540599-5d8b-45a3-9ebd-9e506ee112b1 0.248s
2025-02-10 11:22:07.466 63023 INFO tempest.lib.common.rest_client [req-0e19dcdf-2d67-43ff-a197-d8e4e88268a9 req-0e19dcdf-2d67-43ff-a197-d8e4e88268a9 ] Request (ServersAdminNegativeTestJSON:test_migrate_server_invalid_state): 200 GET http://10.180.1.21/compute/v2.1/servers/710a4cce-58c3-4332-8d00-4244209ee558 0.194s
2025-02-10 11:22:07.474 63023 INFO tempest.common.waiters [-] State transition "ACTIVE/suspending" ==> "SUSPENDED/None" after 1 second wait
2025-02-10 11:22:07.508 62997 INFO tempest.lib.common.rest_client [req-9120b8fa-7ca0-49ef-9f45-e17af8bf28ba req-9120b8fa-7ca0-49ef-9f45-e17af8bf28ba ] Request (ServerRescueTestJSONUnderV235:tearDownClass): 200 GET http://10.180.1.21/compute/v2.1/servers/c6817a48-72cd-49f2-94c2-fad0a792b351 0.149s
2025-02-10 11:22:07.525 63013 INFO tempest.lib.common.rest_client [req-a84aad12-61d9-486f-8123-8eff969b83ba req-a84aad12-61d9-486f-8123-8eff969b83ba ] Request (ServerActionsTestJSON:setUpClass): 200 GET http://10.180.1.21/compute/v2.1/servers/7893af92-485c-4f90-89a5-15c557ca3b24 0.152s
2025-02-10 11:22:07.566 63045 INFO tempest.lib.common.rest_client [req-80d253e5-4e44-4e6f-a753-95ef141ca054 req-80d253e5-4e44-4e6f-a753-95ef141ca054 ] Request (ServersTestFqdnHostnames:tearDownClass): 204 DELETE http://10.180.1.21/identity/v3/users/49465a62db19466d92d49ed4606f6da0 0.105s
2025-02-10 11:22:07.566 63045 INFO tempest.lib.common.dynamic_creds [-] Deleting project and security group for project: cf49034f173c4eb5bf02e1ef8c1ec3e5
2025-02-10 11:22:07.580 63003 INFO tempest.lib.common.rest_client [req-8d2ac8c2-5778-4b3d-a021-64473e486ec9 req-8d2ac8c2-5778-4b3d-a021-64473e486ec9 ] Request (ServersTestJSON:test_create_server_specify_multibyte_character_name): 200 GET http://10.180.1.21/compute/v2.1/servers/c7a3405c-4926-45bc-ab5d-21869a656051 0.167s
2025-02-10 11:22:07.589 63017 INFO tempest.lib.common.rest_client [req-c77c55b8-4288-4485-87a5-4ddca2d668c2 req-c77c55b8-4288-4485-87a5-4ddca2d668c2 ] Request (ServersAdmin275Test:_run_cleanups): 200 GET http://10.180.1.21/compute/v2.1/servers/a8706125-0bc4-42bb-8968-47edb39a1631 0.146s
2025-02-10 11:22:07.601 63017 INFO tempest.common.waiters [-] State transition "REBUILD/rebuilding" ==> "REBUILD/rebuild_spawning" after 2 second wait
2025-02-10 11:22:07.604 63045 INFO tempest.lib.common.rest_client [req-6495e6a2-b802-4595-ad7c-e3dc3e0c80b6 req-6495e6a2-b802-4595-ad7c-e3dc3e0c80b6 ] Request (ServersTestFqdnHostnames:tearDownClass): 200 GET http://10.180.1.21:9696/networking/v2.0/security-groups?tenant_id=cf49034f173c4eb5bf02e1ef8c1ec3e5&name=default 0.038s
2025-02-10 11:22:07.656 63049 INFO tempest.lib.common.rest_client [req-13d8465b-2323-455c-bf01-2022ef0755bc req-13d8465b-2323-455c-bf01-2022ef0755bc ] Request (MigrationsAdminTest:test_resize_server_revert_deleted_flavor): 200 GET http://10.180.1.21/compute/v2.1/servers/aee9d9e2-3e18-46b5-b0ee-f79d23d63c21 0.184s
2025-02-10 11:22:07.706 63045 INFO tempest.lib.common.rest_client [req-bb46a49c-2f14-4536-ae00-f2c06750ec93 req-bb46a49c-2f14-4536-ae00-f2c06750ec93 ] Request (ServersTestFqdnHostnames:tearDownClass): 204 DELETE http://10.180.1.21:9696/networking/v2.0/security-groups/3d843f47-251c-480a-81f3-7263107aaaa4 0.101s
2025-02-10 11:22:07.734 63023 INFO tempest.lib.common.rest_client [req-1bb810f1-0b4f-4f20-a1ca-d61134a52a0c req-1bb810f1-0b4f-4f20-a1ca-d61134a52a0c ] Request (ServersAdminNegativeTestJSON:test_migrate_server_invalid_state): 409 POST http://10.180.1.21/compute/v2.1/servers/710a4cce-58c3-4332-8d00-4244209ee558/action 0.259s
2025-02-10 11:22:07.740 63051 INFO tempest.lib.common.rest_client [req-aa8373e8-10ff-4daa-8adb-6464d3fc62b1 req-aa8373e8-10ff-4daa-8adb-6464d3fc62b1 ] Request (ServersAdminTestJSON:test_list_servers_filter_by_exist_host): 200 GET http://10.180.1.21/compute/v2.1/servers/d2addee2-9c77-4980-966b-74b9fe442850 0.289s
2025-02-10 11:22:07.791 63019 INFO tempest.lib.common.rest_client [req-faef0592-ccbc-4ce4-b469-be93a7e06a97 req-faef0592-ccbc-4ce4-b469-be93a7e06a97 ] Request (ServersTestMultiNic:test_verify_duplicate_network_nics): 200 GET http://10.180.1.21/compute/v2.1/servers/9992c674-138a-41b7-8921-4a27dbd9d00a 0.284s
2025-02-10 11:22:07.809 63035 INFO tempest.lib.common.rest_client [req-2c6e7f66-9af5-41e3-ae9a-bf3f9845ed91 req-2c6e7f66-9af5-41e3-ae9a-bf3f9845ed91 ] Request (ServerShowV257Test:test_rebuild_server): 200 GET http://10.180.1.21/compute/v2.1/servers/fddb9aca-6c55-473e-979f-5eafb09256f1 0.273s
2025-02-10 11:22:07.815 63045 INFO tempest.lib.common.rest_client [req-42c2d17d-ae5b-4340-961f-f7ad091b156a req-42c2d17d-ae5b-4340-961f-f7ad091b156a ] Request (ServersTestFqdnHostnames:tearDownClass): 204 DELETE http://10.180.1.21/identity/v3/projects/cf49034f173c4eb5bf02e1ef8c1ec3e5 0.108s
2025-02-10 11:22:07.884 63057 INFO tempest.lib.common.rest_client [req-29e8072f-8800-4c27-8f04-e8121e22cdd5 req-29e8072f-8800-4c27-8f04-e8121e22cdd5 ] Request (MultipleCreateTestJSON:test_multiple_create): 200 GET http://10.180.1.21/compute/v2.1/servers/1d66f43a-fe3a-42a0-86c6-3fa58ca90847 0.245s
2025-02-10 11:22:07.884 63033 INFO tempest.lib.common.rest_client [req-5a22c95e-1b70-4185-94e6-ecac8c236ae1 req-5a22c95e-1b70-4185-94e6-ecac8c236ae1 ] Request (ServerDiagnosticsV248Test:tearDownClass): 200 GET http://10.180.1.21/compute/v2.1/servers/a42a058f-93d3-4351-b989-3f740c29ccc3 0.278s
2025-02-10 11:22:07.960 63005 INFO tempest.lib.common.rest_client [req-c48e5fd4-63e5-4376-a757-6b5b1b20a6fb req-c48e5fd4-63e5-4376-a757-6b5b1b20a6fb ] Request (ServersV294TestFqdnHostnames:setUpClass): 200 GET http://10.180.1.21/compute/v2.1/servers/17221af2-96c6-4380-bbaa-ec426e1f88cf 0.282s
2025-02-10 11:22:07.963 63023 INFO tempest.lib.common.rest_client [req-e8695d49-d114-4ccd-ab3d-3e7d52a94c17 req-e8695d49-d114-4ccd-ab3d-3e7d52a94c17 ] Request (ServersAdminNegativeTestJSON:test_reset_state_server_invalid_state): 400 POST http://10.180.1.21/compute/v2.1/servers/6eee618e-9a34-4dc3-a0bf-506575b4aaec/action 0.227s
2025-02-10 11:22:07.964 63059 INFO tempest.lib.common.rest_client [req-afbec68e-a378-4d33-a326-fbf3916f198d req-afbec68e-a378-4d33-a326-fbf3916f198d ] Request (AttachInterfacesTestJSON:test_create_list_show_delete_interfaces_by_fixed_ip): 200 GET http://10.180.1.21/compute/v2.1/servers/c1260e22-5fe5-4006-b3af-6703e3f7ad7d 0.277s
2025-02-10 11:22:08.032 63027 INFO tempest.lib.common.rest_client [req-67adc0c6-7ba4-48e4-a9f5-c2d6efcd9ee5 req-67adc0c6-7ba4-48e4-a9f5-c2d6efcd9ee5 ] Request (VolumesAdminNegativeTest:test_update_attached_volume_with_nonexistent_volume_in_body): 200 GET http://10.180.1.21/compute/v2.1/servers/22e41608-3622-4e14-ab78-b9d704068900 0.285s
2025-02-10 11:22:08.082 63051 INFO tempest.lib.common.rest_client [req-8b4daf14-4f89-4cca-a5f4-3082758cc607 req-8b4daf14-4f89-4cca-a5f4-3082758cc607 ] Request (ServersAdminTestJSON:test_list_servers_filter_by_exist_host): 200 GET http://10.180.1.21/compute/v2.1/servers?host=cpu-1&all_tenants=1 0.334s
2025-02-10 11:22:08.138 63007 INFO tempest.lib.common.rest_client [req-629e8bcb-fbf0-4111-b6c2-531d6d9b3a8f req-629e8bcb-fbf0-4111-b6c2-531d6d9b3a8f ] Request (InstanceActionsV221TestJSON:test_get_list_deleted_instance_actions): 200 GET http://10.180.1.21/compute/v2.1/servers/dd7326e8-82a9-4d41-b1d3-9699ff0ded76 0.294s
2025-02-10 11:22:08.167 63039 INFO tempest.lib.common.rest_client [req-d2235043-d6f7-4c21-94f5-aff9edbbf534 req-d2235043-d6f7-4c21-94f5-aff9edbbf534 ] Request (SecurityGroupsTestJSON:test_server_security_groups): 200 GET http://10.180.1.21/compute/v2.1/servers/ebffe39d-9cd1-4021-894e-5b6537a4632f 0.375s
2025-02-10 11:22:08.172 63023 INFO tempest.lib.common.rest_client [req-0e4bf4ba-97e1-4bf0-83ce-b7aa9e4db3c5 req-0e4bf4ba-97e1-4bf0-83ce-b7aa9e4db3c5 ] Request (ServersAdminNegativeTestJSON:test_reset_state_server_invalid_type): 400 POST http://10.180.1.21/compute/v2.1/servers/6eee618e-9a34-4dc3-a0bf-506575b4aaec/action 0.208s
2025-02-10 11:22:08.196 63025 INFO tempest.lib.common.rest_client [req-dbcbdb33-f59c-4140-8797-e5072d55f575 req-dbcbdb33-f59c-4140-8797-e5072d55f575 ] Request (ServerDiagnosticsTest:tearDownClass): 200 GET http://10.180.1.21/compute/v2.1/servers/e743f9d3-26be-484d-bbc4-f6a64d236a09 0.288s
2025-02-10 11:22:08.243 63031 INFO tempest.lib.common.rest_client [req-1a8f306f-d09c-4118-aa17-730d134e4d0c req-1a8f306f-d09c-4118-aa17-730d134e4d0c ] Request (ImagesTestJSON:test_create_server_from_snapshot): 200 GET http://10.180.1.21/compute/v2.1/servers/b3deb642-4e36-4b45-81c3-395325bd6106 0.259s
