2025-02-10 11:22:33.388 63051 INFO tempest.lib.common.rest_client [req-d2b94f1e-0b3f-4da0-a5d8-740015495b4f req-d2b94f1e-0b3f-4da0-a5d8-740015495b4f ] Request (ServersAdminTestJSON:tearDownClass): 204 DELETE http://10.180.1.21/compute/v2.1/servers/42845847-442b-4d76-955b-1862e762114f 0.356s
2025-02-10 11:22:33.423 63033 INFO tempest.lib.common.rest_client [req-1c56ddaf-3078-4461-b814-52b004c859d4 req-1c56ddaf-3078-4461-b814-52b004c859d4 ] Request (QuotasTestJSON:test_get_default_quotas): 200 GET http://10.180.1.21/compute/v2.1/os-quota-sets/3607ee91f96a49008a0b4acc842034a6/defaults 0.201s
2025-02-10 11:22:33.430 63037 INFO tempest.lib.common.rest_client [req-0121582f-6c62-40ca-8d13-69923dad9d2b req-0121582f-6c62-40ca-8d13-69923dad9d2b ] Request (ServerShowV254Test:tearDownClass): 200 GET http://10.180.1.21/compute/v2.1/servers/7dd84fc4-8361-4edf-baef-478818448642 0.346s
2025-02-10 11:22:33.495 63003 INFO tempest.lib.common.rest_client [req-8b6a2372-39cb-4373-bdc2-879bf142135d req-8b6a2372-39cb-4373-bdc2-879bf142135d ] Request (ServersTestJSON:_run_cleanups): 204 DELETE http://10.180.1.21/compute/v2.1/servers/355b8d0a-a9ee-4ed7-9d9e-0d174dfd41cf 0.169s
2025-02-10 11:22:33.522 63051 INFO tempest.lib.common.rest_client [req-ec034bcd-a194-44bd-8880-2cacf4725c25 req-ec034bcd-a194-44bd-8880-2cacf4725c25 ] Request (ServersAdminTestJSON:tearDownClass): 200 GET http://10.180.1.21/compute/v2.1/servers/42845847-442b-4d76-955b-1862e762114f 0.133s
2025-02-10 11:22:33.548 63057 INFO tempest.lib.common.rest_client [req-2dbb9424-bb9a-4eca-a953-43aad2683975 req-2dbb9424-bb9a-4eca-a953-43aad2683975 ] Request (MultipleCreateTestJSON:_run_cleanups): 200 GET http://10.180.1.21/compute/v2.1/servers/e6b0efb6-f2d5-41e9-b479-0e6624eafdd4 0.129s
2025-02-10 11:22:33.560 63003 INFO tempest.lib.common.rest_client [req-65467d72-70ad-46e6-aa67-cf42ccf51a5d req-65467d72-70ad-46e6-aa67-cf42ccf51a5d ] Request (ServersTestJSON:_run_cleanups): 404 GET http://10.180.1.21/compute/v2.1/servers/355b8d0a-a9ee-4ed7-9d9e-0d174dfd41cf 0.064s
2025-02-10 11:22:33.565 63033 INFO tempest.lib.common.rest_client [req-cf0a65bd-7c2d-4eaf-8bc9-ea56c80f2dd3 req-cf0a65bd-7c2d-4eaf-8bc9-ea56c80f2dd3 ] Request (QuotasTestJSON:test_get_quotas): 200 GET http://10.180.1.21/compute/v2.1/os-quota-sets/3607ee91f96a49008a0b4acc842034a6 0.138s
2025-02-10 11:22:33.592 63003 INFO tempest.lib.common.rest_client [req-c1f57130-2ad0-48e4-a017-a3f97ea6ab79 req-c1f57130-2ad0-48e4-a017-a3f97ea6ab79 ] Request (ServersTestJSON:test_create_server_with_ipv6_addr_only): 201 POST http://10.180.1.21/identity/v3/auth/tokens 0.029s
2025-02-10 11:22:33.593 63003 INFO tempest.lib.common.fixed_network [-] (ServersTestJSON:test_create_server_with_ipv6_addr_only) Found network {'id': 'f0a01c64-525d-4912-9149-09bef5e06d1f', 'name': 'tempest-ServersTestJSON-240902172-network', 'tenant_id': 'f1c488e408e54352beebf79d61296a69', 'admin_state_up': True, 'mtu': 8950, 'status': 'ACTIVE', 'subnets': [], 'shared': False, 'project_id': 'f1c488e408e54352beebf79d61296a69', 'port_security_enabled': True, 'router:external': False, 'provider:network_type': 'vlan', 'provider:physical_network': 'default', 'provider:segmentation_id': 879, 'availability_zone_hints': [], 'availability_zones': [], 'ipv4_address_scope': None, 'ipv6_address_scope': None, 'description': '', 'tags': [], 'created_at': '2025-02-10T11:21:25Z', 'updated_at': '2025-02-10T11:21:25Z', 'revision_number': 1} available for tenant
2025-02-10 11:22:33.608 63015 INFO tempest.lib.common.rest_client [req-3349a287-356d-4c5b-b0fa-935627d4b95b req-3349a287-356d-4c5b-b0fa-935627d4b95b ] Request (ServersWithSpecificFlavorTestJSON:test_verify_created_server_ephemeral_disk): 200 GET http://10.180.1.21/compute/v2.1/servers/cb2e798e-8018-4281-adb3-d3213738e05d 0.070s
2025-02-10 11:22:33.614 63019 INFO tempest.lib.common.rest_client [req-c2ca8169-7300-4526-b271-b9949136daf2 req-c2ca8169-7300-4526-b271-b9949136daf2 ] Request (ServersTestMultiNic:test_verify_duplicate_network_nics): 200 GET http://10.180.1.21/compute/v2.1/servers/9992c674-138a-41b7-8921-4a27dbd9d00a 0.063s
2025-02-10 11:22:33.616 63015 INFO tempest.common.waiters [-] State transition "BUILD/scheduling" ==> "BUILD/None" after 15 second wait
2025-02-10 11:22:33.648 63033 INFO tempest.lib.common.rest_client [req-f757fe06-c442-474c-9b05-d53507d53022 req-f757fe06-c442-474c-9b05-d53507d53022 ] Request (QuotasTestJSON:test_get_quotas): 200 GET http://10.180.1.21/compute/v2.1/os-quota-sets/3607ee91f96a49008a0b4acc842034a6?user_id=2fa4d4d54cd64a628389dfe61f81f8ef 0.081s
2025-02-10 11:22:33.705 63059 INFO tempest.lib.common.rest_client [req-9adc1a8f-43ff-42c0-8158-f207fb09b04f req-9adc1a8f-43ff-42c0-8158-f207fb09b04f ] Request (AttachInterfacesTestJSON:test_create_list_show_delete_interfaces_by_fixed_ip): 200 GET http://10.180.1.21/compute/v2.1/servers/c1260e22-5fe5-4006-b3af-6703e3f7ad7d 0.112s
2025-02-10 11:22:33.745 63033 INFO tempest.lib.common.rest_client [req-ed2c8c60-d862-42df-aec0-5a9cd867d821 req-ed2c8c60-d862-42df-aec0-5a9cd867d821 ] Request (QuotasTestJSON:tearDownClass): 204 DELETE http://10.180.1.21/identity/v3/users/2fa4d4d54cd64a628389dfe61f81f8ef 0.091s
2025-02-10 11:22:33.745 63033 INFO tempest.lib.common.dynamic_creds [-] Deleting project and security group for project: 3607ee91f96a49008a0b4acc842034a6
2025-02-10 11:22:33.774 63017 INFO tempest.lib.common.rest_client [req-9afa5c61-4b3a-479f-86a3-8e40bb74d3c7 req-9afa5c61-4b3a-479f-86a3-8e40bb74d3c7 ] Request (ServersAdmin275Test:tearDownClass): 200 GET http://10.180.1.21/compute/v2.1/servers/a8706125-0bc4-42bb-8968-47edb39a1631 0.165s
2025-02-10 11:22:33.802 63033 INFO tempest.lib.common.rest_client [req-76fccc4b-2747-46d0-a942-701bb44e018e req-76fccc4b-2747-46d0-a942-701bb44e018e ] Request (QuotasTestJSON:tearDownClass): 201 POST http://10.180.1.21/identity/v3/auth/tokens 0.056s
2025-02-10 11:22:33.850 63047 INFO tempest.lib.common.rest_client [req-be372dec-7221-4d01-a0f6-fca8d3689866 req-be372dec-7221-4d01-a0f6-fca8d3689866 ] Request (ServersTestJSON:tearDownClass): 200 GET http://10.180.1.21/compute/v2.1/servers/20ba8bfa-e68b-4285-ab3a-3c850110e3e4 0.187s
2025-02-10 11:22:33.921 63027 INFO tempest.lib.common.rest_client [req-4bc981d0-f7b5-4764-8355-411d3af087f8 req-4bc981d0-f7b5-4764-8355-411d3af087f8 ] Request (VolumesAdminNegativeTest:test_update_attached_volume_with_nonexistent_volume_in_body): 200 GET http://10.180.1.21/compute/v2.1/servers/22e41608-3622-4e14-ab78-b9d704068900 0.204s
2025-02-10 11:22:33.993 63039 INFO tempest.lib.common.rest_client [req-ce27f8f2-0c74-4e06-a192-5460a329dec0 req-ce27f8f2-0c74-4e06-a192-5460a329dec0 ] Request (SecurityGroupsTestJSON:test_server_security_groups): 200 GET http://10.180.1.21/compute/v2.1/servers/ebffe39d-9cd1-4021-894e-5b6537a4632f 0.216s
2025-02-10 11:22:34.006 63033 INFO tempest.lib.common.rest_client [req-6050621b-f99c-4023-9669-16c0923df316 req-6050621b-f99c-4023-9669-16c0923df316 ] Request (QuotasTestJSON:tearDownClass): 200 GET http://10.180.1.21:9696/networking/v2.0/security-groups?tenant_id=3607ee91f96a49008a0b4acc842034a6&name=default 0.204s
2025-02-10 11:22:34.030 63003 INFO tempest.lib.common.rest_client [req-2b691165-e15e-481b-945d-567d782e1de3 req-2b691165-e15e-481b-945d-567d782e1de3 ] Request (ServersTestJSON:test_create_server_with_ipv6_addr_only): 202 POST http://10.180.1.21/compute/v2.1/servers 0.437s
2025-02-10 11:22:34.066 63035 INFO tempest.lib.common.rest_client [req-20ed6276-8d80-4378-9710-73ce295d13a4 req-20ed6276-8d80-4378-9710-73ce295d13a4 ] Request (ServerShowV257Test:tearDownClass): 200 GET http://10.180.1.21/compute/v2.1/servers/fddb9aca-6c55-473e-979f-5eafb09256f1 0.226s
2025-02-10 11:22:34.099 63033 INFO tempest.lib.common.rest_client [req-2e98170e-13c3-412f-91a8-ed0a3407af06 req-2e98170e-13c3-412f-91a8-ed0a3407af06 ] Request (QuotasTestJSON:tearDownClass): 204 DELETE http://10.180.1.21:9696/networking/v2.0/security-groups/0b4bfb2e-1fce-4c79-a121-803a40c09292 0.092s
2025-02-10 11:22:34.133 63007 INFO tempest.lib.common.rest_client [req-f4b2519e-1dd8-43b7-a83d-25e6e8ab07bd req-f4b2519e-1dd8-43b7-a83d-25e6e8ab07bd ] Request (InstanceActionsV221TestJSON:test_get_list_deleted_instance_actions): 200 GET http://10.180.1.21/compute/v2.1/servers/dd7326e8-82a9-4d41-b1d3-9699ff0ded76 0.247s
2025-02-10 11:22:34.177 63033 INFO tempest.lib.common.rest_client [req-d09d3c95-3306-4d64-893f-465a82a6408e req-d09d3c95-3306-4d64-893f-465a82a6408e ] Request (QuotasTestJSON:tearDownClass): 204 DELETE http://10.180.1.21/identity/v3/projects/3607ee91f96a49008a0b4acc842034a6 0.078s
2025-02-10 11:22:34.199 63001 INFO tempest.lib.common.rest_client [req-e5b465f7-e1bd-42a3-8625-3430ebd2dd88 req-e5b465f7-e1bd-42a3-8625-3430ebd2dd88 ] Request (ServerRescueNegativeTestJSON:test_rescued_vm_detach_volume): 200 GET http://10.180.1.21/compute/v2.1/servers/d07d61d2-c0f9-4f91-a2b0-ed7c2bb7fab5 0.281s
2025-02-10 11:22:34.227 63005 INFO tempest.lib.common.rest_client [req-5ab0a4d0-140c-4226-b1c7-16bd40155331 req-5ab0a4d0-140c-4226-b1c7-16bd40155331 ] Request (ServersV294TestFqdnHostnames:setUpClass): 200 GET http://10.180.1.21/compute/v2.1/servers/17221af2-96c6-4380-bbaa-ec426e1f88cf 0.358s
2025-02-10 11:22:34.239 63021 INFO tempest.lib.common.rest_client [req-b3a98572-cab4-4f68-8445-7a37fd462821 req-b3a98572-cab4-4f68-8445-7a37fd462821 ] Request (VolumesAssistedSnapshotsTest:_run_cleanups): 200 GET http://10.180.1.21/compute/v2.1/servers/f9123f08-addd-44ef-8572-45ffc3ba8679/os-volume_attachments 0.244s
2025-02-10 11:22:34.270 63003 INFO tempest.lib.common.rest_client [req-c75d427d-ffd5-48a0-88d4-f1c1b1c3de26 req-c75d427d-ffd5-48a0-88d4-f1c1b1c3de26 ] Request (ServersTestJSON:test_create_server_with_ipv6_addr_only): 200 GET http://10.180.1.21/compute/v2.1/servers/7cdbcfc0-6291-48cb-aba7-28c3c58d54fb 0.238s
2025-02-10 11:22:34.291 63025 INFO tempest.lib.common.rest_client [req-58e576a8-a3a4-4f92-ad46-c8135d2c99b1 req-58e576a8-a3a4-4f92-ad46-c8135d2c99b1 ] Request (TenantUsagesTestJSON:setUpClass): 200 GET http://10.180.1.21/compute/v2.1/servers/10b32bbd-7b71-45d5-b29b-4560f57d96bc 0.240s
2025-02-10 11:22:34.348 63023 INFO tempest.lib.common.rest_client [req-60335161-f524-46fe-b10f-455215771437 req-60335161-f524-46fe-b10f-455215771437 ] Request (ServersAdminNegativeTestJSON:tearDownClass): 200 GET http://10.180.1.21/compute/v2.1/servers/710a4cce-58c3-4332-8d00-4244209ee558 0.242s
2025-02-10 11:22:34.352 63011 INFO tempest.lib.common.rest_client [req-d06cc196-8f5c-40ad-aed5-c944a19c114b req-d06cc196-8f5c-40ad-aed5-c944a19c114b ] Request (DeleteServersTestJSON:test_delete_active_server): 200 GET http://10.180.1.21/compute/v2.1/servers/92ac37e0-64ff-4295-ae78-68c6ab45742c 0.188s
2025-02-10 11:22:34.405 63031 INFO tempest.lib.common.rest_client [req-094665bc-0d70-407e-b957-9641ffd45ba4 req-094665bc-0d70-407e-b957-9641ffd45ba4 ] Request (ImagesTestJSON:test_create_server_from_snapshot): 200 GET http://10.180.1.21/compute/v2.1/servers/b3deb642-4e36-4b45-81c3-395325bd6106 0.129s
2025-02-10 11:22:34.408 63013 INFO tempest.lib.common.rest_client [req-c85cf4c9-bcc3-4db7-b7f2-27c71b36cc29 req-c85cf4c9-bcc3-4db7-b7f2-27c71b36cc29 ] Request (ServerActionsTestJSON:setUpClass): 200 GET http://10.180.1.21/compute/v2.1/servers/7893af92-485c-4f90-89a5-15c557ca3b24 0.083s
2025-02-10 11:22:34.457 63049 INFO tempest.lib.common.rest_client [req-ccc85123-b0fd-4082-836e-947b4bf966c3 req-ccc85123-b0fd-4082-836e-947b4bf966c3 ] Request (MigrationsAdminTest:test_resize_server_revert_deleted_flavor): 200 GET http://10.180.1.21/compute/v2.1/servers/aee9d9e2-3e18-46b5-b0ee-f79d23d63c21 0.077s
2025-02-10 11:22:34.504 63037 INFO tempest.lib.common.rest_client [req-f4f7fb46-7809-4aa9-af69-987a9645f6f1 req-f4f7fb46-7809-4aa9-af69-987a9645f6f1 ] Request (ServerShowV254Test:tearDownClass): 200 GET http://10.180.1.21/compute/v2.1/servers/7dd84fc4-8361-4edf-baef-478818448642 0.065s
2025-02-10 11:22:34.643 63057 INFO tempest.lib.common.rest_client [req-fe2235f8-efa4-40fa-aa52-a0d19200b728 req-fe2235f8-efa4-40fa-aa52-a0d19200b728 ] Request (MultipleCreateTestJSON:_run_cleanups): 200 GET http://10.180.1.21/compute/v2.1/servers/e6b0efb6-f2d5-41e9-b479-0e6624eafdd4 0.087s
2025-02-10 11:22:34.678 63051 INFO tempest.lib.common.rest_client [req-e96c2373-a552-493c-be6b-6560fff64b56 req-e96c2373-a552-493c-be6b-6560fff64b56 ] Request (ServersAdminTestJSON:tearDownClass): 200 GET http://10.180.1.21/compute/v2.1/servers/42845847-442b-4d76-955b-1862e762114f 0.149s
2025-02-10 11:22:34.706 63015 INFO tempest.lib.common.rest_client [req-aa729165-e726-4af4-956f-73e37aa4cad6 req-aa729165-e726-4af4-956f-73e37aa4cad6 ] Request (ServersWithSpecificFlavorTestJSON:test_verify_created_server_ephemeral_disk): 200 GET http://10.180.1.21/compute/v2.1/servers/cb2e798e-8018-4281-adb3-d3213738e05d 0.089s
2025-02-10 11:22:34.734 63019 INFO tempest.lib.common.rest_client [req-61d5a434-6437-49ea-9af3-353febb99212 req-61d5a434-6437-49ea-9af3-353febb99212 ] Request (ServersTestMultiNic:test_verify_duplicate_network_nics): 200 GET http://10.180.1.21/compute/v2.1/servers/9992c674-138a-41b7-8921-4a27dbd9d00a 0.109s
2025-02-10 11:22:34.767 63059 INFO tempest.lib.common.rest_client [req-38f516ab-9317-4a23-9838-49bba418c7ae req-38f516ab-9317-4a23-9838-49bba418c7ae ] Request (AttachInterfacesTestJSON:test_create_list_show_delete_interfaces_by_fixed_ip): 200 GET http://10.180.1.21/compute/v2.1/servers/c1260e22-5fe5-4006-b3af-6703e3f7ad7d 0.054s
2025-02-10 11:22:34.845 63017 INFO tempest.lib.common.rest_client [req-e41d14a6-f60d-47e2-aecb-38ac40259b60 req-e41d14a6-f60d-47e2-aecb-38ac40259b60 ] Request (ServersAdmin275Test:tearDownClass): 200 GET http://10.180.1.21/compute/v2.1/servers/a8706125-0bc4-42bb-8968-47edb39a1631 0.060s
2025-02-10 11:22:34.933 63047 INFO tempest.lib.common.rest_client [req-30499f33-cd3e-43e2-a4cc-1c56011d3001 req-30499f33-cd3e-43e2-a4cc-1c56011d3001 ] Request (ServersTestJSON:tearDownClass): 200 GET http://10.180.1.21/compute/v2.1/servers/20ba8bfa-e68b-4285-ab3a-3c850110e3e4 0.070s
2025-02-10 11:22:34.997 63027 INFO tempest.lib.common.rest_client [req-7287b37c-77f4-496d-9a9c-31a19a424fac req-7287b37c-77f4-496d-9a9c-31a19a424fac ] Request (VolumesAdminNegativeTest:test_update_attached_volume_with_nonexistent_volume_in_body): 200 GET http://10.180.1.21/compute/v2.1/servers/22e41608-3622-4e14-ab78-b9d704068900 0.065s
2025-02-10 11:22:35.074 63039 INFO tempest.lib.common.rest_client [req-76798866-ebf2-4c27-bf0b-81781b714619 req-76798866-ebf2-4c27-bf0b-81781b714619 ] Request (SecurityGroupsTestJSON:test_server_security_groups): 200 GET http://10.180.1.21/compute/v2.1/servers/ebffe39d-9cd1-4021-894e-5b6537a4632f 0.070s
2025-02-10 11:22:35.142 63035 INFO tempest.lib.common.rest_client [req-ce76c0c8-0b9f-4209-b560-5d479ddd2922 req-ce76c0c8-0b9f-4209-b560-5d479ddd2922 ] Request (ServerShowV257Test:tearDownClass): 200 GET http://10.180.1.21/compute/v2.1/servers/fddb9aca-6c55-473e-979f-5eafb09256f1 0.059s
2025-02-10 11:22:35.193 63007 INFO tempest.lib.common.rest_client [req-9eae2c29-be96-4bd6-a869-cc7230a28389 req-9eae2c29-be96-4bd6-a869-cc7230a28389 ] Request (InstanceActionsV221TestJSON:test_get_list_deleted_instance_actions): 200 GET http://10.180.1.21/compute/v2.1/servers/dd7326e8-82a9-4d41-b1d3-9699ff0ded76 0.051s
2025-02-10 11:22:35.252 63001 INFO tempest.lib.common.rest_client [req-ad9bf18e-1784-4ea4-b20d-fa3909cf094e req-ad9bf18e-1784-4ea4-b20d-fa3909cf094e ] Request (ServerRescueNegativeTestJSON:test_rescued_vm_detach_volume): 200 GET http://10.180.1.21/compute/v2.1/servers/d07d61d2-c0f9-4f91-a2b0-ed7c2bb7fab5 0.046s
2025-02-10 11:22:35.270 63021 INFO tempest.lib.common.rest_client [req-491e986b-1254-46c7-b704-a96ec7b5b90e req-491e986b-1254-46c7-b704-a96ec7b5b90e ] Request (VolumesAssistedSnapshotsTest:_run_cleanups): 200 GET http://10.180.1.21/compute/v2.1/servers/f9123f08-addd-44ef-8572-45ffc3ba8679/os-volume_attachments 0.029s
2025-02-10 11:22:35.297 63021 INFO tempest.lib.common.rest_client [req-39f918a2-6ef7-4394-9dab-362b7b9a068d req-39f918a2-6ef7-4394-9dab-362b7b9a068d ] Request (VolumesAssistedSnapshotsTest:_run_cleanups): 200 GET http://10.180.1.21/volume/v3/volumes/b09c7806-6918-4d62-9f02-00e30e0c74a0 0.025s
2025-02-10 11:22:35.303 63021 INFO tempest.common.waiters [-] volume b09c7806-6918-4d62-9f02-00e30e0c74a0 reached available after waiting for 0.303964 seconds
2025-02-10 11:22:35.306 63041 WARNING tempest.lib.common.ssh [-] Failed to establish authenticated ssh connection to cirros@10.180.180.226 ([Errno None] Unable to connect to port 22 on 10.180.180.226). Number attempts: 9. Retry after 10 seconds.: paramiko.ssh_exception.NoValidConnectionsError: [Errno None] Unable to connect to port 22 on 10.180.180.226
2025-02-10 11:22:35.335 63003 INFO tempest.lib.common.rest_client [req-e171fb7d-73e3-4f06-a330-b1e170c94d27 req-e171fb7d-73e3-4f06-a330-b1e170c94d27 ] Request (ServersTestJSON:test_create_server_with_ipv6_addr_only): 200 GET http://10.180.1.21/compute/v2.1/servers/7cdbcfc0-6291-48cb-aba7-28c3c58d54fb 0.051s
2025-02-10 11:22:35.340 63021 INFO tempest.lib.common.rest_client [req-d5568c04-ed61-4e2b-a550-e4638e416a90 req-d5568c04-ed61-4e2b-a550-e4638e416a90 ] Request (VolumesAssistedSnapshotsTest:_run_cleanups): 202 DELETE http://10.180.1.21/volume/v3/volumes/b09c7806-6918-4d62-9f02-00e30e0c74a0 0.036s
2025-02-10 11:22:35.366 63021 INFO tempest.lib.common.rest_client [req-18afae85-6923-43e0-b395-2fc5b3022a48 req-18afae85-6923-43e0-b395-2fc5b3022a48 ] Request (VolumesAssistedSnapshotsTest:_run_cleanups): 200 GET http://10.180.1.21/volume/v3/volumes/b09c7806-6918-4d62-9f02-00e30e0c74a0 0.025s
2025-02-10 11:22:35.367 63005 INFO tempest.lib.common.rest_client [req-87641aba-7f2b-451f-9b5e-77dc2aa860f5 req-87641aba-7f2b-451f-9b5e-77dc2aa860f5 ] Request (ServersV294TestFqdnHostnames:setUpClass): 200 GET http://10.180.1.21/compute/v2.1/servers/17221af2-96c6-4380-bbaa-ec426e1f88cf 0.125s
2025-02-10 11:22:35.391 63025 INFO tempest.lib.common.rest_client [req-db24f0fe-3637-4feb-a4c3-4a0a43ebb0bd req-db24f0fe-3637-4feb-a4c3-4a0a43ebb0bd ] Request (TenantUsagesTestJSON:setUpClass): 200 GET http://10.180.1.21/compute/v2.1/servers/10b32bbd-7b71-45d5-b29b-4560f57d96bc 0.087s
2025-02-10 11:22:35.421 63023 INFO tempest.lib.common.rest_client [req-47bfe148-94c8-4b3b-b901-5f0e2c44a31c req-47bfe148-94c8-4b3b-b901-5f0e2c44a31c ] Request (ServersAdminNegativeTestJSON:tearDownClass): 200 GET http://10.180.1.21/compute/v2.1/servers/710a4cce-58c3-4332-8d00-4244209ee558 0.064s
2025-02-10 11:22:35.450 63011 INFO tempest.lib.common.rest_client [req-d876872a-884c-436d-a106-abfd246e00c7 req-d876872a-884c-436d-a106-abfd246e00c7 ] Request (DeleteServersTestJSON:test_delete_active_server): 200 GET http://10.180.1.21/compute/v2.1/servers/92ac37e0-64ff-4295-ae78-68c6ab45742c 0.089s
2025-02-10 11:22:35.466 63031 INFO tempest.lib.common.rest_client [req-dfb0c2d5-83aa-492e-8a81-e826d2ed5c8a req-dfb0c2d5-83aa-492e-8a81-e826d2ed5c8a ] Request (ImagesTestJSON:test_create_server_from_snapshot): 200 GET http://10.180.1.21/compute/v2.1/servers/b3deb642-4e36-4b45-81c3-395325bd6106 0.054s
2025-02-10 11:22:35.506 63013 INFO tempest.lib.common.rest_client [req-27c9a9ca-1159-4dfb-b7e8-03639b55f144 req-27c9a9ca-1159-4dfb-b7e8-03639b55f144 ] Request (ServerActionsTestJSON:setUpClass): 200 GET http://10.180.1.21/compute/v2.1/servers/7893af92-485c-4f90-89a5-15c557ca3b24 0.088s
2025-02-10 11:22:35.517 63049 INFO tempest.lib.common.rest_client [req-6c6d0d30-e937-4bc1-a327-56a8d39baca2 req-6c6d0d30-e937-4bc1-a327-56a8d39baca2 ] Request (MigrationsAdminTest:test_resize_server_revert_deleted_flavor): 200 GET http://10.180.1.21/compute/v2.1/servers/aee9d9e2-3e18-46b5-b0ee-f79d23d63c21 0.052s
2025-02-10 11:22:35.574 63037 INFO tempest.lib.common.rest_client [req-cfd41cdb-1ef6-408f-9e62-efde731d6c08 req-cfd41cdb-1ef6-408f-9e62-efde731d6c08 ] Request (ServerShowV254Test:tearDownClass): 200 GET http://10.180.1.21/compute/v2.1/servers/7dd84fc4-8361-4edf-baef-478818448642 0.061s
2025-02-10 11:22:35.708 63057 INFO tempest.lib.common.rest_client [req-b1b70ca1-efd3-40cc-a9b9-f7f678dbdb3f req-b1b70ca1-efd3-40cc-a9b9-f7f678dbdb3f ] Request (MultipleCreateTestJSON:_run_cleanups): 200 GET http://10.180.1.21/compute/v2.1/servers/e6b0efb6-f2d5-41e9-b479-0e6624eafdd4 0.056s
2025-02-10 11:22:35.769 63015 INFO tempest.lib.common.rest_client [req-8e87ca4e-2f98-4196-b60a-2c3c00103154 req-8e87ca4e-2f98-4196-b60a-2c3c00103154 ] Request (ServersWithSpecificFlavorTestJSON:test_verify_created_server_ephemeral_disk): 200 GET http://10.180.1.21/compute/v2.1/servers/cb2e798e-8018-4281-adb3-d3213738e05d 0.054s
2025-02-10 11:22:35.823 63019 INFO tempest.lib.common.rest_client [req-4d13f0a8-8fa5-4795-a020-06118773a59c req-4d13f0a8-8fa5-4795-a020-06118773a59c ] Request (ServersTestMultiNic:test_verify_duplicate_network_nics): 200 GET http://10.180.1.21/compute/v2.1/servers/9992c674-138a-41b7-8921-4a27dbd9d00a 0.081s
2025-02-10 11:22:35.837 63051 INFO tempest.lib.common.rest_client [req-d225924f-52b8-462b-bd75-c9f8bf7a8fbb req-d225924f-52b8-462b-bd75-c9f8bf7a8fbb ] Request (ServersAdminTestJSON:tearDownClass): 200 GET http://10.180.1.21/compute/v2.1/servers/42845847-442b-4d76-955b-1862e762114f 0.148s
2025-02-10 11:22:35.868 63059 INFO tempest.lib.common.rest_client [req-e79b06e4-9e21-4652-ab02-28ddafd68721 req-e79b06e4-9e21-4652-ab02-28ddafd68721 ] Request (AttachInterfacesTestJSON:test_create_list_show_delete_interfaces_by_fixed_ip): 200 GET http://10.180.1.21/compute/v2.1/servers/c1260e22-5fe5-4006-b3af-6703e3f7ad7d 0.090s
2025-02-10 11:22:35.914 63017 INFO tempest.lib.common.rest_client [req-82260f63-efab-4c81-b995-5d44cb49840a req-82260f63-efab-4c81-b995-5d44cb49840a ] Request (ServersAdmin275Test:tearDownClass): 200 GET http://10.180.1.21/compute/v2.1/servers/a8706125-0bc4-42bb-8968-47edb39a1631 0.059s
2025-02-10 11:22:36.001 63047 INFO tempest.lib.common.rest_client [req-949c6f42-5335-4999-8ce9-b628aab14f74 req-949c6f42-5335-4999-8ce9-b628aab14f74 ] Request (ServersTestJSON:tearDownClass): 200 GET http://10.180.1.21/compute/v2.1/servers/20ba8bfa-e68b-4285-ab3a-3c850110e3e4 0.060s
2025-02-10 11:22:36.052 63027 INFO tempest.lib.common.rest_client [req-e5adb392-d983-4fff-a9f2-eab8c69e297c req-e5adb392-d983-4fff-a9f2-eab8c69e297c ] Request (VolumesAdminNegativeTest:test_update_attached_volume_with_nonexistent_volume_in_body): 200 GET http://10.180.1.21/compute/v2.1/servers/22e41608-3622-4e14-ab78-b9d704068900 0.047s
2025-02-10 11:22:36.140 63039 INFO tempest.lib.common.rest_client [req-3239fb34-902d-484d-9f7a-808307c6c4c0 req-3239fb34-902d-484d-9f7a-808307c6c4c0 ] Request (SecurityGroupsTestJSON:test_server_security_groups): 200 GET http://10.180.1.21/compute/v2.1/servers/ebffe39d-9cd1-4021-894e-5b6537a4632f 0.056s
2025-02-10 11:22:36.205 63035 INFO tempest.lib.common.rest_client [req-eacb2806-a607-4207-84bb-391c9704373d req-eacb2806-a607-4207-84bb-391c9704373d ] Request (ServerShowV257Test:tearDownClass): 200 GET http://10.180.1.21/compute/v2.1/servers/fddb9aca-6c55-473e-979f-5eafb09256f1 0.050s
2025-02-10 11:22:36.264 63007 INFO tempest.lib.common.rest_client [req-a163fbe7-3e5d-409b-9ca6-21c6a2ef8a3e req-a163fbe7-3e5d-409b-9ca6-21c6a2ef8a3e ] Request (InstanceActionsV221TestJSON:test_get_list_deleted_instance_actions): 200 GET http://10.180.1.21/compute/v2.1/servers/dd7326e8-82a9-4d41-b1d3-9699ff0ded76 0.060s
2025-02-10 11:22:36.306 63001 INFO tempest.lib.common.rest_client [req-123e64f7-d316-47ae-8051-22d387a04531 req-123e64f7-d316-47ae-8051-22d387a04531 ] Request (ServerRescueNegativeTestJSON:test_rescued_vm_detach_volume): 200 GET http://10.180.1.21/compute/v2.1/servers/d07d61d2-c0f9-4f91-a2b0-ed7c2bb7fab5 0.046s
2025-02-10 11:22:36.397 63003 INFO tempest.lib.common.rest_client [req-865f29ba-da2b-4e12-91a0-b7ba7fa3917a req-865f29ba-da2b-4e12-91a0-b7ba7fa3917a ] Request (ServersTestJSON:test_create_server_with_ipv6_addr_only): 200 GET http://10.180.1.21/compute/v2.1/servers/7cdbcfc0-6291-48cb-aba7-28c3c58d54fb 0.054s
2025-02-10 11:22:36.400 63021 INFO tempest.lib.common.rest_client [req-b682ec40-41ef-40b3-97ce-94dff7f062a9 req-b682ec40-41ef-40b3-97ce-94dff7f062a9 ] Request (VolumesAssistedSnapshotsTest:_run_cleanups): 200 GET http://10.180.1.21/volume/v3/volumes/b09c7806-6918-4d62-9f02-00e30e0c74a0 0.026s
2025-02-10 11:22:36.449 63025 INFO tempest.lib.common.rest_client [req-1341bd05-7cc4-45a8-8a15-fd6574978c64 req-1341bd05-7cc4-45a8-8a15-fd6574978c64 ] Request (TenantUsagesTestJSON:setUpClass): 200 GET http://10.180.1.21/compute/v2.1/servers/10b32bbd-7b71-45d5-b29b-4560f57d96bc 0.051s
2025-02-10 11:22:36.492 63005 INFO tempest.lib.common.rest_client [req-cf0c4cc8-630d-46e9-965a-b177952cb7f4 req-cf0c4cc8-630d-46e9-965a-b177952cb7f4 ] Request (ServersV294TestFqdnHostnames:setUpClass): 200 GET http://10.180.1.21/compute/v2.1/servers/17221af2-96c6-4380-bbaa-ec426e1f88cf 0.109s
2025-02-10 11:22:36.503 63023 INFO tempest.lib.common.rest_client [req-5c96b980-c691-4177-87ae-066634780f19 req-5c96b980-c691-4177-87ae-066634780f19 ] Request (ServersAdminNegativeTestJSON:tearDownClass): 200 GET http://10.180.1.21/compute/v2.1/servers/710a4cce-58c3-4332-8d00-4244209ee558 0.074s
2025-02-10 11:22:36.551 63011 INFO tempest.lib.common.rest_client [req-339bfa7a-238e-4b4a-8783-29e4bd3e5cb6 req-339bfa7a-238e-4b4a-8783-29e4bd3e5cb6 ] Request (DeleteServersTestJSON:test_delete_active_server): 200 GET http://10.180.1.21/compute/v2.1/servers/92ac37e0-64ff-4295-ae78-68c6ab45742c 0.092s
2025-02-10 11:22:36.552 63031 INFO tempest.lib.common.rest_client [req-a9626cf8-1e07-4cce-887f-c216bcd52331 req-a9626cf8-1e07-4cce-887f-c216bcd52331 ] Request (ImagesTestJSON:test_create_server_from_snapshot): 200 GET http://10.180.1.21/compute/v2.1/servers/b3deb642-4e36-4b45-81c3-395325bd6106 0.079s
2025-02-10 11:22:36.598 63013 INFO tempest.lib.common.rest_client [req-4377eb02-073e-497f-81d7-b5e7452af017 req-4377eb02-073e-497f-81d7-b5e7452af017 ] Request (ServerActionsTestJSON:setUpClass): 200 GET http://10.180.1.21/compute/v2.1/servers/7893af92-485c-4f90-89a5-15c557ca3b24 0.082s
2025-02-10 11:22:36.603 63049 INFO tempest.lib.common.rest_client [req-cdcbfced-07d1-4fbf-a992-5d9b74c8df23 req-cdcbfced-07d1-4fbf-a992-5d9b74c8df23 ] Request (MigrationsAdminTest:test_resize_server_revert_deleted_flavor): 200 GET http://10.180.1.21/compute/v2.1/servers/aee9d9e2-3e18-46b5-b0ee-f79d23d63c21 0.078s
2025-02-10 11:22:36.655 63037 INFO tempest.lib.common.rest_client [req-b63e765e-5933-468e-9fe2-0f4df680f6e4 req-b63e765e-5933-468e-9fe2-0f4df680f6e4 ] Request (ServerShowV254Test:tearDownClass): 200 GET http://10.180.1.21/compute/v2.1/servers/7dd84fc4-8361-4edf-baef-478818448642 0.071s
2025-02-10 11:22:36.769 63057 INFO tempest.lib.common.rest_client [req-d6882e00-0073-4aaa-b319-a37e2bee103c req-d6882e00-0073-4aaa-b319-a37e2bee103c ] Request (MultipleCreateTestJSON:_run_cleanups): 200 GET http://10.180.1.21/compute/v2.1/servers/e6b0efb6-f2d5-41e9-b479-0e6624eafdd4 0.052s
2025-02-10 11:22:36.826 63015 INFO tempest.lib.common.rest_client [req-9d83b7af-0f73-47c7-8edc-516793556d5e req-9d83b7af-0f73-47c7-8edc-516793556d5e ] Request (ServersWithSpecificFlavorTestJSON:test_verify_created_server_ephemeral_disk): 200 GET http://10.180.1.21/compute/v2.1/servers/cb2e798e-8018-4281-adb3-d3213738e05d 0.050s
2025-02-10 11:22:36.881 63019 INFO tempest.lib.common.rest_client [req-c5c3262f-7df1-42be-a5d6-39670a398720 req-c5c3262f-7df1-42be-a5d6-39670a398720 ] Request (ServersTestMultiNic:test_verify_duplicate_network_nics): 200 GET http://10.180.1.21/compute/v2.1/servers/9992c674-138a-41b7-8921-4a27dbd9d00a 0.049s
2025-02-10 11:22:36.900 63051 INFO tempest.lib.common.rest_client [req-732aa06e-b57f-4eaa-8bdd-84c70588848a req-732aa06e-b57f-4eaa-8bdd-84c70588848a ] Request (ServersAdminTestJSON:tearDownClass): 200 GET http://10.180.1.21/compute/v2.1/servers/42845847-442b-4d76-955b-1862e762114f 0.056s
2025-02-10 11:22:36.909 63051 INFO tempest.common.waiters [-] State transition "ACTIVE/deleting" ==> "DELETED/None" after 3 second wait
2025-02-10 11:22:36.926 63059 INFO tempest.lib.common.rest_client [req-00aa9823-f182-4641-bab9-99392bad883e req-00aa9823-f182-4641-bab9-99392bad883e ] Request (AttachInterfacesTestJSON:test_create_list_show_delete_interfaces_by_fixed_ip): 200 GET http://10.180.1.21/compute/v2.1/servers/c1260e22-5fe5-4006-b3af-6703e3f7ad7d 0.050s
2025-02-10 11:22:36.985 63017 INFO tempest.lib.common.rest_client [req-b6681256-2d77-4eb5-9b19-6fd931a8d0c8 req-b6681256-2d77-4eb5-9b19-6fd931a8d0c8 ] Request (ServersAdmin275Test:tearDownClass): 200 GET http://10.180.1.21/compute/v2.1/servers/a8706125-0bc4-42bb-8968-47edb39a1631 0.060s
2025-02-10 11:22:37.020 63029 WARNING tempest.lib.common.ssh [-] Failed to establish authenticated ssh connection to cirros@10.180.180.236 ([Errno None] Unable to connect to port 22 on 10.180.180.236). Number attempts: 6. Retry after 7 seconds.: paramiko.ssh_exception.NoValidConnectionsError: [Errno None] Unable to connect to port 22 on 10.180.180.236
2025-02-10 11:22:37.063 63047 INFO tempest.lib.common.rest_client [req-b6ffdc79-1ad2-4e2f-8069-3fc845de54ac req-b6ffdc79-1ad2-4e2f-8069-3fc845de54ac ] Request (ServersTestJSON:tearDownClass): 200 GET http://10.180.1.21/compute/v2.1/servers/20ba8bfa-e68b-4285-ab3a-3c850110e3e4 0.054s
2025-02-10 11:22:37.107 63027 INFO tempest.lib.common.rest_client [req-e6e4cd6d-8e08-4d37-80cb-3c5fbc707621 req-e6e4cd6d-8e08-4d37-80cb-3c5fbc707621 ] Request (VolumesAdminNegativeTest:test_update_attached_volume_with_nonexistent_volume_in_body): 200 GET http://10.180.1.21/compute/v2.1/servers/22e41608-3622-4e14-ab78-b9d704068900 0.047s
2025-02-10 11:22:37.199 63039 INFO tempest.lib.common.rest_client [req-5b03a7e1-d23f-4827-8672-6ed94e1527fb req-5b03a7e1-d23f-4827-8672-6ed94e1527fb ] Request (SecurityGroupsTestJSON:test_server_security_groups): 200 GET http://10.180.1.21/compute/v2.1/servers/ebffe39d-9cd1-4021-894e-5b6537a4632f 0.052s
2025-02-10 11:22:37.270 63035 INFO tempest.lib.common.rest_client [req-88b8f60c-e414-47ec-bf0c-9ba55c528412 req-88b8f60c-e414-47ec-bf0c-9ba55c528412 ] Request (ServerShowV257Test:tearDownClass): 200 GET http://10.180.1.21/compute/v2.1/servers/fddb9aca-6c55-473e-979f-5eafb09256f1 0.056s
2025-02-10 11:22:37.278 63035 INFO tempest.common.waiters [-] State transition "ACTIVE/deleting" ==> "DELETED/None" after 5 second wait
2025-02-10 11:22:37.322 63007 INFO tempest.lib.common.rest_client [req-96be2cc1-da68-4ce9-8269-6d69530ede8d req-96be2cc1-da68-4ce9-8269-6d69530ede8d ] Request (InstanceActionsV221TestJSON:test_get_list_deleted_instance_actions): 200 GET http://10.180.1.21/compute/v2.1/servers/dd7326e8-82a9-4d41-b1d3-9699ff0ded76 0.049s
2025-02-10 11:22:37.362 63001 INFO tempest.lib.common.rest_client [req-97c0f6e8-83eb-433f-96e0-502a5deaf8fa req-97c0f6e8-83eb-433f-96e0-502a5deaf8fa ] Request (ServerRescueNegativeTestJSON:test_rescued_vm_detach_volume): 200 GET http://10.180.1.21/compute/v2.1/servers/d07d61d2-c0f9-4f91-a2b0-ed7c2bb7fab5 0.048s
2025-02-10 11:22:37.424 63021 INFO tempest.lib.common.rest_client [req-bba3349a-7274-44cb-9a60-080c154a5462 req-bba3349a-7274-44cb-9a60-080c154a5462 ] Request (VolumesAssistedSnapshotsTest:_run_cleanups): 404 GET http://10.180.1.21/volume/v3/volumes/b09c7806-6918-4d62-9f02-00e30e0c74a0 0.016s
2025-02-10 11:22:37.453 63003 INFO tempest.lib.common.rest_client [req-55e881ab-dd53-41dc-9cf9-c3bdfb500d38 req-55e881ab-dd53-41dc-9cf9-c3bdfb500d38 ] Request (ServersTestJSON:test_create_server_with_ipv6_addr_only): 200 GET http://10.180.1.21/compute/v2.1/servers/7cdbcfc0-6291-48cb-aba7-28c3c58d54fb 0.048s
2025-02-10 11:22:37.501 63021 INFO tempest.lib.common.rest_client [req-5c7e4f0b-1b9c-4e78-9588-a439fc735ca6 req-5c7e4f0b-1b9c-4e78-9588-a439fc735ca6 ] Request (VolumesAssistedSnapshotsTest:tearDownClass): 204 DELETE http://10.180.1.21/compute/v2.1/servers/f9123f08-addd-44ef-8572-45ffc3ba8679 0.071s
2025-02-10 11:22:37.503 63025 INFO tempest.lib.common.rest_client [req-fcd28318-da33-41af-a6ec-707d9e4fdf89 req-fcd28318-da33-41af-a6ec-707d9e4fdf89 ] Request (TenantUsagesTestJSON:setUpClass): 200 GET http://10.180.1.21/compute/v2.1/servers/10b32bbd-7b71-45d5-b29b-4560f57d96bc 0.046s
2025-02-10 11:22:37.633 63005 INFO tempest.lib.common.rest_client [req-a8764052-f41a-4f8c-9e1e-700fdea6c9ee req-a8764052-f41a-4f8c-9e1e-700fdea6c9ee ] Request (ServersV294TestFqdnHostnames:setUpClass): 200 GET http://10.180.1.21/compute/v2.1/servers/17221af2-96c6-4380-bbaa-ec426e1f88cf 0.131s
2025-02-10 11:22:37.655 63021 INFO tempest.lib.common.rest_client [req-8a7659d7-1eb5-4a6a-94b1-bd8272d449f4 req-8a7659d7-1eb5-4a6a-94b1-bd8272d449f4 ] Request (VolumesAssistedSnapshotsTest:tearDownClass): 200 GET http://10.180.1.21/compute/v2.1/servers/f9123f08-addd-44ef-8572-45ffc3ba8679 0.154s
2025-02-10 11:22:37.682 63023 INFO tempest.lib.common.rest_client [req-bef20beb-361d-47b8-9f7b-8662f844fe04 req-bef20beb-361d-47b8-9f7b-8662f844fe04 ] Request (ServersAdminNegativeTestJSON:tearDownClass): 200 GET http://10.180.1.21/compute/v2.1/servers/710a4cce-58c3-4332-8d00-4244209ee558 0.169s
2025-02-10 11:22:37.702 63011 INFO tempest.lib.common.rest_client [req-357e0bb2-fc09-4513-9f82-6e04cbed183a req-357e0bb2-fc09-4513-9f82-6e04cbed183a ] Request (DeleteServersTestJSON:test_delete_active_server): 200 GET http://10.180.1.21/compute/v2.1/servers/92ac37e0-64ff-4295-ae78-68c6ab45742c 0.143s
2025-02-10 11:22:37.726 63031 INFO tempest.lib.common.rest_client [req-27013b92-08c9-4e84-8a68-8e423c117c6b req-27013b92-08c9-4e84-8a68-8e423c117c6b ] Request (ImagesTestJSON:test_create_server_from_snapshot): 200 GET http://10.180.1.21/compute/v2.1/servers/b3deb642-4e36-4b45-81c3-395325bd6106 0.166s
2025-02-10 11:22:37.744 63013 INFO tempest.lib.common.rest_client [req-abaa7a10-293a-4d9d-afa2-c8ff9a8041ee req-abaa7a10-293a-4d9d-afa2-c8ff9a8041ee ] Request (ServerActionsTestJSON:setUpClass): 200 GET http://10.180.1.21/compute/v2.1/servers/7893af92-485c-4f90-89a5-15c557ca3b24 0.138s
2025-02-10 11:22:37.775 63049 INFO tempest.lib.common.rest_client [req-06e94c87-9363-4d4f-9136-1cf8b12d286c req-06e94c87-9363-4d4f-9136-1cf8b12d286c ] Request (MigrationsAdminTest:test_resize_server_revert_deleted_flavor): 200 GET http://10.180.1.21/compute/v2.1/servers/aee9d9e2-3e18-46b5-b0ee-f79d23d63c21 0.163s
2025-02-10 11:22:37.799 63037 INFO tempest.lib.common.rest_client [req-4c3a3a53-d521-42ca-896a-3395fc80b48a req-4c3a3a53-d521-42ca-896a-3395fc80b48a ] Request (ServerShowV254Test:tearDownClass): 200 GET http://10.180.1.21/compute/v2.1/servers/7dd84fc4-8361-4edf-baef-478818448642 0.134s
2025-02-10 11:22:37.832 63057 INFO tempest.lib.common.rest_client [req-a54367e5-ec39-4690-8f6e-1e6da66de5e9 req-a54367e5-ec39-4690-8f6e-1e6da66de5e9 ] Request (MultipleCreateTestJSON:_run_cleanups): 200 GET http://10.180.1.21/compute/v2.1/servers/e6b0efb6-f2d5-41e9-b479-0e6624eafdd4 0.055s
2025-02-10 11:22:37.882 63015 INFO tempest.lib.common.rest_client [req-8255f67b-f6bc-41df-a44d-60ce48cba384 req-8255f67b-f6bc-41df-a44d-60ce48cba384 ] Request (ServersWithSpecificFlavorTestJSON:test_verify_created_server_ephemeral_disk): 200 GET http://10.180.1.21/compute/v2.1/servers/cb2e798e-8018-4281-adb3-d3213738e05d 0.047s
2025-02-10 11:22:37.952 63019 INFO tempest.lib.common.rest_client [req-32f653f2-9c3b-407c-8846-319a30a6cf16 req-32f653f2-9c3b-407c-8846-319a30a6cf16 ] Request (ServersTestMultiNic:test_verify_duplicate_network_nics): 200 GET http://10.180.1.21/compute/v2.1/servers/9992c674-138a-41b7-8921-4a27dbd9d00a 0.055s
2025-02-10 11:22:37.974 63051 INFO tempest.lib.common.rest_client [req-03cba464-9133-4cbc-9792-bbc80708c8ba req-03cba464-9133-4cbc-9792-bbc80708c8ba ] Request (ServersAdminTestJSON:tearDownClass): 200 GET http://10.180.1.21/compute/v2.1/servers/42845847-442b-4d76-955b-1862e762114f 0.064s
2025-02-10 11:22:38.003 63059 INFO tempest.lib.common.rest_client [req-659d735a-d324-4ce7-8621-9844b3fe3cf7 req-659d735a-d324-4ce7-8621-9844b3fe3cf7 ] Request (AttachInterfacesTestJSON:test_create_list_show_delete_interfaces_by_fixed_ip): 200 GET http://10.180.1.21/compute/v2.1/servers/c1260e22-5fe5-4006-b3af-6703e3f7ad7d 0.068s
2025-02-10 11:22:38.056 63017 INFO tempest.lib.common.rest_client [req-f89a033a-a384-4b0e-afdf-0bf2a6618c69 req-f89a033a-a384-4b0e-afdf-0bf2a6618c69 ] Request (ServersAdmin275Test:tearDownClass): 200 GET http://10.180.1.21/compute/v2.1/servers/a8706125-0bc4-42bb-8968-47edb39a1631 0.061s
2025-02-10 11:22:38.129 63047 INFO tempest.lib.common.rest_client [req-03fa7c97-2d66-4987-8766-1d5619cddb4e req-03fa7c97-2d66-4987-8766-1d5619cddb4e ] Request (ServersTestJSON:tearDownClass): 200 GET http://10.180.1.21/compute/v2.1/servers/20ba8bfa-e68b-4285-ab3a-3c850110e3e4 0.058s
2025-02-10 11:22:38.165 63027 INFO tempest.lib.common.rest_client [req-9af94546-22ed-430c-9db8-764e4d7a9792 req-9af94546-22ed-430c-9db8-764e4d7a9792 ] Request (VolumesAdminNegativeTest:test_update_attached_volume_with_nonexistent_volume_in_body): 200 GET http://10.180.1.21/compute/v2.1/servers/22e41608-3622-4e14-ab78-b9d704068900 0.049s
2025-02-10 11:22:38.259 63039 INFO tempest.lib.common.rest_client [req-853e3a0e-1e00-4806-8dfd-7975f13239a1 req-853e3a0e-1e00-4806-8dfd-7975f13239a1 ] Request (SecurityGroupsTestJSON:test_server_security_groups): 200 GET http://10.180.1.21/compute/v2.1/servers/ebffe39d-9cd1-4021-894e-5b6537a4632f 0.051s
2025-02-10 11:22:38.338 63035 INFO tempest.lib.common.rest_client [req-1f94d060-c089-420b-a287-c91a97e4cb7c req-1f94d060-c089-420b-a287-c91a97e4cb7c ] Request (ServerShowV257Test:tearDownClass): 200 GET http://10.180.1.21/compute/v2.1/servers/fddb9aca-6c55-473e-979f-5eafb09256f1 0.059s
2025-02-10 11:22:38.387 63007 INFO tempest.lib.common.rest_client [req-0caaec88-99a3-4810-b411-e3a2d8f1ae9c req-0caaec88-99a3-4810-b411-e3a2d8f1ae9c ] Request (InstanceActionsV221TestJSON:test_get_list_deleted_instance_actions): 200 GET http://10.180.1.21/compute/v2.1/servers/dd7326e8-82a9-4d41-b1d3-9699ff0ded76 0.057s
2025-02-10 11:22:38.632 63001 INFO tempest.lib.common.rest_client [req-4a97c2f9-f2e1-4f1d-8e1c-1aad0de98b51 req-4a97c2f9-f2e1-4f1d-8e1c-1aad0de98b51 ] Request (ServerRescueNegativeTestJSON:test_rescued_vm_detach_volume): 200 GET http://10.180.1.21/compute/v2.1/servers/d07d61d2-c0f9-4f91-a2b0-ed7c2bb7fab5 0.264s
2025-02-10 11:22:38.632 63003 INFO tempest.lib.common.rest_client [req-dcfac749-16e4-48b0-bc02-cb1786559c25 req-dcfac749-16e4-48b0-bc02-cb1786559c25 ] Request (ServersTestJSON:test_create_server_with_ipv6_addr_only): 200 GET http://10.180.1.21/compute/v2.1/servers/7cdbcfc0-6291-48cb-aba7-28c3c58d54fb 0.171s
2025-02-10 11:22:38.690 63025 INFO tempest.lib.common.rest_client [req-396e0d06-325e-4037-b58b-4b50786fe9d7 req-396e0d06-325e-4037-b58b-4b50786fe9d7 ] Request (TenantUsagesTestJSON:setUpClass): 200 GET http://10.180.1.21/compute/v2.1/servers/10b32bbd-7b71-45d5-b29b-4560f57d96bc 0.180s
2025-02-10 11:22:38.820 63005 INFO tempest.lib.common.rest_client [req-b216e131-1710-41f1-bf7f-96efac92f243 req-b216e131-1710-41f1-bf7f-96efac92f243 ] Request (ServersV294TestFqdnHostnames:setUpClass): 200 GET http://10.180.1.21/compute/v2.1/servers/17221af2-96c6-4380-bbaa-ec426e1f88cf 0.175s
2025-02-10 11:22:38.856 63021 INFO tempest.lib.common.rest_client [req-383a5c25-8c2f-4c35-bd5b-ed53b0a6df14 req-383a5c25-8c2f-4c35-bd5b-ed53b0a6df14 ] Request (VolumesAssistedSnapshotsTest:tearDownClass): 200 GET http://10.180.1.21/compute/v2.1/servers/f9123f08-addd-44ef-8572-45ffc3ba8679 0.193s
2025-02-10 11:22:38.881 63023 INFO tempest.lib.common.rest_client [req-3baaf963-643a-4e95-b542-ea6f6e1be55f req-3baaf963-643a-4e95-b542-ea6f6e1be55f ] Request (ServersAdminNegativeTestJSON:tearDownClass): 200 GET http://10.180.1.21/compute/v2.1/servers/710a4cce-58c3-4332-8d00-4244209ee558 0.190s
2025-02-10 11:22:38.940 63011 INFO tempest.lib.common.rest_client [req-c2bc24da-6ca8-41cf-ad69-915dbffca544 req-c2bc24da-6ca8-41cf-ad69-915dbffca544 ] Request (DeleteServersTestJSON:test_delete_active_server): 200 GET http://10.180.1.21/compute/v2.1/servers/92ac37e0-64ff-4295-ae78-68c6ab45742c 0.229s
2025-02-10 11:22:38.961 63031 INFO tempest.lib.common.rest_client [req-94e37c1f-fc40-49b1-98cf-a6ec23e83853 req-94e37c1f-fc40-49b1-98cf-a6ec23e83853 ] Request (ImagesTestJSON:test_create_server_from_snapshot): 200 GET http://10.180.1.21/compute/v2.1/servers/b3deb642-4e36-4b45-81c3-395325bd6106 0.226s
2025-02-10 11:22:39.018 63013 INFO tempest.lib.common.rest_client [req-48db29fc-2db3-4e70-ad29-21f995a7fc9b req-48db29fc-2db3-4e70-ad29-21f995a7fc9b ] Request (ServerActionsTestJSON:setUpClass): 200 GET http://10.180.1.21/compute/v2.1/servers/7893af92-485c-4f90-89a5-15c557ca3b24 0.266s
2025-02-10 11:22:39.022 63049 INFO tempest.lib.common.rest_client [req-21b8eb56-2432-448d-b3d1-184d530a3fd0 req-21b8eb56-2432-448d-b3d1-184d530a3fd0 ] Request (MigrationsAdminTest:test_resize_server_revert_deleted_flavor): 200 GET http://10.180.1.21/compute/v2.1/servers/aee9d9e2-3e18-46b5-b0ee-f79d23d63c21 0.237s
2025-02-10 11:22:39.108 63057 INFO tempest.lib.common.rest_client [req-da6ed305-7014-48ec-9714-f9cca9d43ef0 req-da6ed305-7014-48ec-9714-f9cca9d43ef0 ] Request (MultipleCreateTestJSON:_run_cleanups): 200 GET http://10.180.1.21/compute/v2.1/servers/e6b0efb6-f2d5-41e9-b479-0e6624eafdd4 0.268s
2025-02-10 11:22:39.110 63037 INFO tempest.lib.common.rest_client [req-cab789af-54b4-46c6-8b10-8c6b8c5dac46 req-cab789af-54b4-46c6-8b10-8c6b8c5dac46 ] Request (ServerShowV254Test:tearDownClass): 200 GET http://10.180.1.21/compute/v2.1/servers/7dd84fc4-8361-4edf-baef-478818448642 0.302s
2025-02-10 11:22:39.170 63019 INFO tempest.lib.common.rest_client [req-1afea343-097b-4735-8c49-da32ff34b47a req-1afea343-097b-4735-8c49-da32ff34b47a ] Request (ServersTestMultiNic:test_verify_duplicate_network_nics): 200 GET http://10.180.1.21/compute/v2.1/servers/9992c674-138a-41b7-8921-4a27dbd9d00a 0.208s
2025-02-10 11:22:39.174 63015 INFO tempest.lib.common.rest_client [req-f84a80ab-d0bb-4499-842c-238c94377afe req-f84a80ab-d0bb-4499-842c-238c94377afe ] Request (ServersWithSpecificFlavorTestJSON:test_verify_created_server_ephemeral_disk): 200 GET http://10.180.1.21/compute/v2.1/servers/cb2e798e-8018-4281-adb3-d3213738e05d 0.284s
2025-02-10 11:22:39.253 63051 INFO tempest.lib.common.rest_client [req-ef02ea92-eeb4-4dcf-96ef-0f6d73f9532b req-ef02ea92-eeb4-4dcf-96ef-0f6d73f9532b ] Request (ServersAdminTestJSON:tearDownClass): 200 GET http://10.180.1.21/compute/v2.1/servers/42845847-442b-4d76-955b-1862e762114f 0.270s
2025-02-10 11:22:39.330 63017 INFO tempest.lib.common.rest_client [req-73efa00f-d404-41ba-89e5-cfeb3e1930a2 req-73efa00f-d404-41ba-89e5-cfeb3e1930a2 ] Request (ServersAdmin275Test:tearDownClass): 200 GET http://10.180.1.21/compute/v2.1/servers/a8706125-0bc4-42bb-8968-47edb39a1631 0.265s
2025-02-10 11:22:39.399 63059 INFO tempest.lib.common.rest_client [req-d51920f1-35c7-4c92-a738-2ca1e353f467 req-d51920f1-35c7-4c92-a738-2ca1e353f467 ] Request (AttachInterfacesTestJSON:test_create_list_show_delete_interfaces_by_fixed_ip): 200 GET http://10.180.1.21/compute/v2.1/servers/c1260e22-5fe5-4006-b3af-6703e3f7ad7d 0.388s
2025-02-10 11:22:39.400 63047 INFO tempest.lib.common.rest_client [req-bf2935fd-675f-475e-91e0-82106b97e212 req-bf2935fd-675f-475e-91e0-82106b97e212 ] Request (ServersTestJSON:tearDownClass): 200 GET http://10.180.1.21/compute/v2.1/servers/20ba8bfa-e68b-4285-ab3a-3c850110e3e4 0.264s
2025-02-10 11:22:39.407 63059 INFO tempest.common.waiters [-] State transition "BUILD/None" ==> "BUILD/block_device_mapping" after 62 second wait
2025-02-10 11:22:39.459 63027 INFO tempest.lib.common.rest_client [req-6be05cad-9eed-44e4-807c-86bac3a8034f req-6be05cad-9eed-44e4-807c-86bac3a8034f ] Request (VolumesAdminNegativeTest:test_update_attached_volume_with_nonexistent_volume_in_body): 200 GET http://10.180.1.21/compute/v2.1/servers/22e41608-3622-4e14-ab78-b9d704068900 0.286s
2025-02-10 11:22:39.468 63039 INFO tempest.lib.common.rest_client [req-fa75e30f-6d53-4d8a-956a-24d263da246f req-fa75e30f-6d53-4d8a-956a-24d263da246f ] Request (SecurityGroupsTestJSON:test_server_security_groups): 200 GET http://10.180.1.21/compute/v2.1/servers/ebffe39d-9cd1-4021-894e-5b6537a4632f 0.202s
2025-02-10 11:22:39.527 63007 INFO tempest.lib.common.rest_client [req-5ca85647-4f79-4b0b-abd8-8545365ef51a req-5ca85647-4f79-4b0b-abd8-8545365ef51a ] Request (InstanceActionsV221TestJSON:test_get_list_deleted_instance_actions): 200 GET http://10.180.1.21/compute/v2.1/servers/dd7326e8-82a9-4d41-b1d3-9699ff0ded76 0.131s
2025-02-10 11:22:39.530 63035 INFO tempest.lib.common.rest_client [req-d3d75d00-0efa-4932-879b-d47de76466e1 req-d3d75d00-0efa-4932-879b-d47de76466e1 ] Request (ServerShowV257Test:tearDownClass): 200 GET http://10.180.1.21/compute/v2.1/servers/fddb9aca-6c55-473e-979f-5eafb09256f1 0.182s
2025-02-10 11:22:39.699 63001 INFO tempest.lib.common.rest_client [req-13892b92-7da4-4a1b-ac4f-c1d1d4863204 req-13892b92-7da4-4a1b-ac4f-c1d1d4863204 ] Request (ServerRescueNegativeTestJSON:test_rescued_vm_detach_volume): 200 GET http://10.180.1.21/compute/v2.1/servers/d07d61d2-c0f9-4f91-a2b0-ed7c2bb7fab5 0.058s
2025-02-10 11:22:39.699 63003 INFO tempest.lib.common.rest_client [req-14614318-58c9-47c8-9f7b-5a564a545bea req-14614318-58c9-47c8-9f7b-5a564a545bea ] Request (ServersTestJSON:test_create_server_with_ipv6_addr_only): 200 GET http://10.180.1.21/compute/v2.1/servers/7cdbcfc0-6291-48cb-aba7-28c3c58d54fb 0.059s
2025-02-10 11:22:39.750 63025 INFO tempest.lib.common.rest_client [req-89b27621-b11f-4abc-8acb-f4a1cbefe7cb req-89b27621-b11f-4abc-8acb-f4a1cbefe7cb ] Request (TenantUsagesTestJSON:setUpClass): 200 GET http://10.180.1.21/compute/v2.1/servers/10b32bbd-7b71-45d5-b29b-4560f57d96bc 0.050s
2025-02-10 11:22:39.992 63021 INFO tempest.lib.common.rest_client [req-4fa22521-6666-4eaf-a38b-6998c9f8fe2c req-4fa22521-6666-4eaf-a38b-6998c9f8fe2c ] Request (VolumesAssistedSnapshotsTest:tearDownClass): 200 GET http://10.180.1.21/compute/v2.1/servers/f9123f08-addd-44ef-8572-45ffc3ba8679 0.121s
2025-02-10 11:22:39.995 63005 INFO tempest.lib.common.rest_client [req-761d595b-a5f3-4b95-abb0-10e6ebcdf3c7 req-761d595b-a5f3-4b95-abb0-10e6ebcdf3c7 ] Request (ServersV294TestFqdnHostnames:setUpClass): 200 GET http://10.180.1.21/compute/v2.1/servers/17221af2-96c6-4380-bbaa-ec426e1f88cf 0.163s
2025-02-10 11:22:40.004 63005 INFO tempest.common.waiters [-] State transition "BUILD/spawning" ==> "ACTIVE/None" after 66 second wait
2025-02-10 11:22:40.067 63023 INFO tempest.lib.common.rest_client [req-cc6a2729-b596-41cd-af52-102f654d5dbd req-cc6a2729-b596-41cd-af52-102f654d5dbd ] Request (ServersAdminNegativeTestJSON:tearDownClass): 200 GET http://10.180.1.21/compute/v2.1/servers/710a4cce-58c3-4332-8d00-4244209ee558 0.179s
2025-02-10 11:22:40.068 63011 INFO tempest.lib.common.rest_client [req-6fd9578d-5cd1-4145-88ff-6154edb22c2b req-6fd9578d-5cd1-4145-88ff-6154edb22c2b ] Request (DeleteServersTestJSON:test_delete_active_server): 200 GET http://10.180.1.21/compute/v2.1/servers/92ac37e0-64ff-4295-ae78-68c6ab45742c 0.119s
2025-02-10 11:22:40.128 63031 INFO tempest.lib.common.rest_client [req-5747a252-14af-47f3-959c-474a72edc1a3 req-5747a252-14af-47f3-959c-474a72edc1a3 ] Request (ImagesTestJSON:test_create_server_from_snapshot): 200 GET http://10.180.1.21/compute/v2.1/servers/b3deb642-4e36-4b45-81c3-395325bd6106 0.158s
2025-02-10 11:22:40.146 63005 INFO tempest.lib.common.rest_client [req-19707f7e-37f4-40ff-8815-bce5fa4410ed req-19707f7e-37f4-40ff-8815-bce5fa4410ed ] Request (ServersV294TestFqdnHostnames:setUpClass): 200 GET http://10.180.1.21/compute/v2.1/servers/17221af2-96c6-4380-bbaa-ec426e1f88cf/os-interface 0.141s
2025-02-10 11:22:40.177 63049 INFO tempest.lib.common.rest_client [req-e6efb5b8-d609-456e-9ae7-6d8d258b8840 req-e6efb5b8-d609-456e-9ae7-6d8d258b8840 ] Request (MigrationsAdminTest:test_resize_server_revert_deleted_flavor): 200 GET http://10.180.1.21/compute/v2.1/servers/aee9d9e2-3e18-46b5-b0ee-f79d23d63c21 0.142s
2025-02-10 11:22:40.202 63013 INFO tempest.lib.common.rest_client [req-271d4462-6231-4181-90a6-24f3ed24558c req-271d4462-6231-4181-90a6-24f3ed24558c ] Request (ServerActionsTestJSON:setUpClass): 200 GET http://10.180.1.21/compute/v2.1/servers/7893af92-485c-4f90-89a5-15c557ca3b24 0.165s
2025-02-10 11:22:40.242 63057 INFO tempest.lib.common.rest_client [req-7ecf78ea-a2d9-48af-a935-d5cf8a444c64 req-7ecf78ea-a2d9-48af-a935-d5cf8a444c64 ] Request (MultipleCreateTestJSON:_run_cleanups): 200 GET http://10.180.1.21/compute/v2.1/servers/e6b0efb6-f2d5-41e9-b479-0e6624eafdd4 0.125s
2025-02-10 11:22:40.288 63037 INFO tempest.lib.common.rest_client [req-f99913f8-616d-49af-93b2-821d0ece1340 req-f99913f8-616d-49af-93b2-821d0ece1340 ] Request (ServerShowV254Test:tearDownClass): 200 GET http://10.180.1.21/compute/v2.1/servers/7dd84fc4-8361-4edf-baef-478818448642 0.164s
2025-02-10 11:22:40.300 63019 INFO tempest.lib.common.rest_client [req-eaf4bf62-8b32-4f88-8f3d-1834b736f119 req-eaf4bf62-8b32-4f88-8f3d-1834b736f119 ] Request (ServersTestMultiNic:test_verify_duplicate_network_nics): 200 GET http://10.180.1.21/compute/v2.1/servers/9992c674-138a-41b7-8921-4a27dbd9d00a 0.123s
2025-02-10 11:22:40.372 63015 INFO tempest.lib.common.rest_client [req-8590e5fb-6b24-4d14-9030-da79d8ae9881 req-8590e5fb-6b24-4d14-9030-da79d8ae9881 ] Request (ServersWithSpecificFlavorTestJSON:test_verify_created_server_ephemeral_disk): 200 GET http://10.180.1.21/compute/v2.1/servers/cb2e798e-8018-4281-adb3-d3213738e05d 0.189s
2025-02-10 11:22:40.372 63051 INFO tempest.lib.common.rest_client [req-042272d9-ae0c-477e-b190-85ec6a7bc4c9 req-042272d9-ae0c-477e-b190-85ec6a7bc4c9 ] Request (ServersAdminTestJSON:tearDownClass): 200 GET http://10.180.1.21/compute/v2.1/servers/42845847-442b-4d76-955b-1862e762114f 0.112s
2025-02-10 11:22:40.436 63017 INFO tempest.lib.common.rest_client [req-54f650e8-14b1-45b3-8e27-f610e8c10e54 req-54f650e8-14b1-45b3-8e27-f610e8c10e54 ] Request (ServersAdmin275Test:tearDownClass): 200 GET http://10.180.1.21/compute/v2.1/servers/a8706125-0bc4-42bb-8968-47edb39a1631 0.095s
