2025-02-04 20:58:45.715 64296 INFO tempest.lib.common.rest_client [req-8c42f220-b980-48e9-91a6-52ffeace1e47 req-8c42f220-b980-48e9-91a6-52ffeace1e47 ] Request (ServerShowV247Test:test_update_rebuild_list_server): 200 GET http://10.180.1.21/compute/v2.1/servers/6b09db4b-dcaf-4d47-a7fc-6282db643d96 0.073s
2025-02-04 20:58:45.737 64308 WARNING tempest.lib.common.ssh [-] Failed to establish authenticated ssh connection to cirros@10.180.180.175 ([Errno None] Unable to connect to port 22 on 10.180.180.175). Number attempts: 8. Retry after 9 seconds.: paramiko.ssh_exception.NoValidConnectionsError: [Errno None] Unable to connect to port 22 on 10.180.180.175
2025-02-04 20:58:45.778 64326 INFO tempest.lib.common.rest_client [req-fbd4879e-7734-4f13-ba09-470dcb390daa req-fbd4879e-7734-4f13-ba09-470dcb390daa ] Request (DeleteServersTestJSON:test_delete_server_while_in_attached_volume): 200 GET http://10.180.1.21/compute/v2.1/servers/14ea5a03-0092-46e9-8f77-15bc4fcb6cd7 0.080s
2025-02-04 20:58:45.850 64334 INFO tempest.lib.common.rest_client [req-6e8f8259-dbfc-45c9-b14e-f3737d96929d req-6e8f8259-dbfc-45c9-b14e-f3737d96929d ] Request (ServerRescueNegativeTestJSON:test_rescued_vm_detach_volume): 200 GET http://10.180.1.21/compute/v2.1/servers/856df6f6-29c9-42bc-99b9-f0f7ba4c22ca 0.114s
2025-02-04 20:58:45.889 64354 INFO tempest.lib.common.rest_client [req-1b7772e5-2972-4072-9d50-f53eb485e245 req-1b7772e5-2972-4072-9d50-f53eb485e245 ] Request (ListImageFiltersTestJSON:tearDownClass): 200 GET http://10.180.1.21/compute/v2.1/servers/4b1eb7c1-f17a-40d4-99bf-b1c0f86e88c8 0.230s
2025-02-04 20:58:45.937 64306 INFO tempest.lib.common.rest_client [req-68aa162f-1580-41c6-b24a-d8340f9b7616 req-68aa162f-1580-41c6-b24a-d8340f9b7616 ] Request (ServerDiagnosticsNegativeTest:test_get_server_diagnostics_by_non_admin): 200 GET http://10.180.1.21/compute/v2.1/servers/2780b129-725e-4444-ac6f-98ef00cef77c 0.154s
2025-02-04 20:58:45.953 64322 INFO tempest.lib.common.rest_client [req-7c61a448-8660-4236-9b18-328d41dd2f05 req-7c61a448-8660-4236-9b18-328d41dd2f05 ] Request (DeleteServersAdminTestJSON:test_delete_server_while_in_error_state): 200 GET http://10.180.1.21/compute/v2.1/servers/62524c8a-ec79-4e50-8945-578bea8ec22c 0.118s
2025-02-04 20:58:46.025 64312 INFO tempest.lib.common.rest_client [req-6f1690c9-081b-4a8c-828a-fa94744837ab req-6f1690c9-081b-4a8c-828a-fa94744837ab ] Request (MultipleCreateTestJSON:_run_cleanups): 200 GET http://10.180.1.21/compute/v2.1/servers/d87099f3-6484-44fb-9c6d-a6d198f46167 0.155s
2025-02-04 20:58:46.025 64300 INFO tempest.lib.common.rest_client [req-cd3ec156-412c-4fee-9615-9f67f226b58b req-cd3ec156-412c-4fee-9615-9f67f226b58b ] Request (ServerMetadataNegativeTestJSON:setUpClass): 200 GET http://10.180.1.21/compute/v2.1/servers/07c5066a-6822-4eb5-a5d9-9794d9d6fb4b 0.091s
2025-02-04 20:58:46.092 64310 INFO tempest.lib.common.rest_client [req-eb877668-2697-4856-a3f8-4fc2bcd98213 req-eb877668-2697-4856-a3f8-4fc2bcd98213 ] Request (ServersWithSpecificFlavorTestJSON:test_verify_created_server_ephemeral_disk): 200 GET http://10.180.1.21/compute/v2.1/servers/d62e50ec-7c22-4c38-bddd-66148aa73dda 0.097s
2025-02-04 20:58:46.166 64302 INFO tempest.lib.common.rest_client [req-d559366c-ad2c-4219-856c-1347c6c983aa req-d559366c-ad2c-4219-856c-1347c6c983aa ] Request (SecurityGroupsTestJSON:test_list_security_groups_by_server): 200 GET http://10.180.1.21/compute/v2.1/servers/4f6a15cb-714e-4fbc-a84d-2783b3bcdf34 0.136s
2025-02-04 20:58:46.221 64340 INFO tempest.lib.common.rest_client [req-18b19cd6-a5b4-45f2-b12d-5d47c320a4e0 req-18b19cd6-a5b4-45f2-b12d-5d47c320a4e0 ] Request (FloatingIPsAssociationTestJSON:test_associate_already_associated_floating_ip): 200 GET http://10.180.1.21/compute/v2.1/servers/1a99f453-b18c-4191-b80d-e769aa3742ba 0.148s
2025-02-04 20:58:46.261 64346 INFO tempest.lib.common.rest_client [req-66e5df06-73e4-4231-835b-7517a7330a4a req-66e5df06-73e4-4231-835b-7517a7330a4a ] Request (ImagesTestJSON:test_create_image_from_suspended_server): 200 GET http://10.180.1.21/compute/v2.1/images/ac687e7f-b7fa-499d-81f1-8970d200b0e5 0.184s
2025-02-04 20:58:46.327 64298 INFO tempest.lib.common.rest_client [req-973b9f84-2fde-4de9-b9cb-66299d5b7256 req-973b9f84-2fde-4de9-b9cb-66299d5b7256 ] Request (ListServerFiltersTestJSON:setUpClass): 200 GET http://10.180.1.21/compute/v2.1/servers/80eb9e3b-68e6-4261-ab69-e8654627607f 0.189s
2025-02-04 20:58:46.401 64316 INFO tempest.lib.common.rest_client [req-464575f2-6984-46e8-99e7-11c33fd377ab req-464575f2-6984-46e8-99e7-11c33fd377ab ] Request (ImagesOneServerTestJSON:setUpClass): 200 PUT http://10.180.1.21:9696/networking/v2.0/routers/67fac1a4-7783-47d1-b0c3-1a1e6ad0c1ed/add_router_interface 1.188s
2025-02-04 20:58:46.401 64316 INFO tempest.lib.common.dynamic_creds [-] Created isolated network resources for: credentials: Credentials: {'domain_id': 'default', 'domain_name': 'Default', 'username': 'tempest-ImagesOneServerTestJSON-1246507210-project-member', 'project_domain_id': 'default', 'project_domain_name': 'Default', 'project_id': '703e87604d5f4198be610419260b468b', 'project_name': 'tempest-ImagesOneServerTestJSON-1246507210', 'tenant_id': '703e87604d5f4198be610419260b468b', 'tenant_name': 'tempest-ImagesOneServerTestJSON-1246507210', 'user_domain_id': 'default', 'user_domain_name': 'Default', 'user_id': '69482d5ccf6243c5bbc75c49ce3cec84', 'system': None}, Network: {'id': 'a181824d-2cbe-4480-8907-a045e03fdad7', 'name': 'tempest-ImagesOneServerTestJSON-1316368195-network', 'tenant_id': '703e87604d5f4198be610419260b468b', 'admin_state_up': True, 'mtu': 8950, 'status': 'ACTIVE', 'subnets': [], 'shared': False, 'project_id': '703e87604d5f4198be610419260b468b', 'port_security_enabled': True, 'router:external': False, 'provider:network_type': 'vlan', 'provider:physical_network': 'default', 'provider:segmentation_id': 76, 'availability_zone_hints': [], 'availability_zones': [], 'ipv4_address_scope': None, 'ipv6_address_scope': None, 'description': '', 'tags': [], 'created_at': '2025-02-04T20:58:43Z', 'updated_at': '2025-02-04T20:58:43Z', 'revision_number': 1}, Subnet: {'id': '815d7cde-881e-4354-b6f6-f9319618a472', 'name': 'tempest-ImagesOneServerTestJSON-1316368195-subnet', 'tenant_id': '703e87604d5f4198be610419260b468b', 'network_id': 'a181824d-2cbe-4480-8907-a045e03fdad7', 'ip_version': 4, 'subnetpool_id': None, 'enable_dhcp': True, 'ipv6_ra_mode': None, 'ipv6_address_mode': None, 'gateway_ip': '192.168.128.1', 'cidr': '192.168.128.0/28', 'allocation_pools': [{'start': '192.168.128.2', 'end': '192.168.128.14'}], 'host_routes': [], 'dns_nameservers': [], 'description': '', 'router:external': False, 'service_types': [], 'tags': [], 'created_at': '2025-02-04T20:58:43Z', 'updated_at': '2025-02-04T20:58:43Z', 'revision_number': 0, 'project_id': '703e87604d5f4198be610419260b468b'}, Router: {'id': '67fac1a4-7783-47d1-b0c3-1a1e6ad0c1ed', 'name': 'tempest-ImagesOneServerTestJSON-1316368195-router', 'tenant_id': '703e87604d5f4198be610419260b468b', 'admin_state_up': True, 'status': 'ACTIVE', 'external_gateway_info': {'network_id': '3225de02-ca9e-4520-8e86-9f9c28692b96', 'external_fixed_ips': [{'subnet_id': '258f6fe8-334b-4e0c-a947-83bc5a9d433b', 'ip_address': '10.180.180.204'}], 'enable_snat': True}, 'description': '', 'availability_zones': [], 'distributed': False, 'ha': False, 'availability_zone_hints': [], 'routes': [], 'flavor_id': None, 'tags': [], 'created_at': '2025-02-04T20:58:44Z', 'updated_at': '2025-02-04T20:58:44Z', 'revision_number': 2, 'project_id': '703e87604d5f4198be610419260b468b'}
2025-02-04 20:58:46.405 64336 INFO tempest.lib.common.rest_client [req-9d0f3ca8-4182-40ca-9e7e-bfc5c111446e req-9d0f3ca8-4182-40ca-9e7e-bfc5c111446e ] Request (ServersAdminNegativeTestJSON:test_migrate_server_invalid_state): 200 GET http://10.180.1.21/compute/v2.1/servers/d3824db3-b570-4a81-a6eb-580b2da057a9 0.212s
2025-02-04 20:58:46.465 64320 INFO tempest.lib.common.rest_client [req-696a6faf-8f44-4b11-8887-73f7e985743c req-696a6faf-8f44-4b11-8887-73f7e985743c ] Request (ServersNegativeTestJSON:setUpClass): 200 GET http://10.180.1.21/compute/v2.1/servers/212b862f-9465-4c6d-95bc-acf2a4153e73 0.492s
2025-02-04 20:58:46.472 64320 INFO tempest.common.waiters [-] State transition "BUILD/block_device_mapping" ==> "BUILD/spawning" after 71 second wait
2025-02-04 20:58:46.512 64316 INFO tempest.lib.common.rest_client [req-235e847e-fbf1-4865-a467-a0f88ad50cae req-235e847e-fbf1-4865-a467-a0f88ad50cae ] Request (ImagesOneServerTestJSON:setUpClass): 201 POST http://10.180.1.21/identity/v3/auth/tokens 0.104s
2025-02-04 20:58:46.540 64332 INFO tempest.lib.common.rest_client [req-5ea14e1a-39e1-420a-89ec-86830226848c req-5ea14e1a-39e1-420a-89ec-86830226848c ] Request (ServersAdminTestJSON:test_inject_network_info): 200 GET http://10.180.1.21/compute/v2.1/servers/42d2e289-435f-47df-ae33-b003b319135a 0.269s
2025-02-04 20:58:46.545 64316 INFO tempest.lib.common.rest_client [req-09c45fa2-f39d-45ba-8533-d8101903f755 req-09c45fa2-f39d-45ba-8533-d8101903f755 ] Request (ImagesOneServerTestJSON:setUpClass): 201 POST http://10.180.1.21/identity/v3/auth/tokens 0.028s
2025-02-04 20:58:46.545 64316 INFO tempest.lib.common.fixed_network [-] (ImagesOneServerTestJSON:setUpClass) Found network {'id': 'a181824d-2cbe-4480-8907-a045e03fdad7', 'name': 'tempest-ImagesOneServerTestJSON-1316368195-network', 'tenant_id': '703e87604d5f4198be610419260b468b', 'admin_state_up': True, 'mtu': 8950, 'status': 'ACTIVE', 'subnets': [], 'shared': False, 'project_id': '703e87604d5f4198be610419260b468b', 'port_security_enabled': True, 'router:external': False, 'provider:network_type': 'vlan', 'provider:physical_network': 'default', 'provider:segmentation_id': 76, 'availability_zone_hints': [], 'availability_zones': [], 'ipv4_address_scope': None, 'ipv6_address_scope': None, 'description': '', 'tags': [], 'created_at': '2025-02-04T20:58:43Z', 'updated_at': '2025-02-04T20:58:43Z', 'revision_number': 1} available for tenant
2025-02-04 20:58:46.563 64304 INFO tempest.lib.common.rest_client [req-787205ed-a6f5-4b0c-8ae1-3d5ab73ecb81 req-787205ed-a6f5-4b0c-8ae1-3d5ab73ecb81 ] Request (InstanceActionsTestJSON:tearDownClass): 200 GET http://10.180.1.21/compute/v2.1/servers/69d4167b-86a8-4938-a52d-dfd27bf0dce4 0.344s
2025-02-04 20:58:46.737 64358 INFO tempest.lib.common.rest_client [req-d9057916-d479-4138-9eb2-d566d6584fb1 req-d9057916-d479-4138-9eb2-d566d6584fb1 ] Request (ServersTestMultiNic:test_verify_multiple_nics_order): 200 GET http://10.180.1.21/compute/v2.1/servers/e777dc00-4bd3-4f7f-96fa-d5707d45f0a2 0.307s
2025-02-04 20:58:46.740 64357 INFO tempest.lib.common.rest_client [req-68ab1d75-966d-45cd-852e-885dd337a0cd req-68ab1d75-966d-45cd-852e-885dd337a0cd ] Request (ServersTestBootFromVolume:setUpClass): 200 GET http://10.180.1.21/compute/v2.1/servers/d7cbdf83-f819-4645-b049-72ab880c27cc 0.343s
2025-02-04 20:58:46.804 64338 INFO tempest.lib.common.rest_client [req-fb2afbf5-e063-4c5d-bca3-4b7401aaa72b req-fb2afbf5-e063-4c5d-bca3-4b7401aaa72b ] Request (ServerMetadataTestJSON:setUpClass): 200 GET http://10.180.1.21/compute/v2.1/servers/a5f14d13-841b-4ba3-a6f5-033493a3c501 0.347s
2025-02-04 20:58:46.864 64314 INFO tempest.lib.common.rest_client [req-e516a3eb-f765-4f53-b91d-abc7410e2c49 req-e516a3eb-f765-4f53-b91d-abc7410e2c49 ] Request (MigrationsAdminTest:test_resize_server_revert_deleted_flavor): 200 GET http://10.180.1.21/compute/v2.1/servers/1bd00407-c66a-4218-9b38-8e25a676d9e8 0.225s
2025-02-04 20:58:46.969 64344 INFO tempest.lib.common.rest_client [req-d0f6e4c0-a13b-405e-93e0-07351cd53fee req-d0f6e4c0-a13b-405e-93e0-07351cd53fee ] Request (ServerAddressesNegativeTestJSON:setUpClass): 200 GET http://10.180.1.21/compute/v2.1/servers/5d74cad0-f593-40c2-9f07-8b7f5d9cecc0 0.304s
2025-02-04 20:58:46.978 64344 INFO tempest.common.waiters [-] State transition "BUILD/spawning" ==> "ACTIVE/None" after 75 second wait
2025-02-04 20:58:47.062 64296 INFO tempest.lib.common.rest_client [req-823bdc02-10de-417d-8d7b-d13418bbc4da req-823bdc02-10de-417d-8d7b-d13418bbc4da ] Request (ServerShowV247Test:test_update_rebuild_list_server): 200 GET http://10.180.1.21/compute/v2.1/servers/6b09db4b-dcaf-4d47-a7fc-6282db643d96 0.328s
2025-02-04 20:58:47.111 64326 INFO tempest.lib.common.rest_client [req-3d23977f-55bb-4cad-a08f-b26c5c07428c req-3d23977f-55bb-4cad-a08f-b26c5c07428c ] Request (DeleteServersTestJSON:test_delete_server_while_in_attached_volume): 200 GET http://10.180.1.21/compute/v2.1/servers/14ea5a03-0092-46e9-8f77-15bc4fcb6cd7 0.324s
2025-02-04 20:58:47.173 64334 INFO tempest.lib.common.rest_client [req-add0a178-1564-4337-a31c-a337835fd912 req-add0a178-1564-4337-a31c-a337835fd912 ] Request (ServerRescueNegativeTestJSON:test_rescued_vm_detach_volume): 200 GET http://10.180.1.21/compute/v2.1/servers/856df6f6-29c9-42bc-99b9-f0f7ba4c22ca 0.315s
2025-02-04 20:58:47.232 64354 INFO tempest.lib.common.rest_client [req-5219c433-ba33-45ed-88a1-219db011126a req-5219c433-ba33-45ed-88a1-219db011126a ] Request (ListImageFiltersTestJSON:tearDownClass): 200 GET http://10.180.1.21/compute/v2.1/servers/4b1eb7c1-f17a-40d4-99bf-b1c0f86e88c8 0.334s
2025-02-04 20:58:47.289 64306 INFO tempest.lib.common.rest_client [req-15493bf5-392d-4065-8474-a3d511cf20fd req-15493bf5-392d-4065-8474-a3d511cf20fd ] Request (ServerDiagnosticsNegativeTest:test_get_server_diagnostics_by_non_admin): 200 GET http://10.180.1.21/compute/v2.1/servers/2780b129-725e-4444-ac6f-98ef00cef77c 0.337s
2025-02-04 20:58:47.326 64316 INFO tempest.lib.common.rest_client [req-e8e13ed3-5d13-463f-8383-d76d87044ba2 req-e8e13ed3-5d13-463f-8383-d76d87044ba2 ] Request (ImagesOneServerTestJSON:setUpClass): 202 POST http://10.180.1.21/compute/v2.1/servers 0.780s
2025-02-04 20:58:47.360 64344 INFO tempest.lib.common.rest_client [req-534a1c72-31ba-4dac-b1b1-9a54d09b6d0f req-534a1c72-31ba-4dac-b1b1-9a54d09b6d0f ] Request (ServerAddressesNegativeTestJSON:test_list_server_addresses_by_network_neg): 404 GET http://10.180.1.21/compute/v2.1/servers/5d74cad0-f593-40c2-9f07-8b7f5d9cecc0/ips/invalid 0.381s
2025-02-04 20:58:47.371 64322 INFO tempest.lib.common.rest_client [req-32753fcd-11c3-46f2-8b49-c4b9161e384c req-32753fcd-11c3-46f2-8b49-c4b9161e384c ] Request (DeleteServersAdminTestJSON:test_delete_server_while_in_error_state): 200 GET http://10.180.1.21/compute/v2.1/servers/62524c8a-ec79-4e50-8945-578bea8ec22c 0.406s
2025-02-04 20:58:47.421 64300 INFO tempest.lib.common.rest_client [req-47aa2543-84f7-49ae-afc8-580329420d0a req-47aa2543-84f7-49ae-afc8-580329420d0a ] Request (ServerMetadataNegativeTestJSON:setUpClass): 200 GET http://10.180.1.21/compute/v2.1/servers/07c5066a-6822-4eb5-a5d9-9794d9d6fb4b 0.378s
2025-02-04 20:58:47.427 64312 INFO tempest.lib.common.rest_client [req-dcbf8900-c0aa-4296-a9a3-988dafd3debf req-dcbf8900-c0aa-4296-a9a3-988dafd3debf ] Request (MultipleCreateTestJSON:_run_cleanups): 200 GET http://10.180.1.21/compute/v2.1/servers/d87099f3-6484-44fb-9c6d-a6d198f46167 0.390s
2025-02-04 20:58:47.474 64302 INFO tempest.lib.common.rest_client [req-e8a91150-664d-4e32-9fed-4256f7b071cf req-e8a91150-664d-4e32-9fed-4256f7b071cf ] Request (SecurityGroupsTestJSON:test_list_security_groups_by_server): 200 GET http://10.180.1.21/compute/v2.1/servers/4f6a15cb-714e-4fbc-a84d-2783b3bcdf34 0.294s
2025-02-04 20:58:47.483 64310 INFO tempest.lib.common.rest_client [req-fbaf9642-69fc-4e83-9307-21f30e7b4a42 req-fbaf9642-69fc-4e83-9307-21f30e7b4a42 ] Request (ServersWithSpecificFlavorTestJSON:test_verify_created_server_ephemeral_disk): 200 GET http://10.180.1.21/compute/v2.1/servers/d62e50ec-7c22-4c38-bddd-66148aa73dda 0.374s
2025-02-04 20:58:47.519 64346 INFO tempest.lib.common.rest_client [req-21663238-135f-43ca-9588-0560e2b0cf4e req-21663238-135f-43ca-9588-0560e2b0cf4e ] Request (ImagesTestJSON:test_create_image_from_suspended_server): 200 GET http://10.180.1.21/compute/v2.1/images/ac687e7f-b7fa-499d-81f1-8970d200b0e5 0.252s
2025-02-04 20:58:47.533 64340 INFO tempest.lib.common.rest_client [req-10ba3e37-e2ea-45b3-b747-165f58bdd5f2 req-10ba3e37-e2ea-45b3-b747-165f58bdd5f2 ] Request (FloatingIPsAssociationTestJSON:test_associate_already_associated_floating_ip): 200 GET http://10.180.1.21/compute/v2.1/servers/1a99f453-b18c-4191-b80d-e769aa3742ba 0.302s
2025-02-04 20:58:47.571 64316 INFO tempest.lib.common.rest_client [req-c4320454-2761-41a4-a80a-d8cf394e61be req-c4320454-2761-41a4-a80a-d8cf394e61be ] Request (ImagesOneServerTestJSON:setUpClass): 200 GET http://10.180.1.21/compute/v2.1/servers/220d5470-3918-4841-8077-a06a1d463474 0.243s
2025-02-04 20:58:47.573 64344 INFO tempest.lib.common.rest_client [req-2c2c970d-6b22-42c7-bcf9-adc370d562c2 req-2c2c970d-6b22-42c7-bcf9-adc370d562c2 ] Request (ServerAddressesNegativeTestJSON:test_list_server_addresses_invalid_server_id): 404 GET http://10.180.1.21/compute/v2.1/servers/999/ips 0.211s
2025-02-04 20:58:47.589 64298 INFO tempest.lib.common.rest_client [req-bade388c-9c5f-4822-ae18-ee2ce3039dad req-bade388c-9c5f-4822-ae18-ee2ce3039dad ] Request (ListServerFiltersTestJSON:setUpClass): 200 GET http://10.180.1.21/compute/v2.1/servers/80eb9e3b-68e6-4261-ab69-e8654627607f 0.246s
2025-02-04 20:58:47.623 64336 INFO tempest.lib.common.rest_client [req-1c086506-39a5-4e8f-b0fd-5b347d40f83e req-1c086506-39a5-4e8f-b0fd-5b347d40f83e ] Request (ServersAdminNegativeTestJSON:test_migrate_server_invalid_state): 200 GET http://10.180.1.21/compute/v2.1/servers/d3824db3-b570-4a81-a6eb-580b2da057a9 0.207s
2025-02-04 20:58:47.631 64336 INFO tempest.common.waiters [-] State transition "BUILD/scheduling" ==> "BUILD/None" after 50 second wait
2025-02-04 20:58:47.677 64332 INFO tempest.lib.common.rest_client [req-dcd880ef-98c1-41bd-a0e8-4711ffe2e7d7 req-dcd880ef-98c1-41bd-a0e8-4711ffe2e7d7 ] Request (ServersAdminTestJSON:test_inject_network_info): 200 GET http://10.180.1.21/compute/v2.1/servers/42d2e289-435f-47df-ae33-b003b319135a 0.126s
2025-02-04 20:58:47.693 64320 INFO tempest.lib.common.rest_client [req-b9719ec9-5811-49cd-8918-cdd050910144 req-b9719ec9-5811-49cd-8918-cdd050910144 ] Request (ServersNegativeTestJSON:setUpClass): 200 GET http://10.180.1.21/compute/v2.1/servers/212b862f-9465-4c6d-95bc-acf2a4153e73 0.220s
2025-02-04 20:58:47.742 64304 INFO tempest.lib.common.rest_client [req-7ddacebb-1fbf-4639-938b-1f5c6d51e3e1 req-7ddacebb-1fbf-4639-938b-1f5c6d51e3e1 ] Request (InstanceActionsTestJSON:tearDownClass): 200 GET http://10.180.1.21/compute/v2.1/servers/69d4167b-86a8-4938-a52d-dfd27bf0dce4 0.170s
2025-02-04 20:58:47.789 64344 INFO tempest.lib.common.rest_client [req-aac5ddf0-25a8-4a4c-ad1c-3199bdda0ff9 req-aac5ddf0-25a8-4a4c-ad1c-3199bdda0ff9 ] Request (ServerAddressesNegativeTestJSON:tearDownClass): 204 DELETE http://10.180.1.21/compute/v2.1/servers/5d74cad0-f593-40c2-9f07-8b7f5d9cecc0 0.209s
2025-02-04 20:58:47.903 64357 INFO tempest.lib.common.rest_client [req-a578c3ed-52e4-436a-8e32-355fd20ee78f req-a578c3ed-52e4-436a-8e32-355fd20ee78f ] Request (ServersTestBootFromVolume:setUpClass): 200 GET http://10.180.1.21/compute/v2.1/servers/d7cbdf83-f819-4645-b049-72ab880c27cc 0.153s
2025-02-04 20:58:47.904 64358 INFO tempest.lib.common.rest_client [req-cae19d32-2cbd-4e7a-af85-a5047d41e746 req-cae19d32-2cbd-4e7a-af85-a5047d41e746 ] Request (ServersTestMultiNic:test_verify_multiple_nics_order): 200 GET http://10.180.1.21/compute/v2.1/servers/e777dc00-4bd3-4f7f-96fa-d5707d45f0a2 0.156s
2025-02-04 20:58:47.914 64358 INFO tempest.common.waiters [-] State transition "BUILD/spawning" ==> "ACTIVE/None" after 77 second wait
2025-02-04 20:58:47.961 64338 INFO tempest.lib.common.rest_client [req-f96b001e-02a1-4d0f-bd60-9d70d6efb0cf req-f96b001e-02a1-4d0f-bd60-9d70d6efb0cf ] Request (ServerMetadataTestJSON:setUpClass): 200 GET http://10.180.1.21/compute/v2.1/servers/a5f14d13-841b-4ba3-a6f5-033493a3c501 0.145s
2025-02-04 20:58:48.012 64314 INFO tempest.lib.common.rest_client [req-ae50e682-f502-4a28-a095-37da56aad0ac req-ae50e682-f502-4a28-a095-37da56aad0ac ] Request (MigrationsAdminTest:test_resize_server_revert_deleted_flavor): 200 GET http://10.180.1.21/compute/v2.1/servers/1bd00407-c66a-4218-9b38-8e25a676d9e8 0.139s
2025-02-04 20:58:48.043 64358 INFO tempest.lib.common.rest_client [req-9af021f7-93ad-4c6d-9cd4-47b36868370a req-9af021f7-93ad-4c6d-9cd4-47b36868370a ] Request (ServersTestMultiNic:test_verify_multiple_nics_order): 200 GET http://10.180.1.21/compute/v2.1/servers/e777dc00-4bd3-4f7f-96fa-d5707d45f0a2/ips 0.129s
2025-02-04 20:58:48.098 64344 INFO tempest.lib.common.rest_client [req-0a83ac77-bd3f-4b9b-b352-a6d6c66fd5f1 req-0a83ac77-bd3f-4b9b-b352-a6d6c66fd5f1 ] Request (ServerAddressesNegativeTestJSON:tearDownClass): 200 GET http://10.180.1.21/compute/v2.1/servers/5d74cad0-f593-40c2-9f07-8b7f5d9cecc0 0.308s
2025-02-04 20:58:48.134 64358 INFO tempest.lib.common.rest_client [req-603f1db2-55aa-473d-b1c5-bdca7d14b013 req-603f1db2-55aa-473d-b1c5-bdca7d14b013 ] Request (ServersTestMultiNic:_run_cleanups): 204 DELETE http://10.180.1.21/compute/v2.1/servers/e777dc00-4bd3-4f7f-96fa-d5707d45f0a2 0.087s
2025-02-04 20:58:48.156 64296 INFO tempest.lib.common.rest_client [req-7fba01cf-1474-4a12-a4eb-bcd1a9f989e6 req-7fba01cf-1474-4a12-a4eb-bcd1a9f989e6 ] Request (ServerShowV247Test:test_update_rebuild_list_server): 200 GET http://10.180.1.21/compute/v2.1/servers/6b09db4b-dcaf-4d47-a7fc-6282db643d96 0.084s
2025-02-04 20:58:48.188 64326 INFO tempest.lib.common.rest_client [req-de26f520-918f-4201-860e-ab102bbf1b5e req-de26f520-918f-4201-860e-ab102bbf1b5e ] Request (DeleteServersTestJSON:test_delete_server_while_in_attached_volume): 200 GET http://10.180.1.21/compute/v2.1/servers/14ea5a03-0092-46e9-8f77-15bc4fcb6cd7 0.058s
2025-02-04 20:58:48.235 64334 INFO tempest.lib.common.rest_client [req-4ec32cfa-ea41-4059-8bf3-d3ad82e582ab req-4ec32cfa-ea41-4059-8bf3-d3ad82e582ab ] Request (ServerRescueNegativeTestJSON:test_rescued_vm_detach_volume): 200 GET http://10.180.1.21/compute/v2.1/servers/856df6f6-29c9-42bc-99b9-f0f7ba4c22ca 0.053s
2025-02-04 20:58:48.298 64318 WARNING tempest.lib.common.ssh [-] Failed to establish authenticated ssh connection to cirros@10.180.180.225 ([Errno None] Unable to connect to port 22 on 10.180.180.225). Number attempts: 4. Retry after 5 seconds.: paramiko.ssh_exception.NoValidConnectionsError: [Errno None] Unable to connect to port 22 on 10.180.180.225
2025-02-04 20:58:48.300 64354 INFO tempest.lib.common.rest_client [req-a03fbe22-6cbb-4860-a226-e5b33b999b62 req-a03fbe22-6cbb-4860-a226-e5b33b999b62 ] Request (ListImageFiltersTestJSON:tearDownClass): 200 GET http://10.180.1.21/compute/v2.1/servers/4b1eb7c1-f17a-40d4-99bf-b1c0f86e88c8 0.060s
2025-02-04 20:58:48.311 64354 INFO tempest.common.waiters [-] State transition "ACTIVE/deleting" ==> "DELETED/None" after 5 second wait
2025-02-04 20:58:48.352 64306 INFO tempest.lib.common.rest_client [req-3d58ddb1-0b90-4180-a8bb-5d4d77de7718 req-3d58ddb1-0b90-4180-a8bb-5d4d77de7718 ] Request (ServerDiagnosticsNegativeTest:test_get_server_diagnostics_by_non_admin): 200 GET http://10.180.1.21/compute/v2.1/servers/2780b129-725e-4444-ac6f-98ef00cef77c 0.056s
2025-02-04 20:58:48.390 64358 INFO tempest.lib.common.rest_client [req-35377758-e3f4-4dc6-9905-21b707ca39b6 req-35377758-e3f4-4dc6-9905-21b707ca39b6 ] Request (ServersTestMultiNic:_run_cleanups): 200 GET http://10.180.1.21/compute/v2.1/servers/e777dc00-4bd3-4f7f-96fa-d5707d45f0a2 0.255s
2025-02-04 20:58:48.436 64322 INFO tempest.lib.common.rest_client [req-4f4bec6b-c498-407e-b5f1-98a8b3c1bdd7 req-4f4bec6b-c498-407e-b5f1-98a8b3c1bdd7 ] Request (DeleteServersAdminTestJSON:test_delete_server_while_in_error_state): 200 GET http://10.180.1.21/compute/v2.1/servers/62524c8a-ec79-4e50-8945-578bea8ec22c 0.055s
2025-02-04 20:58:48.487 64300 INFO tempest.lib.common.rest_client [req-18dc3307-173f-41b6-bff0-575933a0562b req-18dc3307-173f-41b6-bff0-575933a0562b ] Request (ServerMetadataNegativeTestJSON:setUpClass): 200 GET http://10.180.1.21/compute/v2.1/servers/07c5066a-6822-4eb5-a5d9-9794d9d6fb4b 0.054s
2025-02-04 20:58:48.493 64312 INFO tempest.lib.common.rest_client [req-5ade442f-2e05-4eb8-adc4-b6fc276f3a60 req-5ade442f-2e05-4eb8-adc4-b6fc276f3a60 ] Request (MultipleCreateTestJSON:_run_cleanups): 200 GET http://10.180.1.21/compute/v2.1/servers/d87099f3-6484-44fb-9c6d-a6d198f46167 0.055s
2025-02-04 20:58:48.534 64302 INFO tempest.lib.common.rest_client [req-da8912e0-8e54-47bc-b3dc-7503f7278782 req-da8912e0-8e54-47bc-b3dc-7503f7278782 ] Request (SecurityGroupsTestJSON:test_list_security_groups_by_server): 200 GET http://10.180.1.21/compute/v2.1/servers/4f6a15cb-714e-4fbc-a84d-2783b3bcdf34 0.049s
2025-02-04 20:58:48.560 64310 INFO tempest.lib.common.rest_client [req-00ec670c-2b9c-49e8-a437-bd5804214f1c req-00ec670c-2b9c-49e8-a437-bd5804214f1c ] Request (ServersWithSpecificFlavorTestJSON:test_verify_created_server_ephemeral_disk): 200 GET http://10.180.1.21/compute/v2.1/servers/d62e50ec-7c22-4c38-bddd-66148aa73dda 0.057s
2025-02-04 20:58:48.570 64346 INFO tempest.lib.common.rest_client [req-1856535b-5580-4f19-8391-1a164ec39a19 req-1856535b-5580-4f19-8391-1a164ec39a19 ] Request (ImagesTestJSON:test_create_image_from_suspended_server): 200 GET http://10.180.1.21/compute/v2.1/images/ac687e7f-b7fa-499d-81f1-8970d200b0e5 0.046s
2025-02-04 20:58:48.620 64340 INFO tempest.lib.common.rest_client [req-082bf008-bb26-445d-9b64-4be2811567cf req-082bf008-bb26-445d-9b64-4be2811567cf ] Request (FloatingIPsAssociationTestJSON:test_associate_already_associated_floating_ip): 200 GET http://10.180.1.21/compute/v2.1/servers/1a99f453-b18c-4191-b80d-e769aa3742ba 0.075s
2025-02-04 20:58:48.644 64316 INFO tempest.lib.common.rest_client [req-6c909e71-f183-4f62-b13e-ab816be80f18 req-6c909e71-f183-4f62-b13e-ab816be80f18 ] Request (ImagesOneServerTestJSON:setUpClass): 200 GET http://10.180.1.21/compute/v2.1/servers/220d5470-3918-4841-8077-a06a1d463474 0.062s
2025-02-04 20:58:48.671 64298 INFO tempest.lib.common.rest_client [req-25650ff0-50a4-4d12-b68b-83872defc652 req-25650ff0-50a4-4d12-b68b-83872defc652 ] Request (ListServerFiltersTestJSON:setUpClass): 200 GET http://10.180.1.21/compute/v2.1/servers/80eb9e3b-68e6-4261-ab69-e8654627607f 0.075s
2025-02-04 20:58:48.719 64336 INFO tempest.lib.common.rest_client [req-79f8450c-929a-42ea-a350-a5c016e24f47 req-79f8450c-929a-42ea-a350-a5c016e24f47 ] Request (ServersAdminNegativeTestJSON:test_migrate_server_invalid_state): 200 GET http://10.180.1.21/compute/v2.1/servers/d3824db3-b570-4a81-a6eb-580b2da057a9 0.086s
2025-02-04 20:58:48.753 64332 INFO tempest.lib.common.rest_client [req-7199e822-853a-45fb-a064-e862009d4eea req-7199e822-853a-45fb-a064-e862009d4eea ] Request (ServersAdminTestJSON:test_inject_network_info): 200 GET http://10.180.1.21/compute/v2.1/servers/42d2e289-435f-47df-ae33-b003b319135a 0.066s
2025-02-04 20:58:48.760 64332 INFO tempest.common.waiters [-] State transition "BUILD/scheduling" ==> "BUILD/None" after 44 second wait
2025-02-04 20:58:48.819 64304 INFO tempest.lib.common.rest_client [req-998b6fd0-6aaa-4705-ba12-5ed6023177ef req-998b6fd0-6aaa-4705-ba12-5ed6023177ef ] Request (InstanceActionsTestJSON:tearDownClass): 200 GET http://10.180.1.21/compute/v2.1/servers/69d4167b-86a8-4938-a52d-dfd27bf0dce4 0.068s
2025-02-04 20:58:48.823 64320 INFO tempest.lib.common.rest_client [req-cfc8948b-2b21-4a97-8d0e-8135c044f864 req-cfc8948b-2b21-4a97-8d0e-8135c044f864 ] Request (ServersNegativeTestJSON:setUpClass): 200 GET http://10.180.1.21/compute/v2.1/servers/212b862f-9465-4c6d-95bc-acf2a4153e73 0.121s
2025-02-04 20:58:48.830 64304 INFO tempest.common.waiters [-] State transition "ACTIVE/deleting" ==> "DELETED/None" after 5 second wait
2025-02-04 20:58:49.025 64338 INFO tempest.lib.common.rest_client [req-a245ba97-45f2-41b6-85b1-73b211c91306 req-a245ba97-45f2-41b6-85b1-73b211c91306 ] Request (ServerMetadataTestJSON:setUpClass): 200 GET http://10.180.1.21/compute/v2.1/servers/a5f14d13-841b-4ba3-a6f5-033493a3c501 0.056s
2025-02-04 20:58:49.051 64357 INFO tempest.lib.common.rest_client [req-a2e41ada-f59d-489b-b199-f2c34d5cf8a5 req-a2e41ada-f59d-489b-b199-f2c34d5cf8a5 ] Request (ServersTestBootFromVolume:setUpClass): 200 GET http://10.180.1.21/compute/v2.1/servers/d7cbdf83-f819-4645-b049-72ab880c27cc 0.138s
2025-02-04 20:58:49.073 64314 INFO tempest.lib.common.rest_client [req-4d62f5df-334c-4286-bd8d-a291c3b47195 req-4d62f5df-334c-4286-bd8d-a291c3b47195 ] Request (MigrationsAdminTest:test_resize_server_revert_deleted_flavor): 200 GET http://10.180.1.21/compute/v2.1/servers/1bd00407-c66a-4218-9b38-8e25a676d9e8 0.050s
2025-02-04 20:58:49.224 64296 INFO tempest.lib.common.rest_client [req-1a83d476-95c3-4381-b7d4-3f0699d52fb3 req-1a83d476-95c3-4381-b7d4-3f0699d52fb3 ] Request (ServerShowV247Test:test_update_rebuild_list_server): 200 GET http://10.180.1.21/compute/v2.1/servers/6b09db4b-dcaf-4d47-a7fc-6282db643d96 0.056s
2025-02-04 20:58:49.239 64344 INFO tempest.lib.common.rest_client [req-4525da80-0aa3-453c-a385-0e2a0a9c789d req-4525da80-0aa3-453c-a385-0e2a0a9c789d ] Request (ServerAddressesNegativeTestJSON:tearDownClass): 200 GET http://10.180.1.21/compute/v2.1/servers/5d74cad0-f593-40c2-9f07-8b7f5d9cecc0 0.134s
2025-02-04 20:58:49.274 64326 INFO tempest.lib.common.rest_client [req-fa640494-4903-4706-87cd-5b531ffae4c4 req-fa640494-4903-4706-87cd-5b531ffae4c4 ] Request (DeleteServersTestJSON:test_delete_server_while_in_attached_volume): 200 GET http://10.180.1.21/compute/v2.1/servers/14ea5a03-0092-46e9-8f77-15bc4fcb6cd7 0.077s
2025-02-04 20:58:49.297 64334 INFO tempest.lib.common.rest_client [req-a5c4276d-bf8c-4a00-b42f-ea876e1e02e7 req-a5c4276d-bf8c-4a00-b42f-ea876e1e02e7 ] Request (ServerRescueNegativeTestJSON:test_rescued_vm_detach_volume): 200 GET http://10.180.1.21/compute/v2.1/servers/856df6f6-29c9-42bc-99b9-f0f7ba4c22ca 0.052s
2025-02-04 20:58:49.385 64354 INFO tempest.lib.common.rest_client [req-be55ee17-3e70-4390-9d8e-9da1d9e97ad1 req-be55ee17-3e70-4390-9d8e-9da1d9e97ad1 ] Request (ListImageFiltersTestJSON:tearDownClass): 200 GET http://10.180.1.21/compute/v2.1/servers/4b1eb7c1-f17a-40d4-99bf-b1c0f86e88c8 0.073s
2025-02-04 20:58:49.412 64306 INFO tempest.lib.common.rest_client [req-e9f95beb-9465-4a13-a920-d7c070bea77e req-e9f95beb-9465-4a13-a920-d7c070bea77e ] Request (ServerDiagnosticsNegativeTest:test_get_server_diagnostics_by_non_admin): 200 GET http://10.180.1.21/compute/v2.1/servers/2780b129-725e-4444-ac6f-98ef00cef77c 0.050s
2025-02-04 20:58:49.504 64322 INFO tempest.lib.common.rest_client [req-dae41084-9b2a-40a3-9d22-09d723661e39 req-dae41084-9b2a-40a3-9d22-09d723661e39 ] Request (DeleteServersAdminTestJSON:test_delete_server_while_in_error_state): 200 GET http://10.180.1.21/compute/v2.1/servers/62524c8a-ec79-4e50-8945-578bea8ec22c 0.061s
2025-02-04 20:58:49.544 64358 INFO tempest.lib.common.rest_client [req-4aedd3cf-2f75-40fa-b29f-cf948aaf2757 req-4aedd3cf-2f75-40fa-b29f-cf948aaf2757 ] Request (ServersTestMultiNic:_run_cleanups): 200 GET http://10.180.1.21/compute/v2.1/servers/e777dc00-4bd3-4f7f-96fa-d5707d45f0a2 0.145s
2025-02-04 20:58:49.556 64300 INFO tempest.lib.common.rest_client [req-fad3e645-c9d5-4e7c-a3a2-4e94e7fcc7e5 req-fad3e645-c9d5-4e7c-a3a2-4e94e7fcc7e5 ] Request (ServerMetadataNegativeTestJSON:setUpClass): 200 GET http://10.180.1.21/compute/v2.1/servers/07c5066a-6822-4eb5-a5d9-9794d9d6fb4b 0.061s
2025-02-04 20:58:49.601 64302 INFO tempest.lib.common.rest_client [req-048913c5-f423-4039-a209-60d7ee6ee5b3 req-048913c5-f423-4039-a209-60d7ee6ee5b3 ] Request (SecurityGroupsTestJSON:test_list_security_groups_by_server): 200 GET http://10.180.1.21/compute/v2.1/servers/4f6a15cb-714e-4fbc-a84d-2783b3bcdf34 0.058s
2025-02-04 20:58:49.612 64312 INFO tempest.lib.common.rest_client [req-87a8e4c0-1217-4f02-adfc-d48e4ecce437 req-87a8e4c0-1217-4f02-adfc-d48e4ecce437 ] Request (MultipleCreateTestJSON:_run_cleanups): 200 GET http://10.180.1.21/compute/v2.1/servers/d87099f3-6484-44fb-9c6d-a6d198f46167 0.104s
2025-02-04 20:58:49.647 64346 INFO tempest.lib.common.rest_client [req-3f40b960-d673-439e-a956-0e261b9204fb req-3f40b960-d673-439e-a956-0e261b9204fb ] Request (ImagesTestJSON:test_create_image_from_suspended_server): 200 GET http://10.180.1.21/compute/v2.1/images/ac687e7f-b7fa-499d-81f1-8970d200b0e5 0.073s
2025-02-04 20:58:49.654 64310 INFO tempest.lib.common.rest_client [req-9c667606-89ea-4841-b5ea-cb6e38a95d03 req-9c667606-89ea-4841-b5ea-cb6e38a95d03 ] Request (ServersWithSpecificFlavorTestJSON:test_verify_created_server_ephemeral_disk): 200 GET http://10.180.1.21/compute/v2.1/servers/d62e50ec-7c22-4c38-bddd-66148aa73dda 0.080s
2025-02-04 20:58:49.697 64340 INFO tempest.lib.common.rest_client [req-440851e7-7124-4f28-9631-9dfed4772780 req-440851e7-7124-4f28-9631-9dfed4772780 ] Request (FloatingIPsAssociationTestJSON:test_associate_already_associated_floating_ip): 200 GET http://10.180.1.21/compute/v2.1/servers/1a99f453-b18c-4191-b80d-e769aa3742ba 0.063s
2025-02-04 20:58:49.722 64316 INFO tempest.lib.common.rest_client [req-3a3a99b7-f45f-4566-bae6-d16569563b7d req-3a3a99b7-f45f-4566-bae6-d16569563b7d ] Request (ImagesOneServerTestJSON:setUpClass): 200 GET http://10.180.1.21/compute/v2.1/servers/220d5470-3918-4841-8077-a06a1d463474 0.066s
2025-02-04 20:58:49.751 64298 INFO tempest.lib.common.rest_client [req-41857309-36e9-48e3-97dd-88b7277838a2 req-41857309-36e9-48e3-97dd-88b7277838a2 ] Request (ListServerFiltersTestJSON:setUpClass): 200 GET http://10.180.1.21/compute/v2.1/servers/80eb9e3b-68e6-4261-ab69-e8654627607f 0.071s
2025-02-04 20:58:49.781 64336 INFO tempest.lib.common.rest_client [req-aba35518-17e3-4c62-9c24-be2dd15f210f req-aba35518-17e3-4c62-9c24-be2dd15f210f ] Request (ServersAdminNegativeTestJSON:test_migrate_server_invalid_state): 200 GET http://10.180.1.21/compute/v2.1/servers/d3824db3-b570-4a81-a6eb-580b2da057a9 0.052s
2025-02-04 20:58:49.813 64332 INFO tempest.lib.common.rest_client [req-095948e6-1891-4c64-94c8-ddaa161cb799 req-095948e6-1891-4c64-94c8-ddaa161cb799 ] Request (ServersAdminTestJSON:test_inject_network_info): 200 GET http://10.180.1.21/compute/v2.1/servers/42d2e289-435f-47df-ae33-b003b319135a 0.052s
2025-02-04 20:58:49.892 64304 INFO tempest.lib.common.rest_client [req-9ecf0277-5c00-401a-a1cb-45d7f66a376b req-9ecf0277-5c00-401a-a1cb-45d7f66a376b ] Request (InstanceActionsTestJSON:tearDownClass): 200 GET http://10.180.1.21/compute/v2.1/servers/69d4167b-86a8-4938-a52d-dfd27bf0dce4 0.061s
2025-02-04 20:58:49.955 64320 INFO tempest.lib.common.rest_client [req-261c4657-0352-4835-b5f1-7bbc0eb8c87e req-261c4657-0352-4835-b5f1-7bbc0eb8c87e ] Request (ServersNegativeTestJSON:setUpClass): 200 GET http://10.180.1.21/compute/v2.1/servers/212b862f-9465-4c6d-95bc-acf2a4153e73 0.122s
2025-02-04 20:58:50.092 64338 INFO tempest.lib.common.rest_client [req-ce5ea5db-9d8a-41ce-bd7c-39a50e83168b req-ce5ea5db-9d8a-41ce-bd7c-39a50e83168b ] Request (ServerMetadataTestJSON:setUpClass): 200 GET http://10.180.1.21/compute/v2.1/servers/a5f14d13-841b-4ba3-a6f5-033493a3c501 0.058s
2025-02-04 20:58:50.139 64314 INFO tempest.lib.common.rest_client [req-6e295516-b1e2-4308-b8bc-1174b7cad964 req-6e295516-b1e2-4308-b8bc-1174b7cad964 ] Request (MigrationsAdminTest:test_resize_server_revert_deleted_flavor): 200 GET http://10.180.1.21/compute/v2.1/servers/1bd00407-c66a-4218-9b38-8e25a676d9e8 0.058s
2025-02-04 20:58:50.172 64357 INFO tempest.lib.common.rest_client [req-86545985-ba02-496a-8a64-8d7b32d4bbec req-86545985-ba02-496a-8a64-8d7b32d4bbec ] Request (ServersTestBootFromVolume:setUpClass): 200 GET http://10.180.1.21/compute/v2.1/servers/d7cbdf83-f819-4645-b049-72ab880c27cc 0.112s
2025-02-04 20:58:50.179 64357 INFO tempest.common.waiters [-] State transition "BUILD/spawning" ==> "ACTIVE/None" after 76 second wait
2025-02-04 20:58:50.250 64357 INFO tempest.lib.common.rest_client [req-25646723-510f-4c02-aa1b-8f02108c5cb2 req-25646723-510f-4c02-aa1b-8f02108c5cb2 ] Request (ServersTestBootFromVolume:setUpClass): 200 GET http://10.180.1.21/compute/v2.1/servers/d7cbdf83-f819-4645-b049-72ab880c27cc/os-interface 0.071s
2025-02-04 20:58:50.291 64296 INFO tempest.lib.common.rest_client [req-82ffef9b-0a0a-4b20-8073-b41ed1259497 req-82ffef9b-0a0a-4b20-8073-b41ed1259497 ] Request (ServerShowV247Test:test_update_rebuild_list_server): 200 GET http://10.180.1.21/compute/v2.1/servers/6b09db4b-dcaf-4d47-a7fc-6282db643d96 0.055s
2025-02-04 20:58:50.320 64344 INFO tempest.lib.common.rest_client [req-cd9c7a24-094d-4149-8323-0dfcb2c38a40 req-cd9c7a24-094d-4149-8323-0dfcb2c38a40 ] Request (ServerAddressesNegativeTestJSON:tearDownClass): 200 GET http://10.180.1.21/compute/v2.1/servers/5d74cad0-f593-40c2-9f07-8b7f5d9cecc0 0.069s
2025-02-04 20:58:50.337 64326 INFO tempest.lib.common.rest_client [req-ff39e511-82da-4cf2-aa84-56fc1b3329c7 req-ff39e511-82da-4cf2-aa84-56fc1b3329c7 ] Request (DeleteServersTestJSON:test_delete_server_while_in_attached_volume): 200 GET http://10.180.1.21/compute/v2.1/servers/14ea5a03-0092-46e9-8f77-15bc4fcb6cd7 0.055s
2025-02-04 20:58:50.380 64334 INFO tempest.lib.common.rest_client [req-1a60e7dd-96c8-4f65-9503-da6cb2efd16f req-1a60e7dd-96c8-4f65-9503-da6cb2efd16f ] Request (ServerRescueNegativeTestJSON:test_rescued_vm_detach_volume): 200 GET http://10.180.1.21/compute/v2.1/servers/856df6f6-29c9-42bc-99b9-f0f7ba4c22ca 0.075s
2025-02-04 20:58:50.458 64354 INFO tempest.lib.common.rest_client [req-caced67b-01d4-43c6-82d7-09a2eedbf6c1 req-caced67b-01d4-43c6-82d7-09a2eedbf6c1 ] Request (ListImageFiltersTestJSON:tearDownClass): 200 GET http://10.180.1.21/compute/v2.1/servers/4b1eb7c1-f17a-40d4-99bf-b1c0f86e88c8 0.065s
2025-02-04 20:58:50.580 64322 INFO tempest.lib.common.rest_client [req-9e09c9c4-6e94-415d-8819-2dd63e9cfe72 req-9e09c9c4-6e94-415d-8819-2dd63e9cfe72 ] Request (DeleteServersAdminTestJSON:test_delete_server_while_in_error_state): 200 GET http://10.180.1.21/compute/v2.1/servers/62524c8a-ec79-4e50-8945-578bea8ec22c 0.068s
2025-02-04 20:58:50.633 64306 INFO tempest.lib.common.rest_client [req-51d9c193-9e40-4489-97bf-6f59d6df8cbe req-51d9c193-9e40-4489-97bf-6f59d6df8cbe ] Request (ServerDiagnosticsNegativeTest:test_get_server_diagnostics_by_non_admin): 200 GET http://10.180.1.21/compute/v2.1/servers/2780b129-725e-4444-ac6f-98ef00cef77c 0.213s
2025-02-04 20:58:50.680 64300 INFO tempest.lib.common.rest_client [req-39bcca87-2836-498c-b225-446160753e81 req-39bcca87-2836-498c-b225-446160753e81 ] Request (ServerMetadataNegativeTestJSON:setUpClass): 200 GET http://10.180.1.21/compute/v2.1/servers/07c5066a-6822-4eb5-a5d9-9794d9d6fb4b 0.114s
2025-02-04 20:58:50.718 64358 INFO tempest.lib.common.rest_client [req-8377d248-3eee-425c-94e8-834a90f2babd req-8377d248-3eee-425c-94e8-834a90f2babd ] Request (ServersTestMultiNic:_run_cleanups): 200 GET http://10.180.1.21/compute/v2.1/servers/e777dc00-4bd3-4f7f-96fa-d5707d45f0a2 0.165s
2025-02-04 20:58:50.739 64302 INFO tempest.lib.common.rest_client [req-0453103a-0b87-4a56-9ca9-2c4e63836d2a req-0453103a-0b87-4a56-9ca9-2c4e63836d2a ] Request (SecurityGroupsTestJSON:test_list_security_groups_by_server): 200 GET http://10.180.1.21/compute/v2.1/servers/4f6a15cb-714e-4fbc-a84d-2783b3bcdf34 0.121s
2025-02-04 20:58:50.774 64346 INFO tempest.lib.common.rest_client [req-439db44d-7487-4eb1-a4ea-c36d01141c18 req-439db44d-7487-4eb1-a4ea-c36d01141c18 ] Request (ImagesTestJSON:test_create_image_from_suspended_server): 200 GET http://10.180.1.21/compute/v2.1/images/ac687e7f-b7fa-499d-81f1-8970d200b0e5 0.123s
2025-02-04 20:58:50.792 64312 INFO tempest.lib.common.rest_client [req-0adf3026-52eb-42aa-b59a-01dd7a03e5a8 req-0adf3026-52eb-42aa-b59a-01dd7a03e5a8 ] Request (MultipleCreateTestJSON:_run_cleanups): 200 GET http://10.180.1.21/compute/v2.1/servers/d87099f3-6484-44fb-9c6d-a6d198f46167 0.171s
2025-02-04 20:58:50.840 64310 INFO tempest.lib.common.rest_client [req-3d99853b-c1fd-4a8e-9279-bf654eaf49e4 req-3d99853b-c1fd-4a8e-9279-bf654eaf49e4 ] Request (ServersWithSpecificFlavorTestJSON:test_verify_created_server_ephemeral_disk): 200 GET http://10.180.1.21/compute/v2.1/servers/d62e50ec-7c22-4c38-bddd-66148aa73dda 0.178s
2025-02-04 20:58:50.880 64340 INFO tempest.lib.common.rest_client [req-d81f829e-9681-4c5e-aca1-9e96ed394e0e req-d81f829e-9681-4c5e-aca1-9e96ed394e0e ] Request (FloatingIPsAssociationTestJSON:test_associate_already_associated_floating_ip): 200 GET http://10.180.1.21/compute/v2.1/servers/1a99f453-b18c-4191-b80d-e769aa3742ba 0.175s
2025-02-04 20:58:50.889 64316 INFO tempest.lib.common.rest_client [req-f5eecff4-453e-4fd4-a8a9-df3ee2dda7b0 req-f5eecff4-453e-4fd4-a8a9-df3ee2dda7b0 ] Request (ImagesOneServerTestJSON:setUpClass): 200 GET http://10.180.1.21/compute/v2.1/servers/220d5470-3918-4841-8077-a06a1d463474 0.159s
2025-02-04 20:58:50.926 64298 INFO tempest.lib.common.rest_client [req-c077fc2a-f6ff-423b-991d-7431774b2003 req-c077fc2a-f6ff-423b-991d-7431774b2003 ] Request (ListServerFiltersTestJSON:setUpClass): 200 GET http://10.180.1.21/compute/v2.1/servers/80eb9e3b-68e6-4261-ab69-e8654627607f 0.168s
2025-02-04 20:58:50.945 64336 INFO tempest.lib.common.rest_client [req-b80aaa51-7deb-4482-a163-9b190945cfd7 req-b80aaa51-7deb-4482-a163-9b190945cfd7 ] Request (ServersAdminNegativeTestJSON:test_migrate_server_invalid_state): 200 GET http://10.180.1.21/compute/v2.1/servers/d3824db3-b570-4a81-a6eb-580b2da057a9 0.157s
2025-02-04 20:58:50.973 64332 INFO tempest.lib.common.rest_client [req-3baaf517-c024-4c2b-8f5f-72a5375db70e req-3baaf517-c024-4c2b-8f5f-72a5375db70e ] Request (ServersAdminTestJSON:test_inject_network_info): 200 GET http://10.180.1.21/compute/v2.1/servers/42d2e289-435f-47df-ae33-b003b319135a 0.148s
2025-02-04 20:58:51.003 64357 INFO tempest.lib.common.rest_client [req-6791ccef-2b61-4ec1-b114-996693e10874 req-6791ccef-2b61-4ec1-b114-996693e10874 ] Request (ServersTestBootFromVolume:setUpClass): 200 PUT http://10.180.1.21:9696/networking/v2.0/floatingips/5f51dadf-8df2-4298-afeb-cade6fb0936d 0.750s
2025-02-04 20:58:51.004 64304 INFO tempest.lib.common.rest_client [req-c362b66a-b1e1-42be-bc9d-acfd05485d58 req-c362b66a-b1e1-42be-bc9d-acfd05485d58 ] Request (InstanceActionsTestJSON:tearDownClass): 200 GET http://10.180.1.21/compute/v2.1/servers/69d4167b-86a8-4938-a52d-dfd27bf0dce4 0.105s
2025-02-04 20:58:51.073 64320 INFO tempest.lib.common.rest_client [req-55282c1f-fc0c-4a88-9fee-d2a23caf188e req-55282c1f-fc0c-4a88-9fee-d2a23caf188e ] Request (ServersNegativeTestJSON:setUpClass): 200 GET http://10.180.1.21/compute/v2.1/servers/212b862f-9465-4c6d-95bc-acf2a4153e73 0.110s
2025-02-04 20:58:51.117 64357 INFO tempest.lib.common.rest_client [req-bf99a733-8afd-41a2-9737-6ee26e32b8f7 req-bf99a733-8afd-41a2-9737-6ee26e32b8f7 ] Request (ServersTestBootFromVolume:setUpClass): 200 GET http://10.180.1.21/compute/v2.1/servers/d7cbdf83-f819-4645-b049-72ab880c27cc 0.113s
2025-02-04 20:58:51.127 64357 INFO tempest.lib.common.ssh [-] Creating ssh connection to '10.180.180.141:22' as 'cirros' with public key authentication
2025-02-04 20:58:51.153 64338 INFO tempest.lib.common.rest_client [req-f63431c4-44f2-4bcf-82a1-f7dea799b5c4 req-f63431c4-44f2-4bcf-82a1-f7dea799b5c4 ] Request (ServerMetadataTestJSON:setUpClass): 200 GET http://10.180.1.21/compute/v2.1/servers/a5f14d13-841b-4ba3-a6f5-033493a3c501 0.053s
2025-02-04 20:58:51.197 64314 INFO tempest.lib.common.rest_client [req-414ff25a-1566-4b24-8577-1d5bc1018f61 req-414ff25a-1566-4b24-8577-1d5bc1018f61 ] Request (MigrationsAdminTest:test_resize_server_revert_deleted_flavor): 200 GET http://10.180.1.21/compute/v2.1/servers/1bd00407-c66a-4218-9b38-8e25a676d9e8 0.050s
2025-02-04 20:58:51.305 64352 WARNING tempest.lib.common.ssh [-] Failed to establish authenticated ssh connection to cirros@10.180.180.224 ([Errno None] Unable to connect to port 22 on 10.180.180.224). Number attempts: 8. Retry after 9 seconds.: paramiko.ssh_exception.NoValidConnectionsError: [Errno None] Unable to connect to port 22 on 10.180.180.224
2025-02-04 20:58:51.355 64296 INFO tempest.lib.common.rest_client [req-d8f463e3-d314-4cb7-88d2-7cf6ac5a1018 req-d8f463e3-d314-4cb7-88d2-7cf6ac5a1018 ] Request (ServerShowV247Test:test_update_rebuild_list_server): 200 GET http://10.180.1.21/compute/v2.1/servers/6b09db4b-dcaf-4d47-a7fc-6282db643d96 0.050s
2025-02-04 20:58:51.384 64344 INFO tempest.lib.common.rest_client [req-658dce14-4919-4f29-906b-9a03a625f72c req-658dce14-4919-4f29-906b-9a03a625f72c ] Request (ServerAddressesNegativeTestJSON:tearDownClass): 200 GET http://10.180.1.21/compute/v2.1/servers/5d74cad0-f593-40c2-9f07-8b7f5d9cecc0 0.056s
2025-02-04 20:58:51.392 64344 INFO tempest.common.waiters [-] State transition "ACTIVE/deleting" ==> "DELETED/None" after 3 second wait
2025-02-04 20:58:51.407 64326 INFO tempest.lib.common.rest_client [req-10d36fde-de07-47ed-8c53-9e870620a517 req-10d36fde-de07-47ed-8c53-9e870620a517 ] Request (DeleteServersTestJSON:test_delete_server_while_in_attached_volume): 200 GET http://10.180.1.21/compute/v2.1/servers/14ea5a03-0092-46e9-8f77-15bc4fcb6cd7 0.062s
2025-02-04 20:58:51.439 64334 INFO tempest.lib.common.rest_client [req-d30e3737-a78b-4e94-aefb-a54ade35ecd2 req-d30e3737-a78b-4e94-aefb-a54ade35ecd2 ] Request (ServerRescueNegativeTestJSON:test_rescued_vm_detach_volume): 200 GET http://10.180.1.21/compute/v2.1/servers/856df6f6-29c9-42bc-99b9-f0f7ba4c22ca 0.051s
2025-02-04 20:58:51.530 64354 INFO tempest.lib.common.rest_client [req-19ad4395-952d-42f9-a36f-59f92d8527bc req-19ad4395-952d-42f9-a36f-59f92d8527bc ] Request (ListImageFiltersTestJSON:tearDownClass): 200 GET http://10.180.1.21/compute/v2.1/servers/4b1eb7c1-f17a-40d4-99bf-b1c0f86e88c8 0.064s
2025-02-04 20:58:51.662 64322 INFO tempest.lib.common.rest_client [req-0df6a620-cef7-4a35-8282-91773277f0dc req-0df6a620-cef7-4a35-8282-91773277f0dc ] Request (DeleteServersAdminTestJSON:test_delete_server_while_in_error_state): 200 GET http://10.180.1.21/compute/v2.1/servers/62524c8a-ec79-4e50-8945-578bea8ec22c 0.074s
2025-02-04 20:58:51.710 64306 INFO tempest.lib.common.rest_client [req-f93b2514-af36-4430-b37b-3598752eea98 req-f93b2514-af36-4430-b37b-3598752eea98 ] Request (ServerDiagnosticsNegativeTest:test_get_server_diagnostics_by_non_admin): 200 GET http://10.180.1.21/compute/v2.1/servers/2780b129-725e-4444-ac6f-98ef00cef77c 0.068s
2025-02-04 20:58:51.753 64300 INFO tempest.lib.common.rest_client [req-1deed12d-8c56-4fa3-81be-afed71fa02b2 req-1deed12d-8c56-4fa3-81be-afed71fa02b2 ] Request (ServerMetadataNegativeTestJSON:setUpClass): 200 GET http://10.180.1.21/compute/v2.1/servers/07c5066a-6822-4eb5-a5d9-9794d9d6fb4b 0.064s
2025-02-04 20:58:51.760 64300 INFO tempest.common.waiters [-] State transition "BUILD/scheduling" ==> "BUILD/None" after 47 second wait
2025-02-04 20:58:51.794 64358 INFO tempest.lib.common.rest_client [req-2bab68e4-c830-4672-bc07-67938955fb74 req-2bab68e4-c830-4672-bc07-67938955fb74 ] Request (ServersTestMultiNic:_run_cleanups): 200 GET http://10.180.1.21/compute/v2.1/servers/e777dc00-4bd3-4f7f-96fa-d5707d45f0a2 0.065s
2025-02-04 20:58:51.808 64302 INFO tempest.lib.common.rest_client [req-4014cbc8-0823-4700-86bc-6ba71e5bd345 req-4014cbc8-0823-4700-86bc-6ba71e5bd345 ] Request (SecurityGroupsTestJSON:test_list_security_groups_by_server): 200 GET http://10.180.1.21/compute/v2.1/servers/4f6a15cb-714e-4fbc-a84d-2783b3bcdf34 0.059s
2025-02-04 20:58:51.832 64346 INFO tempest.lib.common.rest_client [req-81f67eb7-3099-4ee3-8859-00c23eb04132 req-81f67eb7-3099-4ee3-8859-00c23eb04132 ] Request (ImagesTestJSON:test_create_image_from_suspended_server): 200 GET http://10.180.1.21/compute/v2.1/images/ac687e7f-b7fa-499d-81f1-8970d200b0e5 0.054s
2025-02-04 20:58:51.878 64312 INFO tempest.lib.common.rest_client [req-f14bb73b-d7c5-468a-abea-8d965eaf38e2 req-f14bb73b-d7c5-468a-abea-8d965eaf38e2 ] Request (MultipleCreateTestJSON:_run_cleanups): 200 GET http://10.180.1.21/compute/v2.1/servers/d87099f3-6484-44fb-9c6d-a6d198f46167 0.076s
2025-02-04 20:58:51.906 64310 INFO tempest.lib.common.rest_client [req-121deb3d-d58b-4e36-9753-0ae849bcc7cc req-121deb3d-d58b-4e36-9753-0ae849bcc7cc ] Request (ServersWithSpecificFlavorTestJSON:test_verify_created_server_ephemeral_disk): 200 GET http://10.180.1.21/compute/v2.1/servers/d62e50ec-7c22-4c38-bddd-66148aa73dda 0.055s
2025-02-04 20:58:51.944 64340 INFO tempest.lib.common.rest_client [req-48145eb3-e149-4203-9b7a-730eb4af0f63 req-48145eb3-e149-4203-9b7a-730eb4af0f63 ] Request (FloatingIPsAssociationTestJSON:test_associate_already_associated_floating_ip): 200 GET http://10.180.1.21/compute/v2.1/servers/1a99f453-b18c-4191-b80d-e769aa3742ba 0.054s
2025-02-04 20:58:51.992 64298 INFO tempest.lib.common.rest_client [req-d086ae78-50a0-4cfe-b844-a627258fe923 req-d086ae78-50a0-4cfe-b844-a627258fe923 ] Request (ListServerFiltersTestJSON:setUpClass): 200 GET http://10.180.1.21/compute/v2.1/servers/80eb9e3b-68e6-4261-ab69-e8654627607f 0.057s
2025-02-04 20:58:52.042 64336 INFO tempest.lib.common.rest_client [req-3328603a-494a-425d-a480-5726e650d383 req-3328603a-494a-425d-a480-5726e650d383 ] Request (ServersAdminNegativeTestJSON:test_migrate_server_invalid_state): 200 GET http://10.180.1.21/compute/v2.1/servers/d3824db3-b570-4a81-a6eb-580b2da057a9 0.090s
2025-02-04 20:58:52.088 64332 INFO tempest.lib.common.rest_client [req-9adafe25-4618-4b79-8c23-e5369dd35aad req-9adafe25-4618-4b79-8c23-e5369dd35aad ] Request (ServersAdminTestJSON:test_inject_network_info): 200 GET http://10.180.1.21/compute/v2.1/servers/42d2e289-435f-47df-ae33-b003b319135a 0.107s
2025-02-04 20:58:52.159 64304 INFO tempest.lib.common.rest_client [req-8ad5e828-e4ce-4ef9-bb65-e477850ff7da req-8ad5e828-e4ce-4ef9-bb65-e477850ff7da ] Request (InstanceActionsTestJSON:tearDownClass): 200 GET http://10.180.1.21/compute/v2.1/servers/69d4167b-86a8-4938-a52d-dfd27bf0dce4 0.147s
2025-02-04 20:58:52.191 64316 INFO tempest.lib.common.rest_client [req-8ccc26d2-aca2-4d62-8583-b9273d15021f req-8ccc26d2-aca2-4d62-8583-b9273d15021f ] Request (ImagesOneServerTestJSON:setUpClass): 200 GET http://10.180.1.21/compute/v2.1/servers/220d5470-3918-4841-8077-a06a1d463474 0.294s
