2025-02-04 20:58:52.238 64338 INFO tempest.lib.common.rest_client [req-b759cf78-bda9-4852-be23-bf8d4540f44d req-b759cf78-bda9-4852-be23-bf8d4540f44d ] Request (ServerMetadataTestJSON:setUpClass): 200 GET http://10.180.1.21/compute/v2.1/servers/a5f14d13-841b-4ba3-a6f5-033493a3c501 0.077s
2025-02-04 20:58:52.287 64314 INFO tempest.lib.common.rest_client [req-4f9cf4ea-25ab-4542-9223-19d5ecf16c8f req-4f9cf4ea-25ab-4542-9223-19d5ecf16c8f ] Request (MigrationsAdminTest:test_resize_server_revert_deleted_flavor): 200 GET http://10.180.1.21/compute/v2.1/servers/1bd00407-c66a-4218-9b38-8e25a676d9e8 0.078s
2025-02-04 20:58:52.294 64320 INFO tempest.lib.common.rest_client [req-781f2ce7-544d-4564-a3c7-517081545b02 req-781f2ce7-544d-4564-a3c7-517081545b02 ] Request (ServersNegativeTestJSON:setUpClass): 200 GET http://10.180.1.21/compute/v2.1/servers/212b862f-9465-4c6d-95bc-acf2a4153e73 0.213s
2025-02-04 20:58:52.418 64296 INFO tempest.lib.common.rest_client [req-7831c172-c965-4df7-b40d-62ce807342f1 req-7831c172-c965-4df7-b40d-62ce807342f1 ] Request (ServerShowV247Test:test_update_rebuild_list_server): 200 GET http://10.180.1.21/compute/v2.1/servers/6b09db4b-dcaf-4d47-a7fc-6282db643d96 0.054s
2025-02-04 20:58:52.451 64344 INFO tempest.lib.common.rest_client [req-a1101e65-ae93-446a-bc91-ff13fca53bea req-a1101e65-ae93-446a-bc91-ff13fca53bea ] Request (ServerAddressesNegativeTestJSON:tearDownClass): 200 GET http://10.180.1.21/compute/v2.1/servers/5d74cad0-f593-40c2-9f07-8b7f5d9cecc0 0.057s
2025-02-04 20:58:52.464 64326 INFO tempest.lib.common.rest_client [req-0519e89b-1d68-4a2c-a298-d910ed901307 req-0519e89b-1d68-4a2c-a298-d910ed901307 ] Request (DeleteServersTestJSON:test_delete_server_while_in_attached_volume): 200 GET http://10.180.1.21/compute/v2.1/servers/14ea5a03-0092-46e9-8f77-15bc4fcb6cd7 0.050s
2025-02-04 20:58:52.496 64334 INFO tempest.lib.common.rest_client [req-afb2ab9d-9e76-4323-8f13-c41777ca5c14 req-afb2ab9d-9e76-4323-8f13-c41777ca5c14 ] Request (ServerRescueNegativeTestJSON:test_rescued_vm_detach_volume): 200 GET http://10.180.1.21/compute/v2.1/servers/856df6f6-29c9-42bc-99b9-f0f7ba4c22ca 0.048s
2025-02-04 20:58:52.603 64354 INFO tempest.lib.common.rest_client [req-71a0fcea-c55a-46b4-8073-20ba3db0f9f2 req-71a0fcea-c55a-46b4-8073-20ba3db0f9f2 ] Request (ListImageFiltersTestJSON:tearDownClass): 200 GET http://10.180.1.21/compute/v2.1/servers/4b1eb7c1-f17a-40d4-99bf-b1c0f86e88c8 0.060s
2025-02-04 20:58:52.650 64328 WARNING tempest.lib.common.ssh [-] Failed to establish authenticated ssh connection to cirros@10.180.180.128 ([Errno None] Unable to connect to port 22 on 10.180.180.128). Number attempts: 12. Retry after 13 seconds.: paramiko.ssh_exception.NoValidConnectionsError: [Errno None] Unable to connect to port 22 on 10.180.180.128
2025-02-04 20:58:52.729 64322 INFO tempest.lib.common.rest_client [req-1b8ac0c9-9d13-4603-ad2a-1fe5e46601b9 req-1b8ac0c9-9d13-4603-ad2a-1fe5e46601b9 ] Request (DeleteServersAdminTestJSON:test_delete_server_while_in_error_state): 200 GET http://10.180.1.21/compute/v2.1/servers/62524c8a-ec79-4e50-8945-578bea8ec22c 0.060s
2025-02-04 20:58:52.787 64306 INFO tempest.lib.common.rest_client [req-9e7ebfe8-8864-4e72-8390-ac1e8647fc7d req-9e7ebfe8-8864-4e72-8390-ac1e8647fc7d ] Request (ServerDiagnosticsNegativeTest:test_get_server_diagnostics_by_non_admin): 200 GET http://10.180.1.21/compute/v2.1/servers/2780b129-725e-4444-ac6f-98ef00cef77c 0.067s
2025-02-04 20:58:52.810 64300 INFO tempest.lib.common.rest_client [req-11a3afdf-23e2-4f1f-b8bc-aacce9cc09a3 req-11a3afdf-23e2-4f1f-b8bc-aacce9cc09a3 ] Request (ServerMetadataNegativeTestJSON:setUpClass): 200 GET http://10.180.1.21/compute/v2.1/servers/07c5066a-6822-4eb5-a5d9-9794d9d6fb4b 0.049s
2025-02-04 20:58:52.854 64358 INFO tempest.lib.common.rest_client [req-431111b1-b95e-4da4-88b0-fe70691aac69 req-431111b1-b95e-4da4-88b0-fe70691aac69 ] Request (ServersTestMultiNic:_run_cleanups): 200 GET http://10.180.1.21/compute/v2.1/servers/e777dc00-4bd3-4f7f-96fa-d5707d45f0a2 0.052s
2025-02-04 20:58:52.861 64358 INFO tempest.common.waiters [-] State transition "ACTIVE/deleting" ==> "DELETED/None" after 4 second wait
2025-02-04 20:58:52.864 64302 INFO tempest.lib.common.rest_client [req-34666a89-b0fe-4831-ac6c-45daf2d1a2da req-34666a89-b0fe-4831-ac6c-45daf2d1a2da ] Request (SecurityGroupsTestJSON:test_list_security_groups_by_server): 200 GET http://10.180.1.21/compute/v2.1/servers/4f6a15cb-714e-4fbc-a84d-2783b3bcdf34 0.047s
2025-02-04 20:58:52.890 64346 INFO tempest.lib.common.rest_client [req-c5516f5f-a811-427f-8774-0a10381de270 req-c5516f5f-a811-427f-8774-0a10381de270 ] Request (ImagesTestJSON:test_create_image_from_suspended_server): 200 GET http://10.180.1.21/compute/v2.1/images/ac687e7f-b7fa-499d-81f1-8970d200b0e5 0.054s
2025-02-04 20:58:52.937 64312 INFO tempest.lib.common.rest_client [req-a680f567-3f87-4785-afb7-c5a578a4f8eb req-a680f567-3f87-4785-afb7-c5a578a4f8eb ] Request (MultipleCreateTestJSON:_run_cleanups): 200 GET http://10.180.1.21/compute/v2.1/servers/d87099f3-6484-44fb-9c6d-a6d198f46167 0.051s
2025-02-04 20:58:52.966 64310 INFO tempest.lib.common.rest_client [req-1537d878-a6c6-47d5-b362-47dd11a8004f req-1537d878-a6c6-47d5-b362-47dd11a8004f ] Request (ServersWithSpecificFlavorTestJSON:test_verify_created_server_ephemeral_disk): 200 GET http://10.180.1.21/compute/v2.1/servers/d62e50ec-7c22-4c38-bddd-66148aa73dda 0.051s
2025-02-04 20:58:52.998 64340 INFO tempest.lib.common.rest_client [req-af97fc70-f0e5-4955-af61-c0c7534cac50 req-af97fc70-f0e5-4955-af61-c0c7534cac50 ] Request (FloatingIPsAssociationTestJSON:test_associate_already_associated_floating_ip): 200 GET http://10.180.1.21/compute/v2.1/servers/1a99f453-b18c-4191-b80d-e769aa3742ba 0.047s
2025-02-04 20:58:53.050 64298 INFO tempest.lib.common.rest_client [req-9a639fd0-e909-4a72-b9d2-e74a9a45fb1a req-9a639fd0-e909-4a72-b9d2-e74a9a45fb1a ] Request (ListServerFiltersTestJSON:setUpClass): 200 GET http://10.180.1.21/compute/v2.1/servers/80eb9e3b-68e6-4261-ab69-e8654627607f 0.049s
2025-02-04 20:58:53.102 64336 INFO tempest.lib.common.rest_client [req-1ef1563a-a756-484b-a8d4-7744c9a652e2 req-1ef1563a-a756-484b-a8d4-7744c9a652e2 ] Request (ServersAdminNegativeTestJSON:test_migrate_server_invalid_state): 200 GET http://10.180.1.21/compute/v2.1/servers/d3824db3-b570-4a81-a6eb-580b2da057a9 0.051s
2025-02-04 20:58:53.142 64332 INFO tempest.lib.common.rest_client [req-b708fdba-2f5d-43db-a702-fd2ddbb06a14 req-b708fdba-2f5d-43db-a702-fd2ddbb06a14 ] Request (ServersAdminTestJSON:test_inject_network_info): 200 GET http://10.180.1.21/compute/v2.1/servers/42d2e289-435f-47df-ae33-b003b319135a 0.046s
2025-02-04 20:58:53.220 64304 INFO tempest.lib.common.rest_client [req-2e6a5092-ed4c-4f9f-be45-18f3fcc97517 req-2e6a5092-ed4c-4f9f-be45-18f3fcc97517 ] Request (InstanceActionsTestJSON:tearDownClass): 200 GET http://10.180.1.21/compute/v2.1/servers/69d4167b-86a8-4938-a52d-dfd27bf0dce4 0.052s
2025-02-04 20:58:53.248 64316 INFO tempest.lib.common.rest_client [req-a98a42b7-c8c2-495a-9f2f-9fdc7116ed77 req-a98a42b7-c8c2-495a-9f2f-9fdc7116ed77 ] Request (ImagesOneServerTestJSON:setUpClass): 200 GET http://10.180.1.21/compute/v2.1/servers/220d5470-3918-4841-8077-a06a1d463474 0.046s
2025-02-04 20:58:53.295 64338 INFO tempest.lib.common.rest_client [req-3af78343-4c2b-4df8-b263-0ed07b3c3238 req-3af78343-4c2b-4df8-b263-0ed07b3c3238 ] Request (ServerMetadataTestJSON:setUpClass): 200 GET http://10.180.1.21/compute/v2.1/servers/a5f14d13-841b-4ba3-a6f5-033493a3c501 0.048s
2025-02-04 20:58:53.342 64314 INFO tempest.lib.common.rest_client [req-9b763ac3-015a-4bca-a195-d7d662d2de4b req-9b763ac3-015a-4bca-a195-d7d662d2de4b ] Request (MigrationsAdminTest:test_resize_server_revert_deleted_flavor): 200 GET http://10.180.1.21/compute/v2.1/servers/1bd00407-c66a-4218-9b38-8e25a676d9e8 0.048s
2025-02-04 20:58:53.387 64320 INFO tempest.lib.common.rest_client [req-ca99cc2b-dd6f-43a7-9e34-bf53e0745be7 req-ca99cc2b-dd6f-43a7-9e34-bf53e0745be7 ] Request (ServersNegativeTestJSON:setUpClass): 200 GET http://10.180.1.21/compute/v2.1/servers/212b862f-9465-4c6d-95bc-acf2a4153e73 0.086s
2025-02-04 20:58:53.477 64296 INFO tempest.lib.common.rest_client [req-dda98448-37b9-41a7-9c89-e41d5ed399a5 req-dda98448-37b9-41a7-9c89-e41d5ed399a5 ] Request (ServerShowV247Test:test_update_rebuild_list_server): 200 GET http://10.180.1.21/compute/v2.1/servers/6b09db4b-dcaf-4d47-a7fc-6282db643d96 0.049s
2025-02-04 20:58:53.510 64344 INFO tempest.lib.common.rest_client [req-b9467104-fe2d-4821-819f-9aa070e60416 req-b9467104-fe2d-4821-819f-9aa070e60416 ] Request (ServerAddressesNegativeTestJSON:tearDownClass): 200 GET http://10.180.1.21/compute/v2.1/servers/5d74cad0-f593-40c2-9f07-8b7f5d9cecc0 0.051s
2025-02-04 20:58:53.518 64326 INFO tempest.lib.common.rest_client [req-c9f76bb1-f2c1-414b-973e-16f19aaba047 req-c9f76bb1-f2c1-414b-973e-16f19aaba047 ] Request (DeleteServersTestJSON:test_delete_server_while_in_attached_volume): 200 GET http://10.180.1.21/compute/v2.1/servers/14ea5a03-0092-46e9-8f77-15bc4fcb6cd7 0.046s
2025-02-04 20:58:53.553 64334 INFO tempest.lib.common.rest_client [req-0af0a89e-9f5c-4bc7-82c8-a5a9f67df440 req-0af0a89e-9f5c-4bc7-82c8-a5a9f67df440 ] Request (ServerRescueNegativeTestJSON:test_rescued_vm_detach_volume): 200 GET http://10.180.1.21/compute/v2.1/servers/856df6f6-29c9-42bc-99b9-f0f7ba4c22ca 0.049s
2025-02-04 20:58:53.667 64354 INFO tempest.lib.common.rest_client [req-94a03ee9-3b8a-4ed4-b77b-25fb8da728f8 req-94a03ee9-3b8a-4ed4-b77b-25fb8da728f8 ] Request (ListImageFiltersTestJSON:tearDownClass): 200 GET http://10.180.1.21/compute/v2.1/servers/4b1eb7c1-f17a-40d4-99bf-b1c0f86e88c8 0.057s
2025-02-04 20:58:53.805 64318 WARNING tempest.lib.common.ssh [-] Failed to establish authenticated ssh connection to cirros@10.180.180.225 ([Errno None] Unable to connect to port 22 on 10.180.180.225). Number attempts: 5. Retry after 6 seconds.: paramiko.ssh_exception.NoValidConnectionsError: [Errno None] Unable to connect to port 22 on 10.180.180.225
2025-02-04 20:58:53.805 64322 INFO tempest.lib.common.rest_client [req-68ee8045-bcad-44bb-98a7-e27dbb00c33f req-68ee8045-bcad-44bb-98a7-e27dbb00c33f ] Request (DeleteServersAdminTestJSON:test_delete_server_while_in_error_state): 200 GET http://10.180.1.21/compute/v2.1/servers/62524c8a-ec79-4e50-8945-578bea8ec22c 0.069s
2025-02-04 20:58:53.848 64306 INFO tempest.lib.common.rest_client [req-a4aee701-3f49-4fcf-b2cd-4df544e1b88d req-a4aee701-3f49-4fcf-b2cd-4df544e1b88d ] Request (ServerDiagnosticsNegativeTest:test_get_server_diagnostics_by_non_admin): 200 GET http://10.180.1.21/compute/v2.1/servers/2780b129-725e-4444-ac6f-98ef00cef77c 0.053s
2025-02-04 20:58:53.867 64300 INFO tempest.lib.common.rest_client [req-65b51c35-141e-47b8-b79a-e7ced8eac0ee req-65b51c35-141e-47b8-b79a-e7ced8eac0ee ] Request (ServerMetadataNegativeTestJSON:setUpClass): 200 GET http://10.180.1.21/compute/v2.1/servers/07c5066a-6822-4eb5-a5d9-9794d9d6fb4b 0.050s
2025-02-04 20:58:53.918 64358 INFO tempest.lib.common.rest_client [req-133b18cf-020d-4710-926a-89f428b21b8d req-133b18cf-020d-4710-926a-89f428b21b8d ] Request (ServersTestMultiNic:_run_cleanups): 200 GET http://10.180.1.21/compute/v2.1/servers/e777dc00-4bd3-4f7f-96fa-d5707d45f0a2 0.055s
2025-02-04 20:58:53.920 64302 INFO tempest.lib.common.rest_client [req-fb627ac8-986f-4b8d-b813-57e1a895ab3b req-fb627ac8-986f-4b8d-b813-57e1a895ab3b ] Request (SecurityGroupsTestJSON:test_list_security_groups_by_server): 200 GET http://10.180.1.21/compute/v2.1/servers/4f6a15cb-714e-4fbc-a84d-2783b3bcdf34 0.047s
2025-02-04 20:58:53.947 64346 INFO tempest.lib.common.rest_client [req-829b919c-25e7-4c25-be80-676a01ec5175 req-829b919c-25e7-4c25-be80-676a01ec5175 ] Request (ImagesTestJSON:test_create_image_from_suspended_server): 200 GET http://10.180.1.21/compute/v2.1/images/ac687e7f-b7fa-499d-81f1-8970d200b0e5 0.053s
2025-02-04 20:58:53.999 64312 INFO tempest.lib.common.rest_client [req-0b726d0a-0c20-410b-bed6-3c22effdf0ae req-0b726d0a-0c20-410b-bed6-3c22effdf0ae ] Request (MultipleCreateTestJSON:_run_cleanups): 200 GET http://10.180.1.21/compute/v2.1/servers/d87099f3-6484-44fb-9c6d-a6d198f46167 0.054s
2025-02-04 20:58:54.022 64310 INFO tempest.lib.common.rest_client [req-0df54f1f-4b26-42c6-8d80-ebab44bd1408 req-0df54f1f-4b26-42c6-8d80-ebab44bd1408 ] Request (ServersWithSpecificFlavorTestJSON:test_verify_created_server_ephemeral_disk): 200 GET http://10.180.1.21/compute/v2.1/servers/d62e50ec-7c22-4c38-bddd-66148aa73dda 0.048s
2025-02-04 20:58:54.052 64340 INFO tempest.lib.common.rest_client [req-15ae6b26-93d1-425d-8a05-348d0f190228 req-15ae6b26-93d1-425d-8a05-348d0f190228 ] Request (FloatingIPsAssociationTestJSON:test_associate_already_associated_floating_ip): 200 GET http://10.180.1.21/compute/v2.1/servers/1a99f453-b18c-4191-b80d-e769aa3742ba 0.047s
2025-02-04 20:58:54.108 64298 INFO tempest.lib.common.rest_client [req-3e5248f7-580f-44f3-9ad5-8d230f832490 req-3e5248f7-580f-44f3-9ad5-8d230f832490 ] Request (ListServerFiltersTestJSON:setUpClass): 200 GET http://10.180.1.21/compute/v2.1/servers/80eb9e3b-68e6-4261-ab69-e8654627607f 0.050s
2025-02-04 20:58:54.158 64336 INFO tempest.lib.common.rest_client [req-2783a426-cfbe-4aa6-aff9-0913a10d794a req-2783a426-cfbe-4aa6-aff9-0913a10d794a ] Request (ServersAdminNegativeTestJSON:test_migrate_server_invalid_state): 200 GET http://10.180.1.21/compute/v2.1/servers/d3824db3-b570-4a81-a6eb-580b2da057a9 0.048s
2025-02-04 20:58:54.197 64332 INFO tempest.lib.common.rest_client [req-873c108b-afbf-482a-a4e0-7abd98f0da70 req-873c108b-afbf-482a-a4e0-7abd98f0da70 ] Request (ServersAdminTestJSON:test_inject_network_info): 200 GET http://10.180.1.21/compute/v2.1/servers/42d2e289-435f-47df-ae33-b003b319135a 0.047s
2025-02-04 20:58:54.250 64324 WARNING tempest.lib.common.ssh [-] Failed to establish authenticated ssh connection to cirros@10.180.180.169 ([Errno None] Unable to connect to port 22 on 10.180.180.169). Number attempts: 11. Retry after 12 seconds.: paramiko.ssh_exception.NoValidConnectionsError: [Errno None] Unable to connect to port 22 on 10.180.180.169
2025-02-04 20:58:54.281 64304 INFO tempest.lib.common.rest_client [req-e26e7e5c-45b5-4845-8051-f30a211b6b9d req-e26e7e5c-45b5-4845-8051-f30a211b6b9d ] Request (InstanceActionsTestJSON:tearDownClass): 200 GET http://10.180.1.21/compute/v2.1/servers/69d4167b-86a8-4938-a52d-dfd27bf0dce4 0.053s
2025-02-04 20:58:54.303 64316 INFO tempest.lib.common.rest_client [req-16538b86-75d6-4459-aba3-583966889897 req-16538b86-75d6-4459-aba3-583966889897 ] Request (ImagesOneServerTestJSON:setUpClass): 200 GET http://10.180.1.21/compute/v2.1/servers/220d5470-3918-4841-8077-a06a1d463474 0.048s
2025-02-04 20:58:54.349 64338 INFO tempest.lib.common.rest_client [req-a8e2062f-8884-41ea-97cf-e92d070f9381 req-a8e2062f-8884-41ea-97cf-e92d070f9381 ] Request (ServerMetadataTestJSON:setUpClass): 200 GET http://10.180.1.21/compute/v2.1/servers/a5f14d13-841b-4ba3-a6f5-033493a3c501 0.046s
2025-02-04 20:58:54.397 64314 INFO tempest.lib.common.rest_client [req-aa933bfc-b0d3-49f1-b694-84793ee789de req-aa933bfc-b0d3-49f1-b694-84793ee789de ] Request (MigrationsAdminTest:test_resize_server_revert_deleted_flavor): 200 GET http://10.180.1.21/compute/v2.1/servers/1bd00407-c66a-4218-9b38-8e25a676d9e8 0.047s
2025-02-04 20:58:54.484 64320 INFO tempest.lib.common.rest_client [req-6f7e8693-96ba-481c-bf23-64ee9d6dd6e9 req-6f7e8693-96ba-481c-bf23-64ee9d6dd6e9 ] Request (ServersNegativeTestJSON:setUpClass): 200 GET http://10.180.1.21/compute/v2.1/servers/212b862f-9465-4c6d-95bc-acf2a4153e73 0.089s
2025-02-04 20:58:54.534 64296 INFO tempest.lib.common.rest_client [req-8fc67d3c-cd26-4bf6-b177-11e0c8c34d57 req-8fc67d3c-cd26-4bf6-b177-11e0c8c34d57 ] Request (ServerShowV247Test:test_update_rebuild_list_server): 200 GET http://10.180.1.21/compute/v2.1/servers/6b09db4b-dcaf-4d47-a7fc-6282db643d96 0.048s
2025-02-04 20:58:54.574 64344 INFO tempest.lib.common.rest_client [req-0d25b793-d6ec-419c-858f-c279e04a484a req-0d25b793-d6ec-419c-858f-c279e04a484a ] Request (ServerAddressesNegativeTestJSON:tearDownClass): 200 GET http://10.180.1.21/compute/v2.1/servers/5d74cad0-f593-40c2-9f07-8b7f5d9cecc0 0.056s
2025-02-04 20:58:54.577 64326 INFO tempest.lib.common.rest_client [req-5f650472-5b9c-43ef-9f93-30a1a8770179 req-5f650472-5b9c-43ef-9f93-30a1a8770179 ] Request (DeleteServersTestJSON:test_delete_server_while_in_attached_volume): 200 GET http://10.180.1.21/compute/v2.1/servers/14ea5a03-0092-46e9-8f77-15bc4fcb6cd7 0.051s
2025-02-04 20:58:54.618 64334 INFO tempest.lib.common.rest_client [req-488e8d5d-66a0-4424-8492-ca2622aaf28a req-488e8d5d-66a0-4424-8492-ca2622aaf28a ] Request (ServerRescueNegativeTestJSON:test_rescued_vm_detach_volume): 200 GET http://10.180.1.21/compute/v2.1/servers/856df6f6-29c9-42bc-99b9-f0f7ba4c22ca 0.055s
2025-02-04 20:58:54.734 64354 INFO tempest.lib.common.rest_client [req-cc712133-2bed-4a66-9fd9-7e23d166ff2c req-cc712133-2bed-4a66-9fd9-7e23d166ff2c ] Request (ListImageFiltersTestJSON:tearDownClass): 200 GET http://10.180.1.21/compute/v2.1/servers/4b1eb7c1-f17a-40d4-99bf-b1c0f86e88c8 0.058s
2025-02-04 20:58:54.867 64322 INFO tempest.lib.common.rest_client [req-b2b1096c-8fe8-46c7-8fad-e0601595bab5 req-b2b1096c-8fe8-46c7-8fad-e0601595bab5 ] Request (DeleteServersAdminTestJSON:test_delete_server_while_in_error_state): 200 GET http://10.180.1.21/compute/v2.1/servers/62524c8a-ec79-4e50-8945-578bea8ec22c 0.053s
2025-02-04 20:58:54.906 64306 INFO tempest.lib.common.rest_client [req-a3208e95-b3d7-40de-93c4-9a18cb345b53 req-a3208e95-b3d7-40de-93c4-9a18cb345b53 ] Request (ServerDiagnosticsNegativeTest:test_get_server_diagnostics_by_non_admin): 200 GET http://10.180.1.21/compute/v2.1/servers/2780b129-725e-4444-ac6f-98ef00cef77c 0.050s
2025-02-04 20:58:54.926 64300 INFO tempest.lib.common.rest_client [req-5816989c-3039-4503-9c0e-49ae95173d57 req-5816989c-3039-4503-9c0e-49ae95173d57 ] Request (ServerMetadataNegativeTestJSON:setUpClass): 200 GET http://10.180.1.21/compute/v2.1/servers/07c5066a-6822-4eb5-a5d9-9794d9d6fb4b 0.050s
2025-02-04 20:58:54.973 64302 INFO tempest.lib.common.rest_client [req-ec2fb494-ea31-412a-9686-e28f93e06bbb req-ec2fb494-ea31-412a-9686-e28f93e06bbb ] Request (SecurityGroupsTestJSON:test_list_security_groups_by_server): 200 GET http://10.180.1.21/compute/v2.1/servers/4f6a15cb-714e-4fbc-a84d-2783b3bcdf34 0.046s
2025-02-04 20:58:54.995 64358 INFO tempest.lib.common.rest_client [req-97bfa371-687a-47d2-975e-71ac3b2b1de3 req-97bfa371-687a-47d2-975e-71ac3b2b1de3 ] Request (ServersTestMultiNic:_run_cleanups): 200 GET http://10.180.1.21/compute/v2.1/servers/e777dc00-4bd3-4f7f-96fa-d5707d45f0a2 0.069s
2025-02-04 20:58:55.004 64346 INFO tempest.lib.common.rest_client [req-83235687-e480-4f8e-a879-d50139c45f7c req-83235687-e480-4f8e-a879-d50139c45f7c ] Request (ImagesTestJSON:test_create_image_from_suspended_server): 200 GET http://10.180.1.21/compute/v2.1/images/ac687e7f-b7fa-499d-81f1-8970d200b0e5 0.053s
2025-02-04 20:58:55.042 64346 INFO tempest.lib.common.rest_client [req-d315a0d2-7ef8-4fea-b79e-0e13b2a34493 req-d315a0d2-7ef8-4fea-b79e-0e13b2a34493 ] Request (ImagesTestJSON:test_create_image_from_suspended_server): 200 GET http://10.180.1.21/compute/v2.1/images/ac687e7f-b7fa-499d-81f1-8970d200b0e5 0.034s
2025-02-04 20:58:55.065 64346 INFO tempest.lib.common.rest_client [req-cd5b5a17-a4e2-4803-b556-f4466269ffec req-cd5b5a17-a4e2-4803-b556-f4466269ffec ] Request (ImagesTestJSON:test_create_image_from_suspended_server): 200 GET http://10.180.1.21/image/v2/images/ac687e7f-b7fa-499d-81f1-8970d200b0e5/tasks 0.019s
2025-02-04 20:58:55.065 64312 INFO tempest.lib.common.rest_client [req-1316d73d-232e-4d6d-9558-b725a646213b req-1316d73d-232e-4d6d-9558-b725a646213b ] Request (MultipleCreateTestJSON:_run_cleanups): 200 GET http://10.180.1.21/compute/v2.1/servers/d87099f3-6484-44fb-9c6d-a6d198f46167 0.058s
2025-02-04 20:58:55.090 64310 INFO tempest.lib.common.rest_client [req-77663d28-c7d3-425c-98b1-85947a2a458c req-77663d28-c7d3-425c-98b1-85947a2a458c ] Request (ServersWithSpecificFlavorTestJSON:test_verify_created_server_ephemeral_disk): 200 GET http://10.180.1.21/compute/v2.1/servers/d62e50ec-7c22-4c38-bddd-66148aa73dda 0.060s
2025-02-04 20:58:55.126 64340 INFO tempest.lib.common.rest_client [req-26a8b122-b002-448f-b5fa-efd5ddb7cd5f req-26a8b122-b002-448f-b5fa-efd5ddb7cd5f ] Request (FloatingIPsAssociationTestJSON:test_associate_already_associated_floating_ip): 200 GET http://10.180.1.21/compute/v2.1/servers/1a99f453-b18c-4191-b80d-e769aa3742ba 0.065s
2025-02-04 20:58:55.175 64298 INFO tempest.lib.common.rest_client [req-0a61675c-9c32-4d63-8fd5-0ac6ed57c633 req-0a61675c-9c32-4d63-8fd5-0ac6ed57c633 ] Request (ListServerFiltersTestJSON:setUpClass): 200 GET http://10.180.1.21/compute/v2.1/servers/80eb9e3b-68e6-4261-ab69-e8654627607f 0.058s
2025-02-04 20:58:55.195 64346 INFO tempest.lib.common.rest_client [req-40c96129-b65c-4a5b-83da-67e5cefeeeb8 req-40c96129-b65c-4a5b-83da-67e5cefeeeb8 ] Request (ImagesTestJSON:_run_cleanups): 204 DELETE http://10.180.1.21/compute/v2.1/images/ac687e7f-b7fa-499d-81f1-8970d200b0e5 0.130s
2025-02-04 20:58:55.212 64357 WARNING tempest.lib.common.ssh [-] Failed to establish authenticated ssh connection to cirros@10.180.180.141 ([Errno None] Unable to connect to port 22 on 10.180.180.141). Number attempts: 1. Retry after 2 seconds.: paramiko.ssh_exception.NoValidConnectionsError: [Errno None] Unable to connect to port 22 on 10.180.180.141
2025-02-04 20:58:55.229 64336 INFO tempest.lib.common.rest_client [req-b34f289d-59ef-4d55-a88e-6cfddffd3b3d req-b34f289d-59ef-4d55-a88e-6cfddffd3b3d ] Request (ServersAdminNegativeTestJSON:test_migrate_server_invalid_state): 200 GET http://10.180.1.21/compute/v2.1/servers/d3824db3-b570-4a81-a6eb-580b2da057a9 0.063s
2025-02-04 20:58:55.251 64308 WARNING tempest.lib.common.ssh [-] Failed to establish authenticated ssh connection to cirros@10.180.180.175 ([Errno None] Unable to connect to port 22 on 10.180.180.175). Number attempts: 9. Retry after 10 seconds.: paramiko.ssh_exception.NoValidConnectionsError: [Errno None] Unable to connect to port 22 on 10.180.180.175
2025-02-04 20:58:55.267 64346 INFO tempest.lib.common.rest_client [req-0315fea5-c82b-434f-b7e9-d6437fc58b8c req-0315fea5-c82b-434f-b7e9-d6437fc58b8c ] Request (ImagesTestJSON:_run_cleanups): 204 DELETE http://10.180.1.21/compute/v2.1/servers/2f961c05-7053-4c31-b2e7-a1c2079efa26 0.071s
2025-02-04 20:58:55.273 64332 INFO tempest.lib.common.rest_client [req-bd590235-704d-46b5-83b5-609666144513 req-bd590235-704d-46b5-83b5-609666144513 ] Request (ServersAdminTestJSON:test_inject_network_info): 200 GET http://10.180.1.21/compute/v2.1/servers/42d2e289-435f-47df-ae33-b003b319135a 0.068s
2025-02-04 20:58:55.332 64346 INFO tempest.lib.common.rest_client [req-37171f84-e050-41b4-aceb-c02676bc7d67 req-37171f84-e050-41b4-aceb-c02676bc7d67 ] Request (ImagesTestJSON:test_create_server_from_snapshot): 201 POST http://10.180.1.21/identity/v3/auth/tokens 0.061s
2025-02-04 20:58:55.333 64346 INFO tempest.lib.common.fixed_network [-] (ImagesTestJSON:test_create_server_from_snapshot) Found network {'id': '8823cf2d-f0ee-4088-a653-6b4edb133354', 'name': 'tempest-ImagesTestJSON-1221781200-network', 'tenant_id': '5a7f569764c54034b7f2767b49788d2e', 'admin_state_up': True, 'mtu': 8950, 'status': 'ACTIVE', 'subnets': [], 'shared': False, 'project_id': '5a7f569764c54034b7f2767b49788d2e', 'port_security_enabled': True, 'router:external': False, 'provider:network_type': 'vlan', 'provider:physical_network': 'default', 'provider:segmentation_id': 649, 'availability_zone_hints': [], 'availability_zones': [], 'ipv4_address_scope': None, 'ipv6_address_scope': None, 'description': '', 'tags': [], 'created_at': '2025-02-04T20:56:17Z', 'updated_at': '2025-02-04T20:56:17Z', 'revision_number': 1} available for tenant
2025-02-04 20:58:55.346 64304 INFO tempest.lib.common.rest_client [req-191d0b34-61d0-46ce-9098-5a25c34f3e13 req-191d0b34-61d0-46ce-9098-5a25c34f3e13 ] Request (InstanceActionsTestJSON:tearDownClass): 200 GET http://10.180.1.21/compute/v2.1/servers/69d4167b-86a8-4938-a52d-dfd27bf0dce4 0.057s
2025-02-04 20:58:55.361 64316 INFO tempest.lib.common.rest_client [req-dbe60534-dc4d-4dbb-8668-0a07dc884eb3 req-dbe60534-dc4d-4dbb-8668-0a07dc884eb3 ] Request (ImagesOneServerTestJSON:setUpClass): 200 GET http://10.180.1.21/compute/v2.1/servers/220d5470-3918-4841-8077-a06a1d463474 0.050s
2025-02-04 20:58:55.404 64338 INFO tempest.lib.common.rest_client [req-0756d059-c366-45cc-b288-94eefa0cf37c req-0756d059-c366-45cc-b288-94eefa0cf37c ] Request (ServerMetadataTestJSON:setUpClass): 200 GET http://10.180.1.21/compute/v2.1/servers/a5f14d13-841b-4ba3-a6f5-033493a3c501 0.047s
2025-02-04 20:58:55.450 64314 INFO tempest.lib.common.rest_client [req-dd5a6f9e-0ac7-465c-a98f-f02c92d190fa req-dd5a6f9e-0ac7-465c-a98f-f02c92d190fa ] Request (MigrationsAdminTest:test_resize_server_revert_deleted_flavor): 200 GET http://10.180.1.21/compute/v2.1/servers/1bd00407-c66a-4218-9b38-8e25a676d9e8 0.045s
2025-02-04 20:58:55.585 64320 INFO tempest.lib.common.rest_client [req-81df4c5a-22ba-4c52-9abc-a19516b01360 req-81df4c5a-22ba-4c52-9abc-a19516b01360 ] Request (ServersNegativeTestJSON:setUpClass): 200 GET http://10.180.1.21/compute/v2.1/servers/212b862f-9465-4c6d-95bc-acf2a4153e73 0.093s
2025-02-04 20:58:55.628 64346 INFO tempest.lib.common.rest_client [req-47f1a8c4-f9ca-4b03-8f1b-6d6b49ea9915 req-47f1a8c4-f9ca-4b03-8f1b-6d6b49ea9915 ] Request (ImagesTestJSON:test_create_server_from_snapshot): 202 POST http://10.180.1.21/compute/v2.1/servers 0.295s
2025-02-04 20:58:55.636 64296 INFO tempest.lib.common.rest_client [req-bc41c5ff-ca71-4f5a-8d00-319be4e24b82 req-bc41c5ff-ca71-4f5a-8d00-319be4e24b82 ] Request (ServerShowV247Test:test_update_rebuild_list_server): 200 GET http://10.180.1.21/compute/v2.1/servers/6b09db4b-dcaf-4d47-a7fc-6282db643d96 0.093s
2025-02-04 20:58:55.681 64344 INFO tempest.lib.common.rest_client [req-a456d360-b2e3-44e5-a8e9-72a1dc035c64 req-a456d360-b2e3-44e5-a8e9-72a1dc035c64 ] Request (ServerAddressesNegativeTestJSON:tearDownClass): 200 GET http://10.180.1.21/compute/v2.1/servers/5d74cad0-f593-40c2-9f07-8b7f5d9cecc0 0.100s
2025-02-04 20:58:55.687 64326 INFO tempest.lib.common.rest_client [req-a95da215-c95f-4a66-aa6b-b7509ac8863d req-a95da215-c95f-4a66-aa6b-b7509ac8863d ] Request (DeleteServersTestJSON:test_delete_server_while_in_attached_volume): 200 GET http://10.180.1.21/compute/v2.1/servers/14ea5a03-0092-46e9-8f77-15bc4fcb6cd7 0.102s
2025-02-04 20:58:55.721 64346 INFO tempest.lib.common.rest_client [req-8b47e649-da33-4870-a7b5-bee6996af49e req-8b47e649-da33-4870-a7b5-bee6996af49e ] Request (ImagesTestJSON:test_create_server_from_snapshot): 200 GET http://10.180.1.21/compute/v2.1/servers/023b0e1a-2d7e-4325-b86b-5ed4530a57f7 0.091s
2025-02-04 20:58:55.731 64334 INFO tempest.lib.common.rest_client [req-4f950e57-5a44-4ac0-b9a3-bb618f1c7a7b req-4f950e57-5a44-4ac0-b9a3-bb618f1c7a7b ] Request (ServerRescueNegativeTestJSON:test_rescued_vm_detach_volume): 200 GET http://10.180.1.21/compute/v2.1/servers/856df6f6-29c9-42bc-99b9-f0f7ba4c22ca 0.103s
2025-02-04 20:58:55.801 64354 INFO tempest.lib.common.rest_client [req-2dbade55-fd67-4332-85f0-bc39b40e70d0 req-2dbade55-fd67-4332-85f0-bc39b40e70d0 ] Request (ListImageFiltersTestJSON:tearDownClass): 200 GET http://10.180.1.21/compute/v2.1/servers/4b1eb7c1-f17a-40d4-99bf-b1c0f86e88c8 0.059s
2025-02-04 20:58:55.928 64322 INFO tempest.lib.common.rest_client [req-6b76aebb-0da8-48ae-8bad-9521f005f506 req-6b76aebb-0da8-48ae-8bad-9521f005f506 ] Request (DeleteServersAdminTestJSON:test_delete_server_while_in_error_state): 200 GET http://10.180.1.21/compute/v2.1/servers/62524c8a-ec79-4e50-8945-578bea8ec22c 0.053s
2025-02-04 20:58:55.962 64306 INFO tempest.lib.common.rest_client [req-09ed6e9a-5ad4-43c5-8134-fd75af061f64 req-09ed6e9a-5ad4-43c5-8134-fd75af061f64 ] Request (ServerDiagnosticsNegativeTest:test_get_server_diagnostics_by_non_admin): 200 GET http://10.180.1.21/compute/v2.1/servers/2780b129-725e-4444-ac6f-98ef00cef77c 0.049s
2025-02-04 20:58:55.978 64300 INFO tempest.lib.common.rest_client [req-7fa7fd08-1fbb-4e8a-aed2-ea6ecced49b1 req-7fa7fd08-1fbb-4e8a-aed2-ea6ecced49b1 ] Request (ServerMetadataNegativeTestJSON:setUpClass): 200 GET http://10.180.1.21/compute/v2.1/servers/07c5066a-6822-4eb5-a5d9-9794d9d6fb4b 0.045s
2025-02-04 20:58:56.031 64302 INFO tempest.lib.common.rest_client [req-0f4907f4-5942-4acb-afe6-f09c47e98a3e req-0f4907f4-5942-4acb-afe6-f09c47e98a3e ] Request (SecurityGroupsTestJSON:test_list_security_groups_by_server): 200 GET http://10.180.1.21/compute/v2.1/servers/4f6a15cb-714e-4fbc-a84d-2783b3bcdf34 0.047s
2025-02-04 20:58:56.058 64358 INFO tempest.lib.common.rest_client [req-242d9694-942c-4fcd-8764-24341cc46580 req-242d9694-942c-4fcd-8764-24341cc46580 ] Request (ServersTestMultiNic:_run_cleanups): 200 GET http://10.180.1.21/compute/v2.1/servers/e777dc00-4bd3-4f7f-96fa-d5707d45f0a2 0.053s
2025-02-04 20:58:56.129 64312 INFO tempest.lib.common.rest_client [req-bc74dd6d-3771-4307-80fa-262e23c57906 req-bc74dd6d-3771-4307-80fa-262e23c57906 ] Request (MultipleCreateTestJSON:_run_cleanups): 200 GET http://10.180.1.21/compute/v2.1/servers/d87099f3-6484-44fb-9c6d-a6d198f46167 0.055s
2025-02-04 20:58:56.148 64310 INFO tempest.lib.common.rest_client [req-46907fa4-0154-476d-8454-fc8d43b84672 req-46907fa4-0154-476d-8454-fc8d43b84672 ] Request (ServersWithSpecificFlavorTestJSON:test_verify_created_server_ephemeral_disk): 200 GET http://10.180.1.21/compute/v2.1/servers/d62e50ec-7c22-4c38-bddd-66148aa73dda 0.049s
2025-02-04 20:58:56.183 64340 INFO tempest.lib.common.rest_client [req-d7efc043-7dca-43b2-9001-e7bff3527ecc req-d7efc043-7dca-43b2-9001-e7bff3527ecc ] Request (FloatingIPsAssociationTestJSON:test_associate_already_associated_floating_ip): 200 GET http://10.180.1.21/compute/v2.1/servers/1a99f453-b18c-4191-b80d-e769aa3742ba 0.049s
2025-02-04 20:58:56.231 64298 INFO tempest.lib.common.rest_client [req-362bcd78-e486-4bc7-b6f1-c8343e4d06d2 req-362bcd78-e486-4bc7-b6f1-c8343e4d06d2 ] Request (ListServerFiltersTestJSON:setUpClass): 200 GET http://10.180.1.21/compute/v2.1/servers/80eb9e3b-68e6-4261-ab69-e8654627607f 0.046s
2025-02-04 20:58:56.283 64336 INFO tempest.lib.common.rest_client [req-60f029da-846c-4217-901b-9292ba151d64 req-60f029da-846c-4217-901b-9292ba151d64 ] Request (ServersAdminNegativeTestJSON:test_migrate_server_invalid_state): 200 GET http://10.180.1.21/compute/v2.1/servers/d3824db3-b570-4a81-a6eb-580b2da057a9 0.046s
2025-02-04 20:58:56.327 64332 INFO tempest.lib.common.rest_client [req-50a33f28-010f-48ae-bfcc-9382f12ea9c4 req-50a33f28-010f-48ae-bfcc-9382f12ea9c4 ] Request (ServersAdminTestJSON:test_inject_network_info): 200 GET http://10.180.1.21/compute/v2.1/servers/42d2e289-435f-47df-ae33-b003b319135a 0.047s
2025-02-04 20:58:56.411 64304 INFO tempest.lib.common.rest_client [req-d3edc333-3481-4fe1-adff-3b1c25e0fd96 req-d3edc333-3481-4fe1-adff-3b1c25e0fd96 ] Request (InstanceActionsTestJSON:tearDownClass): 200 GET http://10.180.1.21/compute/v2.1/servers/69d4167b-86a8-4938-a52d-dfd27bf0dce4 0.057s
2025-02-04 20:58:56.417 64316 INFO tempest.lib.common.rest_client [req-7cf58c2d-9369-4762-9e4a-d0b3e1a103a5 req-7cf58c2d-9369-4762-9e4a-d0b3e1a103a5 ] Request (ImagesOneServerTestJSON:setUpClass): 200 GET http://10.180.1.21/compute/v2.1/servers/220d5470-3918-4841-8077-a06a1d463474 0.049s
2025-02-04 20:58:56.459 64338 INFO tempest.lib.common.rest_client [req-64569706-984c-4ab1-bad5-aa46a9b2e0fe req-64569706-984c-4ab1-bad5-aa46a9b2e0fe ] Request (ServerMetadataTestJSON:setUpClass): 200 GET http://10.180.1.21/compute/v2.1/servers/a5f14d13-841b-4ba3-a6f5-033493a3c501 0.047s
2025-02-04 20:58:56.465 64338 INFO tempest.common.waiters [-] State transition "BUILD/None" ==> "BUILD/networking" after 78 second wait
2025-02-04 20:58:56.510 64314 INFO tempest.lib.common.rest_client [req-435985e9-4e0e-4c72-ab98-cf066b797758 req-435985e9-4e0e-4c72-ab98-cf066b797758 ] Request (MigrationsAdminTest:test_resize_server_revert_deleted_flavor): 200 GET http://10.180.1.21/compute/v2.1/servers/1bd00407-c66a-4218-9b38-8e25a676d9e8 0.052s
2025-02-04 20:58:56.685 64320 INFO tempest.lib.common.rest_client [req-39e41518-6e0c-454e-9451-214da0b34114 req-39e41518-6e0c-454e-9451-214da0b34114 ] Request (ServersNegativeTestJSON:setUpClass): 200 GET http://10.180.1.21/compute/v2.1/servers/212b862f-9465-4c6d-95bc-acf2a4153e73 0.092s
2025-02-04 20:58:56.692 64320 INFO tempest.common.waiters [-] State transition "BUILD/spawning" ==> "ACTIVE/None" after 81 second wait
2025-02-04 20:58:56.694 64296 INFO tempest.lib.common.rest_client [req-dc1d17b8-2bf3-4156-b0d0-529d1a8556d7 req-dc1d17b8-2bf3-4156-b0d0-529d1a8556d7 ] Request (ServerShowV247Test:test_update_rebuild_list_server): 200 GET http://10.180.1.21/compute/v2.1/servers/6b09db4b-dcaf-4d47-a7fc-6282db643d96 0.049s
2025-02-04 20:58:56.746 64344 INFO tempest.lib.common.rest_client [req-8ebd38a4-75fa-46eb-a442-38413c7d656f req-8ebd38a4-75fa-46eb-a442-38413c7d656f ] Request (ServerAddressesNegativeTestJSON:tearDownClass): 200 GET http://10.180.1.21/compute/v2.1/servers/5d74cad0-f593-40c2-9f07-8b7f5d9cecc0 0.053s
2025-02-04 20:58:56.760 64320 INFO tempest.lib.common.rest_client [req-f211c5c0-f3f4-4da0-9c35-b378967c5472 req-f211c5c0-f3f4-4da0-9c35-b378967c5472 ] Request (ServersNegativeTestJSON:setUpClass): 204 DELETE http://10.180.1.21/compute/v2.1/servers/212b862f-9465-4c6d-95bc-acf2a4153e73 0.067s
2025-02-04 20:58:56.791 64326 INFO tempest.lib.common.rest_client [req-dc16367b-33ac-4205-9e20-54c11009d054 req-dc16367b-33ac-4205-9e20-54c11009d054 ] Request (DeleteServersTestJSON:test_delete_server_while_in_attached_volume): 200 GET http://10.180.1.21/compute/v2.1/servers/14ea5a03-0092-46e9-8f77-15bc4fcb6cd7 0.096s
2025-02-04 20:58:56.807 64346 INFO tempest.lib.common.rest_client [req-f291a822-7762-4078-90ce-adce27b82b4f req-f291a822-7762-4078-90ce-adce27b82b4f ] Request (ImagesTestJSON:test_create_server_from_snapshot): 200 GET http://10.180.1.21/compute/v2.1/servers/023b0e1a-2d7e-4325-b86b-5ed4530a57f7 0.078s
2025-02-04 20:58:56.847 64334 INFO tempest.lib.common.rest_client [req-2728f33d-893d-4b1c-a4fb-ab8125e9db10 req-2728f33d-893d-4b1c-a4fb-ab8125e9db10 ] Request (ServerRescueNegativeTestJSON:test_rescued_vm_detach_volume): 200 GET http://10.180.1.21/compute/v2.1/servers/856df6f6-29c9-42bc-99b9-f0f7ba4c22ca 0.108s
2025-02-04 20:58:56.913 64354 INFO tempest.lib.common.rest_client [req-658fdc37-66e3-41e7-a2c2-f42e3bf24648 req-658fdc37-66e3-41e7-a2c2-f42e3bf24648 ] Request (ListImageFiltersTestJSON:tearDownClass): 200 GET http://10.180.1.21/compute/v2.1/servers/4b1eb7c1-f17a-40d4-99bf-b1c0f86e88c8 0.105s
2025-02-04 20:58:56.926 64320 INFO tempest.lib.common.rest_client [req-8f62b7e1-78bc-4e30-8312-07b48c306ac6 req-8f62b7e1-78bc-4e30-8312-07b48c306ac6 ] Request (ServersNegativeTestJSON:setUpClass): 200 GET http://10.180.1.21/compute/v2.1/servers/212b862f-9465-4c6d-95bc-acf2a4153e73 0.166s
2025-02-04 20:58:57.004 64322 INFO tempest.lib.common.rest_client [req-8ba22f2e-d514-43f6-a191-91e593b3b959 req-8ba22f2e-d514-43f6-a191-91e593b3b959 ] Request (DeleteServersAdminTestJSON:test_delete_server_while_in_error_state): 200 GET http://10.180.1.21/compute/v2.1/servers/62524c8a-ec79-4e50-8945-578bea8ec22c 0.068s
2025-02-04 20:58:57.021 64306 INFO tempest.lib.common.rest_client [req-58687a5d-a5c7-4d51-8f86-a447d382dc5c req-58687a5d-a5c7-4d51-8f86-a447d382dc5c ] Request (ServerDiagnosticsNegativeTest:test_get_server_diagnostics_by_non_admin): 200 GET http://10.180.1.21/compute/v2.1/servers/2780b129-725e-4444-ac6f-98ef00cef77c 0.051s
2025-02-04 20:58:57.064 64300 INFO tempest.lib.common.rest_client [req-dabf21f3-5431-4aa2-bd03-f6d465b5463e req-dabf21f3-5431-4aa2-bd03-f6d465b5463e ] Request (ServerMetadataNegativeTestJSON:setUpClass): 200 GET http://10.180.1.21/compute/v2.1/servers/07c5066a-6822-4eb5-a5d9-9794d9d6fb4b 0.078s
2025-02-04 20:58:57.110 64302 INFO tempest.lib.common.rest_client [req-e32dd961-1acc-46b2-9894-659642b86e31 req-e32dd961-1acc-46b2-9894-659642b86e31 ] Request (SecurityGroupsTestJSON:test_list_security_groups_by_server): 200 GET http://10.180.1.21/compute/v2.1/servers/4f6a15cb-714e-4fbc-a84d-2783b3bcdf34 0.071s
2025-02-04 20:58:57.162 64358 INFO tempest.lib.common.rest_client [req-84b54e97-6819-4386-9684-39de58e0f3a7 req-84b54e97-6819-4386-9684-39de58e0f3a7 ] Request (ServersTestMultiNic:_run_cleanups): 200 GET http://10.180.1.21/compute/v2.1/servers/e777dc00-4bd3-4f7f-96fa-d5707d45f0a2 0.095s
2025-02-04 20:58:57.196 64312 INFO tempest.lib.common.rest_client [req-45a10a81-4998-4293-9e47-ceb83ae73a8a req-45a10a81-4998-4293-9e47-ceb83ae73a8a ] Request (MultipleCreateTestJSON:_run_cleanups): 200 GET http://10.180.1.21/compute/v2.1/servers/d87099f3-6484-44fb-9c6d-a6d198f46167 0.059s
2025-02-04 20:58:57.233 64310 INFO tempest.lib.common.rest_client [req-1a981acd-21cd-43dc-b1e4-6a2e1692d904 req-1a981acd-21cd-43dc-b1e4-6a2e1692d904 ] Request (ServersWithSpecificFlavorTestJSON:test_verify_created_server_ephemeral_disk): 200 GET http://10.180.1.21/compute/v2.1/servers/d62e50ec-7c22-4c38-bddd-66148aa73dda 0.077s
2025-02-04 20:58:57.245 64340 INFO tempest.lib.common.rest_client [req-9a03dfd7-897e-43e3-b62e-eb6e9a527d02 req-9a03dfd7-897e-43e3-b62e-eb6e9a527d02 ] Request (FloatingIPsAssociationTestJSON:test_associate_already_associated_floating_ip): 200 GET http://10.180.1.21/compute/v2.1/servers/1a99f453-b18c-4191-b80d-e769aa3742ba 0.054s
2025-02-04 20:58:57.349 64336 INFO tempest.lib.common.rest_client [req-9f1aaf88-3a00-42cc-adc0-e23fd1610721 req-9f1aaf88-3a00-42cc-adc0-e23fd1610721 ] Request (ServersAdminNegativeTestJSON:test_migrate_server_invalid_state): 200 GET http://10.180.1.21/compute/v2.1/servers/d3824db3-b570-4a81-a6eb-580b2da057a9 0.059s
2025-02-04 20:58:57.410 64332 INFO tempest.lib.common.rest_client [req-4a393576-519e-41a3-a9a1-2a0e747e72ee req-4a393576-519e-41a3-a9a1-2a0e747e72ee ] Request (ServersAdminTestJSON:test_inject_network_info): 200 GET http://10.180.1.21/compute/v2.1/servers/42d2e289-435f-47df-ae33-b003b319135a 0.076s
2025-02-04 20:58:57.479 64304 INFO tempest.lib.common.rest_client [req-803a3f62-b7fb-42b1-896b-1b0b6981b1a3 req-803a3f62-b7fb-42b1-896b-1b0b6981b1a3 ] Request (InstanceActionsTestJSON:tearDownClass): 200 GET http://10.180.1.21/compute/v2.1/servers/69d4167b-86a8-4938-a52d-dfd27bf0dce4 0.060s
2025-02-04 20:58:57.520 64298 INFO tempest.lib.common.rest_client [req-620b16ce-792b-484c-a49e-3a910b1b8d06 req-620b16ce-792b-484c-a49e-3a910b1b8d06 ] Request (ListServerFiltersTestJSON:setUpClass): 200 GET http://10.180.1.21/compute/v2.1/servers/80eb9e3b-68e6-4261-ab69-e8654627607f 0.281s
2025-02-04 20:58:57.537 64316 INFO tempest.lib.common.rest_client [req-5d9766c0-f654-48b3-b9c9-08b792c295fe req-5d9766c0-f654-48b3-b9c9-08b792c295fe ] Request (ImagesOneServerTestJSON:setUpClass): 200 GET http://10.180.1.21/compute/v2.1/servers/220d5470-3918-4841-8077-a06a1d463474 0.111s
2025-02-04 20:58:57.594 64338 INFO tempest.lib.common.rest_client [req-59d6b82f-76c4-4fa4-9962-5cb35f45ad2d req-59d6b82f-76c4-4fa4-9962-5cb35f45ad2d ] Request (ServerMetadataTestJSON:setUpClass): 200 GET http://10.180.1.21/compute/v2.1/servers/a5f14d13-841b-4ba3-a6f5-033493a3c501 0.128s
2025-02-04 20:58:57.601 64314 INFO tempest.lib.common.rest_client [req-460aec8c-dc1d-4d5c-9cba-00933cd9abbf req-460aec8c-dc1d-4d5c-9cba-00933cd9abbf ] Request (MigrationsAdminTest:test_resize_server_revert_deleted_flavor): 200 GET http://10.180.1.21/compute/v2.1/servers/1bd00407-c66a-4218-9b38-8e25a676d9e8 0.084s
2025-02-04 20:58:57.603 64338 INFO tempest.common.waiters [-] State transition "BUILD/networking" ==> "BUILD/block_device_mapping" after 79 second wait
2025-02-04 20:58:57.766 64296 INFO tempest.lib.common.rest_client [req-30e80340-ef37-4150-ae71-2107e43c0aa7 req-30e80340-ef37-4150-ae71-2107e43c0aa7 ] Request (ServerShowV247Test:test_update_rebuild_list_server): 200 GET http://10.180.1.21/compute/v2.1/servers/6b09db4b-dcaf-4d47-a7fc-6282db643d96 0.060s
2025-02-04 20:58:57.829 64344 INFO tempest.lib.common.rest_client [req-c7b25f85-9c82-4fca-a525-f41186063963 req-c7b25f85-9c82-4fca-a525-f41186063963 ] Request (ServerAddressesNegativeTestJSON:tearDownClass): 200 GET http://10.180.1.21/compute/v2.1/servers/5d74cad0-f593-40c2-9f07-8b7f5d9cecc0 0.075s
2025-02-04 20:58:57.855 64326 INFO tempest.lib.common.rest_client [req-de11bc8b-f673-453b-a89d-7ed01cd1cccb req-de11bc8b-f673-453b-a89d-7ed01cd1cccb ] Request (DeleteServersTestJSON:test_delete_server_while_in_attached_volume): 200 GET http://10.180.1.21/compute/v2.1/servers/14ea5a03-0092-46e9-8f77-15bc4fcb6cd7 0.057s
2025-02-04 20:58:57.884 64346 INFO tempest.lib.common.rest_client [req-60a71027-4531-4a08-a37e-c6af0dcae72e req-60a71027-4531-4a08-a37e-c6af0dcae72e ] Request (ImagesTestJSON:test_create_server_from_snapshot): 200 GET http://10.180.1.21/compute/v2.1/servers/023b0e1a-2d7e-4325-b86b-5ed4530a57f7 0.070s
2025-02-04 20:58:57.908 64334 INFO tempest.lib.common.rest_client [req-f896ac14-f358-4a65-9140-f6c8d575d87a req-f896ac14-f358-4a65-9140-f6c8d575d87a ] Request (ServerRescueNegativeTestJSON:test_rescued_vm_detach_volume): 200 GET http://10.180.1.21/compute/v2.1/servers/856df6f6-29c9-42bc-99b9-f0f7ba4c22ca 0.051s
2025-02-04 20:58:57.982 64354 INFO tempest.lib.common.rest_client [req-09c507c9-2d29-4117-b6b8-2dd3e15c6e7b req-09c507c9-2d29-4117-b6b8-2dd3e15c6e7b ] Request (ListImageFiltersTestJSON:tearDownClass): 200 GET http://10.180.1.21/compute/v2.1/servers/4b1eb7c1-f17a-40d4-99bf-b1c0f86e88c8 0.060s
2025-02-04 20:58:58.075 64320 INFO tempest.lib.common.rest_client [req-ac3db1eb-67ca-4123-8b56-21be87eef31c req-ac3db1eb-67ca-4123-8b56-21be87eef31c ] Request (ServersNegativeTestJSON:setUpClass): 200 GET http://10.180.1.21/compute/v2.1/servers/212b862f-9465-4c6d-95bc-acf2a4153e73 0.142s
2025-02-04 20:58:58.082 64322 INFO tempest.lib.common.rest_client [req-c203a45d-26aa-4605-8bc3-2dc5c989a99e req-c203a45d-26aa-4605-8bc3-2dc5c989a99e ] Request (DeleteServersAdminTestJSON:test_delete_server_while_in_error_state): 200 GET http://10.180.1.21/compute/v2.1/servers/62524c8a-ec79-4e50-8945-578bea8ec22c 0.065s
2025-02-04 20:58:58.130 64306 INFO tempest.lib.common.rest_client [req-1a887613-8dcb-43cb-9507-56c99f655b14 req-1a887613-8dcb-43cb-9507-56c99f655b14 ] Request (ServerDiagnosticsNegativeTest:test_get_server_diagnostics_by_non_admin): 200 GET http://10.180.1.21/compute/v2.1/servers/2780b129-725e-4444-ac6f-98ef00cef77c 0.100s
2025-02-04 20:58:58.131 64300 INFO tempest.lib.common.rest_client [req-963f5b91-bf76-4075-a439-8ba674728044 req-963f5b91-bf76-4075-a439-8ba674728044 ] Request (ServerMetadataNegativeTestJSON:setUpClass): 200 GET http://10.180.1.21/compute/v2.1/servers/07c5066a-6822-4eb5-a5d9-9794d9d6fb4b 0.060s
2025-02-04 20:58:58.177 64302 INFO tempest.lib.common.rest_client [req-04a716ec-7e91-42f5-9c4e-ded915fe774a req-04a716ec-7e91-42f5-9c4e-ded915fe774a ] Request (SecurityGroupsTestJSON:test_list_security_groups_by_server): 200 GET http://10.180.1.21/compute/v2.1/servers/4f6a15cb-714e-4fbc-a84d-2783b3bcdf34 0.060s
2025-02-04 20:58:58.227 64358 INFO tempest.lib.common.rest_client [req-71c66728-6182-4e05-863f-a4061d2f66dd req-71c66728-6182-4e05-863f-a4061d2f66dd ] Request (ServersTestMultiNic:_run_cleanups): 200 GET http://10.180.1.21/compute/v2.1/servers/e777dc00-4bd3-4f7f-96fa-d5707d45f0a2 0.053s
2025-02-04 20:58:58.256 64312 INFO tempest.lib.common.rest_client [req-8488ea5c-3290-4da7-bd13-b238728d574f req-8488ea5c-3290-4da7-bd13-b238728d574f ] Request (MultipleCreateTestJSON:_run_cleanups): 200 GET http://10.180.1.21/compute/v2.1/servers/d87099f3-6484-44fb-9c6d-a6d198f46167 0.052s
2025-02-04 20:58:58.281 64357 WARNING tempest.lib.common.ssh [-] Failed to establish authenticated ssh connection to cirros@10.180.180.141 ([Errno None] Unable to connect to port 22 on 10.180.180.141). Number attempts: 2. Retry after 3 seconds.: paramiko.ssh_exception.NoValidConnectionsError: [Errno None] Unable to connect to port 22 on 10.180.180.141
2025-02-04 20:58:58.287 64310 INFO tempest.lib.common.rest_client [req-b86239b5-b170-41e9-a655-f680cd00cd09 req-b86239b5-b170-41e9-a655-f680cd00cd09 ] Request (ServersWithSpecificFlavorTestJSON:test_verify_created_server_ephemeral_disk): 200 GET http://10.180.1.21/compute/v2.1/servers/d62e50ec-7c22-4c38-bddd-66148aa73dda 0.046s
2025-02-04 20:58:58.300 64340 INFO tempest.lib.common.rest_client [req-51d0de2e-cbbb-4908-83af-1e08f0f45030 req-51d0de2e-cbbb-4908-83af-1e08f0f45030 ] Request (FloatingIPsAssociationTestJSON:test_associate_already_associated_floating_ip): 200 GET http://10.180.1.21/compute/v2.1/servers/1a99f453-b18c-4191-b80d-e769aa3742ba 0.047s
2025-02-04 20:58:58.407 64336 INFO tempest.lib.common.rest_client [req-7c56d8f7-1848-4d87-a34f-a872cd525b99 req-7c56d8f7-1848-4d87-a34f-a872cd525b99 ] Request (ServersAdminNegativeTestJSON:test_migrate_server_invalid_state): 200 GET http://10.180.1.21/compute/v2.1/servers/d3824db3-b570-4a81-a6eb-580b2da057a9 0.048s
2025-02-04 20:58:58.473 64332 INFO tempest.lib.common.rest_client [req-7e23fd8d-f756-4904-ab94-fce714825590 req-7e23fd8d-f756-4904-ab94-fce714825590 ] Request (ServersAdminTestJSON:test_inject_network_info): 200 GET http://10.180.1.21/compute/v2.1/servers/42d2e289-435f-47df-ae33-b003b319135a 0.048s
2025-02-04 20:58:58.549 64304 INFO tempest.lib.common.rest_client [req-543e8218-2ce5-4302-95b5-121a4bd568f1 req-543e8218-2ce5-4302-95b5-121a4bd568f1 ] Request (InstanceActionsTestJSON:tearDownClass): 200 GET http://10.180.1.21/compute/v2.1/servers/69d4167b-86a8-4938-a52d-dfd27bf0dce4 0.056s
2025-02-04 20:58:58.575 64298 INFO tempest.lib.common.rest_client [req-f69ddb3c-59a1-4d54-be60-e69ae03ae185 req-f69ddb3c-59a1-4d54-be60-e69ae03ae185 ] Request (ListServerFiltersTestJSON:setUpClass): 200 GET http://10.180.1.21/compute/v2.1/servers/80eb9e3b-68e6-4261-ab69-e8654627607f 0.047s
2025-02-04 20:58:58.594 64316 INFO tempest.lib.common.rest_client [req-9ddea99c-b18d-40d0-b871-4720625a0748 req-9ddea99c-b18d-40d0-b871-4720625a0748 ] Request (ImagesOneServerTestJSON:setUpClass): 200 GET http://10.180.1.21/compute/v2.1/servers/220d5470-3918-4841-8077-a06a1d463474 0.046s
2025-02-04 20:58:58.662 64314 INFO tempest.lib.common.rest_client [req-97d562b2-2a40-4ff8-bd7c-cf9c924a503f req-97d562b2-2a40-4ff8-bd7c-cf9c924a503f ] Request (MigrationsAdminTest:test_resize_server_revert_deleted_flavor): 200 GET http://10.180.1.21/compute/v2.1/servers/1bd00407-c66a-4218-9b38-8e25a676d9e8 0.049s
2025-02-04 20:58:58.721 64338 INFO tempest.lib.common.rest_client [req-0c6abe09-f0e5-478e-8078-f09a3f698e33 req-0c6abe09-f0e5-478e-8078-f09a3f698e33 ] Request (ServerMetadataTestJSON:setUpClass): 200 GET http://10.180.1.21/compute/v2.1/servers/a5f14d13-841b-4ba3-a6f5-033493a3c501 0.117s
2025-02-04 20:58:58.728 64338 INFO tempest.common.waiters [-] State transition "BUILD/block_device_mapping" ==> "BUILD/spawning" after 80 second wait
2025-02-04 20:58:58.833 64296 INFO tempest.lib.common.rest_client [req-278bc0be-cab9-46ba-a018-0717ee8e6efb req-278bc0be-cab9-46ba-a018-0717ee8e6efb ] Request (ServerShowV247Test:test_update_rebuild_list_server): 200 GET http://10.180.1.21/compute/v2.1/servers/6b09db4b-dcaf-4d47-a7fc-6282db643d96 0.057s
2025-02-04 20:58:58.893 64344 INFO tempest.lib.common.rest_client [req-c3e8370f-4842-4192-bacd-705e3587e741 req-c3e8370f-4842-4192-bacd-705e3587e741 ] Request (ServerAddressesNegativeTestJSON:tearDownClass): 200 GET http://10.180.1.21/compute/v2.1/servers/5d74cad0-f593-40c2-9f07-8b7f5d9cecc0 0.055s
2025-02-04 20:58:58.920 64326 INFO tempest.lib.common.rest_client [req-e689b329-ae5a-4f9e-928d-84edffe93771 req-e689b329-ae5a-4f9e-928d-84edffe93771 ] Request (DeleteServersTestJSON:test_delete_server_while_in_attached_volume): 200 GET http://10.180.1.21/compute/v2.1/servers/14ea5a03-0092-46e9-8f77-15bc4fcb6cd7 0.051s
2025-02-04 20:58:58.948 64346 INFO tempest.lib.common.rest_client [req-77e99455-3c2a-4586-ac41-a6640b5ffe86 req-77e99455-3c2a-4586-ac41-a6640b5ffe86 ] Request (ImagesTestJSON:test_create_server_from_snapshot): 200 GET http://10.180.1.21/compute/v2.1/servers/023b0e1a-2d7e-4325-b86b-5ed4530a57f7 0.050s
2025-02-04 20:58:58.972 64334 INFO tempest.lib.common.rest_client [req-3076cd05-1a87-48b3-b022-ed69c84db362 req-3076cd05-1a87-48b3-b022-ed69c84db362 ] Request (ServerRescueNegativeTestJSON:test_rescued_vm_detach_volume): 200 GET http://10.180.1.21/compute/v2.1/servers/856df6f6-29c9-42bc-99b9-f0f7ba4c22ca 0.053s
2025-02-04 20:58:59.044 64354 INFO tempest.lib.common.rest_client [req-39022e26-e68f-4adb-9209-f88c0c810c5f req-39022e26-e68f-4adb-9209-f88c0c810c5f ] Request (ListImageFiltersTestJSON:tearDownClass): 200 GET http://10.180.1.21/compute/v2.1/servers/4b1eb7c1-f17a-40d4-99bf-b1c0f86e88c8 0.055s
2025-02-04 20:58:59.166 64322 INFO tempest.lib.common.rest_client [req-013bab9c-05d6-4eab-933f-68f0f79c8edb req-013bab9c-05d6-4eab-933f-68f0f79c8edb ] Request (DeleteServersAdminTestJSON:test_delete_server_while_in_error_state): 200 GET http://10.180.1.21/compute/v2.1/servers/62524c8a-ec79-4e50-8945-578bea8ec22c 0.074s
2025-02-04 20:58:59.224 64306 INFO tempest.lib.common.rest_client [req-e15ab811-f9ce-4046-9792-e7da7e3f4b7e req-e15ab811-f9ce-4046-9792-e7da7e3f4b7e ] Request (ServerDiagnosticsNegativeTest:test_get_server_diagnostics_by_non_admin): 200 GET http://10.180.1.21/compute/v2.1/servers/2780b129-725e-4444-ac6f-98ef00cef77c 0.086s
2025-02-04 20:58:59.264 64320 INFO tempest.lib.common.rest_client [req-0b54e34c-b478-4091-85c7-5fb952d23cb3 req-0b54e34c-b478-4091-85c7-5fb952d23cb3 ] Request (ServersNegativeTestJSON:setUpClass): 200 GET http://10.180.1.21/compute/v2.1/servers/212b862f-9465-4c6d-95bc-acf2a4153e73 0.179s
2025-02-04 20:58:59.276 64300 INFO tempest.lib.common.rest_client [req-bef80610-b7c7-4928-bdd9-5ad241c856a3 req-bef80610-b7c7-4928-bdd9-5ad241c856a3 ] Request (ServerMetadataNegativeTestJSON:setUpClass): 200 GET http://10.180.1.21/compute/v2.1/servers/07c5066a-6822-4eb5-a5d9-9794d9d6fb4b 0.136s
