2025-02-04 20:56:29.505 64344 INFO tempest.lib.common.rest_client [req-bc71384f-1b1b-4498-b92f-0de860b1e7bc req-bc71384f-1b1b-4498-b92f-0de860b1e7bc ] Request (FlavorsAccessNegativeTestJSON:_run_cleanups): 200 POST http://10.180.1.21/compute/v2.1/flavors/599669894/action 1.996s
2025-02-04 20:56:29.534 64304 INFO tempest.lib.common.rest_client [req-ade9e084-1698-468e-806d-15c14f78d18c req-ade9e084-1698-468e-806d-15c14f78d18c ] Request (FlavorsV255TestJSON:test_crud_flavor): 200 GET http://10.180.1.21/compute/v2.1/flavors 1.770s
2025-02-04 20:56:29.547 64354 INFO tempest.lib.common.rest_client [req-7e74c41d-b100-4832-b9b6-4b936f1fdcd6 req-7e74c41d-b100-4832-b9b6-4b936f1fdcd6 ] Request (HypervisorAdminTestJSON:tearDownClass): 204 DELETE http://10.180.1.21/identity/v3/projects/d142516d5b1b4aaf9a08f63766bb3fbc 0.142s
2025-02-04 20:56:29.547 64354 INFO tempest.lib.common.dynamic_creds [-] Deleting project and security group for project: abea3e363e494aa58359e9c5f9167cfa
2025-02-04 20:56:29.556 64326 INFO tempest.lib.common.rest_client [req-b8216b22-725f-4ed7-9aae-d82313989899 req-b8216b22-725f-4ed7-9aae-d82313989899 ] Request (FlavorsAccessTestJSON:test_flavor_access_list_with_private_flavor): 200 POST http://10.180.1.21/compute/v2.1/flavors 1.761s
2025-02-04 20:56:29.563 64316 INFO tempest.lib.common.rest_client [req-5b16cfe1-d3f3-4f05-910c-8ad1aed60255 req-5b16cfe1-d3f3-4f05-910c-8ad1aed60255 ] Request (FlavorsExtraSpecsNegativeTestJSON:test_flavor_non_admin_unset_keys): 403 DELETE http://10.180.1.21/compute/v2.1/flavors/1736997155/os-extra_specs/hw:numa_nodes 1.756s
2025-02-04 20:56:29.563 64302 INFO tempest.lib.common.rest_client [req-d77c982c-3c77-4c0a-8ef4-9acfe195ead6 req-d77c982c-3c77-4c0a-8ef4-9acfe195ead6 ] Request (FlavorsV2NegativeTest:setUpClass): 201 POST http://10.180.1.21/identity/v3/auth/tokens 0.128s
2025-02-04 20:56:29.567 64306 INFO tempest.lib.common.rest_client [req-dc9535b0-b174-44cd-bb0f-16dc880c655d req-dc9535b0-b174-44cd-bb0f-16dc880c655d ] Request (FlavorMetadataValidation:tearDownClass): 200 GET http://10.180.1.21:9696/networking/v2.0/security-groups?tenant_id=850eba280c46450287ffef8661cc7e75&name=default 0.273s
2025-02-04 20:56:29.578 64318 INFO tempest.lib.common.rest_client [req-edf3affe-dd95-4877-aef1-ff3eda13ffc5 req-edf3affe-dd95-4877-aef1-ff3eda13ffc5 ] Request (FlavorsExtraSpecsTestJSON:test_flavor_non_admin_get_specific_key): 200 GET http://10.180.1.21/compute/v2.1/flavors/688048307/os-extra_specs/hw:numa_nodes 1.750s
2025-02-04 20:56:29.628 64308 INFO tempest.lib.common.rest_client [req-36d6224e-96ea-4589-b582-f0bc4156b7b7 req-36d6224e-96ea-4589-b582-f0bc4156b7b7 ] Request (ServicesAdminTestJSON:setUpClass): 204 PUT http://10.180.1.21/identity/v3/projects/d040678f78f04a39a1c6b531e948e6f7/users/01bf6085c7344f319feb4c5f63b94720/roles/54e28a044231452aba97cc70366838da 0.151s
2025-02-04 20:56:29.628 64308 INFO tempest.lib.common.dynamic_creds [-] Dynamic test user 01bf6085c7344f319feb4c5f63b94720 is created with scope project and roles: ['member']
2025-02-04 20:56:29.628 64308 INFO tempest.lib.common.dynamic_creds [-] Acquired dynamic creds: credentials: Credentials: {'domain_id': 'default', 'domain_name': 'Default', 'username': 'tempest-ServicesAdminTestJSON-536179394-project-member', 'project_domain_id': 'default', 'project_domain_name': 'Default', 'project_id': 'd040678f78f04a39a1c6b531e948e6f7', 'project_name': 'tempest-ServicesAdminTestJSON-536179394', 'tenant_id': 'd040678f78f04a39a1c6b531e948e6f7', 'tenant_name': 'tempest-ServicesAdminTestJSON-536179394', 'user_domain_id': 'default', 'user_domain_name': 'Default', 'user_id': '01bf6085c7344f319feb4c5f63b94720', 'system': None}, Network: None, Subnet: None, Router: None
2025-02-04 20:56:29.628 64308 INFO tempest.lib.common.dynamic_creds [-] Created isolated network resources for: credentials: Credentials: {'domain_id': 'default', 'domain_name': 'Default', 'username': 'tempest-ServicesAdminTestJSON-536179394-project-member', 'project_domain_id': 'default', 'project_domain_name': 'Default', 'project_id': 'd040678f78f04a39a1c6b531e948e6f7', 'project_name': 'tempest-ServicesAdminTestJSON-536179394', 'tenant_id': 'd040678f78f04a39a1c6b531e948e6f7', 'tenant_name': 'tempest-ServicesAdminTestJSON-536179394', 'user_domain_id': 'default', 'user_domain_name': 'Default', 'user_id': '01bf6085c7344f319feb4c5f63b94720', 'system': None}, Network: None, Subnet: None, Router: None
2025-02-04 20:56:29.644 64358 INFO tempest.lib.common.rest_client [req-fbf5f708-a9de-4497-bbde-d9c6553dfc39 req-fbf5f708-a9de-4497-bbde-d9c6553dfc39 ] Request (ServersTestMultiNic:test_verify_duplicate_network_nics): 200 GET http://10.180.1.21/compute/v2.1/servers/75b47c32-9f9d-4288-a964-6d71a947793b 1.943s
2025-02-04 20:56:29.655 64358 INFO tempest.common.waiters [-] State transition "BUILD/networking" ==> "BUILD/spawning" after 5 second wait
2025-02-04 20:56:29.682 64332 INFO tempest.lib.common.rest_client [req-589b03f0-71b6-4509-9b42-7ff0f52c1edc req-589b03f0-71b6-4509-9b42-7ff0f52c1edc ] Request (ServersAdminTestJSON:setUpClass): 201 POST http://10.180.1.21:9696/networking/v2.0/networks 0.307s
2025-02-04 20:56:29.682 64330 INFO tempest.lib.common.rest_client [req-e14d05a3-4fb1-425f-a443-6efba060e766 req-e14d05a3-4fb1-425f-a443-6efba060e766 ] Request (FlavorsAdminTestJSON:test_create_flavor_verify_entry_in_list_details): 200 GET http://10.180.1.21/compute/v2.1/flavors/detail 1.826s
2025-02-04 20:56:29.703 64312 INFO tempest.lib.common.rest_client [req-5b873b42-98f5-48b6-9651-962298ea1be3 req-5b873b42-98f5-48b6-9651-962298ea1be3 ] Request (SecurityGroupRulesNegativeTestJSON:test_create_security_group_rule_with_invalid_from_port): 400 POST http://10.180.1.21/compute/v2.1/os-security-group-rules 1.866s
2025-02-04 20:56:29.720 64308 INFO tempest.lib.common.rest_client [req-3c61714b-505f-4f00-909d-a55da14cb533 req-3c61714b-505f-4f00-909d-a55da14cb533 ] Request (ServicesAdminTestJSON:setUpClass): 201 POST http://10.180.1.21/identity/v3/auth/tokens 0.088s
2025-02-04 20:56:29.795 64308 INFO tempest.lib.common.rest_client [req-47cb5d33-b085-475b-934b-9b4b9985e6ba req-47cb5d33-b085-475b-934b-9b4b9985e6ba ] Request (ServicesAdminTestJSON:setUpClass): 201 POST http://10.180.1.21/identity/v3/projects 0.075s
2025-02-04 20:56:29.823 64306 INFO tempest.lib.common.rest_client [req-059e4555-bf93-4050-8120-4f88f2a3c68b req-059e4555-bf93-4050-8120-4f88f2a3c68b ] Request (FlavorMetadataValidation:tearDownClass): 204 DELETE http://10.180.1.21:9696/networking/v2.0/security-groups/06c9ff1f-d626-44ae-a699-446c0bad07b6 0.255s
2025-02-04 20:56:29.844 64324 INFO tempest.lib.common.rest_client [req-bae9aa55-4242-4896-a2b4-8fca0a2ec2b8 req-bae9aa55-4242-4896-a2b4-8fca0a2ec2b8 ] Request (AbsoluteLimitsTestJSON:test_absLimits_get): 200 GET http://10.180.1.21/compute/v2.1/limits 1.786s
2025-02-04 20:56:29.848 64354 INFO tempest.lib.common.rest_client [req-bfe439e0-04ed-4f85-8707-d09402a76983 req-bfe439e0-04ed-4f85-8707-d09402a76983 ] Request (HypervisorAdminTestJSON:tearDownClass): 200 GET http://10.180.1.21:9696/networking/v2.0/security-groups?tenant_id=abea3e363e494aa58359e9c5f9167cfa&name=default 0.300s
2025-02-04 20:56:29.855 64300 INFO tempest.lib.common.rest_client [req-ba5f375f-5700-417e-84d6-205fef3ebdd2 req-ba5f375f-5700-417e-84d6-205fef3ebdd2 ] Request (MultipleCreateNegativeTestJSON:test_max_count_less_than_one): 400 POST http://10.180.1.21/compute/v2.1/servers 1.747s
2025-02-04 20:56:29.875 64334 INFO tempest.lib.common.rest_client [req-2f98ab75-d1f9-4593-a4b4-53dbc92a9a8d req-2f98ab75-d1f9-4593-a4b4-53dbc92a9a8d ] Request (ServicesAdminNegativeTestJSON:test_get_service_with_valid_service_and_invalid_host): 200 GET http://10.180.1.21/compute/v2.1/os-services 1.726s
2025-02-04 20:56:29.876 64308 INFO tempest.lib.common.rest_client [req-bdea272e-b4bf-4adc-bca0-2c15fbf90923 req-bdea272e-b4bf-4adc-bca0-2c15fbf90923 ] Request (ServicesAdminTestJSON:setUpClass): 201 POST http://10.180.1.21/identity/v3/users 0.080s
2025-02-04 20:56:29.879 64314 INFO tempest.lib.common.rest_client [req-aee8933b-a44b-43c9-b321-2014bbee1dc2 req-aee8933b-a44b-43c9-b321-2014bbee1dc2 ] Request (MigrationsAdminTest:test_list_migrations_in_flavor_resize_situation): 200 GET http://10.180.1.21/compute/v2.1/servers/fdbee3c7-34eb-4b2e-830a-baf719075a77 1.956s
2025-02-04 20:56:29.903 64350 INFO tempest.lib.common.rest_client [req-059ece21-df84-4704-854b-0281e89b240b req-059ece21-df84-4704-854b-0281e89b240b ] Request (FlavorsV261TestJSON:test_crud_flavor): 200 GET http://10.180.1.21/compute/v2.1/flavors 1.713s
2025-02-04 20:56:29.915 64306 INFO tempest.lib.common.rest_client [req-08f7fc89-92ac-4506-88c2-225a4f35fcfc req-08f7fc89-92ac-4506-88c2-225a4f35fcfc ] Request (FlavorMetadataValidation:tearDownClass): 204 DELETE http://10.180.1.21/identity/v3/projects/850eba280c46450287ffef8661cc7e75 0.092s
2025-02-04 20:56:29.923 64310 INFO tempest.lib.common.rest_client [req-dde15fca-7bd1-477b-a44a-63a82c71e22f req-dde15fca-7bd1-477b-a44a-63a82c71e22f ] Request (ServersWithSpecificFlavorTestJSON:test_verify_created_server_ephemeral_disk): 200 POST http://10.180.1.21/compute/v2.1/flavors 1.557s
2025-02-04 20:56:29.964 64300 INFO tempest.lib.common.rest_client [req-198832ad-0242-4ec4-8e7f-9e109cb40bf6 req-198832ad-0242-4ec4-8e7f-9e109cb40bf6 ] Request (MultipleCreateNegativeTestJSON:test_max_count_non_integer): 201 POST http://10.180.1.21/identity/v3/auth/tokens 0.105s
2025-02-04 20:56:29.964 64300 INFO tempest.lib.common.fixed_network [-] (MultipleCreateNegativeTestJSON:test_max_count_non_integer) Found network None available for tenant
2025-02-04 20:56:29.979 64324 INFO tempest.lib.common.rest_client [req-6c036838-ca6e-4092-85af-7bcc728082b5 req-6c036838-ca6e-4092-85af-7bcc728082b5 ] Request (AbsoluteLimitsTestJSON:tearDownClass): 204 DELETE http://10.180.1.21/identity/v3/users/ba3038f99f1f477eaaf567563befbce5 0.129s
2025-02-04 20:56:29.979 64324 INFO tempest.lib.common.dynamic_creds [-] Deleting project and security group for project: 56ceb3373fa54bcfbe75bc3bdd15f81e
2025-02-04 20:56:30.016 64308 INFO tempest.lib.common.rest_client [req-983564ae-bbad-406e-bd57-55f224fc5203 req-983564ae-bbad-406e-bd57-55f224fc5203 ] Request (ServicesAdminTestJSON:setUpClass): 200 GET http://10.180.1.21/identity/v3/roles 0.139s
2025-02-04 20:56:30.033 64306 INFO tempest.lib.common.rest_client [req-d7e28894-68c2-458a-9ce8-0e7846c917e4 req-d7e28894-68c2-458a-9ce8-0e7846c917e4 ] Request (ServerDiagnosticsV248Test:setUpClass): 201 POST http://10.180.1.21/identity/v3/auth/tokens 0.114s
2025-02-04 20:56:30.040 64324 INFO tempest.lib.common.rest_client [req-f3f8e1b1-6656-407e-bbea-9f8b8647bd06 req-f3f8e1b1-6656-407e-bbea-9f8b8647bd06 ] Request (AbsoluteLimitsTestJSON:tearDownClass): 201 POST http://10.180.1.21/identity/v3/auth/tokens 0.061s
2025-02-04 20:56:30.058 64308 INFO tempest.lib.common.rest_client [req-937d7d94-0110-4abf-b536-1647c125885f req-937d7d94-0110-4abf-b536-1647c125885f ] Request (ServicesAdminTestJSON:setUpClass): 204 PUT http://10.180.1.21/identity/v3/projects/6ac9cd06923644c08c5570e59b78b16c/users/659baa356b8e4fc7bf1aaf059a06291a/roles/d2cff5e273bf469dbae461a8c8bfd4c7 0.042s
2025-02-04 20:56:30.068 64328 INFO tempest.lib.common.rest_client [req-058cb279-b837-444a-96ae-73aeafd1a6d0 req-058cb279-b837-444a-96ae-73aeafd1a6d0 ] Request (VolumesAssistedSnapshotsTest:test_volume_assisted_snapshot_create_delete): 201 POST http://10.180.1.21:9696/networking/v2.0/floatingips 0.587s
2025-02-04 20:56:30.108 64306 INFO tempest.lib.common.rest_client [req-235090f0-e6c2-4ddd-ba22-9b710e511bbc req-235090f0-e6c2-4ddd-ba22-9b710e511bbc ] Request (ServerDiagnosticsV248Test:setUpClass): 201 POST http://10.180.1.21/identity/v3/auth/tokens 0.073s
2025-02-04 20:56:30.133 64354 INFO tempest.lib.common.rest_client [req-2835f9fd-b448-45a8-bc82-188a6d24a0e4 req-2835f9fd-b448-45a8-bc82-188a6d24a0e4 ] Request (HypervisorAdminTestJSON:tearDownClass): 204 DELETE http://10.180.1.21:9696/networking/v2.0/security-groups/d14e3b29-49ce-42af-9f15-77f4d1098fa7 0.284s
2025-02-04 20:56:30.159 64342 INFO tempest.lib.common.rest_client [req-43dae248-6648-48f3-915d-8ff0eb092a4f req-43dae248-6648-48f3-915d-8ff0eb092a4f ] Request (QuotasAdminNegativeTest:test_create_server_when_instances_quota_is_full): 200 GET http://10.180.1.21/compute/v2.1/os-quota-sets/2c9721164526461ca60e79953e2a42a6 1.652s
2025-02-04 20:56:30.165 64308 INFO tempest.lib.common.rest_client [req-2ed01118-3fa7-43b5-9931-61702a77b6eb req-2ed01118-3fa7-43b5-9931-61702a77b6eb ] Request (ServicesAdminTestJSON:setUpClass): 200 GET http://10.180.1.21/identity/v3/roles 0.107s
2025-02-04 20:56:30.190 64306 INFO tempest.lib.common.rest_client [req-a7a1405d-d6a5-4854-84f2-c42b825ef09d req-a7a1405d-d6a5-4854-84f2-c42b825ef09d ] Request (ServerDiagnosticsV248Test:setUpClass): 200 GET http://10.180.1.21/identity/v3/domains?name=Default 0.082s
2025-02-04 20:56:30.198 64328 INFO tempest.lib.common.rest_client [req-894168ec-991e-4c6a-98df-60d9de59a3de req-894168ec-991e-4c6a-98df-60d9de59a3de ] Request (VolumesAssistedSnapshotsTest:test_volume_assisted_snapshot_create_delete): 201 POST http://10.180.1.21/identity/v3/auth/tokens 0.126s
2025-02-04 20:56:30.199 64328 INFO tempest.lib.common.fixed_network [-] (VolumesAssistedSnapshotsTest:test_volume_assisted_snapshot_create_delete) Found network {'id': '720b8fb0-ee75-4106-a2f8-74c4c8911b7a', 'name': 'tempest-VolumesAssistedSnapshotsTest-122519655-network', 'tenant_id': 'd4b0c054eaf144359085690f6b8ad7a4', 'admin_state_up': True, 'mtu': 8950, 'status': 'ACTIVE', 'subnets': [], 'shared': False, 'project_id': 'd4b0c054eaf144359085690f6b8ad7a4', 'port_security_enabled': True, 'router:external': False, 'provider:network_type': 'vlan', 'provider:physical_network': 'default', 'provider:segmentation_id': 834, 'availability_zone_hints': [], 'availability_zones': [], 'ipv4_address_scope': None, 'ipv6_address_scope': None, 'description': '', 'tags': [], 'created_at': '2025-02-04T20:56:12Z', 'updated_at': '2025-02-04T20:56:12Z', 'revision_number': 1} available for tenant
2025-02-04 20:56:30.209 64332 INFO tempest.lib.common.rest_client [req-1c3f1603-ba9d-4419-8552-82c386f187d2 req-1c3f1603-ba9d-4419-8552-82c386f187d2 ] Request (ServersAdminTestJSON:setUpClass): 201 POST http://10.180.1.21:9696/networking/v2.0/subnets 0.527s
2025-02-04 20:56:30.255 64354 INFO tempest.lib.common.rest_client [req-de4a3054-9c39-4201-9439-80b36a781f74 req-de4a3054-9c39-4201-9439-80b36a781f74 ] Request (HypervisorAdminTestJSON:tearDownClass): 204 DELETE http://10.180.1.21/identity/v3/projects/abea3e363e494aa58359e9c5f9167cfa 0.122s
2025-02-04 20:56:30.321 64308 INFO tempest.lib.common.rest_client [req-23ef66aa-d38c-4ba9-bb63-05425d02e885 req-23ef66aa-d38c-4ba9-bb63-05425d02e885 ] Request (ServicesAdminTestJSON:setUpClass): 204 PUT http://10.180.1.21/identity/v3/projects/6ac9cd06923644c08c5570e59b78b16c/users/659baa356b8e4fc7bf1aaf059a06291a/roles/d2cff5e273bf469dbae461a8c8bfd4c7 0.155s
2025-02-04 20:56:30.321 64308 INFO tempest.lib.common.dynamic_creds [-] Dynamic test user 659baa356b8e4fc7bf1aaf059a06291a is created with scope project and roles: ['admin']
2025-02-04 20:56:30.322 64308 INFO tempest.lib.common.dynamic_creds [-] Acquired dynamic creds: credentials: Credentials: {'domain_id': 'default', 'domain_name': 'Default', 'username': 'tempest-ServicesAdminTestJSON-1251544004-project-admin', 'project_domain_id': 'default', 'project_domain_name': 'Default', 'project_id': '6ac9cd06923644c08c5570e59b78b16c', 'project_name': 'tempest-ServicesAdminTestJSON-1251544004', 'tenant_id': '6ac9cd06923644c08c5570e59b78b16c', 'tenant_name': 'tempest-ServicesAdminTestJSON-1251544004', 'user_domain_id': 'default', 'user_domain_name': 'Default', 'user_id': '659baa356b8e4fc7bf1aaf059a06291a', 'system': None}, Network: None, Subnet: None, Router: None
2025-02-04 20:56:30.322 64308 INFO tempest.lib.common.dynamic_creds [-] Created isolated network resources for: credentials: Credentials: {'domain_id': 'default', 'domain_name': 'Default', 'username': 'tempest-ServicesAdminTestJSON-1251544004-project-admin', 'project_domain_id': 'default', 'project_domain_name': 'Default', 'project_id': '6ac9cd06923644c08c5570e59b78b16c', 'project_name': 'tempest-ServicesAdminTestJSON-1251544004', 'tenant_id': '6ac9cd06923644c08c5570e59b78b16c', 'tenant_name': 'tempest-ServicesAdminTestJSON-1251544004', 'user_domain_id': 'default', 'user_domain_name': 'Default', 'user_id': '659baa356b8e4fc7bf1aaf059a06291a', 'system': None}, Network: None, Subnet: None, Router: None
2025-02-04 20:56:30.337 64324 INFO tempest.lib.common.rest_client [req-38de77de-7cb0-42eb-a0e7-c56adc8ed5d3 req-38de77de-7cb0-42eb-a0e7-c56adc8ed5d3 ] Request (AbsoluteLimitsTestJSON:tearDownClass): 200 GET http://10.180.1.21:9696/networking/v2.0/security-groups?tenant_id=56ceb3373fa54bcfbe75bc3bdd15f81e&name=default 0.295s
2025-02-04 20:56:30.355 64296 INFO tempest.lib.common.rest_client [req-d07eec93-6d7e-455c-a7af-557bef7f6424 req-d07eec93-6d7e-455c-a7af-557bef7f6424 ] Request (HostsAdminNegativeTestJSON:setUpClass): 200 GET http://10.180.1.21/compute/v2.1/os-hosts 1.654s
2025-02-04 20:56:30.385 64354 INFO tempest.lib.common.rest_client [req-f4f354d9-6c92-4db7-b02d-3f7b4fa4ac50 req-f4f354d9-6c92-4db7-b02d-3f7b4fa4ac50 ] Request (ListImageFiltersTestJSON:setUpClass): 201 POST http://10.180.1.21/identity/v3/auth/tokens 0.128s
2025-02-04 20:56:30.390 64306 INFO tempest.lib.common.rest_client [req-1a03ee84-6790-42cf-9fa1-81bee5aa7322 req-1a03ee84-6790-42cf-9fa1-81bee5aa7322 ] Request (ServerDiagnosticsV248Test:setUpClass): 201 POST http://10.180.1.21/identity/v3/projects 0.200s
2025-02-04 20:56:30.445 64308 INFO tempest.lib.common.rest_client [req-f4e750a7-99c5-4fca-9c83-8357362377c0 req-f4e750a7-99c5-4fca-9c83-8357362377c0 ] Request (ServicesAdminTestJSON:setUpClass): 201 POST http://10.180.1.21/identity/v3/auth/tokens 0.115s
2025-02-04 20:56:30.452 64354 INFO tempest.lib.common.rest_client [req-df68a851-f7e6-4ae8-93c0-7833666108c8 req-df68a851-f7e6-4ae8-93c0-7833666108c8 ] Request (ListImageFiltersTestJSON:setUpClass): 201 POST http://10.180.1.21/identity/v3/auth/tokens 0.065s
2025-02-04 20:56:30.474 64354 INFO tempest.lib.common.rest_client [req-d47f89f2-f56e-4bfb-8414-415743eac1d5 req-d47f89f2-f56e-4bfb-8414-415743eac1d5 ] Request (ListImageFiltersTestJSON:setUpClass): 200 GET http://10.180.1.21/identity/v3/domains?name=Default 0.021s
2025-02-04 20:56:30.502 64354 INFO tempest.lib.common.rest_client [req-270c56b2-52b5-41e6-8d70-252d33d3a519 req-270c56b2-52b5-41e6-8d70-252d33d3a519 ] Request (ListImageFiltersTestJSON:setUpClass): 201 POST http://10.180.1.21/identity/v3/projects 0.027s
2025-02-04 20:56:30.506 64306 INFO tempest.lib.common.rest_client [req-794a616b-4c49-43f6-b042-27c0e22f09fc req-794a616b-4c49-43f6-b042-27c0e22f09fc ] Request (ServerDiagnosticsV248Test:setUpClass): 201 POST http://10.180.1.21/identity/v3/users 0.115s
2025-02-04 20:56:30.561 64306 INFO tempest.lib.common.rest_client [req-2f18a8c2-40c8-4910-b50f-aaf2e67c2c5b req-2f18a8c2-40c8-4910-b50f-aaf2e67c2c5b ] Request (ServerDiagnosticsV248Test:setUpClass): 200 GET http://10.180.1.21/identity/v3/roles 0.055s
2025-02-04 20:56:30.566 64324 INFO tempest.lib.common.rest_client [req-3949ccdb-a416-499c-8c20-8f75dc9c0475 req-3949ccdb-a416-499c-8c20-8f75dc9c0475 ] Request (AbsoluteLimitsTestJSON:tearDownClass): 204 DELETE http://10.180.1.21:9696/networking/v2.0/security-groups/4ec900e1-a556-46d0-a9f2-107031d9cb54 0.229s
2025-02-04 20:56:30.581 64354 INFO tempest.lib.common.rest_client [req-c926f399-3398-4507-860c-8cd6afc91a0b req-c926f399-3398-4507-860c-8cd6afc91a0b ] Request (ListImageFiltersTestJSON:setUpClass): 201 POST http://10.180.1.21/identity/v3/users 0.078s
2025-02-04 20:56:30.601 64306 INFO tempest.lib.common.rest_client [req-6e9e17e7-e339-408e-b614-20cb0e1f6fc8 req-6e9e17e7-e339-408e-b614-20cb0e1f6fc8 ] Request (ServerDiagnosticsV248Test:setUpClass): 204 PUT http://10.180.1.21/identity/v3/projects/ebbe1d9840cf427c971afd0a8fe11aed/users/273115768a98488b97989fe6316cd396/roles/54e28a044231452aba97cc70366838da 0.038s
2025-02-04 20:56:30.601 64306 INFO tempest.lib.common.dynamic_creds [-] Dynamic test user 273115768a98488b97989fe6316cd396 is created with scope project and roles: ['member']
2025-02-04 20:56:30.601 64306 INFO tempest.lib.common.dynamic_creds [-] Acquired dynamic creds: credentials: Credentials: {'domain_id': 'default', 'domain_name': 'Default', 'username': 'tempest-ServerDiagnosticsV248Test-1234073827-project-member', 'project_domain_id': 'default', 'project_domain_name': 'Default', 'project_id': 'ebbe1d9840cf427c971afd0a8fe11aed', 'project_name': 'tempest-ServerDiagnosticsV248Test-1234073827', 'tenant_id': 'ebbe1d9840cf427c971afd0a8fe11aed', 'tenant_name': 'tempest-ServerDiagnosticsV248Test-1234073827', 'user_domain_id': 'default', 'user_domain_name': 'Default', 'user_id': '273115768a98488b97989fe6316cd396', 'system': None}, Network: None, Subnet: None, Router: None
2025-02-04 20:56:30.602 64306 INFO tempest.lib.common.dynamic_creds [-] Created isolated network resources for: credentials: Credentials: {'domain_id': 'default', 'domain_name': 'Default', 'username': 'tempest-ServerDiagnosticsV248Test-1234073827-project-member', 'project_domain_id': 'default', 'project_domain_name': 'Default', 'project_id': 'ebbe1d9840cf427c971afd0a8fe11aed', 'project_name': 'tempest-ServerDiagnosticsV248Test-1234073827', 'tenant_id': 'ebbe1d9840cf427c971afd0a8fe11aed', 'tenant_name': 'tempest-ServerDiagnosticsV248Test-1234073827', 'user_domain_id': 'default', 'user_domain_name': 'Default', 'user_id': '273115768a98488b97989fe6316cd396', 'system': None}, Network: None, Subnet: None, Router: None
2025-02-04 20:56:30.651 64324 INFO tempest.lib.common.rest_client [req-af3c71af-dd65-40d0-8ca5-798cdbeb2c43 req-af3c71af-dd65-40d0-8ca5-798cdbeb2c43 ] Request (AbsoluteLimitsTestJSON:tearDownClass): 204 DELETE http://10.180.1.21/identity/v3/projects/56ceb3373fa54bcfbe75bc3bdd15f81e 0.083s
2025-02-04 20:56:30.692 64354 INFO tempest.lib.common.rest_client [req-e1567ab1-8fc5-4281-b9fd-17b04f543be1 req-e1567ab1-8fc5-4281-b9fd-17b04f543be1 ] Request (ListImageFiltersTestJSON:setUpClass): 200 GET http://10.180.1.21/identity/v3/roles 0.110s
2025-02-04 20:56:30.698 64336 INFO tempest.lib.common.rest_client [req-d3295af9-d34c-42ad-afdd-fc4f7b626d90 req-d3295af9-d34c-42ad-afdd-fc4f7b626d90 ] Request (ServerDiagnosticsTest:test_get_server_diagnostics): 200 GET http://10.180.1.21/compute/v2.1/servers/a1643f95-ff95-4e47-98b2-75f5e4bd436b 1.964s
2025-02-04 20:56:30.707 64336 INFO tempest.common.waiters [-] State transition "BUILD/None" ==> "BUILD/spawning" after 5 second wait
2025-02-04 20:56:30.722 64324 INFO tempest.lib.common.rest_client [req-f8733ae3-15e3-48d2-99b7-dffa899fc381 req-f8733ae3-15e3-48d2-99b7-dffa899fc381 ] Request (ServersTestManualDisk:setUpClass): 201 POST http://10.180.1.21/identity/v3/auth/tokens 0.069s
2025-02-04 20:56:30.724 64306 INFO tempest.lib.common.rest_client [req-f69003c7-e892-4e9a-afce-0dbaa43f3bb1 req-f69003c7-e892-4e9a-afce-0dbaa43f3bb1 ] Request (ServerDiagnosticsV248Test:setUpClass): 201 POST http://10.180.1.21/identity/v3/auth/tokens 0.119s
2025-02-04 20:56:30.748 64354 INFO tempest.lib.common.rest_client [req-0d932922-169d-43cb-8719-c43963cc98dd req-0d932922-169d-43cb-8719-c43963cc98dd ] Request (ListImageFiltersTestJSON:setUpClass): 204 PUT http://10.180.1.21/identity/v3/projects/d68f5b77985a4f21b51991ef61da00ea/users/d896334c28ab4d738b714afd664cac1a/roles/54e28a044231452aba97cc70366838da 0.056s
2025-02-04 20:56:30.748 64354 INFO tempest.lib.common.dynamic_creds [-] Dynamic test user d896334c28ab4d738b714afd664cac1a is created with scope project and roles: ['member']
2025-02-04 20:56:30.749 64354 INFO tempest.lib.common.dynamic_creds [-] Acquired dynamic creds: credentials: Credentials: {'domain_id': 'default', 'domain_name': 'Default', 'username': 'tempest-ListImageFiltersTestJSON-2105461214-project-member', 'project_domain_id': 'default', 'project_domain_name': 'Default', 'project_id': 'd68f5b77985a4f21b51991ef61da00ea', 'project_name': 'tempest-ListImageFiltersTestJSON-2105461214', 'tenant_id': 'd68f5b77985a4f21b51991ef61da00ea', 'tenant_name': 'tempest-ListImageFiltersTestJSON-2105461214', 'user_domain_id': 'default', 'user_domain_name': 'Default', 'user_id': 'd896334c28ab4d738b714afd664cac1a', 'system': None}, Network: None, Subnet: None, Router: None
2025-02-04 20:56:30.749 64354 INFO tempest.lib.common.dynamic_creds [-] Created isolated network resources for: credentials: Credentials: {'domain_id': 'default', 'domain_name': 'Default', 'username': 'tempest-ListImageFiltersTestJSON-2105461214-project-member', 'project_domain_id': 'default', 'project_domain_name': 'Default', 'project_id': 'd68f5b77985a4f21b51991ef61da00ea', 'project_name': 'tempest-ListImageFiltersTestJSON-2105461214', 'tenant_id': 'd68f5b77985a4f21b51991ef61da00ea', 'tenant_name': 'tempest-ListImageFiltersTestJSON-2105461214', 'user_domain_id': 'default', 'user_domain_name': 'Default', 'user_id': 'd896334c28ab4d738b714afd664cac1a', 'system': None}, Network: None, Subnet: None, Router: None
2025-02-04 20:56:30.759 64306 INFO tempest.lib.common.rest_client [req-4ad07fce-86b2-4262-8679-4ec47814dbcb req-4ad07fce-86b2-4262-8679-4ec47814dbcb ] Request (ServerDiagnosticsV248Test:setUpClass): 201 POST http://10.180.1.21/identity/v3/projects 0.034s
2025-02-04 20:56:30.804 64324 INFO tempest.lib.common.rest_client [req-547bb59b-2948-4e8b-b8e9-5ac44d278f27 req-547bb59b-2948-4e8b-b8e9-5ac44d278f27 ] Request (ServersTestManualDisk:setUpClass): 201 POST http://10.180.1.21/identity/v3/auth/tokens 0.079s
2025-02-04 20:56:30.825 64354 INFO tempest.lib.common.rest_client [req-8be66ed3-0eb4-4919-84f8-25ddb088fe59 req-8be66ed3-0eb4-4919-84f8-25ddb088fe59 ] Request (ListImageFiltersTestJSON:setUpClass): 201 POST http://10.180.1.21/identity/v3/auth/tokens 0.072s
2025-02-04 20:56:30.833 64306 INFO tempest.lib.common.rest_client [req-e1a7374b-395a-464b-9c74-d98d1e64004c req-e1a7374b-395a-464b-9c74-d98d1e64004c ] Request (ServerDiagnosticsV248Test:setUpClass): 201 POST http://10.180.1.21/identity/v3/users 0.074s
2025-02-04 20:56:30.849 64324 INFO tempest.lib.common.rest_client [req-2473c7f9-bb6e-4d33-af4c-0b5150b1e76b req-2473c7f9-bb6e-4d33-af4c-0b5150b1e76b ] Request (ServersTestManualDisk:setUpClass): 200 GET http://10.180.1.21/identity/v3/domains?name=Default 0.044s
2025-02-04 20:56:30.864 64306 INFO tempest.lib.common.rest_client [req-bcc95fdc-5fa0-47ba-94e2-98f19b80a291 req-bcc95fdc-5fa0-47ba-94e2-98f19b80a291 ] Request (ServerDiagnosticsV248Test:setUpClass): 200 GET http://10.180.1.21/identity/v3/roles 0.030s
2025-02-04 20:56:30.879 64322 INFO tempest.lib.common.rest_client [req-29d948a1-4cf8-49fc-8a29-71560ec892b3 req-29d948a1-4cf8-49fc-8a29-71560ec892b3 ] Request (DeleteServersAdminTestJSON:test_admin_delete_servers_of_others): 200 GET http://10.180.1.21/compute/v2.1/servers/0686feae-eccb-4a4f-bc91-a01eebb72da4 1.775s
2025-02-04 20:56:30.888 64322 INFO tempest.common.waiters [-] State transition "BUILD/None" ==> "BUILD/networking" after 5 second wait
2025-02-04 20:56:30.892 64324 INFO tempest.lib.common.rest_client [req-009c86e7-f2e8-4836-86db-29f590878da8 req-009c86e7-f2e8-4836-86db-29f590878da8 ] Request (ServersTestManualDisk:setUpClass): 201 POST http://10.180.1.21/identity/v3/projects 0.043s
2025-02-04 20:56:30.905 64306 INFO tempest.lib.common.rest_client [req-7e8369b4-fd94-4072-8506-fa9503caa23d req-7e8369b4-fd94-4072-8506-fa9503caa23d ] Request (ServerDiagnosticsV248Test:setUpClass): 204 PUT http://10.180.1.21/identity/v3/projects/f09f655e0dbd478d8626b2059946a582/users/ff7b3c38eaed4f9abe61668279fc6be0/roles/d2cff5e273bf469dbae461a8c8bfd4c7 0.040s
2025-02-04 20:56:30.982 64324 INFO tempest.lib.common.rest_client [req-95830397-1ea1-4973-8e43-55bb75e5b9ef req-95830397-1ea1-4973-8e43-55bb75e5b9ef ] Request (ServersTestManualDisk:setUpClass): 201 POST http://10.180.1.21/identity/v3/users 0.089s
2025-02-04 20:56:31.003 64306 INFO tempest.lib.common.rest_client [req-d227a1ed-4de9-4cf2-8b31-fddae5b5e100 req-d227a1ed-4de9-4cf2-8b31-fddae5b5e100 ] Request (ServerDiagnosticsV248Test:setUpClass): 200 GET http://10.180.1.21/identity/v3/roles 0.097s
2025-02-04 20:56:31.021 64320 INFO tempest.lib.common.rest_client [req-52e9f926-4854-4efb-bd57-af9ef10f644f req-52e9f926-4854-4efb-bd57-af9ef10f644f ] Request (QuotasAdminTestV236:test_get_updated_quotas): 200 GET http://10.180.1.21/compute/v2.1/os-quota-sets/541f16c6d0f545b1ab4e2465a5a6da40/detail 1.813s
2025-02-04 20:56:31.024 64324 INFO tempest.lib.common.rest_client [req-cc8b1bb8-b457-454c-a496-c555e6fa319a req-cc8b1bb8-b457-454c-a496-c555e6fa319a ] Request (ServersTestManualDisk:setUpClass): 200 GET http://10.180.1.21/identity/v3/roles 0.041s
2025-02-04 20:56:31.038 64306 INFO tempest.lib.common.rest_client [req-f81b50b0-2d51-4811-865d-0a49133eb9df req-f81b50b0-2d51-4811-865d-0a49133eb9df ] Request (ServerDiagnosticsV248Test:setUpClass): 204 PUT http://10.180.1.21/identity/v3/projects/f09f655e0dbd478d8626b2059946a582/users/ff7b3c38eaed4f9abe61668279fc6be0/roles/d2cff5e273bf469dbae461a8c8bfd4c7 0.035s
2025-02-04 20:56:31.038 64306 INFO tempest.lib.common.dynamic_creds [-] Dynamic test user ff7b3c38eaed4f9abe61668279fc6be0 is created with scope project and roles: ['admin']
2025-02-04 20:56:31.038 64306 INFO tempest.lib.common.dynamic_creds [-] Acquired dynamic creds: credentials: Credentials: {'domain_id': 'default', 'domain_name': 'Default', 'username': 'tempest-ServerDiagnosticsV248Test-1651023870-project-admin', 'project_domain_id': 'default', 'project_domain_name': 'Default', 'project_id': 'f09f655e0dbd478d8626b2059946a582', 'project_name': 'tempest-ServerDiagnosticsV248Test-1651023870', 'tenant_id': 'f09f655e0dbd478d8626b2059946a582', 'tenant_name': 'tempest-ServerDiagnosticsV248Test-1651023870', 'user_domain_id': 'default', 'user_domain_name': 'Default', 'user_id': 'ff7b3c38eaed4f9abe61668279fc6be0', 'system': None}, Network: None, Subnet: None, Router: None
2025-02-04 20:56:31.038 64306 INFO tempest.lib.common.dynamic_creds [-] Created isolated network resources for: credentials: Credentials: {'domain_id': 'default', 'domain_name': 'Default', 'username': 'tempest-ServerDiagnosticsV248Test-1651023870-project-admin', 'project_domain_id': 'default', 'project_domain_name': 'Default', 'project_id': 'f09f655e0dbd478d8626b2059946a582', 'project_name': 'tempest-ServerDiagnosticsV248Test-1651023870', 'tenant_id': 'f09f655e0dbd478d8626b2059946a582', 'tenant_name': 'tempest-ServerDiagnosticsV248Test-1651023870', 'user_domain_id': 'default', 'user_domain_name': 'Default', 'user_id': 'ff7b3c38eaed4f9abe61668279fc6be0', 'system': None}, Network: None, Subnet: None, Router: None
2025-02-04 20:56:31.127 64324 INFO tempest.lib.common.rest_client [req-9f83a5ad-708e-48b9-ae7e-c22f3cdc1d6f req-9f83a5ad-708e-48b9-ae7e-c22f3cdc1d6f ] Request (ServersTestManualDisk:setUpClass): 204 PUT http://10.180.1.21/identity/v3/projects/0ff80f8078c943638a5b84e7bcfe1632/users/3715c135cf054ffdb618938dd8ac2713/roles/54e28a044231452aba97cc70366838da 0.102s
2025-02-04 20:56:31.127 64324 INFO tempest.lib.common.dynamic_creds [-] Dynamic test user 3715c135cf054ffdb618938dd8ac2713 is created with scope project and roles: ['member']
2025-02-04 20:56:31.128 64324 INFO tempest.lib.common.dynamic_creds [-] Acquired dynamic creds: credentials: Credentials: {'domain_id': 'default', 'domain_name': 'Default', 'username': 'tempest-ServersTestManualDisk-2016713562-project-member', 'project_domain_id': 'default', 'project_domain_name': 'Default', 'project_id': '0ff80f8078c943638a5b84e7bcfe1632', 'project_name': 'tempest-ServersTestManualDisk-2016713562', 'tenant_id': '0ff80f8078c943638a5b84e7bcfe1632', 'tenant_name': 'tempest-ServersTestManualDisk-2016713562', 'user_domain_id': 'default', 'user_domain_name': 'Default', 'user_id': '3715c135cf054ffdb618938dd8ac2713', 'system': None}, Network: None, Subnet: None, Router: None
2025-02-04 20:56:31.181 64320 INFO tempest.lib.common.rest_client [req-a3422445-811b-4db2-8cd4-9d832e464ad2 req-a3422445-811b-4db2-8cd4-9d832e464ad2 ] Request (QuotasAdminTestV236:test_get_updated_quotas): 200 GET http://10.180.1.21/identity/v3/domains?name=Default 0.153s
2025-02-04 20:56:31.197 64306 INFO tempest.lib.common.rest_client [req-a36ff0cd-6784-42c1-ba05-a5551cfa6b46 req-a36ff0cd-6784-42c1-ba05-a5551cfa6b46 ] Request (ServerDiagnosticsV248Test:setUpClass): 201 POST http://10.180.1.21/identity/v3/auth/tokens 0.154s
2025-02-04 20:56:31.258 64320 INFO tempest.lib.common.rest_client [req-1640e0aa-a41f-4ea3-89b5-386810b8586b req-1640e0aa-a41f-4ea3-89b5-386810b8586b ] Request (QuotasAdminTestV236:test_get_updated_quotas): 201 POST http://10.180.1.21/identity/v3/users 0.077s
2025-02-04 20:56:31.260 64324 INFO tempest.lib.common.rest_client [req-8aae6123-a322-487e-a555-6ba60609352e req-8aae6123-a322-487e-a555-6ba60609352e ] Request (ServersTestManualDisk:setUpClass): 201 POST http://10.180.1.21/identity/v3/auth/tokens 0.132s
2025-02-04 20:56:31.325 64306 INFO tempest.lib.common.rest_client [req-ab052300-bd03-4c18-9103-3e0bd30530c0 req-ab052300-bd03-4c18-9103-3e0bd30530c0 ] Request (ServerDiagnosticsV248Test:test_get_server_diagnostics): 201 POST http://10.180.1.21/identity/v3/auth/tokens 0.124s
2025-02-04 20:56:31.326 64306 INFO tempest.lib.common.fixed_network [-] (ServerDiagnosticsV248Test:test_get_server_diagnostics) Found network None available for tenant
2025-02-04 20:56:31.335 64357 INFO tempest.lib.common.rest_client [req-957a69fb-ae14-4067-9b5e-192cc73da8b4 req-957a69fb-ae14-4067-9b5e-192cc73da8b4 ] Request (SecurityGroupsTestAdminJSON:test_list_security_groups_list_all_tenants_filter): 200 GET http://10.180.1.21/compute/v2.1/os-security-groups?all_tenants=true 2.996s
2025-02-04 20:56:31.352 64320 INFO tempest.lib.common.rest_client [req-f0788934-76ae-4fdd-9a88-9bf5f6141d21 req-f0788934-76ae-4fdd-9a88-9bf5f6141d21 ] Request (QuotasAdminTestV236:test_get_updated_quotas): 200 GET http://10.180.1.21/identity/v3/domains?name=Default 0.093s
2025-02-04 20:56:31.417 64346 INFO tempest.lib.common.rest_client [req-a3085146-b04a-4afd-9454-76004fbcadd5 req-a3085146-b04a-4afd-9454-76004fbcadd5 ] Request (ImagesTestJSON:test_create_image_from_stopped_server): 200 GET http://10.180.1.21/compute/v2.1/servers/1acf4113-9111-4394-a667-1688d64aafe6 2.146s
2025-02-04 20:56:31.436 64354 INFO tempest.lib.common.rest_client [req-1cf61467-9a7e-43ed-8143-5da4a88fadf8 req-1cf61467-9a7e-43ed-8143-5da4a88fadf8 ] Request (ListImageFiltersTestJSON:setUpClass): 201 POST http://10.180.1.21/image/v2/images 0.609s
2025-02-04 20:56:31.456 64340 INFO tempest.lib.common.rest_client [req-6aeca2f5-23d0-4199-8b67-ca1e4b3f9a94 req-6aeca2f5-23d0-4199-8b67-ca1e4b3f9a94 ] Request (AggregatesAdminNegativeTestJSON:test_aggregate_add_host_as_user): 200 POST http://10.180.1.21/compute/v2.1/os-aggregates 2.162s
2025-02-04 20:56:31.476 64298 INFO tempest.lib.common.rest_client [req-69c97a10-2444-4fc4-b9f2-a3e136ed0fa1 req-69c97a10-2444-4fc4-b9f2-a3e136ed0fa1 ] Request (KeyPairsV210TestJSON:_run_cleanups): 204 DELETE http://10.180.1.21/compute/v2.1/os-keypairs/tempest-KeyPairsV210TestJSON-keypair-1095512671 2.178s
2025-02-04 20:56:31.556 64338 INFO tempest.lib.common.rest_client [req-c52d62b0-baac-4f4f-8634-af5a8a76e88f req-c52d62b0-baac-4f4f-8634-af5a8a76e88f ] Request (ServerExternalEventsTest:test_create_server_external_events): 200 GET http://10.180.1.21/compute/v2.1/servers/5f107b95-125c-460a-bd10-9819ec37c95b 2.111s
2025-02-04 20:56:31.579 64344 INFO tempest.lib.common.rest_client [req-12dc756a-c9ac-47d9-8672-1c7e4afa23d3 req-12dc756a-c9ac-47d9-8672-1c7e4afa23d3 ] Request (FlavorsAccessNegativeTestJSON:_run_cleanups): 202 DELETE http://10.180.1.21/compute/v2.1/flavors/599669894 2.072s
2025-02-04 20:56:31.592 64304 INFO tempest.lib.common.rest_client [req-0ebc626c-9a95-47d6-a486-d7be2170b04e req-0ebc626c-9a95-47d6-a486-d7be2170b04e ] Request (FlavorsV255TestJSON:_run_cleanups): 202 DELETE http://10.180.1.21/compute/v2.1/flavors/1047973483 2.051s
2025-02-04 20:56:31.608 64326 INFO tempest.lib.common.rest_client [req-3000aa72-e705-4dda-aa13-30fa371815de req-3000aa72-e705-4dda-aa13-30fa371815de ] Request (FlavorsAccessTestJSON:test_flavor_access_list_with_private_flavor): 200 GET http://10.180.1.21/compute/v2.1/flavors/1580138414/os-flavor-access 2.050s
2025-02-04 20:56:31.621 64332 INFO tempest.lib.common.rest_client [req-0e96cdd2-660a-430e-885b-b9e7bf50091e req-0e96cdd2-660a-430e-885b-b9e7bf50091e ] Request (ServersAdminTestJSON:setUpClass): 201 POST http://10.180.1.21:9696/networking/v2.0/routers 1.411s
2025-02-04 20:56:31.625 64316 INFO tempest.lib.common.rest_client [req-3355e2c0-6cb7-45fc-a747-cb26fd1e51c2 req-3355e2c0-6cb7-45fc-a747-cb26fd1e51c2 ] Request (FlavorsExtraSpecsNegativeTestJSON:test_flavor_non_admin_update_specific_key): 200 POST http://10.180.1.21/compute/v2.1/flavors/1736997155/os-extra_specs 2.061s
2025-02-04 20:56:31.751 64302 INFO tempest.lib.common.rest_client [req-a805ed95-0125-40f7-bda1-e282d3f4a8ab req-a805ed95-0125-40f7-bda1-e282d3f4a8ab ] Request (FlavorsV2NegativeTest:test_boot_with_low_ram): 200 GET http://10.180.1.21/compute/v2.1/flavors/42 2.187s
2025-02-04 20:56:31.783 64318 INFO tempest.lib.common.rest_client [req-d7a6be00-a185-4106-a1f9-1615d2dd5239 req-d7a6be00-a185-4106-a1f9-1615d2dd5239 ] Request (FlavorsExtraSpecsTestJSON:test_flavor_set_get_update_show_unset_keys): 200 POST http://10.180.1.21/compute/v2.1/flavors/688048307/os-extra_specs 2.201s
2025-02-04 20:56:31.798 64330 INFO tempest.lib.common.rest_client [req-bea95854-6b64-42f7-8135-c4cb983f3aea req-bea95854-6b64-42f7-8135-c4cb983f3aea ] Request (FlavorsAdminTestJSON:_run_cleanups): 202 DELETE http://10.180.1.21/compute/v2.1/flavors/73518792 2.108s
2025-02-04 20:56:31.805 64312 INFO tempest.lib.common.rest_client [req-3ccc50a4-0471-4abd-a530-61aedc81ce21 req-3ccc50a4-0471-4abd-a530-61aedc81ce21 ] Request (SecurityGroupRulesNegativeTestJSON:test_create_security_group_rule_with_invalid_id): 400 POST http://10.180.1.21/compute/v2.1/os-security-group-rules 2.100s
2025-02-04 20:56:31.826 64334 INFO tempest.lib.common.rest_client [req-69292f56-3d62-4a80-bd9e-cc834254c738 req-69292f56-3d62-4a80-bd9e-cc834254c738 ] Request (ServicesAdminNegativeTestJSON:test_get_service_with_valid_service_and_invalid_host): 200 GET http://10.180.1.21/compute/v2.1/os-services?host=xxx&binary=nova-scheduler 1.947s
2025-02-04 20:56:31.847 64350 INFO tempest.lib.common.rest_client [req-09469c43-b10e-41b2-bcdb-3cf2dd8b16cc req-09469c43-b10e-41b2-bcdb-3cf2dd8b16cc ] Request (FlavorsV261TestJSON:_run_cleanups): 202 DELETE http://10.180.1.21/compute/v2.1/flavors/1460289581 1.935s
2025-02-04 20:56:31.856 64324 INFO tempest.lib.common.rest_client [req-5630c586-28fa-4c83-bef8-87074f3da38b req-5630c586-28fa-4c83-bef8-87074f3da38b ] Request (ServersTestManualDisk:setUpClass): 201 POST http://10.180.1.21:9696/networking/v2.0/networks 0.595s
2025-02-04 20:56:31.862 64310 INFO tempest.lib.common.rest_client [req-0f532008-82da-4b46-80e0-cbbe68803f50 req-0f532008-82da-4b46-80e0-cbbe68803f50 ] Request (ServersWithSpecificFlavorTestJSON:test_verify_created_server_ephemeral_disk): 200 GET http://10.180.1.21/compute/v2.1/flavors/42/os-extra_specs 1.936s
2025-02-04 20:56:31.863 64300 INFO tempest.lib.common.rest_client [req-91b54534-211e-4243-9092-27dc6cb7b9fd req-91b54534-211e-4243-9092-27dc6cb7b9fd ] Request (MultipleCreateNegativeTestJSON:test_max_count_non_integer): 400 POST http://10.180.1.21/compute/v2.1/servers 1.899s
2025-02-04 20:56:31.945 64300 INFO tempest.lib.common.rest_client [req-bf54e0a7-c827-4d57-8e00-0a4501e3cea8 req-bf54e0a7-c827-4d57-8e00-0a4501e3cea8 ] Request (MultipleCreateNegativeTestJSON:test_min_count_less_than_one): 201 POST http://10.180.1.21/identity/v3/auth/tokens 0.075s
2025-02-04 20:56:31.945 64300 INFO tempest.lib.common.fixed_network [-] (MultipleCreateNegativeTestJSON:test_min_count_less_than_one) Found network None available for tenant
2025-02-04 20:56:32.002 64352 INFO tempest.lib.common.rest_client [req-3691df18-5668-40c5-8bfc-924ee29f8a82 req-3691df18-5668-40c5-8bfc-924ee29f8a82 ] Request (FloatingIPsTestJSON:test_delete_floating_ip): 200 POST http://10.180.1.21/compute/v2.1/os-floating-ips 2.743s
2025-02-04 20:56:32.040 64342 INFO tempest.lib.common.rest_client [req-d91e93df-6c68-42a2-87f8-34f1e2fc9b81 req-d91e93df-6c68-42a2-87f8-34f1e2fc9b81 ] Request (QuotasAdminNegativeTest:test_create_server_when_instances_quota_is_full): 200 PUT http://10.180.1.21/compute/v2.1/os-quota-sets/2c9721164526461ca60e79953e2a42a6 1.878s
2025-02-04 20:56:32.095 64296 INFO tempest.lib.common.rest_client [req-5685e18b-8576-4a9b-a322-f44c681242da req-5685e18b-8576-4a9b-a322-f44c681242da ] Request (HostsAdminNegativeTestJSON:test_list_hosts_with_non_admin_user): 403 GET http://10.180.1.21/compute/v2.1/os-hosts 1.737s
2025-02-04 20:56:32.112 64342 INFO tempest.lib.common.rest_client [req-82e9248b-5c3a-4a5b-a746-1f621a44d123 req-82e9248b-5c3a-4a5b-a746-1f621a44d123 ] Request (QuotasAdminNegativeTest:test_create_server_when_instances_quota_is_full): 201 POST http://10.180.1.21/identity/v3/auth/tokens 0.065s
2025-02-04 20:56:32.113 64342 INFO tempest.lib.common.fixed_network [-] (QuotasAdminNegativeTest:test_create_server_when_instances_quota_is_full) Found network None available for tenant
2025-02-04 20:56:32.125 64324 INFO tempest.lib.common.rest_client [req-8dfe9368-add7-4cc6-99a4-b64d5d032e33 req-8dfe9368-add7-4cc6-99a4-b64d5d032e33 ] Request (ServersTestManualDisk:setUpClass): 201 POST http://10.180.1.21:9696/networking/v2.0/subnets 0.267s
2025-02-04 20:56:32.182 64308 INFO tempest.lib.common.rest_client [req-a30b0e43-feac-4c7f-8912-2905e25817c1 req-a30b0e43-feac-4c7f-8912-2905e25817c1 ] Request (ServicesAdminTestJSON:test_get_service_by_host_name): 200 GET http://10.180.1.21/compute/v2.1/os-services 1.735s
2025-02-04 20:56:32.193 64302 INFO tempest.lib.common.rest_client [req-30474e62-7734-4883-b74c-bc02fb0158cb req-30474e62-7734-4883-b74c-bc02fb0158cb ] Request (FlavorsV2NegativeTest:test_boot_with_low_ram): 201 POST http://10.180.1.21/image/v2/images 0.437s
2025-02-04 20:56:32.339 64358 INFO tempest.lib.common.rest_client [req-5dc3fc72-be16-42d2-9908-183977e430e3 req-5dc3fc72-be16-42d2-9908-183977e430e3 ] Request (ServersTestMultiNic:test_verify_duplicate_network_nics): 200 GET http://10.180.1.21/compute/v2.1/servers/75b47c32-9f9d-4288-a964-6d71a947793b 1.683s
2025-02-04 20:56:32.503 64314 INFO tempest.lib.common.rest_client [req-2944e19f-6640-4abd-8855-edcb9d167ab1 req-2944e19f-6640-4abd-8855-edcb9d167ab1 ] Request (MigrationsAdminTest:test_list_migrations_in_flavor_resize_situation): 200 GET http://10.180.1.21/compute/v2.1/servers/fdbee3c7-34eb-4b2e-830a-baf719075a77 1.613s
2025-02-04 20:56:32.821 64328 INFO tempest.lib.common.rest_client [req-c9f10159-1d07-404d-849c-b3aa1c24beae req-c9f10159-1d07-404d-849c-b3aa1c24beae ] Request (VolumesAssistedSnapshotsTest:test_volume_assisted_snapshot_create_delete): 202 POST http://10.180.1.21/compute/v2.1/servers 2.621s
2025-02-04 20:56:32.954 64302 INFO tempest.lib.common.rest_client [req-f7d3a17c-e5b7-43f7-80ce-3e220eefe2c3 req-f7d3a17c-e5b7-43f7-80ce-3e220eefe2c3 ] Request (FlavorsV2NegativeTest:test_boot_with_low_ram): 204 PUT http://10.180.1.21/image/v2/images/c7afb407-8345-4322-ac53-d84038dc80e2/file 0.760s
2025-02-04 20:56:32.987 64357 INFO tempest.lib.common.rest_client [req-50ccc569-c633-44c4-85f4-70253b98a267 req-50ccc569-c633-44c4-85f4-70253b98a267 ] Request (SecurityGroupsTestAdminJSON:test_list_security_groups_list_all_tenants_filter): 200 GET http://10.180.1.21/compute/v2.1/os-security-groups?all_tenants=true 1.643s
2025-02-04 20:56:32.992 64302 INFO tempest.lib.common.rest_client [req-ad41ec1f-31cd-453e-8ea6-474730ef4958 req-ad41ec1f-31cd-453e-8ea6-474730ef4958 ] Request (FlavorsV2NegativeTest:test_boot_with_low_ram): 201 POST http://10.180.1.21/identity/v3/auth/tokens 0.033s
2025-02-04 20:56:32.992 64302 INFO tempest.lib.common.fixed_network [-] (FlavorsV2NegativeTest:test_boot_with_low_ram) Found network None available for tenant
2025-02-04 20:56:33.070 64306 INFO tempest.lib.common.rest_client [req-b11afdc2-b3f4-48e8-871d-c8c1189ab713 req-b11afdc2-b3f4-48e8-871d-c8c1189ab713 ] Request (ServerDiagnosticsV248Test:test_get_server_diagnostics): 202 POST http://10.180.1.21/compute/v2.1/servers 1.743s
2025-02-04 20:56:33.109 64320 INFO tempest.lib.common.rest_client [req-38040cc1-2803-44b7-ae7b-eba7a3a83fdc req-38040cc1-2803-44b7-ae7b-eba7a3a83fdc ] Request (QuotasAdminTestV236:test_get_updated_quotas): 200 PUT http://10.180.1.21/compute/v2.1/os-quota-sets/541f16c6d0f545b1ab4e2465a5a6da40?user_id=f276cd77e70d45aba970c5ecbb685534 1.757s
2025-02-04 20:56:33.135 64298 INFO tempest.lib.common.rest_client [req-ae387475-4e5e-43f1-9f13-f46032acc1fb req-ae387475-4e5e-43f1-9f13-f46032acc1fb ] Request (KeyPairsV210TestJSON:_run_cleanups): 204 DELETE http://10.180.1.21/compute/v2.1/os-keypairs/tempest-keypair-1824098300?user_id=7666da1360d3428cb7109bb49437b611 1.659s
2025-02-04 20:56:33.153 64332 INFO tempest.lib.common.rest_client [req-dbc7cc65-7cba-4737-8b5c-e4ab110cef63 req-dbc7cc65-7cba-4737-8b5c-e4ab110cef63 ] Request (ServersAdminTestJSON:setUpClass): 200 PUT http://10.180.1.21:9696/networking/v2.0/routers/4b2f11d5-c28d-4c20-be49-a7cab140da53/add_router_interface 1.531s
2025-02-04 20:56:33.153 64332 INFO tempest.lib.common.dynamic_creds [-] Created isolated network resources for: credentials: Credentials: {'domain_id': 'default', 'domain_name': 'Default', 'username': 'tempest-ServersAdminTestJSON-486334363-project-admin', 'project_domain_id': 'default', 'project_domain_name': 'Default', 'project_id': 'e8dcff4e524643eba9bdcacd991fcdfb', 'project_name': 'tempest-ServersAdminTestJSON-486334363', 'tenant_id': 'e8dcff4e524643eba9bdcacd991fcdfb', 'tenant_name': 'tempest-ServersAdminTestJSON-486334363', 'user_domain_id': 'default', 'user_domain_name': 'Default', 'user_id': 'bfdcf5aca54d4346b5875f1b9f088a8d', 'system': None}, Network: {'id': '81ef437e-7912-4add-8d72-87c798a79ab3', 'name': 'tempest-ServersAdminTestJSON-905236899-network', 'tenant_id': 'e8dcff4e524643eba9bdcacd991fcdfb', 'admin_state_up': True, 'mtu': 8950, 'status': 'ACTIVE', 'subnets': [], 'shared': False, 'project_id': 'e8dcff4e524643eba9bdcacd991fcdfb', 'port_security_enabled': True, 'router:external': False, 'provider:network_type': 'vlan', 'provider:physical_network': 'default', 'provider:segmentation_id': 736, 'availability_zone_hints': [], 'availability_zones': [], 'ipv4_address_scope': None, 'ipv6_address_scope': None, 'description': '', 'tags': [], 'created_at': '2025-02-04T20:56:29Z', 'updated_at': '2025-02-04T20:56:29Z', 'revision_number': 1}, Subnet: {'id': '69919c4e-218c-43a1-88f3-c78e311fe2a8', 'name': 'tempest-ServersAdminTestJSON-905236899-subnet', 'tenant_id': 'e8dcff4e524643eba9bdcacd991fcdfb', 'network_id': '81ef437e-7912-4add-8d72-87c798a79ab3', 'ip_version': 4, 'subnetpool_id': None, 'enable_dhcp': True, 'ipv6_ra_mode': None, 'ipv6_address_mode': None, 'gateway_ip': '192.168.128.1', 'cidr': '192.168.128.0/28', 'allocation_pools': [{'start': '192.168.128.2', 'end': '192.168.128.14'}], 'host_routes': [], 'dns_nameservers': [], 'description': '', 'router:external': False, 'service_types': [], 'tags': [], 'created_at': '2025-02-04T20:56:29Z', 'updated_at': '2025-02-04T20:56:29Z', 'revision_number': 0, 'project_id': 'e8dcff4e524643eba9bdcacd991fcdfb'}, Router: {'id': '4b2f11d5-c28d-4c20-be49-a7cab140da53', 'name': 'tempest-ServersAdminTestJSON-905236899-router', 'tenant_id': 'e8dcff4e524643eba9bdcacd991fcdfb', 'admin_state_up': True, 'status': 'ACTIVE', 'external_gateway_info': {'network_id': '3225de02-ca9e-4520-8e86-9f9c28692b96', 'external_fixed_ips': [{'subnet_id': '258f6fe8-334b-4e0c-a947-83bc5a9d433b', 'ip_address': '10.180.180.250'}], 'enable_snat': True}, 'description': '', 'availability_zones': [], 'distributed': False, 'ha': False, 'availability_zone_hints': [], 'routes': [], 'flavor_id': None, 'tags': [], 'created_at': '2025-02-04T20:56:30Z', 'updated_at': '2025-02-04T20:56:31Z', 'revision_number': 2, 'project_id': 'e8dcff4e524643eba9bdcacd991fcdfb'}
2025-02-04 20:56:33.161 64340 INFO tempest.lib.common.rest_client [req-93da10c0-2c72-411e-9e84-9178fa0f79a0 req-93da10c0-2c72-411e-9e84-9178fa0f79a0 ] Request (AggregatesAdminNegativeTestJSON:test_aggregate_add_host_as_user): 403 POST http://10.180.1.21/compute/v2.1/os-aggregates/2/action 1.703s
2025-02-04 20:56:33.162 64344 INFO tempest.lib.common.rest_client [req-137a59df-6283-403e-801e-d76082dbfb91 req-137a59df-6283-403e-801e-d76082dbfb91 ] Request (FlavorsAccessNegativeTestJSON:_run_cleanups): 200 GET http://10.180.1.21/compute/v2.1/flavors/detail 1.582s
2025-02-04 20:56:33.188 64354 INFO tempest.lib.common.rest_client [req-b71628c9-fecb-4ca8-aabd-f8d7d80256be req-b71628c9-fecb-4ca8-aabd-f8d7d80256be ] Request (ListImageFiltersTestJSON:setUpClass): 204 PUT http://10.180.1.21/image/v2/images/02b5189b-61e5-441c-9b7d-885a4ff0d319/file 0.750s
2025-02-04 20:56:33.193 64326 INFO tempest.lib.common.rest_client [req-9b416c3f-bf60-4f6b-860e-c61a89cf7b4a req-9b416c3f-bf60-4f6b-860e-c61a89cf7b4a ] Request (FlavorsAccessTestJSON:_run_cleanups): 202 DELETE http://10.180.1.21/compute/v2.1/flavors/1580138414 1.583s
2025-02-04 20:56:33.198 64316 INFO tempest.lib.common.rest_client [req-7833f2bc-9ab9-4087-b389-7ae45ce9f0d6 req-7833f2bc-9ab9-4087-b389-7ae45ce9f0d6 ] Request (FlavorsExtraSpecsNegativeTestJSON:test_flavor_non_admin_update_specific_key): 403 PUT http://10.180.1.21/compute/v2.1/flavors/1736997155/os-extra_specs/hw:numa_nodes 1.571s
2025-02-04 20:56:33.202 64304 INFO tempest.lib.common.rest_client [req-423882a4-2e2f-48f1-9b50-b95f5694c8ef req-423882a4-2e2f-48f1-9b50-b95f5694c8ef ] Request (FlavorsV255TestJSON:_run_cleanups): 200 GET http://10.180.1.21/compute/v2.1/flavors/detail 1.609s
