2025-02-04 20:58:12.008 64298 INFO tempest.lib.common.dynamic_creds [-] Acquired dynamic creds: credentials: Credentials: {'domain_id': 'default', 'domain_name': 'Default', 'username': 'tempest-ListServerFiltersTestJSON-686155616-project-member', 'project_domain_id': 'default', 'project_domain_name': 'Default', 'project_id': '55f2cf56b9894f18ad63cdac408f6341', 'project_name': 'tempest-ListServerFiltersTestJSON-686155616', 'tenant_id': '55f2cf56b9894f18ad63cdac408f6341', 'tenant_name': 'tempest-ListServerFiltersTestJSON-686155616', 'user_domain_id': 'default', 'user_domain_name': 'Default', 'user_id': '9c60e8401be042a4829d3c9101a3eeee', 'system': None}, Network: None, Subnet: None, Router: None
2025-02-04 20:58:12.058 64336 INFO tempest.lib.common.rest_client [req-eeef17d0-3dfc-4414-b6db-591ed81377df req-eeef17d0-3dfc-4414-b6db-591ed81377df ] Request (ServersAdminNegativeTestJSON:test_migrate_server_invalid_state): 200 GET http://10.180.1.21/compute/v2.1/servers/d3824db3-b570-4a81-a6eb-580b2da057a9 0.053s
2025-02-04 20:58:12.088 64298 INFO tempest.lib.common.rest_client [req-dfbd505a-661c-4113-809b-f599882af8a2 req-dfbd505a-661c-4113-809b-f599882af8a2 ] Request (ListServerFiltersTestJSON:setUpClass): 201 POST http://10.180.1.21/identity/v3/auth/tokens 0.080s
2025-02-04 20:58:12.098 64318 INFO tempest.lib.common.rest_client [req-33bdb9f5-5623-46fc-aa45-a582775cbc20 req-33bdb9f5-5623-46fc-aa45-a582775cbc20 ] Request (VolumesAdminNegativeTest:test_update_attached_volume_with_nonexistent_volume_in_body): 200 GET http://10.180.1.21/compute/v2.1/servers/6f70de75-c4ee-42b1-9f96-5dd32a0f1e27 0.051s
2025-02-04 20:58:12.123 64316 INFO tempest.lib.common.rest_client [req-4db630fe-1299-4abb-9865-886d3c616bde req-4db630fe-1299-4abb-9865-886d3c616bde ] Request (ServersAdmin275Test:tearDownClass): 200 GET http://10.180.1.21/compute/v2.1/servers/06e3d09b-6caa-4755-b96c-a89c722a9073 0.057s
2025-02-04 20:58:12.148 64338 INFO tempest.lib.common.rest_client [req-3af909d9-ae6b-484f-b553-f568060c6712 req-3af909d9-ae6b-484f-b553-f568060c6712 ] Request (ServerMetadataTestJSON:setUpClass): 200 GET http://10.180.1.21/compute/v2.1/servers/a5f14d13-841b-4ba3-a6f5-033493a3c501 0.053s
2025-02-04 20:58:12.179 64346 INFO tempest.lib.common.rest_client [req-6a772108-336f-4065-812a-19480d415b08 req-6a772108-336f-4065-812a-19480d415b08 ] Request (ImagesTestJSON:test_create_image_from_suspended_server): 200 GET http://10.180.1.21/compute/v2.1/servers/2f961c05-7053-4c31-b2e7-a1c2079efa26 0.065s
2025-02-04 20:58:12.284 64296 INFO tempest.lib.common.rest_client [req-27c2a98e-485d-4e3e-9a0b-5746381e11b4 req-27c2a98e-485d-4e3e-9a0b-5746381e11b4 ] Request (ServerShowV247Test:test_update_rebuild_list_server): 200 GET http://10.180.1.21/compute/v2.1/servers/6b09db4b-dcaf-4d47-a7fc-6282db643d96 0.056s
2025-02-04 20:58:12.324 64340 INFO tempest.lib.common.rest_client [req-e816b4e9-e34c-46b7-8e04-eff2e7ec86fa req-e816b4e9-e34c-46b7-8e04-eff2e7ec86fa ] Request (FloatingIPsAssociationTestJSON:setUpClass): 200 GET http://10.180.1.21/compute/v2.1/servers/3dc7f232-556b-45c1-8659-1e57c553fe3d 0.054s
2025-02-04 20:58:12.349 64298 INFO tempest.lib.common.rest_client [req-5765f4cd-3039-4c4b-ac4a-bc48b01ba8e5 req-5765f4cd-3039-4c4b-ac4a-bc48b01ba8e5 ] Request (ListServerFiltersTestJSON:setUpClass): 201 POST http://10.180.1.21:9696/networking/v2.0/networks 0.261s
2025-02-04 20:58:12.385 64300 INFO tempest.lib.common.rest_client [req-219cd4e2-02d3-4c7f-ac05-4814c63881f8 req-219cd4e2-02d3-4c7f-ac05-4814c63881f8 ] Request (ServerMetadataNegativeTestJSON:setUpClass): 200 GET http://10.180.1.21/compute/v2.1/servers/07c5066a-6822-4eb5-a5d9-9794d9d6fb4b 0.050s
2025-02-04 20:58:12.448 64314 INFO tempest.lib.common.rest_client [req-05220393-469b-4af5-aca3-4d57c675c6d1 req-05220393-469b-4af5-aca3-4d57c675c6d1 ] Request (MigrationsAdminTest:test_resize_server_revert_deleted_flavor): 200 GET http://10.180.1.21/compute/v2.1/servers/1bd00407-c66a-4218-9b38-8e25a676d9e8 0.056s
2025-02-04 20:58:12.531 64306 INFO tempest.lib.common.rest_client [req-4055e458-a713-4443-afde-3494b1f9fcee req-4055e458-a713-4443-afde-3494b1f9fcee ] Request (ServerDiagnosticsNegativeTest:test_get_server_diagnostics_by_non_admin): 200 GET http://10.180.1.21/compute/v2.1/servers/2780b129-725e-4444-ac6f-98ef00cef77c 0.056s
2025-02-04 20:58:12.614 64312 INFO tempest.lib.common.rest_client [req-09273c0a-ca82-4388-a350-64a428e924c0 req-09273c0a-ca82-4388-a350-64a428e924c0 ] Request (MultipleCreateTestJSON:test_multiple_create): 200 GET http://10.180.1.21/compute/v2.1/servers/12321f37-87a5-4d64-b101-25e46f3537a9 0.081s
2025-02-04 20:58:12.620 64298 INFO tempest.lib.common.rest_client [req-bdd8c21f-49cc-4b83-979f-bce64bbf93c0 req-bdd8c21f-49cc-4b83-979f-bce64bbf93c0 ] Request (ListServerFiltersTestJSON:setUpClass): 201 POST http://10.180.1.21:9696/networking/v2.0/subnets 0.270s
2025-02-04 20:58:12.620 64298 INFO tempest.lib.common.dynamic_creds [-] Created isolated network resources for: credentials: Credentials: {'domain_id': 'default', 'domain_name': 'Default', 'username': 'tempest-ListServerFiltersTestJSON-686155616-project-member', 'project_domain_id': 'default', 'project_domain_name': 'Default', 'project_id': '55f2cf56b9894f18ad63cdac408f6341', 'project_name': 'tempest-ListServerFiltersTestJSON-686155616', 'tenant_id': '55f2cf56b9894f18ad63cdac408f6341', 'tenant_name': 'tempest-ListServerFiltersTestJSON-686155616', 'user_domain_id': 'default', 'user_domain_name': 'Default', 'user_id': '9c60e8401be042a4829d3c9101a3eeee', 'system': None}, Network: {'id': 'ec31443a-c16b-4d25-94bf-c601ecace886', 'name': 'tempest-ListServerFiltersTestJSON-1910237973-network', 'tenant_id': '55f2cf56b9894f18ad63cdac408f6341', 'admin_state_up': True, 'mtu': 8950, 'status': 'ACTIVE', 'subnets': [], 'shared': False, 'project_id': '55f2cf56b9894f18ad63cdac408f6341', 'port_security_enabled': True, 'router:external': False, 'provider:network_type': 'vlan', 'provider:physical_network': 'default', 'provider:segmentation_id': 685, 'availability_zone_hints': [], 'availability_zones': [], 'ipv4_address_scope': None, 'ipv6_address_scope': None, 'description': '', 'tags': [], 'created_at': '2025-02-04T20:58:12Z', 'updated_at': '2025-02-04T20:58:12Z', 'revision_number': 1}, Subnet: {'id': 'eca25ce1-e6bf-49cc-8254-adeda15e30f8', 'name': 'tempest-ListServerFiltersTestJSON-1910237973-subnet', 'tenant_id': '55f2cf56b9894f18ad63cdac408f6341', 'network_id': 'ec31443a-c16b-4d25-94bf-c601ecace886', 'ip_version': 4, 'subnetpool_id': None, 'enable_dhcp': True, 'ipv6_ra_mode': None, 'ipv6_address_mode': None, 'gateway_ip': '192.168.128.1', 'cidr': '192.168.128.0/28', 'allocation_pools': [{'start': '192.168.128.2', 'end': '192.168.128.14'}], 'host_routes': [], 'dns_nameservers': [], 'description': '', 'router:external': False, 'service_types': [], 'tags': [], 'created_at': '2025-02-04T20:58:12Z', 'updated_at': '2025-02-04T20:58:12Z', 'revision_number': 0, 'project_id': '55f2cf56b9894f18ad63cdac408f6341'}, Router: None
2025-02-04 20:58:12.622 64312 INFO tempest.common.waiters [-] State transition "BUILD/None" ==> "BUILD/networking" after 59 second wait
2025-02-04 20:58:12.637 64358 INFO tempest.lib.common.rest_client [req-369fe16f-620a-43a2-b0f3-044807a4b59c req-369fe16f-620a-43a2-b0f3-044807a4b59c ] Request (ServersTestMultiNic:test_verify_multiple_nics_order): 200 GET http://10.180.1.21/compute/v2.1/servers/e777dc00-4bd3-4f7f-96fa-d5707d45f0a2 0.049s
2025-02-04 20:58:12.714 64298 INFO tempest.lib.common.rest_client [req-6699588c-9f3b-4d36-9101-6a979ed7e901 req-6699588c-9f3b-4d36-9101-6a979ed7e901 ] Request (ListServerFiltersTestJSON:setUpClass): 201 POST http://10.180.1.21/identity/v3/auth/tokens 0.091s
2025-02-04 20:58:12.732 64302 INFO tempest.lib.common.rest_client [req-102fc07a-66a0-4ed7-802b-16e92dfe728d req-102fc07a-66a0-4ed7-802b-16e92dfe728d ] Request (SecurityGroupsTestJSON:test_list_security_groups_by_server): 200 GET http://10.180.1.21/compute/v2.1/servers/4f6a15cb-714e-4fbc-a84d-2783b3bcdf34 0.079s
2025-02-04 20:58:12.750 64298 INFO tempest.lib.common.rest_client [req-b5b12259-a5a7-4815-8515-73a9cb8e14c6 req-b5b12259-a5a7-4815-8515-73a9cb8e14c6 ] Request (ListServerFiltersTestJSON:setUpClass): 201 POST http://10.180.1.21/identity/v3/auth/tokens 0.031s
2025-02-04 20:58:12.751 64298 INFO tempest.lib.common.fixed_network [-] (ListServerFiltersTestJSON:setUpClass) Found network {'id': 'ec31443a-c16b-4d25-94bf-c601ecace886', 'name': 'tempest-ListServerFiltersTestJSON-1910237973-network', 'tenant_id': '55f2cf56b9894f18ad63cdac408f6341', 'admin_state_up': True, 'mtu': 8950, 'status': 'ACTIVE', 'subnets': [], 'shared': False, 'project_id': '55f2cf56b9894f18ad63cdac408f6341', 'port_security_enabled': True, 'router:external': False, 'provider:network_type': 'vlan', 'provider:physical_network': 'default', 'provider:segmentation_id': 685, 'availability_zone_hints': [], 'availability_zones': [], 'ipv4_address_scope': None, 'ipv6_address_scope': None, 'description': '', 'tags': [], 'created_at': '2025-02-04T20:58:12Z', 'updated_at': '2025-02-04T20:58:12Z', 'revision_number': 1} available for tenant
2025-02-04 20:58:12.769 64354 INFO tempest.lib.common.rest_client [req-7afbbbd4-71fc-442b-bc9c-a950b4a994fc req-7afbbbd4-71fc-442b-bc9c-a950b4a994fc ] Request (ListImageFiltersTestJSON:setUpClass): 200 GET http://10.180.1.21/compute/v2.1/images/e75fed52-dbe5-42c7-9f58-c1719218e533 0.079s
2025-02-04 20:58:12.786 64298 INFO tempest.lib.common.rest_client [req-ab8411d9-d50b-4a5c-ad7d-83354bc2b0a9 req-ab8411d9-d50b-4a5c-ad7d-83354bc2b0a9 ] Request (ListServerFiltersTestJSON:setUpClass): 201 POST http://10.180.1.21/identity/v3/auth/tokens 0.032s
2025-02-04 20:58:12.786 64298 INFO tempest.lib.common.fixed_network [-] (ListServerFiltersTestJSON:setUpClass) Found network {'id': 'ec31443a-c16b-4d25-94bf-c601ecace886', 'name': 'tempest-ListServerFiltersTestJSON-1910237973-network', 'tenant_id': '55f2cf56b9894f18ad63cdac408f6341', 'admin_state_up': True, 'mtu': 8950, 'status': 'ACTIVE', 'subnets': [], 'shared': False, 'project_id': '55f2cf56b9894f18ad63cdac408f6341', 'port_security_enabled': True, 'router:external': False, 'provider:network_type': 'vlan', 'provider:physical_network': 'default', 'provider:segmentation_id': 685, 'availability_zone_hints': [], 'availability_zones': [], 'ipv4_address_scope': None, 'ipv6_address_scope': None, 'description': '', 'tags': [], 'created_at': '2025-02-04T20:58:12Z', 'updated_at': '2025-02-04T20:58:12Z', 'revision_number': 1} available for tenant
2025-02-04 20:58:12.793 64334 INFO tempest.lib.common.rest_client [req-c5f02450-ea46-489b-9188-b4c177ffe04a req-c5f02450-ea46-489b-9188-b4c177ffe04a ] Request (ServerRescueNegativeTestJSON:setUpClass): 200 GET http://10.180.1.21/compute/v2.1/servers/c584ed71-b206-4a67-a0fc-c6964b5d0fae 0.136s
2025-02-04 20:58:12.802 64334 INFO tempest.common.waiters [-] State transition "BUILD/spawning" ==> "ACTIVE/None" after 62 second wait
2025-02-04 20:58:12.830 64304 INFO tempest.lib.common.rest_client [req-5aedb8f5-7b3e-4955-8451-6c7f7a5ab7e8 req-5aedb8f5-7b3e-4955-8451-6c7f7a5ab7e8 ] Request (InstanceActionsTestJSON:setUpClass): 200 GET http://10.180.1.21/compute/v2.1/servers/69d4167b-86a8-4938-a52d-dfd27bf0dce4 0.098s
2025-02-04 20:58:12.844 64320 INFO tempest.lib.common.rest_client [req-53bbf1b9-7bcb-4d94-91c8-d70c19a825ff req-53bbf1b9-7bcb-4d94-91c8-d70c19a825ff ] Request (ServersNegativeTestJSON:setUpClass): 200 GET http://10.180.1.21/compute/v2.1/servers/212b862f-9465-4c6d-95bc-acf2a4153e73 0.089s
2025-02-04 20:58:12.892 64322 INFO tempest.lib.common.rest_client [req-29c687e6-f804-4603-8e19-72bc0b387dd1 req-29c687e6-f804-4603-8e19-72bc0b387dd1 ] Request (DeleteServersAdminTestJSON:test_delete_server_while_in_error_state): 200 GET http://10.180.1.21/compute/v2.1/servers/62524c8a-ec79-4e50-8945-578bea8ec22c 0.110s
2025-02-04 20:58:12.948 64357 INFO tempest.lib.common.rest_client [req-9adbb676-ff07-43b5-be6c-94bbc3394386 req-9adbb676-ff07-43b5-be6c-94bbc3394386 ] Request (ServersTestBootFromVolume:setUpClass): 200 GET http://10.180.1.21/compute/v2.1/servers/d7cbdf83-f819-4645-b049-72ab880c27cc 0.146s
2025-02-04 20:58:13.053 64334 INFO tempest.lib.common.rest_client [req-d9785458-2673-4896-9eab-1c07048e8c2e req-d9785458-2673-4896-9eab-1c07048e8c2e ] Request (ServerRescueNegativeTestJSON:setUpClass): 200 POST http://10.180.1.21/compute/v2.1/servers/c584ed71-b206-4a67-a0fc-c6964b5d0fae/action 0.250s
2025-02-04 20:58:13.115 64344 INFO tempest.lib.common.rest_client [req-f9749e82-bfde-4572-9780-d2b96e93478b req-f9749e82-bfde-4572-9780-d2b96e93478b ] Request (ServerAddressesNegativeTestJSON:setUpClass): 200 GET http://10.180.1.21/compute/v2.1/servers/5d74cad0-f593-40c2-9f07-8b7f5d9cecc0 0.263s
2025-02-04 20:58:13.191 64298 INFO tempest.lib.common.rest_client [req-1ec20547-0044-4a37-96a0-05a8bce06c2c req-1ec20547-0044-4a37-96a0-05a8bce06c2c ] Request (ListServerFiltersTestJSON:setUpClass): 202 POST http://10.180.1.21/compute/v2.1/servers 0.404s
2025-02-04 20:58:13.198 64326 INFO tempest.lib.common.rest_client [req-3415a865-c497-48a5-972f-2694af874798 req-3415a865-c497-48a5-972f-2694af874798 ] Request (DeleteServersTestJSON:test_delete_active_server): 200 GET http://10.180.1.21/compute/v2.1/servers/d14030cb-86fe-479c-8d97-615a3a531b1c 0.278s
2025-02-04 20:58:13.239 64298 INFO tempest.lib.common.rest_client [req-bb030275-6dc7-4757-9455-977983558d31 req-bb030275-6dc7-4757-9455-977983558d31 ] Request (ListServerFiltersTestJSON:setUpClass): 201 POST http://10.180.1.21/identity/v3/auth/tokens 0.037s
2025-02-04 20:58:13.240 64298 INFO tempest.lib.common.fixed_network [-] (ListServerFiltersTestJSON:setUpClass) Found network {'id': 'ec31443a-c16b-4d25-94bf-c601ecace886', 'name': 'tempest-ListServerFiltersTestJSON-1910237973-network', 'tenant_id': '55f2cf56b9894f18ad63cdac408f6341', 'admin_state_up': True, 'mtu': 8950, 'status': 'ACTIVE', 'subnets': [], 'shared': False, 'project_id': '55f2cf56b9894f18ad63cdac408f6341', 'port_security_enabled': True, 'router:external': False, 'provider:network_type': 'vlan', 'provider:physical_network': 'default', 'provider:segmentation_id': 685, 'availability_zone_hints': [], 'availability_zones': [], 'ipv4_address_scope': None, 'ipv6_address_scope': None, 'description': '', 'tags': [], 'created_at': '2025-02-04T20:58:12Z', 'updated_at': '2025-02-04T20:58:12Z', 'revision_number': 1} available for tenant
2025-02-04 20:58:13.245 64332 INFO tempest.lib.common.rest_client [req-e5239240-2e13-41ad-bd68-0024445a3073 req-e5239240-2e13-41ad-bd68-0024445a3073 ] Request (ServersAdminTestJSON:test_inject_network_info): 200 GET http://10.180.1.21/compute/v2.1/servers/42d2e289-435f-47df-ae33-b003b319135a 0.232s
2025-02-04 20:58:13.295 64336 INFO tempest.lib.common.rest_client [req-19d32a02-69a3-48e9-8877-bd24d089e324 req-19d32a02-69a3-48e9-8877-bd24d089e324 ] Request (ServersAdminNegativeTestJSON:test_migrate_server_invalid_state): 200 GET http://10.180.1.21/compute/v2.1/servers/d3824db3-b570-4a81-a6eb-580b2da057a9 0.230s
2025-02-04 20:58:13.350 64318 INFO tempest.lib.common.rest_client [req-15d97f3f-eb06-483f-bbee-9532fe63e88e req-15d97f3f-eb06-483f-bbee-9532fe63e88e ] Request (VolumesAdminNegativeTest:test_update_attached_volume_with_nonexistent_volume_in_body): 200 GET http://10.180.1.21/compute/v2.1/servers/6f70de75-c4ee-42b1-9f96-5dd32a0f1e27 0.241s
2025-02-04 20:58:13.376 64334 INFO tempest.lib.common.rest_client [req-ccf54157-5a26-4567-9370-a0c3157edb64 req-ccf54157-5a26-4567-9370-a0c3157edb64 ] Request (ServerRescueNegativeTestJSON:setUpClass): 200 GET http://10.180.1.21/compute/v2.1/servers/c584ed71-b206-4a67-a0fc-c6964b5d0fae 0.321s
2025-02-04 20:58:13.408 64316 INFO tempest.lib.common.rest_client [req-2cc5de60-7cff-4c10-9ab9-a3eccb9d0a6d req-2cc5de60-7cff-4c10-9ab9-a3eccb9d0a6d ] Request (ServersAdmin275Test:tearDownClass): 200 GET http://10.180.1.21/compute/v2.1/servers/06e3d09b-6caa-4755-b96c-a89c722a9073 0.275s
2025-02-04 20:58:13.425 64338 INFO tempest.lib.common.rest_client [req-f103f137-08f8-455e-ad97-7026c78f7596 req-f103f137-08f8-455e-ad97-7026c78f7596 ] Request (ServerMetadataTestJSON:setUpClass): 200 GET http://10.180.1.21/compute/v2.1/servers/a5f14d13-841b-4ba3-a6f5-033493a3c501 0.269s
2025-02-04 20:58:13.466 64346 INFO tempest.lib.common.rest_client [req-f0d6a4d5-52ef-447f-8c96-aaa33d0955f7 req-f0d6a4d5-52ef-447f-8c96-aaa33d0955f7 ] Request (ImagesTestJSON:test_create_image_from_suspended_server): 200 GET http://10.180.1.21/compute/v2.1/servers/2f961c05-7053-4c31-b2e7-a1c2079efa26 0.278s
2025-02-04 20:58:13.482 64324 WARNING tempest.lib.common.ssh [-] Failed to establish authenticated ssh connection to cirros@10.180.180.169 ([Errno None] Unable to connect to port 22 on 10.180.180.169). Number attempts: 8. Retry after 9 seconds.: paramiko.ssh_exception.NoValidConnectionsError: [Errno None] Unable to connect to port 22 on 10.180.180.169
2025-02-04 20:58:13.522 64296 INFO tempest.lib.common.rest_client [req-4310a201-dc9a-4cc7-a198-a537f6e48f2d req-4310a201-dc9a-4cc7-a198-a537f6e48f2d ] Request (ServerShowV247Test:test_update_rebuild_list_server): 200 GET http://10.180.1.21/compute/v2.1/servers/6b09db4b-dcaf-4d47-a7fc-6282db643d96 0.224s
2025-02-04 20:58:13.575 64340 INFO tempest.lib.common.rest_client [req-c1716a80-2e73-459f-b0f8-9f34ff3f6366 req-c1716a80-2e73-459f-b0f8-9f34ff3f6366 ] Request (FloatingIPsAssociationTestJSON:setUpClass): 200 GET http://10.180.1.21/compute/v2.1/servers/3dc7f232-556b-45c1-8659-1e57c553fe3d 0.239s
2025-02-04 20:58:13.625 64300 INFO tempest.lib.common.rest_client [req-13d45b3b-a2fe-4611-bb2a-c7dc921fe770 req-13d45b3b-a2fe-4611-bb2a-c7dc921fe770 ] Request (ServerMetadataNegativeTestJSON:setUpClass): 200 GET http://10.180.1.21/compute/v2.1/servers/07c5066a-6822-4eb5-a5d9-9794d9d6fb4b 0.233s
2025-02-04 20:58:13.674 64314 INFO tempest.lib.common.rest_client [req-7b23ea08-bf14-4d44-89c9-49f1192393b2 req-7b23ea08-bf14-4d44-89c9-49f1192393b2 ] Request (MigrationsAdminTest:test_resize_server_revert_deleted_flavor): 200 GET http://10.180.1.21/compute/v2.1/servers/1bd00407-c66a-4218-9b38-8e25a676d9e8 0.218s
2025-02-04 20:58:13.684 64298 INFO tempest.lib.common.rest_client [req-3fc3a3fe-850f-4bf4-a79f-6493168f3159 req-3fc3a3fe-850f-4bf4-a79f-6493168f3159 ] Request (ListServerFiltersTestJSON:setUpClass): 202 POST http://10.180.1.21/compute/v2.1/servers 0.444s
2025-02-04 20:58:13.731 64298 INFO tempest.lib.common.rest_client [req-f72de122-075a-4fde-970e-c90f2f082b97 req-f72de122-075a-4fde-970e-c90f2f082b97 ] Request (ListServerFiltersTestJSON:setUpClass): 201 POST http://10.180.1.21/identity/v3/auth/tokens 0.039s
2025-02-04 20:58:13.731 64298 INFO tempest.lib.common.fixed_network [-] (ListServerFiltersTestJSON:setUpClass) Found network {'id': 'ec31443a-c16b-4d25-94bf-c601ecace886', 'name': 'tempest-ListServerFiltersTestJSON-1910237973-network', 'tenant_id': '55f2cf56b9894f18ad63cdac408f6341', 'admin_state_up': True, 'mtu': 8950, 'status': 'ACTIVE', 'subnets': [], 'shared': False, 'project_id': '55f2cf56b9894f18ad63cdac408f6341', 'port_security_enabled': True, 'router:external': False, 'provider:network_type': 'vlan', 'provider:physical_network': 'default', 'provider:segmentation_id': 685, 'availability_zone_hints': [], 'availability_zones': [], 'ipv4_address_scope': None, 'ipv6_address_scope': None, 'description': '', 'tags': [], 'created_at': '2025-02-04T20:58:12Z', 'updated_at': '2025-02-04T20:58:12Z', 'revision_number': 1} available for tenant
2025-02-04 20:58:13.742 64306 INFO tempest.lib.common.rest_client [req-5da14b23-402f-45a3-8a36-c9f7e0f6c6d3 req-5da14b23-402f-45a3-8a36-c9f7e0f6c6d3 ] Request (ServerDiagnosticsNegativeTest:test_get_server_diagnostics_by_non_admin): 200 GET http://10.180.1.21/compute/v2.1/servers/2780b129-725e-4444-ac6f-98ef00cef77c 0.199s
2025-02-04 20:58:13.801 64358 INFO tempest.lib.common.rest_client [req-33d0a285-eba5-4937-afd6-32d649e6d33a req-33d0a285-eba5-4937-afd6-32d649e6d33a ] Request (ServersTestMultiNic:test_verify_multiple_nics_order): 200 GET http://10.180.1.21/compute/v2.1/servers/e777dc00-4bd3-4f7f-96fa-d5707d45f0a2 0.154s
2025-02-04 20:58:13.819 64312 INFO tempest.lib.common.rest_client [req-2d6ace2c-79c1-4f6e-ba1a-8edb85a8b4b3 req-2d6ace2c-79c1-4f6e-ba1a-8edb85a8b4b3 ] Request (MultipleCreateTestJSON:test_multiple_create): 200 GET http://10.180.1.21/compute/v2.1/servers/12321f37-87a5-4d64-b101-25e46f3537a9 0.196s
2025-02-04 20:58:13.828 64312 INFO tempest.common.waiters [-] State transition "BUILD/networking" ==> "BUILD/spawning" after 60 second wait
2025-02-04 20:58:13.876 64302 INFO tempest.lib.common.rest_client [req-084019cf-3ea0-4c8f-8623-81b334de9943 req-084019cf-3ea0-4c8f-8623-81b334de9943 ] Request (SecurityGroupsTestJSON:test_list_security_groups_by_server): 200 GET http://10.180.1.21/compute/v2.1/servers/4f6a15cb-714e-4fbc-a84d-2783b3bcdf34 0.135s
2025-02-04 20:58:13.909 64354 INFO tempest.lib.common.rest_client [req-957362d6-f3b9-4339-8024-07c5c60e7f1f req-957362d6-f3b9-4339-8024-07c5c60e7f1f ] Request (ListImageFiltersTestJSON:setUpClass): 200 GET http://10.180.1.21/compute/v2.1/images/e75fed52-dbe5-42c7-9f58-c1719218e533 0.134s
2025-02-04 20:58:13.963 64304 INFO tempest.lib.common.rest_client [req-9619d26b-0a14-47d4-affd-0fe66d1112ef req-9619d26b-0a14-47d4-affd-0fe66d1112ef ] Request (InstanceActionsTestJSON:setUpClass): 200 GET http://10.180.1.21/compute/v2.1/servers/69d4167b-86a8-4938-a52d-dfd27bf0dce4 0.124s
2025-02-04 20:58:13.993 64308 WARNING tempest.lib.common.ssh [-] Failed to establish authenticated ssh connection to cirros@10.180.180.175 ([Errno None] Unable to connect to port 22 on 10.180.180.175). Number attempts: 5. Retry after 6 seconds.: paramiko.ssh_exception.NoValidConnectionsError: [Errno None] Unable to connect to port 22 on 10.180.180.175
2025-02-04 20:58:14.019 64320 INFO tempest.lib.common.rest_client [req-11f3d7f9-9155-4213-9868-268c2c9dd341 req-11f3d7f9-9155-4213-9868-268c2c9dd341 ] Request (ServersNegativeTestJSON:setUpClass): 200 GET http://10.180.1.21/compute/v2.1/servers/212b862f-9465-4c6d-95bc-acf2a4153e73 0.165s
2025-02-04 20:58:14.069 64322 INFO tempest.lib.common.rest_client [req-53910aee-2725-4895-bb68-8968477ce761 req-53910aee-2725-4895-bb68-8968477ce761 ] Request (DeleteServersAdminTestJSON:test_delete_server_while_in_error_state): 200 GET http://10.180.1.21/compute/v2.1/servers/62524c8a-ec79-4e50-8945-578bea8ec22c 0.165s
2025-02-04 20:58:14.082 64298 INFO tempest.lib.common.rest_client [req-fa97520a-6b03-4c3b-ba4f-ad62e991900e req-fa97520a-6b03-4c3b-ba4f-ad62e991900e ] Request (ListServerFiltersTestJSON:setUpClass): 202 POST http://10.180.1.21/compute/v2.1/servers 0.350s
2025-02-04 20:58:14.129 64298 INFO tempest.lib.common.rest_client [req-b672383e-4ae2-4847-8185-ee8f24701ccb req-b672383e-4ae2-4847-8185-ee8f24701ccb ] Request (ListServerFiltersTestJSON:setUpClass): 200 GET http://10.180.1.21/compute/v2.1/servers/80eb9e3b-68e6-4261-ab69-e8654627607f 0.045s
2025-02-04 20:58:14.140 64357 INFO tempest.lib.common.rest_client [req-ee69149a-0e5b-4c40-a953-f395bf2d41b1 req-ee69149a-0e5b-4c40-a953-f395bf2d41b1 ] Request (ServersTestBootFromVolume:setUpClass): 200 GET http://10.180.1.21/compute/v2.1/servers/d7cbdf83-f819-4645-b049-72ab880c27cc 0.183s
2025-02-04 20:58:14.147 64357 INFO tempest.common.waiters [-] State transition "BUILD/scheduling" ==> "BUILD/None" after 40 second wait
2025-02-04 20:58:14.183 64344 INFO tempest.lib.common.rest_client [req-7c7b2475-c2ab-442d-9004-1acd31eb88f9 req-7c7b2475-c2ab-442d-9004-1acd31eb88f9 ] Request (ServerAddressesNegativeTestJSON:setUpClass): 200 GET http://10.180.1.21/compute/v2.1/servers/5d74cad0-f593-40c2-9f07-8b7f5d9cecc0 0.056s
2025-02-04 20:58:14.284 64326 INFO tempest.lib.common.rest_client [req-698a65ee-4e82-40dd-9983-9a946a8fd093 req-698a65ee-4e82-40dd-9983-9a946a8fd093 ] Request (DeleteServersTestJSON:test_delete_active_server): 200 GET http://10.180.1.21/compute/v2.1/servers/d14030cb-86fe-479c-8d97-615a3a531b1c 0.074s
2025-02-04 20:58:14.318 64332 INFO tempest.lib.common.rest_client [req-b9da8d45-7a97-44c9-bdf0-c55420700fdb req-b9da8d45-7a97-44c9-bdf0-c55420700fdb ] Request (ServersAdminTestJSON:test_inject_network_info): 200 GET http://10.180.1.21/compute/v2.1/servers/42d2e289-435f-47df-ae33-b003b319135a 0.064s
2025-02-04 20:58:14.353 64336 INFO tempest.lib.common.rest_client [req-66bdd57b-0ee2-4acf-9d44-b77253a61949 req-66bdd57b-0ee2-4acf-9d44-b77253a61949 ] Request (ServersAdminNegativeTestJSON:test_migrate_server_invalid_state): 200 GET http://10.180.1.21/compute/v2.1/servers/d3824db3-b570-4a81-a6eb-580b2da057a9 0.047s
2025-02-04 20:58:14.420 64318 INFO tempest.lib.common.rest_client [req-82baca29-0624-40db-af19-a5b454ee0425 req-82baca29-0624-40db-af19-a5b454ee0425 ] Request (VolumesAdminNegativeTest:test_update_attached_volume_with_nonexistent_volume_in_body): 200 GET http://10.180.1.21/compute/v2.1/servers/6f70de75-c4ee-42b1-9f96-5dd32a0f1e27 0.056s
2025-02-04 20:58:14.490 64316 INFO tempest.lib.common.rest_client [req-d0a69982-cf39-42b6-bc57-5317895c6d0b req-d0a69982-cf39-42b6-bc57-5317895c6d0b ] Request (ServersAdmin275Test:tearDownClass): 200 GET http://10.180.1.21/compute/v2.1/servers/06e3d09b-6caa-4755-b96c-a89c722a9073 0.065s
2025-02-04 20:58:14.507 64334 INFO tempest.lib.common.rest_client [req-02e58320-8b23-4612-a8f0-f3b0f7c32081 req-02e58320-8b23-4612-a8f0-f3b0f7c32081 ] Request (ServerRescueNegativeTestJSON:setUpClass): 200 GET http://10.180.1.21/compute/v2.1/servers/c584ed71-b206-4a67-a0fc-c6964b5d0fae 0.122s
2025-02-04 20:58:14.545 64338 INFO tempest.lib.common.rest_client [req-a6114453-b955-4a40-ae80-dcdd30d046ae req-a6114453-b955-4a40-ae80-dcdd30d046ae ] Request (ServerMetadataTestJSON:setUpClass): 200 GET http://10.180.1.21/compute/v2.1/servers/a5f14d13-841b-4ba3-a6f5-033493a3c501 0.112s
2025-02-04 20:58:14.559 64346 INFO tempest.lib.common.rest_client [req-47420426-070e-4f04-8d05-dc324226a5af req-47420426-070e-4f04-8d05-dc324226a5af ] Request (ImagesTestJSON:test_create_image_from_suspended_server): 200 GET http://10.180.1.21/compute/v2.1/servers/2f961c05-7053-4c31-b2e7-a1c2079efa26 0.086s
2025-02-04 20:58:14.610 64296 INFO tempest.lib.common.rest_client [req-f574dbae-a452-4c9c-9052-a0df12337a9b req-f574dbae-a452-4c9c-9052-a0df12337a9b ] Request (ServerShowV247Test:test_update_rebuild_list_server): 200 GET http://10.180.1.21/compute/v2.1/servers/6b09db4b-dcaf-4d47-a7fc-6282db643d96 0.078s
2025-02-04 20:58:14.641 64340 INFO tempest.lib.common.rest_client [req-9307670f-bb6b-49ef-8f6a-17af22107204 req-9307670f-bb6b-49ef-8f6a-17af22107204 ] Request (FloatingIPsAssociationTestJSON:setUpClass): 200 GET http://10.180.1.21/compute/v2.1/servers/3dc7f232-556b-45c1-8659-1e57c553fe3d 0.057s
2025-02-04 20:58:14.709 64300 INFO tempest.lib.common.rest_client [req-359838e8-c1c0-4cf4-a2af-3ec65be680d2 req-359838e8-c1c0-4cf4-a2af-3ec65be680d2 ] Request (ServerMetadataNegativeTestJSON:setUpClass): 200 GET http://10.180.1.21/compute/v2.1/servers/07c5066a-6822-4eb5-a5d9-9794d9d6fb4b 0.076s
2025-02-04 20:58:14.756 64314 INFO tempest.lib.common.rest_client [req-63943a6b-5d14-4d68-af43-43b40a8d4b51 req-63943a6b-5d14-4d68-af43-43b40a8d4b51 ] Request (MigrationsAdminTest:test_resize_server_revert_deleted_flavor): 200 GET http://10.180.1.21/compute/v2.1/servers/1bd00407-c66a-4218-9b38-8e25a676d9e8 0.071s
2025-02-04 20:58:14.805 64306 INFO tempest.lib.common.rest_client [req-41ddc16d-3061-4aae-9c9c-d13ecf617606 req-41ddc16d-3061-4aae-9c9c-d13ecf617606 ] Request (ServerDiagnosticsNegativeTest:test_get_server_diagnostics_by_non_admin): 200 GET http://10.180.1.21/compute/v2.1/servers/2780b129-725e-4444-ac6f-98ef00cef77c 0.053s
2025-02-04 20:58:14.867 64358 INFO tempest.lib.common.rest_client [req-492777cf-891e-4b79-949f-e756fe81c34a req-492777cf-891e-4b79-949f-e756fe81c34a ] Request (ServersTestMultiNic:test_verify_multiple_nics_order): 200 GET http://10.180.1.21/compute/v2.1/servers/e777dc00-4bd3-4f7f-96fa-d5707d45f0a2 0.055s
2025-02-04 20:58:14.932 64302 INFO tempest.lib.common.rest_client [req-89e41803-897c-4fae-af66-139505f824f5 req-89e41803-897c-4fae-af66-139505f824f5 ] Request (SecurityGroupsTestJSON:test_list_security_groups_by_server): 200 GET http://10.180.1.21/compute/v2.1/servers/4f6a15cb-714e-4fbc-a84d-2783b3bcdf34 0.048s
2025-02-04 20:58:14.961 64354 INFO tempest.lib.common.rest_client [req-6ee6ad10-51ec-40a4-a4df-c052c41ddc56 req-6ee6ad10-51ec-40a4-a4df-c052c41ddc56 ] Request (ListImageFiltersTestJSON:setUpClass): 200 GET http://10.180.1.21/compute/v2.1/images/e75fed52-dbe5-42c7-9f58-c1719218e533 0.048s
2025-02-04 20:58:14.972 64312 INFO tempest.lib.common.rest_client [req-d8f167a6-2408-450b-b102-f4f6bfd701df req-d8f167a6-2408-450b-b102-f4f6bfd701df ] Request (MultipleCreateTestJSON:test_multiple_create): 200 GET http://10.180.1.21/compute/v2.1/servers/12321f37-87a5-4d64-b101-25e46f3537a9 0.142s
2025-02-04 20:58:15.022 64304 INFO tempest.lib.common.rest_client [req-3005b117-0138-451f-9ea2-4722955ef38f req-3005b117-0138-451f-9ea2-4722955ef38f ] Request (InstanceActionsTestJSON:setUpClass): 200 GET http://10.180.1.21/compute/v2.1/servers/69d4167b-86a8-4938-a52d-dfd27bf0dce4 0.049s
2025-02-04 20:58:15.075 64320 INFO tempest.lib.common.rest_client [req-16809a21-db99-4c14-b692-7a4a1ef101d2 req-16809a21-db99-4c14-b692-7a4a1ef101d2 ] Request (ServersNegativeTestJSON:setUpClass): 200 GET http://10.180.1.21/compute/v2.1/servers/212b862f-9465-4c6d-95bc-acf2a4153e73 0.047s
2025-02-04 20:58:15.123 64322 INFO tempest.lib.common.rest_client [req-adbe77a7-d495-447a-a63a-38164b5df678 req-adbe77a7-d495-447a-a63a-38164b5df678 ] Request (DeleteServersAdminTestJSON:test_delete_server_while_in_error_state): 200 GET http://10.180.1.21/compute/v2.1/servers/62524c8a-ec79-4e50-8945-578bea8ec22c 0.046s
2025-02-04 20:58:15.187 64298 INFO tempest.lib.common.rest_client [req-4fbda258-36eb-4fe3-b2c1-03e776349ddf req-4fbda258-36eb-4fe3-b2c1-03e776349ddf ] Request (ListServerFiltersTestJSON:setUpClass): 200 GET http://10.180.1.21/compute/v2.1/servers/80eb9e3b-68e6-4261-ab69-e8654627607f 0.050s
2025-02-04 20:58:15.203 64357 INFO tempest.lib.common.rest_client [req-35bccce4-29fe-4929-95ab-48f8ebd14218 req-35bccce4-29fe-4929-95ab-48f8ebd14218 ] Request (ServersTestBootFromVolume:setUpClass): 200 GET http://10.180.1.21/compute/v2.1/servers/d7cbdf83-f819-4645-b049-72ab880c27cc 0.055s
2025-02-04 20:58:15.239 64344 INFO tempest.lib.common.rest_client [req-f938d80d-15d4-4598-8b3f-9d7a4aeb0df4 req-f938d80d-15d4-4598-8b3f-9d7a4aeb0df4 ] Request (ServerAddressesNegativeTestJSON:setUpClass): 200 GET http://10.180.1.21/compute/v2.1/servers/5d74cad0-f593-40c2-9f07-8b7f5d9cecc0 0.048s
2025-02-04 20:58:15.359 64326 INFO tempest.lib.common.rest_client [req-0446a7de-68f6-4ebc-b350-0e0c64cd21c7 req-0446a7de-68f6-4ebc-b350-0e0c64cd21c7 ] Request (DeleteServersTestJSON:test_delete_active_server): 200 GET http://10.180.1.21/compute/v2.1/servers/d14030cb-86fe-479c-8d97-615a3a531b1c 0.067s
2025-02-04 20:58:15.386 64332 INFO tempest.lib.common.rest_client [req-dbf7b5dc-4d7b-4127-9a9f-2a621999e6d3 req-dbf7b5dc-4d7b-4127-9a9f-2a621999e6d3 ] Request (ServersAdminTestJSON:test_inject_network_info): 200 GET http://10.180.1.21/compute/v2.1/servers/42d2e289-435f-47df-ae33-b003b319135a 0.060s
2025-02-04 20:58:15.416 64336 INFO tempest.lib.common.rest_client [req-bc1fd0b8-e450-4b7b-aeb5-0fb8365d586f req-bc1fd0b8-e450-4b7b-aeb5-0fb8365d586f ] Request (ServersAdminNegativeTestJSON:test_migrate_server_invalid_state): 200 GET http://10.180.1.21/compute/v2.1/servers/d3824db3-b570-4a81-a6eb-580b2da057a9 0.055s
2025-02-04 20:58:15.478 64318 INFO tempest.lib.common.rest_client [req-d7a36f88-5c88-4481-8485-bd3a97e6721f req-d7a36f88-5c88-4481-8485-bd3a97e6721f ] Request (VolumesAdminNegativeTest:test_update_attached_volume_with_nonexistent_volume_in_body): 200 GET http://10.180.1.21/compute/v2.1/servers/6f70de75-c4ee-42b1-9f96-5dd32a0f1e27 0.050s
2025-02-04 20:58:15.485 64318 INFO tempest.common.waiters [-] State transition "BUILD/None" ==> "BUILD/networking" after 57 second wait
2025-02-04 20:58:15.575 64316 INFO tempest.lib.common.rest_client [req-75c09d4c-688f-4c4b-b99a-f0603ac36e6f req-75c09d4c-688f-4c4b-b99a-f0603ac36e6f ] Request (ServersAdmin275Test:tearDownClass): 200 GET http://10.180.1.21/compute/v2.1/servers/06e3d09b-6caa-4755-b96c-a89c722a9073 0.072s
2025-02-04 20:58:15.585 64316 INFO tempest.common.waiters [-] State transition "ACTIVE/deleting" ==> "DELETED/None" after 4 second wait
2025-02-04 20:58:15.613 64334 INFO tempest.lib.common.rest_client [req-13b62819-51c0-4558-9b9d-1a535d69bc38 req-13b62819-51c0-4558-9b9d-1a535d69bc38 ] Request (ServerRescueNegativeTestJSON:setUpClass): 200 GET http://10.180.1.21/compute/v2.1/servers/c584ed71-b206-4a67-a0fc-c6964b5d0fae 0.096s
2025-02-04 20:58:15.628 64338 INFO tempest.lib.common.rest_client [req-11750e17-c487-4dd8-9f39-e8d3aecf2af9 req-11750e17-c487-4dd8-9f39-e8d3aecf2af9 ] Request (ServerMetadataTestJSON:setUpClass): 200 GET http://10.180.1.21/compute/v2.1/servers/a5f14d13-841b-4ba3-a6f5-033493a3c501 0.075s
2025-02-04 20:58:15.656 64346 INFO tempest.lib.common.rest_client [req-f4241f8c-4ee1-4f20-90f3-c07b28cd2a5b req-f4241f8c-4ee1-4f20-90f3-c07b28cd2a5b ] Request (ImagesTestJSON:test_create_image_from_suspended_server): 200 GET http://10.180.1.21/compute/v2.1/servers/2f961c05-7053-4c31-b2e7-a1c2079efa26 0.088s
2025-02-04 20:58:15.713 64296 INFO tempest.lib.common.rest_client [req-443bed9d-52de-4462-9b50-2823ae6c3790 req-443bed9d-52de-4462-9b50-2823ae6c3790 ] Request (ServerShowV247Test:test_update_rebuild_list_server): 200 GET http://10.180.1.21/compute/v2.1/servers/6b09db4b-dcaf-4d47-a7fc-6282db643d96 0.092s
2025-02-04 20:58:15.721 64340 INFO tempest.lib.common.rest_client [req-f30d68ca-229a-4003-96f5-dd62529279f1 req-f30d68ca-229a-4003-96f5-dd62529279f1 ] Request (FloatingIPsAssociationTestJSON:setUpClass): 200 GET http://10.180.1.21/compute/v2.1/servers/3dc7f232-556b-45c1-8659-1e57c553fe3d 0.071s
2025-02-04 20:58:15.775 64300 INFO tempest.lib.common.rest_client [req-4bdd2361-b269-4d1b-9fea-fb532f8d950a req-4bdd2361-b269-4d1b-9fea-fb532f8d950a ] Request (ServerMetadataNegativeTestJSON:setUpClass): 200 GET http://10.180.1.21/compute/v2.1/servers/07c5066a-6822-4eb5-a5d9-9794d9d6fb4b 0.056s
2025-02-04 20:58:15.836 64314 INFO tempest.lib.common.rest_client [req-841c9ac4-69c0-4d47-be01-22b6f834234f req-841c9ac4-69c0-4d47-be01-22b6f834234f ] Request (MigrationsAdminTest:test_resize_server_revert_deleted_flavor): 200 GET http://10.180.1.21/compute/v2.1/servers/1bd00407-c66a-4218-9b38-8e25a676d9e8 0.071s
2025-02-04 20:58:15.876 64306 INFO tempest.lib.common.rest_client [req-c44a1edd-bda4-498e-aaf6-061f7aa93d45 req-c44a1edd-bda4-498e-aaf6-061f7aa93d45 ] Request (ServerDiagnosticsNegativeTest:test_get_server_diagnostics_by_non_admin): 200 GET http://10.180.1.21/compute/v2.1/servers/2780b129-725e-4444-ac6f-98ef00cef77c 0.064s
2025-02-04 20:58:15.931 64358 INFO tempest.lib.common.rest_client [req-dd9ca960-76cb-4ac6-b12b-936814831126 req-dd9ca960-76cb-4ac6-b12b-936814831126 ] Request (ServersTestMultiNic:test_verify_multiple_nics_order): 200 GET http://10.180.1.21/compute/v2.1/servers/e777dc00-4bd3-4f7f-96fa-d5707d45f0a2 0.053s
2025-02-04 20:58:15.995 64302 INFO tempest.lib.common.rest_client [req-2a0bba0c-2bfb-4180-92fb-b25a86350f73 req-2a0bba0c-2bfb-4180-92fb-b25a86350f73 ] Request (SecurityGroupsTestJSON:test_list_security_groups_by_server): 200 GET http://10.180.1.21/compute/v2.1/servers/4f6a15cb-714e-4fbc-a84d-2783b3bcdf34 0.054s
2025-02-04 20:58:16.001 64354 INFO tempest.lib.common.rest_client [req-0d850ea2-2bed-4a56-acff-7bcf3e56fb7d req-0d850ea2-2bed-4a56-acff-7bcf3e56fb7d ] Request (ListImageFiltersTestJSON:setUpClass): 200 GET http://10.180.1.21/compute/v2.1/images/e75fed52-dbe5-42c7-9f58-c1719218e533 0.036s
2025-02-04 20:58:16.082 64304 INFO tempest.lib.common.rest_client [req-320cf0b5-d4ba-4db7-97ed-0db9634a657e req-320cf0b5-d4ba-4db7-97ed-0db9634a657e ] Request (InstanceActionsTestJSON:setUpClass): 200 GET http://10.180.1.21/compute/v2.1/servers/69d4167b-86a8-4938-a52d-dfd27bf0dce4 0.051s
2025-02-04 20:58:16.124 64312 INFO tempest.lib.common.rest_client [req-d7237666-c653-4a20-ab71-41ea7d5f6d76 req-d7237666-c653-4a20-ab71-41ea7d5f6d76 ] Request (MultipleCreateTestJSON:test_multiple_create): 200 GET http://10.180.1.21/compute/v2.1/servers/12321f37-87a5-4d64-b101-25e46f3537a9 0.144s
2025-02-04 20:58:16.135 64320 INFO tempest.lib.common.rest_client [req-bc69d419-be51-4f26-8567-b8d634ab0cf8 req-bc69d419-be51-4f26-8567-b8d634ab0cf8 ] Request (ServersNegativeTestJSON:setUpClass): 200 GET http://10.180.1.21/compute/v2.1/servers/212b862f-9465-4c6d-95bc-acf2a4153e73 0.052s
2025-02-04 20:58:16.180 64322 INFO tempest.lib.common.rest_client [req-1af5574d-18f1-4951-be7d-5be0774cb4df req-1af5574d-18f1-4951-be7d-5be0774cb4df ] Request (DeleteServersAdminTestJSON:test_delete_server_while_in_error_state): 200 GET http://10.180.1.21/compute/v2.1/servers/62524c8a-ec79-4e50-8945-578bea8ec22c 0.050s
2025-02-04 20:58:16.249 64298 INFO tempest.lib.common.rest_client [req-ff36e28d-da28-4f2d-94b5-ecc4a5e22317 req-ff36e28d-da28-4f2d-94b5-ecc4a5e22317 ] Request (ListServerFiltersTestJSON:setUpClass): 200 GET http://10.180.1.21/compute/v2.1/servers/80eb9e3b-68e6-4261-ab69-e8654627607f 0.054s
2025-02-04 20:58:16.265 64357 INFO tempest.lib.common.rest_client [req-b1404bf3-b30d-414f-bd7a-3510b081338a req-b1404bf3-b30d-414f-bd7a-3510b081338a ] Request (ServersTestBootFromVolume:setUpClass): 200 GET http://10.180.1.21/compute/v2.1/servers/d7cbdf83-f819-4645-b049-72ab880c27cc 0.053s
2025-02-04 20:58:16.294 64344 INFO tempest.lib.common.rest_client [req-d3b8be38-d484-406d-8fac-285a43beea39 req-d3b8be38-d484-406d-8fac-285a43beea39 ] Request (ServerAddressesNegativeTestJSON:setUpClass): 200 GET http://10.180.1.21/compute/v2.1/servers/5d74cad0-f593-40c2-9f07-8b7f5d9cecc0 0.048s
2025-02-04 20:58:16.429 64326 INFO tempest.lib.common.rest_client [req-5449de3b-09c7-4f59-bee5-8dc95c226bea req-5449de3b-09c7-4f59-bee5-8dc95c226bea ] Request (DeleteServersTestJSON:test_delete_active_server): 200 GET http://10.180.1.21/compute/v2.1/servers/d14030cb-86fe-479c-8d97-615a3a531b1c 0.060s
2025-02-04 20:58:16.444 64332 INFO tempest.lib.common.rest_client [req-771d7e47-c783-48c1-88d6-84fa9da8e97a req-771d7e47-c783-48c1-88d6-84fa9da8e97a ] Request (ServersAdminTestJSON:test_inject_network_info): 200 GET http://10.180.1.21/compute/v2.1/servers/42d2e289-435f-47df-ae33-b003b319135a 0.049s
2025-02-04 20:58:16.472 64336 INFO tempest.lib.common.rest_client [req-e7eff330-9c42-4163-b868-8b2d7cc10f7b req-e7eff330-9c42-4163-b868-8b2d7cc10f7b ] Request (ServersAdminNegativeTestJSON:test_migrate_server_invalid_state): 200 GET http://10.180.1.21/compute/v2.1/servers/d3824db3-b570-4a81-a6eb-580b2da057a9 0.048s
2025-02-04 20:58:16.606 64318 INFO tempest.lib.common.rest_client [req-6e3b19c7-c169-468a-aa22-9ba3219fd471 req-6e3b19c7-c169-468a-aa22-9ba3219fd471 ] Request (VolumesAdminNegativeTest:test_update_attached_volume_with_nonexistent_volume_in_body): 200 GET http://10.180.1.21/compute/v2.1/servers/6f70de75-c4ee-42b1-9f96-5dd32a0f1e27 0.120s
2025-02-04 20:58:16.613 64318 INFO tempest.common.waiters [-] State transition "BUILD/networking" ==> "BUILD/spawning" after 58 second wait
2025-02-04 20:58:16.654 64316 INFO tempest.lib.common.rest_client [req-76810dce-da9c-43c7-998f-adf55ec17abd req-76810dce-da9c-43c7-998f-adf55ec17abd ] Request (ServersAdmin275Test:tearDownClass): 200 GET http://10.180.1.21/compute/v2.1/servers/06e3d09b-6caa-4755-b96c-a89c722a9073 0.067s
2025-02-04 20:58:16.721 64338 INFO tempest.lib.common.rest_client [req-2e88e939-565d-4a79-85a6-cd45d1b7a5eb req-2e88e939-565d-4a79-85a6-cd45d1b7a5eb ] Request (ServerMetadataTestJSON:setUpClass): 200 GET http://10.180.1.21/compute/v2.1/servers/a5f14d13-841b-4ba3-a6f5-033493a3c501 0.084s
2025-02-04 20:58:16.765 64334 INFO tempest.lib.common.rest_client [req-b9566606-6402-4326-ace4-7c5a25bcf1be req-b9566606-6402-4326-ace4-7c5a25bcf1be ] Request (ServerRescueNegativeTestJSON:setUpClass): 200 GET http://10.180.1.21/compute/v2.1/servers/c584ed71-b206-4a67-a0fc-c6964b5d0fae 0.141s
2025-02-04 20:58:16.800 64346 INFO tempest.lib.common.rest_client [req-da140534-6312-462a-be87-6d1ac7f8a8b7 req-da140534-6312-462a-be87-6d1ac7f8a8b7 ] Request (ImagesTestJSON:test_create_image_from_suspended_server): 200 GET http://10.180.1.21/compute/v2.1/servers/2f961c05-7053-4c31-b2e7-a1c2079efa26 0.129s
2025-02-04 20:58:16.819 64296 INFO tempest.lib.common.rest_client [req-41b435a9-24c0-4924-b30c-8f07211b7e33 req-41b435a9-24c0-4924-b30c-8f07211b7e33 ] Request (ServerShowV247Test:test_update_rebuild_list_server): 200 GET http://10.180.1.21/compute/v2.1/servers/6b09db4b-dcaf-4d47-a7fc-6282db643d96 0.092s
2025-02-04 20:58:16.850 64340 INFO tempest.lib.common.rest_client [req-b5a4e85e-f27b-4c49-81f3-a494977e0e4c req-b5a4e85e-f27b-4c49-81f3-a494977e0e4c ] Request (FloatingIPsAssociationTestJSON:setUpClass): 200 GET http://10.180.1.21/compute/v2.1/servers/3dc7f232-556b-45c1-8659-1e57c553fe3d 0.120s
2025-02-04 20:58:16.900 64314 INFO tempest.lib.common.rest_client [req-edada39b-6df1-4ca8-a981-7e291fd95171 req-edada39b-6df1-4ca8-a981-7e291fd95171 ] Request (MigrationsAdminTest:test_resize_server_revert_deleted_flavor): 200 GET http://10.180.1.21/compute/v2.1/servers/1bd00407-c66a-4218-9b38-8e25a676d9e8 0.055s
2025-02-04 20:58:16.956 64306 INFO tempest.lib.common.rest_client [req-847134f9-10be-4a5c-955f-6b20d5953be2 req-847134f9-10be-4a5c-955f-6b20d5953be2 ] Request (ServerDiagnosticsNegativeTest:test_get_server_diagnostics_by_non_admin): 200 GET http://10.180.1.21/compute/v2.1/servers/2780b129-725e-4444-ac6f-98ef00cef77c 0.072s
2025-02-04 20:58:17.022 64358 INFO tempest.lib.common.rest_client [req-16b1c5a7-39cc-42ab-8d21-cfa947961066 req-16b1c5a7-39cc-42ab-8d21-cfa947961066 ] Request (ServersTestMultiNic:test_verify_multiple_nics_order): 200 GET http://10.180.1.21/compute/v2.1/servers/e777dc00-4bd3-4f7f-96fa-d5707d45f0a2 0.082s
2025-02-04 20:58:17.052 64354 INFO tempest.lib.common.rest_client [req-17f537f4-ff05-4cbb-9911-5d1257802f80 req-17f537f4-ff05-4cbb-9911-5d1257802f80 ] Request (ListImageFiltersTestJSON:setUpClass): 200 GET http://10.180.1.21/compute/v2.1/images/e75fed52-dbe5-42c7-9f58-c1719218e533 0.046s
2025-02-04 20:58:17.073 64300 INFO tempest.lib.common.rest_client [req-0c4d4ebf-8a04-44fe-ae7b-c08d1ace08b7 req-0c4d4ebf-8a04-44fe-ae7b-c08d1ace08b7 ] Request (ServerMetadataNegativeTestJSON:setUpClass): 200 GET http://10.180.1.21/compute/v2.1/servers/07c5066a-6822-4eb5-a5d9-9794d9d6fb4b 0.290s
2025-02-04 20:58:17.106 64302 INFO tempest.lib.common.rest_client [req-e435f438-2402-47c8-bb89-e0418da24c18 req-e435f438-2402-47c8-bb89-e0418da24c18 ] Request (SecurityGroupsTestJSON:test_list_security_groups_by_server): 200 GET http://10.180.1.21/compute/v2.1/servers/4f6a15cb-714e-4fbc-a84d-2783b3bcdf34 0.096s
2025-02-04 20:58:17.145 64304 INFO tempest.lib.common.rest_client [req-8a59e643-7cc5-48b8-b78e-04f98a6a8ba1 req-8a59e643-7cc5-48b8-b78e-04f98a6a8ba1 ] Request (InstanceActionsTestJSON:setUpClass): 200 GET http://10.180.1.21/compute/v2.1/servers/69d4167b-86a8-4938-a52d-dfd27bf0dce4 0.055s
2025-02-04 20:58:17.195 64320 INFO tempest.lib.common.rest_client [req-aa3f4638-2306-49d7-8674-2a7952011eca req-aa3f4638-2306-49d7-8674-2a7952011eca ] Request (ServersNegativeTestJSON:setUpClass): 200 GET http://10.180.1.21/compute/v2.1/servers/212b862f-9465-4c6d-95bc-acf2a4153e73 0.051s
2025-02-04 20:58:17.202 64320 INFO tempest.common.waiters [-] State transition "BUILD/scheduling" ==> "BUILD/None" after 42 second wait
2025-02-04 20:58:17.244 64322 INFO tempest.lib.common.rest_client [req-df7177d3-56bd-4982-88fc-2d879fbcc102 req-df7177d3-56bd-4982-88fc-2d879fbcc102 ] Request (DeleteServersAdminTestJSON:test_delete_server_while_in_error_state): 200 GET http://10.180.1.21/compute/v2.1/servers/62524c8a-ec79-4e50-8945-578bea8ec22c 0.056s
2025-02-04 20:58:17.269 64312 INFO tempest.lib.common.rest_client [req-4dba86f3-8ccf-4f22-a6cb-03de54a271f3 req-4dba86f3-8ccf-4f22-a6cb-03de54a271f3 ] Request (MultipleCreateTestJSON:test_multiple_create): 200 GET http://10.180.1.21/compute/v2.1/servers/12321f37-87a5-4d64-b101-25e46f3537a9 0.136s
2025-02-04 20:58:17.306 64298 INFO tempest.lib.common.rest_client [req-fe19e1aa-dbdc-4590-822a-c672d5718bb0 req-fe19e1aa-dbdc-4590-822a-c672d5718bb0 ] Request (ListServerFiltersTestJSON:setUpClass): 200 GET http://10.180.1.21/compute/v2.1/servers/80eb9e3b-68e6-4261-ab69-e8654627607f 0.049s
2025-02-04 20:58:17.356 64344 INFO tempest.lib.common.rest_client [req-e2f7ba52-7607-4a59-b7b1-34bc39ffbf02 req-e2f7ba52-7607-4a59-b7b1-34bc39ffbf02 ] Request (ServerAddressesNegativeTestJSON:setUpClass): 200 GET http://10.180.1.21/compute/v2.1/servers/5d74cad0-f593-40c2-9f07-8b7f5d9cecc0 0.053s
2025-02-04 20:58:17.499 64326 INFO tempest.lib.common.rest_client [req-5b82a6e2-ac0a-4031-86d7-288062b69bc5 req-5b82a6e2-ac0a-4031-86d7-288062b69bc5 ] Request (DeleteServersTestJSON:test_delete_active_server): 200 GET http://10.180.1.21/compute/v2.1/servers/d14030cb-86fe-479c-8d97-615a3a531b1c 0.063s
2025-02-04 20:58:17.537 64357 INFO tempest.lib.common.rest_client [req-ebdc8b5c-f2c7-46a0-9144-5221b4f45598 req-ebdc8b5c-f2c7-46a0-9144-5221b4f45598 ] Request (ServersTestBootFromVolume:setUpClass): 200 GET http://10.180.1.21/compute/v2.1/servers/d7cbdf83-f819-4645-b049-72ab880c27cc 0.264s
2025-02-04 20:58:17.548 64332 INFO tempest.lib.common.rest_client [req-a50b8d87-d5af-43ec-b7a2-9ac426f3695e req-a50b8d87-d5af-43ec-b7a2-9ac426f3695e ] Request (ServersAdminTestJSON:test_inject_network_info): 200 GET http://10.180.1.21/compute/v2.1/servers/42d2e289-435f-47df-ae33-b003b319135a 0.096s
2025-02-04 20:58:17.592 64336 INFO tempest.lib.common.rest_client [req-b16a4e68-066d-4cd0-903b-a701975ebf04 req-b16a4e68-066d-4cd0-903b-a701975ebf04 ] Request (ServersAdminNegativeTestJSON:test_migrate_server_invalid_state): 200 GET http://10.180.1.21/compute/v2.1/servers/d3824db3-b570-4a81-a6eb-580b2da057a9 0.111s
2025-02-04 20:58:17.718 64318 INFO tempest.lib.common.rest_client [req-08d71dbd-155d-4fbf-b9e8-83916d0f8f3c req-08d71dbd-155d-4fbf-b9e8-83916d0f8f3c ] Request (VolumesAdminNegativeTest:test_update_attached_volume_with_nonexistent_volume_in_body): 200 GET http://10.180.1.21/compute/v2.1/servers/6f70de75-c4ee-42b1-9f96-5dd32a0f1e27 0.104s
2025-02-04 20:58:17.733 64316 INFO tempest.lib.common.rest_client [req-85580b0a-86f0-4ebe-ab0f-239f3534dd60 req-85580b0a-86f0-4ebe-ab0f-239f3534dd60 ] Request (ServersAdmin275Test:tearDownClass): 200 GET http://10.180.1.21/compute/v2.1/servers/06e3d09b-6caa-4755-b96c-a89c722a9073 0.065s
2025-02-04 20:58:17.784 64338 INFO tempest.lib.common.rest_client [req-47041979-b98d-4f23-9fcf-a3ec8dc8157f req-47041979-b98d-4f23-9fcf-a3ec8dc8157f ] Request (ServerMetadataTestJSON:setUpClass): 200 GET http://10.180.1.21/compute/v2.1/servers/a5f14d13-841b-4ba3-a6f5-033493a3c501 0.055s
2025-02-04 20:58:17.859 64346 INFO tempest.lib.common.rest_client [req-4e84e308-89bb-458e-9631-9aad0671dd92 req-4e84e308-89bb-458e-9631-9aad0671dd92 ] Request (ImagesTestJSON:test_create_image_from_suspended_server): 200 GET http://10.180.1.21/compute/v2.1/servers/2f961c05-7053-4c31-b2e7-a1c2079efa26 0.050s
2025-02-04 20:58:17.883 64334 INFO tempest.lib.common.rest_client [req-1c89782a-9f56-4e32-897d-9a0960d0a4fa req-1c89782a-9f56-4e32-897d-9a0960d0a4fa ] Request (ServerRescueNegativeTestJSON:setUpClass): 200 GET http://10.180.1.21/compute/v2.1/servers/c584ed71-b206-4a67-a0fc-c6964b5d0fae 0.110s
2025-02-04 20:58:17.915 64296 INFO tempest.lib.common.rest_client [req-b1df7777-5810-441b-9303-4dec25da5dc9 req-b1df7777-5810-441b-9303-4dec25da5dc9 ] Request (ServerShowV247Test:test_update_rebuild_list_server): 200 GET http://10.180.1.21/compute/v2.1/servers/6b09db4b-dcaf-4d47-a7fc-6282db643d96 0.087s
2025-02-04 20:58:17.933 64340 INFO tempest.lib.common.rest_client [req-b1bb69ed-7ea3-4422-bc6a-3aa48ad98915 req-b1bb69ed-7ea3-4422-bc6a-3aa48ad98915 ] Request (FloatingIPsAssociationTestJSON:setUpClass): 200 GET http://10.180.1.21/compute/v2.1/servers/3dc7f232-556b-45c1-8659-1e57c553fe3d 0.074s
2025-02-04 20:58:17.968 64314 INFO tempest.lib.common.rest_client [req-f15e7a08-88ef-4721-932d-7de60b833643 req-f15e7a08-88ef-4721-932d-7de60b833643 ] Request (MigrationsAdminTest:test_resize_server_revert_deleted_flavor): 200 GET http://10.180.1.21/compute/v2.1/servers/1bd00407-c66a-4218-9b38-8e25a676d9e8 0.055s
2025-02-04 20:58:18.036 64306 INFO tempest.lib.common.rest_client [req-304a7395-a7d3-4608-83ac-292e03917f70 req-304a7395-a7d3-4608-83ac-292e03917f70 ] Request (ServerDiagnosticsNegativeTest:test_get_server_diagnostics_by_non_admin): 200 GET http://10.180.1.21/compute/v2.1/servers/2780b129-725e-4444-ac6f-98ef00cef77c 0.071s
2025-02-04 20:58:18.095 64354 INFO tempest.lib.common.rest_client [req-aca5ff4f-bab4-47fd-87ec-817488cf3dea req-aca5ff4f-bab4-47fd-87ec-817488cf3dea ] Request (ListImageFiltersTestJSON:setUpClass): 200 GET http://10.180.1.21/compute/v2.1/images/e75fed52-dbe5-42c7-9f58-c1719218e533 0.038s
2025-02-04 20:58:18.101 64358 INFO tempest.lib.common.rest_client [req-2176bc1a-dbd2-4049-919a-c0529cbf5c97 req-2176bc1a-dbd2-4049-919a-c0529cbf5c97 ] Request (ServersTestMultiNic:test_verify_multiple_nics_order): 200 GET http://10.180.1.21/compute/v2.1/servers/e777dc00-4bd3-4f7f-96fa-d5707d45f0a2 0.069s
2025-02-04 20:58:18.151 64300 INFO tempest.lib.common.rest_client [req-abdee117-d4d6-437f-9786-d6e091693a8d req-abdee117-d4d6-437f-9786-d6e091693a8d ] Request (ServerMetadataNegativeTestJSON:setUpClass): 200 GET http://10.180.1.21/compute/v2.1/servers/07c5066a-6822-4eb5-a5d9-9794d9d6fb4b 0.068s
2025-02-04 20:58:18.167 64302 INFO tempest.lib.common.rest_client [req-9c3bcaea-9d3e-4bd4-aa8a-40ccfa33aa57 req-9c3bcaea-9d3e-4bd4-aa8a-40ccfa33aa57 ] Request (SecurityGroupsTestJSON:test_list_security_groups_by_server): 200 GET http://10.180.1.21/compute/v2.1/servers/4f6a15cb-714e-4fbc-a84d-2783b3bcdf34 0.054s
