2025-02-04 20:58:59.318 64302 INFO tempest.lib.common.rest_client [req-219f9926-915f-4404-bf1b-f352a089ba8a req-219f9926-915f-4404-bf1b-f352a089ba8a ] Request (SecurityGroupsTestJSON:test_list_security_groups_by_server): 200 GET http://10.180.1.21/compute/v2.1/servers/4f6a15cb-714e-4fbc-a84d-2783b3bcdf34 0.133s
2025-02-04 20:58:59.323 64358 INFO tempest.lib.common.rest_client [req-01f4c7da-97d8-46cf-9446-e11ba4143cad req-01f4c7da-97d8-46cf-9446-e11ba4143cad ] Request (ServersTestMultiNic:_run_cleanups): 200 GET http://10.180.1.21/compute/v2.1/servers/e777dc00-4bd3-4f7f-96fa-d5707d45f0a2 0.089s
2025-02-04 20:58:59.344 64312 INFO tempest.lib.common.rest_client [req-4dc6b58e-8984-4811-853f-b398d99b5d4e req-4dc6b58e-8984-4811-853f-b398d99b5d4e ] Request (MultipleCreateTestJSON:_run_cleanups): 404 GET http://10.180.1.21/compute/v2.1/servers/d87099f3-6484-44fb-9c6d-a6d198f46167 0.080s
2025-02-04 20:58:59.367 64310 INFO tempest.lib.common.rest_client [req-d6ddb3dc-38e3-429f-86c5-25c76ccc7063 req-d6ddb3dc-38e3-429f-86c5-25c76ccc7063 ] Request (ServersWithSpecificFlavorTestJSON:test_verify_created_server_ephemeral_disk): 200 GET http://10.180.1.21/compute/v2.1/servers/d62e50ec-7c22-4c38-bddd-66148aa73dda 0.073s
2025-02-04 20:58:59.388 64312 INFO tempest.lib.common.rest_client [req-a56aa767-eef7-4dc4-9af6-03297e7127f5 req-a56aa767-eef7-4dc4-9af6-03297e7127f5 ] Request (MultipleCreateTestJSON:_run_cleanups): 404 GET http://10.180.1.21/compute/v2.1/servers/12321f37-87a5-4d64-b101-25e46f3537a9 0.042s
2025-02-04 20:58:59.394 64340 INFO tempest.lib.common.rest_client [req-cbd7cc77-0a33-462d-9864-3f869c6a5be3 req-cbd7cc77-0a33-462d-9864-3f869c6a5be3 ] Request (FloatingIPsAssociationTestJSON:test_associate_already_associated_floating_ip): 200 GET http://10.180.1.21/compute/v2.1/servers/1a99f453-b18c-4191-b80d-e769aa3742ba 0.086s
2025-02-04 20:58:59.475 64336 INFO tempest.lib.common.rest_client [req-6547ca64-fc56-4d40-baac-c65e816389e2 req-6547ca64-fc56-4d40-baac-c65e816389e2 ] Request (ServersAdminNegativeTestJSON:test_migrate_server_invalid_state): 200 GET http://10.180.1.21/compute/v2.1/servers/d3824db3-b570-4a81-a6eb-580b2da057a9 0.059s
2025-02-04 20:58:59.476 64312 INFO tempest.lib.common.rest_client [req-269e67b3-5eb7-44da-bf2b-2064796c71a6 req-269e67b3-5eb7-44da-bf2b-2064796c71a6 ] Request (MultipleCreateTestJSON:test_multiple_create_with_reservation_return): 201 POST http://10.180.1.21/identity/v3/auth/tokens 0.084s
2025-02-04 20:58:59.476 64312 INFO tempest.lib.common.fixed_network [-] (MultipleCreateTestJSON:test_multiple_create_with_reservation_return) Found network {'id': 'f51d5117-68f4-4f80-94b6-fe79877f3d97', 'name': 'tempest-MultipleCreateTestJSON-994734227-network', 'tenant_id': '216cdb1b3d8742ffb7365c6f4b707dba', 'admin_state_up': True, 'mtu': 8950, 'status': 'ACTIVE', 'subnets': [], 'shared': False, 'project_id': '216cdb1b3d8742ffb7365c6f4b707dba', 'port_security_enabled': True, 'router:external': False, 'provider:network_type': 'vlan', 'provider:physical_network': 'default', 'provider:segmentation_id': 892, 'availability_zone_hints': [], 'availability_zones': [], 'ipv4_address_scope': None, 'ipv6_address_scope': None, 'description': '', 'tags': [], 'created_at': '2025-02-04T20:57:04Z', 'updated_at': '2025-02-04T20:57:04Z', 'revision_number': 1} available for tenant
2025-02-04 20:58:59.538 64332 INFO tempest.lib.common.rest_client [req-3c2af68a-689e-4a62-a357-37706708b148 req-3c2af68a-689e-4a62-a357-37706708b148 ] Request (ServersAdminTestJSON:test_inject_network_info): 200 GET http://10.180.1.21/compute/v2.1/servers/42d2e289-435f-47df-ae33-b003b319135a 0.057s
2025-02-04 20:58:59.613 64304 INFO tempest.lib.common.rest_client [req-3cd78437-a698-4902-8ac8-9acb69afd231 req-3cd78437-a698-4902-8ac8-9acb69afd231 ] Request (InstanceActionsTestJSON:tearDownClass): 200 GET http://10.180.1.21/compute/v2.1/servers/69d4167b-86a8-4938-a52d-dfd27bf0dce4 0.056s
2025-02-04 20:58:59.655 64298 INFO tempest.lib.common.rest_client [req-bfb6fdb4-7947-4ba0-9f4f-7497bbd73661 req-bfb6fdb4-7947-4ba0-9f4f-7497bbd73661 ] Request (ListServerFiltersTestJSON:setUpClass): 200 GET http://10.180.1.21/compute/v2.1/servers/80eb9e3b-68e6-4261-ab69-e8654627607f 0.071s
2025-02-04 20:58:59.702 64316 INFO tempest.lib.common.rest_client [req-03ef5a93-b64c-4573-8ff9-e5b39ad3151d req-03ef5a93-b64c-4573-8ff9-e5b39ad3151d ] Request (ImagesOneServerTestJSON:setUpClass): 200 GET http://10.180.1.21/compute/v2.1/servers/220d5470-3918-4841-8077-a06a1d463474 0.100s
2025-02-04 20:58:59.784 64314 INFO tempest.lib.common.rest_client [req-f7e6b1c2-0838-4cff-b6d8-78dad324376c req-f7e6b1c2-0838-4cff-b6d8-78dad324376c ] Request (MigrationsAdminTest:test_resize_server_revert_deleted_flavor): 200 GET http://10.180.1.21/compute/v2.1/servers/1bd00407-c66a-4218-9b38-8e25a676d9e8 0.113s
2025-02-04 20:58:59.848 64312 INFO tempest.lib.common.rest_client [req-2e8a915f-843a-4b75-9089-8184ddb65dd2 req-2e8a915f-843a-4b75-9089-8184ddb65dd2 ] Request (MultipleCreateTestJSON:test_multiple_create_with_reservation_return): 202 POST http://10.180.1.21/compute/v2.1/servers 0.371s
2025-02-04 20:58:59.879 64338 INFO tempest.lib.common.rest_client [req-8763f617-8e9c-4f0f-82ac-c5240d61adbc req-8763f617-8e9c-4f0f-82ac-c5240d61adbc ] Request (ServerMetadataTestJSON:setUpClass): 200 GET http://10.180.1.21/compute/v2.1/servers/a5f14d13-841b-4ba3-a6f5-033493a3c501 0.150s
2025-02-04 20:58:59.900 64296 INFO tempest.lib.common.rest_client [req-91cb08dd-214a-46b8-a981-18d708862899 req-91cb08dd-214a-46b8-a981-18d708862899 ] Request (ServerShowV247Test:test_update_rebuild_list_server): 200 GET http://10.180.1.21/compute/v2.1/servers/6b09db4b-dcaf-4d47-a7fc-6282db643d96 0.058s
2025-02-04 20:58:59.931 64312 INFO tempest.lib.common.rest_client [req-0b84364c-8478-40d9-b4a1-448323665850 req-0b84364c-8478-40d9-b4a1-448323665850 ] Request (MultipleCreateTestJSON:test_multiple_create_with_reservation_return): 200 GET http://10.180.1.21/compute/v2.1/servers 0.082s
2025-02-04 20:58:59.960 64344 INFO tempest.lib.common.rest_client [req-0e315186-9647-463b-962a-38bb85b124b5 req-0e315186-9647-463b-962a-38bb85b124b5 ] Request (ServerAddressesNegativeTestJSON:tearDownClass): 200 GET http://10.180.1.21/compute/v2.1/servers/5d74cad0-f593-40c2-9f07-8b7f5d9cecc0 0.059s
2025-02-04 20:58:59.992 64326 INFO tempest.lib.common.rest_client [req-b466a793-24c5-45f2-9119-286dec7a49c7 req-b466a793-24c5-45f2-9119-286dec7a49c7 ] Request (DeleteServersTestJSON:test_delete_server_while_in_attached_volume): 200 GET http://10.180.1.21/compute/v2.1/servers/14ea5a03-0092-46e9-8f77-15bc4fcb6cd7 0.063s
2025-02-04 20:58:59.998 64312 INFO tempest.lib.common.rest_client [req-71242055-adf4-4a98-9330-3e03b826b378 req-71242055-adf4-4a98-9330-3e03b826b378 ] Request (MultipleCreateTestJSON:test_multiple_create_with_reservation_return): 200 GET http://10.180.1.21/compute/v2.1/servers/07b5281f-6480-476c-8457-c57526d1d8f7 0.065s
2025-02-04 20:59:00.045 64334 INFO tempest.lib.common.rest_client [req-335b850f-e567-432a-8828-a1325e4a8100 req-335b850f-e567-432a-8828-a1325e4a8100 ] Request (ServerRescueNegativeTestJSON:test_rescued_vm_detach_volume): 200 GET http://10.180.1.21/compute/v2.1/servers/856df6f6-29c9-42bc-99b9-f0f7ba4c22ca 0.066s
2025-02-04 20:59:00.105 64354 INFO tempest.lib.common.rest_client [req-71c6ee98-c266-44d1-8bbb-65711f65090e req-71c6ee98-c266-44d1-8bbb-65711f65090e ] Request (ListImageFiltersTestJSON:tearDownClass): 200 GET http://10.180.1.21/compute/v2.1/servers/4b1eb7c1-f17a-40d4-99bf-b1c0f86e88c8 0.053s
2025-02-04 20:59:00.240 64322 INFO tempest.lib.common.rest_client [req-59b1f63c-274c-4a0a-a2ac-f7424b766af2 req-59b1f63c-274c-4a0a-a2ac-f7424b766af2 ] Request (DeleteServersAdminTestJSON:test_delete_server_while_in_error_state): 200 GET http://10.180.1.21/compute/v2.1/servers/62524c8a-ec79-4e50-8945-578bea8ec22c 0.060s
2025-02-04 20:59:00.251 64346 INFO tempest.lib.common.rest_client [req-189b0a02-828b-4755-9ad3-5d25969d8fb6 req-189b0a02-828b-4755-9ad3-5d25969d8fb6 ] Request (ImagesTestJSON:test_create_server_from_snapshot): 200 GET http://10.180.1.21/compute/v2.1/servers/023b0e1a-2d7e-4325-b86b-5ed4530a57f7 0.295s
2025-02-04 20:59:00.292 64306 INFO tempest.lib.common.rest_client [req-4e637e0d-151b-46a0-9fcb-a8556552c644 req-4e637e0d-151b-46a0-9fcb-a8556552c644 ] Request (ServerDiagnosticsNegativeTest:test_get_server_diagnostics_by_non_admin): 200 GET http://10.180.1.21/compute/v2.1/servers/2780b129-725e-4444-ac6f-98ef00cef77c 0.056s
2025-02-04 20:59:00.313 64318 WARNING tempest.lib.common.ssh [-] Failed to establish authenticated ssh connection to cirros@10.180.180.225 ([Errno None] Unable to connect to port 22 on 10.180.180.225). Number attempts: 6. Retry after 7 seconds.: paramiko.ssh_exception.NoValidConnectionsError: [Errno None] Unable to connect to port 22 on 10.180.180.225
2025-02-04 20:59:00.323 64320 INFO tempest.lib.common.rest_client [req-55a56f1d-bfcd-47cc-8dd3-419014273a03 req-55a56f1d-bfcd-47cc-8dd3-419014273a03 ] Request (ServersNegativeTestJSON:setUpClass): 200 GET http://10.180.1.21/compute/v2.1/servers/212b862f-9465-4c6d-95bc-acf2a4153e73 0.047s
2025-02-04 20:59:00.338 64300 INFO tempest.lib.common.rest_client [req-73740130-7efb-4cc8-9fb9-a9c18ab8cb81 req-73740130-7efb-4cc8-9fb9-a9c18ab8cb81 ] Request (ServerMetadataNegativeTestJSON:setUpClass): 200 GET http://10.180.1.21/compute/v2.1/servers/07c5066a-6822-4eb5-a5d9-9794d9d6fb4b 0.050s
2025-02-04 20:59:00.385 64302 INFO tempest.lib.common.rest_client [req-e1fc367c-373f-4b93-bd82-52956990eab1 req-e1fc367c-373f-4b93-bd82-52956990eab1 ] Request (SecurityGroupsTestJSON:test_list_security_groups_by_server): 200 GET http://10.180.1.21/compute/v2.1/servers/4f6a15cb-714e-4fbc-a84d-2783b3bcdf34 0.056s
2025-02-04 20:59:00.392 64358 INFO tempest.lib.common.rest_client [req-7acc09c2-0a2e-4483-8b5f-559a00094c78 req-7acc09c2-0a2e-4483-8b5f-559a00094c78 ] Request (ServersTestMultiNic:_run_cleanups): 200 GET http://10.180.1.21/compute/v2.1/servers/e777dc00-4bd3-4f7f-96fa-d5707d45f0a2 0.061s
2025-02-04 20:59:00.432 64310 INFO tempest.lib.common.rest_client [req-de5f071f-effc-41bc-b9ab-d146e618324f req-de5f071f-effc-41bc-b9ab-d146e618324f ] Request (ServersWithSpecificFlavorTestJSON:test_verify_created_server_ephemeral_disk): 200 GET http://10.180.1.21/compute/v2.1/servers/d62e50ec-7c22-4c38-bddd-66148aa73dda 0.057s
2025-02-04 20:59:00.451 64340 INFO tempest.lib.common.rest_client [req-9ba1f2f7-f176-4c58-99bd-ba6b8d2beba7 req-9ba1f2f7-f176-4c58-99bd-ba6b8d2beba7 ] Request (FloatingIPsAssociationTestJSON:test_associate_already_associated_floating_ip): 200 GET http://10.180.1.21/compute/v2.1/servers/1a99f453-b18c-4191-b80d-e769aa3742ba 0.048s
2025-02-04 20:59:00.534 64336 INFO tempest.lib.common.rest_client [req-217cc81a-4209-487b-940e-bd068056ae34 req-217cc81a-4209-487b-940e-bd068056ae34 ] Request (ServersAdminNegativeTestJSON:test_migrate_server_invalid_state): 200 GET http://10.180.1.21/compute/v2.1/servers/d3824db3-b570-4a81-a6eb-580b2da057a9 0.050s
2025-02-04 20:59:00.597 64332 INFO tempest.lib.common.rest_client [req-981dd52d-313f-4d0b-a9bc-a89b380cf26f req-981dd52d-313f-4d0b-a9bc-a89b380cf26f ] Request (ServersAdminTestJSON:test_inject_network_info): 200 GET http://10.180.1.21/compute/v2.1/servers/42d2e289-435f-47df-ae33-b003b319135a 0.052s
2025-02-04 20:59:00.682 64304 INFO tempest.lib.common.rest_client [req-adb9eee5-2b44-4f80-b259-8909228107bb req-adb9eee5-2b44-4f80-b259-8909228107bb ] Request (InstanceActionsTestJSON:tearDownClass): 200 GET http://10.180.1.21/compute/v2.1/servers/69d4167b-86a8-4938-a52d-dfd27bf0dce4 0.062s
2025-02-04 20:59:00.716 64298 INFO tempest.lib.common.rest_client [req-6e4b91aa-3456-468d-839a-e1b27fc55690 req-6e4b91aa-3456-468d-839a-e1b27fc55690 ] Request (ListServerFiltersTestJSON:setUpClass): 200 GET http://10.180.1.21/compute/v2.1/servers/80eb9e3b-68e6-4261-ab69-e8654627607f 0.054s
2025-02-04 20:59:00.767 64316 INFO tempest.lib.common.rest_client [req-b3a822a4-a0f8-45ed-b6f1-7dd0b6cc5b7e req-b3a822a4-a0f8-45ed-b6f1-7dd0b6cc5b7e ] Request (ImagesOneServerTestJSON:setUpClass): 200 GET http://10.180.1.21/compute/v2.1/servers/220d5470-3918-4841-8077-a06a1d463474 0.055s
2025-02-04 20:59:00.840 64314 INFO tempest.lib.common.rest_client [req-441ba0d7-04e3-4ecd-90d6-5a84e09ccb17 req-441ba0d7-04e3-4ecd-90d6-5a84e09ccb17 ] Request (MigrationsAdminTest:test_resize_server_revert_deleted_flavor): 200 GET http://10.180.1.21/compute/v2.1/servers/1bd00407-c66a-4218-9b38-8e25a676d9e8 0.048s
2025-02-04 20:59:00.958 64296 INFO tempest.lib.common.rest_client [req-88775f1c-650d-492e-84e5-5fb052eb3ae6 req-88775f1c-650d-492e-84e5-5fb052eb3ae6 ] Request (ServerShowV247Test:test_update_rebuild_list_server): 200 GET http://10.180.1.21/compute/v2.1/servers/6b09db4b-dcaf-4d47-a7fc-6282db643d96 0.047s
2025-02-04 20:59:00.990 64338 INFO tempest.lib.common.rest_client [req-81deb2d3-fa15-4e89-8b58-b42b5e0d700e req-81deb2d3-fa15-4e89-8b58-b42b5e0d700e ] Request (ServerMetadataTestJSON:setUpClass): 200 GET http://10.180.1.21/compute/v2.1/servers/a5f14d13-841b-4ba3-a6f5-033493a3c501 0.103s
2025-02-04 20:59:01.025 64344 INFO tempest.lib.common.rest_client [req-37fe31e6-1e98-43d2-aca2-000b8c089127 req-37fe31e6-1e98-43d2-aca2-000b8c089127 ] Request (ServerAddressesNegativeTestJSON:tearDownClass): 200 GET http://10.180.1.21/compute/v2.1/servers/5d74cad0-f593-40c2-9f07-8b7f5d9cecc0 0.053s
2025-02-04 20:59:01.056 64326 INFO tempest.lib.common.rest_client [req-c424f4aa-a2cc-4ca0-be08-d4f02a9a17d9 req-c424f4aa-a2cc-4ca0-be08-d4f02a9a17d9 ] Request (DeleteServersTestJSON:test_delete_server_while_in_attached_volume): 200 GET http://10.180.1.21/compute/v2.1/servers/14ea5a03-0092-46e9-8f77-15bc4fcb6cd7 0.049s
2025-02-04 20:59:01.070 64312 INFO tempest.lib.common.rest_client [req-2548793c-b017-4f77-b116-0791f78f49a3 req-2548793c-b017-4f77-b116-0791f78f49a3 ] Request (MultipleCreateTestJSON:test_multiple_create_with_reservation_return): 200 GET http://10.180.1.21/compute/v2.1/servers/07b5281f-6480-476c-8457-c57526d1d8f7 0.063s
2025-02-04 20:59:01.101 64334 INFO tempest.lib.common.rest_client [req-8357598f-165b-4a58-8088-094bdd08268d req-8357598f-165b-4a58-8088-094bdd08268d ] Request (ServerRescueNegativeTestJSON:test_rescued_vm_detach_volume): 200 GET http://10.180.1.21/compute/v2.1/servers/856df6f6-29c9-42bc-99b9-f0f7ba4c22ca 0.045s
2025-02-04 20:59:01.167 64354 INFO tempest.lib.common.rest_client [req-dcab6d1e-1781-4f6e-9a8a-844403763a99 req-dcab6d1e-1781-4f6e-9a8a-844403763a99 ] Request (ListImageFiltersTestJSON:tearDownClass): 200 GET http://10.180.1.21/compute/v2.1/servers/4b1eb7c1-f17a-40d4-99bf-b1c0f86e88c8 0.053s
2025-02-04 20:59:01.305 64322 INFO tempest.lib.common.rest_client [req-d7d09c81-3f63-4123-a2e8-7005d13190bb req-d7d09c81-3f63-4123-a2e8-7005d13190bb ] Request (DeleteServersAdminTestJSON:test_delete_server_while_in_error_state): 200 GET http://10.180.1.21/compute/v2.1/servers/62524c8a-ec79-4e50-8945-578bea8ec22c 0.056s
2025-02-04 20:59:01.306 64346 INFO tempest.lib.common.rest_client [req-7463224c-85f1-4025-8c0a-842bd44eca47 req-7463224c-85f1-4025-8c0a-842bd44eca47 ] Request (ImagesTestJSON:test_create_server_from_snapshot): 200 GET http://10.180.1.21/compute/v2.1/servers/023b0e1a-2d7e-4325-b86b-5ed4530a57f7 0.048s
2025-02-04 20:59:01.355 64306 INFO tempest.lib.common.rest_client [req-53bf7553-63d7-4706-ae7d-8e68c0bfb7fe req-53bf7553-63d7-4706-ae7d-8e68c0bfb7fe ] Request (ServerDiagnosticsNegativeTest:test_get_server_diagnostics_by_non_admin): 200 GET http://10.180.1.21/compute/v2.1/servers/2780b129-725e-4444-ac6f-98ef00cef77c 0.053s
2025-02-04 20:59:01.386 64320 INFO tempest.lib.common.rest_client [req-eefb6f69-f4c2-41e1-ba10-b041dd297c7f req-eefb6f69-f4c2-41e1-ba10-b041dd297c7f ] Request (ServersNegativeTestJSON:setUpClass): 200 GET http://10.180.1.21/compute/v2.1/servers/212b862f-9465-4c6d-95bc-acf2a4153e73 0.054s
2025-02-04 20:59:01.392 64320 INFO tempest.common.waiters [-] State transition "ACTIVE/deleting" ==> "DELETED/None" after 5 second wait
2025-02-04 20:59:01.404 64300 INFO tempest.lib.common.rest_client [req-1566af44-e4af-4f52-bade-247b99802e5d req-1566af44-e4af-4f52-bade-247b99802e5d ] Request (ServerMetadataNegativeTestJSON:setUpClass): 200 GET http://10.180.1.21/compute/v2.1/servers/07c5066a-6822-4eb5-a5d9-9794d9d6fb4b 0.058s
2025-02-04 20:59:01.449 64302 INFO tempest.lib.common.rest_client [req-56b6fdcc-91f4-47ca-af79-dba76b71a3f6 req-56b6fdcc-91f4-47ca-af79-dba76b71a3f6 ] Request (SecurityGroupsTestJSON:test_list_security_groups_by_server): 200 GET http://10.180.1.21/compute/v2.1/servers/4f6a15cb-714e-4fbc-a84d-2783b3bcdf34 0.051s
2025-02-04 20:59:01.463 64358 INFO tempest.lib.common.rest_client [req-a15786cf-6f2b-4cbe-8c75-11c91f7de3f5 req-a15786cf-6f2b-4cbe-8c75-11c91f7de3f5 ] Request (ServersTestMultiNic:_run_cleanups): 200 GET http://10.180.1.21/compute/v2.1/servers/e777dc00-4bd3-4f7f-96fa-d5707d45f0a2 0.063s
2025-02-04 20:59:01.498 64310 INFO tempest.lib.common.rest_client [req-2d63d7cc-a598-4861-813a-1ff324421c7e req-2d63d7cc-a598-4861-813a-1ff324421c7e ] Request (ServersWithSpecificFlavorTestJSON:test_verify_created_server_ephemeral_disk): 200 GET http://10.180.1.21/compute/v2.1/servers/d62e50ec-7c22-4c38-bddd-66148aa73dda 0.057s
2025-02-04 20:59:01.510 64340 INFO tempest.lib.common.rest_client [req-91815d41-7b00-4901-b41e-41710887a931 req-91815d41-7b00-4901-b41e-41710887a931 ] Request (FloatingIPsAssociationTestJSON:test_associate_already_associated_floating_ip): 200 GET http://10.180.1.21/compute/v2.1/servers/1a99f453-b18c-4191-b80d-e769aa3742ba 0.051s
2025-02-04 20:59:01.588 64336 INFO tempest.lib.common.rest_client [req-e2024342-2f7a-4eb5-b52c-4e1ddcab4270 req-e2024342-2f7a-4eb5-b52c-4e1ddcab4270 ] Request (ServersAdminNegativeTestJSON:test_migrate_server_invalid_state): 200 GET http://10.180.1.21/compute/v2.1/servers/d3824db3-b570-4a81-a6eb-580b2da057a9 0.046s
2025-02-04 20:59:01.651 64332 INFO tempest.lib.common.rest_client [req-dba187d3-86fd-49b1-b155-d4172f4cc623 req-dba187d3-86fd-49b1-b155-d4172f4cc623 ] Request (ServersAdminTestJSON:test_inject_network_info): 200 GET http://10.180.1.21/compute/v2.1/servers/42d2e289-435f-47df-ae33-b003b319135a 0.046s
2025-02-04 20:59:01.752 64304 INFO tempest.lib.common.rest_client [req-51011093-89ca-44a0-a86a-dd5907cd9cb9 req-51011093-89ca-44a0-a86a-dd5907cd9cb9 ] Request (InstanceActionsTestJSON:tearDownClass): 200 GET http://10.180.1.21/compute/v2.1/servers/69d4167b-86a8-4938-a52d-dfd27bf0dce4 0.062s
2025-02-04 20:59:01.772 64298 INFO tempest.lib.common.rest_client [req-412baced-f58d-4862-9908-f37004b94adb req-412baced-f58d-4862-9908-f37004b94adb ] Request (ListServerFiltersTestJSON:setUpClass): 200 GET http://10.180.1.21/compute/v2.1/servers/80eb9e3b-68e6-4261-ab69-e8654627607f 0.047s
2025-02-04 20:59:01.828 64316 INFO tempest.lib.common.rest_client [req-7c79270a-9907-4ac1-b861-d0769c938455 req-7c79270a-9907-4ac1-b861-d0769c938455 ] Request (ImagesOneServerTestJSON:setUpClass): 200 GET http://10.180.1.21/compute/v2.1/servers/220d5470-3918-4841-8077-a06a1d463474 0.054s
2025-02-04 20:59:01.902 64314 INFO tempest.lib.common.rest_client [req-6f68fa54-b7c3-4bad-bac8-16865314cca1 req-6f68fa54-b7c3-4bad-bac8-16865314cca1 ] Request (MigrationsAdminTest:test_resize_server_revert_deleted_flavor): 200 GET http://10.180.1.21/compute/v2.1/servers/1bd00407-c66a-4218-9b38-8e25a676d9e8 0.054s
2025-02-04 20:59:02.022 64296 INFO tempest.lib.common.rest_client [req-c16afe59-efb7-41e6-8daf-dbe2a7f0c399 req-c16afe59-efb7-41e6-8daf-dbe2a7f0c399 ] Request (ServerShowV247Test:test_update_rebuild_list_server): 200 GET http://10.180.1.21/compute/v2.1/servers/6b09db4b-dcaf-4d47-a7fc-6282db643d96 0.055s
2025-02-04 20:59:02.031 64296 INFO tempest.common.waiters [-] State transition "BUILD/None" ==> "BUILD/networking" after 82 second wait
2025-02-04 20:59:02.088 64344 INFO tempest.lib.common.rest_client [req-87ac4c18-244b-45ee-83f2-315894e1ba01 req-87ac4c18-244b-45ee-83f2-315894e1ba01 ] Request (ServerAddressesNegativeTestJSON:tearDownClass): 200 GET http://10.180.1.21/compute/v2.1/servers/5d74cad0-f593-40c2-9f07-8b7f5d9cecc0 0.055s
2025-02-04 20:59:02.092 64338 INFO tempest.lib.common.rest_client [req-4b330da9-0a74-432d-b6a2-02566b4cb0a9 req-4b330da9-0a74-432d-b6a2-02566b4cb0a9 ] Request (ServerMetadataTestJSON:setUpClass): 200 GET http://10.180.1.21/compute/v2.1/servers/a5f14d13-841b-4ba3-a6f5-033493a3c501 0.094s
2025-02-04 20:59:02.131 64326 INFO tempest.lib.common.rest_client [req-a2e9c101-7f3d-4110-b26c-321897414fd5 req-a2e9c101-7f3d-4110-b26c-321897414fd5 ] Request (DeleteServersTestJSON:test_delete_server_while_in_attached_volume): 200 GET http://10.180.1.21/compute/v2.1/servers/14ea5a03-0092-46e9-8f77-15bc4fcb6cd7 0.068s
2025-02-04 20:59:02.134 64312 INFO tempest.lib.common.rest_client [req-e1fa3fa2-b9f9-4421-b582-87681048c958 req-e1fa3fa2-b9f9-4421-b582-87681048c958 ] Request (MultipleCreateTestJSON:test_multiple_create_with_reservation_return): 200 GET http://10.180.1.21/compute/v2.1/servers/07b5281f-6480-476c-8457-c57526d1d8f7 0.057s
2025-02-04 20:59:02.176 64334 INFO tempest.lib.common.rest_client [req-bd190d4c-41b1-4fc5-b58b-a16a7f050883 req-bd190d4c-41b1-4fc5-b58b-a16a7f050883 ] Request (ServerRescueNegativeTestJSON:test_rescued_vm_detach_volume): 200 GET http://10.180.1.21/compute/v2.1/servers/856df6f6-29c9-42bc-99b9-f0f7ba4c22ca 0.067s
2025-02-04 20:59:02.225 64354 INFO tempest.lib.common.rest_client [req-3e4a7a08-466b-4612-899e-34b5f3f4ed3c req-3e4a7a08-466b-4612-899e-34b5f3f4ed3c ] Request (ListImageFiltersTestJSON:tearDownClass): 200 GET http://10.180.1.21/compute/v2.1/servers/4b1eb7c1-f17a-40d4-99bf-b1c0f86e88c8 0.051s
2025-02-04 20:59:02.334 64322 INFO tempest.lib.common.rest_client [req-e2db72a5-0c27-4d80-95c6-70248f1171d2 req-e2db72a5-0c27-4d80-95c6-70248f1171d2 ] Request (DeleteServersAdminTestJSON:test_delete_server_while_in_error_state): 404 GET http://10.180.1.21/compute/v2.1/servers/62524c8a-ec79-4e50-8945-578bea8ec22c 0.022s
2025-02-04 20:59:02.355 64322 INFO tempest.lib.common.rest_client [req-e91ce010-6075-4bfc-8bb6-44792ac0ac28 req-e91ce010-6075-4bfc-8bb6-44792ac0ac28 ] Request (DeleteServersAdminTestJSON:tearDownClass): 404 DELETE http://10.180.1.21/compute/v2.1/servers/62524c8a-ec79-4e50-8945-578bea8ec22c 0.019s
2025-02-04 20:59:02.362 64346 INFO tempest.lib.common.rest_client [req-a4c7e17e-eb0a-4247-9ae5-6e2c39bf57b8 req-a4c7e17e-eb0a-4247-9ae5-6e2c39bf57b8 ] Request (ImagesTestJSON:test_create_server_from_snapshot): 200 GET http://10.180.1.21/compute/v2.1/servers/023b0e1a-2d7e-4325-b86b-5ed4530a57f7 0.048s
2025-02-04 20:59:02.374 64322 INFO tempest.lib.common.rest_client [req-13b2be1e-9bf9-4775-8f8c-eca43c1fd06d req-13b2be1e-9bf9-4775-8f8c-eca43c1fd06d ] Request (DeleteServersAdminTestJSON:tearDownClass): 404 GET http://10.180.1.21/compute/v2.1/servers/62524c8a-ec79-4e50-8945-578bea8ec22c 0.019s
2025-02-04 20:59:02.393 64322 INFO tempest.lib.common.rest_client [req-61635eeb-4f2d-490b-938b-675b865eb981 req-61635eeb-4f2d-490b-938b-675b865eb981 ] Request (DeleteServersAdminTestJSON:tearDownClass): 404 DELETE http://10.180.1.21/compute/v2.1/servers/0686feae-eccb-4a4f-bc91-a01eebb72da4 0.018s
2025-02-04 20:59:02.408 64306 INFO tempest.lib.common.rest_client [req-8da575fa-c707-409c-9f44-384e3ca2e2ab req-8da575fa-c707-409c-9f44-384e3ca2e2ab ] Request (ServerDiagnosticsNegativeTest:test_get_server_diagnostics_by_non_admin): 200 GET http://10.180.1.21/compute/v2.1/servers/2780b129-725e-4444-ac6f-98ef00cef77c 0.045s
2025-02-04 20:59:02.412 64322 INFO tempest.lib.common.rest_client [req-0cb8eb38-3ef6-4d2d-b400-f6ced89c627f req-0cb8eb38-3ef6-4d2d-b400-f6ced89c627f ] Request (DeleteServersAdminTestJSON:tearDownClass): 404 GET http://10.180.1.21/compute/v2.1/servers/0686feae-eccb-4a4f-bc91-a01eebb72da4 0.018s
2025-02-04 20:59:02.460 64300 INFO tempest.lib.common.rest_client [req-1b2b253b-d0e8-4d40-ac83-3f0cfff4dec1 req-1b2b253b-d0e8-4d40-ac83-3f0cfff4dec1 ] Request (ServerMetadataNegativeTestJSON:setUpClass): 200 GET http://10.180.1.21/compute/v2.1/servers/07c5066a-6822-4eb5-a5d9-9794d9d6fb4b 0.047s
2025-02-04 20:59:02.462 64320 INFO tempest.lib.common.rest_client [req-2b626917-f7a0-41cc-8045-426bb573d17a req-2b626917-f7a0-41cc-8045-426bb573d17a ] Request (ServersNegativeTestJSON:setUpClass): 200 GET http://10.180.1.21/compute/v2.1/servers/212b862f-9465-4c6d-95bc-acf2a4153e73 0.069s
2025-02-04 20:59:02.485 64322 INFO tempest.lib.common.rest_client [req-a45ab456-ec2d-4ae9-b479-0b5b4751cb9d req-a45ab456-ec2d-4ae9-b479-0b5b4751cb9d ] Request (DeleteServersAdminTestJSON:tearDownClass): 204 DELETE http://10.180.1.21/identity/v3/users/65f8f4aae0c54bb985e871548197c441 0.073s
2025-02-04 20:59:02.507 64302 INFO tempest.lib.common.rest_client [req-58f16d3f-09c1-4bc7-926c-f8517a549a72 req-58f16d3f-09c1-4bc7-926c-f8517a549a72 ] Request (SecurityGroupsTestJSON:test_list_security_groups_by_server): 200 GET http://10.180.1.21/compute/v2.1/servers/4f6a15cb-714e-4fbc-a84d-2783b3bcdf34 0.049s
2025-02-04 20:59:02.530 64358 INFO tempest.lib.common.rest_client [req-e7dba8e2-645e-4e11-976e-cfbdcb9d511d req-e7dba8e2-645e-4e11-976e-cfbdcb9d511d ] Request (ServersTestMultiNic:_run_cleanups): 200 GET http://10.180.1.21/compute/v2.1/servers/e777dc00-4bd3-4f7f-96fa-d5707d45f0a2 0.059s
2025-02-04 20:59:02.558 64310 INFO tempest.lib.common.rest_client [req-f61b02f0-6e1c-4c65-8e56-25aa86edeb0d req-f61b02f0-6e1c-4c65-8e56-25aa86edeb0d ] Request (ServersWithSpecificFlavorTestJSON:test_verify_created_server_ephemeral_disk): 200 GET http://10.180.1.21/compute/v2.1/servers/d62e50ec-7c22-4c38-bddd-66148aa73dda 0.051s
2025-02-04 20:59:02.576 64340 INFO tempest.lib.common.rest_client [req-3936518f-8edb-412d-8a68-fef2add1111c req-3936518f-8edb-412d-8a68-fef2add1111c ] Request (FloatingIPsAssociationTestJSON:test_associate_already_associated_floating_ip): 200 GET http://10.180.1.21/compute/v2.1/servers/1a99f453-b18c-4191-b80d-e769aa3742ba 0.056s
2025-02-04 20:59:02.583 64322 INFO tempest.lib.common.rest_client [req-08b1a835-83dc-4d25-96c7-b59e0a066705 req-08b1a835-83dc-4d25-96c7-b59e0a066705 ] Request (DeleteServersAdminTestJSON:tearDownClass): 204 DELETE http://10.180.1.21/identity/v3/users/da6e584055544cf9bef4e058b5beee5a 0.098s
2025-02-04 20:59:02.583 64322 INFO tempest.lib.common.dynamic_creds [-] Deleting project and security group for project: 18f9c21dfe96416996ee35102d91b8e3
2025-02-04 20:59:02.637 64322 INFO tempest.lib.common.rest_client [req-9ba09bdb-a1ee-4785-b5cd-dc31ac3ef8a2 req-9ba09bdb-a1ee-4785-b5cd-dc31ac3ef8a2 ] Request (DeleteServersAdminTestJSON:tearDownClass): 201 POST http://10.180.1.21/identity/v3/auth/tokens 0.053s
2025-02-04 20:59:02.645 64336 INFO tempest.lib.common.rest_client [req-bab53eee-ef38-4d4f-be8e-f4387008ddd6 req-bab53eee-ef38-4d4f-be8e-f4387008ddd6 ] Request (ServersAdminNegativeTestJSON:test_migrate_server_invalid_state): 200 GET http://10.180.1.21/compute/v2.1/servers/d3824db3-b570-4a81-a6eb-580b2da057a9 0.049s
2025-02-04 20:59:02.708 64332 INFO tempest.lib.common.rest_client [req-7f248605-130f-4235-b964-7a2323e6d6d8 req-7f248605-130f-4235-b964-7a2323e6d6d8 ] Request (ServersAdminTestJSON:test_inject_network_info): 200 GET http://10.180.1.21/compute/v2.1/servers/42d2e289-435f-47df-ae33-b003b319135a 0.049s
2025-02-04 20:59:02.800 64322 INFO tempest.lib.common.rest_client [req-db648ab7-6e52-4381-a07f-00578eedccd3 req-db648ab7-6e52-4381-a07f-00578eedccd3 ] Request (DeleteServersAdminTestJSON:tearDownClass): 200 GET http://10.180.1.21:9696/networking/v2.0/security-groups?tenant_id=18f9c21dfe96416996ee35102d91b8e3&name=default 0.162s
2025-02-04 20:59:02.828 64298 INFO tempest.lib.common.rest_client [req-6c3bdbcf-145c-459e-8158-76ab5399d798 req-6c3bdbcf-145c-459e-8158-76ab5399d798 ] Request (ListServerFiltersTestJSON:setUpClass): 200 GET http://10.180.1.21/compute/v2.1/servers/80eb9e3b-68e6-4261-ab69-e8654627607f 0.048s
2025-02-04 20:59:02.832 64304 INFO tempest.lib.common.rest_client [req-2d9fe9d8-ef72-4aba-a7c5-6e1e4cc3c363 req-2d9fe9d8-ef72-4aba-a7c5-6e1e4cc3c363 ] Request (InstanceActionsTestJSON:tearDownClass): 200 GET http://10.180.1.21/compute/v2.1/servers/69d4167b-86a8-4938-a52d-dfd27bf0dce4 0.072s
2025-02-04 20:59:02.884 64316 INFO tempest.lib.common.rest_client [req-b04976cd-a6b9-4057-a96a-58399dc60132 req-b04976cd-a6b9-4057-a96a-58399dc60132 ] Request (ImagesOneServerTestJSON:setUpClass): 200 GET http://10.180.1.21/compute/v2.1/servers/220d5470-3918-4841-8077-a06a1d463474 0.049s
2025-02-04 20:59:02.885 64322 INFO tempest.lib.common.rest_client [req-f7ae91db-ab14-4d15-82ed-b9f0ed34d6eb req-f7ae91db-ab14-4d15-82ed-b9f0ed34d6eb ] Request (DeleteServersAdminTestJSON:tearDownClass): 204 DELETE http://10.180.1.21:9696/networking/v2.0/security-groups/f82c70af-cd0a-474e-9e9a-e2f0c4560408 0.085s
2025-02-04 20:59:02.952 64322 INFO tempest.lib.common.rest_client [req-92df62e5-bd56-4851-acf6-da24411f84f4 req-92df62e5-bd56-4851-acf6-da24411f84f4 ] Request (DeleteServersAdminTestJSON:tearDownClass): 204 DELETE http://10.180.1.21/identity/v3/projects/18f9c21dfe96416996ee35102d91b8e3 0.066s
2025-02-04 20:59:02.952 64322 INFO tempest.lib.common.dynamic_creds [-] Deleting project and security group for project: 3cbe9a3426cf478488e2bd0a7efb8dee
2025-02-04 20:59:02.964 64314 INFO tempest.lib.common.rest_client [req-4314346c-18aa-4bf1-b55d-10dc75f5b85b req-4314346c-18aa-4bf1-b55d-10dc75f5b85b ] Request (MigrationsAdminTest:test_resize_server_revert_deleted_flavor): 200 GET http://10.180.1.21/compute/v2.1/servers/1bd00407-c66a-4218-9b38-8e25a676d9e8 0.055s
2025-02-04 20:59:02.982 64322 INFO tempest.lib.common.rest_client [req-55f05cf5-dcf6-4531-9be0-e81ff6386f75 req-55f05cf5-dcf6-4531-9be0-e81ff6386f75 ] Request (DeleteServersAdminTestJSON:tearDownClass): 200 GET http://10.180.1.21:9696/networking/v2.0/security-groups?tenant_id=3cbe9a3426cf478488e2bd0a7efb8dee&name=default 0.030s
2025-02-04 20:59:03.017 64357 WARNING tempest.lib.common.ssh [-] Failed to establish authenticated ssh connection to cirros@10.180.180.141 ([Errno None] Unable to connect to port 22 on 10.180.180.141). Number attempts: 3. Retry after 4 seconds.: paramiko.ssh_exception.NoValidConnectionsError: [Errno None] Unable to connect to port 22 on 10.180.180.141
2025-02-04 20:59:03.061 64322 INFO tempest.lib.common.rest_client [req-efb97fa3-81cf-4463-82b3-2df99b19a1c7 req-efb97fa3-81cf-4463-82b3-2df99b19a1c7 ] Request (DeleteServersAdminTestJSON:tearDownClass): 204 DELETE http://10.180.1.21:9696/networking/v2.0/security-groups/4346cbf5-167b-4a13-bf54-db902a477cf7 0.078s
2025-02-04 20:59:03.087 64296 INFO tempest.lib.common.rest_client [req-3979915a-89b8-42cc-9096-edaf280a5f22 req-3979915a-89b8-42cc-9096-edaf280a5f22 ] Request (ServerShowV247Test:test_update_rebuild_list_server): 200 GET http://10.180.1.21/compute/v2.1/servers/6b09db4b-dcaf-4d47-a7fc-6282db643d96 0.054s
2025-02-04 20:59:03.096 64296 INFO tempest.common.waiters [-] State transition "BUILD/networking" ==> "BUILD/block_device_mapping" after 83 second wait
2025-02-04 20:59:03.151 64344 INFO tempest.lib.common.rest_client [req-99a6438a-b1be-471c-896b-a3acdca1f1a0 req-99a6438a-b1be-471c-896b-a3acdca1f1a0 ] Request (ServerAddressesNegativeTestJSON:tearDownClass): 200 GET http://10.180.1.21/compute/v2.1/servers/5d74cad0-f593-40c2-9f07-8b7f5d9cecc0 0.056s
2025-02-04 20:59:03.154 64322 INFO tempest.lib.common.rest_client [req-4e92ac7d-35d1-4646-b1f5-439b665d7de1 req-4e92ac7d-35d1-4646-b1f5-439b665d7de1 ] Request (DeleteServersAdminTestJSON:tearDownClass): 204 DELETE http://10.180.1.21/identity/v3/projects/3cbe9a3426cf478488e2bd0a7efb8dee 0.093s
2025-02-04 20:59:03.198 64326 INFO tempest.lib.common.rest_client [req-7c8016a7-e7e0-4918-a550-e13b360458b3 req-7c8016a7-e7e0-4918-a550-e13b360458b3 ] Request (DeleteServersTestJSON:test_delete_server_while_in_attached_volume): 200 GET http://10.180.1.21/compute/v2.1/servers/14ea5a03-0092-46e9-8f77-15bc4fcb6cd7 0.058s
2025-02-04 20:59:03.201 64338 INFO tempest.lib.common.rest_client [req-3a701296-b7fa-41df-9ca8-a3693d39b38e req-3a701296-b7fa-41df-9ca8-a3693d39b38e ] Request (ServerMetadataTestJSON:setUpClass): 200 GET http://10.180.1.21/compute/v2.1/servers/a5f14d13-841b-4ba3-a6f5-033493a3c501 0.102s
2025-02-04 20:59:03.222 64322 INFO tempest.lib.common.rest_client [req-40f26fc8-a4a4-4cc8-93ab-ff7dcae4c359 req-40f26fc8-a4a4-4cc8-93ab-ff7dcae4c359 ] Request (TenantUsagesTestJSON:setUpClass): 201 POST http://10.180.1.21/identity/v3/auth/tokens 0.066s
2025-02-04 20:59:03.244 64312 INFO tempest.lib.common.rest_client [req-ad4ee85f-126f-422d-a45a-1116eab7a6fd req-ad4ee85f-126f-422d-a45a-1116eab7a6fd ] Request (MultipleCreateTestJSON:test_multiple_create_with_reservation_return): 200 GET http://10.180.1.21/compute/v2.1/servers/07b5281f-6480-476c-8457-c57526d1d8f7 0.101s
2025-02-04 20:59:03.248 64334 INFO tempest.lib.common.rest_client [req-33d118ce-6367-4b32-9bb3-665e40ebc168 req-33d118ce-6367-4b32-9bb3-665e40ebc168 ] Request (ServerRescueNegativeTestJSON:test_rescued_vm_detach_volume): 200 GET http://10.180.1.21/compute/v2.1/servers/856df6f6-29c9-42bc-99b9-f0f7ba4c22ca 0.063s
2025-02-04 20:59:03.254 64322 INFO tempest.lib.common.rest_client [req-95634abd-9611-4ad9-b445-1cb2b4766abf req-95634abd-9611-4ad9-b445-1cb2b4766abf ] Request (TenantUsagesTestJSON:setUpClass): 201 POST http://10.180.1.21/identity/v3/auth/tokens 0.029s
2025-02-04 20:59:03.258 64352 WARNING tempest.lib.common.ssh [-] Failed to establish authenticated ssh connection to cirros@10.180.180.224 ([Errno None] Unable to connect to port 22 on 10.180.180.224). Number attempts: 9. Retry after 10 seconds.: paramiko.ssh_exception.NoValidConnectionsError: [Errno None] Unable to connect to port 22 on 10.180.180.224
2025-02-04 20:59:03.280 64322 INFO tempest.lib.common.rest_client [req-c3a51082-1ede-4b01-8c5a-36c5dcc59921 req-c3a51082-1ede-4b01-8c5a-36c5dcc59921 ] Request (TenantUsagesTestJSON:setUpClass): 200 GET http://10.180.1.21/identity/v3/domains?name=Default 0.026s
2025-02-04 20:59:03.301 64354 INFO tempest.lib.common.rest_client [req-95c4fe7e-c94e-4042-a9c9-b65f8a593e44 req-95c4fe7e-c94e-4042-a9c9-b65f8a593e44 ] Request (ListImageFiltersTestJSON:tearDownClass): 200 GET http://10.180.1.21/compute/v2.1/servers/4b1eb7c1-f17a-40d4-99bf-b1c0f86e88c8 0.068s
2025-02-04 20:59:03.310 64322 INFO tempest.lib.common.rest_client [req-75a74f84-202b-4cd8-89f7-9034fe0672c4 req-75a74f84-202b-4cd8-89f7-9034fe0672c4 ] Request (TenantUsagesTestJSON:setUpClass): 201 POST http://10.180.1.21/identity/v3/projects 0.029s
2025-02-04 20:59:03.362 64322 INFO tempest.lib.common.rest_client [req-ff9503aa-dbd4-4cb4-9a5b-df8292ec455a req-ff9503aa-dbd4-4cb4-9a5b-df8292ec455a ] Request (TenantUsagesTestJSON:setUpClass): 201 POST http://10.180.1.21/identity/v3/users 0.052s
2025-02-04 20:59:03.384 64322 INFO tempest.lib.common.rest_client [req-fab44698-4066-439c-b06a-532629bf4957 req-fab44698-4066-439c-b06a-532629bf4957 ] Request (TenantUsagesTestJSON:setUpClass): 200 GET http://10.180.1.21/identity/v3/roles 0.021s
2025-02-04 20:59:03.411 64322 INFO tempest.lib.common.rest_client [req-508fcd7d-cb8c-418d-8fcd-3726392dbb29 req-508fcd7d-cb8c-418d-8fcd-3726392dbb29 ] Request (TenantUsagesTestJSON:setUpClass): 204 PUT http://10.180.1.21/identity/v3/projects/17c6e7b3b1a24aad92f4ec9f6d20be53/users/7b896d1ae1b34de88f7b001f6d4bedf1/roles/54e28a044231452aba97cc70366838da 0.026s
2025-02-04 20:59:03.411 64322 INFO tempest.lib.common.dynamic_creds [-] Dynamic test user 7b896d1ae1b34de88f7b001f6d4bedf1 is created with scope project and roles: ['member']
2025-02-04 20:59:03.411 64322 INFO tempest.lib.common.dynamic_creds [-] Acquired dynamic creds: credentials: Credentials: {'domain_id': 'default', 'domain_name': 'Default', 'username': 'tempest-TenantUsagesTestJSON-1348252018-project-member', 'project_domain_id': 'default', 'project_domain_name': 'Default', 'project_id': '17c6e7b3b1a24aad92f4ec9f6d20be53', 'project_name': 'tempest-TenantUsagesTestJSON-1348252018', 'tenant_id': '17c6e7b3b1a24aad92f4ec9f6d20be53', 'tenant_name': 'tempest-TenantUsagesTestJSON-1348252018', 'user_domain_id': 'default', 'user_domain_name': 'Default', 'user_id': '7b896d1ae1b34de88f7b001f6d4bedf1', 'system': None}, Network: None, Subnet: None, Router: None
2025-02-04 20:59:03.411 64322 INFO tempest.lib.common.dynamic_creds [-] Created isolated network resources for: credentials: Credentials: {'domain_id': 'default', 'domain_name': 'Default', 'username': 'tempest-TenantUsagesTestJSON-1348252018-project-member', 'project_domain_id': 'default', 'project_domain_name': 'Default', 'project_id': '17c6e7b3b1a24aad92f4ec9f6d20be53', 'project_name': 'tempest-TenantUsagesTestJSON-1348252018', 'tenant_id': '17c6e7b3b1a24aad92f4ec9f6d20be53', 'tenant_name': 'tempest-TenantUsagesTestJSON-1348252018', 'user_domain_id': 'default', 'user_domain_name': 'Default', 'user_id': '7b896d1ae1b34de88f7b001f6d4bedf1', 'system': None}, Network: None, Subnet: None, Router: None
2025-02-04 20:59:03.417 64346 INFO tempest.lib.common.rest_client [req-eb061bf5-7486-4050-a360-feb082ed974c req-eb061bf5-7486-4050-a360-feb082ed974c ] Request (ImagesTestJSON:test_create_server_from_snapshot): 200 GET http://10.180.1.21/compute/v2.1/servers/023b0e1a-2d7e-4325-b86b-5ed4530a57f7 0.048s
2025-02-04 20:59:03.465 64306 INFO tempest.lib.common.rest_client [req-146b5acd-442b-49b6-8fcc-81b0a73c4aed req-146b5acd-442b-49b6-8fcc-81b0a73c4aed ] Request (ServerDiagnosticsNegativeTest:test_get_server_diagnostics_by_non_admin): 200 GET http://10.180.1.21/compute/v2.1/servers/2780b129-725e-4444-ac6f-98ef00cef77c 0.050s
2025-02-04 20:59:03.484 64322 INFO tempest.lib.common.rest_client [req-1e9ee377-920f-409e-9436-be07cdee1fa7 req-1e9ee377-920f-409e-9436-be07cdee1fa7 ] Request (TenantUsagesTestJSON:setUpClass): 201 POST http://10.180.1.21/identity/v3/auth/tokens 0.069s
2025-02-04 20:59:03.523 64300 INFO tempest.lib.common.rest_client [req-ca9ef58c-82e5-45a4-8eb8-5aba366eb9fe req-ca9ef58c-82e5-45a4-8eb8-5aba366eb9fe ] Request (ServerMetadataNegativeTestJSON:setUpClass): 200 GET http://10.180.1.21/compute/v2.1/servers/07c5066a-6822-4eb5-a5d9-9794d9d6fb4b 0.056s
2025-02-04 20:59:03.538 64320 INFO tempest.lib.common.rest_client [req-63d603c3-f679-4d61-803c-ef4e30f4e954 req-63d603c3-f679-4d61-803c-ef4e30f4e954 ] Request (ServersNegativeTestJSON:setUpClass): 200 GET http://10.180.1.21/compute/v2.1/servers/212b862f-9465-4c6d-95bc-acf2a4153e73 0.067s
2025-02-04 20:59:03.560 64322 INFO tempest.lib.common.rest_client [req-023539ab-4c0c-4dad-851e-4b6ca04cbc46 req-023539ab-4c0c-4dad-851e-4b6ca04cbc46 ] Request (TenantUsagesTestJSON:setUpClass): 201 POST http://10.180.1.21/identity/v3/projects 0.075s
2025-02-04 20:59:03.586 64302 INFO tempest.lib.common.rest_client [req-d1a945d4-5c36-428c-8780-d16b7b7a0d10 req-d1a945d4-5c36-428c-8780-d16b7b7a0d10 ] Request (SecurityGroupsTestJSON:test_list_security_groups_by_server): 200 GET http://10.180.1.21/compute/v2.1/servers/4f6a15cb-714e-4fbc-a84d-2783b3bcdf34 0.071s
2025-02-04 20:59:03.610 64358 INFO tempest.lib.common.rest_client [req-4d2c8425-d10d-4972-8883-c87cc6f6416f req-4d2c8425-d10d-4972-8883-c87cc6f6416f ] Request (ServersTestMultiNic:_run_cleanups): 200 GET http://10.180.1.21/compute/v2.1/servers/e777dc00-4bd3-4f7f-96fa-d5707d45f0a2 0.071s
2025-02-04 20:59:03.625 64322 INFO tempest.lib.common.rest_client [req-59d742a8-f741-490e-a5f2-1e240e84b54d req-59d742a8-f741-490e-a5f2-1e240e84b54d ] Request (TenantUsagesTestJSON:setUpClass): 201 POST http://10.180.1.21/identity/v3/users 0.064s
2025-02-04 20:59:03.638 64310 INFO tempest.lib.common.rest_client [req-22a7a80b-b7c9-42e3-9198-86a2c63f47a6 req-22a7a80b-b7c9-42e3-9198-86a2c63f47a6 ] Request (ServersWithSpecificFlavorTestJSON:test_verify_created_server_ephemeral_disk): 200 GET http://10.180.1.21/compute/v2.1/servers/d62e50ec-7c22-4c38-bddd-66148aa73dda 0.071s
2025-02-04 20:59:03.654 64322 INFO tempest.lib.common.rest_client [req-a8c1571c-3659-4bdc-a354-f846e1b16468 req-a8c1571c-3659-4bdc-a354-f846e1b16468 ] Request (TenantUsagesTestJSON:setUpClass): 200 GET http://10.180.1.21/identity/v3/roles 0.029s
2025-02-04 20:59:03.661 64340 INFO tempest.lib.common.rest_client [req-63170669-86d2-46fe-bad0-4b10aaca0ea5 req-63170669-86d2-46fe-bad0-4b10aaca0ea5 ] Request (FloatingIPsAssociationTestJSON:test_associate_already_associated_floating_ip): 200 GET http://10.180.1.21/compute/v2.1/servers/1a99f453-b18c-4191-b80d-e769aa3742ba 0.077s
2025-02-04 20:59:03.684 64322 INFO tempest.lib.common.rest_client [req-a3e8d725-468f-489c-bb92-3135037ff56e req-a3e8d725-468f-489c-bb92-3135037ff56e ] Request (TenantUsagesTestJSON:setUpClass): 204 PUT http://10.180.1.21/identity/v3/projects/6fb72d7216b2480eb6ed5a3dc0c4acce/users/de044b3e48c346838de7ed770f165bcc/roles/d2cff5e273bf469dbae461a8c8bfd4c7 0.029s
2025-02-04 20:59:03.709 64336 INFO tempest.lib.common.rest_client [req-8757751f-40b8-4dcd-a94e-5d20c94fa639 req-8757751f-40b8-4dcd-a94e-5d20c94fa639 ] Request (ServersAdminNegativeTestJSON:test_migrate_server_invalid_state): 200 GET http://10.180.1.21/compute/v2.1/servers/d3824db3-b570-4a81-a6eb-580b2da057a9 0.056s
2025-02-04 20:59:03.741 64322 INFO tempest.lib.common.rest_client [req-4c87506e-cf29-4144-be2c-7867bd3406a9 req-4c87506e-cf29-4144-be2c-7867bd3406a9 ] Request (TenantUsagesTestJSON:setUpClass): 200 GET http://10.180.1.21/identity/v3/roles 0.056s
2025-02-04 20:59:03.760 64322 INFO tempest.lib.common.rest_client [req-efea75d8-9f0b-4405-a9ca-563f67971cd1 req-efea75d8-9f0b-4405-a9ca-563f67971cd1 ] Request (TenantUsagesTestJSON:setUpClass): 204 PUT http://10.180.1.21/identity/v3/projects/6fb72d7216b2480eb6ed5a3dc0c4acce/users/de044b3e48c346838de7ed770f165bcc/roles/d2cff5e273bf469dbae461a8c8bfd4c7 0.019s
2025-02-04 20:59:03.760 64322 INFO tempest.lib.common.dynamic_creds [-] Dynamic test user de044b3e48c346838de7ed770f165bcc is created with scope project and roles: ['admin']
2025-02-04 20:59:03.760 64322 INFO tempest.lib.common.dynamic_creds [-] Acquired dynamic creds: credentials: Credentials: {'domain_id': 'default', 'domain_name': 'Default', 'username': 'tempest-TenantUsagesTestJSON-237197435-project-admin', 'project_domain_id': 'default', 'project_domain_name': 'Default', 'project_id': '6fb72d7216b2480eb6ed5a3dc0c4acce', 'project_name': 'tempest-TenantUsagesTestJSON-237197435', 'tenant_id': '6fb72d7216b2480eb6ed5a3dc0c4acce', 'tenant_name': 'tempest-TenantUsagesTestJSON-237197435', 'user_domain_id': 'default', 'user_domain_name': 'Default', 'user_id': 'de044b3e48c346838de7ed770f165bcc', 'system': None}, Network: None, Subnet: None, Router: None
2025-02-04 20:59:03.761 64322 INFO tempest.lib.common.dynamic_creds [-] Created isolated network resources for: credentials: Credentials: {'domain_id': 'default', 'domain_name': 'Default', 'username': 'tempest-TenantUsagesTestJSON-237197435-project-admin', 'project_domain_id': 'default', 'project_domain_name': 'Default', 'project_id': '6fb72d7216b2480eb6ed5a3dc0c4acce', 'project_name': 'tempest-TenantUsagesTestJSON-237197435', 'tenant_id': '6fb72d7216b2480eb6ed5a3dc0c4acce', 'tenant_name': 'tempest-TenantUsagesTestJSON-237197435', 'user_domain_id': 'default', 'user_domain_name': 'Default', 'user_id': 'de044b3e48c346838de7ed770f165bcc', 'system': None}, Network: None, Subnet: None, Router: None
2025-02-04 20:59:03.777 64332 INFO tempest.lib.common.rest_client [req-1b4bb688-e377-4149-baba-33656382801a req-1b4bb688-e377-4149-baba-33656382801a ] Request (ServersAdminTestJSON:test_inject_network_info): 200 GET http://10.180.1.21/compute/v2.1/servers/42d2e289-435f-47df-ae33-b003b319135a 0.059s
2025-02-04 20:59:03.832 64322 INFO tempest.lib.common.rest_client [req-3d7479b0-0562-4c3f-876d-a3e6e2bb1c7e req-3d7479b0-0562-4c3f-876d-a3e6e2bb1c7e ] Request (TenantUsagesTestJSON:setUpClass): 201 POST http://10.180.1.21/identity/v3/auth/tokens 0.069s
2025-02-04 20:59:03.833 64322 WARNING tempest.lib.common.rest_client [-] Deprecated: "tenant_id" property is deprecated for removal, use "project_id" instead
2025-02-04 20:59:03.886 64322 INFO tempest.lib.common.rest_client [req-413ad732-7c3c-40ea-960a-d32e7a638532 req-413ad732-7c3c-40ea-960a-d32e7a638532 ] Request (TenantUsagesTestJSON:setUpClass): 201 POST http://10.180.1.21/identity/v3/auth/tokens 0.049s
2025-02-04 20:59:03.887 64322 INFO tempest.lib.common.fixed_network [-] (TenantUsagesTestJSON:setUpClass) Found network None available for tenant
2025-02-04 20:59:03.896 64298 INFO tempest.lib.common.rest_client [req-79bd9a50-6d94-457f-8da7-e9ad39c45bc5 req-79bd9a50-6d94-457f-8da7-e9ad39c45bc5 ] Request (ListServerFiltersTestJSON:setUpClass): 200 GET http://10.180.1.21/compute/v2.1/servers/80eb9e3b-68e6-4261-ab69-e8654627607f 0.054s
2025-02-04 20:59:03.901 64304 INFO tempest.lib.common.rest_client [req-e0226316-9516-435a-bd0c-b2031cd58374 req-e0226316-9516-435a-bd0c-b2031cd58374 ] Request (InstanceActionsTestJSON:tearDownClass): 200 GET http://10.180.1.21/compute/v2.1/servers/69d4167b-86a8-4938-a52d-dfd27bf0dce4 0.058s
2025-02-04 20:59:03.946 64316 INFO tempest.lib.common.rest_client [req-290806dc-e91a-40ea-b3c1-5e0cf4d4ac0b req-290806dc-e91a-40ea-b3c1-5e0cf4d4ac0b ] Request (ImagesOneServerTestJSON:setUpClass): 200 GET http://10.180.1.21/compute/v2.1/servers/220d5470-3918-4841-8077-a06a1d463474 0.051s
2025-02-04 20:59:04.021 64314 INFO tempest.lib.common.rest_client [req-b1992d04-191c-422d-9fd5-26b81020c84b req-b1992d04-191c-422d-9fd5-26b81020c84b ] Request (MigrationsAdminTest:test_resize_server_revert_deleted_flavor): 200 GET http://10.180.1.21/compute/v2.1/servers/1bd00407-c66a-4218-9b38-8e25a676d9e8 0.049s
2025-02-04 20:59:04.151 64322 INFO tempest.lib.common.rest_client [req-8039b319-9acf-4271-8693-b93a432ada4c req-8039b319-9acf-4271-8693-b93a432ada4c ] Request (TenantUsagesTestJSON:setUpClass): 202 POST http://10.180.1.21/compute/v2.1/servers 0.263s
2025-02-04 20:59:04.154 64296 INFO tempest.lib.common.rest_client [req-238fb16c-3ae3-4641-91f6-dbc1dd382617 req-238fb16c-3ae3-4641-91f6-dbc1dd382617 ] Request (ServerShowV247Test:test_update_rebuild_list_server): 200 GET http://10.180.1.21/compute/v2.1/servers/6b09db4b-dcaf-4d47-a7fc-6282db643d96 0.057s
2025-02-04 20:59:04.163 64296 INFO tempest.common.waiters [-] State transition "BUILD/block_device_mapping" ==> "BUILD/spawning" after 84 second wait
2025-02-04 20:59:04.196 64322 INFO tempest.lib.common.rest_client [req-19cb1b63-7b8d-45b5-88de-11e4028dfb4d req-19cb1b63-7b8d-45b5-88de-11e4028dfb4d ] Request (TenantUsagesTestJSON:setUpClass): 200 GET http://10.180.1.21/compute/v2.1/servers/5f5830d4-a41f-4a59-befd-98bb57767ee0 0.043s
2025-02-04 20:59:04.234 64344 INFO tempest.lib.common.rest_client [req-07465d6c-2819-4f32-bf39-014999a972d0 req-07465d6c-2819-4f32-bf39-014999a972d0 ] Request (ServerAddressesNegativeTestJSON:tearDownClass): 200 GET http://10.180.1.21/compute/v2.1/servers/5d74cad0-f593-40c2-9f07-8b7f5d9cecc0 0.075s
2025-02-04 20:59:04.260 64326 INFO tempest.lib.common.rest_client [req-84a0eb6c-fb4e-411a-a8c8-a0c06a8677bd req-84a0eb6c-fb4e-411a-a8c8-a0c06a8677bd ] Request (DeleteServersTestJSON:test_delete_server_while_in_attached_volume): 200 GET http://10.180.1.21/compute/v2.1/servers/14ea5a03-0092-46e9-8f77-15bc4fcb6cd7 0.052s
2025-02-04 20:59:04.306 64312 INFO tempest.lib.common.rest_client [req-1941fda5-7c07-4a90-b576-aee2752b01b3 req-1941fda5-7c07-4a90-b576-aee2752b01b3 ] Request (MultipleCreateTestJSON:test_multiple_create_with_reservation_return): 200 GET http://10.180.1.21/compute/v2.1/servers/07b5281f-6480-476c-8457-c57526d1d8f7 0.054s
2025-02-04 20:59:04.355 64334 INFO tempest.lib.common.rest_client [req-5d5be834-4331-4346-8e63-ec881db89f14 req-5d5be834-4331-4346-8e63-ec881db89f14 ] Request (ServerRescueNegativeTestJSON:test_rescued_vm_detach_volume): 200 GET http://10.180.1.21/compute/v2.1/servers/856df6f6-29c9-42bc-99b9-f0f7ba4c22ca 0.099s
2025-02-04 20:59:04.366 64338 INFO tempest.lib.common.rest_client [req-4e9a6e86-3990-4d3e-9ff7-735b02bee9a0 req-4e9a6e86-3990-4d3e-9ff7-735b02bee9a0 ] Request (ServerMetadataTestJSON:setUpClass): 200 GET http://10.180.1.21/compute/v2.1/servers/a5f14d13-841b-4ba3-a6f5-033493a3c501 0.152s
2025-02-04 20:59:04.409 64354 INFO tempest.lib.common.rest_client [req-8d5834da-6e5b-407f-b934-b11f183f1658 req-8d5834da-6e5b-407f-b934-b11f183f1658 ] Request (ListImageFiltersTestJSON:tearDownClass): 200 GET http://10.180.1.21/compute/v2.1/servers/4b1eb7c1-f17a-40d4-99bf-b1c0f86e88c8 0.099s
2025-02-04 20:59:04.471 64346 INFO tempest.lib.common.rest_client [req-ff5d02de-fc38-4e0a-872d-a7ac7f3dd4d3 req-ff5d02de-fc38-4e0a-872d-a7ac7f3dd4d3 ] Request (ImagesTestJSON:test_create_server_from_snapshot): 200 GET http://10.180.1.21/compute/v2.1/servers/023b0e1a-2d7e-4325-b86b-5ed4530a57f7 0.046s
2025-02-04 20:59:04.528 64306 INFO tempest.lib.common.rest_client [req-ed27de52-fe5f-493f-9423-ec0529141155 req-ed27de52-fe5f-493f-9423-ec0529141155 ] Request (ServerDiagnosticsNegativeTest:test_get_server_diagnostics_by_non_admin): 200 GET http://10.180.1.21/compute/v2.1/servers/2780b129-725e-4444-ac6f-98ef00cef77c 0.056s
2025-02-04 20:59:04.585 64300 INFO tempest.lib.common.rest_client [req-53a09aaf-4a33-4119-ae9b-b27c090daf46 req-53a09aaf-4a33-4119-ae9b-b27c090daf46 ] Request (ServerMetadataNegativeTestJSON:setUpClass): 200 GET http://10.180.1.21/compute/v2.1/servers/07c5066a-6822-4eb5-a5d9-9794d9d6fb4b 0.054s
2025-02-04 20:59:04.606 64320 INFO tempest.lib.common.rest_client [req-2747b21a-cf46-41d9-9d01-4b2bd3a76539 req-2747b21a-cf46-41d9-9d01-4b2bd3a76539 ] Request (ServersNegativeTestJSON:setUpClass): 200 GET http://10.180.1.21/compute/v2.1/servers/212b862f-9465-4c6d-95bc-acf2a4153e73 0.057s
2025-02-04 20:59:04.640 64302 INFO tempest.lib.common.rest_client [req-ab697211-a40a-496c-ba25-f6d5c572644f req-ab697211-a40a-496c-ba25-f6d5c572644f ] Request (SecurityGroupsTestJSON:test_list_security_groups_by_server): 200 GET http://10.180.1.21/compute/v2.1/servers/4f6a15cb-714e-4fbc-a84d-2783b3bcdf34 0.045s
