2025-02-04 20:56:26.387 64330 INFO tempest.lib.common.rest_client [req-dc3124e5-27f4-49bf-8556-059ed32c0012 req-dc3124e5-27f4-49bf-8556-059ed32c0012 ] Request (FlavorsAdminTestJSON:_run_cleanups): 200 GET http://10.180.1.21/compute/v2.1/flavors/detail 1.079s
2025-02-04 20:56:26.404 64300 INFO tempest.lib.common.rest_client [req-6b056a8b-b4bf-4292-adc9-65844523a7a4 req-6b056a8b-b4bf-4292-adc9-65844523a7a4 ] Request (MultipleCreateNegativeTestJSON:test_max_count_less_than_min_count): 201 POST http://10.180.1.21/identity/v3/auth/tokens 0.169s
2025-02-04 20:56:26.405 64300 INFO tempest.lib.common.fixed_network [-] (MultipleCreateNegativeTestJSON:test_max_count_less_than_min_count) Found network None available for tenant
2025-02-04 20:56:26.558 64357 INFO tempest.lib.common.rest_client [req-63b71a0c-679d-451c-8916-31c2e63f3125 req-63b71a0c-679d-451c-8916-31c2e63f3125 ] Request (SecurityGroupsTestAdminJSON:test_list_security_groups_list_all_tenants_filter): 200 POST http://10.180.1.21/compute/v2.1/os-security-groups 1.630s
2025-02-04 20:56:26.583 64306 INFO tempest.lib.common.rest_client [req-129545e6-d78c-4fd3-8e18-c98679e7f633 req-129545e6-d78c-4fd3-8e18-c98679e7f633 ] Request (FlavorMetadataValidation:_run_cleanups): 202 DELETE http://10.180.1.21/compute/v2.1/flavors/1201116681 1.228s
2025-02-04 20:56:26.613 64334 INFO tempest.lib.common.rest_client [req-febe6414-8e5c-4908-bb12-12fecdafa0a6 req-febe6414-8e5c-4908-bb12-12fecdafa0a6 ] Request (ServicesAdminNegativeTestJSON:test_get_service_by_invalid_service_and_valid_host): 200 GET http://10.180.1.21/compute/v2.1/os-services 1.228s
2025-02-04 20:56:26.690 64358 INFO tempest.lib.common.rest_client [req-f5e43b1b-82c1-4ae2-b3a5-a35e65882766 req-f5e43b1b-82c1-4ae2-b3a5-a35e65882766 ] Request (ServersTestMultiNic:test_verify_duplicate_network_nics): 200 GET http://10.180.1.21/compute/v2.1/servers/75b47c32-9f9d-4288-a964-6d71a947793b 1.212s
2025-02-04 20:56:26.699 64358 INFO tempest.common.waiters [-] State transition "BUILD/None" ==> "BUILD/networking" after 2 second wait
2025-02-04 20:56:26.700 64324 INFO tempest.lib.common.rest_client [req-797b9df3-c5ce-4f16-845b-c17e14cd879b req-797b9df3-c5ce-4f16-845b-c17e14cd879b ] Request (HypervisorAdminV253TestBase:tearDownClass): 200 GET http://10.180.1.21:9696/networking/v2.0/security-groups?tenant_id=70f948175c2d45eda0d73dd61f94c4ba&name=default 0.329s
2025-02-04 20:56:26.722 64350 INFO tempest.lib.common.rest_client [req-47d599ab-7443-47bb-9e2c-dae8061cb8c7 req-47d599ab-7443-47bb-9e2c-dae8061cb8c7 ] Request (FlavorsV261TestJSON:test_crud_flavor): 200 PUT http://10.180.1.21/compute/v2.1/flavors/1460289581 1.208s
2025-02-04 20:56:26.743 64296 INFO tempest.lib.common.rest_client [req-97b69424-9947-4657-a2ee-6bc37d846815 req-97b69424-9947-4657-a2ee-6bc37d846815 ] Request (AZAdminV2TestJSON:tearDownClass): 200 GET http://10.180.1.21:9696/networking/v2.0/security-groups?tenant_id=b0d5087668204d8390cd1e4c2af77a13&name=default 0.429s
2025-02-04 20:56:26.744 64308 INFO tempest.lib.common.rest_client [req-9deb59d3-ab34-4565-b1bb-c308f153c23d req-9deb59d3-ab34-4565-b1bb-c308f153c23d ] Request (HypervisorAdminUnderV252Test:test_search_hypervisor): 200 GET http://10.180.1.21/compute/v2.1/os-hypervisors/domain-c8.fc996f14-c53b-4953-92e3-bdfa48f5cc28/search 1.153s
2025-02-04 20:56:26.783 64302 INFO tempest.lib.common.rest_client [req-0fba76c6-68d1-4c64-bf09-0461c69c2f71 req-0fba76c6-68d1-4c64-bf09-0461c69c2f71 ] Request (QuotaClassesAdmin257Test:_run_cleanups): 200 PUT http://10.180.1.21/compute/v2.1/os-quota-class-sets/default 1.181s
2025-02-04 20:56:26.820 64324 INFO tempest.lib.common.rest_client [req-186b0068-c220-42ab-b9f7-aa3860c06aa1 req-186b0068-c220-42ab-b9f7-aa3860c06aa1 ] Request (HypervisorAdminV253TestBase:tearDownClass): 204 DELETE http://10.180.1.21:9696/networking/v2.0/security-groups/334d7c38-f80b-47fe-bb23-c78b34e1e27d 0.119s
2025-02-04 20:56:26.834 64342 INFO tempest.lib.common.rest_client [req-b38fb147-9b64-470e-a59c-995407b445b6 req-b38fb147-9b64-470e-a59c-995407b445b6 ] Request (QuotasAdminNegativeTest:test_create_server_when_cpu_quota_is_full): 403 POST http://10.180.1.21/compute/v2.1/servers 1.510s
2025-02-04 20:56:26.844 64310 INFO tempest.lib.common.rest_client [req-28c65d00-b1c3-4e3e-badc-f8992a957930 req-28c65d00-b1c3-4e3e-badc-f8992a957930 ] Request (ServersWithSpecificFlavorTestJSON:test_verify_created_server_ephemeral_disk): 200 GET http://10.180.1.21/compute/v2.1/flavors/42/os-extra_specs 1.197s
2025-02-04 20:56:26.870 64308 INFO tempest.lib.common.rest_client [req-033f9a44-c0a1-47fd-b301-cc5817a00117 req-033f9a44-c0a1-47fd-b301-cc5817a00117 ] Request (HypervisorAdminUnderV252Test:tearDownClass): 204 DELETE http://10.180.1.21/identity/v3/users/fedfb778b08548ddbe20068637a44de1 0.121s
2025-02-04 20:56:26.877 64302 INFO tempest.lib.common.rest_client [req-a7702b93-4356-43ae-b53f-0a9ec9f62552 req-a7702b93-4356-43ae-b53f-0a9ec9f62552 ] Request (QuotaClassesAdmin257Test:tearDownClass): 204 DELETE http://10.180.1.21/identity/v3/users/240cabb440a544479f504ab924f12e68 0.085s
2025-02-04 20:56:26.910 64314 INFO tempest.lib.common.rest_client [req-0868b77f-6389-4070-a5ad-dbaa1026c70e req-0868b77f-6389-4070-a5ad-dbaa1026c70e ] Request (MigrationsAdminTest:test_list_migrations_in_flavor_resize_situation): 200 GET http://10.180.1.21/compute/v2.1/servers/fdbee3c7-34eb-4b2e-830a-baf719075a77 1.294s
2025-02-04 20:56:26.932 64354 INFO tempest.lib.common.rest_client [req-960411c9-8f53-4017-9724-ec78eb1e83bf req-960411c9-8f53-4017-9724-ec78eb1e83bf ] Request (HypervisorAdminTestJSON:test_get_hypervisor_show_details): 200 GET http://10.180.1.21/compute/v2.1/os-hypervisors/1 1.186s
2025-02-04 20:56:26.955 64320 INFO tempest.lib.common.rest_client [req-68dc2c13-81c5-4062-9a5c-0302119b30a9 req-68dc2c13-81c5-4062-9a5c-0302119b30a9 ] Request (QuotasAdminTestV236:test_get_updated_quotas): 200 GET http://10.180.1.21/identity/v3/domains?name=Default 0.142s
2025-02-04 20:56:26.978 64324 INFO tempest.lib.common.rest_client [req-6c893e74-fb46-4df2-a39a-392569925777 req-6c893e74-fb46-4df2-a39a-392569925777 ] Request (HypervisorAdminV253TestBase:tearDownClass): 204 DELETE http://10.180.1.21/identity/v3/projects/70f948175c2d45eda0d73dd61f94c4ba 0.156s
2025-02-04 20:56:26.978 64324 INFO tempest.lib.common.dynamic_creds [-] Deleting project and security group for project: f6fbf9a6ae0c4f92adf77fefd7312671
2025-02-04 20:56:27.041 64328 INFO tempest.lib.common.rest_client [req-dc098d82-bf47-406d-a686-2eb19e86110a req-dc098d82-bf47-406d-a686-2eb19e86110a ] Request (VolumesAssistedSnapshotsTest:test_volume_assisted_snapshot_create_delete): 200 GET http://10.180.1.21/volume/v3/volumes/c36f54d2-5f12-46e9-a40d-fb45abb98c8c 0.038s
2025-02-04 20:56:27.044 64308 INFO tempest.lib.common.rest_client [req-be70716f-6336-4ec7-a66d-eac4a4290044 req-be70716f-6336-4ec7-a66d-eac4a4290044 ] Request (HypervisorAdminUnderV252Test:tearDownClass): 204 DELETE http://10.180.1.21/identity/v3/users/6cca1366c86f4f6b92b5507cf0ff1394 0.174s
2025-02-04 20:56:27.045 64308 INFO tempest.lib.common.dynamic_creds [-] Deleting project and security group for project: 129ce7b84d7c43609edf76918ba2411d
2025-02-04 20:56:27.049 64328 INFO tempest.common.waiters [-] volume c36f54d2-5f12-46e9-a40d-fb45abb98c8c reached available after waiting for 1.048979 seconds
2025-02-04 20:56:27.076 64324 INFO tempest.lib.common.rest_client [req-6653c08d-a5aa-4c43-a45a-638b1d40a6e8 req-6653c08d-a5aa-4c43-a45a-638b1d40a6e8 ] Request (HypervisorAdminV253TestBase:tearDownClass): 200 GET http://10.180.1.21:9696/networking/v2.0/security-groups?tenant_id=f6fbf9a6ae0c4f92adf77fefd7312671&name=default 0.098s
2025-02-04 20:56:27.085 64296 INFO tempest.lib.common.rest_client [req-c8c4de87-5c5a-4cc6-94c4-9ad402316a67 req-c8c4de87-5c5a-4cc6-94c4-9ad402316a67 ] Request (AZAdminV2TestJSON:tearDownClass): 204 DELETE http://10.180.1.21:9696/networking/v2.0/security-groups/118d7204-4168-4441-b641-9fe2fb16b26d 0.342s
2025-02-04 20:56:27.103 64302 INFO tempest.lib.common.rest_client [req-fbbd1d5d-3902-4baa-be69-e8e59200b393 req-fbbd1d5d-3902-4baa-be69-e8e59200b393 ] Request (QuotaClassesAdmin257Test:tearDownClass): 204 DELETE http://10.180.1.21/identity/v3/users/5269c57d74bb45f78d32f5bb2361a090 0.225s
2025-02-04 20:56:27.103 64302 INFO tempest.lib.common.dynamic_creds [-] Deleting project and security group for project: aa555fca354342c9981bc4283b15c464
2025-02-04 20:56:27.113 64352 INFO tempest.lib.common.rest_client [req-f61c6d37-52dd-4f99-92be-34b1d75a0e4c req-f61c6d37-52dd-4f99-92be-34b1d75a0e4c ] Request (FloatingIPsTestJSON:test_allocate_floating_ip): 200 GET http://10.180.1.21/compute/v2.1/os-floating-ips 1.406s
2025-02-04 20:56:27.134 64320 INFO tempest.lib.common.rest_client [req-df4e55c6-bb66-4bf2-a045-fbecbfcb864e req-df4e55c6-bb66-4bf2-a045-fbecbfcb864e ] Request (QuotasAdminTestV236:test_get_updated_quotas): 201 POST http://10.180.1.21/identity/v3/projects 0.179s
2025-02-04 20:56:27.148 64324 INFO tempest.lib.common.rest_client [req-e05a7e03-c4b4-406c-844f-e987f96017a9 req-e05a7e03-c4b4-406c-844f-e987f96017a9 ] Request (HypervisorAdminV253TestBase:tearDownClass): 204 DELETE http://10.180.1.21:9696/networking/v2.0/security-groups/b6cb6a22-4939-4c39-bb9a-c8aa3d0d0768 0.072s
2025-02-04 20:56:27.173 64308 INFO tempest.lib.common.rest_client [req-f8e3b7a2-fe64-4d67-b13f-6f879c0d4efd req-f8e3b7a2-fe64-4d67-b13f-6f879c0d4efd ] Request (HypervisorAdminUnderV252Test:tearDownClass): 201 POST http://10.180.1.21/identity/v3/auth/tokens 0.128s
2025-02-04 20:56:27.214 64296 INFO tempest.lib.common.rest_client [req-d68c4cf6-49c1-42ac-b09c-9d0a74b2e08d req-d68c4cf6-49c1-42ac-b09c-9d0a74b2e08d ] Request (AZAdminV2TestJSON:tearDownClass): 204 DELETE http://10.180.1.21/identity/v3/projects/b0d5087668204d8390cd1e4c2af77a13 0.129s
2025-02-04 20:56:27.228 64302 INFO tempest.lib.common.rest_client [req-8d457925-dcba-4fbc-b222-7fa10c78de65 req-8d457925-dcba-4fbc-b222-7fa10c78de65 ] Request (QuotaClassesAdmin257Test:tearDownClass): 201 POST http://10.180.1.21/identity/v3/auth/tokens 0.125s
2025-02-04 20:56:27.315 64320 INFO tempest.lib.common.rest_client [req-ecb66504-5bec-480d-994e-cea54d76fafe req-ecb66504-5bec-480d-994e-cea54d76fafe ] Request (QuotasAdminTestV236:test_get_updated_quotas): 200 GET http://10.180.1.21/identity/v3/domains?name=Default 0.180s
2025-02-04 20:56:27.333 64324 INFO tempest.lib.common.rest_client [req-ca45fd7e-77b7-409e-9ed7-9ce0f66b39ee req-ca45fd7e-77b7-409e-9ed7-9ce0f66b39ee ] Request (HypervisorAdminV253TestBase:tearDownClass): 204 DELETE http://10.180.1.21/identity/v3/projects/f6fbf9a6ae0c4f92adf77fefd7312671 0.185s
2025-02-04 20:56:27.336 64324 INFO tempest.test [-] raised in LiveMigrationTest.setUpClass. Invoking tearDownClass.
2025-02-04 20:56:27.391 64296 INFO tempest.lib.common.rest_client [req-6577cfb5-db99-4c35-946e-643e9118b4a5 req-6577cfb5-db99-4c35-946e-643e9118b4a5 ] Request (HostsAdminNegativeTestJSON:setUpClass): 201 POST http://10.180.1.21/identity/v3/auth/tokens 0.176s
2025-02-04 20:56:27.509 64344 INFO tempest.lib.common.rest_client [req-b904c454-3f8d-4fc1-8833-189f2a7a9dc8 req-b904c454-3f8d-4fc1-8833-189f2a7a9dc8 ] Request (FlavorsAccessNegativeTestJSON:test_add_flavor_access_duplicate): 409 POST http://10.180.1.21/compute/v2.1/flavors/599669894/action 1.676s
2025-02-04 20:56:27.518 64324 INFO tempest.lib.common.rest_client [req-2e4b14f5-6ab7-42c0-8955-7629ab78033d req-2e4b14f5-6ab7-42c0-8955-7629ab78033d ] Request (AbsoluteLimitsTestJSON:setUpClass): 201 POST http://10.180.1.21/identity/v3/auth/tokens 0.179s
2025-02-04 20:56:27.542 64296 INFO tempest.lib.common.rest_client [req-3f674953-7c52-41df-ac31-3cf70b00ed39 req-3f674953-7c52-41df-ac31-3cf70b00ed39 ] Request (HostsAdminNegativeTestJSON:setUpClass): 201 POST http://10.180.1.21/identity/v3/auth/tokens 0.148s
2025-02-04 20:56:27.552 64324 INFO tempest.lib.common.rest_client [req-bdb6f0c2-5b96-4683-adef-267ac5473bc8 req-bdb6f0c2-5b96-4683-adef-267ac5473bc8 ] Request (AbsoluteLimitsTestJSON:setUpClass): 201 POST http://10.180.1.21/identity/v3/auth/tokens 0.031s
2025-02-04 20:56:27.559 64302 INFO tempest.lib.common.rest_client [req-231dd533-42a9-45d9-98ad-a8456e7c88a1 req-231dd533-42a9-45d9-98ad-a8456e7c88a1 ] Request (QuotaClassesAdmin257Test:tearDownClass): 200 GET http://10.180.1.21:9696/networking/v2.0/security-groups?tenant_id=aa555fca354342c9981bc4283b15c464&name=default 0.331s
2025-02-04 20:56:27.574 64296 INFO tempest.lib.common.rest_client [req-4bc6f4c1-0e0d-4d06-81ed-eb39d6636cdf req-4bc6f4c1-0e0d-4d06-81ed-eb39d6636cdf ] Request (HostsAdminNegativeTestJSON:setUpClass): 200 GET http://10.180.1.21/identity/v3/domains?name=Default 0.031s
2025-02-04 20:56:27.589 64324 INFO tempest.lib.common.rest_client [req-fe494d9e-c7bc-4301-acaf-19a0ce6ac9d2 req-fe494d9e-c7bc-4301-acaf-19a0ce6ac9d2 ] Request (AbsoluteLimitsTestJSON:setUpClass): 200 GET http://10.180.1.21/identity/v3/domains?name=Default 0.035s
2025-02-04 20:56:27.600 64340 INFO tempest.lib.common.rest_client [req-332ae4bf-b7a6-44ec-968b-26f5217daf7e req-332ae4bf-b7a6-44ec-968b-26f5217daf7e ] Request (AggregatesAdminNegativeTestJSON:_run_cleanups): 200 POST http://10.180.1.21/compute/v2.1/os-aggregates/1/action 1.797s
2025-02-04 20:56:27.611 64296 INFO tempest.lib.common.rest_client [req-4dae1ab0-8098-4be3-96f4-ae0985524748 req-4dae1ab0-8098-4be3-96f4-ae0985524748 ] Request (HostsAdminNegativeTestJSON:setUpClass): 201 POST http://10.180.1.21/identity/v3/projects 0.037s
2025-02-04 20:56:27.618 64324 INFO tempest.lib.common.rest_client [req-d147a925-6639-4e68-8ea5-5af98dda0bc0 req-d147a925-6639-4e68-8ea5-5af98dda0bc0 ] Request (AbsoluteLimitsTestJSON:setUpClass): 201 POST http://10.180.1.21/identity/v3/projects 0.028s
2025-02-04 20:56:27.645 64298 INFO tempest.lib.common.rest_client [req-6c23f008-1ae1-4ef5-a547-260ca92a3127 req-6c23f008-1ae1-4ef5-a547-260ca92a3127 ] Request (KeyPairsV210TestJSON:test_admin_manage_keypairs_for_other_users): 201 POST http://10.180.1.21/compute/v2.1/os-keypairs 1.507s
2025-02-04 20:56:27.668 64302 INFO tempest.lib.common.rest_client [req-c8a36ba6-3964-42d5-9244-4466a6967a8e req-c8a36ba6-3964-42d5-9244-4466a6967a8e ] Request (QuotaClassesAdmin257Test:tearDownClass): 204 DELETE http://10.180.1.21:9696/networking/v2.0/security-groups/80eee9bc-314e-4382-a8ef-e7f762ec87a2 0.108s
2025-02-04 20:56:27.684 64296 INFO tempest.lib.common.rest_client [req-c89a48b1-0e10-4e4d-9909-ec057413ba6d req-c89a48b1-0e10-4e4d-9909-ec057413ba6d ] Request (HostsAdminNegativeTestJSON:setUpClass): 201 POST http://10.180.1.21/identity/v3/users 0.072s
2025-02-04 20:56:27.684 64324 INFO tempest.lib.common.rest_client [req-e69e60db-d01d-4145-8d4e-91a29eb7d0db req-e69e60db-d01d-4145-8d4e-91a29eb7d0db ] Request (AbsoluteLimitsTestJSON:setUpClass): 201 POST http://10.180.1.21/identity/v3/users 0.066s
2025-02-04 20:56:27.686 64308 INFO tempest.lib.common.rest_client [req-9be93d0c-abb8-4748-9c6a-0e05c394074b req-9be93d0c-abb8-4748-9c6a-0e05c394074b ] Request (HypervisorAdminUnderV252Test:tearDownClass): 200 GET http://10.180.1.21:9696/networking/v2.0/security-groups?tenant_id=129ce7b84d7c43609edf76918ba2411d&name=default 0.512s
2025-02-04 20:56:27.710 64296 INFO tempest.lib.common.rest_client [req-3290008c-4f63-419b-8af5-c75180bea36c req-3290008c-4f63-419b-8af5-c75180bea36c ] Request (HostsAdminNegativeTestJSON:setUpClass): 200 GET http://10.180.1.21/identity/v3/roles 0.026s
2025-02-04 20:56:27.722 64336 INFO tempest.lib.common.rest_client [req-b24b58af-5504-4f35-9852-fe7aaf44e0d6 req-b24b58af-5504-4f35-9852-fe7aaf44e0d6 ] Request (ServerDiagnosticsTest:test_get_server_diagnostics): 200 GET http://10.180.1.21/compute/v2.1/servers/a1643f95-ff95-4e47-98b2-75f5e4bd436b 1.581s
2025-02-04 20:56:27.730 64324 INFO tempest.lib.common.rest_client [req-a9887069-af90-4924-a97a-2dffe98332ce req-a9887069-af90-4924-a97a-2dffe98332ce ] Request (AbsoluteLimitsTestJSON:setUpClass): 200 GET http://10.180.1.21/identity/v3/roles 0.045s
2025-02-04 20:56:27.755 64302 INFO tempest.lib.common.rest_client [req-9d049762-a16b-45e0-8f78-64e8f1f80e6f req-9d049762-a16b-45e0-8f78-64e8f1f80e6f ] Request (QuotaClassesAdmin257Test:tearDownClass): 204 DELETE http://10.180.1.21/identity/v3/projects/aa555fca354342c9981bc4283b15c464 0.087s
2025-02-04 20:56:27.755 64302 INFO tempest.lib.common.dynamic_creds [-] Deleting project and security group for project: 7c1d290d52184fd2a5093bc993a79f44
2025-02-04 20:56:27.756 64304 INFO tempest.lib.common.rest_client [req-b98c1c35-de48-466b-810c-bdd1b9973b96 req-b98c1c35-de48-466b-810c-bdd1b9973b96 ] Request (FlavorsV255TestJSON:test_crud_flavor): 200 GET http://10.180.1.21/compute/v2.1/flavors/detail 1.574s
2025-02-04 20:56:27.783 64326 INFO tempest.lib.common.rest_client [req-e9726d2f-e065-4d29-a65b-e5350890ced0 req-e9726d2f-e065-4d29-a65b-e5350890ced0 ] Request (FlavorsAccessTestJSON:_run_cleanups): 200 GET http://10.180.1.21/compute/v2.1/flavors/detail 1.587s
2025-02-04 20:56:27.799 64296 INFO tempest.lib.common.rest_client [req-e8dff491-8327-45bb-a245-bd4ec2c9520a req-e8dff491-8327-45bb-a245-bd4ec2c9520a ] Request (HostsAdminNegativeTestJSON:setUpClass): 204 PUT http://10.180.1.21/identity/v3/projects/d4b155368f5246328a4cd2c27f5688ba/users/5ddaf8bb703143e7a518ec5f58448ca7/roles/54e28a044231452aba97cc70366838da 0.088s
2025-02-04 20:56:27.799 64296 INFO tempest.lib.common.dynamic_creds [-] Dynamic test user 5ddaf8bb703143e7a518ec5f58448ca7 is created with scope project and roles: ['member']
2025-02-04 20:56:27.800 64296 INFO tempest.lib.common.dynamic_creds [-] Acquired dynamic creds: credentials: Credentials: {'domain_id': 'default', 'domain_name': 'Default', 'username': 'tempest-HostsAdminNegativeTestJSON-2055116582-project-member', 'project_domain_id': 'default', 'project_domain_name': 'Default', 'project_id': 'd4b155368f5246328a4cd2c27f5688ba', 'project_name': 'tempest-HostsAdminNegativeTestJSON-2055116582', 'tenant_id': 'd4b155368f5246328a4cd2c27f5688ba', 'tenant_name': 'tempest-HostsAdminNegativeTestJSON-2055116582', 'user_domain_id': 'default', 'user_domain_name': 'Default', 'user_id': '5ddaf8bb703143e7a518ec5f58448ca7', 'system': None}, Network: None, Subnet: None, Router: None
2025-02-04 20:56:27.800 64296 INFO tempest.lib.common.dynamic_creds [-] Created isolated network resources for: credentials: Credentials: {'domain_id': 'default', 'domain_name': 'Default', 'username': 'tempest-HostsAdminNegativeTestJSON-2055116582-project-member', 'project_domain_id': 'default', 'project_domain_name': 'Default', 'project_id': 'd4b155368f5246328a4cd2c27f5688ba', 'project_name': 'tempest-HostsAdminNegativeTestJSON-2055116582', 'tenant_id': 'd4b155368f5246328a4cd2c27f5688ba', 'tenant_name': 'tempest-HostsAdminNegativeTestJSON-2055116582', 'user_domain_id': 'default', 'user_domain_name': 'Default', 'user_id': '5ddaf8bb703143e7a518ec5f58448ca7', 'system': None}, Network: None, Subnet: None, Router: None
2025-02-04 20:56:27.806 64316 INFO tempest.lib.common.rest_client [req-2b273cf1-189f-426d-aab3-8bcddcd6939c req-2b273cf1-189f-426d-aab3-8bcddcd6939c ] Request (FlavorsExtraSpecsNegativeTestJSON:test_flavor_non_admin_unset_keys): 200 POST http://10.180.1.21/compute/v2.1/flavors/1736997155/os-extra_specs 1.442s
2025-02-04 20:56:27.827 64318 INFO tempest.lib.common.rest_client [req-111563f0-3981-4bc0-b424-ce5bd03ac46c req-111563f0-3981-4bc0-b424-ce5bd03ac46c ] Request (FlavorsExtraSpecsTestJSON:test_flavor_non_admin_get_specific_key): 200 POST http://10.180.1.21/compute/v2.1/flavors/688048307/os-extra_specs 1.461s
2025-02-04 20:56:27.834 64312 INFO tempest.lib.common.rest_client [req-c35a4876-9781-4800-ba3c-42b0839bc9c2 req-c35a4876-9781-4800-ba3c-42b0839bc9c2 ] Request (SecurityGroupRulesNegativeTestJSON:test_create_security_group_rule_with_invalid_from_port): 200 POST http://10.180.1.21/compute/v2.1/os-security-groups 1.710s
2025-02-04 20:56:27.852 64330 INFO tempest.lib.common.rest_client [req-0e8abc09-68ce-45a3-a44c-309beb9c17d0 req-0e8abc09-68ce-45a3-a44c-309beb9c17d0 ] Request (FlavorsAdminTestJSON:test_create_flavor_verify_entry_in_list_details): 200 POST http://10.180.1.21/compute/v2.1/flavors 1.451s
2025-02-04 20:56:27.873 64296 INFO tempest.lib.common.rest_client [req-d6a908dd-33b3-4d46-932e-eaa4b574b22c req-d6a908dd-33b3-4d46-932e-eaa4b574b22c ] Request (HostsAdminNegativeTestJSON:setUpClass): 201 POST http://10.180.1.21/identity/v3/auth/tokens 0.070s
2025-02-04 20:56:27.882 64324 INFO tempest.lib.common.rest_client [req-05189b0e-50cf-422d-8c45-3bdf2236de7b req-05189b0e-50cf-422d-8c45-3bdf2236de7b ] Request (AbsoluteLimitsTestJSON:setUpClass): 204 PUT http://10.180.1.21/identity/v3/projects/56ceb3373fa54bcfbe75bc3bdd15f81e/users/ba3038f99f1f477eaaf567563befbce5/roles/54e28a044231452aba97cc70366838da 0.151s
2025-02-04 20:56:27.883 64324 INFO tempest.lib.common.dynamic_creds [-] Dynamic test user ba3038f99f1f477eaaf567563befbce5 is created with scope project and roles: ['member']
2025-02-04 20:56:27.883 64324 INFO tempest.lib.common.dynamic_creds [-] Acquired dynamic creds: credentials: Credentials: {'domain_id': 'default', 'domain_name': 'Default', 'username': 'tempest-AbsoluteLimitsTestJSON-186762782-project-member', 'project_domain_id': 'default', 'project_domain_name': 'Default', 'project_id': '56ceb3373fa54bcfbe75bc3bdd15f81e', 'project_name': 'tempest-AbsoluteLimitsTestJSON-186762782', 'tenant_id': '56ceb3373fa54bcfbe75bc3bdd15f81e', 'tenant_name': 'tempest-AbsoluteLimitsTestJSON-186762782', 'user_domain_id': 'default', 'user_domain_name': 'Default', 'user_id': 'ba3038f99f1f477eaaf567563befbce5', 'system': None}, Network: None, Subnet: None, Router: None
2025-02-04 20:56:27.884 64324 INFO tempest.lib.common.dynamic_creds [-] Created isolated network resources for: credentials: Credentials: {'domain_id': 'default', 'domain_name': 'Default', 'username': 'tempest-AbsoluteLimitsTestJSON-186762782-project-member', 'project_domain_id': 'default', 'project_domain_name': 'Default', 'project_id': '56ceb3373fa54bcfbe75bc3bdd15f81e', 'project_name': 'tempest-AbsoluteLimitsTestJSON-186762782', 'tenant_id': '56ceb3373fa54bcfbe75bc3bdd15f81e', 'tenant_name': 'tempest-AbsoluteLimitsTestJSON-186762782', 'user_domain_id': 'default', 'user_domain_name': 'Default', 'user_id': 'ba3038f99f1f477eaaf567563befbce5', 'system': None}, Network: None, Subnet: None, Router: None
2025-02-04 20:56:27.931 64308 INFO tempest.lib.common.rest_client [req-083d2267-af3a-4210-90a1-a56dd9aa984c req-083d2267-af3a-4210-90a1-a56dd9aa984c ] Request (HypervisorAdminUnderV252Test:tearDownClass): 204 DELETE http://10.180.1.21:9696/networking/v2.0/security-groups/4b2f7d10-a4d3-4113-8845-50e0f61bfd62 0.245s
2025-02-04 20:56:28.003 64300 INFO tempest.lib.common.rest_client [req-b27e6074-ef6f-41bc-b66e-0c62c24999dd req-b27e6074-ef6f-41bc-b66e-0c62c24999dd ] Request (MultipleCreateNegativeTestJSON:test_max_count_less_than_min_count): 400 POST http://10.180.1.21/compute/v2.1/servers 1.598s
2025-02-04 20:56:28.023 64296 INFO tempest.lib.common.rest_client [req-c9d9e986-3d51-4cdd-8d92-723c4af5b22f req-c9d9e986-3d51-4cdd-8d92-723c4af5b22f ] Request (HostsAdminNegativeTestJSON:setUpClass): 201 POST http://10.180.1.21/identity/v3/projects 0.149s
2025-02-04 20:56:28.056 64324 INFO tempest.lib.common.rest_client [req-869b6264-8521-40c1-83dc-cad9f7d15e37 req-869b6264-8521-40c1-83dc-cad9f7d15e37 ] Request (AbsoluteLimitsTestJSON:setUpClass): 201 POST http://10.180.1.21/identity/v3/auth/tokens 0.168s
2025-02-04 20:56:28.087 64302 INFO tempest.lib.common.rest_client [req-53126766-438d-4370-af62-3bcb702556d4 req-53126766-438d-4370-af62-3bcb702556d4 ] Request (QuotaClassesAdmin257Test:tearDownClass): 200 GET http://10.180.1.21:9696/networking/v2.0/security-groups?tenant_id=7c1d290d52184fd2a5093bc993a79f44&name=default 0.331s
2025-02-04 20:56:28.091 64322 INFO tempest.lib.common.rest_client [req-df9640db-d3e8-4d13-b14c-b789efd18595 req-df9640db-d3e8-4d13-b14c-b789efd18595 ] Request (DeleteServersAdminTestJSON:test_admin_delete_servers_of_others): 200 GET http://10.180.1.21/compute/v2.1/servers/0686feae-eccb-4a4f-bc91-a01eebb72da4 1.514s
2025-02-04 20:56:28.106 64300 INFO tempest.lib.common.rest_client [req-f15be7ce-b8d0-45dc-b2b3-ea6c7616cbf8 req-f15be7ce-b8d0-45dc-b2b3-ea6c7616cbf8 ] Request (MultipleCreateNegativeTestJSON:test_max_count_less_than_one): 201 POST http://10.180.1.21/identity/v3/auth/tokens 0.098s
2025-02-04 20:56:28.107 64300 INFO tempest.lib.common.fixed_network [-] (MultipleCreateNegativeTestJSON:test_max_count_less_than_one) Found network None available for tenant
2025-02-04 20:56:28.122 64306 INFO tempest.lib.common.rest_client [req-6e09f645-52ae-4ff2-96f6-6f462041559f req-6e09f645-52ae-4ff2-96f6-6f462041559f ] Request (FlavorMetadataValidation:_run_cleanups): 200 GET http://10.180.1.21/compute/v2.1/flavors/detail 1.538s
2025-02-04 20:56:28.125 64308 INFO tempest.lib.common.rest_client [req-ab3714f2-188a-4d82-a6ec-3eb17a268ece req-ab3714f2-188a-4d82-a6ec-3eb17a268ece ] Request (HypervisorAdminUnderV252Test:tearDownClass): 204 DELETE http://10.180.1.21/identity/v3/projects/129ce7b84d7c43609edf76918ba2411d 0.193s
2025-02-04 20:56:28.125 64308 INFO tempest.lib.common.dynamic_creds [-] Deleting project and security group for project: b392cf850ef14eaba7ba3a0807da5a78
2025-02-04 20:56:28.144 64334 INFO tempest.lib.common.rest_client [req-2dbfe186-a8f2-4dd8-8ff2-83486ba5cb3f req-2dbfe186-a8f2-4dd8-8ff2-83486ba5cb3f ] Request (ServicesAdminNegativeTestJSON:test_get_service_by_invalid_service_and_valid_host): 200 GET http://10.180.1.21/compute/v2.1/os-services?host=devstack&binary=xxx 1.528s
2025-02-04 20:56:28.164 64296 INFO tempest.lib.common.rest_client [req-00ce2433-90da-41d0-824f-6ead5983e028 req-00ce2433-90da-41d0-824f-6ead5983e028 ] Request (HostsAdminNegativeTestJSON:setUpClass): 201 POST http://10.180.1.21/identity/v3/users 0.140s
2025-02-04 20:56:28.181 64350 INFO tempest.lib.common.rest_client [req-0f52cb2b-9903-4f4e-a0cd-c0ccccec84e5 req-0f52cb2b-9903-4f4e-a0cd-c0ccccec84e5 ] Request (FlavorsV261TestJSON:test_crud_flavor): 200 GET http://10.180.1.21/compute/v2.1/flavors/detail 1.451s
2025-02-04 20:56:28.198 64296 INFO tempest.lib.common.rest_client [req-d44c5245-b878-419d-91f7-25f310e6d271 req-d44c5245-b878-419d-91f7-25f310e6d271 ] Request (HostsAdminNegativeTestJSON:setUpClass): 200 GET http://10.180.1.21/identity/v3/roles 0.034s
2025-02-04 20:56:28.231 64306 INFO tempest.lib.common.rest_client [req-682343b9-dc8f-48ec-9b1a-8539a84efd13 req-682343b9-dc8f-48ec-9b1a-8539a84efd13 ] Request (FlavorMetadataValidation:tearDownClass): 204 DELETE http://10.180.1.21/identity/v3/users/b9f7f7d4a86245b89e829bba21618367 0.091s
2025-02-04 20:56:28.260 64346 INFO tempest.lib.common.rest_client [req-e4783d26-ff4d-4e7a-af32-7ea4c997fc16 req-e4783d26-ff4d-4e7a-af32-7ea4c997fc16 ] Request (ImagesTestJSON:test_create_image_from_stopped_server): 200 GET http://10.180.1.21/compute/v2.1/servers/1acf4113-9111-4394-a667-1688d64aafe6 1.528s
2025-02-04 20:56:28.274 64296 INFO tempest.lib.common.rest_client [req-50c2e586-d880-4b3e-9061-eab4a016d04f req-50c2e586-d880-4b3e-9061-eab4a016d04f ] Request (HostsAdminNegativeTestJSON:setUpClass): 204 PUT http://10.180.1.21/identity/v3/projects/6aac7946b7764d409b12b4ae0375b60c/users/0554fdd56dfe413da0a481a96473e3bc/roles/d2cff5e273bf469dbae461a8c8bfd4c7 0.075s
2025-02-04 20:56:28.280 64308 INFO tempest.lib.common.rest_client [req-6cf29f6c-62c8-4517-a1b4-038d8baa9d7c req-6cf29f6c-62c8-4517-a1b4-038d8baa9d7c ] Request (HypervisorAdminUnderV252Test:tearDownClass): 200 GET http://10.180.1.21:9696/networking/v2.0/security-groups?tenant_id=b392cf850ef14eaba7ba3a0807da5a78&name=default 0.154s
2025-02-04 20:56:28.299 64302 INFO tempest.lib.common.rest_client [req-b149f8ea-5d7f-4772-b4ca-83c323cc573c req-b149f8ea-5d7f-4772-b4ca-83c323cc573c ] Request (QuotaClassesAdmin257Test:tearDownClass): 204 DELETE http://10.180.1.21:9696/networking/v2.0/security-groups/969c242c-eccc-45ef-9d8b-bb9c5273dde8 0.212s
2025-02-04 20:56:28.334 64296 INFO tempest.lib.common.rest_client [req-301e9554-6dfa-4372-baac-c851ccb7001e req-301e9554-6dfa-4372-baac-c851ccb7001e ] Request (HostsAdminNegativeTestJSON:setUpClass): 200 GET http://10.180.1.21/identity/v3/roles 0.060s
2025-02-04 20:56:28.336 64357 INFO tempest.lib.common.rest_client [req-746665c4-35a5-4286-91c0-a237a38ab795 req-746665c4-35a5-4286-91c0-a237a38ab795 ] Request (SecurityGroupsTestAdminJSON:test_list_security_groups_list_all_tenants_filter): 200 POST http://10.180.1.21/compute/v2.1/os-security-groups 1.775s
2025-02-04 20:56:28.351 64306 INFO tempest.lib.common.rest_client [req-6f1ed4d7-88e6-4f93-86ce-21a07245e84e req-6f1ed4d7-88e6-4f93-86ce-21a07245e84e ] Request (FlavorMetadataValidation:tearDownClass): 204 DELETE http://10.180.1.21/identity/v3/users/c8a9c47737e844078d4441ea24a13dc0 0.120s
2025-02-04 20:56:28.353 64306 INFO tempest.lib.common.dynamic_creds [-] Deleting project and security group for project: b953f43ecbd649dcb1c6e769e604a707
2025-02-04 20:56:28.365 64310 INFO tempest.lib.common.rest_client [req-b8170abc-0995-4b54-82ed-8e253bad4f7f req-b8170abc-0995-4b54-82ed-8e253bad4f7f ] Request (ServersWithSpecificFlavorTestJSON:test_verify_created_server_ephemeral_disk): 200 POST http://10.180.1.21/compute/v2.1/flavors/1014959445/os-extra_specs 1.520s
2025-02-04 20:56:28.435 64338 INFO tempest.lib.common.rest_client [req-85bfb68c-91fa-43fa-90b2-579112ca8066 req-85bfb68c-91fa-43fa-90b2-579112ca8066 ] Request (ServerExternalEventsTest:test_create_server_external_events): 200 GET http://10.180.1.21/compute/v2.1/servers/5f107b95-125c-460a-bd10-9819ec37c95b 1.539s
2025-02-04 20:56:28.444 64338 INFO tempest.common.waiters [-] State transition "BUILD/scheduling" ==> "BUILD/None" after 3 second wait
2025-02-04 20:56:28.446 64302 INFO tempest.lib.common.rest_client [req-3763bf28-3965-486f-8842-6065153e179e req-3763bf28-3965-486f-8842-6065153e179e ] Request (QuotaClassesAdmin257Test:tearDownClass): 204 DELETE http://10.180.1.21/identity/v3/projects/7c1d290d52184fd2a5093bc993a79f44 0.146s
2025-02-04 20:56:28.460 64354 INFO tempest.lib.common.rest_client [req-0f7c4c7c-6f81-49be-9f29-0dcb3d731047 req-0f7c4c7c-6f81-49be-9f29-0dcb3d731047 ] Request (HypervisorAdminTestJSON:test_get_hypervisor_stats): 200 GET http://10.180.1.21/compute/v2.1/os-hypervisors/statistics 1.518s
2025-02-04 20:56:28.476 64332 INFO tempest.lib.common.rest_client [req-715c92d5-47fe-41a5-ba48-2c54aacc71e2 req-715c92d5-47fe-41a5-ba48-2c54aacc71e2 ] Request (ServersAdminTestJSON:setUpClass): 200 PUT http://10.180.1.21:9696/networking/v2.0/routers/9b73ae36-67e5-4681-a786-fa18bc569c08/add_router_interface 2.262s
2025-02-04 20:56:28.476 64332 INFO tempest.lib.common.dynamic_creds [-] Created isolated network resources for: credentials: Credentials: {'domain_id': 'default', 'domain_name': 'Default', 'username': 'tempest-ServersAdminTestJSON-1837129263-project-member', 'project_domain_id': 'default', 'project_domain_name': 'Default', 'project_id': 'aa73e80dcf3e4423b587b55fb095c540', 'project_name': 'tempest-ServersAdminTestJSON-1837129263', 'tenant_id': 'aa73e80dcf3e4423b587b55fb095c540', 'tenant_name': 'tempest-ServersAdminTestJSON-1837129263', 'user_domain_id': 'default', 'user_domain_name': 'Default', 'user_id': '64a3ee7e4716474aa136f4e0ecea56f1', 'system': None}, Network: {'id': 'e73c7c34-c2f6-4b9a-b816-9702be117710', 'name': 'tempest-ServersAdminTestJSON-646287978-network', 'tenant_id': 'aa73e80dcf3e4423b587b55fb095c540', 'admin_state_up': True, 'mtu': 8950, 'status': 'ACTIVE', 'subnets': [], 'shared': False, 'project_id': 'aa73e80dcf3e4423b587b55fb095c540', 'port_security_enabled': True, 'router:external': False, 'provider:network_type': 'vlan', 'provider:physical_network': 'default', 'provider:segmentation_id': 329, 'availability_zone_hints': [], 'availability_zones': [], 'ipv4_address_scope': None, 'ipv6_address_scope': None, 'description': '', 'tags': [], 'created_at': '2025-02-04T20:56:24Z', 'updated_at': '2025-02-04T20:56:24Z', 'revision_number': 1}, Subnet: {'id': 'fef5f997-88b0-4ffb-ac41-72bf50581b2e', 'name': 'tempest-ServersAdminTestJSON-646287978-subnet', 'tenant_id': 'aa73e80dcf3e4423b587b55fb095c540', 'network_id': 'e73c7c34-c2f6-4b9a-b816-9702be117710', 'ip_version': 4, 'subnetpool_id': None, 'enable_dhcp': True, 'ipv6_ra_mode': None, 'ipv6_address_mode': None, 'gateway_ip': '192.168.128.1', 'cidr': '192.168.128.0/28', 'allocation_pools': [{'start': '192.168.128.2', 'end': '192.168.128.14'}], 'host_routes': [], 'dns_nameservers': [], 'description': '', 'router:external': False, 'service_types': [], 'tags': [], 'created_at': '2025-02-04T20:56:24Z', 'updated_at': '2025-02-04T20:56:24Z', 'revision_number': 0, 'project_id': 'aa73e80dcf3e4423b587b55fb095c540'}, Router: {'id': '9b73ae36-67e5-4681-a786-fa18bc569c08', 'name': 'tempest-ServersAdminTestJSON-646287978-router', 'tenant_id': 'aa73e80dcf3e4423b587b55fb095c540', 'admin_state_up': True, 'status': 'ACTIVE', 'external_gateway_info': {'network_id': '3225de02-ca9e-4520-8e86-9f9c28692b96', 'external_fixed_ips': [{'subnet_id': '258f6fe8-334b-4e0c-a947-83bc5a9d433b', 'ip_address': '10.180.180.241'}], 'enable_snat': True}, 'description': '', 'availability_zones': [], 'distributed': False, 'ha': False, 'availability_zone_hints': [], 'routes': [], 'flavor_id': None, 'tags': [], 'created_at': '2025-02-04T20:56:25Z', 'updated_at': '2025-02-04T20:56:25Z', 'revision_number': 2, 'project_id': 'aa73e80dcf3e4423b587b55fb095c540'}
2025-02-04 20:56:28.495 64296 INFO tempest.lib.common.rest_client [req-e9d1cd90-41fe-4766-9c9b-b88c48753409 req-e9d1cd90-41fe-4766-9c9b-b88c48753409 ] Request (HostsAdminNegativeTestJSON:setUpClass): 204 PUT http://10.180.1.21/identity/v3/projects/6aac7946b7764d409b12b4ae0375b60c/users/0554fdd56dfe413da0a481a96473e3bc/roles/d2cff5e273bf469dbae461a8c8bfd4c7 0.160s
2025-02-04 20:56:28.496 64296 INFO tempest.lib.common.dynamic_creds [-] Dynamic test user 0554fdd56dfe413da0a481a96473e3bc is created with scope project and roles: ['admin']
2025-02-04 20:56:28.496 64296 INFO tempest.lib.common.dynamic_creds [-] Acquired dynamic creds: credentials: Credentials: {'domain_id': 'default', 'domain_name': 'Default', 'username': 'tempest-HostsAdminNegativeTestJSON-1571913435-project-admin', 'project_domain_id': 'default', 'project_domain_name': 'Default', 'project_id': '6aac7946b7764d409b12b4ae0375b60c', 'project_name': 'tempest-HostsAdminNegativeTestJSON-1571913435', 'tenant_id': '6aac7946b7764d409b12b4ae0375b60c', 'tenant_name': 'tempest-HostsAdminNegativeTestJSON-1571913435', 'user_domain_id': 'default', 'user_domain_name': 'Default', 'user_id': '0554fdd56dfe413da0a481a96473e3bc', 'system': None}, Network: None, Subnet: None, Router: None
2025-02-04 20:56:28.496 64296 INFO tempest.lib.common.dynamic_creds [-] Created isolated network resources for: credentials: Credentials: {'domain_id': 'default', 'domain_name': 'Default', 'username': 'tempest-HostsAdminNegativeTestJSON-1571913435-project-admin', 'project_domain_id': 'default', 'project_domain_name': 'Default', 'project_id': '6aac7946b7764d409b12b4ae0375b60c', 'project_name': 'tempest-HostsAdminNegativeTestJSON-1571913435', 'tenant_id': '6aac7946b7764d409b12b4ae0375b60c', 'tenant_name': 'tempest-HostsAdminNegativeTestJSON-1571913435', 'user_domain_id': 'default', 'user_domain_name': 'Default', 'user_id': '0554fdd56dfe413da0a481a96473e3bc', 'system': None}, Network: None, Subnet: None, Router: None
2025-02-04 20:56:28.503 64342 INFO tempest.lib.common.rest_client [req-e1cffad1-eafc-4b2e-897a-fcc21a041f8a req-e1cffad1-eafc-4b2e-897a-fcc21a041f8a ] Request (QuotasAdminNegativeTest:_run_cleanups): 200 PUT http://10.180.1.21/compute/v2.1/os-quota-sets/2c9721164526461ca60e79953e2a42a6 1.668s
2025-02-04 20:56:28.512 64308 INFO tempest.lib.common.rest_client [req-57600f6f-8de6-414f-ae33-14f5da3e8601 req-57600f6f-8de6-414f-ae33-14f5da3e8601 ] Request (HypervisorAdminUnderV252Test:tearDownClass): 204 DELETE http://10.180.1.21:9696/networking/v2.0/security-groups/47d9270e-e296-4069-a0ba-222f5f449d4a 0.231s
2025-02-04 20:56:28.515 64306 INFO tempest.lib.common.rest_client [req-ce374b80-ad88-42aa-88e7-870106e32fe5 req-ce374b80-ad88-42aa-88e7-870106e32fe5 ] Request (FlavorMetadataValidation:tearDownClass): 201 POST http://10.180.1.21/identity/v3/auth/tokens 0.161s
2025-02-04 20:56:28.555 64302 INFO tempest.lib.common.rest_client [req-cbe93414-d54c-4f9f-a28a-e9dabe4123da req-cbe93414-d54c-4f9f-a28a-e9dabe4123da ] Request (FlavorsV2NegativeTest:setUpClass): 201 POST http://10.180.1.21/identity/v3/auth/tokens 0.104s
2025-02-04 20:56:28.625 64354 INFO tempest.lib.common.rest_client [req-a173dfcc-358b-40af-ae93-e6a476eb474c req-a173dfcc-358b-40af-ae93-e6a476eb474c ] Request (HypervisorAdminTestJSON:tearDownClass): 204 DELETE http://10.180.1.21/identity/v3/users/65a5ae6a5db74e23b781be1459d74c9e 0.160s
2025-02-04 20:56:28.671 64328 INFO tempest.lib.common.rest_client [req-52954d04-cf94-4e0e-a935-55f26bfc0668 req-52954d04-cf94-4e0e-a935-55f26bfc0668 ] Request (VolumesAssistedSnapshotsTest:test_volume_assisted_snapshot_create_delete): 200 POST http://10.180.1.21/compute/v2.1/os-keypairs 1.621s
2025-02-04 20:56:28.688 64332 INFO tempest.lib.common.rest_client [req-b41a6903-737c-48b1-8260-a8e72cccdf00 req-b41a6903-737c-48b1-8260-a8e72cccdf00 ] Request (ServersAdminTestJSON:setUpClass): 201 POST http://10.180.1.21/identity/v3/auth/tokens 0.204s
2025-02-04 20:56:28.700 64296 INFO tempest.lib.common.rest_client [req-c55ac77c-ee26-44c3-a9ce-ab4a66edbe57 req-c55ac77c-ee26-44c3-a9ce-ab4a66edbe57 ] Request (HostsAdminNegativeTestJSON:setUpClass): 201 POST http://10.180.1.21/identity/v3/auth/tokens 0.200s
2025-02-04 20:56:28.768 64308 INFO tempest.lib.common.rest_client [req-1084c019-8560-49a1-874b-8b9d9c7e5167 req-1084c019-8560-49a1-874b-8b9d9c7e5167 ] Request (HypervisorAdminUnderV252Test:tearDownClass): 204 DELETE http://10.180.1.21/identity/v3/projects/b392cf850ef14eaba7ba3a0807da5a78 0.256s
2025-02-04 20:56:28.802 64302 INFO tempest.lib.common.rest_client [req-9b1c772a-5b8c-4e5e-971d-a79449870e77 req-9b1c772a-5b8c-4e5e-971d-a79449870e77 ] Request (FlavorsV2NegativeTest:setUpClass): 201 POST http://10.180.1.21/identity/v3/auth/tokens 0.245s
2025-02-04 20:56:28.856 64354 INFO tempest.lib.common.rest_client [req-528ced6a-4d8a-453a-9da0-0767f934eaac req-528ced6a-4d8a-453a-9da0-0767f934eaac ] Request (HypervisorAdminTestJSON:tearDownClass): 204 DELETE http://10.180.1.21/identity/v3/users/862acd1356a048c282a065f738b2d1e2 0.231s
2025-02-04 20:56:28.857 64354 INFO tempest.lib.common.dynamic_creds [-] Deleting project and security group for project: d142516d5b1b4aaf9a08f63766bb3fbc
2025-02-04 20:56:28.879 64328 INFO tempest.lib.common.rest_client [req-94a49727-a546-42f1-b3ab-439428705575 req-94a49727-a546-42f1-b3ab-439428705575 ] Request (VolumesAssistedSnapshotsTest:test_volume_assisted_snapshot_create_delete): 201 POST http://10.180.1.21:9696/networking/v2.0/security-groups 0.204s
2025-02-04 20:56:28.921 64332 INFO tempest.lib.common.rest_client [req-9aaabbc6-60f6-483f-b2f0-554ff184a02c req-9aaabbc6-60f6-483f-b2f0-554ff184a02c ] Request (ServersAdminTestJSON:setUpClass): 201 POST http://10.180.1.21/identity/v3/projects 0.233s
2025-02-04 20:56:28.947 64306 INFO tempest.lib.common.rest_client [req-fd7cc693-3498-4cdf-b55c-e79f41b41d5a req-fd7cc693-3498-4cdf-b55c-e79f41b41d5a ] Request (FlavorMetadataValidation:tearDownClass): 200 GET http://10.180.1.21:9696/networking/v2.0/security-groups?tenant_id=b953f43ecbd649dcb1c6e769e604a707&name=default 0.432s
2025-02-04 20:56:28.974 64308 INFO tempest.lib.common.rest_client [req-a33ba274-9646-4eac-909f-8929f7ce2bec req-a33ba274-9646-4eac-909f-8929f7ce2bec ] Request (ServicesAdminTestJSON:setUpClass): 201 POST http://10.180.1.21/identity/v3/auth/tokens 0.203s
2025-02-04 20:56:28.980 64302 INFO tempest.lib.common.rest_client [req-071015ae-ee4b-41d8-afaa-d3a8ea53b17d req-071015ae-ee4b-41d8-afaa-d3a8ea53b17d ] Request (FlavorsV2NegativeTest:setUpClass): 200 GET http://10.180.1.21/identity/v3/domains?name=Default 0.177s
2025-02-04 20:56:28.996 64354 INFO tempest.lib.common.rest_client [req-204d04ae-9ddd-4c80-a129-ffb95bc94c5d req-204d04ae-9ddd-4c80-a129-ffb95bc94c5d ] Request (HypervisorAdminTestJSON:tearDownClass): 201 POST http://10.180.1.21/identity/v3/auth/tokens 0.139s
2025-02-04 20:56:29.003 64332 INFO tempest.lib.common.rest_client [req-de5222c3-1112-4348-bc55-192ebf4bc53b req-de5222c3-1112-4348-bc55-192ebf4bc53b ] Request (ServersAdminTestJSON:setUpClass): 201 POST http://10.180.1.21/identity/v3/users 0.081s
2025-02-04 20:56:29.023 64308 INFO tempest.lib.common.rest_client [req-7ce32dcc-60e5-445d-8b4b-168d98604cae req-7ce32dcc-60e5-445d-8b4b-168d98604cae ] Request (ServicesAdminTestJSON:setUpClass): 201 POST http://10.180.1.21/identity/v3/auth/tokens 0.047s
2025-02-04 20:56:29.026 64302 INFO tempest.lib.common.rest_client [req-c3e43b45-15ae-4527-809d-0876b957c375 req-c3e43b45-15ae-4527-809d-0876b957c375 ] Request (FlavorsV2NegativeTest:setUpClass): 201 POST http://10.180.1.21/identity/v3/projects 0.045s
2025-02-04 20:56:29.082 64332 INFO tempest.lib.common.rest_client [req-2e30ab4b-27f0-4e57-95bd-e0252c5f3103 req-2e30ab4b-27f0-4e57-95bd-e0252c5f3103 ] Request (ServersAdminTestJSON:setUpClass): 200 GET http://10.180.1.21/identity/v3/roles 0.078s
2025-02-04 20:56:29.113 64306 INFO tempest.lib.common.rest_client [req-b34332b7-3416-408a-aa53-53a8c9492aa4 req-b34332b7-3416-408a-aa53-53a8c9492aa4 ] Request (FlavorMetadataValidation:tearDownClass): 204 DELETE http://10.180.1.21:9696/networking/v2.0/security-groups/69af78df-e3de-4356-8599-6bc37ea2c66c 0.165s
2025-02-04 20:56:29.150 64308 INFO tempest.lib.common.rest_client [req-2d3d2456-fd52-47f0-ae96-d8aa7295630b req-2d3d2456-fd52-47f0-ae96-d8aa7295630b ] Request (ServicesAdminTestJSON:setUpClass): 200 GET http://10.180.1.21/identity/v3/domains?name=Default 0.126s
2025-02-04 20:56:29.172 64332 INFO tempest.lib.common.rest_client [req-b3ead5df-4f32-4f77-86bc-468673580f17 req-b3ead5df-4f32-4f77-86bc-468673580f17 ] Request (ServersAdminTestJSON:setUpClass): 204 PUT http://10.180.1.21/identity/v3/projects/e8dcff4e524643eba9bdcacd991fcdfb/users/bfdcf5aca54d4346b5875f1b9f088a8d/roles/d2cff5e273bf469dbae461a8c8bfd4c7 0.089s
2025-02-04 20:56:29.172 64302 INFO tempest.lib.common.rest_client [req-c801ca4b-7ff8-45fd-962a-80978fc5ad67 req-c801ca4b-7ff8-45fd-962a-80978fc5ad67 ] Request (FlavorsV2NegativeTest:setUpClass): 201 POST http://10.180.1.21/identity/v3/users 0.145s
2025-02-04 20:56:29.205 64320 INFO tempest.lib.common.rest_client [req-e2a25c38-daa8-45f7-9c5f-9c1a7765e932 req-e2a25c38-daa8-45f7-9c5f-9c1a7765e932 ] Request (QuotasAdminTestV236:test_get_updated_quotas): 200 PUT http://10.180.1.21/compute/v2.1/os-quota-sets/541f16c6d0f545b1ab4e2465a5a6da40 1.889s
2025-02-04 20:56:29.235 64308 INFO tempest.lib.common.rest_client [req-39df13ce-e028-4ff2-a521-448f050ce5ec req-39df13ce-e028-4ff2-a521-448f050ce5ec ] Request (ServicesAdminTestJSON:setUpClass): 201 POST http://10.180.1.21/identity/v3/projects 0.084s
2025-02-04 20:56:29.245 64328 INFO tempest.lib.common.rest_client [req-e578de9c-98c1-4e79-8034-c111dd0fe15a req-e578de9c-98c1-4e79-8034-c111dd0fe15a ] Request (VolumesAssistedSnapshotsTest:test_volume_assisted_snapshot_create_delete): 201 POST http://10.180.1.21:9696/networking/v2.0/security-group-rules 0.366s
2025-02-04 20:56:29.251 64352 INFO tempest.lib.common.rest_client [req-f442655f-adf7-4231-b1d8-3e4cad6f17a0 req-f442655f-adf7-4231-b1d8-3e4cad6f17a0 ] Request (FloatingIPsTestJSON:_run_cleanups): 202 DELETE http://10.180.1.21/compute/v2.1/os-floating-ips/e5b4854a-7ae6-4261-91a1-2dc1d8af1ea9 2.133s
2025-02-04 20:56:29.278 64354 INFO tempest.lib.common.rest_client [req-6ba529bd-a63e-4656-a97a-1e6496d9fd95 req-6ba529bd-a63e-4656-a97a-1e6496d9fd95 ] Request (HypervisorAdminTestJSON:tearDownClass): 200 GET http://10.180.1.21:9696/networking/v2.0/security-groups?tenant_id=d142516d5b1b4aaf9a08f63766bb3fbc&name=default 0.282s
2025-02-04 20:56:29.281 64340 INFO tempest.lib.common.rest_client [req-874db341-3f1a-4b2c-b7cd-3b0d74f37c68 req-874db341-3f1a-4b2c-b7cd-3b0d74f37c68 ] Request (AggregatesAdminNegativeTestJSON:_run_cleanups): 200 DELETE http://10.180.1.21/compute/v2.1/os-aggregates/1 1.679s
2025-02-04 20:56:29.293 64306 INFO tempest.lib.common.rest_client [req-7d86dc99-e70c-418d-97c2-878a4c30a38a req-7d86dc99-e70c-418d-97c2-878a4c30a38a ] Request (FlavorMetadataValidation:tearDownClass): 204 DELETE http://10.180.1.21/identity/v3/projects/b953f43ecbd649dcb1c6e769e604a707 0.180s
2025-02-04 20:56:29.294 64306 INFO tempest.lib.common.dynamic_creds [-] Deleting project and security group for project: 850eba280c46450287ffef8661cc7e75
2025-02-04 20:56:29.295 64298 INFO tempest.lib.common.rest_client [req-7fa98283-e47a-4e22-a1be-c430159789c0 req-7fa98283-e47a-4e22-a1be-c430159789c0 ] Request (KeyPairsV210TestJSON:test_admin_manage_keypairs_for_other_users): 200 GET http://10.180.1.21/compute/v2.1/os-keypairs?user_id=7666da1360d3428cb7109bb49437b611 1.648s
2025-02-04 20:56:29.332 64332 INFO tempest.lib.common.rest_client [req-4016a6df-90c4-488f-9f94-35b075cbf1fb req-4016a6df-90c4-488f-9f94-35b075cbf1fb ] Request (ServersAdminTestJSON:setUpClass): 200 GET http://10.180.1.21/identity/v3/roles 0.159s
2025-02-04 20:56:29.352 64302 INFO tempest.lib.common.rest_client [req-63ce5b85-713a-46f0-9ef9-09ba9c82eb02 req-63ce5b85-713a-46f0-9ef9-09ba9c82eb02 ] Request (FlavorsV2NegativeTest:setUpClass): 200 GET http://10.180.1.21/identity/v3/roles 0.179s
2025-02-04 20:56:29.363 64308 INFO tempest.lib.common.rest_client [req-20837c34-53b5-475c-986c-5d1f38516b8d req-20837c34-53b5-475c-986c-5d1f38516b8d ] Request (ServicesAdminTestJSON:setUpClass): 201 POST http://10.180.1.21/identity/v3/users 0.127s
2025-02-04 20:56:29.374 64332 INFO tempest.lib.common.rest_client [req-bcd834cf-8727-4929-9fe5-5e9c329d172b req-bcd834cf-8727-4929-9fe5-5e9c329d172b ] Request (ServersAdminTestJSON:setUpClass): 204 PUT http://10.180.1.21/identity/v3/projects/e8dcff4e524643eba9bdcacd991fcdfb/users/bfdcf5aca54d4346b5875f1b9f088a8d/roles/d2cff5e273bf469dbae461a8c8bfd4c7 0.041s
2025-02-04 20:56:29.374 64332 INFO tempest.lib.common.dynamic_creds [-] Dynamic test user bfdcf5aca54d4346b5875f1b9f088a8d is created with scope project and roles: ['admin']
2025-02-04 20:56:29.374 64332 INFO tempest.lib.common.dynamic_creds [-] Acquired dynamic creds: credentials: Credentials: {'domain_id': 'default', 'domain_name': 'Default', 'username': 'tempest-ServersAdminTestJSON-486334363-project-admin', 'project_domain_id': 'default', 'project_domain_name': 'Default', 'project_id': 'e8dcff4e524643eba9bdcacd991fcdfb', 'project_name': 'tempest-ServersAdminTestJSON-486334363', 'tenant_id': 'e8dcff4e524643eba9bdcacd991fcdfb', 'tenant_name': 'tempest-ServersAdminTestJSON-486334363', 'user_domain_id': 'default', 'user_domain_name': 'Default', 'user_id': 'bfdcf5aca54d4346b5875f1b9f088a8d', 'system': None}, Network: None, Subnet: None, Router: None
2025-02-04 20:56:29.405 64354 INFO tempest.lib.common.rest_client [req-7061746e-f58f-444f-963e-5f56e37d586e req-7061746e-f58f-444f-963e-5f56e37d586e ] Request (HypervisorAdminTestJSON:tearDownClass): 204 DELETE http://10.180.1.21:9696/networking/v2.0/security-groups/0b96d340-9ad8-441c-b65d-813795a62fbf 0.126s
2025-02-04 20:56:29.431 64302 INFO tempest.lib.common.rest_client [req-bb965098-3c39-4af7-9a0c-03effa1cc1b8 req-bb965098-3c39-4af7-9a0c-03effa1cc1b8 ] Request (FlavorsV2NegativeTest:setUpClass): 204 PUT http://10.180.1.21/identity/v3/projects/fe52620fb1f049859aad9ffe7b6932f0/users/e0e021a1918549828ae2f9d573224118/roles/54e28a044231452aba97cc70366838da 0.079s
2025-02-04 20:56:29.431 64302 INFO tempest.lib.common.dynamic_creds [-] Dynamic test user e0e021a1918549828ae2f9d573224118 is created with scope project and roles: ['member']
2025-02-04 20:56:29.432 64302 INFO tempest.lib.common.dynamic_creds [-] Acquired dynamic creds: credentials: Credentials: {'domain_id': 'default', 'domain_name': 'Default', 'username': 'tempest-FlavorsV2NegativeTest-561141874-project-member', 'project_domain_id': 'default', 'project_domain_name': 'Default', 'project_id': 'fe52620fb1f049859aad9ffe7b6932f0', 'project_name': 'tempest-FlavorsV2NegativeTest-561141874', 'tenant_id': 'fe52620fb1f049859aad9ffe7b6932f0', 'tenant_name': 'tempest-FlavorsV2NegativeTest-561141874', 'user_domain_id': 'default', 'user_domain_name': 'Default', 'user_id': 'e0e021a1918549828ae2f9d573224118', 'system': None}, Network: None, Subnet: None, Router: None
2025-02-04 20:56:29.432 64302 INFO tempest.lib.common.dynamic_creds [-] Created isolated network resources for: credentials: Credentials: {'domain_id': 'default', 'domain_name': 'Default', 'username': 'tempest-FlavorsV2NegativeTest-561141874-project-member', 'project_domain_id': 'default', 'project_domain_name': 'Default', 'project_id': 'fe52620fb1f049859aad9ffe7b6932f0', 'project_name': 'tempest-FlavorsV2NegativeTest-561141874', 'tenant_id': 'fe52620fb1f049859aad9ffe7b6932f0', 'tenant_name': 'tempest-FlavorsV2NegativeTest-561141874', 'user_domain_id': 'default', 'user_domain_name': 'Default', 'user_id': 'e0e021a1918549828ae2f9d573224118', 'system': None}, Network: None, Subnet: None, Router: None
2025-02-04 20:56:29.476 64308 INFO tempest.lib.common.rest_client [req-ce8892c1-77c2-49da-9722-fddd40e7b089 req-ce8892c1-77c2-49da-9722-fddd40e7b089 ] Request (ServicesAdminTestJSON:setUpClass): 200 GET http://10.180.1.21/identity/v3/roles 0.112s
2025-02-04 20:56:29.481 64328 INFO tempest.lib.common.rest_client [req-89417e7b-2e44-4c60-b3dd-7c918b5d02c9 req-89417e7b-2e44-4c60-b3dd-7c918b5d02c9 ] Request (VolumesAssistedSnapshotsTest:test_volume_assisted_snapshot_create_delete): 201 POST http://10.180.1.21:9696/networking/v2.0/security-group-rules 0.235s
