2025-02-04 20:59:18.864 64306 INFO tempest.lib.common.rest_client [req-efe64d76-8314-488d-a8d2-49b5c6c7e966 req-efe64d76-8314-488d-a8d2-49b5c6c7e966 ] Request (ServerDiagnosticsNegativeTest:tearDownClass): 200 GET http://10.180.1.21/compute/v2.1/servers/2780b129-725e-4444-ac6f-98ef00cef77c 0.517s
2025-02-04 20:59:18.924 64334 INFO tempest.lib.common.rest_client [req-70811fa3-ac4b-4e79-8ad6-69f7d106db9d req-70811fa3-ac4b-4e79-8ad6-69f7d106db9d ] Request (ServerRescueNegativeTestJSON:test_rescued_vm_detach_volume): 200 GET http://10.180.1.21/compute/v2.1/servers/856df6f6-29c9-42bc-99b9-f0f7ba4c22ca 0.513s
2025-02-04 20:59:19.047 64314 INFO tempest.lib.common.rest_client [req-45349da4-b35c-4254-a4c3-67229fea90a4 req-45349da4-b35c-4254-a4c3-67229fea90a4 ] Request (MigrationsAdminTest:test_resize_server_revert_deleted_flavor): 200 GET http://10.180.1.21/compute/v2.1/servers/1bd00407-c66a-4218-9b38-8e25a676d9e8 0.543s
2025-02-04 20:59:19.054 64314 INFO tempest.common.waiters [-] State transition "BUILD/spawning" ==> "ACTIVE/None" after 94 second wait
2025-02-04 20:59:19.183 64308 INFO tempest.lib.common.rest_client [req-a4e95d67-10cc-419b-8fa4-2d3ac131a395 req-a4e95d67-10cc-419b-8fa4-2d3ac131a395 ] Request (ServersTestJSON:tearDownClass): 200 GET http://10.180.1.21/compute/v2.1/servers/76c7db41-bb8f-4f70-ad21-c6724435ac9d 0.665s
2025-02-04 20:59:19.239 64346 INFO tempest.lib.common.rest_client [req-ab06d24a-3c87-4151-91ce-c30b44deafa3 req-ab06d24a-3c87-4151-91ce-c30b44deafa3 ] Request (ImagesTestJSON:test_create_server_from_snapshot): 200 GET http://10.180.1.21/compute/v2.1/servers/023b0e1a-2d7e-4325-b86b-5ed4530a57f7 0.715s
2025-02-04 20:59:19.300 64338 INFO tempest.lib.common.rest_client [req-f4067a64-3581-404a-a7f6-139de60908ce req-f4067a64-3581-404a-a7f6-139de60908ce ] Request (ServerMetadataTestJSON:tearDownClass): 200 GET http://10.180.1.21/compute/v2.1/servers/a5f14d13-841b-4ba3-a6f5-033493a3c501 0.738s
2025-02-04 20:59:19.329 64304 INFO tempest.lib.common.rest_client [req-3e2a6d2b-2770-4362-93d7-3614a51e0caa req-3e2a6d2b-2770-4362-93d7-3614a51e0caa ] Request (InstanceActionsTestJSON:tearDownClass): 200 PUT http://10.180.1.21:9696/networking/v2.0/routers/87dea534-84fb-4212-9be2-213aa2a234d5/remove_router_interface 0.876s
2025-02-04 20:59:19.365 64344 INFO tempest.lib.common.rest_client [req-e78e3ed4-f198-4e40-b5dc-a5418586edfe req-e78e3ed4-f198-4e40-b5dc-a5418586edfe ] Request (ServerAddressesNegativeTestJSON:tearDownClass): 200 GET http://10.180.1.21/compute/v2.1/servers/5d74cad0-f593-40c2-9f07-8b7f5d9cecc0 0.741s
2025-02-04 20:59:19.415 64318 INFO tempest.lib.common.rest_client [req-88ffa6fc-7c13-44ea-bb2d-e2683bb5b50b req-88ffa6fc-7c13-44ea-bb2d-e2683bb5b50b ] Request (VolumesAdminNegativeTest:test_update_attached_volume_with_nonexistent_volume_in_body): 200 POST http://10.180.1.21/compute/v2.1/servers/6f70de75-c4ee-42b1-9f96-5dd32a0f1e27/os-volume_attachments 1.770s
2025-02-04 20:59:19.439 64296 INFO tempest.lib.common.rest_client [req-6c1e35ea-fa5a-4128-96e8-cf06704fa883 req-6c1e35ea-fa5a-4128-96e8-cf06704fa883 ] Request (ServerShowV247Test:test_update_rebuild_list_server): 200 GET http://10.180.1.21/compute/v2.1/servers/6b09db4b-dcaf-4d47-a7fc-6282db643d96 0.760s
2025-02-04 20:59:19.452 64318 INFO tempest.lib.common.rest_client [req-1604eeec-c16b-4981-966d-7565fbac5825 req-1604eeec-c16b-4981-966d-7565fbac5825 ] Request (VolumesAdminNegativeTest:test_update_attached_volume_with_nonexistent_volume_in_body): 200 GET http://10.180.1.21/volume/v3/volumes/8a84931a-8547-4464-a349-26d15812f018 0.036s
2025-02-04 20:59:19.485 64320 INFO tempest.lib.common.rest_client [req-da5af2fd-81f0-4789-8271-18f9bded2716 req-da5af2fd-81f0-4789-8271-18f9bded2716 ] Request (ServersNegativeTestJSON:setUpClass): 200 GET http://10.180.1.21/compute/v2.1/servers/212b862f-9465-4c6d-95bc-acf2a4153e73 0.721s
2025-02-04 20:59:19.489 64300 INFO tempest.lib.common.rest_client [req-6321a5a0-b669-4e0b-a6fd-19eab87954cb req-6321a5a0-b669-4e0b-a6fd-19eab87954cb ] Request (ServerMetadataNegativeTestJSON:setUpClass): 200 GET http://10.180.1.21/compute/v2.1/servers/07c5066a-6822-4eb5-a5d9-9794d9d6fb4b 0.693s
2025-02-04 20:59:19.540 64357 WARNING tempest.lib.common.ssh [-] Failed to establish authenticated ssh connection to cirros@10.180.180.141 ([Errno None] Unable to connect to port 22 on 10.180.180.141). Number attempts: 6. Retry after 7 seconds.: paramiko.ssh_exception.NoValidConnectionsError: [Errno None] Unable to connect to port 22 on 10.180.180.141
2025-02-04 20:59:19.547 64358 INFO tempest.lib.common.rest_client [req-20f810e4-d085-4586-bf46-982b1ed8f7d7 req-20f810e4-d085-4586-bf46-982b1ed8f7d7 ] Request (ServersTestMultiNic:_run_cleanups): 200 GET http://10.180.1.21/compute/v2.1/servers/e777dc00-4bd3-4f7f-96fa-d5707d45f0a2 0.683s
2025-02-04 20:59:19.595 64310 INFO tempest.lib.common.rest_client [req-3f8c7d99-35f6-43b8-afb2-cc08da029802 req-3f8c7d99-35f6-43b8-afb2-cc08da029802 ] Request (ServersWithSpecificFlavorTestJSON:test_verify_created_server_ephemeral_disk): 200 GET http://10.180.1.21/compute/v2.1/servers/d62e50ec-7c22-4c38-bddd-66148aa73dda 0.558s
2025-02-04 20:59:19.635 64354 INFO tempest.lib.common.rest_client [req-75c32065-5abf-4c80-838c-ba5f161393cc req-75c32065-5abf-4c80-838c-ba5f161393cc ] Request (ListImageFiltersTestJSON:tearDownClass): 200 GET http://10.180.1.21/compute/v2.1/servers/0c8714dc-381a-4c08-80c9-f0561b45ddbc 0.661s
2025-02-04 20:59:19.697 64340 INFO tempest.lib.common.rest_client [req-33fcc0b1-0278-4200-a467-bf701fef9074 req-33fcc0b1-0278-4200-a467-bf701fef9074 ] Request (FloatingIPsAssociationTestJSON:test_associate_already_associated_floating_ip): 200 GET http://10.180.1.21/compute/v2.1/servers/1a99f453-b18c-4191-b80d-e769aa3742ba 0.609s
2025-02-04 20:59:19.761 64332 INFO tempest.lib.common.rest_client [req-c63f2a8f-da22-49cc-8133-f0490b60e1b5 req-c63f2a8f-da22-49cc-8133-f0490b60e1b5 ] Request (ServersAdminTestJSON:test_inject_network_info): 200 GET http://10.180.1.21/compute/v2.1/servers/42d2e289-435f-47df-ae33-b003b319135a 0.625s
2025-02-04 20:59:19.825 64314 INFO tempest.lib.common.rest_client [req-a1ef82a4-c2ca-40c2-98e4-7e45bc06f5c1 req-a1ef82a4-c2ca-40c2-98e4-7e45bc06f5c1 ] Request (MigrationsAdminTest:test_resize_server_revert_deleted_flavor): 200 GET http://10.180.1.21/compute/v2.1/servers/1bd00407-c66a-4218-9b38-8e25a676d9e8 0.771s
2025-02-04 20:59:19.848 64304 INFO tempest.lib.common.rest_client [req-13c80d6f-e9b0-4d20-8c5c-de2a10f6ddba req-13c80d6f-e9b0-4d20-8c5c-de2a10f6ddba ] Request (InstanceActionsTestJSON:tearDownClass): 204 DELETE http://10.180.1.21:9696/networking/v2.0/routers/87dea534-84fb-4212-9be2-213aa2a234d5 0.518s
2025-02-04 20:59:19.900 64302 INFO tempest.lib.common.rest_client [req-21cc59c5-07b5-4500-99d9-7860265d7991 req-21cc59c5-07b5-4500-99d9-7860265d7991 ] Request (SecurityGroupsTestJSON:test_list_security_groups_by_server): 200 GET http://10.180.1.21/compute/v2.1/servers/4f6a15cb-714e-4fbc-a84d-2783b3bcdf34 0.646s
2025-02-04 20:59:19.929 64298 INFO tempest.lib.common.rest_client [req-5ee9ede9-ce2b-4ef6-a328-33cb386177c9 req-5ee9ede9-ce2b-4ef6-a328-33cb386177c9 ] Request (ListServerFiltersTestJSON:setUpClass): 200 GET http://10.180.1.21/compute/v2.1/servers/80eb9e3b-68e6-4261-ab69-e8654627607f 0.631s
2025-02-04 20:59:20.027 64336 INFO tempest.lib.common.rest_client [req-70fd1b73-1cf3-4dcf-8d5d-7362376d0e29 req-70fd1b73-1cf3-4dcf-8d5d-7362376d0e29 ] Request (ServersAdminNegativeTestJSON:test_migrate_server_invalid_state): 200 GET http://10.180.1.21/compute/v2.1/servers/d3824db3-b570-4a81-a6eb-580b2da057a9 0.639s
2025-02-04 20:59:20.037 64316 INFO tempest.lib.common.rest_client [req-5b3eeb3e-0476-44f6-9326-6a0b3d07e05f req-5b3eeb3e-0476-44f6-9326-6a0b3d07e05f ] Request (ImagesOneServerTestJSON:setUpClass): 200 GET http://10.180.1.21/compute/v2.1/servers/220d5470-3918-4841-8077-a06a1d463474 0.601s
2025-02-04 20:59:20.093 64322 INFO tempest.lib.common.rest_client [req-25f2e9c0-da23-4511-b237-f28ae5249250 req-25f2e9c0-da23-4511-b237-f28ae5249250 ] Request (TenantUsagesTestJSON:setUpClass): 200 GET http://10.180.1.21/compute/v2.1/servers/5f5830d4-a41f-4a59-befd-98bb57767ee0 0.518s
2025-02-04 20:59:20.137 64326 INFO tempest.lib.common.rest_client [req-b8186f69-96c5-46cd-b360-f4144d0d8640 req-b8186f69-96c5-46cd-b360-f4144d0d8640 ] Request (DeleteServersTestJSON:test_delete_server_while_in_attached_volume): 200 GET http://10.180.1.21/compute/v2.1/servers/14ea5a03-0092-46e9-8f77-15bc4fcb6cd7 0.510s
2025-02-04 20:59:20.171 64312 INFO tempest.lib.common.rest_client [req-9ab2e749-7bdd-4635-834b-822b33d2cf2f req-9ab2e749-7bdd-4635-834b-822b33d2cf2f ] Request (MultipleCreateTestJSON:test_multiple_create_with_reservation_return): 200 GET http://10.180.1.21/compute/v2.1/servers/07b5281f-6480-476c-8457-c57526d1d8f7 0.493s
2025-02-04 20:59:20.175 64314 INFO tempest.lib.common.rest_client [req-68998ee6-8bff-4ac6-b427-7dbf15d775ea req-68998ee6-8bff-4ac6-b427-7dbf15d775ea ] Request (MigrationsAdminTest:test_resize_server_revert_deleted_flavor): 202 DELETE http://10.180.1.21/compute/v2.1/flavors/203e63dd-5d57-4fce-989f-ad5366ed9e21 0.334s
2025-02-04 20:59:20.257 64304 INFO tempest.lib.common.rest_client [req-c329c887-7f6a-4f7d-9273-a198ac94172b req-c329c887-7f6a-4f7d-9273-a198ac94172b ] Request (InstanceActionsTestJSON:tearDownClass): 204 DELETE http://10.180.1.21:9696/networking/v2.0/subnets/7fceff1e-3ea0-4e7f-b2da-45c70a6dbab9 0.408s
2025-02-04 20:59:20.262 64334 INFO tempest.lib.common.rest_client [req-ee1e6add-7674-414f-b3f6-1893e4c37e8d req-ee1e6add-7674-414f-b3f6-1893e4c37e8d ] Request (ServerRescueNegativeTestJSON:test_rescued_vm_detach_volume): 200 GET http://10.180.1.21/compute/v2.1/servers/856df6f6-29c9-42bc-99b9-f0f7ba4c22ca 0.324s
2025-02-04 20:59:20.272 64334 INFO tempest.common.waiters [-] State transition "BUILD/scheduling" ==> "BUILD/None" after 38 second wait
2025-02-04 20:59:20.289 64306 INFO tempest.lib.common.rest_client [req-5190bafe-a877-477a-abb3-50c8a83d707d req-5190bafe-a877-477a-abb3-50c8a83d707d ] Request (ServerDiagnosticsNegativeTest:tearDownClass): 200 GET http://10.180.1.21/compute/v2.1/servers/2780b129-725e-4444-ac6f-98ef00cef77c 0.413s
2025-02-04 20:59:20.295 64314 INFO tempest.lib.common.rest_client [req-2b50d799-4a5c-49c6-96a9-1935977b7005 req-2b50d799-4a5c-49c6-96a9-1935977b7005 ] Request (MigrationsAdminTest:test_resize_server_revert_deleted_flavor): 200 GET http://10.180.1.21/compute/v2.1/flavors/detail 0.119s
2025-02-04 20:59:20.375 64346 INFO tempest.lib.common.rest_client [req-4580fb70-093b-4245-86ce-c4e18857a014 req-4580fb70-093b-4245-86ce-c4e18857a014 ] Request (ImagesTestJSON:test_create_server_from_snapshot): 200 GET http://10.180.1.21/compute/v2.1/servers/023b0e1a-2d7e-4325-b86b-5ed4530a57f7 0.123s
2025-02-04 20:59:20.399 64308 INFO tempest.lib.common.rest_client [req-cdea60ce-cc41-4b1c-be8f-5272c45949eb req-cdea60ce-cc41-4b1c-be8f-5272c45949eb ] Request (ServersTestJSON:tearDownClass): 200 GET http://10.180.1.21/compute/v2.1/servers/76c7db41-bb8f-4f70-ad21-c6724435ac9d 0.206s
2025-02-04 20:59:20.455 64338 INFO tempest.lib.common.rest_client [req-765d15fc-e9ee-41fb-8daa-a9d3d2be0e52 req-765d15fc-e9ee-41fb-8daa-a9d3d2be0e52 ] Request (ServerMetadataTestJSON:tearDownClass): 200 GET http://10.180.1.21/compute/v2.1/servers/a5f14d13-841b-4ba3-a6f5-033493a3c501 0.146s
2025-02-04 20:59:20.495 64318 INFO tempest.lib.common.rest_client [req-45753244-9507-4008-892b-82c9dba27218 req-45753244-9507-4008-892b-82c9dba27218 ] Request (VolumesAdminNegativeTest:test_update_attached_volume_with_nonexistent_volume_in_body): 200 GET http://10.180.1.21/volume/v3/volumes/8a84931a-8547-4464-a349-26d15812f018 0.034s
2025-02-04 20:59:20.539 64344 INFO tempest.lib.common.rest_client [req-2acedccf-6118-4bc4-8981-4746962a2237 req-2acedccf-6118-4bc4-8981-4746962a2237 ] Request (ServerAddressesNegativeTestJSON:tearDownClass): 200 GET http://10.180.1.21/compute/v2.1/servers/5d74cad0-f593-40c2-9f07-8b7f5d9cecc0 0.165s
2025-02-04 20:59:20.576 64314 INFO tempest.lib.common.rest_client [req-1eeacfb1-176d-4282-9847-c398b90e1a11 req-1eeacfb1-176d-4282-9847-c398b90e1a11 ] Request (MigrationsAdminTest:test_resize_server_revert_deleted_flavor): 202 POST http://10.180.1.21/compute/v2.1/servers/1bd00407-c66a-4218-9b38-8e25a676d9e8/action 0.275s
2025-02-04 20:59:20.600 64304 INFO tempest.lib.common.rest_client [req-a74b6361-3e42-405a-a485-f01e6cbf4798 req-a74b6361-3e42-405a-a485-f01e6cbf4798 ] Request (InstanceActionsTestJSON:tearDownClass): 204 DELETE http://10.180.1.21:9696/networking/v2.0/networks/7948d2c7-1ec1-4195-ac77-427287838235 0.341s
2025-02-04 20:59:20.601 64296 INFO tempest.lib.common.rest_client [req-ecd247e1-2fb1-4cd6-8adb-531ecf000cef req-ecd247e1-2fb1-4cd6-8adb-531ecf000cef ] Request (ServerShowV247Test:test_update_rebuild_list_server): 200 GET http://10.180.1.21/compute/v2.1/servers/6b09db4b-dcaf-4d47-a7fc-6282db643d96 0.151s
2025-02-04 20:59:20.640 64320 INFO tempest.lib.common.rest_client [req-1ab99ccc-51cf-4b15-b8b2-9b6510dcc1c6 req-1ab99ccc-51cf-4b15-b8b2-9b6510dcc1c6 ] Request (ServersNegativeTestJSON:setUpClass): 200 GET http://10.180.1.21/compute/v2.1/servers/212b862f-9465-4c6d-95bc-acf2a4153e73 0.147s
2025-02-04 20:59:20.658 64300 INFO tempest.lib.common.rest_client [req-58c7c90c-9040-4d80-9938-ca536e71d71f req-58c7c90c-9040-4d80-9938-ca536e71d71f ] Request (ServerMetadataNegativeTestJSON:setUpClass): 200 GET http://10.180.1.21/compute/v2.1/servers/07c5066a-6822-4eb5-a5d9-9794d9d6fb4b 0.162s
2025-02-04 20:59:20.683 64328 WARNING tempest.lib.common.ssh [-] Failed to establish authenticated ssh connection to cirros@10.180.180.128 ([Errno None] Unable to connect to port 22 on 10.180.180.128). Number attempts: 14. Retry after 15 seconds.: paramiko.ssh_exception.NoValidConnectionsError: [Errno None] Unable to connect to port 22 on 10.180.180.128
2025-02-04 20:59:20.717 64358 INFO tempest.lib.common.rest_client [req-ded66774-cb22-458c-a0d3-31f2056ed93f req-ded66774-cb22-458c-a0d3-31f2056ed93f ] Request (ServersTestMultiNic:_run_cleanups): 200 GET http://10.180.1.21/compute/v2.1/servers/e777dc00-4bd3-4f7f-96fa-d5707d45f0a2 0.161s
2025-02-04 20:59:20.761 64304 INFO tempest.lib.common.rest_client [req-e78d7d5b-4a5e-4322-aa25-7b083fa39f8f req-e78d7d5b-4a5e-4322-aa25-7b083fa39f8f ] Request (InstanceActionsTestJSON:tearDownClass): 204 DELETE http://10.180.1.21/identity/v3/users/1f937f3f7096424e8d64513fd241c3f8 0.160s
2025-02-04 20:59:20.761 64304 INFO tempest.lib.common.dynamic_creds [-] Deleting project and security group for project: 17c39b7698e0434fb86c72b7e35352cc
2025-02-04 20:59:20.794 64310 INFO tempest.lib.common.rest_client [req-272027e9-930f-4a5b-9c75-a3dad6a1b898 req-272027e9-930f-4a5b-9c75-a3dad6a1b898 ] Request (ServersWithSpecificFlavorTestJSON:test_verify_created_server_ephemeral_disk): 200 GET http://10.180.1.21/compute/v2.1/servers/d62e50ec-7c22-4c38-bddd-66148aa73dda 0.191s
2025-02-04 20:59:20.824 64304 INFO tempest.lib.common.rest_client [req-6b4e7bd5-0ed8-48a5-a3dc-4fe4bbe715b4 req-6b4e7bd5-0ed8-48a5-a3dc-4fe4bbe715b4 ] Request (InstanceActionsTestJSON:tearDownClass): 200 GET http://10.180.1.21:9696/networking/v2.0/security-groups?tenant_id=17c39b7698e0434fb86c72b7e35352cc&name=default 0.063s
2025-02-04 20:59:20.829 64314 INFO tempest.lib.common.rest_client [req-29971018-9bc0-4a11-8f15-956a11665db8 req-29971018-9bc0-4a11-8f15-956a11665db8 ] Request (MigrationsAdminTest:test_resize_server_revert_deleted_flavor): 200 GET http://10.180.1.21/compute/v2.1/servers/1bd00407-c66a-4218-9b38-8e25a676d9e8 0.253s
2025-02-04 20:59:20.863 64354 INFO tempest.lib.common.rest_client [req-01ce57e6-c36a-413d-8363-de757958b7bc req-01ce57e6-c36a-413d-8363-de757958b7bc ] Request (ListImageFiltersTestJSON:tearDownClass): 200 GET http://10.180.1.21/compute/v2.1/servers/0c8714dc-381a-4c08-80c9-f0561b45ddbc 0.219s
2025-02-04 20:59:20.896 64340 INFO tempest.lib.common.rest_client [req-69ebdd8f-baeb-4edc-8c39-c8fa79988220 req-69ebdd8f-baeb-4edc-8c39-c8fa79988220 ] Request (FloatingIPsAssociationTestJSON:test_associate_already_associated_floating_ip): 200 GET http://10.180.1.21/compute/v2.1/servers/1a99f453-b18c-4191-b80d-e769aa3742ba 0.188s
2025-02-04 20:59:20.926 64332 INFO tempest.lib.common.rest_client [req-900aa0a6-27a1-48e6-bbd8-0c64f066f717 req-900aa0a6-27a1-48e6-bbd8-0c64f066f717 ] Request (ServersAdminTestJSON:test_inject_network_info): 200 GET http://10.180.1.21/compute/v2.1/servers/42d2e289-435f-47df-ae33-b003b319135a 0.147s
2025-02-04 20:59:20.953 64304 INFO tempest.lib.common.rest_client [req-96149523-5888-4ea3-a487-697475097226 req-96149523-5888-4ea3-a487-697475097226 ] Request (InstanceActionsTestJSON:tearDownClass): 204 DELETE http://10.180.1.21:9696/networking/v2.0/security-groups/7efc7507-efd5-4a5f-a192-f9ccaf3ce733 0.128s
2025-02-04 20:59:21.008 64298 INFO tempest.lib.common.rest_client [req-10d85150-7313-4258-a14f-4f7a320fe831 req-10d85150-7313-4258-a14f-4f7a320fe831 ] Request (ListServerFiltersTestJSON:setUpClass): 200 GET http://10.180.1.21/compute/v2.1/servers/80eb9e3b-68e6-4261-ab69-e8654627607f 0.067s
2025-02-04 20:59:21.033 64302 INFO tempest.lib.common.rest_client [req-adbd3b0e-d4da-4d70-9f19-693b3aede057 req-adbd3b0e-d4da-4d70-9f19-693b3aede057 ] Request (SecurityGroupsTestJSON:test_list_security_groups_by_server): 200 GET http://10.180.1.21/compute/v2.1/servers/4f6a15cb-714e-4fbc-a84d-2783b3bcdf34 0.124s
2025-02-04 20:59:21.051 64304 INFO tempest.lib.common.rest_client [req-cc145a36-da7a-4fc5-bd00-cd6a25982bc6 req-cc145a36-da7a-4fc5-bd00-cd6a25982bc6 ] Request (InstanceActionsTestJSON:tearDownClass): 204 DELETE http://10.180.1.21/identity/v3/projects/17c39b7698e0434fb86c72b7e35352cc 0.097s
2025-02-04 20:59:21.107 64304 INFO tempest.lib.common.rest_client [req-a4732cb8-88e9-4458-8ed2-9b9051ccc459 req-a4732cb8-88e9-4458-8ed2-9b9051ccc459 ] Request (InstanceActionsNegativeTestJSON:setUpClass): 201 POST http://10.180.1.21/identity/v3/auth/tokens 0.055s
2025-02-04 20:59:21.114 64316 INFO tempest.lib.common.rest_client [req-322b1ae3-f108-4bbd-aaf7-d4e7e6408aab req-322b1ae3-f108-4bbd-aaf7-d4e7e6408aab ] Request (ImagesOneServerTestJSON:setUpClass): 200 GET http://10.180.1.21/compute/v2.1/servers/220d5470-3918-4841-8077-a06a1d463474 0.068s
2025-02-04 20:59:21.144 64304 INFO tempest.lib.common.rest_client [req-ab42102e-3a82-4ec9-b22b-220cf88e09bc req-ab42102e-3a82-4ec9-b22b-220cf88e09bc ] Request (InstanceActionsNegativeTestJSON:setUpClass): 201 POST http://10.180.1.21/identity/v3/auth/tokens 0.034s
2025-02-04 20:59:21.171 64322 INFO tempest.lib.common.rest_client [req-50045be1-e52d-47b2-b485-a56278d15072 req-50045be1-e52d-47b2-b485-a56278d15072 ] Request (TenantUsagesTestJSON:setUpClass): 200 GET http://10.180.1.21/compute/v2.1/servers/5f5830d4-a41f-4a59-befd-98bb57767ee0 0.067s
2025-02-04 20:59:21.182 64304 INFO tempest.lib.common.rest_client [req-2a7350dd-2261-491d-bc8d-f0e11832d4da req-2a7350dd-2261-491d-bc8d-f0e11832d4da ] Request (InstanceActionsNegativeTestJSON:setUpClass): 200 GET http://10.180.1.21/identity/v3/domains?name=Default 0.038s
2025-02-04 20:59:21.216 64304 INFO tempest.lib.common.rest_client [req-e56f6736-eff7-4e4c-b8db-e887ddec3682 req-e56f6736-eff7-4e4c-b8db-e887ddec3682 ] Request (InstanceActionsNegativeTestJSON:setUpClass): 201 POST http://10.180.1.21/identity/v3/projects 0.033s
2025-02-04 20:59:21.225 64326 INFO tempest.lib.common.rest_client [req-8d37d327-029b-4b16-af87-e9ccd8e76012 req-8d37d327-029b-4b16-af87-e9ccd8e76012 ] Request (DeleteServersTestJSON:test_delete_server_while_in_attached_volume): 200 GET http://10.180.1.21/compute/v2.1/servers/14ea5a03-0092-46e9-8f77-15bc4fcb6cd7 0.077s
2025-02-04 20:59:21.285 64304 INFO tempest.lib.common.rest_client [req-b5d4ddb6-f11e-4a10-9d47-d219e0fb614a req-b5d4ddb6-f11e-4a10-9d47-d219e0fb614a ] Request (InstanceActionsNegativeTestJSON:setUpClass): 201 POST http://10.180.1.21/identity/v3/users 0.069s
2025-02-04 20:59:21.291 64312 INFO tempest.lib.common.rest_client [req-8761e0be-a87f-47b3-979f-875c16669ff1 req-8761e0be-a87f-47b3-979f-875c16669ff1 ] Request (MultipleCreateTestJSON:test_multiple_create_with_reservation_return): 200 GET http://10.180.1.21/compute/v2.1/servers/07b5281f-6480-476c-8457-c57526d1d8f7 0.100s
2025-02-04 20:59:21.312 64304 INFO tempest.lib.common.rest_client [req-22348551-02fe-4a8e-be3f-8d7e5cc78a6f req-22348551-02fe-4a8e-be3f-8d7e5cc78a6f ] Request (InstanceActionsNegativeTestJSON:setUpClass): 200 GET http://10.180.1.21/identity/v3/roles 0.026s
2025-02-04 20:59:21.355 64304 INFO tempest.lib.common.rest_client [req-aafa4c9c-0c24-4eb2-ac1b-ba084951d1d5 req-aafa4c9c-0c24-4eb2-ac1b-ba084951d1d5 ] Request (InstanceActionsNegativeTestJSON:setUpClass): 204 PUT http://10.180.1.21/identity/v3/projects/086ce8b198234119bf945177b8a50618/users/b840a9935ab24db496c514d13ac32c17/roles/54e28a044231452aba97cc70366838da 0.042s
2025-02-04 20:59:21.355 64304 INFO tempest.lib.common.dynamic_creds [-] Dynamic test user b840a9935ab24db496c514d13ac32c17 is created with scope project and roles: ['member']
2025-02-04 20:59:21.355 64304 INFO tempest.lib.common.dynamic_creds [-] Acquired dynamic creds: credentials: Credentials: {'domain_id': 'default', 'domain_name': 'Default', 'username': 'tempest-InstanceActionsNegativeTestJSON-908478166-project-member', 'project_domain_id': 'default', 'project_domain_name': 'Default', 'project_id': '086ce8b198234119bf945177b8a50618', 'project_name': 'tempest-InstanceActionsNegativeTestJSON-908478166', 'tenant_id': '086ce8b198234119bf945177b8a50618', 'tenant_name': 'tempest-InstanceActionsNegativeTestJSON-908478166', 'user_domain_id': 'default', 'user_domain_name': 'Default', 'user_id': 'b840a9935ab24db496c514d13ac32c17', 'system': None}, Network: None, Subnet: None, Router: None
2025-02-04 20:59:21.360 64334 INFO tempest.lib.common.rest_client [req-a232ed92-818c-4c96-9c95-48ea64b8590a req-a232ed92-818c-4c96-9c95-48ea64b8590a ] Request (ServerRescueNegativeTestJSON:test_rescued_vm_detach_volume): 200 GET http://10.180.1.21/compute/v2.1/servers/856df6f6-29c9-42bc-99b9-f0f7ba4c22ca 0.087s
2025-02-04 20:59:21.425 64306 INFO tempest.lib.common.rest_client [req-49a6797c-e26a-4782-b1a4-b13888cd0b2d req-49a6797c-e26a-4782-b1a4-b13888cd0b2d ] Request (ServerDiagnosticsNegativeTest:tearDownClass): 200 GET http://10.180.1.21/compute/v2.1/servers/2780b129-725e-4444-ac6f-98ef00cef77c 0.124s
2025-02-04 20:59:21.426 64304 INFO tempest.lib.common.rest_client [req-fc8750ba-d597-42e3-86b0-4ed185f028bf req-fc8750ba-d597-42e3-86b0-4ed185f028bf ] Request (InstanceActionsNegativeTestJSON:setUpClass): 201 POST http://10.180.1.21/identity/v3/auth/tokens 0.071s
2025-02-04 20:59:21.442 64336 INFO tempest.lib.common.rest_client [req-0bd2e303-99b0-4f30-8946-1e258f0dae87 req-0bd2e303-99b0-4f30-8946-1e258f0dae87 ] Request (ServersAdminNegativeTestJSON:test_migrate_server_invalid_state): 200 GET http://10.180.1.21/compute/v2.1/servers/d3824db3-b570-4a81-a6eb-580b2da057a9 0.402s
2025-02-04 20:59:21.493 64346 INFO tempest.lib.common.rest_client [req-ea608ab4-429a-4182-867e-c80fbb109f8b req-ea608ab4-429a-4182-867e-c80fbb109f8b ] Request (ImagesTestJSON:test_create_server_from_snapshot): 200 GET http://10.180.1.21/compute/v2.1/servers/023b0e1a-2d7e-4325-b86b-5ed4530a57f7 0.109s
2025-02-04 20:59:21.516 64308 INFO tempest.lib.common.rest_client [req-8146df14-b1f6-46e2-aa91-cbc87a24558e req-8146df14-b1f6-46e2-aa91-cbc87a24558e ] Request (ServersTestJSON:tearDownClass): 200 GET http://10.180.1.21/compute/v2.1/servers/76c7db41-bb8f-4f70-ad21-c6724435ac9d 0.107s
2025-02-04 20:59:21.542 64318 INFO tempest.lib.common.rest_client [req-9e8b002e-1ece-45e0-af55-19acebec4b07 req-9e8b002e-1ece-45e0-af55-19acebec4b07 ] Request (VolumesAdminNegativeTest:test_update_attached_volume_with_nonexistent_volume_in_body): 200 GET http://10.180.1.21/volume/v3/volumes/8a84931a-8547-4464-a349-26d15812f018 0.036s
2025-02-04 20:59:21.569 64338 INFO tempest.lib.common.rest_client [req-591b842c-3d64-4033-8b18-69644cc151ba req-591b842c-3d64-4033-8b18-69644cc151ba ] Request (ServerMetadataTestJSON:tearDownClass): 200 GET http://10.180.1.21/compute/v2.1/servers/a5f14d13-841b-4ba3-a6f5-033493a3c501 0.105s
2025-02-04 20:59:21.640 64344 INFO tempest.lib.common.rest_client [req-7eae9daa-693b-4955-9f94-e2a6ee773156 req-7eae9daa-693b-4955-9f94-e2a6ee773156 ] Request (ServerAddressesNegativeTestJSON:tearDownClass): 200 GET http://10.180.1.21/compute/v2.1/servers/5d74cad0-f593-40c2-9f07-8b7f5d9cecc0 0.086s
2025-02-04 20:59:21.672 64296 INFO tempest.lib.common.rest_client [req-9b75cf70-3157-49f1-b8cb-d0dc56c2ccdb req-9b75cf70-3157-49f1-b8cb-d0dc56c2ccdb ] Request (ServerShowV247Test:test_update_rebuild_list_server): 200 GET http://10.180.1.21/compute/v2.1/servers/6b09db4b-dcaf-4d47-a7fc-6282db643d96 0.058s
2025-02-04 20:59:21.685 64296 INFO tempest.common.waiters [-] State transition "REBUILD/rebuild_spawning" ==> "ACTIVE/None" after 11 second wait
2025-02-04 20:59:21.749 64320 INFO tempest.lib.common.rest_client [req-57a03ff8-3d27-4e24-bcf4-24de30c2d53b req-57a03ff8-3d27-4e24-bcf4-24de30c2d53b ] Request (ServersNegativeTestJSON:setUpClass): 200 GET http://10.180.1.21/compute/v2.1/servers/212b862f-9465-4c6d-95bc-acf2a4153e73 0.099s
2025-02-04 20:59:21.751 64300 INFO tempest.lib.common.rest_client [req-8031bfb1-0117-4e31-a560-992f911c45ea req-8031bfb1-0117-4e31-a560-992f911c45ea ] Request (ServerMetadataNegativeTestJSON:setUpClass): 200 GET http://10.180.1.21/compute/v2.1/servers/07c5066a-6822-4eb5-a5d9-9794d9d6fb4b 0.079s
2025-02-04 20:59:21.815 64304 INFO tempest.lib.common.rest_client [req-b3127d15-0e99-4322-90a4-b8bac875d752 req-b3127d15-0e99-4322-90a4-b8bac875d752 ] Request (InstanceActionsNegativeTestJSON:setUpClass): 201 POST http://10.180.1.21:9696/networking/v2.0/networks 0.388s
2025-02-04 20:59:21.842 64358 INFO tempest.lib.common.rest_client [req-2f12d997-f974-422a-a9f0-9ebacae277a4 req-2f12d997-f974-422a-a9f0-9ebacae277a4 ] Request (ServersTestMultiNic:_run_cleanups): 200 GET http://10.180.1.21/compute/v2.1/servers/e777dc00-4bd3-4f7f-96fa-d5707d45f0a2 0.109s
2025-02-04 20:59:21.901 64310 INFO tempest.lib.common.rest_client [req-a8746e91-ece6-4ac7-a14f-6e0d49394f3b req-a8746e91-ece6-4ac7-a14f-6e0d49394f3b ] Request (ServersWithSpecificFlavorTestJSON:test_verify_created_server_ephemeral_disk): 200 GET http://10.180.1.21/compute/v2.1/servers/d62e50ec-7c22-4c38-bddd-66148aa73dda 0.095s
2025-02-04 20:59:21.925 64296 INFO tempest.lib.common.rest_client [req-dc7344e5-242d-46a0-8970-bc70021907d8 req-dc7344e5-242d-46a0-8970-bc70021907d8 ] Request (ServerShowV247Test:test_update_rebuild_list_server): 200 GET http://10.180.1.21/compute/v2.1/servers/detail 0.239s
2025-02-04 20:59:21.996 64354 INFO tempest.lib.common.rest_client [req-13ede0eb-9268-47c5-a547-022122253684 req-13ede0eb-9268-47c5-a547-022122253684 ] Request (ListImageFiltersTestJSON:tearDownClass): 200 GET http://10.180.1.21/compute/v2.1/servers/0c8714dc-381a-4c08-80c9-f0561b45ddbc 0.122s
2025-02-04 20:59:22.005 64354 INFO tempest.common.waiters [-] State transition "ACTIVE/deleting" ==> "DELETED/None" after 6 second wait
2025-02-04 20:59:22.014 64314 INFO tempest.lib.common.rest_client [req-11c98d1b-c1a1-4505-a3d2-39f7825715a8 req-11c98d1b-c1a1-4505-a3d2-39f7825715a8 ] Request (MigrationsAdminTest:test_resize_server_revert_deleted_flavor): 200 GET http://10.180.1.21/compute/v2.1/servers/1bd00407-c66a-4218-9b38-8e25a676d9e8 0.173s
2025-02-04 20:59:22.020 64304 INFO tempest.lib.common.rest_client [req-ab528b08-74d5-4cb4-b7ff-bbdfc07f1763 req-ab528b08-74d5-4cb4-b7ff-bbdfc07f1763 ] Request (InstanceActionsNegativeTestJSON:setUpClass): 201 POST http://10.180.1.21:9696/networking/v2.0/subnets 0.202s
2025-02-04 20:59:22.050 64340 INFO tempest.lib.common.rest_client [req-54d9dc87-efdd-49ca-b914-b8bb2cbd9524 req-54d9dc87-efdd-49ca-b914-b8bb2cbd9524 ] Request (FloatingIPsAssociationTestJSON:test_associate_already_associated_floating_ip): 200 GET http://10.180.1.21/compute/v2.1/servers/1a99f453-b18c-4191-b80d-e769aa3742ba 0.142s
2025-02-04 20:59:22.067 64332 INFO tempest.lib.common.rest_client [req-1a7ab17f-2f3e-4856-bc9e-ed7f40e29a00 req-1a7ab17f-2f3e-4856-bc9e-ed7f40e29a00 ] Request (ServersAdminTestJSON:test_inject_network_info): 200 GET http://10.180.1.21/compute/v2.1/servers/42d2e289-435f-47df-ae33-b003b319135a 0.133s
2025-02-04 20:59:22.112 64298 INFO tempest.lib.common.rest_client [req-cd83dfcf-1d15-43a3-a5c7-1031e2774557 req-cd83dfcf-1d15-43a3-a5c7-1031e2774557 ] Request (ListServerFiltersTestJSON:setUpClass): 200 GET http://10.180.1.21/compute/v2.1/servers/80eb9e3b-68e6-4261-ab69-e8654627607f 0.089s
2025-02-04 20:59:22.115 64296 INFO tempest.lib.common.rest_client [req-634be471-541d-4d21-9d3c-6b6ad64abc4d req-634be471-541d-4d21-9d3c-6b6ad64abc4d ] Request (ServerShowV247Test:tearDownClass): 204 DELETE http://10.180.1.21/compute/v2.1/servers/6b09db4b-dcaf-4d47-a7fc-6282db643d96 0.172s
2025-02-04 20:59:22.178 64296 INFO tempest.lib.common.rest_client [req-6ee68898-7ff4-4b27-ba10-4beb84c458bf req-6ee68898-7ff4-4b27-ba10-4beb84c458bf ] Request (ServerShowV247Test:tearDownClass): 200 GET http://10.180.1.21/compute/v2.1/servers/6b09db4b-dcaf-4d47-a7fc-6282db643d96 0.062s
2025-02-04 20:59:22.213 64302 INFO tempest.lib.common.rest_client [req-67d960a0-cf00-4ae3-b21d-3fc0e58da655 req-67d960a0-cf00-4ae3-b21d-3fc0e58da655 ] Request (SecurityGroupsTestJSON:test_list_security_groups_by_server): 200 GET http://10.180.1.21/compute/v2.1/servers/4f6a15cb-714e-4fbc-a84d-2783b3bcdf34 0.173s
2025-02-04 20:59:22.252 64316 INFO tempest.lib.common.rest_client [req-fe02eae4-7d5c-4d7a-a895-730c9284405d req-fe02eae4-7d5c-4d7a-a895-730c9284405d ] Request (ImagesOneServerTestJSON:setUpClass): 200 GET http://10.180.1.21/compute/v2.1/servers/220d5470-3918-4841-8077-a06a1d463474 0.131s
2025-02-04 20:59:22.283 64322 INFO tempest.lib.common.rest_client [req-9805e41b-2ed0-4807-a503-e65f4a4425c1 req-9805e41b-2ed0-4807-a503-e65f4a4425c1 ] Request (TenantUsagesTestJSON:setUpClass): 200 GET http://10.180.1.21/compute/v2.1/servers/5f5830d4-a41f-4a59-befd-98bb57767ee0 0.090s
2025-02-04 20:59:22.306 64326 INFO tempest.lib.common.rest_client [req-3b43e196-c971-415c-a43f-76ff0e89b1d9 req-3b43e196-c971-415c-a43f-76ff0e89b1d9 ] Request (DeleteServersTestJSON:test_delete_server_while_in_attached_volume): 200 GET http://10.180.1.21/compute/v2.1/servers/14ea5a03-0092-46e9-8f77-15bc4fcb6cd7 0.066s
2025-02-04 20:59:22.361 64312 INFO tempest.lib.common.rest_client [req-7af162ac-edfc-41ff-9fa7-7131c4824c78 req-7af162ac-edfc-41ff-9fa7-7131c4824c78 ] Request (MultipleCreateTestJSON:test_multiple_create_with_reservation_return): 200 GET http://10.180.1.21/compute/v2.1/servers/07b5281f-6480-476c-8457-c57526d1d8f7 0.057s
2025-02-04 20:59:22.430 64334 INFO tempest.lib.common.rest_client [req-14e1ba51-2c35-4ff2-b91d-929d2530544f req-14e1ba51-2c35-4ff2-b91d-929d2530544f ] Request (ServerRescueNegativeTestJSON:test_rescued_vm_detach_volume): 200 GET http://10.180.1.21/compute/v2.1/servers/856df6f6-29c9-42bc-99b9-f0f7ba4c22ca 0.059s
2025-02-04 20:59:22.497 64306 INFO tempest.lib.common.rest_client [req-37fa76e4-3eca-4178-a677-c78756b00254 req-37fa76e4-3eca-4178-a677-c78756b00254 ] Request (ServerDiagnosticsNegativeTest:tearDownClass): 200 GET http://10.180.1.21/compute/v2.1/servers/2780b129-725e-4444-ac6f-98ef00cef77c 0.062s
2025-02-04 20:59:22.504 64306 INFO tempest.common.waiters [-] State transition "ACTIVE/deleting" ==> "DELETED/None" after 6 second wait
2025-02-04 20:59:22.566 64346 INFO tempest.lib.common.rest_client [req-cc5464ca-10ef-4bd7-88d1-b2b0de342302 req-cc5464ca-10ef-4bd7-88d1-b2b0de342302 ] Request (ImagesTestJSON:test_create_server_from_snapshot): 200 GET http://10.180.1.21/compute/v2.1/servers/023b0e1a-2d7e-4325-b86b-5ed4530a57f7 0.063s
2025-02-04 20:59:22.587 64336 INFO tempest.lib.common.rest_client [req-a35a5f61-2ee5-4d65-a8b9-86610964ada9 req-a35a5f61-2ee5-4d65-a8b9-86610964ada9 ] Request (ServersAdminNegativeTestJSON:test_migrate_server_invalid_state): 200 GET http://10.180.1.21/compute/v2.1/servers/d3824db3-b570-4a81-a6eb-580b2da057a9 0.136s
2025-02-04 20:59:22.587 64318 INFO tempest.lib.common.rest_client [req-93fba1ca-2412-4461-a928-63f4ef253e6a req-93fba1ca-2412-4461-a928-63f4ef253e6a ] Request (VolumesAdminNegativeTest:test_update_attached_volume_with_nonexistent_volume_in_body): 200 GET http://10.180.1.21/volume/v3/volumes/8a84931a-8547-4464-a349-26d15812f018 0.037s
2025-02-04 20:59:22.613 64308 INFO tempest.lib.common.rest_client [req-cdc20521-7583-4e83-8eda-739d231addf7 req-cdc20521-7583-4e83-8eda-739d231addf7 ] Request (ServersTestJSON:tearDownClass): 200 GET http://10.180.1.21/compute/v2.1/servers/76c7db41-bb8f-4f70-ad21-c6724435ac9d 0.087s
2025-02-04 20:59:22.652 64338 INFO tempest.lib.common.rest_client [req-f6635c68-3115-448e-bd62-f66fc9f39a26 req-f6635c68-3115-448e-bd62-f66fc9f39a26 ] Request (ServerMetadataTestJSON:tearDownClass): 200 GET http://10.180.1.21/compute/v2.1/servers/a5f14d13-841b-4ba3-a6f5-033493a3c501 0.071s
2025-02-04 20:59:22.707 64344 INFO tempest.lib.common.rest_client [req-8bbc0962-832b-45aa-83b9-d324886be3df req-8bbc0962-832b-45aa-83b9-d324886be3df ] Request (ServerAddressesNegativeTestJSON:tearDownClass): 200 GET http://10.180.1.21/compute/v2.1/servers/5d74cad0-f593-40c2-9f07-8b7f5d9cecc0 0.056s
2025-02-04 20:59:22.742 64304 INFO tempest.lib.common.rest_client [req-12ad9f7c-0a8b-48a3-8edb-11ad0ecbcfb0 req-12ad9f7c-0a8b-48a3-8edb-11ad0ecbcfb0 ] Request (InstanceActionsNegativeTestJSON:setUpClass): 201 POST http://10.180.1.21:9696/networking/v2.0/routers 0.721s
2025-02-04 20:59:22.831 64300 INFO tempest.lib.common.rest_client [req-a74181b9-e2ce-4309-9528-c6a75d172df4 req-a74181b9-e2ce-4309-9528-c6a75d172df4 ] Request (ServerMetadataNegativeTestJSON:setUpClass): 200 GET http://10.180.1.21/compute/v2.1/servers/07c5066a-6822-4eb5-a5d9-9794d9d6fb4b 0.067s
2025-02-04 20:59:22.840 64320 INFO tempest.lib.common.rest_client [req-d877c98a-54a0-4bc2-8ded-9cf4e95bce1a req-d877c98a-54a0-4bc2-8ded-9cf4e95bce1a ] Request (ServersNegativeTestJSON:setUpClass): 200 GET http://10.180.1.21/compute/v2.1/servers/212b862f-9465-4c6d-95bc-acf2a4153e73 0.072s
2025-02-04 20:59:22.914 64358 INFO tempest.lib.common.rest_client [req-36edb0ce-2d85-4e05-8ca8-b2f5db2f9be3 req-36edb0ce-2d85-4e05-8ca8-b2f5db2f9be3 ] Request (ServersTestMultiNic:_run_cleanups): 200 GET http://10.180.1.21/compute/v2.1/servers/e777dc00-4bd3-4f7f-96fa-d5707d45f0a2 0.061s
2025-02-04 20:59:22.961 64310 INFO tempest.lib.common.rest_client [req-d792d5ff-2b7b-4e9f-a874-1ad01295e2d9 req-d792d5ff-2b7b-4e9f-a874-1ad01295e2d9 ] Request (ServersWithSpecificFlavorTestJSON:test_verify_created_server_ephemeral_disk): 200 GET http://10.180.1.21/compute/v2.1/servers/d62e50ec-7c22-4c38-bddd-66148aa73dda 0.051s
2025-02-04 20:59:23.066 64354 INFO tempest.lib.common.rest_client [req-8b9c96f9-1be3-46ce-a186-d5152c94b925 req-8b9c96f9-1be3-46ce-a186-d5152c94b925 ] Request (ListImageFiltersTestJSON:tearDownClass): 200 GET http://10.180.1.21/compute/v2.1/servers/0c8714dc-381a-4c08-80c9-f0561b45ddbc 0.060s
2025-02-04 20:59:23.111 64340 INFO tempest.lib.common.rest_client [req-ad137040-3427-476f-a6d5-5a773d34528e req-ad137040-3427-476f-a6d5-5a773d34528e ] Request (FloatingIPsAssociationTestJSON:test_associate_already_associated_floating_ip): 200 GET http://10.180.1.21/compute/v2.1/servers/1a99f453-b18c-4191-b80d-e769aa3742ba 0.050s
2025-02-04 20:59:23.149 64314 INFO tempest.lib.common.rest_client [req-894a1ed0-29d0-4a54-860e-e1fd0161e0bf req-894a1ed0-29d0-4a54-860e-e1fd0161e0bf ] Request (MigrationsAdminTest:test_resize_server_revert_deleted_flavor): 200 GET http://10.180.1.21/compute/v2.1/servers/1bd00407-c66a-4218-9b38-8e25a676d9e8 0.121s
2025-02-04 20:59:23.180 64332 INFO tempest.lib.common.rest_client [req-8ec00ee8-003c-4927-af97-1bff23e993a2 req-8ec00ee8-003c-4927-af97-1bff23e993a2 ] Request (ServersAdminTestJSON:test_inject_network_info): 200 GET http://10.180.1.21/compute/v2.1/servers/42d2e289-435f-47df-ae33-b003b319135a 0.106s
2025-02-04 20:59:23.190 64332 INFO tempest.common.waiters [-] State transition "BUILD/None" ==> "BUILD/networking" after 79 second wait
2025-02-04 20:59:23.217 64298 INFO tempest.lib.common.rest_client [req-7fca8c9c-2c9b-483e-9ba3-cdbe5611d52b req-7fca8c9c-2c9b-483e-9ba3-cdbe5611d52b ] Request (ListServerFiltersTestJSON:setUpClass): 200 GET http://10.180.1.21/compute/v2.1/servers/80eb9e3b-68e6-4261-ab69-e8654627607f 0.096s
2025-02-04 20:59:23.259 64296 INFO tempest.lib.common.rest_client [req-90ee4a92-d9f6-4b5a-b580-59e3344cea1f req-90ee4a92-d9f6-4b5a-b580-59e3344cea1f ] Request (ServerShowV247Test:tearDownClass): 200 GET http://10.180.1.21/compute/v2.1/servers/6b09db4b-dcaf-4d47-a7fc-6282db643d96 0.067s
2025-02-04 20:59:23.341 64316 INFO tempest.lib.common.rest_client [req-19667ec1-0596-4f56-8b46-b3ca85864fd3 req-19667ec1-0596-4f56-8b46-b3ca85864fd3 ] Request (ImagesOneServerTestJSON:setUpClass): 200 GET http://10.180.1.21/compute/v2.1/servers/220d5470-3918-4841-8077-a06a1d463474 0.079s
2025-02-04 20:59:23.397 64322 INFO tempest.lib.common.rest_client [req-d56d670c-be15-4582-95ac-d332617f6957 req-d56d670c-be15-4582-95ac-d332617f6957 ] Request (TenantUsagesTestJSON:setUpClass): 200 GET http://10.180.1.21/compute/v2.1/servers/5f5830d4-a41f-4a59-befd-98bb57767ee0 0.104s
2025-02-04 20:59:23.446 64326 INFO tempest.lib.common.rest_client [req-674854e0-42c1-4de4-9d00-69b016a77a56 req-674854e0-42c1-4de4-9d00-69b016a77a56 ] Request (DeleteServersTestJSON:test_delete_server_while_in_attached_volume): 200 GET http://10.180.1.21/compute/v2.1/servers/14ea5a03-0092-46e9-8f77-15bc4fcb6cd7 0.130s
2025-02-04 20:59:23.506 64312 INFO tempest.lib.common.rest_client [req-7205a78a-68fb-48bd-bd8a-2ac943ca9d19 req-7205a78a-68fb-48bd-bd8a-2ac943ca9d19 ] Request (MultipleCreateTestJSON:test_multiple_create_with_reservation_return): 200 GET http://10.180.1.21/compute/v2.1/servers/07b5281f-6480-476c-8457-c57526d1d8f7 0.133s
2025-02-04 20:59:23.563 64334 INFO tempest.lib.common.rest_client [req-438ee43a-e1f1-4417-ae8d-92e6c7ef57f4 req-438ee43a-e1f1-4417-ae8d-92e6c7ef57f4 ] Request (ServerRescueNegativeTestJSON:test_rescued_vm_detach_volume): 200 GET http://10.180.1.21/compute/v2.1/servers/856df6f6-29c9-42bc-99b9-f0f7ba4c22ca 0.124s
2025-02-04 20:59:23.594 64302 INFO tempest.lib.common.rest_client [req-30b9d2d6-2d7a-47d3-9ca1-b56bbdd2494d req-30b9d2d6-2d7a-47d3-9ca1-b56bbdd2494d ] Request (SecurityGroupsTestJSON:test_list_security_groups_by_server): 200 GET http://10.180.1.21/compute/v2.1/servers/4f6a15cb-714e-4fbc-a84d-2783b3bcdf34 0.373s
2025-02-04 20:59:23.603 64302 INFO tempest.common.waiters [-] State transition "BUILD/spawning" ==> "ACTIVE/None" after 87 second wait
2025-02-04 20:59:23.626 64306 INFO tempest.lib.common.rest_client [req-5f234bcf-9f96-4c07-b473-0e6eabf6595a req-5f234bcf-9f96-4c07-b473-0e6eabf6595a ] Request (ServerDiagnosticsNegativeTest:tearDownClass): 200 GET http://10.180.1.21/compute/v2.1/servers/2780b129-725e-4444-ac6f-98ef00cef77c 0.121s
2025-02-04 20:59:23.642 64318 INFO tempest.lib.common.rest_client [req-94d063c2-8143-4c58-8f08-ecad7779efc4 req-94d063c2-8143-4c58-8f08-ecad7779efc4 ] Request (VolumesAdminNegativeTest:test_update_attached_volume_with_nonexistent_volume_in_body): 200 GET http://10.180.1.21/volume/v3/volumes/8a84931a-8547-4464-a349-26d15812f018 0.042s
2025-02-04 20:59:23.656 64346 INFO tempest.lib.common.rest_client [req-5b66330c-a139-4855-8524-3618f1cdda7e req-5b66330c-a139-4855-8524-3618f1cdda7e ] Request (ImagesTestJSON:test_create_server_from_snapshot): 200 GET http://10.180.1.21/compute/v2.1/servers/023b0e1a-2d7e-4325-b86b-5ed4530a57f7 0.078s
2025-02-04 20:59:23.803 64336 INFO tempest.lib.common.rest_client [req-5bca876d-e8dd-42a0-abc9-adee2f537d49 req-5bca876d-e8dd-42a0-abc9-adee2f537d49 ] Request (ServersAdminNegativeTestJSON:test_migrate_server_invalid_state): 200 GET http://10.180.1.21/compute/v2.1/servers/d3824db3-b570-4a81-a6eb-580b2da057a9 0.206s
2025-02-04 20:59:23.887 64308 INFO tempest.lib.common.rest_client [req-78ccf019-f6e6-44e5-b066-d4550e2ff7ab req-78ccf019-f6e6-44e5-b066-d4550e2ff7ab ] Request (ServersTestJSON:tearDownClass): 200 GET http://10.180.1.21/compute/v2.1/servers/76c7db41-bb8f-4f70-ad21-c6724435ac9d 0.265s
2025-02-04 20:59:23.895 64308 INFO tempest.common.waiters [-] State transition "ACTIVE/deleting" ==> "DELETED/None" after 4 second wait
2025-02-04 20:59:23.951 64338 INFO tempest.lib.common.rest_client [req-bccb91c1-3ca3-4ac4-858d-72f79ed4ec4f req-bccb91c1-3ca3-4ac4-858d-72f79ed4ec4f ] Request (ServerMetadataTestJSON:tearDownClass): 200 GET http://10.180.1.21/compute/v2.1/servers/a5f14d13-841b-4ba3-a6f5-033493a3c501 0.289s
2025-02-04 20:59:24.042 64344 INFO tempest.lib.common.rest_client [req-9d3ad67a-eb4f-477a-9a7e-7950e878a497 req-9d3ad67a-eb4f-477a-9a7e-7950e878a497 ] Request (ServerAddressesNegativeTestJSON:tearDownClass): 200 GET http://10.180.1.21/compute/v2.1/servers/5d74cad0-f593-40c2-9f07-8b7f5d9cecc0 0.325s
2025-02-04 20:59:24.096 64304 INFO tempest.lib.common.rest_client [req-85b6d1b8-1d1e-434a-81e9-521cfd64717b req-85b6d1b8-1d1e-434a-81e9-521cfd64717b ] Request (InstanceActionsNegativeTestJSON:setUpClass): 200 PUT http://10.180.1.21:9696/networking/v2.0/routers/591c07ee-ed42-4cd2-b65a-b3d953f2558b/add_router_interface 1.353s
2025-02-04 20:59:24.097 64304 INFO tempest.lib.common.dynamic_creds [-] Created isolated network resources for: credentials: Credentials: {'domain_id': 'default', 'domain_name': 'Default', 'username': 'tempest-InstanceActionsNegativeTestJSON-908478166-project-member', 'project_domain_id': 'default', 'project_domain_name': 'Default', 'project_id': '086ce8b198234119bf945177b8a50618', 'project_name': 'tempest-InstanceActionsNegativeTestJSON-908478166', 'tenant_id': '086ce8b198234119bf945177b8a50618', 'tenant_name': 'tempest-InstanceActionsNegativeTestJSON-908478166', 'user_domain_id': 'default', 'user_domain_name': 'Default', 'user_id': 'b840a9935ab24db496c514d13ac32c17', 'system': None}, Network: {'id': '7f3ddfcf-24a9-4005-9c24-34d1a0737817', 'name': 'tempest-InstanceActionsNegativeTestJSON-76085429-network', 'tenant_id': '086ce8b198234119bf945177b8a50618', 'admin_state_up': True, 'mtu': 8950, 'status': 'ACTIVE', 'subnets': [], 'shared': False, 'project_id': '086ce8b198234119bf945177b8a50618', 'port_security_enabled': True, 'router:external': False, 'provider:network_type': 'vlan', 'provider:physical_network': 'default', 'provider:segmentation_id': 38, 'availability_zone_hints': [], 'availability_zones': [], 'ipv4_address_scope': None, 'ipv6_address_scope': None, 'description': '', 'tags': [], 'created_at': '2025-02-04T20:59:21Z', 'updated_at': '2025-02-04T20:59:21Z', 'revision_number': 1}, Subnet: {'id': '39a5384b-2bbb-4445-bb9a-7cf1a4f074d0', 'name': 'tempest-InstanceActionsNegativeTestJSON-76085429-subnet', 'tenant_id': '086ce8b198234119bf945177b8a50618', 'network_id': '7f3ddfcf-24a9-4005-9c24-34d1a0737817', 'ip_version': 4, 'subnetpool_id': None, 'enable_dhcp': True, 'ipv6_ra_mode': None, 'ipv6_address_mode': None, 'gateway_ip': '192.168.128.1', 'cidr': '192.168.128.0/28', 'allocation_pools': [{'start': '192.168.128.2', 'end': '192.168.128.14'}], 'host_routes': [], 'dns_nameservers': [], 'description': '', 'router:external': False, 'service_types': [], 'tags': [], 'created_at': '2025-02-04T20:59:21Z', 'updated_at': '2025-02-04T20:59:21Z', 'revision_number': 0, 'project_id': '086ce8b198234119bf945177b8a50618'}, Router: {'id': '591c07ee-ed42-4cd2-b65a-b3d953f2558b', 'name': 'tempest-InstanceActionsNegativeTestJSON-76085429-router', 'tenant_id': '086ce8b198234119bf945177b8a50618', 'admin_state_up': True, 'status': 'ACTIVE', 'external_gateway_info': {'network_id': '3225de02-ca9e-4520-8e86-9f9c28692b96', 'external_fixed_ips': [{'subnet_id': '258f6fe8-334b-4e0c-a947-83bc5a9d433b', 'ip_address': '10.180.180.201'}], 'enable_snat': True}, 'description': '', 'availability_zones': [], 'distributed': False, 'ha': False, 'availability_zone_hints': [], 'routes': [], 'flavor_id': None, 'tags': [], 'created_at': '2025-02-04T20:59:22Z', 'updated_at': '2025-02-04T20:59:22Z', 'revision_number': 2, 'project_id': '086ce8b198234119bf945177b8a50618'}
2025-02-04 20:59:24.103 64300 INFO tempest.lib.common.rest_client [req-517a407e-bcb6-4390-a64d-bd30f6ccf429 req-517a407e-bcb6-4390-a64d-bd30f6ccf429 ] Request (ServerMetadataNegativeTestJSON:setUpClass): 200 GET http://10.180.1.21/compute/v2.1/servers/07c5066a-6822-4eb5-a5d9-9794d9d6fb4b 0.264s
2025-02-04 20:59:24.194 64320 INFO tempest.lib.common.rest_client [req-2cbe41b8-9e88-4144-ab00-627488a6d86e req-2cbe41b8-9e88-4144-ab00-627488a6d86e ] Request (ServersNegativeTestJSON:setUpClass): 200 GET http://10.180.1.21/compute/v2.1/servers/212b862f-9465-4c6d-95bc-acf2a4153e73 0.347s
2025-02-04 20:59:24.198 64302 INFO tempest.lib.common.rest_client [req-c3b6cc75-eefe-4226-9ff7-41fb088da01b req-c3b6cc75-eefe-4226-9ff7-41fb088da01b ] Request (SecurityGroupsTestJSON:test_list_security_groups_by_server): 202 POST http://10.180.1.21/compute/v2.1/servers/4f6a15cb-714e-4fbc-a84d-2783b3bcdf34/action 0.595s
2025-02-04 20:59:24.214 64304 INFO tempest.lib.common.rest_client [req-b88dffca-cfea-4788-9a1f-6df369e20df5 req-b88dffca-cfea-4788-9a1f-6df369e20df5 ] Request (InstanceActionsNegativeTestJSON:setUpClass): 201 POST http://10.180.1.21/identity/v3/auth/tokens 0.112s
2025-02-04 20:59:24.259 64304 INFO tempest.lib.common.rest_client [req-cf6db6b1-179e-4938-ac7d-e448b8da31bb req-cf6db6b1-179e-4938-ac7d-e448b8da31bb ] Request (InstanceActionsNegativeTestJSON:setUpClass): 201 POST http://10.180.1.21/identity/v3/auth/tokens 0.040s
2025-02-04 20:59:24.259 64304 INFO tempest.lib.common.fixed_network [-] (InstanceActionsNegativeTestJSON:setUpClass) Found network {'id': '7f3ddfcf-24a9-4005-9c24-34d1a0737817', 'name': 'tempest-InstanceActionsNegativeTestJSON-76085429-network', 'tenant_id': '086ce8b198234119bf945177b8a50618', 'admin_state_up': True, 'mtu': 8950, 'status': 'ACTIVE', 'subnets': [], 'shared': False, 'project_id': '086ce8b198234119bf945177b8a50618', 'port_security_enabled': True, 'router:external': False, 'provider:network_type': 'vlan', 'provider:physical_network': 'default', 'provider:segmentation_id': 38, 'availability_zone_hints': [], 'availability_zones': [], 'ipv4_address_scope': None, 'ipv6_address_scope': None, 'description': '', 'tags': [], 'created_at': '2025-02-04T20:59:21Z', 'updated_at': '2025-02-04T20:59:21Z', 'revision_number': 1} available for tenant
2025-02-04 20:59:24.266 64358 INFO tempest.lib.common.rest_client [req-86c91f4e-b453-41d3-9181-d52442075bcc req-86c91f4e-b453-41d3-9181-d52442075bcc ] Request (ServersTestMultiNic:_run_cleanups): 200 GET http://10.180.1.21/compute/v2.1/servers/e777dc00-4bd3-4f7f-96fa-d5707d45f0a2 0.344s
2025-02-04 20:59:24.274 64310 INFO tempest.lib.common.rest_client [req-eb703805-7cc8-4753-9510-c980ecbdfe40 req-eb703805-7cc8-4753-9510-c980ecbdfe40 ] Request (ServersWithSpecificFlavorTestJSON:test_verify_created_server_ephemeral_disk): 200 GET http://10.180.1.21/compute/v2.1/servers/d62e50ec-7c22-4c38-bddd-66148aa73dda 0.302s
2025-02-04 20:59:24.282 64310 INFO tempest.common.waiters [-] State transition "BUILD/scheduling" ==> "BUILD/None" after 40 second wait
2025-02-04 20:59:24.336 64340 INFO tempest.lib.common.rest_client [req-5dba7700-abeb-4163-ac25-be58d049165f req-5dba7700-abeb-4163-ac25-be58d049165f ] Request (FloatingIPsAssociationTestJSON:test_associate_already_associated_floating_ip): 200 GET http://10.180.1.21/compute/v2.1/servers/1a99f453-b18c-4191-b80d-e769aa3742ba 0.211s
2025-02-04 20:59:24.353 64354 INFO tempest.lib.common.rest_client [req-624089d5-cc8a-452c-96f1-d73d3cc15598 req-624089d5-cc8a-452c-96f1-d73d3cc15598 ] Request (ListImageFiltersTestJSON:tearDownClass): 200 GET http://10.180.1.21/compute/v2.1/servers/0c8714dc-381a-4c08-80c9-f0561b45ddbc 0.279s
2025-02-04 20:59:24.396 64324 WARNING tempest.lib.common.ssh [-] Failed to establish authenticated ssh connection to cirros@10.180.180.169 ([Errno None] Unable to connect to port 22 on 10.180.180.169). Number attempts: 13. Retry after 14 seconds.: paramiko.ssh_exception.NoValidConnectionsError: [Errno None] Unable to connect to port 22 on 10.180.180.169
2025-02-04 20:59:24.496 64332 INFO tempest.lib.common.rest_client [req-bd52b755-e96d-47e3-b31e-c35d4ba44e1b req-bd52b755-e96d-47e3-b31e-c35d4ba44e1b ] Request (ServersAdminTestJSON:test_inject_network_info): 200 GET http://10.180.1.21/compute/v2.1/servers/42d2e289-435f-47df-ae33-b003b319135a 0.305s
2025-02-04 20:59:24.504 64314 INFO tempest.lib.common.rest_client [req-99e09f3d-f2a6-4b26-aa9b-d6bca37dd666 req-99e09f3d-f2a6-4b26-aa9b-d6bca37dd666 ] Request (MigrationsAdminTest:test_resize_server_revert_deleted_flavor): 200 GET http://10.180.1.21/compute/v2.1/servers/1bd00407-c66a-4218-9b38-8e25a676d9e8 0.342s
2025-02-04 20:59:24.508 64332 INFO tempest.common.waiters [-] State transition "BUILD/networking" ==> "BUILD/block_device_mapping" after 80 second wait
2025-02-04 20:59:24.560 64298 INFO tempest.lib.common.rest_client [req-3e68459a-f319-48ee-a535-a79f07369895 req-3e68459a-f319-48ee-a535-a79f07369895 ] Request (ListServerFiltersTestJSON:setUpClass): 200 GET http://10.180.1.21/compute/v2.1/servers/80eb9e3b-68e6-4261-ab69-e8654627607f 0.331s
2025-02-04 20:59:24.689 64318 INFO tempest.lib.common.rest_client [req-128b96fb-795b-45a9-915d-cb595c018933 req-128b96fb-795b-45a9-915d-cb595c018933 ] Request (VolumesAdminNegativeTest:test_update_attached_volume_with_nonexistent_volume_in_body): 200 GET http://10.180.1.21/volume/v3/volumes/8a84931a-8547-4464-a349-26d15812f018 0.039s
2025-02-04 20:59:24.938 64302 INFO tempest.lib.common.rest_client [req-ef2cb8ea-6977-4b91-a7ea-9e4bc4f3584e req-ef2cb8ea-6977-4b91-a7ea-9e4bc4f3584e ] Request (SecurityGroupsTestJSON:test_list_security_groups_by_server): 202 POST http://10.180.1.21/compute/v2.1/servers/4f6a15cb-714e-4fbc-a84d-2783b3bcdf34/action 0.739s
