2025-03-12 08:17:01.163 68530 INFO tempest.lib.common.rest_client [req-3d9679ea-b5fe-43b4-9637-4071f9293849 req-3d9679ea-b5fe-43b4-9637-4071f9293849 ] Request (VolumesAdminNegativeTest:test_update_attached_volume_with_nonexistent_volume_in_body): 200 GET http://10.180.1.21/compute/v2.1/servers/da1524a7-2756-4429-ada2-b1f493544bd2 0.048s
2025-03-12 08:17:01.202 68550 INFO tempest.lib.common.rest_client [req-64618864-2d2e-444d-aa54-95c8fe7a0508 req-64618864-2d2e-444d-aa54-95c8fe7a0508 ] Request (ServerShowV247Test:tearDownClass): 200 GET http://10.180.1.21/compute/v2.1/servers/00d2302b-84d4-42d8-94c7-caf45b925ddf 0.062s
2025-03-12 08:17:01.215 68510 INFO tempest.lib.common.rest_client [req-3f71a791-0b2e-4e62-b62b-759b0b583ff5 req-3f71a791-0b2e-4e62-b62b-759b0b583ff5 ] Request (ServerAddressesNegativeTestJSON:tearDownClass): 200 GET http://10.180.1.21/compute/v2.1/servers/8fcccac2-dae1-4af0-a2b2-787e1bb7c9be 0.051s
2025-03-12 08:17:01.330 68556 INFO tempest.lib.common.rest_client [req-ac53bcfd-ea09-4750-9a95-7d39f798c93e req-ac53bcfd-ea09-4750-9a95-7d39f798c93e ] Request (FloatingIPsAssociationTestJSON:test_associate_already_associated_floating_ip): 200 GET http://10.180.1.21/compute/v2.1/servers/7ec30097-1151-4b0d-8226-e4d34ea7b3c9 0.047s
2025-03-12 08:17:01.493 68552 INFO tempest.lib.common.rest_client [req-465c8a84-15cd-4787-ac0c-960979caa514 req-465c8a84-15cd-4787-ac0c-960979caa514 ] Request (AttachVolumeShelveTestJSON:test_attach_volume_shelved_or_offload_server): 200 GET http://10.180.1.21/compute/v2.1/servers/d14026b1-84dd-430e-be94-94dcb1f47473 0.055s
2025-03-12 08:17:01.611 68508 INFO tempest.lib.common.rest_client [req-9316d983-d8e1-41c8-adb0-7e2c558945a5 req-9316d983-d8e1-41c8-adb0-7e2c558945a5 ] Request (ServersAdmin275Test:tearDownClass): 200 GET http://10.180.1.21/compute/v2.1/servers/17bea068-7d7a-4a87-8b27-91a7efcd45c5 0.079s
2025-03-12 08:17:01.644 68540 INFO tempest.lib.common.rest_client [req-9aa4ffcd-1249-457a-9450-840742053702 req-9aa4ffcd-1249-457a-9450-840742053702 ] Request (DeleteServersTestJSON:test_delete_active_server): 200 GET http://10.180.1.21/compute/v2.1/servers/1675982e-0702-482b-9fe6-fd4eb9d83311 0.106s
2025-03-12 08:17:01.714 68528 INFO tempest.lib.common.rest_client [req-2b28f2a9-1783-44b2-83d0-16051c43dc9f req-2b28f2a9-1783-44b2-83d0-16051c43dc9f ] Request (ServerAddressesTestJSON:tearDownClass): 200 GET http://10.180.1.21/compute/v2.1/servers/366c780a-2870-4e6e-8cfe-7eec10c363d5 0.055s
2025-03-12 08:17:01.720 68528 INFO tempest.common.waiters [-] State transition "ACTIVE/deleting" ==> "DELETED/None" after 4 second wait
2025-03-12 08:17:01.785 68555 INFO tempest.lib.common.rest_client [req-a3740bcf-229f-44d1-82e4-b8212a68c07b req-a3740bcf-229f-44d1-82e4-b8212a68c07b ] Request (ListServerFiltersTestJSON:tearDownClass): 200 GET http://10.180.1.21/compute/v2.1/servers/9ac81867-311c-42f3-b38f-67dc10f409c0 0.072s
2025-03-12 08:17:01.814 68521 INFO tempest.lib.common.rest_client [req-a8b4fd77-f495-4f55-8aa5-20a4764df112 req-a8b4fd77-f495-4f55-8aa5-20a4764df112 ] Request (InstanceActionsTestJSON:setUpClass): 200 GET http://10.180.1.21/compute/v2.1/servers/a4a88f10-937a-4fa6-aa15-eb7f669e77d0 0.116s
2025-03-12 08:17:01.822 68521 INFO tempest.common.waiters [-] State transition "BUILD/block_device_mapping" ==> "BUILD/spawning" after 71 second wait
2025-03-12 08:17:01.843 68498 INFO tempest.lib.common.rest_client [req-c5fc7c56-8ba1-4563-9362-046b5bdb2454 req-c5fc7c56-8ba1-4563-9362-046b5bdb2454 ] Request (ServerDiskConfigTestJSON:test_rebuild_server_with_auto_disk_config): 200 GET http://10.180.1.21/compute/v2.1/servers/38787c7d-a9cf-4ce6-a112-c1ec259697ca 0.097s
2025-03-12 08:17:01.883 68494 INFO tempest.lib.common.rest_client [req-bd2de128-7815-4ca1-90f3-c5fc362697fa req-bd2de128-7815-4ca1-90f3-c5fc362697fa ] Request (ServersAdminNegativeTestJSON:tearDownClass): 200 GET http://10.180.1.21/compute/v2.1/servers/fcddfd72-a130-4efc-82cb-1fb22d33d684 0.110s
2025-03-12 08:17:01.891 68516 INFO tempest.lib.common.rest_client [req-61947b73-6b2d-48b0-ad1a-4d7b065ef89a req-61947b73-6b2d-48b0-ad1a-4d7b065ef89a ] Request (ImagesOneServerTestJSON:test_create_image_specify_multibyte_character_image_name): 200 GET http://10.180.1.21/compute/v2.1/images/6bfbe66f-7dc2-4c4a-b095-09003f931d3a 0.087s
2025-03-12 08:17:01.941 68518 INFO tempest.lib.common.rest_client [req-ce28ce32-c630-4367-9e35-d700ce5a2569 req-ce28ce32-c630-4367-9e35-d700ce5a2569 ] Request (SecurityGroupsTestJSON:test_list_security_groups_by_server): 200 GET http://10.180.1.21/compute/v2.1/servers/b5e15801-301a-4ee6-87d2-bbf749967631 0.073s
2025-03-12 08:17:01.953 68504 INFO tempest.lib.common.rest_client [req-b8beb541-9e37-4526-8eea-8b2c41eefb1a req-b8beb541-9e37-4526-8eea-8b2c41eefb1a ] Request (DeleteServersAdminTestJSON:test_delete_server_while_in_error_state): 200 GET http://10.180.1.21/compute/v2.1/servers/cf457d43-b939-4284-b84d-9075895e9dda 0.069s
2025-03-12 08:17:01.996 68546 INFO tempest.lib.common.rest_client [req-2aa52292-0bdf-4302-8c6f-8803d65fb3df req-2aa52292-0bdf-4302-8c6f-8803d65fb3df ] Request (ServersAaction247Test:tearDownClass): 200 GET http://10.180.1.21/compute/v2.1/servers/6113feaf-5c21-49c3-9c19-ea10b60786d3 0.068s
2025-03-12 08:17:02.012 68532 INFO tempest.lib.common.rest_client [req-1ec7c369-15b6-4050-b84d-74c4d4078523 req-1ec7c369-15b6-4050-b84d-74c4d4078523 ] Request (ServersNegativeTestJSON:setUpClass): 200 GET http://10.180.1.21/compute/v2.1/servers/58c15727-79ae-404f-a054-d71e3be498cc 0.075s
2025-03-12 08:17:02.019 68532 INFO tempest.common.waiters [-] State transition "BUILD/None" ==> "BUILD/networking" after 72 second wait
2025-03-12 08:17:02.043 68542 INFO tempest.lib.common.rest_client [req-f9259801-81df-4e6d-9c89-d9b3d5ba1189 req-f9259801-81df-4e6d-9c89-d9b3d5ba1189 ] Request (ServerGroupTestJSON:test_create_server_with_scheduler_hint_group): 200 GET http://10.180.1.21/compute/v2.1/servers/71243775-e8df-4cc5-85c9-d64a244b4426 0.065s
2025-03-12 08:17:02.059 68525 INFO tempest.lib.common.rest_client [req-892a2414-42aa-476a-ad1a-e75ddd81d08f req-892a2414-42aa-476a-ad1a-e75ddd81d08f ] Request (AttachInterfacesTestJSON:test_create_list_show_delete_interfaces_by_fixed_ip): 200 GET http://10.180.1.21/compute/v2.1/servers/580e6909-7d05-447a-a378-f0b8b71f059a 0.075s
2025-03-12 08:17:02.115 68544 INFO tempest.lib.common.rest_client [req-09b3d44a-1756-4f9f-9778-83fad7597e88 req-09b3d44a-1756-4f9f-9778-83fad7597e88 ] Request (ImagesTestJSON:test_create_image_from_stopped_server): 200 GET http://10.180.1.21/compute/v2.1/servers/9d2b3670-ef8a-477a-b876-7a8fe37fa065 0.091s
2025-03-12 08:17:02.116 68502 INFO tempest.lib.common.rest_client [req-7128a224-8c1f-4121-88ba-b02cddc2ee8a req-7128a224-8c1f-4121-88ba-b02cddc2ee8a ] Request (ServersTestBootFromVolume:setUpClass): 200 GET http://10.180.1.21/compute/v2.1/servers/0552d616-a406-4dfa-8a70-82f39fb98bbc 0.087s
2025-03-12 08:17:02.164 68496 INFO tempest.lib.common.rest_client [req-449482e7-d65d-4143-bfd5-a644836e1135 req-449482e7-d65d-4143-bfd5-a644836e1135 ] Request (ImagesOneServerNegativeTestJSON:setUpClass): 200 GET http://10.180.1.21/compute/v2.1/servers/3d03e0b7-0469-4041-a7d5-7768326eb3b5 0.077s
2025-03-12 08:17:02.171 68512 INFO tempest.lib.common.rest_client [req-849b1360-478e-4330-836c-bc9799745ea5 req-849b1360-478e-4330-836c-bc9799745ea5 ] Request (ListServersNegativeTestJSON:tearDownClass): 200 GET http://10.180.1.21/compute/v2.1/servers/63e0fc9e-5182-4781-b007-69e2134718df 0.101s
2025-03-12 08:17:02.216 68514 INFO tempest.lib.common.rest_client [req-80cbfb3c-a276-4f87-bf75-959e1f2d762b req-80cbfb3c-a276-4f87-bf75-959e1f2d762b ] Request (AttachInterfacesUnderV243Test:test_add_remove_fixed_ip): 200 GET http://10.180.1.21/compute/v2.1/servers/e089c20e-b788-4e6c-9bd2-9ad485305582 0.105s
2025-03-12 08:17:02.221 68538 INFO tempest.lib.common.rest_client [req-7d3da7a5-0d94-4664-84d7-b361a6edeb13 req-7d3da7a5-0d94-4664-84d7-b361a6edeb13 ] Request (ServersTestJSON:setUpClass): 200 GET http://10.180.1.21/compute/v2.1/servers/d0d8ed27-003e-43e2-8a07-041420a2c758 0.092s
2025-03-12 08:17:02.269 68500 INFO tempest.lib.common.rest_client [req-9814f41a-d80e-4eb9-b9bd-aa385913c4e8 req-9814f41a-d80e-4eb9-b9bd-aa385913c4e8 ] Request (ServerTagsTestJSON:setUpClass): 200 GET http://10.180.1.21/compute/v2.1/servers/dc45d268-7a7f-4e65-b6fa-942ddba69b03 0.107s
2025-03-12 08:17:02.273 68530 INFO tempest.lib.common.rest_client [req-1881c763-d7a7-4653-9cdb-b0dd5147c4e2 req-1881c763-d7a7-4653-9cdb-b0dd5147c4e2 ] Request (VolumesAdminNegativeTest:test_update_attached_volume_with_nonexistent_volume_in_body): 200 GET http://10.180.1.21/compute/v2.1/servers/da1524a7-2756-4429-ada2-b1f493544bd2 0.102s
2025-03-12 08:17:02.328 68550 INFO tempest.lib.common.rest_client [req-917e29a5-991a-4127-9079-c70de20244c9 req-917e29a5-991a-4127-9079-c70de20244c9 ] Request (ServerShowV247Test:tearDownClass): 200 GET http://10.180.1.21/compute/v2.1/servers/00d2302b-84d4-42d8-94c7-caf45b925ddf 0.116s
2025-03-12 08:17:02.333 68510 INFO tempest.lib.common.rest_client [req-0a066442-ce87-42c9-ab66-5cfc0191ae78 req-0a066442-ce87-42c9-ab66-5cfc0191ae78 ] Request (ServerAddressesNegativeTestJSON:tearDownClass): 200 GET http://10.180.1.21/compute/v2.1/servers/8fcccac2-dae1-4af0-a2b2-787e1bb7c9be 0.111s
2025-03-12 08:17:02.392 68556 INFO tempest.lib.common.rest_client [req-43820469-c9f3-4afc-9d6f-14db582bc5e8 req-43820469-c9f3-4afc-9d6f-14db582bc5e8 ] Request (FloatingIPsAssociationTestJSON:test_associate_already_associated_floating_ip): 200 GET http://10.180.1.21/compute/v2.1/servers/7ec30097-1151-4b0d-8226-e4d34ea7b3c9 0.054s
2025-03-12 08:17:02.565 68552 INFO tempest.lib.common.rest_client [req-8145fe9a-47fb-4415-8326-e7a00786483b req-8145fe9a-47fb-4415-8326-e7a00786483b ] Request (AttachVolumeShelveTestJSON:test_attach_volume_shelved_or_offload_server): 200 GET http://10.180.1.21/compute/v2.1/servers/d14026b1-84dd-430e-be94-94dcb1f47473 0.061s
2025-03-12 08:17:02.709 68508 INFO tempest.lib.common.rest_client [req-69b1285a-b866-4bac-ac42-5e3ef65464e5 req-69b1285a-b866-4bac-ac42-5e3ef65464e5 ] Request (ServersAdmin275Test:tearDownClass): 200 GET http://10.180.1.21/compute/v2.1/servers/17bea068-7d7a-4a87-8b27-91a7efcd45c5 0.088s
2025-03-12 08:17:02.793 68528 INFO tempest.lib.common.rest_client [req-1d00b147-e991-4bec-a58c-f997fb26d135 req-1d00b147-e991-4bec-a58c-f997fb26d135 ] Request (ServerAddressesTestJSON:tearDownClass): 200 GET http://10.180.1.21/compute/v2.1/servers/366c780a-2870-4e6e-8cfe-7eec10c363d5 0.070s
2025-03-12 08:17:02.840 68540 INFO tempest.lib.common.rest_client [req-be9d512a-aa7b-4fa0-a87f-314547016808 req-be9d512a-aa7b-4fa0-a87f-314547016808 ] Request (DeleteServersTestJSON:test_delete_active_server): 200 GET http://10.180.1.21/compute/v2.1/servers/1675982e-0702-482b-9fe6-fd4eb9d83311 0.188s
2025-03-12 08:17:02.864 68555 INFO tempest.lib.common.rest_client [req-9d22cd7f-038f-4c98-a604-61ae95903eca req-9d22cd7f-038f-4c98-a604-61ae95903eca ] Request (ListServerFiltersTestJSON:tearDownClass): 200 GET http://10.180.1.21/compute/v2.1/servers/9ac81867-311c-42f3-b38f-67dc10f409c0 0.069s
2025-03-12 08:17:02.928 68498 INFO tempest.lib.common.rest_client [req-4d8e0b39-811b-4a15-b229-f81ba9e22e3d req-4d8e0b39-811b-4a15-b229-f81ba9e22e3d ] Request (ServerDiskConfigTestJSON:test_rebuild_server_with_auto_disk_config): 200 GET http://10.180.1.21/compute/v2.1/servers/38787c7d-a9cf-4ce6-a112-c1ec259697ca 0.073s
2025-03-12 08:17:02.997 68521 INFO tempest.lib.common.rest_client [req-88c82209-1f69-40fd-a5e0-6a94b0fea79d req-88c82209-1f69-40fd-a5e0-6a94b0fea79d ] Request (InstanceActionsTestJSON:setUpClass): 200 GET http://10.180.1.21/compute/v2.1/servers/a4a88f10-937a-4fa6-aa15-eb7f669e77d0 0.174s
2025-03-12 08:17:03.006 68494 INFO tempest.lib.common.rest_client [req-0fa35231-2978-49ee-b9d5-3ecd6db50b4f req-0fa35231-2978-49ee-b9d5-3ecd6db50b4f ] Request (ServersAdminNegativeTestJSON:tearDownClass): 200 GET http://10.180.1.21/compute/v2.1/servers/fcddfd72-a130-4efc-82cb-1fb22d33d684 0.114s
2025-03-12 08:17:03.030 68516 INFO tempest.lib.common.rest_client [req-a72bff2a-23a0-43d9-8697-0390962b52c8 req-a72bff2a-23a0-43d9-8697-0390962b52c8 ] Request (ImagesOneServerTestJSON:test_create_image_specify_multibyte_character_image_name): 200 GET http://10.180.1.21/compute/v2.1/images/6bfbe66f-7dc2-4c4a-b095-09003f931d3a 0.135s
2025-03-12 08:17:03.063 68518 INFO tempest.lib.common.rest_client [req-9baa3a59-6862-4b51-ba23-74e59d335cdd req-9baa3a59-6862-4b51-ba23-74e59d335cdd ] Request (SecurityGroupsTestJSON:test_list_security_groups_by_server): 200 GET http://10.180.1.21/compute/v2.1/servers/b5e15801-301a-4ee6-87d2-bbf749967631 0.114s
2025-03-12 08:17:03.090 68504 INFO tempest.lib.common.rest_client [req-8e03b468-991d-48e5-a855-57021e62e184 req-8e03b468-991d-48e5-a855-57021e62e184 ] Request (DeleteServersAdminTestJSON:test_delete_server_while_in_error_state): 200 GET http://10.180.1.21/compute/v2.1/servers/cf457d43-b939-4284-b84d-9075895e9dda 0.129s
2025-03-12 08:17:03.100 68504 INFO tempest.common.waiters [-] State transition "ERROR/deleting" ==> "DELETED/None" after 4 second wait
2025-03-12 08:17:03.124 68546 INFO tempest.lib.common.rest_client [req-cd5b605f-3823-47d7-a46a-85b7300a1830 req-cd5b605f-3823-47d7-a46a-85b7300a1830 ] Request (ServersAaction247Test:tearDownClass): 200 GET http://10.180.1.21/compute/v2.1/servers/6113feaf-5c21-49c3-9c19-ea10b60786d3 0.116s
2025-03-12 08:17:03.175 68542 INFO tempest.lib.common.rest_client [req-3ee5b02c-4e45-4e9d-bddf-ce313076d18f req-3ee5b02c-4e45-4e9d-bddf-ce313076d18f ] Request (ServerGroupTestJSON:test_create_server_with_scheduler_hint_group): 200 GET http://10.180.1.21/compute/v2.1/servers/71243775-e8df-4cc5-85c9-d64a244b4426 0.121s
2025-03-12 08:17:03.186 68532 INFO tempest.lib.common.rest_client [req-34135254-ab24-4ddf-a52a-0429b7b84d7a req-34135254-ab24-4ddf-a52a-0429b7b84d7a ] Request (ServersNegativeTestJSON:setUpClass): 200 GET http://10.180.1.21/compute/v2.1/servers/58c15727-79ae-404f-a054-d71e3be498cc 0.165s
2025-03-12 08:17:03.195 68532 INFO tempest.common.waiters [-] State transition "BUILD/networking" ==> "BUILD/block_device_mapping" after 73 second wait
2025-03-12 08:17:03.223 68525 INFO tempest.lib.common.rest_client [req-2c2a498a-bbff-42b8-abe0-8effdd6067b4 req-2c2a498a-bbff-42b8-abe0-8effdd6067b4 ] Request (AttachInterfacesTestJSON:test_create_list_show_delete_interfaces_by_fixed_ip): 200 GET http://10.180.1.21/compute/v2.1/servers/580e6909-7d05-447a-a378-f0b8b71f059a 0.152s
2025-03-12 08:17:03.233 68544 INFO tempest.lib.common.rest_client [req-ac6aaea2-7f80-4f08-8699-099b4a625cfd req-ac6aaea2-7f80-4f08-8699-099b4a625cfd ] Request (ImagesTestJSON:test_create_image_from_stopped_server): 200 GET http://10.180.1.21/compute/v2.1/servers/9d2b3670-ef8a-477a-b876-7a8fe37fa065 0.110s
2025-03-12 08:17:03.278 68502 INFO tempest.lib.common.rest_client [req-4017086b-98e0-44ca-8703-f476f246a38a req-4017086b-98e0-44ca-8703-f476f246a38a ] Request (ServersTestBootFromVolume:setUpClass): 200 GET http://10.180.1.21/compute/v2.1/servers/0552d616-a406-4dfa-8a70-82f39fb98bbc 0.155s
2025-03-12 08:17:03.285 68496 INFO tempest.lib.common.rest_client [req-1295b86f-5138-48f3-90f5-7770b0c884dc req-1295b86f-5138-48f3-90f5-7770b0c884dc ] Request (ImagesOneServerNegativeTestJSON:setUpClass): 200 GET http://10.180.1.21/compute/v2.1/servers/3d03e0b7-0469-4041-a7d5-7768326eb3b5 0.114s
2025-03-12 08:17:03.344 68514 INFO tempest.lib.common.rest_client [req-4b45cd9b-0b9a-4ad8-812a-b56d8e48dea1 req-4b45cd9b-0b9a-4ad8-812a-b56d8e48dea1 ] Request (AttachInterfacesUnderV243Test:test_add_remove_fixed_ip): 200 GET http://10.180.1.21/compute/v2.1/servers/e089c20e-b788-4e6c-9bd2-9ad485305582 0.121s
2025-03-12 08:17:03.347 68512 INFO tempest.lib.common.rest_client [req-1f145521-291c-433c-9138-548a44cd7097 req-1f145521-291c-433c-9138-548a44cd7097 ] Request (ListServersNegativeTestJSON:tearDownClass): 200 GET http://10.180.1.21/compute/v2.1/servers/63e0fc9e-5182-4781-b007-69e2134718df 0.169s
2025-03-12 08:17:03.648 68538 INFO tempest.lib.common.rest_client [req-ad8592ab-2fc1-427f-9919-02e110899d06 req-ad8592ab-2fc1-427f-9919-02e110899d06 ] Request (ServersTestJSON:setUpClass): 200 GET http://10.180.1.21/compute/v2.1/servers/d0d8ed27-003e-43e2-8a07-041420a2c758 0.418s
2025-03-12 08:17:03.654 68500 INFO tempest.lib.common.rest_client [req-5726aac8-791a-41e8-9dc3-93440f4f335f req-5726aac8-791a-41e8-9dc3-93440f4f335f ] Request (ServerTagsTestJSON:setUpClass): 200 GET http://10.180.1.21/compute/v2.1/servers/dc45d268-7a7f-4e65-b6fa-942ddba69b03 0.375s
2025-03-12 08:17:03.680 68522 WARNING tempest.lib.common.ssh [-] Failed to establish authenticated ssh connection to cirros@10.180.180.215 ([Errno None] Unable to connect to port 22 on 10.180.180.215). Number attempts: 7. Retry after 8 seconds.: paramiko.ssh_exception.NoValidConnectionsError: [Errno None] Unable to connect to port 22 on 10.180.180.215
2025-03-12 08:17:03.703 68530 INFO tempest.lib.common.rest_client [req-32a82cbb-8f4a-4378-87d3-9a4afd83a8c4 req-32a82cbb-8f4a-4378-87d3-9a4afd83a8c4 ] Request (VolumesAdminNegativeTest:test_update_attached_volume_with_nonexistent_volume_in_body): 200 GET http://10.180.1.21/compute/v2.1/servers/da1524a7-2756-4429-ada2-b1f493544bd2 0.422s
2025-03-12 08:17:03.716 68550 INFO tempest.lib.common.rest_client [req-f131e205-4a2c-498e-8328-cb0631382f28 req-f131e205-4a2c-498e-8328-cb0631382f28 ] Request (ServerShowV247Test:tearDownClass): 200 GET http://10.180.1.21/compute/v2.1/servers/00d2302b-84d4-42d8-94c7-caf45b925ddf 0.377s
2025-03-12 08:17:03.768 68556 INFO tempest.lib.common.rest_client [req-419ef9cb-d120-4de2-99cd-342425425db3 req-419ef9cb-d120-4de2-99cd-342425425db3 ] Request (FloatingIPsAssociationTestJSON:test_associate_already_associated_floating_ip): 200 GET http://10.180.1.21/compute/v2.1/servers/7ec30097-1151-4b0d-8226-e4d34ea7b3c9 0.367s
2025-03-12 08:17:03.775 68510 INFO tempest.lib.common.rest_client [req-e382e5d8-3733-4bdc-94a0-a46560ccae75 req-e382e5d8-3733-4bdc-94a0-a46560ccae75 ] Request (ServerAddressesNegativeTestJSON:tearDownClass): 200 GET http://10.180.1.21/compute/v2.1/servers/8fcccac2-dae1-4af0-a2b2-787e1bb7c9be 0.434s
2025-03-12 08:17:03.829 68552 INFO tempest.lib.common.rest_client [req-611ed81a-fab8-4f51-96ee-659390743233 req-611ed81a-fab8-4f51-96ee-659390743233 ] Request (AttachVolumeShelveTestJSON:test_attach_volume_shelved_or_offload_server): 200 GET http://10.180.1.21/compute/v2.1/servers/d14026b1-84dd-430e-be94-94dcb1f47473 0.252s
2025-03-12 08:17:03.858 68508 INFO tempest.lib.common.rest_client [req-2ce0acf8-50a4-4f39-807d-999cfcbdd4d6 req-2ce0acf8-50a4-4f39-807d-999cfcbdd4d6 ] Request (ServersAdmin275Test:tearDownClass): 200 GET http://10.180.1.21/compute/v2.1/servers/17bea068-7d7a-4a87-8b27-91a7efcd45c5 0.139s
2025-03-12 08:17:03.889 68528 INFO tempest.lib.common.rest_client [req-48dbfa4a-7a1c-4eb7-9a93-e85090108883 req-48dbfa4a-7a1c-4eb7-9a93-e85090108883 ] Request (ServerAddressesTestJSON:tearDownClass): 200 GET http://10.180.1.21/compute/v2.1/servers/366c780a-2870-4e6e-8cfe-7eec10c363d5 0.088s
2025-03-12 08:17:03.944 68555 INFO tempest.lib.common.rest_client [req-d2d431ce-6590-487e-b0ea-0790e57e6ab6 req-d2d431ce-6590-487e-b0ea-0790e57e6ab6 ] Request (ListServerFiltersTestJSON:tearDownClass): 200 GET http://10.180.1.21/compute/v2.1/servers/9ac81867-311c-42f3-b38f-67dc10f409c0 0.071s
2025-03-12 08:17:03.958 68540 INFO tempest.lib.common.rest_client [req-19cee722-79a9-4fe4-b99e-ad0ef8086bfe req-19cee722-79a9-4fe4-b99e-ad0ef8086bfe ] Request (DeleteServersTestJSON:test_delete_active_server): 200 GET http://10.180.1.21/compute/v2.1/servers/1675982e-0702-482b-9fe6-fd4eb9d83311 0.097s
2025-03-12 08:17:03.989 68498 INFO tempest.lib.common.rest_client [req-73627b6e-4da2-4637-b060-7b75497440ff req-73627b6e-4da2-4637-b060-7b75497440ff ] Request (ServerDiskConfigTestJSON:test_rebuild_server_with_auto_disk_config): 200 GET http://10.180.1.21/compute/v2.1/servers/38787c7d-a9cf-4ce6-a112-c1ec259697ca 0.048s
2025-03-12 08:17:04.071 68494 INFO tempest.lib.common.rest_client [req-a3c1c674-2c46-4bbb-b60d-7cdeb750a660 req-a3c1c674-2c46-4bbb-b60d-7cdeb750a660 ] Request (ServersAdminNegativeTestJSON:tearDownClass): 200 GET http://10.180.1.21/compute/v2.1/servers/fcddfd72-a130-4efc-82cb-1fb22d33d684 0.057s
2025-03-12 08:17:04.099 68516 INFO tempest.lib.common.rest_client [req-295e09a3-c365-4c99-a96f-79e247ed0f40 req-295e09a3-c365-4c99-a96f-79e247ed0f40 ] Request (ImagesOneServerTestJSON:test_create_image_specify_multibyte_character_image_name): 200 GET http://10.180.1.21/compute/v2.1/images/6bfbe66f-7dc2-4c4a-b095-09003f931d3a 0.062s
2025-03-12 08:17:04.105 68521 INFO tempest.lib.common.rest_client [req-aafaf192-394c-4cd0-9d61-9046692dac16 req-aafaf192-394c-4cd0-9d61-9046692dac16 ] Request (InstanceActionsTestJSON:setUpClass): 200 GET http://10.180.1.21/compute/v2.1/servers/a4a88f10-937a-4fa6-aa15-eb7f669e77d0 0.098s
2025-03-12 08:17:04.152 68518 INFO tempest.lib.common.rest_client [req-077c3004-2529-4728-8ea1-e594340d9e10 req-077c3004-2529-4728-8ea1-e594340d9e10 ] Request (SecurityGroupsTestJSON:test_list_security_groups_by_server): 200 GET http://10.180.1.21/compute/v2.1/servers/b5e15801-301a-4ee6-87d2-bbf749967631 0.078s
2025-03-12 08:17:04.168 68504 INFO tempest.lib.common.rest_client [req-2d46aed7-19f7-4aed-946f-a74f8b58f8ea req-2d46aed7-19f7-4aed-946f-a74f8b58f8ea ] Request (DeleteServersAdminTestJSON:test_delete_server_while_in_error_state): 200 GET http://10.180.1.21/compute/v2.1/servers/cf457d43-b939-4284-b84d-9075895e9dda 0.066s
2025-03-12 08:17:04.215 68546 INFO tempest.lib.common.rest_client [req-398a61f7-d675-4194-b685-5fa9a9a64368 req-398a61f7-d675-4194-b685-5fa9a9a64368 ] Request (ServersAaction247Test:tearDownClass): 200 GET http://10.180.1.21/compute/v2.1/servers/6113feaf-5c21-49c3-9c19-ea10b60786d3 0.080s
2025-03-12 08:17:04.250 68542 INFO tempest.lib.common.rest_client [req-7208b64f-8155-4f48-bac7-e534f3bb3177 req-7208b64f-8155-4f48-bac7-e534f3bb3177 ] Request (ServerGroupTestJSON:test_create_server_with_scheduler_hint_group): 200 GET http://10.180.1.21/compute/v2.1/servers/71243775-e8df-4cc5-85c9-d64a244b4426 0.064s
2025-03-12 08:17:04.309 68525 INFO tempest.lib.common.rest_client [req-9f386eec-1416-41e2-85d7-c68aba02139c req-9f386eec-1416-41e2-85d7-c68aba02139c ] Request (AttachInterfacesTestJSON:test_create_list_show_delete_interfaces_by_fixed_ip): 200 GET http://10.180.1.21/compute/v2.1/servers/580e6909-7d05-447a-a378-f0b8b71f059a 0.077s
2025-03-12 08:17:04.340 68532 INFO tempest.lib.common.rest_client [req-22c14245-2a55-44c0-b962-7e17b9998409 req-22c14245-2a55-44c0-b962-7e17b9998409 ] Request (ServersNegativeTestJSON:setUpClass): 200 GET http://10.180.1.21/compute/v2.1/servers/58c15727-79ae-404f-a054-d71e3be498cc 0.144s
2025-03-12 08:17:04.349 68532 INFO tempest.common.waiters [-] State transition "BUILD/block_device_mapping" ==> "BUILD/spawning" after 74 second wait
2025-03-12 08:17:04.364 68544 INFO tempest.lib.common.rest_client [req-f1ea2114-145b-491e-a313-9922409a30d6 req-f1ea2114-145b-491e-a313-9922409a30d6 ] Request (ImagesTestJSON:test_create_image_from_stopped_server): 200 GET http://10.180.1.21/compute/v2.1/servers/9d2b3670-ef8a-477a-b876-7a8fe37fa065 0.122s
2025-03-12 08:17:04.417 68502 INFO tempest.lib.common.rest_client [req-39be30b3-77ae-4647-b942-385421b3e0b8 req-39be30b3-77ae-4647-b942-385421b3e0b8 ] Request (ServersTestBootFromVolume:setUpClass): 200 GET http://10.180.1.21/compute/v2.1/servers/0552d616-a406-4dfa-8a70-82f39fb98bbc 0.124s
2025-03-12 08:17:04.432 68496 INFO tempest.lib.common.rest_client [req-12e6844f-ed60-4d5f-ae02-f13a30bd7448 req-12e6844f-ed60-4d5f-ae02-f13a30bd7448 ] Request (ImagesOneServerNegativeTestJSON:setUpClass): 200 GET http://10.180.1.21/compute/v2.1/servers/3d03e0b7-0469-4041-a7d5-7768326eb3b5 0.136s
2025-03-12 08:17:04.491 68514 INFO tempest.lib.common.rest_client [req-e77d1176-697d-40b0-8802-4a288a8a6786 req-e77d1176-697d-40b0-8802-4a288a8a6786 ] Request (AttachInterfacesUnderV243Test:test_add_remove_fixed_ip): 200 GET http://10.180.1.21/compute/v2.1/servers/e089c20e-b788-4e6c-9bd2-9ad485305582 0.139s
2025-03-12 08:17:04.509 68512 INFO tempest.lib.common.rest_client [req-3f9fc9b4-9ebc-475d-be1c-113293855c5c req-3f9fc9b4-9ebc-475d-be1c-113293855c5c ] Request (ListServersNegativeTestJSON:tearDownClass): 200 GET http://10.180.1.21/compute/v2.1/servers/63e0fc9e-5182-4781-b007-69e2134718df 0.153s
2025-03-12 08:17:04.718 68538 INFO tempest.lib.common.rest_client [req-0d3f7bec-8fa0-48ae-be88-0ee063acc2fc req-0d3f7bec-8fa0-48ae-be88-0ee063acc2fc ] Request (ServersTestJSON:setUpClass): 200 GET http://10.180.1.21/compute/v2.1/servers/d0d8ed27-003e-43e2-8a07-041420a2c758 0.060s
2025-03-12 08:17:04.730 68500 INFO tempest.lib.common.rest_client [req-097cd2b1-0e3f-4631-8585-043b33a11bb9 req-097cd2b1-0e3f-4631-8585-043b33a11bb9 ] Request (ServerTagsTestJSON:setUpClass): 200 GET http://10.180.1.21/compute/v2.1/servers/dc45d268-7a7f-4e65-b6fa-942ddba69b03 0.067s
2025-03-12 08:17:04.768 68530 INFO tempest.lib.common.rest_client [req-1aa419eb-aadd-45a2-9bff-cc3ae1f4bd4b req-1aa419eb-aadd-45a2-9bff-cc3ae1f4bd4b ] Request (VolumesAdminNegativeTest:test_update_attached_volume_with_nonexistent_volume_in_body): 200 GET http://10.180.1.21/compute/v2.1/servers/da1524a7-2756-4429-ada2-b1f493544bd2 0.056s
2025-03-12 08:17:04.789 68550 INFO tempest.lib.common.rest_client [req-f9bdc6dc-e07d-4679-8c5e-ec639af8cbd0 req-f9bdc6dc-e07d-4679-8c5e-ec639af8cbd0 ] Request (ServerShowV247Test:tearDownClass): 200 GET http://10.180.1.21/compute/v2.1/servers/00d2302b-84d4-42d8-94c7-caf45b925ddf 0.064s
2025-03-12 08:17:04.831 68556 INFO tempest.lib.common.rest_client [req-e62d9e7f-083e-4dc7-9b61-0271bd6049c8 req-e62d9e7f-083e-4dc7-9b61-0271bd6049c8 ] Request (FloatingIPsAssociationTestJSON:test_associate_already_associated_floating_ip): 200 GET http://10.180.1.21/compute/v2.1/servers/7ec30097-1151-4b0d-8226-e4d34ea7b3c9 0.055s
2025-03-12 08:17:04.842 68510 INFO tempest.lib.common.rest_client [req-dd69e253-44cf-4aea-8cc3-f0935220e110 req-dd69e253-44cf-4aea-8cc3-f0935220e110 ] Request (ServerAddressesNegativeTestJSON:tearDownClass): 200 GET http://10.180.1.21/compute/v2.1/servers/8fcccac2-dae1-4af0-a2b2-787e1bb7c9be 0.059s
2025-03-12 08:17:04.893 68552 INFO tempest.lib.common.rest_client [req-9da9bc0c-fb3b-4ec1-bf2d-85e3b7d29dc7 req-9da9bc0c-fb3b-4ec1-bf2d-85e3b7d29dc7 ] Request (AttachVolumeShelveTestJSON:test_attach_volume_shelved_or_offload_server): 200 GET http://10.180.1.21/compute/v2.1/servers/d14026b1-84dd-430e-be94-94dcb1f47473 0.053s
2025-03-12 08:17:04.932 68508 INFO tempest.lib.common.rest_client [req-d7bc3a0a-1f57-45ba-862f-0c27bdfe185d req-d7bc3a0a-1f57-45ba-862f-0c27bdfe185d ] Request (ServersAdmin275Test:tearDownClass): 200 GET http://10.180.1.21/compute/v2.1/servers/17bea068-7d7a-4a87-8b27-91a7efcd45c5 0.064s
2025-03-12 08:17:04.956 68528 INFO tempest.lib.common.rest_client [req-b50aa3cf-1921-4da5-a29c-f75b15e0dea7 req-b50aa3cf-1921-4da5-a29c-f75b15e0dea7 ] Request (ServerAddressesTestJSON:tearDownClass): 200 GET http://10.180.1.21/compute/v2.1/servers/366c780a-2870-4e6e-8cfe-7eec10c363d5 0.059s
2025-03-12 08:17:05.017 68555 INFO tempest.lib.common.rest_client [req-1bed2c1e-3a98-4207-898e-8c488b679468 req-1bed2c1e-3a98-4207-898e-8c488b679468 ] Request (ListServerFiltersTestJSON:tearDownClass): 200 GET http://10.180.1.21/compute/v2.1/servers/9ac81867-311c-42f3-b38f-67dc10f409c0 0.065s
2025-03-12 08:17:05.068 68498 INFO tempest.lib.common.rest_client [req-400b2d9c-ce0b-4a09-980e-627b82f61668 req-400b2d9c-ce0b-4a09-980e-627b82f61668 ] Request (ServerDiskConfigTestJSON:test_rebuild_server_with_auto_disk_config): 200 GET http://10.180.1.21/compute/v2.1/servers/38787c7d-a9cf-4ce6-a112-c1ec259697ca 0.071s
2025-03-12 08:17:05.082 68540 INFO tempest.lib.common.rest_client [req-de77b523-6a7c-4e3b-89ab-bdace4ac15cf req-de77b523-6a7c-4e3b-89ab-bdace4ac15cf ] Request (DeleteServersTestJSON:test_delete_active_server): 200 GET http://10.180.1.21/compute/v2.1/servers/1675982e-0702-482b-9fe6-fd4eb9d83311 0.116s
2025-03-12 08:17:05.136 68516 INFO tempest.lib.common.rest_client [req-c9062848-5f02-4bcb-a055-283d7b256ff7 req-c9062848-5f02-4bcb-a055-283d7b256ff7 ] Request (ImagesOneServerTestJSON:test_create_image_specify_multibyte_character_image_name): 200 GET http://10.180.1.21/compute/v2.1/images/6bfbe66f-7dc2-4c4a-b095-09003f931d3a 0.032s
2025-03-12 08:17:05.141 68494 INFO tempest.lib.common.rest_client [req-7aae7246-6cbd-4c7a-a992-0b3290cc45d1 req-7aae7246-6cbd-4c7a-a992-0b3290cc45d1 ] Request (ServersAdminNegativeTestJSON:tearDownClass): 200 GET http://10.180.1.21/compute/v2.1/servers/fcddfd72-a130-4efc-82cb-1fb22d33d684 0.062s
2025-03-12 08:17:05.217 68518 INFO tempest.lib.common.rest_client [req-96384470-7d8a-452b-8d74-3c99c96b0177 req-96384470-7d8a-452b-8d74-3c99c96b0177 ] Request (SecurityGroupsTestJSON:test_list_security_groups_by_server): 200 GET http://10.180.1.21/compute/v2.1/servers/b5e15801-301a-4ee6-87d2-bbf749967631 0.058s
2025-03-12 08:17:05.234 68521 INFO tempest.lib.common.rest_client [req-d0cef841-c872-469c-a1f3-b70f14ed863f req-d0cef841-c872-469c-a1f3-b70f14ed863f ] Request (InstanceActionsTestJSON:setUpClass): 200 GET http://10.180.1.21/compute/v2.1/servers/a4a88f10-937a-4fa6-aa15-eb7f669e77d0 0.122s
2025-03-12 08:17:05.276 68504 INFO tempest.lib.common.rest_client [req-55e2aae8-b982-4d9d-84a3-b0e327f6daa6 req-55e2aae8-b982-4d9d-84a3-b0e327f6daa6 ] Request (DeleteServersAdminTestJSON:test_delete_server_while_in_error_state): 200 GET http://10.180.1.21/compute/v2.1/servers/cf457d43-b939-4284-b84d-9075895e9dda 0.101s
2025-03-12 08:17:05.290 68546 INFO tempest.lib.common.rest_client [req-aeb961b2-158d-41db-892e-3d960e285d36 req-aeb961b2-158d-41db-892e-3d960e285d36 ] Request (ServersAaction247Test:tearDownClass): 200 GET http://10.180.1.21/compute/v2.1/servers/6113feaf-5c21-49c3-9c19-ea10b60786d3 0.060s
2025-03-12 08:17:05.325 68542 INFO tempest.lib.common.rest_client [req-180b1330-9406-4d37-bb00-d36878cfc8dc req-180b1330-9406-4d37-bb00-d36878cfc8dc ] Request (ServerGroupTestJSON:test_create_server_with_scheduler_hint_group): 200 GET http://10.180.1.21/compute/v2.1/servers/71243775-e8df-4cc5-85c9-d64a244b4426 0.067s
2025-03-12 08:17:05.371 68525 INFO tempest.lib.common.rest_client [req-fcb6eb9c-727d-4bdb-8c51-3bb9c16e1d04 req-fcb6eb9c-727d-4bdb-8c51-3bb9c16e1d04 ] Request (AttachInterfacesTestJSON:test_create_list_show_delete_interfaces_by_fixed_ip): 200 GET http://10.180.1.21/compute/v2.1/servers/580e6909-7d05-447a-a378-f0b8b71f059a 0.053s
2025-03-12 08:17:05.431 68544 INFO tempest.lib.common.rest_client [req-a2020a58-3e5e-4934-a9dc-c8a611679d24 req-a2020a58-3e5e-4934-a9dc-c8a611679d24 ] Request (ImagesTestJSON:test_create_image_from_stopped_server): 200 GET http://10.180.1.21/compute/v2.1/servers/9d2b3670-ef8a-477a-b876-7a8fe37fa065 0.055s
2025-03-12 08:17:05.463 68532 INFO tempest.lib.common.rest_client [req-4d089ef3-3a26-4b8a-8d77-f219305e1f8e req-4d089ef3-3a26-4b8a-8d77-f219305e1f8e ] Request (ServersNegativeTestJSON:setUpClass): 200 GET http://10.180.1.21/compute/v2.1/servers/58c15727-79ae-404f-a054-d71e3be498cc 0.112s
2025-03-12 08:17:05.481 68502 INFO tempest.lib.common.rest_client [req-6936c7d6-a1c0-49f4-81ab-f7692c50a2ff req-6936c7d6-a1c0-49f4-81ab-f7692c50a2ff ] Request (ServersTestBootFromVolume:setUpClass): 200 GET http://10.180.1.21/compute/v2.1/servers/0552d616-a406-4dfa-8a70-82f39fb98bbc 0.053s
2025-03-12 08:17:05.511 68496 INFO tempest.lib.common.rest_client [req-e56c0843-c4bf-4fa9-b7dd-f0d92f0719f3 req-e56c0843-c4bf-4fa9-b7dd-f0d92f0719f3 ] Request (ImagesOneServerNegativeTestJSON:setUpClass): 200 GET http://10.180.1.21/compute/v2.1/servers/3d03e0b7-0469-4041-a7d5-7768326eb3b5 0.069s
2025-03-12 08:17:05.552 68514 INFO tempest.lib.common.rest_client [req-7e8f4292-7d06-4153-9ba7-03162402db9c req-7e8f4292-7d06-4153-9ba7-03162402db9c ] Request (AttachInterfacesUnderV243Test:test_add_remove_fixed_ip): 200 GET http://10.180.1.21/compute/v2.1/servers/e089c20e-b788-4e6c-9bd2-9ad485305582 0.053s
2025-03-12 08:17:05.585 68512 INFO tempest.lib.common.rest_client [req-bfc09af9-c906-41fc-b9d7-52be3c1eddbc req-bfc09af9-c906-41fc-b9d7-52be3c1eddbc ] Request (ListServersNegativeTestJSON:tearDownClass): 200 GET http://10.180.1.21/compute/v2.1/servers/63e0fc9e-5182-4781-b007-69e2134718df 0.067s
2025-03-12 08:17:05.783 68538 INFO tempest.lib.common.rest_client [req-610d1737-2f62-4ef3-9625-94cda50f95ab req-610d1737-2f62-4ef3-9625-94cda50f95ab ] Request (ServersTestJSON:setUpClass): 200 GET http://10.180.1.21/compute/v2.1/servers/d0d8ed27-003e-43e2-8a07-041420a2c758 0.057s
2025-03-12 08:17:05.812 68500 INFO tempest.lib.common.rest_client [req-37cabc79-dd3a-48f9-bf82-8528e96f9a64 req-37cabc79-dd3a-48f9-bf82-8528e96f9a64 ] Request (ServerTagsTestJSON:setUpClass): 200 GET http://10.180.1.21/compute/v2.1/servers/dc45d268-7a7f-4e65-b6fa-942ddba69b03 0.073s
2025-03-12 08:17:05.821 68500 INFO tempest.common.waiters [-] State transition "BUILD/None" ==> "BUILD/networking" after 74 second wait
2025-03-12 08:17:05.833 68530 INFO tempest.lib.common.rest_client [req-4193aedc-c19e-49e8-aa54-3994a71807e5 req-4193aedc-c19e-49e8-aa54-3994a71807e5 ] Request (VolumesAdminNegativeTest:test_update_attached_volume_with_nonexistent_volume_in_body): 200 GET http://10.180.1.21/compute/v2.1/servers/da1524a7-2756-4429-ada2-b1f493544bd2 0.057s
2025-03-12 08:17:05.873 68550 INFO tempest.lib.common.rest_client [req-c8eaa483-fdac-48bf-b36d-1b22c62d1ca5 req-c8eaa483-fdac-48bf-b36d-1b22c62d1ca5 ] Request (ServerShowV247Test:tearDownClass): 200 GET http://10.180.1.21/compute/v2.1/servers/00d2302b-84d4-42d8-94c7-caf45b925ddf 0.072s
2025-03-12 08:17:05.888 68556 INFO tempest.lib.common.rest_client [req-ec5fcfcf-b4f1-4302-90d6-05952fe1edcd req-ec5fcfcf-b4f1-4302-90d6-05952fe1edcd ] Request (FloatingIPsAssociationTestJSON:test_associate_already_associated_floating_ip): 200 GET http://10.180.1.21/compute/v2.1/servers/7ec30097-1151-4b0d-8226-e4d34ea7b3c9 0.048s
2025-03-12 08:17:05.928 68510 INFO tempest.lib.common.rest_client [req-0b2e148a-4177-4d77-b479-14279b4f6c05 req-0b2e148a-4177-4d77-b479-14279b4f6c05 ] Request (ServerAddressesNegativeTestJSON:tearDownClass): 200 GET http://10.180.1.21/compute/v2.1/servers/8fcccac2-dae1-4af0-a2b2-787e1bb7c9be 0.078s
2025-03-12 08:17:05.954 68552 INFO tempest.lib.common.rest_client [req-230bc6f3-9f17-41a7-a9b3-af4855cfcff2 req-230bc6f3-9f17-41a7-a9b3-af4855cfcff2 ] Request (AttachVolumeShelveTestJSON:test_attach_volume_shelved_or_offload_server): 200 GET http://10.180.1.21/compute/v2.1/servers/d14026b1-84dd-430e-be94-94dcb1f47473 0.051s
2025-03-12 08:17:06.003 68508 INFO tempest.lib.common.rest_client [req-b495d176-c3a1-42a2-b1a3-a84601eec7c7 req-b495d176-c3a1-42a2-b1a3-a84601eec7c7 ] Request (ServersAdmin275Test:tearDownClass): 200 GET http://10.180.1.21/compute/v2.1/servers/17bea068-7d7a-4a87-8b27-91a7efcd45c5 0.061s
2025-03-12 08:17:06.024 68528 INFO tempest.lib.common.rest_client [req-4dbdd98c-2a04-4710-82e2-878ab5f1645b req-4dbdd98c-2a04-4710-82e2-878ab5f1645b ] Request (ServerAddressesTestJSON:tearDownClass): 200 GET http://10.180.1.21/compute/v2.1/servers/366c780a-2870-4e6e-8cfe-7eec10c363d5 0.060s
2025-03-12 08:17:06.082 68555 INFO tempest.lib.common.rest_client [req-7303b700-8507-4050-b47a-43b84af7fdf5 req-7303b700-8507-4050-b47a-43b84af7fdf5 ] Request (ListServerFiltersTestJSON:tearDownClass): 200 GET http://10.180.1.21/compute/v2.1/servers/9ac81867-311c-42f3-b38f-67dc10f409c0 0.057s
2025-03-12 08:17:06.135 68498 INFO tempest.lib.common.rest_client [req-37a7b929-1b5a-4fde-8d8a-227b1ae24b38 req-37a7b929-1b5a-4fde-8d8a-227b1ae24b38 ] Request (ServerDiskConfigTestJSON:test_rebuild_server_with_auto_disk_config): 200 GET http://10.180.1.21/compute/v2.1/servers/38787c7d-a9cf-4ce6-a112-c1ec259697ca 0.057s
2025-03-12 08:17:06.179 68516 INFO tempest.lib.common.rest_client [req-32df9a54-dd5a-4195-a3e6-4ac4aff18e0d req-32df9a54-dd5a-4195-a3e6-4ac4aff18e0d ] Request (ImagesOneServerTestJSON:test_create_image_specify_multibyte_character_image_name): 200 GET http://10.180.1.21/compute/v2.1/images/6bfbe66f-7dc2-4c4a-b095-09003f931d3a 0.038s
2025-03-12 08:17:06.185 68540 INFO tempest.lib.common.rest_client [req-43a25066-463b-4519-8fa6-114c8814eab9 req-43a25066-463b-4519-8fa6-114c8814eab9 ] Request (DeleteServersTestJSON:test_delete_active_server): 200 GET http://10.180.1.21/compute/v2.1/servers/1675982e-0702-482b-9fe6-fd4eb9d83311 0.095s
2025-03-12 08:17:06.241 68494 INFO tempest.lib.common.rest_client [req-e10f7bb8-28b0-4e7c-909c-9aae58dd6d59 req-e10f7bb8-28b0-4e7c-909c-9aae58dd6d59 ] Request (ServersAdminNegativeTestJSON:tearDownClass): 200 GET http://10.180.1.21/compute/v2.1/servers/fcddfd72-a130-4efc-82cb-1fb22d33d684 0.092s
2025-03-12 08:17:06.287 68518 INFO tempest.lib.common.rest_client [req-4e0bfdfa-5f68-4427-bea7-548c371f7574 req-4e0bfdfa-5f68-4427-bea7-548c371f7574 ] Request (SecurityGroupsTestJSON:test_list_security_groups_by_server): 200 GET http://10.180.1.21/compute/v2.1/servers/b5e15801-301a-4ee6-87d2-bbf749967631 0.062s
2025-03-12 08:17:06.317 68536 WARNING tempest.lib.common.ssh [-] Failed to establish authenticated ssh connection to cirros@10.180.180.250 ([Errno None] Unable to connect to port 22 on 10.180.180.250). Number attempts: 6. Retry after 7 seconds.: paramiko.ssh_exception.NoValidConnectionsError: [Errno None] Unable to connect to port 22 on 10.180.180.250
2025-03-12 08:17:06.353 68504 INFO tempest.lib.common.rest_client [req-0864cf18-e042-4892-b91e-08794718a1d6 req-0864cf18-e042-4892-b91e-08794718a1d6 ] Request (DeleteServersAdminTestJSON:test_delete_server_while_in_error_state): 200 GET http://10.180.1.21/compute/v2.1/servers/cf457d43-b939-4284-b84d-9075895e9dda 0.069s
2025-03-12 08:17:06.433 68546 INFO tempest.lib.common.rest_client [req-0021f67b-e59f-4070-9482-7020d2fd0cb0 req-0021f67b-e59f-4070-9482-7020d2fd0cb0 ] Request (ServersAaction247Test:tearDownClass): 200 GET http://10.180.1.21/compute/v2.1/servers/6113feaf-5c21-49c3-9c19-ea10b60786d3 0.130s
2025-03-12 08:17:06.439 68521 INFO tempest.lib.common.rest_client [req-954a8162-4937-4811-9d1f-d112c8a60c8a req-954a8162-4937-4811-9d1f-d112c8a60c8a ] Request (InstanceActionsTestJSON:setUpClass): 200 GET http://10.180.1.21/compute/v2.1/servers/a4a88f10-937a-4fa6-aa15-eb7f669e77d0 0.197s
2025-03-12 08:17:06.514 68542 INFO tempest.lib.common.rest_client [req-2266eedb-8e44-4789-b586-02955cecbf15 req-2266eedb-8e44-4789-b586-02955cecbf15 ] Request (ServerGroupTestJSON:test_create_server_with_scheduler_hint_group): 200 GET http://10.180.1.21/compute/v2.1/servers/71243775-e8df-4cc5-85c9-d64a244b4426 0.179s
2025-03-12 08:17:06.528 68525 INFO tempest.lib.common.rest_client [req-0ae3a1dc-4e3a-4a06-b62c-a7b534cd6abb req-0ae3a1dc-4e3a-4a06-b62c-a7b534cd6abb ] Request (AttachInterfacesTestJSON:test_create_list_show_delete_interfaces_by_fixed_ip): 200 GET http://10.180.1.21/compute/v2.1/servers/580e6909-7d05-447a-a378-f0b8b71f059a 0.149s
2025-03-12 08:17:06.584 68544 INFO tempest.lib.common.rest_client [req-1bef01df-0a7d-4ab7-bad9-6079ae9d1c13 req-1bef01df-0a7d-4ab7-bad9-6079ae9d1c13 ] Request (ImagesTestJSON:test_create_image_from_stopped_server): 200 GET http://10.180.1.21/compute/v2.1/servers/9d2b3670-ef8a-477a-b876-7a8fe37fa065 0.145s
2025-03-12 08:17:06.622 68526 WARNING tempest.lib.common.ssh [-] Failed to establish authenticated ssh connection to cirros@10.180.180.254 ([Errno None] Unable to connect to port 22 on 10.180.180.254). Number attempts: 9. Retry after 10 seconds.: paramiko.ssh_exception.NoValidConnectionsError: [Errno None] Unable to connect to port 22 on 10.180.180.254
2025-03-12 08:17:06.654 68502 INFO tempest.lib.common.rest_client [req-880740bc-6c08-4ab8-9be3-4be96f4724c7 req-880740bc-6c08-4ab8-9be3-4be96f4724c7 ] Request (ServersTestBootFromVolume:setUpClass): 200 GET http://10.180.1.21/compute/v2.1/servers/0552d616-a406-4dfa-8a70-82f39fb98bbc 0.164s
2025-03-12 08:17:06.682 68532 INFO tempest.lib.common.rest_client [req-cea68d4e-2907-418a-a9fa-241106d6cf14 req-cea68d4e-2907-418a-a9fa-241106d6cf14 ] Request (ServersNegativeTestJSON:setUpClass): 200 GET http://10.180.1.21/compute/v2.1/servers/58c15727-79ae-404f-a054-d71e3be498cc 0.211s
2025-03-12 08:17:06.723 68496 INFO tempest.lib.common.rest_client [req-7fea0e8c-6d17-4848-a7fd-5dd9ae11d54a req-7fea0e8c-6d17-4848-a7fd-5dd9ae11d54a ] Request (ImagesOneServerNegativeTestJSON:setUpClass): 200 GET http://10.180.1.21/compute/v2.1/servers/3d03e0b7-0469-4041-a7d5-7768326eb3b5 0.204s
2025-03-12 08:17:06.767 68514 INFO tempest.lib.common.rest_client [req-0f76a594-114c-4293-8d72-29776cde2577 req-0f76a594-114c-4293-8d72-29776cde2577 ] Request (AttachInterfacesUnderV243Test:test_add_remove_fixed_ip): 200 GET http://10.180.1.21/compute/v2.1/servers/e089c20e-b788-4e6c-9bd2-9ad485305582 0.206s
2025-03-12 08:17:06.815 68512 INFO tempest.lib.common.rest_client [req-f293ab93-601f-421d-8df6-87856e4d5f54 req-f293ab93-601f-421d-8df6-87856e4d5f54 ] Request (ListServersNegativeTestJSON:tearDownClass): 200 GET http://10.180.1.21/compute/v2.1/servers/63e0fc9e-5182-4781-b007-69e2134718df 0.221s
2025-03-12 08:17:06.864 68538 INFO tempest.lib.common.rest_client [req-072ae2c9-dd6e-4918-bf0b-ba0a8306e060 req-072ae2c9-dd6e-4918-bf0b-ba0a8306e060 ] Request (ServersTestJSON:setUpClass): 200 GET http://10.180.1.21/compute/v2.1/servers/d0d8ed27-003e-43e2-8a07-041420a2c758 0.073s
2025-03-12 08:17:06.947 68530 INFO tempest.lib.common.rest_client [req-515a75a5-626e-407a-a46a-112a78be35a1 req-515a75a5-626e-407a-a46a-112a78be35a1 ] Request (VolumesAdminNegativeTest:test_update_attached_volume_with_nonexistent_volume_in_body): 200 GET http://10.180.1.21/compute/v2.1/servers/da1524a7-2756-4429-ada2-b1f493544bd2 0.106s
2025-03-12 08:17:06.982 68500 INFO tempest.lib.common.rest_client [req-b2a153ae-fa76-4185-9ac9-5ceaa5fab7a2 req-b2a153ae-fa76-4185-9ac9-5ceaa5fab7a2 ] Request (ServerTagsTestJSON:setUpClass): 200 GET http://10.180.1.21/compute/v2.1/servers/dc45d268-7a7f-4e65-b6fa-942ddba69b03 0.160s
2025-03-12 08:17:06.991 68500 INFO tempest.common.waiters [-] State transition "BUILD/networking" ==> "BUILD/block_device_mapping" after 75 second wait
2025-03-12 08:17:07.015 68550 INFO tempest.lib.common.rest_client [req-c9e3d375-6450-496b-8e32-f8006db4cd9c req-c9e3d375-6450-496b-8e32-f8006db4cd9c ] Request (ServerShowV247Test:tearDownClass): 200 GET http://10.180.1.21/compute/v2.1/servers/00d2302b-84d4-42d8-94c7-caf45b925ddf 0.133s
2025-03-12 08:17:07.040 68556 INFO tempest.lib.common.rest_client [req-364b306a-ac9a-4148-9dd7-12a401d61104 req-364b306a-ac9a-4148-9dd7-12a401d61104 ] Request (FloatingIPsAssociationTestJSON:test_associate_already_associated_floating_ip): 200 GET http://10.180.1.21/compute/v2.1/servers/7ec30097-1151-4b0d-8226-e4d34ea7b3c9 0.143s
2025-03-12 08:17:07.078 68510 INFO tempest.lib.common.rest_client [req-52112d6c-c703-44d1-ac6a-d74efa161df4 req-52112d6c-c703-44d1-ac6a-d74efa161df4 ] Request (ServerAddressesNegativeTestJSON:tearDownClass): 200 GET http://10.180.1.21/compute/v2.1/servers/8fcccac2-dae1-4af0-a2b2-787e1bb7c9be 0.142s
2025-03-12 08:17:07.097 68552 INFO tempest.lib.common.rest_client [req-1a74d9b0-b56d-466b-aa2d-0c3a47e36bc3 req-1a74d9b0-b56d-466b-aa2d-0c3a47e36bc3 ] Request (AttachVolumeShelveTestJSON:test_attach_volume_shelved_or_offload_server): 200 GET http://10.180.1.21/compute/v2.1/servers/d14026b1-84dd-430e-be94-94dcb1f47473 0.133s
2025-03-12 08:17:07.142 68508 INFO tempest.lib.common.rest_client [req-863c896e-2c9e-4869-b92c-831e61812d81 req-863c896e-2c9e-4869-b92c-831e61812d81 ] Request (ServersAdmin275Test:tearDownClass): 200 GET http://10.180.1.21/compute/v2.1/servers/17bea068-7d7a-4a87-8b27-91a7efcd45c5 0.126s
2025-03-12 08:17:07.155 68528 INFO tempest.lib.common.rest_client [req-cedbc492-3763-4d57-afdc-5a14eecb8cf2 req-cedbc492-3763-4d57-afdc-5a14eecb8cf2 ] Request (ServerAddressesTestJSON:tearDownClass): 200 GET http://10.180.1.21/compute/v2.1/servers/366c780a-2870-4e6e-8cfe-7eec10c363d5 0.123s
2025-03-12 08:17:07.200 68555 INFO tempest.lib.common.rest_client [req-06c30c23-eefe-40a0-a974-a904eb886c50 req-06c30c23-eefe-40a0-a974-a904eb886c50 ] Request (ListServerFiltersTestJSON:tearDownClass): 200 GET http://10.180.1.21/compute/v2.1/servers/9ac81867-311c-42f3-b38f-67dc10f409c0 0.110s
2025-03-12 08:17:07.221 68498 INFO tempest.lib.common.rest_client [req-0c9c8036-e8a6-4654-a540-4e313db7f2b7 req-0c9c8036-e8a6-4654-a540-4e313db7f2b7 ] Request (ServerDiskConfigTestJSON:test_rebuild_server_with_auto_disk_config): 200 GET http://10.180.1.21/compute/v2.1/servers/38787c7d-a9cf-4ce6-a112-c1ec259697ca 0.076s
2025-03-12 08:17:07.249 68516 INFO tempest.lib.common.rest_client [req-b338f800-9529-4296-a65c-0c5127b76cdb req-b338f800-9529-4296-a65c-0c5127b76cdb ] Request (ImagesOneServerTestJSON:test_create_image_specify_multibyte_character_image_name): 200 GET http://10.180.1.21/compute/v2.1/images/6bfbe66f-7dc2-4c4a-b095-09003f931d3a 0.065s
2025-03-12 08:17:07.322 68494 INFO tempest.lib.common.rest_client [req-16a30b15-d175-432c-a1f7-d8a64f645ea8 req-16a30b15-d175-432c-a1f7-d8a64f645ea8 ] Request (ServersAdminNegativeTestJSON:tearDownClass): 200 GET http://10.180.1.21/compute/v2.1/servers/fcddfd72-a130-4efc-82cb-1fb22d33d684 0.073s
2025-03-12 08:17:07.353 68540 INFO tempest.lib.common.rest_client [req-72464c16-dd69-4961-a30d-9e4c6c377738 req-72464c16-dd69-4961-a30d-9e4c6c377738 ] Request (DeleteServersTestJSON:test_delete_active_server): 200 GET http://10.180.1.21/compute/v2.1/servers/1675982e-0702-482b-9fe6-fd4eb9d83311 0.159s
2025-03-12 08:17:07.363 68540 INFO tempest.common.waiters [-] State transition "BUILD/spawning" ==> "ACTIVE/None" after 81 second wait
2025-03-12 08:17:07.372 68518 INFO tempest.lib.common.rest_client [req-93d9bb4c-d511-4d4e-8ca3-d17cac4f99d2 req-93d9bb4c-d511-4d4e-8ca3-d17cac4f99d2 ] Request (SecurityGroupsTestJSON:test_list_security_groups_by_server): 200 GET http://10.180.1.21/compute/v2.1/servers/b5e15801-301a-4ee6-87d2-bbf749967631 0.075s
2025-03-12 08:17:07.441 68504 INFO tempest.lib.common.rest_client [req-b29b6f09-d7c7-4a8b-adb8-e7669e591e25 req-b29b6f09-d7c7-4a8b-adb8-e7669e591e25 ] Request (DeleteServersAdminTestJSON:test_delete_server_while_in_error_state): 200 GET http://10.180.1.21/compute/v2.1/servers/cf457d43-b939-4284-b84d-9075895e9dda 0.064s
2025-03-12 08:17:07.455 68540 INFO tempest.lib.common.rest_client [req-a6c9b34f-a55f-4336-9dec-6a05e974b7a0 req-a6c9b34f-a55f-4336-9dec-6a05e974b7a0 ] Request (DeleteServersTestJSON:test_delete_active_server): 204 DELETE http://10.180.1.21/compute/v2.1/servers/1675982e-0702-482b-9fe6-fd4eb9d83311 0.091s
2025-03-12 08:17:07.532 68546 INFO tempest.lib.common.rest_client [req-179c29c9-b2cd-4cf7-842b-da3c83379356 req-179c29c9-b2cd-4cf7-842b-da3c83379356 ] Request (ServersAaction247Test:tearDownClass): 200 GET http://10.180.1.21/compute/v2.1/servers/6113feaf-5c21-49c3-9c19-ea10b60786d3 0.090s
2025-03-12 08:17:07.562 68521 INFO tempest.lib.common.rest_client [req-0fe42197-2ab5-4ec4-86cd-4b01e3bdffa0 req-0fe42197-2ab5-4ec4-86cd-4b01e3bdffa0 ] Request (InstanceActionsTestJSON:setUpClass): 200 GET http://10.180.1.21/compute/v2.1/servers/a4a88f10-937a-4fa6-aa15-eb7f669e77d0 0.114s
2025-03-12 08:17:07.617 68542 INFO tempest.lib.common.rest_client [req-ddccc252-9ddc-4eab-bf8e-e85a003e51ad req-ddccc252-9ddc-4eab-bf8e-e85a003e51ad ] Request (ServerGroupTestJSON:test_create_server_with_scheduler_hint_group): 200 GET http://10.180.1.21/compute/v2.1/servers/71243775-e8df-4cc5-85c9-d64a244b4426 0.094s
2025-03-12 08:17:07.627 68540 INFO tempest.lib.common.rest_client [req-5acdf88a-783f-4c09-8fa4-035c92ff146e req-5acdf88a-783f-4c09-8fa4-035c92ff146e ] Request (DeleteServersTestJSON:test_delete_active_server): 200 GET http://10.180.1.21/compute/v2.1/servers/1675982e-0702-482b-9fe6-fd4eb9d83311 0.171s
2025-03-12 08:17:07.668 68525 INFO tempest.lib.common.rest_client [req-42c31e7e-437a-49a1-8517-3e0d81168d1e req-42c31e7e-437a-49a1-8517-3e0d81168d1e ] Request (AttachInterfacesTestJSON:test_create_list_show_delete_interfaces_by_fixed_ip): 200 GET http://10.180.1.21/compute/v2.1/servers/580e6909-7d05-447a-a378-f0b8b71f059a 0.128s
2025-03-12 08:17:07.675 68544 INFO tempest.lib.common.rest_client [req-aa4c4327-488e-43ad-b17e-37de3ff1555f req-aa4c4327-488e-43ad-b17e-37de3ff1555f ] Request (ImagesTestJSON:test_create_image_from_stopped_server): 200 GET http://10.180.1.21/compute/v2.1/servers/9d2b3670-ef8a-477a-b876-7a8fe37fa065 0.082s
2025-03-12 08:17:07.715 68502 INFO tempest.lib.common.rest_client [req-117afed2-193f-4617-b246-1fb85185ffae req-117afed2-193f-4617-b246-1fb85185ffae ] Request (ServersTestBootFromVolume:setUpClass): 200 GET http://10.180.1.21/compute/v2.1/servers/0552d616-a406-4dfa-8a70-82f39fb98bbc 0.053s
2025-03-12 08:17:07.789 68496 INFO tempest.lib.common.rest_client [req-92aa83d8-1ae9-4d77-9f09-661ae919ecff req-92aa83d8-1ae9-4d77-9f09-661ae919ecff ] Request (ImagesOneServerNegativeTestJSON:setUpClass): 200 GET http://10.180.1.21/compute/v2.1/servers/3d03e0b7-0469-4041-a7d5-7768326eb3b5 0.056s
2025-03-12 08:17:07.819 68532 INFO tempest.lib.common.rest_client [req-b3ad261a-4d23-4e83-9a28-1bfd312f9a5d req-b3ad261a-4d23-4e83-9a28-1bfd312f9a5d ] Request (ServersNegativeTestJSON:setUpClass): 200 GET http://10.180.1.21/compute/v2.1/servers/58c15727-79ae-404f-a054-d71e3be498cc 0.125s
2025-03-12 08:17:07.839 68514 INFO tempest.lib.common.rest_client [req-bdcfa68a-4b84-48d8-a325-4029fd459f03 req-bdcfa68a-4b84-48d8-a325-4029fd459f03 ] Request (AttachInterfacesUnderV243Test:test_add_remove_fixed_ip): 200 GET http://10.180.1.21/compute/v2.1/servers/e089c20e-b788-4e6c-9bd2-9ad485305582 0.062s
2025-03-12 08:17:07.881 68512 INFO tempest.lib.common.rest_client [req-be94bd22-e15e-46ef-9601-89af2e618014 req-be94bd22-e15e-46ef-9601-89af2e618014 ] Request (ListServersNegativeTestJSON:tearDownClass): 200 GET http://10.180.1.21/compute/v2.1/servers/63e0fc9e-5182-4781-b007-69e2134718df 0.058s
