2025-03-12 08:15:04.071 68506 INFO tempest.lib.common.dynamic_creds [-] Created isolated network resources for: credentials: Credentials: {'domain_id': 'default', 'domain_name': 'Default', 'username': 'tempest-ServerDiagnosticsV248Test-1809217421-project-member', 'project_domain_id': 'default', 'project_domain_name': 'Default', 'project_id': '0154b85d80aa4888887ae90be9f3a1a2', 'project_name': 'tempest-ServerDiagnosticsV248Test-1809217421', 'tenant_id': '0154b85d80aa4888887ae90be9f3a1a2', 'tenant_name': 'tempest-ServerDiagnosticsV248Test-1809217421', 'user_domain_id': 'default', 'user_domain_name': 'Default', 'user_id': 'e0f1b476d9c34decacd760071656e7cd', 'system': None}, Network: None, Subnet: None, Router: None
2025-03-12 08:15:04.085 68512 INFO tempest.lib.common.rest_client [req-9b79f309-46c1-47a8-9668-c51ac96508bd req-9b79f309-46c1-47a8-9668-c51ac96508bd ] Request (AZV2TestJSON:test_get_availability_zone_list_with_non_admin_user): 200 GET http://10.180.1.21/compute/v2.1/os-availability-zone 1.577s
2025-03-12 08:15:04.105 68536 INFO tempest.lib.common.rest_client [req-816bfce8-58f2-4622-aac0-8ea1629fca4e req-816bfce8-58f2-4622-aac0-8ea1629fca4e ] Request (SecurityGroupsNegativeTestJSON:test_security_group_get_nonexistent_group): 404 GET http://10.180.1.21/compute/v2.1/os-security-groups/057a9d80-0c33-46e1-ad1d-2e51a386cf79 1.522s
2025-03-12 08:15:04.153 68506 INFO tempest.lib.common.rest_client [req-9ccb600f-e275-4723-b9c6-17e2db3cb710 req-9ccb600f-e275-4723-b9c6-17e2db3cb710 ] Request (ServerDiagnosticsV248Test:setUpClass): 201 POST http://10.180.1.21/identity/v3/auth/tokens 0.074s
2025-03-12 08:15:04.181 68525 INFO tempest.lib.common.rest_client [req-dddd25f8-e5ba-4cc8-bf80-821cc0c2df6f req-dddd25f8-e5ba-4cc8-bf80-821cc0c2df6f ] Request (TenantUsagesTestJSON:setUpClass): 200 GET http://10.180.1.21/compute/v2.1/servers/71dd4921-5859-421f-9e31-e9800adc9e3c 1.384s
2025-03-12 08:15:04.183 68504 INFO tempest.lib.common.rest_client [req-358dcc24-5525-4db9-a49b-226f8120d2bb req-358dcc24-5525-4db9-a49b-226f8120d2bb ] Request (DeleteServersAdminTestJSON:test_admin_delete_servers_of_others): 200 GET http://10.180.1.21/compute/v2.1/servers/471e8a27-ed87-461a-b817-cd5ad208dd10 1.340s
2025-03-12 08:15:04.186 68506 INFO tempest.lib.common.rest_client [req-ea8f5db8-76c1-40a4-bedd-918b0fbc4d9b req-ea8f5db8-76c1-40a4-bedd-918b0fbc4d9b ] Request (ServerDiagnosticsV248Test:setUpClass): 201 POST http://10.180.1.21/identity/v3/projects 0.032s
2025-03-12 08:15:04.191 68525 INFO tempest.common.waiters [-] State transition "BUILD/None" ==> "BUILD/networking" after 6 second wait
2025-03-12 08:15:04.204 68512 INFO tempest.lib.common.rest_client [req-31ca76cd-8d54-4666-b524-e01129c087ea req-31ca76cd-8d54-4666-b524-e01129c087ea ] Request (AZV2TestJSON:tearDownClass): 204 DELETE http://10.180.1.21/identity/v3/users/359c94d1bbe146caaf4d9fc62aa186c3 0.115s
2025-03-12 08:15:04.204 68512 INFO tempest.lib.common.dynamic_creds [-] Deleting project and security group for project: 16d9f5a3069f48d582c3748b4481184b
2025-03-12 08:15:04.255 68526 INFO tempest.lib.common.rest_client [req-e654ad2d-7460-4783-8335-17ebd458bdbb req-e654ad2d-7460-4783-8335-17ebd458bdbb ] Request (VolumesAssistedSnapshotsTest:test_volume_assisted_snapshot_create_delete): 201 POST http://10.180.1.21:9696/networking/v2.0/security-group-rules 0.186s
2025-03-12 08:15:04.346 68512 INFO tempest.lib.common.rest_client [req-6ed7b733-3eaf-4a54-9fbf-eb36de781638 req-6ed7b733-3eaf-4a54-9fbf-eb36de781638 ] Request (AZV2TestJSON:tearDownClass): 201 POST http://10.180.1.21/identity/v3/auth/tokens 0.141s
2025-03-12 08:15:04.357 68506 INFO tempest.lib.common.rest_client [req-10de4219-298f-4216-83fb-fa62cf42153f req-10de4219-298f-4216-83fb-fa62cf42153f ] Request (ServerDiagnosticsV248Test:setUpClass): 201 POST http://10.180.1.21/identity/v3/users 0.170s
2025-03-12 08:15:04.386 68506 INFO tempest.lib.common.rest_client [req-8d5e95dd-8814-4cb8-b513-be510b22683e req-8d5e95dd-8814-4cb8-b513-be510b22683e ] Request (ServerDiagnosticsV248Test:setUpClass): 200 GET http://10.180.1.21/identity/v3/roles 0.028s
2025-03-12 08:15:04.416 68555 INFO tempest.lib.common.rest_client [req-a7b5e6ee-8076-4cb7-8120-6eda6ceeb385 req-a7b5e6ee-8076-4cb7-8120-6eda6ceeb385 ] Request (ListServerFiltersTestJSON:setUpClass): 200 GET http://10.180.1.21/compute/v2.1/servers/14c8e8e6-5d7f-45b4-8a84-d5951c38573f 1.195s
2025-03-12 08:15:04.416 68526 INFO tempest.lib.common.rest_client [req-ead0dd73-c091-40fc-a28b-00e787dc12de req-ead0dd73-c091-40fc-a28b-00e787dc12de ] Request (VolumesAssistedSnapshotsTest:test_volume_assisted_snapshot_create_delete): 201 POST http://10.180.1.21:9696/networking/v2.0/security-group-rules 0.161s
2025-03-12 08:15:04.423 68506 INFO tempest.lib.common.rest_client [req-71834ebd-4529-4863-b2cd-cb10f069c14e req-71834ebd-4529-4863-b2cd-cb10f069c14e ] Request (ServerDiagnosticsV248Test:setUpClass): 204 PUT http://10.180.1.21/identity/v3/projects/9f5c2422ea08498ba1af71f6dee252ae/users/1c5db55a27924b2895db81490a04e3fe/roles/fc39485e7c824a61b7e9a605a58e506a 0.037s
2025-03-12 08:15:04.483 68506 INFO tempest.lib.common.rest_client [req-cfe649f1-a44e-4987-ba8a-045d19823f23 req-cfe649f1-a44e-4987-ba8a-045d19823f23 ] Request (ServerDiagnosticsV248Test:setUpClass): 200 GET http://10.180.1.21/identity/v3/roles 0.059s
2025-03-12 08:15:04.489 68494 INFO tempest.lib.common.rest_client [req-d72ffd6e-b4d9-4c1d-8795-f542690a3fb5 req-d72ffd6e-b4d9-4c1d-8795-f542690a3fb5 ] Request (ServersAdminNegativeTestJSON:setUpClass): 200 GET http://10.180.1.21/compute/v2.1/servers/4f4dc254-8e4f-4c5f-a2a8-eef6230825c6 1.216s
2025-03-12 08:15:04.518 68506 INFO tempest.lib.common.rest_client [req-ce32d2db-da77-4519-a902-c525c7189864 req-ce32d2db-da77-4519-a902-c525c7189864 ] Request (ServerDiagnosticsV248Test:setUpClass): 204 PUT http://10.180.1.21/identity/v3/projects/9f5c2422ea08498ba1af71f6dee252ae/users/1c5db55a27924b2895db81490a04e3fe/roles/fc39485e7c824a61b7e9a605a58e506a 0.035s
2025-03-12 08:15:04.519 68506 INFO tempest.lib.common.dynamic_creds [-] Dynamic test user 1c5db55a27924b2895db81490a04e3fe is created with scope project and roles: ['admin']
2025-03-12 08:15:04.519 68506 INFO tempest.lib.common.dynamic_creds [-] Acquired dynamic creds: credentials: Credentials: {'domain_id': 'default', 'domain_name': 'Default', 'username': 'tempest-ServerDiagnosticsV248Test-317965423-project-admin', 'project_domain_id': 'default', 'project_domain_name': 'Default', 'project_id': '9f5c2422ea08498ba1af71f6dee252ae', 'project_name': 'tempest-ServerDiagnosticsV248Test-317965423', 'tenant_id': '9f5c2422ea08498ba1af71f6dee252ae', 'tenant_name': 'tempest-ServerDiagnosticsV248Test-317965423', 'user_domain_id': 'default', 'user_domain_name': 'Default', 'user_id': '1c5db55a27924b2895db81490a04e3fe', 'system': None}, Network: None, Subnet: None, Router: None
2025-03-12 08:15:04.519 68506 INFO tempest.lib.common.dynamic_creds [-] Created isolated network resources for: credentials: Credentials: {'domain_id': 'default', 'domain_name': 'Default', 'username': 'tempest-ServerDiagnosticsV248Test-317965423-project-admin', 'project_domain_id': 'default', 'project_domain_name': 'Default', 'project_id': '9f5c2422ea08498ba1af71f6dee252ae', 'project_name': 'tempest-ServerDiagnosticsV248Test-317965423', 'tenant_id': '9f5c2422ea08498ba1af71f6dee252ae', 'tenant_name': 'tempest-ServerDiagnosticsV248Test-317965423', 'user_domain_id': 'default', 'user_domain_name': 'Default', 'user_id': '1c5db55a27924b2895db81490a04e3fe', 'system': None}, Network: None, Subnet: None, Router: None
2025-03-12 08:15:04.577 68548 INFO tempest.lib.common.rest_client [req-227b5fb7-5305-4271-b07d-f5d298aa6edf req-227b5fb7-5305-4271-b07d-f5d298aa6edf ] Request (ServersListShow2100Test:test_list_show_rebuild_update_server_2100): 202 POST http://10.180.1.21/compute/v2.1/servers 1.492s
2025-03-12 08:15:04.615 68506 INFO tempest.lib.common.rest_client [req-1478481b-5189-449a-9114-5efc228c2664 req-1478481b-5189-449a-9114-5efc228c2664 ] Request (ServerDiagnosticsV248Test:setUpClass): 201 POST http://10.180.1.21/identity/v3/auth/tokens 0.093s
2025-03-12 08:15:04.700 68506 INFO tempest.lib.common.rest_client [req-75f6809b-159c-4195-9a0f-9f6fc6985f1d req-75f6809b-159c-4195-9a0f-9f6fc6985f1d ] Request (ServerDiagnosticsV248Test:test_get_server_diagnostics): 201 POST http://10.180.1.21/identity/v3/auth/tokens 0.077s
2025-03-12 08:15:04.700 68506 INFO tempest.lib.common.fixed_network [-] (ServerDiagnosticsV248Test:test_get_server_diagnostics) Found network None available for tenant
2025-03-12 08:15:04.716 68510 INFO tempest.lib.common.rest_client [req-1e68e068-11a7-4f99-8b61-73ab27777953 req-1e68e068-11a7-4f99-8b61-73ab27777953 ] Request (FloatingIPDetailsTestJSON:test_list_floating_ips): 200 GET http://10.180.1.21/compute/v2.1/os-floating-ips 1.430s
2025-03-12 08:15:04.754 68540 INFO tempest.lib.common.rest_client [req-fa502a28-ded7-440c-b5ed-a73e346a5f29 req-fa502a28-ded7-440c-b5ed-a73e346a5f29 ] Request (FlavorsV261TestJSON:test_crud_flavor): 200 GET http://10.180.1.21/compute/v2.1/flavors 1.179s
2025-03-12 08:15:04.795 68552 INFO tempest.lib.common.rest_client [req-17eff65f-547f-41aa-ad4f-7ec0757db4bc req-17eff65f-547f-41aa-ad4f-7ec0757db4bc ] Request (InstanceActionsV221TestJSON:setUpClass): 200 PUT http://10.180.1.21:9696/networking/v2.0/routers/7bfc5062-794e-4b59-b0eb-a67c184bc888/add_router_interface 1.510s
2025-03-12 08:15:04.796 68552 INFO tempest.lib.common.dynamic_creds [-] Created isolated network resources for: credentials: Credentials: {'domain_id': 'default', 'domain_name': 'Default', 'username': 'tempest-InstanceActionsV221TestJSON-830674348-project-member', 'project_domain_id': 'default', 'project_domain_name': 'Default', 'project_id': 'a7f44d56bcd7463093ba85df1def7774', 'project_name': 'tempest-InstanceActionsV221TestJSON-830674348', 'tenant_id': 'a7f44d56bcd7463093ba85df1def7774', 'tenant_name': 'tempest-InstanceActionsV221TestJSON-830674348', 'user_domain_id': 'default', 'user_domain_name': 'Default', 'user_id': 'fbe6e6d71c634dc3acea422e3b7d434a', 'system': None}, Network: {'id': 'eb95ccfc-660f-4f27-ad54-441ed72afe53', 'name': 'tempest-InstanceActionsV221TestJSON-1612882946-network', 'tenant_id': 'a7f44d56bcd7463093ba85df1def7774', 'admin_state_up': True, 'mtu': 8950, 'status': 'ACTIVE', 'subnets': [], 'shared': False, 'project_id': 'a7f44d56bcd7463093ba85df1def7774', 'port_security_enabled': True, 'router:external': False, 'provider:network_type': 'vlan', 'provider:physical_network': 'default', 'provider:segmentation_id': 120, 'availability_zone_hints': [], 'availability_zones': [], 'ipv4_address_scope': None, 'ipv6_address_scope': None, 'description': '', 'tags': [], 'created_at': '2025-03-12T08:15:02Z', 'updated_at': '2025-03-12T08:15:02Z', 'revision_number': 1}, Subnet: {'id': '2fe12771-fa3d-4cc6-8c96-c81daeb62a44', 'name': 'tempest-InstanceActionsV221TestJSON-1612882946-subnet', 'tenant_id': 'a7f44d56bcd7463093ba85df1def7774', 'network_id': 'eb95ccfc-660f-4f27-ad54-441ed72afe53', 'ip_version': 4, 'subnetpool_id': None, 'enable_dhcp': True, 'ipv6_ra_mode': None, 'ipv6_address_mode': None, 'gateway_ip': '192.168.128.1', 'cidr': '192.168.128.0/28', 'allocation_pools': [{'start': '192.168.128.2', 'end': '192.168.128.14'}], 'host_routes': [], 'dns_nameservers': [], 'description': '', 'router:external': False, 'service_types': [], 'tags': [], 'created_at': '2025-03-12T08:15:02Z', 'updated_at': '2025-03-12T08:15:02Z', 'revision_number': 0, 'project_id': 'a7f44d56bcd7463093ba85df1def7774'}, Router: {'id': '7bfc5062-794e-4b59-b0eb-a67c184bc888', 'name': 'tempest-InstanceActionsV221TestJSON-1612882946-router', 'tenant_id': 'a7f44d56bcd7463093ba85df1def7774', 'admin_state_up': True, 'status': 'ACTIVE', 'external_gateway_info': {'network_id': '53b86599-0aeb-4ad0-b34d-6e1948a1a8e0', 'external_fixed_ips': [{'subnet_id': 'd2a001bc-59b8-4d66-b8f0-e1fbbfe77898', 'ip_address': '10.180.180.241'}], 'enable_snat': True}, 'description': '', 'availability_zones': [], 'distributed': False, 'ha': False, 'availability_zone_hints': [], 'routes': [], 'flavor_id': None, 'tags': [], 'created_at': '2025-03-12T08:15:02Z', 'updated_at': '2025-03-12T08:15:03Z', 'revision_number': 2, 'project_id': 'a7f44d56bcd7463093ba85df1def7774'}
2025-03-12 08:15:04.884 68552 INFO tempest.lib.common.rest_client [req-90e73f36-98b7-4f70-a260-293ebf518a4b req-90e73f36-98b7-4f70-a260-293ebf518a4b ] Request (InstanceActionsV221TestJSON:setUpClass): 201 POST http://10.180.1.21/identity/v3/auth/tokens 0.085s
2025-03-12 08:15:04.917 68552 INFO tempest.lib.common.rest_client [req-912ebcf4-21e6-49f3-9880-3e6bff3c755c req-912ebcf4-21e6-49f3-9880-3e6bff3c755c ] Request (InstanceActionsV221TestJSON:test_get_list_deleted_instance_actions): 201 POST http://10.180.1.21/identity/v3/auth/tokens 0.028s
2025-03-12 08:15:04.918 68552 INFO tempest.lib.common.fixed_network [-] (InstanceActionsV221TestJSON:test_get_list_deleted_instance_actions) Found network {'id': 'eb95ccfc-660f-4f27-ad54-441ed72afe53', 'name': 'tempest-InstanceActionsV221TestJSON-1612882946-network', 'tenant_id': 'a7f44d56bcd7463093ba85df1def7774', 'admin_state_up': True, 'mtu': 8950, 'status': 'ACTIVE', 'subnets': [], 'shared': False, 'project_id': 'a7f44d56bcd7463093ba85df1def7774', 'port_security_enabled': True, 'router:external': False, 'provider:network_type': 'vlan', 'provider:physical_network': 'default', 'provider:segmentation_id': 120, 'availability_zone_hints': [], 'availability_zones': [], 'ipv4_address_scope': None, 'ipv6_address_scope': None, 'description': '', 'tags': [], 'created_at': '2025-03-12T08:15:02Z', 'updated_at': '2025-03-12T08:15:02Z', 'revision_number': 1} available for tenant
2025-03-12 08:15:04.934 68512 INFO tempest.lib.common.rest_client [req-d2801793-cdce-400a-b841-55fb824b5879 req-d2801793-cdce-400a-b841-55fb824b5879 ] Request (AZV2TestJSON:tearDownClass): 200 GET http://10.180.1.21:9696/networking/v2.0/security-groups?tenant_id=16d9f5a3069f48d582c3748b4481184b&name=default 0.588s
2025-03-12 08:15:05.010 68512 INFO tempest.lib.common.rest_client [req-5a996bc0-88fa-4006-90a7-68fd0ae7f855 req-5a996bc0-88fa-4006-90a7-68fd0ae7f855 ] Request (AZV2TestJSON:tearDownClass): 204 DELETE http://10.180.1.21:9696/networking/v2.0/security-groups/42731933-4bfb-4379-9a3b-28c31ea76ae6 0.076s
2025-03-12 08:15:05.128 68512 INFO tempest.lib.common.rest_client [req-290521a4-4cee-43a3-8a5b-9f88b7c43599 req-290521a4-4cee-43a3-8a5b-9f88b7c43599 ] Request (AZV2TestJSON:tearDownClass): 204 DELETE http://10.180.1.21/identity/v3/projects/16d9f5a3069f48d582c3748b4481184b 0.117s
2025-03-12 08:15:05.188 68512 INFO tempest.lib.common.rest_client [req-c5cf3572-3a95-46d4-8b8f-44aad09adc7a req-c5cf3572-3a95-46d4-8b8f-44aad09adc7a ] Request (ListServersNegativeTestJSON:setUpClass): 201 POST http://10.180.1.21/identity/v3/auth/tokens 0.057s
2025-03-12 08:15:05.220 68512 INFO tempest.lib.common.rest_client [req-0db56434-2dcf-4e50-b896-5e465989d15c req-0db56434-2dcf-4e50-b896-5e465989d15c ] Request (ListServersNegativeTestJSON:setUpClass): 201 POST http://10.180.1.21/identity/v3/auth/tokens 0.028s
2025-03-12 08:15:05.248 68512 INFO tempest.lib.common.rest_client [req-dba5ec75-a42f-462b-9a70-511d0ebe0b89 req-dba5ec75-a42f-462b-9a70-511d0ebe0b89 ] Request (ListServersNegativeTestJSON:setUpClass): 200 GET http://10.180.1.21/identity/v3/domains?name=Default 0.027s
2025-03-12 08:15:05.281 68512 INFO tempest.lib.common.rest_client [req-23cd325f-cf55-4e04-b840-cb09b9ef41e7 req-23cd325f-cf55-4e04-b840-cb09b9ef41e7 ] Request (ListServersNegativeTestJSON:setUpClass): 201 POST http://10.180.1.21/identity/v3/projects 0.031s
2025-03-12 08:15:05.354 68512 INFO tempest.lib.common.rest_client [req-aa403f38-b3c1-493f-8060-2fdd7f4d0d67 req-aa403f38-b3c1-493f-8060-2fdd7f4d0d67 ] Request (ListServersNegativeTestJSON:setUpClass): 201 POST http://10.180.1.21/identity/v3/users 0.072s
2025-03-12 08:15:05.378 68512 INFO tempest.lib.common.rest_client [req-85bec148-3009-4605-a051-4e17ec89162c req-85bec148-3009-4605-a051-4e17ec89162c ] Request (ListServersNegativeTestJSON:setUpClass): 200 GET http://10.180.1.21/identity/v3/roles 0.024s
2025-03-12 08:15:05.407 68512 INFO tempest.lib.common.rest_client [req-6b930015-233d-4906-aef7-26298491413e req-6b930015-233d-4906-aef7-26298491413e ] Request (ListServersNegativeTestJSON:setUpClass): 204 PUT http://10.180.1.21/identity/v3/projects/734fb9662f984c239bc1648eb0033ff4/users/348bde8560e04eee89f39a3a842e173b/roles/9dc7b5c168114a7e83ca11a631099c4d 0.028s
2025-03-12 08:15:05.407 68512 INFO tempest.lib.common.dynamic_creds [-] Dynamic test user 348bde8560e04eee89f39a3a842e173b is created with scope project and roles: ['member']
2025-03-12 08:15:05.408 68512 INFO tempest.lib.common.dynamic_creds [-] Acquired dynamic creds: credentials: Credentials: {'domain_id': 'default', 'domain_name': 'Default', 'username': 'tempest-ListServersNegativeTestJSON-121190661-project-member', 'project_domain_id': 'default', 'project_domain_name': 'Default', 'project_id': '734fb9662f984c239bc1648eb0033ff4', 'project_name': 'tempest-ListServersNegativeTestJSON-121190661', 'tenant_id': '734fb9662f984c239bc1648eb0033ff4', 'tenant_name': 'tempest-ListServersNegativeTestJSON-121190661', 'user_domain_id': 'default', 'user_domain_name': 'Default', 'user_id': '348bde8560e04eee89f39a3a842e173b', 'system': None}, Network: None, Subnet: None, Router: None
2025-03-12 08:15:05.463 68512 INFO tempest.lib.common.rest_client [req-6e6ba2c9-c953-41d2-a094-e75c76e159a6 req-6e6ba2c9-c953-41d2-a094-e75c76e159a6 ] Request (ListServersNegativeTestJSON:setUpClass): 201 POST http://10.180.1.21/identity/v3/auth/tokens 0.055s
2025-03-12 08:15:05.624 68526 INFO tempest.lib.common.rest_client [req-f0872762-1131-4a18-847f-6c2e1308e692 req-f0872762-1131-4a18-847f-6c2e1308e692 ] Request (VolumesAssistedSnapshotsTest:test_volume_assisted_snapshot_create_delete): 201 POST http://10.180.1.21:9696/networking/v2.0/floatingips 1.207s
2025-03-12 08:15:05.688 68526 INFO tempest.lib.common.rest_client [req-2e60cfd8-35f0-48bf-8baf-5e819df30001 req-2e60cfd8-35f0-48bf-8baf-5e819df30001 ] Request (VolumesAssistedSnapshotsTest:test_volume_assisted_snapshot_create_delete): 201 POST http://10.180.1.21/identity/v3/auth/tokens 0.059s
2025-03-12 08:15:05.689 68526 INFO tempest.lib.common.fixed_network [-] (VolumesAssistedSnapshotsTest:test_volume_assisted_snapshot_create_delete) Found network {'id': 'a4ff5577-8c9a-49e8-89d7-e86362ebdaa3', 'name': 'tempest-VolumesAssistedSnapshotsTest-93198499-network', 'tenant_id': 'aa6ecdf4d8874a98bd3db5fc64456622', 'admin_state_up': True, 'mtu': 8950, 'status': 'ACTIVE', 'subnets': [], 'shared': False, 'project_id': 'aa6ecdf4d8874a98bd3db5fc64456622', 'port_security_enabled': True, 'router:external': False, 'provider:network_type': 'vlan', 'provider:physical_network': 'default', 'provider:segmentation_id': 363, 'availability_zone_hints': [], 'availability_zones': [], 'ipv4_address_scope': None, 'ipv6_address_scope': None, 'description': '', 'tags': [], 'created_at': '2025-03-12T08:14:49Z', 'updated_at': '2025-03-12T08:14:49Z', 'revision_number': 1} available for tenant
2025-03-12 08:15:05.703 68512 INFO tempest.lib.common.rest_client [req-ad52014e-45d2-419a-963b-e58adea1b401 req-ad52014e-45d2-419a-963b-e58adea1b401 ] Request (ListServersNegativeTestJSON:setUpClass): 201 POST http://10.180.1.21:9696/networking/v2.0/networks 0.240s
2025-03-12 08:15:05.835 68516 INFO tempest.lib.common.rest_client [req-ede6cfa4-a4fd-4b89-8e92-dfc3e1c4cb9c req-ede6cfa4-a4fd-4b89-8e92-dfc3e1c4cb9c ] Request (FloatingIPsTestJSON:test_delete_floating_ip): 200 POST http://10.180.1.21/compute/v2.1/os-floating-ips 2.301s
2025-03-12 08:15:05.848 68512 INFO tempest.lib.common.rest_client [req-3b7c1103-52a1-4481-87f7-07bf6f7e0ed6 req-3b7c1103-52a1-4481-87f7-07bf6f7e0ed6 ] Request (ListServersNegativeTestJSON:setUpClass): 201 POST http://10.180.1.21:9696/networking/v2.0/subnets 0.145s
2025-03-12 08:15:05.857 68534 INFO tempest.lib.common.rest_client [req-a4c42f16-f2c9-4db5-87d0-3945bc36a4ea req-a4c42f16-f2c9-4db5-87d0-3945bc36a4ea ] Request (HypervisorAdminTestJSON:test_get_hypervisor_stats): 200 GET http://10.180.1.21/compute/v2.1/os-hypervisors/statistics 2.259s
2025-03-12 08:15:05.890 68522 INFO tempest.lib.common.rest_client [req-31071ec5-83e8-4335-9520-c29381909545 req-31071ec5-83e8-4335-9520-c29381909545 ] Request (ServersWithSpecificFlavorTestJSON:test_verify_created_server_ephemeral_disk): 200 POST http://10.180.1.21/compute/v2.1/flavors/401513634/os-extra_specs 2.286s
2025-03-12 08:15:05.952 68534 INFO tempest.lib.common.rest_client [req-d882c087-8600-440b-9512-1fff7d860d4d req-d882c087-8600-440b-9512-1fff7d860d4d ] Request (HypervisorAdminTestJSON:tearDownClass): 204 DELETE http://10.180.1.21/identity/v3/users/2c4def48a5704d36863c6e86720d616b 0.092s
2025-03-12 08:15:06.004 68544 INFO tempest.lib.common.rest_client [req-c14351c9-8196-4964-94d5-4d9c88a9e8b3 req-c14351c9-8196-4964-94d5-4d9c88a9e8b3 ] Request (AggregatesAdminNegativeTestJSON:_run_cleanups): 200 POST http://10.180.1.21/compute/v2.1/os-aggregates/1/action 2.370s
2025-03-12 08:15:06.026 68500 INFO tempest.lib.common.rest_client [req-c4522831-f3b7-48c7-bf3d-34adafcf9654 req-c4522831-f3b7-48c7-bf3d-34adafcf9654 ] Request (FlavorsAccessTestJSON:_run_cleanups): 202 DELETE http://10.180.1.21/compute/v2.1/flavors/2103463999 2.390s
2025-03-12 08:15:06.104 68542 INFO tempest.lib.common.rest_client [req-5605dfdc-a69a-4ad1-a525-24fd99f530f6 req-5605dfdc-a69a-4ad1-a525-24fd99f530f6 ] Request (ServerDiagnosticsNegativeTest:test_get_server_diagnostics_by_non_admin): 200 GET http://10.180.1.21/compute/v2.1/servers/7056fb29-2a2f-4275-a411-4d5f3fcb421f 2.426s
2025-03-12 08:15:06.107 68534 INFO tempest.lib.common.rest_client [req-9272e4c3-2cc6-4ba1-97ef-ca0557a98b18 req-9272e4c3-2cc6-4ba1-97ef-ca0557a98b18 ] Request (HypervisorAdminTestJSON:tearDownClass): 204 DELETE http://10.180.1.21/identity/v3/users/06d1170e79bd42ac914c36fe5a398721 0.154s
2025-03-12 08:15:06.107 68534 INFO tempest.lib.common.dynamic_creds [-] Deleting project and security group for project: 8ddcb48b343942f89ef5812c8cdfddcd
2025-03-12 08:15:06.166 68538 INFO tempest.lib.common.rest_client [req-9a26909d-beb5-4abe-94b8-62437889e050 req-9a26909d-beb5-4abe-94b8-62437889e050 ] Request (ServerExternalEventsTest:test_create_server_external_events): 200 GET http://10.180.1.21/compute/v2.1/servers/b0b21c65-ef3d-4492-a6b2-d2321a3dacde 2.425s
2025-03-12 08:15:06.193 68534 INFO tempest.lib.common.rest_client [req-a10294dc-3d11-445a-beb1-eae4c16b1c1d req-a10294dc-3d11-445a-beb1-eae4c16b1c1d ] Request (HypervisorAdminTestJSON:tearDownClass): 201 POST http://10.180.1.21/identity/v3/auth/tokens 0.084s
2025-03-12 08:15:06.358 68502 INFO tempest.lib.common.rest_client [req-830c7850-989f-45cb-913a-54b0062349f1 req-830c7850-989f-45cb-913a-54b0062349f1 ] Request (SecurityGroupsTestAdminJSON:test_list_security_groups_list_all_tenants_filter): 200 GET http://10.180.1.21/compute/v2.1/os-security-groups?all_tenants=true 2.781s
2025-03-12 08:15:06.366 68550 INFO tempest.lib.common.rest_client [req-966c8efb-5c1d-4aa4-bb0d-ddb24898e203 req-966c8efb-5c1d-4aa4-bb0d-ddb24898e203 ] Request (ServerShowV247Test:test_show_server): 200 GET http://10.180.1.21/compute/v2.1/servers/00d2302b-84d4-42d8-94c7-caf45b925ddf 2.487s
2025-03-12 08:15:06.392 68528 INFO tempest.lib.common.rest_client [req-3b7027aa-404b-46d0-a7a9-6fa53eae9c09 req-3b7027aa-404b-46d0-a7a9-6fa53eae9c09 ] Request (FlavorsV255TestJSON:test_crud_flavor): 200 GET http://10.180.1.21/compute/v2.1/flavors/detail 2.505s
2025-03-12 08:15:06.404 68534 INFO tempest.lib.common.rest_client [req-4a718de7-6242-41ed-9e46-116605e23d59 req-4a718de7-6242-41ed-9e46-116605e23d59 ] Request (HypervisorAdminTestJSON:tearDownClass): 200 GET http://10.180.1.21:9696/networking/v2.0/security-groups?tenant_id=8ddcb48b343942f89ef5812c8cdfddcd&name=default 0.210s
2025-03-12 08:15:06.425 68496 INFO tempest.lib.common.rest_client [req-7f1d3115-5251-4343-a111-beaae8d1cc82 req-7f1d3115-5251-4343-a111-beaae8d1cc82 ] Request (FlavorsAdminTestJSON:_run_cleanups): 202 DELETE http://10.180.1.21/compute/v2.1/flavors/1556480679 2.502s
2025-03-12 08:15:06.445 68514 INFO tempest.lib.common.rest_client [req-9449993d-febf-48ce-a487-c50336243e9d req-9449993d-febf-48ce-a487-c50336243e9d ] Request (ImagesMetadataNegativeTestJSON:test_list_nonexistent_image_metadata): 404 GET http://10.180.1.21/compute/v2.1/images/5ce96ffe-8ed3-45e9-b4e0-08637708dad5/metadata 2.502s
2025-03-12 08:15:06.464 68550 INFO tempest.lib.common.rest_client [req-cf243494-b728-4a32-9fdb-f00c40d18d7b req-cf243494-b728-4a32-9fdb-f00c40d18d7b ] Request (ServerShowV247Test:test_update_rebuild_list_server): 201 POST http://10.180.1.21/identity/v3/auth/tokens 0.084s
2025-03-12 08:15:06.464 68550 INFO tempest.lib.common.fixed_network [-] (ServerShowV247Test:test_update_rebuild_list_server) Found network None available for tenant
2025-03-12 08:15:06.473 68546 INFO tempest.lib.common.rest_client [req-251d0893-16ff-497c-9bf8-3ee8dbc3ce54 req-251d0893-16ff-497c-9bf8-3ee8dbc3ce54 ] Request (FlavorsExtraSpecsTestJSON:test_flavor_set_get_update_show_unset_keys): 200 POST http://10.180.1.21/compute/v2.1/flavors/1628191062/os-extra_specs 2.508s
2025-03-12 08:15:06.500 68556 INFO tempest.lib.common.rest_client [req-ed2e04ff-fc7b-41ab-8dde-6c471664bff5 req-ed2e04ff-fc7b-41ab-8dde-6c471664bff5 ] Request (KeyPairsV210TestJSON:_run_cleanups): 204 DELETE http://10.180.1.21/compute/v2.1/os-keypairs/tempest-KeyPairsV210TestJSON-keypair-203225768 2.517s
2025-03-12 08:15:06.514 68534 INFO tempest.lib.common.rest_client [req-eb889a5f-dc84-4af2-ae2e-6824d6e55794 req-eb889a5f-dc84-4af2-ae2e-6824d6e55794 ] Request (HypervisorAdminTestJSON:tearDownClass): 204 DELETE http://10.180.1.21:9696/networking/v2.0/security-groups/bb9a0bd6-92c3-47dd-b833-2d19366d58d7 0.110s
2025-03-12 08:15:06.514 68521 INFO tempest.lib.common.rest_client [req-3d4b4b00-157d-4e64-b55d-799b53b4911f req-3d4b4b00-157d-4e64-b55d-799b53b4911f ] Request (QuotasAdminTestJSON:test_get_updated_quotas): 200 PUT http://10.180.1.21/compute/v2.1/os-quota-sets/77d8ba22d4fd40188e5a9b130ea81feb 2.601s
2025-03-12 08:15:06.525 68518 INFO tempest.lib.common.rest_client [req-273866d1-037f-4a43-be70-9476a7d23a03 req-273866d1-037f-4a43-be70-9476a7d23a03 ] Request (FlavorsExtraSpecsNegativeTestJSON:test_flavor_non_admin_update_specific_key): 200 POST http://10.180.1.21/compute/v2.1/flavors/2078299403/os-extra_specs 2.537s
2025-03-12 08:15:06.541 68498 INFO tempest.lib.common.rest_client [req-8407bfe8-abc6-4bf9-812a-4c1188d305f8 req-8407bfe8-abc6-4bf9-812a-4c1188d305f8 ] Request (FlavorsAccessNegativeTestJSON:_run_cleanups): 202 DELETE http://10.180.1.21/compute/v2.1/flavors/657724062 2.467s
2025-03-12 08:15:06.567 68536 INFO tempest.lib.common.rest_client [req-b5437cd8-16db-4607-afae-71aabd53c4f2 req-b5437cd8-16db-4607-afae-71aabd53c4f2 ] Request (SecurityGroupsNegativeTestJSON:test_update_non_existent_security_group): 404 PUT http://10.180.1.21/compute/v2.1/os-security-groups/3c0d2013-8423-464d-ac6f-79f9e8710197 2.461s
2025-03-12 08:15:06.583 68534 INFO tempest.lib.common.rest_client [req-0e2c1fc8-49dc-42e5-a32f-b4080eef4ac7 req-0e2c1fc8-49dc-42e5-a32f-b4080eef4ac7 ] Request (HypervisorAdminTestJSON:tearDownClass): 204 DELETE http://10.180.1.21/identity/v3/projects/8ddcb48b343942f89ef5812c8cdfddcd 0.068s
2025-03-12 08:15:06.583 68534 INFO tempest.lib.common.dynamic_creds [-] Deleting project and security group for project: ac5212c245534879b8665c2310001628
2025-03-12 08:15:06.676 68548 INFO tempest.lib.common.rest_client [req-fd10360f-af5c-494a-91c6-fc491829917c req-fd10360f-af5c-494a-91c6-fc491829917c ] Request (ServersListShow2100Test:test_list_show_rebuild_update_server_2100): 200 GET http://10.180.1.21/compute/v2.1/servers/ae5fa3f4-e487-40ed-9ca4-12a6f9713eba 2.096s
2025-03-12 08:15:06.794 68530 INFO tempest.lib.common.rest_client [req-daf19ecd-324f-4394-a5a3-14ceba6acb24 req-daf19ecd-324f-4394-a5a3-14ceba6acb24 ] Request (ServerDiagnosticsTest:test_get_server_diagnostics): 200 GET http://10.180.1.21/compute/v2.1/servers/cdc84742-e20a-4e48-bfff-b3ac34405c1d 2.332s
2025-03-12 08:15:06.805 68534 INFO tempest.lib.common.rest_client [req-8f539761-c656-45f7-9dbf-9c0469b92ee2 req-8f539761-c656-45f7-9dbf-9c0469b92ee2 ] Request (HypervisorAdminTestJSON:tearDownClass): 200 GET http://10.180.1.21:9696/networking/v2.0/security-groups?tenant_id=ac5212c245534879b8665c2310001628&name=default 0.221s
2025-03-12 08:15:06.910 68506 INFO tempest.lib.common.rest_client [req-7b1171ba-3075-4ead-937d-ac10548e4dec req-7b1171ba-3075-4ead-937d-ac10548e4dec ] Request (ServerDiagnosticsV248Test:test_get_server_diagnostics): 202 POST http://10.180.1.21/compute/v2.1/servers 2.209s
2025-03-12 08:15:06.932 68540 INFO tempest.lib.common.rest_client [req-88a6a563-598e-4ead-b5fe-779b8217b941 req-88a6a563-598e-4ead-b5fe-779b8217b941 ] Request (FlavorsV261TestJSON:_run_cleanups): 202 DELETE http://10.180.1.21/compute/v2.1/flavors/2080207672 2.172s
2025-03-12 08:15:07.170 68534 INFO tempest.lib.common.rest_client [req-71c089c1-1b78-4f4a-96f4-40322bb23e1b req-71c089c1-1b78-4f4a-96f4-40322bb23e1b ] Request (HypervisorAdminTestJSON:tearDownClass): 204 DELETE http://10.180.1.21:9696/networking/v2.0/security-groups/d506b109-a066-428e-8f33-7c761188f0b7 0.365s
2025-03-12 08:15:07.241 68512 INFO tempest.lib.common.rest_client [req-b278b49b-2e8e-4d06-8dab-76c43d232e43 req-b278b49b-2e8e-4d06-8dab-76c43d232e43 ] Request (ListServersNegativeTestJSON:setUpClass): 201 POST http://10.180.1.21:9696/networking/v2.0/routers 1.392s
2025-03-12 08:15:07.288 68534 INFO tempest.lib.common.rest_client [req-a86b5883-b2e3-4de6-ad4b-48cd6b7153f3 req-a86b5883-b2e3-4de6-ad4b-48cd6b7153f3 ] Request (HypervisorAdminTestJSON:tearDownClass): 204 DELETE http://10.180.1.21/identity/v3/projects/ac5212c245534879b8665c2310001628 0.118s
2025-03-12 08:15:07.289 68534 INFO tempest.test [-] raised in SpiceDirectConsoleTestJSON.setUpClass. Invoking tearDownClass.
2025-03-12 08:15:07.363 68534 INFO tempest.lib.common.rest_client [req-9cc3d798-afe4-4a6e-a920-749cb3215c42 req-9cc3d798-afe4-4a6e-a920-749cb3215c42 ] Request (ImagesNegativeTestJSON:setUpClass): 201 POST http://10.180.1.21/identity/v3/auth/tokens 0.071s
2025-03-12 08:15:07.398 68534 INFO tempest.lib.common.rest_client [req-4465e473-7562-4d5d-8fa5-bd47bac57778 req-4465e473-7562-4d5d-8fa5-bd47bac57778 ] Request (ImagesNegativeTestJSON:setUpClass): 201 POST http://10.180.1.21/identity/v3/auth/tokens 0.033s
2025-03-12 08:15:07.434 68534 INFO tempest.lib.common.rest_client [req-959718a2-97dc-4d54-9fcc-fcd6d1821bd9 req-959718a2-97dc-4d54-9fcc-fcd6d1821bd9 ] Request (ImagesNegativeTestJSON:setUpClass): 200 GET http://10.180.1.21/identity/v3/domains?name=Default 0.035s
2025-03-12 08:15:07.481 68534 INFO tempest.lib.common.rest_client [req-b1284c41-4ff5-4d91-acdb-1b7fc6860925 req-b1284c41-4ff5-4d91-acdb-1b7fc6860925 ] Request (ImagesNegativeTestJSON:setUpClass): 201 POST http://10.180.1.21/identity/v3/projects 0.046s
2025-03-12 08:15:07.531 68510 INFO tempest.lib.common.rest_client [req-b31ee81b-2619-48cf-9188-3fa31121d706 req-b31ee81b-2619-48cf-9188-3fa31121d706 ] Request (FloatingIPDetailsTestJSON:tearDownClass): 202 DELETE http://10.180.1.21/compute/v2.1/os-floating-ips/12c26288-0162-45fe-96d5-7ac2f69d1b07 2.811s
2025-03-12 08:15:07.565 68534 INFO tempest.lib.common.rest_client [req-6e249414-d5b7-4505-a788-85c2eb77e652 req-6e249414-d5b7-4505-a788-85c2eb77e652 ] Request (ImagesNegativeTestJSON:setUpClass): 201 POST http://10.180.1.21/identity/v3/users 0.083s
2025-03-12 08:15:07.592 68534 INFO tempest.lib.common.rest_client [req-cf68ed72-4765-4cdc-a6d5-1275b2598ac5 req-cf68ed72-4765-4cdc-a6d5-1275b2598ac5 ] Request (ImagesNegativeTestJSON:setUpClass): 200 GET http://10.180.1.21/identity/v3/roles 0.025s
2025-03-12 08:15:07.598 68552 INFO tempest.lib.common.rest_client [req-88602cc6-91c1-4d82-a240-e0cf8bb41851 req-88602cc6-91c1-4d82-a240-e0cf8bb41851 ] Request (InstanceActionsV221TestJSON:test_get_list_deleted_instance_actions): 202 POST http://10.180.1.21/compute/v2.1/servers 2.680s
2025-03-12 08:15:07.635 68534 INFO tempest.lib.common.rest_client [req-a2ce3381-350a-4f92-8de1-100e4fac185a req-a2ce3381-350a-4f92-8de1-100e4fac185a ] Request (ImagesNegativeTestJSON:setUpClass): 204 PUT http://10.180.1.21/identity/v3/projects/32d81faa5cbf43a888871c19126ea6e0/users/a9ce00cf16c64f8fb1f6d09dbd0c980b/roles/9dc7b5c168114a7e83ca11a631099c4d 0.042s
2025-03-12 08:15:07.635 68534 INFO tempest.lib.common.dynamic_creds [-] Dynamic test user a9ce00cf16c64f8fb1f6d09dbd0c980b is created with scope project and roles: ['member']
2025-03-12 08:15:07.635 68534 INFO tempest.lib.common.dynamic_creds [-] Acquired dynamic creds: credentials: Credentials: {'domain_id': 'default', 'domain_name': 'Default', 'username': 'tempest-ImagesNegativeTestJSON-1481145656-project-member', 'project_domain_id': 'default', 'project_domain_name': 'Default', 'project_id': '32d81faa5cbf43a888871c19126ea6e0', 'project_name': 'tempest-ImagesNegativeTestJSON-1481145656', 'tenant_id': '32d81faa5cbf43a888871c19126ea6e0', 'tenant_name': 'tempest-ImagesNegativeTestJSON-1481145656', 'user_domain_id': 'default', 'user_domain_name': 'Default', 'user_id': 'a9ce00cf16c64f8fb1f6d09dbd0c980b', 'system': None}, Network: None, Subnet: None, Router: None
2025-03-12 08:15:07.670 68504 INFO tempest.lib.common.rest_client [req-e492e232-c80b-482e-a2c3-ff083430b3c2 req-e492e232-c80b-482e-a2c3-ff083430b3c2 ] Request (DeleteServersAdminTestJSON:test_admin_delete_servers_of_others): 200 GET http://10.180.1.21/compute/v2.1/servers/471e8a27-ed87-461a-b817-cd5ad208dd10 2.477s
2025-03-12 08:15:07.681 68504 INFO tempest.common.waiters [-] State transition "BUILD/None" ==> "BUILD/spawning" after 8 second wait
2025-03-12 08:15:07.710 68534 INFO tempest.lib.common.rest_client [req-c7fbd443-2d9d-4360-815d-e5b9516b5f1e req-c7fbd443-2d9d-4360-815d-e5b9516b5f1e ] Request (ImagesNegativeTestJSON:setUpClass): 201 POST http://10.180.1.21/identity/v3/auth/tokens 0.074s
2025-03-12 08:15:07.712 68525 INFO tempest.lib.common.rest_client [req-716f83db-256b-4592-853e-afc5a1be1efd req-716f83db-256b-4592-853e-afc5a1be1efd ] Request (TenantUsagesTestJSON:setUpClass): 200 GET http://10.180.1.21/compute/v2.1/servers/71dd4921-5859-421f-9e31-e9800adc9e3c 2.520s
2025-03-12 08:15:07.720 68525 INFO tempest.common.waiters [-] State transition "BUILD/networking" ==> "BUILD/spawning" after 9 second wait
2025-03-12 08:15:07.736 68555 INFO tempest.lib.common.rest_client [req-399f9a10-1bc4-4e72-9df1-48ffde829294 req-399f9a10-1bc4-4e72-9df1-48ffde829294 ] Request (ListServerFiltersTestJSON:setUpClass): 200 GET http://10.180.1.21/compute/v2.1/servers/14c8e8e6-5d7f-45b4-8a84-d5951c38573f 2.302s
2025-03-12 08:15:07.788 68494 INFO tempest.lib.common.rest_client [req-a7c1a3ea-388c-4d84-8ff0-e417ce3f3065 req-a7c1a3ea-388c-4d84-8ff0-e417ce3f3065 ] Request (ServersAdminNegativeTestJSON:setUpClass): 200 GET http://10.180.1.21/compute/v2.1/servers/4f4dc254-8e4f-4c5f-a2a8-eef6230825c6 2.289s
2025-03-12 08:15:08.207 68536 INFO tempest.lib.common.rest_client [req-e6f51df9-533d-41cc-84a5-65bf328ba2cf req-e6f51df9-533d-41cc-84a5-65bf328ba2cf ] Request (SecurityGroupsNegativeTestJSON:tearDownClass): 200 PUT http://10.180.1.21:9696/networking/v2.0/routers/45faa2d0-03ae-43f1-b2cb-af7f9e05236d/remove_router_interface 1.637s
2025-03-12 08:15:08.265 68534 INFO tempest.lib.common.rest_client [req-3c98ba7a-da4e-40e7-aac3-b20bb9ea7cba req-3c98ba7a-da4e-40e7-aac3-b20bb9ea7cba ] Request (ImagesNegativeTestJSON:setUpClass): 201 POST http://10.180.1.21:9696/networking/v2.0/networks 0.555s
2025-03-12 08:15:08.389 68516 INFO tempest.lib.common.rest_client [req-6bab7612-1950-4edf-9afc-0c9ef37d1a1f req-6bab7612-1950-4edf-9afc-0c9ef37d1a1f ] Request (FloatingIPsTestJSON:test_delete_floating_ip): 202 DELETE http://10.180.1.21/compute/v2.1/os-floating-ips/1eef7917-6235-42b7-b126-a95a33bfc605 2.550s
2025-03-12 08:15:08.393 68526 INFO tempest.lib.common.rest_client [req-e65db1cf-609b-4ca2-88ba-cf41b22ee0f0 req-e65db1cf-609b-4ca2-88ba-cf41b22ee0f0 ] Request (VolumesAssistedSnapshotsTest:test_volume_assisted_snapshot_create_delete): 202 POST http://10.180.1.21/compute/v2.1/servers 2.703s
2025-03-12 08:15:08.421 68522 INFO tempest.lib.common.rest_client [req-13124f1b-7e97-4953-a7cb-cdda9bf73da8 req-13124f1b-7e97-4953-a7cb-cdda9bf73da8 ] Request (ServersWithSpecificFlavorTestJSON:test_verify_created_server_ephemeral_disk): 200 POST http://10.180.1.21/compute/v2.1/flavors 2.529s
2025-03-12 08:15:08.432 68544 INFO tempest.lib.common.rest_client [req-6129e31d-c0aa-49a8-b429-30f5195158c9 req-6129e31d-c0aa-49a8-b429-30f5195158c9 ] Request (AggregatesAdminNegativeTestJSON:_run_cleanups): 200 DELETE http://10.180.1.21/compute/v2.1/os-aggregates/1 2.426s
2025-03-12 08:15:08.453 68500 INFO tempest.lib.common.rest_client [req-05928d42-9cc7-4d8e-b125-f5649071acd5 req-05928d42-9cc7-4d8e-b125-f5649071acd5 ] Request (FlavorsAccessTestJSON:_run_cleanups): 200 GET http://10.180.1.21/compute/v2.1/flavors/detail 2.426s
2025-03-12 08:15:08.486 68528 INFO tempest.lib.common.rest_client [req-479506d1-3fc0-494b-a63b-a06b5572f2a3 req-479506d1-3fc0-494b-a63b-a06b5572f2a3 ] Request (FlavorsV255TestJSON:test_crud_flavor): 200 GET http://10.180.1.21/compute/v2.1/flavors 2.088s
2025-03-12 08:15:08.512 68496 INFO tempest.lib.common.rest_client [req-edf18678-fd69-45a3-aaab-69d0eac5c20d req-edf18678-fd69-45a3-aaab-69d0eac5c20d ] Request (FlavorsAdminTestJSON:_run_cleanups): 200 GET http://10.180.1.21/compute/v2.1/flavors/detail 2.086s
2025-03-12 08:15:08.535 68514 INFO tempest.lib.common.rest_client [req-87e54a93-0dc8-4706-a0e8-acb3aebc19cf req-87e54a93-0dc8-4706-a0e8-acb3aebc19cf ] Request (ImagesMetadataNegativeTestJSON:test_set_nonexistent_image_metadata): 404 PUT http://10.180.1.21/compute/v2.1/images/623e1407-71e5-4ef6-a90c-262ac547c6ce/metadata 2.088s
2025-03-12 08:15:08.666 68550 INFO tempest.lib.common.rest_client [req-b25145b9-a98d-4891-b7f2-47581761c339 req-b25145b9-a98d-4891-b7f2-47581761c339 ] Request (ServerShowV247Test:test_update_rebuild_list_server): 202 POST http://10.180.1.21/compute/v2.1/servers 2.201s
2025-03-12 08:15:08.676 68546 INFO tempest.lib.common.rest_client [req-a766c005-04fd-418b-b102-1a15de05b27e req-a766c005-04fd-418b-b102-1a15de05b27e ] Request (FlavorsExtraSpecsTestJSON:test_flavor_set_get_update_show_unset_keys): 200 GET http://10.180.1.21/compute/v2.1/flavors/1628191062/os-extra_specs 2.202s
2025-03-12 08:15:08.698 68534 INFO tempest.lib.common.rest_client [req-c1fb5a0e-ccd0-4d9b-b7aa-65dd4729b345 req-c1fb5a0e-ccd0-4d9b-b7aa-65dd4729b345 ] Request (ImagesNegativeTestJSON:setUpClass): 201 POST http://10.180.1.21:9696/networking/v2.0/subnets 0.432s
2025-03-12 08:15:08.700 68556 INFO tempest.lib.common.rest_client [req-ca852cda-d43b-46a5-ad61-8973efd7ff94 req-ca852cda-d43b-46a5-ad61-8973efd7ff94 ] Request (KeyPairsV210TestJSON:_run_cleanups): 204 DELETE http://10.180.1.21/compute/v2.1/os-keypairs/tempest-keypair-123250167?user_id=e0d97e86e64444988ec4a683cf1dfa3d 2.199s
2025-03-12 08:15:08.783 68502 INFO tempest.lib.common.rest_client [req-1a80eb16-6364-41ad-8db0-5df568f12fc6 req-1a80eb16-6364-41ad-8db0-5df568f12fc6 ] Request (SecurityGroupsTestAdminJSON:test_list_security_groups_list_all_tenants_filter): 200 GET http://10.180.1.21/compute/v2.1/os-security-groups?all_tenants=true 2.416s
2025-03-12 08:15:08.791 68518 INFO tempest.lib.common.rest_client [req-d946794f-57dd-45c5-927c-91c7f2d01492 req-d946794f-57dd-45c5-927c-91c7f2d01492 ] Request (FlavorsExtraSpecsNegativeTestJSON:test_flavor_non_admin_update_specific_key): 403 PUT http://10.180.1.21/compute/v2.1/flavors/2078299403/os-extra_specs/hw:numa_nodes 2.265s
2025-03-12 08:15:08.828 68498 INFO tempest.lib.common.rest_client [req-43f049c9-4a32-4bfc-b2ae-f22c38312c31 req-43f049c9-4a32-4bfc-b2ae-f22c38312c31 ] Request (FlavorsAccessNegativeTestJSON:_run_cleanups): 200 GET http://10.180.1.21/compute/v2.1/flavors/detail 2.286s
2025-03-12 08:15:08.855 68521 INFO tempest.lib.common.rest_client [req-b7ce267a-4cea-4ff2-88e1-dd9127ede9c8 req-b7ce267a-4cea-4ff2-88e1-dd9127ede9c8 ] Request (QuotasAdminTestJSON:test_get_updated_quotas): 200 GET http://10.180.1.21/compute/v2.1/os-quota-sets/77d8ba22d4fd40188e5a9b130ea81feb/detail 2.337s
2025-03-12 08:15:08.889 68540 INFO tempest.lib.common.rest_client [req-1a84164a-cd4a-404c-8c70-6cc91676246c req-1a84164a-cd4a-404c-8c70-6cc91676246c ] Request (FlavorsV261TestJSON:_run_cleanups): 200 GET http://10.180.1.21/compute/v2.1/flavors/detail 1.956s
2025-03-12 08:15:08.896 68521 INFO tempest.lib.common.rest_client [req-1713a941-0f82-431f-a805-b9d197ea0aba req-1713a941-0f82-431f-a805-b9d197ea0aba ] Request (QuotasAdminTestJSON:test_get_updated_quotas): 200 GET http://10.180.1.21/identity/v3/domains?name=Default 0.033s
2025-03-12 08:15:08.903 68506 INFO tempest.lib.common.rest_client [req-d965e3a5-2b7d-4ad2-8ff5-21aec21bd773 req-d965e3a5-2b7d-4ad2-8ff5-21aec21bd773 ] Request (ServerDiagnosticsV248Test:test_get_server_diagnostics): 200 GET http://10.180.1.21/compute/v2.1/servers/0caf6fa0-d8f0-47a4-ad44-8b9f739f9ca5 1.991s
2025-03-12 08:15:08.944 68521 INFO tempest.lib.common.rest_client [req-639038fe-fc5f-4831-8100-b2b1dcdf8fad req-639038fe-fc5f-4831-8100-b2b1dcdf8fad ] Request (QuotasAdminTestJSON:test_get_updated_quotas): 201 POST http://10.180.1.21/identity/v3/users 0.047s
2025-03-12 08:15:08.959 68542 INFO tempest.lib.common.rest_client [req-6ec92733-8131-489f-9991-8298cbcad7be req-6ec92733-8131-489f-9991-8298cbcad7be ] Request (ServerDiagnosticsNegativeTest:test_get_server_diagnostics_by_non_admin): 200 GET http://10.180.1.21/compute/v2.1/servers/7056fb29-2a2f-4275-a411-4d5f3fcb421f 1.843s
2025-03-12 08:15:08.969 68521 INFO tempest.lib.common.rest_client [req-7283b4cf-1038-4a02-810a-3ab34fd00781 req-7283b4cf-1038-4a02-810a-3ab34fd00781 ] Request (QuotasAdminTestJSON:test_get_updated_quotas): 200 GET http://10.180.1.21/identity/v3/domains?name=Default 0.024s
2025-03-12 08:15:09.006 68538 INFO tempest.lib.common.rest_client [req-95850168-9858-413a-9e52-35c7dcb726b5 req-95850168-9858-413a-9e52-35c7dcb726b5 ] Request (ServerExternalEventsTest:test_create_server_external_events): 200 GET http://10.180.1.21/compute/v2.1/servers/b0b21c65-ef3d-4492-a6b2-d2321a3dacde 1.827s
2025-03-12 08:15:09.020 68540 INFO tempest.lib.common.rest_client [req-fd533332-5eb4-411e-9773-0f4d81f67355 req-fd533332-5eb4-411e-9773-0f4d81f67355 ] Request (FlavorsV261TestJSON:tearDownClass): 204 DELETE http://10.180.1.21/identity/v3/users/10ede2634cb34f1e9c334ab9e54e5dc0 0.115s
2025-03-12 08:15:09.090 68552 INFO tempest.lib.common.rest_client [req-fd8f75f3-beb5-479b-8a37-e2fda3f9e2ab req-fd8f75f3-beb5-479b-8a37-e2fda3f9e2ab ] Request (InstanceActionsV221TestJSON:test_get_list_deleted_instance_actions): 200 GET http://10.180.1.21/compute/v2.1/servers/bbd282ea-58aa-47b8-aa82-283a55ac1b29 1.490s
2025-03-12 08:15:09.112 68540 INFO tempest.lib.common.rest_client [req-dfff02a8-6346-4bb0-b83b-0401327792dc req-dfff02a8-6346-4bb0-b83b-0401327792dc ] Request (FlavorsV261TestJSON:tearDownClass): 204 DELETE http://10.180.1.21/identity/v3/users/0d9f47aa69194a079a2da46c897feb03 0.091s
2025-03-12 08:15:09.112 68540 INFO tempest.lib.common.dynamic_creds [-] Deleting project and security group for project: 8371451a45f4499f8d9bd49526e4a8fb
2025-03-12 08:15:09.152 68536 INFO tempest.lib.common.rest_client [req-d1f3fddd-72d9-41b3-a45c-192c5ed46b25 req-d1f3fddd-72d9-41b3-a45c-192c5ed46b25 ] Request (SecurityGroupsNegativeTestJSON:tearDownClass): 204 DELETE http://10.180.1.21:9696/networking/v2.0/routers/45faa2d0-03ae-43f1-b2cb-af7f9e05236d 0.945s
2025-03-12 08:15:09.180 68548 INFO tempest.lib.common.rest_client [req-bbcca775-f3b2-4708-b4e3-1bfbbeaace2b req-bbcca775-f3b2-4708-b4e3-1bfbbeaace2b ] Request (ServersListShow2100Test:test_list_show_rebuild_update_server_2100): 200 GET http://10.180.1.21/compute/v2.1/servers/ae5fa3f4-e487-40ed-9ca4-12a6f9713eba 1.483s
2025-03-12 08:15:09.198 68540 INFO tempest.lib.common.rest_client [req-3d9ec8d1-0b8c-4e8e-9a31-82e414deaa6e req-3d9ec8d1-0b8c-4e8e-9a31-82e414deaa6e ] Request (FlavorsV261TestJSON:tearDownClass): 201 POST http://10.180.1.21/identity/v3/auth/tokens 0.086s
2025-03-12 08:15:09.467 68512 INFO tempest.lib.common.rest_client [req-d9c54479-bf44-4431-967f-63c8f15eeaa7 req-d9c54479-bf44-4431-967f-63c8f15eeaa7 ] Request (ListServersNegativeTestJSON:setUpClass): 200 PUT http://10.180.1.21:9696/networking/v2.0/routers/00a924e7-3bdd-4817-84c5-4f0b422f0a57/add_router_interface 2.225s
2025-03-12 08:15:09.467 68512 INFO tempest.lib.common.dynamic_creds [-] Created isolated network resources for: credentials: Credentials: {'domain_id': 'default', 'domain_name': 'Default', 'username': 'tempest-ListServersNegativeTestJSON-121190661-project-member', 'project_domain_id': 'default', 'project_domain_name': 'Default', 'project_id': '734fb9662f984c239bc1648eb0033ff4', 'project_name': 'tempest-ListServersNegativeTestJSON-121190661', 'tenant_id': '734fb9662f984c239bc1648eb0033ff4', 'tenant_name': 'tempest-ListServersNegativeTestJSON-121190661', 'user_domain_id': 'default', 'user_domain_name': 'Default', 'user_id': '348bde8560e04eee89f39a3a842e173b', 'system': None}, Network: {'id': 'a43cf623-7286-46d5-a15e-6bf13296df5c', 'name': 'tempest-ListServersNegativeTestJSON-1012854120-network', 'tenant_id': '734fb9662f984c239bc1648eb0033ff4', 'admin_state_up': True, 'mtu': 8950, 'status': 'ACTIVE', 'subnets': [], 'shared': False, 'project_id': '734fb9662f984c239bc1648eb0033ff4', 'port_security_enabled': True, 'router:external': False, 'provider:network_type': 'vlan', 'provider:physical_network': 'default', 'provider:segmentation_id': 118, 'availability_zone_hints': [], 'availability_zones': [], 'ipv4_address_scope': None, 'ipv6_address_scope': None, 'description': '', 'tags': [], 'created_at': '2025-03-12T08:15:05Z', 'updated_at': '2025-03-12T08:15:05Z', 'revision_number': 1}, Subnet: {'id': '5f25e718-0e64-4860-b337-b80095d4db80', 'name': 'tempest-ListServersNegativeTestJSON-1012854120-subnet', 'tenant_id': '734fb9662f984c239bc1648eb0033ff4', 'network_id': 'a43cf623-7286-46d5-a15e-6bf13296df5c', 'ip_version': 4, 'subnetpool_id': None, 'enable_dhcp': True, 'ipv6_ra_mode': None, 'ipv6_address_mode': None, 'gateway_ip': '192.168.128.1', 'cidr': '192.168.128.0/28', 'allocation_pools': [{'start': '192.168.128.2', 'end': '192.168.128.14'}], 'host_routes': [], 'dns_nameservers': [], 'description': '', 'router:external': False, 'service_types': [], 'tags': [], 'created_at': '2025-03-12T08:15:05Z', 'updated_at': '2025-03-12T08:15:05Z', 'revision_number': 0, 'project_id': '734fb9662f984c239bc1648eb0033ff4'}, Router: {'id': '00a924e7-3bdd-4817-84c5-4f0b422f0a57', 'name': 'tempest-ListServersNegativeTestJSON-1012854120-router', 'tenant_id': '734fb9662f984c239bc1648eb0033ff4', 'admin_state_up': True, 'status': 'ACTIVE', 'external_gateway_info': {'network_id': '53b86599-0aeb-4ad0-b34d-6e1948a1a8e0', 'external_fixed_ips': [{'subnet_id': 'd2a001bc-59b8-4d66-b8f0-e1fbbfe77898', 'ip_address': '10.180.180.131'}], 'enable_snat': True}, 'description': '', 'availability_zones': [], 'distributed': False, 'ha': False, 'availability_zone_hints': [], 'routes': [], 'flavor_id': None, 'tags': [], 'created_at': '2025-03-12T08:15:05Z', 'updated_at': '2025-03-12T08:15:06Z', 'revision_number': 2, 'project_id': '734fb9662f984c239bc1648eb0033ff4'}
2025-03-12 08:15:09.564 68536 INFO tempest.lib.common.rest_client [req-1527bd82-9d63-42b3-9963-f6bdf2891fbe req-1527bd82-9d63-42b3-9963-f6bdf2891fbe ] Request (SecurityGroupsNegativeTestJSON:tearDownClass): 204 DELETE http://10.180.1.21:9696/networking/v2.0/subnets/54fc2b58-bf47-4ac5-885b-78f4117f9014 0.411s
2025-03-12 08:15:09.570 68512 INFO tempest.lib.common.rest_client [req-43bac541-21c6-467e-999f-2d38c001b64c req-43bac541-21c6-467e-999f-2d38c001b64c ] Request (ListServersNegativeTestJSON:setUpClass): 201 POST http://10.180.1.21/identity/v3/auth/tokens 0.100s
2025-03-12 08:15:09.594 68530 INFO tempest.lib.common.rest_client [req-bc21e9fd-1369-45ca-b0be-38ecd6c445e8 req-bc21e9fd-1369-45ca-b0be-38ecd6c445e8 ] Request (ServerDiagnosticsTest:test_get_server_diagnostics): 200 GET http://10.180.1.21/compute/v2.1/servers/cdc84742-e20a-4e48-bfff-b3ac34405c1d 1.787s
2025-03-12 08:15:09.616 68512 INFO tempest.lib.common.rest_client [req-763d72f7-4f64-4c35-bb98-9d916f16cb24 req-763d72f7-4f64-4c35-bb98-9d916f16cb24 ] Request (ListServersNegativeTestJSON:setUpClass): 201 POST http://10.180.1.21/identity/v3/auth/tokens 0.040s
2025-03-12 08:15:09.616 68512 INFO tempest.lib.common.fixed_network [-] (ListServersNegativeTestJSON:setUpClass) Found network {'id': 'a43cf623-7286-46d5-a15e-6bf13296df5c', 'name': 'tempest-ListServersNegativeTestJSON-1012854120-network', 'tenant_id': '734fb9662f984c239bc1648eb0033ff4', 'admin_state_up': True, 'mtu': 8950, 'status': 'ACTIVE', 'subnets': [], 'shared': False, 'project_id': '734fb9662f984c239bc1648eb0033ff4', 'port_security_enabled': True, 'router:external': False, 'provider:network_type': 'vlan', 'provider:physical_network': 'default', 'provider:segmentation_id': 118, 'availability_zone_hints': [], 'availability_zones': [], 'ipv4_address_scope': None, 'ipv6_address_scope': None, 'description': '', 'tags': [], 'created_at': '2025-03-12T08:15:05Z', 'updated_at': '2025-03-12T08:15:05Z', 'revision_number': 1} available for tenant
2025-03-12 08:15:09.629 68540 INFO tempest.lib.common.rest_client [req-92f5ecca-1438-420a-86fb-482d382d6c3d req-92f5ecca-1438-420a-86fb-482d382d6c3d ] Request (FlavorsV261TestJSON:tearDownClass): 200 GET http://10.180.1.21:9696/networking/v2.0/security-groups?tenant_id=8371451a45f4499f8d9bd49526e4a8fb&name=default 0.430s
