2025-03-12 08:15:09.664 68516 INFO tempest.lib.common.rest_client [req-966b7138-8290-40bf-ac16-651826cd3151 req-966b7138-8290-40bf-ac16-651826cd3151 ] Request (FloatingIPsTestJSON:test_delete_floating_ip): 404 GET http://10.180.1.21/compute/v2.1/os-floating-ips/1eef7917-6235-42b7-b126-a95a33bfc605 1.274s
2025-03-12 08:15:09.781 68526 INFO tempest.lib.common.rest_client [req-19c0662a-7a2e-4dfb-ba9c-d8b058c0d718 req-19c0662a-7a2e-4dfb-ba9c-d8b058c0d718 ] Request (VolumesAssistedSnapshotsTest:test_volume_assisted_snapshot_create_delete): 200 GET http://10.180.1.21/compute/v2.1/servers/af11d05f-4432-4505-bb52-226414488960 1.386s
2025-03-12 08:15:09.802 68522 INFO tempest.lib.common.rest_client [req-c2f74fbe-c949-4aa5-816f-fe59cec28d0a req-c2f74fbe-c949-4aa5-816f-fe59cec28d0a ] Request (ServersWithSpecificFlavorTestJSON:test_verify_created_server_ephemeral_disk): 200 GET http://10.180.1.21/compute/v2.1/flavors/42/os-extra_specs 1.379s
2025-03-12 08:15:09.844 68544 INFO tempest.lib.common.rest_client [req-151e8a14-8e5d-4444-8fd1-07e629c2a9cf req-151e8a14-8e5d-4444-8fd1-07e629c2a9cf ] Request (AggregatesAdminNegativeTestJSON:test_aggregate_add_host_as_user): 200 POST http://10.180.1.21/compute/v2.1/os-aggregates 1.397s
2025-03-12 08:15:09.863 68500 INFO tempest.lib.common.rest_client [req-822aba41-0ad2-4059-a24b-7d584979d268 req-822aba41-0ad2-4059-a24b-7d584979d268 ] Request (FlavorsAccessTestJSON:test_flavor_access_list_with_private_flavor): 200 POST http://10.180.1.21/compute/v2.1/flavors 1.395s
2025-03-12 08:15:09.885 68532 INFO tempest.lib.common.rest_client [req-645e07e9-5fc7-4825-a6fc-5a21da92a95e req-645e07e9-5fc7-4825-a6fc-5a21da92a95e ] Request (HostsAdminTestJSON:test_list_hosts_with_zone): 200 GET http://10.180.1.21/compute/v2.1/os-hosts 1.395s
2025-03-12 08:15:09.899 68528 INFO tempest.lib.common.rest_client [req-341d7dbd-4f3b-4517-96bb-442d6ae48b8f req-341d7dbd-4f3b-4517-96bb-442d6ae48b8f ] Request (FlavorsV255TestJSON:_run_cleanups): 202 DELETE http://10.180.1.21/compute/v2.1/flavors/638559662 1.403s
2025-03-12 08:15:09.916 68496 INFO tempest.lib.common.rest_client [req-f0b9dfe7-ba22-402e-af4c-659a5270a9dc req-f0b9dfe7-ba22-402e-af4c-659a5270a9dc ] Request (FlavorsAdminTestJSON:test_create_flavor_with_int_id): 200 POST http://10.180.1.21/compute/v2.1/flavors 1.397s
2025-03-12 08:15:09.938 68514 INFO tempest.lib.common.rest_client [req-0b30c88d-67c8-4ef6-9342-66319fb14619 req-0b30c88d-67c8-4ef6-9342-66319fb14619 ] Request (ImagesMetadataNegativeTestJSON:test_set_nonexistent_image_metadata_item): 404 PUT http://10.180.1.21/compute/v2.1/images/e7a6ab1a-f1b7-4aa5-9fcc-3a0e4f1d681b/metadata/os_distro 1.402s
2025-03-12 08:15:09.989 68540 INFO tempest.lib.common.rest_client [req-323f4952-46fe-45d4-8f14-e755a4553443 req-323f4952-46fe-45d4-8f14-e755a4553443 ] Request (FlavorsV261TestJSON:tearDownClass): 204 DELETE http://10.180.1.21:9696/networking/v2.0/security-groups/ec918b0c-01ab-4eca-a8f0-446fd7c562b4 0.359s
2025-03-12 08:15:10.013 68550 INFO tempest.lib.common.rest_client [req-ea2e5690-757e-41bc-ab6a-09521256328b req-ea2e5690-757e-41bc-ab6a-09521256328b ] Request (ServerShowV247Test:test_update_rebuild_list_server): 200 PUT http://10.180.1.21/compute/v2.1/servers/93b49e91-5e9a-4b11-a833-31ab0883e0e8 1.345s
2025-03-12 08:15:10.035 68546 INFO tempest.lib.common.rest_client [req-919b2614-adef-4924-88af-a8d13b32e0e2 req-919b2614-adef-4924-88af-a8d13b32e0e2 ] Request (FlavorsExtraSpecsTestJSON:test_flavor_set_get_update_show_unset_keys): 200 PUT http://10.180.1.21/compute/v2.1/flavors/1628191062/os-extra_specs/hw:numa_nodes 1.358s
2025-03-12 08:15:10.059 68510 INFO tempest.lib.common.rest_client [req-eb58b261-f01b-4e5d-abee-706717972398 req-eb58b261-f01b-4e5d-abee-706717972398 ] Request (FloatingIPDetailsTestJSON:tearDownClass): 202 DELETE http://10.180.1.21/compute/v2.1/os-floating-ips/b1d1bcee-6b38-492d-83d8-ceb2fb2a51dd 2.527s
2025-03-12 08:15:10.063 68534 INFO tempest.lib.common.rest_client [req-ed20dc8c-f982-4afd-8e20-9a18c0742d47 req-ed20dc8c-f982-4afd-8e20-9a18c0742d47 ] Request (ImagesNegativeTestJSON:setUpClass): 201 POST http://10.180.1.21:9696/networking/v2.0/routers 1.364s
2025-03-12 08:15:10.078 68556 INFO tempest.lib.common.rest_client [req-f9c7b611-07ac-40c0-bfbb-f068fb3e3e53 req-f9c7b611-07ac-40c0-bfbb-f068fb3e3e53 ] Request (KeyPairsV210TestJSON:_run_cleanups): 204 DELETE http://10.180.1.21/compute/v2.1/os-keypairs/tempest-keypair-1414714549?user_id=e0d97e86e64444988ec4a683cf1dfa3d 1.377s
2025-03-12 08:15:10.082 68540 INFO tempest.lib.common.rest_client [req-9e4550fc-3eff-438d-9975-41c5c44d801e req-9e4550fc-3eff-438d-9975-41c5c44d801e ] Request (FlavorsV261TestJSON:tearDownClass): 204 DELETE http://10.180.1.21/identity/v3/projects/8371451a45f4499f8d9bd49526e4a8fb 0.092s
2025-03-12 08:15:10.082 68540 INFO tempest.lib.common.dynamic_creds [-] Deleting project and security group for project: 2d4a010924db4b5b9a4640b47aa7e86a
2025-03-12 08:15:10.194 68556 INFO tempest.lib.common.rest_client [req-393c7f6f-fc23-458a-9d64-d3f7151036b5 req-393c7f6f-fc23-458a-9d64-d3f7151036b5 ] Request (KeyPairsV210TestJSON:tearDownClass): 204 DELETE http://10.180.1.21/identity/v3/users/e0d97e86e64444988ec4a683cf1dfa3d 0.109s
2025-03-12 08:15:10.250 68540 INFO tempest.lib.common.rest_client [req-8c15a316-7bae-4839-be66-7c65b861ce58 req-8c15a316-7bae-4839-be66-7c65b861ce58 ] Request (FlavorsV261TestJSON:tearDownClass): 200 GET http://10.180.1.21:9696/networking/v2.0/security-groups?tenant_id=2d4a010924db4b5b9a4640b47aa7e86a&name=default 0.168s
2025-03-12 08:15:10.299 68504 INFO tempest.lib.common.rest_client [req-552f15fd-a881-4ec7-93be-1cd8416afeb7 req-552f15fd-a881-4ec7-93be-1cd8416afeb7 ] Request (DeleteServersAdminTestJSON:test_admin_delete_servers_of_others): 200 GET http://10.180.1.21/compute/v2.1/servers/471e8a27-ed87-461a-b817-cd5ad208dd10 1.613s
2025-03-12 08:15:10.305 68556 INFO tempest.lib.common.rest_client [req-4fdb5e8f-4c4d-4f7d-8bb0-63fecfede7aa req-4fdb5e8f-4c4d-4f7d-8bb0-63fecfede7aa ] Request (KeyPairsV210TestJSON:tearDownClass): 204 DELETE http://10.180.1.21/identity/v3/users/0155eb64f62c488c989f9546bbd13093 0.111s
2025-03-12 08:15:10.306 68556 INFO tempest.lib.common.dynamic_creds [-] Deleting project and security group for project: 076e1eaeb8424fcfba285f3ee96cc5aa
2025-03-12 08:15:10.321 68525 INFO tempest.lib.common.rest_client [req-499f6ce6-40d8-48e5-af1d-eb6dfe33763a req-499f6ce6-40d8-48e5-af1d-eb6dfe33763a ] Request (TenantUsagesTestJSON:setUpClass): 200 GET http://10.180.1.21/compute/v2.1/servers/71dd4921-5859-421f-9e31-e9800adc9e3c 1.599s
2025-03-12 08:15:10.382 68540 INFO tempest.lib.common.rest_client [req-788ef0f9-e917-4ab2-b257-910222198c94 req-788ef0f9-e917-4ab2-b257-910222198c94 ] Request (FlavorsV261TestJSON:tearDownClass): 204 DELETE http://10.180.1.21:9696/networking/v2.0/security-groups/6cc86b50-c514-4c89-a172-8d6a941f1a6e 0.132s
2025-03-12 08:15:10.392 68556 INFO tempest.lib.common.rest_client [req-cbf7706e-1e00-4b7f-b082-ac15faa43187 req-cbf7706e-1e00-4b7f-b082-ac15faa43187 ] Request (KeyPairsV210TestJSON:tearDownClass): 201 POST http://10.180.1.21/identity/v3/auth/tokens 0.085s
2025-03-12 08:15:10.392 68555 INFO tempest.lib.common.rest_client [req-94fd3d56-f2dd-408d-b95a-fe589c8df0ed req-94fd3d56-f2dd-408d-b95a-fe589c8df0ed ] Request (ListServerFiltersTestJSON:setUpClass): 200 GET http://10.180.1.21/compute/v2.1/servers/14c8e8e6-5d7f-45b4-8a84-d5951c38573f 1.645s
2025-03-12 08:15:10.413 68518 INFO tempest.lib.common.rest_client [req-962af075-8de2-4ec8-8b3e-1d62e6c617af req-962af075-8de2-4ec8-8b3e-1d62e6c617af ] Request (FlavorsExtraSpecsNegativeTestJSON:test_flavor_unset_nonexistent_key): 404 DELETE http://10.180.1.21/compute/v2.1/flavors/2078299403/os-extra_specs/hw:cpu_thread_policy 1.620s
2025-03-12 08:15:10.420 68536 INFO tempest.lib.common.rest_client [req-aceeea0d-8293-4571-b655-c84b847c736f req-aceeea0d-8293-4571-b655-c84b847c736f ] Request (SecurityGroupsNegativeTestJSON:tearDownClass): 204 DELETE http://10.180.1.21:9696/networking/v2.0/networks/13bc0999-f9e1-4b15-9e8d-bd8d3f4ce586 0.856s
2025-03-12 08:15:10.462 68540 INFO tempest.lib.common.rest_client [req-c8f2d3c3-af2c-46fe-a7cf-8c864f6cdf42 req-c8f2d3c3-af2c-46fe-a7cf-8c864f6cdf42 ] Request (FlavorsV261TestJSON:tearDownClass): 204 DELETE http://10.180.1.21/identity/v3/projects/2d4a010924db4b5b9a4640b47aa7e86a 0.079s
2025-03-12 08:15:10.566 68502 INFO tempest.lib.common.rest_client [req-45ac4cbc-21af-463d-b46a-8f86b72bd359 req-45ac4cbc-21af-463d-b46a-8f86b72bd359 ] Request (SecurityGroupsTestAdminJSON:_run_cleanups): 202 DELETE http://10.180.1.21/compute/v2.1/os-security-groups/92789690-e8b7-4b07-bcd1-b2ee87b59ebb 1.778s
2025-03-12 08:15:10.582 68536 INFO tempest.lib.common.rest_client [req-0a487b90-e337-4498-8641-0b4690836ead req-0a487b90-e337-4498-8641-0b4690836ead ] Request (SecurityGroupsNegativeTestJSON:tearDownClass): 204 DELETE http://10.180.1.21/identity/v3/users/44272e86901f40f186dc944ada581237 0.157s
2025-03-12 08:15:10.582 68536 INFO tempest.lib.common.dynamic_creds [-] Deleting project and security group for project: fcb4eb9fd338485abf79e5b0a591f38c
2025-03-12 08:15:10.588 68498 INFO tempest.lib.common.rest_client [req-af9f782c-efa7-47f3-96c2-3a2a7be24b4a req-af9f782c-efa7-47f3-96c2-3a2a7be24b4a ] Request (FlavorsAccessNegativeTestJSON:test_flavor_access_list_with_public_flavor): 200 POST http://10.180.1.21/compute/v2.1/flavors 1.745s
2025-03-12 08:15:10.609 68494 INFO tempest.lib.common.rest_client [req-730cde40-0ee5-4519-92e1-0dab907405e1 req-730cde40-0ee5-4519-92e1-0dab907405e1 ] Request (ServersAdminNegativeTestJSON:setUpClass): 200 GET http://10.180.1.21/compute/v2.1/servers/4f4dc254-8e4f-4c5f-a2a8-eef6230825c6 1.804s
2025-03-12 08:15:10.620 68494 INFO tempest.common.waiters [-] State transition "BUILD/None" ==> "BUILD/spawning" after 11 second wait
2025-03-12 08:15:10.638 68540 INFO tempest.lib.common.rest_client [req-a8a4fc5d-00dc-45f6-9fb5-1b6d85298276 req-a8a4fc5d-00dc-45f6-9fb5-1b6d85298276 ] Request (ImagesMetadataTestJSON:setUpClass): 201 POST http://10.180.1.21/identity/v3/auth/tokens 0.175s
2025-03-12 08:15:10.671 68536 INFO tempest.lib.common.rest_client [req-f6c7530c-f5f0-4693-9b37-cd5c888c9c2e req-f6c7530c-f5f0-4693-9b37-cd5c888c9c2e ] Request (SecurityGroupsNegativeTestJSON:tearDownClass): 200 GET http://10.180.1.21:9696/networking/v2.0/security-groups?tenant_id=fcb4eb9fd338485abf79e5b0a591f38c&name=default 0.088s
2025-03-12 08:15:10.704 68556 INFO tempest.lib.common.rest_client [req-7dd12b1a-b741-48ad-8ef2-472e1ac933ae req-7dd12b1a-b741-48ad-8ef2-472e1ac933ae ] Request (KeyPairsV210TestJSON:tearDownClass): 200 GET http://10.180.1.21:9696/networking/v2.0/security-groups?tenant_id=076e1eaeb8424fcfba285f3ee96cc5aa&name=default 0.309s
2025-03-12 08:15:10.753 68540 INFO tempest.lib.common.rest_client [req-9cd42c99-13a5-4adc-9499-f84c6d630834 req-9cd42c99-13a5-4adc-9499-f84c6d630834 ] Request (ImagesMetadataTestJSON:setUpClass): 201 POST http://10.180.1.21/identity/v3/auth/tokens 0.112s
2025-03-12 08:15:10.786 68540 INFO tempest.lib.common.rest_client [req-ef0ffb0e-eede-48e0-90b1-fd542692e544 req-ef0ffb0e-eede-48e0-90b1-fd542692e544 ] Request (ImagesMetadataTestJSON:setUpClass): 200 GET http://10.180.1.21/identity/v3/domains?name=Default 0.033s
2025-03-12 08:15:10.806 68536 INFO tempest.lib.common.rest_client [req-08bc2205-27e2-460b-bb7a-c921bad6ea72 req-08bc2205-27e2-460b-bb7a-c921bad6ea72 ] Request (SecurityGroupsNegativeTestJSON:tearDownClass): 204 DELETE http://10.180.1.21:9696/networking/v2.0/security-groups/20d8e59d-dedc-4c4e-9ee1-f1a930c09560 0.135s
2025-03-12 08:15:10.827 68521 INFO tempest.lib.common.rest_client [req-abc1fdf9-69a8-4e99-bcb6-1f9ea2ce61a8 req-abc1fdf9-69a8-4e99-bcb6-1f9ea2ce61a8 ] Request (QuotasAdminTestJSON:test_get_updated_quotas): 200 PUT http://10.180.1.21/compute/v2.1/os-quota-sets/77d8ba22d4fd40188e5a9b130ea81feb?user_id=7d47e74341124042922cb525a6b48247 1.858s
2025-03-12 08:15:10.837 68556 INFO tempest.lib.common.rest_client [req-5596e4d0-daa2-4d14-8552-0dbc4ea6512c req-5596e4d0-daa2-4d14-8552-0dbc4ea6512c ] Request (KeyPairsV210TestJSON:tearDownClass): 204 DELETE http://10.180.1.21:9696/networking/v2.0/security-groups/53908d80-fac9-4f08-b4d8-f8c0929fcb4d 0.133s
2025-03-12 08:15:10.846 68540 INFO tempest.lib.common.rest_client [req-ae09ee35-8f12-424a-a4d6-6eeaa5edd4b7 req-ae09ee35-8f12-424a-a4d6-6eeaa5edd4b7 ] Request (ImagesMetadataTestJSON:setUpClass): 201 POST http://10.180.1.21/identity/v3/projects 0.060s
2025-03-12 08:15:10.872 68516 INFO tempest.lib.common.rest_client [req-f6db40da-8d1e-42bd-a5a2-31c4e952b383 req-f6db40da-8d1e-42bd-a5a2-31c4e952b383 ] Request (FloatingIPsTestJSON:_run_cleanups): 404 DELETE http://10.180.1.21/compute/v2.1/os-floating-ips/1eef7917-6235-42b7-b126-a95a33bfc605 1.208s
2025-03-12 08:15:10.883 68536 INFO tempest.lib.common.rest_client [req-016611d8-9093-4377-8bcd-4382d49e660f req-016611d8-9093-4377-8bcd-4382d49e660f ] Request (SecurityGroupsNegativeTestJSON:tearDownClass): 204 DELETE http://10.180.1.21/identity/v3/projects/fcb4eb9fd338485abf79e5b0a591f38c 0.076s
2025-03-12 08:15:10.903 68522 INFO tempest.lib.common.rest_client [req-0e0c9df8-3220-4508-b5e0-be59a7b2bbe6 req-0e0c9df8-3220-4508-b5e0-be59a7b2bbe6 ] Request (ServersWithSpecificFlavorTestJSON:test_verify_created_server_ephemeral_disk): 200 POST http://10.180.1.21/compute/v2.1/flavors/447767842/os-extra_specs 1.100s
2025-03-12 08:15:10.946 68540 INFO tempest.lib.common.rest_client [req-5dceefb7-9f60-47df-ab71-e47c9bd22392 req-5dceefb7-9f60-47df-ab71-e47c9bd22392 ] Request (ImagesMetadataTestJSON:setUpClass): 201 POST http://10.180.1.21/identity/v3/users 0.099s
2025-03-12 08:15:10.974 68556 INFO tempest.lib.common.rest_client [req-4970afe4-6666-43f8-bf64-ef96ae898114 req-4970afe4-6666-43f8-bf64-ef96ae898114 ] Request (KeyPairsV210TestJSON:tearDownClass): 204 DELETE http://10.180.1.21/identity/v3/projects/076e1eaeb8424fcfba285f3ee96cc5aa 0.135s
2025-03-12 08:15:10.974 68556 INFO tempest.lib.common.dynamic_creds [-] Deleting project and security group for project: 6c0636d08eef4ba9a23fabfac886648b
2025-03-12 08:15:11.000 68536 INFO tempest.lib.common.rest_client [req-d9bdf06c-5100-4f03-9423-9fdb1305cafb req-d9bdf06c-5100-4f03-9423-9fdb1305cafb ] Request (ServersTestManualDisk:setUpClass): 201 POST http://10.180.1.21/identity/v3/auth/tokens 0.115s
2025-03-12 08:15:11.023 68540 INFO tempest.lib.common.rest_client [req-7fe03a86-525a-4369-9449-ce5f35271df5 req-7fe03a86-525a-4369-9449-ce5f35271df5 ] Request (ImagesMetadataTestJSON:setUpClass): 200 GET http://10.180.1.21/identity/v3/roles 0.076s
2025-03-12 08:15:11.049 68536 INFO tempest.lib.common.rest_client [req-c916188a-730f-455a-a942-09363cf32e61 req-c916188a-730f-455a-a942-09363cf32e61 ] Request (ServersTestManualDisk:setUpClass): 201 POST http://10.180.1.21/identity/v3/auth/tokens 0.046s
2025-03-12 08:15:11.070 68544 INFO tempest.lib.common.rest_client [req-a4a45bfc-30ae-417c-9b7f-cad752ad1aed req-a4a45bfc-30ae-417c-9b7f-cad752ad1aed ] Request (AggregatesAdminNegativeTestJSON:test_aggregate_add_host_as_user): 403 POST http://10.180.1.21/compute/v2.1/os-aggregates/2/action 1.222s
2025-03-12 08:15:11.074 68540 INFO tempest.lib.common.rest_client [req-1409a038-181d-4ed6-965e-af57f3f88fdf req-1409a038-181d-4ed6-965e-af57f3f88fdf ] Request (ImagesMetadataTestJSON:setUpClass): 204 PUT http://10.180.1.21/identity/v3/projects/e28b8d86486a424cabf32069e8d9cfcf/users/e5b3751f0e7747efb4747615f2d49b25/roles/9dc7b5c168114a7e83ca11a631099c4d 0.050s
2025-03-12 08:15:11.074 68540 INFO tempest.lib.common.dynamic_creds [-] Dynamic test user e5b3751f0e7747efb4747615f2d49b25 is created with scope project and roles: ['member']
2025-03-12 08:15:11.074 68540 INFO tempest.lib.common.dynamic_creds [-] Acquired dynamic creds: credentials: Credentials: {'domain_id': 'default', 'domain_name': 'Default', 'username': 'tempest-ImagesMetadataTestJSON-1503686837-project-member', 'project_domain_id': 'default', 'project_domain_name': 'Default', 'project_id': 'e28b8d86486a424cabf32069e8d9cfcf', 'project_name': 'tempest-ImagesMetadataTestJSON-1503686837', 'tenant_id': 'e28b8d86486a424cabf32069e8d9cfcf', 'tenant_name': 'tempest-ImagesMetadataTestJSON-1503686837', 'user_domain_id': 'default', 'user_domain_name': 'Default', 'user_id': 'e5b3751f0e7747efb4747615f2d49b25', 'system': None}, Network: None, Subnet: None, Router: None
2025-03-12 08:15:11.074 68540 INFO tempest.lib.common.dynamic_creds [-] Created isolated network resources for: credentials: Credentials: {'domain_id': 'default', 'domain_name': 'Default', 'username': 'tempest-ImagesMetadataTestJSON-1503686837-project-member', 'project_domain_id': 'default', 'project_domain_name': 'Default', 'project_id': 'e28b8d86486a424cabf32069e8d9cfcf', 'project_name': 'tempest-ImagesMetadataTestJSON-1503686837', 'tenant_id': 'e28b8d86486a424cabf32069e8d9cfcf', 'tenant_name': 'tempest-ImagesMetadataTestJSON-1503686837', 'user_domain_id': 'default', 'user_domain_name': 'Default', 'user_id': 'e5b3751f0e7747efb4747615f2d49b25', 'system': None}, Network: None, Subnet: None, Router: None
2025-03-12 08:15:11.092 68500 INFO tempest.lib.common.rest_client [req-3026f66c-8de6-45f8-baa0-b9292e700f51 req-3026f66c-8de6-45f8-baa0-b9292e700f51 ] Request (FlavorsAccessTestJSON:test_flavor_access_list_with_private_flavor): 200 GET http://10.180.1.21/compute/v2.1/flavors/2098515792/os-flavor-access 1.224s
2025-03-12 08:15:11.115 68532 INFO tempest.lib.common.rest_client [req-d6c277e7-d9ca-4a17-a2f2-06c4e89a23e6 req-d6c277e7-d9ca-4a17-a2f2-06c4e89a23e6 ] Request (HostsAdminTestJSON:test_list_hosts_with_zone): 200 GET http://10.180.1.21/compute/v2.1/os-hosts?zone=internal 1.229s
2025-03-12 08:15:11.127 68536 INFO tempest.lib.common.rest_client [req-9cd415c5-2da6-4fce-84a1-2a3384d14d58 req-9cd415c5-2da6-4fce-84a1-2a3384d14d58 ] Request (ServersTestManualDisk:setUpClass): 200 GET http://10.180.1.21/identity/v3/domains?name=Default 0.078s
2025-03-12 08:15:11.141 68528 INFO tempest.lib.common.rest_client [req-06040013-5c22-4be9-9fae-2e17088b7b08 req-06040013-5c22-4be9-9fae-2e17088b7b08 ] Request (FlavorsV255TestJSON:_run_cleanups): 200 GET http://10.180.1.21/compute/v2.1/flavors/detail 1.241s
2025-03-12 08:15:11.162 68540 INFO tempest.lib.common.rest_client [req-f48585ca-8822-4d1b-836b-23e426a08c9c req-f48585ca-8822-4d1b-836b-23e426a08c9c ] Request (ImagesMetadataTestJSON:setUpClass): 201 POST http://10.180.1.21/identity/v3/auth/tokens 0.081s
2025-03-12 08:15:11.172 68536 INFO tempest.lib.common.rest_client [req-acc3d490-6891-4415-bf6e-5d97785d2813 req-acc3d490-6891-4415-bf6e-5d97785d2813 ] Request (ServersTestManualDisk:setUpClass): 201 POST http://10.180.1.21/identity/v3/projects 0.044s
2025-03-12 08:15:11.231 68556 INFO tempest.lib.common.rest_client [req-a1be92ea-a6ef-4ed1-8681-50fb40c4cc56 req-a1be92ea-a6ef-4ed1-8681-50fb40c4cc56 ] Request (KeyPairsV210TestJSON:tearDownClass): 200 GET http://10.180.1.21:9696/networking/v2.0/security-groups?tenant_id=6c0636d08eef4ba9a23fabfac886648b&name=default 0.257s
2025-03-12 08:15:11.254 68506 INFO tempest.lib.common.rest_client [req-b84fb9e3-27b8-4aca-8741-0a582be265a8 req-b84fb9e3-27b8-4aca-8741-0a582be265a8 ] Request (ServerDiagnosticsV248Test:test_get_server_diagnostics): 200 GET http://10.180.1.21/compute/v2.1/servers/0caf6fa0-d8f0-47a4-ad44-8b9f739f9ca5 1.334s
2025-03-12 08:15:11.283 68496 INFO tempest.lib.common.rest_client [req-c92532b9-d5c5-4ffb-91e1-0e5d580f4692 req-c92532b9-d5c5-4ffb-91e1-0e5d580f4692 ] Request (FlavorsAdminTestJSON:_run_cleanups): 202 DELETE http://10.180.1.21/compute/v2.1/flavors/1058219667 1.364s
2025-03-12 08:15:11.285 68528 INFO tempest.lib.common.rest_client [req-2f761208-bb07-4abe-a24a-aa262e396c72 req-2f761208-bb07-4abe-a24a-aa262e396c72 ] Request (FlavorsV255TestJSON:tearDownClass): 204 DELETE http://10.180.1.21/identity/v3/users/08a2257f418340bfadb83a5a18cc2fe5 0.136s
2025-03-12 08:15:11.309 68514 INFO tempest.lib.common.rest_client [req-195f32b8-c547-4170-937b-2f677db19a84 req-195f32b8-c547-4170-937b-2f677db19a84 ] Request (ImagesMetadataNegativeTestJSON:test_update_nonexistent_image_metadata): 404 POST http://10.180.1.21/compute/v2.1/images/f1bba9c1-b9b6-4af5-81ac-4710b39fc361/metadata 1.369s
2025-03-12 08:15:11.340 68536 INFO tempest.lib.common.rest_client [req-02bbec24-ddc8-4a64-911d-27b948a8f1d6 req-02bbec24-ddc8-4a64-911d-27b948a8f1d6 ] Request (ServersTestManualDisk:setUpClass): 201 POST http://10.180.1.21/identity/v3/users 0.168s
2025-03-12 08:15:11.374 68512 INFO tempest.lib.common.rest_client [req-d1527248-2959-4f82-b7ab-25acda1d21a3 req-d1527248-2959-4f82-b7ab-25acda1d21a3 ] Request (ListServersNegativeTestJSON:setUpClass): 202 POST http://10.180.1.21/compute/v2.1/servers 1.757s
2025-03-12 08:15:11.402 68542 INFO tempest.lib.common.rest_client [req-970ba5c4-335f-4bea-83cd-52647c4c5335 req-970ba5c4-335f-4bea-83cd-52647c4c5335 ] Request (ServerDiagnosticsNegativeTest:test_get_server_diagnostics_by_non_admin): 200 GET http://10.180.1.21/compute/v2.1/servers/7056fb29-2a2f-4275-a411-4d5f3fcb421f 1.432s
2025-03-12 08:15:11.414 68542 INFO tempest.common.waiters [-] State transition "BUILD/None" ==> "BUILD/networking" after 12 second wait
2025-03-12 08:15:11.416 68528 INFO tempest.lib.common.rest_client [req-d2508eee-7395-4417-97de-edd9080cb40c req-d2508eee-7395-4417-97de-edd9080cb40c ] Request (FlavorsV255TestJSON:tearDownClass): 204 DELETE http://10.180.1.21/identity/v3/users/1cd1fa1cd0e444088b0f1866485d6e19 0.131s
2025-03-12 08:15:11.416 68528 INFO tempest.lib.common.dynamic_creds [-] Deleting project and security group for project: d639db3f573a4584b51a02ddaf6e741e
2025-03-12 08:15:11.458 68538 INFO tempest.lib.common.rest_client [req-00c24c94-42e2-413f-98c9-aecbc5d30383 req-00c24c94-42e2-413f-98c9-aecbc5d30383 ] Request (ServerExternalEventsTest:test_create_server_external_events): 200 GET http://10.180.1.21/compute/v2.1/servers/b0b21c65-ef3d-4492-a6b2-d2321a3dacde 1.442s
2025-03-12 08:15:11.481 68546 INFO tempest.lib.common.rest_client [req-14cfc26d-3fee-4710-8d7c-ccd7398cf5a0 req-14cfc26d-3fee-4710-8d7c-ccd7398cf5a0 ] Request (FlavorsExtraSpecsTestJSON:test_flavor_set_get_update_show_unset_keys): 200 GET http://10.180.1.21/compute/v2.1/flavors/1628191062/os-extra_specs 1.444s
2025-03-12 08:15:11.485 68536 INFO tempest.lib.common.rest_client [req-600c77e3-8ac4-4ab9-ac9c-e424d1a3b64d req-600c77e3-8ac4-4ab9-ac9c-e424d1a3b64d ] Request (ServersTestManualDisk:setUpClass): 200 GET http://10.180.1.21/identity/v3/roles 0.144s
2025-03-12 08:15:11.492 68556 INFO tempest.lib.common.rest_client [req-c6f46c6b-6ec6-4632-9a98-220acc160c39 req-c6f46c6b-6ec6-4632-9a98-220acc160c39 ] Request (KeyPairsV210TestJSON:tearDownClass): 204 DELETE http://10.180.1.21:9696/networking/v2.0/security-groups/b92393b3-fe37-4ded-b1c8-ea990fda0ec2 0.259s
2025-03-12 08:15:11.497 68550 INFO tempest.lib.common.rest_client [req-42ca4ce1-5c0a-4d87-8adf-06db869ae1c4 req-42ca4ce1-5c0a-4d87-8adf-06db869ae1c4 ] Request (ServerShowV247Test:test_update_rebuild_list_server): 200 GET http://10.180.1.21/compute/v2.1/servers/93b49e91-5e9a-4b11-a833-31ab0883e0e8 1.471s
2025-03-12 08:15:11.541 68528 INFO tempest.lib.common.rest_client [req-5365a17f-f79c-434d-adb6-0a9d16034b6b req-5365a17f-f79c-434d-adb6-0a9d16034b6b ] Request (FlavorsV255TestJSON:tearDownClass): 201 POST http://10.180.1.21/identity/v3/auth/tokens 0.124s
2025-03-12 08:15:11.568 68552 INFO tempest.lib.common.rest_client [req-b72239dc-5200-4cbd-875e-77fa7bde95df req-b72239dc-5200-4cbd-875e-77fa7bde95df ] Request (InstanceActionsV221TestJSON:test_get_list_deleted_instance_actions): 200 GET http://10.180.1.21/compute/v2.1/servers/bbd282ea-58aa-47b8-aa82-283a55ac1b29 1.462s
2025-03-12 08:15:11.585 68514 INFO tempest.lib.common.rest_client [req-83b09a39-1aa5-4af6-aafe-4dc9d3d64f18 req-83b09a39-1aa5-4af6-aafe-4dc9d3d64f18 ] Request (ImagesMetadataNegativeTestJSON:tearDownClass): 204 DELETE http://10.180.1.21/identity/v3/users/934c61a962ec4d7ea28a91ef2db8aaa7 0.274s
2025-03-12 08:15:11.585 68514 INFO tempest.lib.common.dynamic_creds [-] Deleting project and security group for project: 7e33de6e72f64d9b9a90e01a56d70191
2025-03-12 08:15:11.657 68536 INFO tempest.lib.common.rest_client [req-3ac21955-20f0-4eaf-b115-e195640b551a req-3ac21955-20f0-4eaf-b115-e195640b551a ] Request (ServersTestManualDisk:setUpClass): 204 PUT http://10.180.1.21/identity/v3/projects/dc0671abf27a426d9cee1db45efe4757/users/e63a0e21c83c4c7e9df31c27f7626462/roles/9dc7b5c168114a7e83ca11a631099c4d 0.171s
2025-03-12 08:15:11.657 68536 INFO tempest.lib.common.dynamic_creds [-] Dynamic test user e63a0e21c83c4c7e9df31c27f7626462 is created with scope project and roles: ['member']
2025-03-12 08:15:11.657 68536 INFO tempest.lib.common.dynamic_creds [-] Acquired dynamic creds: credentials: Credentials: {'domain_id': 'default', 'domain_name': 'Default', 'username': 'tempest-ServersTestManualDisk-1774495805-project-member', 'project_domain_id': 'default', 'project_domain_name': 'Default', 'project_id': 'dc0671abf27a426d9cee1db45efe4757', 'project_name': 'tempest-ServersTestManualDisk-1774495805', 'tenant_id': 'dc0671abf27a426d9cee1db45efe4757', 'tenant_name': 'tempest-ServersTestManualDisk-1774495805', 'user_domain_id': 'default', 'user_domain_name': 'Default', 'user_id': 'e63a0e21c83c4c7e9df31c27f7626462', 'system': None}, Network: None, Subnet: None, Router: None
2025-03-12 08:15:11.693 68548 INFO tempest.lib.common.rest_client [req-13e56321-82c6-4231-84f5-b7d7c3b97e92 req-13e56321-82c6-4231-84f5-b7d7c3b97e92 ] Request (ServersListShow2100Test:test_list_show_rebuild_update_server_2100): 200 GET http://10.180.1.21/compute/v2.1/servers/ae5fa3f4-e487-40ed-9ca4-12a6f9713eba 1.490s
2025-03-12 08:15:11.700 68518 INFO tempest.lib.common.rest_client [req-2f5a5052-5758-43e1-901f-02dcdb659c7d req-2f5a5052-5758-43e1-901f-02dcdb659c7d ] Request (FlavorsExtraSpecsNegativeTestJSON:test_flavor_update_mismatch_key): 400 PUT http://10.180.1.21/compute/v2.1/flavors/2078299403/os-extra_specs/hw:numa_nodes 1.286s
2025-03-12 08:15:11.734 68556 INFO tempest.lib.common.rest_client [req-a88f635f-bf72-472f-bf47-d348c932165e req-a88f635f-bf72-472f-bf47-d348c932165e ] Request (KeyPairsV210TestJSON:tearDownClass): 204 DELETE http://10.180.1.21/identity/v3/projects/6c0636d08eef4ba9a23fabfac886648b 0.242s
2025-03-12 08:15:11.796 68534 INFO tempest.lib.common.rest_client [req-2a728819-f5e7-4448-90aa-469de7ebb761 req-2a728819-f5e7-4448-90aa-469de7ebb761 ] Request (ImagesNegativeTestJSON:setUpClass): 200 PUT http://10.180.1.21:9696/networking/v2.0/routers/18d48ca1-36ce-4249-88e8-71c817b11f3b/add_router_interface 1.733s
2025-03-12 08:15:11.797 68534 INFO tempest.lib.common.dynamic_creds [-] Created isolated network resources for: credentials: Credentials: {'domain_id': 'default', 'domain_name': 'Default', 'username': 'tempest-ImagesNegativeTestJSON-1481145656-project-member', 'project_domain_id': 'default', 'project_domain_name': 'Default', 'project_id': '32d81faa5cbf43a888871c19126ea6e0', 'project_name': 'tempest-ImagesNegativeTestJSON-1481145656', 'tenant_id': '32d81faa5cbf43a888871c19126ea6e0', 'tenant_name': 'tempest-ImagesNegativeTestJSON-1481145656', 'user_domain_id': 'default', 'user_domain_name': 'Default', 'user_id': 'a9ce00cf16c64f8fb1f6d09dbd0c980b', 'system': None}, Network: {'id': 'a70d300c-094f-483f-bfc9-9f273664a818', 'name': 'tempest-ImagesNegativeTestJSON-287149275-network', 'tenant_id': '32d81faa5cbf43a888871c19126ea6e0', 'admin_state_up': True, 'mtu': 8950, 'status': 'ACTIVE', 'subnets': [], 'shared': False, 'project_id': '32d81faa5cbf43a888871c19126ea6e0', 'port_security_enabled': True, 'router:external': False, 'provider:network_type': 'vlan', 'provider:physical_network': 'default', 'provider:segmentation_id': 965, 'availability_zone_hints': [], 'availability_zones': [], 'ipv4_address_scope': None, 'ipv6_address_scope': None, 'description': '', 'tags': [], 'created_at': '2025-03-12T08:15:08Z', 'updated_at': '2025-03-12T08:15:08Z', 'revision_number': 1}, Subnet: {'id': '4e49f676-24ce-4179-8292-9b8e890137c0', 'name': 'tempest-ImagesNegativeTestJSON-287149275-subnet', 'tenant_id': '32d81faa5cbf43a888871c19126ea6e0', 'network_id': 'a70d300c-094f-483f-bfc9-9f273664a818', 'ip_version': 4, 'subnetpool_id': None, 'enable_dhcp': True, 'ipv6_ra_mode': None, 'ipv6_address_mode': None, 'gateway_ip': '192.168.128.1', 'cidr': '192.168.128.0/28', 'allocation_pools': [{'start': '192.168.128.2', 'end': '192.168.128.14'}], 'host_routes': [], 'dns_nameservers': [], 'description': '', 'router:external': False, 'service_types': [], 'tags': [], 'created_at': '2025-03-12T08:15:08Z', 'updated_at': '2025-03-12T08:15:08Z', 'revision_number': 0, 'project_id': '32d81faa5cbf43a888871c19126ea6e0'}, Router: {'id': '18d48ca1-36ce-4249-88e8-71c817b11f3b', 'name': 'tempest-ImagesNegativeTestJSON-287149275-router', 'tenant_id': '32d81faa5cbf43a888871c19126ea6e0', 'admin_state_up': True, 'status': 'ACTIVE', 'external_gateway_info': {'network_id': '53b86599-0aeb-4ad0-b34d-6e1948a1a8e0', 'external_fixed_ips': [{'subnet_id': 'd2a001bc-59b8-4d66-b8f0-e1fbbfe77898', 'ip_address': '10.180.180.231'}], 'enable_snat': True}, 'description': '', 'availability_zones': [], 'distributed': False, 'ha': False, 'availability_zone_hints': [], 'routes': [], 'flavor_id': None, 'tags': [], 'created_at': '2025-03-12T08:15:08Z', 'updated_at': '2025-03-12T08:15:09Z', 'revision_number': 2, 'project_id': '32d81faa5cbf43a888871c19126ea6e0'}
2025-03-12 08:15:11.805 68514 INFO tempest.lib.common.rest_client [req-8a04101e-8105-4b1a-81d4-d4015f9b638f req-8a04101e-8105-4b1a-81d4-d4015f9b638f ] Request (ImagesMetadataNegativeTestJSON:tearDownClass): 201 POST http://10.180.1.21/identity/v3/auth/tokens 0.220s
2025-03-12 08:15:11.836 68536 INFO tempest.lib.common.rest_client [req-f3362e26-4174-400d-a0c5-bcfb6898c8d2 req-f3362e26-4174-400d-a0c5-bcfb6898c8d2 ] Request (ServersTestManualDisk:setUpClass): 201 POST http://10.180.1.21/identity/v3/auth/tokens 0.179s
2025-03-12 08:15:11.865 68556 INFO tempest.lib.common.rest_client [req-9b1ba0f6-7299-4d7f-a4f2-c71d50cc6720 req-9b1ba0f6-7299-4d7f-a4f2-c71d50cc6720 ] Request (FloatingIPsAssociationTestJSON:setUpClass): 201 POST http://10.180.1.21/identity/v3/auth/tokens 0.128s
2025-03-12 08:15:11.937 68534 INFO tempest.lib.common.rest_client [req-f19aa22f-6b75-4360-a0e3-ecde1cf8295f req-f19aa22f-6b75-4360-a0e3-ecde1cf8295f ] Request (ImagesNegativeTestJSON:setUpClass): 201 POST http://10.180.1.21/identity/v3/auth/tokens 0.135s
2025-03-12 08:15:11.963 68556 INFO tempest.lib.common.rest_client [req-fa2daf70-efd7-4045-8a6b-ad7677cb60e6 req-fa2daf70-efd7-4045-8a6b-ad7677cb60e6 ] Request (FloatingIPsAssociationTestJSON:setUpClass): 201 POST http://10.180.1.21/identity/v3/auth/tokens 0.095s
2025-03-12 08:15:11.995 68534 INFO tempest.lib.common.rest_client [req-4c6aa7e0-c0c8-4a59-a581-fc55fffeb054 req-4c6aa7e0-c0c8-4a59-a581-fc55fffeb054 ] Request (ImagesNegativeTestJSON:test_create_image_from_deleted_server): 201 POST http://10.180.1.21/identity/v3/auth/tokens 0.053s
2025-03-12 08:15:11.995 68534 INFO tempest.lib.common.fixed_network [-] (ImagesNegativeTestJSON:test_create_image_from_deleted_server) Found network {'id': 'a70d300c-094f-483f-bfc9-9f273664a818', 'name': 'tempest-ImagesNegativeTestJSON-287149275-network', 'tenant_id': '32d81faa5cbf43a888871c19126ea6e0', 'admin_state_up': True, 'mtu': 8950, 'status': 'ACTIVE', 'subnets': [], 'shared': False, 'project_id': '32d81faa5cbf43a888871c19126ea6e0', 'port_security_enabled': True, 'router:external': False, 'provider:network_type': 'vlan', 'provider:physical_network': 'default', 'provider:segmentation_id': 965, 'availability_zone_hints': [], 'availability_zones': [], 'ipv4_address_scope': None, 'ipv6_address_scope': None, 'description': '', 'tags': [], 'created_at': '2025-03-12T08:15:08Z', 'updated_at': '2025-03-12T08:15:08Z', 'revision_number': 1} available for tenant
2025-03-12 08:15:12.020 68556 INFO tempest.lib.common.rest_client [req-796cfbc0-a449-4b3c-92c1-449a397400a1 req-796cfbc0-a449-4b3c-92c1-449a397400a1 ] Request (FloatingIPsAssociationTestJSON:setUpClass): 200 GET http://10.180.1.21/identity/v3/domains?name=Default 0.057s
2025-03-12 08:15:12.038 68502 INFO tempest.lib.common.rest_client [req-70325182-6af4-4e03-b352-4b0976431168 req-70325182-6af4-4e03-b352-4b0976431168 ] Request (SecurityGroupsTestAdminJSON:_run_cleanups): 202 DELETE http://10.180.1.21/compute/v2.1/os-security-groups/670e5b85-24bc-410b-9385-5d823f839805 1.471s
2025-03-12 08:15:12.039 68540 INFO tempest.lib.common.rest_client [req-7691c37a-7e5a-4269-8203-da1e8a92992d req-7691c37a-7e5a-4269-8203-da1e8a92992d ] Request (ImagesMetadataTestJSON:setUpClass): 201 POST http://10.180.1.21/image/v2/images 0.876s
2025-03-12 08:15:12.057 68498 INFO tempest.lib.common.rest_client [req-eb5fa70f-b736-492c-8ecf-3f2ed66bc2eb req-eb5fa70f-b736-492c-8ecf-3f2ed66bc2eb ] Request (FlavorsAccessNegativeTestJSON:test_flavor_access_list_with_public_flavor): 404 GET http://10.180.1.21/compute/v2.1/flavors/167826138/os-flavor-access 1.467s
2025-03-12 08:15:12.069 68556 INFO tempest.lib.common.rest_client [req-9debd7e1-4aed-4511-8f90-a8cf137180b4 req-9debd7e1-4aed-4511-8f90-a8cf137180b4 ] Request (FloatingIPsAssociationTestJSON:setUpClass): 201 POST http://10.180.1.21/identity/v3/projects 0.047s
2025-03-12 08:15:12.102 68528 INFO tempest.lib.common.rest_client [req-60c2eed1-4994-45a7-91a8-0a762213bab5 req-60c2eed1-4994-45a7-91a8-0a762213bab5 ] Request (FlavorsV255TestJSON:tearDownClass): 200 GET http://10.180.1.21:9696/networking/v2.0/security-groups?tenant_id=d639db3f573a4584b51a02ddaf6e741e&name=default 0.560s
2025-03-12 08:15:12.165 68556 INFO tempest.lib.common.rest_client [req-01d2a569-6a41-4eb9-b134-4540cee32ee8 req-01d2a569-6a41-4eb9-b134-4540cee32ee8 ] Request (FloatingIPsAssociationTestJSON:setUpClass): 201 POST http://10.180.1.21/identity/v3/users 0.095s
2025-03-12 08:15:12.192 68556 INFO tempest.lib.common.rest_client [req-b9b905ae-a0cb-465c-b605-8a6b993c85be req-b9b905ae-a0cb-465c-b605-8a6b993c85be ] Request (FloatingIPsAssociationTestJSON:setUpClass): 200 GET http://10.180.1.21/identity/v3/roles 0.026s
2025-03-12 08:15:12.225 68556 INFO tempest.lib.common.rest_client [req-14e2b26e-2844-4e71-bcb5-acc91091026c req-14e2b26e-2844-4e71-bcb5-acc91091026c ] Request (FloatingIPsAssociationTestJSON:setUpClass): 204 PUT http://10.180.1.21/identity/v3/projects/abe88ad43d2c4fd681e7d2aa42c7d362/users/96d4c4affb734e3c9e36c8d028f1b42f/roles/9dc7b5c168114a7e83ca11a631099c4d 0.033s
2025-03-12 08:15:12.225 68556 INFO tempest.lib.common.dynamic_creds [-] Dynamic test user 96d4c4affb734e3c9e36c8d028f1b42f is created with scope project and roles: ['member']
2025-03-12 08:15:12.226 68556 INFO tempest.lib.common.dynamic_creds [-] Acquired dynamic creds: credentials: Credentials: {'domain_id': 'default', 'domain_name': 'Default', 'username': 'tempest-FloatingIPsAssociationTestJSON-864662715-project-member', 'project_domain_id': 'default', 'project_domain_name': 'Default', 'project_id': 'abe88ad43d2c4fd681e7d2aa42c7d362', 'project_name': 'tempest-FloatingIPsAssociationTestJSON-864662715', 'tenant_id': 'abe88ad43d2c4fd681e7d2aa42c7d362', 'tenant_name': 'tempest-FloatingIPsAssociationTestJSON-864662715', 'user_domain_id': 'default', 'user_domain_name': 'Default', 'user_id': '96d4c4affb734e3c9e36c8d028f1b42f', 'system': None}, Network: None, Subnet: None, Router: None
2025-03-12 08:15:12.301 68514 INFO tempest.lib.common.rest_client [req-51afac85-3cf4-4077-b065-54069b029df0 req-51afac85-3cf4-4077-b065-54069b029df0 ] Request (ImagesMetadataNegativeTestJSON:tearDownClass): 200 GET http://10.180.1.21:9696/networking/v2.0/security-groups?tenant_id=7e33de6e72f64d9b9a90e01a56d70191&name=default 0.495s
2025-03-12 08:15:12.308 68556 INFO tempest.lib.common.rest_client [req-db8d133a-03d9-4f4e-8c28-cc237478f80e req-db8d133a-03d9-4f4e-8c28-cc237478f80e ] Request (FloatingIPsAssociationTestJSON:setUpClass): 201 POST http://10.180.1.21/identity/v3/auth/tokens 0.081s
2025-03-12 08:15:12.570 68510 INFO tempest.lib.common.rest_client [req-9e7b34b1-b392-42dd-9efb-8a07a358de65 req-9e7b34b1-b392-42dd-9efb-8a07a358de65 ] Request (FloatingIPDetailsTestJSON:tearDownClass): 202 DELETE http://10.180.1.21/compute/v2.1/os-floating-ips/7db50d04-312d-4ebd-9e29-fdf9dd28cb02 2.511s
2025-03-12 08:15:12.584 68514 INFO tempest.lib.common.rest_client [req-db018325-2747-4ce2-b117-3cda9cd05ef2 req-db018325-2747-4ce2-b117-3cda9cd05ef2 ] Request (ImagesMetadataNegativeTestJSON:tearDownClass): 204 DELETE http://10.180.1.21:9696/networking/v2.0/security-groups/7d400b4f-90d9-46ca-b243-78ab7ab090a8 0.283s
2025-03-12 08:15:12.628 68528 INFO tempest.lib.common.rest_client [req-3089bc1e-2a3b-466a-898d-c82f70933bbb req-3089bc1e-2a3b-466a-898d-c82f70933bbb ] Request (FlavorsV255TestJSON:tearDownClass): 204 DELETE http://10.180.1.21:9696/networking/v2.0/security-groups/6d5e1dba-32ad-4d78-8cb7-211c8cba148b 0.526s
2025-03-12 08:15:12.655 68530 INFO tempest.lib.common.rest_client [req-98040475-9ab8-40e1-a6a8-c7e7c7cb2dd9 req-98040475-9ab8-40e1-a6a8-c7e7c7cb2dd9 ] Request (ServerDiagnosticsTest:test_get_server_diagnostics): 200 GET http://10.180.1.21/compute/v2.1/servers/cdc84742-e20a-4e48-bfff-b3ac34405c1d 2.051s
2025-03-12 08:15:12.672 68536 INFO tempest.lib.common.rest_client [req-261787e0-ecf1-4e78-bb69-121d434ee2ab req-261787e0-ecf1-4e78-bb69-121d434ee2ab ] Request (ServersTestManualDisk:setUpClass): 201 POST http://10.180.1.21:9696/networking/v2.0/networks 0.835s
2025-03-12 08:15:12.676 68526 INFO tempest.lib.common.rest_client [req-1c283af0-46eb-4b92-bacf-16a811f1e198 req-1c283af0-46eb-4b92-bacf-16a811f1e198 ] Request (VolumesAssistedSnapshotsTest:test_volume_assisted_snapshot_create_delete): 200 GET http://10.180.1.21/compute/v2.1/servers/af11d05f-4432-4505-bb52-226414488960 1.882s
2025-03-12 08:15:12.680 68514 INFO tempest.lib.common.rest_client [req-8c46a5e1-ef34-48d2-b903-5763b0aee52a req-8c46a5e1-ef34-48d2-b903-5763b0aee52a ] Request (ImagesMetadataNegativeTestJSON:tearDownClass): 204 DELETE http://10.180.1.21/identity/v3/projects/7e33de6e72f64d9b9a90e01a56d70191 0.095s
2025-03-12 08:15:12.716 68522 INFO tempest.lib.common.rest_client [req-546919e7-0be2-4cea-83e6-dc4e9cfb3b90 req-546919e7-0be2-4cea-83e6-dc4e9cfb3b90 ] Request (ValidationResourcesFixture:setUp): 200 POST http://10.180.1.21/compute/v2.1/os-keypairs 1.810s
2025-03-12 08:15:12.734 68528 INFO tempest.lib.common.rest_client [req-d76cabbf-3065-4fd4-9dad-08fcd3b409fa req-d76cabbf-3065-4fd4-9dad-08fcd3b409fa ] Request (FlavorsV255TestJSON:tearDownClass): 204 DELETE http://10.180.1.21/identity/v3/projects/d639db3f573a4584b51a02ddaf6e741e 0.106s
2025-03-12 08:15:12.735 68528 INFO tempest.lib.common.dynamic_creds [-] Deleting project and security group for project: b296d98cd70f407cb51a7aa5be7f6c02
2025-03-12 08:15:12.740 68544 INFO tempest.lib.common.rest_client [req-3ab6965f-391f-48d9-9232-2a1859ec8273 req-3ab6965f-391f-48d9-9232-2a1859ec8273 ] Request (AggregatesAdminNegativeTestJSON:_run_cleanups): 200 DELETE http://10.180.1.21/compute/v2.1/os-aggregates/2 1.669s
2025-03-12 08:15:12.758 68500 INFO tempest.lib.common.rest_client [req-a2c5b6f3-b052-43e3-875a-0a5ea00e550c req-a2c5b6f3-b052-43e3-875a-0a5ea00e550c ] Request (FlavorsAccessTestJSON:_run_cleanups): 202 DELETE http://10.180.1.21/compute/v2.1/flavors/2098515792 1.665s
2025-03-12 08:15:12.781 68532 INFO tempest.lib.common.rest_client [req-7839f412-8533-4179-a632-4aba6a8b78ef req-7839f412-8533-4179-a632-4aba6a8b78ef ] Request (HostsAdminTestJSON:test_show_host_detail): 200 GET http://10.180.1.21/compute/v2.1/os-hosts 1.661s
2025-03-12 08:15:12.808 68496 INFO tempest.lib.common.rest_client [req-36cf27b0-19e2-4b5f-b74f-86db85969bf4 req-36cf27b0-19e2-4b5f-b74f-86db85969bf4 ] Request (FlavorsAdminTestJSON:_run_cleanups): 200 GET http://10.180.1.21/compute/v2.1/flavors/detail 1.525s
2025-03-12 08:15:12.823 68514 INFO tempest.lib.common.rest_client [req-b1217a13-8c65-4b20-9e11-734185aa3b8f req-b1217a13-8c65-4b20-9e11-734185aa3b8f ] Request (ListImageFiltersNegativeTestJSON:setUpClass): 201 POST http://10.180.1.21/identity/v3/auth/tokens 0.140s
2025-03-12 08:15:12.867 68516 INFO tempest.lib.common.rest_client [req-06e2fec6-4ddd-4d76-b671-0cde9515d9a4 req-06e2fec6-4ddd-4d76-b671-0cde9515d9a4 ] Request (FloatingIPsTestJSON:tearDownClass): 200 PUT http://10.180.1.21:9696/networking/v2.0/routers/e5c43b4c-329b-4916-8f5b-6eb2b0469c30/remove_router_interface 1.994s
2025-03-12 08:15:12.868 68540 INFO tempest.lib.common.rest_client [req-0859f533-461d-4b2f-be87-cd5ab9f30701 req-0859f533-461d-4b2f-be87-cd5ab9f30701 ] Request (ImagesMetadataTestJSON:setUpClass): 204 PUT http://10.180.1.21/image/v2/images/0a99a148-cb8f-4c16-99e7-0e688c45153f/file 0.828s
2025-03-12 08:15:12.881 68514 INFO tempest.lib.common.rest_client [req-d7223b97-6e69-4d22-acaf-e9805496c1d2 req-d7223b97-6e69-4d22-acaf-e9805496c1d2 ] Request (ListImageFiltersNegativeTestJSON:setUpClass): 201 POST http://10.180.1.21/identity/v3/auth/tokens 0.053s
2025-03-12 08:15:12.915 68514 INFO tempest.lib.common.rest_client [req-15a5eb7f-5375-4a44-985e-c82626ddd4be req-15a5eb7f-5375-4a44-985e-c82626ddd4be ] Request (ListImageFiltersNegativeTestJSON:setUpClass): 200 GET http://10.180.1.21/identity/v3/domains?name=Default 0.034s
2025-03-12 08:15:12.975 68521 INFO tempest.lib.common.rest_client [req-cdbd3be8-27f1-4ee8-a4ca-6e3ee35920eb req-cdbd3be8-27f1-4ee8-a4ca-6e3ee35920eb ] Request (QuotasAdminTestJSON:test_get_updated_quotas): 200 GET http://10.180.1.21/compute/v2.1/os-quota-sets/77d8ba22d4fd40188e5a9b130ea81feb?user_id=7d47e74341124042922cb525a6b48247 2.146s
2025-03-12 08:15:13.017 68514 INFO tempest.lib.common.rest_client [req-57d756d7-ef90-4f8b-b1c3-b1795b6b9fba req-57d756d7-ef90-4f8b-b1c3-b1795b6b9fba ] Request (ListImageFiltersNegativeTestJSON:setUpClass): 201 POST http://10.180.1.21/identity/v3/projects 0.101s
2025-03-12 08:15:13.106 68521 INFO tempest.lib.common.rest_client [req-35c6ad8c-00cc-4090-a4e9-67254e7cdffa req-35c6ad8c-00cc-4090-a4e9-67254e7cdffa ] Request (QuotasAdminTestJSON:_run_cleanups): 204 DELETE http://10.180.1.21/identity/v3/users/7d47e74341124042922cb525a6b48247 0.126s
2025-03-12 08:15:13.119 68514 INFO tempest.lib.common.rest_client [req-75534550-3a72-4812-839f-6e2a8c28c44c req-75534550-3a72-4812-839f-6e2a8c28c44c ] Request (ListImageFiltersNegativeTestJSON:setUpClass): 201 POST http://10.180.1.21/identity/v3/users 0.101s
2025-03-12 08:15:13.119 68504 INFO tempest.lib.common.rest_client [req-1416c64d-7cdf-4abe-8295-b772182859a0 req-1416c64d-7cdf-4abe-8295-b772182859a0 ] Request (DeleteServersAdminTestJSON:test_admin_delete_servers_of_others): 200 GET http://10.180.1.21/compute/v2.1/servers/471e8a27-ed87-461a-b817-cd5ad208dd10 1.812s
2025-03-12 08:15:13.203 68514 INFO tempest.lib.common.rest_client [req-26b2a24c-fdc9-46cf-8e71-eb591348f6a1 req-26b2a24c-fdc9-46cf-8e71-eb591348f6a1 ] Request (ListImageFiltersNegativeTestJSON:setUpClass): 200 GET http://10.180.1.21/identity/v3/roles 0.084s
2025-03-12 08:15:13.217 68521 INFO tempest.lib.common.rest_client [req-e543c8ea-0d88-4e61-b7d3-b9e62cad4071 req-e543c8ea-0d88-4e61-b7d3-b9e62cad4071 ] Request (QuotasAdminTestJSON:_run_cleanups): 204 DELETE http://10.180.1.21/identity/v3/projects/77d8ba22d4fd40188e5a9b130ea81feb 0.111s
2025-03-12 08:15:13.218 68525 INFO tempest.lib.common.rest_client [req-9eb71de4-e7ee-4e45-87ac-19ac88194343 req-9eb71de4-e7ee-4e45-87ac-19ac88194343 ] Request (TenantUsagesTestJSON:setUpClass): 200 GET http://10.180.1.21/compute/v2.1/servers/71dd4921-5859-421f-9e31-e9800adc9e3c 1.888s
2025-03-12 08:15:13.245 68512 INFO tempest.lib.common.rest_client [req-c0c61838-f6d0-426d-b13e-2592817f44bc req-c0c61838-f6d0-426d-b13e-2592817f44bc ] Request (ListServersNegativeTestJSON:setUpClass): 200 GET http://10.180.1.21/compute/v2.1/servers 1.866s
2025-03-12 08:15:13.251 68556 INFO tempest.lib.common.rest_client [req-008b9666-5988-423b-ad66-1fb16526d33f req-008b9666-5988-423b-ad66-1fb16526d33f ] Request (FloatingIPsAssociationTestJSON:setUpClass): 201 POST http://10.180.1.21:9696/networking/v2.0/networks 0.943s
2025-03-12 08:15:13.276 68546 INFO tempest.lib.common.rest_client [req-4e0bf6ba-998a-4d33-8929-fecb1304c7d2 req-4e0bf6ba-998a-4d33-8929-fecb1304c7d2 ] Request (FlavorsExtraSpecsTestJSON:test_flavor_set_get_update_show_unset_keys): 200 DELETE http://10.180.1.21/compute/v2.1/flavors/1628191062/os-extra_specs/hw:numa_nodes 1.794s
2025-03-12 08:15:13.288 68514 INFO tempest.lib.common.rest_client [req-35eff347-dc00-4229-8604-f1ef1df293ad req-35eff347-dc00-4229-8604-f1ef1df293ad ] Request (ListImageFiltersNegativeTestJSON:setUpClass): 204 PUT http://10.180.1.21/identity/v3/projects/bbca2326b1054157a0010b7089414cf6/users/012f3613151c4a1cb4a23693a0e32999/roles/9dc7b5c168114a7e83ca11a631099c4d 0.085s
2025-03-12 08:15:13.288 68514 INFO tempest.lib.common.dynamic_creds [-] Dynamic test user 012f3613151c4a1cb4a23693a0e32999 is created with scope project and roles: ['member']
2025-03-12 08:15:13.289 68514 INFO tempest.lib.common.dynamic_creds [-] Acquired dynamic creds: credentials: Credentials: {'domain_id': 'default', 'domain_name': 'Default', 'username': 'tempest-ListImageFiltersNegativeTestJSON-516734503-project-member', 'project_domain_id': 'default', 'project_domain_name': 'Default', 'project_id': 'bbca2326b1054157a0010b7089414cf6', 'project_name': 'tempest-ListImageFiltersNegativeTestJSON-516734503', 'tenant_id': 'bbca2326b1054157a0010b7089414cf6', 'tenant_name': 'tempest-ListImageFiltersNegativeTestJSON-516734503', 'user_domain_id': 'default', 'user_domain_name': 'Default', 'user_id': '012f3613151c4a1cb4a23693a0e32999', 'system': None}, Network: None, Subnet: None, Router: None
2025-03-12 08:15:13.289 68514 INFO tempest.lib.common.dynamic_creds [-] Created isolated network resources for: credentials: Credentials: {'domain_id': 'default', 'domain_name': 'Default', 'username': 'tempest-ListImageFiltersNegativeTestJSON-516734503-project-member', 'project_domain_id': 'default', 'project_domain_name': 'Default', 'project_id': 'bbca2326b1054157a0010b7089414cf6', 'project_name': 'tempest-ListImageFiltersNegativeTestJSON-516734503', 'tenant_id': 'bbca2326b1054157a0010b7089414cf6', 'tenant_name': 'tempest-ListImageFiltersNegativeTestJSON-516734503', 'user_domain_id': 'default', 'user_domain_name': 'Default', 'user_id': '012f3613151c4a1cb4a23693a0e32999', 'system': None}, Network: None, Subnet: None, Router: None
2025-03-12 08:15:13.313 68522 INFO tempest.lib.common.rest_client [req-d8ad0b5e-e901-4694-9cda-7d4aaa51eaa1 req-d8ad0b5e-e901-4694-9cda-7d4aaa51eaa1 ] Request (ValidationResourcesFixture:setUp): 201 POST http://10.180.1.21:9696/networking/v2.0/security-groups 0.595s
2025-03-12 08:15:13.328 68555 INFO tempest.lib.common.rest_client [req-a90b61c1-bdb3-4fc5-84ec-276561f8cf65 req-a90b61c1-bdb3-4fc5-84ec-276561f8cf65 ] Request (ListServerFiltersTestJSON:setUpClass): 200 GET http://10.180.1.21/compute/v2.1/servers/14c8e8e6-5d7f-45b4-8a84-d5951c38573f 1.924s
2025-03-12 08:15:13.332 68528 INFO tempest.lib.common.rest_client [req-a975b96d-1774-4a4d-80a3-58bff7b4f29b req-a975b96d-1774-4a4d-80a3-58bff7b4f29b ] Request (FlavorsV255TestJSON:tearDownClass): 200 GET http://10.180.1.21:9696/networking/v2.0/security-groups?tenant_id=b296d98cd70f407cb51a7aa5be7f6c02&name=default 0.597s
2025-03-12 08:15:13.336 68518 INFO tempest.lib.common.rest_client [req-16bd6e95-a0a8-4041-8f0d-62de27155656 req-16bd6e95-a0a8-4041-8f0d-62de27155656 ] Request (FlavorsExtraSpecsNegativeTestJSON:test_flavor_update_more_key): 400 PUT http://10.180.1.21/compute/v2.1/flavors/2078299403/os-extra_specs/hw:numa_nodes 1.634s
2025-03-12 08:15:13.377 68514 INFO tempest.lib.common.rest_client [req-51766759-def1-4f6b-ac27-beb56563e475 req-51766759-def1-4f6b-ac27-beb56563e475 ] Request (ListImageFiltersNegativeTestJSON:setUpClass): 201 POST http://10.180.1.21/identity/v3/auth/tokens 0.083s
2025-03-12 08:15:13.420 68536 INFO tempest.lib.common.rest_client [req-da7092c0-3dbe-420c-adc9-12f07403b659 req-da7092c0-3dbe-420c-adc9-12f07403b659 ] Request (ServersTestManualDisk:setUpClass): 201 POST http://10.180.1.21:9696/networking/v2.0/subnets 0.747s
2025-03-12 08:15:13.572 68494 INFO tempest.lib.common.rest_client [req-1fa17011-9051-4b0e-84ad-eaa6c0302108 req-1fa17011-9051-4b0e-84ad-eaa6c0302108 ] Request (ServersAdminNegativeTestJSON:setUpClass): 200 GET http://10.180.1.21/compute/v2.1/servers/4f4dc254-8e4f-4c5f-a2a8-eef6230825c6 1.950s
2025-03-12 08:15:13.618 68528 INFO tempest.lib.common.rest_client [req-42d7f2f9-edfd-49e8-a70e-ca02b1f3e551 req-42d7f2f9-edfd-49e8-a70e-ca02b1f3e551 ] Request (FlavorsV255TestJSON:tearDownClass): 204 DELETE http://10.180.1.21:9696/networking/v2.0/security-groups/8cd09764-a034-4d35-9132-976897eb01b3 0.285s
2025-03-12 08:15:13.622 68522 INFO tempest.lib.common.rest_client [req-94668b58-7d00-4847-bd3f-b48ca7d31bf4 req-94668b58-7d00-4847-bd3f-b48ca7d31bf4 ] Request (ValidationResourcesFixture:setUp): 201 POST http://10.180.1.21:9696/networking/v2.0/security-group-rules 0.308s
2025-03-12 08:15:13.713 68528 INFO tempest.lib.common.rest_client [req-c8936662-6d39-4a0a-97b2-a9440586edf3 req-c8936662-6d39-4a0a-97b2-a9440586edf3 ] Request (FlavorsV255TestJSON:tearDownClass): 204 DELETE http://10.180.1.21/identity/v3/projects/b296d98cd70f407cb51a7aa5be7f6c02 0.094s
2025-03-12 08:15:13.768 68528 INFO tempest.lib.common.rest_client [req-3cb0c799-a698-4c84-9370-e3757c01c441 req-3cb0c799-a698-4c84-9370-e3757c01c441 ] Request (QuotasAdminNegativeTest:setUpClass): 201 POST http://10.180.1.21/identity/v3/auth/tokens 0.053s
2025-03-12 08:15:13.799 68528 INFO tempest.lib.common.rest_client [req-90c81deb-d9a9-4b20-8366-30ef4616a919 req-90c81deb-d9a9-4b20-8366-30ef4616a919 ] Request (QuotasAdminNegativeTest:setUpClass): 201 POST http://10.180.1.21/identity/v3/auth/tokens 0.029s
