2025-03-12 08:16:44.611 68532 INFO tempest.lib.common.rest_client [req-f2c2aee1-84a6-43f2-a975-a43177c5878e req-f2c2aee1-84a6-43f2-a975-a43177c5878e ] Request (ServersNegativeTestJSON:setUpClass): 200 GET http://10.180.1.21/compute/v2.1/servers/58c15727-79ae-404f-a054-d71e3be498cc 0.052s
2025-03-12 08:16:44.663 68542 INFO tempest.lib.common.rest_client [req-0d94ac3b-40e9-427a-909b-f0672b3d144a req-0d94ac3b-40e9-427a-909b-f0672b3d144a ] Request (ServerGroupTestJSON:test_create_server_with_scheduler_hint_group): 200 GET http://10.180.1.21/compute/v2.1/servers/71243775-e8df-4cc5-85c9-d64a244b4426 0.055s
2025-03-12 08:16:44.699 68525 INFO tempest.lib.common.rest_client [req-61f2909e-0404-4f2f-8cdb-de0723035e49 req-61f2909e-0404-4f2f-8cdb-de0723035e49 ] Request (AttachInterfacesTestJSON:test_create_list_show_delete_interfaces_by_fixed_ip): 200 GET http://10.180.1.21/compute/v2.1/servers/580e6909-7d05-447a-a378-f0b8b71f059a 0.052s
2025-03-12 08:16:44.758 68544 INFO tempest.lib.common.rest_client [req-8863a161-582e-45c1-9785-1475d045561a req-8863a161-582e-45c1-9785-1475d045561a ] Request (ImagesTestJSON:test_create_image_from_stopped_server): 200 GET http://10.180.1.21/compute/v2.1/servers/9d2b3670-ef8a-477a-b876-7a8fe37fa065 0.055s
2025-03-12 08:16:44.805 68496 INFO tempest.lib.common.rest_client [req-e30f9fbd-970f-429a-a2c2-fc10585074d5 req-e30f9fbd-970f-429a-a2c2-fc10585074d5 ] Request (ImagesOneServerNegativeTestJSON:setUpClass): 200 GET http://10.180.1.21/compute/v2.1/servers/3d03e0b7-0469-4041-a7d5-7768326eb3b5 0.052s
2025-03-12 08:16:44.857 68502 INFO tempest.lib.common.rest_client [req-53383e39-8b92-4902-9125-bc204fecfa8b req-53383e39-8b92-4902-9125-bc204fecfa8b ] Request (ServersTestBootFromVolume:setUpClass): 200 GET http://10.180.1.21/compute/v2.1/servers/0552d616-a406-4dfa-8a70-82f39fb98bbc 0.056s
2025-03-12 08:16:44.859 68508 INFO tempest.lib.common.rest_client [req-3c42a3ff-5123-49ae-a84b-af7b9b438c57 req-3c42a3ff-5123-49ae-a84b-af7b9b438c57 ] Request (ServersAdmin275Test:_run_cleanups): 200 GET http://10.180.1.21/compute/v2.1/servers/17bea068-7d7a-4a87-8b27-91a7efcd45c5 0.058s
2025-03-12 08:16:44.906 68530 INFO tempest.lib.common.rest_client [req-bb6930c1-4ef9-4e96-bc3e-e7d0062036ec req-bb6930c1-4ef9-4e96-bc3e-e7d0062036ec ] Request (VolumesAdminNegativeTest:test_update_attached_volume_with_nonexistent_volume_in_body): 200 GET http://10.180.1.21/compute/v2.1/servers/da1524a7-2756-4429-ada2-b1f493544bd2 0.052s
2025-03-12 08:16:44.912 68504 INFO tempest.lib.common.rest_client [req-2289d7c6-8b9a-4fd3-9d1b-68fa8a8d03fb req-2289d7c6-8b9a-4fd3-9d1b-68fa8a8d03fb ] Request (DeleteServersAdminTestJSON:test_delete_server_while_in_error_state): 200 GET http://10.180.1.21/compute/v2.1/servers/cf457d43-b939-4284-b84d-9075895e9dda 0.057s
2025-03-12 08:16:44.955 68526 WARNING tempest.lib.common.ssh [-] Failed to establish authenticated ssh connection to cirros@10.180.180.254 ([Errno None] Unable to connect to port 22 on 10.180.180.254). Number attempts: 7. Retry after 8 seconds.: paramiko.ssh_exception.NoValidConnectionsError: [Errno None] Unable to connect to port 22 on 10.180.180.254
2025-03-12 08:16:44.957 68514 INFO tempest.lib.common.rest_client [req-4f48642b-3d64-476f-b3d0-04956e33d1de req-4f48642b-3d64-476f-b3d0-04956e33d1de ] Request (AttachInterfacesUnderV243Test:test_add_remove_fixed_ip): 200 GET http://10.180.1.21/compute/v2.1/servers/e089c20e-b788-4e6c-9bd2-9ad485305582 0.053s
2025-03-12 08:16:44.977 68500 INFO tempest.lib.common.rest_client [req-4cb8942f-c953-4032-b124-7b1495897d9e req-4cb8942f-c953-4032-b124-7b1495897d9e ] Request (ServerTagsTestJSON:setUpClass): 200 GET http://10.180.1.21/compute/v2.1/servers/dc45d268-7a7f-4e65-b6fa-942ddba69b03 0.060s
2025-03-12 08:16:44.989 68516 INFO tempest.lib.common.rest_client [req-6db44adc-e55d-49ad-8812-9bc224c32efa req-6db44adc-e55d-49ad-8812-9bc224c32efa ] Request (ImagesOneServerTestJSON:test_create_delete_image): 200 GET http://10.180.1.21/compute/v2.1/images/5ee26def-ecea-46af-97ae-7fd4f68829bb 0.060s
2025-03-12 08:16:45.048 68546 INFO tempest.lib.common.rest_client [req-cc0d9fc0-c0f2-41fb-b930-4dda6152d912 req-cc0d9fc0-c0f2-41fb-b930-4dda6152d912 ] Request (ServersAaction247Test:test_create_backup): 200 GET http://10.180.1.21/compute/v2.1/servers/6113feaf-5c21-49c3-9c19-ea10b60786d3 0.061s
2025-03-12 08:16:45.093 68538 INFO tempest.lib.common.rest_client [req-885eb100-bd97-4bc9-b306-9792e5345d3a req-885eb100-bd97-4bc9-b306-9792e5345d3a ] Request (ServersTestJSON:setUpClass): 200 GET http://10.180.1.21/compute/v2.1/servers/d0d8ed27-003e-43e2-8a07-041420a2c758 0.058s
2025-03-12 08:16:45.110 68550 INFO tempest.lib.common.rest_client [req-9e53fc55-42b4-463d-aa2f-6eb4d73d4632 req-9e53fc55-42b4-463d-aa2f-6eb4d73d4632 ] Request (ServerShowV247Test:tearDownClass): 200 GET http://10.180.1.21/compute/v2.1/servers/00d2302b-84d4-42d8-94c7-caf45b925ddf 0.058s
2025-03-12 08:16:45.150 68555 INFO tempest.lib.common.rest_client [req-19686af1-d40b-472c-b343-831c943e380d req-19686af1-d40b-472c-b343-831c943e380d ] Request (ListServerFiltersTestJSON:tearDownClass): 200 GET http://10.180.1.21/compute/v2.1/servers/14c8e8e6-5d7f-45b4-8a84-d5951c38573f 0.061s
2025-03-12 08:16:45.242 68512 INFO tempest.lib.common.rest_client [req-4053c4a1-f90b-4345-83f3-9d387505e040 req-4053c4a1-f90b-4345-83f3-9d387505e040 ] Request (ListServersNegativeTestJSON:setUpClass): 200 GET http://10.180.1.21/compute/v2.1/servers/aff2750d-b9c0-4e4b-a5ba-71c40a3e0ec5 0.072s
2025-03-12 08:16:45.290 68556 INFO tempest.lib.common.rest_client [req-7d277689-e81f-4ff9-be53-8e51f2589899 req-7d277689-e81f-4ff9-be53-8e51f2589899 ] Request (FloatingIPsAssociationTestJSON:test_associate_already_associated_floating_ip): 200 GET http://10.180.1.21/compute/v2.1/servers/7ec30097-1151-4b0d-8226-e4d34ea7b3c9 0.052s
2025-03-12 08:16:45.366 68534 INFO tempest.lib.common.rest_client [req-029257f6-de9d-4e81-a6f0-371e19ffb7f3 req-029257f6-de9d-4e81-a6f0-371e19ffb7f3 ] Request (ImagesNegativeTestJSON:test_create_image_from_deleted_server): 200 GET http://10.180.1.21/compute/v2.1/servers/678acc61-1c94-4152-b4e8-7569ab169ab9 0.060s
2025-03-12 08:16:45.432 68540 INFO tempest.lib.common.rest_client [req-6d2e3ef1-fd96-42bb-ae01-9a0a50124f5f req-6d2e3ef1-fd96-42bb-ae01-9a0a50124f5f ] Request (DeleteServersTestJSON:test_delete_active_server): 200 GET http://10.180.1.21/compute/v2.1/servers/1675982e-0702-482b-9fe6-fd4eb9d83311 0.066s
2025-03-12 08:16:45.477 68552 INFO tempest.lib.common.rest_client [req-8e24d5aa-b5aa-4f0a-bd29-3465c8b4d827 req-8e24d5aa-b5aa-4f0a-bd29-3465c8b4d827 ] Request (AttachVolumeShelveTestJSON:test_attach_volume_shelved_or_offload_server): 200 GET http://10.180.1.21/compute/v2.1/servers/d14026b1-84dd-430e-be94-94dcb1f47473 0.056s
2025-03-12 08:16:45.547 68494 INFO tempest.lib.common.rest_client [req-f8bfd57c-b6f4-4424-9626-2474e6292909 req-f8bfd57c-b6f4-4424-9626-2474e6292909 ] Request (ServersAdminNegativeTestJSON:tearDownClass): 200 GET http://10.180.1.21/compute/v2.1/servers/fcddfd72-a130-4efc-82cb-1fb22d33d684 0.075s
2025-03-12 08:16:45.571 68510 INFO tempest.lib.common.rest_client [req-466fc111-7f19-4ff2-9166-485c940783da req-466fc111-7f19-4ff2-9166-485c940783da ] Request (ServerAddressesNegativeTestJSON:setUpClass): 200 GET http://10.180.1.21/compute/v2.1/servers/8fcccac2-dae1-4af0-a2b2-787e1bb7c9be 0.119s
2025-03-12 08:16:45.607 68528 INFO tempest.lib.common.rest_client [req-d8464e03-ca7e-4258-9ab7-7e0cf6c9102e req-d8464e03-ca7e-4258-9ab7-7e0cf6c9102e ] Request (ServerAddressesTestJSON:setUpClass): 200 GET http://10.180.1.21/compute/v2.1/servers/366c780a-2870-4e6e-8cfe-7eec10c363d5 0.108s
2025-03-12 08:16:45.618 68528 INFO tempest.common.waiters [-] State transition "BUILD/None" ==> "BUILD/networking" after 63 second wait
2025-03-12 08:16:45.630 68521 INFO tempest.lib.common.rest_client [req-fc751c60-f4ff-48a4-9fd0-0a0aead95427 req-fc751c60-f4ff-48a4-9fd0-0a0aead95427 ] Request (InstanceActionsTestJSON:setUpClass): 200 GET http://10.180.1.21/compute/v2.1/servers/a4a88f10-937a-4fa6-aa15-eb7f669e77d0 0.110s
2025-03-12 08:16:45.660 68518 INFO tempest.lib.common.rest_client [req-ae55a142-c4db-4913-9aa9-a3f1336800b4 req-ae55a142-c4db-4913-9aa9-a3f1336800b4 ] Request (SecurityGroupsTestJSON:test_list_security_groups_by_server): 200 GET http://10.180.1.21/compute/v2.1/servers/b5e15801-301a-4ee6-87d2-bbf749967631 0.115s
2025-03-12 08:16:45.682 68498 INFO tempest.lib.common.rest_client [req-4f8855fa-bf84-440b-b254-5ba4402897ef req-4f8855fa-bf84-440b-b254-5ba4402897ef ] Request (ServerDiskConfigTestJSON:test_rebuild_server_with_auto_disk_config): 200 GET http://10.180.1.21/compute/v2.1/servers/38787c7d-a9cf-4ce6-a112-c1ec259697ca 0.099s
2025-03-12 08:16:45.717 68532 INFO tempest.lib.common.rest_client [req-ca8ca30b-7d88-411d-a509-b802ec8311b7 req-ca8ca30b-7d88-411d-a509-b802ec8311b7 ] Request (ServersNegativeTestJSON:setUpClass): 200 GET http://10.180.1.21/compute/v2.1/servers/58c15727-79ae-404f-a054-d71e3be498cc 0.098s
2025-03-12 08:16:45.733 68542 INFO tempest.lib.common.rest_client [req-5f64b30d-411b-42ac-8227-d6a19de4d741 req-5f64b30d-411b-42ac-8227-d6a19de4d741 ] Request (ServerGroupTestJSON:test_create_server_with_scheduler_hint_group): 200 GET http://10.180.1.21/compute/v2.1/servers/71243775-e8df-4cc5-85c9-d64a244b4426 0.062s
2025-03-12 08:16:45.771 68525 INFO tempest.lib.common.rest_client [req-3ff2aa1b-479e-4988-a0bd-167b49dd3f09 req-3ff2aa1b-479e-4988-a0bd-167b49dd3f09 ] Request (AttachInterfacesTestJSON:test_create_list_show_delete_interfaces_by_fixed_ip): 200 GET http://10.180.1.21/compute/v2.1/servers/580e6909-7d05-447a-a378-f0b8b71f059a 0.062s
2025-03-12 08:16:45.822 68544 INFO tempest.lib.common.rest_client [req-39ae4452-521c-43b3-b877-52bb8ab9fdca req-39ae4452-521c-43b3-b877-52bb8ab9fdca ] Request (ImagesTestJSON:test_create_image_from_stopped_server): 200 GET http://10.180.1.21/compute/v2.1/servers/9d2b3670-ef8a-477a-b876-7a8fe37fa065 0.055s
2025-03-12 08:16:45.877 68496 INFO tempest.lib.common.rest_client [req-87743e13-e01a-4049-a63e-2a03a6a49413 req-87743e13-e01a-4049-a63e-2a03a6a49413 ] Request (ImagesOneServerNegativeTestJSON:setUpClass): 200 GET http://10.180.1.21/compute/v2.1/servers/3d03e0b7-0469-4041-a7d5-7768326eb3b5 0.064s
2025-03-12 08:16:45.927 68508 INFO tempest.lib.common.rest_client [req-10ce318d-1c29-43ff-b4a7-c681c2274f58 req-10ce318d-1c29-43ff-b4a7-c681c2274f58 ] Request (ServersAdmin275Test:_run_cleanups): 200 GET http://10.180.1.21/compute/v2.1/servers/17bea068-7d7a-4a87-8b27-91a7efcd45c5 0.059s
2025-03-12 08:16:45.940 68502 INFO tempest.lib.common.rest_client [req-3460ed7f-2f66-4fb7-a61e-eb219685a645 req-3460ed7f-2f66-4fb7-a61e-eb219685a645 ] Request (ServersTestBootFromVolume:setUpClass): 200 GET http://10.180.1.21/compute/v2.1/servers/0552d616-a406-4dfa-8a70-82f39fb98bbc 0.074s
2025-03-12 08:16:45.981 68530 INFO tempest.lib.common.rest_client [req-41850622-0e5c-4f92-be79-92c2200e5c41 req-41850622-0e5c-4f92-be79-92c2200e5c41 ] Request (VolumesAdminNegativeTest:test_update_attached_volume_with_nonexistent_volume_in_body): 200 GET http://10.180.1.21/compute/v2.1/servers/da1524a7-2756-4429-ada2-b1f493544bd2 0.066s
2025-03-12 08:16:45.994 68504 INFO tempest.lib.common.rest_client [req-2f21f09d-da7d-40e9-abc9-f2d49684fd46 req-2f21f09d-da7d-40e9-abc9-f2d49684fd46 ] Request (DeleteServersAdminTestJSON:test_delete_server_while_in_error_state): 200 GET http://10.180.1.21/compute/v2.1/servers/cf457d43-b939-4284-b84d-9075895e9dda 0.074s
2025-03-12 08:16:46.034 68514 INFO tempest.lib.common.rest_client [req-25f9e541-1e21-4415-b7c8-613ed6615ce2 req-25f9e541-1e21-4415-b7c8-613ed6615ce2 ] Request (AttachInterfacesUnderV243Test:test_add_remove_fixed_ip): 200 GET http://10.180.1.21/compute/v2.1/servers/e089c20e-b788-4e6c-9bd2-9ad485305582 0.069s
2025-03-12 08:16:46.056 68500 INFO tempest.lib.common.rest_client [req-6069a5f8-5c30-4305-bb31-2c374202f09e req-6069a5f8-5c30-4305-bb31-2c374202f09e ] Request (ServerTagsTestJSON:setUpClass): 200 GET http://10.180.1.21/compute/v2.1/servers/dc45d268-7a7f-4e65-b6fa-942ddba69b03 0.069s
2025-03-12 08:16:46.084 68516 INFO tempest.lib.common.rest_client [req-ef5e7b4b-6f27-4f89-8a66-597a5d2a342d req-ef5e7b4b-6f27-4f89-8a66-597a5d2a342d ] Request (ImagesOneServerTestJSON:test_create_delete_image): 200 GET http://10.180.1.21/compute/v2.1/images/5ee26def-ecea-46af-97ae-7fd4f68829bb 0.091s
2025-03-12 08:16:46.137 68546 INFO tempest.lib.common.rest_client [req-3ec9f319-99e8-45e5-b4f2-45eba61ca7b2 req-3ec9f319-99e8-45e5-b4f2-45eba61ca7b2 ] Request (ServersAaction247Test:test_create_backup): 200 GET http://10.180.1.21/compute/v2.1/servers/6113feaf-5c21-49c3-9c19-ea10b60786d3 0.079s
2025-03-12 08:16:46.178 68538 INFO tempest.lib.common.rest_client [req-8ba836a4-1bb9-4f20-b9a7-8188850123fd req-8ba836a4-1bb9-4f20-b9a7-8188850123fd ] Request (ServersTestJSON:setUpClass): 200 GET http://10.180.1.21/compute/v2.1/servers/d0d8ed27-003e-43e2-8a07-041420a2c758 0.077s
2025-03-12 08:16:46.214 68550 INFO tempest.lib.common.rest_client [req-a4dc8659-96f2-40ea-a7e9-5ec4612c64ef req-a4dc8659-96f2-40ea-a7e9-5ec4612c64ef ] Request (ServerShowV247Test:tearDownClass): 200 GET http://10.180.1.21/compute/v2.1/servers/00d2302b-84d4-42d8-94c7-caf45b925ddf 0.093s
2025-03-12 08:16:46.236 68522 WARNING tempest.lib.common.ssh [-] Failed to establish authenticated ssh connection to cirros@10.180.180.215 ([Errno None] Unable to connect to port 22 on 10.180.180.215). Number attempts: 5. Retry after 6 seconds.: paramiko.ssh_exception.NoValidConnectionsError: [Errno None] Unable to connect to port 22 on 10.180.180.215
2025-03-12 08:16:46.249 68555 INFO tempest.lib.common.rest_client [req-ef04416f-0b39-4675-bf66-f21c0616b125 req-ef04416f-0b39-4675-bf66-f21c0616b125 ] Request (ListServerFiltersTestJSON:tearDownClass): 200 GET http://10.180.1.21/compute/v2.1/servers/14c8e8e6-5d7f-45b4-8a84-d5951c38573f 0.090s
2025-03-12 08:16:46.334 68512 INFO tempest.lib.common.rest_client [req-76fae694-9b20-4de4-b9f7-d54041c78f1f req-76fae694-9b20-4de4-b9f7-d54041c78f1f ] Request (ListServersNegativeTestJSON:setUpClass): 200 GET http://10.180.1.21/compute/v2.1/servers/aff2750d-b9c0-4e4b-a5ba-71c40a3e0ec5 0.083s
2025-03-12 08:16:46.351 68556 INFO tempest.lib.common.rest_client [req-19f73f9b-d236-4dc7-8e40-39c6823b7968 req-19f73f9b-d236-4dc7-8e40-39c6823b7968 ] Request (FloatingIPsAssociationTestJSON:test_associate_already_associated_floating_ip): 200 GET http://10.180.1.21/compute/v2.1/servers/7ec30097-1151-4b0d-8226-e4d34ea7b3c9 0.053s
2025-03-12 08:16:46.447 68534 INFO tempest.lib.common.rest_client [req-de5031f7-0627-4556-89d6-d8cdc88e87b2 req-de5031f7-0627-4556-89d6-d8cdc88e87b2 ] Request (ImagesNegativeTestJSON:test_create_image_from_deleted_server): 200 GET http://10.180.1.21/compute/v2.1/servers/678acc61-1c94-4152-b4e8-7569ab169ab9 0.071s
2025-03-12 08:16:46.495 68540 INFO tempest.lib.common.rest_client [req-cc0a94bf-d39b-4dfc-9870-b9e76e77afbc req-cc0a94bf-d39b-4dfc-9870-b9e76e77afbc ] Request (DeleteServersTestJSON:test_delete_active_server): 200 GET http://10.180.1.21/compute/v2.1/servers/1675982e-0702-482b-9fe6-fd4eb9d83311 0.055s
2025-03-12 08:16:46.546 68552 INFO tempest.lib.common.rest_client [req-6a4a6ed8-51f7-4348-b1dc-4e7a9dd56c5d req-6a4a6ed8-51f7-4348-b1dc-4e7a9dd56c5d ] Request (AttachVolumeShelveTestJSON:test_attach_volume_shelved_or_offload_server): 200 GET http://10.180.1.21/compute/v2.1/servers/d14026b1-84dd-430e-be94-94dcb1f47473 0.059s
2025-03-12 08:16:46.621 68494 INFO tempest.lib.common.rest_client [req-df7bb5f8-0fec-4ac2-946c-b0e70e8592c9 req-df7bb5f8-0fec-4ac2-946c-b0e70e8592c9 ] Request (ServersAdminNegativeTestJSON:tearDownClass): 200 GET http://10.180.1.21/compute/v2.1/servers/fcddfd72-a130-4efc-82cb-1fb22d33d684 0.061s
2025-03-12 08:16:46.765 68510 INFO tempest.lib.common.rest_client [req-f5a14c68-e7a3-4c0e-ab9f-f12f8d660fea req-f5a14c68-e7a3-4c0e-ab9f-f12f8d660fea ] Request (ServerAddressesNegativeTestJSON:setUpClass): 200 GET http://10.180.1.21/compute/v2.1/servers/8fcccac2-dae1-4af0-a2b2-787e1bb7c9be 0.186s
2025-03-12 08:16:46.776 68510 INFO tempest.common.waiters [-] State transition "BUILD/spawning" ==> "ACTIVE/None" after 70 second wait
2025-03-12 08:16:46.825 68521 INFO tempest.lib.common.rest_client [req-dc464b5c-55c8-4655-9adb-38d87d8615db req-dc464b5c-55c8-4655-9adb-38d87d8615db ] Request (InstanceActionsTestJSON:setUpClass): 200 GET http://10.180.1.21/compute/v2.1/servers/a4a88f10-937a-4fa6-aa15-eb7f669e77d0 0.187s
2025-03-12 08:16:46.830 68528 INFO tempest.lib.common.rest_client [req-ec88d606-4014-4d70-a5ba-34a9923be3de req-ec88d606-4014-4d70-a5ba-34a9923be3de ] Request (ServerAddressesTestJSON:setUpClass): 200 GET http://10.180.1.21/compute/v2.1/servers/366c780a-2870-4e6e-8cfe-7eec10c363d5 0.211s
2025-03-12 08:16:46.839 68528 INFO tempest.common.waiters [-] State transition "BUILD/networking" ==> "BUILD/spawning" after 64 second wait
2025-03-12 08:16:46.886 68498 INFO tempest.lib.common.rest_client [req-24cd70a7-0b36-48fb-8f1a-f5804afdcf65 req-24cd70a7-0b36-48fb-8f1a-f5804afdcf65 ] Request (ServerDiskConfigTestJSON:test_rebuild_server_with_auto_disk_config): 200 GET http://10.180.1.21/compute/v2.1/servers/38787c7d-a9cf-4ce6-a112-c1ec259697ca 0.196s
2025-03-12 08:16:46.887 68518 INFO tempest.lib.common.rest_client [req-141c8a33-4814-4688-a93b-2d581f13c29d req-141c8a33-4814-4688-a93b-2d581f13c29d ] Request (SecurityGroupsTestJSON:test_list_security_groups_by_server): 200 GET http://10.180.1.21/compute/v2.1/servers/b5e15801-301a-4ee6-87d2-bbf749967631 0.214s
2025-03-12 08:16:46.937 68532 INFO tempest.lib.common.rest_client [req-eafd3fcc-b9dc-4cf6-bbe7-f8ce1fa64bd9 req-eafd3fcc-b9dc-4cf6-bbe7-f8ce1fa64bd9 ] Request (ServersNegativeTestJSON:setUpClass): 200 GET http://10.180.1.21/compute/v2.1/servers/58c15727-79ae-404f-a054-d71e3be498cc 0.210s
2025-03-12 08:16:46.944 68542 INFO tempest.lib.common.rest_client [req-438e7b77-af18-4627-8e3d-13e6f27fdc28 req-438e7b77-af18-4627-8e3d-13e6f27fdc28 ] Request (ServerGroupTestJSON:test_create_server_with_scheduler_hint_group): 200 GET http://10.180.1.21/compute/v2.1/servers/71243775-e8df-4cc5-85c9-d64a244b4426 0.199s
2025-03-12 08:16:46.961 68510 INFO tempest.lib.common.rest_client [req-627a280c-c79e-428d-88f9-9bdf8de11dc6 req-627a280c-c79e-428d-88f9-9bdf8de11dc6 ] Request (ServerAddressesNegativeTestJSON:test_list_server_addresses_by_network_neg): 404 GET http://10.180.1.21/compute/v2.1/servers/8fcccac2-dae1-4af0-a2b2-787e1bb7c9be/ips/invalid 0.183s
2025-03-12 08:16:46.992 68525 INFO tempest.lib.common.rest_client [req-a3c3d150-c2ff-4a5b-9377-952150470a68 req-a3c3d150-c2ff-4a5b-9377-952150470a68 ] Request (AttachInterfacesTestJSON:test_create_list_show_delete_interfaces_by_fixed_ip): 200 GET http://10.180.1.21/compute/v2.1/servers/580e6909-7d05-447a-a378-f0b8b71f059a 0.207s
2025-03-12 08:16:47.010 68544 INFO tempest.lib.common.rest_client [req-69a4f2ec-9b93-443a-9f01-409dbd9360b8 req-69a4f2ec-9b93-443a-9f01-409dbd9360b8 ] Request (ImagesTestJSON:test_create_image_from_stopped_server): 200 GET http://10.180.1.21/compute/v2.1/servers/9d2b3670-ef8a-477a-b876-7a8fe37fa065 0.180s
2025-03-12 08:16:47.042 68496 INFO tempest.lib.common.rest_client [req-b684915d-4b40-4fc7-a4aa-dd4093da8e09 req-b684915d-4b40-4fc7-a4aa-dd4093da8e09 ] Request (ImagesOneServerNegativeTestJSON:setUpClass): 200 GET http://10.180.1.21/compute/v2.1/servers/3d03e0b7-0469-4041-a7d5-7768326eb3b5 0.150s
2025-03-12 08:16:47.065 68508 INFO tempest.lib.common.rest_client [req-3ef758f5-44e2-4ce7-bbf9-52fcef89e3bc req-3ef758f5-44e2-4ce7-bbf9-52fcef89e3bc ] Request (ServersAdmin275Test:_run_cleanups): 200 GET http://10.180.1.21/compute/v2.1/servers/17bea068-7d7a-4a87-8b27-91a7efcd45c5 0.125s
2025-03-12 08:16:47.071 68510 INFO tempest.lib.common.rest_client [req-4237f101-da03-42d6-9902-915bed87d256 req-4237f101-da03-42d6-9902-915bed87d256 ] Request (ServerAddressesNegativeTestJSON:test_list_server_addresses_invalid_server_id): 404 GET http://10.180.1.21/compute/v2.1/servers/999/ips 0.109s
2025-03-12 08:16:47.094 68502 INFO tempest.lib.common.rest_client [req-c2a57266-e690-421b-bbf5-3dd3755e7c1a req-c2a57266-e690-421b-bbf5-3dd3755e7c1a ] Request (ServersTestBootFromVolume:setUpClass): 200 GET http://10.180.1.21/compute/v2.1/servers/0552d616-a406-4dfa-8a70-82f39fb98bbc 0.144s
2025-03-12 08:16:47.121 68530 INFO tempest.lib.common.rest_client [req-b9a4e4e5-ea4a-4715-9c13-e632be0e4aa3 req-b9a4e4e5-ea4a-4715-9c13-e632be0e4aa3 ] Request (VolumesAdminNegativeTest:test_update_attached_volume_with_nonexistent_volume_in_body): 200 GET http://10.180.1.21/compute/v2.1/servers/da1524a7-2756-4429-ada2-b1f493544bd2 0.129s
2025-03-12 08:16:47.145 68504 INFO tempest.lib.common.rest_client [req-9329da3e-1b6e-47fe-9430-8b2b7114f2e0 req-9329da3e-1b6e-47fe-9430-8b2b7114f2e0 ] Request (DeleteServersAdminTestJSON:test_delete_server_while_in_error_state): 200 GET http://10.180.1.21/compute/v2.1/servers/cf457d43-b939-4284-b84d-9075895e9dda 0.141s
2025-03-12 08:16:47.194 68514 INFO tempest.lib.common.rest_client [req-62e8a914-57f5-4f67-90c7-bcc5501df363 req-62e8a914-57f5-4f67-90c7-bcc5501df363 ] Request (AttachInterfacesUnderV243Test:test_add_remove_fixed_ip): 200 GET http://10.180.1.21/compute/v2.1/servers/e089c20e-b788-4e6c-9bd2-9ad485305582 0.151s
2025-03-12 08:16:47.223 68510 INFO tempest.lib.common.rest_client [req-edad5cff-d1e5-4a60-9e75-74ff798ca0b7 req-edad5cff-d1e5-4a60-9e75-74ff798ca0b7 ] Request (ServerAddressesNegativeTestJSON:tearDownClass): 204 DELETE http://10.180.1.21/compute/v2.1/servers/8fcccac2-dae1-4af0-a2b2-787e1bb7c9be 0.150s
2025-03-12 08:16:47.253 68516 INFO tempest.lib.common.rest_client [req-6c283a4d-6dae-4487-aba7-4f7ab2f3d9d8 req-6c283a4d-6dae-4487-aba7-4f7ab2f3d9d8 ] Request (ImagesOneServerTestJSON:test_create_delete_image): 200 GET http://10.180.1.21/compute/v2.1/images/5ee26def-ecea-46af-97ae-7fd4f68829bb 0.162s
2025-03-12 08:16:47.255 68500 INFO tempest.lib.common.rest_client [req-98f6d79c-eb02-4d20-ae31-6fa998650b02 req-98f6d79c-eb02-4d20-ae31-6fa998650b02 ] Request (ServerTagsTestJSON:setUpClass): 200 GET http://10.180.1.21/compute/v2.1/servers/dc45d268-7a7f-4e65-b6fa-942ddba69b03 0.183s
2025-03-12 08:16:47.311 68538 INFO tempest.lib.common.rest_client [req-bdba4ef0-3866-4c57-9e1d-c12760fdff33 req-bdba4ef0-3866-4c57-9e1d-c12760fdff33 ] Request (ServersTestJSON:setUpClass): 200 GET http://10.180.1.21/compute/v2.1/servers/d0d8ed27-003e-43e2-8a07-041420a2c758 0.125s
2025-03-12 08:16:47.315 68546 INFO tempest.lib.common.rest_client [req-e1e26d76-eea8-49f6-8890-f148e38a7bdd req-e1e26d76-eea8-49f6-8890-f148e38a7bdd ] Request (ServersAaction247Test:test_create_backup): 200 GET http://10.180.1.21/compute/v2.1/servers/6113feaf-5c21-49c3-9c19-ea10b60786d3 0.162s
2025-03-12 08:16:47.386 68550 INFO tempest.lib.common.rest_client [req-3f4dc78e-b308-4ea7-a180-61fca6185778 req-3f4dc78e-b308-4ea7-a180-61fca6185778 ] Request (ServerShowV247Test:tearDownClass): 200 GET http://10.180.1.21/compute/v2.1/servers/00d2302b-84d4-42d8-94c7-caf45b925ddf 0.161s
2025-03-12 08:16:47.423 68510 INFO tempest.lib.common.rest_client [req-1a33fcba-675e-404c-966d-9d5bb2981aef req-1a33fcba-675e-404c-966d-9d5bb2981aef ] Request (ServerAddressesNegativeTestJSON:tearDownClass): 200 GET http://10.180.1.21/compute/v2.1/servers/8fcccac2-dae1-4af0-a2b2-787e1bb7c9be 0.199s
2025-03-12 08:16:47.471 68555 INFO tempest.lib.common.rest_client [req-1fcc0d34-d08a-4c05-b431-38194aa48703 req-1fcc0d34-d08a-4c05-b431-38194aa48703 ] Request (ListServerFiltersTestJSON:tearDownClass): 200 GET http://10.180.1.21/compute/v2.1/servers/14c8e8e6-5d7f-45b4-8a84-d5951c38573f 0.209s
2025-03-12 08:16:47.492 68512 INFO tempest.lib.common.rest_client [req-cd96b9a8-2467-4c29-8529-fe1a84324d3b req-cd96b9a8-2467-4c29-8529-fe1a84324d3b ] Request (ListServersNegativeTestJSON:setUpClass): 200 GET http://10.180.1.21/compute/v2.1/servers/aff2750d-b9c0-4e4b-a5ba-71c40a3e0ec5 0.150s
2025-03-12 08:16:47.534 68556 INFO tempest.lib.common.rest_client [req-e3c6696a-12be-4261-8b84-fa10b3b04f6e req-e3c6696a-12be-4261-8b84-fa10b3b04f6e ] Request (FloatingIPsAssociationTestJSON:test_associate_already_associated_floating_ip): 200 GET http://10.180.1.21/compute/v2.1/servers/7ec30097-1151-4b0d-8226-e4d34ea7b3c9 0.174s
2025-03-12 08:16:47.589 68540 INFO tempest.lib.common.rest_client [req-b659d45c-a137-47af-bacc-dcb0240b4c88 req-b659d45c-a137-47af-bacc-dcb0240b4c88 ] Request (DeleteServersTestJSON:test_delete_active_server): 200 GET http://10.180.1.21/compute/v2.1/servers/1675982e-0702-482b-9fe6-fd4eb9d83311 0.086s
2025-03-12 08:16:47.833 68534 INFO tempest.lib.common.rest_client [req-4956e602-a071-4197-aee8-a2459b4d74f3 req-4956e602-a071-4197-aee8-a2459b4d74f3 ] Request (ImagesNegativeTestJSON:test_create_image_from_deleted_server): 200 GET http://10.180.1.21/compute/v2.1/servers/678acc61-1c94-4152-b4e8-7569ab169ab9 0.376s
2025-03-12 08:16:47.843 68552 INFO tempest.lib.common.rest_client [req-fed3c096-a1d7-4c14-ab4c-32cf88732f8d req-fed3c096-a1d7-4c14-ab4c-32cf88732f8d ] Request (AttachVolumeShelveTestJSON:test_attach_volume_shelved_or_offload_server): 200 GET http://10.180.1.21/compute/v2.1/servers/d14026b1-84dd-430e-be94-94dcb1f47473 0.288s
2025-03-12 08:16:47.898 68521 INFO tempest.lib.common.rest_client [req-7486b301-dba6-4277-b54c-b253a53436fb req-7486b301-dba6-4277-b54c-b253a53436fb ] Request (InstanceActionsTestJSON:setUpClass): 200 GET http://10.180.1.21/compute/v2.1/servers/a4a88f10-937a-4fa6-aa15-eb7f669e77d0 0.064s
2025-03-12 08:16:47.903 68494 INFO tempest.lib.common.rest_client [req-571b5ac2-5a37-4342-8226-462425d37c9e req-571b5ac2-5a37-4342-8226-462425d37c9e ] Request (ServersAdminNegativeTestJSON:tearDownClass): 200 GET http://10.180.1.21/compute/v2.1/servers/fcddfd72-a130-4efc-82cb-1fb22d33d684 0.275s
2025-03-12 08:16:47.960 68498 INFO tempest.lib.common.rest_client [req-5d20a2ba-18ee-4132-b440-47ecadcefaee req-5d20a2ba-18ee-4132-b440-47ecadcefaee ] Request (ServerDiskConfigTestJSON:test_rebuild_server_with_auto_disk_config): 200 GET http://10.180.1.21/compute/v2.1/servers/38787c7d-a9cf-4ce6-a112-c1ec259697ca 0.066s
2025-03-12 08:16:48.009 68518 INFO tempest.lib.common.rest_client [req-99843791-6403-4960-90e9-5cd03cec468e req-99843791-6403-4960-90e9-5cd03cec468e ] Request (SecurityGroupsTestJSON:test_list_security_groups_by_server): 200 GET http://10.180.1.21/compute/v2.1/servers/b5e15801-301a-4ee6-87d2-bbf749967631 0.113s
2025-03-12 08:16:48.012 68528 INFO tempest.lib.common.rest_client [req-037c6a03-e09e-49e7-b723-97e6ababb6fd req-037c6a03-e09e-49e7-b723-97e6ababb6fd ] Request (ServerAddressesTestJSON:setUpClass): 200 GET http://10.180.1.21/compute/v2.1/servers/366c780a-2870-4e6e-8cfe-7eec10c363d5 0.172s
2025-03-12 08:16:48.071 68542 INFO tempest.lib.common.rest_client [req-6655ee18-836d-47a3-9cbf-5fa74d5e17e9 req-6655ee18-836d-47a3-9cbf-5fa74d5e17e9 ] Request (ServerGroupTestJSON:test_create_server_with_scheduler_hint_group): 200 GET http://10.180.1.21/compute/v2.1/servers/71243775-e8df-4cc5-85c9-d64a244b4426 0.119s
2025-03-12 08:16:48.072 68532 INFO tempest.lib.common.rest_client [req-1bbd7085-2c46-4d0c-87bc-921e900eccdb req-1bbd7085-2c46-4d0c-87bc-921e900eccdb ] Request (ServersNegativeTestJSON:setUpClass): 200 GET http://10.180.1.21/compute/v2.1/servers/58c15727-79ae-404f-a054-d71e3be498cc 0.128s
2025-03-12 08:16:48.129 68525 INFO tempest.lib.common.rest_client [req-1ffd3eda-7dee-4f59-930f-8ae21469adf5 req-1ffd3eda-7dee-4f59-930f-8ae21469adf5 ] Request (AttachInterfacesTestJSON:test_create_list_show_delete_interfaces_by_fixed_ip): 200 GET http://10.180.1.21/compute/v2.1/servers/580e6909-7d05-447a-a378-f0b8b71f059a 0.129s
2025-03-12 08:16:48.131 68544 INFO tempest.lib.common.rest_client [req-e65acd3d-c020-45f5-914f-3eebf20fe4be req-e65acd3d-c020-45f5-914f-3eebf20fe4be ] Request (ImagesTestJSON:test_create_image_from_stopped_server): 200 GET http://10.180.1.21/compute/v2.1/servers/9d2b3670-ef8a-477a-b876-7a8fe37fa065 0.111s
2025-03-12 08:16:48.181 68496 INFO tempest.lib.common.rest_client [req-0ae80171-1b8b-4da6-8c70-1107a7e43217 req-0ae80171-1b8b-4da6-8c70-1107a7e43217 ] Request (ImagesOneServerNegativeTestJSON:setUpClass): 200 GET http://10.180.1.21/compute/v2.1/servers/3d03e0b7-0469-4041-a7d5-7768326eb3b5 0.130s
2025-03-12 08:16:48.189 68508 INFO tempest.lib.common.rest_client [req-217246a9-7303-48b6-b62e-e3c19dfa7742 req-217246a9-7303-48b6-b62e-e3c19dfa7742 ] Request (ServersAdmin275Test:_run_cleanups): 200 GET http://10.180.1.21/compute/v2.1/servers/17bea068-7d7a-4a87-8b27-91a7efcd45c5 0.113s
2025-03-12 08:16:48.236 68502 INFO tempest.lib.common.rest_client [req-24c9f1c9-5ed3-4625-9a0b-3e18d945e9e6 req-24c9f1c9-5ed3-4625-9a0b-3e18d945e9e6 ] Request (ServersTestBootFromVolume:setUpClass): 200 GET http://10.180.1.21/compute/v2.1/servers/0552d616-a406-4dfa-8a70-82f39fb98bbc 0.134s
2025-03-12 08:16:48.242 68530 INFO tempest.lib.common.rest_client [req-0021e3e7-0c0e-4d24-a201-6286a65e8b36 req-0021e3e7-0c0e-4d24-a201-6286a65e8b36 ] Request (VolumesAdminNegativeTest:test_update_attached_volume_with_nonexistent_volume_in_body): 200 GET http://10.180.1.21/compute/v2.1/servers/da1524a7-2756-4429-ada2-b1f493544bd2 0.113s
2025-03-12 08:16:48.249 68530 INFO tempest.common.waiters [-] State transition "BUILD/scheduling" ==> "BUILD/None" after 47 second wait
2025-03-12 08:16:48.294 68504 INFO tempest.lib.common.rest_client [req-35f6cdfc-fcbb-41f8-abc3-1c825d1b2b21 req-35f6cdfc-fcbb-41f8-abc3-1c825d1b2b21 ] Request (DeleteServersAdminTestJSON:test_delete_server_while_in_error_state): 200 GET http://10.180.1.21/compute/v2.1/servers/cf457d43-b939-4284-b84d-9075895e9dda 0.140s
2025-03-12 08:16:48.301 68514 INFO tempest.lib.common.rest_client [req-39ca6c77-0b01-4917-9039-d82b71c53855 req-39ca6c77-0b01-4917-9039-d82b71c53855 ] Request (AttachInterfacesUnderV243Test:test_add_remove_fixed_ip): 200 GET http://10.180.1.21/compute/v2.1/servers/e089c20e-b788-4e6c-9bd2-9ad485305582 0.098s
2025-03-12 08:16:48.302 68504 INFO tempest.common.waiters [-] State transition "BUILD/None" ==> "BUILD/networking" after 66 second wait
2025-03-12 08:16:48.332 68516 INFO tempest.lib.common.rest_client [req-ff4d36e6-ddf3-4ed4-bcb3-7df24e8d93f5 req-ff4d36e6-ddf3-4ed4-bcb3-7df24e8d93f5 ] Request (ImagesOneServerTestJSON:test_create_delete_image): 200 GET http://10.180.1.21/compute/v2.1/images/5ee26def-ecea-46af-97ae-7fd4f68829bb 0.075s
2025-03-12 08:16:48.360 68500 INFO tempest.lib.common.rest_client [req-a34827cc-5c71-4f97-aebe-19e14fc5d45b req-a34827cc-5c71-4f97-aebe-19e14fc5d45b ] Request (ServerTagsTestJSON:setUpClass): 200 GET http://10.180.1.21/compute/v2.1/servers/dc45d268-7a7f-4e65-b6fa-942ddba69b03 0.094s
2025-03-12 08:16:48.389 68538 INFO tempest.lib.common.rest_client [req-cc53c003-b873-4d92-9403-e5d2cc1de0e4 req-cc53c003-b873-4d92-9403-e5d2cc1de0e4 ] Request (ServersTestJSON:setUpClass): 200 GET http://10.180.1.21/compute/v2.1/servers/d0d8ed27-003e-43e2-8a07-041420a2c758 0.071s
2025-03-12 08:16:48.427 68546 INFO tempest.lib.common.rest_client [req-189ef83c-b5b3-4431-9162-6f4f8bf45336 req-189ef83c-b5b3-4431-9162-6f4f8bf45336 ] Request (ServersAaction247Test:test_create_backup): 200 GET http://10.180.1.21/compute/v2.1/servers/6113feaf-5c21-49c3-9c19-ea10b60786d3 0.101s
2025-03-12 08:16:48.468 68550 INFO tempest.lib.common.rest_client [req-66dc1035-2afc-4ff5-8e9f-89c17fb1f11c req-66dc1035-2afc-4ff5-8e9f-89c17fb1f11c ] Request (ServerShowV247Test:tearDownClass): 200 GET http://10.180.1.21/compute/v2.1/servers/00d2302b-84d4-42d8-94c7-caf45b925ddf 0.070s
2025-03-12 08:16:48.480 68550 INFO tempest.common.waiters [-] State transition "ACTIVE/deleting" ==> "DELETED/None" after 6 second wait
2025-03-12 08:16:48.560 68555 INFO tempest.lib.common.rest_client [req-33232945-6ade-4282-9f15-fe85a3ef3907 req-33232945-6ade-4282-9f15-fe85a3ef3907 ] Request (ListServerFiltersTestJSON:tearDownClass): 200 GET http://10.180.1.21/compute/v2.1/servers/14c8e8e6-5d7f-45b4-8a84-d5951c38573f 0.075s
2025-03-12 08:16:48.583 68510 INFO tempest.lib.common.rest_client [req-fa3f2d0b-adb6-4766-8a79-131174dd8602 req-fa3f2d0b-adb6-4766-8a79-131174dd8602 ] Request (ServerAddressesNegativeTestJSON:tearDownClass): 200 GET http://10.180.1.21/compute/v2.1/servers/8fcccac2-dae1-4af0-a2b2-787e1bb7c9be 0.152s
2025-03-12 08:16:48.631 68512 INFO tempest.lib.common.rest_client [req-6cde5f25-9836-4ff9-a55a-f1165f210463 req-6cde5f25-9836-4ff9-a55a-f1165f210463 ] Request (ListServersNegativeTestJSON:setUpClass): 200 GET http://10.180.1.21/compute/v2.1/servers/aff2750d-b9c0-4e4b-a5ba-71c40a3e0ec5 0.131s
2025-03-12 08:16:48.650 68556 INFO tempest.lib.common.rest_client [req-9d2e9c2b-fb3e-427d-b559-1df0855cbabf req-9d2e9c2b-fb3e-427d-b559-1df0855cbabf ] Request (FloatingIPsAssociationTestJSON:test_associate_already_associated_floating_ip): 200 GET http://10.180.1.21/compute/v2.1/servers/7ec30097-1151-4b0d-8226-e4d34ea7b3c9 0.106s
2025-03-12 08:16:48.700 68540 INFO tempest.lib.common.rest_client [req-c741c866-da17-41fb-a1d2-1c2d255e5dab req-c741c866-da17-41fb-a1d2-1c2d255e5dab ] Request (DeleteServersTestJSON:test_delete_active_server): 200 GET http://10.180.1.21/compute/v2.1/servers/1675982e-0702-482b-9fe6-fd4eb9d83311 0.102s
2025-03-12 08:16:48.917 68534 INFO tempest.lib.common.rest_client [req-4c69b665-b590-45e5-9fb8-8359091a59c7 req-4c69b665-b590-45e5-9fb8-8359091a59c7 ] Request (ImagesNegativeTestJSON:test_create_image_from_deleted_server): 200 GET http://10.180.1.21/compute/v2.1/servers/678acc61-1c94-4152-b4e8-7569ab169ab9 0.076s
2025-03-12 08:16:48.918 68552 INFO tempest.lib.common.rest_client [req-ae3e5760-3712-4feb-859d-bcc6381c69d9 req-ae3e5760-3712-4feb-859d-bcc6381c69d9 ] Request (AttachVolumeShelveTestJSON:test_attach_volume_shelved_or_offload_server): 200 GET http://10.180.1.21/compute/v2.1/servers/d14026b1-84dd-430e-be94-94dcb1f47473 0.064s
2025-03-12 08:16:48.977 68521 INFO tempest.lib.common.rest_client [req-adedfbce-b08b-41bf-af1f-89f4d8dae0f3 req-adedfbce-b08b-41bf-af1f-89f4d8dae0f3 ] Request (InstanceActionsTestJSON:setUpClass): 200 GET http://10.180.1.21/compute/v2.1/servers/a4a88f10-937a-4fa6-aa15-eb7f669e77d0 0.072s
2025-03-12 08:16:48.982 68494 INFO tempest.lib.common.rest_client [req-edee04ff-7c07-449a-9ae6-5d77d5c6cd48 req-edee04ff-7c07-449a-9ae6-5d77d5c6cd48 ] Request (ServersAdminNegativeTestJSON:tearDownClass): 200 GET http://10.180.1.21/compute/v2.1/servers/fcddfd72-a130-4efc-82cb-1fb22d33d684 0.071s
2025-03-12 08:16:49.025 68498 INFO tempest.lib.common.rest_client [req-a5985467-f869-4595-b406-692ddb7f9869 req-a5985467-f869-4595-b406-692ddb7f9869 ] Request (ServerDiskConfigTestJSON:test_rebuild_server_with_auto_disk_config): 200 GET http://10.180.1.21/compute/v2.1/servers/38787c7d-a9cf-4ce6-a112-c1ec259697ca 0.058s
2025-03-12 08:16:49.078 68518 INFO tempest.lib.common.rest_client [req-4004271c-9c56-49fb-b82d-ec0ec410ea0c req-4004271c-9c56-49fb-b82d-ec0ec410ea0c ] Request (SecurityGroupsTestJSON:test_list_security_groups_by_server): 200 GET http://10.180.1.21/compute/v2.1/servers/b5e15801-301a-4ee6-87d2-bbf749967631 0.060s
2025-03-12 08:16:49.134 68528 INFO tempest.lib.common.rest_client [req-8dd6d836-a523-46f8-808d-6b0165da6d32 req-8dd6d836-a523-46f8-808d-6b0165da6d32 ] Request (ServerAddressesTestJSON:setUpClass): 200 GET http://10.180.1.21/compute/v2.1/servers/366c780a-2870-4e6e-8cfe-7eec10c363d5 0.112s
2025-03-12 08:16:49.135 68542 INFO tempest.lib.common.rest_client [req-fc8b6999-807e-404a-b367-62a24653ee68 req-fc8b6999-807e-404a-b367-62a24653ee68 ] Request (ServerGroupTestJSON:test_create_server_with_scheduler_hint_group): 200 GET http://10.180.1.21/compute/v2.1/servers/71243775-e8df-4cc5-85c9-d64a244b4426 0.056s
2025-03-12 08:16:49.180 68536 WARNING tempest.lib.common.ssh [-] Failed to establish authenticated ssh connection to cirros@10.180.180.250 ([Errno None] Unable to connect to port 22 on 10.180.180.250). Number attempts: 4. Retry after 5 seconds.: paramiko.ssh_exception.NoValidConnectionsError: [Errno None] Unable to connect to port 22 on 10.180.180.250
2025-03-12 08:16:49.184 68532 INFO tempest.lib.common.rest_client [req-9823a6bf-cd45-481b-b611-fa132c609d8b req-9823a6bf-cd45-481b-b611-fa132c609d8b ] Request (ServersNegativeTestJSON:setUpClass): 200 GET http://10.180.1.21/compute/v2.1/servers/58c15727-79ae-404f-a054-d71e3be498cc 0.103s
2025-03-12 08:16:49.194 68525 INFO tempest.lib.common.rest_client [req-924981e0-4c61-4c90-8503-569fd78accfd req-924981e0-4c61-4c90-8503-569fd78accfd ] Request (AttachInterfacesTestJSON:test_create_list_show_delete_interfaces_by_fixed_ip): 200 GET http://10.180.1.21/compute/v2.1/servers/580e6909-7d05-447a-a378-f0b8b71f059a 0.057s
2025-03-12 08:16:49.236 68544 INFO tempest.lib.common.rest_client [req-c3ddeaa8-27d9-4b9f-9d11-390b0509eebd req-c3ddeaa8-27d9-4b9f-9d11-390b0509eebd ] Request (ImagesTestJSON:test_create_image_from_stopped_server): 200 GET http://10.180.1.21/compute/v2.1/servers/9d2b3670-ef8a-477a-b876-7a8fe37fa065 0.098s
2025-03-12 08:16:49.243 68496 INFO tempest.lib.common.rest_client [req-bbd77060-b6b8-400b-b351-b61d0059f66a req-bbd77060-b6b8-400b-b351-b61d0059f66a ] Request (ImagesOneServerNegativeTestJSON:setUpClass): 200 GET http://10.180.1.21/compute/v2.1/servers/3d03e0b7-0469-4041-a7d5-7768326eb3b5 0.054s
2025-03-12 08:16:49.291 68508 INFO tempest.lib.common.rest_client [req-3f40489d-93ad-4813-acff-939dd3adfc46 req-3f40489d-93ad-4813-acff-939dd3adfc46 ] Request (ServersAdmin275Test:_run_cleanups): 200 GET http://10.180.1.21/compute/v2.1/servers/17bea068-7d7a-4a87-8b27-91a7efcd45c5 0.090s
2025-03-12 08:16:49.299 68502 INFO tempest.lib.common.rest_client [req-297d1365-202e-4034-994c-2b65f96947f3 req-297d1365-202e-4034-994c-2b65f96947f3 ] Request (ServersTestBootFromVolume:setUpClass): 200 GET http://10.180.1.21/compute/v2.1/servers/0552d616-a406-4dfa-8a70-82f39fb98bbc 0.055s
2025-03-12 08:16:49.341 68530 INFO tempest.lib.common.rest_client [req-15e4e804-30eb-420a-93bb-15f7bc38610e req-15e4e804-30eb-420a-93bb-15f7bc38610e ] Request (VolumesAdminNegativeTest:test_update_attached_volume_with_nonexistent_volume_in_body): 200 GET http://10.180.1.21/compute/v2.1/servers/da1524a7-2756-4429-ada2-b1f493544bd2 0.091s
2025-03-12 08:16:49.410 68514 INFO tempest.lib.common.rest_client [req-7604a905-3055-462a-bec0-e92f7d9661b5 req-7604a905-3055-462a-bec0-e92f7d9661b5 ] Request (AttachInterfacesUnderV243Test:test_add_remove_fixed_ip): 200 GET http://10.180.1.21/compute/v2.1/servers/e089c20e-b788-4e6c-9bd2-9ad485305582 0.101s
2025-03-12 08:16:49.448 68516 INFO tempest.lib.common.rest_client [req-5f2e7942-8d01-4c61-8ec5-75f1e96812a9 req-5f2e7942-8d01-4c61-8ec5-75f1e96812a9 ] Request (ImagesOneServerTestJSON:test_create_delete_image): 200 GET http://10.180.1.21/compute/v2.1/images/5ee26def-ecea-46af-97ae-7fd4f68829bb 0.112s
2025-03-12 08:16:49.474 68504 INFO tempest.lib.common.rest_client [req-c98c40c0-b69f-411e-becb-d8ad51a8bbd4 req-c98c40c0-b69f-411e-becb-d8ad51a8bbd4 ] Request (DeleteServersAdminTestJSON:test_delete_server_while_in_error_state): 200 GET http://10.180.1.21/compute/v2.1/servers/cf457d43-b939-4284-b84d-9075895e9dda 0.171s
2025-03-12 08:16:49.485 68504 INFO tempest.common.waiters [-] State transition "BUILD/networking" ==> "BUILD/block_device_mapping" after 67 second wait
2025-03-12 08:16:49.520 68500 INFO tempest.lib.common.rest_client [req-71f8b2a0-2a03-4310-8252-89734faaf40f req-71f8b2a0-2a03-4310-8252-89734faaf40f ] Request (ServerTagsTestJSON:setUpClass): 200 GET http://10.180.1.21/compute/v2.1/servers/dc45d268-7a7f-4e65-b6fa-942ddba69b03 0.145s
2025-03-12 08:16:49.532 68538 INFO tempest.lib.common.rest_client [req-1e0adf48-327a-4fa0-9906-c31d3b179893 req-1e0adf48-327a-4fa0-9906-c31d3b179893 ] Request (ServersTestJSON:setUpClass): 200 GET http://10.180.1.21/compute/v2.1/servers/d0d8ed27-003e-43e2-8a07-041420a2c758 0.133s
2025-03-12 08:16:49.581 68546 INFO tempest.lib.common.rest_client [req-93099830-a603-43df-8f8c-c2134d803add req-93099830-a603-43df-8f8c-c2134d803add ] Request (ServersAaction247Test:test_create_backup): 200 GET http://10.180.1.21/compute/v2.1/servers/6113feaf-5c21-49c3-9c19-ea10b60786d3 0.142s
2025-03-12 08:16:49.590 68546 INFO tempest.common.waiters [-] State transition "BUILD/spawning" ==> "ACTIVE/None" after 68 second wait
2025-03-12 08:16:49.601 68550 INFO tempest.lib.common.rest_client [req-2bd09934-4320-46cf-856a-550fefa96445 req-2bd09934-4320-46cf-856a-550fefa96445 ] Request (ServerShowV247Test:tearDownClass): 200 GET http://10.180.1.21/compute/v2.1/servers/00d2302b-84d4-42d8-94c7-caf45b925ddf 0.118s
2025-03-12 08:16:49.660 68555 INFO tempest.lib.common.rest_client [req-5747dcdd-dee5-4fa7-ae04-89d00706392d req-5747dcdd-dee5-4fa7-ae04-89d00706392d ] Request (ListServerFiltersTestJSON:tearDownClass): 200 GET http://10.180.1.21/compute/v2.1/servers/14c8e8e6-5d7f-45b4-8a84-d5951c38573f 0.091s
2025-03-12 08:16:49.714 68510 INFO tempest.lib.common.rest_client [req-ec7571aa-8192-4a67-b671-6cf7545eb1be req-ec7571aa-8192-4a67-b671-6cf7545eb1be ] Request (ServerAddressesNegativeTestJSON:tearDownClass): 200 GET http://10.180.1.21/compute/v2.1/servers/8fcccac2-dae1-4af0-a2b2-787e1bb7c9be 0.123s
2025-03-12 08:16:49.772 68512 INFO tempest.lib.common.rest_client [req-c1f99388-eef5-428f-92fb-5a468aab23ed req-c1f99388-eef5-428f-92fb-5a468aab23ed ] Request (ListServersNegativeTestJSON:setUpClass): 200 GET http://10.180.1.21/compute/v2.1/servers/aff2750d-b9c0-4e4b-a5ba-71c40a3e0ec5 0.129s
2025-03-12 08:16:49.825 68556 INFO tempest.lib.common.rest_client [req-536625f8-00c4-4f1f-ae8e-7ed1473a3e70 req-536625f8-00c4-4f1f-ae8e-7ed1473a3e70 ] Request (FloatingIPsAssociationTestJSON:test_associate_already_associated_floating_ip): 200 GET http://10.180.1.21/compute/v2.1/servers/7ec30097-1151-4b0d-8226-e4d34ea7b3c9 0.167s
2025-03-12 08:16:49.878 68540 INFO tempest.lib.common.rest_client [req-2a78af2a-d7ec-4ed9-a1a1-7ad17332c1b6 req-2a78af2a-d7ec-4ed9-a1a1-7ad17332c1b6 ] Request (DeleteServersTestJSON:test_delete_active_server): 200 GET http://10.180.1.21/compute/v2.1/servers/1675982e-0702-482b-9fe6-fd4eb9d83311 0.169s
2025-03-12 08:16:49.984 68534 INFO tempest.lib.common.rest_client [req-de86dec4-285c-41db-9914-ba603192bd4c req-de86dec4-285c-41db-9914-ba603192bd4c ] Request (ImagesNegativeTestJSON:test_create_image_from_deleted_server): 200 GET http://10.180.1.21/compute/v2.1/servers/678acc61-1c94-4152-b4e8-7569ab169ab9 0.057s
2025-03-12 08:16:50.008 68546 INFO tempest.lib.common.rest_client [req-0ba771f0-81eb-4495-8aeb-cae54b60e118 req-0ba771f0-81eb-4495-8aeb-cae54b60e118 ] Request (ServersAaction247Test:test_create_backup): 202 POST http://10.180.1.21/compute/v2.1/servers/6113feaf-5c21-49c3-9c19-ea10b60786d3/action 0.417s
2025-03-12 08:16:50.040 68552 INFO tempest.lib.common.rest_client [req-1d2119c6-1d4d-440a-bfd8-d140d541da25 req-1d2119c6-1d4d-440a-bfd8-d140d541da25 ] Request (AttachVolumeShelveTestJSON:test_attach_volume_shelved_or_offload_server): 200 GET http://10.180.1.21/compute/v2.1/servers/d14026b1-84dd-430e-be94-94dcb1f47473 0.113s
2025-03-12 08:16:50.062 68521 INFO tempest.lib.common.rest_client [req-6aaa3e5b-1009-4511-9213-52e3e5dd6b4b req-6aaa3e5b-1009-4511-9213-52e3e5dd6b4b ] Request (InstanceActionsTestJSON:setUpClass): 200 GET http://10.180.1.21/compute/v2.1/servers/a4a88f10-937a-4fa6-aa15-eb7f669e77d0 0.075s
2025-03-12 08:16:50.099 68494 INFO tempest.lib.common.rest_client [req-8d616142-ed39-4f3a-9430-b623bccc7be4 req-8d616142-ed39-4f3a-9430-b623bccc7be4 ] Request (ServersAdminNegativeTestJSON:tearDownClass): 200 GET http://10.180.1.21/compute/v2.1/servers/fcddfd72-a130-4efc-82cb-1fb22d33d684 0.109s
2025-03-12 08:16:50.137 68546 INFO tempest.lib.common.rest_client [req-4ad91611-d93a-4c83-892b-62cb3b1be580 req-4ad91611-d93a-4c83-892b-62cb3b1be580 ] Request (ServersAaction247Test:tearDownClass): 204 DELETE http://10.180.1.21/compute/v2.1/servers/6113feaf-5c21-49c3-9c19-ea10b60786d3 0.122s
2025-03-12 08:16:50.157 68498 INFO tempest.lib.common.rest_client [req-5ee10d36-9d7f-4a51-9e05-0e103fc8759a req-5ee10d36-9d7f-4a51-9e05-0e103fc8759a ] Request (ServerDiskConfigTestJSON:test_rebuild_server_with_auto_disk_config): 200 GET http://10.180.1.21/compute/v2.1/servers/38787c7d-a9cf-4ce6-a112-c1ec259697ca 0.123s
2025-03-12 08:16:50.195 68518 INFO tempest.lib.common.rest_client [req-1823ce7b-1bca-4de5-b5e0-9db5be84be0b req-1823ce7b-1bca-4de5-b5e0-9db5be84be0b ] Request (SecurityGroupsTestJSON:test_list_security_groups_by_server): 200 GET http://10.180.1.21/compute/v2.1/servers/b5e15801-301a-4ee6-87d2-bbf749967631 0.107s
2025-03-12 08:16:50.216 68546 INFO tempest.lib.common.rest_client [req-44be972a-606c-490a-b67f-dc9766610a9b req-44be972a-606c-490a-b67f-dc9766610a9b ] Request (ServersAaction247Test:tearDownClass): 200 GET http://10.180.1.21/compute/v2.1/servers/6113feaf-5c21-49c3-9c19-ea10b60786d3 0.078s
2025-03-12 08:16:50.277 68542 INFO tempest.lib.common.rest_client [req-f0c0cc3a-dff7-4fb8-959d-78451bfe6558 req-f0c0cc3a-dff7-4fb8-959d-78451bfe6558 ] Request (ServerGroupTestJSON:test_create_server_with_scheduler_hint_group): 200 GET http://10.180.1.21/compute/v2.1/servers/71243775-e8df-4cc5-85c9-d64a244b4426 0.133s
2025-03-12 08:16:50.336 68532 INFO tempest.lib.common.rest_client [req-208006d8-4573-4d6a-9b36-5fa600c71f3e req-208006d8-4573-4d6a-9b36-5fa600c71f3e ] Request (ServersNegativeTestJSON:setUpClass): 200 GET http://10.180.1.21/compute/v2.1/servers/58c15727-79ae-404f-a054-d71e3be498cc 0.145s
2025-03-12 08:16:50.340 68528 INFO tempest.lib.common.rest_client [req-3d300f94-04ff-4568-9273-9ac7161e84de req-3d300f94-04ff-4568-9273-9ac7161e84de ] Request (ServerAddressesTestJSON:setUpClass): 200 GET http://10.180.1.21/compute/v2.1/servers/366c780a-2870-4e6e-8cfe-7eec10c363d5 0.198s
2025-03-12 08:16:50.396 68525 INFO tempest.lib.common.rest_client [req-34d5a74b-7201-460f-bfb9-6bde2e192efc req-34d5a74b-7201-460f-bfb9-6bde2e192efc ] Request (AttachInterfacesTestJSON:test_create_list_show_delete_interfaces_by_fixed_ip): 200 GET http://10.180.1.21/compute/v2.1/servers/580e6909-7d05-447a-a378-f0b8b71f059a 0.191s
2025-03-12 08:16:50.402 68544 INFO tempest.lib.common.rest_client [req-755aef83-4e78-4bb5-89a7-c24ca9bc19f2 req-755aef83-4e78-4bb5-89a7-c24ca9bc19f2 ] Request (ImagesTestJSON:test_create_image_from_stopped_server): 200 GET http://10.180.1.21/compute/v2.1/servers/9d2b3670-ef8a-477a-b876-7a8fe37fa065 0.157s
2025-03-12 08:16:50.440 68496 INFO tempest.lib.common.rest_client [req-82e540b6-1ce9-45c3-bdbf-0eb6579e6506 req-82e540b6-1ce9-45c3-bdbf-0eb6579e6506 ] Request (ImagesOneServerNegativeTestJSON:setUpClass): 200 GET http://10.180.1.21/compute/v2.1/servers/3d03e0b7-0469-4041-a7d5-7768326eb3b5 0.190s
2025-03-12 08:16:50.491 68508 INFO tempest.lib.common.rest_client [req-d02ba3a3-165c-4831-a1f8-1ff84ea5df01 req-d02ba3a3-165c-4831-a1f8-1ff84ea5df01 ] Request (ServersAdmin275Test:_run_cleanups): 200 GET http://10.180.1.21/compute/v2.1/servers/17bea068-7d7a-4a87-8b27-91a7efcd45c5 0.189s
2025-03-12 08:16:50.493 68502 INFO tempest.lib.common.rest_client [req-a2c3ddb5-e121-48a0-ba56-b8e8d51aca88 req-a2c3ddb5-e121-48a0-ba56-b8e8d51aca88 ] Request (ServersTestBootFromVolume:setUpClass): 200 GET http://10.180.1.21/compute/v2.1/servers/0552d616-a406-4dfa-8a70-82f39fb98bbc 0.182s
2025-03-12 08:16:50.548 68530 INFO tempest.lib.common.rest_client [req-0a4a9156-779e-437d-9a70-693101a6f670 req-0a4a9156-779e-437d-9a70-693101a6f670 ] Request (VolumesAdminNegativeTest:test_update_attached_volume_with_nonexistent_volume_in_body): 200 GET http://10.180.1.21/compute/v2.1/servers/da1524a7-2756-4429-ada2-b1f493544bd2 0.200s
2025-03-12 08:16:50.553 68514 INFO tempest.lib.common.rest_client [req-1eb61b78-d5fb-4075-a4a3-1e95901d5f63 req-1eb61b78-d5fb-4075-a4a3-1e95901d5f63 ] Request (AttachInterfacesUnderV243Test:test_add_remove_fixed_ip): 200 GET http://10.180.1.21/compute/v2.1/servers/e089c20e-b788-4e6c-9bd2-9ad485305582 0.134s
2025-03-12 08:16:50.579 68516 INFO tempest.lib.common.rest_client [req-2da19478-b723-4afe-bf5b-a6aeaee654c0 req-2da19478-b723-4afe-bf5b-a6aeaee654c0 ] Request (ImagesOneServerTestJSON:test_create_delete_image): 200 GET http://10.180.1.21/compute/v2.1/images/5ee26def-ecea-46af-97ae-7fd4f68829bb 0.126s
2025-03-12 08:16:50.639 68500 INFO tempest.lib.common.rest_client [req-6e3f4e7c-a9ff-442a-8678-5330302014c2 req-6e3f4e7c-a9ff-442a-8678-5330302014c2 ] Request (ServerTagsTestJSON:setUpClass): 200 GET http://10.180.1.21/compute/v2.1/servers/dc45d268-7a7f-4e65-b6fa-942ddba69b03 0.110s
2025-03-12 08:16:50.657 68504 INFO tempest.lib.common.rest_client [req-21223754-be70-462f-a17f-dbe719ed7d54 req-21223754-be70-462f-a17f-dbe719ed7d54 ] Request (DeleteServersAdminTestJSON:test_delete_server_while_in_error_state): 200 GET http://10.180.1.21/compute/v2.1/servers/cf457d43-b939-4284-b84d-9075895e9dda 0.171s
2025-03-12 08:16:50.664 68504 INFO tempest.common.waiters [-] State transition "BUILD/block_device_mapping" ==> "BUILD/spawning" after 68 second wait
2025-03-12 08:16:50.685 68538 INFO tempest.lib.common.rest_client [req-6b66b9a7-521b-4f29-b20f-53e7f870338c req-6b66b9a7-521b-4f29-b20f-53e7f870338c ] Request (ServersTestJSON:setUpClass): 200 GET http://10.180.1.21/compute/v2.1/servers/d0d8ed27-003e-43e2-8a07-041420a2c758 0.146s
2025-03-12 08:16:50.712 68550 INFO tempest.lib.common.rest_client [req-7c424989-817a-4cdf-944f-d93e543fa7f0 req-7c424989-817a-4cdf-944f-d93e543fa7f0 ] Request (ServerShowV247Test:tearDownClass): 200 GET http://10.180.1.21/compute/v2.1/servers/00d2302b-84d4-42d8-94c7-caf45b925ddf 0.095s
2025-03-12 08:16:50.737 68555 INFO tempest.lib.common.rest_client [req-3880985f-bc8d-4a08-a8b6-952f4a264a3e req-3880985f-bc8d-4a08-a8b6-952f4a264a3e ] Request (ListServerFiltersTestJSON:tearDownClass): 200 GET http://10.180.1.21/compute/v2.1/servers/14c8e8e6-5d7f-45b4-8a84-d5951c38573f 0.069s
