2025-03-12 08:17:26.734 68522 INFO tempest.lib.common.rest_client [req-840a10db-d50f-4fd9-aed4-b23bc6409fb8 req-840a10db-d50f-4fd9-aed4-b23bc6409fb8 ] Request (ServersWithSpecificFlavorTestJSON:test_verify_created_server_ephemeral_disk): 200 GET http://10.180.1.21/compute/v2.1/servers/7584180b-efa6-4038-9f3a-619ab7937553 0.349s
2025-03-12 08:17:26.738 68521 INFO tempest.lib.common.rest_client [req-b770287c-4d8f-497a-b8a6-9182593b5829 req-b770287c-4d8f-497a-b8a6-9182593b5829 ] Request (InstanceActionsTestJSON:tearDownClass): 200 GET http://10.180.1.21/compute/v2.1/servers/a4a88f10-937a-4fa6-aa15-eb7f669e77d0 0.298s
2025-03-12 08:17:26.768 68510 INFO tempest.lib.common.rest_client [req-11270700-c418-4648-a1dc-c2498fe999d0 req-11270700-c418-4648-a1dc-c2498fe999d0 ] Request (ServerAddressesNegativeTestJSON:tearDownClass): 204 DELETE http://10.180.1.21/identity/v3/users/eb52491e8627451cb456c8cceb436221 0.093s
2025-03-12 08:17:26.768 68510 INFO tempest.lib.common.dynamic_creds [-] Deleting project and security group for project: 4a4a74a76c934c8db7890b352f35c31a
2025-03-12 08:17:26.785 68525 INFO tempest.lib.common.rest_client [req-6ec50c20-21a7-4585-87f9-2db42b91d769 req-6ec50c20-21a7-4585-87f9-2db42b91d769 ] Request (AttachInterfacesTestJSON:test_create_list_show_delete_interfaces_by_fixed_ip): 200 GET http://10.180.1.21/compute/v2.1/servers/580e6909-7d05-447a-a378-f0b8b71f059a 0.332s
2025-03-12 08:17:26.793 68510 INFO tempest.lib.common.rest_client [req-547f9747-9dad-4c55-a2af-b5756c04b591 req-547f9747-9dad-4c55-a2af-b5756c04b591 ] Request (ServerAddressesNegativeTestJSON:tearDownClass): 200 GET http://10.180.1.21:9696/networking/v2.0/security-groups?tenant_id=4a4a74a76c934c8db7890b352f35c31a&name=default 0.024s
2025-03-12 08:17:26.798 68532 INFO tempest.lib.common.rest_client [req-80facd40-8dc6-4545-8342-3ae9b2a1a062 req-80facd40-8dc6-4545-8342-3ae9b2a1a062 ] Request (ServersNegativeTestJSON:setUpClass): 200 GET http://10.180.1.21/compute/v2.1/servers/156ea1ad-6e52-4848-915d-7ba74c606e6e 0.289s
2025-03-12 08:17:26.826 68518 INFO tempest.lib.common.rest_client [req-f1af5102-0ca8-41fc-8791-9f0fc6dffe47 req-f1af5102-0ca8-41fc-8791-9f0fc6dffe47 ] Request (SecurityGroupsTestJSON:test_security_groups_create_list_delete): 404 GET http://10.180.1.21/compute/v2.1/os-security-groups/5e01cd1c-8a53-4a0c-b8ea-da04b8ca2d9b 0.212s
2025-03-12 08:17:26.846 68540 INFO tempest.lib.common.rest_client [req-2681ae95-6c71-4970-979c-2424d9988227 req-2681ae95-6c71-4970-979c-2424d9988227 ] Request (DeleteServersTestJSON:test_delete_active_server): 200 GET http://10.180.1.21/compute/v2.1/servers/1675982e-0702-482b-9fe6-fd4eb9d83311 0.277s
2025-03-12 08:17:26.885 68496 INFO tempest.lib.common.rest_client [req-17568f61-0588-4259-ac3c-bc6210bb1ba7 req-17568f61-0588-4259-ac3c-bc6210bb1ba7 ] Request (ImagesOneServerNegativeTestJSON:setUpClass): 200 GET http://10.180.1.21/compute/v2.1/servers/3d03e0b7-0469-4041-a7d5-7768326eb3b5 0.254s
2025-03-12 08:17:26.901 68550 INFO tempest.lib.common.rest_client [req-47a2605a-b1e5-4939-83ea-4056e4591573 req-47a2605a-b1e5-4939-83ea-4056e4591573 ] Request (AttachVolumeTestJSON:test_attach_detach_volume): 200 GET http://10.180.1.21/compute/v2.1/servers/95dcd20c-b3d3-4b1d-a32e-41bef1c2e44f 0.225s
2025-03-12 08:17:26.914 68510 INFO tempest.lib.common.rest_client [req-f0af35fd-3642-4b2f-a6bd-7d62aea45a85 req-f0af35fd-3642-4b2f-a6bd-7d62aea45a85 ] Request (ServerAddressesNegativeTestJSON:tearDownClass): 204 DELETE http://10.180.1.21:9696/networking/v2.0/security-groups/3e530569-d440-464f-a5f9-e92952240c93 0.121s
2025-03-12 08:17:26.941 68538 INFO tempest.lib.common.rest_client [req-5312866a-eac2-4321-b7a3-357aacbca4da req-5312866a-eac2-4321-b7a3-357aacbca4da ] Request (ServersTestJSON:setUpClass): 200 GET http://10.180.1.21/compute/v2.1/servers/d0d8ed27-003e-43e2-8a07-041420a2c758 0.247s
2025-03-12 08:17:26.955 68502 INFO tempest.lib.common.rest_client [req-d2e2c1d2-48b0-4ec8-8431-20f6ab1f098a req-d2e2c1d2-48b0-4ec8-8431-20f6ab1f098a ] Request (ServersTestBootFromVolume:setUpClass): 200 GET http://10.180.1.21/compute/v2.1/servers/0552d616-a406-4dfa-8a70-82f39fb98bbc 0.221s
2025-03-12 08:17:26.992 68556 INFO tempest.lib.common.rest_client [req-680a087c-dc7d-40a4-be78-ed6d4f4d6b77 req-680a087c-dc7d-40a4-be78-ed6d4f4d6b77 ] Request (FloatingIPsAssociationTestJSON:test_associate_already_associated_floating_ip): 200 GET http://10.180.1.21/compute/v2.1/servers/7ec30097-1151-4b0d-8226-e4d34ea7b3c9 0.238s
2025-03-12 08:17:27.006 68510 INFO tempest.lib.common.rest_client [req-15a5dfb1-46af-4c0c-8431-5e903a067e71 req-15a5dfb1-46af-4c0c-8431-5e903a067e71 ] Request (ServerAddressesNegativeTestJSON:tearDownClass): 204 DELETE http://10.180.1.21/identity/v3/projects/4a4a74a76c934c8db7890b352f35c31a 0.091s
2025-03-12 08:17:27.016 68512 INFO tempest.lib.common.rest_client [req-4504d57f-687d-4b39-89f7-782420d9a241 req-4504d57f-687d-4b39-89f7-782420d9a241 ] Request (ListServersNegativeTestJSON:tearDownClass): 200 GET http://10.180.1.21/compute/v2.1/servers/63e0fc9e-5182-4781-b007-69e2134718df 0.205s
2025-03-12 08:17:27.065 68552 INFO tempest.lib.common.rest_client [req-88e86648-248e-49dc-8814-def438f8a603 req-88e86648-248e-49dc-8814-def438f8a603 ] Request (AttachVolumeShelveTestJSON:test_attach_volume_shelved_or_offload_server): 200 GET http://10.180.1.21/compute/v2.1/servers/d14026b1-84dd-430e-be94-94dcb1f47473 0.169s
2025-03-12 08:17:27.073 68510 INFO tempest.lib.common.rest_client [req-96bdd219-3a3d-46c1-ae1b-4dc409b995e3 req-96bdd219-3a3d-46c1-ae1b-4dc409b995e3 ] Request (ServerGroup264TestJSON:setUpClass): 201 POST http://10.180.1.21/identity/v3/auth/tokens 0.066s
2025-03-12 08:17:27.097 68518 INFO tempest.lib.common.rest_client [req-3a9bebad-da14-4ccc-9aff-ee7d32afffbb req-3a9bebad-da14-4ccc-9aff-ee7d32afffbb ] Request (SecurityGroupsTestJSON:test_security_groups_create_list_delete): 202 DELETE http://10.180.1.21/compute/v2.1/os-security-groups/57bcdb2e-8784-45ca-afb3-688f827c48ff 0.270s
2025-03-12 08:17:27.107 68510 INFO tempest.lib.common.rest_client [req-fbd8deb5-fd4f-4489-b964-e05ad8e8b465 req-fbd8deb5-fd4f-4489-b964-e05ad8e8b465 ] Request (ServerGroup264TestJSON:setUpClass): 201 POST http://10.180.1.21/identity/v3/auth/tokens 0.031s
2025-03-12 08:17:27.116 68498 INFO tempest.lib.common.rest_client [req-2eed89fa-6d25-4b7c-84c7-89b8bbcd4a0c req-2eed89fa-6d25-4b7c-84c7-89b8bbcd4a0c ] Request (ServerDiskConfigTestJSON:test_rebuild_server_with_auto_disk_config): 200 GET http://10.180.1.21/compute/v2.1/servers/38787c7d-a9cf-4ce6-a112-c1ec259697ca 0.156s
2025-03-12 08:17:27.143 68510 INFO tempest.lib.common.rest_client [req-764902ab-4e1a-4ba4-869b-5554aa9fcdfc req-764902ab-4e1a-4ba4-869b-5554aa9fcdfc ] Request (ServerGroup264TestJSON:setUpClass): 200 GET http://10.180.1.21/identity/v3/domains?name=Default 0.036s
2025-03-12 08:17:27.174 68510 INFO tempest.lib.common.rest_client [req-fb81657e-671b-4ad6-9494-fe538d5e3f48 req-fb81657e-671b-4ad6-9494-fe538d5e3f48 ] Request (ServerGroup264TestJSON:setUpClass): 201 POST http://10.180.1.21/identity/v3/projects 0.030s
2025-03-12 08:17:27.183 68528 INFO tempest.lib.common.rest_client [req-64c2d766-9898-4ff5-99bd-de0e73ab9402 req-64c2d766-9898-4ff5-99bd-de0e73ab9402 ] Request (ServerAddressesTestJSON:tearDownClass): 200 GET http://10.180.1.21/compute/v2.1/servers/366c780a-2870-4e6e-8cfe-7eec10c363d5 0.156s
2025-03-12 08:17:27.222 68518 INFO tempest.lib.common.rest_client [req-8d6818ea-aaac-4968-bda6-2dc89dbc8dee req-8d6818ea-aaac-4968-bda6-2dc89dbc8dee ] Request (SecurityGroupsTestJSON:test_security_groups_create_list_delete): 404 GET http://10.180.1.21/compute/v2.1/os-security-groups/57bcdb2e-8784-45ca-afb3-688f827c48ff 0.125s
2025-03-12 08:17:27.228 68510 INFO tempest.lib.common.rest_client [req-73dd4245-22ad-4b21-ae02-bd3f7e5b9867 req-73dd4245-22ad-4b21-ae02-bd3f7e5b9867 ] Request (ServerGroup264TestJSON:setUpClass): 201 POST http://10.180.1.21/identity/v3/users 0.054s
2025-03-12 08:17:27.232 68530 INFO tempest.lib.common.rest_client [req-a570377a-a6a2-4e13-af89-5048cc8ca6a6 req-a570377a-a6a2-4e13-af89-5048cc8ca6a6 ] Request (VolumesAdminNegativeTest:test_update_attached_volume_with_nonexistent_volume_in_body): 200 GET http://10.180.1.21/compute/v2.1/servers/da1524a7-2756-4429-ada2-b1f493544bd2 0.249s
2025-03-12 08:17:27.251 68510 INFO tempest.lib.common.rest_client [req-9bde9a89-f143-4830-96ec-afe1bc7afc23 req-9bde9a89-f143-4830-96ec-afe1bc7afc23 ] Request (ServerGroup264TestJSON:setUpClass): 200 GET http://10.180.1.21/identity/v3/roles 0.022s
2025-03-12 08:17:27.282 68510 INFO tempest.lib.common.rest_client [req-df1007bd-ed76-4ab0-ae0a-89643fa307ce req-df1007bd-ed76-4ab0-ae0a-89643fa307ce ] Request (ServerGroup264TestJSON:setUpClass): 204 PUT http://10.180.1.21/identity/v3/projects/cc745bfbb26a4139a8725633b4207d95/users/3b90e05de7ef4f0695a94493496dce15/roles/9dc7b5c168114a7e83ca11a631099c4d 0.030s
2025-03-12 08:17:27.282 68510 INFO tempest.lib.common.dynamic_creds [-] Dynamic test user 3b90e05de7ef4f0695a94493496dce15 is created with scope project and roles: ['member']
2025-03-12 08:17:27.282 68510 INFO tempest.lib.common.dynamic_creds [-] Acquired dynamic creds: credentials: Credentials: {'domain_id': 'default', 'domain_name': 'Default', 'username': 'tempest-ServerGroup264TestJSON-649702728-project-member', 'project_domain_id': 'default', 'project_domain_name': 'Default', 'project_id': 'cc745bfbb26a4139a8725633b4207d95', 'project_name': 'tempest-ServerGroup264TestJSON-649702728', 'tenant_id': 'cc745bfbb26a4139a8725633b4207d95', 'tenant_name': 'tempest-ServerGroup264TestJSON-649702728', 'user_domain_id': 'default', 'user_domain_name': 'Default', 'user_id': '3b90e05de7ef4f0695a94493496dce15', 'system': None}, Network: None, Subnet: None, Router: None
2025-03-12 08:17:27.293 68555 INFO tempest.lib.common.rest_client [req-6a657707-41c4-4be4-9137-238bc8fdde3e req-6a657707-41c4-4be4-9137-238bc8fdde3e ] Request (ListServerFiltersTestJSON:tearDownClass): 200 GET http://10.180.1.21/compute/v2.1/servers/9ac81867-311c-42f3-b38f-67dc10f409c0 0.188s
2025-03-12 08:17:27.326 68518 INFO tempest.lib.common.rest_client [req-3a254da0-5962-40f8-808f-1eaf26999381 req-3a254da0-5962-40f8-808f-1eaf26999381 ] Request (SecurityGroupsTestJSON:test_security_groups_create_list_delete): 202 DELETE http://10.180.1.21/compute/v2.1/os-security-groups/2726cc7d-d9d8-4d55-8715-8850b3ab8cae 0.104s
2025-03-12 08:17:27.332 68510 INFO tempest.lib.common.rest_client [req-2ee12f2f-4fd5-487c-a0e6-787410e0b5e6 req-2ee12f2f-4fd5-487c-a0e6-787410e0b5e6 ] Request (ServerGroup264TestJSON:setUpClass): 201 POST http://10.180.1.21/identity/v3/auth/tokens 0.050s
2025-03-12 08:17:27.348 68518 INFO tempest.lib.common.rest_client [req-b249b354-828f-45ad-a730-240a376feac6 req-b249b354-828f-45ad-a730-240a376feac6 ] Request (SecurityGroupsTestJSON:test_security_groups_create_list_delete): 404 GET http://10.180.1.21/compute/v2.1/os-security-groups/2726cc7d-d9d8-4d55-8715-8850b3ab8cae 0.021s
2025-03-12 08:17:27.468 68518 INFO tempest.lib.common.rest_client [req-12fcc362-bcf4-4c41-88c9-3dbead47c7e8 req-12fcc362-bcf4-4c41-88c9-3dbead47c7e8 ] Request (SecurityGroupsTestJSON:test_security_groups_create_list_delete): 200 GET http://10.180.1.21/compute/v2.1/os-security-groups 0.119s
2025-03-12 08:17:27.481 68504 INFO tempest.lib.common.rest_client [req-58b9e687-c3e7-45ba-bff6-88d4d31d091e req-58b9e687-c3e7-45ba-bff6-88d4d31d091e ] Request (DeleteServersAdminTestJSON:test_delete_server_while_in_error_state): 200 GET http://10.180.1.21/compute/v2.1/servers/cf457d43-b939-4284-b84d-9075895e9dda 0.078s
2025-03-12 08:17:27.547 68516 INFO tempest.lib.common.rest_client [req-a3d4ea8c-f2e8-40a5-9c92-1b3c0084d89d req-a3d4ea8c-f2e8-40a5-9c92-1b3c0084d89d ] Request (ImagesOneServerTestJSON:tearDownClass): 200 GET http://10.180.1.21/compute/v2.1/servers/f748cf37-6605-49a2-a418-51667a0fac4a 0.077s
2025-03-12 08:17:27.553 68508 INFO tempest.lib.common.rest_client [req-87aab214-f991-4f99-a297-c6a00d2cee41 req-87aab214-f991-4f99-a297-c6a00d2cee41 ] Request (ServersAdmin275Test:tearDownClass): 200 GET http://10.180.1.21/compute/v2.1/servers/17bea068-7d7a-4a87-8b27-91a7efcd45c5 0.134s
2025-03-12 08:17:27.615 68546 INFO tempest.lib.common.rest_client [req-ba825567-c1bf-486d-a2ca-0513a1fec93c req-ba825567-c1bf-486d-a2ca-0513a1fec93c ] Request (ServersAaction247Test:tearDownClass): 200 GET http://10.180.1.21/compute/v2.1/servers/6113feaf-5c21-49c3-9c19-ea10b60786d3 0.131s
2025-03-12 08:17:27.674 68544 INFO tempest.lib.common.rest_client [req-885c74d6-bcbe-4c39-b6db-d545f5a757a0 req-885c74d6-bcbe-4c39-b6db-d545f5a757a0 ] Request (ImagesTestJSON:test_create_image_from_stopped_server): 200 GET http://10.180.1.21/compute/v2.1/servers/9d2b3670-ef8a-477a-b876-7a8fe37fa065 0.115s
2025-03-12 08:17:27.684 68544 INFO tempest.common.waiters [-] State transition "BUILD/None" ==> "BUILD/networking" after 82 second wait
2025-03-12 08:17:27.690 68510 INFO tempest.lib.common.rest_client [req-b5822e31-ffec-4f35-a6d6-7f33135672ed req-b5822e31-ffec-4f35-a6d6-7f33135672ed ] Request (ServerGroup264TestJSON:setUpClass): 201 POST http://10.180.1.21:9696/networking/v2.0/networks 0.357s
2025-03-12 08:17:27.710 68518 INFO tempest.lib.common.rest_client [req-f0abe9f5-d799-47ce-a874-446909a43ba0 req-f0abe9f5-d799-47ce-a874-446909a43ba0 ] Request (SecurityGroupsTestJSON:test_server_security_groups): 200 POST http://10.180.1.21/compute/v2.1/os-security-groups 0.237s
2025-03-12 08:17:27.731 68542 INFO tempest.lib.common.rest_client [req-e47dc8c8-953e-449c-873c-759dadf371b1 req-e47dc8c8-953e-449c-873c-759dadf371b1 ] Request (ServerGroupTestJSON:test_create_server_with_scheduler_hint_group): 200 GET http://10.180.1.21/compute/v2.1/servers/71243775-e8df-4cc5-85c9-d64a244b4426 0.112s
2025-03-12 08:17:27.767 68494 INFO tempest.lib.common.rest_client [req-c4b29eb5-f297-4019-ae49-423feefd138b req-c4b29eb5-f297-4019-ae49-423feefd138b ] Request (ServersAdminNegativeTestJSON:tearDownClass): 200 GET http://10.180.1.21/compute/v2.1/servers/4f4dc254-8e4f-4c5f-a2a8-eef6230825c6 0.082s
2025-03-12 08:17:27.809 68500 INFO tempest.lib.common.rest_client [req-b3192fbd-a87f-4437-9e02-f862106bcbd3 req-b3192fbd-a87f-4437-9e02-f862106bcbd3 ] Request (ServerTagsTestJSON:tearDownClass): 200 GET http://10.180.1.21/compute/v2.1/servers/dc45d268-7a7f-4e65-b6fa-942ddba69b03 0.121s
2025-03-12 08:17:27.884 68522 INFO tempest.lib.common.rest_client [req-46ad31bc-d5aa-4f8c-a82b-c56a7a3383c3 req-46ad31bc-d5aa-4f8c-a82b-c56a7a3383c3 ] Request (ServersWithSpecificFlavorTestJSON:test_verify_created_server_ephemeral_disk): 200 GET http://10.180.1.21/compute/v2.1/servers/7584180b-efa6-4038-9f3a-619ab7937553 0.142s
2025-03-12 08:17:27.957 68510 INFO tempest.lib.common.rest_client [req-856a59d4-3345-4cff-a8c4-226f7039bb9d req-856a59d4-3345-4cff-a8c4-226f7039bb9d ] Request (ServerGroup264TestJSON:setUpClass): 201 POST http://10.180.1.21:9696/networking/v2.0/subnets 0.266s
2025-03-12 08:17:27.968 68521 INFO tempest.lib.common.rest_client [req-855d43bf-354d-40c2-9c6b-66accd07a931 req-855d43bf-354d-40c2-9c6b-66accd07a931 ] Request (InstanceActionsTestJSON:tearDownClass): 200 GET http://10.180.1.21/compute/v2.1/servers/a4a88f10-937a-4fa6-aa15-eb7f669e77d0 0.221s
2025-03-12 08:17:27.978 68518 INFO tempest.lib.common.rest_client [req-fa43ac33-e72c-4b22-8d9b-f35803fcdd22 req-fa43ac33-e72c-4b22-8d9b-f35803fcdd22 ] Request (SecurityGroupsTestJSON:test_server_security_groups): 200 POST http://10.180.1.21/compute/v2.1/os-security-groups 0.263s
2025-03-12 08:17:28.038 68525 INFO tempest.lib.common.rest_client [req-a64a2995-4844-471f-baff-943515435e02 req-a64a2995-4844-471f-baff-943515435e02 ] Request (AttachInterfacesTestJSON:test_create_list_show_delete_interfaces_by_fixed_ip): 200 GET http://10.180.1.21/compute/v2.1/servers/580e6909-7d05-447a-a378-f0b8b71f059a 0.242s
2025-03-12 08:17:28.058 68532 INFO tempest.lib.common.rest_client [req-028d24e6-2267-47c6-a844-b2a6874c5e4e req-028d24e6-2267-47c6-a844-b2a6874c5e4e ] Request (ServersNegativeTestJSON:setUpClass): 200 GET http://10.180.1.21/compute/v2.1/servers/156ea1ad-6e52-4848-915d-7ba74c606e6e 0.251s
2025-03-12 08:17:28.090 68518 INFO tempest.lib.common.rest_client [req-a2e21205-9728-49d6-8e96-4047cfb86d26 req-a2e21205-9728-49d6-8e96-4047cfb86d26 ] Request (SecurityGroupsTestJSON:test_server_security_groups): 201 POST http://10.180.1.21/identity/v3/auth/tokens 0.106s
2025-03-12 08:17:28.090 68518 INFO tempest.lib.common.fixed_network [-] (SecurityGroupsTestJSON:test_server_security_groups) Found network {'id': 'b3eaa102-7723-4193-97a7-84c3b6d87de4', 'name': 'tempest-SecurityGroupsTestJSON-1747363513-network', 'tenant_id': 'b99296b92df248d684d9e224d27bdcbc', 'admin_state_up': True, 'mtu': 8950, 'status': 'ACTIVE', 'subnets': [], 'shared': False, 'project_id': 'b99296b92df248d684d9e224d27bdcbc', 'port_security_enabled': True, 'router:external': False, 'provider:network_type': 'vlan', 'provider:physical_network': 'default', 'provider:segmentation_id': 181, 'availability_zone_hints': [], 'availability_zones': [], 'ipv4_address_scope': None, 'ipv6_address_scope': None, 'description': '', 'tags': [], 'created_at': '2025-03-12T08:15:45Z', 'updated_at': '2025-03-12T08:15:45Z', 'revision_number': 1} available for tenant
2025-03-12 08:17:28.136 68496 INFO tempest.lib.common.rest_client [req-7b20835f-ea90-444e-9186-005b37abed45 req-7b20835f-ea90-444e-9186-005b37abed45 ] Request (ImagesOneServerNegativeTestJSON:setUpClass): 200 GET http://10.180.1.21/compute/v2.1/servers/3d03e0b7-0469-4041-a7d5-7768326eb3b5 0.240s
2025-03-12 08:17:28.141 68540 INFO tempest.lib.common.rest_client [req-efd95ec9-948f-4f5e-8dcb-17ebfc6a2abe req-efd95ec9-948f-4f5e-8dcb-17ebfc6a2abe ] Request (DeleteServersTestJSON:test_delete_active_server): 200 GET http://10.180.1.21/compute/v2.1/servers/1675982e-0702-482b-9fe6-fd4eb9d83311 0.287s
2025-03-12 08:17:28.205 68550 INFO tempest.lib.common.rest_client [req-e6fef4b7-def4-42e5-9f3a-ed1ba66f2406 req-e6fef4b7-def4-42e5-9f3a-ed1ba66f2406 ] Request (AttachVolumeTestJSON:test_attach_detach_volume): 200 GET http://10.180.1.21/compute/v2.1/servers/95dcd20c-b3d3-4b1d-a32e-41bef1c2e44f 0.292s
2025-03-12 08:17:28.217 68538 INFO tempest.lib.common.rest_client [req-01ad0b79-d25f-4806-9a5f-445cb83ec67e req-01ad0b79-d25f-4806-9a5f-445cb83ec67e ] Request (ServersTestJSON:setUpClass): 200 GET http://10.180.1.21/compute/v2.1/servers/d0d8ed27-003e-43e2-8a07-041420a2c758 0.268s
2025-03-12 08:17:28.299 68556 INFO tempest.lib.common.rest_client [req-0d626fa8-62d5-47a0-b4de-551eeb532fc0 req-0d626fa8-62d5-47a0-b4de-551eeb532fc0 ] Request (FloatingIPsAssociationTestJSON:test_associate_already_associated_floating_ip): 200 GET http://10.180.1.21/compute/v2.1/servers/7ec30097-1151-4b0d-8226-e4d34ea7b3c9 0.298s
2025-03-12 08:17:28.310 68502 INFO tempest.lib.common.rest_client [req-4ee275f4-aced-4c54-a4c2-5e7ed2f85328 req-4ee275f4-aced-4c54-a4c2-5e7ed2f85328 ] Request (ServersTestBootFromVolume:setUpClass): 200 GET http://10.180.1.21/compute/v2.1/servers/0552d616-a406-4dfa-8a70-82f39fb98bbc 0.345s
2025-03-12 08:17:28.392 68552 INFO tempest.lib.common.rest_client [req-8a8cd578-b880-4211-8a21-fc397680de3c req-8a8cd578-b880-4211-8a21-fc397680de3c ] Request (AttachVolumeShelveTestJSON:test_attach_volume_shelved_or_offload_server): 200 GET http://10.180.1.21/compute/v2.1/servers/d14026b1-84dd-430e-be94-94dcb1f47473 0.316s
2025-03-12 08:17:28.399 68512 INFO tempest.lib.common.rest_client [req-4a136a7c-63e8-480d-88b1-5abec2bb4df5 req-4a136a7c-63e8-480d-88b1-5abec2bb4df5 ] Request (ListServersNegativeTestJSON:tearDownClass): 200 GET http://10.180.1.21/compute/v2.1/servers/63e0fc9e-5182-4781-b007-69e2134718df 0.375s
2025-03-12 08:17:28.465 68498 INFO tempest.lib.common.rest_client [req-c94a8775-b9dc-439c-985c-d8f62eb2c0b9 req-c94a8775-b9dc-439c-985c-d8f62eb2c0b9 ] Request (ServerDiskConfigTestJSON:test_rebuild_server_with_auto_disk_config): 200 GET http://10.180.1.21/compute/v2.1/servers/38787c7d-a9cf-4ce6-a112-c1ec259697ca 0.333s
2025-03-12 08:17:28.540 68528 INFO tempest.lib.common.rest_client [req-974c4a15-3ece-452d-9ae7-8653d8369007 req-974c4a15-3ece-452d-9ae7-8653d8369007 ] Request (ServerAddressesTestJSON:tearDownClass): 200 GET http://10.180.1.21/compute/v2.1/servers/366c780a-2870-4e6e-8cfe-7eec10c363d5 0.349s
2025-03-12 08:17:28.649 68526 WARNING tempest.lib.common.ssh [-] Failed to establish authenticated ssh connection to cirros@10.180.180.254 ([Errno None] Unable to connect to port 22 on 10.180.180.254). Number attempts: 11. Retry after 12 seconds.: paramiko.ssh_exception.NoValidConnectionsError: [Errno None] Unable to connect to port 22 on 10.180.180.254
2025-03-12 08:17:28.686 68530 INFO tempest.lib.common.rest_client [req-4b43f1d3-d17d-4d85-896c-fe6dbeeca003 req-4b43f1d3-d17d-4d85-896c-fe6dbeeca003 ] Request (VolumesAdminNegativeTest:test_update_attached_volume_with_nonexistent_volume_in_body): 200 GET http://10.180.1.21/compute/v2.1/servers/da1524a7-2756-4429-ada2-b1f493544bd2 0.446s
2025-03-12 08:17:28.715 68510 INFO tempest.lib.common.rest_client [req-30f907c6-932b-4d1b-aba4-d9eb7103eb6c req-30f907c6-932b-4d1b-aba4-d9eb7103eb6c ] Request (ServerGroup264TestJSON:setUpClass): 201 POST http://10.180.1.21:9696/networking/v2.0/routers 0.758s
2025-03-12 08:17:28.757 68555 INFO tempest.lib.common.rest_client [req-95927782-60ab-4fbe-9ad9-afd42c8b4785 req-95927782-60ab-4fbe-9ad9-afd42c8b4785 ] Request (ListServerFiltersTestJSON:tearDownClass): 200 GET http://10.180.1.21/compute/v2.1/servers/9ac81867-311c-42f3-b38f-67dc10f409c0 0.456s
2025-03-12 08:17:28.820 68504 INFO tempest.lib.common.rest_client [req-f70b9b14-4e4f-47b8-9b28-17f3bcb312db req-f70b9b14-4e4f-47b8-9b28-17f3bcb312db ] Request (DeleteServersAdminTestJSON:test_delete_server_while_in_error_state): 200 GET http://10.180.1.21/compute/v2.1/servers/cf457d43-b939-4284-b84d-9075895e9dda 0.331s
2025-03-12 08:17:28.871 68518 INFO tempest.lib.common.rest_client [req-69465dc0-dd7c-42b5-9bdb-311f501b8fe8 req-69465dc0-dd7c-42b5-9bdb-311f501b8fe8 ] Request (SecurityGroupsTestJSON:test_server_security_groups): 202 POST http://10.180.1.21/compute/v2.1/servers 0.780s
2025-03-12 08:17:28.883 68516 INFO tempest.lib.common.rest_client [req-0fe1991b-44f6-4048-8087-290ecf115284 req-0fe1991b-44f6-4048-8087-290ecf115284 ] Request (ImagesOneServerTestJSON:tearDownClass): 200 GET http://10.180.1.21/compute/v2.1/servers/f748cf37-6605-49a2-a418-51667a0fac4a 0.323s
2025-03-12 08:17:28.953 68546 INFO tempest.lib.common.rest_client [req-184b32ab-ca50-43e3-80b5-acd14f0c22fc req-184b32ab-ca50-43e3-80b5-acd14f0c22fc ] Request (ServersAaction247Test:tearDownClass): 200 GET http://10.180.1.21/compute/v2.1/servers/6113feaf-5c21-49c3-9c19-ea10b60786d3 0.325s
2025-03-12 08:17:28.955 68508 INFO tempest.lib.common.rest_client [req-edc6e4ab-1a16-49c6-8d3a-38ea370fe0ea req-edc6e4ab-1a16-49c6-8d3a-38ea370fe0ea ] Request (ServersAdmin275Test:tearDownClass): 200 GET http://10.180.1.21/compute/v2.1/servers/17bea068-7d7a-4a87-8b27-91a7efcd45c5 0.390s
2025-03-12 08:17:29.013 68542 INFO tempest.lib.common.rest_client [req-0e4f8d61-19c8-4912-80e8-cefd0d014cb7 req-0e4f8d61-19c8-4912-80e8-cefd0d014cb7 ] Request (ServerGroupTestJSON:test_create_server_with_scheduler_hint_group): 200 GET http://10.180.1.21/compute/v2.1/servers/71243775-e8df-4cc5-85c9-d64a244b4426 0.274s
2025-03-12 08:17:29.056 68544 INFO tempest.lib.common.rest_client [req-e5bdb780-fec6-426a-a8e3-878837a00709 req-e5bdb780-fec6-426a-a8e3-878837a00709 ] Request (ImagesTestJSON:test_create_image_from_stopped_server): 200 GET http://10.180.1.21/compute/v2.1/servers/9d2b3670-ef8a-477a-b876-7a8fe37fa065 0.370s
2025-03-12 08:17:29.065 68544 INFO tempest.common.waiters [-] State transition "BUILD/networking" ==> "BUILD/spawning" after 84 second wait
2025-03-12 08:17:29.079 68494 INFO tempest.lib.common.rest_client [req-e75f7e2c-373b-466d-ab2e-12273a6d2449 req-e75f7e2c-373b-466d-ab2e-12273a6d2449 ] Request (ServersAdminNegativeTestJSON:tearDownClass): 200 GET http://10.180.1.21/compute/v2.1/servers/4f4dc254-8e4f-4c5f-a2a8-eef6230825c6 0.291s
2025-03-12 08:17:29.125 68518 INFO tempest.lib.common.rest_client [req-ad6dcab1-c03c-463d-83b2-617e097de50b req-ad6dcab1-c03c-463d-83b2-617e097de50b ] Request (SecurityGroupsTestJSON:test_server_security_groups): 200 GET http://10.180.1.21/compute/v2.1/servers/693d6a74-a671-4d02-8798-cd3975507428 0.251s
2025-03-12 08:17:29.128 68500 INFO tempest.lib.common.rest_client [req-1b9be143-b6cd-497f-a754-42f649c0b044 req-1b9be143-b6cd-497f-a754-42f649c0b044 ] Request (ServerTagsTestJSON:tearDownClass): 200 GET http://10.180.1.21/compute/v2.1/servers/dc45d268-7a7f-4e65-b6fa-942ddba69b03 0.308s
2025-03-12 08:17:29.176 68522 INFO tempest.lib.common.rest_client [req-2cee7266-ecbb-4046-8438-6d1b41010f1a req-2cee7266-ecbb-4046-8438-6d1b41010f1a ] Request (ServersWithSpecificFlavorTestJSON:test_verify_created_server_ephemeral_disk): 200 GET http://10.180.1.21/compute/v2.1/servers/7584180b-efa6-4038-9f3a-619ab7937553 0.284s
2025-03-12 08:17:29.188 68521 INFO tempest.lib.common.rest_client [req-b74367ea-f4bf-4dbf-b558-4d459313b695 req-b74367ea-f4bf-4dbf-b558-4d459313b695 ] Request (InstanceActionsTestJSON:tearDownClass): 200 GET http://10.180.1.21/compute/v2.1/servers/a4a88f10-937a-4fa6-aa15-eb7f669e77d0 0.211s
2025-03-12 08:17:29.248 68525 INFO tempest.lib.common.rest_client [req-edc94b78-ded7-4cfe-a0dc-456625458e04 req-edc94b78-ded7-4cfe-a0dc-456625458e04 ] Request (AttachInterfacesTestJSON:test_create_list_show_delete_interfaces_by_fixed_ip): 200 GET http://10.180.1.21/compute/v2.1/servers/580e6909-7d05-447a-a378-f0b8b71f059a 0.199s
2025-03-12 08:17:29.248 68532 INFO tempest.lib.common.rest_client [req-07d22d38-bc5a-423c-bf61-2919daf07f52 req-07d22d38-bc5a-423c-bf61-2919daf07f52 ] Request (ServersNegativeTestJSON:setUpClass): 200 GET http://10.180.1.21/compute/v2.1/servers/156ea1ad-6e52-4848-915d-7ba74c606e6e 0.178s
2025-03-12 08:17:29.317 68540 INFO tempest.lib.common.rest_client [req-fc170b27-dae7-445b-a00a-034845f6fde4 req-fc170b27-dae7-445b-a00a-034845f6fde4 ] Request (DeleteServersTestJSON:test_delete_active_server): 200 GET http://10.180.1.21/compute/v2.1/servers/1675982e-0702-482b-9fe6-fd4eb9d83311 0.165s
2025-03-12 08:17:29.321 68496 INFO tempest.lib.common.rest_client [req-6989f215-c0f9-4a5b-985c-1c89b3d5a219 req-6989f215-c0f9-4a5b-985c-1c89b3d5a219 ] Request (ImagesOneServerNegativeTestJSON:setUpClass): 200 GET http://10.180.1.21/compute/v2.1/servers/3d03e0b7-0469-4041-a7d5-7768326eb3b5 0.170s
2025-03-12 08:17:29.367 68550 INFO tempest.lib.common.rest_client [req-b7558914-f193-42d2-8455-912461fc1841 req-b7558914-f193-42d2-8455-912461fc1841 ] Request (AttachVolumeTestJSON:test_attach_detach_volume): 200 GET http://10.180.1.21/compute/v2.1/servers/95dcd20c-b3d3-4b1d-a32e-41bef1c2e44f 0.154s
2025-03-12 08:17:29.383 68538 INFO tempest.lib.common.rest_client [req-eb5bc606-fd17-45f0-bfab-d198a256e3a1 req-eb5bc606-fd17-45f0-bfab-d198a256e3a1 ] Request (ServersTestJSON:setUpClass): 200 GET http://10.180.1.21/compute/v2.1/servers/d0d8ed27-003e-43e2-8a07-041420a2c758 0.151s
2025-03-12 08:17:29.442 68556 INFO tempest.lib.common.rest_client [req-257501c7-18bf-430d-a06c-abd2badd13c1 req-257501c7-18bf-430d-a06c-abd2badd13c1 ] Request (FloatingIPsAssociationTestJSON:test_associate_already_associated_floating_ip): 200 GET http://10.180.1.21/compute/v2.1/servers/7ec30097-1151-4b0d-8226-e4d34ea7b3c9 0.130s
2025-03-12 08:17:29.442 68502 INFO tempest.lib.common.rest_client [req-018976cd-966b-460d-bbaf-59357ca11875 req-018976cd-966b-460d-bbaf-59357ca11875 ] Request (ServersTestBootFromVolume:setUpClass): 200 GET http://10.180.1.21/compute/v2.1/servers/0552d616-a406-4dfa-8a70-82f39fb98bbc 0.116s
2025-03-12 08:17:29.470 68514 WARNING tempest.lib.common.ssh [-] Failed to establish authenticated ssh connection to cirros@10.180.180.138 ([Errno None] Unable to connect to port 22 on 10.180.180.138). Number attempts: 1. Retry after 2 seconds.: paramiko.ssh_exception.NoValidConnectionsError: [Errno None] Unable to connect to port 22 on 10.180.180.138
2025-03-12 08:17:29.486 68510 INFO tempest.lib.common.rest_client [req-d5975f68-b882-478e-8a56-b3f1faca2428 req-d5975f68-b882-478e-8a56-b3f1faca2428 ] Request (ServerGroup264TestJSON:setUpClass): 200 PUT http://10.180.1.21:9696/networking/v2.0/routers/902327bf-2ea9-4ac3-b9e1-93ecb01ac0db/add_router_interface 0.770s
2025-03-12 08:17:29.486 68510 INFO tempest.lib.common.dynamic_creds [-] Created isolated network resources for: credentials: Credentials: {'domain_id': 'default', 'domain_name': 'Default', 'username': 'tempest-ServerGroup264TestJSON-649702728-project-member', 'project_domain_id': 'default', 'project_domain_name': 'Default', 'project_id': 'cc745bfbb26a4139a8725633b4207d95', 'project_name': 'tempest-ServerGroup264TestJSON-649702728', 'tenant_id': 'cc745bfbb26a4139a8725633b4207d95', 'tenant_name': 'tempest-ServerGroup264TestJSON-649702728', 'user_domain_id': 'default', 'user_domain_name': 'Default', 'user_id': '3b90e05de7ef4f0695a94493496dce15', 'system': None}, Network: {'id': '6d174ad7-7f46-4b68-96ba-4f93588c1882', 'name': 'tempest-ServerGroup264TestJSON-1362874257-network', 'tenant_id': 'cc745bfbb26a4139a8725633b4207d95', 'admin_state_up': True, 'mtu': 8950, 'status': 'ACTIVE', 'subnets': [], 'shared': False, 'project_id': 'cc745bfbb26a4139a8725633b4207d95', 'port_security_enabled': True, 'router:external': False, 'provider:network_type': 'vlan', 'provider:physical_network': 'default', 'provider:segmentation_id': 266, 'availability_zone_hints': [], 'availability_zones': [], 'ipv4_address_scope': None, 'ipv6_address_scope': None, 'description': '', 'tags': [], 'created_at': '2025-03-12T08:17:27Z', 'updated_at': '2025-03-12T08:17:27Z', 'revision_number': 1}, Subnet: {'id': '7912665a-db83-4013-9da9-0aa195b5cfd6', 'name': 'tempest-ServerGroup264TestJSON-1362874257-subnet', 'tenant_id': 'cc745bfbb26a4139a8725633b4207d95', 'network_id': '6d174ad7-7f46-4b68-96ba-4f93588c1882', 'ip_version': 4, 'subnetpool_id': None, 'enable_dhcp': True, 'ipv6_ra_mode': None, 'ipv6_address_mode': None, 'gateway_ip': '192.168.128.1', 'cidr': '192.168.128.0/28', 'allocation_pools': [{'start': '192.168.128.2', 'end': '192.168.128.14'}], 'host_routes': [], 'dns_nameservers': [], 'description': '', 'router:external': False, 'service_types': [], 'tags': [], 'created_at': '2025-03-12T08:17:27Z', 'updated_at': '2025-03-12T08:17:27Z', 'revision_number': 0, 'project_id': 'cc745bfbb26a4139a8725633b4207d95'}, Router: {'id': '902327bf-2ea9-4ac3-b9e1-93ecb01ac0db', 'name': 'tempest-ServerGroup264TestJSON-1362874257-router', 'tenant_id': 'cc745bfbb26a4139a8725633b4207d95', 'admin_state_up': True, 'status': 'ACTIVE', 'external_gateway_info': {'network_id': '53b86599-0aeb-4ad0-b34d-6e1948a1a8e0', 'external_fixed_ips': [{'subnet_id': 'd2a001bc-59b8-4d66-b8f0-e1fbbfe77898', 'ip_address': '10.180.180.179'}], 'enable_snat': True}, 'description': '', 'availability_zones': [], 'distributed': False, 'ha': False, 'availability_zone_hints': [], 'routes': [], 'flavor_id': None, 'tags': [], 'created_at': '2025-03-12T08:17:28Z', 'updated_at': '2025-03-12T08:17:28Z', 'revision_number': 2, 'project_id': 'cc745bfbb26a4139a8725633b4207d95'}
2025-03-12 08:17:29.501 68552 INFO tempest.lib.common.rest_client [req-eeea8562-6c03-4982-aeaa-fd01b2b69836 req-eeea8562-6c03-4982-aeaa-fd01b2b69836 ] Request (AttachVolumeShelveTestJSON:test_attach_volume_shelved_or_offload_server): 200 GET http://10.180.1.21/compute/v2.1/servers/d14026b1-84dd-430e-be94-94dcb1f47473 0.098s
2025-03-12 08:17:29.515 68512 INFO tempest.lib.common.rest_client [req-747951a0-c6a4-41f6-b328-538ecc9cc1f1 req-747951a0-c6a4-41f6-b328-538ecc9cc1f1 ] Request (ListServersNegativeTestJSON:tearDownClass): 200 GET http://10.180.1.21/compute/v2.1/servers/63e0fc9e-5182-4781-b007-69e2134718df 0.105s
2025-03-12 08:17:29.559 68498 INFO tempest.lib.common.rest_client [req-1d7fbf5d-3c47-4c3f-963a-bf7ff0cca1c3 req-1d7fbf5d-3c47-4c3f-963a-bf7ff0cca1c3 ] Request (ServerDiskConfigTestJSON:test_rebuild_server_with_auto_disk_config): 200 GET http://10.180.1.21/compute/v2.1/servers/38787c7d-a9cf-4ce6-a112-c1ec259697ca 0.083s
2025-03-12 08:17:29.593 68510 INFO tempest.lib.common.rest_client [req-b1a5bc68-80fa-44f5-bb2f-142a05602833 req-b1a5bc68-80fa-44f5-bb2f-142a05602833 ] Request (ServerGroup264TestJSON:setUpClass): 201 POST http://10.180.1.21/identity/v3/auth/tokens 0.104s
2025-03-12 08:17:29.608 68528 INFO tempest.lib.common.rest_client [req-2a227566-f281-4442-b3e6-de05a090ee15 req-2a227566-f281-4442-b3e6-de05a090ee15 ] Request (ServerAddressesTestJSON:tearDownClass): 200 GET http://10.180.1.21/compute/v2.1/servers/366c780a-2870-4e6e-8cfe-7eec10c363d5 0.059s
2025-03-12 08:17:29.718 68510 INFO tempest.lib.common.rest_client [req-05dc79f4-59f1-49aa-b8bc-874fdca1cfef req-05dc79f4-59f1-49aa-b8bc-874fdca1cfef ] Request (ServerGroup264TestJSON:test_create_get_server_group): 200 POST http://10.180.1.21/compute/v2.1/os-server-groups 0.123s
2025-03-12 08:17:29.731 68510 INFO tempest.lib.common.rest_client [req-2ebd601d-69d0-45ac-94df-9194a8c7ac52 req-2ebd601d-69d0-45ac-94df-9194a8c7ac52 ] Request (ServerGroup264TestJSON:test_create_get_server_group): 200 GET http://10.180.1.21/compute/v2.1/os-server-groups 0.011s
2025-03-12 08:17:29.743 68510 INFO tempest.lib.common.rest_client [req-97299735-8354-4505-a5d7-b406b1275284 req-97299735-8354-4505-a5d7-b406b1275284 ] Request (ServerGroup264TestJSON:test_create_get_server_group): 200 GET http://10.180.1.21/compute/v2.1/os-server-groups/992e8af9-477d-45d1-9aa2-bccfaa4243bd 0.011s
2025-03-12 08:17:29.763 68510 INFO tempest.lib.common.rest_client [req-e5b4bfe8-0caf-46b8-9811-b1225fe5d899 req-e5b4bfe8-0caf-46b8-9811-b1225fe5d899 ] Request (ServerGroup264TestJSON:_run_cleanups): 204 DELETE http://10.180.1.21/compute/v2.1/os-server-groups/992e8af9-477d-45d1-9aa2-bccfaa4243bd 0.018s
2025-03-12 08:17:29.777 68510 INFO tempest.lib.common.rest_client [req-13ddc6c6-3e9c-4974-a353-c5702e9aaa0b req-13ddc6c6-3e9c-4974-a353-c5702e9aaa0b ] Request (ServerGroup264TestJSON:tearDownClass): 404 DELETE http://10.180.1.21/compute/v2.1/os-server-groups/992e8af9-477d-45d1-9aa2-bccfaa4243bd 0.009s
2025-03-12 08:17:29.788 68530 INFO tempest.lib.common.rest_client [req-620815da-9642-4f92-b108-c5c3cc9c642a req-620815da-9642-4f92-b108-c5c3cc9c642a ] Request (VolumesAdminNegativeTest:test_update_attached_volume_with_nonexistent_volume_in_body): 200 GET http://10.180.1.21/compute/v2.1/servers/da1524a7-2756-4429-ada2-b1f493544bd2 0.094s
2025-03-12 08:17:29.844 68555 INFO tempest.lib.common.rest_client [req-c98983c1-5a2d-4c7f-a0f3-bf9fc2c16da4 req-c98983c1-5a2d-4c7f-a0f3-bf9fc2c16da4 ] Request (ListServerFiltersTestJSON:tearDownClass): 200 GET http://10.180.1.21/compute/v2.1/servers/9ac81867-311c-42f3-b38f-67dc10f409c0 0.075s
2025-03-12 08:17:29.898 68504 INFO tempest.lib.common.rest_client [req-04e23efc-6a6f-4a36-8ad6-2b4e2147241d req-04e23efc-6a6f-4a36-8ad6-2b4e2147241d ] Request (DeleteServersAdminTestJSON:test_delete_server_while_in_error_state): 200 GET http://10.180.1.21/compute/v2.1/servers/cf457d43-b939-4284-b84d-9075895e9dda 0.068s
2025-03-12 08:17:29.960 68516 INFO tempest.lib.common.rest_client [req-cab9d3f7-f717-4d06-bc58-30d5dfc2b42b req-cab9d3f7-f717-4d06-bc58-30d5dfc2b42b ] Request (ImagesOneServerTestJSON:tearDownClass): 200 GET http://10.180.1.21/compute/v2.1/servers/f748cf37-6605-49a2-a418-51667a0fac4a 0.068s
2025-03-12 08:17:29.988 68546 INFO tempest.lib.common.rest_client [req-6d92e0e9-9df1-4c2b-9252-70a6bafe5ab5 req-6d92e0e9-9df1-4c2b-9252-70a6bafe5ab5 ] Request (ServersAaction247Test:tearDownClass): 404 GET http://10.180.1.21/compute/v2.1/servers/6113feaf-5c21-49c3-9c19-ea10b60786d3 0.025s
2025-03-12 08:17:30.065 68508 INFO tempest.lib.common.rest_client [req-1d24101b-1afc-45e8-afee-a7eab6923372 req-1d24101b-1afc-45e8-afee-a7eab6923372 ] Request (ServersAdmin275Test:tearDownClass): 200 GET http://10.180.1.21/compute/v2.1/servers/17bea068-7d7a-4a87-8b27-91a7efcd45c5 0.095s
2025-03-12 08:17:30.090 68546 INFO tempest.lib.common.rest_client [req-6f2715f6-dc7c-4a76-a04f-7083242cdcf2 req-6f2715f6-dc7c-4a76-a04f-7083242cdcf2 ] Request (ServersAaction247Test:tearDownClass): 204 DELETE http://10.180.1.21/identity/v3/users/d4a8d86d82da4eeb91f7eea0f784e191 0.101s
2025-03-12 08:17:30.090 68546 INFO tempest.lib.common.dynamic_creds [-] Deleting project and security group for project: b0c5cf0b47e64e04b76809b4c0cd7ce2
2025-03-12 08:17:30.096 68542 INFO tempest.lib.common.rest_client [req-a1ecfa97-8a93-4f41-a661-072a023292be req-a1ecfa97-8a93-4f41-a661-072a023292be ] Request (ServerGroupTestJSON:test_create_server_with_scheduler_hint_group): 200 GET http://10.180.1.21/compute/v2.1/servers/71243775-e8df-4cc5-85c9-d64a244b4426 0.073s
2025-03-12 08:17:30.175 68546 INFO tempest.lib.common.rest_client [req-13404b96-8257-4fe1-9b1d-79c84752b255 req-13404b96-8257-4fe1-9b1d-79c84752b255 ] Request (ServersAaction247Test:tearDownClass): 201 POST http://10.180.1.21/identity/v3/auth/tokens 0.080s
2025-03-12 08:17:30.176 68494 INFO tempest.lib.common.rest_client [req-875262c9-0726-4bf6-a0d2-9d2fef14416b req-875262c9-0726-4bf6-a0d2-9d2fef14416b ] Request (ServersAdminNegativeTestJSON:tearDownClass): 200 GET http://10.180.1.21/compute/v2.1/servers/4f4dc254-8e4f-4c5f-a2a8-eef6230825c6 0.090s
2025-03-12 08:17:30.244 68518 INFO tempest.lib.common.rest_client [req-a92e0d50-d2c4-4370-8d6e-018c5972f020 req-a92e0d50-d2c4-4370-8d6e-018c5972f020 ] Request (SecurityGroupsTestJSON:test_server_security_groups): 200 GET http://10.180.1.21/compute/v2.1/servers/693d6a74-a671-4d02-8798-cd3975507428 0.108s
2025-03-12 08:17:30.275 68544 INFO tempest.lib.common.rest_client [req-04fd8a7e-464f-444e-b1d6-d2e1675613d7 req-04fd8a7e-464f-444e-b1d6-d2e1675613d7 ] Request (ImagesTestJSON:test_create_image_from_stopped_server): 200 GET http://10.180.1.21/compute/v2.1/servers/9d2b3670-ef8a-477a-b876-7a8fe37fa065 0.209s
2025-03-12 08:17:30.325 68500 INFO tempest.lib.common.rest_client [req-934c3ef6-3d0d-483e-acdf-ef3bf160f7ec req-934c3ef6-3d0d-483e-acdf-ef3bf160f7ec ] Request (ServerTagsTestJSON:tearDownClass): 200 GET http://10.180.1.21/compute/v2.1/servers/dc45d268-7a7f-4e65-b6fa-942ddba69b03 0.185s
2025-03-12 08:17:30.353 68522 INFO tempest.lib.common.rest_client [req-3e4d92d0-e6dd-44a7-9929-9ec9f9f5c362 req-3e4d92d0-e6dd-44a7-9929-9ec9f9f5c362 ] Request (ServersWithSpecificFlavorTestJSON:test_verify_created_server_ephemeral_disk): 200 GET http://10.180.1.21/compute/v2.1/servers/7584180b-efa6-4038-9f3a-619ab7937553 0.165s
2025-03-12 08:17:30.411 68521 INFO tempest.lib.common.rest_client [req-11a9ac70-6e06-498a-841c-94689b5606c4 req-11a9ac70-6e06-498a-841c-94689b5606c4 ] Request (InstanceActionsTestJSON:tearDownClass): 200 GET http://10.180.1.21/compute/v2.1/servers/a4a88f10-937a-4fa6-aa15-eb7f669e77d0 0.212s
2025-03-12 08:17:30.428 68532 INFO tempest.lib.common.rest_client [req-74cbc0ab-f35b-482f-b673-90b82197c6dc req-74cbc0ab-f35b-482f-b673-90b82197c6dc ] Request (ServersNegativeTestJSON:setUpClass): 200 GET http://10.180.1.21/compute/v2.1/servers/156ea1ad-6e52-4848-915d-7ba74c606e6e 0.170s
2025-03-12 08:17:30.494 68525 INFO tempest.lib.common.rest_client [req-fd2ef830-ea9b-4091-9fb4-926eed298eb5 req-fd2ef830-ea9b-4091-9fb4-926eed298eb5 ] Request (AttachInterfacesTestJSON:test_create_list_show_delete_interfaces_by_fixed_ip): 200 GET http://10.180.1.21/compute/v2.1/servers/580e6909-7d05-447a-a378-f0b8b71f059a 0.233s
2025-03-12 08:17:30.496 68546 INFO tempest.lib.common.rest_client [req-d2f5821e-60b0-411d-b36e-d12a08f6b192 req-d2f5821e-60b0-411d-b36e-d12a08f6b192 ] Request (ServersAaction247Test:tearDownClass): 200 GET http://10.180.1.21:9696/networking/v2.0/security-groups?tenant_id=b0c5cf0b47e64e04b76809b4c0cd7ce2&name=default 0.320s
2025-03-12 08:17:30.517 68540 INFO tempest.lib.common.rest_client [req-c2ad70fd-718e-44a8-ae9d-eac81db7973a req-c2ad70fd-718e-44a8-ae9d-eac81db7973a ] Request (DeleteServersTestJSON:test_delete_active_server): 200 GET http://10.180.1.21/compute/v2.1/servers/1675982e-0702-482b-9fe6-fd4eb9d83311 0.188s
2025-03-12 08:17:30.549 68496 INFO tempest.lib.common.rest_client [req-f1412927-f202-4aa8-847f-10817129fffa req-f1412927-f202-4aa8-847f-10817129fffa ] Request (ImagesOneServerNegativeTestJSON:setUpClass): 200 GET http://10.180.1.21/compute/v2.1/servers/3d03e0b7-0469-4041-a7d5-7768326eb3b5 0.218s
2025-03-12 08:17:30.564 68510 INFO tempest.lib.common.rest_client [req-95bc2ca1-abe9-4479-9080-bb40f64044da req-95bc2ca1-abe9-4479-9080-bb40f64044da ] Request (ServerGroup264TestJSON:tearDownClass): 200 PUT http://10.180.1.21:9696/networking/v2.0/routers/902327bf-2ea9-4ac3-b9e1-93ecb01ac0db/remove_router_interface 0.787s
2025-03-12 08:17:30.588 68550 INFO tempest.lib.common.rest_client [req-98d71f2f-246a-43d2-9402-a1e54b2429a4 req-98d71f2f-246a-43d2-9402-a1e54b2429a4 ] Request (AttachVolumeTestJSON:test_attach_detach_volume): 200 GET http://10.180.1.21/compute/v2.1/servers/95dcd20c-b3d3-4b1d-a32e-41bef1c2e44f 0.208s
2025-03-12 08:17:30.615 68546 INFO tempest.lib.common.rest_client [req-ee43f7a7-fab3-44d2-bef3-be38c84bc557 req-ee43f7a7-fab3-44d2-bef3-be38c84bc557 ] Request (ServersAaction247Test:tearDownClass): 204 DELETE http://10.180.1.21:9696/networking/v2.0/security-groups/33c40388-c9c0-41be-ae8f-cb150f89f547 0.119s
2025-03-12 08:17:30.629 68538 INFO tempest.lib.common.rest_client [req-eb031dfd-8d64-482d-8c5d-c2146a120190 req-eb031dfd-8d64-482d-8c5d-c2146a120190 ] Request (ServersTestJSON:setUpClass): 200 GET http://10.180.1.21/compute/v2.1/servers/d0d8ed27-003e-43e2-8a07-041420a2c758 0.237s
2025-03-12 08:17:30.660 68556 INFO tempest.lib.common.rest_client [req-20bab886-bc6f-4850-986e-0116a431109f req-20bab886-bc6f-4850-986e-0116a431109f ] Request (FloatingIPsAssociationTestJSON:test_associate_already_associated_floating_ip): 200 GET http://10.180.1.21/compute/v2.1/servers/7ec30097-1151-4b0d-8226-e4d34ea7b3c9 0.207s
2025-03-12 08:17:30.696 68546 INFO tempest.lib.common.rest_client [req-d450131c-4b1b-4da9-bd20-4ce6d7c925b2 req-d450131c-4b1b-4da9-bd20-4ce6d7c925b2 ] Request (ServersAaction247Test:tearDownClass): 204 DELETE http://10.180.1.21/identity/v3/projects/b0c5cf0b47e64e04b76809b4c0cd7ce2 0.080s
2025-03-12 08:17:30.697 68502 INFO tempest.lib.common.rest_client [req-47e57cc0-1870-4cad-9f28-50314b740fa5 req-47e57cc0-1870-4cad-9f28-50314b740fa5 ] Request (ServersTestBootFromVolume:setUpClass): 200 GET http://10.180.1.21/compute/v2.1/servers/0552d616-a406-4dfa-8a70-82f39fb98bbc 0.243s
2025-03-12 08:17:30.719 68552 INFO tempest.lib.common.rest_client [req-7ce2b3dd-40ce-4e19-9ba9-963dde87eb44 req-7ce2b3dd-40ce-4e19-9ba9-963dde87eb44 ] Request (AttachVolumeShelveTestJSON:test_attach_volume_shelved_or_offload_server): 200 GET http://10.180.1.21/compute/v2.1/servers/d14026b1-84dd-430e-be94-94dcb1f47473 0.206s
2025-03-12 08:17:30.763 68512 INFO tempest.lib.common.rest_client [req-6dd2884b-0ab8-49a5-a73a-a7fed5157c04 req-6dd2884b-0ab8-49a5-a73a-a7fed5157c04 ] Request (ListServersNegativeTestJSON:tearDownClass): 200 GET http://10.180.1.21/compute/v2.1/servers/63e0fc9e-5182-4781-b007-69e2134718df 0.238s
2025-03-12 08:17:30.781 68498 INFO tempest.lib.common.rest_client [req-e03d05be-7fac-48ba-9de2-a5cdc3e4e5f5 req-e03d05be-7fac-48ba-9de2-a5cdc3e4e5f5 ] Request (ServerDiskConfigTestJSON:test_rebuild_server_with_auto_disk_config): 200 GET http://10.180.1.21/compute/v2.1/servers/38787c7d-a9cf-4ce6-a112-c1ec259697ca 0.208s
2025-03-12 08:17:30.835 68528 INFO tempest.lib.common.rest_client [req-49b45560-5491-4cb1-b838-4085a26c7d55 req-49b45560-5491-4cb1-b838-4085a26c7d55 ] Request (ServerAddressesTestJSON:tearDownClass): 200 GET http://10.180.1.21/compute/v2.1/servers/366c780a-2870-4e6e-8cfe-7eec10c363d5 0.218s
2025-03-12 08:17:30.925 68555 INFO tempest.lib.common.rest_client [req-a042a9a3-9bde-453f-af1c-1818a7e39268 req-a042a9a3-9bde-453f-af1c-1818a7e39268 ] Request (ListServerFiltersTestJSON:tearDownClass): 200 GET http://10.180.1.21/compute/v2.1/servers/9ac81867-311c-42f3-b38f-67dc10f409c0 0.073s
2025-03-12 08:17:30.945 68530 INFO tempest.lib.common.rest_client [req-62fbe2f7-ecca-4556-b233-d75ddfc70b61 req-62fbe2f7-ecca-4556-b233-d75ddfc70b61 ] Request (VolumesAdminNegativeTest:test_update_attached_volume_with_nonexistent_volume_in_body): 200 GET http://10.180.1.21/compute/v2.1/servers/da1524a7-2756-4429-ada2-b1f493544bd2 0.146s
2025-03-12 08:17:30.982 68504 INFO tempest.lib.common.rest_client [req-37c2c773-ed44-43ab-b7c8-eb6b119941ae req-37c2c773-ed44-43ab-b7c8-eb6b119941ae ] Request (DeleteServersAdminTestJSON:test_delete_server_while_in_error_state): 200 GET http://10.180.1.21/compute/v2.1/servers/cf457d43-b939-4284-b84d-9075895e9dda 0.077s
2025-03-12 08:17:31.027 68516 INFO tempest.lib.common.rest_client [req-70a1ceb4-82e3-4234-9510-f2ff2347d6ad req-70a1ceb4-82e3-4234-9510-f2ff2347d6ad ] Request (ImagesOneServerTestJSON:tearDownClass): 200 GET http://10.180.1.21/compute/v2.1/servers/f748cf37-6605-49a2-a418-51667a0fac4a 0.057s
2025-03-12 08:17:31.093 68510 INFO tempest.lib.common.rest_client [req-2f6b0efe-2926-48b7-8c73-799c1eb41968 req-2f6b0efe-2926-48b7-8c73-799c1eb41968 ] Request (ServerGroup264TestJSON:tearDownClass): 204 DELETE http://10.180.1.21:9696/networking/v2.0/routers/902327bf-2ea9-4ac3-b9e1-93ecb01ac0db 0.528s
2025-03-12 08:17:31.142 68508 INFO tempest.lib.common.rest_client [req-62010d12-e9e5-4410-9b28-25e291b96936 req-62010d12-e9e5-4410-9b28-25e291b96936 ] Request (ServersAdmin275Test:tearDownClass): 200 GET http://10.180.1.21/compute/v2.1/servers/17bea068-7d7a-4a87-8b27-91a7efcd45c5 0.065s
2025-03-12 08:17:31.160 68542 INFO tempest.lib.common.rest_client [req-820f7ee4-f162-42c6-aff4-7d2c3bf922d3 req-820f7ee4-f162-42c6-aff4-7d2c3bf922d3 ] Request (ServerGroupTestJSON:test_create_server_with_scheduler_hint_group): 200 GET http://10.180.1.21/compute/v2.1/servers/71243775-e8df-4cc5-85c9-d64a244b4426 0.053s
2025-03-12 08:17:31.201 68510 INFO tempest.lib.common.rest_client [req-e9b3563c-e093-4643-85d4-44b46f1dfbe4 req-e9b3563c-e093-4643-85d4-44b46f1dfbe4 ] Request (ServerGroup264TestJSON:tearDownClass): 204 DELETE http://10.180.1.21:9696/networking/v2.0/subnets/7912665a-db83-4013-9da9-0aa195b5cfd6 0.107s
2025-03-12 08:17:31.256 68494 INFO tempest.lib.common.rest_client [req-fc6f1262-74da-478a-9945-4e3b326760e6 req-fc6f1262-74da-478a-9945-4e3b326760e6 ] Request (ServersAdminNegativeTestJSON:tearDownClass): 200 GET http://10.180.1.21/compute/v2.1/servers/4f4dc254-8e4f-4c5f-a2a8-eef6230825c6 0.071s
2025-03-12 08:17:31.311 68518 INFO tempest.lib.common.rest_client [req-7e16536f-95dd-4506-8a09-53bc5c14b232 req-7e16536f-95dd-4506-8a09-53bc5c14b232 ] Request (SecurityGroupsTestJSON:test_server_security_groups): 200 GET http://10.180.1.21/compute/v2.1/servers/693d6a74-a671-4d02-8798-cd3975507428 0.056s
2025-03-12 08:17:31.426 68500 INFO tempest.lib.common.rest_client [req-8c3bfa4b-57c2-49ce-afd5-021929d7692d req-8c3bfa4b-57c2-49ce-afd5-021929d7692d ] Request (ServerTagsTestJSON:tearDownClass): 200 GET http://10.180.1.21/compute/v2.1/servers/dc45d268-7a7f-4e65-b6fa-942ddba69b03 0.091s
2025-03-12 08:17:31.451 68544 INFO tempest.lib.common.rest_client [req-8a29bbb6-d8d2-4a7d-9b94-347dcc598319 req-8a29bbb6-d8d2-4a7d-9b94-347dcc598319 ] Request (ImagesTestJSON:test_create_image_from_stopped_server): 200 GET http://10.180.1.21/compute/v2.1/servers/9d2b3670-ef8a-477a-b876-7a8fe37fa065 0.165s
2025-03-12 08:17:31.504 68522 INFO tempest.lib.common.rest_client [req-e19467c7-83fb-4071-a12e-a1060c93d6a7 req-e19467c7-83fb-4071-a12e-a1060c93d6a7 ] Request (ServersWithSpecificFlavorTestJSON:test_verify_created_server_ephemeral_disk): 200 GET http://10.180.1.21/compute/v2.1/servers/7584180b-efa6-4038-9f3a-619ab7937553 0.138s
2025-03-12 08:17:31.527 68521 INFO tempest.lib.common.rest_client [req-f843efb2-d668-45c7-9a56-cfb815e1e67b req-f843efb2-d668-45c7-9a56-cfb815e1e67b ] Request (InstanceActionsTestJSON:tearDownClass): 200 GET http://10.180.1.21/compute/v2.1/servers/a4a88f10-937a-4fa6-aa15-eb7f669e77d0 0.106s
2025-03-12 08:17:31.577 68532 INFO tempest.lib.common.rest_client [req-89c16c6a-fab4-4807-bc91-7a8263b44315 req-89c16c6a-fab4-4807-bc91-7a8263b44315 ] Request (ServersNegativeTestJSON:setUpClass): 200 GET http://10.180.1.21/compute/v2.1/servers/156ea1ad-6e52-4848-915d-7ba74c606e6e 0.137s
2025-03-12 08:17:31.596 68525 INFO tempest.lib.common.rest_client [req-aec0beb2-b683-4c27-8b13-3fa1f8a98816 req-aec0beb2-b683-4c27-8b13-3fa1f8a98816 ] Request (AttachInterfacesTestJSON:test_create_list_show_delete_interfaces_by_fixed_ip): 200 GET http://10.180.1.21/compute/v2.1/servers/580e6909-7d05-447a-a378-f0b8b71f059a 0.094s
2025-03-12 08:17:31.654 68540 INFO tempest.lib.common.rest_client [req-01c795e9-8488-403c-8f1b-31bde6e9fb36 req-01c795e9-8488-403c-8f1b-31bde6e9fb36 ] Request (DeleteServersTestJSON:test_delete_active_server): 200 GET http://10.180.1.21/compute/v2.1/servers/1675982e-0702-482b-9fe6-fd4eb9d83311 0.123s
2025-03-12 08:17:31.662 68510 INFO tempest.lib.common.rest_client [req-2d5dc06a-5858-4997-8ab2-ee677d6386ef req-2d5dc06a-5858-4997-8ab2-ee677d6386ef ] Request (ServerGroup264TestJSON:tearDownClass): 204 DELETE http://10.180.1.21:9696/networking/v2.0/networks/6d174ad7-7f46-4b68-96ba-4f93588c1882 0.461s
2025-03-12 08:17:31.664 68496 INFO tempest.lib.common.rest_client [req-971d9ab7-6e69-495a-9dd3-be310017ff50 req-971d9ab7-6e69-495a-9dd3-be310017ff50 ] Request (ImagesOneServerNegativeTestJSON:setUpClass): 200 GET http://10.180.1.21/compute/v2.1/servers/3d03e0b7-0469-4041-a7d5-7768326eb3b5 0.104s
2025-03-12 08:17:31.716 68550 INFO tempest.lib.common.rest_client [req-9339e685-6afd-4f8a-8fb9-eca10fa56c09 req-9339e685-6afd-4f8a-8fb9-eca10fa56c09 ] Request (AttachVolumeTestJSON:test_attach_detach_volume): 200 GET http://10.180.1.21/compute/v2.1/servers/95dcd20c-b3d3-4b1d-a32e-41bef1c2e44f 0.120s
