2025-03-12 08:17:31.730 68538 INFO tempest.lib.common.rest_client [req-ca8faf05-1eb7-46a3-be68-27ee60a325de req-ca8faf05-1eb7-46a3-be68-27ee60a325de ] Request (ServersTestJSON:setUpClass): 200 GET http://10.180.1.21/compute/v2.1/servers/d0d8ed27-003e-43e2-8a07-041420a2c758 0.089s
2025-03-12 08:17:31.768 68556 INFO tempest.lib.common.rest_client [req-9a26cf63-6591-459c-84fc-278392caf4bc req-9a26cf63-6591-459c-84fc-278392caf4bc ] Request (FloatingIPsAssociationTestJSON:test_associate_already_associated_floating_ip): 200 GET http://10.180.1.21/compute/v2.1/servers/7ec30097-1151-4b0d-8226-e4d34ea7b3c9 0.096s
2025-03-12 08:17:31.788 68502 INFO tempest.lib.common.rest_client [req-5ca3b75b-0b61-4e02-a5bf-54858bffe92c req-5ca3b75b-0b61-4e02-a5bf-54858bffe92c ] Request (ServersTestBootFromVolume:setUpClass): 200 GET http://10.180.1.21/compute/v2.1/servers/0552d616-a406-4dfa-8a70-82f39fb98bbc 0.083s
2025-03-12 08:17:31.795 68510 INFO tempest.lib.common.rest_client [req-6f0ecf8f-6f31-4cfb-8bc0-9ac98162c037 req-6f0ecf8f-6f31-4cfb-8bc0-9ac98162c037 ] Request (ServerGroup264TestJSON:tearDownClass): 204 DELETE http://10.180.1.21/identity/v3/users/3b90e05de7ef4f0695a94493496dce15 0.133s
2025-03-12 08:17:31.796 68510 INFO tempest.lib.common.dynamic_creds [-] Deleting project and security group for project: cc745bfbb26a4139a8725633b4207d95
2025-03-12 08:17:31.827 68552 INFO tempest.lib.common.rest_client [req-5cd7b920-dcc3-417a-9f38-8e9a96e7d6b9 req-5cd7b920-dcc3-417a-9f38-8e9a96e7d6b9 ] Request (AttachVolumeShelveTestJSON:test_attach_volume_shelved_or_offload_server): 200 GET http://10.180.1.21/compute/v2.1/servers/d14026b1-84dd-430e-be94-94dcb1f47473 0.098s
2025-03-12 08:17:31.831 68510 INFO tempest.lib.common.rest_client [req-ef036e53-e7f5-414f-814d-a65a5ac079be req-ef036e53-e7f5-414f-814d-a65a5ac079be ] Request (ServerGroup264TestJSON:tearDownClass): 200 GET http://10.180.1.21:9696/networking/v2.0/security-groups?tenant_id=cc745bfbb26a4139a8725633b4207d95&name=default 0.035s
2025-03-12 08:17:31.847 68512 INFO tempest.lib.common.rest_client [req-890a8c34-df28-47a4-b22b-68bb97f4196a req-890a8c34-df28-47a4-b22b-68bb97f4196a ] Request (ListServersNegativeTestJSON:tearDownClass): 200 GET http://10.180.1.21/compute/v2.1/servers/63e0fc9e-5182-4781-b007-69e2134718df 0.066s
2025-03-12 08:17:31.864 68536 INFO paramiko.transport [-] Connected (version 2.0, client dropbear_2020.81)
2025-03-12 08:17:31.875 68498 INFO tempest.lib.common.rest_client [req-b155a542-199e-41e3-add4-e785dd87d358 req-b155a542-199e-41e3-add4-e785dd87d358 ] Request (ServerDiskConfigTestJSON:test_rebuild_server_with_auto_disk_config): 200 GET http://10.180.1.21/compute/v2.1/servers/38787c7d-a9cf-4ce6-a112-c1ec259697ca 0.085s
2025-03-12 08:17:31.903 68528 INFO tempest.lib.common.rest_client [req-6346c256-9b86-437c-a655-b7bb6c213719 req-6346c256-9b86-437c-a655-b7bb6c213719 ] Request (ServerAddressesTestJSON:tearDownClass): 200 GET http://10.180.1.21/compute/v2.1/servers/366c780a-2870-4e6e-8cfe-7eec10c363d5 0.056s
2025-03-12 08:17:31.906 68510 INFO tempest.lib.common.rest_client [req-590aa57c-524f-4922-a030-19e24182aa77 req-590aa57c-524f-4922-a030-19e24182aa77 ] Request (ServerGroup264TestJSON:tearDownClass): 204 DELETE http://10.180.1.21:9696/networking/v2.0/security-groups/ccefa62c-0612-4ebf-bd60-50b4cbe4e040 0.074s
2025-03-12 08:17:31.969 68536 INFO paramiko.transport [-] Authentication (publickey) successful!
2025-03-12 08:17:31.969 68536 INFO tempest.lib.common.ssh [-] ssh connection to cirros@10.180.180.250 successfully created
2025-03-12 08:17:31.983 68510 INFO tempest.lib.common.rest_client [req-251f082a-7a65-44bb-a3a4-ce66630ef2f2 req-251f082a-7a65-44bb-a3a4-ce66630ef2f2 ] Request (ServerGroup264TestJSON:tearDownClass): 204 DELETE http://10.180.1.21/identity/v3/projects/cc745bfbb26a4139a8725633b4207d95 0.077s
2025-03-12 08:17:31.986 68555 INFO tempest.lib.common.rest_client [req-96541b2b-ccca-40e4-af63-2f4d3745ef08 req-96541b2b-ccca-40e4-af63-2f4d3745ef08 ] Request (ListServerFiltersTestJSON:tearDownClass): 200 GET http://10.180.1.21/compute/v2.1/servers/9ac81867-311c-42f3-b38f-67dc10f409c0 0.053s
2025-03-12 08:17:32.027 68536 INFO tempest.lib.common.rest_client [req-47a240e2-8269-4880-9547-6902a3142c6f req-47a240e2-8269-4880-9547-6902a3142c6f ] Request (ServersTestManualDisk:test_list_servers): 200 GET http://10.180.1.21/compute/v2.1/servers 0.047s
2025-03-12 08:17:32.042 68530 INFO tempest.lib.common.rest_client [req-a5196108-77e4-4fb9-8bf6-907dc718d011 req-a5196108-77e4-4fb9-8bf6-907dc718d011 ] Request (VolumesAdminNegativeTest:test_update_attached_volume_with_nonexistent_volume_in_body): 200 GET http://10.180.1.21/compute/v2.1/servers/da1524a7-2756-4429-ada2-b1f493544bd2 0.089s
2025-03-12 08:17:32.049 68530 INFO tempest.common.waiters [-] State transition "BUILD/spawning" ==> "ACTIVE/None" after 91 second wait
2025-03-12 08:17:32.080 68504 INFO tempest.lib.common.rest_client [req-746f7e0b-0f21-4de9-918c-e06874550b9d req-746f7e0b-0f21-4de9-918c-e06874550b9d ] Request (DeleteServersAdminTestJSON:test_delete_server_while_in_error_state): 200 GET http://10.180.1.21/compute/v2.1/servers/cf457d43-b939-4284-b84d-9075895e9dda 0.089s
2025-03-12 08:17:32.130 68516 INFO tempest.lib.common.rest_client [req-1a066e46-0ced-4aac-9c0e-482ba0777014 req-1a066e46-0ced-4aac-9c0e-482ba0777014 ] Request (ImagesOneServerTestJSON:tearDownClass): 200 GET http://10.180.1.21/compute/v2.1/servers/f748cf37-6605-49a2-a418-51667a0fac4a 0.096s
2025-03-12 08:17:32.205 68536 INFO tempest.lib.common.rest_client [req-77c854a0-9278-4e23-ba6b-eb020c64c226 req-77c854a0-9278-4e23-ba6b-eb020c64c226 ] Request (ServersTestManualDisk:test_list_servers_with_detail): 200 GET http://10.180.1.21/compute/v2.1/servers/detail 0.175s
2025-03-12 08:17:32.231 68530 INFO tempest.lib.common.rest_client [req-3a096b3a-e9c4-4d34-9686-b3ff7f491278 req-3a096b3a-e9c4-4d34-9686-b3ff7f491278 ] Request (VolumesAdminNegativeTest:test_update_attached_volume_with_nonexistent_volume_in_body): 200 GET http://10.180.1.21/compute/v2.1/servers/da1524a7-2756-4429-ada2-b1f493544bd2/os-interface 0.181s
2025-03-12 08:17:32.252 68508 INFO tempest.lib.common.rest_client [req-e25b871d-c8e9-4065-b0d7-05ddcb5a409b req-e25b871d-c8e9-4065-b0d7-05ddcb5a409b ] Request (ServersAdmin275Test:tearDownClass): 404 GET http://10.180.1.21/compute/v2.1/servers/17bea068-7d7a-4a87-8b27-91a7efcd45c5 0.097s
2025-03-12 08:17:32.265 68536 INFO tempest.lib.common.rest_client [req-c57d2444-3bf3-46b0-8938-7ca858bcfb4e req-c57d2444-3bf3-46b0-8938-7ca858bcfb4e ] Request (ServersTestManualDisk:test_verify_created_server_vcpus): 200 GET http://10.180.1.21/compute/v2.1/flavors/42 0.050s
2025-03-12 08:17:32.269 68536 INFO tempest.lib.common.ssh [-] Creating ssh connection to '10.180.180.250:22' as 'cirros' with public key authentication
2025-03-12 08:17:32.272 68536 INFO paramiko.transport [-] Connected (version 2.0, client dropbear_2020.81)
2025-03-12 08:17:32.308 68542 INFO tempest.lib.common.rest_client [req-3a29c374-2594-4308-ad48-07b6144fa2e2 req-3a29c374-2594-4308-ad48-07b6144fa2e2 ] Request (ServerGroupTestJSON:test_create_server_with_scheduler_hint_group): 200 GET http://10.180.1.21/compute/v2.1/servers/71243775-e8df-4cc5-85c9-d64a244b4426 0.138s
2025-03-12 08:17:32.346 68494 INFO tempest.lib.common.rest_client [req-ca4078d7-fe02-465f-ad7b-d5e63e5cd502 req-ca4078d7-fe02-465f-ad7b-d5e63e5cd502 ] Request (ServersAdminNegativeTestJSON:tearDownClass): 200 GET http://10.180.1.21/compute/v2.1/servers/4f4dc254-8e4f-4c5f-a2a8-eef6230825c6 0.082s
2025-03-12 08:17:32.368 68508 INFO tempest.lib.common.rest_client [req-906883f5-e41b-4557-88a5-e9a404758ce5 req-906883f5-e41b-4557-88a5-e9a404758ce5 ] Request (ServersAdmin275Test:tearDownClass): 204 DELETE http://10.180.1.21/identity/v3/users/565293cccc9a49059b690d33f20fa2a1 0.115s
2025-03-12 08:17:32.376 68536 INFO paramiko.transport [-] Authentication (publickey) successful!
2025-03-12 08:17:32.377 68536 INFO tempest.lib.common.ssh [-] ssh connection to cirros@10.180.180.250 successfully created
2025-03-12 08:17:32.385 68518 INFO tempest.lib.common.rest_client [req-e4e27721-41f2-40e3-9f70-2b3912e5a589 req-e4e27721-41f2-40e3-9f70-2b3912e5a589 ] Request (SecurityGroupsTestJSON:test_server_security_groups): 200 GET http://10.180.1.21/compute/v2.1/servers/693d6a74-a671-4d02-8798-cd3975507428 0.066s
2025-03-12 08:17:32.474 68536 INFO tempest.lib.common.rest_client [req-4dafe6cf-decb-40dc-9c72-74b603fa5f62 req-4dafe6cf-decb-40dc-9c72-74b603fa5f62 ] Request (ServersTestManualDisk:tearDownClass): 204 DELETE http://10.180.1.21/compute/v2.1/servers/db4cf157-9511-423c-aa41-433af8d92b48 0.087s
2025-03-12 08:17:32.487 68508 INFO tempest.lib.common.rest_client [req-fdc9ed22-e187-44ca-99d9-5d1531c946c1 req-fdc9ed22-e187-44ca-99d9-5d1531c946c1 ] Request (ServersAdmin275Test:tearDownClass): 204 DELETE http://10.180.1.21/identity/v3/users/9949f7a68e844a89afd906bea69cb564 0.119s
2025-03-12 08:17:32.488 68508 INFO tempest.lib.common.dynamic_creds [-] Deleting project and security group for project: 8cb76569a0634e5a8836a75cb96e7e40
2025-03-12 08:17:32.507 68514 WARNING tempest.lib.common.ssh [-] Failed to establish authenticated ssh connection to cirros@10.180.180.138 ([Errno None] Unable to connect to port 22 on 10.180.180.138). Number attempts: 2. Retry after 3 seconds.: paramiko.ssh_exception.NoValidConnectionsError: [Errno None] Unable to connect to port 22 on 10.180.180.138
2025-03-12 08:17:32.564 68508 INFO tempest.lib.common.rest_client [req-1c41b6ec-fa3f-45ee-88d6-3f2f4e127e5c req-1c41b6ec-fa3f-45ee-88d6-3f2f4e127e5c ] Request (ServersAdmin275Test:tearDownClass): 201 POST http://10.180.1.21/identity/v3/auth/tokens 0.071s
2025-03-12 08:17:32.731 68508 INFO tempest.lib.common.rest_client [req-9758f6e6-721a-4754-832d-16fc2f00b27c req-9758f6e6-721a-4754-832d-16fc2f00b27c ] Request (ServersAdmin275Test:tearDownClass): 200 GET http://10.180.1.21:9696/networking/v2.0/security-groups?tenant_id=8cb76569a0634e5a8836a75cb96e7e40&name=default 0.167s
2025-03-12 08:17:32.758 68500 INFO tempest.lib.common.rest_client [req-d41741f3-04f1-4f4d-b71a-24f592a1be97 req-d41741f3-04f1-4f4d-b71a-24f592a1be97 ] Request (ServerTagsTestJSON:tearDownClass): 200 GET http://10.180.1.21/compute/v2.1/servers/dc45d268-7a7f-4e65-b6fa-942ddba69b03 0.312s
2025-03-12 08:17:32.809 68508 INFO tempest.lib.common.rest_client [req-1931cf97-2fe4-4591-be25-52356ab0fe25 req-1931cf97-2fe4-4591-be25-52356ab0fe25 ] Request (ServersAdmin275Test:tearDownClass): 204 DELETE http://10.180.1.21:9696/networking/v2.0/security-groups/736a7f5d-9eae-4860-badc-78af5309cb58 0.077s
2025-03-12 08:17:32.865 68508 INFO tempest.lib.common.rest_client [req-4cb0fb4f-d41e-4cce-af3e-08b911eafb32 req-4cb0fb4f-d41e-4cce-af3e-08b911eafb32 ] Request (ServersAdmin275Test:tearDownClass): 204 DELETE http://10.180.1.21/identity/v3/projects/8cb76569a0634e5a8836a75cb96e7e40 0.055s
2025-03-12 08:17:32.865 68508 INFO tempest.lib.common.dynamic_creds [-] Deleting project and security group for project: 6dbba2d89fd646a59b1bf858b78a5167
2025-03-12 08:17:32.901 68544 INFO tempest.lib.common.rest_client [req-39b7a0d1-c554-4ade-a0e0-7c062460dc76 req-39b7a0d1-c554-4ade-a0e0-7c062460dc76 ] Request (ImagesTestJSON:test_create_image_from_stopped_server): 200 GET http://10.180.1.21/compute/v2.1/servers/9d2b3670-ef8a-477a-b876-7a8fe37fa065 0.443s
2025-03-12 08:17:32.950 68536 INFO tempest.lib.common.rest_client [req-b5016d9b-9393-4a28-80a1-359705bdb6f8 req-b5016d9b-9393-4a28-80a1-359705bdb6f8 ] Request (ServersTestManualDisk:tearDownClass): 200 GET http://10.180.1.21/compute/v2.1/servers/db4cf157-9511-423c-aa41-433af8d92b48 0.476s
2025-03-12 08:17:32.965 68508 INFO tempest.lib.common.rest_client [req-3f93dc0b-1ca8-4167-9ab2-64a76dcfb5ba req-3f93dc0b-1ca8-4167-9ab2-64a76dcfb5ba ] Request (ServersAdmin275Test:tearDownClass): 200 GET http://10.180.1.21:9696/networking/v2.0/security-groups?tenant_id=6dbba2d89fd646a59b1bf858b78a5167&name=default 0.100s
2025-03-12 08:17:32.985 68522 INFO tempest.lib.common.rest_client [req-3301a4d0-2eb5-4569-8228-fc507afebe43 req-3301a4d0-2eb5-4569-8228-fc507afebe43 ] Request (ServersWithSpecificFlavorTestJSON:test_verify_created_server_ephemeral_disk): 200 GET http://10.180.1.21/compute/v2.1/servers/7584180b-efa6-4038-9f3a-619ab7937553 0.472s
2025-03-12 08:17:33.028 68521 INFO tempest.lib.common.rest_client [req-7d126c53-ef72-4cb6-a84b-876061aebbf4 req-7d126c53-ef72-4cb6-a84b-876061aebbf4 ] Request (InstanceActionsTestJSON:tearDownClass): 200 GET http://10.180.1.21/compute/v2.1/servers/a4a88f10-937a-4fa6-aa15-eb7f669e77d0 0.487s
2025-03-12 08:17:33.038 68508 INFO tempest.lib.common.rest_client [req-02bb3d3a-6fb4-4c6f-b5e6-9a44c24ae03a req-02bb3d3a-6fb4-4c6f-b5e6-9a44c24ae03a ] Request (ServersAdmin275Test:tearDownClass): 204 DELETE http://10.180.1.21:9696/networking/v2.0/security-groups/6d20ba45-921d-4ddc-9dd7-ac7cdea282cc 0.072s
2025-03-12 08:17:33.052 68532 INFO tempest.lib.common.rest_client [req-4e3852e2-3bed-499a-9fec-b06c958799dd req-4e3852e2-3bed-499a-9fec-b06c958799dd ] Request (ServersNegativeTestJSON:setUpClass): 200 GET http://10.180.1.21/compute/v2.1/servers/156ea1ad-6e52-4848-915d-7ba74c606e6e 0.466s
2025-03-12 08:17:33.088 68525 INFO tempest.lib.common.rest_client [req-6d7d1458-4b38-4717-a204-3f4ce2a1f8f7 req-6d7d1458-4b38-4717-a204-3f4ce2a1f8f7 ] Request (AttachInterfacesTestJSON:test_create_list_show_delete_interfaces_by_fixed_ip): 200 GET http://10.180.1.21/compute/v2.1/servers/580e6909-7d05-447a-a378-f0b8b71f059a 0.484s
2025-03-12 08:17:33.119 68508 INFO tempest.lib.common.rest_client [req-0a5b39d3-961d-4a0f-aa4b-a70eae117a9c req-0a5b39d3-961d-4a0f-aa4b-a70eae117a9c ] Request (ServersAdmin275Test:tearDownClass): 204 DELETE http://10.180.1.21/identity/v3/projects/6dbba2d89fd646a59b1bf858b78a5167 0.081s
2025-03-12 08:17:33.122 68540 INFO tempest.lib.common.rest_client [req-85420177-9c84-487d-9737-06060e8f763c req-85420177-9c84-487d-9737-06060e8f763c ] Request (DeleteServersTestJSON:test_delete_active_server): 200 GET http://10.180.1.21/compute/v2.1/servers/1675982e-0702-482b-9fe6-fd4eb9d83311 0.452s
2025-03-12 08:17:33.148 68496 INFO tempest.lib.common.rest_client [req-35985977-5cde-49b2-87e7-d0fc3466faaa req-35985977-5cde-49b2-87e7-d0fc3466faaa ] Request (ImagesOneServerNegativeTestJSON:setUpClass): 200 GET http://10.180.1.21/compute/v2.1/servers/3d03e0b7-0469-4041-a7d5-7768326eb3b5 0.465s
2025-03-12 08:17:33.176 68508 INFO tempest.lib.common.rest_client [req-bd594396-4551-442b-8810-41a7cb764f15 req-bd594396-4551-442b-8810-41a7cb764f15 ] Request (ServersV294TestFqdnHostnames:setUpClass): 201 POST http://10.180.1.21/identity/v3/auth/tokens 0.055s
2025-03-12 08:17:33.185 68550 INFO tempest.lib.common.rest_client [req-ede90164-394f-453c-b580-815368753d1b req-ede90164-394f-453c-b580-815368753d1b ] Request (AttachVolumeTestJSON:test_attach_detach_volume): 200 GET http://10.180.1.21/compute/v2.1/servers/95dcd20c-b3d3-4b1d-a32e-41bef1c2e44f 0.460s
2025-03-12 08:17:33.207 68508 INFO tempest.lib.common.rest_client [req-926d1905-7158-4605-8a5b-69ca0f5e460e req-926d1905-7158-4605-8a5b-69ca0f5e460e ] Request (ServersV294TestFqdnHostnames:setUpClass): 201 POST http://10.180.1.21/identity/v3/auth/tokens 0.029s
2025-03-12 08:17:33.219 68538 INFO tempest.lib.common.rest_client [req-25b25318-cf73-47c4-9dc0-cc3f7fa4e685 req-25b25318-cf73-47c4-9dc0-cc3f7fa4e685 ] Request (ServersTestJSON:setUpClass): 200 GET http://10.180.1.21/compute/v2.1/servers/d0d8ed27-003e-43e2-8a07-041420a2c758 0.480s
2025-03-12 08:17:33.230 68508 INFO tempest.lib.common.rest_client [req-97987705-90ec-410c-a9f0-d63e9a23f676 req-97987705-90ec-410c-a9f0-d63e9a23f676 ] Request (ServersV294TestFqdnHostnames:setUpClass): 200 GET http://10.180.1.21/identity/v3/domains?name=Default 0.022s
2025-03-12 08:17:33.244 68556 INFO tempest.lib.common.rest_client [req-d88ede05-c87f-4891-bb84-bb560a39f207 req-d88ede05-c87f-4891-bb84-bb560a39f207 ] Request (FloatingIPsAssociationTestJSON:test_associate_already_associated_floating_ip): 200 GET http://10.180.1.21/compute/v2.1/servers/7ec30097-1151-4b0d-8226-e4d34ea7b3c9 0.468s
2025-03-12 08:17:33.260 68508 INFO tempest.lib.common.rest_client [req-fe9388cf-3217-4e0f-a157-dc577b5a57a7 req-fe9388cf-3217-4e0f-a157-dc577b5a57a7 ] Request (ServersV294TestFqdnHostnames:setUpClass): 201 POST http://10.180.1.21/identity/v3/projects 0.029s
2025-03-12 08:17:33.288 68502 INFO tempest.lib.common.rest_client [req-d0ebf6c7-384a-499b-acac-8d4ca2520275 req-d0ebf6c7-384a-499b-acac-8d4ca2520275 ] Request (ServersTestBootFromVolume:setUpClass): 200 GET http://10.180.1.21/compute/v2.1/servers/0552d616-a406-4dfa-8a70-82f39fb98bbc 0.488s
2025-03-12 08:17:33.299 68552 INFO tempest.lib.common.rest_client [req-522ccd09-c3d9-4d48-827d-f135d3763882 req-522ccd09-c3d9-4d48-827d-f135d3763882 ] Request (AttachVolumeShelveTestJSON:test_attach_volume_shelved_or_offload_server): 200 GET http://10.180.1.21/compute/v2.1/servers/d14026b1-84dd-430e-be94-94dcb1f47473 0.463s
2025-03-12 08:17:33.327 68508 INFO tempest.lib.common.rest_client [req-0de2aae8-ea23-4357-b2cb-7ac360ef6ed7 req-0de2aae8-ea23-4357-b2cb-7ac360ef6ed7 ] Request (ServersV294TestFqdnHostnames:setUpClass): 201 POST http://10.180.1.21/identity/v3/users 0.066s
2025-03-12 08:17:33.354 68508 INFO tempest.lib.common.rest_client [req-4f07d7a5-6bc5-4837-afcd-ed0e8fadf985 req-4f07d7a5-6bc5-4837-afcd-ed0e8fadf985 ] Request (ServersV294TestFqdnHostnames:setUpClass): 200 GET http://10.180.1.21/identity/v3/roles 0.027s
2025-03-12 08:17:33.368 68512 INFO tempest.lib.common.rest_client [req-aeadb409-4126-402c-a9aa-b5625d4210c7 req-aeadb409-4126-402c-a9aa-b5625d4210c7 ] Request (ListServersNegativeTestJSON:tearDownClass): 200 GET http://10.180.1.21/compute/v2.1/servers/63e0fc9e-5182-4781-b007-69e2134718df 0.513s
2025-03-12 08:17:33.369 68530 INFO tempest.lib.common.rest_client [req-94dda5cc-e1a2-457b-83f1-955b23b79888 req-94dda5cc-e1a2-457b-83f1-955b23b79888 ] Request (VolumesAdminNegativeTest:test_update_attached_volume_with_nonexistent_volume_in_body): 200 PUT http://10.180.1.21:9696/networking/v2.0/floatingips/e06a6447-d500-4d31-b91b-c2c62b824c13 1.135s
2025-03-12 08:17:33.370 68530 INFO tempest.lib.common.ssh [-] Creating ssh connection to '10.180.180.143:22' as 'cirros' with public key authentication
2025-03-12 08:17:33.372 68498 INFO tempest.lib.common.rest_client [req-272fcfda-4920-48b5-ad23-4be8b322dfbc req-272fcfda-4920-48b5-ad23-4be8b322dfbc ] Request (ServerDiskConfigTestJSON:test_rebuild_server_with_auto_disk_config): 200 GET http://10.180.1.21/compute/v2.1/servers/38787c7d-a9cf-4ce6-a112-c1ec259697ca 0.490s
2025-03-12 08:17:33.384 68508 INFO tempest.lib.common.rest_client [req-4787d4de-bd28-4a65-9038-5fb756a56cee req-4787d4de-bd28-4a65-9038-5fb756a56cee ] Request (ServersV294TestFqdnHostnames:setUpClass): 204 PUT http://10.180.1.21/identity/v3/projects/b603f67ee5544169b93c24c6a1900acc/users/6222896997d440cc845ef1fc7c3b6d61/roles/9dc7b5c168114a7e83ca11a631099c4d 0.029s
2025-03-12 08:17:33.385 68508 INFO tempest.lib.common.dynamic_creds [-] Dynamic test user 6222896997d440cc845ef1fc7c3b6d61 is created with scope project and roles: ['member']
2025-03-12 08:17:33.385 68508 INFO tempest.lib.common.dynamic_creds [-] Acquired dynamic creds: credentials: Credentials: {'domain_id': 'default', 'domain_name': 'Default', 'username': 'tempest-ServersV294TestFqdnHostnames-2103129663-project-member', 'project_domain_id': 'default', 'project_domain_name': 'Default', 'project_id': 'b603f67ee5544169b93c24c6a1900acc', 'project_name': 'tempest-ServersV294TestFqdnHostnames-2103129663', 'tenant_id': 'b603f67ee5544169b93c24c6a1900acc', 'tenant_name': 'tempest-ServersV294TestFqdnHostnames-2103129663', 'user_domain_id': 'default', 'user_domain_name': 'Default', 'user_id': '6222896997d440cc845ef1fc7c3b6d61', 'system': None}, Network: None, Subnet: None, Router: None
2025-03-12 08:17:33.438 68528 INFO tempest.lib.common.rest_client [req-3d5b7df8-3173-412e-af4e-b25df97092b0 req-3d5b7df8-3173-412e-af4e-b25df97092b0 ] Request (ServerAddressesTestJSON:tearDownClass): 200 GET http://10.180.1.21/compute/v2.1/servers/366c780a-2870-4e6e-8cfe-7eec10c363d5 0.527s
2025-03-12 08:17:33.439 68555 INFO tempest.lib.common.rest_client [req-d91bf31b-23fc-4a75-a09a-2a330f2fc23a req-d91bf31b-23fc-4a75-a09a-2a330f2fc23a ] Request (ListServerFiltersTestJSON:tearDownClass): 200 GET http://10.180.1.21/compute/v2.1/servers/9ac81867-311c-42f3-b38f-67dc10f409c0 0.445s
2025-03-12 08:17:33.449 68508 INFO tempest.lib.common.rest_client [req-097b93fb-4c88-4f97-af98-f430da9afd5c req-097b93fb-4c88-4f97-af98-f430da9afd5c ] Request (ServersV294TestFqdnHostnames:setUpClass): 201 POST http://10.180.1.21/identity/v3/auth/tokens 0.064s
2025-03-12 08:17:33.512 68504 INFO tempest.lib.common.rest_client [req-4dc7fa7c-2c63-46cc-ab5a-6d6b6e265ed8 req-4dc7fa7c-2c63-46cc-ab5a-6d6b6e265ed8 ] Request (DeleteServersAdminTestJSON:test_delete_server_while_in_error_state): 200 GET http://10.180.1.21/compute/v2.1/servers/cf457d43-b939-4284-b84d-9075895e9dda 0.423s
2025-03-12 08:17:33.517 68516 INFO tempest.lib.common.rest_client [req-73e22342-b6f1-425b-b326-aaa10cc3825b req-73e22342-b6f1-425b-b326-aaa10cc3825b ] Request (ImagesOneServerTestJSON:tearDownClass): 200 GET http://10.180.1.21/compute/v2.1/servers/f748cf37-6605-49a2-a418-51667a0fac4a 0.379s
2025-03-12 08:17:33.584 68494 INFO tempest.lib.common.rest_client [req-e515e54e-8031-4844-91dc-7f4b288e1d17 req-e515e54e-8031-4844-91dc-7f4b288e1d17 ] Request (ServersAdminNegativeTestJSON:tearDownClass): 200 GET http://10.180.1.21/compute/v2.1/servers/4f4dc254-8e4f-4c5f-a2a8-eef6230825c6 0.226s
2025-03-12 08:17:33.587 68542 INFO tempest.lib.common.rest_client [req-28eaeb4a-9924-4d19-afed-86d2c3f84618 req-28eaeb4a-9924-4d19-afed-86d2c3f84618 ] Request (ServerGroupTestJSON:test_create_server_with_scheduler_hint_group): 200 GET http://10.180.1.21/compute/v2.1/servers/71243775-e8df-4cc5-85c9-d64a244b4426 0.268s
2025-03-12 08:17:33.634 68518 INFO tempest.lib.common.rest_client [req-06efabed-78e2-458f-9360-acc8b351837d req-06efabed-78e2-458f-9360-acc8b351837d ] Request (SecurityGroupsTestJSON:test_server_security_groups): 200 GET http://10.180.1.21/compute/v2.1/servers/693d6a74-a671-4d02-8798-cd3975507428 0.241s
2025-03-12 08:17:33.702 68508 INFO tempest.lib.common.rest_client [req-37a85cf0-5a1c-475f-8027-51fc32205850 req-37a85cf0-5a1c-475f-8027-51fc32205850 ] Request (ServersV294TestFqdnHostnames:setUpClass): 201 POST http://10.180.1.21:9696/networking/v2.0/networks 0.253s
2025-03-12 08:17:33.838 68500 INFO tempest.lib.common.rest_client [req-3d2f07fa-d9f8-4926-912e-6070720b57e4 req-3d2f07fa-d9f8-4926-912e-6070720b57e4 ] Request (ServerTagsTestJSON:tearDownClass): 200 GET http://10.180.1.21/compute/v2.1/servers/dc45d268-7a7f-4e65-b6fa-942ddba69b03 0.070s
2025-03-12 08:17:33.863 68508 INFO tempest.lib.common.rest_client [req-7eecc20e-8ecc-4a55-a66e-48ad6cc7100a req-7eecc20e-8ecc-4a55-a66e-48ad6cc7100a ] Request (ServersV294TestFqdnHostnames:setUpClass): 201 POST http://10.180.1.21:9696/networking/v2.0/subnets 0.159s
2025-03-12 08:17:34.084 68536 INFO tempest.lib.common.rest_client [req-3355e759-65eb-4c4a-a200-105ecb3a5920 req-3355e759-65eb-4c4a-a200-105ecb3a5920 ] Request (ServersTestManualDisk:tearDownClass): 200 GET http://10.180.1.21/compute/v2.1/servers/db4cf157-9511-423c-aa41-433af8d92b48 0.121s
2025-03-12 08:17:34.095 68544 INFO tempest.lib.common.rest_client [req-219aad19-ba60-4d4e-9032-b3d303d9302e req-219aad19-ba60-4d4e-9032-b3d303d9302e ] Request (ImagesTestJSON:test_create_image_from_stopped_server): 200 GET http://10.180.1.21/compute/v2.1/servers/9d2b3670-ef8a-477a-b876-7a8fe37fa065 0.176s
2025-03-12 08:17:34.132 68522 INFO tempest.lib.common.rest_client [req-948ffef1-5827-4f6d-be8e-cfdb343e1af9 req-948ffef1-5827-4f6d-be8e-cfdb343e1af9 ] Request (ServersWithSpecificFlavorTestJSON:test_verify_created_server_ephemeral_disk): 200 GET http://10.180.1.21/compute/v2.1/servers/7584180b-efa6-4038-9f3a-619ab7937553 0.140s
2025-03-12 08:17:34.150 68521 INFO tempest.lib.common.rest_client [req-9eaa68d3-b26f-4928-8746-ff6b7cf8df62 req-9eaa68d3-b26f-4928-8746-ff6b7cf8df62 ] Request (InstanceActionsTestJSON:tearDownClass): 200 GET http://10.180.1.21/compute/v2.1/servers/a4a88f10-937a-4fa6-aa15-eb7f669e77d0 0.113s
2025-03-12 08:17:34.194 68532 INFO tempest.lib.common.rest_client [req-d548d608-730a-46d7-93b5-f47b88e0b8e6 req-d548d608-730a-46d7-93b5-f47b88e0b8e6 ] Request (ServersNegativeTestJSON:setUpClass): 200 GET http://10.180.1.21/compute/v2.1/servers/156ea1ad-6e52-4848-915d-7ba74c606e6e 0.132s
2025-03-12 08:17:34.202 68525 INFO tempest.lib.common.rest_client [req-d0e8cc9d-f21f-4c66-a128-43d8fb995a63 req-d0e8cc9d-f21f-4c66-a128-43d8fb995a63 ] Request (AttachInterfacesTestJSON:test_create_list_show_delete_interfaces_by_fixed_ip): 200 GET http://10.180.1.21/compute/v2.1/servers/580e6909-7d05-447a-a378-f0b8b71f059a 0.106s
2025-03-12 08:17:34.205 68532 INFO tempest.common.waiters [-] State transition "BUILD/scheduling" ==> "BUILD/None" after 21 second wait
2025-03-12 08:17:34.261 68496 INFO tempest.lib.common.rest_client [req-32c2cbd5-c734-4cc0-9ea2-23e930df0a6f req-32c2cbd5-c734-4cc0-9ea2-23e930df0a6f ] Request (ImagesOneServerNegativeTestJSON:setUpClass): 200 GET http://10.180.1.21/compute/v2.1/servers/3d03e0b7-0469-4041-a7d5-7768326eb3b5 0.105s
2025-03-12 08:17:34.267 68540 INFO tempest.lib.common.rest_client [req-28ebfdeb-a64e-4b05-a0a2-b5ee7b6499ef req-28ebfdeb-a64e-4b05-a0a2-b5ee7b6499ef ] Request (DeleteServersTestJSON:test_delete_active_server): 200 GET http://10.180.1.21/compute/v2.1/servers/1675982e-0702-482b-9fe6-fd4eb9d83311 0.137s
2025-03-12 08:17:34.319 68550 INFO tempest.lib.common.rest_client [req-f1b54262-50f7-4d88-888e-33a815e6ca0b req-f1b54262-50f7-4d88-888e-33a815e6ca0b ] Request (AttachVolumeTestJSON:test_attach_detach_volume): 200 GET http://10.180.1.21/compute/v2.1/servers/95dcd20c-b3d3-4b1d-a32e-41bef1c2e44f 0.123s
2025-03-12 08:17:34.326 68538 INFO tempest.lib.common.rest_client [req-a1e301f9-6503-472c-b5fa-1b7c9ced9f77 req-a1e301f9-6503-472c-b5fa-1b7c9ced9f77 ] Request (ServersTestJSON:setUpClass): 200 GET http://10.180.1.21/compute/v2.1/servers/d0d8ed27-003e-43e2-8a07-041420a2c758 0.094s
2025-03-12 08:17:34.381 68556 INFO tempest.lib.common.rest_client [req-5a6ee321-6ea0-4d4f-a105-f84097cbbccc req-5a6ee321-6ea0-4d4f-a105-f84097cbbccc ] Request (FloatingIPsAssociationTestJSON:test_associate_already_associated_floating_ip): 200 GET http://10.180.1.21/compute/v2.1/servers/7ec30097-1151-4b0d-8226-e4d34ea7b3c9 0.129s
2025-03-12 08:17:34.430 68502 INFO tempest.lib.common.rest_client [req-75771c68-d56c-48f2-8580-f389d3c9b1bc req-75771c68-d56c-48f2-8580-f389d3c9b1bc ] Request (ServersTestBootFromVolume:setUpClass): 200 GET http://10.180.1.21/compute/v2.1/servers/0552d616-a406-4dfa-8a70-82f39fb98bbc 0.133s
2025-03-12 08:17:34.447 68552 INFO tempest.lib.common.rest_client [req-da2f1049-1d79-419e-957f-d4dd5a07ce13 req-da2f1049-1d79-419e-957f-d4dd5a07ce13 ] Request (AttachVolumeShelveTestJSON:test_attach_volume_shelved_or_offload_server): 200 GET http://10.180.1.21/compute/v2.1/servers/d14026b1-84dd-430e-be94-94dcb1f47473 0.136s
2025-03-12 08:17:34.459 68512 INFO tempest.lib.common.rest_client [req-2e50b8a7-9873-4f72-bc7f-082f62011aa9 req-2e50b8a7-9873-4f72-bc7f-082f62011aa9 ] Request (ListServersNegativeTestJSON:tearDownClass): 404 GET http://10.180.1.21/compute/v2.1/servers/63e0fc9e-5182-4781-b007-69e2134718df 0.079s
2025-03-12 08:17:34.498 68498 INFO tempest.lib.common.rest_client [req-17340459-5aa2-487c-b573-769685231c1e req-17340459-5aa2-487c-b573-769685231c1e ] Request (ServerDiskConfigTestJSON:test_rebuild_server_with_auto_disk_config): 200 GET http://10.180.1.21/compute/v2.1/servers/38787c7d-a9cf-4ce6-a112-c1ec259697ca 0.116s
2025-03-12 08:17:34.525 68528 INFO tempest.lib.common.rest_client [req-489002cc-4ea4-450d-89cf-b55778fa3c43 req-489002cc-4ea4-450d-89cf-b55778fa3c43 ] Request (ServerAddressesTestJSON:tearDownClass): 200 GET http://10.180.1.21/compute/v2.1/servers/366c780a-2870-4e6e-8cfe-7eec10c363d5 0.080s
2025-03-12 08:17:34.564 68555 INFO tempest.lib.common.rest_client [req-bf028c82-7038-484d-b0bb-ab5714eb22dc req-bf028c82-7038-484d-b0bb-ab5714eb22dc ] Request (ListServerFiltersTestJSON:tearDownClass): 200 GET http://10.180.1.21/compute/v2.1/servers/9ac81867-311c-42f3-b38f-67dc10f409c0 0.118s
2025-03-12 08:17:34.595 68512 INFO tempest.lib.common.rest_client [req-4e08a559-800b-4109-948f-3c008e1a568f req-4e08a559-800b-4109-948f-3c008e1a568f ] Request (ListServersNegativeTestJSON:tearDownClass): 200 GET http://10.180.1.21/compute/v2.1/servers/480cbc5c-7e8e-4d7f-81ca-fb8b81b35ba9 0.136s
2025-03-12 08:17:34.632 68504 INFO tempest.lib.common.rest_client [req-00bc3985-4a17-49ac-904f-5bd2bdd9c699 req-00bc3985-4a17-49ac-904f-5bd2bdd9c699 ] Request (DeleteServersAdminTestJSON:test_delete_server_while_in_error_state): 200 GET http://10.180.1.21/compute/v2.1/servers/cf457d43-b939-4284-b84d-9075895e9dda 0.108s
2025-03-12 08:17:34.663 68516 INFO tempest.lib.common.rest_client [req-6e268079-057c-4d71-8295-b90c2a06faba req-6e268079-057c-4d71-8295-b90c2a06faba ] Request (ImagesOneServerTestJSON:tearDownClass): 200 GET http://10.180.1.21/compute/v2.1/servers/f748cf37-6605-49a2-a418-51667a0fac4a 0.138s
2025-03-12 08:17:34.701 68494 INFO tempest.lib.common.rest_client [req-fcdcd625-0459-4015-9610-6ef43889e8a7 req-fcdcd625-0459-4015-9610-6ef43889e8a7 ] Request (ServersAdminNegativeTestJSON:tearDownClass): 200 GET http://10.180.1.21/compute/v2.1/servers/4f4dc254-8e4f-4c5f-a2a8-eef6230825c6 0.109s
2025-03-12 08:17:34.721 68542 INFO tempest.lib.common.rest_client [req-ca42edc0-6147-4de5-acb7-4b16894e1ee5 req-ca42edc0-6147-4de5-acb7-4b16894e1ee5 ] Request (ServerGroupTestJSON:test_create_server_with_scheduler_hint_group): 200 GET http://10.180.1.21/compute/v2.1/servers/71243775-e8df-4cc5-85c9-d64a244b4426 0.126s
2025-03-12 08:17:34.739 68508 INFO tempest.lib.common.rest_client [req-2a4c3ff4-edd5-419d-a44e-60e0f56d974f req-2a4c3ff4-edd5-419d-a44e-60e0f56d974f ] Request (ServersV294TestFqdnHostnames:setUpClass): 201 POST http://10.180.1.21:9696/networking/v2.0/routers 0.876s
2025-03-12 08:17:34.763 68518 INFO tempest.lib.common.rest_client [req-ac052524-ec05-4d6a-b9b9-4d9c42cfbfda req-ac052524-ec05-4d6a-b9b9-4d9c42cfbfda ] Request (SecurityGroupsTestJSON:test_server_security_groups): 200 GET http://10.180.1.21/compute/v2.1/servers/693d6a74-a671-4d02-8798-cd3975507428 0.120s
2025-03-12 08:17:34.920 68500 INFO tempest.lib.common.rest_client [req-0515bb11-6c37-48af-8d49-94b5d9138461 req-0515bb11-6c37-48af-8d49-94b5d9138461 ] Request (ServerTagsTestJSON:tearDownClass): 200 GET http://10.180.1.21/compute/v2.1/servers/dc45d268-7a7f-4e65-b6fa-942ddba69b03 0.071s
2025-03-12 08:17:35.179 68536 INFO tempest.lib.common.rest_client [req-3b9db70c-12f8-4324-be77-70959772d48a req-3b9db70c-12f8-4324-be77-70959772d48a ] Request (ServersTestManualDisk:tearDownClass): 200 GET http://10.180.1.21/compute/v2.1/servers/db4cf157-9511-423c-aa41-433af8d92b48 0.085s
2025-03-12 08:17:35.234 68544 INFO tempest.lib.common.rest_client [req-6e9f111d-beb7-4f85-b229-b8ac856daa19 req-6e9f111d-beb7-4f85-b229-b8ac856daa19 ] Request (ImagesTestJSON:test_create_image_from_stopped_server): 200 GET http://10.180.1.21/compute/v2.1/servers/9d2b3670-ef8a-477a-b876-7a8fe37fa065 0.128s
2025-03-12 08:17:35.241 68522 INFO tempest.lib.common.rest_client [req-7940048d-1278-4c50-ae15-014fdeb5ccba req-7940048d-1278-4c50-ae15-014fdeb5ccba ] Request (ServersWithSpecificFlavorTestJSON:test_verify_created_server_ephemeral_disk): 200 GET http://10.180.1.21/compute/v2.1/servers/7584180b-efa6-4038-9f3a-619ab7937553 0.095s
2025-03-12 08:17:35.311 68521 INFO tempest.lib.common.rest_client [req-fdf0446e-c669-44fc-acd7-52bdfbb7cf2d req-fdf0446e-c669-44fc-acd7-52bdfbb7cf2d ] Request (InstanceActionsTestJSON:tearDownClass): 200 GET http://10.180.1.21/compute/v2.1/servers/a4a88f10-937a-4fa6-aa15-eb7f669e77d0 0.153s
2025-03-12 08:17:35.322 68532 INFO tempest.lib.common.rest_client [req-3f907070-f0a0-46f4-a23c-e62346b3553b req-3f907070-f0a0-46f4-a23c-e62346b3553b ] Request (ServersNegativeTestJSON:setUpClass): 200 GET http://10.180.1.21/compute/v2.1/servers/156ea1ad-6e52-4848-915d-7ba74c606e6e 0.114s
2025-03-12 08:17:35.380 68496 INFO tempest.lib.common.rest_client [req-2967a5b8-5bf4-4b64-9253-f60b6eab9686 req-2967a5b8-5bf4-4b64-9253-f60b6eab9686 ] Request (ImagesOneServerNegativeTestJSON:setUpClass): 200 GET http://10.180.1.21/compute/v2.1/servers/3d03e0b7-0469-4041-a7d5-7768326eb3b5 0.106s
2025-03-12 08:17:35.383 68525 INFO tempest.lib.common.rest_client [req-bb43c473-20d0-47dd-9a87-3f164e0a31ed req-bb43c473-20d0-47dd-9a87-3f164e0a31ed ] Request (AttachInterfacesTestJSON:test_create_list_show_delete_interfaces_by_fixed_ip): 200 GET http://10.180.1.21/compute/v2.1/servers/580e6909-7d05-447a-a378-f0b8b71f059a 0.171s
2025-03-12 08:17:35.442 68550 INFO tempest.lib.common.rest_client [req-9b38044f-ba1d-48bc-9f9c-ddf817b28334 req-9b38044f-ba1d-48bc-9f9c-ddf817b28334 ] Request (AttachVolumeTestJSON:test_attach_detach_volume): 200 GET http://10.180.1.21/compute/v2.1/servers/95dcd20c-b3d3-4b1d-a32e-41bef1c2e44f 0.115s
2025-03-12 08:17:35.453 68540 INFO tempest.lib.common.rest_client [req-7aa8504c-587a-4196-a920-3a11d51950a2 req-7aa8504c-587a-4196-a920-3a11d51950a2 ] Request (DeleteServersTestJSON:test_delete_active_server): 200 GET http://10.180.1.21/compute/v2.1/servers/1675982e-0702-482b-9fe6-fd4eb9d83311 0.174s
2025-03-12 08:17:35.500 68538 INFO tempest.lib.common.rest_client [req-a3a1b220-8e7a-4023-aed4-198ff9564e70 req-a3a1b220-8e7a-4023-aed4-198ff9564e70 ] Request (ServersTestJSON:setUpClass): 200 GET http://10.180.1.21/compute/v2.1/servers/d0d8ed27-003e-43e2-8a07-041420a2c758 0.167s
2025-03-12 08:17:35.521 68556 INFO tempest.lib.common.rest_client [req-110ddd21-d85f-4dad-8b0e-570e31dd0986 req-110ddd21-d85f-4dad-8b0e-570e31dd0986 ] Request (FloatingIPsAssociationTestJSON:test_associate_already_associated_floating_ip): 200 GET http://10.180.1.21/compute/v2.1/servers/7ec30097-1151-4b0d-8226-e4d34ea7b3c9 0.130s
2025-03-12 08:17:35.558 68502 INFO tempest.lib.common.rest_client [req-f1baf686-2213-4357-9a6e-fcc59bfb52d1 req-f1baf686-2213-4357-9a6e-fcc59bfb52d1 ] Request (ServersTestBootFromVolume:setUpClass): 200 GET http://10.180.1.21/compute/v2.1/servers/0552d616-a406-4dfa-8a70-82f39fb98bbc 0.116s
2025-03-12 08:17:35.583 68552 INFO tempest.lib.common.rest_client [req-add45930-950c-4736-baab-29e4b319543a req-add45930-950c-4736-baab-29e4b319543a ] Request (AttachVolumeShelveTestJSON:test_attach_volume_shelved_or_offload_server): 200 GET http://10.180.1.21/compute/v2.1/servers/d14026b1-84dd-430e-be94-94dcb1f47473 0.127s
2025-03-12 08:17:35.616 68498 INFO tempest.lib.common.rest_client [req-ca461812-ff39-46a6-a65b-a1ce11487bdd req-ca461812-ff39-46a6-a65b-a1ce11487bdd ] Request (ServerDiskConfigTestJSON:test_rebuild_server_with_auto_disk_config): 200 GET http://10.180.1.21/compute/v2.1/servers/38787c7d-a9cf-4ce6-a112-c1ec259697ca 0.110s
2025-03-12 08:17:35.640 68528 INFO tempest.lib.common.rest_client [req-7d0ccc9c-6a9c-4bc2-b3a3-f7c489a37746 req-7d0ccc9c-6a9c-4bc2-b3a3-f7c489a37746 ] Request (ServerAddressesTestJSON:tearDownClass): 200 GET http://10.180.1.21/compute/v2.1/servers/366c780a-2870-4e6e-8cfe-7eec10c363d5 0.102s
2025-03-12 08:17:35.676 68508 INFO tempest.lib.common.rest_client [req-223e2755-7847-44f9-98cd-6d2231964f57 req-223e2755-7847-44f9-98cd-6d2231964f57 ] Request (ServersV294TestFqdnHostnames:setUpClass): 200 PUT http://10.180.1.21:9696/networking/v2.0/routers/23856297-dbe4-4bc7-bc73-2227b39171e3/add_router_interface 0.936s
2025-03-12 08:17:35.676 68508 INFO tempest.lib.common.dynamic_creds [-] Created isolated network resources for: credentials: Credentials: {'domain_id': 'default', 'domain_name': 'Default', 'username': 'tempest-ServersV294TestFqdnHostnames-2103129663-project-member', 'project_domain_id': 'default', 'project_domain_name': 'Default', 'project_id': 'b603f67ee5544169b93c24c6a1900acc', 'project_name': 'tempest-ServersV294TestFqdnHostnames-2103129663', 'tenant_id': 'b603f67ee5544169b93c24c6a1900acc', 'tenant_name': 'tempest-ServersV294TestFqdnHostnames-2103129663', 'user_domain_id': 'default', 'user_domain_name': 'Default', 'user_id': '6222896997d440cc845ef1fc7c3b6d61', 'system': None}, Network: {'id': '6ab1a831-f518-43fa-a556-16fb6aa83056', 'name': 'tempest-ServersV294TestFqdnHostnames-59133825-network', 'tenant_id': 'b603f67ee5544169b93c24c6a1900acc', 'admin_state_up': True, 'mtu': 8950, 'status': 'ACTIVE', 'subnets': [], 'shared': False, 'project_id': 'b603f67ee5544169b93c24c6a1900acc', 'port_security_enabled': True, 'router:external': False, 'provider:network_type': 'vlan', 'provider:physical_network': 'default', 'provider:segmentation_id': 905, 'availability_zone_hints': [], 'availability_zones': [], 'ipv4_address_scope': None, 'ipv6_address_scope': None, 'description': '', 'tags': [], 'created_at': '2025-03-12T08:17:33Z', 'updated_at': '2025-03-12T08:17:33Z', 'revision_number': 1}, Subnet: {'id': '9b9598b2-57b3-4955-a4b7-c54bd8ea381b', 'name': 'tempest-ServersV294TestFqdnHostnames-59133825-subnet', 'tenant_id': 'b603f67ee5544169b93c24c6a1900acc', 'network_id': '6ab1a831-f518-43fa-a556-16fb6aa83056', 'ip_version': 4, 'subnetpool_id': None, 'enable_dhcp': True, 'ipv6_ra_mode': None, 'ipv6_address_mode': None, 'gateway_ip': '192.168.128.1', 'cidr': '192.168.128.0/28', 'allocation_pools': [{'start': '192.168.128.2', 'end': '192.168.128.14'}], 'host_routes': [], 'dns_nameservers': [], 'description': '', 'router:external': False, 'service_types': [], 'tags': [], 'created_at': '2025-03-12T08:17:33Z', 'updated_at': '2025-03-12T08:17:33Z', 'revision_number': 0, 'project_id': 'b603f67ee5544169b93c24c6a1900acc'}, Router: {'id': '23856297-dbe4-4bc7-bc73-2227b39171e3', 'name': 'tempest-ServersV294TestFqdnHostnames-59133825-router', 'tenant_id': 'b603f67ee5544169b93c24c6a1900acc', 'admin_state_up': True, 'status': 'ACTIVE', 'external_gateway_info': {'network_id': '53b86599-0aeb-4ad0-b34d-6e1948a1a8e0', 'external_fixed_ips': [{'subnet_id': 'd2a001bc-59b8-4d66-b8f0-e1fbbfe77898', 'ip_address': '10.180.180.180'}], 'enable_snat': True}, 'description': '', 'availability_zones': [], 'distributed': False, 'ha': False, 'availability_zone_hints': [], 'routes': [], 'flavor_id': None, 'tags': [], 'created_at': '2025-03-12T08:17:33Z', 'updated_at': '2025-03-12T08:17:34Z', 'revision_number': 2, 'project_id': 'b603f67ee5544169b93c24c6a1900acc'}
2025-03-12 08:17:35.682 68555 INFO tempest.lib.common.rest_client [req-b744585b-e7f5-4530-b3ee-d51d882c42cd req-b744585b-e7f5-4530-b3ee-d51d882c42cd ] Request (ListServerFiltersTestJSON:tearDownClass): 200 GET http://10.180.1.21/compute/v2.1/servers/9ac81867-311c-42f3-b38f-67dc10f409c0 0.106s
2025-03-12 08:17:35.707 68512 INFO tempest.lib.common.rest_client [req-8595c29f-f42f-4574-b583-0d8bb8e39b70 req-8595c29f-f42f-4574-b583-0d8bb8e39b70 ] Request (ListServersNegativeTestJSON:tearDownClass): 200 GET http://10.180.1.21/compute/v2.1/servers/480cbc5c-7e8e-4d7f-81ca-fb8b81b35ba9 0.102s
2025-03-12 08:17:35.753 68504 INFO tempest.lib.common.rest_client [req-a1667b1b-3fe1-4393-ae66-c522b84426c7 req-a1667b1b-3fe1-4393-ae66-c522b84426c7 ] Request (DeleteServersAdminTestJSON:test_delete_server_while_in_error_state): 200 GET http://10.180.1.21/compute/v2.1/servers/cf457d43-b939-4284-b84d-9075895e9dda 0.113s
2025-03-12 08:17:35.774 68516 INFO tempest.lib.common.rest_client [req-b0f7df52-ee1a-4bb9-8db1-425a4a10f7c1 req-b0f7df52-ee1a-4bb9-8db1-425a4a10f7c1 ] Request (ImagesOneServerTestJSON:tearDownClass): 200 GET http://10.180.1.21/compute/v2.1/servers/f748cf37-6605-49a2-a418-51667a0fac4a 0.101s
2025-03-12 08:17:35.789 68508 INFO tempest.lib.common.rest_client [req-b988a771-b753-43a3-82f0-12b1d2d2b31a req-b988a771-b753-43a3-82f0-12b1d2d2b31a ] Request (ServersV294TestFqdnHostnames:setUpClass): 201 POST http://10.180.1.21/identity/v3/auth/tokens 0.109s
2025-03-12 08:17:35.816 68494 INFO tempest.lib.common.rest_client [req-124ad377-f132-488f-aba3-b6dd09bee55b req-124ad377-f132-488f-aba3-b6dd09bee55b ] Request (ServersAdminNegativeTestJSON:tearDownClass): 200 GET http://10.180.1.21/compute/v2.1/servers/4f4dc254-8e4f-4c5f-a2a8-eef6230825c6 0.107s
2025-03-12 08:17:35.831 68542 INFO tempest.lib.common.rest_client [req-4665d35e-4e81-4b0e-b39b-4817da6ed540 req-4665d35e-4e81-4b0e-b39b-4817da6ed540 ] Request (ServerGroupTestJSON:test_create_server_with_scheduler_hint_group): 200 GET http://10.180.1.21/compute/v2.1/servers/71243775-e8df-4cc5-85c9-d64a244b4426 0.100s
2025-03-12 08:17:35.882 68518 INFO tempest.lib.common.rest_client [req-06a82f51-cafb-4bd3-809b-e92085798edc req-06a82f51-cafb-4bd3-809b-e92085798edc ] Request (SecurityGroupsTestJSON:test_server_security_groups): 200 GET http://10.180.1.21/compute/v2.1/servers/693d6a74-a671-4d02-8798-cd3975507428 0.111s
2025-03-12 08:17:35.957 68508 INFO tempest.lib.common.rest_client [req-07cd8564-565e-4c27-9443-e0bc7049728e req-07cd8564-565e-4c27-9443-e0bc7049728e ] Request (ServersV294TestFqdnHostnames:setUpClass): 201 POST http://10.180.1.21/compute/v2.1/os-keypairs 0.165s
2025-03-12 08:17:36.003 68500 INFO tempest.lib.common.rest_client [req-ff945934-8d5d-45da-a4cb-4acf32ee8ca0 req-ff945934-8d5d-45da-a4cb-4acf32ee8ca0 ] Request (ServerTagsTestJSON:tearDownClass): 200 GET http://10.180.1.21/compute/v2.1/servers/dc45d268-7a7f-4e65-b6fa-942ddba69b03 0.073s
2025-03-12 08:17:36.013 68514 WARNING tempest.lib.common.ssh [-] Failed to establish authenticated ssh connection to cirros@10.180.180.138 ([Errno None] Unable to connect to port 22 on 10.180.180.138). Number attempts: 3. Retry after 4 seconds.: paramiko.ssh_exception.NoValidConnectionsError: [Errno None] Unable to connect to port 22 on 10.180.180.138
2025-03-12 08:17:36.060 68508 INFO tempest.lib.common.rest_client [req-73401aab-ad09-4d61-81fc-c7ead47080a8 req-73401aab-ad09-4d61-81fc-c7ead47080a8 ] Request (ServersV294TestFqdnHostnames:setUpClass): 201 POST http://10.180.1.21:9696/networking/v2.0/security-groups 0.101s
2025-03-12 08:17:36.145 68508 INFO tempest.lib.common.rest_client [req-9c9f5fd0-d4d8-4ae3-bbb5-bd80b3cf55c0 req-9c9f5fd0-d4d8-4ae3-bbb5-bd80b3cf55c0 ] Request (ServersV294TestFqdnHostnames:setUpClass): 201 POST http://10.180.1.21:9696/networking/v2.0/security-group-rules 0.085s
2025-03-12 08:17:36.240 68508 INFO tempest.lib.common.rest_client [req-9c12af99-866c-437a-9bb5-15d83590fa33 req-9c12af99-866c-437a-9bb5-15d83590fa33 ] Request (ServersV294TestFqdnHostnames:setUpClass): 201 POST http://10.180.1.21:9696/networking/v2.0/security-group-rules 0.094s
2025-03-12 08:17:36.255 68536 INFO tempest.lib.common.rest_client [req-04d1085f-bc18-4221-91dd-b6c6864d4177 req-04d1085f-bc18-4221-91dd-b6c6864d4177 ] Request (ServersTestManualDisk:tearDownClass): 200 GET http://10.180.1.21/compute/v2.1/servers/db4cf157-9511-423c-aa41-433af8d92b48 0.067s
2025-03-12 08:17:36.348 68522 INFO tempest.lib.common.rest_client [req-0f6931a9-1c91-4030-9519-3c6dd7eb190d req-0f6931a9-1c91-4030-9519-3c6dd7eb190d ] Request (ServersWithSpecificFlavorTestJSON:test_verify_created_server_ephemeral_disk): 200 GET http://10.180.1.21/compute/v2.1/servers/7584180b-efa6-4038-9f3a-619ab7937553 0.095s
2025-03-12 08:17:36.377 68544 INFO tempest.lib.common.rest_client [req-48d15e7d-f0e2-465d-ba27-a3b5e56a298c req-48d15e7d-f0e2-465d-ba27-a3b5e56a298c ] Request (ImagesTestJSON:test_create_image_from_stopped_server): 200 GET http://10.180.1.21/compute/v2.1/servers/9d2b3670-ef8a-477a-b876-7a8fe37fa065 0.132s
2025-03-12 08:17:36.425 68521 INFO tempest.lib.common.rest_client [req-eb2fa96c-bb84-4c03-a84f-b92506ffd755 req-eb2fa96c-bb84-4c03-a84f-b92506ffd755 ] Request (InstanceActionsTestJSON:tearDownClass): 200 GET http://10.180.1.21/compute/v2.1/servers/a4a88f10-937a-4fa6-aa15-eb7f669e77d0 0.100s
2025-03-12 08:17:36.453 68532 INFO tempest.lib.common.rest_client [req-85b6ce68-b6f7-4e46-886d-de59d918fcb4 req-85b6ce68-b6f7-4e46-886d-de59d918fcb4 ] Request (ServersNegativeTestJSON:setUpClass): 200 GET http://10.180.1.21/compute/v2.1/servers/156ea1ad-6e52-4848-915d-7ba74c606e6e 0.123s
2025-03-12 08:17:36.520 68525 INFO tempest.lib.common.rest_client [req-2e170be5-07f3-4c2f-9414-4ae6a2c1f712 req-2e170be5-07f3-4c2f-9414-4ae6a2c1f712 ] Request (AttachInterfacesTestJSON:test_create_list_show_delete_interfaces_by_fixed_ip): 200 GET http://10.180.1.21/compute/v2.1/servers/580e6909-7d05-447a-a378-f0b8b71f059a 0.123s
2025-03-12 08:17:36.520 68496 INFO tempest.lib.common.rest_client [req-f493aaa5-4bfe-4447-8d7e-8621b0596836 req-f493aaa5-4bfe-4447-8d7e-8621b0596836 ] Request (ImagesOneServerNegativeTestJSON:setUpClass): 200 GET http://10.180.1.21/compute/v2.1/servers/3d03e0b7-0469-4041-a7d5-7768326eb3b5 0.131s
2025-03-12 08:17:36.593 68550 INFO tempest.lib.common.rest_client [req-b4b9ac03-2174-4279-baf4-340923834cb2 req-b4b9ac03-2174-4279-baf4-340923834cb2 ] Request (AttachVolumeTestJSON:test_attach_detach_volume): 200 GET http://10.180.1.21/compute/v2.1/servers/95dcd20c-b3d3-4b1d-a32e-41bef1c2e44f 0.134s
2025-03-12 08:17:36.597 68540 INFO tempest.lib.common.rest_client [req-cb1fa951-68fe-4703-9199-c55752882ae1 req-cb1fa951-68fe-4703-9199-c55752882ae1 ] Request (DeleteServersTestJSON:test_delete_active_server): 200 GET http://10.180.1.21/compute/v2.1/servers/1675982e-0702-482b-9fe6-fd4eb9d83311 0.134s
2025-03-12 08:17:36.650 68538 INFO tempest.lib.common.rest_client [req-8d6b5593-e6b3-454d-bac6-6302340cc281 req-8d6b5593-e6b3-454d-bac6-6302340cc281 ] Request (ServersTestJSON:setUpClass): 200 GET http://10.180.1.21/compute/v2.1/servers/d0d8ed27-003e-43e2-8a07-041420a2c758 0.139s
2025-03-12 08:17:36.659 68556 INFO tempest.lib.common.rest_client [req-1750e032-f7b1-415a-8e7a-0f414e9e0cbf req-1750e032-f7b1-415a-8e7a-0f414e9e0cbf ] Request (FloatingIPsAssociationTestJSON:test_associate_already_associated_floating_ip): 200 GET http://10.180.1.21/compute/v2.1/servers/7ec30097-1151-4b0d-8226-e4d34ea7b3c9 0.125s
2025-03-12 08:17:36.711 68502 INFO tempest.lib.common.rest_client [req-fa36277f-6c04-47c6-9303-d9f165c14620 req-fa36277f-6c04-47c6-9303-d9f165c14620 ] Request (ServersTestBootFromVolume:setUpClass): 200 GET http://10.180.1.21/compute/v2.1/servers/0552d616-a406-4dfa-8a70-82f39fb98bbc 0.144s
2025-03-12 08:17:36.718 68552 INFO tempest.lib.common.rest_client [req-6dcdf8ee-cbbf-4288-b4a8-edd8a2747ebd req-6dcdf8ee-cbbf-4288-b4a8-edd8a2747ebd ] Request (AttachVolumeShelveTestJSON:test_attach_volume_shelved_or_offload_server): 200 GET http://10.180.1.21/compute/v2.1/servers/d14026b1-84dd-430e-be94-94dcb1f47473 0.125s
2025-03-12 08:17:36.721 68508 INFO tempest.lib.common.rest_client [req-006ea3f0-0c36-482f-b004-aeea7db225fe req-006ea3f0-0c36-482f-b004-aeea7db225fe ] Request (ServersV294TestFqdnHostnames:setUpClass): 201 POST http://10.180.1.21:9696/networking/v2.0/floatingips 0.481s
2025-03-12 08:17:36.756 68508 INFO tempest.lib.common.rest_client [req-9bbca5f3-35e6-4605-8c13-d1d286da5eb6 req-9bbca5f3-35e6-4605-8c13-d1d286da5eb6 ] Request (ServersV294TestFqdnHostnames:setUpClass): 201 POST http://10.180.1.21/identity/v3/auth/tokens 0.032s
2025-03-12 08:17:36.756 68508 INFO tempest.lib.common.fixed_network [-] (ServersV294TestFqdnHostnames:setUpClass) Found network {'id': '6ab1a831-f518-43fa-a556-16fb6aa83056', 'name': 'tempest-ServersV294TestFqdnHostnames-59133825-network', 'tenant_id': 'b603f67ee5544169b93c24c6a1900acc', 'admin_state_up': True, 'mtu': 8950, 'status': 'ACTIVE', 'subnets': [], 'shared': False, 'project_id': 'b603f67ee5544169b93c24c6a1900acc', 'port_security_enabled': True, 'router:external': False, 'provider:network_type': 'vlan', 'provider:physical_network': 'default', 'provider:segmentation_id': 905, 'availability_zone_hints': [], 'availability_zones': [], 'ipv4_address_scope': None, 'ipv6_address_scope': None, 'description': '', 'tags': [], 'created_at': '2025-03-12T08:17:33Z', 'updated_at': '2025-03-12T08:17:33Z', 'revision_number': 1} available for tenant
2025-03-12 08:17:36.762 68498 INFO tempest.lib.common.rest_client [req-9f1c1898-2cc6-4973-b80a-e12aeb8cff59 req-9f1c1898-2cc6-4973-b80a-e12aeb8cff59 ] Request (ServerDiskConfigTestJSON:test_rebuild_server_with_auto_disk_config): 200 GET http://10.180.1.21/compute/v2.1/servers/38787c7d-a9cf-4ce6-a112-c1ec259697ca 0.137s
2025-03-12 08:17:36.783 68528 INFO tempest.lib.common.rest_client [req-95052782-ade1-4654-ae4a-8697bd10caf6 req-95052782-ade1-4654-ae4a-8697bd10caf6 ] Request (ServerAddressesTestJSON:tearDownClass): 200 GET http://10.180.1.21/compute/v2.1/servers/366c780a-2870-4e6e-8cfe-7eec10c363d5 0.134s
2025-03-12 08:17:36.819 68555 INFO tempest.lib.common.rest_client [req-34622857-a8b8-4fae-bcb1-14ce1811d64c req-34622857-a8b8-4fae-bcb1-14ce1811d64c ] Request (ListServerFiltersTestJSON:tearDownClass): 200 GET http://10.180.1.21/compute/v2.1/servers/9ac81867-311c-42f3-b38f-67dc10f409c0 0.126s
2025-03-12 08:17:36.833 68512 INFO tempest.lib.common.rest_client [req-15ca1a07-f74c-43d6-982f-9cc043e976c9 req-15ca1a07-f74c-43d6-982f-9cc043e976c9 ] Request (ListServersNegativeTestJSON:tearDownClass): 200 GET http://10.180.1.21/compute/v2.1/servers/480cbc5c-7e8e-4d7f-81ca-fb8b81b35ba9 0.115s
2025-03-12 08:17:36.888 68504 INFO tempest.lib.common.rest_client [req-be91a73f-00c9-453a-8dbc-4b9a67f5d6de req-be91a73f-00c9-453a-8dbc-4b9a67f5d6de ] Request (DeleteServersAdminTestJSON:test_delete_server_while_in_error_state): 200 GET http://10.180.1.21/compute/v2.1/servers/cf457d43-b939-4284-b84d-9075895e9dda 0.128s
2025-03-12 08:17:36.939 68516 INFO tempest.lib.common.rest_client [req-5a2853cd-43d9-43d5-adde-21e959498fc4 req-5a2853cd-43d9-43d5-adde-21e959498fc4 ] Request (ImagesOneServerTestJSON:tearDownClass): 200 GET http://10.180.1.21/compute/v2.1/servers/f748cf37-6605-49a2-a418-51667a0fac4a 0.154s
